93.152.210.169 - - [21/Jul/2025:22:26:58 +0000] "GET /sources/.env HTTP/1.1" 200 265 "-" "Mozilla/5.0 (Linux; Android 9; ASUS_I005DA Build/PI; wv) AppleWebKit/537.36 (KHTML, like Gecko) Version/4.0 Chrome/133.0.6943.122 Mobile"
93.152.210.169 - - [21/Jul/2025:22:26:59 +0000] "GET /public/.env HTTP/1.1" 200 265 "-" "Mozilla/5.0 (Linux; Android 9; ASUS_I005DA Build/PI; wv) AppleWebKit/537.36 (KHTML, like Gecko) Version/4.0 Chrome/133.0.6943.122 Mobile"
93.152.210.169 - - [21/Jul/2025:22:26:59 +0000] "GET /v1/.env HTTP/1.1" 200 265 "-" "Mozilla/5.0 (Linux; Android 9; ASUS_I005DA Build/PI; wv) AppleWebKit/537.36 (KHTML, like Gecko) Version/4.0 Chrome/133.0.6943.122 Mobile"
93.152.210.169 - - [21/Jul/2025:22:27:00 +0000] "GET /app/.env HTTP/1.1" 200 265 "-" "Mozilla/5.0 (Linux; Android 9; ASUS_I005DA Build/PI; wv) AppleWebKit/537.36 (KHTML, like Gecko) Version/4.0 Chrome/133.0.6943.122 Mobile"
93.152.210.169 - - [21/Jul/2025:22:27:01 +0000] "GET /config/.env HTTP/1.1" 200 265 "-" "Mozilla/5.0 (Linux; Android 9; ASUS_I005DA Build/PI; wv) AppleWebKit/537.36 (KHTML, like Gecko) Version/4.0 Chrome/133.0.6943.122 Mobile"
93.152.210.169 - - [21/Jul/2025:22:27:01 +0000] "GET /core/.env HTTP/1.1" 200 265 "-" "Mozilla/5.0 (Linux; Android 9; ASUS_I005DA Build/PI; wv) AppleWebKit/537.36 (KHTML, like Gecko) Version/4.0 Chrome/133.0.6943.122 Mobile"
93.152.210.169 - - [21/Jul/2025:22:27:02 +0000] "GET /apps/.env HTTP/1.1" 200 265 "-" "Mozilla/5.0 (Linux; Android 9; ASUS_I005DA Build/PI; wv) AppleWebKit/537.36 (KHTML, like Gecko) Version/4.0 Chrome/133.0.6943.122 Mobile"
93.152.210.169 - - [21/Jul/2025:22:27:02 +0000] "GET /lib/.env HTTP/1.1" 200 265 "-" "Mozilla/5.0 (Linux; Android 9; ASUS_I005DA Build/PI; wv) AppleWebKit/537.36 (KHTML, like Gecko) Version/4.0 Chrome/133.0.6943.122 Mobile"
93.152.210.169 - - [21/Jul/2025:22:27:02 +0000] "GET /cron/.env HTTP/1.1" 200 265 "-" "Mozilla/5.0 (Linux; Android 9; ASUS_I005DA Build/PI; wv) AppleWebKit/537.36 (KHTML, like Gecko) Version/4.0 Chrome/133.0.6943.122 Mobile"
93.152.210.169 - - [21/Jul/2025:22:27:03 +0000] "GET /database/.env HTTP/1.1" 200 265 "-" "Mozilla/5.0 (Linux; Android 9; ASUS_I005DA Build/PI; wv) AppleWebKit/537.36 (KHTML, like Gecko) Version/4.0 Chrome/133.0.6943.122 Mobile"
93.152.210.169 - - [21/Jul/2025:22:27:03 +0000] "GET /uploads/.env HTTP/1.1" 200 265 "-" "Mozilla/5.0 (Linux; Android 9; ASUS_I005DA Build/PI; wv) AppleWebKit/537.36 (KHTML, like Gecko) Version/4.0 Chrome/133.0.6943.122 Mobile"
93.152.210.169 - - [21/Jul/2025:22:27:05 +0000] "GET /site/.env HTTP/1.1" 200 265 "-" "Mozilla/5.0 (Linux; Android 9; ASUS_I005DA Build/PI; wv) AppleWebKit/537.36 (KHTML, like Gecko) Version/4.0 Chrome/133.0.6943.122 Mobile"
93.152.210.169 - - [21/Jul/2025:22:27:06 +0000] "GET /web/.env HTTP/1.1" 200 265 "-" "Mozilla/5.0 (Linux; Android 9; ASUS_I005DA Build/PI; wv) AppleWebKit/537.36 (KHTML, like Gecko) Version/4.0 Chrome/133.0.6943.122 Mobile"
93.152.210.169 - - [21/Jul/2025:22:27:08 +0000] "GET /administrator/.env HTTP/1.1" 200 265 "-" "Mozilla/5.0 (Linux; Android 9; ASUS_I005DA Build/PI; wv) AppleWebKit/537.36 (KHTML, like Gecko) Version/4.0 Chrome/133.0.6943.122 Mobile"
66.249.65.97 - - [21/Jul/2025:22:31:39 +0000] "GET /?f=5282565071370&mod=a20bed5c&uri=search.php%3Fid%3D176360-294%26name%3Ddiamond+brilliance+sterling+silver HTTP/1.1" 200 20359 "-" "Mozilla/5.0 (Linux; Android 6.0.1; Nexus 5X Build/MMB29P) AppleWebKit/537.36 (KHTML, like Gecko) Chrome/137.0.7151.103 Mobile Safari/537.36 (compatible; Googlebot/2.1; +http://www.google.com/bot.html)"
66.249.65.98 - - [21/Jul/2025:22:31:46 +0000] "POST /get-message-notify HTTP/1.1" 200 20439 "http://game-gainz.com/?f=5282565071370&mod=a20bed5c&uri=search.php%3Fid%3D176360-294%26name%3Ddiamond+brilliance+sterling+silver" "Mozilla/5.0 (Linux; Android 6.0.1; Nexus 5X Build/MMB29P) AppleWebKit/537.36 (KHTML, like Gecko) Chrome/137.0.7151.119 Mobile Safari/537.36 (compatible; Googlebot/2.1; +http://www.google.com/bot.html)"
66.249.65.97 - - [21/Jul/2025:22:32:40 +0000] "GET /?f=4564611111370&mod=5f7733de&uri=shared.php?item/49610350.shtml HTTP/1.1" 200 20740 "-" "Mozilla/5.0 (Linux; Android 6.0.1; Nexus 5X Build/MMB29P) AppleWebKit/537.36 (KHTML, like Gecko) Chrome/137.0.7151.103 Mobile Safari/537.36 (compatible; Googlebot/2.1; +http://www.google.com/bot.html)"
93.152.210.177 - - [21/Jul/2025:22:41:04 +0000] "GET /index.php?id=2247614-610&name=creamhoodedcoat/hobby/boardgame/index.html HTTP/1.1" 200 265 "-" "Mozilla/5.0 (Linux; Android 9; ASUS_I005DA Build/PI; wv) AppleWebKit/537.36 (KHTML, like Gecko) Version/4.0 Chrome/133.0.6943.122 Mobile"
93.152.210.177 - - [21/Jul/2025:22:41:04 +0000] "GET /index.php?id=2247614-610&id=..%252F..%252F..%252F..%252F..%252F..%252F..%252F..%252F..%252Fetc%252Fpasswd&name=creamhoodedcoat%2Fhobby%2Fboardgame%2Findex.html HTTP/1.1" 200 265 "-" "Mozilla/5.0 (Linux; Android 9; ASUS_I005DA Build/PI; wv) AppleWebKit/537.36 (KHTML, like Gecko) Version/4.0 Chrome/133.0.6943.122 Mobile"
93.152.210.177 - - [21/Jul/2025:22:41:04 +0000] "GET /index.php?id=2247614-610&name=creamhoodedcoat%2Fhobby%2Fboardgame%2Findex.html&name= HTTP/1.1" 200 265 "-" "Mozilla/5.0 (Linux; Android 9; ASUS_I005DA Build/PI; wv) AppleWebKit/537.36 (KHTML, like Gecko) Version/4.0 Chrome/133.0.6943.122 Mobile"
93.152.210.177 - - [21/Jul/2025:22:41:04 +0000] "GET /index.php?id=2247614-610&name=creamhoodedcoat%2Fhobby%2Fboardgame%2Findex.html&name=%27 HTTP/1.1" 200 265 "-" "Mozilla/5.0 (Linux; Android 9; ASUS_I005DA Build/PI; wv) AppleWebKit/537.36 (KHTML, like Gecko) Version/4.0 Chrome/133.0.6943.122 Mobile"
93.152.210.177 - - [21/Jul/2025:22:41:04 +0000] "GET /index.php?id=%3Cscript%3Ealert%28%27XSS%27%29%3C%2Fscript%3E&name=creamhoodedcoat%2Fhobby%2Fboardgame%2Findex.html HTTP/1.1" 200 265 "-" "Mozilla/5.0 (Linux; Android 9; ASUS_I005DA Build/PI; wv) AppleWebKit/537.36 (KHTML, like Gecko) Version/4.0 Chrome/133.0.6943.122 Mobile"
93.152.210.177 - - [21/Jul/2025:22:41:04 +0000] "GET /.env HTTP/1.1" 200 265 "-" "Mozilla/5.0 (Linux; Android 9; ASUS_I005DA Build/PI; wv) AppleWebKit/537.36 (KHTML, like Gecko) Version/4.0 Chrome/133.0.6943.122 Mobile"
93.152.210.177 - - [21/Jul/2025:22:41:04 +0000] "GET /adminer.php HTTP/1.1" 200 265 "-" "Mozilla/5.0 (Linux; Android 9; ASUS_I005DA Build/PI; wv) AppleWebKit/537.36 (KHTML, like Gecko) Version/4.0 Chrome/133.0.6943.122 Mobile"
93.152.210.177 - - [21/Jul/2025:22:41:05 +0000] "GET /index.php?id=2247614-610&id=&name=creamhoodedcoat%2Fhobby%2Fboardgame%2Findex.html HTTP/1.1" 200 265 "-" "Mozilla/5.0 (Linux; Android 9; ASUS_I005DA Build/PI; wv) AppleWebKit/537.36 (KHTML, like Gecko) Version/4.0 Chrome/133.0.6943.122 Mobile"
93.152.210.177 - - [21/Jul/2025:22:41:05 +0000] "GET /index.php?id=2247614-610&id=%27&name=creamhoodedcoat%2Fhobby%2Fboardgame%2Findex.html HTTP/1.1" 200 265 "-" "Mozilla/5.0 (Linux; Android 9; ASUS_I005DA Build/PI; wv) AppleWebKit/537.36 (KHTML, like Gecko) Version/4.0 Chrome/133.0.6943.122 Mobile"
93.152.210.177 - - [21/Jul/2025:22:41:05 +0000] "GET /index.php?id=2247614-610&name=%3Cscript%3Ealert%28%27XSS%27%29%3C%2Fscript%3E HTTP/1.1" 200 265 "-" "Mozilla/5.0 (Linux; Android 9; ASUS_I005DA Build/PI; wv) AppleWebKit/537.36 (KHTML, like Gecko) Version/4.0 Chrome/133.0.6943.122 Mobile"
93.152.210.177 - - [21/Jul/2025:22:41:05 +0000] "GET /index.php?id=2247614-610&name=creamhoodedcoat%2Fhobby%2Fboardgame%2Findex.html&name=..%252F..%252F..%252F..%252F..%252F..%252F..%252F..%252F..%252Fetc%252Fpasswd HTTP/1.1" 200 265 "-" "Mozilla/5.0 (Linux; Android 9; ASUS_I005DA Build/PI; wv) AppleWebKit/537.36 (KHTML, like Gecko) Version/4.0 Chrome/133.0.6943.122 Mobile"
93.152.210.177 - - [21/Jul/2025:22:41:05 +0000] "GET /admin/.env HTTP/1.1" 200 265 "-" "Mozilla/5.0 (Linux; Android 9; ASUS_I005DA Build/PI; wv) AppleWebKit/537.36 (KHTML, like Gecko) Version/4.0 Chrome/133.0.6943.122 Mobile"
93.152.210.177 - - [21/Jul/2025:22:41:05 +0000] "GET /index.php?id=%27&name=%27 HTTP/1.1" 200 265 "-" "Mozilla/5.0 (Linux; Android 9; ASUS_I005DA Build/PI; wv) AppleWebKit/537.36 (KHTML, like Gecko) Version/4.0 Chrome/133.0.6943.122 Mobile"
93.152.210.177 - - [21/Jul/2025:22:41:05 +0000] "GET /admin-app/.env HTTP/1.1" 200 265 "-" "Mozilla/5.0 (Linux; Android 9; ASUS_I005DA Build/PI; wv) AppleWebKit/537.36 (KHTML, like Gecko) Version/4.0 Chrome/133.0.6943.122 Mobile"
93.152.210.177 - - [21/Jul/2025:22:41:06 +0000] "GET /index.php?id=2247614-610%27&name=creamhoodedcoat%2Fhobby%2Fboardgame%2Findex.html HTTP/1.1" 200 265 "-" "Mozilla/5.0 (Linux; Android 9; ASUS_I005DA Build/PI; wv) AppleWebKit/537.36 (KHTML, like Gecko) Version/4.0 Chrome/133.0.6943.122 Mobile"
93.152.210.177 - - [21/Jul/2025:22:41:06 +0000] "GET /api/.env HTTP/1.1" 200 265 "-" "Mozilla/5.0 (Linux; Android 9; ASUS_I005DA Build/PI; wv) AppleWebKit/537.36 (KHTML, like Gecko) Version/4.0 Chrome/133.0.6943.122 Mobile"
93.152.210.177 - - [21/Jul/2025:22:41:06 +0000] "GET /index.php?id=2247614-610&name=creamhoodedcoat%2Fhobby%2Fboardgame%2Findex.html%27 HTTP/1.1" 200 265 "-" "Mozilla/5.0 (Linux; Android 9; ASUS_I005DA Build/PI; wv) AppleWebKit/537.36 (KHTML, like Gecko) Version/4.0 Chrome/133.0.6943.122 Mobile"
93.152.210.177 - - [21/Jul/2025:22:41:06 +0000] "GET /back/.env HTTP/1.1" 200 265 "-" "Mozilla/5.0 (Linux; Android 9; ASUS_I005DA Build/PI; wv) AppleWebKit/537.36 (KHTML, like Gecko) Version/4.0 Chrome/133.0.6943.122 Mobile"
93.152.210.177 - - [21/Jul/2025:22:41:07 +0000] "GET /backend/.env HTTP/1.1" 200 265 "-" "Mozilla/5.0 (Linux; Android 9; ASUS_I005DA Build/PI; wv) AppleWebKit/537.36 (KHTML, like Gecko) Version/4.0 Chrome/133.0.6943.122 Mobile"
93.152.210.177 - - [21/Jul/2025:22:41:07 +0000] "GET /cp/.env HTTP/1.1" 200 265 "-" "Mozilla/5.0 (Linux; Android 9; ASUS_I005DA Build/PI; wv) AppleWebKit/537.36 (KHTML, like Gecko) Version/4.0 Chrome/133.0.6943.122 Mobile"
93.152.210.177 - - [21/Jul/2025:22:41:08 +0000] "GET /development/.env HTTP/1.1" 200 265 "-" "Mozilla/5.0 (Linux; Android 9; ASUS_I005DA Build/PI; wv) AppleWebKit/537.36 (KHTML, like Gecko) Version/4.0 Chrome/133.0.6943.122 Mobile"
93.152.210.177 - - [21/Jul/2025:22:41:08 +0000] "GET /docker/.env HTTP/1.1" 200 265 "-" "Mozilla/5.0 (Linux; Android 9; ASUS_I005DA Build/PI; wv) AppleWebKit/537.36 (KHTML, like Gecko) Version/4.0 Chrome/133.0.6943.122 Mobile"
93.152.210.177 - - [21/Jul/2025:22:41:09 +0000] "GET /local/.env HTTP/1.1" 200 265 "-" "Mozilla/5.0 (Linux; Android 9; ASUS_I005DA Build/PI; wv) AppleWebKit/537.36 (KHTML, like Gecko) Version/4.0 Chrome/133.0.6943.122 Mobile"
93.152.210.177 - - [21/Jul/2025:22:41:09 +0000] "GET /private/.env HTTP/1.1" 200 265 "-" "Mozilla/5.0 (Linux; Android 9; ASUS_I005DA Build/PI; wv) AppleWebKit/537.36 (KHTML, like Gecko) Version/4.0 Chrome/133.0.6943.122 Mobile"
93.152.210.177 - - [21/Jul/2025:22:41:09 +0000] "GET /rest/.env HTTP/1.1" 200 265 "-" "Mozilla/5.0 (Linux; Android 9; ASUS_I005DA Build/PI; wv) AppleWebKit/537.36 (KHTML, like Gecko) Version/4.0 Chrome/133.0.6943.122 Mobile"
93.152.210.177 - - [21/Jul/2025:22:41:10 +0000] "GET /shared/.env HTTP/1.1" 200 265 "-" "Mozilla/5.0 (Linux; Android 9; ASUS_I005DA Build/PI; wv) AppleWebKit/537.36 (KHTML, like Gecko) Version/4.0 Chrome/133.0.6943.122 Mobile"
93.152.210.177 - - [21/Jul/2025:22:41:10 +0000] "GET /laravel/.env HTTP/1.1" 200 265 "-" "Mozilla/5.0 (Linux; Android 9; ASUS_I005DA Build/PI; wv) AppleWebKit/537.36 (KHTML, like Gecko) Version/4.0 Chrome/133.0.6943.122 Mobile"
93.152.210.177 - - [21/Jul/2025:22:41:11 +0000] "GET /system/.env HTTP/1.1" 200 265 "-" "Mozilla/5.0 (Linux; Android 9; ASUS_I005DA Build/PI; wv) AppleWebKit/537.36 (KHTML, like Gecko) Version/4.0 Chrome/133.0.6943.122 Mobile"
93.152.210.177 - - [21/Jul/2025:22:41:11 +0000] "GET /sources/.env HTTP/1.1" 200 265 "-" "Mozilla/5.0 (Linux; Android 9; ASUS_I005DA Build/PI; wv) AppleWebKit/537.36 (KHTML, like Gecko) Version/4.0 Chrome/133.0.6943.122 Mobile"
93.152.210.177 - - [21/Jul/2025:22:41:12 +0000] "GET /public/.env HTTP/1.1" 200 265 "-" "Mozilla/5.0 (Linux; Android 9; ASUS_I005DA Build/PI; wv) AppleWebKit/537.36 (KHTML, like Gecko) Version/4.0 Chrome/133.0.6943.122 Mobile"
93.152.210.177 - - [21/Jul/2025:22:41:12 +0000] "GET /v1/.env HTTP/1.1" 200 265 "-" "Mozilla/5.0 (Linux; Android 9; ASUS_I005DA Build/PI; wv) AppleWebKit/537.36 (KHTML, like Gecko) Version/4.0 Chrome/133.0.6943.122 Mobile"
93.152.210.177 - - [21/Jul/2025:22:41:13 +0000] "GET /app/.env HTTP/1.1" 200 265 "-" "Mozilla/5.0 (Linux; Android 9; ASUS_I005DA Build/PI; wv) AppleWebKit/537.36 (KHTML, like Gecko) Version/4.0 Chrome/133.0.6943.122 Mobile"
93.152.210.177 - - [21/Jul/2025:22:41:13 +0000] "GET /config/.env HTTP/1.1" 200 265 "-" "Mozilla/5.0 (Linux; Android 9; ASUS_I005DA Build/PI; wv) AppleWebKit/537.36 (KHTML, like Gecko) Version/4.0 Chrome/133.0.6943.122 Mobile"
93.152.210.177 - - [21/Jul/2025:22:41:14 +0000] "GET /core/.env HTTP/1.1" 200 265 "-" "Mozilla/5.0 (Linux; Android 9; ASUS_I005DA Build/PI; wv) AppleWebKit/537.36 (KHTML, like Gecko) Version/4.0 Chrome/133.0.6943.122 Mobile"
93.152.210.177 - - [21/Jul/2025:22:41:14 +0000] "GET /apps/.env HTTP/1.1" 200 265 "-" "Mozilla/5.0 (Linux; Android 9; ASUS_I005DA Build/PI; wv) AppleWebKit/537.36 (KHTML, like Gecko) Version/4.0 Chrome/133.0.6943.122 Mobile"
93.152.210.177 - - [21/Jul/2025:22:41:15 +0000] "GET /lib/.env HTTP/1.1" 200 265 "-" "Mozilla/5.0 (Linux; Android 9; ASUS_I005DA Build/PI; wv) AppleWebKit/537.36 (KHTML, like Gecko) Version/4.0 Chrome/133.0.6943.122 Mobile"
93.152.210.177 - - [21/Jul/2025:22:41:15 +0000] "GET /cron/.env HTTP/1.1" 200 265 "-" "Mozilla/5.0 (Linux; Android 9; ASUS_I005DA Build/PI; wv) AppleWebKit/537.36 (KHTML, like Gecko) Version/4.0 Chrome/133.0.6943.122 Mobile"
93.152.210.177 - - [21/Jul/2025:22:41:16 +0000] "GET /database/.env HTTP/1.1" 200 265 "-" "Mozilla/5.0 (Linux; Android 9; ASUS_I005DA Build/PI; wv) AppleWebKit/537.36 (KHTML, like Gecko) Version/4.0 Chrome/133.0.6943.122 Mobile"
93.152.210.177 - - [21/Jul/2025:22:41:16 +0000] "GET /uploads/.env HTTP/1.1" 200 265 "-" "Mozilla/5.0 (Linux; Android 9; ASUS_I005DA Build/PI; wv) AppleWebKit/537.36 (KHTML, like Gecko) Version/4.0 Chrome/133.0.6943.122 Mobile"
93.152.210.177 - - [21/Jul/2025:22:41:18 +0000] "GET /site/.env HTTP/1.1" 200 265 "-" "Mozilla/5.0 (Linux; Android 9; ASUS_I005DA Build/PI; wv) AppleWebKit/537.36 (KHTML, like Gecko) Version/4.0 Chrome/133.0.6943.122 Mobile"
93.152.210.177 - - [21/Jul/2025:22:41:18 +0000] "GET /web/.env HTTP/1.1" 200 265 "-" "Mozilla/5.0 (Linux; Android 9; ASUS_I005DA Build/PI; wv) AppleWebKit/537.36 (KHTML, like Gecko) Version/4.0 Chrome/133.0.6943.122 Mobile"
93.152.210.177 - - [21/Jul/2025:22:41:19 +0000] "GET /administrator/.env HTTP/1.1" 200 265 "-" "Mozilla/5.0 (Linux; Android 9; ASUS_I005DA Build/PI; wv) AppleWebKit/537.36 (KHTML, like Gecko) Version/4.0 Chrome/133.0.6943.122 Mobile"
57.141.2.10 - - [21/Jul/2025:22:45:41 +0000] "GET /item/1069317086.shtml HTTP/1.1" 200 417 "-" "meta-externalagent/1.1 (+https://developers.facebook.com/docs/sharing/webmasters/crawler)"
66.249.65.99 - - [21/Jul/2025:22:50:20 +0000] "GET /?f=81896068031370&mod=9bb6dee7&uri=info.php%3Fid%3D2733024-21%26name%3Dadidas+winterstiefel+schwarz HTTP/1.1" 200 20876 "-" "Mozilla/5.0 (Linux; Android 6.0.1; Nexus 5X Build/MMB29P) AppleWebKit/537.36 (KHTML, like Gecko) Chrome/137.0.7151.103 Mobile Safari/537.36 (compatible; Googlebot/2.1; +http://www.google.com/bot.html)"
66.249.65.99 - - [21/Jul/2025:22:50:20 +0000] "GET /?f=5250837031370&mod=9bb6dee7&uri=article.php%3Fid%3D175302-21%26name%3Dfw3743 HTTP/1.1" 200 20066 "-" "Mozilla/5.0 (Linux; Android 6.0.1; Nexus 5X Build/MMB29P) AppleWebKit/537.36 (KHTML, like Gecko) Chrome/137.0.7151.103 Mobile Safari/537.36 (compatible; Googlebot/2.1; +http://www.google.com/bot.html)"
66.249.65.99 - - [21/Jul/2025:22:50:22 +0000] "GET /?f=5282505031370&mod=a20bed5c&uri=products.php%3Fid%3D176358-294%26name%3Dkhloe+kardashian+ring+price HTTP/1.1" 200 20074 "-" "Mozilla/5.0 (Linux; Android 6.0.1; Nexus 5X Build/MMB29P) AppleWebKit/537.36 (KHTML, like Gecko) Chrome/137.0.7151.103 Mobile Safari/537.36 (compatible; Googlebot/2.1; +http://www.google.com/bot.html)"
66.249.65.97 - - [21/Jul/2025:22:50:23 +0000] "GET /?f=5282325031370&mod=a20bed5c&uri=form.php%3Fid%3D176352-294%26name%3Dgold+ring+design+in+gram HTTP/1.1" 200 21034 "-" "Mozilla/5.0 (Linux; Android 6.0.1; Nexus 5X Build/MMB29P) AppleWebKit/537.36 (KHTML, like Gecko) Chrome/137.0.7151.103 Mobile Safari/537.36 (compatible; Googlebot/2.1; +http://www.google.com/bot.html)"
66.249.65.98 - - [21/Jul/2025:22:50:24 +0000] "GET /?f=5282205091370&mod=a20bed5c&uri=dp.php%3Fid%3D176348-294%26name%3Dtennessee+vols+wedding+bands HTTP/1.1" 200 20535 "-" "Mozilla/5.0 (Linux; Android 6.0.1; Nexus 5X Build/MMB29P) AppleWebKit/537.36 (KHTML, like Gecko) Chrome/137.0.7151.103 Mobile Safari/537.36 (compatible; Googlebot/2.1; +http://www.google.com/bot.html)"
66.249.65.97 - - [21/Jul/2025:22:50:26 +0000] "GET /?f=5466162061370&mod=48f27972&uri=news.php%3Fid%3D182483-326%26name%3Dm61926 HTTP/1.1" 200 20307 "-" "Mozilla/5.0 (Linux; Android 6.0.1; Nexus 5X Build/MMB29P) AppleWebKit/537.36 (KHTML, like Gecko) Chrome/137.0.7151.103 Mobile Safari/537.36 (compatible; Googlebot/2.1; +http://www.google.com/bot.html)"
66.249.65.98 - - [21/Jul/2025:22:50:27 +0000] "GET /?f=5378925031370&mod=d802a3e6&uri=shop.php%3Fid%3D179574-322%26name%3Dkitchenaid+kdtm354ess3 HTTP/1.1" 200 20146 "-" "Mozilla/5.0 (Linux; Android 6.0.1; Nexus 5X Build/MMB29P) AppleWebKit/537.36 (KHTML, like Gecko) Chrome/137.0.7151.103 Mobile Safari/537.36 (compatible; Googlebot/2.1; +http://www.google.com/bot.html)"
66.249.65.97 - - [21/Jul/2025:22:50:28 +0000] "GET /?f=5379705141370&mod=5f7733de&uri=search.php%3Fid%3D179600-270%26name%3Dcross+aventura+ballpoint+pen HTTP/1.1" 200 20631 "-" "Mozilla/5.0 (Linux; Android 6.0.1; Nexus 5X Build/MMB29P) AppleWebKit/537.36 (KHTML, like Gecko) Chrome/137.0.7151.103 Mobile Safari/537.36 (compatible; Googlebot/2.1; +http://www.google.com/bot.html)"
66.249.65.97 - - [21/Jul/2025:22:50:30 +0000] "GET /?f=5379765011370&mod=7ee88a99&uri=blog.php%3Fid%3D179602-297%26name%3Dspca+bradford HTTP/1.1" 200 20793 "-" "Mozilla/5.0 (Linux; Android 6.0.1; Nexus 5X Build/MMB29P) AppleWebKit/537.36 (KHTML, like Gecko) Chrome/137.0.7151.103 Mobile Safari/537.36 (compatible; Googlebot/2.1; +http://www.google.com/bot.html)"
66.249.65.97 - - [21/Jul/2025:22:50:31 +0000] "GET /?f=5379285051370&mod=5f7733de&uri=products.php%3Fid%3D179586-270%26name%3Dgvfc+classic HTTP/1.1" 200 20359 "-" "Mozilla/5.0 (Linux; Android 6.0.1; Nexus 5X Build/MMB29P) AppleWebKit/537.36 (KHTML, like Gecko) Chrome/137.0.7151.103 Mobile Safari/537.36 (compatible; Googlebot/2.1; +http://www.google.com/bot.html)"
66.249.65.97 - - [21/Jul/2025:22:50:32 +0000] "GET /?f=5391645011370&mod=5f7733de&uri=products.php%3Fid%3D179998-270%26name%3Dolympus+pen+f+digital+camera HTTP/1.1" 200 20610 "-" "Mozilla/5.0 (Linux; Android 6.0.1; Nexus 5X Build/MMB29P) AppleWebKit/537.36 (KHTML, like Gecko) Chrome/137.0.7151.103 Mobile Safari/537.36 (compatible; Googlebot/2.1; +http://www.google.com/bot.html)"
66.249.65.97 - - [21/Jul/2025:22:50:34 +0000] "GET /?f=4988567031370&mod=337f9ed6&uri=category-info.php%3Fid%3D166541-304%26name%3D925+silver+scrap+price HTTP/1.1" 200 20699 "-" "Mozilla/5.0 (Linux; Android 6.0.1; Nexus 5X Build/MMB29P) AppleWebKit/537.36 (KHTML, like Gecko) Chrome/137.0.7151.103 Mobile Safari/537.36 (compatible; Googlebot/2.1; +http://www.google.com/bot.html)"
66.249.65.97 - - [21/Jul/2025:22:50:34 +0000] "POST /get-message-notify HTTP/1.1" 200 20437 "http://game-gainz.com/?f=5379765011370&mod=7ee88a99&uri=blog.php%3Fid%3D179602-297%26name%3Dspca+bradford" "Mozilla/5.0 (Linux; Android 6.0.1; Nexus 5X Build/MMB29P) AppleWebKit/537.36 (KHTML, like Gecko) Chrome/137.0.7151.119 Mobile Safari/537.36 (compatible; Googlebot/2.1; +http://www.google.com/bot.html)"
66.249.65.99 - - [21/Jul/2025:22:53:37 +0000] "GET /?f=4982807011370&mod=dbfff4b2&uri=info.php?item/53813698.shtml HTTP/1.1" 200 20142 "-" "Mozilla/5.0 (Linux; Android 6.0.1; Nexus 5X Build/MMB29P) AppleWebKit/537.36 (KHTML, like Gecko) Chrome/137.0.7151.119 Mobile Safari/537.36 (compatible; Googlebot/2.1; +http://www.google.com/bot.html)"
66.249.65.99 - - [21/Jul/2025:22:53:40 +0000] "POST /get-message-notify HTTP/1.1" 200 20437 "http://game-gainz.com/?f=4982807011370&mod=dbfff4b2&uri=info.php?item/53813698.shtml" "Mozilla/5.0 (Linux; Android 6.0.1; Nexus 5X Build/MMB29P) AppleWebKit/537.36 (KHTML, like Gecko) Chrome/137.0.7151.119 Mobile Safari/537.36 (compatible; Googlebot/2.1; +http://www.google.com/bot.html)"
66.249.65.98 - - [21/Jul/2025:22:53:44 +0000] "POST /get-message-notify HTTP/1.1" 200 20446 "http://game-gainz.com/?f=4982807011370&mod=dbfff4b2&uri=info.php?item/53813698.shtml" "Mozilla/5.0 (Linux; Android 6.0.1; Nexus 5X Build/MMB29P) AppleWebKit/537.36 (KHTML, like Gecko) Chrome/137.0.7151.119 Mobile Safari/537.36 (compatible; Googlebot/2.1; +http://www.google.com/bot.html)"
66.249.65.97 - - [21/Jul/2025:22:54:37 +0000] "GET /?f=4786898061370&mod=14b7367a&uri=shop.php%3Fid%3D159766-87%26name%3Dhero9+remote HTTP/1.1" 200 20673 "-" "Mozilla/5.0 (Linux; Android 6.0.1; Nexus 5X Build/MMB29P) AppleWebKit/537.36 (KHTML, like Gecko) Chrome/137.0.7151.103 Mobile Safari/537.36 (compatible; Googlebot/2.1; +http://www.google.com/bot.html)"
66.249.65.99 - - [21/Jul/2025:22:54:40 +0000] "POST /get-message-notify HTTP/1.1" 200 20441 "http://game-gainz.com/?f=4786898061370&mod=14b7367a&uri=shop.php%3Fid%3D159766-87%26name%3Dhero9+remote" "Mozilla/5.0 (Linux; Android 6.0.1; Nexus 5X Build/MMB29P) AppleWebKit/537.36 (KHTML, like Gecko) Chrome/137.0.7151.119 Mobile Safari/537.36 (compatible; Googlebot/2.1; +http://www.google.com/bot.html)"
66.249.65.99 - - [21/Jul/2025:22:55:57 +0000] "GET /?f=5250567051370&mod=9bb6dee7&uri=news.php%3Fid%3D175293-21%26name%3Dadidas+copa+shadowbeast+fg+schwarz HTTP/1.1" 200 20339 "-" "Mozilla/5.0 (Linux; Android 6.0.1; Nexus 5X Build/MMB29P) AppleWebKit/537.36 (KHTML, like Gecko) Chrome/137.0.7151.103 Mobile Safari/537.36 (compatible; Googlebot/2.1; +http://www.google.com/bot.html)"
66.249.65.97 - - [21/Jul/2025:22:56:26 +0000] "POST /get-message-notify HTTP/1.1" 200 20413 "http://game-gainz.com/?f=5250567051370&mod=9bb6dee7&uri=news.php%3Fid%3D175293-21%26name%3Dadidas+copa+shadowbeast+fg+schwarz" "Mozilla/5.0 (Linux; Android 6.0.1; Nexus 5X Build/MMB29P) AppleWebKit/537.36 (KHTML, like Gecko) Chrome/137.0.7151.119 Mobile Safari/537.36 (compatible; Googlebot/2.1; +http://www.google.com/bot.html)"
66.249.65.99 - - [21/Jul/2025:22:57:58 +0000] "GET /?f=5081767031370&mod=6f39194d&uri=us.php%3Fid%3D169648-310%26name%3Dnvidia+shield+tv+120hz HTTP/1.1" 200 19538 "-" "Mozilla/5.0 (Linux; Android 6.0.1; Nexus 5X Build/MMB29P) AppleWebKit/537.36 (KHTML, like Gecko) Chrome/137.0.7151.103 Mobile Safari/537.36 (compatible; Googlebot/2.1; +http://www.google.com/bot.html)"
45.138.16.130 - - [21/Jul/2025:22:58:47 +0000] "GET /style.php HTTP/1.1" 200 265 "-" "Mozilla/5.0 (Linux; Android 7.0; SM-G892A Build/NRD90M; wv) AppleWebKit/537.36 (KHTML, like Gecko) Version/4.0 Chrome/60.0.3112.107 Mobile Safari/537.36"
66.249.65.98 - - [21/Jul/2025:22:59:59 +0000] "GET /?f=5379495071370&mod=5f7733de&uri=category-info.php%3Fid%3D179593-270%26name%3Dultra+fine+pen HTTP/1.1" 200 20006 "-" "Mozilla/5.0 (Linux; Android 6.0.1; Nexus 5X Build/MMB29P) AppleWebKit/537.36 (KHTML, like Gecko) Chrome/137.0.7151.103 Mobile Safari/537.36 (compatible; Googlebot/2.1; +http://www.google.com/bot.html)"
66.249.65.99 - - [21/Jul/2025:23:02:02 +0000] "GET /?f=5379015041370&mod=5f7733de&uri=shared.php%3Fid%3D179577-270%26name%3Djetpens+best+ballpoint+pens HTTP/1.1" 200 20117 "-" "Mozilla/5.0 (Linux; Android 6.0.1; Nexus 5X Build/MMB29P) AppleWebKit/537.36 (KHTML, like Gecko) Chrome/137.0.7151.103 Mobile Safari/537.36 (compatible; Googlebot/2.1; +http://www.google.com/bot.html)"
66.249.65.98 - - [21/Jul/2025:23:02:45 +0000] "GET /?f=5361162021370&mod=b3b0b34e&uri=pin.php?item/5447726.shtml HTTP/1.1" 200 20304 "-" "Mozilla/5.0 (Linux; Android 6.0.1; Nexus 5X Build/MMB29P) AppleWebKit/537.36 (KHTML, like Gecko) Chrome/137.0.7151.103 Mobile Safari/537.36 (compatible; Googlebot/2.1; +http://www.google.com/bot.html)"
66.249.65.98 - - [21/Jul/2025:23:03:16 +0000] "POST /get-message-notify HTTP/1.1" 200 20412 "http://game-gainz.com/?f=5361162021370&mod=b3b0b34e&uri=pin.php?item/5447726.shtml" "Mozilla/5.0 (Linux; Android 6.0.1; Nexus 5X Build/MMB29P) AppleWebKit/537.36 (KHTML, like Gecko) Chrome/137.0.7151.119 Mobile Safari/537.36 (compatible; Googlebot/2.1; +http://www.google.com/bot.html)"
66.249.65.97 - - [21/Jul/2025:23:04:46 +0000] "GET /?f=5488356021370&mod=48f27972&uri=dp.php?item/49939422.shtml HTTP/1.1" 200 21051 "-" "Mozilla/5.0 (Linux; Android 6.0.1; Nexus 5X Build/MMB29P) AppleWebKit/537.36 (KHTML, like Gecko) Chrome/137.0.7151.103 Mobile Safari/537.36 (compatible; Googlebot/2.1; +http://www.google.com/bot.html)"
66.249.65.99 - - [21/Jul/2025:23:06:46 +0000] "GET /?f=5378775041370&mod=5f7733de&uri=product.php%3Fid%3D179569-270%26name%3Dcross+classic+century+brushed+black+pvd+ballpoint+pen HTTP/1.1" 200 20259 "-" "Mozilla/5.0 (Linux; Android 6.0.1; Nexus 5X Build/MMB29P) AppleWebKit/537.36 (KHTML, like Gecko) Chrome/137.0.7151.103 Mobile Safari/537.36 (compatible; Googlebot/2.1; +http://www.google.com/bot.html)"
66.249.65.99 - - [21/Jul/2025:23:07:19 +0000] "GET /?f=4562781051370&mod=5f7733de&uri=news.php?toreka/figure_menu.html HTTP/1.1" 200 20467 "-" "Mozilla/5.0 (Linux; Android 6.0.1; Nexus 5X Build/MMB29P) AppleWebKit/537.36 (KHTML, like Gecko) Chrome/137.0.7151.103 Mobile Safari/537.36 (compatible; Googlebot/2.1; +http://www.google.com/bot.html)"
66.249.65.98 - - [21/Jul/2025:23:07:41 +0000] "POST /get-message-notify HTTP/1.1" 200 20442 "http://game-gainz.com/?f=4562781051370&mod=5f7733de&uri=news.php?toreka/figure_menu.html" "Mozilla/5.0 (Linux; Android 6.0.1; Nexus 5X Build/MMB29P) AppleWebKit/537.36 (KHTML, like Gecko) Chrome/137.0.7151.119 Mobile Safari/537.36 (compatible; Googlebot/2.1; +http://www.google.com/bot.html)"
57.141.2.14 - - [21/Jul/2025:23:08:53 +0000] "GET /item/1069019112.shtml HTTP/1.1" 200 417 "-" "meta-externalagent/1.1 (+https://developers.facebook.com/docs/sharing/webmasters/crawler)"
209.85.238.33 - - [21/Jul/2025:23:09:38 +0000] "GET /?f=5241065001370&mod=2ca2f288&uri=news.php%3Fid%3D174975-312%26name%3Dmonta%C3%83%C2%B1a+salomon HTTP/1.1" 200 265 "-" "Mozilla/5.0 (X11; Linux x86_64) AppleWebKit/537.36 (KHTML, like Gecko) Chrome/137.0.7151.119 Safari/537.36"
66.249.65.97 - - [21/Jul/2025:23:09:47 +0000] "GET /?f=5379075061370&mod=5f7733de&uri=form.php%3Fid%3D179579-270%26name%3Du+brands+chalk+pencils HTTP/1.1" 200 21638 "-" "Mozilla/5.0 (Linux; Android 6.0.1; Nexus 5X Build/MMB29P) AppleWebKit/537.36 (KHTML, like Gecko) Chrome/137.0.7151.103 Mobile Safari/537.36 (compatible; Googlebot/2.1; +http://www.google.com/bot.html)"
57.141.2.19 - - [21/Jul/2025:23:11:21 +0000] "GET /item/1069667906.shtml HTTP/1.1" 200 417 "-" "meta-externalagent/1.1 (+https://developers.facebook.com/docs/sharing/webmasters/crawler)"
66.249.65.97 - - [21/Jul/2025:23:11:47 +0000] "GET /?f=5041967041370&mod=fc75bd96&uri=us.php%3Fid%3D168321-308%26name%3Dxersion+hoodie HTTP/1.1" 200 20438 "-" "Mozilla/5.0 (Linux; Android 6.0.1; Nexus 5X Build/MMB29P) AppleWebKit/537.36 (KHTML, like Gecko) Chrome/137.0.7151.103 Mobile Safari/537.36 (compatible; Googlebot/2.1; +http://www.google.com/bot.html)"
66.249.65.97 - - [21/Jul/2025:23:13:34 +0000] "GET /?f=5378985031370&mod=5f7733de&uri=us.php%3Fid%3D179576-270%26name%3Duni+ball+fine+deluxe HTTP/1.1" 200 20819 "-" "Mozilla/5.0 (Linux; Android 6.0.1; Nexus 5X Build/MMB29P) AppleWebKit/537.36 (KHTML, like Gecko) Chrome/137.0.7151.103 Mobile Safari/537.36 (compatible; Googlebot/2.1; +http://www.google.com/bot.html)"
66.249.65.97 - - [21/Jul/2025:23:13:50 +0000] "POST /get-message-notify HTTP/1.1" 200 20444 "http://game-gainz.com/?f=5378985031370&mod=5f7733de&uri=us.php%3Fid%3D179576-270%26name%3Duni+ball+fine+deluxe" "Mozilla/5.0 (Linux; Android 6.0.1; Nexus 5X Build/MMB29P) AppleWebKit/537.36 (KHTML, like Gecko) Chrome/137.0.7151.119 Mobile Safari/537.36 (compatible; Googlebot/2.1; +http://www.google.com/bot.html)"
66.249.65.97 - - [21/Jul/2025:23:17:29 +0000] "GET /?f=5378715111370&mod=93c89a4b&uri=pin.php%3Fid%3D179567-323%26name%3Dred+yeti+mug HTTP/1.1" 200 20581 "-" "Mozilla/5.0 (Linux; Android 6.0.1; Nexus 5X Build/MMB29P) AppleWebKit/537.36 (KHTML, like Gecko) Chrome/137.0.7151.103 Mobile Safari/537.36 (compatible; Googlebot/2.1; +http://www.google.com/bot.html)"
66.249.65.99 - - [21/Jul/2025:23:19:22 +0000] "GET /?f=5361162021370&mod=b3b0b34e&uri=pin.php?item/2810716.shtml HTTP/1.1" 200 20271 "-" "Mozilla/5.0 (Linux; Android 6.0.1; Nexus 5X Build/MMB29P) AppleWebKit/537.36 (KHTML, like Gecko) Chrome/137.0.7151.103 Mobile Safari/537.36 (compatible; Googlebot/2.1; +http://www.google.com/bot.html)"
66.249.65.97 - - [21/Jul/2025:23:19:43 +0000] "POST /get-message-notify HTTP/1.1" 200 20443 "http://game-gainz.com/?f=5361162021370&mod=b3b0b34e&uri=pin.php?item/2810716.shtml" "Mozilla/5.0 (Linux; Android 6.0.1; Nexus 5X Build/MMB29P) AppleWebKit/537.36 (KHTML, like Gecko) Chrome/137.0.7151.119 Mobile Safari/537.36 (compatible; Googlebot/2.1; +http://www.google.com/bot.html)"
57.141.2.3 - - [21/Jul/2025:23:21:31 +0000] "GET /item/1069086116.shtml HTTP/1.1" 200 417 "-" "meta-externalagent/1.1 (+https://developers.facebook.com/docs/sharing/webmasters/crawler)"
121.4.97.180 - - [21/Jul/2025:23:22:33 +0000] "GET / HTTP/1.1" 200 265 "-" "Mozilla/5.0 (iPhone; CPU iPhone OS 13_2_3 like Mac OS X) AppleWebKit/605.1.15 (KHTML, like Gecko) Version/13.0.3 Mobile/15E148 Safari/604.1"
66.249.65.97 - - [21/Jul/2025:23:22:37 +0000] "GET /?f=5379255041370&mod=5f7733de&uri=article.php%3Fid%3D179585-270%26name%3Dbest+highlighter+for+thin+paper HTTP/1.1" 200 21349 "-" "Mozilla/5.0 (Linux; Android 6.0.1; Nexus 5X Build/MMB29P) AppleWebKit/537.36 (KHTML, like Gecko) Chrome/137.0.7151.103 Mobile Safari/537.36 (compatible; Googlebot/2.1; +http://www.google.com/bot.html)"
57.141.2.21 - - [21/Jul/2025:23:24:04 +0000] "GET /item/1069445782.shtml HTTP/1.1" 200 417 "-" "meta-externalagent/1.1 (+https://developers.facebook.com/docs/sharing/webmasters/crawler)"
66.249.65.98 - - [21/Jul/2025:23:25:41 +0000] "GET /?f=5377635001370&mod=5f7733de&uri=news.php%3Fid%3D179531-270%26name%3Dpentel+oh+gel HTTP/1.1" 200 19800 "-" "Mozilla/5.0 (Linux; Android 6.0.1; Nexus 5X Build/MMB29P) AppleWebKit/537.36 (KHTML, like Gecko) Chrome/137.0.7151.103 Mobile Safari/537.36 (compatible; Googlebot/2.1; +http://www.google.com/bot.html)"
66.249.65.99 - - [21/Jul/2025:23:29:42 +0000] "GET /?f=67987632031370&mod=d802a3e6&uri=goods.php%3Fid%3D2268804-322%26name%3Dbosch+shs5avl6uc HTTP/1.1" 200 20591 "-" "Mozilla/5.0 (Linux; Android 6.0.1; Nexus 5X Build/MMB29P) AppleWebKit/537.36 (KHTML, like Gecko) Chrome/137.0.7151.103 Mobile Safari/537.36 (compatible; Googlebot/2.1; +http://www.google.com/bot.html)"
66.249.65.99 - - [21/Jul/2025:23:29:44 +0000] "POST /get-message-notify HTTP/1.1" 200 20421 "http://game-gainz.com/?f=67987632031370&mod=d802a3e6&uri=goods.php%3Fid%3D2268804-322%26name%3Dbosch+shs5avl6uc" "Mozilla/5.0 (Linux; Android 6.0.1; Nexus 5X Build/MMB29P) AppleWebKit/537.36 (KHTML, like Gecko) Chrome/137.0.7151.119 Mobile Safari/537.36 (compatible; Googlebot/2.1; +http://www.google.com/bot.html)"
57.141.2.1 - - [21/Jul/2025:23:35:45 +0000] "GET /item/1069211908.shtml HTTP/1.1" 200 417 "-" "meta-externalagent/1.1 (+https://developers.facebook.com/docs/sharing/webmasters/crawler)"
57.141.2.24 - - [21/Jul/2025:23:41:13 +0000] "GET /item/1068943674.shtml HTTP/1.1" 200 417 "-" "meta-externalagent/1.1 (+https://developers.facebook.com/docs/sharing/webmasters/crawler)"
66.249.65.98 - - [21/Jul/2025:23:43:08 +0000] "GET /index.php/item/1980989 HTTP/1.1" 200 20495 "-" "Mozilla/5.0 (Linux; Android 6.0.1; Nexus 5X Build/MMB29P) AppleWebKit/537.36 (KHTML, like Gecko) Chrome/137.0.7151.103 Mobile Safari/537.36 (compatible; Googlebot/2.1; +http://www.google.com/bot.html)"
66.249.65.97 - - [21/Jul/2025:23:48:09 +0000] "GET /?f=5361162021370&mod=b3b0b34e&uri=pin.php?item/6670300.shtml HTTP/1.1" 200 20416 "-" "Mozilla/5.0 (Linux; Android 6.0.1; Nexus 5X Build/MMB29P) AppleWebKit/537.36 (KHTML, like Gecko) Chrome/137.0.7151.103 Mobile Safari/537.36 (compatible; Googlebot/2.1; +http://www.google.com/bot.html)"
66.249.65.98 - - [21/Jul/2025:23:48:22 +0000] "GET /index.php?item/55451224.shtml/hobby/boardgame/index.html HTTP/1.1" 200 21375 "-" "Mozilla/5.0 (Linux; Android 6.0.1; Nexus 5X Build/MMB29P) AppleWebKit/537.36 (KHTML, like Gecko) Chrome/137.0.7151.103 Mobile Safari/537.36 (compatible; Googlebot/2.1; +http://www.google.com/bot.html)"
66.249.65.99 - - [21/Jul/2025:23:50:30 +0000] "GET /index.php?id=180118-270&name=penstandofwood/hobby/boardgame/index.html HTTP/1.1" 200 21813 "-" "Mozilla/5.0 (Linux; Android 6.0.1; Nexus 5X Build/MMB29P) AppleWebKit/537.36 (KHTML, like Gecko) Chrome/137.0.7151.103 Mobile Safari/537.36 (compatible; Googlebot/2.1; +http://www.google.com/bot.html)"
66.249.65.98 - - [21/Jul/2025:23:51:48 +0000] "GET /item/4950973/ HTTP/1.1" 200 19821 "-" "Mozilla/5.0 (Linux; Android 6.0.1; Nexus 5X Build/MMB29P) AppleWebKit/537.36 (KHTML, like Gecko) Chrome/137.0.7151.103 Mobile Safari/537.36 (compatible; Googlebot/2.1; +http://www.google.com/bot.html)"
66.249.65.98 - - [21/Jul/2025:23:52:52 +0000] "GET /?f=5282265011370&mod=a20bed5c&uri=shared.php%3Fid%3D176350-294%26name%3Dcloudy+green+gemstone HTTP/1.1" 200 20629 "-" "Mozilla/5.0 (Linux; Android 6.0.1; Nexus 5X Build/MMB29P) AppleWebKit/537.36 (KHTML, like Gecko) Chrome/137.0.7151.103 Mobile Safari/537.36 (compatible; Googlebot/2.1; +http://www.google.com/bot.html)"
66.249.65.99 - - [21/Jul/2025:23:53:19 +0000] "GET /item/1260779/ HTTP/1.1" 200 20208 "-" "Mozilla/5.0 (Linux; Android 6.0.1; Nexus 5X Build/MMB29P) AppleWebKit/537.36 (KHTML, like Gecko) Chrome/137.0.7151.103 Mobile Safari/537.36 (compatible; Googlebot/2.1; +http://www.google.com/bot.html)"
66.249.65.98 - - [21/Jul/2025:23:53:34 +0000] "POST /get-message-notify HTTP/1.1" 200 20414 "http://game-gainz.com/?f=5282265011370&mod=a20bed5c&uri=shared.php%3Fid%3D176350-294%26name%3Dcloudy+green+gemstone" "Mozilla/5.0 (Linux; Android 6.0.1; Nexus 5X Build/MMB29P) AppleWebKit/537.36 (KHTML, like Gecko) Chrome/137.0.7151.119 Mobile Safari/537.36 (compatible; Googlebot/2.1; +http://www.google.com/bot.html)"
57.141.2.27 - - [21/Jul/2025:23:53:43 +0000] "GET /item/1069705226.shtml HTTP/1.1" 200 417 "-" "meta-externalagent/1.1 (+https://developers.facebook.com/docs/sharing/webmasters/crawler)"
66.249.65.97 - - [21/Jul/2025:23:54:00 +0000] "GET /?f=4644499061370&mod=e41df6e7&uri=itm.php?item/2852732.shtml HTTP/1.1" 200 20275 "-" "Mozilla/5.0 (Linux; Android 6.0.1; Nexus 5X Build/MMB29P) AppleWebKit/537.36 (KHTML, like Gecko) Chrome/137.0.7151.103 Mobile Safari/537.36 (compatible; Googlebot/2.1; +http://www.google.com/bot.html)"
66.249.65.97 - - [21/Jul/2025:23:54:01 +0000] "GET /?f=4644499061370&mod=e41df6e7&uri=itm.php?affiliate HTTP/1.1" 200 21071 "-" "Mozilla/5.0 (Linux; Android 6.0.1; Nexus 5X Build/MMB29P) AppleWebKit/537.36 (KHTML, like Gecko) Chrome/137.0.7151.103 Mobile Safari/537.36 (compatible; Googlebot/2.1; +http://www.google.com/bot.html)"
66.249.65.98 - - [21/Jul/2025:23:54:02 +0000] "GET /?f=4644499061370&mod=e41df6e7&uri=itm.php?feature/honten/index.html HTTP/1.1" 200 20428 "-" "Mozilla/5.0 (Linux; Android 6.0.1; Nexus 5X Build/MMB29P) AppleWebKit/537.36 (KHTML, like Gecko) Chrome/137.0.7151.103 Mobile Safari/537.36 (compatible; Googlebot/2.1; +http://www.google.com/bot.html)"
66.249.65.98 - - [21/Jul/2025:23:54:06 +0000] "GET /?f=4644499061370&mod=e41df6e7&uri=itm.php?item/2869150.shtml HTTP/1.1" 200 20229 "-" "Mozilla/5.0 (Linux; Android 6.0.1; Nexus 5X Build/MMB29P) AppleWebKit/537.36 (KHTML, like Gecko) Chrome/137.0.7151.103 Mobile Safari/537.36 (compatible; Googlebot/2.1; +http://www.google.com/bot.html)"
66.249.65.98 - - [21/Jul/2025:23:54:09 +0000] "GET /?f=4644499061370&mod=e41df6e7&uri=itm.php?product_archives HTTP/1.1" 200 21334 "-" "Mozilla/5.0 (Linux; Android 6.0.1; Nexus 5X Build/MMB29P) AppleWebKit/537.36 (KHTML, like Gecko) Chrome/137.0.7151.103 Mobile Safari/537.36 (compatible; Googlebot/2.1; +http://www.google.com/bot.html)"
66.249.65.97 - - [21/Jul/2025:23:54:11 +0000] "GET /?f=4644499061370&mod=e41df6e7&uri=itm.php?boyslove.html HTTP/1.1" 200 20530 "-" "Mozilla/5.0 (Linux; Android 6.0.1; Nexus 5X Build/MMB29P) AppleWebKit/537.36 (KHTML, like Gecko) Chrome/137.0.7151.103 Mobile Safari/537.36 (compatible; Googlebot/2.1; +http://www.google.com/bot.html)"
66.249.65.97 - - [21/Jul/2025:23:54:12 +0000] "POST /get-message-notify HTTP/1.1" 200 20439 "http://game-gainz.com/?f=4644499061370&mod=e41df6e7&uri=itm.php?product_archives" "Mozilla/5.0 (Linux; Android 6.0.1; Nexus 5X Build/MMB29P) AppleWebKit/537.36 (KHTML, like Gecko) Chrome/137.0.7151.119 Mobile Safari/537.36 (compatible; Googlebot/2.1; +http://www.google.com/bot.html)"
66.249.65.97 - - [21/Jul/2025:23:54:12 +0000] "GET /?f=4644499061370&mod=e41df6e7&uri=itm.php?kaden.html HTTP/1.1" 200 20685 "-" "Mozilla/5.0 (Linux; Android 6.0.1; Nexus 5X Build/MMB29P) AppleWebKit/537.36 (KHTML, like Gecko) Chrome/137.0.7151.103 Mobile Safari/537.36 (compatible; Googlebot/2.1; +http://www.google.com/bot.html)"
66.249.65.97 - - [21/Jul/2025:23:54:13 +0000] "GET /?f=4644499061370&mod=e41df6e7&uri=itm.php?item/2825920.shtml HTTP/1.1" 200 20325 "-" "Mozilla/5.0 (Linux; Android 6.0.1; Nexus 5X Build/MMB29P) AppleWebKit/537.36 (KHTML, like Gecko) Chrome/137.0.7151.103 Mobile Safari/537.36 (compatible; Googlebot/2.1; +http://www.google.com/bot.html)"
66.249.65.97 - - [21/Jul/2025:23:54:13 +0000] "GET /?f=4644499061370&mod=e41df6e7&uri=itm.php?product/edit/G382033313 HTTP/1.1" 200 20678 "-" "Mozilla/5.0 (Linux; Android 6.0.1; Nexus 5X Build/MMB29P) AppleWebKit/537.36 (KHTML, like Gecko) Chrome/137.0.7151.103 Mobile Safari/537.36 (compatible; Googlebot/2.1; +http://www.google.com/bot.html)"
66.249.65.97 - - [21/Jul/2025:23:54:13 +0000] "POST /get-message-notify HTTP/1.1" 200 20403 "http://game-gainz.com/?f=4644499061370&mod=e41df6e7&uri=itm.php?affiliate" "Mozilla/5.0 (Linux; Android 6.0.1; Nexus 5X Build/MMB29P) AppleWebKit/537.36 (KHTML, like Gecko) Chrome/137.0.7151.119 Mobile Safari/537.36 (compatible; Googlebot/2.1; +http://www.google.com/bot.html)"
66.249.65.99 - - [21/Jul/2025:23:55:22 +0000] "GET /item/2618046/ HTTP/1.1" 200 20320 "-" "Mozilla/5.0 (Linux; Android 6.0.1; Nexus 5X Build/MMB29P) AppleWebKit/537.36 (KHTML, like Gecko) Chrome/137.0.7151.103 Mobile Safari/537.36 (compatible; Googlebot/2.1; +http://www.google.com/bot.html)"
66.249.65.98 - - [21/Jul/2025:23:56:10 +0000] "GET /?f=4644499061370&mod=e41df6e7&uri=itm.php?item/2814498.shtml HTTP/1.1" 200 20802 "-" "Mozilla/5.0 (Linux; Android 6.0.1; Nexus 5X Build/MMB29P) AppleWebKit/537.36 (KHTML, like Gecko) Chrome/137.0.7151.103 Mobile Safari/537.36 (compatible; Googlebot/2.1; +http://www.google.com/bot.html)"
66.249.65.98 - - [21/Jul/2025:23:56:44 +0000] "GET /item/3544429/ HTTP/1.1" 200 20505 "-" "Mozilla/5.0 (Linux; Android 6.0.1; Nexus 5X Build/MMB29P) AppleWebKit/537.36 (KHTML, like Gecko) Chrome/137.0.7151.103 Mobile Safari/537.36 (compatible; Googlebot/2.1; +http://www.google.com/bot.html)"
66.249.65.99 - - [21/Jul/2025:23:57:01 +0000] "GET /?f=5025587031370&mod=67a4b0f5&uri=info.php?item/50688658.shtml HTTP/1.1" 200 20394 "-" "Mozilla/5.0 (Linux; Android 6.0.1; Nexus 5X Build/MMB29P) AppleWebKit/537.36 (KHTML, like Gecko) Chrome/137.0.7151.103 Mobile Safari/537.36 (compatible; Googlebot/2.1; +http://www.google.com/bot.html)"
66.249.65.97 - - [21/Jul/2025:23:57:11 +0000] "POST /get-message-notify HTTP/1.1" 200 20437 "http://game-gainz.com/?f=5025587031370&mod=67a4b0f5&uri=info.php?item/50688658.shtml" "Mozilla/5.0 (Linux; Android 6.0.1; Nexus 5X Build/MMB29P) AppleWebKit/537.36 (KHTML, like Gecko) Chrome/137.0.7151.119 Mobile Safari/537.36 (compatible; Googlebot/2.1; +http://www.google.com/bot.html)"
66.249.65.97 - - [21/Jul/2025:23:57:19 +0000] "GET /?f=5025587031370&mod=67a4b0f5&uri=info.php?item/52523900.shtml HTTP/1.1" 200 20019 "-" "Mozilla/5.0 (Linux; Android 6.0.1; Nexus 5X Build/MMB29P) AppleWebKit/537.36 (KHTML, like Gecko) Chrome/137.0.7151.103 Mobile Safari/537.36 (compatible; Googlebot/2.1; +http://www.google.com/bot.html)"
66.249.65.97 - - [21/Jul/2025:23:57:47 +0000] "GET /?f=5250537051370&mod=9bb6dee7&uri=shared.php%3Fid%3D175292-21%26name%3Dadizero+adios+pro+2021 HTTP/1.1" 200 20290 "-" "Mozilla/5.0 (Linux; Android 6.0.1; Nexus 5X Build/MMB29P) AppleWebKit/537.36 (KHTML, like Gecko) Chrome/137.0.7151.103 Mobile Safari/537.36 (compatible; Googlebot/2.1; +http://www.google.com/bot.html)"
66.249.65.97 - - [21/Jul/2025:23:58:22 +0000] "GET /game-gainz.com/pcmypage?callback=product/detail/57787022/vintagegame.html HTTP/1.1" 200 20432 "-" "Mozilla/5.0 (Linux; Android 6.0.1; Nexus 5X Build/MMB29P) AppleWebKit/537.36 (KHTML, like Gecko) Chrome/137.0.7151.103 Mobile Safari/537.36 (compatible; Googlebot/2.1; +http://www.google.com/bot.html)"
57.141.2.25 - - [22/Jul/2025:00:00:08 +0000] "GET /item/1069062602.shtml HTTP/1.1" 200 417 "-" "meta-externalagent/1.1 (+https://developers.facebook.com/docs/sharing/webmasters/crawler)"
66.249.65.97 - - [22/Jul/2025:00:00:28 +0000] "GET /game-gainz.com/pcmypage?callback=product/review/12453076 HTTP/1.1" 200 20679 "-" "Mozilla/5.0 (Linux; Android 6.0.1; Nexus 5X Build/MMB29P) AppleWebKit/537.36 (KHTML, like Gecko) Chrome/137.0.7151.103 Mobile Safari/537.36 (compatible; Googlebot/2.1; +http://www.google.com/bot.html)"
66.249.65.97 - - [22/Jul/2025:00:00:48 +0000] "GET /?f=5361852001370&mod=d802a3e6&uri=news.php%3Fid%3D179004-322%26name%3Dfgbd2431kf1 HTTP/1.1" 200 20286 "-" "Mozilla/5.0 (Linux; Android 6.0.1; Nexus 5X Build/MMB29P) AppleWebKit/537.36 (KHTML, like Gecko) Chrome/137.0.7151.103 Mobile Safari/537.36 (compatible; Googlebot/2.1; +http://www.google.com/bot.html)"
66.249.65.97 - - [22/Jul/2025:00:00:50 +0000] "POST /get-message-notify HTTP/1.1" 200 20444 "http://game-gainz.com/?f=5361852001370&mod=d802a3e6&uri=news.php%3Fid%3D179004-322%26name%3Dfgbd2431kf1" "Mozilla/5.0 (Linux; Android 6.0.1; Nexus 5X Build/MMB29P) AppleWebKit/537.36 (KHTML, like Gecko) Chrome/137.0.7151.119 Mobile Safari/537.36 (compatible; Googlebot/2.1; +http://www.google.com/bot.html)"
66.249.65.97 - - [22/Jul/2025:00:01:45 +0000] "GET /game-gainz.com/pcmypage?callback=/product%2Fdetail%2F59506863 HTTP/1.1" 200 21098 "-" "Mozilla/5.0 (Linux; Android 6.0.1; Nexus 5X Build/MMB29P) AppleWebKit/537.36 (KHTML, like Gecko) Chrome/137.0.7151.103 Mobile Safari/537.36 (compatible; Googlebot/2.1; +http://www.google.com/bot.html)"
66.249.65.99 - - [22/Jul/2025:00:01:48 +0000] "GET /?f=5025887061370&mod=67a4b0f5&uri=article.php%3Fid%3D167785-307%26name%3Dyeezy+700+adidas+trovaprezzi HTTP/1.1" 200 20748 "-" "Mozilla/5.0 (Linux; Android 6.0.1; Nexus 5X Build/MMB29P) AppleWebKit/537.36 (KHTML, like Gecko) Chrome/137.0.7151.103 Mobile Safari/537.36 (compatible; Googlebot/2.1; +http://www.google.com/bot.html)"
66.249.65.99 - - [22/Jul/2025:00:03:28 +0000] "GET /item/2595114/ HTTP/1.1" 200 20287 "-" "Mozilla/5.0 (Linux; Android 6.0.1; Nexus 5X Build/MMB29P) AppleWebKit/537.36 (KHTML, like Gecko) Chrome/137.0.7151.103 Mobile Safari/537.36 (compatible; Googlebot/2.1; +http://www.google.com/bot.html)"
66.249.65.98 - - [22/Jul/2025:00:05:20 +0000] "GET /index.php/item/4743833/ HTTP/1.1" 200 20543 "-" "Mozilla/5.0 (Linux; Android 6.0.1; Nexus 5X Build/MMB29P) AppleWebKit/537.36 (KHTML, like Gecko) Chrome/137.0.7151.103 Mobile Safari/537.36 (compatible; Googlebot/2.1; +http://www.google.com/bot.html)"
66.249.65.99 - - [22/Jul/2025:00:06:43 +0000] "POST /get-message-notify HTTP/1.1" 200 20419 "http://game-gainz.com/index.php/item/4743833/" "Mozilla/5.0 (Linux; Android 6.0.1; Nexus 5X Build/MMB29P) AppleWebKit/537.36 (KHTML, like Gecko) Chrome/137.0.7151.119 Mobile Safari/537.36 (compatible; Googlebot/2.1; +http://www.google.com/bot.html)"
66.249.65.98 - - [22/Jul/2025:00:06:48 +0000] "GET /index.php/item/1919638/ HTTP/1.1" 200 20681 "-" "Mozilla/5.0 (Linux; Android 6.0.1; Nexus 5X Build/MMB29P) AppleWebKit/537.36 (KHTML, like Gecko) Chrome/137.0.7151.103 Mobile Safari/537.36 (compatible; Googlebot/2.1; +http://www.google.com/bot.html)"
66.249.65.99 - - [22/Jul/2025:00:08:35 +0000] "GET /index.php/item/3315871/ HTTP/1.1" 200 21410 "-" "Mozilla/5.0 (Linux; Android 6.0.1; Nexus 5X Build/MMB29P) AppleWebKit/537.36 (KHTML, like Gecko) Chrome/137.0.7151.103 Mobile Safari/537.36 (compatible; Googlebot/2.1; +http://www.google.com/bot.html)"
66.249.65.98 - - [22/Jul/2025:00:09:58 +0000] "GET /?f=5361162021370&mod=b3b0b34e&uri=pin.php?item/878615806.shtml HTTP/1.1" 200 20688 "-" "Mozilla/5.0 (Linux; Android 6.0.1; Nexus 5X Build/MMB29P) AppleWebKit/537.36 (KHTML, like Gecko) Chrome/137.0.7151.103 Mobile Safari/537.36 (compatible; Googlebot/2.1; +http://www.google.com/bot.html)"
66.249.65.98 - - [22/Jul/2025:00:10:22 +0000] "GET /index.php/item/3506155/ HTTP/1.1" 200 20535 "-" "Mozilla/5.0 (Linux; Android 6.0.1; Nexus 5X Build/MMB29P) AppleWebKit/537.36 (KHTML, like Gecko) Chrome/137.0.7151.103 Mobile Safari/537.36 (compatible; Googlebot/2.1; +http://www.google.com/bot.html)"
66.249.65.99 - - [22/Jul/2025:00:10:25 +0000] "POST /get-message-notify HTTP/1.1" 200 20419 "http://game-gainz.com/index.php/item/3506155/" "Mozilla/5.0 (Linux; Android 6.0.1; Nexus 5X Build/MMB29P) AppleWebKit/537.36 (KHTML, like Gecko) Chrome/137.0.7151.119 Mobile Safari/537.36 (compatible; Googlebot/2.1; +http://www.google.com/bot.html)"
66.249.65.98 - - [22/Jul/2025:00:10:57 +0000] "GET /?f=5361162021370&mod=b3b0b34e&uri=pin.php?item/878637806.shtml HTTP/1.1" 200 21031 "-" "Mozilla/5.0 (Linux; Android 6.0.1; Nexus 5X Build/MMB29P) AppleWebKit/537.36 (KHTML, like Gecko) Chrome/137.0.7151.103 Mobile Safari/537.36 (compatible; Googlebot/2.1; +http://www.google.com/bot.html)"
66.249.65.97 - - [22/Jul/2025:00:11:50 +0000] "GET /?f=5361162021370&mod=b3b0b34e&uri=pin.php?item/6788716.shtml HTTP/1.1" 200 20159 "-" "Mozilla/5.0 (Linux; Android 6.0.1; Nexus 5X Build/MMB29P) AppleWebKit/537.36 (KHTML, like Gecko) Chrome/137.0.7151.103 Mobile Safari/537.36 (compatible; Googlebot/2.1; +http://www.google.com/bot.html)"
66.249.65.99 - - [22/Jul/2025:00:12:04 +0000] "GET /?f=5361162021370&mod=b3b0b34e&uri=pin.php?item/5388066.shtml HTTP/1.1" 200 20429 "-" "Mozilla/5.0 (Linux; Android 6.0.1; Nexus 5X Build/MMB29P) AppleWebKit/537.36 (KHTML, like Gecko) Chrome/137.0.7151.103 Mobile Safari/537.36 (compatible; Googlebot/2.1; +http://www.google.com/bot.html)"
66.249.65.98 - - [22/Jul/2025:00:12:18 +0000] "POST /get-message-notify HTTP/1.1" 200 20440 "http://game-gainz.com/?f=5361162021370&mod=b3b0b34e&uri=pin.php?item/5388066.shtml" "Mozilla/5.0 (Linux; Android 6.0.1; Nexus 5X Build/MMB29P) AppleWebKit/537.36 (KHTML, like Gecko) Chrome/137.0.7151.119 Mobile Safari/537.36 (compatible; Googlebot/2.1; +http://www.google.com/bot.html)"
66.249.65.99 - - [22/Jul/2025:00:13:26 +0000] "GET /?f=5330409061370&mod=f3a3d61b&uri=info.php?item/1252351978.shtml HTTP/1.1" 200 20582 "-" "Mozilla/5.0 (Linux; Android 6.0.1; Nexus 5X Build/MMB29P) AppleWebKit/537.36 (KHTML, like Gecko) Chrome/137.0.7151.103 Mobile Safari/537.36 (compatible; Googlebot/2.1; +http://www.google.com/bot.html)"
66.249.65.97 - - [22/Jul/2025:00:14:00 +0000] "GET /?f=5361162021370&mod=b3b0b34e&uri=pin.php?item/1273069870.shtml HTTP/1.1" 200 20078 "-" "Mozilla/5.0 (Linux; Android 6.0.1; Nexus 5X Build/MMB29P) AppleWebKit/537.36 (KHTML, like Gecko) Chrome/137.0.7151.103 Mobile Safari/537.36 (compatible; Googlebot/2.1; +http://www.google.com/bot.html)"
66.249.65.98 - - [22/Jul/2025:00:16:04 +0000] "POST /get-message-notify HTTP/1.1" 200 20443 "http://game-gainz.com/game-gainz.com/pcmypage?callback=product/detail/57787022/vintagegame.html" "Mozilla/5.0 (Linux; Android 6.0.1; Nexus 5X Build/MMB29P) AppleWebKit/537.36 (KHTML, like Gecko) Chrome/137.0.7151.119 Mobile Safari/537.36 (compatible; Googlebot/2.1; +http://www.google.com/bot.html)"
66.249.65.97 - - [22/Jul/2025:00:17:01 +0000] "GET /?f=5361162021370&mod=b3b0b34e&uri=pin.php?item/673573164.shtml HTTP/1.1" 200 20435 "-" "Mozilla/5.0 (Linux; Android 6.0.1; Nexus 5X Build/MMB29P) AppleWebKit/537.36 (KHTML, like Gecko) Chrome/137.0.7151.103 Mobile Safari/537.36 (compatible; Googlebot/2.1; +http://www.google.com/bot.html)"
66.249.65.99 - - [22/Jul/2025:00:17:05 +0000] "POST /get-message-notify HTTP/1.1" 200 20439 "http://game-gainz.com/?f=5361162021370&mod=b3b0b34e&uri=pin.php?item/673573164.shtml" "Mozilla/5.0 (Linux; Android 6.0.1; Nexus 5X Build/MMB29P) AppleWebKit/537.36 (KHTML, like Gecko) Chrome/137.0.7151.119 Mobile Safari/537.36 (compatible; Googlebot/2.1; +http://www.google.com/bot.html)"
66.249.65.98 - - [22/Jul/2025:00:17:12 +0000] "GET /?f=5361162021370&mod=b3b0b34e&uri=pin.php?item/6771960.shtml HTTP/1.1" 200 19861 "-" "Mozilla/5.0 (Linux; Android 6.0.1; Nexus 5X Build/MMB29P) AppleWebKit/537.36 (KHTML, like Gecko) Chrome/137.0.7151.103 Mobile Safari/537.36 (compatible; Googlebot/2.1; +http://www.google.com/bot.html)"
66.249.65.97 - - [22/Jul/2025:00:17:57 +0000] "GET /?f=5344599011370&mod=aebb462e&uri=form.php?item/1350248142.shtml HTTP/1.1" 200 20716 "-" "Mozilla/5.0 (Linux; Android 6.0.1; Nexus 5X Build/MMB29P) AppleWebKit/537.36 (KHTML, like Gecko) Chrome/137.0.7151.103 Mobile Safari/537.36 (compatible; Googlebot/2.1; +http://www.google.com/bot.html)"
