66.249.65.97 - - [21/Jul/2025:16:18:27 +0000] "GET /game-gainz.com/pcmypage?callback=product%2Fdetail%2F43223815 HTTP/1.1" 200 19573 "-" "Mozilla/5.0 (Linux; Android 6.0.1; Nexus 5X Build/MMB29P) AppleWebKit/537.36 (KHTML, like Gecko) Chrome/137.0.7151.103 Mobile Safari/537.36 (compatible; Googlebot/2.1; +http://www.google.com/bot.html)"
66.249.65.98 - - [21/Jul/2025:16:19:52 +0000] "GET /game-gainz.com/index.php?id=174848-312&name=comprarmascarillasmunichonline HTTP/1.1" 200 20494 "-" "Mozilla/5.0 (Linux; Android 6.0.1; Nexus 5X Build/MMB29P) AppleWebKit/537.36 (KHTML, like Gecko) Chrome/137.0.7151.103 Mobile Safari/537.36 (compatible; Googlebot/2.1; +http://www.google.com/bot.html)"
66.249.65.97 - - [21/Jul/2025:16:19:56 +0000] "POST /get-message-notify HTTP/1.1" 200 20441 "http://game-gainz.com/game-gainz.com/index.php?id=174848-312&name=comprarmascarillasmunichonline" "Mozilla/5.0 (Linux; Android 6.0.1; Nexus 5X Build/MMB29P) AppleWebKit/537.36 (KHTML, like Gecko) Chrome/137.0.7151.119 Mobile Safari/537.36 (compatible; Googlebot/2.1; +http://www.google.com/bot.html)"
66.249.65.99 - - [21/Jul/2025:16:21:16 +0000] "GET /game-gainz.com/pcmypage?callback=product/review/85516499 HTTP/1.1" 200 21242 "-" "Mozilla/5.0 (Linux; Android 6.0.1; Nexus 5X Build/MMB29P) AppleWebKit/537.36 (KHTML, like Gecko) Chrome/137.0.7151.103 Mobile Safari/537.36 (compatible; Googlebot/2.1; +http://www.google.com/bot.html)"
66.249.65.97 - - [21/Jul/2025:16:22:43 +0000] "GET /game-gainz.com/pcmypage?callback=/product%2Fdetail%2F27349477 HTTP/1.1" 200 20484 "-" "Mozilla/5.0 (Linux; Android 6.0.1; Nexus 5X Build/MMB29P) AppleWebKit/537.36 (KHTML, like Gecko) Chrome/137.0.7151.103 Mobile Safari/537.36 (compatible; Googlebot/2.1; +http://www.google.com/bot.html)"
66.249.65.97 - - [21/Jul/2025:16:24:09 +0000] "GET /game-gainz.com/index.php?id=174736-187&name=watchcoraline123 HTTP/1.1" 200 19685 "-" "Mozilla/5.0 (Linux; Android 6.0.1; Nexus 5X Build/MMB29P) AppleWebKit/537.36 (KHTML, like Gecko) Chrome/137.0.7151.103 Mobile Safari/537.36 (compatible; Googlebot/2.1; +http://www.google.com/bot.html)"
66.249.65.98 - - [21/Jul/2025:16:27:22 +0000] "GET /game-gainz.com/pcmypage?callback=/product%2Fdetail%2F85516499 HTTP/1.1" 200 20719 "-" "Mozilla/5.0 (Linux; Android 6.0.1; Nexus 5X Build/MMB29P) AppleWebKit/537.36 (KHTML, like Gecko) Chrome/137.0.7151.103 Mobile Safari/537.36 (compatible; Googlebot/2.1; +http://www.google.com/bot.html)"
66.249.65.98 - - [21/Jul/2025:16:28:33 +0000] "GET /game-gainz.com/pcmypage?callback=product%2Fdetail%2F63092495 HTTP/1.1" 200 20764 "-" "Mozilla/5.0 (Linux; Android 6.0.1; Nexus 5X Build/MMB29P) AppleWebKit/537.36 (KHTML, like Gecko) Chrome/137.0.7151.103 Mobile Safari/537.36 (compatible; Googlebot/2.1; +http://www.google.com/bot.html)"
66.249.65.98 - - [21/Jul/2025:16:30:19 +0000] "GET /game-gainz.com/index.php?id=189328-308&name=militarysurplushoodie HTTP/1.1" 200 19677 "-" "Mozilla/5.0 (Linux; Android 6.0.1; Nexus 5X Build/MMB29P) AppleWebKit/537.36 (KHTML, like Gecko) Chrome/137.0.7151.103 Mobile Safari/537.36 (compatible; Googlebot/2.1; +http://www.google.com/bot.html)"
66.249.65.97 - - [21/Jul/2025:16:31:28 +0000] "GET /game-gainz.com/pcmypage?callback=/product%2Fdetail%2F66855848 HTTP/1.1" 200 20367 "-" "Mozilla/5.0 (Linux; Android 6.0.1; Nexus 5X Build/MMB29P) AppleWebKit/537.36 (KHTML, like Gecko) Chrome/137.0.7151.103 Mobile Safari/537.36 (compatible; Googlebot/2.1; +http://www.google.com/bot.html)"
66.249.65.97 - - [21/Jul/2025:16:33:13 +0000] "GET /game-gainz.com/pcmypage?callback=product/review/66855848 HTTP/1.1" 200 20271 "-" "Mozilla/5.0 (Linux; Android 6.0.1; Nexus 5X Build/MMB29P) AppleWebKit/537.36 (KHTML, like Gecko) Chrome/137.0.7151.103 Mobile Safari/537.36 (compatible; Googlebot/2.1; +http://www.google.com/bot.html)"
66.249.65.97 - - [21/Jul/2025:16:34:38 +0000] "GET /game-gainz.com/pcmypage?callback=product%2Fdetail%2F66855848 HTTP/1.1" 200 20259 "-" "Mozilla/5.0 (Linux; Android 6.0.1; Nexus 5X Build/MMB29P) AppleWebKit/537.36 (KHTML, like Gecko) Chrome/137.0.7151.103 Mobile Safari/537.36 (compatible; Googlebot/2.1; +http://www.google.com/bot.html)"
66.249.65.97 - - [21/Jul/2025:16:36:11 +0000] "GET /game-gainz.com/pcmypage?callback=product%2Fdetail%2F50366037 HTTP/1.1" 200 19714 "-" "Mozilla/5.0 (Linux; Android 6.0.1; Nexus 5X Build/MMB29P) AppleWebKit/537.36 (KHTML, like Gecko) Chrome/137.0.7151.103 Mobile Safari/537.36 (compatible; Googlebot/2.1; +http://www.google.com/bot.html)"
66.249.65.99 - - [21/Jul/2025:16:37:32 +0000] "GET /game-gainz.com/pcmypage?callback=/product%2Fdetail%2F50366037 HTTP/1.1" 200 20450 "-" "Mozilla/5.0 (Linux; Android 6.0.1; Nexus 5X Build/MMB29P) AppleWebKit/537.36 (KHTML, like Gecko) Chrome/137.0.7151.103 Mobile Safari/537.36 (compatible; Googlebot/2.1; +http://www.google.com/bot.html)"
66.249.65.97 - - [21/Jul/2025:16:37:46 +0000] "POST /get-message-notify HTTP/1.1" 200 20441 "http://game-gainz.com/game-gainz.com/pcmypage?callback=/product%2Fdetail%2F50366037" "Mozilla/5.0 (Linux; Android 6.0.1; Nexus 5X Build/MMB29P) AppleWebKit/537.36 (KHTML, like Gecko) Chrome/137.0.7151.119 Mobile Safari/537.36 (compatible; Googlebot/2.1; +http://www.google.com/bot.html)"
66.249.65.99 - - [21/Jul/2025:16:39:05 +0000] "GET /game-gainz.com/pcmypage?callback=product/review/50366037 HTTP/1.1" 200 21311 "-" "Mozilla/5.0 (Linux; Android 6.0.1; Nexus 5X Build/MMB29P) AppleWebKit/537.36 (KHTML, like Gecko) Chrome/137.0.7151.103 Mobile Safari/537.36 (compatible; Googlebot/2.1; +http://www.google.com/bot.html)"
66.249.65.97 - - [21/Jul/2025:16:41:13 +0000] "POST /get-message-notify HTTP/1.1" 200 20413 "http://game-gainz.com/game-gainz.com/pcmypage?callback=product%2Fdetail%2F66855848" "Mozilla/5.0 (Linux; Android 6.0.1; Nexus 5X Build/MMB29P) AppleWebKit/537.36 (KHTML, like Gecko) Chrome/137.0.7151.119 Mobile Safari/537.36 (compatible; Googlebot/2.1; +http://www.google.com/bot.html)"
57.141.2.18 - - [21/Jul/2025:16:41:41 +0000] "GET /item/1069705190.shtml HTTP/1.1" 200 417 "-" "meta-externalagent/1.1 (+https://developers.facebook.com/docs/sharing/webmasters/crawler)"
57.141.2.11 - - [21/Jul/2025:16:42:44 +0000] "GET /item/1069132604.shtml HTTP/1.1" 200 417 "-" "meta-externalagent/1.1 (+https://developers.facebook.com/docs/sharing/webmasters/crawler)"
57.141.2.13 - - [21/Jul/2025:16:50:05 +0000] "GET /item/1069583874.shtml HTTP/1.1" 200 417 "-" "meta-externalagent/1.1 (+https://developers.facebook.com/docs/sharing/webmasters/crawler)"
66.249.65.97 - - [21/Jul/2025:16:51:49 +0000] "GET /index.php/item/3436257 HTTP/1.1" 200 20299 "-" "Mozilla/5.0 (Linux; Android 6.0.1; Nexus 5X Build/MMB29P) AppleWebKit/537.36 (KHTML, like Gecko) Chrome/137.0.7151.103 Mobile Safari/537.36 (compatible; Googlebot/2.1; +http://www.google.com/bot.html)"
66.249.65.97 - - [21/Jul/2025:16:52:15 +0000] "GET /index.php/item/3800014/ HTTP/1.1" 200 20492 "-" "Mozilla/5.0 (compatible; Googlebot/2.1; +http://www.google.com/bot.html)"
109.70.100.69 - - [21/Jul/2025:17:04:17 +0000] "GET / HTTP/1.1" 200 417 "game-gainz.com" "Mozilla/5.0 (Linux; Android 8.1.0; 5059D_RU Build/O11019; wv) AppleWebKit/537.36 (KHTML, like Gecko) Version/4.0 Chrome/81.0.4044.117 Mobile Safari/537.36 YandexSearch/8.45 YandexSearchBrowser/8.45"
66.249.65.99 - - [21/Jul/2025:17:05:41 +0000] "POST /get-message-notify HTTP/1.1" 200 20409 "http://game-gainz.com/game-gainz.com/pcmypage?callback=product%2Fdetail%2F63092495" "Mozilla/5.0 (Linux; Android 6.0.1; Nexus 5X Build/MMB29P) AppleWebKit/537.36 (KHTML, like Gecko) Chrome/137.0.7151.119 Mobile Safari/537.36 (compatible; Googlebot/2.1; +http://www.google.com/bot.html)"
57.141.2.16 - - [21/Jul/2025:17:10:29 +0000] "GET /item/1069465202.shtml HTTP/1.1" 200 417 "-" "meta-externalagent/1.1 (+https://developers.facebook.com/docs/sharing/webmasters/crawler)"
57.141.2.17 - - [21/Jul/2025:17:17:55 +0000] "GET /item/1069078548.shtml HTTP/1.1" 200 417 "-" "meta-externalagent/1.1 (+https://developers.facebook.com/docs/sharing/webmasters/crawler)"
57.141.2.12 - - [21/Jul/2025:17:19:27 +0000] "GET /item/1069391162.shtml HTTP/1.1" 200 417 "-" "meta-externalagent/1.1 (+https://developers.facebook.com/docs/sharing/webmasters/crawler)"
124.222.142.44 - - [21/Jul/2025:17:21:59 +0000] "GET / HTTP/1.1" 200 265 "-" "Mozilla/5.0 (iPhone; CPU iPhone OS 13_2_3 like Mac OS X) AppleWebKit/605.1.15 (KHTML, like Gecko) Version/13.0.3 Mobile/15E148 Safari/604.1"
57.141.2.14 - - [21/Jul/2025:17:24:21 +0000] "GET /item/1069699962.shtml HTTP/1.1" 200 417 "-" "meta-externalagent/1.1 (+https://developers.facebook.com/docs/sharing/webmasters/crawler)"
57.141.2.2 - - [21/Jul/2025:17:25:57 +0000] "GET /item/1069428446.shtml HTTP/1.1" 200 417 "-" "meta-externalagent/1.1 (+https://developers.facebook.com/docs/sharing/webmasters/crawler)"
57.141.2.2 - - [21/Jul/2025:17:39:07 +0000] "GET /item/1069602948.shtml HTTP/1.1" 200 417 "-" "meta-externalagent/1.1 (+https://developers.facebook.com/docs/sharing/webmasters/crawler)"
101.109.106.159 - - [21/Jul/2025:17:41:15 +0000] "GET /wp-json/wp/v2/posts HTTP/1.1" 200 265 "-" "Mozilla/5.0 (Windows NT 10.0; Win64; x64) AppleWebKit/537.36 (KHTML, like Gecko) Chrome/120.0.0.0 Safari/537.36"
66.249.65.99 - - [21/Jul/2025:17:41:31 +0000] "GET /index.php/item/1123171 HTTP/1.1" 200 20082 "-" "Mozilla/5.0 (Linux; Android 6.0.1; Nexus 5X Build/MMB29P) AppleWebKit/537.36 (KHTML, like Gecko) Chrome/137.0.7151.103 Mobile Safari/537.36 (compatible; Googlebot/2.1; +http://www.google.com/bot.html)"
66.249.65.99 - - [21/Jul/2025:17:42:00 +0000] "GET /index.php/item/3715549/ HTTP/1.1" 200 20821 "-" "Mozilla/5.0 (compatible; Googlebot/2.1; +http://www.google.com/bot.html)"
66.249.65.97 - - [21/Jul/2025:17:42:52 +0000] "GET /item/1572545 HTTP/1.1" 200 21010 "-" "Mozilla/5.0 (Linux; Android 6.0.1; Nexus 5X Build/MMB29P) AppleWebKit/537.36 (KHTML, like Gecko) Chrome/137.0.7151.103 Mobile Safari/537.36 (compatible; Googlebot/2.1; +http://www.google.com/bot.html)"
66.249.65.98 - - [21/Jul/2025:17:42:55 +0000] "POST /get-message-notify HTTP/1.1" 200 20440 "http://game-gainz.com/item/1572545" "Mozilla/5.0 (Linux; Android 6.0.1; Nexus 5X Build/MMB29P) AppleWebKit/537.36 (KHTML, like Gecko) Chrome/137.0.7151.119 Mobile Safari/537.36 (compatible; Googlebot/2.1; +http://www.google.com/bot.html)"
66.249.65.98 - - [21/Jul/2025:17:43:25 +0000] "GET /index.php/item/4115253 HTTP/1.1" 200 20836 "-" "Mozilla/5.0 (Linux; Android 6.0.1; Nexus 5X Build/MMB29P) AppleWebKit/537.36 (KHTML, like Gecko) Chrome/137.0.7151.103 Mobile Safari/537.36 (compatible; Googlebot/2.1; +http://www.google.com/bot.html)"
66.249.65.98 - - [21/Jul/2025:17:44:11 +0000] "POST /get-message-notify HTTP/1.1" 200 20412 "http://game-gainz.com/index.php/item/4115253" "Mozilla/5.0 (Linux; Android 6.0.1; Nexus 5X Build/MMB29P) AppleWebKit/537.36 (KHTML, like Gecko) Chrome/137.0.7151.119 Mobile Safari/537.36 (compatible; Googlebot/2.1; +http://www.google.com/bot.html)"
43.130.139.177 - - [21/Jul/2025:17:51:08 +0000] "GET / HTTP/1.1" 200 265 "-" "Mozilla/5.0 (iPhone; CPU iPhone OS 13_2_3 like Mac OS X) AppleWebKit/605.1.15 (KHTML, like Gecko) Version/13.0.3 Mobile/15E148 Safari/604.1"
57.141.2.18 - - [21/Jul/2025:17:52:52 +0000] "GET /item/1069114386.shtml HTTP/1.1" 200 417 "-" "meta-externalagent/1.1 (+https://developers.facebook.com/docs/sharing/webmasters/crawler)"
57.141.2.24 - - [21/Jul/2025:17:57:39 +0000] "GET /item/1069406106.shtml HTTP/1.1" 200 417 "-" "meta-externalagent/1.1 (+https://developers.facebook.com/docs/sharing/webmasters/crawler)"
57.141.2.22 - - [21/Jul/2025:17:59:26 +0000] "GET /item/1068997112.shtml HTTP/1.1" 200 417 "-" "meta-externalagent/1.1 (+https://developers.facebook.com/docs/sharing/webmasters/crawler)"
57.141.2.25 - - [21/Jul/2025:18:00:19 +0000] "GET /item/1069150196.shtml HTTP/1.1" 200 417 "-" "meta-externalagent/1.1 (+https://developers.facebook.com/docs/sharing/webmasters/crawler)"
57.141.2.26 - - [21/Jul/2025:18:18:27 +0000] "GET /item/1069419340.shtml HTTP/1.1" 200 417 "-" "meta-externalagent/1.1 (+https://developers.facebook.com/docs/sharing/webmasters/crawler)"
57.141.2.1 - - [21/Jul/2025:18:20:20 +0000] "GET /item/1069015342.shtml HTTP/1.1" 200 417 "-" "meta-externalagent/1.1 (+https://developers.facebook.com/docs/sharing/webmasters/crawler)"
8.209.255.13 - - [21/Jul/2025:18:29:29 +0000] "GET /wp-json/wp/v2/posts HTTP/1.1" 200 265 "-" "Mozilla/5.0 (Windows NT 10.0; Win64; x64) AppleWebKit/537.36 (KHTML, like Gecko) Chrome/120.0.0.0 Safari/537.36"
66.249.65.99 - - [21/Jul/2025:18:32:51 +0000] "GET /?f=81883181041370&mod=9bb6dee7&uri=brands.php%3Fid%3D2732589-21%26name%3Dadidas+schuhe+jungs+schwarz HTTP/1.1" 200 21261 "-" "Mozilla/5.0 (Linux; Android 6.0.1; Nexus 5X Build/MMB29P) AppleWebKit/537.36 (KHTML, like Gecko) Chrome/137.0.7151.103 Mobile Safari/537.36 (compatible; Googlebot/2.1; +http://www.google.com/bot.html)"
57.141.2.7 - - [21/Jul/2025:18:45:55 +0000] "GET /item/1069221880.shtml HTTP/1.1" 200 417 "-" "meta-externalagent/1.1 (+https://developers.facebook.com/docs/sharing/webmasters/crawler)"
57.141.2.23 - - [21/Jul/2025:18:56:47 +0000] "GET /item/1069275988.shtml HTTP/1.1" 200 417 "-" "meta-externalagent/1.1 (+https://developers.facebook.com/docs/sharing/webmasters/crawler)"
57.141.2.15 - - [21/Jul/2025:18:58:11 +0000] "GET /item/1069198094.shtml HTTP/1.1" 200 417 "-" "meta-externalagent/1.1 (+https://developers.facebook.com/docs/sharing/webmasters/crawler)"
66.249.65.98 - - [21/Jul/2025:19:06:53 +0000] "GET /?f=5551264051370&mod=6f39194d&uri=shared.php%3Fid%3D185322-310%26name%3Dmx+series+graphics+card HTTP/1.1" 200 20417 "-" "Mozilla/5.0 (Linux; Android 6.0.1; Nexus 5X Build/MMB29P) AppleWebKit/537.36 (KHTML, like Gecko) Chrome/137.0.7151.103 Mobile Safari/537.36 (compatible; Googlebot/2.1; +http://www.google.com/bot.html)"
57.141.2.19 - - [21/Jul/2025:19:09:49 +0000] "GET /item/1069516268.shtml HTTP/1.1" 200 417 "-" "meta-externalagent/1.1 (+https://developers.facebook.com/docs/sharing/webmasters/crawler)"
66.249.65.98 - - [21/Jul/2025:19:10:44 +0000] "GET /?f=5550214061370&mod=c205a106&uri=shared.php%3Fid%3D185287-329%26name%3Dbalenciaga+raincoat HTTP/1.1" 200 21074 "-" "Mozilla/5.0 (Linux; Android 6.0.1; Nexus 5X Build/MMB29P) AppleWebKit/537.36 (KHTML, like Gecko) Chrome/137.0.7151.103 Mobile Safari/537.36 (compatible; Googlebot/2.1; +http://www.google.com/bot.html)"
221.15.25.95 - - [21/Jul/2025:19:11:49 +0000] "GET /wp-json/wp/v2/posts HTTP/1.1" 200 265 "-" "Mozilla/5.0 (Windows NT 10.0; Win64; x64) AppleWebKit/537.36 (KHTML, like Gecko) Chrome/120.0.0.0 Safari/537.36"
66.249.65.97 - - [21/Jul/2025:19:15:29 +0000] "GET /?f=5548744051370&mod=2a519dc3&uri=news.php%3Fid%3D185238-220%26name%3Dnike+tech+fleece+women%27s HTTP/1.1" 200 21430 "-" "Mozilla/5.0 (Linux; Android 6.0.1; Nexus 5X Build/MMB29P) AppleWebKit/537.36 (KHTML, like Gecko) Chrome/137.0.7151.103 Mobile Safari/537.36 (compatible; Googlebot/2.1; +http://www.google.com/bot.html)"
66.249.65.97 - - [21/Jul/2025:19:16:04 +0000] "POST /get-message-notify HTTP/1.1" 200 20444 "http://game-gainz.com/?f=5548744051370&mod=2a519dc3&uri=news.php%3Fid%3D185238-220%26name%3Dnike+tech+fleece+women%27s" "Mozilla/5.0 (Linux; Android 6.0.1; Nexus 5X Build/MMB29P) AppleWebKit/537.36 (KHTML, like Gecko) Chrome/137.0.7151.119 Mobile Safari/537.36 (compatible; Googlebot/2.1; +http://www.google.com/bot.html)"
57.141.2.24 - - [21/Jul/2025:19:16:55 +0000] "GET /item/1069371486.shtml HTTP/1.1" 200 417 "-" "meta-externalagent/1.1 (+https://developers.facebook.com/docs/sharing/webmasters/crawler)"
57.141.2.8 - - [21/Jul/2025:19:23:15 +0000] "GET /item/1069454560.shtml HTTP/1.1" 200 417 "-" "meta-externalagent/1.1 (+https://developers.facebook.com/docs/sharing/webmasters/crawler)"
57.141.2.15 - - [21/Jul/2025:19:24:50 +0000] "GET /item/1069590052.shtml HTTP/1.1" 200 417 "-" "meta-externalagent/1.1 (+https://developers.facebook.com/docs/sharing/webmasters/crawler)"
66.249.65.97 - - [21/Jul/2025:19:25:48 +0000] "GET /?f=5282625011370&mod=a20bed5c&uri=info.php%3Fid%3D176362-294%26name%3Dlucy+mecklenburgh+ring HTTP/1.1" 200 20569 "-" "Mozilla/5.0 (Linux; Android 6.0.1; Nexus 5X Build/MMB29P) AppleWebKit/537.36 (KHTML, like Gecko) Chrome/137.0.7151.103 Mobile Safari/537.36 (compatible; Googlebot/2.1; +http://www.google.com/bot.html)"
66.249.65.99 - - [21/Jul/2025:19:29:49 +0000] "GET /?f=5451252051370&mod=15a50c8b&uri=shop.php%3Fid%3D181986-59%26name%3Dabbigliamento+maschile+elegante HTTP/1.1" 200 20452 "-" "Mozilla/5.0 (Linux; Android 6.0.1; Nexus 5X Build/MMB29P) AppleWebKit/537.36 (KHTML, like Gecko) Chrome/137.0.7151.103 Mobile Safari/537.36 (compatible; Googlebot/2.1; +http://www.google.com/bot.html)"
66.249.65.99 - - [21/Jul/2025:19:39:10 +0000] "GET /?f=5379045071370&mod=5f7733de&uri=form.php%3Fid%3D179578-270%26name%3Denergel+bl77 HTTP/1.1" 200 21061 "-" "Mozilla/5.0 (Linux; Android 6.0.1; Nexus 5X Build/MMB29P) AppleWebKit/537.36 (KHTML, like Gecko) Chrome/137.0.7151.103 Mobile Safari/537.36 (compatible; Googlebot/2.1; +http://www.google.com/bot.html)"
66.249.65.98 - - [21/Jul/2025:19:39:14 +0000] "POST /get-message-notify HTTP/1.1" 200 20408 "http://game-gainz.com/?f=5379045071370&mod=5f7733de&uri=form.php%3Fid%3D179578-270%26name%3Denergel+bl77" "Mozilla/5.0 (Linux; Android 6.0.1; Nexus 5X Build/MMB29P) AppleWebKit/537.36 (KHTML, like Gecko) Chrome/137.0.7151.119 Mobile Safari/537.36 (compatible; Googlebot/2.1; +http://www.google.com/bot.html)"
66.249.65.97 - - [21/Jul/2025:19:41:22 +0000] "GET /index.php/item/2019965 HTTP/1.1" 200 20025 "-" "Mozilla/5.0 (Linux; Android 6.0.1; Nexus 5X Build/MMB29P) AppleWebKit/537.36 (KHTML, like Gecko) Chrome/137.0.7151.103 Mobile Safari/537.36 (compatible; Googlebot/2.1; +http://www.google.com/bot.html)"
66.249.65.97 - - [21/Jul/2025:19:41:35 +0000] "GET /index.php/item/4033762 HTTP/1.1" 200 20010 "-" "Mozilla/5.0 (Linux; Android 6.0.1; Nexus 5X Build/MMB29P) AppleWebKit/537.36 (KHTML, like Gecko) Chrome/137.0.7151.103 Mobile Safari/537.36 (compatible; Googlebot/2.1; +http://www.google.com/bot.html)"
66.249.65.98 - - [21/Jul/2025:19:44:11 +0000] "GET /?f=36413987011370&mod=9bb6dee7&uri=form.php%3Fid%3D1215360-21%26name%3Drobert+lewandowski+adidas HTTP/1.1" 200 19919 "-" "Mozilla/5.0 (Linux; Android 6.0.1; Nexus 5X Build/MMB29P) AppleWebKit/537.36 (KHTML, like Gecko) Chrome/137.0.7151.103 Mobile Safari/537.36 (compatible; Googlebot/2.1; +http://www.google.com/bot.html)"
66.249.65.97 - - [21/Jul/2025:19:49:11 +0000] "GET /?f=36407558041370&mod=9bb6dee7&uri=goods.php%3Fid%3D1215143-21%26name%3Dadidas+herrenshirt HTTP/1.1" 200 20310 "-" "Mozilla/5.0 (Linux; Android 6.0.1; Nexus 5X Build/MMB29P) AppleWebKit/537.36 (KHTML, like Gecko) Chrome/137.0.7151.103 Mobile Safari/537.36 (compatible; Googlebot/2.1; +http://www.google.com/bot.html)"
66.249.65.98 - - [21/Jul/2025:19:49:32 +0000] "POST /get-message-notify HTTP/1.1" 200 20443 "http://game-gainz.com/?f=36407558041370&mod=9bb6dee7&uri=goods.php%3Fid%3D1215143-21%26name%3Dadidas+herrenshirt" "Mozilla/5.0 (Linux; Android 6.0.1; Nexus 5X Build/MMB29P) AppleWebKit/537.36 (KHTML, like Gecko) Chrome/137.0.7151.119 Mobile Safari/537.36 (compatible; Googlebot/2.1; +http://www.google.com/bot.html)"
66.249.65.97 - - [21/Jul/2025:19:54:12 +0000] "GET /?f=81940610051370&mod=9bb6dee7&uri=article.php%3Fid%3D2734514-21%26name%3Dterrex+winterschuhe+herren HTTP/1.1" 200 20932 "-" "Mozilla/5.0 (Linux; Android 6.0.1; Nexus 5X Build/MMB29P) AppleWebKit/537.36 (KHTML, like Gecko) Chrome/137.0.7151.103 Mobile Safari/537.36 (compatible; Googlebot/2.1; +http://www.google.com/bot.html)"
57.141.2.13 - - [21/Jul/2025:19:58:57 +0000] "GET /item/1069501048.shtml HTTP/1.1" 200 417 "-" "meta-externalagent/1.1 (+https://developers.facebook.com/docs/sharing/webmasters/crawler)"
57.141.2.29 - - [21/Jul/2025:20:05:10 +0000] "GET /item/1069413502.shtml HTTP/1.1" 200 417 "-" "meta-externalagent/1.1 (+https://developers.facebook.com/docs/sharing/webmasters/crawler)"
57.141.2.29 - - [21/Jul/2025:20:12:48 +0000] "GET /item/1069269810.shtml HTTP/1.1" 200 417 "-" "meta-externalagent/1.1 (+https://developers.facebook.com/docs/sharing/webmasters/crawler)"
57.141.2.19 - - [21/Jul/2025:20:16:29 +0000] "GET /item/1069524522.shtml HTTP/1.1" 200 417 "-" "meta-externalagent/1.1 (+https://developers.facebook.com/docs/sharing/webmasters/crawler)"
132.232.144.200 - - [21/Jul/2025:20:21:58 +0000] "GET / HTTP/1.1" 200 265 "-" "Mozilla/5.0 (iPhone; CPU iPhone OS 13_2_3 like Mac OS X) AppleWebKit/605.1.15 (KHTML, like Gecko) Version/13.0.3 Mobile/15E148 Safari/604.1"
57.141.2.16 - - [21/Jul/2025:20:24:15 +0000] "GET /item/1069520708.shtml HTTP/1.1" 200 417 "-" "meta-externalagent/1.1 (+https://developers.facebook.com/docs/sharing/webmasters/crawler)"
66.249.65.98 - - [21/Jul/2025:20:38:31 +0000] "GET /?f=24275520011370&mod=ebbb5ccb&uri=shared.php%3Fid%3D810246-155%26name%3Dhk+20+speakers HTTP/1.1" 200 21063 "-" "Mozilla/5.0 (Linux; Android 6.0.1; Nexus 5X Build/MMB29P) AppleWebKit/537.36 (KHTML, like Gecko) Chrome/137.0.7151.103 Mobile Safari/537.36 (compatible; Googlebot/2.1; +http://www.google.com/bot.html)"
171.239.234.143 - - [21/Jul/2025:20:42:39 +0000] "GET /wp-json/wp/v2/posts HTTP/1.1" 200 265 "-" "Mozilla/5.0 (Windows NT 10.0; Win64; x64) AppleWebKit/537.36 (KHTML, like Gecko) Chrome/120.0.0.0 Safari/537.36"
57.141.2.18 - - [21/Jul/2025:20:54:18 +0000] "GET /item/1069486360.shtml HTTP/1.1" 200 417 "-" "meta-externalagent/1.1 (+https://developers.facebook.com/docs/sharing/webmasters/crawler)"
192.42.116.185 - - [21/Jul/2025:21:01:42 +0000] "GET /wp-config.php2 HTTP/1.1" 200 417 "-" "Mozilla/5.0 (Windows NT 10.0; Win64; x64) AppleWebKit/537.36 (KHTML, like Gecko, Foregenix) Chrome/118.0.0.0 Safari/537.36"
192.42.116.185 - - [21/Jul/2025:21:01:43 +0000] "GET /wp-config.php3 HTTP/1.1" 200 417 "-" "Mozilla/5.0 (Windows NT 10.0; Win64; x64) AppleWebKit/537.36 (KHTML, like Gecko, Foregenix) Chrome/118.0.0.0 Safari/537.36"
192.42.116.185 - - [21/Jul/2025:21:01:43 +0000] "GET /wp-config.php4 HTTP/1.1" 200 417 "-" "Mozilla/5.0 (Windows NT 10.0; Win64; x64) AppleWebKit/537.36 (KHTML, like Gecko, Foregenix) Chrome/118.0.0.0 Safari/537.36"
192.42.116.185 - - [21/Jul/2025:21:01:44 +0000] "GET /wp-config.php5 HTTP/1.1" 200 417 "-" "Mozilla/5.0 (Windows NT 10.0; Win64; x64) AppleWebKit/537.36 (KHTML, like Gecko, Foregenix) Chrome/118.0.0.0 Safari/537.36"
192.42.116.185 - - [21/Jul/2025:21:01:44 +0000] "GET /wp-config.php6 HTTP/1.1" 200 417 "-" "Mozilla/5.0 (Windows NT 10.0; Win64; x64) AppleWebKit/537.36 (KHTML, like Gecko, Foregenix) Chrome/118.0.0.0 Safari/537.36"
192.42.116.185 - - [21/Jul/2025:21:01:45 +0000] "GET /wp-config.php7 HTTP/1.1" 200 417 "-" "Mozilla/5.0 (Windows NT 10.0; Win64; x64) AppleWebKit/537.36 (KHTML, like Gecko, Foregenix) Chrome/118.0.0.0 Safari/537.36"
192.42.116.185 - - [21/Jul/2025:21:01:47 +0000] "GET /wp-config.php8 HTTP/1.1" 200 417 "-" "Mozilla/5.0 (Windows NT 10.0; Win64; x64) AppleWebKit/537.36 (KHTML, like Gecko, Foregenix) Chrome/118.0.0.0 Safari/537.36"
192.42.116.185 - - [21/Jul/2025:21:01:48 +0000] "GET /wp-config.php9 HTTP/1.1" 200 417 "-" "Mozilla/5.0 (Windows NT 10.0; Win64; x64) AppleWebKit/537.36 (KHTML, like Gecko, Foregenix) Chrome/118.0.0.0 Safari/537.36"
192.42.116.185 - - [21/Jul/2025:21:01:48 +0000] "GET /wp-config.php10 HTTP/1.1" 200 417 "-" "Mozilla/5.0 (Windows NT 10.0; Win64; x64) AppleWebKit/537.36 (KHTML, like Gecko, Foregenix) Chrome/118.0.0.0 Safari/537.36"
192.42.116.185 - - [21/Jul/2025:21:01:48 +0000] "GET /wp-config.php11 HTTP/1.1" 200 417 "-" "Mozilla/5.0 (Windows NT 10.0; Win64; x64) AppleWebKit/537.36 (KHTML, like Gecko, Foregenix) Chrome/118.0.0.0 Safari/537.36"
192.42.116.185 - - [21/Jul/2025:21:01:49 +0000] "GET /wp-config.php12 HTTP/1.1" 200 417 "-" "Mozilla/5.0 (Windows NT 10.0; Win64; x64) AppleWebKit/537.36 (KHTML, like Gecko, Foregenix) Chrome/118.0.0.0 Safari/537.36"
57.141.2.4 - - [21/Jul/2025:21:16:44 +0000] "GET /item/1069289762.shtml HTTP/1.1" 200 417 "-" "meta-externalagent/1.1 (+https://developers.facebook.com/docs/sharing/webmasters/crawler)"
57.141.2.29 - - [21/Jul/2025:21:22:46 +0000] "GET /item/1069210458.shtml HTTP/1.1" 200 417 "-" "meta-externalagent/1.1 (+https://developers.facebook.com/docs/sharing/webmasters/crawler)"
57.141.2.17 - - [21/Jul/2025:21:32:39 +0000] "GET /item/1069491056.shtml HTTP/1.1" 200 417 "-" "meta-externalagent/1.1 (+https://developers.facebook.com/docs/sharing/webmasters/crawler)"
66.249.65.99 - - [21/Jul/2025:21:41:59 +0000] "GET /?f=4747711051370&mod=ca0226c1&uri=shop.php%3Fid%3D158458-126%26name%3Dgolf+cart+mirrors HTTP/1.1" 200 20592 "-" "Mozilla/5.0 (Linux; Android 6.0.1; Nexus 5X Build/MMB29P) AppleWebKit/537.36 (KHTML, like Gecko) Chrome/137.0.7151.103 Mobile Safari/537.36 (compatible; Googlebot/2.1; +http://www.google.com/bot.html)"
66.249.65.99 - - [21/Jul/2025:21:42:04 +0000] "GET /item/3209339 HTTP/1.1" 200 21385 "-" "Mozilla/5.0 (Linux; Android 6.0.1; Nexus 5X Build/MMB29P) AppleWebKit/537.36 (KHTML, like Gecko) Chrome/137.0.7151.103 Mobile Safari/537.36 (compatible; Googlebot/2.1; +http://www.google.com/bot.html)"
66.249.65.98 - - [21/Jul/2025:21:42:33 +0000] "POST /get-message-notify HTTP/1.1" 200 20413 "http://game-gainz.com/?f=4747711051370&mod=ca0226c1&uri=shop.php%3Fid%3D158458-126%26name%3Dgolf+cart+mirrors" "Mozilla/5.0 (Linux; Android 6.0.1; Nexus 5X Build/MMB29P) AppleWebKit/537.36 (KHTML, like Gecko) Chrome/137.0.7151.119 Mobile Safari/537.36 (compatible; Googlebot/2.1; +http://www.google.com/bot.html)"
66.249.65.97 - - [21/Jul/2025:21:42:55 +0000] "GET /?f=5330409061370&mod=f3a3d61b&uri=info.php?item/5393650.shtml HTTP/1.1" 200 19637 "-" "Mozilla/5.0 (Linux; Android 6.0.1; Nexus 5X Build/MMB29P) AppleWebKit/537.36 (KHTML, like Gecko) Chrome/137.0.7151.103 Mobile Safari/537.36 (compatible; Googlebot/2.1; +http://www.google.com/bot.html)"
57.141.2.21 - - [21/Jul/2025:21:47:47 +0000] "GET /item/1069491588.shtml HTTP/1.1" 200 417 "-" "meta-externalagent/1.1 (+https://developers.facebook.com/docs/sharing/webmasters/crawler)"
170.106.110.146 - - [21/Jul/2025:21:50:15 +0000] "GET / HTTP/1.1" 200 265 "-" "Mozilla/5.0 (iPhone; CPU iPhone OS 13_2_3 like Mac OS X) AppleWebKit/605.1.15 (KHTML, like Gecko) Version/13.0.3 Mobile/15E148 Safari/604.1"
198.46.234.28 - - [21/Jul/2025:21:50:24 +0000] "POST /index.php/wp-json/litespeed/v1/cdn_status HTTP/1.1" 200 265 "https://game-gainz.com/wp-admin/update.php?action=upload-plugin" "Mozilla/5.0 (Windows NT 10.0; Win64; x64; rv:128.0) Gecko/20100101 Firefox/128.0"
66.249.65.98 - - [21/Jul/2025:21:57:49 +0000] "GET /?f=4922380141370&mod=9ce60c64&uri=shop.php?item/52468330.shtml HTTP/1.1" 200 20508 "-" "Mozilla/5.0 (Linux; Android 6.0.1; Nexus 5X Build/MMB29P) AppleWebKit/537.36 (KHTML, like Gecko) Chrome/137.0.7151.103 Mobile Safari/537.36 (compatible; Googlebot/2.1; +http://www.google.com/bot.html)"
66.249.65.97 - - [21/Jul/2025:21:59:05 +0000] "POST /get-message-notify HTTP/1.1" 200 20440 "http://game-gainz.com/?f=4922380141370&mod=9ce60c64&uri=shop.php?item/52468330.shtml" "Mozilla/5.0 (Linux; Android 6.0.1; Nexus 5X Build/MMB29P) AppleWebKit/537.36 (KHTML, like Gecko) Chrome/137.0.7151.119 Mobile Safari/537.36 (compatible; Googlebot/2.1; +http://www.google.com/bot.html)"
66.249.65.97 - - [21/Jul/2025:22:08:38 +0000] "GET /?f=5250567001370&mod=9bb6dee7&uri=shop.php%3Fid%3D175293-21%26name%3Dadidas+copa+shadowbeast+fg+schwarz HTTP/1.1" 200 20340 "-" "Mozilla/5.0 (Linux; Android 6.0.1; Nexus 5X Build/MMB29P) AppleWebKit/537.36 (KHTML, like Gecko) Chrome/137.0.7151.103 Mobile Safari/537.36 (compatible; Googlebot/2.1; +http://www.google.com/bot.html)"
66.249.65.99 - - [21/Jul/2025:22:10:12 +0000] "GET /game-gainz.com/pcmypage?callback=/product/detail/50366037 HTTP/1.1" 200 20444 "-" "Mozilla/5.0 (Linux; Android 6.0.1; Nexus 5X Build/MMB29P) AppleWebKit/537.36 (KHTML, like Gecko) Chrome/137.0.7151.103 Mobile Safari/537.36 (compatible; Googlebot/2.1; +http://www.google.com/bot.html)"
66.249.65.97 - - [21/Jul/2025:22:10:20 +0000] "GET /?f=5059127021370&mod=fc75bd96&uri=itm.php%3Fid%3D168893-308%26name%3Dcute+hoodies+unisex HTTP/1.1" 200 21496 "-" "Mozilla/5.0 (Linux; Android 6.0.1; Nexus 5X Build/MMB29P) AppleWebKit/537.36 (KHTML, like Gecko) Chrome/137.0.7151.103 Mobile Safari/537.36 (compatible; Googlebot/2.1; +http://www.google.com/bot.html)"
66.249.65.97 - - [21/Jul/2025:22:10:30 +0000] "GET /game-gainz.com/pcmypage?callback=product/detail/66855848 HTTP/1.1" 200 20270 "-" "Mozilla/5.0 (Linux; Android 6.0.1; Nexus 5X Build/MMB29P) AppleWebKit/537.36 (KHTML, like Gecko) Chrome/137.0.7151.103 Mobile Safari/537.36 (compatible; Googlebot/2.1; +http://www.google.com/bot.html)"
66.249.65.97 - - [21/Jul/2025:22:10:35 +0000] "GET /?f=5329779031370&mod=f3a3d61b&uri=blog.php?item/55942202.shtml HTTP/1.1" 200 21190 "-" "Mozilla/5.0 (Linux; Android 6.0.1; Nexus 5X Build/MMB29P) AppleWebKit/537.36 (KHTML, like Gecko) Chrome/137.0.7151.103 Mobile Safari/537.36 (compatible; Googlebot/2.1; +http://www.google.com/bot.html)"
66.249.65.97 - - [21/Jul/2025:22:10:37 +0000] "GET /?f=5532634031370&mod=6f39194d&uri=dp.php%3Fid%3D184701-310%26name%3Dnvidia+geforce+gtx+1650+ti+specs HTTP/1.1" 200 20691 "-" "Mozilla/5.0 (Linux; Android 6.0.1; Nexus 5X Build/MMB29P) AppleWebKit/537.36 (KHTML, like Gecko) Chrome/137.0.7151.103 Mobile Safari/537.36 (compatible; Googlebot/2.1; +http://www.google.com/bot.html)"
66.249.65.97 - - [21/Jul/2025:22:10:40 +0000] "POST /get-message-notify HTTP/1.1" 200 20443 "http://game-gainz.com/?f=5329779031370&mod=f3a3d61b&uri=blog.php?item/55942202.shtml" "Mozilla/5.0 (Linux; Android 6.0.1; Nexus 5X Build/MMB29P) AppleWebKit/537.36 (KHTML, like Gecko) Chrome/137.0.7151.119 Mobile Safari/537.36 (compatible; Googlebot/2.1; +http://www.google.com/bot.html)"
66.249.65.97 - - [21/Jul/2025:22:10:41 +0000] "GET /?f=5157406011370&mod=ebbb5ccb&uri=category-info.php%3Fid%3D172170-155%26name%3Dklipsch+dolby+atmos+review HTTP/1.1" 200 20520 "-" "Mozilla/5.0 (Linux; Android 6.0.1; Nexus 5X Build/MMB29P) AppleWebKit/537.36 (KHTML, like Gecko) Chrome/137.0.7151.103 Mobile Safari/537.36 (compatible; Googlebot/2.1; +http://www.google.com/bot.html)"
66.249.65.97 - - [21/Jul/2025:22:10:56 +0000] "GET /?f=5490854091370&mod=20c99c68&uri=info.php%3Fid%3D183307-328%26name%3Damazon+sandalen+damen+rieker HTTP/1.1" 200 21299 "-" "Mozilla/5.0 (Linux; Android 6.0.1; Nexus 5X Build/MMB29P) AppleWebKit/537.36 (KHTML, like Gecko) Chrome/137.0.7151.103 Mobile Safari/537.36 (compatible; Googlebot/2.1; +http://www.google.com/bot.html)"
66.249.65.98 - - [21/Jul/2025:22:11:15 +0000] "GET /?f=5344029011370&mod=f3a3d61b&uri=category-info.php%3Fid%3D178409-320%26name%3Dskechers+norte+sur+camisetas HTTP/1.1" 200 20314 "-" "Mozilla/5.0 (Linux; Android 6.0.1; Nexus 5X Build/MMB29P) AppleWebKit/537.36 (KHTML, like Gecko) Chrome/137.0.7151.103 Mobile Safari/537.36 (compatible; Googlebot/2.1; +http://www.google.com/bot.html)"
66.249.65.97 - - [21/Jul/2025:22:11:22 +0000] "GET /?f=5128856051370&mod=14b7367a&uri=dp.php?item/51466380.shtml HTTP/1.1" 200 20396 "-" "Mozilla/5.0 (Linux; Android 6.0.1; Nexus 5X Build/MMB29P) AppleWebKit/537.36 (KHTML, like Gecko) Chrome/137.0.7151.103 Mobile Safari/537.36 (compatible; Googlebot/2.1; +http://www.google.com/bot.html)"
66.249.65.97 - - [21/Jul/2025:22:11:41 +0000] "GET /?f=71140457011370&mod=67a4b0f5&uri=itm.php%3Fid%3D2374032-307%26name%3Dultra+boost+adidas+azzurre HTTP/1.1" 200 20118 "-" "Mozilla/5.0 (Linux; Android 6.0.1; Nexus 5X Build/MMB29P) AppleWebKit/537.36 (KHTML, like Gecko) Chrome/137.0.7151.103 Mobile Safari/537.36 (compatible; Googlebot/2.1; +http://www.google.com/bot.html)"
66.249.65.97 - - [21/Jul/2025:22:12:38 +0000] "POST /get-message-notify HTTP/1.1" 200 20412 "http://game-gainz.com/game-gainz.com/pcmypage?callback=/product/detail/50366037" "Mozilla/5.0 (Linux; Android 6.0.1; Nexus 5X Build/MMB29P) AppleWebKit/537.36 (KHTML, like Gecko) Chrome/137.0.7151.119 Mobile Safari/537.36 (compatible; Googlebot/2.1; +http://www.google.com/bot.html)"
93.152.210.199 - - [21/Jul/2025:22:13:29 +0000] "GET /index.php?id=189553-308&name=coachmixedmediasweatshirt/feature/idol/gradol.html HTTP/1.1" 200 265 "-" "Mozilla/5.0 (Linux; Android 9; ASUS_I005DA Build/PI; wv) AppleWebKit/537.36 (KHTML, like Gecko) Version/4.0 Chrome/133.0.6943.122 Mobile"
93.152.210.199 - - [21/Jul/2025:22:13:30 +0000] "GET /index.php?id=189553-308&id=..%252F..%252F..%252F..%252F..%252F..%252F..%252F..%252F..%252Fetc%252Fpasswd&name=coachmixedmediasweatshirt%2Ffeature%2Fidol%2Fgradol.html HTTP/1.1" 200 265 "-" "Mozilla/5.0 (Linux; Android 9; ASUS_I005DA Build/PI; wv) AppleWebKit/537.36 (KHTML, like Gecko) Version/4.0 Chrome/133.0.6943.122 Mobile"
93.152.210.199 - - [21/Jul/2025:22:13:30 +0000] "GET /index.php?id=189553-308&name=coachmixedmediasweatshirt%2Ffeature%2Fidol%2Fgradol.html&name= HTTP/1.1" 200 265 "-" "Mozilla/5.0 (Linux; Android 9; ASUS_I005DA Build/PI; wv) AppleWebKit/537.36 (KHTML, like Gecko) Version/4.0 Chrome/133.0.6943.122 Mobile"
93.152.210.199 - - [21/Jul/2025:22:13:30 +0000] "GET /index.php?id=189553-308&name=%3Cscript%3Ealert%28%27XSS%27%29%3C%2Fscript%3E HTTP/1.1" 200 265 "-" "Mozilla/5.0 (Linux; Android 9; ASUS_I005DA Build/PI; wv) AppleWebKit/537.36 (KHTML, like Gecko) Version/4.0 Chrome/133.0.6943.122 Mobile"
93.152.210.199 - - [21/Jul/2025:22:13:30 +0000] "GET /index.php?id=189553-308&id=%27&name=coachmixedmediasweatshirt%2Ffeature%2Fidol%2Fgradol.html HTTP/1.1" 200 265 "-" "Mozilla/5.0 (Linux; Android 9; ASUS_I005DA Build/PI; wv) AppleWebKit/537.36 (KHTML, like Gecko) Version/4.0 Chrome/133.0.6943.122 Mobile"
93.152.210.199 - - [21/Jul/2025:22:13:30 +0000] "GET /adminer.php HTTP/1.1" 200 265 "-" "Mozilla/5.0 (Linux; Android 9; ASUS_I005DA Build/PI; wv) AppleWebKit/537.36 (KHTML, like Gecko) Version/4.0 Chrome/133.0.6943.122 Mobile"
93.152.210.199 - - [21/Jul/2025:22:13:30 +0000] "GET /.env HTTP/1.1" 200 265 "-" "Mozilla/5.0 (Linux; Android 9; ASUS_I005DA Build/PI; wv) AppleWebKit/537.36 (KHTML, like Gecko) Version/4.0 Chrome/133.0.6943.122 Mobile"
93.152.210.199 - - [21/Jul/2025:22:13:30 +0000] "GET /index.php?id=189553-308&id=&name=coachmixedmediasweatshirt%2Ffeature%2Fidol%2Fgradol.html HTTP/1.1" 200 265 "-" "Mozilla/5.0 (Linux; Android 9; ASUS_I005DA Build/PI; wv) AppleWebKit/537.36 (KHTML, like Gecko) Version/4.0 Chrome/133.0.6943.122 Mobile"
93.152.210.199 - - [21/Jul/2025:22:13:30 +0000] "GET /index.php?id=%3Cscript%3Ealert%28%27XSS%27%29%3C%2Fscript%3E&name=coachmixedmediasweatshirt%2Ffeature%2Fidol%2Fgradol.html HTTP/1.1" 200 265 "-" "Mozilla/5.0 (Linux; Android 9; ASUS_I005DA Build/PI; wv) AppleWebKit/537.36 (KHTML, like Gecko) Version/4.0 Chrome/133.0.6943.122 Mobile"
93.152.210.199 - - [21/Jul/2025:22:13:30 +0000] "GET /index.php?id=189553-308&name=coachmixedmediasweatshirt%2Ffeature%2Fidol%2Fgradol.html&name=..%252F..%252F..%252F..%252F..%252F..%252F..%252F..%252F..%252Fetc%252Fpasswd HTTP/1.1" 200 265 "-" "Mozilla/5.0 (Linux; Android 9; ASUS_I005DA Build/PI; wv) AppleWebKit/537.36 (KHTML, like Gecko) Version/4.0 Chrome/133.0.6943.122 Mobile"
93.152.210.199 - - [21/Jul/2025:22:13:30 +0000] "GET /index.php?id=189553-308&name=coachmixedmediasweatshirt%2Ffeature%2Fidol%2Fgradol.html&name=%27 HTTP/1.1" 200 265 "-" "Mozilla/5.0 (Linux; Android 9; ASUS_I005DA Build/PI; wv) AppleWebKit/537.36 (KHTML, like Gecko) Version/4.0 Chrome/133.0.6943.122 Mobile"
93.152.210.199 - - [21/Jul/2025:22:13:30 +0000] "GET /index.php?id=%27&name=%27 HTTP/1.1" 200 265 "-" "Mozilla/5.0 (Linux; Android 9; ASUS_I005DA Build/PI; wv) AppleWebKit/537.36 (KHTML, like Gecko) Version/4.0 Chrome/133.0.6943.122 Mobile"
93.152.210.199 - - [21/Jul/2025:22:13:31 +0000] "GET /admin/.env HTTP/1.1" 200 265 "-" "Mozilla/5.0 (Linux; Android 9; ASUS_I005DA Build/PI; wv) AppleWebKit/537.36 (KHTML, like Gecko) Version/4.0 Chrome/133.0.6943.122 Mobile"
93.152.210.199 - - [21/Jul/2025:22:13:31 +0000] "GET /admin-app/.env HTTP/1.1" 200 265 "-" "Mozilla/5.0 (Linux; Android 9; ASUS_I005DA Build/PI; wv) AppleWebKit/537.36 (KHTML, like Gecko) Version/4.0 Chrome/133.0.6943.122 Mobile"
93.152.210.199 - - [21/Jul/2025:22:13:32 +0000] "GET /index.php?id=189553-308%27&name=coachmixedmediasweatshirt%2Ffeature%2Fidol%2Fgradol.html HTTP/1.1" 200 265 "-" "Mozilla/5.0 (Linux; Android 9; ASUS_I005DA Build/PI; wv) AppleWebKit/537.36 (KHTML, like Gecko) Version/4.0 Chrome/133.0.6943.122 Mobile"
93.152.210.199 - - [21/Jul/2025:22:13:32 +0000] "GET /api/.env HTTP/1.1" 200 265 "-" "Mozilla/5.0 (Linux; Android 9; ASUS_I005DA Build/PI; wv) AppleWebKit/537.36 (KHTML, like Gecko) Version/4.0 Chrome/133.0.6943.122 Mobile"
93.152.210.199 - - [21/Jul/2025:22:13:32 +0000] "GET /index.php?id=189553-308&name=coachmixedmediasweatshirt%2Ffeature%2Fidol%2Fgradol.html%27 HTTP/1.1" 200 265 "-" "Mozilla/5.0 (Linux; Android 9; ASUS_I005DA Build/PI; wv) AppleWebKit/537.36 (KHTML, like Gecko) Version/4.0 Chrome/133.0.6943.122 Mobile"
93.152.210.199 - - [21/Jul/2025:22:13:32 +0000] "GET /back/.env HTTP/1.1" 200 265 "-" "Mozilla/5.0 (Linux; Android 9; ASUS_I005DA Build/PI; wv) AppleWebKit/537.36 (KHTML, like Gecko) Version/4.0 Chrome/133.0.6943.122 Mobile"
93.152.210.199 - - [21/Jul/2025:22:13:33 +0000] "GET /backend/.env HTTP/1.1" 200 265 "-" "Mozilla/5.0 (Linux; Android 9; ASUS_I005DA Build/PI; wv) AppleWebKit/537.36 (KHTML, like Gecko) Version/4.0 Chrome/133.0.6943.122 Mobile"
93.152.210.199 - - [21/Jul/2025:22:13:33 +0000] "GET /cp/.env HTTP/1.1" 200 265 "-" "Mozilla/5.0 (Linux; Android 9; ASUS_I005DA Build/PI; wv) AppleWebKit/537.36 (KHTML, like Gecko) Version/4.0 Chrome/133.0.6943.122 Mobile"
93.152.210.199 - - [21/Jul/2025:22:13:34 +0000] "GET /development/.env HTTP/1.1" 200 265 "-" "Mozilla/5.0 (Linux; Android 9; ASUS_I005DA Build/PI; wv) AppleWebKit/537.36 (KHTML, like Gecko) Version/4.0 Chrome/133.0.6943.122 Mobile"
93.152.210.199 - - [21/Jul/2025:22:13:34 +0000] "GET /docker/.env HTTP/1.1" 200 265 "-" "Mozilla/5.0 (Linux; Android 9; ASUS_I005DA Build/PI; wv) AppleWebKit/537.36 (KHTML, like Gecko) Version/4.0 Chrome/133.0.6943.122 Mobile"
93.152.210.199 - - [21/Jul/2025:22:13:35 +0000] "GET /local/.env HTTP/1.1" 200 265 "-" "Mozilla/5.0 (Linux; Android 9; ASUS_I005DA Build/PI; wv) AppleWebKit/537.36 (KHTML, like Gecko) Version/4.0 Chrome/133.0.6943.122 Mobile"
93.152.210.199 - - [21/Jul/2025:22:13:35 +0000] "GET /private/.env HTTP/1.1" 200 265 "-" "Mozilla/5.0 (Linux; Android 9; ASUS_I005DA Build/PI; wv) AppleWebKit/537.36 (KHTML, like Gecko) Version/4.0 Chrome/133.0.6943.122 Mobile"
93.152.210.199 - - [21/Jul/2025:22:13:36 +0000] "GET /rest/.env HTTP/1.1" 200 265 "-" "Mozilla/5.0 (Linux; Android 9; ASUS_I005DA Build/PI; wv) AppleWebKit/537.36 (KHTML, like Gecko) Version/4.0 Chrome/133.0.6943.122 Mobile"
93.152.210.199 - - [21/Jul/2025:22:13:36 +0000] "GET /shared/.env HTTP/1.1" 200 265 "-" "Mozilla/5.0 (Linux; Android 9; ASUS_I005DA Build/PI; wv) AppleWebKit/537.36 (KHTML, like Gecko) Version/4.0 Chrome/133.0.6943.122 Mobile"
93.152.210.199 - - [21/Jul/2025:22:13:37 +0000] "GET /laravel/.env HTTP/1.1" 200 265 "-" "Mozilla/5.0 (Linux; Android 9; ASUS_I005DA Build/PI; wv) AppleWebKit/537.36 (KHTML, like Gecko) Version/4.0 Chrome/133.0.6943.122 Mobile"
93.152.210.199 - - [21/Jul/2025:22:13:38 +0000] "GET /system/.env HTTP/1.1" 200 265 "-" "Mozilla/5.0 (Linux; Android 9; ASUS_I005DA Build/PI; wv) AppleWebKit/537.36 (KHTML, like Gecko) Version/4.0 Chrome/133.0.6943.122 Mobile"
93.152.210.199 - - [21/Jul/2025:22:13:38 +0000] "GET /sources/.env HTTP/1.1" 200 265 "-" "Mozilla/5.0 (Linux; Android 9; ASUS_I005DA Build/PI; wv) AppleWebKit/537.36 (KHTML, like Gecko) Version/4.0 Chrome/133.0.6943.122 Mobile"
93.152.210.199 - - [21/Jul/2025:22:13:40 +0000] "GET /public/.env HTTP/1.1" 200 265 "-" "Mozilla/5.0 (Linux; Android 9; ASUS_I005DA Build/PI; wv) AppleWebKit/537.36 (KHTML, like Gecko) Version/4.0 Chrome/133.0.6943.122 Mobile"
93.152.210.199 - - [21/Jul/2025:22:13:40 +0000] "GET /v1/.env HTTP/1.1" 200 265 "-" "Mozilla/5.0 (Linux; Android 9; ASUS_I005DA Build/PI; wv) AppleWebKit/537.36 (KHTML, like Gecko) Version/4.0 Chrome/133.0.6943.122 Mobile"
93.152.210.199 - - [21/Jul/2025:22:13:41 +0000] "GET /app/.env HTTP/1.1" 200 265 "-" "Mozilla/5.0 (Linux; Android 9; ASUS_I005DA Build/PI; wv) AppleWebKit/537.36 (KHTML, like Gecko) Version/4.0 Chrome/133.0.6943.122 Mobile"
93.152.210.199 - - [21/Jul/2025:22:13:41 +0000] "GET /config/.env HTTP/1.1" 200 265 "-" "Mozilla/5.0 (Linux; Android 9; ASUS_I005DA Build/PI; wv) AppleWebKit/537.36 (KHTML, like Gecko) Version/4.0 Chrome/133.0.6943.122 Mobile"
93.152.210.199 - - [21/Jul/2025:22:13:42 +0000] "GET /core/.env HTTP/1.1" 200 265 "-" "Mozilla/5.0 (Linux; Android 9; ASUS_I005DA Build/PI; wv) AppleWebKit/537.36 (KHTML, like Gecko) Version/4.0 Chrome/133.0.6943.122 Mobile"
93.152.210.199 - - [21/Jul/2025:22:13:42 +0000] "GET /apps/.env HTTP/1.1" 200 265 "-" "Mozilla/5.0 (Linux; Android 9; ASUS_I005DA Build/PI; wv) AppleWebKit/537.36 (KHTML, like Gecko) Version/4.0 Chrome/133.0.6943.122 Mobile"
93.152.210.199 - - [21/Jul/2025:22:13:43 +0000] "GET /lib/.env HTTP/1.1" 200 265 "-" "Mozilla/5.0 (Linux; Android 9; ASUS_I005DA Build/PI; wv) AppleWebKit/537.36 (KHTML, like Gecko) Version/4.0 Chrome/133.0.6943.122 Mobile"
93.152.210.199 - - [21/Jul/2025:22:13:43 +0000] "GET /cron/.env HTTP/1.1" 200 265 "-" "Mozilla/5.0 (Linux; Android 9; ASUS_I005DA Build/PI; wv) AppleWebKit/537.36 (KHTML, like Gecko) Version/4.0 Chrome/133.0.6943.122 Mobile"
93.152.210.199 - - [21/Jul/2025:22:13:44 +0000] "GET /database/.env HTTP/1.1" 200 265 "-" "Mozilla/5.0 (Linux; Android 9; ASUS_I005DA Build/PI; wv) AppleWebKit/537.36 (KHTML, like Gecko) Version/4.0 Chrome/133.0.6943.122 Mobile"
93.152.210.199 - - [21/Jul/2025:22:13:44 +0000] "GET /uploads/.env HTTP/1.1" 200 265 "-" "Mozilla/5.0 (Linux; Android 9; ASUS_I005DA Build/PI; wv) AppleWebKit/537.36 (KHTML, like Gecko) Version/4.0 Chrome/133.0.6943.122 Mobile"
93.152.210.199 - - [21/Jul/2025:22:13:44 +0000] "GET /site/.env HTTP/1.1" 200 265 "-" "Mozilla/5.0 (Linux; Android 9; ASUS_I005DA Build/PI; wv) AppleWebKit/537.36 (KHTML, like Gecko) Version/4.0 Chrome/133.0.6943.122 Mobile"
93.152.210.199 - - [21/Jul/2025:22:13:46 +0000] "GET /web/.env HTTP/1.1" 200 265 "-" "Mozilla/5.0 (Linux; Android 9; ASUS_I005DA Build/PI; wv) AppleWebKit/537.36 (KHTML, like Gecko) Version/4.0 Chrome/133.0.6943.122 Mobile"
93.152.210.199 - - [21/Jul/2025:22:13:46 +0000] "GET /administrator/.env HTTP/1.1" 200 265 "-" "Mozilla/5.0 (Linux; Android 9; ASUS_I005DA Build/PI; wv) AppleWebKit/537.36 (KHTML, like Gecko) Version/4.0 Chrome/133.0.6943.122 Mobile"
44.252.145.6 - - [21/Jul/2025:22:20:56 +0000] "GET /robots.txt HTTP/1.1" 200 240 "-" "HawaiiBot"
57.141.2.18 - - [21/Jul/2025:22:21:54 +0000] "GET /item/1069325608.shtml HTTP/1.1" 200 417 "-" "meta-externalagent/1.1 (+https://developers.facebook.com/docs/sharing/webmasters/crawler)"
93.152.210.169 - - [21/Jul/2025:22:26:49 +0000] "GET /index.php?id=1544025-92&name=streamprimermovie HTTP/1.1" 200 265 "-" "Mozilla/5.0 (Linux; Android 9; ASUS_I005DA Build/PI; wv) AppleWebKit/537.36 (KHTML, like Gecko) Version/4.0 Chrome/133.0.6943.122 Mobile"
93.152.210.169 - - [21/Jul/2025:22:26:50 +0000] "GET /index.php?id=1544025-92&id=&name=streamprimermovie HTTP/1.1" 200 265 "-" "Mozilla/5.0 (Linux; Android 9; ASUS_I005DA Build/PI; wv) AppleWebKit/537.36 (KHTML, like Gecko) Version/4.0 Chrome/133.0.6943.122 Mobile"
93.152.210.169 - - [21/Jul/2025:22:26:50 +0000] "GET /.env HTTP/1.1" 200 265 "-" "Mozilla/5.0 (Linux; Android 9; ASUS_I005DA Build/PI; wv) AppleWebKit/537.36 (KHTML, like Gecko) Version/4.0 Chrome/133.0.6943.122 Mobile"
93.152.210.169 - - [21/Jul/2025:22:26:50 +0000] "GET /adminer.php HTTP/1.1" 200 265 "-" "Mozilla/5.0 (Linux; Android 9; ASUS_I005DA Build/PI; wv) AppleWebKit/537.36 (KHTML, like Gecko) Version/4.0 Chrome/133.0.6943.122 Mobile"
93.152.210.169 - - [21/Jul/2025:22:26:50 +0000] "GET /index.php?id=1544025-92&id=..%252F..%252F..%252F..%252F..%252F..%252F..%252F..%252F..%252Fetc%252Fpasswd&name=streamprimermovie HTTP/1.1" 200 265 "-" "Mozilla/5.0 (Linux; Android 9; ASUS_I005DA Build/PI; wv) AppleWebKit/537.36 (KHTML, like Gecko) Version/4.0 Chrome/133.0.6943.122 Mobile"
93.152.210.169 - - [21/Jul/2025:22:26:50 +0000] "GET /index.php?id=1544025-92&id=%27&name=streamprimermovie HTTP/1.1" 200 265 "-" "Mozilla/5.0 (Linux; Android 9; ASUS_I005DA Build/PI; wv) AppleWebKit/537.36 (KHTML, like Gecko) Version/4.0 Chrome/133.0.6943.122 Mobile"
93.152.210.169 - - [21/Jul/2025:22:26:50 +0000] "GET /index.php?id=1544025-92&name=%3Cscript%3Ealert%28%27XSS%27%29%3C%2Fscript%3E HTTP/1.1" 200 265 "-" "Mozilla/5.0 (Linux; Android 9; ASUS_I005DA Build/PI; wv) AppleWebKit/537.36 (KHTML, like Gecko) Version/4.0 Chrome/133.0.6943.122 Mobile"
93.152.210.169 - - [21/Jul/2025:22:26:51 +0000] "GET /index.php?id=1544025-92&name=streamprimermovie&name= HTTP/1.1" 200 265 "-" "Mozilla/5.0 (Linux; Android 9; ASUS_I005DA Build/PI; wv) AppleWebKit/537.36 (KHTML, like Gecko) Version/4.0 Chrome/133.0.6943.122 Mobile"
93.152.210.169 - - [21/Jul/2025:22:26:51 +0000] "GET /admin/.env HTTP/1.1" 200 265 "-" "Mozilla/5.0 (Linux; Android 9; ASUS_I005DA Build/PI; wv) AppleWebKit/537.36 (KHTML, like Gecko) Version/4.0 Chrome/133.0.6943.122 Mobile"
93.152.210.169 - - [21/Jul/2025:22:26:51 +0000] "GET /index.php?id=1544025-92&name=streamprimermovie&name=..%252F..%252F..%252F..%252F..%252F..%252F..%252F..%252F..%252Fetc%252Fpasswd HTTP/1.1" 200 265 "-" "Mozilla/5.0 (Linux; Android 9; ASUS_I005DA Build/PI; wv) AppleWebKit/537.36 (KHTML, like Gecko) Version/4.0 Chrome/133.0.6943.122 Mobile"
93.152.210.169 - - [21/Jul/2025:22:26:51 +0000] "GET /index.php?id=1544025-92&name=streamprimermovie&name=%27 HTTP/1.1" 200 265 "-" "Mozilla/5.0 (Linux; Android 9; ASUS_I005DA Build/PI; wv) AppleWebKit/537.36 (KHTML, like Gecko) Version/4.0 Chrome/133.0.6943.122 Mobile"
93.152.210.169 - - [21/Jul/2025:22:26:51 +0000] "GET /index.php?id=%3Cscript%3Ealert%28%27XSS%27%29%3C%2Fscript%3E&name=streamprimermovie HTTP/1.1" 200 265 "-" "Mozilla/5.0 (Linux; Android 9; ASUS_I005DA Build/PI; wv) AppleWebKit/537.36 (KHTML, like Gecko) Version/4.0 Chrome/133.0.6943.122 Mobile"
93.152.210.169 - - [21/Jul/2025:22:26:51 +0000] "GET /admin-app/.env HTTP/1.1" 200 265 "-" "Mozilla/5.0 (Linux; Android 9; ASUS_I005DA Build/PI; wv) AppleWebKit/537.36 (KHTML, like Gecko) Version/4.0 Chrome/133.0.6943.122 Mobile"
93.152.210.169 - - [21/Jul/2025:22:26:51 +0000] "GET /index.php?id=%27&name=%27 HTTP/1.1" 200 265 "-" "Mozilla/5.0 (Linux; Android 9; ASUS_I005DA Build/PI; wv) AppleWebKit/537.36 (KHTML, like Gecko) Version/4.0 Chrome/133.0.6943.122 Mobile"
93.152.210.169 - - [21/Jul/2025:22:26:52 +0000] "GET /api/.env HTTP/1.1" 200 265 "-" "Mozilla/5.0 (Linux; Android 9; ASUS_I005DA Build/PI; wv) AppleWebKit/537.36 (KHTML, like Gecko) Version/4.0 Chrome/133.0.6943.122 Mobile"
93.152.210.169 - - [21/Jul/2025:22:26:52 +0000] "GET /index.php?id=1544025-92%27&name=streamprimermovie HTTP/1.1" 200 265 "-" "Mozilla/5.0 (Linux; Android 9; ASUS_I005DA Build/PI; wv) AppleWebKit/537.36 (KHTML, like Gecko) Version/4.0 Chrome/133.0.6943.122 Mobile"
93.152.210.169 - - [21/Jul/2025:22:26:52 +0000] "GET /back/.env HTTP/1.1" 200 265 "-" "Mozilla/5.0 (Linux; Android 9; ASUS_I005DA Build/PI; wv) AppleWebKit/537.36 (KHTML, like Gecko) Version/4.0 Chrome/133.0.6943.122 Mobile"
93.152.210.169 - - [21/Jul/2025:22:26:52 +0000] "GET /index.php?id=1544025-92&name=streamprimermovie%27 HTTP/1.1" 200 265 "-" "Mozilla/5.0 (Linux; Android 9; ASUS_I005DA Build/PI; wv) AppleWebKit/537.36 (KHTML, like Gecko) Version/4.0 Chrome/133.0.6943.122 Mobile"
93.152.210.169 - - [21/Jul/2025:22:26:53 +0000] "GET /backend/.env HTTP/1.1" 200 265 "-" "Mozilla/5.0 (Linux; Android 9; ASUS_I005DA Build/PI; wv) AppleWebKit/537.36 (KHTML, like Gecko) Version/4.0 Chrome/133.0.6943.122 Mobile"
93.152.210.169 - - [21/Jul/2025:22:26:53 +0000] "GET /cp/.env HTTP/1.1" 200 265 "-" "Mozilla/5.0 (Linux; Android 9; ASUS_I005DA Build/PI; wv) AppleWebKit/537.36 (KHTML, like Gecko) Version/4.0 Chrome/133.0.6943.122 Mobile"
93.152.210.169 - - [21/Jul/2025:22:26:54 +0000] "GET /development/.env HTTP/1.1" 200 265 "-" "Mozilla/5.0 (Linux; Android 9; ASUS_I005DA Build/PI; wv) AppleWebKit/537.36 (KHTML, like Gecko) Version/4.0 Chrome/133.0.6943.122 Mobile"
93.152.210.169 - - [21/Jul/2025:22:26:54 +0000] "GET /docker/.env HTTP/1.1" 200 265 "-" "Mozilla/5.0 (Linux; Android 9; ASUS_I005DA Build/PI; wv) AppleWebKit/537.36 (KHTML, like Gecko) Version/4.0 Chrome/133.0.6943.122 Mobile"
93.152.210.169 - - [21/Jul/2025:22:26:55 +0000] "GET /local/.env HTTP/1.1" 200 265 "-" "Mozilla/5.0 (Linux; Android 9; ASUS_I005DA Build/PI; wv) AppleWebKit/537.36 (KHTML, like Gecko) Version/4.0 Chrome/133.0.6943.122 Mobile"
93.152.210.169 - - [21/Jul/2025:22:26:55 +0000] "GET /private/.env HTTP/1.1" 200 265 "-" "Mozilla/5.0 (Linux; Android 9; ASUS_I005DA Build/PI; wv) AppleWebKit/537.36 (KHTML, like Gecko) Version/4.0 Chrome/133.0.6943.122 Mobile"
93.152.210.169 - - [21/Jul/2025:22:26:55 +0000] "GET /rest/.env HTTP/1.1" 200 265 "-" "Mozilla/5.0 (Linux; Android 9; ASUS_I005DA Build/PI; wv) AppleWebKit/537.36 (KHTML, like Gecko) Version/4.0 Chrome/133.0.6943.122 Mobile"
93.152.210.169 - - [21/Jul/2025:22:26:56 +0000] "GET /shared/.env HTTP/1.1" 200 265 "-" "Mozilla/5.0 (Linux; Android 9; ASUS_I005DA Build/PI; wv) AppleWebKit/537.36 (KHTML, like Gecko) Version/4.0 Chrome/133.0.6943.122 Mobile"
93.152.210.169 - - [21/Jul/2025:22:26:57 +0000] "GET /laravel/.env HTTP/1.1" 200 265 "-" "Mozilla/5.0 (Linux; Android 9; ASUS_I005DA Build/PI; wv) AppleWebKit/537.36 (KHTML, like Gecko) Version/4.0 Chrome/133.0.6943.122 Mobile"
93.152.210.169 - - [21/Jul/2025:22:26:58 +0000] "GET /system/.env HTTP/1.1" 200 265 "-" "Mozilla/5.0 (Linux; Android 9; ASUS_I005DA Build/PI; wv) AppleWebKit/537.36 (KHTML, like Gecko) Version/4.0 Chrome/133.0.6943.122 Mobile"
