216.73.216.171 - - [21/Jul/2025:19:48:32 +0000] "GET /goodscode/104733653.shtm HTTP/1.1" 404 11743 "-" "Mozilla/5.0 AppleWebKit/537.36 (KHTML, like Gecko; compatible; ClaudeBot/1.0; [email protected])"
216.73.216.171 - - [21/Jul/2025:19:48:32 +0000] "GET /goodscode/104758221.shtm HTTP/1.1" 404 11743 "-" "Mozilla/5.0 AppleWebKit/537.36 (KHTML, like Gecko; compatible; ClaudeBot/1.0; [email protected])"
216.73.216.171 - - [21/Jul/2025:19:48:32 +0000] "GET /goodscode/104751709.shtm HTTP/1.1" 404 11743 "-" "Mozilla/5.0 AppleWebKit/537.36 (KHTML, like Gecko; compatible; ClaudeBot/1.0; [email protected])"
216.73.216.171 - - [21/Jul/2025:19:48:32 +0000] "GET /goodscode/104756955.shtm HTTP/1.1" 404 11743 "-" "Mozilla/5.0 AppleWebKit/537.36 (KHTML, like Gecko; compatible; ClaudeBot/1.0; [email protected])"
216.73.216.171 - - [21/Jul/2025:19:48:32 +0000] "GET /goodscode/104727871.shtm HTTP/1.1" 404 11743 "-" "Mozilla/5.0 AppleWebKit/537.36 (KHTML, like Gecko; compatible; ClaudeBot/1.0; [email protected])"
216.73.216.171 - - [21/Jul/2025:19:48:33 +0000] "GET /goodscode/104737871.shtm HTTP/1.1" 404 11743 "-" "Mozilla/5.0 AppleWebKit/537.36 (KHTML, like Gecko; compatible; ClaudeBot/1.0; [email protected])"
216.73.216.171 - - [21/Jul/2025:19:48:33 +0000] "GET /goodscode/104752262.shtm HTTP/1.1" 404 11743 "-" "Mozilla/5.0 AppleWebKit/537.36 (KHTML, like Gecko; compatible; ClaudeBot/1.0; [email protected])"
216.73.216.171 - - [21/Jul/2025:19:48:33 +0000] "GET /goodscode/104731655.shtm HTTP/1.1" 404 11743 "-" "Mozilla/5.0 AppleWebKit/537.36 (KHTML, like Gecko; compatible; ClaudeBot/1.0; [email protected])"
216.73.216.171 - - [21/Jul/2025:19:48:33 +0000] "GET /goodscode/104750137.shtm HTTP/1.1" 404 11743 "-" "Mozilla/5.0 AppleWebKit/537.36 (KHTML, like Gecko; compatible; ClaudeBot/1.0; [email protected])"
216.73.216.171 - - [21/Jul/2025:19:48:33 +0000] "GET /goodscode/104747360.shtm HTTP/1.1" 404 11743 "-" "Mozilla/5.0 AppleWebKit/537.36 (KHTML, like Gecko; compatible; ClaudeBot/1.0; [email protected])"
216.73.216.171 - - [21/Jul/2025:19:48:33 +0000] "GET /db.php/sitemap-4.xml HTTP/1.1" 200 13839 "-" "Mozilla/5.0 AppleWebKit/537.36 (KHTML, like Gecko; compatible; ClaudeBot/1.0; [email protected])"
216.73.216.171 - - [21/Jul/2025:19:48:33 +0000] "GET /goodscode/104751892.shtm HTTP/1.1" 404 11743 "-" "Mozilla/5.0 AppleWebKit/537.36 (KHTML, like Gecko; compatible; ClaudeBot/1.0; [email protected])"
216.73.216.171 - - [21/Jul/2025:19:48:34 +0000] "GET /goodscode/104758581.shtm HTTP/1.1" 404 11743 "-" "Mozilla/5.0 AppleWebKit/537.36 (KHTML, like Gecko; compatible; ClaudeBot/1.0; [email protected])"
216.73.216.171 - - [21/Jul/2025:19:48:34 +0000] "GET /goodscode/104741374.shtm HTTP/1.1" 404 11743 "-" "Mozilla/5.0 AppleWebKit/537.36 (KHTML, like Gecko; compatible; ClaudeBot/1.0; [email protected])"
216.73.216.171 - - [21/Jul/2025:19:48:34 +0000] "GET /goodscode/104733678.shtm HTTP/1.1" 404 11743 "-" "Mozilla/5.0 AppleWebKit/537.36 (KHTML, like Gecko; compatible; ClaudeBot/1.0; [email protected])"
216.73.216.171 - - [21/Jul/2025:19:48:34 +0000] "GET /goodscode/104728465.shtm HTTP/1.1" 404 11743 "-" "Mozilla/5.0 AppleWebKit/537.36 (KHTML, like Gecko; compatible; ClaudeBot/1.0; [email protected])"
216.73.216.171 - - [21/Jul/2025:19:48:34 +0000] "GET /goodscode/104730488.shtm HTTP/1.1" 404 11743 "-" "Mozilla/5.0 AppleWebKit/537.36 (KHTML, like Gecko; compatible; ClaudeBot/1.0; [email protected])"
216.73.216.171 - - [21/Jul/2025:19:48:34 +0000] "GET /goodscode/104743076.shtm HTTP/1.1" 404 11743 "-" "Mozilla/5.0 AppleWebKit/537.36 (KHTML, like Gecko; compatible; ClaudeBot/1.0; [email protected])"
57.141.2.18 - - [21/Jul/2025:19:48:46 +0000] "GET /goodscode/15926827.shtm HTTP/1.1" 404 50359 "-" "meta-externalagent/1.1 (+https://developers.facebook.com/docs/sharing/webmasters/crawler)"
209.74.77.214 - - [21/Jul/2025:19:49:45 +0000] "POST /wp-cron.php?doing_wp_cron=1753127385.2041220664978027343750 HTTP/1.1" 200 - "-" "WordPress/6.8.2; https://gardenify.com.au"
57.141.2.24 - - [21/Jul/2025:19:49:44 +0000] "GET /goodscode/15923729.shtm HTTP/1.1" 404 50359 "-" "meta-externalagent/1.1 (+https://developers.facebook.com/docs/sharing/webmasters/crawler)"
209.74.77.214 - - [21/Jul/2025:19:49:45 +0000] "POST /wp-admin/admin-ajax.php?action=async_litespeed&nonce=mv9XqM0nZVJT4enCsKQC5XafsBtwk7Ag&litespeed_type=imgoptm HTTP/1.1" 200 21 "-" "WordPress/6.8.2; https://gardenify.com.au"
57.141.2.18 - - [21/Jul/2025:19:49:45 +0000] "GET /goodscode/15925429.shtm HTTP/1.1" 404 50359 "-" "meta-externalagent/1.1 (+https://developers.facebook.com/docs/sharing/webmasters/crawler)"
57.141.2.7 - - [21/Jul/2025:19:49:45 +0000] "GET /goodscode/15930498.shtm HTTP/1.1" 404 50359 "-" "meta-externalagent/1.1 (+https://developers.facebook.com/docs/sharing/webmasters/crawler)"
216.73.216.171 - - [21/Jul/2025:19:49:46 +0000] "GET /goodscode/104754178.shtm HTTP/1.1" 404 11743 "-" "Mozilla/5.0 AppleWebKit/537.36 (KHTML, like Gecko; compatible; ClaudeBot/1.0; [email protected])"
216.73.216.171 - - [21/Jul/2025:19:49:46 +0000] "GET /goodscode/104751257.shtm HTTP/1.1" 404 11743 "-" "Mozilla/5.0 AppleWebKit/537.36 (KHTML, like Gecko; compatible; ClaudeBot/1.0; [email protected])"
216.73.216.171 - - [21/Jul/2025:19:49:46 +0000] "GET /goodscode/104741117.shtm HTTP/1.1" 404 11743 "-" "Mozilla/5.0 AppleWebKit/537.36 (KHTML, like Gecko; compatible; ClaudeBot/1.0; [email protected])"
216.73.216.171 - - [21/Jul/2025:19:49:46 +0000] "GET /goodscode/104755508.shtm HTTP/1.1" 404 11743 "-" "Mozilla/5.0 AppleWebKit/537.36 (KHTML, like Gecko; compatible; ClaudeBot/1.0; [email protected])"
216.73.216.171 - - [21/Jul/2025:19:49:46 +0000] "GET /goodscode/104751099.shtm HTTP/1.1" 404 11743 "-" "Mozilla/5.0 AppleWebKit/537.36 (KHTML, like Gecko; compatible; ClaudeBot/1.0; [email protected])"
216.73.216.171 - - [21/Jul/2025:19:49:46 +0000] "GET /db.php/sitemap-18.xml HTTP/1.1" 200 13901 "-" "Mozilla/5.0 AppleWebKit/537.36 (KHTML, like Gecko; compatible; ClaudeBot/1.0; [email protected])"
216.73.216.171 - - [21/Jul/2025:19:49:46 +0000] "GET /goodscode/104746973.shtm HTTP/1.1" 404 11743 "-" "Mozilla/5.0 AppleWebKit/537.36 (KHTML, like Gecko; compatible; ClaudeBot/1.0; [email protected])"
216.73.216.171 - - [21/Jul/2025:19:49:46 +0000] "GET /goodscode/104733275.shtm HTTP/1.1" 404 11743 "-" "Mozilla/5.0 AppleWebKit/537.36 (KHTML, like Gecko; compatible; ClaudeBot/1.0; [email protected])"
216.73.216.171 - - [21/Jul/2025:19:49:46 +0000] "GET /goodscode/104757498.shtm HTTP/1.1" 404 11743 "-" "Mozilla/5.0 AppleWebKit/537.36 (KHTML, like Gecko; compatible; ClaudeBot/1.0; [email protected])"
216.73.216.171 - - [21/Jul/2025:19:49:46 +0000] "GET /goodscode/104755335.shtm HTTP/1.1" 404 11743 "-" "Mozilla/5.0 AppleWebKit/537.36 (KHTML, like Gecko; compatible; ClaudeBot/1.0; [email protected])"
216.73.216.171 - - [21/Jul/2025:19:49:46 +0000] "GET /goodscode/104758295.shtm HTTP/1.1" 404 11743 "-" "Mozilla/5.0 AppleWebKit/537.36 (KHTML, like Gecko; compatible; ClaudeBot/1.0; [email protected])"
216.73.216.171 - - [21/Jul/2025:19:49:47 +0000] "GET /goodscode/104753808.shtm HTTP/1.1" 404 11743 "-" "Mozilla/5.0 AppleWebKit/537.36 (KHTML, like Gecko; compatible; ClaudeBot/1.0; [email protected])"
216.73.216.171 - - [21/Jul/2025:19:49:47 +0000] "GET /goodscode/104754733.shtm HTTP/1.1" 404 11743 "-" "Mozilla/5.0 AppleWebKit/537.36 (KHTML, like Gecko; compatible; ClaudeBot/1.0; [email protected])"
216.73.216.171 - - [21/Jul/2025:19:49:47 +0000] "GET /goodscode/104744788.shtm HTTP/1.1" 404 11743 "-" "Mozilla/5.0 AppleWebKit/537.36 (KHTML, like Gecko; compatible; ClaudeBot/1.0; [email protected])"
216.73.216.171 - - [21/Jul/2025:19:49:47 +0000] "GET /goodscode/104757843.shtm HTTP/1.1" 404 11743 "-" "Mozilla/5.0 AppleWebKit/537.36 (KHTML, like Gecko; compatible; ClaudeBot/1.0; [email protected])"
216.73.216.171 - - [21/Jul/2025:19:49:47 +0000] "GET /goodscode/104735224.shtm HTTP/1.1" 404 11743 "-" "Mozilla/5.0 AppleWebKit/537.36 (KHTML, like Gecko; compatible; ClaudeBot/1.0; [email protected])"
216.73.216.171 - - [21/Jul/2025:19:49:47 +0000] "GET /goodscode/104757241.shtm HTTP/1.1" 404 11743 "-" "Mozilla/5.0 AppleWebKit/537.36 (KHTML, like Gecko; compatible; ClaudeBot/1.0; [email protected])"
216.73.216.171 - - [21/Jul/2025:19:49:47 +0000] "GET /db.php/sitemap-14.xml HTTP/1.1" 200 13871 "-" "Mozilla/5.0 AppleWebKit/537.36 (KHTML, like Gecko; compatible; ClaudeBot/1.0; [email protected])"
216.73.216.171 - - [21/Jul/2025:19:49:47 +0000] "GET /goodscode/104758108.shtm HTTP/1.1" 404 11743 "-" "Mozilla/5.0 AppleWebKit/537.36 (KHTML, like Gecko; compatible; ClaudeBot/1.0; [email protected])"
216.73.216.171 - - [21/Jul/2025:19:49:47 +0000] "GET /db.php/sitemap-20.xml HTTP/1.1" 200 13800 "-" "Mozilla/5.0 AppleWebKit/537.36 (KHTML, like Gecko; compatible; ClaudeBot/1.0; [email protected])"
216.73.216.171 - - [21/Jul/2025:19:49:48 +0000] "GET /goodscode/104742780.shtm HTTP/1.1" 404 11743 "-" "Mozilla/5.0 AppleWebKit/537.36 (KHTML, like Gecko; compatible; ClaudeBot/1.0; [email protected])"
216.73.216.171 - - [21/Jul/2025:19:49:48 +0000] "GET /goodscode/104755169.shtm HTTP/1.1" 404 11743 "-" "Mozilla/5.0 AppleWebKit/537.36 (KHTML, like Gecko; compatible; ClaudeBot/1.0; [email protected])"
216.73.216.171 - - [21/Jul/2025:19:49:48 +0000] "GET /goodscode/104757693.shtm HTTP/1.1" 404 11743 "-" "Mozilla/5.0 AppleWebKit/537.36 (KHTML, like Gecko; compatible; ClaudeBot/1.0; [email protected])"
216.73.216.171 - - [21/Jul/2025:19:49:48 +0000] "GET /goodscode/104742420.shtm HTTP/1.1" 404 11743 "-" "Mozilla/5.0 AppleWebKit/537.36 (KHTML, like Gecko; compatible; ClaudeBot/1.0; [email protected])"
216.73.216.171 - - [21/Jul/2025:19:49:48 +0000] "GET /goodscode/104755148.shtm HTTP/1.1" 404 11743 "-" "Mozilla/5.0 AppleWebKit/537.36 (KHTML, like Gecko; compatible; ClaudeBot/1.0; [email protected])"
216.73.216.171 - - [21/Jul/2025:19:49:48 +0000] "GET /goodscode/104733495.shtm HTTP/1.1" 404 11743 "-" "Mozilla/5.0 AppleWebKit/537.36 (KHTML, like Gecko; compatible; ClaudeBot/1.0; [email protected])"
216.73.216.171 - - [21/Jul/2025:19:49:48 +0000] "GET /goodscode/104742673.shtm HTTP/1.1" 404 11743 "-" "Mozilla/5.0 AppleWebKit/537.36 (KHTML, like Gecko; compatible; ClaudeBot/1.0; [email protected])"
216.73.216.171 - - [21/Jul/2025:19:49:48 +0000] "GET /db.php/sitemap.xml HTTP/1.1" 200 13841 "-" "Mozilla/5.0 AppleWebKit/537.36 (KHTML, like Gecko; compatible; ClaudeBot/1.0; [email protected])"
216.73.216.171 - - [21/Jul/2025:19:49:48 +0000] "GET /goodscode/104732173.shtm HTTP/1.1" 404 11742 "-" "Mozilla/5.0 AppleWebKit/537.36 (KHTML, like Gecko; compatible; ClaudeBot/1.0; [email protected])"
216.73.216.171 - - [21/Jul/2025:19:49:48 +0000] "GET /goodscode/104756741.shtm HTTP/1.1" 404 11742 "-" "Mozilla/5.0 AppleWebKit/537.36 (KHTML, like Gecko; compatible; ClaudeBot/1.0; [email protected])"
216.73.216.171 - - [21/Jul/2025:19:49:48 +0000] "GET /goodscode/104754168.shtm HTTP/1.1" 404 11742 "-" "Mozilla/5.0 AppleWebKit/537.36 (KHTML, like Gecko; compatible; ClaudeBot/1.0; [email protected])"
216.73.216.171 - - [21/Jul/2025:19:49:49 +0000] "GET /goodscode/104757284.shtm HTTP/1.1" 404 11742 "-" "Mozilla/5.0 AppleWebKit/537.36 (KHTML, like Gecko; compatible; ClaudeBot/1.0; [email protected])"
216.73.216.171 - - [21/Jul/2025:19:49:49 +0000] "GET /db.php/sitemap-14.xml HTTP/1.1" 200 13875 "-" "Mozilla/5.0 AppleWebKit/537.36 (KHTML, like Gecko; compatible; ClaudeBot/1.0; [email protected])"
209.74.77.214 - - [21/Jul/2025:19:50:15 +0000] "POST /wp-cron.php?doing_wp_cron=1753127415.1833059787750244140625 HTTP/1.1" 200 - "-" "WordPress/6.8.2; https://gardenify.com.au"
57.141.2.2 - - [21/Jul/2025:19:50:15 +0000] "GET /goodscode/15935084.shtm HTTP/1.1" 404 50359 "-" "meta-externalagent/1.1 (+https://developers.facebook.com/docs/sharing/webmasters/crawler)"
209.74.77.214 - - [21/Jul/2025:19:50:15 +0000] "POST /wp-admin/admin-ajax.php?action=async_litespeed&nonce=yUeYMS9DhWXqn2X0jAeH12IiOc4ck260&litespeed_type=imgoptm HTTP/1.1" 200 21 "-" "WordPress/6.8.2; https://gardenify.com.au"
209.74.77.214 - - [21/Jul/2025:19:50:35 +0000] "POST /wp-cron.php?doing_wp_cron=1753127435.8435459136962890625000 HTTP/1.1" 200 - "-" "WordPress/6.8.2; https://gardenify.com.au"
57.141.2.9 - - [21/Jul/2025:19:50:35 +0000] "GET /goodscode/45553808.shtm HTTP/1.1" 301 - "-" "meta-externalagent/1.1 (+https://developers.facebook.com/docs/sharing/webmasters/crawler)"
57.141.2.11 - - [21/Jul/2025:19:50:37 +0000] "GET /goodscode/45553808.shtm HTTP/1.1" 404 50359 "-" "meta-externalagent/1.1 (+https://developers.facebook.com/docs/sharing/webmasters/crawler)"
209.74.77.214 - - [21/Jul/2025:19:51:05 +0000] "POST /wp-cron.php?doing_wp_cron=1753127465.0006730556488037109375 HTTP/1.1" 200 - "-" "WordPress/6.8.2; https://gardenify.com.au"
216.73.216.171 - - [21/Jul/2025:19:51:04 +0000] "GET /goodscode/104755993.shtm HTTP/1.1" 404 11743 "-" "Mozilla/5.0 AppleWebKit/537.36 (KHTML, like Gecko; compatible; ClaudeBot/1.0; [email protected])"
209.74.77.214 - - [21/Jul/2025:19:51:05 +0000] "POST /wp-admin/admin-ajax.php?action=async_litespeed&nonce=TWLpjyNEtJMIw5wRF0e7S6i3Me3l1ggS&litespeed_type=imgoptm HTTP/1.1" 200 21 "-" "WordPress/6.8.2; https://gardenify.com.au"
216.73.216.171 - - [21/Jul/2025:19:51:04 +0000] "GET /goodscode/104753290.shtm HTTP/1.1" 404 11743 "-" "Mozilla/5.0 AppleWebKit/537.36 (KHTML, like Gecko; compatible; ClaudeBot/1.0; [email protected])"
216.73.216.171 - - [21/Jul/2025:19:51:05 +0000] "GET /goodscode/104752170.shtm HTTP/1.1" 404 11743 "-" "Mozilla/5.0 AppleWebKit/537.36 (KHTML, like Gecko; compatible; ClaudeBot/1.0; [email protected])"
216.73.216.171 - - [21/Jul/2025:19:51:05 +0000] "GET /goodscode/104756396.shtm HTTP/1.1" 404 11743 "-" "Mozilla/5.0 AppleWebKit/537.36 (KHTML, like Gecko; compatible; ClaudeBot/1.0; [email protected])"
216.73.216.171 - - [21/Jul/2025:19:51:05 +0000] "GET /goodscode/104758361.shtm HTTP/1.1" 404 11743 "-" "Mozilla/5.0 AppleWebKit/537.36 (KHTML, like Gecko; compatible; ClaudeBot/1.0; [email protected])"
216.73.216.171 - - [21/Jul/2025:19:51:05 +0000] "GET /goodscode/104755288.shtm HTTP/1.1" 404 11743 "-" "Mozilla/5.0 AppleWebKit/537.36 (KHTML, like Gecko; compatible; ClaudeBot/1.0; [email protected])"
216.73.216.171 - - [21/Jul/2025:19:51:05 +0000] "GET /goodscode/104737684.shtm HTTP/1.1" 404 11743 "-" "Mozilla/5.0 AppleWebKit/537.36 (KHTML, like Gecko; compatible; ClaudeBot/1.0; [email protected])"
216.73.216.171 - - [21/Jul/2025:19:51:05 +0000] "GET /goodscode/104757333.shtm HTTP/1.1" 404 11743 "-" "Mozilla/5.0 AppleWebKit/537.36 (KHTML, like Gecko; compatible; ClaudeBot/1.0; [email protected])"
216.73.216.171 - - [21/Jul/2025:19:51:05 +0000] "GET /goodscode/104756289.shtm HTTP/1.1" 404 11743 "-" "Mozilla/5.0 AppleWebKit/537.36 (KHTML, like Gecko; compatible; ClaudeBot/1.0; [email protected])"
216.73.216.171 - - [21/Jul/2025:19:51:05 +0000] "GET /goodscode/104754696.shtm HTTP/1.1" 404 11743 "-" "Mozilla/5.0 AppleWebKit/537.36 (KHTML, like Gecko; compatible; ClaudeBot/1.0; [email protected])"
216.73.216.171 - - [21/Jul/2025:19:51:05 +0000] "GET /goodscode/104756649.shtm HTTP/1.1" 404 11743 "-" "Mozilla/5.0 AppleWebKit/537.36 (KHTML, like Gecko; compatible; ClaudeBot/1.0; [email protected])"
216.73.216.171 - - [21/Jul/2025:19:51:05 +0000] "GET /goodscode/104751117.shtm HTTP/1.1" 404 11743 "-" "Mozilla/5.0 AppleWebKit/537.36 (KHTML, like Gecko; compatible; ClaudeBot/1.0; [email protected])"
216.73.216.171 - - [21/Jul/2025:19:51:05 +0000] "GET /goodscode/104757407.shtm HTTP/1.1" 404 11743 "-" "Mozilla/5.0 AppleWebKit/537.36 (KHTML, like Gecko; compatible; ClaudeBot/1.0; [email protected])"
216.73.216.171 - - [21/Jul/2025:19:51:05 +0000] "GET /goodscode/104756131.shtm HTTP/1.1" 404 11743 "-" "Mozilla/5.0 AppleWebKit/537.36 (KHTML, like Gecko; compatible; ClaudeBot/1.0; [email protected])"
216.73.216.171 - - [21/Jul/2025:19:51:06 +0000] "GET /goodscode/104758478.shtm HTTP/1.1" 404 11743 "-" "Mozilla/5.0 AppleWebKit/537.36 (KHTML, like Gecko; compatible; ClaudeBot/1.0; [email protected])"
216.73.216.171 - - [21/Jul/2025:19:51:06 +0000] "GET /goodscode/104755222.shtm HTTP/1.1" 404 11743 "-" "Mozilla/5.0 AppleWebKit/537.36 (KHTML, like Gecko; compatible; ClaudeBot/1.0; [email protected])"
216.73.216.171 - - [21/Jul/2025:19:51:06 +0000] "GET /goodscode/104753140.shtm HTTP/1.1" 404 11743 "-" "Mozilla/5.0 AppleWebKit/537.36 (KHTML, like Gecko; compatible; ClaudeBot/1.0; [email protected])"
216.73.216.171 - - [21/Jul/2025:19:51:06 +0000] "GET /goodscode/104756702.shtm HTTP/1.1" 404 11743 "-" "Mozilla/5.0 AppleWebKit/537.36 (KHTML, like Gecko; compatible; ClaudeBot/1.0; [email protected])"
216.73.216.171 - - [21/Jul/2025:19:51:06 +0000] "GET /goodscode/104759017.shtm HTTP/1.1" 404 11743 "-" "Mozilla/5.0 AppleWebKit/537.36 (KHTML, like Gecko; compatible; ClaudeBot/1.0; [email protected])"
216.73.216.171 - - [21/Jul/2025:19:51:06 +0000] "GET /goodscode/104756018.shtm HTTP/1.1" 404 11743 "-" "Mozilla/5.0 AppleWebKit/537.36 (KHTML, like Gecko; compatible; ClaudeBot/1.0; [email protected])"
216.73.216.171 - - [21/Jul/2025:19:51:06 +0000] "GET /goodscode/104726753.shtm HTTP/1.1" 404 11743 "-" "Mozilla/5.0 AppleWebKit/537.36 (KHTML, like Gecko; compatible; ClaudeBot/1.0; [email protected])"
216.73.216.171 - - [21/Jul/2025:19:51:06 +0000] "GET /goodscode/104741376.shtm HTTP/1.1" 404 11743 "-" "Mozilla/5.0 AppleWebKit/537.36 (KHTML, like Gecko; compatible; ClaudeBot/1.0; [email protected])"
216.73.216.171 - - [21/Jul/2025:19:51:06 +0000] "GET /goodscode/104727242.shtm HTTP/1.1" 404 11743 "-" "Mozilla/5.0 AppleWebKit/537.36 (KHTML, like Gecko; compatible; ClaudeBot/1.0; [email protected])"
216.73.216.171 - - [21/Jul/2025:19:51:06 +0000] "GET /goodscode/104750071.shtm HTTP/1.1" 404 11743 "-" "Mozilla/5.0 AppleWebKit/537.36 (KHTML, like Gecko; compatible; ClaudeBot/1.0; [email protected])"
216.73.216.171 - - [21/Jul/2025:19:51:07 +0000] "GET /goodscode/104739119.shtm HTTP/1.1" 404 11743 "-" "Mozilla/5.0 AppleWebKit/537.36 (KHTML, like Gecko; compatible; ClaudeBot/1.0; [email protected])"
216.73.216.171 - - [21/Jul/2025:19:51:07 +0000] "GET /goodscode/104756287.shtm HTTP/1.1" 404 11743 "-" "Mozilla/5.0 AppleWebKit/537.36 (KHTML, like Gecko; compatible; ClaudeBot/1.0; [email protected])"
216.73.216.171 - - [21/Jul/2025:19:51:07 +0000] "GET /goodscode/104755658.shtm HTTP/1.1" 404 11743 "-" "Mozilla/5.0 AppleWebKit/537.36 (KHTML, like Gecko; compatible; ClaudeBot/1.0; [email protected])"
216.73.216.171 - - [21/Jul/2025:19:51:07 +0000] "GET /goodscode/104729988.shtm HTTP/1.1" 404 11743 "-" "Mozilla/5.0 AppleWebKit/537.36 (KHTML, like Gecko; compatible; ClaudeBot/1.0; [email protected])"
216.73.216.171 - - [21/Jul/2025:19:51:07 +0000] "GET /goodscode/104751847.shtm HTTP/1.1" 404 11743 "-" "Mozilla/5.0 AppleWebKit/537.36 (KHTML, like Gecko; compatible; ClaudeBot/1.0; [email protected])"
216.73.216.171 - - [21/Jul/2025:19:51:07 +0000] "GET /goodscode/104745224.shtm HTTP/1.1" 404 11743 "-" "Mozilla/5.0 AppleWebKit/537.36 (KHTML, like Gecko; compatible; ClaudeBot/1.0; [email protected])"
216.73.216.171 - - [21/Jul/2025:19:51:07 +0000] "GET /goodscode/104758386.shtm HTTP/1.1" 404 11743 "-" "Mozilla/5.0 AppleWebKit/537.36 (KHTML, like Gecko; compatible; ClaudeBot/1.0; [email protected])"
216.73.216.171 - - [21/Jul/2025:19:51:07 +0000] "GET /goodscode/104752219.shtm HTTP/1.1" 404 11743 "-" "Mozilla/5.0 AppleWebKit/537.36 (KHTML, like Gecko; compatible; ClaudeBot/1.0; [email protected])"
209.74.77.214 - - [21/Jul/2025:19:52:24 +0000] "POST /wp-cron.php?doing_wp_cron=1753127544.3533139228820800781250 HTTP/1.1" 200 - "-" "WordPress/6.8.2; https://gardenify.com.au"
216.73.216.171 - - [21/Jul/2025:19:52:22 +0000] "GET /goodscode/104742930.shtm HTTP/1.1" 404 11743 "-" "Mozilla/5.0 AppleWebKit/537.36 (KHTML, like Gecko; compatible; ClaudeBot/1.0; [email protected])"
216.73.216.171 - - [21/Jul/2025:19:52:23 +0000] "GET /goodscode/104745066.shtm HTTP/1.1" 404 11743 "-" "Mozilla/5.0 AppleWebKit/537.36 (KHTML, like Gecko; compatible; ClaudeBot/1.0; [email protected])"
216.73.216.171 - - [21/Jul/2025:19:52:23 +0000] "GET /goodscode/104737602.shtm HTTP/1.1" 404 11743 "-" "Mozilla/5.0 AppleWebKit/537.36 (KHTML, like Gecko; compatible; ClaudeBot/1.0; [email protected])"
216.73.216.171 - - [21/Jul/2025:19:52:23 +0000] "GET /goodscode/104744291.shtm HTTP/1.1" 404 11743 "-" "Mozilla/5.0 AppleWebKit/537.36 (KHTML, like Gecko; compatible; ClaudeBot/1.0; [email protected])"
216.73.216.171 - - [21/Jul/2025:19:52:23 +0000] "GET /goodscode/104743329.shtm HTTP/1.1" 404 11743 "-" "Mozilla/5.0 AppleWebKit/537.36 (KHTML, like Gecko; compatible; ClaudeBot/1.0; [email protected])"
216.73.216.171 - - [21/Jul/2025:19:52:23 +0000] "GET /goodscode/104741553.shtm HTTP/1.1" 404 11743 "-" "Mozilla/5.0 AppleWebKit/537.36 (KHTML, like Gecko; compatible; ClaudeBot/1.0; [email protected])"
216.73.216.171 - - [21/Jul/2025:19:52:23 +0000] "GET /goodscode/104729008.shtm HTTP/1.1" 404 11743 "-" "Mozilla/5.0 AppleWebKit/537.36 (KHTML, like Gecko; compatible; ClaudeBot/1.0; [email protected])"
216.73.216.171 - - [21/Jul/2025:19:52:23 +0000] "GET /goodscode/104737049.shtm HTTP/1.1" 404 11743 "-" "Mozilla/5.0 AppleWebKit/537.36 (KHTML, like Gecko; compatible; ClaudeBot/1.0; [email protected])"
216.73.216.171 - - [21/Jul/2025:19:52:23 +0000] "GET /goodscode/104727834.shtm HTTP/1.1" 404 11743 "-" "Mozilla/5.0 AppleWebKit/537.36 (KHTML, like Gecko; compatible; ClaudeBot/1.0; [email protected])"
216.73.216.171 - - [21/Jul/2025:19:52:23 +0000] "GET /goodscode/104730202.shtm HTTP/1.1" 404 11743 "-" "Mozilla/5.0 AppleWebKit/537.36 (KHTML, like Gecko; compatible; ClaudeBot/1.0; [email protected])"
209.74.77.214 - - [21/Jul/2025:19:52:24 +0000] "POST /wp-admin/admin-ajax.php?action=async_litespeed&nonce=iivFhMFieTjAOvSZvmQm8maJyFGM8G9y&litespeed_type=imgoptm HTTP/1.1" 200 21 "-" "WordPress/6.8.2; https://gardenify.com.au"
216.73.216.171 - - [21/Jul/2025:19:52:24 +0000] "GET /goodscode/104746891.shtm HTTP/1.1" 404 11743 "-" "Mozilla/5.0 AppleWebKit/537.36 (KHTML, like Gecko; compatible; ClaudeBot/1.0; [email protected])"
216.73.216.171 - - [21/Jul/2025:19:52:24 +0000] "GET /goodscode/104726549.shtm HTTP/1.1" 404 11743 "-" "Mozilla/5.0 AppleWebKit/537.36 (KHTML, like Gecko; compatible; ClaudeBot/1.0; [email protected])"
216.73.216.171 - - [21/Jul/2025:19:52:24 +0000] "GET /goodscode/104734566.shtm HTTP/1.1" 404 11743 "-" "Mozilla/5.0 AppleWebKit/537.36 (KHTML, like Gecko; compatible; ClaudeBot/1.0; [email protected])"
216.73.216.171 - - [21/Jul/2025:19:52:25 +0000] "GET /goodscode/104749432.shtm HTTP/1.1" 404 11743 "-" "Mozilla/5.0 AppleWebKit/537.36 (KHTML, like Gecko; compatible; ClaudeBot/1.0; [email protected])"
216.73.216.171 - - [21/Jul/2025:19:52:25 +0000] "GET /goodscode/104741413.shtm HTTP/1.1" 404 11743 "-" "Mozilla/5.0 AppleWebKit/537.36 (KHTML, like Gecko; compatible; ClaudeBot/1.0; [email protected])"
216.73.216.171 - - [21/Jul/2025:19:52:25 +0000] "GET /goodscode/104744153.shtm HTTP/1.1" 404 11743 "-" "Mozilla/5.0 AppleWebKit/537.36 (KHTML, like Gecko; compatible; ClaudeBot/1.0; [email protected])"
216.73.216.171 - - [21/Jul/2025:19:52:25 +0000] "GET /goodscode/104744373.shtm HTTP/1.1" 404 11743 "-" "Mozilla/5.0 AppleWebKit/537.36 (KHTML, like Gecko; compatible; ClaudeBot/1.0; [email protected])"
216.73.216.171 - - [21/Jul/2025:19:52:25 +0000] "GET /goodscode/104733061.shtm HTTP/1.1" 404 11743 "-" "Mozilla/5.0 AppleWebKit/537.36 (KHTML, like Gecko; compatible; ClaudeBot/1.0; [email protected])"
216.73.216.171 - - [21/Jul/2025:19:52:25 +0000] "GET /goodscode/104738297.shtm HTTP/1.1" 404 11743 "-" "Mozilla/5.0 AppleWebKit/537.36 (KHTML, like Gecko; compatible; ClaudeBot/1.0; [email protected])"
216.73.216.171 - - [21/Jul/2025:19:52:25 +0000] "GET /goodscode/104730397.shtm HTTP/1.1" 404 11743 "-" "Mozilla/5.0 AppleWebKit/537.36 (KHTML, like Gecko; compatible; ClaudeBot/1.0; [email protected])"
216.73.216.171 - - [21/Jul/2025:19:52:25 +0000] "GET /goodscode/104729647.shtm HTTP/1.1" 404 11743 "-" "Mozilla/5.0 AppleWebKit/537.36 (KHTML, like Gecko; compatible; ClaudeBot/1.0; [email protected])"
216.73.216.171 - - [21/Jul/2025:19:52:25 +0000] "GET /goodscode/104743308.shtm HTTP/1.1" 404 11743 "-" "Mozilla/5.0 AppleWebKit/537.36 (KHTML, like Gecko; compatible; ClaudeBot/1.0; [email protected])"
216.73.216.171 - - [21/Jul/2025:19:52:25 +0000] "GET /goodscode/104741902.shtm HTTP/1.1" 404 11743 "-" "Mozilla/5.0 AppleWebKit/537.36 (KHTML, like Gecko; compatible; ClaudeBot/1.0; [email protected])"
216.73.216.171 - - [21/Jul/2025:19:52:26 +0000] "GET /goodscode/104739164.shtm HTTP/1.1" 404 11743 "-" "Mozilla/5.0 AppleWebKit/537.36 (KHTML, like Gecko; compatible; ClaudeBot/1.0; [email protected])"
216.73.216.171 - - [21/Jul/2025:19:52:26 +0000] "GET /goodscode/104742515.shtm HTTP/1.1" 404 11743 "-" "Mozilla/5.0 AppleWebKit/537.36 (KHTML, like Gecko; compatible; ClaudeBot/1.0; [email protected])"
216.73.216.171 - - [21/Jul/2025:19:52:26 +0000] "GET /goodscode/104742328.shtm HTTP/1.1" 404 11743 "-" "Mozilla/5.0 AppleWebKit/537.36 (KHTML, like Gecko; compatible; ClaudeBot/1.0; [email protected])"
216.73.216.171 - - [21/Jul/2025:19:52:26 +0000] "GET /goodscode/104744975.shtm HTTP/1.1" 404 11743 "-" "Mozilla/5.0 AppleWebKit/537.36 (KHTML, like Gecko; compatible; ClaudeBot/1.0; [email protected])"
216.73.216.171 - - [21/Jul/2025:19:52:26 +0000] "GET /goodscode/104732313.shtm HTTP/1.1" 404 11743 "-" "Mozilla/5.0 AppleWebKit/537.36 (KHTML, like Gecko; compatible; ClaudeBot/1.0; [email protected])"
216.73.216.171 - - [21/Jul/2025:19:52:26 +0000] "GET /goodscode/104749598.shtm HTTP/1.1" 404 11743 "-" "Mozilla/5.0 AppleWebKit/537.36 (KHTML, like Gecko; compatible; ClaudeBot/1.0; [email protected])"
216.73.216.171 - - [21/Jul/2025:19:52:26 +0000] "GET /goodscode/104734523.shtm HTTP/1.1" 404 11743 "-" "Mozilla/5.0 AppleWebKit/537.36 (KHTML, like Gecko; compatible; ClaudeBot/1.0; [email protected])"
216.73.216.171 - - [21/Jul/2025:19:52:26 +0000] "GET /goodscode/104733818.shtm HTTP/1.1" 404 11743 "-" "Mozilla/5.0 AppleWebKit/537.36 (KHTML, like Gecko; compatible; ClaudeBot/1.0; [email protected])"
216.73.216.171 - - [21/Jul/2025:19:52:26 +0000] "GET /goodscode/104731127.shtm HTTP/1.1" 404 11743 "-" "Mozilla/5.0 AppleWebKit/537.36 (KHTML, like Gecko; compatible; ClaudeBot/1.0; [email protected])"
216.73.216.171 - - [21/Jul/2025:19:52:26 +0000] "GET /goodscode/104750433.shtm HTTP/1.1" 404 11743 "-" "Mozilla/5.0 AppleWebKit/537.36 (KHTML, like Gecko; compatible; ClaudeBot/1.0; [email protected])"
209.74.77.214 - - [21/Jul/2025:19:53:10 +0000] "POST /wp-cron.php?doing_wp_cron=1753127590.2350070476531982421875 HTTP/1.1" 200 - "-" "WordPress/6.8.2; https://gardenify.com.au"
57.141.2.19 - - [21/Jul/2025:19:53:08 +0000] "GET /goodscode/845193.shtm HTTP/1.1" 301 - "-" "meta-externalagent/1.1 (+https://developers.facebook.com/docs/sharing/webmasters/crawler)"
209.74.77.214 - - [21/Jul/2025:19:53:10 +0000] "POST /wp-admin/admin-ajax.php?action=async_litespeed&nonce=ID3XnKx3tB1AMmOD5BQvEUnP4rqPryS7&litespeed_type=imgoptm HTTP/1.1" 200 21 "-" "WordPress/6.8.2; https://gardenify.com.au"
57.141.2.22 - - [21/Jul/2025:19:53:11 +0000] "GET /goodscode/845193.shtm HTTP/1.1" 404 50359 "-" "meta-externalagent/1.1 (+https://developers.facebook.com/docs/sharing/webmasters/crawler)"
217.113.194.11 - - [21/Jul/2025:19:53:13 +0000] "GET /robots.txt HTTP/1.1" 200 229 "-" "Mozilla/5.0 (compatible; Barkrowler/0.9; +https://babbar.tech/crawler)"
209.74.77.214 - - [21/Jul/2025:19:53:28 +0000] "POST /wp-cron.php?doing_wp_cron=1753127608.6739718914031982421875 HTTP/1.1" 200 - "-" "WordPress/6.8.2; https://gardenify.com.au"
217.113.194.2 - - [21/Jul/2025:19:53:28 +0000] "GET / HTTP/1.1" 200 25735 "-" "Mozilla/5.0 (compatible; Barkrowler/0.9; +https://babbar.tech/crawler)"
217.113.194.6 - - [21/Jul/2025:19:53:44 +0000] "GET /feed/ HTTP/1.1" 200 545 "-" "Mozilla/5.0 (compatible; Barkrowler/0.9; +https://babbar.tech/crawler)"
57.141.2.15 - - [21/Jul/2025:19:53:49 +0000] "GET /?s=119312783011490& HTTP/1.1" 200 50578 "-" "meta-externalagent/1.1 (+https://developers.facebook.com/docs/sharing/webmasters/crawler)"
209.74.77.214 - - [21/Jul/2025:19:54:00 +0000] "POST /wp-cron.php?doing_wp_cron=1753127640.3436999320983886718750 HTTP/1.1" 200 - "-" "WordPress/6.8.2; https://gardenify.com.au"
217.113.194.2 - - [21/Jul/2025:19:54:00 +0000] "GET /comments/feed/ HTTP/1.1" 200 422 "-" "Mozilla/5.0 (compatible; Barkrowler/0.9; +https://babbar.tech/crawler)"
209.74.77.214 - - [21/Jul/2025:19:54:00 +0000] "POST /wp-admin/admin-ajax.php?action=async_litespeed&nonce=C1nBkaiiHtGfxxvpkMglUAsgxFVW13Aj&litespeed_type=imgoptm HTTP/1.1" 200 21 "-" "WordPress/6.8.2; https://gardenify.com.au"
209.74.77.214 - - [21/Jul/2025:19:56:35 +0000] "POST /wp-cron.php?doing_wp_cron=1753127795.6330659389495849609375 HTTP/1.1" 200 - "-" "WordPress/6.8.2; https://gardenify.com.au"
209.74.77.214 - - [21/Jul/2025:19:56:35 +0000] "POST /wp-cron.php?doing_wp_cron=1753127795.6327650547027587890625 HTTP/1.1" 200 - "-" "WordPress/6.8.2; https://gardenify.com.au"
57.141.2.29 - - [21/Jul/2025:19:56:34 +0000] "GET /goodscode/15929970.shtm HTTP/1.1" 404 50359 "-" "meta-externalagent/1.1 (+https://developers.facebook.com/docs/sharing/webmasters/crawler)"
57.141.2.21 - - [21/Jul/2025:19:56:34 +0000] "GET /goodscode/15920656.shtm HTTP/1.1" 404 50359 "-" "meta-externalagent/1.1 (+https://developers.facebook.com/docs/sharing/webmasters/crawler)"
209.74.77.214 - - [21/Jul/2025:19:56:35 +0000] "POST /wp-admin/admin-ajax.php?action=async_litespeed&nonce=LTF1nA5iCCZT85vZzdkqM4gl0ypFhiK7&litespeed_type=imgoptm HTTP/1.1" 200 21 "-" "WordPress/6.8.2; https://gardenify.com.au"
57.141.2.13 - - [21/Jul/2025:19:56:40 +0000] "GET /goodscode/15924874.shtm HTTP/1.1" 404 50359 "-" "meta-externalagent/1.1 (+https://developers.facebook.com/docs/sharing/webmasters/crawler)"
57.141.2.11 - - [21/Jul/2025:19:56:48 +0000] "GET /goodscode/15917400.shtm HTTP/1.1" 404 50359 "-" "meta-externalagent/1.1 (+https://developers.facebook.com/docs/sharing/webmasters/crawler)"
209.74.77.214 - - [21/Jul/2025:19:57:28 +0000] "POST /wp-cron.php?doing_wp_cron=1753127848.2212300300598144531250 HTTP/1.1" 200 - "-" "WordPress/6.8.2; https://gardenify.com.au"
57.141.2.20 - - [21/Jul/2025:19:57:26 +0000] "GET /goodscode/15921312.shtm HTTP/1.1" 404 50359 "-" "meta-externalagent/1.1 (+https://developers.facebook.com/docs/sharing/webmasters/crawler)"
209.74.77.214 - - [21/Jul/2025:19:57:28 +0000] "POST /wp-admin/admin-ajax.php?action=async_litespeed&nonce=OBIKnwL0ujwTwzggFslKAFbzjnjsuymd&litespeed_type=imgoptm HTTP/1.1" 200 21 "-" "WordPress/6.8.2; https://gardenify.com.au"
20.171.207.68 - - [21/Jul/2025:19:58:38 +0000] "GET /db.php/shop/product/3824107 HTTP/1.1" 200 - "-" "Mozilla/5.0 AppleWebKit/537.36 (KHTML, like Gecko; compatible; GPTBot/1.2; +https://openai.com/gptbot)"
216.73.216.171 - - [21/Jul/2025:20:00:33 +0000] "GET /sitemap-1.xml HTTP/1.1" 200 3761 "-" "Mozilla/5.0 AppleWebKit/537.36 (KHTML, like Gecko; compatible; ClaudeBot/1.0; [email protected])"
216.73.216.171 - - [21/Jul/2025:20:01:32 +0000] "GET /sitemap-14.xml HTTP/1.1" 200 3763 "-" "Mozilla/5.0 AppleWebKit/537.36 (KHTML, like Gecko; compatible; ClaudeBot/1.0; [email protected])"
66.249.79.236 - - [21/Jul/2025:20:04:01 +0000] "GET /robots.txt HTTP/1.1" 200 229 "-" "Mozilla/5.0 (compatible; Googlebot/2.1; +http://www.google.com/bot.html)"
66.249.79.237 - - [21/Jul/2025:20:04:22 +0000] "GET /goodscode/34992.shtm HTTP/1.1" 200 18359 "-" "Mozilla/5.0 (Linux; Android 6.0.1; Nexus 5X Build/MMB29P) AppleWebKit/537.36 (KHTML, like Gecko) Chrome/137.0.7151.103 Mobile Safari/537.36 (compatible; Googlebot/2.1; +http://www.google.com/bot.html)"
66.249.79.236 - - [21/Jul/2025:20:04:25 +0000] "POST /get-message-notify HTTP/1.1" 200 18124 "https://gardenify.com.au/goodscode/34992.shtm" "Mozilla/5.0 (Linux; Android 6.0.1; Nexus 5X Build/MMB29P) AppleWebKit/537.36 (KHTML, like Gecko) Chrome/137.0.7151.119 Mobile Safari/537.36 (compatible; Googlebot/2.1; +http://www.google.com/bot.html)"
216.73.216.171 - - [21/Jul/2025:20:06:40 +0000] "GET /robots.txt HTTP/1.1" 200 229 "-" "Mozilla/5.0 AppleWebKit/537.36 (KHTML, like Gecko; compatible; ClaudeBot/1.0; [email protected])"
216.73.216.171 - - [21/Jul/2025:20:06:40 +0000] "GET /db.php/sitemap-15.xml HTTP/1.1" 200 13848 "-" "Mozilla/5.0 AppleWebKit/537.36 (KHTML, like Gecko; compatible; ClaudeBot/1.0; [email protected])"
66.249.79.236 - - [21/Jul/2025:20:06:54 +0000] "GET /goodscode/97086.shtm HTTP/1.1" 200 19004 "-" "Mozilla/5.0 (Linux; Android 6.0.1; Nexus 5X Build/MMB29P) AppleWebKit/537.36 (KHTML, like Gecko) Chrome/137.0.7151.103 Mobile Safari/537.36 (compatible; Googlebot/2.1; +http://www.google.com/bot.html)"
66.249.79.238 - - [21/Jul/2025:20:07:03 +0000] "POST /get-message-notify HTTP/1.1" 200 18124 "https://gardenify.com.au/goodscode/97086.shtm" "Mozilla/5.0 (Linux; Android 6.0.1; Nexus 5X Build/MMB29P) AppleWebKit/537.36 (KHTML, like Gecko) Chrome/137.0.7151.119 Mobile Safari/537.36 (compatible; Googlebot/2.1; +http://www.google.com/bot.html)"
209.74.77.214 - - [21/Jul/2025:20:09:24 +0000] "POST /wp-cron.php?doing_wp_cron=1753128564.4655349254608154296875 HTTP/1.1" 200 - "-" "WordPress/6.8.2; https://gardenify.com.au"
57.141.2.6 - - [21/Jul/2025:20:09:22 +0000] "GET /goodscode/15927797.shtm HTTP/1.1" 404 50359 "-" "meta-externalagent/1.1 (+https://developers.facebook.com/docs/sharing/webmasters/crawler)"
209.74.77.214 - - [21/Jul/2025:20:09:24 +0000] "POST /wp-admin/admin-ajax.php?action=async_litespeed&nonce=SgAUUDiUXVuBwxX9lgXN8MomUggvc33D&litespeed_type=imgoptm HTTP/1.1" 200 21 "-" "WordPress/6.8.2; https://gardenify.com.au"
216.73.216.171 - - [21/Jul/2025:20:09:33 +0000] "GET /db.php/sitemap-2.xml HTTP/1.1" 200 13869 "-" "Mozilla/5.0 AppleWebKit/537.36 (KHTML, like Gecko; compatible; ClaudeBot/1.0; [email protected])"
216.73.216.171 - - [21/Jul/2025:20:09:34 +0000] "GET /sitemap-13.xml HTTP/1.1" 200 3763 "-" "Mozilla/5.0 AppleWebKit/537.36 (KHTML, like Gecko; compatible; ClaudeBot/1.0; [email protected])"
57.141.2.14 - - [21/Jul/2025:20:09:34 +0000] "GET /goodscode/15927462.shtm HTTP/1.1" 404 50359 "-" "meta-externalagent/1.1 (+https://developers.facebook.com/docs/sharing/webmasters/crawler)"
57.141.2.20 - - [21/Jul/2025:20:09:36 +0000] "GET /goodscode/15926467.shtm HTTP/1.1" 404 50359 "-" "meta-externalagent/1.1 (+https://developers.facebook.com/docs/sharing/webmasters/crawler)"
209.74.77.214 - - [21/Jul/2025:20:10:44 +0000] "POST /wp-cron.php?doing_wp_cron=1753128644.4113171100616455078125 HTTP/1.1" 200 - "-" "WordPress/6.8.2; https://gardenify.com.au"
57.141.2.8 - - [21/Jul/2025:20:10:43 +0000] "GET /goodscode/15923571.shtm HTTP/1.1" 404 50359 "-" "meta-externalagent/1.1 (+https://developers.facebook.com/docs/sharing/webmasters/crawler)"
209.74.77.214 - - [21/Jul/2025:20:10:44 +0000] "POST /wp-admin/admin-ajax.php?action=async_litespeed&nonce=pEA9VUG4uwO3LIAbUGIqjv1E2zMLHzkb&litespeed_type=imgoptm HTTP/1.1" 200 21 "-" "WordPress/6.8.2; https://gardenify.com.au"
216.73.216.171 - - [21/Jul/2025:20:10:50 +0000] "GET /sitemap-9.xml HTTP/1.1" 200 3765 "-" "Mozilla/5.0 AppleWebKit/537.36 (KHTML, like Gecko; compatible; ClaudeBot/1.0; [email protected])"
45.227.253.15 - - [21/Jul/2025:20:14:04 +0000] "GET /?of=1 HTTP/1.1" 200 8564 "-" "Mozilla/5.0 (iPhone; CPU iPhone OS 13_4 like Mac OS X) AppleWebKit/605.1.15 (KHTML, like Gecko) Version/13.4.4 Mobile/15E148 Safari/604.1"
57.141.2.4 - - [21/Jul/2025:20:14:12 +0000] "GET /db.php/sitemap-13.xml HTTP/1.1" 200 395110 "-" "meta-externalagent/1.1 (+https://developers.facebook.com/docs/sharing/webmasters/crawler)"
216.73.216.171 - - [21/Jul/2025:20:14:24 +0000] "GET /db.php/sitemap-12.xml HTTP/1.1" 200 13866 "-" "Mozilla/5.0 AppleWebKit/537.36 (KHTML, like Gecko; compatible; ClaudeBot/1.0; [email protected])"
216.73.216.171 - - [21/Jul/2025:20:14:25 +0000] "GET /sitemap-18.xml HTTP/1.1" 200 3763 "-" "Mozilla/5.0 AppleWebKit/537.36 (KHTML, like Gecko; compatible; ClaudeBot/1.0; [email protected])"
209.74.77.214 - - [21/Jul/2025:20:17:39 +0000] "POST /wp-cron.php?doing_wp_cron=1753129059.6324450969696044921875 HTTP/1.1" 200 - "-" "WordPress/6.8.2; https://gardenify.com.au"
57.141.2.21 - - [21/Jul/2025:20:17:37 +0000] "GET /goodscode/15929195.shtm HTTP/1.1" 404 50359 "-" "meta-externalagent/1.1 (+https://developers.facebook.com/docs/sharing/webmasters/crawler)"
209.74.77.214 - - [21/Jul/2025:20:17:39 +0000] "POST /wp-admin/admin-ajax.php?action=async_litespeed&nonce=nDJF6FFnyhonhEhnL6ZzZIbggID5XU27&litespeed_type=imgoptm HTTP/1.1" 200 21 "-" "WordPress/6.8.2; https://gardenify.com.au"
57.141.2.2 - - [21/Jul/2025:20:17:45 +0000] "GET /goodscode/15936482.shtm HTTP/1.1" 404 50359 "-" "meta-externalagent/1.1 (+https://developers.facebook.com/docs/sharing/webmasters/crawler)"
57.141.2.16 - - [21/Jul/2025:20:17:50 +0000] "GET /goodscode/15925661.shtm HTTP/1.1" 404 50359 "-" "meta-externalagent/1.1 (+https://developers.facebook.com/docs/sharing/webmasters/crawler)"
209.74.77.214 - - [21/Jul/2025:20:18:01 +0000] "POST /wp-cron.php?doing_wp_cron=1753129081.4853100776672363281250 HTTP/1.1" 200 - "-" "WordPress/6.8.2; https://gardenify.com.au"
57.141.2.15 - - [21/Jul/2025:20:18:01 +0000] "GET /goodscode/15934013.shtm HTTP/1.1" 404 50359 "-" "meta-externalagent/1.1 (+https://developers.facebook.com/docs/sharing/webmasters/crawler)"
209.74.77.214 - - [21/Jul/2025:20:18:01 +0000] "POST /wp-admin/admin-ajax.php?action=async_litespeed&nonce=zaTiJHOojdVkrYIqdCuTHzpxKsxK3XqI&litespeed_type=imgoptm HTTP/1.1" 200 21 "-" "WordPress/6.8.2; https://gardenify.com.au"
216.73.216.171 - - [21/Jul/2025:20:18:38 +0000] "GET /sitemap-12.xml HTTP/1.1" 200 3762 "-" "Mozilla/5.0 AppleWebKit/537.36 (KHTML, like Gecko; compatible; ClaudeBot/1.0; [email protected])"
209.74.77.214 - - [21/Jul/2025:20:19:14 +0000] "POST /wp-cron.php?doing_wp_cron=1753129154.8740000724792480468750 HTTP/1.1" 200 - "-" "WordPress/6.8.2; https://gardenify.com.au"
57.141.2.4 - - [21/Jul/2025:20:19:13 +0000] "GET /goodscode/66510310.shtm HTTP/1.1" 301 - "-" "meta-externalagent/1.1 (+https://developers.facebook.com/docs/sharing/webmasters/crawler)"
209.74.77.214 - - [21/Jul/2025:20:19:14 +0000] "POST /wp-admin/admin-ajax.php?action=async_litespeed&nonce=sKSy7WFJ6cuyu1MFHOm0pIJhQ4TMXdw3&litespeed_type=imgoptm HTTP/1.1" 200 21 "-" "WordPress/6.8.2; https://gardenify.com.au"
57.141.2.16 - - [21/Jul/2025:20:19:16 +0000] "GET /goodscode/66510310.shtm HTTP/1.1" 404 50359 "-" "meta-externalagent/1.1 (+https://developers.facebook.com/docs/sharing/webmasters/crawler)"
216.73.216.171 - - [21/Jul/2025:20:19:37 +0000] "GET /db.php/sitemap-18.xml HTTP/1.1" 200 13843 "-" "Mozilla/5.0 AppleWebKit/537.36 (KHTML, like Gecko; compatible; ClaudeBot/1.0; [email protected])"
216.73.216.171 - - [21/Jul/2025:20:19:38 +0000] "GET /sitemap.xml HTTP/1.1" 200 3762 "-" "Mozilla/5.0 AppleWebKit/537.36 (KHTML, like Gecko; compatible; ClaudeBot/1.0; [email protected])"
216.73.216.171 - - [21/Jul/2025:20:21:41 +0000] "GET /db.php/sitemap-4.xml HTTP/1.1" 200 13895 "-" "Mozilla/5.0 AppleWebKit/537.36 (KHTML, like Gecko; compatible; ClaudeBot/1.0; [email protected])"
57.141.2.17 - - [21/Jul/2025:20:21:56 +0000] "GET /db.php/sitemap-7.xml HTTP/1.1" 200 395110 "-" "meta-externalagent/1.1 (+https://developers.facebook.com/docs/sharing/webmasters/crawler)"
209.74.77.214 - - [21/Jul/2025:20:22:47 +0000] "POST /wp-cron.php?doing_wp_cron=1753129367.8951840400695800781250 HTTP/1.1" 200 - "-" "WordPress/6.8.2; https://gardenify.com.au"
57.141.2.6 - - [21/Jul/2025:20:22:46 +0000] "GET /goodscode/15934309.shtm HTTP/1.1" 404 50359 "-" "meta-externalagent/1.1 (+https://developers.facebook.com/docs/sharing/webmasters/crawler)"
209.74.77.214 - - [21/Jul/2025:20:22:48 +0000] "POST /wp-admin/admin-ajax.php?action=async_litespeed&nonce=1CFynvO5xID0a5VC7qMkv0FeHPJZQzAT&litespeed_type=imgoptm HTTP/1.1" 200 21 "-" "WordPress/6.8.2; https://gardenify.com.au"
209.74.77.214 - - [21/Jul/2025:20:22:53 +0000] "POST /wp-cron.php?doing_wp_cron=1753129373.0402040481567382812500 HTTP/1.1" 200 - "-" "WordPress/6.8.2; https://gardenify.com.au"
57.141.2.12 - - [21/Jul/2025:20:22:52 +0000] "GET /goodscode/15919445.shtm HTTP/1.1" 404 50359 "-" "meta-externalagent/1.1 (+https://developers.facebook.com/docs/sharing/webmasters/crawler)"
209.74.77.214 - - [21/Jul/2025:20:22:53 +0000] "POST /wp-admin/admin-ajax.php?action=async_litespeed&nonce=xbxoscbAEgvzDENRZHuic6ubrJNLpk03&litespeed_type=imgoptm HTTP/1.1" 200 21 "-" "WordPress/6.8.2; https://gardenify.com.au"
57.141.2.27 - - [21/Jul/2025:20:23:07 +0000] "GET /goodscode/15933818.shtm HTTP/1.1" 404 50359 "-" "meta-externalagent/1.1 (+https://developers.facebook.com/docs/sharing/webmasters/crawler)"
57.141.2.5 - - [21/Jul/2025:20:23:08 +0000] "GET /goodscode/15934428.shtm HTTP/1.1" 404 50359 "-" "meta-externalagent/1.1 (+https://developers.facebook.com/docs/sharing/webmasters/crawler)"
57.141.2.8 - - [21/Jul/2025:20:23:15 +0000] "GET /goodscode/15927577.shtm HTTP/1.1" 404 50359 "-" "meta-externalagent/1.1 (+https://developers.facebook.com/docs/sharing/webmasters/crawler)"
209.74.77.214 - - [21/Jul/2025:20:23:29 +0000] "POST /wp-cron.php?doing_wp_cron=1753129409.6144120693206787109375 HTTP/1.1" 200 - "-" "WordPress/6.8.2; https://gardenify.com.au"
57.141.2.26 - - [21/Jul/2025:20:23:29 +0000] "GET /goodscode/15922274.shtm HTTP/1.1" 404 50359 "-" "meta-externalagent/1.1 (+https://developers.facebook.com/docs/sharing/webmasters/crawler)"
57.141.2.6 - - [21/Jul/2025:20:23:32 +0000] "GET /goodscode/15932430.shtm HTTP/1.1" 404 50359 "-" "meta-externalagent/1.1 (+https://developers.facebook.com/docs/sharing/webmasters/crawler)"
216.73.216.171 - - [21/Jul/2025:20:24:14 +0000] "GET /db.php/sitemap-8.xml HTTP/1.1" 200 13837 "-" "Mozilla/5.0 AppleWebKit/537.36 (KHTML, like Gecko; compatible; ClaudeBot/1.0; [email protected])"
209.74.77.214 - - [21/Jul/2025:20:24:16 +0000] "POST /wp-cron.php?doing_wp_cron=1753129456.2474930286407470703125 HTTP/1.1" 200 - "-" "WordPress/6.8.2; https://gardenify.com.au"
57.141.2.19 - - [21/Jul/2025:20:24:15 +0000] "GET /goodscode/15917587.shtm HTTP/1.1" 404 50359 "-" "meta-externalagent/1.1 (+https://developers.facebook.com/docs/sharing/webmasters/crawler)"
209.74.77.214 - - [21/Jul/2025:20:24:16 +0000] "POST /wp-admin/admin-ajax.php?action=async_litespeed&nonce=Y2grii5fXsY5qHdLSt5dNvrhwNSgKsEl&litespeed_type=imgoptm HTTP/1.1" 200 21 "-" "WordPress/6.8.2; https://gardenify.com.au"
209.74.77.214 - - [21/Jul/2025:20:24:22 +0000] "POST /wp-cron.php?doing_wp_cron=1753129462.0145499706268310546875 HTTP/1.1" 200 - "-" "WordPress/6.8.2; https://gardenify.com.au"
57.141.2.24 - - [21/Jul/2025:20:24:21 +0000] "GET /goodscode/15932866.shtm HTTP/1.1" 404 50359 "-" "meta-externalagent/1.1 (+https://developers.facebook.com/docs/sharing/webmasters/crawler)"
57.141.2.3 - - [21/Jul/2025:20:24:28 +0000] "GET /goodscode/15918362.shtm HTTP/1.1" 404 50359 "-" "meta-externalagent/1.1 (+https://developers.facebook.com/docs/sharing/webmasters/crawler)"
57.141.2.2 - - [21/Jul/2025:20:24:31 +0000] "GET /goodscode/15919906.shtm HTTP/1.1" 404 50359 "-" "meta-externalagent/1.1 (+https://developers.facebook.com/docs/sharing/webmasters/crawler)"
57.141.2.11 - - [21/Jul/2025:20:24:50 +0000] "GET /goodscode/15932948.shtm HTTP/1.1" 404 50359 "-" "meta-externalagent/1.1 (+https://developers.facebook.com/docs/sharing/webmasters/crawler)"
216.73.216.171 - - [21/Jul/2025:20:25:18 +0000] "GET /db.php/sitemap-20.xml HTTP/1.1" 200 13927 "-" "Mozilla/5.0 AppleWebKit/537.36 (KHTML, like Gecko; compatible; ClaudeBot/1.0; [email protected])"
216.73.216.171 - - [21/Jul/2025:20:26:22 +0000] "GET /db.php/sitemap-3.xml HTTP/1.1" 200 13902 "-" "Mozilla/5.0 AppleWebKit/537.36 (KHTML, like Gecko; compatible; ClaudeBot/1.0; [email protected])"
216.73.216.171 - - [21/Jul/2025:20:27:27 +0000] "GET /db.php/sitemap-9.xml HTTP/1.1" 200 13880 "-" "Mozilla/5.0 AppleWebKit/537.36 (KHTML, like Gecko; compatible; ClaudeBot/1.0; [email protected])"
57.141.2.25 - - [21/Jul/2025:20:27:47 +0000] "GET /sitemap-5.xml HTTP/1.1" 200 163180 "-" "meta-externalagent/1.1 (+https://developers.facebook.com/docs/sharing/webmasters/crawler)"
216.73.216.171 - - [21/Jul/2025:20:28:43 +0000] "GET /sitemap-16.xml HTTP/1.1" 200 3764 "-" "Mozilla/5.0 AppleWebKit/537.36 (KHTML, like Gecko; compatible; ClaudeBot/1.0; [email protected])"
209.74.77.214 - - [21/Jul/2025:20:30:29 +0000] "POST /wp-cron.php?doing_wp_cron=1753129829.2595770359039306640625 HTTP/1.1" 200 - "-" "WordPress/6.8.2; https://gardenify.com.au"
57.141.2.11 - - [21/Jul/2025:20:30:27 +0000] "GET /search/96376909041490/feed/rss2/ HTTP/1.1" 200 1209 "-" "meta-externalagent/1.1 (+https://developers.facebook.com/docs/sharing/webmasters/crawler)"
209.74.77.214 - - [21/Jul/2025:20:30:29 +0000] "POST /wp-admin/admin-ajax.php?action=async_litespeed&nonce=foBtM7BoRyay6VpH0mu24j9zjavtJ1ZA&litespeed_type=imgoptm HTTP/1.1" 200 21 "-" "WordPress/6.8.2; https://gardenify.com.au"
216.73.216.171 - - [21/Jul/2025:20:30:50 +0000] "GET /db.php/sitemap-19.xml HTTP/1.1" 200 13869 "-" "Mozilla/5.0 AppleWebKit/537.36 (KHTML, like Gecko; compatible; ClaudeBot/1.0; [email protected])"
216.73.216.171 - - [21/Jul/2025:20:36:08 +0000] "GET /sitemap-17.xml HTTP/1.1" 200 3764 "-" "Mozilla/5.0 AppleWebKit/537.36 (KHTML, like Gecko; compatible; ClaudeBot/1.0; [email protected])"
209.74.77.214 - - [21/Jul/2025:20:36:10 +0000] "POST /wp-cron.php?doing_wp_cron=1753130170.0902869701385498046875 HTTP/1.1" 200 - "-" "WordPress/6.8.2; https://gardenify.com.au"
57.141.2.16 - - [21/Jul/2025:20:36:08 +0000] "GET /goodscode/15919470.shtm HTTP/1.1" 404 50359 "-" "meta-externalagent/1.1 (+https://developers.facebook.com/docs/sharing/webmasters/crawler)"
209.74.77.214 - - [21/Jul/2025:20:36:10 +0000] "POST /wp-admin/admin-ajax.php?action=async_litespeed&nonce=3LxrLUv10Ehn1G9UrLkFHXstgcsrQLH7&litespeed_type=imgoptm HTTP/1.1" 200 21 "-" "WordPress/6.8.2; https://gardenify.com.au"
216.73.216.171 - - [21/Jul/2025:20:37:08 +0000] "GET /sitemap-7.xml HTTP/1.1" 200 3763 "-" "Mozilla/5.0 AppleWebKit/537.36 (KHTML, like Gecko; compatible; ClaudeBot/1.0; [email protected])"
45.227.253.15 - - [21/Jul/2025:20:39:24 +0000] "GET /index.php/jk HTTP/1.1" 200 59 "-" "Mozilla/5.0 (Macintosh; Intel Mac OS X 10.15; rv:81.0) Gecko/20100101 Firefox/81.0"
209.74.77.214 - - [21/Jul/2025:20:42:39 +0000] "POST /wp-cron.php?doing_wp_cron=1753130559.1691119670867919921875 HTTP/1.1" 200 - "-" "WordPress/6.8.2; https://gardenify.com.au"
209.74.77.214 - - [21/Jul/2025:20:42:39 +0000] "POST /wp-admin/admin-ajax.php?action=async_litespeed&nonce=LtanlSakzhYugC9AvC74f96VuQUsBk07&litespeed_type=imgoptm HTTP/1.1" 200 21 "-" "WordPress/6.8.2; https://gardenify.com.au"
57.141.2.17 - - [21/Jul/2025:20:42:37 +0000] "GET /goodscode/15921435.shtm HTTP/1.1" 404 50359 "-" "meta-externalagent/1.1 (+https://developers.facebook.com/docs/sharing/webmasters/crawler)"
209.74.77.214 - - [21/Jul/2025:20:42:51 +0000] "POST /wp-cron.php?doing_wp_cron=1753130571.5915420055389404296875 HTTP/1.1" 200 - "-" "WordPress/6.8.2; https://gardenify.com.au"
57.141.2.18 - - [21/Jul/2025:20:42:51 +0000] "GET /goodscode/15935863.shtm HTTP/1.1" 404 50359 "-" "meta-externalagent/1.1 (+https://developers.facebook.com/docs/sharing/webmasters/crawler)"
209.74.77.214 - - [21/Jul/2025:20:42:51 +0000] "POST /wp-admin/admin-ajax.php?action=async_litespeed&nonce=lLJ35iznRWJZm9W9IdLfVnKwqXricZwb&litespeed_type=imgoptm HTTP/1.1" 200 21 "-" "WordPress/6.8.2; https://gardenify.com.au"
216.73.216.171 - - [21/Jul/2025:20:42:52 +0000] "GET /db.php/sitemap-14.xml HTTP/1.1" 200 13847 "-" "Mozilla/5.0 AppleWebKit/537.36 (KHTML, like Gecko; compatible; ClaudeBot/1.0; [email protected])"
209.74.77.214 - - [21/Jul/2025:20:43:36 +0000] "POST /wp-cron.php?doing_wp_cron=1753130616.0216910839080810546875 HTTP/1.1" 200 - "-" "WordPress/6.8.2; https://gardenify.com.au"
57.141.2.29 - - [21/Jul/2025:20:43:34 +0000] "GET /goodscode/15916995.shtm HTTP/1.1" 404 50359 "-" "meta-externalagent/1.1 (+https://developers.facebook.com/docs/sharing/webmasters/crawler)"
216.73.216.171 - - [21/Jul/2025:20:44:28 +0000] "GET /db.php/sitemap-6.xml HTTP/1.1" 200 13852 "-" "Mozilla/5.0 AppleWebKit/537.36 (KHTML, like Gecko; compatible; ClaudeBot/1.0; [email protected])"
209.74.77.214 - - [21/Jul/2025:20:45:09 +0000] "POST /wp-cron.php?doing_wp_cron=1753130709.4567759037017822265625 HTTP/1.1" 200 - "-" "WordPress/6.8.2; https://gardenify.com.au"
57.141.2.7 - - [21/Jul/2025:20:45:08 +0000] "GET /goodscode/15923476.shtm HTTP/1.1" 404 50359 "-" "meta-externalagent/1.1 (+https://developers.facebook.com/docs/sharing/webmasters/crawler)"
209.74.77.214 - - [21/Jul/2025:20:45:09 +0000] "POST /wp-admin/admin-ajax.php?action=async_litespeed&nonce=VtnyGW9CaSWrbnqEYIPZj2PamPZAHmry&litespeed_type=imgoptm HTTP/1.1" 200 21 "-" "WordPress/6.8.2; https://gardenify.com.au"
57.141.2.10 - - [21/Jul/2025:20:45:13 +0000] "GET /goodscode/15919213.shtm HTTP/1.1" 404 50359 "-" "meta-externalagent/1.1 (+https://developers.facebook.com/docs/sharing/webmasters/crawler)"
216.73.216.171 - - [21/Jul/2025:20:45:33 +0000] "GET /sitemap-20.xml HTTP/1.1" 200 3763 "-" "Mozilla/5.0 AppleWebKit/537.36 (KHTML, like Gecko; compatible; ClaudeBot/1.0; [email protected])"
66.249.79.238 - - [21/Jul/2025:20:46:07 +0000] "GET /goodscode/160173.shtm HTTP/1.1" 200 18548 "-" "Mozilla/5.0 (Linux; Android 6.0.1; Nexus 5X Build/MMB29P) AppleWebKit/537.36 (KHTML, like Gecko) Chrome/137.0.7151.103 Mobile Safari/537.36 (compatible; Googlebot/2.1; +http://www.google.com/bot.html)"
66.249.79.237 - - [21/Jul/2025:20:46:08 +0000] "GET /goodscode/161571.shtm HTTP/1.1" 200 19021 "-" "Mozilla/5.0 (Linux; Android 6.0.1; Nexus 5X Build/MMB29P) AppleWebKit/537.36 (KHTML, like Gecko) Chrome/137.0.7151.103 Mobile Safari/537.36 (compatible; Googlebot/2.1; +http://www.google.com/bot.html)"
