57.141.2.28 - - [21/Jul/2025:18:26:32 +0000] "GET /goodscode/15931203.shtm HTTP/1.1" 404 50359 "-" "meta-externalagent/1.1 (+https://developers.facebook.com/docs/sharing/webmasters/crawler)"
57.141.2.17 - - [21/Jul/2025:18:26:46 +0000] "GET /search/85750601081490/feed/rss2/ HTTP/1.1" 200 1209 "-" "meta-externalagent/1.1 (+https://developers.facebook.com/docs/sharing/webmasters/crawler)"
209.74.77.214 - - [21/Jul/2025:18:26:54 +0000] "POST /wp-cron.php?doing_wp_cron=1753122414.6789340972900390625000 HTTP/1.1" 200 - "-" "WordPress/6.8.2; https://gardenify.com.au"
57.141.2.10 - - [21/Jul/2025:18:26:54 +0000] "GET /goodscode/15927980.shtm HTTP/1.1" 404 50359 "-" "meta-externalagent/1.1 (+https://developers.facebook.com/docs/sharing/webmasters/crawler)"
209.74.77.214 - - [21/Jul/2025:18:26:54 +0000] "POST /wp-admin/admin-ajax.php?action=async_litespeed&nonce=hSGF9dWLg2iDyeq9DVH2W6g7SKn2MnpH&litespeed_type=imgoptm HTTP/1.1" 200 21 "-" "WordPress/6.8.2; https://gardenify.com.au"
209.74.77.214 - - [21/Jul/2025:18:29:43 +0000] "POST /wp-cron.php?doing_wp_cron=1753122583.3638789653778076171875 HTTP/1.1" 200 - "-" "WordPress/6.8.2; https://gardenify.com.au"
57.141.2.5 - - [21/Jul/2025:18:29:42 +0000] "GET /goodscode/15920241.shtm HTTP/1.1" 404 50359 "-" "meta-externalagent/1.1 (+https://developers.facebook.com/docs/sharing/webmasters/crawler)"
209.74.77.214 - - [21/Jul/2025:18:29:43 +0000] "POST /wp-admin/admin-ajax.php?action=async_litespeed&nonce=mqSLNpf3iYRbjiGeDxa47C2b0Xelsmye&litespeed_type=imgoptm HTTP/1.1" 200 21 "-" "WordPress/6.8.2; https://gardenify.com.au"
209.74.77.214 - - [21/Jul/2025:18:30:10 +0000] "POST /wp-cron.php?doing_wp_cron=1753122610.3953390121459960937500 HTTP/1.1" 200 - "-" "WordPress/6.8.2; https://gardenify.com.au"
57.141.2.4 - - [21/Jul/2025:18:30:10 +0000] "GET /goodscode/15925865.shtm HTTP/1.1" 404 50359 "-" "meta-externalagent/1.1 (+https://developers.facebook.com/docs/sharing/webmasters/crawler)"
209.74.77.214 - - [21/Jul/2025:18:30:10 +0000] "POST /wp-admin/admin-ajax.php?action=async_litespeed&nonce=eiCwW67X7MxAt3k7cuv2JIaKIJCQNmVl&litespeed_type=imgoptm HTTP/1.1" 200 21 "-" "WordPress/6.8.2; https://gardenify.com.au"
51.222.253.5 - - [21/Jul/2025:18:31:15 +0000] "GET /db.php/shop/product/2074617 HTTP/1.1" 200 - "-" "Mozilla/5.0 (compatible; AhrefsBot/7.0; +http://ahrefs.com/robot/)"
209.74.77.214 - - [21/Jul/2025:18:32:36 +0000] "POST /wp-cron.php?doing_wp_cron=1753122756.3928089141845703125000 HTTP/1.1" 200 - "-" "WordPress/6.8.2; https://gardenify.com.au"
57.141.2.16 - - [21/Jul/2025:18:32:35 +0000] "GET /search/106999768021490/feed/rss2/ HTTP/1.1" 200 1212 "-" "meta-externalagent/1.1 (+https://developers.facebook.com/docs/sharing/webmasters/crawler)"
209.74.77.214 - - [21/Jul/2025:18:32:36 +0000] "POST /wp-admin/admin-ajax.php?action=async_litespeed&nonce=j1mRzGE3h7uJ9HLiMAOFCWz92I4xATsC&litespeed_type=imgoptm HTTP/1.1" 200 21 "-" "WordPress/6.8.2; https://gardenify.com.au"
216.73.216.171 - - [21/Jul/2025:18:34:36 +0000] "GET /db.php/sitemap-14.xml HTTP/1.1" 200 13878 "-" "Mozilla/5.0 AppleWebKit/537.36 (KHTML, like Gecko; compatible; ClaudeBot/1.0; [email protected])"
216.73.216.171 - - [21/Jul/2025:18:38:16 +0000] "GET /db.php/sitemap-4.xml HTTP/1.1" 200 13913 "-" "Mozilla/5.0 AppleWebKit/537.36 (KHTML, like Gecko; compatible; ClaudeBot/1.0; [email protected])"
216.73.216.171 - - [21/Jul/2025:18:41:15 +0000] "GET /db.php/sitemap-9.xml HTTP/1.1" 200 13843 "-" "Mozilla/5.0 AppleWebKit/537.36 (KHTML, like Gecko; compatible; ClaudeBot/1.0; [email protected])"
51.222.253.16 - - [21/Jul/2025:18:42:21 +0000] "GET /db.php/shop/product/2329721 HTTP/1.1" 200 - "-" "Mozilla/5.0 (compatible; AhrefsBot/7.0; +http://ahrefs.com/robot/)"
209.74.77.214 - - [21/Jul/2025:18:42:22 +0000] "POST /wp-cron.php?doing_wp_cron=1753123342.1881499290466308593750 HTTP/1.1" 200 - "-" "WordPress/6.8.2; https://gardenify.com.au"
57.141.2.18 - - [21/Jul/2025:18:42:20 +0000] "GET /goodscode/15927279.shtm HTTP/1.1" 404 50359 "-" "meta-externalagent/1.1 (+https://developers.facebook.com/docs/sharing/webmasters/crawler)"
209.74.77.214 - - [21/Jul/2025:18:42:22 +0000] "POST /wp-admin/admin-ajax.php?action=async_litespeed&nonce=UXZjFkK398Y1FvJJM03Ot1Wr4L0mLR9X&litespeed_type=imgoptm HTTP/1.1" 200 21 "-" "WordPress/6.8.2; https://gardenify.com.au"
57.141.2.28 - - [21/Jul/2025:18:42:42 +0000] "GET /goodscode/15930315.shtm HTTP/1.1" 404 50359 "-" "meta-externalagent/1.1 (+https://developers.facebook.com/docs/sharing/webmasters/crawler)"
216.73.216.171 - - [21/Jul/2025:18:42:46 +0000] "GET /sitemap.xml HTTP/1.1" 200 3775 "-" "Mozilla/5.0 AppleWebKit/537.36 (KHTML, like Gecko; compatible; ClaudeBot/1.0; [email protected])"
209.74.77.214 - - [21/Jul/2025:18:44:12 +0000] "POST /wp-cron.php?doing_wp_cron=1753123452.0348029136657714843750 HTTP/1.1" 200 - "-" "WordPress/6.8.2; https://gardenify.com.au"
57.141.2.16 - - [21/Jul/2025:18:44:10 +0000] "GET /goodscode/15929988.shtm HTTP/1.1" 404 50359 "-" "meta-externalagent/1.1 (+https://developers.facebook.com/docs/sharing/webmasters/crawler)"
209.74.77.214 - - [21/Jul/2025:18:44:12 +0000] "POST /wp-admin/admin-ajax.php?action=async_litespeed&nonce=ra2919RVy9AuM0R1XMagIxAiBRuZ8PR3&litespeed_type=imgoptm HTTP/1.1" 200 21 "-" "WordPress/6.8.2; https://gardenify.com.au"
209.74.77.214 - - [21/Jul/2025:18:49:40 +0000] "POST /wp-cron.php?doing_wp_cron=1753123780.2076330184936523437500 HTTP/1.1" 200 - "-" "WordPress/6.8.2; https://gardenify.com.au"
57.141.2.4 - - [21/Jul/2025:18:49:38 +0000] "GET /goodscode/74137500.shtm HTTP/1.1" 301 - "-" "meta-externalagent/1.1 (+https://developers.facebook.com/docs/sharing/webmasters/crawler)"
209.74.77.214 - - [21/Jul/2025:18:49:40 +0000] "POST /wp-admin/admin-ajax.php?action=async_litespeed&nonce=b1QZc5HKfKxR5wBcHA9meaQ4cKwPgr6i&litespeed_type=imgoptm HTTP/1.1" 200 21 "-" "WordPress/6.8.2; https://gardenify.com.au"
57.141.2.12 - - [21/Jul/2025:18:49:42 +0000] "GET /goodscode/74137500.shtm HTTP/1.1" 404 50359 "-" "meta-externalagent/1.1 (+https://developers.facebook.com/docs/sharing/webmasters/crawler)"
57.141.2.2 - - [21/Jul/2025:18:49:46 +0000] "GET /goodscode/15932264.shtm HTTP/1.1" 404 50359 "-" "meta-externalagent/1.1 (+https://developers.facebook.com/docs/sharing/webmasters/crawler)"
57.141.2.7 - - [21/Jul/2025:18:49:49 +0000] "GET /goodscode/15933226.shtm HTTP/1.1" 404 50359 "-" "meta-externalagent/1.1 (+https://developers.facebook.com/docs/sharing/webmasters/crawler)"
209.74.77.214 - - [21/Jul/2025:18:51:29 +0000] "POST /wp-cron.php?doing_wp_cron=1753123889.7045359611511230468750 HTTP/1.1" 200 - "-" "WordPress/6.8.2; https://gardenify.com.au"
57.141.2.10 - - [21/Jul/2025:18:51:28 +0000] "GET /goodscode/15930784.shtm HTTP/1.1" 404 50359 "-" "meta-externalagent/1.1 (+https://developers.facebook.com/docs/sharing/webmasters/crawler)"
209.74.77.214 - - [21/Jul/2025:18:51:29 +0000] "POST /wp-admin/admin-ajax.php?action=async_litespeed&nonce=qw4zpwASCCumm4Q2VD4lHiHzXeBzhXC6&litespeed_type=imgoptm HTTP/1.1" 200 21 "-" "WordPress/6.8.2; https://gardenify.com.au"
51.222.253.12 - - [21/Jul/2025:18:52:16 +0000] "GET /db.php/shop/product/2404614 HTTP/1.1" 200 - "-" "Mozilla/5.0 (compatible; AhrefsBot/7.0; +http://ahrefs.com/robot/)"
209.74.77.214 - - [21/Jul/2025:18:52:27 +0000] "POST /wp-cron.php?doing_wp_cron=1753123947.3902149200439453125000 HTTP/1.1" 200 - "-" "WordPress/6.8.2; https://gardenify.com.au"
57.141.2.13 - - [21/Jul/2025:18:52:26 +0000] "GET /goodscode/15933976.shtm HTTP/1.1" 404 50359 "-" "meta-externalagent/1.1 (+https://developers.facebook.com/docs/sharing/webmasters/crawler)"
209.74.77.214 - - [21/Jul/2025:18:52:27 +0000] "POST /wp-admin/admin-ajax.php?action=async_litespeed&nonce=bLxhhEww2wsB6PcssN58NkT4ITBmaMyL&litespeed_type=imgoptm HTTP/1.1" 200 21 "-" "WordPress/6.8.2; https://gardenify.com.au"
57.141.2.27 - - [21/Jul/2025:18:52:44 +0000] "GET /goodscode/15928917.shtm HTTP/1.1" 404 50359 "-" "meta-externalagent/1.1 (+https://developers.facebook.com/docs/sharing/webmasters/crawler)"
209.74.77.214 - - [21/Jul/2025:18:53:36 +0000] "POST /wp-cron.php?doing_wp_cron=1753124016.3114979267120361328125 HTTP/1.1" 200 - "-" "WordPress/6.8.2; https://gardenify.com.au"
216.81.248.38 - - [21/Jul/2025:18:53:35 +0000] "GET /.git/config HTTP/1.1" 404 11747 "-" "Mozilla/5.0 (X11; U; Linux i686; en-US; rv:1.9.0.8) Gecko Galeon/2.0.6 (Ubuntu 2.0.6-2)"
209.74.77.214 - - [21/Jul/2025:18:53:36 +0000] "POST /wp-admin/admin-ajax.php?action=async_litespeed&nonce=X2Itjl9rvxVafIt1w8Hxb0u5Qwwo4EXT&litespeed_type=imgoptm HTTP/1.1" 200 21 "-" "WordPress/6.8.2; https://gardenify.com.au"
209.74.77.214 - - [21/Jul/2025:18:55:13 +0000] "POST /wp-cron.php?doing_wp_cron=1753124113.4942829608917236328125 HTTP/1.1" 200 - "-" "WordPress/6.8.2; https://gardenify.com.au"
209.74.77.214 - - [21/Jul/2025:18:55:13 +0000] "POST /wp-cron.php?doing_wp_cron=1753124113.4943029880523681640625 HTTP/1.1" 200 - "-" "WordPress/6.8.2; https://gardenify.com.au"
57.141.2.29 - - [21/Jul/2025:18:55:13 +0000] "GET /goodscode/15936046.shtm HTTP/1.1" 404 50359 "-" "meta-externalagent/1.1 (+https://developers.facebook.com/docs/sharing/webmasters/crawler)"
57.141.2.14 - - [21/Jul/2025:18:55:12 +0000] "GET /goodscode/15922543.shtm HTTP/1.1" 404 50359 "-" "meta-externalagent/1.1 (+https://developers.facebook.com/docs/sharing/webmasters/crawler)"
209.74.77.214 - - [21/Jul/2025:18:55:13 +0000] "POST /wp-admin/admin-ajax.php?action=async_litespeed&nonce=WMvMPbuxoyNYWIM0MtgG81V5EGN0KMnV&litespeed_type=imgoptm HTTP/1.1" 200 21 "-" "WordPress/6.8.2; https://gardenify.com.au"
57.141.2.4 - - [21/Jul/2025:18:55:14 +0000] "GET /goodscode/15923497.shtm HTTP/1.1" 404 50359 "-" "meta-externalagent/1.1 (+https://developers.facebook.com/docs/sharing/webmasters/crawler)"
209.74.77.214 - - [21/Jul/2025:18:55:21 +0000] "POST /wp-cron.php?doing_wp_cron=1753124121.1215949058532714843750 HTTP/1.1" 200 - "-" "WordPress/6.8.2; https://gardenify.com.au"
57.141.2.27 - - [21/Jul/2025:18:55:20 +0000] "GET /goodscode/15933857.shtm HTTP/1.1" 404 50359 "-" "meta-externalagent/1.1 (+https://developers.facebook.com/docs/sharing/webmasters/crawler)"
57.141.2.17 - - [21/Jul/2025:18:55:22 +0000] "GET /goodscode/15933458.shtm HTTP/1.1" 404 50359 "-" "meta-externalagent/1.1 (+https://developers.facebook.com/docs/sharing/webmasters/crawler)"
209.74.77.214 - - [21/Jul/2025:19:00:55 +0000] "POST /wp-cron.php?doing_wp_cron=1753124455.8488900661468505859375 HTTP/1.1" 200 - "-" "WordPress/6.8.2; https://gardenify.com.au"
57.141.2.2 - - [21/Jul/2025:19:00:54 +0000] "GET /search/27373122001490/feed/rss2/ HTTP/1.1" 200 1209 "-" "meta-externalagent/1.1 (+https://developers.facebook.com/docs/sharing/webmasters/crawler)"
209.74.77.214 - - [21/Jul/2025:19:00:55 +0000] "POST /wp-admin/admin-ajax.php?action=async_litespeed&nonce=e8qfRdRQNwIKDAPu1hUvofLid0Xh9miX&litespeed_type=imgoptm HTTP/1.1" 200 21 "-" "WordPress/6.8.2; https://gardenify.com.au"
57.141.2.17 - - [21/Jul/2025:19:01:19 +0000] "GET /goodscode/15936677.shtm HTTP/1.1" 404 50359 "-" "meta-externalagent/1.1 (+https://developers.facebook.com/docs/sharing/webmasters/crawler)"
209.74.77.214 - - [21/Jul/2025:19:01:29 +0000] "POST /wp-cron.php?doing_wp_cron=1753124489.0401210784912109375000 HTTP/1.1" 200 - "-" "WordPress/6.8.2; https://gardenify.com.au"
57.141.2.30 - - [21/Jul/2025:19:01:28 +0000] "GET /goodscode/15917513.shtm HTTP/1.1" 404 50359 "-" "meta-externalagent/1.1 (+https://developers.facebook.com/docs/sharing/webmasters/crawler)"
51.222.253.6 - - [21/Jul/2025:19:02:16 +0000] "GET /db.php/shop/product/2440634 HTTP/1.1" 200 - "-" "Mozilla/5.0 (compatible; AhrefsBot/7.0; +http://ahrefs.com/robot/)"
209.74.77.214 - - [21/Jul/2025:19:02:34 +0000] "POST /wp-cron.php?doing_wp_cron=1753124554.3211109638214111328125 HTTP/1.1" 200 - "-" "WordPress/6.8.2; https://gardenify.com.au"
57.141.2.28 - - [21/Jul/2025:19:02:33 +0000] "GET /goodscode/74137891.shtm HTTP/1.1" 301 - "-" "meta-externalagent/1.1 (+https://developers.facebook.com/docs/sharing/webmasters/crawler)"
209.74.77.214 - - [21/Jul/2025:19:02:34 +0000] "POST /wp-admin/admin-ajax.php?action=async_litespeed&nonce=fO1vEPI7R7TTaBZqdV5lTqAZp5osiC5d&litespeed_type=imgoptm HTTP/1.1" 200 21 "-" "WordPress/6.8.2; https://gardenify.com.au"
57.141.2.10 - - [21/Jul/2025:19:02:35 +0000] "GET /goodscode/74137891.shtm HTTP/1.1" 404 50359 "-" "meta-externalagent/1.1 (+https://developers.facebook.com/docs/sharing/webmasters/crawler)"
216.73.216.171 - - [21/Jul/2025:19:04:36 +0000] "GET /robots.txt HTTP/1.1" 200 229 "-" "Mozilla/5.0 AppleWebKit/537.36 (KHTML, like Gecko; compatible; ClaudeBot/1.0; [email protected])"
216.73.216.171 - - [21/Jul/2025:19:04:36 +0000] "GET /sitemap-1.xml HTTP/1.1" 200 3761 "-" "Mozilla/5.0 AppleWebKit/537.36 (KHTML, like Gecko; compatible; ClaudeBot/1.0; [email protected])"
209.74.77.214 - - [21/Jul/2025:19:05:07 +0000] "POST /wp-cron.php?doing_wp_cron=1753124707.4230380058288574218750 HTTP/1.1" 200 - "-" "WordPress/6.8.2; https://gardenify.com.au"
57.141.2.26 - - [21/Jul/2025:19:05:05 +0000] "GET /goodscode/15916985.shtm HTTP/1.1" 404 50359 "-" "meta-externalagent/1.1 (+https://developers.facebook.com/docs/sharing/webmasters/crawler)"
209.74.77.214 - - [21/Jul/2025:19:05:07 +0000] "POST /wp-admin/admin-ajax.php?action=async_litespeed&nonce=0bnTNpx8N9WFVuZOC9tVSGG4IXvLh7w6&litespeed_type=imgoptm HTTP/1.1" 200 21 "-" "WordPress/6.8.2; https://gardenify.com.au"
216.73.216.171 - - [21/Jul/2025:19:06:12 +0000] "GET /db.php/sitemap-20.xml HTTP/1.1" 200 13882 "-" "Mozilla/5.0 AppleWebKit/537.36 (KHTML, like Gecko; compatible; ClaudeBot/1.0; [email protected])"
216.73.216.171 - - [21/Jul/2025:19:11:43 +0000] "GET /sitemap-5.xml HTTP/1.1" 200 3762 "-" "Mozilla/5.0 AppleWebKit/537.36 (KHTML, like Gecko; compatible; ClaudeBot/1.0; [email protected])"
216.73.216.171 - - [21/Jul/2025:19:11:43 +0000] "GET /sitemap-7.xml HTTP/1.1" 200 3763 "-" "Mozilla/5.0 AppleWebKit/537.36 (KHTML, like Gecko; compatible; ClaudeBot/1.0; [email protected])"
209.74.77.214 - - [21/Jul/2025:19:11:44 +0000] "POST /wp-cron.php?doing_wp_cron=1753125104.4309139251708984375000 HTTP/1.1" 200 - "-" "WordPress/6.8.2; https://gardenify.com.au"
209.74.77.214 - - [21/Jul/2025:19:11:44 +0000] "POST /wp-cron.php?doing_wp_cron=1753125104.4308660030364990234375 HTTP/1.1" 200 - "-" "WordPress/6.8.2; https://gardenify.com.au"
216.73.216.171 - - [21/Jul/2025:19:11:43 +0000] "GET /goodscode/104744809.shtm HTTP/1.1" 404 11743 "-" "Mozilla/5.0 AppleWebKit/537.36 (KHTML, like Gecko; compatible; ClaudeBot/1.0; [email protected])"
216.73.216.171 - - [21/Jul/2025:19:11:44 +0000] "GET /goodscode/104735520.shtm HTTP/1.1" 404 11743 "-" "Mozilla/5.0 AppleWebKit/537.36 (KHTML, like Gecko; compatible; ClaudeBot/1.0; [email protected])"
216.73.216.171 - - [21/Jul/2025:19:11:42 +0000] "GET /goodscode/104731203.shtm HTTP/1.1" 404 11743 "-" "Mozilla/5.0 AppleWebKit/537.36 (KHTML, like Gecko; compatible; ClaudeBot/1.0; [email protected])"
216.73.216.171 - - [21/Jul/2025:19:11:43 +0000] "GET /goodscode/104742005.shtm HTTP/1.1" 404 11743 "-" "Mozilla/5.0 AppleWebKit/537.36 (KHTML, like Gecko; compatible; ClaudeBot/1.0; [email protected])"
216.73.216.171 - - [21/Jul/2025:19:11:44 +0000] "GET /goodscode/104736204.shtm HTTP/1.1" 404 11743 "-" "Mozilla/5.0 AppleWebKit/537.36 (KHTML, like Gecko; compatible; ClaudeBot/1.0; [email protected])"
209.74.77.214 - - [21/Jul/2025:19:11:44 +0000] "POST /wp-admin/admin-ajax.php?action=async_litespeed&nonce=idIgV6LYZyyuJQ0U0MfF4Mkh8zQj33Go&litespeed_type=imgoptm HTTP/1.1" 200 21 "-" "WordPress/6.8.2; https://gardenify.com.au"
216.73.216.171 - - [21/Jul/2025:19:11:44 +0000] "GET /goodscode/104729121.shtm HTTP/1.1" 404 11743 "-" "Mozilla/5.0 AppleWebKit/537.36 (KHTML, like Gecko; compatible; ClaudeBot/1.0; [email protected])"
216.73.216.171 - - [21/Jul/2025:19:11:45 +0000] "GET /goodscode/104746363.shtm HTTP/1.1" 404 11743 "-" "Mozilla/5.0 AppleWebKit/537.36 (KHTML, like Gecko; compatible; ClaudeBot/1.0; [email protected])"
216.73.216.171 - - [21/Jul/2025:19:11:45 +0000] "GET /goodscode/104748657.shtm HTTP/1.1" 404 11743 "-" "Mozilla/5.0 AppleWebKit/537.36 (KHTML, like Gecko; compatible; ClaudeBot/1.0; [email protected])"
216.73.216.171 - - [21/Jul/2025:19:11:45 +0000] "GET /goodscode/104747230.shtm HTTP/1.1" 404 11743 "-" "Mozilla/5.0 AppleWebKit/537.36 (KHTML, like Gecko; compatible; ClaudeBot/1.0; [email protected])"
216.73.216.171 - - [21/Jul/2025:19:11:45 +0000] "GET /goodscode/104732856.shtm HTTP/1.1" 404 11743 "-" "Mozilla/5.0 AppleWebKit/537.36 (KHTML, like Gecko; compatible; ClaudeBot/1.0; [email protected])"
216.73.216.171 - - [21/Jul/2025:19:11:45 +0000] "GET /sitemap-12.xml HTTP/1.1" 200 3762 "-" "Mozilla/5.0 AppleWebKit/537.36 (KHTML, like Gecko; compatible; ClaudeBot/1.0; [email protected])"
216.73.216.171 - - [21/Jul/2025:19:11:46 +0000] "GET /goodscode/104735234.shtm HTTP/1.1" 404 11743 "-" "Mozilla/5.0 AppleWebKit/537.36 (KHTML, like Gecko; compatible; ClaudeBot/1.0; [email protected])"
216.73.216.171 - - [21/Jul/2025:19:11:46 +0000] "GET /goodscode/104746998.shtm HTTP/1.1" 404 11743 "-" "Mozilla/5.0 AppleWebKit/537.36 (KHTML, like Gecko; compatible; ClaudeBot/1.0; [email protected])"
216.73.216.171 - - [21/Jul/2025:19:11:46 +0000] "GET /goodscode/104735863.shtm HTTP/1.1" 404 11743 "-" "Mozilla/5.0 AppleWebKit/537.36 (KHTML, like Gecko; compatible; ClaudeBot/1.0; [email protected])"
216.73.216.171 - - [21/Jul/2025:19:11:46 +0000] "GET /sitemap-2.xml HTTP/1.1" 200 3761 "-" "Mozilla/5.0 AppleWebKit/537.36 (KHTML, like Gecko; compatible; ClaudeBot/1.0; [email protected])"
216.73.216.171 - - [21/Jul/2025:19:11:46 +0000] "GET /sitemap-3.xml HTTP/1.1" 200 3761 "-" "Mozilla/5.0 AppleWebKit/537.36 (KHTML, like Gecko; compatible; ClaudeBot/1.0; [email protected])"
216.73.216.171 - - [21/Jul/2025:19:11:46 +0000] "GET /goodscode/104748139.shtm HTTP/1.1" 404 11743 "-" "Mozilla/5.0 AppleWebKit/537.36 (KHTML, like Gecko; compatible; ClaudeBot/1.0; [email protected])"
216.73.216.171 - - [21/Jul/2025:19:11:47 +0000] "GET /goodscode/104737779.shtm HTTP/1.1" 404 11743 "-" "Mozilla/5.0 AppleWebKit/537.36 (KHTML, like Gecko; compatible; ClaudeBot/1.0; [email protected])"
216.73.216.171 - - [21/Jul/2025:19:11:47 +0000] "GET /goodscode/104748231.shtm HTTP/1.1" 404 11743 "-" "Mozilla/5.0 AppleWebKit/537.36 (KHTML, like Gecko; compatible; ClaudeBot/1.0; [email protected])"
216.73.216.171 - - [21/Jul/2025:19:11:47 +0000] "GET /goodscode/104737269.shtm HTTP/1.1" 404 11743 "-" "Mozilla/5.0 AppleWebKit/537.36 (KHTML, like Gecko; compatible; ClaudeBot/1.0; [email protected])"
216.73.216.171 - - [21/Jul/2025:19:11:47 +0000] "GET /goodscode/104728399.shtm HTTP/1.1" 404 11743 "-" "Mozilla/5.0 AppleWebKit/537.36 (KHTML, like Gecko; compatible; ClaudeBot/1.0; [email protected])"
216.73.216.171 - - [21/Jul/2025:19:11:47 +0000] "GET /goodscode/104748404.shtm HTTP/1.1" 404 11743 "-" "Mozilla/5.0 AppleWebKit/537.36 (KHTML, like Gecko; compatible; ClaudeBot/1.0; [email protected])"
216.73.216.171 - - [21/Jul/2025:19:11:47 +0000] "GET /goodscode/104728233.shtm HTTP/1.1" 404 11743 "-" "Mozilla/5.0 AppleWebKit/537.36 (KHTML, like Gecko; compatible; ClaudeBot/1.0; [email protected])"
216.73.216.171 - - [21/Jul/2025:19:11:47 +0000] "GET /goodscode/104734163.shtm HTTP/1.1" 404 11743 "-" "Mozilla/5.0 AppleWebKit/537.36 (KHTML, like Gecko; compatible; ClaudeBot/1.0; [email protected])"
216.73.216.171 - - [21/Jul/2025:19:11:48 +0000] "GET /goodscode/104734114.shtm HTTP/1.1" 404 11743 "-" "Mozilla/5.0 AppleWebKit/537.36 (KHTML, like Gecko; compatible; ClaudeBot/1.0; [email protected])"
216.73.216.171 - - [21/Jul/2025:19:11:48 +0000] "GET /goodscode/104743485.shtm HTTP/1.1" 404 11743 "-" "Mozilla/5.0 AppleWebKit/537.36 (KHTML, like Gecko; compatible; ClaudeBot/1.0; [email protected])"
216.73.216.171 - - [21/Jul/2025:19:11:48 +0000] "GET /goodscode/104735643.shtm HTTP/1.1" 404 11743 "-" "Mozilla/5.0 AppleWebKit/537.36 (KHTML, like Gecko; compatible; ClaudeBot/1.0; [email protected])"
216.73.216.171 - - [21/Jul/2025:19:11:48 +0000] "GET /goodscode/104746110.shtm HTTP/1.1" 404 11743 "-" "Mozilla/5.0 AppleWebKit/537.36 (KHTML, like Gecko; compatible; ClaudeBot/1.0; [email protected])"
216.73.216.171 - - [21/Jul/2025:19:11:48 +0000] "GET /goodscode/104753485.shtm HTTP/1.1" 404 11743 "-" "Mozilla/5.0 AppleWebKit/537.36 (KHTML, like Gecko; compatible; ClaudeBot/1.0; [email protected])"
216.73.216.171 - - [21/Jul/2025:19:11:48 +0000] "GET /goodscode/104736344.shtm HTTP/1.1" 404 11743 "-" "Mozilla/5.0 AppleWebKit/537.36 (KHTML, like Gecko; compatible; ClaudeBot/1.0; [email protected])"
216.73.216.171 - - [21/Jul/2025:19:11:48 +0000] "GET /goodscode/104750147.shtm HTTP/1.1" 404 11743 "-" "Mozilla/5.0 AppleWebKit/537.36 (KHTML, like Gecko; compatible; ClaudeBot/1.0; [email protected])"
20.171.207.68 - - [21/Jul/2025:19:12:02 +0000] "GET /db.php/shop/product/3901285 HTTP/1.1" 200 - "-" "Mozilla/5.0 AppleWebKit/537.36 (KHTML, like Gecko; compatible; GPTBot/1.2; +https://openai.com/gptbot)"
51.222.253.16 - - [21/Jul/2025:19:13:08 +0000] "GET /db.php/shop/product/2454258 HTTP/1.1" 200 - "-" "Mozilla/5.0 (compatible; AhrefsBot/7.0; +http://ahrefs.com/robot/)"
209.74.77.214 - - [21/Jul/2025:19:13:50 +0000] "POST /wp-cron.php?doing_wp_cron=1753125230.2434420585632324218750 HTTP/1.1" 200 - "-" "WordPress/6.8.2; https://gardenify.com.au"
209.74.77.214 - - [21/Jul/2025:19:13:50 +0000] "POST /wp-cron.php?doing_wp_cron=1753125230.2401421070098876953125 HTTP/1.1" 200 - "-" "WordPress/6.8.2; https://gardenify.com.au"
216.73.216.171 - - [21/Jul/2025:19:13:48 +0000] "GET /goodscode/104740708.shtm HTTP/1.1" 404 11743 "-" "Mozilla/5.0 AppleWebKit/537.36 (KHTML, like Gecko; compatible; ClaudeBot/1.0; [email protected])"
216.73.216.171 - - [21/Jul/2025:19:13:48 +0000] "GET /goodscode/104727059.shtm HTTP/1.1" 404 11743 "-" "Mozilla/5.0 AppleWebKit/537.36 (KHTML, like Gecko; compatible; ClaudeBot/1.0; [email protected])"
216.73.216.171 - - [21/Jul/2025:19:13:48 +0000] "GET /goodscode/104736891.shtm HTTP/1.1" 404 11743 "-" "Mozilla/5.0 AppleWebKit/537.36 (KHTML, like Gecko; compatible; ClaudeBot/1.0; [email protected])"
216.73.216.171 - - [21/Jul/2025:19:13:48 +0000] "GET /goodscode/104734901.shtm HTTP/1.1" 404 11743 "-" "Mozilla/5.0 AppleWebKit/537.36 (KHTML, like Gecko; compatible; ClaudeBot/1.0; [email protected])"
216.73.216.171 - - [21/Jul/2025:19:13:48 +0000] "GET /goodscode/104747666.shtm HTTP/1.1" 404 11743 "-" "Mozilla/5.0 AppleWebKit/537.36 (KHTML, like Gecko; compatible; ClaudeBot/1.0; [email protected])"
216.73.216.171 - - [21/Jul/2025:19:13:47 +0000] "GET /goodscode/104737345.shtm HTTP/1.1" 404 11743 "-" "Mozilla/5.0 AppleWebKit/537.36 (KHTML, like Gecko; compatible; ClaudeBot/1.0; [email protected])"
216.73.216.171 - - [21/Jul/2025:19:13:48 +0000] "GET /goodscode/104734706.shtm HTTP/1.1" 404 11743 "-" "Mozilla/5.0 AppleWebKit/537.36 (KHTML, like Gecko; compatible; ClaudeBot/1.0; [email protected])"
216.73.216.171 - - [21/Jul/2025:19:13:48 +0000] "GET /goodscode/104736640.shtm HTTP/1.1" 404 11743 "-" "Mozilla/5.0 AppleWebKit/537.36 (KHTML, like Gecko; compatible; ClaudeBot/1.0; [email protected])"
209.74.77.214 - - [21/Jul/2025:19:13:51 +0000] "POST /wp-admin/admin-ajax.php?action=async_litespeed&nonce=9qSELrUZDrOJ4QDqX3c7eRZGdCtQLUsZ&litespeed_type=imgoptm HTTP/1.1" 200 21 "-" "WordPress/6.8.2; https://gardenify.com.au"
216.73.216.171 - - [21/Jul/2025:19:13:50 +0000] "GET /goodscode/104756906.shtm HTTP/1.1" 404 11743 "-" "Mozilla/5.0 AppleWebKit/537.36 (KHTML, like Gecko; compatible; ClaudeBot/1.0; [email protected])"
216.73.216.171 - - [21/Jul/2025:19:13:50 +0000] "GET /goodscode/104749711.shtm HTTP/1.1" 404 11743 "-" "Mozilla/5.0 AppleWebKit/537.36 (KHTML, like Gecko; compatible; ClaudeBot/1.0; [email protected])"
216.73.216.171 - - [21/Jul/2025:19:13:50 +0000] "GET /goodscode/104731904.shtm HTTP/1.1" 404 11743 "-" "Mozilla/5.0 AppleWebKit/537.36 (KHTML, like Gecko; compatible; ClaudeBot/1.0; [email protected])"
209.74.77.214 - - [21/Jul/2025:19:13:51 +0000] "POST /wp-cron.php?doing_wp_cron=1753125231.8246579170227050781250 HTTP/1.1" 200 - "-" "WordPress/6.8.2; https://gardenify.com.au"
216.73.216.171 - - [21/Jul/2025:19:13:51 +0000] "GET /goodscode/104729713.shtm HTTP/1.1" 404 11743 "-" "Mozilla/5.0 AppleWebKit/537.36 (KHTML, like Gecko; compatible; ClaudeBot/1.0; [email protected])"
216.73.216.171 - - [21/Jul/2025:19:13:51 +0000] "GET /goodscode/104746564.shtm HTTP/1.1" 404 11743 "-" "Mozilla/5.0 AppleWebKit/537.36 (KHTML, like Gecko; compatible; ClaudeBot/1.0; [email protected])"
216.73.216.171 - - [21/Jul/2025:19:13:51 +0000] "GET /goodscode/104730601.shtm HTTP/1.1" 404 11743 "-" "Mozilla/5.0 AppleWebKit/537.36 (KHTML, like Gecko; compatible; ClaudeBot/1.0; [email protected])"
216.73.216.171 - - [21/Jul/2025:19:13:51 +0000] "GET /goodscode/104736112.shtm HTTP/1.1" 404 11743 "-" "Mozilla/5.0 AppleWebKit/537.36 (KHTML, like Gecko; compatible; ClaudeBot/1.0; [email protected])"
216.73.216.171 - - [21/Jul/2025:19:13:51 +0000] "GET /goodscode/104743125.shtm HTTP/1.1" 404 11743 "-" "Mozilla/5.0 AppleWebKit/537.36 (KHTML, like Gecko; compatible; ClaudeBot/1.0; [email protected])"
216.73.216.171 - - [21/Jul/2025:19:13:51 +0000] "GET /goodscode/104751966.shtm HTTP/1.1" 404 11743 "-" "Mozilla/5.0 AppleWebKit/537.36 (KHTML, like Gecko; compatible; ClaudeBot/1.0; [email protected])"
209.74.77.214 - - [21/Jul/2025:19:13:52 +0000] "POST /wp-admin/admin-ajax.php?action=async_litespeed&nonce=3dE3RQgV1sAykb4E7hjbGsUMAgTOQCra&litespeed_type=imgoptm HTTP/1.1" 200 21 "-" "WordPress/6.8.2; https://gardenify.com.au"
216.73.216.171 - - [21/Jul/2025:19:13:51 +0000] "GET /goodscode/104736751.shtm HTTP/1.1" 404 11743 "-" "Mozilla/5.0 AppleWebKit/537.36 (KHTML, like Gecko; compatible; ClaudeBot/1.0; [email protected])"
216.73.216.171 - - [21/Jul/2025:19:13:52 +0000] "GET /goodscode/104736278.shtm HTTP/1.1" 404 11743 "-" "Mozilla/5.0 AppleWebKit/537.36 (KHTML, like Gecko; compatible; ClaudeBot/1.0; [email protected])"
216.73.216.171 - - [21/Jul/2025:19:13:52 +0000] "GET /goodscode/104744901.shtm HTTP/1.1" 404 11743 "-" "Mozilla/5.0 AppleWebKit/537.36 (KHTML, like Gecko; compatible; ClaudeBot/1.0; [email protected])"
216.73.216.171 - - [21/Jul/2025:19:13:52 +0000] "GET /goodscode/104737166.shtm HTTP/1.1" 404 11743 "-" "Mozilla/5.0 AppleWebKit/537.36 (KHTML, like Gecko; compatible; ClaudeBot/1.0; [email protected])"
216.73.216.171 - - [21/Jul/2025:19:13:52 +0000] "GET /goodscode/104736186.shtm HTTP/1.1" 404 11743 "-" "Mozilla/5.0 AppleWebKit/537.36 (KHTML, like Gecko; compatible; ClaudeBot/1.0; [email protected])"
216.73.216.171 - - [21/Jul/2025:19:13:52 +0000] "GET /goodscode/104738231.shtm HTTP/1.1" 404 11743 "-" "Mozilla/5.0 AppleWebKit/537.36 (KHTML, like Gecko; compatible; ClaudeBot/1.0; [email protected])"
216.73.216.171 - - [21/Jul/2025:19:13:52 +0000] "GET /goodscode/104752801.shtm HTTP/1.1" 404 11743 "-" "Mozilla/5.0 AppleWebKit/537.36 (KHTML, like Gecko; compatible; ClaudeBot/1.0; [email protected])"
216.73.216.171 - - [21/Jul/2025:19:13:52 +0000] "GET /goodscode/104734272.shtm HTTP/1.1" 404 11743 "-" "Mozilla/5.0 AppleWebKit/537.36 (KHTML, like Gecko; compatible; ClaudeBot/1.0; [email protected])"
216.73.216.171 - - [21/Jul/2025:19:13:53 +0000] "GET /sitemap-9.xml HTTP/1.1" 200 3765 "-" "Mozilla/5.0 AppleWebKit/537.36 (KHTML, like Gecko; compatible; ClaudeBot/1.0; [email protected])"
216.73.216.171 - - [21/Jul/2025:19:13:53 +0000] "GET /sitemap-20.xml HTTP/1.1" 200 3763 "-" "Mozilla/5.0 AppleWebKit/537.36 (KHTML, like Gecko; compatible; ClaudeBot/1.0; [email protected])"
216.73.216.171 - - [21/Jul/2025:19:13:53 +0000] "GET /goodscode/104729195.shtm HTTP/1.1" 404 11743 "-" "Mozilla/5.0 AppleWebKit/537.36 (KHTML, like Gecko; compatible; ClaudeBot/1.0; [email protected])"
216.73.216.171 - - [21/Jul/2025:19:13:52 +0000] "GET /goodscode/104734383.shtm HTTP/1.1" 404 11743 "-" "Mozilla/5.0 AppleWebKit/537.36 (KHTML, like Gecko; compatible; ClaudeBot/1.0; [email protected])"
216.73.216.171 - - [21/Jul/2025:19:13:53 +0000] "GET /goodscode/104753668.shtm HTTP/1.1" 404 11743 "-" "Mozilla/5.0 AppleWebKit/537.36 (KHTML, like Gecko; compatible; ClaudeBot/1.0; [email protected])"
216.73.216.171 - - [21/Jul/2025:19:13:53 +0000] "GET /goodscode/104737232.shtm HTTP/1.1" 404 11743 "-" "Mozilla/5.0 AppleWebKit/537.36 (KHTML, like Gecko; compatible; ClaudeBot/1.0; [email protected])"
216.73.216.171 - - [21/Jul/2025:19:13:53 +0000] "GET /goodscode/104737000.shtm HTTP/1.1" 404 11743 "-" "Mozilla/5.0 AppleWebKit/537.36 (KHTML, like Gecko; compatible; ClaudeBot/1.0; [email protected])"
216.73.216.171 - - [21/Jul/2025:19:13:53 +0000] "GET /goodscode/104752005.shtm HTTP/1.1" 404 11743 "-" "Mozilla/5.0 AppleWebKit/537.36 (KHTML, like Gecko; compatible; ClaudeBot/1.0; [email protected])"
209.74.77.214 - - [21/Jul/2025:19:15:46 +0000] "POST /wp-cron.php?doing_wp_cron=1753125346.0839068889617919921875 HTTP/1.1" 200 - "-" "WordPress/6.8.2; https://gardenify.com.au"
209.74.77.214 - - [21/Jul/2025:19:15:46 +0000] "POST /wp-cron.php?doing_wp_cron=1753125346.0841150283813476562500 HTTP/1.1" 200 - "-" "WordPress/6.8.2; https://gardenify.com.au"
216.73.216.171 - - [21/Jul/2025:19:15:45 +0000] "GET /goodscode/104734309.shtm HTTP/1.1" 404 11743 "-" "Mozilla/5.0 AppleWebKit/537.36 (KHTML, like Gecko; compatible; ClaudeBot/1.0; [email protected])"
216.73.216.171 - - [21/Jul/2025:19:15:44 +0000] "GET /goodscode/104729896.shtm HTTP/1.1" 404 11743 "-" "Mozilla/5.0 AppleWebKit/537.36 (KHTML, like Gecko; compatible; ClaudeBot/1.0; [email protected])"
216.73.216.171 - - [21/Jul/2025:19:15:45 +0000] "GET /goodscode/104737306.shtm HTTP/1.1" 404 11743 "-" "Mozilla/5.0 AppleWebKit/537.36 (KHTML, like Gecko; compatible; ClaudeBot/1.0; [email protected])"
216.73.216.171 - - [21/Jul/2025:19:15:45 +0000] "GET /goodscode/104736638.shtm HTTP/1.1" 404 11743 "-" "Mozilla/5.0 AppleWebKit/537.36 (KHTML, like Gecko; compatible; ClaudeBot/1.0; [email protected])"
216.73.216.171 - - [21/Jul/2025:19:15:45 +0000] "GET /goodscode/104726827.shtm HTTP/1.1" 404 11743 "-" "Mozilla/5.0 AppleWebKit/537.36 (KHTML, like Gecko; compatible; ClaudeBot/1.0; [email protected])"
216.73.216.171 - - [21/Jul/2025:19:15:45 +0000] "GET /goodscode/104740330.shtm HTTP/1.1" 404 11743 "-" "Mozilla/5.0 AppleWebKit/537.36 (KHTML, like Gecko; compatible; ClaudeBot/1.0; [email protected])"
216.73.216.171 - - [21/Jul/2025:19:15:45 +0000] "GET /goodscode/104752402.shtm HTTP/1.1" 404 11743 "-" "Mozilla/5.0 AppleWebKit/537.36 (KHTML, like Gecko; compatible; ClaudeBot/1.0; [email protected])"
216.73.216.171 - - [21/Jul/2025:19:15:46 +0000] "GET /goodscode/104752079.shtm HTTP/1.1" 404 11743 "-" "Mozilla/5.0 AppleWebKit/537.36 (KHTML, like Gecko; compatible; ClaudeBot/1.0; [email protected])"
209.74.77.214 - - [21/Jul/2025:19:15:46 +0000] "POST /wp-admin/admin-ajax.php?action=async_litespeed&nonce=25xXxkiBIIqM3z0heJcIOy27gSP2aby7&litespeed_type=imgoptm HTTP/1.1" 200 21 "-" "WordPress/6.8.2; https://gardenify.com.au"
216.73.216.171 - - [21/Jul/2025:19:15:46 +0000] "GET /goodscode/104726872.shtm HTTP/1.1" 404 11743 "-" "Mozilla/5.0 AppleWebKit/537.36 (KHTML, like Gecko; compatible; ClaudeBot/1.0; [email protected])"
216.73.216.171 - - [21/Jul/2025:19:15:46 +0000] "GET /goodscode/104728286.shtm HTTP/1.1" 404 11743 "-" "Mozilla/5.0 AppleWebKit/537.36 (KHTML, like Gecko; compatible; ClaudeBot/1.0; [email protected])"
216.73.216.171 - - [21/Jul/2025:19:15:46 +0000] "GET /goodscode/104732264.shtm HTTP/1.1" 404 11743 "-" "Mozilla/5.0 AppleWebKit/537.36 (KHTML, like Gecko; compatible; ClaudeBot/1.0; [email protected])"
216.73.216.171 - - [21/Jul/2025:19:15:46 +0000] "GET /goodscode/104747812.shtm HTTP/1.1" 404 11743 "-" "Mozilla/5.0 AppleWebKit/537.36 (KHTML, like Gecko; compatible; ClaudeBot/1.0; [email protected])"
216.73.216.171 - - [21/Jul/2025:19:15:46 +0000] "GET /goodscode/104749072.shtm HTTP/1.1" 404 11743 "-" "Mozilla/5.0 AppleWebKit/537.36 (KHTML, like Gecko; compatible; ClaudeBot/1.0; [email protected])"
216.73.216.171 - - [21/Jul/2025:19:15:46 +0000] "GET /goodscode/104737187.shtm HTTP/1.1" 404 11743 "-" "Mozilla/5.0 AppleWebKit/537.36 (KHTML, like Gecko; compatible; ClaudeBot/1.0; [email protected])"
216.73.216.171 - - [21/Jul/2025:19:15:46 +0000] "GET /goodscode/104747064.shtm HTTP/1.1" 404 11743 "-" "Mozilla/5.0 AppleWebKit/537.36 (KHTML, like Gecko; compatible; ClaudeBot/1.0; [email protected])"
216.73.216.171 - - [21/Jul/2025:19:15:46 +0000] "GET /goodscode/104728582.shtm HTTP/1.1" 404 11743 "-" "Mozilla/5.0 AppleWebKit/537.36 (KHTML, like Gecko; compatible; ClaudeBot/1.0; [email protected])"
216.73.216.171 - - [21/Jul/2025:19:15:46 +0000] "GET /goodscode/104739600.shtm HTTP/1.1" 404 11743 "-" "Mozilla/5.0 AppleWebKit/537.36 (KHTML, like Gecko; compatible; ClaudeBot/1.0; [email protected])"
216.73.216.171 - - [21/Jul/2025:19:15:46 +0000] "GET /goodscode/104747779.shtm HTTP/1.1" 404 11743 "-" "Mozilla/5.0 AppleWebKit/537.36 (KHTML, like Gecko; compatible; ClaudeBot/1.0; [email protected])"
216.73.216.171 - - [21/Jul/2025:19:15:47 +0000] "GET /goodscode/104731090.shtm HTTP/1.1" 404 11743 "-" "Mozilla/5.0 AppleWebKit/537.36 (KHTML, like Gecko; compatible; ClaudeBot/1.0; [email protected])"
216.73.216.171 - - [21/Jul/2025:19:15:47 +0000] "GET /goodscode/104735337.shtm HTTP/1.1" 404 11743 "-" "Mozilla/5.0 AppleWebKit/537.36 (KHTML, like Gecko; compatible; ClaudeBot/1.0; [email protected])"
216.73.216.171 - - [21/Jul/2025:19:15:47 +0000] "GET /goodscode/104748480.shtm HTTP/1.1" 404 11743 "-" "Mozilla/5.0 AppleWebKit/537.36 (KHTML, like Gecko; compatible; ClaudeBot/1.0; [email protected])"
216.73.216.171 - - [21/Jul/2025:19:15:47 +0000] "GET /goodscode/104740412.shtm HTTP/1.1" 404 11743 "-" "Mozilla/5.0 AppleWebKit/537.36 (KHTML, like Gecko; compatible; ClaudeBot/1.0; [email protected])"
216.73.216.171 - - [21/Jul/2025:19:15:47 +0000] "GET /goodscode/104738414.shtm HTTP/1.1" 404 11743 "-" "Mozilla/5.0 AppleWebKit/537.36 (KHTML, like Gecko; compatible; ClaudeBot/1.0; [email protected])"
216.73.216.171 - - [21/Jul/2025:19:15:47 +0000] "GET /goodscode/104757101.shtm HTTP/1.1" 404 11743 "-" "Mozilla/5.0 AppleWebKit/537.36 (KHTML, like Gecko; compatible; ClaudeBot/1.0; [email protected])"
216.73.216.171 - - [21/Jul/2025:19:15:47 +0000] "GET /goodscode/104727205.shtm HTTP/1.1" 404 11743 "-" "Mozilla/5.0 AppleWebKit/537.36 (KHTML, like Gecko; compatible; ClaudeBot/1.0; [email protected])"
216.73.216.171 - - [21/Jul/2025:19:15:48 +0000] "GET /goodscode/104748221.shtm HTTP/1.1" 404 11743 "-" "Mozilla/5.0 AppleWebKit/537.36 (KHTML, like Gecko; compatible; ClaudeBot/1.0; [email protected])"
216.73.216.171 - - [21/Jul/2025:19:15:48 +0000] "GET /goodscode/104740305.shtm HTTP/1.1" 404 11743 "-" "Mozilla/5.0 AppleWebKit/537.36 (KHTML, like Gecko; compatible; ClaudeBot/1.0; [email protected])"
216.73.216.171 - - [21/Jul/2025:19:15:48 +0000] "GET /goodscode/104757611.shtm HTTP/1.1" 404 11743 "-" "Mozilla/5.0 AppleWebKit/537.36 (KHTML, like Gecko; compatible; ClaudeBot/1.0; [email protected])"
216.73.216.171 - - [21/Jul/2025:19:15:48 +0000] "GET /goodscode/104736714.shtm HTTP/1.1" 404 11743 "-" "Mozilla/5.0 AppleWebKit/537.36 (KHTML, like Gecko; compatible; ClaudeBot/1.0; [email protected])"
216.73.216.171 - - [21/Jul/2025:19:15:47 +0000] "GET /goodscode/104728991.shtm HTTP/1.1" 404 11743 "-" "Mozilla/5.0 AppleWebKit/537.36 (KHTML, like Gecko; compatible; ClaudeBot/1.0; [email protected])"
216.73.216.171 - - [21/Jul/2025:19:15:47 +0000] "GET /goodscode/104756445.shtm HTTP/1.1" 404 11743 "-" "Mozilla/5.0 AppleWebKit/537.36 (KHTML, like Gecko; compatible; ClaudeBot/1.0; [email protected])"
216.73.216.171 - - [21/Jul/2025:19:15:47 +0000] "GET /goodscode/104758246.shtm HTTP/1.1" 404 11743 "-" "Mozilla/5.0 AppleWebKit/537.36 (KHTML, like Gecko; compatible; ClaudeBot/1.0; [email protected])"
216.73.216.171 - - [21/Jul/2025:19:15:48 +0000] "GET /goodscode/104749619.shtm HTTP/1.1" 404 11743 "-" "Mozilla/5.0 AppleWebKit/537.36 (KHTML, like Gecko; compatible; ClaudeBot/1.0; [email protected])"
216.73.216.171 - - [21/Jul/2025:19:17:09 +0000] "GET /sitemap-19.xml HTTP/1.1" 200 3763 "-" "Mozilla/5.0 AppleWebKit/537.36 (KHTML, like Gecko; compatible; ClaudeBot/1.0; [email protected])"
216.73.216.171 - - [21/Jul/2025:19:17:09 +0000] "GET /sitemap-8.xml HTTP/1.1" 200 3765 "-" "Mozilla/5.0 AppleWebKit/537.36 (KHTML, like Gecko; compatible; ClaudeBot/1.0; [email protected])"
209.74.77.214 - - [21/Jul/2025:19:17:10 +0000] "POST /wp-cron.php?doing_wp_cron=1753125430.0907440185546875000000 HTTP/1.1" 200 - "-" "WordPress/6.8.2; https://gardenify.com.au"
209.74.77.214 - - [21/Jul/2025:19:17:10 +0000] "POST /wp-cron.php?doing_wp_cron=1753125430.0776751041412353515625 HTTP/1.1" 200 - "-" "WordPress/6.8.2; https://gardenify.com.au"
216.73.216.171 - - [21/Jul/2025:19:17:09 +0000] "GET /goodscode/104744410.shtm HTTP/1.1" 404 11743 "-" "Mozilla/5.0 AppleWebKit/537.36 (KHTML, like Gecko; compatible; ClaudeBot/1.0; [email protected])"
216.73.216.171 - - [21/Jul/2025:19:17:09 +0000] "GET /goodscode/104749637.shtm HTTP/1.1" 404 11743 "-" "Mozilla/5.0 AppleWebKit/537.36 (KHTML, like Gecko; compatible; ClaudeBot/1.0; [email protected])"
216.73.216.171 - - [21/Jul/2025:19:17:09 +0000] "GET /goodscode/104741014.shtm HTTP/1.1" 404 11743 "-" "Mozilla/5.0 AppleWebKit/537.36 (KHTML, like Gecko; compatible; ClaudeBot/1.0; [email protected])"
216.73.216.171 - - [21/Jul/2025:19:17:09 +0000] "GET /goodscode/104735390.shtm HTTP/1.1" 404 11743 "-" "Mozilla/5.0 AppleWebKit/537.36 (KHTML, like Gecko; compatible; ClaudeBot/1.0; [email protected])"
216.73.216.171 - - [21/Jul/2025:19:17:09 +0000] "GET /goodscode/104758312.shtm HTTP/1.1" 404 11743 "-" "Mozilla/5.0 AppleWebKit/537.36 (KHTML, like Gecko; compatible; ClaudeBot/1.0; [email protected])"
216.73.216.171 - - [21/Jul/2025:19:17:09 +0000] "GET /goodscode/104726204.shtm HTTP/1.1" 404 11743 "-" "Mozilla/5.0 AppleWebKit/537.36 (KHTML, like Gecko; compatible; ClaudeBot/1.0; [email protected])"
216.73.216.171 - - [21/Jul/2025:19:17:09 +0000] "GET /goodscode/104737962.shtm HTTP/1.1" 404 11743 "-" "Mozilla/5.0 AppleWebKit/537.36 (KHTML, like Gecko; compatible; ClaudeBot/1.0; [email protected])"
216.73.216.171 - - [21/Jul/2025:19:17:09 +0000] "GET /goodscode/104739277.shtm HTTP/1.1" 404 11743 "-" "Mozilla/5.0 AppleWebKit/537.36 (KHTML, like Gecko; compatible; ClaudeBot/1.0; [email protected])"
216.73.216.171 - - [21/Jul/2025:19:17:09 +0000] "GET /goodscode/104741627.shtm HTTP/1.1" 404 11743 "-" "Mozilla/5.0 AppleWebKit/537.36 (KHTML, like Gecko; compatible; ClaudeBot/1.0; [email protected])"
216.73.216.171 - - [21/Jul/2025:19:17:09 +0000] "GET /goodscode/104756815.shtm HTTP/1.1" 404 11743 "-" "Mozilla/5.0 AppleWebKit/537.36 (KHTML, like Gecko; compatible; ClaudeBot/1.0; [email protected])"
216.73.216.171 - - [21/Jul/2025:19:17:10 +0000] "GET /goodscode/104726122.shtm HTTP/1.1" 404 11743 "-" "Mozilla/5.0 AppleWebKit/537.36 (KHTML, like Gecko; compatible; ClaudeBot/1.0; [email protected])"
209.74.77.214 - - [21/Jul/2025:19:17:10 +0000] "POST /wp-admin/admin-ajax.php?action=async_litespeed&nonce=PMAH7z8frvZkS29DMMTaWcjPYKXHvUaR&litespeed_type=imgoptm HTTP/1.1" 200 21 "-" "WordPress/6.8.2; https://gardenify.com.au"
216.73.216.171 - - [21/Jul/2025:19:17:10 +0000] "GET /goodscode/104734346.shtm HTTP/1.1" 404 11743 "-" "Mozilla/5.0 AppleWebKit/537.36 (KHTML, like Gecko; compatible; ClaudeBot/1.0; [email protected])"
216.73.216.171 - - [21/Jul/2025:19:17:10 +0000] "GET /goodscode/104751440.shtm HTTP/1.1" 404 11743 "-" "Mozilla/5.0 AppleWebKit/537.36 (KHTML, like Gecko; compatible; ClaudeBot/1.0; [email protected])"
216.73.216.171 - - [21/Jul/2025:19:17:10 +0000] "GET /goodscode/104750772.shtm HTTP/1.1" 404 11743 "-" "Mozilla/5.0 AppleWebKit/537.36 (KHTML, like Gecko; compatible; ClaudeBot/1.0; [email protected])"
216.73.216.171 - - [21/Jul/2025:19:17:10 +0000] "GET /goodscode/104754620.shtm HTTP/1.1" 404 11743 "-" "Mozilla/5.0 AppleWebKit/537.36 (KHTML, like Gecko; compatible; ClaudeBot/1.0; [email protected])"
216.73.216.171 - - [21/Jul/2025:19:17:10 +0000] "GET /goodscode/104752145.shtm HTTP/1.1" 404 11743 "-" "Mozilla/5.0 AppleWebKit/537.36 (KHTML, like Gecko; compatible; ClaudeBot/1.0; [email protected])"
216.73.216.171 - - [21/Jul/2025:19:17:11 +0000] "GET /goodscode/104750412.shtm HTTP/1.1" 404 11743 "-" "Mozilla/5.0 AppleWebKit/537.36 (KHTML, like Gecko; compatible; ClaudeBot/1.0; [email protected])"
216.73.216.171 - - [21/Jul/2025:19:17:11 +0000] "GET /goodscode/104727166.shtm HTTP/1.1" 404 11743 "-" "Mozilla/5.0 AppleWebKit/537.36 (KHTML, like Gecko; compatible; ClaudeBot/1.0; [email protected])"
216.73.216.171 - - [21/Jul/2025:19:17:11 +0000] "GET /goodscode/104743668.shtm HTTP/1.1" 404 11743 "-" "Mozilla/5.0 AppleWebKit/537.36 (KHTML, like Gecko; compatible; ClaudeBot/1.0; [email protected])"
216.73.216.171 - - [21/Jul/2025:19:17:11 +0000] "GET /goodscode/104745863.shtm HTTP/1.1" 404 11743 "-" "Mozilla/5.0 AppleWebKit/537.36 (KHTML, like Gecko; compatible; ClaudeBot/1.0; [email protected])"
216.73.216.171 - - [21/Jul/2025:19:17:11 +0000] "GET /goodscode/104739302.shtm HTTP/1.1" 404 11743 "-" "Mozilla/5.0 AppleWebKit/537.36 (KHTML, like Gecko; compatible; ClaudeBot/1.0; [email protected])"
216.73.216.171 - - [21/Jul/2025:19:17:11 +0000] "GET /goodscode/104729277.shtm HTTP/1.1" 404 11743 "-" "Mozilla/5.0 AppleWebKit/537.36 (KHTML, like Gecko; compatible; ClaudeBot/1.0; [email protected])"
216.73.216.171 - - [21/Jul/2025:19:17:11 +0000] "GET /goodscode/104736983.shtm HTTP/1.1" 404 11743 "-" "Mozilla/5.0 AppleWebKit/537.36 (KHTML, like Gecko; compatible; ClaudeBot/1.0; [email protected])"
216.73.216.171 - - [21/Jul/2025:19:17:11 +0000] "GET /goodscode/104746455.shtm HTTP/1.1" 404 11743 "-" "Mozilla/5.0 AppleWebKit/537.36 (KHTML, like Gecko; compatible; ClaudeBot/1.0; [email protected])"
216.73.216.171 - - [21/Jul/2025:19:17:11 +0000] "GET /goodscode/104728029.shtm HTTP/1.1" 404 11743 "-" "Mozilla/5.0 AppleWebKit/537.36 (KHTML, like Gecko; compatible; ClaudeBot/1.0; [email protected])"
216.73.216.171 - - [21/Jul/2025:19:17:11 +0000] "GET /goodscode/104750254.shtm HTTP/1.1" 404 11743 "-" "Mozilla/5.0 AppleWebKit/537.36 (KHTML, like Gecko; compatible; ClaudeBot/1.0; [email protected])"
216.73.216.171 - - [21/Jul/2025:19:17:12 +0000] "GET /goodscode/104736381.shtm HTTP/1.1" 404 11743 "-" "Mozilla/5.0 AppleWebKit/537.36 (KHTML, like Gecko; compatible; ClaudeBot/1.0; [email protected])"
216.73.216.171 - - [21/Jul/2025:19:17:12 +0000] "GET /goodscode/104735569.shtm HTTP/1.1" 404 11743 "-" "Mozilla/5.0 AppleWebKit/537.36 (KHTML, like Gecko; compatible; ClaudeBot/1.0; [email protected])"
216.73.216.171 - - [21/Jul/2025:19:17:12 +0000] "GET /goodscode/104749851.shtm HTTP/1.1" 404 11743 "-" "Mozilla/5.0 AppleWebKit/537.36 (KHTML, like Gecko; compatible; ClaudeBot/1.0; [email protected])"
216.73.216.171 - - [21/Jul/2025:19:17:12 +0000] "GET /goodscode/104737501.shtm HTTP/1.1" 404 11743 "-" "Mozilla/5.0 AppleWebKit/537.36 (KHTML, like Gecko; compatible; ClaudeBot/1.0; [email protected])"
216.73.216.171 - - [21/Jul/2025:19:17:12 +0000] "GET /goodscode/104753650.shtm HTTP/1.1" 404 11743 "-" "Mozilla/5.0 AppleWebKit/537.36 (KHTML, like Gecko; compatible; ClaudeBot/1.0; [email protected])"
209.74.77.214 - - [21/Jul/2025:19:18:14 +0000] "POST /wp-cron.php?doing_wp_cron=1753125493.9843089580535888671875 HTTP/1.1" 200 - "-" "WordPress/6.8.2; https://gardenify.com.au"
57.141.2.2 - - [21/Jul/2025:19:18:12 +0000] "GET /goodscode/15933653.shtm HTTP/1.1" 404 50359 "-" "meta-externalagent/1.1 (+https://developers.facebook.com/docs/sharing/webmasters/crawler)"
209.74.77.214 - - [21/Jul/2025:19:18:14 +0000] "POST /wp-admin/admin-ajax.php?action=async_litespeed&nonce=vRBBZMinAi7avsL0Yygy7Qfl6E5UVoxX&litespeed_type=imgoptm HTTP/1.1" 200 21 "-" "WordPress/6.8.2; https://gardenify.com.au"
209.74.77.214 - - [21/Jul/2025:19:18:50 +0000] "POST /wp-cron.php?doing_wp_cron=1753125530.3905260562896728515625 HTTP/1.1" 200 - "-" "WordPress/6.8.2; https://gardenify.com.au"
216.73.216.171 - - [21/Jul/2025:19:18:50 +0000] "GET /goodscode/104729534.shtm HTTP/1.1" 404 11743 "-" "Mozilla/5.0 AppleWebKit/537.36 (KHTML, like Gecko; compatible; ClaudeBot/1.0; [email protected])"
216.73.216.171 - - [21/Jul/2025:19:18:49 +0000] "GET /goodscode/104750486.shtm HTTP/1.1" 404 11743 "-" "Mozilla/5.0 AppleWebKit/537.36 (KHTML, like Gecko; compatible; ClaudeBot/1.0; [email protected])"
216.73.216.171 - - [21/Jul/2025:19:18:50 +0000] "GET /goodscode/104736225.shtm HTTP/1.1" 404 11743 "-" "Mozilla/5.0 AppleWebKit/537.36 (KHTML, like Gecko; compatible; ClaudeBot/1.0; [email protected])"
216.73.216.171 - - [21/Jul/2025:19:18:50 +0000] "GET /goodscode/104743742.shtm HTTP/1.1" 404 11743 "-" "Mozilla/5.0 AppleWebKit/537.36 (KHTML, like Gecko; compatible; ClaudeBot/1.0; [email protected])"
216.73.216.171 - - [21/Jul/2025:19:18:49 +0000] "GET /goodscode/104757590.shtm HTTP/1.1" 404 11743 "-" "Mozilla/5.0 AppleWebKit/537.36 (KHTML, like Gecko; compatible; ClaudeBot/1.0; [email protected])"
216.73.216.171 - - [21/Jul/2025:19:18:50 +0000] "GET /goodscode/104733135.shtm HTTP/1.1" 404 11743 "-" "Mozilla/5.0 AppleWebKit/537.36 (KHTML, like Gecko; compatible; ClaudeBot/1.0; [email protected])"
216.73.216.171 - - [21/Jul/2025:19:18:50 +0000] "GET /goodscode/104753559.shtm HTTP/1.1" 404 11743 "-" "Mozilla/5.0 AppleWebKit/537.36 (KHTML, like Gecko; compatible; ClaudeBot/1.0; [email protected])"
216.73.216.171 - - [21/Jul/2025:19:18:49 +0000] "GET /goodscode/104740940.shtm HTTP/1.1" 404 11743 "-" "Mozilla/5.0 AppleWebKit/537.36 (KHTML, like Gecko; compatible; ClaudeBot/1.0; [email protected])"
216.73.216.171 - - [21/Jul/2025:19:18:50 +0000] "GET /goodscode/104730348.shtm HTTP/1.1" 404 11743 "-" "Mozilla/5.0 AppleWebKit/537.36 (KHTML, like Gecko; compatible; ClaudeBot/1.0; [email protected])"
216.73.216.171 - - [21/Jul/2025:19:18:50 +0000] "GET /goodscode/104749728.shtm HTTP/1.1" 404 11743 "-" "Mozilla/5.0 AppleWebKit/537.36 (KHTML, like Gecko; compatible; ClaudeBot/1.0; [email protected])"
216.73.216.171 - - [21/Jul/2025:19:18:50 +0000] "GET /goodscode/104728722.shtm HTTP/1.1" 404 11743 "-" "Mozilla/5.0 AppleWebKit/537.36 (KHTML, like Gecko; compatible; ClaudeBot/1.0; [email protected])"
216.73.216.171 - - [21/Jul/2025:19:18:50 +0000] "GET /goodscode/104747251.shtm HTTP/1.1" 404 11743 "-" "Mozilla/5.0 AppleWebKit/537.36 (KHTML, like Gecko; compatible; ClaudeBot/1.0; [email protected])"
209.74.77.214 - - [21/Jul/2025:19:18:51 +0000] "POST /wp-cron.php?doing_wp_cron=1753125531.0278429985046386718750 HTTP/1.1" 200 - "-" "WordPress/6.8.2; https://gardenify.com.au"
216.73.216.171 - - [21/Jul/2025:19:18:50 +0000] "GET /goodscode/104728572.shtm HTTP/1.1" 404 11743 "-" "Mozilla/5.0 AppleWebKit/537.36 (KHTML, like Gecko; compatible; ClaudeBot/1.0; [email protected])"
216.73.216.171 - - [21/Jul/2025:19:18:50 +0000] "GET /goodscode/104734270.shtm HTTP/1.1" 404 11743 "-" "Mozilla/5.0 AppleWebKit/537.36 (KHTML, like Gecko; compatible; ClaudeBot/1.0; [email protected])"
216.73.216.171 - - [21/Jul/2025:19:18:50 +0000] "GET /goodscode/104756723.shtm HTTP/1.1" 404 11743 "-" "Mozilla/5.0 AppleWebKit/537.36 (KHTML, like Gecko; compatible; ClaudeBot/1.0; [email protected])"
209.74.77.214 - - [21/Jul/2025:19:18:51 +0000] "POST /wp-admin/admin-ajax.php?action=async_litespeed&nonce=ROnnC9LrCtqs0h67btleXiN8An4t44y2&litespeed_type=imgoptm HTTP/1.1" 200 21 "-" "WordPress/6.8.2; https://gardenify.com.au"
216.73.216.171 - - [21/Jul/2025:19:18:51 +0000] "GET /goodscode/104732790.shtm HTTP/1.1" 404 11743 "-" "Mozilla/5.0 AppleWebKit/537.36 (KHTML, like Gecko; compatible; ClaudeBot/1.0; [email protected])"
216.73.216.171 - - [21/Jul/2025:19:18:51 +0000] "GET /goodscode/104728648.shtm HTTP/1.1" 404 11743 "-" "Mozilla/5.0 AppleWebKit/537.36 (KHTML, like Gecko; compatible; ClaudeBot/1.0; [email protected])"
216.73.216.171 - - [21/Jul/2025:19:18:51 +0000] "GET /goodscode/104730784.shtm HTTP/1.1" 404 11743 "-" "Mozilla/5.0 AppleWebKit/537.36 (KHTML, like Gecko; compatible; ClaudeBot/1.0; [email protected])"
216.73.216.171 - - [21/Jul/2025:19:18:51 +0000] "GET /goodscode/104727010.shtm HTTP/1.1" 404 11743 "-" "Mozilla/5.0 AppleWebKit/537.36 (KHTML, like Gecko; compatible; ClaudeBot/1.0; [email protected])"
216.73.216.171 - - [21/Jul/2025:19:18:51 +0000] "GET /goodscode/104753921.shtm HTTP/1.1" 404 11743 "-" "Mozilla/5.0 AppleWebKit/537.36 (KHTML, like Gecko; compatible; ClaudeBot/1.0; [email protected])"
216.73.216.171 - - [21/Jul/2025:19:18:51 +0000] "GET /goodscode/104728325.shtm HTTP/1.1" 404 11743 "-" "Mozilla/5.0 AppleWebKit/537.36 (KHTML, like Gecko; compatible; ClaudeBot/1.0; [email protected])"
216.73.216.171 - - [21/Jul/2025:19:18:51 +0000] "GET /goodscode/104736817.shtm HTTP/1.1" 404 11743 "-" "Mozilla/5.0 AppleWebKit/537.36 (KHTML, like Gecko; compatible; ClaudeBot/1.0; [email protected])"
216.73.216.171 - - [21/Jul/2025:19:18:51 +0000] "GET /goodscode/104751551.shtm HTTP/1.1" 404 11743 "-" "Mozilla/5.0 AppleWebKit/537.36 (KHTML, like Gecko; compatible; ClaudeBot/1.0; [email protected])"
216.73.216.171 - - [21/Jul/2025:19:18:51 +0000] "GET /goodscode/104730907.shtm HTTP/1.1" 404 11743 "-" "Mozilla/5.0 AppleWebKit/537.36 (KHTML, like Gecko; compatible; ClaudeBot/1.0; [email protected])"
216.73.216.171 - - [21/Jul/2025:19:18:51 +0000] "GET /goodscode/104754464.shtm HTTP/1.1" 404 11743 "-" "Mozilla/5.0 AppleWebKit/537.36 (KHTML, like Gecko; compatible; ClaudeBot/1.0; [email protected])"
216.73.216.171 - - [21/Jul/2025:19:18:52 +0000] "GET /goodscode/104741193.shtm HTTP/1.1" 404 11743 "-" "Mozilla/5.0 AppleWebKit/537.36 (KHTML, like Gecko; compatible; ClaudeBot/1.0; [email protected])"
216.73.216.171 - - [21/Jul/2025:19:18:52 +0000] "GET /goodscode/104747111.shtm HTTP/1.1" 404 11743 "-" "Mozilla/5.0 AppleWebKit/537.36 (KHTML, like Gecko; compatible; ClaudeBot/1.0; [email protected])"
