66.249.79.236 - - [21/Jul/2025:20:46:20 +0000] "POST /get-message-notify HTTP/1.1" 200 18124 "https://gardenify.com.au/goodscode/161571.shtm" "Mozilla/5.0 (Linux; Android 6.0.1; Nexus 5X Build/MMB29P) AppleWebKit/537.36 (KHTML, like Gecko) Chrome/137.0.7151.119 Mobile Safari/537.36 (compatible; Googlebot/2.1; +http://www.google.com/bot.html)"
66.249.79.236 - - [21/Jul/2025:20:46:44 +0000] "POST /get-message-notify HTTP/1.1" 200 18124 "https://gardenify.com.au/goodscode/160173.shtm" "Mozilla/5.0 (Linux; Android 6.0.1; Nexus 5X Build/MMB29P) AppleWebKit/537.36 (KHTML, like Gecko) Chrome/137.0.7151.119 Mobile Safari/537.36 (compatible; Googlebot/2.1; +http://www.google.com/bot.html)"
209.74.77.214 - - [21/Jul/2025:20:49:46 +0000] "POST /wp-cron.php?doing_wp_cron=1753130986.7203979492187500000000 HTTP/1.1" 200 - "-" "WordPress/6.8.2; https://gardenify.com.au"
57.141.2.1 - - [21/Jul/2025:20:49:45 +0000] "GET /goodscode/15926097.shtm HTTP/1.1" 404 50359 "-" "meta-externalagent/1.1 (+https://developers.facebook.com/docs/sharing/webmasters/crawler)"
209.74.77.214 - - [21/Jul/2025:20:49:46 +0000] "POST /wp-admin/admin-ajax.php?action=async_litespeed&nonce=ufwGcPAZ7gLoHR009ARcOvJEMyM5fZVp&litespeed_type=imgoptm HTTP/1.1" 200 21 "-" "WordPress/6.8.2; https://gardenify.com.au"
209.74.77.214 - - [21/Jul/2025:20:50:02 +0000] "POST /wp-cron.php?doing_wp_cron=1753131002.2578959465026855468750 HTTP/1.1" 200 - "-" "WordPress/6.8.2; https://gardenify.com.au"
57.141.2.14 - - [21/Jul/2025:20:50:02 +0000] "GET /goodscode/15928942.shtm HTTP/1.1" 404 50359 "-" "meta-externalagent/1.1 (+https://developers.facebook.com/docs/sharing/webmasters/crawler)"
209.74.77.214 - - [21/Jul/2025:20:50:02 +0000] "POST /wp-admin/admin-ajax.php?action=async_litespeed&nonce=1d5U9230AKyNtyiaP1FJP4ml16AY9W4P&litespeed_type=imgoptm HTTP/1.1" 200 21 "-" "WordPress/6.8.2; https://gardenify.com.au"
216.73.216.171 - - [21/Jul/2025:20:50:39 +0000] "GET /sitemap-19.xml HTTP/1.1" 200 3763 "-" "Mozilla/5.0 AppleWebKit/537.36 (KHTML, like Gecko; compatible; ClaudeBot/1.0; [email protected])"
216.73.216.171 - - [21/Jul/2025:20:50:39 +0000] "GET /sitemap-8.xml HTTP/1.1" 200 3765 "-" "Mozilla/5.0 AppleWebKit/537.36 (KHTML, like Gecko; compatible; ClaudeBot/1.0; [email protected])"
216.73.216.171 - - [21/Jul/2025:20:52:12 +0000] "GET /db.php/sitemap-10.xml HTTP/1.1" 200 13875 "-" "Mozilla/5.0 AppleWebKit/537.36 (KHTML, like Gecko; compatible; ClaudeBot/1.0; [email protected])"
216.73.216.171 - - [21/Jul/2025:20:53:48 +0000] "GET /db.php/sitemap-17.xml HTTP/1.1" 200 13839 "-" "Mozilla/5.0 AppleWebKit/537.36 (KHTML, like Gecko; compatible; ClaudeBot/1.0; [email protected])"
209.74.77.214 - - [21/Jul/2025:20:56:30 +0000] "POST /wp-cron.php?doing_wp_cron=1753131390.5058059692382812500000 HTTP/1.1" 200 - "-" "WordPress/6.8.2; https://gardenify.com.au"
57.141.2.3 - - [21/Jul/2025:20:56:29 +0000] "GET /goodscode/15929287.shtm HTTP/1.1" 404 50359 "-" "meta-externalagent/1.1 (+https://developers.facebook.com/docs/sharing/webmasters/crawler)"
209.74.77.214 - - [21/Jul/2025:20:56:30 +0000] "POST /wp-admin/admin-ajax.php?action=async_litespeed&nonce=n96ZhMCtPg9rgh1gVwad0GcCLw8QGTLQ&litespeed_type=imgoptm HTTP/1.1" 200 21 "-" "WordPress/6.8.2; https://gardenify.com.au"
216.73.216.171 - - [21/Jul/2025:20:56:31 +0000] "GET /sitemap-7.xml HTTP/1.1" 200 3763 "-" "Mozilla/5.0 AppleWebKit/537.36 (KHTML, like Gecko; compatible; ClaudeBot/1.0; [email protected])"
216.73.216.171 - - [21/Jul/2025:20:58:00 +0000] "GET /db.php/sitemap-8.xml HTTP/1.1" 200 13907 "-" "Mozilla/5.0 AppleWebKit/537.36 (KHTML, like Gecko; compatible; ClaudeBot/1.0; [email protected])"
209.74.77.214 - - [21/Jul/2025:21:00:57 +0000] "POST /wp-cron.php?doing_wp_cron=1753131657.0995650291442871093750 HTTP/1.1" 200 - "-" "WordPress/6.8.2; https://gardenify.com.au"
209.74.77.214 - - [21/Jul/2025:21:00:57 +0000] "POST /wp-cron.php?doing_wp_cron=1753131657.0995590686798095703125 HTTP/1.1" 200 - "-" "WordPress/6.8.2; https://gardenify.com.au"
57.141.2.14 - - [21/Jul/2025:21:00:55 +0000] "GET /goodscode/15932198.shtm HTTP/1.1" 404 50359 "-" "meta-externalagent/1.1 (+https://developers.facebook.com/docs/sharing/webmasters/crawler)"
57.141.2.4 - - [21/Jul/2025:21:00:56 +0000] "GET /goodscode/15936934.shtm HTTP/1.1" 404 50359 "-" "meta-externalagent/1.1 (+https://developers.facebook.com/docs/sharing/webmasters/crawler)"
209.74.77.214 - - [21/Jul/2025:21:00:57 +0000] "POST /wp-admin/admin-ajax.php?action=async_litespeed&nonce=i1eSw1krNufqUHfOTBtxcrb6NRzC9UYs&litespeed_type=imgoptm HTTP/1.1" 200 21 "-" "WordPress/6.8.2; https://gardenify.com.au"
57.141.2.20 - - [21/Jul/2025:21:01:10 +0000] "GET /goodscode/15934196.shtm HTTP/1.1" 404 50359 "-" "meta-externalagent/1.1 (+https://developers.facebook.com/docs/sharing/webmasters/crawler)"
57.141.2.24 - - [21/Jul/2025:21:01:14 +0000] "GET /goodscode/15921996.shtm HTTP/1.1" 404 50359 "-" "meta-externalagent/1.1 (+https://developers.facebook.com/docs/sharing/webmasters/crawler)"
66.249.79.236 - - [21/Jul/2025:21:05:40 +0000] "GET /goodscode/222629.shtm HTTP/1.1" 200 18251 "-" "Mozilla/5.0 (Linux; Android 6.0.1; Nexus 5X Build/MMB29P) AppleWebKit/537.36 (KHTML, like Gecko) Chrome/137.0.7151.103 Mobile Safari/537.36 (compatible; Googlebot/2.1; +http://www.google.com/bot.html)"
57.141.2.26 - - [21/Jul/2025:21:07:21 +0000] "GET /sitemap-10.xml HTTP/1.1" 200 163185 "-" "meta-externalagent/1.1 (+https://developers.facebook.com/docs/sharing/webmasters/crawler)"
57.141.2.14 - - [21/Jul/2025:21:07:30 +0000] "GET /sitemap-1.xml HTTP/1.1" 200 163176 "-" "meta-externalagent/1.1 (+https://developers.facebook.com/docs/sharing/webmasters/crawler)"
216.73.216.171 - - [21/Jul/2025:21:08:02 +0000] "GET /robots.txt HTTP/1.1" 200 229 "-" "Mozilla/5.0 AppleWebKit/537.36 (KHTML, like Gecko; compatible; ClaudeBot/1.0; [email protected])"
216.73.216.171 - - [21/Jul/2025:21:08:02 +0000] "GET /sitemap-2.xml HTTP/1.1" 200 3761 "-" "Mozilla/5.0 AppleWebKit/537.36 (KHTML, like Gecko; compatible; ClaudeBot/1.0; [email protected])"
66.249.79.237 - - [21/Jul/2025:21:08:56 +0000] "GET /goodscode/223258.shtm HTTP/1.1" 200 19097 "-" "Mozilla/5.0 (Linux; Android 6.0.1; Nexus 5X Build/MMB29P) AppleWebKit/537.36 (KHTML, like Gecko) Chrome/137.0.7151.103 Mobile Safari/537.36 (compatible; Googlebot/2.1; +http://www.google.com/bot.html)"
66.249.79.236 - - [21/Jul/2025:21:08:55 +0000] "GET /goodscode/225211.shtm HTTP/1.1" 200 18780 "-" "Mozilla/5.0 (Linux; Android 6.0.1; Nexus 5X Build/MMB29P) AppleWebKit/537.36 (KHTML, like Gecko) Chrome/137.0.7151.103 Mobile Safari/537.36 (compatible; Googlebot/2.1; +http://www.google.com/bot.html)"
209.74.77.214 - - [21/Jul/2025:21:09:10 +0000] "POST /wp-cron.php?doing_wp_cron=1753132150.1523768901824951171875 HTTP/1.1" 200 - "-" "WordPress/6.8.2; https://gardenify.com.au"
57.141.2.10 - - [21/Jul/2025:21:09:08 +0000] "GET /goodscode/15934541.shtm HTTP/1.1" 404 50359 "-" "meta-externalagent/1.1 (+https://developers.facebook.com/docs/sharing/webmasters/crawler)"
57.141.2.9 - - [21/Jul/2025:21:09:09 +0000] "GET /goodscode/15932015.shtm HTTP/1.1" 404 50359 "-" "meta-externalagent/1.1 (+https://developers.facebook.com/docs/sharing/webmasters/crawler)"
209.74.77.214 - - [21/Jul/2025:21:09:10 +0000] "POST /wp-admin/admin-ajax.php?action=async_litespeed&nonce=D7DqGRh2sXFvrEXDDnf7yk0lTHIRvg6v&litespeed_type=imgoptm HTTP/1.1" 200 21 "-" "WordPress/6.8.2; https://gardenify.com.au"
66.249.79.237 - - [21/Jul/2025:21:09:16 +0000] "POST /get-message-notify HTTP/1.1" 200 18124 "https://gardenify.com.au/goodscode/225211.shtm" "Mozilla/5.0 (Linux; Android 6.0.1; Nexus 5X Build/MMB29P) AppleWebKit/537.36 (KHTML, like Gecko) Chrome/137.0.7151.119 Mobile Safari/537.36 (compatible; Googlebot/2.1; +http://www.google.com/bot.html)"
57.141.2.13 - - [21/Jul/2025:21:09:19 +0000] "GET /goodscode/15916393.shtm HTTP/1.1" 404 50359 "-" "meta-externalagent/1.1 (+https://developers.facebook.com/docs/sharing/webmasters/crawler)"
209.74.77.214 - - [21/Jul/2025:21:09:34 +0000] "POST /wp-cron.php?doing_wp_cron=1753132174.0661849975585937500000 HTTP/1.1" 200 - "-" "WordPress/6.8.2; https://gardenify.com.au"
57.141.2.17 - - [21/Jul/2025:21:09:33 +0000] "GET /goodscode/15931655.shtm HTTP/1.1" 404 50359 "-" "meta-externalagent/1.1 (+https://developers.facebook.com/docs/sharing/webmasters/crawler)"
57.141.2.9 - - [21/Jul/2025:21:09:49 +0000] "GET /goodscode/15916699.shtm HTTP/1.1" 404 50359 "-" "meta-externalagent/1.1 (+https://developers.facebook.com/docs/sharing/webmasters/crawler)"
209.74.77.214 - - [21/Jul/2025:21:10:00 +0000] "POST /wp-cron.php?doing_wp_cron=1753132200.8932058811187744140625 HTTP/1.1" 200 - "-" "WordPress/6.8.2; https://gardenify.com.au"
57.141.2.22 - - [21/Jul/2025:21:10:00 +0000] "GET /goodscode/15928825.shtm HTTP/1.1" 404 50359 "-" "meta-externalagent/1.1 (+https://developers.facebook.com/docs/sharing/webmasters/crawler)"
209.74.77.214 - - [21/Jul/2025:21:10:00 +0000] "POST /wp-admin/admin-ajax.php?action=async_litespeed&nonce=juCPYOxw6C5e0Ksx4TJHQsZtxHIKJSDb&litespeed_type=imgoptm HTTP/1.1" 200 21 "-" "WordPress/6.8.2; https://gardenify.com.au"
57.141.2.16 - - [21/Jul/2025:21:10:01 +0000] "GET /goodscode/15917028.shtm HTTP/1.1" 404 50359 "-" "meta-externalagent/1.1 (+https://developers.facebook.com/docs/sharing/webmasters/crawler)"
216.73.216.171 - - [21/Jul/2025:21:10:21 +0000] "GET /sitemap-12.xml HTTP/1.1" 200 3762 "-" "Mozilla/5.0 AppleWebKit/537.36 (KHTML, like Gecko; compatible; ClaudeBot/1.0; [email protected])"
66.249.79.238 - - [21/Jul/2025:21:12:36 +0000] "GET /goodscode/223297.shtm HTTP/1.1" 200 18590 "-" "Mozilla/5.0 (Linux; Android 6.0.1; Nexus 5X Build/MMB29P) AppleWebKit/537.36 (KHTML, like Gecko) Chrome/137.0.7151.103 Mobile Safari/537.36 (compatible; Googlebot/2.1; +http://www.google.com/bot.html)"
66.249.79.237 - - [21/Jul/2025:21:12:43 +0000] "GET /goodscode/225394.shtm HTTP/1.1" 200 18536 "-" "Mozilla/5.0 (Linux; Android 6.0.1; Nexus 5X Build/MMB29P) AppleWebKit/537.36 (KHTML, like Gecko) Chrome/137.0.7151.103 Mobile Safari/537.36 (compatible; Googlebot/2.1; +http://www.google.com/bot.html)"
66.249.79.236 - - [21/Jul/2025:21:12:43 +0000] "GET /goodscode/222666.shtm HTTP/1.1" 200 19471 "-" "Mozilla/5.0 (Linux; Android 6.0.1; Nexus 5X Build/MMB29P) AppleWebKit/537.36 (KHTML, like Gecko) Chrome/137.0.7151.103 Mobile Safari/537.36 (compatible; Googlebot/2.1; +http://www.google.com/bot.html)"
66.249.79.237 - - [21/Jul/2025:21:12:46 +0000] "POST /get-message-notify HTTP/1.1" 200 18124 "https://gardenify.com.au/goodscode/225394.shtm" "Mozilla/5.0 (Linux; Android 6.0.1; Nexus 5X Build/MMB29P) AppleWebKit/537.36 (KHTML, like Gecko) Chrome/137.0.7151.119 Mobile Safari/537.36 (compatible; Googlebot/2.1; +http://www.google.com/bot.html)"
66.249.79.236 - - [21/Jul/2025:21:12:48 +0000] "GET /goodscode/222296.shtm HTTP/1.1" 200 18856 "-" "Mozilla/5.0 (Linux; Android 6.0.1; Nexus 5X Build/MMB29P) AppleWebKit/537.36 (KHTML, like Gecko) Chrome/137.0.7151.103 Mobile Safari/537.36 (compatible; Googlebot/2.1; +http://www.google.com/bot.html)"
66.249.79.236 - - [21/Jul/2025:21:12:52 +0000] "GET /goodscode/225229.shtm HTTP/1.1" 200 19265 "-" "Mozilla/5.0 (Linux; Android 6.0.1; Nexus 5X Build/MMB29P) AppleWebKit/537.36 (KHTML, like Gecko) Chrome/137.0.7151.103 Mobile Safari/537.36 (compatible; Googlebot/2.1; +http://www.google.com/bot.html)"
66.249.79.236 - - [21/Jul/2025:21:12:57 +0000] "GET /goodscode/222343.shtm HTTP/1.1" 200 18821 "-" "Mozilla/5.0 (Linux; Android 6.0.1; Nexus 5X Build/MMB29P) AppleWebKit/537.36 (KHTML, like Gecko) Chrome/137.0.7151.103 Mobile Safari/537.36 (compatible; Googlebot/2.1; +http://www.google.com/bot.html)"
66.249.79.236 - - [21/Jul/2025:21:12:58 +0000] "GET /goodscode/225034.shtm HTTP/1.1" 200 19062 "-" "Mozilla/5.0 (Linux; Android 6.0.1; Nexus 5X Build/MMB29P) AppleWebKit/537.36 (KHTML, like Gecko) Chrome/137.0.7151.103 Mobile Safari/537.36 (compatible; Googlebot/2.1; +http://www.google.com/bot.html)"
66.249.79.236 - - [21/Jul/2025:21:13:00 +0000] "GET /goodscode/223404.shtm HTTP/1.1" 200 18946 "-" "Mozilla/5.0 (Linux; Android 6.0.1; Nexus 5X Build/MMB29P) AppleWebKit/537.36 (KHTML, like Gecko) Chrome/137.0.7151.103 Mobile Safari/537.36 (compatible; Googlebot/2.1; +http://www.google.com/bot.html)"
66.249.79.236 - - [21/Jul/2025:21:13:01 +0000] "POST /get-message-notify HTTP/1.1" 200 18124 "https://gardenify.com.au/goodscode/225229.shtm" "Mozilla/5.0 (Linux; Android 6.0.1; Nexus 5X Build/MMB29P) AppleWebKit/537.36 (KHTML, like Gecko) Chrome/137.0.7151.119 Mobile Safari/537.36 (compatible; Googlebot/2.1; +http://www.google.com/bot.html)"
66.249.79.236 - - [21/Jul/2025:21:13:02 +0000] "POST /get-message-notify HTTP/1.1" 200 18124 "https://gardenify.com.au/goodscode/225034.shtm" "Mozilla/5.0 (Linux; Android 6.0.1; Nexus 5X Build/MMB29P) AppleWebKit/537.36 (KHTML, like Gecko) Chrome/137.0.7151.119 Mobile Safari/537.36 (compatible; Googlebot/2.1; +http://www.google.com/bot.html)"
66.249.79.236 - - [21/Jul/2025:21:13:03 +0000] "GET /goodscode/224292.shtm HTTP/1.1" 200 19183 "-" "Mozilla/5.0 (Linux; Android 6.0.1; Nexus 5X Build/MMB29P) AppleWebKit/537.36 (KHTML, like Gecko) Chrome/137.0.7151.103 Mobile Safari/537.36 (compatible; Googlebot/2.1; +http://www.google.com/bot.html)"
66.249.79.236 - - [21/Jul/2025:21:13:04 +0000] "GET /goodscode/223295.shtm HTTP/1.1" 200 18805 "-" "Mozilla/5.0 (Linux; Android 6.0.1; Nexus 5X Build/MMB29P) AppleWebKit/537.36 (KHTML, like Gecko) Chrome/137.0.7151.103 Mobile Safari/537.36 (compatible; Googlebot/2.1; +http://www.google.com/bot.html)"
216.73.216.171 - - [21/Jul/2025:21:13:08 +0000] "GET /sitemap-11.xml HTTP/1.1" 200 3764 "-" "Mozilla/5.0 AppleWebKit/537.36 (KHTML, like Gecko; compatible; ClaudeBot/1.0; [email protected])"
66.249.79.236 - - [21/Jul/2025:21:13:38 +0000] "POST /get-message-notify HTTP/1.1" 200 18124 "https://gardenify.com.au/goodscode/222343.shtm" "Mozilla/5.0 (Linux; Android 6.0.1; Nexus 5X Build/MMB29P) AppleWebKit/537.36 (KHTML, like Gecko) Chrome/137.0.7151.119 Mobile Safari/537.36 (compatible; Googlebot/2.1; +http://www.google.com/bot.html)"
216.73.216.171 - - [21/Jul/2025:21:14:11 +0000] "GET /db.php/sitemap-13.xml HTTP/1.1" 200 13836 "-" "Mozilla/5.0 AppleWebKit/537.36 (KHTML, like Gecko; compatible; ClaudeBot/1.0; [email protected])"
209.74.77.214 - - [21/Jul/2025:21:14:42 +0000] "POST /wp-cron.php?doing_wp_cron=1753132482.1242809295654296875000 HTTP/1.1" 200 - "-" "WordPress/6.8.2; https://gardenify.com.au"
57.141.2.13 - - [21/Jul/2025:21:14:41 +0000] "GET /goodscode/15934615.shtm HTTP/1.1" 404 50359 "-" "meta-externalagent/1.1 (+https://developers.facebook.com/docs/sharing/webmasters/crawler)"
209.74.77.214 - - [21/Jul/2025:21:14:42 +0000] "POST /wp-admin/admin-ajax.php?action=async_litespeed&nonce=9wWB5P8ol0HgbpwbHqRFyojsVnuppXXK&litespeed_type=imgoptm HTTP/1.1" 200 21 "-" "WordPress/6.8.2; https://gardenify.com.au"
57.141.2.25 - - [21/Jul/2025:21:14:49 +0000] "GET /goodscode/15933571.shtm HTTP/1.1" 404 50359 "-" "meta-externalagent/1.1 (+https://developers.facebook.com/docs/sharing/webmasters/crawler)"
57.141.2.26 - - [21/Jul/2025:21:14:50 +0000] "GET /goodscode/15924438.shtm HTTP/1.1" 404 50359 "-" "meta-externalagent/1.1 (+https://developers.facebook.com/docs/sharing/webmasters/crawler)"
209.74.77.214 - - [21/Jul/2025:21:14:51 +0000] "POST /wp-cron.php?doing_wp_cron=1753132491.5914731025695800781250 HTTP/1.1" 200 - "-" "WordPress/6.8.2; https://gardenify.com.au"
57.141.2.13 - - [21/Jul/2025:21:14:51 +0000] "GET /goodscode/15925505.shtm HTTP/1.1" 404 50359 "-" "meta-externalagent/1.1 (+https://developers.facebook.com/docs/sharing/webmasters/crawler)"
209.74.77.214 - - [21/Jul/2025:21:14:51 +0000] "POST /wp-admin/admin-ajax.php?action=async_litespeed&nonce=HhPi0GwrpKbxeGhb1VPnICXUpUzEFFtB&litespeed_type=imgoptm HTTP/1.1" 200 21 "-" "WordPress/6.8.2; https://gardenify.com.au"
57.141.2.26 - - [21/Jul/2025:21:14:56 +0000] "GET /goodscode/15927760.shtm HTTP/1.1" 404 50359 "-" "meta-externalagent/1.1 (+https://developers.facebook.com/docs/sharing/webmasters/crawler)"
57.141.2.4 - - [21/Jul/2025:21:14:56 +0000] "GET /?s=21861912011490& HTTP/1.1" 200 50573 "-" "meta-externalagent/1.1 (+https://developers.facebook.com/docs/sharing/webmasters/crawler)"
57.141.2.4 - - [21/Jul/2025:21:14:57 +0000] "GET /goodscode/15916280.shtm HTTP/1.1" 404 50359 "-" "meta-externalagent/1.1 (+https://developers.facebook.com/docs/sharing/webmasters/crawler)"
216.73.216.171 - - [21/Jul/2025:21:15:29 +0000] "GET /db.php/sitemap-1.xml HTTP/1.1" 200 13900 "-" "Mozilla/5.0 AppleWebKit/537.36 (KHTML, like Gecko; compatible; ClaudeBot/1.0; [email protected])"
209.74.77.214 - - [21/Jul/2025:21:16:41 +0000] "POST /wp-cron.php?doing_wp_cron=1753132601.4839799404144287109375 HTTP/1.1" 200 - "-" "WordPress/6.8.2; https://gardenify.com.au"
57.141.2.22 - - [21/Jul/2025:21:16:40 +0000] "GET /goodscode/15930202.shtm HTTP/1.1" 404 50359 "-" "meta-externalagent/1.1 (+https://developers.facebook.com/docs/sharing/webmasters/crawler)"
209.74.77.214 - - [21/Jul/2025:21:16:41 +0000] "POST /wp-admin/admin-ajax.php?action=async_litespeed&nonce=EW99NLbd9cMjoYIFNxA9vYDD3tkq1UDC&litespeed_type=imgoptm HTTP/1.1" 200 21 "-" "WordPress/6.8.2; https://gardenify.com.au"
209.74.77.214 - - [21/Jul/2025:21:17:23 +0000] "POST /wp-cron.php?doing_wp_cron=1753132643.7053449153900146484375 HTTP/1.1" 200 - "-" "WordPress/6.8.2; https://gardenify.com.au"
57.141.2.20 - - [21/Jul/2025:21:17:22 +0000] "GET /goodscode/15917990.shtm HTTP/1.1" 404 50359 "-" "meta-externalagent/1.1 (+https://developers.facebook.com/docs/sharing/webmasters/crawler)"
209.74.77.214 - - [21/Jul/2025:21:17:23 +0000] "POST /wp-admin/admin-ajax.php?action=async_litespeed&nonce=zzoKRJhZqYAGqf9SQl2KTdSUZ5g4pQs6&litespeed_type=imgoptm HTTP/1.1" 200 21 "-" "WordPress/6.8.2; https://gardenify.com.au"
216.73.216.171 - - [21/Jul/2025:21:20:46 +0000] "GET /db.php/sitemap-2.xml HTTP/1.1" 200 13852 "-" "Mozilla/5.0 AppleWebKit/537.36 (KHTML, like Gecko; compatible; ClaudeBot/1.0; [email protected])"
216.73.216.171 - - [21/Jul/2025:21:20:46 +0000] "GET /db.php/sitemap.xml HTTP/1.1" 200 13880 "-" "Mozilla/5.0 AppleWebKit/537.36 (KHTML, like Gecko; compatible; ClaudeBot/1.0; [email protected])"
216.73.216.171 - - [21/Jul/2025:21:20:47 +0000] "GET /sitemap-18.xml HTTP/1.1" 200 3763 "-" "Mozilla/5.0 AppleWebKit/537.36 (KHTML, like Gecko; compatible; ClaudeBot/1.0; [email protected])"
216.73.216.171 - - [21/Jul/2025:21:22:23 +0000] "GET /db.php/sitemap-5.xml HTTP/1.1" 200 13898 "-" "Mozilla/5.0 AppleWebKit/537.36 (KHTML, like Gecko; compatible; ClaudeBot/1.0; [email protected])"
57.141.2.1 - - [21/Jul/2025:21:23:30 +0000] "GET /db.php/sitemap-19.xml HTTP/1.1" 200 395110 "-" "meta-externalagent/1.1 (+https://developers.facebook.com/docs/sharing/webmasters/crawler)"
216.73.216.171 - - [21/Jul/2025:21:24:31 +0000] "GET /sitemap-6.xml HTTP/1.1" 200 3763 "-" "Mozilla/5.0 AppleWebKit/537.36 (KHTML, like Gecko; compatible; ClaudeBot/1.0; [email protected])"
216.73.216.171 - - [21/Jul/2025:21:25:52 +0000] "GET /sitemap-5.xml HTTP/1.1" 200 3762 "-" "Mozilla/5.0 AppleWebKit/537.36 (KHTML, like Gecko; compatible; ClaudeBot/1.0; [email protected])"
216.73.216.171 - - [21/Jul/2025:21:25:53 +0000] "GET /sitemap-4.xml HTTP/1.1" 200 3761 "-" "Mozilla/5.0 AppleWebKit/537.36 (KHTML, like Gecko; compatible; ClaudeBot/1.0; [email protected])"
209.74.77.214 - - [21/Jul/2025:21:29:48 +0000] "POST /wp-admin/admin-ajax.php?action=async_litespeed&nonce=AnUyCNH0yWVQxtHIwQdKCZ0qMogvkHLF&litespeed_type=imgoptm HTTP/1.1" 200 21 "-" "WordPress/6.8.2; https://gardenify.com.au"
209.74.77.214 - - [21/Jul/2025:21:30:58 +0000] "POST /wp-cron.php?doing_wp_cron=1753133458.9101378917694091796875 HTTP/1.1" 200 - "-" "WordPress/6.8.2; https://gardenify.com.au"
57.141.2.7 - - [21/Jul/2025:21:30:57 +0000] "GET /search/90340562041490/feed/rss2/ HTTP/1.1" 200 1209 "-" "meta-externalagent/1.1 (+https://developers.facebook.com/docs/sharing/webmasters/crawler)"
209.74.77.214 - - [21/Jul/2025:21:30:58 +0000] "POST /wp-admin/admin-ajax.php?action=async_litespeed&nonce=h9aJALBNCJx94VqYFuIoFhzBU4yM1pcG&litespeed_type=imgoptm HTTP/1.1" 200 21 "-" "WordPress/6.8.2; https://gardenify.com.au"
216.73.216.171 - - [21/Jul/2025:21:32:33 +0000] "GET /db.php/sitemap-11.xml HTTP/1.1" 200 13885 "-" "Mozilla/5.0 AppleWebKit/537.36 (KHTML, like Gecko; compatible; ClaudeBot/1.0; [email protected])"
216.73.216.171 - - [21/Jul/2025:21:32:34 +0000] "GET /sitemap-3.xml HTTP/1.1" 200 3761 "-" "Mozilla/5.0 AppleWebKit/537.36 (KHTML, like Gecko; compatible; ClaudeBot/1.0; [email protected])"
209.74.77.214 - - [21/Jul/2025:21:33:02 +0000] "POST /wp-cron.php?doing_wp_cron=1753133582.2257010936737060546875 HTTP/1.1" 200 - "-" "WordPress/6.8.2; https://gardenify.com.au"
57.141.2.26 - - [21/Jul/2025:21:33:01 +0000] "GET /search/33624584001490/feed/rss2/ HTTP/1.1" 200 1209 "-" "meta-externalagent/1.1 (+https://developers.facebook.com/docs/sharing/webmasters/crawler)"
209.74.77.214 - - [21/Jul/2025:21:33:02 +0000] "POST /wp-admin/admin-ajax.php?action=async_litespeed&nonce=8IHu6Cn5NJ3GEXhKm5dwXzzsDPn7lx1h&litespeed_type=imgoptm HTTP/1.1" 200 21 "-" "WordPress/6.8.2; https://gardenify.com.au"
57.141.2.20 - - [21/Jul/2025:21:33:40 +0000] "GET /sitemap-6.xml HTTP/1.1" 200 163181 "-" "meta-externalagent/1.1 (+https://developers.facebook.com/docs/sharing/webmasters/crawler)"
216.73.216.171 - - [21/Jul/2025:21:35:48 +0000] "GET /sitemap-11.xml HTTP/1.1" 200 3764 "-" "Mozilla/5.0 AppleWebKit/537.36 (KHTML, like Gecko; compatible; ClaudeBot/1.0; [email protected])"
216.73.216.171 - - [21/Jul/2025:21:35:48 +0000] "GET /sitemap-5.xml HTTP/1.1" 200 3762 "-" "Mozilla/5.0 AppleWebKit/537.36 (KHTML, like Gecko; compatible; ClaudeBot/1.0; [email protected])"
209.74.77.214 - - [21/Jul/2025:21:35:50 +0000] "POST /wp-cron.php?doing_wp_cron=1753133750.1658599376678466796875 HTTP/1.1" 200 - "-" "WordPress/6.8.2; https://gardenify.com.au"
209.74.77.214 - - [21/Jul/2025:21:35:50 +0000] "POST /wp-cron.php?doing_wp_cron=1753133750.1658999919891357421875 HTTP/1.1" 200 - "-" "WordPress/6.8.2; https://gardenify.com.au"
209.74.77.214 - - [21/Jul/2025:21:35:50 +0000] "POST /wp-cron.php?doing_wp_cron=1753133750.1658499240875244140625 HTTP/1.1" 200 - "-" "WordPress/6.8.2; https://gardenify.com.au"
216.73.216.171 - - [21/Jul/2025:21:35:49 +0000] "GET /sitemap-7.xml HTTP/1.1" 200 3763 "-" "Mozilla/5.0 AppleWebKit/537.36 (KHTML, like Gecko; compatible; ClaudeBot/1.0; [email protected])"
216.73.216.171 - - [21/Jul/2025:21:35:49 +0000] "GET /goodscode/65989868.shtm HTTP/1.1" 404 11743 "-" "Mozilla/5.0 AppleWebKit/537.36 (KHTML, like Gecko; compatible; ClaudeBot/1.0; [email protected])"
216.73.216.171 - - [21/Jul/2025:21:35:49 +0000] "GET /goodscode/65982246.shtm HTTP/1.1" 404 11743 "-" "Mozilla/5.0 AppleWebKit/537.36 (KHTML, like Gecko; compatible; ClaudeBot/1.0; [email protected])"
216.73.216.171 - - [21/Jul/2025:21:35:49 +0000] "GET /goodscode/65987640.shtm HTTP/1.1" 404 11743 "-" "Mozilla/5.0 AppleWebKit/537.36 (KHTML, like Gecko; compatible; ClaudeBot/1.0; [email protected])"
216.73.216.171 - - [21/Jul/2025:21:35:49 +0000] "GET /goodscode/66004329.shtm HTTP/1.1" 404 11743 "-" "Mozilla/5.0 AppleWebKit/537.36 (KHTML, like Gecko; compatible; ClaudeBot/1.0; [email protected])"
209.74.77.214 - - [21/Jul/2025:21:35:50 +0000] "POST /wp-admin/admin-ajax.php?action=async_litespeed&nonce=6pOhsvsoXxRwSufwz9mtPE6i0gnf7rBJ&litespeed_type=imgoptm HTTP/1.1" 200 21 "-" "WordPress/6.8.2; https://gardenify.com.au"
216.73.216.171 - - [21/Jul/2025:21:35:50 +0000] "GET /goodscode/65980363.shtm HTTP/1.1" 404 11743 "-" "Mozilla/5.0 AppleWebKit/537.36 (KHTML, like Gecko; compatible; ClaudeBot/1.0; [email protected])"
216.73.216.171 - - [21/Jul/2025:21:35:50 +0000] "GET /goodscode/65996826.shtm HTTP/1.1" 404 11743 "-" "Mozilla/5.0 AppleWebKit/537.36 (KHTML, like Gecko; compatible; ClaudeBot/1.0; [email protected])"
216.73.216.171 - - [21/Jul/2025:21:35:50 +0000] "GET /sitemap-12.xml HTTP/1.1" 200 3762 "-" "Mozilla/5.0 AppleWebKit/537.36 (KHTML, like Gecko; compatible; ClaudeBot/1.0; [email protected])"
209.74.77.214 - - [21/Jul/2025:21:35:51 +0000] "POST /wp-cron.php?doing_wp_cron=1753133751.1697220802307128906250 HTTP/1.1" 200 - "-" "WordPress/6.8.2; https://gardenify.com.au"
216.73.216.171 - - [21/Jul/2025:21:35:51 +0000] "GET /goodscode/65977216.shtm HTTP/1.1" 404 11743 "-" "Mozilla/5.0 AppleWebKit/537.36 (KHTML, like Gecko; compatible; ClaudeBot/1.0; [email protected])"
209.74.77.214 - - [21/Jul/2025:21:35:51 +0000] "POST /wp-admin/admin-ajax.php?action=async_litespeed&nonce=RV7wbjysMYovXZhaj9bIZICK1T3UIWqs&litespeed_type=imgoptm HTTP/1.1" 200 21 "-" "WordPress/6.8.2; https://gardenify.com.au"
216.73.216.171 - - [21/Jul/2025:21:35:51 +0000] "GET /goodscode/66003790.shtm HTTP/1.1" 404 11743 "-" "Mozilla/5.0 AppleWebKit/537.36 (KHTML, like Gecko; compatible; ClaudeBot/1.0; [email protected])"
216.73.216.171 - - [21/Jul/2025:21:35:51 +0000] "GET /sitemap-2.xml HTTP/1.1" 200 3761 "-" "Mozilla/5.0 AppleWebKit/537.36 (KHTML, like Gecko; compatible; ClaudeBot/1.0; [email protected])"
216.73.216.171 - - [21/Jul/2025:21:35:51 +0000] "GET /goodscode/65974772.shtm HTTP/1.1" 404 11743 "-" "Mozilla/5.0 AppleWebKit/537.36 (KHTML, like Gecko; compatible; ClaudeBot/1.0; [email protected])"
216.73.216.171 - - [21/Jul/2025:21:35:51 +0000] "GET /goodscode/65984986.shtm HTTP/1.1" 404 11743 "-" "Mozilla/5.0 AppleWebKit/537.36 (KHTML, like Gecko; compatible; ClaudeBot/1.0; [email protected])"
216.73.216.171 - - [21/Jul/2025:21:35:51 +0000] "GET /sitemap-3.xml HTTP/1.1" 200 3761 "-" "Mozilla/5.0 AppleWebKit/537.36 (KHTML, like Gecko; compatible; ClaudeBot/1.0; [email protected])"
216.73.216.171 - - [21/Jul/2025:21:35:51 +0000] "GET /goodscode/65984912.shtm HTTP/1.1" 404 11743 "-" "Mozilla/5.0 AppleWebKit/537.36 (KHTML, like Gecko; compatible; ClaudeBot/1.0; [email protected])"
216.73.216.171 - - [21/Jul/2025:21:35:52 +0000] "GET /goodscode/65992904.shtm HTTP/1.1" 404 11743 "-" "Mozilla/5.0 AppleWebKit/537.36 (KHTML, like Gecko; compatible; ClaudeBot/1.0; [email protected])"
216.73.216.171 - - [21/Jul/2025:21:35:52 +0000] "GET /goodscode/65982904.shtm HTTP/1.1" 404 11743 "-" "Mozilla/5.0 AppleWebKit/537.36 (KHTML, like Gecko; compatible; ClaudeBot/1.0; [email protected])"
216.73.216.171 - - [21/Jul/2025:21:35:52 +0000] "GET /goodscode/65996972.shtm HTTP/1.1" 404 11743 "-" "Mozilla/5.0 AppleWebKit/537.36 (KHTML, like Gecko; compatible; ClaudeBot/1.0; [email protected])"
216.73.216.171 - - [21/Jul/2025:21:35:52 +0000] "GET /goodscode/65976145.shtm HTTP/1.1" 404 11743 "-" "Mozilla/5.0 AppleWebKit/537.36 (KHTML, like Gecko; compatible; ClaudeBot/1.0; [email protected])"
216.73.216.171 - - [21/Jul/2025:21:35:52 +0000] "GET /goodscode/65980998.shtm HTTP/1.1" 404 11743 "-" "Mozilla/5.0 AppleWebKit/537.36 (KHTML, like Gecko; compatible; ClaudeBot/1.0; [email protected])"
216.73.216.171 - - [21/Jul/2025:21:35:52 +0000] "GET /goodscode/65996863.shtm HTTP/1.1" 404 11743 "-" "Mozilla/5.0 AppleWebKit/537.36 (KHTML, like Gecko; compatible; ClaudeBot/1.0; [email protected])"
216.73.216.171 - - [21/Jul/2025:21:35:53 +0000] "GET /goodscode/65983200.shtm HTTP/1.1" 404 11743 "-" "Mozilla/5.0 AppleWebKit/537.36 (KHTML, like Gecko; compatible; ClaudeBot/1.0; [email protected])"
216.73.216.171 - - [21/Jul/2025:21:35:53 +0000] "GET /goodscode/65985364.shtm HTTP/1.1" 404 11743 "-" "Mozilla/5.0 AppleWebKit/537.36 (KHTML, like Gecko; compatible; ClaudeBot/1.0; [email protected])"
216.73.216.171 - - [21/Jul/2025:21:35:53 +0000] "GET /goodscode/65996865.shtm HTTP/1.1" 404 11743 "-" "Mozilla/5.0 AppleWebKit/537.36 (KHTML, like Gecko; compatible; ClaudeBot/1.0; [email protected])"
216.73.216.171 - - [21/Jul/2025:21:35:53 +0000] "GET /goodscode/66001330.shtm HTTP/1.1" 404 11743 "-" "Mozilla/5.0 AppleWebKit/537.36 (KHTML, like Gecko; compatible; ClaudeBot/1.0; [email protected])"
216.73.216.171 - - [21/Jul/2025:21:35:53 +0000] "GET /goodscode/66005087.shtm HTTP/1.1" 404 11743 "-" "Mozilla/5.0 AppleWebKit/537.36 (KHTML, like Gecko; compatible; ClaudeBot/1.0; [email protected])"
216.73.216.171 - - [21/Jul/2025:21:35:53 +0000] "GET /goodscode/65988511.shtm HTTP/1.1" 404 11743 "-" "Mozilla/5.0 AppleWebKit/537.36 (KHTML, like Gecko; compatible; ClaudeBot/1.0; [email protected])"
216.73.216.171 - - [21/Jul/2025:21:35:53 +0000] "GET /sitemap-3.xml HTTP/1.1" 200 3761 "-" "Mozilla/5.0 AppleWebKit/537.36 (KHTML, like Gecko; compatible; ClaudeBot/1.0; [email protected])"
66.249.79.236 - - [21/Jul/2025:21:37:57 +0000] "GET /goodscode/284503.shtm HTTP/1.1" 200 18347 "-" "Mozilla/5.0 (Linux; Android 6.0.1; Nexus 5X Build/MMB29P) AppleWebKit/537.36 (KHTML, like Gecko) Chrome/137.0.7151.103 Mobile Safari/537.36 (compatible; Googlebot/2.1; +http://www.google.com/bot.html)"
66.249.79.236 - - [21/Jul/2025:21:37:58 +0000] "GET /goodscode/289422.shtm HTTP/1.1" 200 18673 "-" "Mozilla/5.0 (Linux; Android 6.0.1; Nexus 5X Build/MMB29P) AppleWebKit/537.36 (KHTML, like Gecko) Chrome/137.0.7151.103 Mobile Safari/537.36 (compatible; Googlebot/2.1; +http://www.google.com/bot.html)"
66.249.79.237 - - [21/Jul/2025:21:37:59 +0000] "GET /goodscode/289708.shtm HTTP/1.1" 200 18975 "-" "Mozilla/5.0 (Linux; Android 6.0.1; Nexus 5X Build/MMB29P) AppleWebKit/537.36 (KHTML, like Gecko) Chrome/137.0.7151.103 Mobile Safari/537.36 (compatible; Googlebot/2.1; +http://www.google.com/bot.html)"
66.249.79.237 - - [21/Jul/2025:21:38:01 +0000] "GET /goodscode/288894.shtm HTTP/1.1" 200 18399 "-" "Mozilla/5.0 (Linux; Android 6.0.1; Nexus 5X Build/MMB29P) AppleWebKit/537.36 (KHTML, like Gecko) Chrome/137.0.7151.103 Mobile Safari/537.36 (compatible; Googlebot/2.1; +http://www.google.com/bot.html)"
66.249.79.236 - - [21/Jul/2025:21:38:02 +0000] "GET /goodscode/290310.shtm HTTP/1.1" 200 18076 "-" "Mozilla/5.0 (Linux; Android 6.0.1; Nexus 5X Build/MMB29P) AppleWebKit/537.36 (KHTML, like Gecko) Chrome/137.0.7151.103 Mobile Safari/537.36 (compatible; Googlebot/2.1; +http://www.google.com/bot.html)"
66.249.79.236 - - [21/Jul/2025:21:38:03 +0000] "GET /goodscode/287932.shtm HTTP/1.1" 200 18354 "-" "Mozilla/5.0 (Linux; Android 6.0.1; Nexus 5X Build/MMB29P) AppleWebKit/537.36 (KHTML, like Gecko) Chrome/137.0.7151.103 Mobile Safari/537.36 (compatible; Googlebot/2.1; +http://www.google.com/bot.html)"
66.249.79.236 - - [21/Jul/2025:21:38:18 +0000] "POST /get-message-notify HTTP/1.1" 200 18124 "https://gardenify.com.au/goodscode/289708.shtm" "Mozilla/5.0 (Linux; Android 6.0.1; Nexus 5X Build/MMB29P) AppleWebKit/537.36 (KHTML, like Gecko) Chrome/137.0.7151.119 Mobile Safari/537.36 (compatible; Googlebot/2.1; +http://www.google.com/bot.html)"
209.74.77.214 - - [21/Jul/2025:21:38:22 +0000] "POST /wp-cron.php?doing_wp_cron=1753133902.4588971138000488281250 HTTP/1.1" 200 - "-" "WordPress/6.8.2; https://gardenify.com.au"
209.74.77.214 - - [21/Jul/2025:21:38:22 +0000] "POST /wp-cron.php?doing_wp_cron=1753133902.4590981006622314453125 HTTP/1.1" 200 - "-" "WordPress/6.8.2; https://gardenify.com.au"
216.73.216.171 - - [21/Jul/2025:21:38:21 +0000] "GET /goodscode/65986530.shtm HTTP/1.1" 404 11743 "-" "Mozilla/5.0 AppleWebKit/537.36 (KHTML, like Gecko; compatible; ClaudeBot/1.0; [email protected])"
216.73.216.171 - - [21/Jul/2025:21:38:21 +0000] "GET /goodscode/65989835.shtm HTTP/1.1" 404 11743 "-" "Mozilla/5.0 AppleWebKit/537.36 (KHTML, like Gecko; compatible; ClaudeBot/1.0; [email protected])"
216.73.216.171 - - [21/Jul/2025:21:38:22 +0000] "GET /goodscode/65993790.shtm HTTP/1.1" 404 11743 "-" "Mozilla/5.0 AppleWebKit/537.36 (KHTML, like Gecko; compatible; ClaudeBot/1.0; [email protected])"
209.74.77.214 - - [21/Jul/2025:21:38:22 +0000] "POST /wp-admin/admin-ajax.php?action=async_litespeed&nonce=jUFb4yvWyCwj6ZE6pRwd8m36hwUJ8cop&litespeed_type=imgoptm HTTP/1.1" 200 21 "-" "WordPress/6.8.2; https://gardenify.com.au"
216.73.216.171 - - [21/Jul/2025:21:38:22 +0000] "GET /goodscode/66001601.shtm HTTP/1.1" 404 11743 "-" "Mozilla/5.0 AppleWebKit/537.36 (KHTML, like Gecko; compatible; ClaudeBot/1.0; [email protected])"
216.73.216.171 - - [21/Jul/2025:21:38:22 +0000] "GET /sitemap-15.xml HTTP/1.1" 200 3763 "-" "Mozilla/5.0 AppleWebKit/537.36 (KHTML, like Gecko; compatible; ClaudeBot/1.0; [email protected])"
216.73.216.171 - - [21/Jul/2025:21:38:22 +0000] "GET /goodscode/65975117.shtm HTTP/1.1" 404 11743 "-" "Mozilla/5.0 AppleWebKit/537.36 (KHTML, like Gecko; compatible; ClaudeBot/1.0; [email protected])"
216.73.216.171 - - [21/Jul/2025:21:38:22 +0000] "GET /goodscode/65986234.shtm HTTP/1.1" 404 11743 "-" "Mozilla/5.0 AppleWebKit/537.36 (KHTML, like Gecko; compatible; ClaudeBot/1.0; [email protected])"
216.73.216.171 - - [21/Jul/2025:21:38:22 +0000] "GET /goodscode/65985551.shtm HTTP/1.1" 404 11743 "-" "Mozilla/5.0 AppleWebKit/537.36 (KHTML, like Gecko; compatible; ClaudeBot/1.0; [email protected])"
216.73.216.171 - - [21/Jul/2025:21:38:22 +0000] "GET /goodscode/65981611.shtm HTTP/1.1" 404 11743 "-" "Mozilla/5.0 AppleWebKit/537.36 (KHTML, like Gecko; compatible; ClaudeBot/1.0; [email protected])"
216.73.216.171 - - [21/Jul/2025:21:38:23 +0000] "GET /goodscode/66002645.shtm HTTP/1.1" 404 11743 "-" "Mozilla/5.0 AppleWebKit/537.36 (KHTML, like Gecko; compatible; ClaudeBot/1.0; [email protected])"
216.73.216.171 - - [21/Jul/2025:21:38:23 +0000] "GET /goodscode/65977107.shtm HTTP/1.1" 404 11743 "-" "Mozilla/5.0 AppleWebKit/537.36 (KHTML, like Gecko; compatible; ClaudeBot/1.0; [email protected])"
216.73.216.171 - - [21/Jul/2025:21:38:23 +0000] "GET /goodscode/66004512.shtm HTTP/1.1" 404 11743 "-" "Mozilla/5.0 AppleWebKit/537.36 (KHTML, like Gecko; compatible; ClaudeBot/1.0; [email protected])"
216.73.216.171 - - [21/Jul/2025:21:38:23 +0000] "GET /goodscode/65997564.shtm HTTP/1.1" 404 11743 "-" "Mozilla/5.0 AppleWebKit/537.36 (KHTML, like Gecko; compatible; ClaudeBot/1.0; [email protected])"
216.73.216.171 - - [21/Jul/2025:21:38:23 +0000] "GET /goodscode/65982108.shtm HTTP/1.1" 404 11743 "-" "Mozilla/5.0 AppleWebKit/537.36 (KHTML, like Gecko; compatible; ClaudeBot/1.0; [email protected])"
216.73.216.171 - - [21/Jul/2025:21:38:23 +0000] "GET /goodscode/66004150.shtm HTTP/1.1" 404 11743 "-" "Mozilla/5.0 AppleWebKit/537.36 (KHTML, like Gecko; compatible; ClaudeBot/1.0; [email protected])"
216.73.216.171 - - [21/Jul/2025:21:38:23 +0000] "GET /sitemap-6.xml HTTP/1.1" 200 3763 "-" "Mozilla/5.0 AppleWebKit/537.36 (KHTML, like Gecko; compatible; ClaudeBot/1.0; [email protected])"
216.73.216.171 - - [21/Jul/2025:21:38:23 +0000] "GET /goodscode/66003856.shtm HTTP/1.1" 404 11743 "-" "Mozilla/5.0 AppleWebKit/537.36 (KHTML, like Gecko; compatible; ClaudeBot/1.0; [email protected])"
216.73.216.171 - - [21/Jul/2025:21:38:23 +0000] "GET /goodscode/65983905.shtm HTTP/1.1" 404 11743 "-" "Mozilla/5.0 AppleWebKit/537.36 (KHTML, like Gecko; compatible; ClaudeBot/1.0; [email protected])"
216.73.216.171 - - [21/Jul/2025:21:38:23 +0000] "GET /goodscode/66004561.shtm HTTP/1.1" 404 11743 "-" "Mozilla/5.0 AppleWebKit/537.36 (KHTML, like Gecko; compatible; ClaudeBot/1.0; [email protected])"
216.73.216.171 - - [21/Jul/2025:21:38:23 +0000] "GET /goodscode/65989212.shtm HTTP/1.1" 404 11743 "-" "Mozilla/5.0 AppleWebKit/537.36 (KHTML, like Gecko; compatible; ClaudeBot/1.0; [email protected])"
216.73.216.171 - - [21/Jul/2025:21:38:23 +0000] "GET /goodscode/65981703.shtm HTTP/1.1" 404 11743 "-" "Mozilla/5.0 AppleWebKit/537.36 (KHTML, like Gecko; compatible; ClaudeBot/1.0; [email protected])"
216.73.216.171 - - [21/Jul/2025:21:38:24 +0000] "GET /goodscode/66005217.shtm HTTP/1.1" 404 11743 "-" "Mozilla/5.0 AppleWebKit/537.36 (KHTML, like Gecko; compatible; ClaudeBot/1.0; [email protected])"
216.73.216.171 - - [21/Jul/2025:21:38:24 +0000] "GET /goodscode/66003811.shtm HTTP/1.1" 404 11743 "-" "Mozilla/5.0 AppleWebKit/537.36 (KHTML, like Gecko; compatible; ClaudeBot/1.0; [email protected])"
216.73.216.171 - - [21/Jul/2025:21:38:24 +0000] "GET /goodscode/65998528.shtm HTTP/1.1" 404 11743 "-" "Mozilla/5.0 AppleWebKit/537.36 (KHTML, like Gecko; compatible; ClaudeBot/1.0; [email protected])"
216.73.216.171 - - [21/Jul/2025:21:38:24 +0000] "GET /goodscode/65996939.shtm HTTP/1.1" 404 11743 "-" "Mozilla/5.0 AppleWebKit/537.36 (KHTML, like Gecko; compatible; ClaudeBot/1.0; [email protected])"
216.73.216.171 - - [21/Jul/2025:21:38:24 +0000] "GET /sitemap-20.xml HTTP/1.1" 200 3763 "-" "Mozilla/5.0 AppleWebKit/537.36 (KHTML, like Gecko; compatible; ClaudeBot/1.0; [email protected])"
216.73.216.171 - - [21/Jul/2025:21:38:24 +0000] "GET /goodscode/65984772.shtm HTTP/1.1" 404 11743 "-" "Mozilla/5.0 AppleWebKit/537.36 (KHTML, like Gecko; compatible; ClaudeBot/1.0; [email protected])"
216.73.216.171 - - [21/Jul/2025:21:38:24 +0000] "GET /goodscode/65978077.shtm HTTP/1.1" 404 11743 "-" "Mozilla/5.0 AppleWebKit/537.36 (KHTML, like Gecko; compatible; ClaudeBot/1.0; [email protected])"
216.73.216.171 - - [21/Jul/2025:21:38:24 +0000] "GET /goodscode/65993430.shtm HTTP/1.1" 404 11743 "-" "Mozilla/5.0 AppleWebKit/537.36 (KHTML, like Gecko; compatible; ClaudeBot/1.0; [email protected])"
66.249.79.236 - - [21/Jul/2025:21:38:37 +0000] "POST /get-message-notify HTTP/1.1" 200 18124 "https://gardenify.com.au/goodscode/284503.shtm" "Mozilla/5.0 (Linux; Android 6.0.1; Nexus 5X Build/MMB29P) AppleWebKit/537.36 (KHTML, like Gecko) Chrome/137.0.7151.119 Mobile Safari/537.36 (compatible; Googlebot/2.1; +http://www.google.com/bot.html)"
209.74.77.214 - - [21/Jul/2025:21:39:50 +0000] "POST /wp-cron.php?doing_wp_cron=1753133990.7082920074462890625000 HTTP/1.1" 200 - "-" "WordPress/6.8.2; https://gardenify.com.au"
209.74.77.214 - - [21/Jul/2025:21:39:50 +0000] "POST /wp-cron.php?doing_wp_cron=1753133990.7082920074462890625000 HTTP/1.1" 200 - "-" "WordPress/6.8.2; https://gardenify.com.au"
216.73.216.171 - - [21/Jul/2025:21:39:49 +0000] "GET /goodscode/65989942.shtm HTTP/1.1" 404 11743 "-" "Mozilla/5.0 AppleWebKit/537.36 (KHTML, like Gecko; compatible; ClaudeBot/1.0; [email protected])"
216.73.216.171 - - [21/Jul/2025:21:39:49 +0000] "GET /goodscode/65975004.shtm HTTP/1.1" 404 11743 "-" "Mozilla/5.0 AppleWebKit/537.36 (KHTML, like Gecko; compatible; ClaudeBot/1.0; [email protected])"
216.73.216.171 - - [21/Jul/2025:21:39:50 +0000] "GET /goodscode/65990018.shtm HTTP/1.1" 404 11743 "-" "Mozilla/5.0 AppleWebKit/537.36 (KHTML, like Gecko; compatible; ClaudeBot/1.0; [email protected])"
216.73.216.171 - - [21/Jul/2025:21:39:49 +0000] "GET /goodscode/65983979.shtm HTTP/1.1" 404 11743 "-" "Mozilla/5.0 AppleWebKit/537.36 (KHTML, like Gecko; compatible; ClaudeBot/1.0; [email protected])"
209.74.77.214 - - [21/Jul/2025:21:39:50 +0000] "POST /wp-admin/admin-ajax.php?action=async_litespeed&nonce=FPzWonwYbBi2fWG42ogC9AaDBPuVdQTp&litespeed_type=imgoptm HTTP/1.1" 200 21 "-" "WordPress/6.8.2; https://gardenify.com.au"
209.74.77.214 - - [21/Jul/2025:21:39:50 +0000] "POST /wp-admin/admin-ajax.php?action=async_litespeed&nonce=wXL6wOPvAViMKsMsf5mqHruLkWmKpccX&litespeed_type=imgoptm HTTP/1.1" 200 21 "-" "WordPress/6.8.2; https://gardenify.com.au"
209.74.77.214 - - [21/Jul/2025:21:39:51 +0000] "POST /wp-cron.php?doing_wp_cron=1753133991.1462159156799316406250 HTTP/1.1" 200 - "-" "WordPress/6.8.2; https://gardenify.com.au"
216.73.216.171 - - [21/Jul/2025:21:39:50 +0000] "GET /goodscode/66005104.shtm HTTP/1.1" 404 11743 "-" "Mozilla/5.0 AppleWebKit/537.36 (KHTML, like Gecko; compatible; ClaudeBot/1.0; [email protected])"
216.73.216.171 - - [21/Jul/2025:21:39:51 +0000] "GET /goodscode/65982063.shtm HTTP/1.1" 404 11743 "-" "Mozilla/5.0 AppleWebKit/537.36 (KHTML, like Gecko; compatible; ClaudeBot/1.0; [email protected])"
209.74.77.214 - - [21/Jul/2025:21:39:51 +0000] "POST /wp-admin/admin-ajax.php?action=async_litespeed&nonce=REHbLRbFVRAjRmzoPtnC4jr07vlSelpH&litespeed_type=imgoptm HTTP/1.1" 200 21 "-" "WordPress/6.8.2; https://gardenify.com.au"
216.73.216.171 - - [21/Jul/2025:21:39:51 +0000] "GET /goodscode/65982129.shtm HTTP/1.1" 404 11743 "-" "Mozilla/5.0 AppleWebKit/537.36 (KHTML, like Gecko; compatible; ClaudeBot/1.0; [email protected])"
216.73.216.171 - - [21/Jul/2025:21:39:51 +0000] "GET /goodscode/65987574.shtm HTTP/1.1" 404 11743 "-" "Mozilla/5.0 AppleWebKit/537.36 (KHTML, like Gecko; compatible; ClaudeBot/1.0; [email protected])"
216.73.216.171 - - [21/Jul/2025:21:39:51 +0000] "GET /goodscode/65976005.shtm HTTP/1.1" 404 11743 "-" "Mozilla/5.0 AppleWebKit/537.36 (KHTML, like Gecko; compatible; ClaudeBot/1.0; [email protected])"
216.73.216.171 - - [21/Jul/2025:21:39:51 +0000] "GET /goodscode/65978334.shtm HTTP/1.1" 404 11743 "-" "Mozilla/5.0 AppleWebKit/537.36 (KHTML, like Gecko; compatible; ClaudeBot/1.0; [email protected])"
216.73.216.171 - - [21/Jul/2025:21:39:51 +0000] "GET /goodscode/65989917.shtm HTTP/1.1" 404 11743 "-" "Mozilla/5.0 AppleWebKit/537.36 (KHTML, like Gecko; compatible; ClaudeBot/1.0; [email protected])"
216.73.216.171 - - [21/Jul/2025:21:39:51 +0000] "GET /goodscode/65984211.shtm HTTP/1.1" 404 11743 "-" "Mozilla/5.0 AppleWebKit/537.36 (KHTML, like Gecko; compatible; ClaudeBot/1.0; [email protected])"
216.73.216.171 - - [21/Jul/2025:21:39:51 +0000] "GET /goodscode/65991601.shtm HTTP/1.1" 404 11743 "-" "Mozilla/5.0 AppleWebKit/537.36 (KHTML, like Gecko; compatible; ClaudeBot/1.0; [email protected])"
216.73.216.171 - - [21/Jul/2025:21:39:51 +0000] "GET /goodscode/66002300.shtm HTTP/1.1" 404 11743 "-" "Mozilla/5.0 AppleWebKit/537.36 (KHTML, like Gecko; compatible; ClaudeBot/1.0; [email protected])"
216.73.216.171 - - [21/Jul/2025:21:39:51 +0000] "GET /goodscode/65988205.shtm HTTP/1.1" 404 11743 "-" "Mozilla/5.0 AppleWebKit/537.36 (KHTML, like Gecko; compatible; ClaudeBot/1.0; [email protected])"
216.73.216.171 - - [21/Jul/2025:21:39:51 +0000] "GET /goodscode/66004964.shtm HTTP/1.1" 404 11743 "-" "Mozilla/5.0 AppleWebKit/537.36 (KHTML, like Gecko; compatible; ClaudeBot/1.0; [email protected])"
216.73.216.171 - - [21/Jul/2025:21:39:51 +0000] "GET /goodscode/66003301.shtm HTTP/1.1" 404 11743 "-" "Mozilla/5.0 AppleWebKit/537.36 (KHTML, like Gecko; compatible; ClaudeBot/1.0; [email protected])"
216.73.216.171 - - [21/Jul/2025:21:39:51 +0000] "GET /goodscode/65995114.shtm HTTP/1.1" 404 11743 "-" "Mozilla/5.0 AppleWebKit/537.36 (KHTML, like Gecko; compatible; ClaudeBot/1.0; [email protected])"
216.73.216.171 - - [21/Jul/2025:21:39:51 +0000] "GET /goodscode/65997640.shtm HTTP/1.1" 404 11743 "-" "Mozilla/5.0 AppleWebKit/537.36 (KHTML, like Gecko; compatible; ClaudeBot/1.0; [email protected])"
216.73.216.171 - - [21/Jul/2025:21:39:51 +0000] "GET /goodscode/65986439.shtm HTTP/1.1" 404 11743 "-" "Mozilla/5.0 AppleWebKit/537.36 (KHTML, like Gecko; compatible; ClaudeBot/1.0; [email protected])"
216.73.216.171 - - [21/Jul/2025:21:39:51 +0000] "GET /goodscode/65981950.shtm HTTP/1.1" 404 11743 "-" "Mozilla/5.0 AppleWebKit/537.36 (KHTML, like Gecko; compatible; ClaudeBot/1.0; [email protected])"
216.73.216.171 - - [21/Jul/2025:21:39:51 +0000] "GET /goodscode/66001525.shtm HTTP/1.1" 404 11743 "-" "Mozilla/5.0 AppleWebKit/537.36 (KHTML, like Gecko; compatible; ClaudeBot/1.0; [email protected])"
216.73.216.171 - - [21/Jul/2025:21:39:51 +0000] "GET /goodscode/65996234.shtm HTTP/1.1" 404 11743 "-" "Mozilla/5.0 AppleWebKit/537.36 (KHTML, like Gecko; compatible; ClaudeBot/1.0; [email protected])"
216.73.216.171 - - [21/Jul/2025:21:39:52 +0000] "GET /goodscode/65972139.shtm HTTP/1.1" 404 11743 "-" "Mozilla/5.0 AppleWebKit/537.36 (KHTML, like Gecko; compatible; ClaudeBot/1.0; [email protected])"
216.73.216.171 - - [21/Jul/2025:21:39:52 +0000] "GET /goodscode/66002014.shtm HTTP/1.1" 404 11743 "-" "Mozilla/5.0 AppleWebKit/537.36 (KHTML, like Gecko; compatible; ClaudeBot/1.0; [email protected])"
216.73.216.171 - - [21/Jul/2025:21:39:52 +0000] "GET /goodscode/65986865.shtm HTTP/1.1" 404 11743 "-" "Mozilla/5.0 AppleWebKit/537.36 (KHTML, like Gecko; compatible; ClaudeBot/1.0; [email protected])"
216.73.216.171 - - [21/Jul/2025:21:39:52 +0000] "GET /goodscode/65997112.shtm HTTP/1.1" 404 11743 "-" "Mozilla/5.0 AppleWebKit/537.36 (KHTML, like Gecko; compatible; ClaudeBot/1.0; [email protected])"
216.73.216.171 - - [21/Jul/2025:21:39:52 +0000] "GET /goodscode/65986844.shtm HTTP/1.1" 404 11743 "-" "Mozilla/5.0 AppleWebKit/537.36 (KHTML, like Gecko; compatible; ClaudeBot/1.0; [email protected])"
216.73.216.171 - - [21/Jul/2025:21:39:52 +0000] "GET /goodscode/65984846.shtm HTTP/1.1" 404 11743 "-" "Mozilla/5.0 AppleWebKit/537.36 (KHTML, like Gecko; compatible; ClaudeBot/1.0; [email protected])"
209.74.77.214 - - [21/Jul/2025:21:41:10 +0000] "POST /wp-cron.php?doing_wp_cron=1753134070.3950159549713134765625 HTTP/1.1" 200 - "-" "WordPress/6.8.2; https://gardenify.com.au"
209.74.77.214 - - [21/Jul/2025:21:41:10 +0000] "POST /wp-cron.php?doing_wp_cron=1753134070.3963630199432373046875 HTTP/1.1" 200 - "-" "WordPress/6.8.2; https://gardenify.com.au"
209.74.77.214 - - [21/Jul/2025:21:41:10 +0000] "POST /wp-cron.php?doing_wp_cron=1753134070.3945169448852539062500 HTTP/1.1" 200 - "-" "WordPress/6.8.2; https://gardenify.com.au"
216.73.216.171 - - [21/Jul/2025:21:41:08 +0000] "GET /goodscode/65982499.shtm HTTP/1.1" 404 11743 "-" "Mozilla/5.0 AppleWebKit/537.36 (KHTML, like Gecko; compatible; ClaudeBot/1.0; [email protected])"
216.73.216.171 - - [21/Jul/2025:21:41:08 +0000] "GET /goodscode/66005196.shtm HTTP/1.1" 404 11743 "-" "Mozilla/5.0 AppleWebKit/537.36 (KHTML, like Gecko; compatible; ClaudeBot/1.0; [email protected])"
216.73.216.171 - - [21/Jul/2025:21:41:08 +0000] "GET /goodscode/65986957.shtm HTTP/1.1" 404 11743 "-" "Mozilla/5.0 AppleWebKit/537.36 (KHTML, like Gecko; compatible; ClaudeBot/1.0; [email protected])"
216.73.216.171 - - [21/Jul/2025:21:41:08 +0000] "GET /goodscode/65979582.shtm HTTP/1.1" 404 11743 "-" "Mozilla/5.0 AppleWebKit/537.36 (KHTML, like Gecko; compatible; ClaudeBot/1.0; [email protected])"
216.73.216.171 - - [21/Jul/2025:21:41:08 +0000] "GET /goodscode/65987687.shtm HTTP/1.1" 404 11743 "-" "Mozilla/5.0 AppleWebKit/537.36 (KHTML, like Gecko; compatible; ClaudeBot/1.0; [email protected])"
216.73.216.171 - - [21/Jul/2025:21:41:08 +0000] "GET /goodscode/66001256.shtm HTTP/1.1" 404 11743 "-" "Mozilla/5.0 AppleWebKit/537.36 (KHTML, like Gecko; compatible; ClaudeBot/1.0; [email protected])"
216.73.216.171 - - [21/Jul/2025:21:41:08 +0000] "GET /goodscode/65981693.shtm HTTP/1.1" 404 11743 "-" "Mozilla/5.0 AppleWebKit/537.36 (KHTML, like Gecko; compatible; ClaudeBot/1.0; [email protected])"
216.73.216.171 - - [21/Jul/2025:21:41:08 +0000] "GET /goodscode/65981769.shtm HTTP/1.1" 404 11743 "-" "Mozilla/5.0 AppleWebKit/537.36 (KHTML, like Gecko; compatible; ClaudeBot/1.0; [email protected])"
216.73.216.171 - - [21/Jul/2025:21:41:08 +0000] "GET /goodscode/65986982.shtm HTTP/1.1" 404 11743 "-" "Mozilla/5.0 AppleWebKit/537.36 (KHTML, like Gecko; compatible; ClaudeBot/1.0; [email protected])"
216.73.216.171 - - [21/Jul/2025:21:41:08 +0000] "GET /goodscode/66000738.shtm HTTP/1.1" 404 11743 "-" "Mozilla/5.0 AppleWebKit/537.36 (KHTML, like Gecko; compatible; ClaudeBot/1.0; [email protected])"
216.73.216.171 - - [21/Jul/2025:21:41:08 +0000] "GET /goodscode/65986799.shtm HTTP/1.1" 404 11743 "-" "Mozilla/5.0 AppleWebKit/537.36 (KHTML, like Gecko; compatible; ClaudeBot/1.0; [email protected])"
209.74.77.214 - - [21/Jul/2025:21:41:10 +0000] "POST /wp-admin/admin-ajax.php?action=async_litespeed&nonce=AYlJzoc3iW59MK0wXcjVHdQSfmQlNWSl&litespeed_type=imgoptm HTTP/1.1" 200 21 "-" "WordPress/6.8.2; https://gardenify.com.au"
216.73.216.171 - - [21/Jul/2025:21:41:11 +0000] "GET /goodscode/65987214.shtm HTTP/1.1" 404 11743 "-" "Mozilla/5.0 AppleWebKit/537.36 (KHTML, like Gecko; compatible; ClaudeBot/1.0; [email protected])"
216.73.216.171 - - [21/Jul/2025:21:41:11 +0000] "GET /goodscode/66004818.shtm HTTP/1.1" 404 11743 "-" "Mozilla/5.0 AppleWebKit/537.36 (KHTML, like Gecko; compatible; ClaudeBot/1.0; [email protected])"
216.73.216.171 - - [21/Jul/2025:21:41:11 +0000] "GET /goodscode/65972404.shtm HTTP/1.1" 404 11743 "-" "Mozilla/5.0 AppleWebKit/537.36 (KHTML, like Gecko; compatible; ClaudeBot/1.0; [email protected])"
216.73.216.171 - - [21/Jul/2025:21:41:11 +0000] "GET /goodscode/65988059.shtm HTTP/1.1" 404 11743 "-" "Mozilla/5.0 AppleWebKit/537.36 (KHTML, like Gecko; compatible; ClaudeBot/1.0; [email protected])"
216.73.216.171 - - [21/Jul/2025:21:41:11 +0000] "GET /goodscode/65987048.shtm HTTP/1.1" 404 11743 "-" "Mozilla/5.0 AppleWebKit/537.36 (KHTML, like Gecko; compatible; ClaudeBot/1.0; [email protected])"
216.73.216.171 - - [21/Jul/2025:21:41:11 +0000] "GET /goodscode/65986020.shtm HTTP/1.1" 404 11743 "-" "Mozilla/5.0 AppleWebKit/537.36 (KHTML, like Gecko; compatible; ClaudeBot/1.0; [email protected])"
216.73.216.171 - - [21/Jul/2025:21:41:11 +0000] "GET /goodscode/65987919.shtm HTTP/1.1" 404 11743 "-" "Mozilla/5.0 AppleWebKit/537.36 (KHTML, like Gecko; compatible; ClaudeBot/1.0; [email protected])"
216.73.216.171 - - [21/Jul/2025:21:41:11 +0000] "GET /goodscode/66002670.shtm HTTP/1.1" 404 11743 "-" "Mozilla/5.0 AppleWebKit/537.36 (KHTML, like Gecko; compatible; ClaudeBot/1.0; [email protected])"
216.73.216.171 - - [21/Jul/2025:21:41:11 +0000] "GET /goodscode/66003375.shtm HTTP/1.1" 404 11743 "-" "Mozilla/5.0 AppleWebKit/537.36 (KHTML, like Gecko; compatible; ClaudeBot/1.0; [email protected])"
216.73.216.171 - - [21/Jul/2025:21:41:11 +0000] "GET /goodscode/65973109.shtm HTTP/1.1" 404 11743 "-" "Mozilla/5.0 AppleWebKit/537.36 (KHTML, like Gecko; compatible; ClaudeBot/1.0; [email protected])"
216.73.216.171 - - [21/Jul/2025:21:41:11 +0000] "GET /goodscode/65982026.shtm HTTP/1.1" 404 11743 "-" "Mozilla/5.0 AppleWebKit/537.36 (KHTML, like Gecko; compatible; ClaudeBot/1.0; [email protected])"
216.73.216.171 - - [21/Jul/2025:21:41:12 +0000] "GET /goodscode/66004043.shtm HTTP/1.1" 404 11743 "-" "Mozilla/5.0 AppleWebKit/537.36 (KHTML, like Gecko; compatible; ClaudeBot/1.0; [email protected])"
