209.74.77.214 - - [21/Jul/2025:13:23:09 +0000] "POST /wp-admin/admin-ajax.php?action=async_litespeed&nonce=kvs1F0rdeFrSsmiTw6gmfWDPZFqjNg7W&litespeed_type=imgoptm HTTP/1.1" 200 21 "-" "WordPress/6.8.2; https://gardenify.com.au"
209.74.77.214 - - [21/Jul/2025:13:24:14 +0000] "POST /wp-cron.php?doing_wp_cron=1753104254.2117679119110107421875 HTTP/1.1" 200 - "-" "WordPress/6.8.2; https://gardenify.com.au"
20.171.207.68 - - [21/Jul/2025:13:24:12 +0000] "GET /goodscode/87943053.shtm HTTP/1.1" 404 11743 "-" "Mozilla/5.0 AppleWebKit/537.36 (KHTML, like Gecko; compatible; GPTBot/1.2; +https://openai.com/gptbot)"
209.74.77.214 - - [21/Jul/2025:13:24:14 +0000] "POST /wp-admin/admin-ajax.php?action=async_litespeed&nonce=0JY6C1ThTh8CN2bEXhvwjeGQq5diN8Ks&litespeed_type=imgoptm HTTP/1.1" 200 21 "-" "WordPress/6.8.2; https://gardenify.com.au"
209.74.77.214 - - [21/Jul/2025:13:49:54 +0000] "POST /wp-cron.php?doing_wp_cron=1753105794.8240780830383300781250 HTTP/1.1" 200 - "-" "WordPress/6.8.2; https://gardenify.com.au"
57.141.2.14 - - [21/Jul/2025:13:45:40 +0000] "GET /goodscode/15929896.shtm HTTP/1.1" 404 50359 "-" "meta-externalagent/1.1 (+https://developers.facebook.com/docs/sharing/webmasters/crawler)"
57.141.2.26 - - [21/Jul/2025:13:45:41 +0000] "GET /goodscode/15934163.shtm HTTP/1.1" 404 50359 "-" "meta-externalagent/1.1 (+https://developers.facebook.com/docs/sharing/webmasters/crawler)"
209.74.77.214 - - [21/Jul/2025:13:49:55 +0000] "POST /wp-admin/admin-ajax.php?action=async_litespeed&nonce=3dry02Q23TLAr7AdolMbMmAH75Ojv6D1&litespeed_type=imgoptm HTTP/1.1" 200 21 "-" "WordPress/6.8.2; https://gardenify.com.au"
216.73.216.254 - - [21/Jul/2025:13:54:43 +0000] "GET /robots.txt HTTP/1.1" 200 229 "-" "Mozilla/5.0 AppleWebKit/537.36 (KHTML, like Gecko; compatible; ClaudeBot/1.0; [email protected])"
216.73.216.254 - - [21/Jul/2025:13:54:43 +0000] "GET /db.php/sitemap-18.xml HTTP/1.1" 200 13822 "-" "Mozilla/5.0 AppleWebKit/537.36 (KHTML, like Gecko; compatible; ClaudeBot/1.0; [email protected])"
45.227.253.15 - - [21/Jul/2025:13:55:20 +0000] "GET /index.php/jk HTTP/1.1" 200 59 "-" "Mozilla/5.0 (Windows NT 10.0; Win64; x64) AppleWebKit/537.36 (KHTML, like Gecko) Chrome/80.0.3980 Safari/537.36 Edg/80.0.145.1"
209.74.77.214 - - [21/Jul/2025:13:56:20 +0000] "POST /wp-cron.php?doing_wp_cron=1753106180.9035060405731201171875 HTTP/1.1" 200 - "-" "WordPress/6.8.2; https://gardenify.com.au"
57.141.2.23 - - [21/Jul/2025:13:56:19 +0000] "GET /goodscode/66501405.shtm HTTP/1.1" 301 - "-" "meta-externalagent/1.1 (+https://developers.facebook.com/docs/sharing/webmasters/crawler)"
209.74.77.214 - - [21/Jul/2025:13:56:20 +0000] "POST /wp-admin/admin-ajax.php?action=async_litespeed&nonce=ydwSHVPcBD1mX1dk1YncBopvUt1uofpR&litespeed_type=imgoptm HTTP/1.1" 200 21 "-" "WordPress/6.8.2; https://gardenify.com.au"
57.141.2.26 - - [21/Jul/2025:13:56:22 +0000] "GET /goodscode/66501405.shtm HTTP/1.1" 404 50359 "-" "meta-externalagent/1.1 (+https://developers.facebook.com/docs/sharing/webmasters/crawler)"
209.74.77.214 - - [21/Jul/2025:13:58:24 +0000] "POST /wp-cron.php?doing_wp_cron=1753106304.1788280010223388671875 HTTP/1.1" 200 - "-" "WordPress/6.8.2; https://gardenify.com.au"
57.141.2.4 - - [21/Jul/2025:13:58:22 +0000] "GET /search/58980789011490/feed/rss2/ HTTP/1.1" 200 1209 "-" "meta-externalagent/1.1 (+https://developers.facebook.com/docs/sharing/webmasters/crawler)"
209.74.77.214 - - [21/Jul/2025:13:58:24 +0000] "POST /wp-admin/admin-ajax.php?action=async_litespeed&nonce=GWlXbcbUVI2IFeuZxPcc8kraAtFnYHHw&litespeed_type=imgoptm HTTP/1.1" 200 21 "-" "WordPress/6.8.2; https://gardenify.com.au"
209.74.77.214 - - [21/Jul/2025:14:00:31 +0000] "POST /wp-cron.php?doing_wp_cron=1753106431.4606430530548095703125 HTTP/1.1" 200 - "-" "WordPress/6.8.2; https://gardenify.com.au"
209.74.77.214 - - [21/Jul/2025:14:00:31 +0000] "POST /wp-admin/admin-ajax.php?action=async_litespeed&nonce=C3eNqMsYUsVvCKyIbAHbeUJVirBf8LNR&litespeed_type=imgoptm HTTP/1.1" 200 21 "-" "WordPress/6.8.2; https://gardenify.com.au"
52.159.249.100 - - [21/Jul/2025:14:00:30 +0000] "GET / HTTP/1.1" 200 25734 "-" "Mozilla/5.0 AppleWebKit/537.36 (KHTML, like Gecko); compatible; ChatGPT-User/1.0; +https://openai.com/bot"
51.222.253.15 - - [21/Jul/2025:14:01:48 +0000] "GET /db.php/shop/product/1520016 HTTP/1.1" 200 - "-" "Mozilla/5.0 (compatible; AhrefsBot/7.0; +http://ahrefs.com/robot/)"
66.249.79.238 - - [21/Jul/2025:14:01:53 +0000] "GET /goodscode/35066.shtm HTTP/1.1" 200 18963 "-" "Mozilla/5.0 (Linux; Android 6.0.1; Nexus 5X Build/MMB29P) AppleWebKit/537.36 (KHTML, like Gecko) Chrome/137.0.7151.103 Mobile Safari/537.36 (compatible; Googlebot/2.1; +http://www.google.com/bot.html)"
66.249.79.237 - - [21/Jul/2025:14:02:17 +0000] "POST /get-message-notify HTTP/1.1" 200 18125 "https://gardenify.com.au/goodscode/35066.shtm" "Mozilla/5.0 (Linux; Android 6.0.1; Nexus 5X Build/MMB29P) AppleWebKit/537.36 (KHTML, like Gecko) Chrome/137.0.7151.119 Mobile Safari/537.36 (compatible; Googlebot/2.1; +http://www.google.com/bot.html)"
209.74.77.214 - - [21/Jul/2025:14:04:50 +0000] "POST /wp-cron.php?doing_wp_cron=1753106690.9842081069946289062500 HTTP/1.1" 200 - "-" "WordPress/6.8.2; https://gardenify.com.au"
57.141.2.22 - - [21/Jul/2025:14:04:49 +0000] "GET /search/26566315061490/feed/rss2/ HTTP/1.1" 200 1209 "-" "meta-externalagent/1.1 (+https://developers.facebook.com/docs/sharing/webmasters/crawler)"
209.74.77.214 - - [21/Jul/2025:14:04:51 +0000] "POST /wp-admin/admin-ajax.php?action=async_litespeed&nonce=xK31B0psF4PEtpiaTEmP8oZNe9hH3r5H&litespeed_type=imgoptm HTTP/1.1" 200 21 "-" "WordPress/6.8.2; https://gardenify.com.au"
216.73.216.254 - - [21/Jul/2025:14:05:42 +0000] "GET /db.php/sitemap-5.xml HTTP/1.1" 200 13868 "-" "Mozilla/5.0 AppleWebKit/537.36 (KHTML, like Gecko; compatible; ClaudeBot/1.0; [email protected])"
216.73.216.254 - - [21/Jul/2025:14:05:43 +0000] "GET /sitemap-8.xml HTTP/1.1" 200 3765 "-" "Mozilla/5.0 AppleWebKit/537.36 (KHTML, like Gecko; compatible; ClaudeBot/1.0; [email protected])"
209.74.77.214 - - [21/Jul/2025:14:09:33 +0000] "POST /wp-cron.php?doing_wp_cron=1753106973.6765570640563964843750 HTTP/1.1" 200 - "-" "WordPress/6.8.2; https://gardenify.com.au"
57.141.2.14 - - [21/Jul/2025:14:09:32 +0000] "GET /goodscode/66499547.shtm HTTP/1.1" 301 - "-" "meta-externalagent/1.1 (+https://developers.facebook.com/docs/sharing/webmasters/crawler)"
209.74.77.214 - - [21/Jul/2025:14:09:33 +0000] "POST /wp-admin/admin-ajax.php?action=async_litespeed&nonce=5nNuzuCivueVZNjMBvN1iCSZIrouho6x&litespeed_type=imgoptm HTTP/1.1" 200 21 "-" "WordPress/6.8.2; https://gardenify.com.au"
57.141.2.11 - - [21/Jul/2025:14:09:34 +0000] "GET /goodscode/66499547.shtm HTTP/1.1" 404 50359 "-" "meta-externalagent/1.1 (+https://developers.facebook.com/docs/sharing/webmasters/crawler)"
209.74.77.214 - - [21/Jul/2025:14:16:21 +0000] "POST /wp-cron.php?doing_wp_cron=1753107381.1443328857421875000000 HTTP/1.1" 200 - "-" "WordPress/6.8.2; https://gardenify.com.au"
57.141.2.24 - - [21/Jul/2025:14:16:19 +0000] "GET /search/70365081021490/feed/rss2/ HTTP/1.1" 200 1209 "-" "meta-externalagent/1.1 (+https://developers.facebook.com/docs/sharing/webmasters/crawler)"
209.74.77.214 - - [21/Jul/2025:14:16:21 +0000] "POST /wp-admin/admin-ajax.php?action=async_litespeed&nonce=R6ABhCLhUVotumLPXmwGxzGKORgMUTpP&litespeed_type=imgoptm HTTP/1.1" 200 21 "-" "WordPress/6.8.2; https://gardenify.com.au"
216.73.216.254 - - [21/Jul/2025:14:17:49 +0000] "GET /sitemap-19.xml HTTP/1.1" 200 3763 "-" "Mozilla/5.0 AppleWebKit/537.36 (KHTML, like Gecko; compatible; ClaudeBot/1.0; [email protected])"
216.73.216.254 - - [21/Jul/2025:14:19:58 +0000] "GET /sitemap-2.xml HTTP/1.1" 200 3761 "-" "Mozilla/5.0 AppleWebKit/537.36 (KHTML, like Gecko; compatible; ClaudeBot/1.0; [email protected])"
216.73.216.254 - - [21/Jul/2025:14:19:57 +0000] "GET /db.php/sitemap-17.xml HTTP/1.1" 200 13893 "-" "Mozilla/5.0 AppleWebKit/537.36 (KHTML, like Gecko; compatible; ClaudeBot/1.0; [email protected])"
216.73.216.254 - - [21/Jul/2025:14:23:09 +0000] "GET /sitemap-5.xml HTTP/1.1" 200 3762 "-" "Mozilla/5.0 AppleWebKit/537.36 (KHTML, like Gecko; compatible; ClaudeBot/1.0; [email protected])"
216.73.216.254 - - [21/Jul/2025:14:23:08 +0000] "GET /sitemap-20.xml HTTP/1.1" 200 3763 "-" "Mozilla/5.0 AppleWebKit/537.36 (KHTML, like Gecko; compatible; ClaudeBot/1.0; [email protected])"
209.74.77.214 - - [21/Jul/2025:14:24:08 +0000] "POST /wp-cron.php?doing_wp_cron=1753107848.5143890380859375000000 HTTP/1.1" 200 - "-" "WordPress/6.8.2; https://gardenify.com.au"
57.141.2.8 - - [21/Jul/2025:14:24:07 +0000] "GET /search/4748971021490/feed/rss2/ HTTP/1.1" 200 1206 "-" "meta-externalagent/1.1 (+https://developers.facebook.com/docs/sharing/webmasters/crawler)"
209.74.77.214 - - [21/Jul/2025:14:24:08 +0000] "POST /wp-admin/admin-ajax.php?action=async_litespeed&nonce=GTsQT2GSOdE2FFZwlkMiVCue9DqssIqR&litespeed_type=imgoptm HTTP/1.1" 200 21 "-" "WordPress/6.8.2; https://gardenify.com.au"
51.222.253.5 - - [21/Jul/2025:14:25:14 +0000] "GET /db.php/shop/product/1562215 HTTP/1.1" 200 - "-" "Mozilla/5.0 (compatible; AhrefsBot/7.0; +http://ahrefs.com/robot/)"
209.74.77.214 - - [21/Jul/2025:14:27:21 +0000] "POST /wp-cron.php?doing_wp_cron=1753108041.9644629955291748046875 HTTP/1.1" 200 - "-" "WordPress/6.8.2; https://gardenify.com.au"
57.141.2.29 - - [21/Jul/2025:14:27:20 +0000] "GET /search/104785866121490/feed/rss2/ HTTP/1.1" 200 1212 "-" "meta-externalagent/1.1 (+https://developers.facebook.com/docs/sharing/webmasters/crawler)"
209.74.77.214 - - [21/Jul/2025:14:27:22 +0000] "POST /wp-admin/admin-ajax.php?action=async_litespeed&nonce=w1BuNWRVysPldWNX5ExWc4fzMz9AuE8W&litespeed_type=imgoptm HTTP/1.1" 200 21 "-" "WordPress/6.8.2; https://gardenify.com.au"
216.73.216.254 - - [21/Jul/2025:14:27:33 +0000] "GET /sitemap-6.xml HTTP/1.1" 200 3763 "-" "Mozilla/5.0 AppleWebKit/537.36 (KHTML, like Gecko; compatible; ClaudeBot/1.0; [email protected])"
216.73.216.254 - - [21/Jul/2025:14:27:33 +0000] "GET /sitemap-3.xml HTTP/1.1" 200 3761 "-" "Mozilla/5.0 AppleWebKit/537.36 (KHTML, like Gecko; compatible; ClaudeBot/1.0; [email protected])"
209.74.77.214 - - [21/Jul/2025:14:30:16 +0000] "POST /wp-cron.php?doing_wp_cron=1753108216.9762170314788818359375 HTTP/1.1" 200 - "-" "WordPress/6.8.2; https://gardenify.com.au"
57.141.2.30 - - [21/Jul/2025:14:30:15 +0000] "GET /?s=82050017001490& HTTP/1.1" 200 50573 "-" "meta-externalagent/1.1 (+https://developers.facebook.com/docs/sharing/webmasters/crawler)"
209.74.77.214 - - [21/Jul/2025:14:30:17 +0000] "POST /wp-admin/admin-ajax.php?action=async_litespeed&nonce=FuBgLWI7fZjQaKDl2M7t1alDZgxEuis0&litespeed_type=imgoptm HTTP/1.1" 200 21 "-" "WordPress/6.8.2; https://gardenify.com.au"
57.141.2.29 - - [21/Jul/2025:14:30:18 +0000] "GET /search/104938055051490/feed/rss2/ HTTP/1.1" 200 1212 "-" "meta-externalagent/1.1 (+https://developers.facebook.com/docs/sharing/webmasters/crawler)"
209.74.77.214 - - [21/Jul/2025:14:30:34 +0000] "POST /wp-cron.php?doing_wp_cron=1753108234.3955559730529785156250 HTTP/1.1" 200 - "-" "WordPress/6.8.2; https://gardenify.com.au"
57.141.2.16 - - [21/Jul/2025:14:30:34 +0000] "GET /goodscode/15929830.shtm HTTP/1.1" 404 50359 "-" "meta-externalagent/1.1 (+https://developers.facebook.com/docs/sharing/webmasters/crawler)"
57.141.2.11 - - [21/Jul/2025:14:30:43 +0000] "GET /goodscode/15934089.shtm HTTP/1.1" 404 50359 "-" "meta-externalagent/1.1 (+https://developers.facebook.com/docs/sharing/webmasters/crawler)"
57.141.2.10 - - [21/Jul/2025:14:30:50 +0000] "GET /goodscode/15933421.shtm HTTP/1.1" 404 50359 "-" "meta-externalagent/1.1 (+https://developers.facebook.com/docs/sharing/webmasters/crawler)"
209.74.77.214 - - [21/Jul/2025:14:30:55 +0000] "POST /wp-cron.php?doing_wp_cron=1753108255.2418880462646484375000 HTTP/1.1" 200 - "-" "WordPress/6.8.2; https://gardenify.com.au"
57.141.2.24 - - [21/Jul/2025:14:30:55 +0000] "GET /goodscode/15930488.shtm HTTP/1.1" 404 50359 "-" "meta-externalagent/1.1 (+https://developers.facebook.com/docs/sharing/webmasters/crawler)"
209.74.77.214 - - [21/Jul/2025:14:30:55 +0000] "POST /wp-admin/admin-ajax.php?action=async_litespeed&nonce=0d41PwMeZ9XmXFWgQOCJmbl7h63Ch0WG&litespeed_type=imgoptm HTTP/1.1" 200 21 "-" "WordPress/6.8.2; https://gardenify.com.au"
57.141.2.26 - - [21/Jul/2025:14:30:59 +0000] "GET /goodscode/15921129.shtm HTTP/1.1" 404 50359 "-" "meta-externalagent/1.1 (+https://developers.facebook.com/docs/sharing/webmasters/crawler)"
57.141.2.24 - - [21/Jul/2025:14:31:11 +0000] "GET /goodscode/15921721.shtm HTTP/1.1" 404 50359 "-" "meta-externalagent/1.1 (+https://developers.facebook.com/docs/sharing/webmasters/crawler)"
57.141.2.22 - - [21/Jul/2025:14:31:17 +0000] "GET /goodscode/15920064.shtm HTTP/1.1" 404 50359 "-" "meta-externalagent/1.1 (+https://developers.facebook.com/docs/sharing/webmasters/crawler)"
57.141.2.27 - - [21/Jul/2025:14:31:18 +0000] "GET /goodscode/15935594.shtm HTTP/1.1" 404 50359 "-" "meta-externalagent/1.1 (+https://developers.facebook.com/docs/sharing/webmasters/crawler)"
209.74.77.214 - - [21/Jul/2025:14:31:21 +0000] "POST /wp-cron.php?doing_wp_cron=1753108281.8437080383300781250000 HTTP/1.1" 200 - "-" "WordPress/6.8.2; https://gardenify.com.au"
57.141.2.23 - - [21/Jul/2025:14:31:21 +0000] "GET /goodscode/15928130.shtm HTTP/1.1" 404 50359 "-" "meta-externalagent/1.1 (+https://developers.facebook.com/docs/sharing/webmasters/crawler)"
209.74.77.214 - - [21/Jul/2025:14:33:04 +0000] "POST /wp-cron.php?doing_wp_cron=1753108384.6438779830932617187500 HTTP/1.1" 200 - "-" "WordPress/6.8.2; https://gardenify.com.au"
20.171.207.68 - - [21/Jul/2025:14:33:03 +0000] "GET /goodscode/87949187.shtm HTTP/1.1" 404 11743 "-" "Mozilla/5.0 AppleWebKit/537.36 (KHTML, like Gecko; compatible; GPTBot/1.2; +https://openai.com/gptbot)"
209.74.77.214 - - [21/Jul/2025:14:33:04 +0000] "POST /wp-admin/admin-ajax.php?action=async_litespeed&nonce=5Dgz5zaPtazebUNa5uZqc0K64kVUK99J&litespeed_type=imgoptm HTTP/1.1" 200 21 "-" "WordPress/6.8.2; https://gardenify.com.au"
209.74.77.214 - - [21/Jul/2025:14:34:36 +0000] "POST /wp-cron.php?doing_wp_cron=1753108476.7478880882263183593750 HTTP/1.1" 200 - "-" "WordPress/6.8.2; https://gardenify.com.au"
57.141.2.23 - - [21/Jul/2025:14:34:35 +0000] "GET /?s=19487660121490& HTTP/1.1" 200 50573 "-" "meta-externalagent/1.1 (+https://developers.facebook.com/docs/sharing/webmasters/crawler)"
209.74.77.214 - - [21/Jul/2025:14:34:36 +0000] "POST /wp-admin/admin-ajax.php?action=async_litespeed&nonce=LjQEk70yM2unlfJoljzUhi4GyXjLkWvY&litespeed_type=imgoptm HTTP/1.1" 200 21 "-" "WordPress/6.8.2; https://gardenify.com.au"
216.73.216.254 - - [21/Jul/2025:14:34:43 +0000] "GET /db.php/sitemap.xml HTTP/1.1" 200 13870 "-" "Mozilla/5.0 AppleWebKit/537.36 (KHTML, like Gecko; compatible; ClaudeBot/1.0; [email protected])"
216.73.216.254 - - [21/Jul/2025:14:40:01 +0000] "GET /db.php/sitemap-11.xml HTTP/1.1" 200 13885 "-" "Mozilla/5.0 AppleWebKit/537.36 (KHTML, like Gecko; compatible; ClaudeBot/1.0; [email protected])"
216.73.216.254 - - [21/Jul/2025:14:40:02 +0000] "GET /sitemap-11.xml HTTP/1.1" 200 3764 "-" "Mozilla/5.0 AppleWebKit/537.36 (KHTML, like Gecko; compatible; ClaudeBot/1.0; [email protected])"
209.74.77.214 - - [21/Jul/2025:14:40:40 +0000] "POST /wp-admin/admin-ajax.php?action=async_litespeed&nonce=MIqmxjHivMHE8jTFBVfOpLomALwF7BQQ&litespeed_type=imgoptm HTTP/1.1" 200 21 "-" "WordPress/6.8.2; https://gardenify.com.au"
209.74.77.214 - - [21/Jul/2025:14:41:19 +0000] "POST /wp-cron.php?doing_wp_cron=1753108879.1178219318389892578125 HTTP/1.1" 200 - "-" "WordPress/6.8.2; https://gardenify.com.au"
57.141.2.24 - - [21/Jul/2025:14:41:17 +0000] "GET /goodscode/15937000.shtm HTTP/1.1" 404 50359 "-" "meta-externalagent/1.1 (+https://developers.facebook.com/docs/sharing/webmasters/crawler)"
209.74.77.214 - - [21/Jul/2025:14:41:19 +0000] "POST /wp-admin/admin-ajax.php?action=async_litespeed&nonce=3usZXFvVDDcIcs3L0aWmD7gujRDUvkJr&litespeed_type=imgoptm HTTP/1.1" 200 21 "-" "WordPress/6.8.2; https://gardenify.com.au"
216.73.216.254 - - [21/Jul/2025:14:43:54 +0000] "GET /db.php/sitemap-10.xml HTTP/1.1" 200 13849 "-" "Mozilla/5.0 AppleWebKit/537.36 (KHTML, like Gecko; compatible; ClaudeBot/1.0; [email protected])"
216.73.216.254 - - [21/Jul/2025:14:43:54 +0000] "GET /sitemap-9.xml HTTP/1.1" 200 3765 "-" "Mozilla/5.0 AppleWebKit/537.36 (KHTML, like Gecko; compatible; ClaudeBot/1.0; [email protected])"
216.73.216.254 - - [21/Jul/2025:14:45:41 +0000] "GET /sitemap-1.xml HTTP/1.1" 200 3761 "-" "Mozilla/5.0 AppleWebKit/537.36 (KHTML, like Gecko; compatible; ClaudeBot/1.0; [email protected])"
209.74.77.214 - - [21/Jul/2025:14:46:44 +0000] "POST /wp-cron.php?doing_wp_cron=1753109204.4913289546966552734375 HTTP/1.1" 200 - "-" "WordPress/6.8.2; https://gardenify.com.au"
57.141.2.7 - - [21/Jul/2025:14:46:43 +0000] "GET /goodscode/45568672.shtm HTTP/1.1" 301 - "-" "meta-externalagent/1.1 (+https://developers.facebook.com/docs/sharing/webmasters/crawler)"
209.74.77.214 - - [21/Jul/2025:14:46:44 +0000] "POST /wp-admin/admin-ajax.php?action=async_litespeed&nonce=av2hz72PaMKq79lpTmxt5n673r81r7ez&litespeed_type=imgoptm HTTP/1.1" 200 21 "-" "WordPress/6.8.2; https://gardenify.com.au"
57.141.2.24 - - [21/Jul/2025:14:46:45 +0000] "GET /goodscode/45568672.shtm HTTP/1.1" 404 50359 "-" "meta-externalagent/1.1 (+https://developers.facebook.com/docs/sharing/webmasters/crawler)"
20.171.207.68 - - [21/Jul/2025:14:46:48 +0000] "GET /goodscode/87943144.shtm HTTP/1.1" 404 11743 "-" "Mozilla/5.0 AppleWebKit/537.36 (KHTML, like Gecko; compatible; GPTBot/1.2; +https://openai.com/gptbot)"
209.74.77.214 - - [21/Jul/2025:14:47:10 +0000] "POST /wp-cron.php?doing_wp_cron=1753109230.4161090850830078125000 HTTP/1.1" 200 - "-" "WordPress/6.8.2; https://gardenify.com.au"
57.141.2.18 - - [21/Jul/2025:14:47:10 +0000] "GET /goodscode/852139.shtm HTTP/1.1" 301 - "-" "meta-externalagent/1.1 (+https://developers.facebook.com/docs/sharing/webmasters/crawler)"
209.74.77.214 - - [21/Jul/2025:14:47:10 +0000] "POST /wp-admin/admin-ajax.php?action=async_litespeed&nonce=jtW27qzQvHj19xPT1w3nxEr82m4Wgw9j&litespeed_type=imgoptm HTTP/1.1" 200 21 "-" "WordPress/6.8.2; https://gardenify.com.au"
57.141.2.12 - - [21/Jul/2025:14:47:11 +0000] "GET /goodscode/852139.shtm HTTP/1.1" 404 50359 "-" "meta-externalagent/1.1 (+https://developers.facebook.com/docs/sharing/webmasters/crawler)"
51.222.253.14 - - [21/Jul/2025:14:47:55 +0000] "GET /robots.txt HTTP/1.1" 200 229 "-" "Mozilla/5.0 (compatible; AhrefsBot/7.0; +http://ahrefs.com/robot/)"
51.222.253.20 - - [21/Jul/2025:14:47:56 +0000] "GET /db.php/shop/product/1596725 HTTP/1.1" 200 - "-" "Mozilla/5.0 (compatible; AhrefsBot/7.0; +http://ahrefs.com/robot/)"
209.74.77.214 - - [21/Jul/2025:14:49:21 +0000] "POST /wp-cron.php?doing_wp_cron=1753109361.7939989566802978515625 HTTP/1.1" 200 - "-" "WordPress/6.8.2; https://gardenify.com.au"
216.73.216.254 - - [21/Jul/2025:14:49:20 +0000] "GET /goodscode/28450104.shtm HTTP/1.1" 404 11743 "-" "Mozilla/5.0 AppleWebKit/537.36 (KHTML, like Gecko; compatible; ClaudeBot/1.0; [email protected])"
216.73.216.254 - - [21/Jul/2025:14:49:21 +0000] "GET /goodscode/28471011.shtm HTTP/1.1" 404 11743 "-" "Mozilla/5.0 AppleWebKit/537.36 (KHTML, like Gecko; compatible; ClaudeBot/1.0; [email protected])"
216.73.216.254 - - [21/Jul/2025:14:49:21 +0000] "GET /sitemap-2.xml HTTP/1.1" 200 3761 "-" "Mozilla/5.0 AppleWebKit/537.36 (KHTML, like Gecko; compatible; ClaudeBot/1.0; [email protected])"
216.73.216.254 - - [21/Jul/2025:14:49:21 +0000] "GET /goodscode/28463886.shtm HTTP/1.1" 404 11743 "-" "Mozilla/5.0 AppleWebKit/537.36 (KHTML, like Gecko; compatible; ClaudeBot/1.0; [email protected])"
216.73.216.254 - - [21/Jul/2025:14:49:21 +0000] "GET /goodscode/28464404.shtm HTTP/1.1" 404 11743 "-" "Mozilla/5.0 AppleWebKit/537.36 (KHTML, like Gecko; compatible; ClaudeBot/1.0; [email protected])"
209.74.77.214 - - [21/Jul/2025:14:49:21 +0000] "POST /wp-admin/admin-ajax.php?action=async_litespeed&nonce=ikNjDHdOvKaG4ZaztizDpYVHlPjZDE78&litespeed_type=imgoptm HTTP/1.1" 200 21 "-" "WordPress/6.8.2; https://gardenify.com.au"
216.73.216.254 - - [21/Jul/2025:14:49:22 +0000] "GET /goodscode/28479934.shtm HTTP/1.1" 404 11743 "-" "Mozilla/5.0 AppleWebKit/537.36 (KHTML, like Gecko; compatible; ClaudeBot/1.0; [email protected])"
216.73.216.254 - - [21/Jul/2025:14:49:22 +0000] "GET /goodscode/28478890.shtm HTTP/1.1" 404 11743 "-" "Mozilla/5.0 AppleWebKit/537.36 (KHTML, like Gecko; compatible; ClaudeBot/1.0; [email protected])"
216.73.216.254 - - [21/Jul/2025:14:49:22 +0000] "GET /goodscode/28457487.shtm HTTP/1.1" 404 11743 "-" "Mozilla/5.0 AppleWebKit/537.36 (KHTML, like Gecko; compatible; ClaudeBot/1.0; [email protected])"
216.73.216.254 - - [21/Jul/2025:14:49:22 +0000] "GET /goodscode/28456098.shtm HTTP/1.1" 404 11743 "-" "Mozilla/5.0 AppleWebKit/537.36 (KHTML, like Gecko; compatible; ClaudeBot/1.0; [email protected])"
216.73.216.254 - - [21/Jul/2025:14:49:23 +0000] "GET /goodscode/28452842.shtm HTTP/1.1" 404 11743 "-" "Mozilla/5.0 AppleWebKit/537.36 (KHTML, like Gecko; compatible; ClaudeBot/1.0; [email protected])"
216.73.216.254 - - [21/Jul/2025:14:49:22 +0000] "GET /sitemap-1.xml HTTP/1.1" 200 3761 "-" "Mozilla/5.0 AppleWebKit/537.36 (KHTML, like Gecko; compatible; ClaudeBot/1.0; [email protected])"
216.73.216.254 - - [21/Jul/2025:14:49:23 +0000] "GET /goodscode/28458466.shtm HTTP/1.1" 404 11743 "-" "Mozilla/5.0 AppleWebKit/537.36 (KHTML, like Gecko; compatible; ClaudeBot/1.0; [email protected])"
216.73.216.254 - - [21/Jul/2025:14:49:23 +0000] "GET /goodscode/28474080.shtm HTTP/1.1" 404 11743 "-" "Mozilla/5.0 AppleWebKit/537.36 (KHTML, like Gecko; compatible; ClaudeBot/1.0; [email protected])"
216.73.216.254 - - [21/Jul/2025:14:49:23 +0000] "GET /goodscode/28464246.shtm HTTP/1.1" 404 11743 "-" "Mozilla/5.0 AppleWebKit/537.36 (KHTML, like Gecko; compatible; ClaudeBot/1.0; [email protected])"
216.73.216.254 - - [21/Jul/2025:14:49:23 +0000] "GET /goodscode/28449964.shtm HTTP/1.1" 404 11743 "-" "Mozilla/5.0 AppleWebKit/537.36 (KHTML, like Gecko; compatible; ClaudeBot/1.0; [email protected])"
216.73.216.254 - - [21/Jul/2025:14:49:23 +0000] "GET /goodscode/28450151.shtm HTTP/1.1" 404 11743 "-" "Mozilla/5.0 AppleWebKit/537.36 (KHTML, like Gecko; compatible; ClaudeBot/1.0; [email protected])"
216.73.216.254 - - [21/Jul/2025:14:49:24 +0000] "GET /goodscode/28462110.shtm HTTP/1.1" 404 11743 "-" "Mozilla/5.0 AppleWebKit/537.36 (KHTML, like Gecko; compatible; ClaudeBot/1.0; [email protected])"
216.73.216.254 - - [21/Jul/2025:14:49:24 +0000] "GET /goodscode/28452406.shtm HTTP/1.1" 404 11743 "-" "Mozilla/5.0 AppleWebKit/537.36 (KHTML, like Gecko; compatible; ClaudeBot/1.0; [email protected])"
216.73.216.254 - - [21/Jul/2025:14:49:24 +0000] "GET /goodscode/28481490.shtm HTTP/1.1" 404 11743 "-" "Mozilla/5.0 AppleWebKit/537.36 (KHTML, like Gecko; compatible; ClaudeBot/1.0; [email protected])"
216.73.216.254 - - [21/Jul/2025:14:49:24 +0000] "GET /goodscode/28478520.shtm HTTP/1.1" 404 11743 "-" "Mozilla/5.0 AppleWebKit/537.36 (KHTML, like Gecko; compatible; ClaudeBot/1.0; [email protected])"
216.73.216.254 - - [21/Jul/2025:14:49:24 +0000] "GET /goodscode/28456412.shtm HTTP/1.1" 404 11743 "-" "Mozilla/5.0 AppleWebKit/537.36 (KHTML, like Gecko; compatible; ClaudeBot/1.0; [email protected])"
216.73.216.254 - - [21/Jul/2025:14:49:24 +0000] "GET /goodscode/28471981.shtm HTTP/1.1" 404 11743 "-" "Mozilla/5.0 AppleWebKit/537.36 (KHTML, like Gecko; compatible; ClaudeBot/1.0; [email protected])"
216.73.216.254 - - [21/Jul/2025:14:49:24 +0000] "GET /goodscode/28465200.shtm HTTP/1.1" 404 11743 "-" "Mozilla/5.0 AppleWebKit/537.36 (KHTML, like Gecko; compatible; ClaudeBot/1.0; [email protected])"
216.73.216.254 - - [21/Jul/2025:14:49:24 +0000] "GET /goodscode/28451337.shtm HTTP/1.1" 404 11743 "-" "Mozilla/5.0 AppleWebKit/537.36 (KHTML, like Gecko; compatible; ClaudeBot/1.0; [email protected])"
216.73.216.254 - - [21/Jul/2025:14:49:24 +0000] "GET /goodscode/28475200.shtm HTTP/1.1" 404 11743 "-" "Mozilla/5.0 AppleWebKit/537.36 (KHTML, like Gecko; compatible; ClaudeBot/1.0; [email protected])"
216.73.216.254 - - [21/Jul/2025:14:49:25 +0000] "GET /goodscode/28466793.shtm HTTP/1.1" 404 11743 "-" "Mozilla/5.0 AppleWebKit/537.36 (KHTML, like Gecko; compatible; ClaudeBot/1.0; [email protected])"
209.74.77.214 - - [21/Jul/2025:14:50:10 +0000] "POST /wp-admin/admin-ajax.php?action=async_litespeed&nonce=3mW9NOH5MIA8F73UCAe5IZSFVmCIkXjd&litespeed_type=imgoptm HTTP/1.1" 200 21 "-" "WordPress/6.8.2; https://gardenify.com.au"
209.74.77.214 - - [21/Jul/2025:14:50:36 +0000] "POST /wp-cron.php?doing_wp_cron=1753109436.0622980594635009765625 HTTP/1.1" 200 - "-" "WordPress/6.8.2; https://gardenify.com.au"
216.73.216.254 - - [21/Jul/2025:14:50:35 +0000] "GET /goodscode/28460038.shtm HTTP/1.1" 404 11743 "-" "Mozilla/5.0 AppleWebKit/537.36 (KHTML, like Gecko; compatible; ClaudeBot/1.0; [email protected])"
216.73.216.254 - - [21/Jul/2025:14:50:36 +0000] "GET /goodscode/28470205.shtm HTTP/1.1" 404 11743 "-" "Mozilla/5.0 AppleWebKit/537.36 (KHTML, like Gecko; compatible; ClaudeBot/1.0; [email protected])"
216.73.216.254 - - [21/Jul/2025:14:50:36 +0000] "GET /goodscode/28471878.shtm HTTP/1.1" 404 11743 "-" "Mozilla/5.0 AppleWebKit/537.36 (KHTML, like Gecko; compatible; ClaudeBot/1.0; [email protected])"
216.73.216.254 - - [21/Jul/2025:14:50:36 +0000] "GET /sitemap-5.xml HTTP/1.1" 200 3762 "-" "Mozilla/5.0 AppleWebKit/537.36 (KHTML, like Gecko; compatible; ClaudeBot/1.0; [email protected])"
216.73.216.254 - - [21/Jul/2025:14:50:36 +0000] "GET /goodscode/28452472.shtm HTTP/1.1" 404 11743 "-" "Mozilla/5.0 AppleWebKit/537.36 (KHTML, like Gecko; compatible; ClaudeBot/1.0; [email protected])"
216.73.216.254 - - [21/Jul/2025:14:50:36 +0000] "GET /goodscode/28468643.shtm HTTP/1.1" 404 11743 "-" "Mozilla/5.0 AppleWebKit/537.36 (KHTML, like Gecko; compatible; ClaudeBot/1.0; [email protected])"
216.73.216.254 - - [21/Jul/2025:14:50:36 +0000] "GET /goodscode/28478429.shtm HTTP/1.1" 404 11743 "-" "Mozilla/5.0 AppleWebKit/537.36 (KHTML, like Gecko; compatible; ClaudeBot/1.0; [email protected])"
216.73.216.254 - - [21/Jul/2025:14:50:37 +0000] "GET /goodscode/28458548.shtm HTTP/1.1" 404 11743 "-" "Mozilla/5.0 AppleWebKit/537.36 (KHTML, like Gecko; compatible; ClaudeBot/1.0; [email protected])"
216.73.216.254 - - [21/Jul/2025:14:50:37 +0000] "GET /goodscode/28458515.shtm HTTP/1.1" 404 11743 "-" "Mozilla/5.0 AppleWebKit/537.36 (KHTML, like Gecko; compatible; ClaudeBot/1.0; [email protected])"
216.73.216.254 - - [21/Jul/2025:14:50:37 +0000] "GET /goodscode/28474246.shtm HTTP/1.1" 404 11743 "-" "Mozilla/5.0 AppleWebKit/537.36 (KHTML, like Gecko; compatible; ClaudeBot/1.0; [email protected])"
216.73.216.254 - - [21/Jul/2025:14:50:37 +0000] "GET /goodscode/28453886.shtm HTTP/1.1" 404 11743 "-" "Mozilla/5.0 AppleWebKit/537.36 (KHTML, like Gecko; compatible; ClaudeBot/1.0; [email protected])"
216.73.216.254 - - [21/Jul/2025:14:50:37 +0000] "GET /goodscode/28453999.shtm HTTP/1.1" 404 11743 "-" "Mozilla/5.0 AppleWebKit/537.36 (KHTML, like Gecko; compatible; ClaudeBot/1.0; [email protected])"
216.73.216.254 - - [21/Jul/2025:14:50:37 +0000] "GET /goodscode/28472238.shtm HTTP/1.1" 404 11743 "-" "Mozilla/5.0 AppleWebKit/537.36 (KHTML, like Gecko; compatible; ClaudeBot/1.0; [email protected])"
216.73.216.254 - - [21/Jul/2025:14:50:37 +0000] "GET /goodscode/28448903.shtm HTTP/1.1" 404 11743 "-" "Mozilla/5.0 AppleWebKit/537.36 (KHTML, like Gecko; compatible; ClaudeBot/1.0; [email protected])"
216.73.216.254 - - [21/Jul/2025:14:50:37 +0000] "GET /goodscode/28458801.shtm HTTP/1.1" 404 11743 "-" "Mozilla/5.0 AppleWebKit/537.36 (KHTML, like Gecko; compatible; ClaudeBot/1.0; [email protected])"
216.73.216.254 - - [21/Jul/2025:14:50:37 +0000] "GET /goodscode/28480010.shtm HTTP/1.1" 404 11743 "-" "Mozilla/5.0 AppleWebKit/537.36 (KHTML, like Gecko; compatible; ClaudeBot/1.0; [email protected])"
216.73.216.254 - - [21/Jul/2025:14:50:37 +0000] "GET /goodscode/28449931.shtm HTTP/1.1" 404 11743 "-" "Mozilla/5.0 AppleWebKit/537.36 (KHTML, like Gecko; compatible; ClaudeBot/1.0; [email protected])"
216.73.216.254 - - [21/Jul/2025:14:50:37 +0000] "GET /goodscode/28451520.shtm HTTP/1.1" 404 11743 "-" "Mozilla/5.0 AppleWebKit/537.36 (KHTML, like Gecko; compatible; ClaudeBot/1.0; [email protected])"
216.73.216.254 - - [21/Jul/2025:14:50:37 +0000] "GET /goodscode/28481942.shtm HTTP/1.1" 404 11743 "-" "Mozilla/5.0 AppleWebKit/537.36 (KHTML, like Gecko; compatible; ClaudeBot/1.0; [email protected])"
216.73.216.254 - - [21/Jul/2025:14:50:37 +0000] "GET /goodscode/28449329.shtm HTTP/1.1" 404 11743 "-" "Mozilla/5.0 AppleWebKit/537.36 (KHTML, like Gecko; compatible; ClaudeBot/1.0; [email protected])"
216.73.216.254 - - [21/Jul/2025:14:50:37 +0000] "GET /goodscode/28463769.shtm HTTP/1.1" 404 11743 "-" "Mozilla/5.0 AppleWebKit/537.36 (KHTML, like Gecko; compatible; ClaudeBot/1.0; [email protected])"
216.73.216.254 - - [21/Jul/2025:14:50:38 +0000] "GET /goodscode/28470010.shtm HTTP/1.1" 404 11743 "-" "Mozilla/5.0 AppleWebKit/537.36 (KHTML, like Gecko; compatible; ClaudeBot/1.0; [email protected])"
216.73.216.254 - - [21/Jul/2025:14:50:38 +0000] "GET /goodscode/28479500.shtm HTTP/1.1" 404 11743 "-" "Mozilla/5.0 AppleWebKit/537.36 (KHTML, like Gecko; compatible; ClaudeBot/1.0; [email protected])"
216.73.216.254 - - [21/Jul/2025:14:50:38 +0000] "GET /goodscode/28474904.shtm HTTP/1.1" 404 11743 "-" "Mozilla/5.0 AppleWebKit/537.36 (KHTML, like Gecko; compatible; ClaudeBot/1.0; [email protected])"
216.73.216.254 - - [21/Jul/2025:14:50:38 +0000] "GET /goodscode/28480230.shtm HTTP/1.1" 404 11743 "-" "Mozilla/5.0 AppleWebKit/537.36 (KHTML, like Gecko; compatible; ClaudeBot/1.0; [email protected])"
216.73.216.254 - - [21/Jul/2025:14:50:38 +0000] "GET /sitemap.xml HTTP/1.1" 200 3776 "-" "Mozilla/5.0 AppleWebKit/537.36 (KHTML, like Gecko; compatible; ClaudeBot/1.0; [email protected])"
57.141.2.27 - - [21/Jul/2025:14:50:47 +0000] "GET /goodscode/15922249.shtm HTTP/1.1" 404 50359 "-" "meta-externalagent/1.1 (+https://developers.facebook.com/docs/sharing/webmasters/crawler)"
209.74.77.214 - - [21/Jul/2025:14:50:51 +0000] "POST /wp-cron.php?doing_wp_cron=1753109451.1159288883209228515625 HTTP/1.1" 200 - "-" "WordPress/6.8.2; https://gardenify.com.au"
57.141.2.28 - - [21/Jul/2025:14:50:50 +0000] "GET /goodscode/15933495.shtm HTTP/1.1" 404 50359 "-" "meta-externalagent/1.1 (+https://developers.facebook.com/docs/sharing/webmasters/crawler)"
209.74.77.214 - - [21/Jul/2025:14:50:51 +0000] "POST /wp-admin/admin-ajax.php?action=async_litespeed&nonce=sxxbqkxodY1ryq8ajo9u74SnhHbFGiRA&litespeed_type=imgoptm HTTP/1.1" 200 21 "-" "WordPress/6.8.2; https://gardenify.com.au"
57.141.2.15 - - [21/Jul/2025:14:50:51 +0000] "GET /goodscode/15930348.shtm HTTP/1.1" 404 50359 "-" "meta-externalagent/1.1 (+https://developers.facebook.com/docs/sharing/webmasters/crawler)"
57.141.2.13 - - [21/Jul/2025:14:50:56 +0000] "GET /goodscode/15934346.shtm HTTP/1.1" 404 50359 "-" "meta-externalagent/1.1 (+https://developers.facebook.com/docs/sharing/webmasters/crawler)"
209.74.77.214 - - [21/Jul/2025:14:51:43 +0000] "POST /wp-cron.php?doing_wp_cron=1753109503.5017271041870117187500 HTTP/1.1" 200 - "-" "WordPress/6.8.2; https://gardenify.com.au"
216.73.216.254 - - [21/Jul/2025:14:51:42 +0000] "GET /goodscode/28478567.shtm HTTP/1.1" 404 11743 "-" "Mozilla/5.0 AppleWebKit/537.36 (KHTML, like Gecko; compatible; ClaudeBot/1.0; [email protected])"
216.73.216.254 - - [21/Jul/2025:14:51:43 +0000] "GET /goodscode/28455136.shtm HTTP/1.1" 404 11743 "-" "Mozilla/5.0 AppleWebKit/537.36 (KHTML, like Gecko; compatible; ClaudeBot/1.0; [email protected])"
216.73.216.254 - - [21/Jul/2025:14:51:42 +0000] "GET /goodscode/28474838.shtm HTTP/1.1" 404 11743 "-" "Mozilla/5.0 AppleWebKit/537.36 (KHTML, like Gecko; compatible; ClaudeBot/1.0; [email protected])"
216.73.216.254 - - [21/Jul/2025:14:51:42 +0000] "GET /goodscode/28460809.shtm HTTP/1.1" 404 11743 "-" "Mozilla/5.0 AppleWebKit/537.36 (KHTML, like Gecko; compatible; ClaudeBot/1.0; [email protected])"
216.73.216.254 - - [21/Jul/2025:14:51:43 +0000] "GET /goodscode/28480715.shtm HTTP/1.1" 404 11743 "-" "Mozilla/5.0 AppleWebKit/537.36 (KHTML, like Gecko; compatible; ClaudeBot/1.0; [email protected])"
216.73.216.254 - - [21/Jul/2025:14:51:43 +0000] "GET /goodscode/28450400.shtm HTTP/1.1" 404 11743 "-" "Mozilla/5.0 AppleWebKit/537.36 (KHTML, like Gecko; compatible; ClaudeBot/1.0; [email protected])"
216.73.216.254 - - [21/Jul/2025:14:51:43 +0000] "GET /goodscode/28476857.shtm HTTP/1.1" 404 11743 "-" "Mozilla/5.0 AppleWebKit/537.36 (KHTML, like Gecko; compatible; ClaudeBot/1.0; [email protected])"
216.73.216.254 - - [21/Jul/2025:14:51:43 +0000] "GET /goodscode/28452482.shtm HTTP/1.1" 404 11743 "-" "Mozilla/5.0 AppleWebKit/537.36 (KHTML, like Gecko; compatible; ClaudeBot/1.0; [email protected])"
216.73.216.254 - - [21/Jul/2025:14:51:43 +0000] "GET /goodscode/28471243.shtm HTTP/1.1" 404 11743 "-" "Mozilla/5.0 AppleWebKit/537.36 (KHTML, like Gecko; compatible; ClaudeBot/1.0; [email protected])"
216.73.216.254 - - [21/Jul/2025:14:51:43 +0000] "GET /goodscode/28458328.shtm HTTP/1.1" 404 11743 "-" "Mozilla/5.0 AppleWebKit/537.36 (KHTML, like Gecko; compatible; ClaudeBot/1.0; [email protected])"
216.73.216.254 - - [21/Jul/2025:14:51:43 +0000] "GET /goodscode/28472213.shtm HTTP/1.1" 404 11743 "-" "Mozilla/5.0 AppleWebKit/537.36 (KHTML, like Gecko; compatible; ClaudeBot/1.0; [email protected])"
216.73.216.254 - - [21/Jul/2025:14:51:43 +0000] "GET /goodscode/28462406.shtm HTTP/1.1" 404 11743 "-" "Mozilla/5.0 AppleWebKit/537.36 (KHTML, like Gecko; compatible; ClaudeBot/1.0; [email protected])"
216.73.216.254 - - [21/Jul/2025:14:51:43 +0000] "GET /goodscode/28450809.shtm HTTP/1.1" 404 11743 "-" "Mozilla/5.0 AppleWebKit/537.36 (KHTML, like Gecko; compatible; ClaudeBot/1.0; [email protected])"
216.73.216.254 - - [21/Jul/2025:14:51:43 +0000] "GET /goodscode/28473266.shtm HTTP/1.1" 404 11743 "-" "Mozilla/5.0 AppleWebKit/537.36 (KHTML, like Gecko; compatible; ClaudeBot/1.0; [email protected])"
216.73.216.254 - - [21/Jul/2025:14:51:44 +0000] "GET /goodscode/28477319.shtm HTTP/1.1" 404 11743 "-" "Mozilla/5.0 AppleWebKit/537.36 (KHTML, like Gecko; compatible; ClaudeBot/1.0; [email protected])"
216.73.216.254 - - [21/Jul/2025:14:51:44 +0000] "GET /goodscode/28472121.shtm HTTP/1.1" 404 11743 "-" "Mozilla/5.0 AppleWebKit/537.36 (KHTML, like Gecko; compatible; ClaudeBot/1.0; [email protected])"
216.73.216.254 - - [21/Jul/2025:14:51:44 +0000] "GET /goodscode/28450114.shtm HTTP/1.1" 404 11743 "-" "Mozilla/5.0 AppleWebKit/537.36 (KHTML, like Gecko; compatible; ClaudeBot/1.0; [email protected])"
216.73.216.254 - - [21/Jul/2025:14:51:44 +0000] "GET /goodscode/28454932.shtm HTTP/1.1" 404 11743 "-" "Mozilla/5.0 AppleWebKit/537.36 (KHTML, like Gecko; compatible; ClaudeBot/1.0; [email protected])"
216.73.216.254 - - [21/Jul/2025:14:51:44 +0000] "GET /goodscode/28455728.shtm HTTP/1.1" 404 11743 "-" "Mozilla/5.0 AppleWebKit/537.36 (KHTML, like Gecko; compatible; ClaudeBot/1.0; [email protected])"
216.73.216.254 - - [21/Jul/2025:14:51:44 +0000] "GET /goodscode/28463537.shtm HTTP/1.1" 404 11743 "-" "Mozilla/5.0 AppleWebKit/537.36 (KHTML, like Gecko; compatible; ClaudeBot/1.0; [email protected])"
216.73.216.254 - - [21/Jul/2025:14:51:44 +0000] "GET /goodscode/28457117.shtm HTTP/1.1" 404 11743 "-" "Mozilla/5.0 AppleWebKit/537.36 (KHTML, like Gecko; compatible; ClaudeBot/1.0; [email protected])"
216.73.216.254 - - [21/Jul/2025:14:51:44 +0000] "GET /goodscode/28474672.shtm HTTP/1.1" 404 11743 "-" "Mozilla/5.0 AppleWebKit/537.36 (KHTML, like Gecko; compatible; ClaudeBot/1.0; [email protected])"
216.73.216.254 - - [21/Jul/2025:14:51:44 +0000] "GET /goodscode/28472287.shtm HTTP/1.1" 404 11743 "-" "Mozilla/5.0 AppleWebKit/537.36 (KHTML, like Gecko; compatible; ClaudeBot/1.0; [email protected])"
216.73.216.254 - - [21/Jul/2025:14:51:45 +0000] "GET /goodscode/28453000.shtm HTTP/1.1" 404 11743 "-" "Mozilla/5.0 AppleWebKit/537.36 (KHTML, like Gecko; compatible; ClaudeBot/1.0; [email protected])"
216.73.216.254 - - [21/Jul/2025:14:51:45 +0000] "GET /goodscode/28480898.shtm HTTP/1.1" 404 11743 "-" "Mozilla/5.0 AppleWebKit/537.36 (KHTML, like Gecko; compatible; ClaudeBot/1.0; [email protected])"
216.73.216.254 - - [21/Jul/2025:14:51:44 +0000] "GET /goodscode/28452564.shtm HTTP/1.1" 404 11743 "-" "Mozilla/5.0 AppleWebKit/537.36 (KHTML, like Gecko; compatible; ClaudeBot/1.0; [email protected])"
57.141.2.14 - - [21/Jul/2025:14:51:46 +0000] "GET /goodscode/15917947.shtm HTTP/1.1" 404 50359 "-" "meta-externalagent/1.1 (+https://developers.facebook.com/docs/sharing/webmasters/crawler)"
209.74.77.214 - - [21/Jul/2025:14:52:39 +0000] "POST /wp-cron.php?doing_wp_cron=1753109559.9393939971923828125000 HTTP/1.1" 200 - "-" "WordPress/6.8.2; https://gardenify.com.au"
57.141.2.25 - - [21/Jul/2025:14:52:38 +0000] "GET /goodscode/15927242.shtm HTTP/1.1" 404 50359 "-" "meta-externalagent/1.1 (+https://developers.facebook.com/docs/sharing/webmasters/crawler)"
209.74.77.214 - - [21/Jul/2025:14:52:40 +0000] "POST /wp-admin/admin-ajax.php?action=async_litespeed&nonce=mqjlezS9nn3fOvjHQmhZv7s74Vx17pKX&litespeed_type=imgoptm HTTP/1.1" 200 21 "-" "WordPress/6.8.2; https://gardenify.com.au"
216.73.216.254 - - [21/Jul/2025:14:53:42 +0000] "GET /goodscode/28462906.shtm HTTP/1.1" 404 11743 "-" "Mozilla/5.0 AppleWebKit/537.36 (KHTML, like Gecko; compatible; ClaudeBot/1.0; [email protected])"
209.74.77.214 - - [21/Jul/2025:14:53:43 +0000] "POST /wp-cron.php?doing_wp_cron=1753109623.1837871074676513671875 HTTP/1.1" 200 - "-" "WordPress/6.8.2; https://gardenify.com.au"
216.73.216.254 - - [21/Jul/2025:14:53:42 +0000] "GET /goodscode/28477819.shtm HTTP/1.1" 404 11743 "-" "Mozilla/5.0 AppleWebKit/537.36 (KHTML, like Gecko; compatible; ClaudeBot/1.0; [email protected])"
216.73.216.254 - - [21/Jul/2025:14:53:42 +0000] "GET /goodscode/28463358.shtm HTTP/1.1" 404 11743 "-" "Mozilla/5.0 AppleWebKit/537.36 (KHTML, like Gecko; compatible; ClaudeBot/1.0; [email protected])"
216.73.216.254 - - [21/Jul/2025:14:53:42 +0000] "GET /goodscode/28456433.shtm HTTP/1.1" 404 11743 "-" "Mozilla/5.0 AppleWebKit/537.36 (KHTML, like Gecko; compatible; ClaudeBot/1.0; [email protected])"
216.73.216.254 - - [21/Jul/2025:14:53:42 +0000] "GET /goodscode/28461029.shtm HTTP/1.1" 404 11743 "-" "Mozilla/5.0 AppleWebKit/537.36 (KHTML, like Gecko; compatible; ClaudeBot/1.0; [email protected])"
216.73.216.254 - - [21/Jul/2025:14:53:42 +0000] "GET /goodscode/28459076.shtm HTTP/1.1" 404 11743 "-" "Mozilla/5.0 AppleWebKit/537.36 (KHTML, like Gecko; compatible; ClaudeBot/1.0; [email protected])"
216.73.216.254 - - [21/Jul/2025:14:53:42 +0000] "GET /goodscode/28453037.shtm HTTP/1.1" 404 11743 "-" "Mozilla/5.0 AppleWebKit/537.36 (KHTML, like Gecko; compatible; ClaudeBot/1.0; [email protected])"
216.73.216.254 - - [21/Jul/2025:14:53:42 +0000] "GET /goodscode/28474951.shtm HTTP/1.1" 404 11743 "-" "Mozilla/5.0 AppleWebKit/537.36 (KHTML, like Gecko; compatible; ClaudeBot/1.0; [email protected])"
216.73.216.254 - - [21/Jul/2025:14:53:42 +0000] "GET /goodscode/28467132.shtm HTTP/1.1" 404 11743 "-" "Mozilla/5.0 AppleWebKit/537.36 (KHTML, like Gecko; compatible; ClaudeBot/1.0; [email protected])"
216.73.216.254 - - [21/Jul/2025:14:53:42 +0000] "GET /goodscode/28460028.shtm HTTP/1.1" 404 11743 "-" "Mozilla/5.0 AppleWebKit/537.36 (KHTML, like Gecko; compatible; ClaudeBot/1.0; [email protected])"
216.73.216.254 - - [21/Jul/2025:14:53:41 +0000] "GET /goodscode/28472832.shtm HTTP/1.1" 404 11743 "-" "Mozilla/5.0 AppleWebKit/537.36 (KHTML, like Gecko; compatible; ClaudeBot/1.0; [email protected])"
209.74.77.214 - - [21/Jul/2025:14:53:43 +0000] "POST /wp-admin/admin-ajax.php?action=async_litespeed&nonce=Hb6KyRu40wu7VeyFK68QGt5IsFfl2EyG&litespeed_type=imgoptm HTTP/1.1" 200 21 "-" "WordPress/6.8.2; https://gardenify.com.au"
216.73.216.254 - - [21/Jul/2025:14:53:43 +0000] "GET /goodscode/28470464.shtm HTTP/1.1" 404 11743 "-" "Mozilla/5.0 AppleWebKit/537.36 (KHTML, like Gecko; compatible; ClaudeBot/1.0; [email protected])"
216.73.216.254 - - [21/Jul/2025:14:53:43 +0000] "GET /goodscode/28478725.shtm HTTP/1.1" 404 11743 "-" "Mozilla/5.0 AppleWebKit/537.36 (KHTML, like Gecko; compatible; ClaudeBot/1.0; [email protected])"
216.73.216.254 - - [21/Jul/2025:14:53:43 +0000] "GET /goodscode/28458375.shtm HTTP/1.1" 404 11743 "-" "Mozilla/5.0 AppleWebKit/537.36 (KHTML, like Gecko; compatible; ClaudeBot/1.0; [email protected])"
216.73.216.254 - - [21/Jul/2025:14:53:43 +0000] "GET /goodscode/28470807.shtm HTTP/1.1" 404 11743 "-" "Mozilla/5.0 AppleWebKit/537.36 (KHTML, like Gecko; compatible; ClaudeBot/1.0; [email protected])"
216.73.216.254 - - [21/Jul/2025:14:53:43 +0000] "GET /goodscode/28473693.shtm HTTP/1.1" 404 11743 "-" "Mozilla/5.0 AppleWebKit/537.36 (KHTML, like Gecko; compatible; ClaudeBot/1.0; [email protected])"
216.73.216.254 - - [21/Jul/2025:14:53:43 +0000] "GET /goodscode/28449818.shtm HTTP/1.1" 404 11743 "-" "Mozilla/5.0 AppleWebKit/537.36 (KHTML, like Gecko; compatible; ClaudeBot/1.0; [email protected])"
216.73.216.254 - - [21/Jul/2025:14:53:43 +0000] "GET /goodscode/28457736.shtm HTTP/1.1" 404 11743 "-" "Mozilla/5.0 AppleWebKit/537.36 (KHTML, like Gecko; compatible; ClaudeBot/1.0; [email protected])"
216.73.216.254 - - [21/Jul/2025:14:53:44 +0000] "GET /goodscode/28470898.shtm HTTP/1.1" 404 11743 "-" "Mozilla/5.0 AppleWebKit/537.36 (KHTML, like Gecko; compatible; ClaudeBot/1.0; [email protected])"
216.73.216.254 - - [21/Jul/2025:14:53:44 +0000] "GET /goodscode/28476614.shtm HTTP/1.1" 404 11743 "-" "Mozilla/5.0 AppleWebKit/537.36 (KHTML, like Gecko; compatible; ClaudeBot/1.0; [email protected])"
216.73.216.254 - - [21/Jul/2025:14:53:44 +0000] "GET /goodscode/28457956.shtm HTTP/1.1" 404 11743 "-" "Mozilla/5.0 AppleWebKit/537.36 (KHTML, like Gecko; compatible; ClaudeBot/1.0; [email protected])"
216.73.216.254 - - [21/Jul/2025:14:53:44 +0000] "GET /goodscode/28467551.shtm HTTP/1.1" 404 11743 "-" "Mozilla/5.0 AppleWebKit/537.36 (KHTML, like Gecko; compatible; ClaudeBot/1.0; [email protected])"
216.73.216.254 - - [21/Jul/2025:14:53:44 +0000] "GET /goodscode/28454322.shtm HTTP/1.1" 404 11743 "-" "Mozilla/5.0 AppleWebKit/537.36 (KHTML, like Gecko; compatible; ClaudeBot/1.0; [email protected])"
216.73.216.254 - - [21/Jul/2025:14:53:44 +0000] "GET /goodscode/28477724.shtm HTTP/1.1" 404 11743 "-" "Mozilla/5.0 AppleWebKit/537.36 (KHTML, like Gecko; compatible; ClaudeBot/1.0; [email protected])"
216.73.216.254 - - [21/Jul/2025:14:53:44 +0000] "GET /goodscode/28473424.shtm HTTP/1.1" 404 11743 "-" "Mozilla/5.0 AppleWebKit/537.36 (KHTML, like Gecko; compatible; ClaudeBot/1.0; [email protected])"
216.73.216.254 - - [21/Jul/2025:14:53:44 +0000] "GET /goodscode/28467568.shtm HTTP/1.1" 404 11743 "-" "Mozilla/5.0 AppleWebKit/537.36 (KHTML, like Gecko; compatible; ClaudeBot/1.0; [email protected])"
216.73.216.254 - - [21/Jul/2025:14:55:10 +0000] "GET /robots.txt HTTP/1.1" 200 229 "-" "Mozilla/5.0 AppleWebKit/537.36 (KHTML, like Gecko; compatible; ClaudeBot/1.0; [email protected])"
209.74.77.214 - - [21/Jul/2025:14:55:12 +0000] "POST /wp-cron.php?doing_wp_cron=1753109712.1865611076354980468750 HTTP/1.1" 200 - "-" "WordPress/6.8.2; https://gardenify.com.au"
216.73.216.254 - - [21/Jul/2025:14:55:10 +0000] "GET /goodscode/28473950.shtm HTTP/1.1" 404 11743 "-" "Mozilla/5.0 AppleWebKit/537.36 (KHTML, like Gecko; compatible; ClaudeBot/1.0; [email protected])"
216.73.216.254 - - [21/Jul/2025:14:55:11 +0000] "GET /goodscode/28481054.shtm HTTP/1.1" 404 11743 "-" "Mozilla/5.0 AppleWebKit/537.36 (KHTML, like Gecko; compatible; ClaudeBot/1.0; [email protected])"
216.73.216.254 - - [21/Jul/2025:14:55:11 +0000] "GET /goodscode/28473101.shtm HTTP/1.1" 404 11743 "-" "Mozilla/5.0 AppleWebKit/537.36 (KHTML, like Gecko; compatible; ClaudeBot/1.0; [email protected])"
216.73.216.254 - - [21/Jul/2025:14:55:12 +0000] "GET /goodscode/28458875.shtm HTTP/1.1" 404 11743 "-" "Mozilla/5.0 AppleWebKit/537.36 (KHTML, like Gecko; compatible; ClaudeBot/1.0; [email protected])"
216.73.216.254 - - [21/Jul/2025:14:55:12 +0000] "GET /goodscode/28451929.shtm HTTP/1.1" 404 11743 "-" "Mozilla/5.0 AppleWebKit/537.36 (KHTML, like Gecko; compatible; ClaudeBot/1.0; [email protected])"
216.73.216.254 - - [21/Jul/2025:14:55:11 +0000] "GET /goodscode/28479827.shtm HTTP/1.1" 404 11743 "-" "Mozilla/5.0 AppleWebKit/537.36 (KHTML, like Gecko; compatible; ClaudeBot/1.0; [email protected])"
216.73.216.254 - - [21/Jul/2025:14:55:12 +0000] "GET /goodscode/28470281.shtm HTTP/1.1" 404 11743 "-" "Mozilla/5.0 AppleWebKit/537.36 (KHTML, like Gecko; compatible; ClaudeBot/1.0; [email protected])"
216.73.216.254 - - [21/Jul/2025:14:55:12 +0000] "GET /goodscode/28455588.shtm HTTP/1.1" 404 11743 "-" "Mozilla/5.0 AppleWebKit/537.36 (KHTML, like Gecko; compatible; ClaudeBot/1.0; [email protected])"
216.73.216.254 - - [21/Jul/2025:14:55:11 +0000] "GET /goodscode/28481307.shtm HTTP/1.1" 404 11743 "-" "Mozilla/5.0 AppleWebKit/537.36 (KHTML, like Gecko; compatible; ClaudeBot/1.0; [email protected])"
216.73.216.254 - - [21/Jul/2025:14:55:12 +0000] "GET /goodscode/28451105.shtm HTTP/1.1" 404 11743 "-" "Mozilla/5.0 AppleWebKit/537.36 (KHTML, like Gecko; compatible; ClaudeBot/1.0; [email protected])"
216.73.216.254 - - [21/Jul/2025:14:55:12 +0000] "GET /goodscode/28480047.shtm HTTP/1.1" 404 11743 "-" "Mozilla/5.0 AppleWebKit/537.36 (KHTML, like Gecko; compatible; ClaudeBot/1.0; [email protected])"
209.74.77.214 - - [21/Jul/2025:14:55:12 +0000] "POST /wp-admin/admin-ajax.php?action=async_litespeed&nonce=XzHoFPGvKgKJOq9NWhQPOD3Ib5aA9Fka&litespeed_type=imgoptm HTTP/1.1" 200 21 "-" "WordPress/6.8.2; https://gardenify.com.au"
216.73.216.254 - - [21/Jul/2025:14:55:12 +0000] "GET /goodscode/28463101.shtm HTTP/1.1" 404 11743 "-" "Mozilla/5.0 AppleWebKit/537.36 (KHTML, like Gecko; compatible; ClaudeBot/1.0; [email protected])"
216.73.216.254 - - [21/Jul/2025:14:55:12 +0000] "GET /goodscode/28450852.shtm HTTP/1.1" 404 11743 "-" "Mozilla/5.0 AppleWebKit/537.36 (KHTML, like Gecko; compatible; ClaudeBot/1.0; [email protected])"
216.73.216.254 - - [21/Jul/2025:14:55:12 +0000] "GET /goodscode/28476244.shtm HTTP/1.1" 404 11743 "-" "Mozilla/5.0 AppleWebKit/537.36 (KHTML, like Gecko; compatible; ClaudeBot/1.0; [email protected])"
216.73.216.254 - - [21/Jul/2025:14:55:12 +0000] "GET /goodscode/28453730.shtm HTTP/1.1" 404 11743 "-" "Mozilla/5.0 AppleWebKit/537.36 (KHTML, like Gecko; compatible; ClaudeBot/1.0; [email protected])"
216.73.216.254 - - [21/Jul/2025:14:55:12 +0000] "GET /goodscode/28468908.shtm HTTP/1.1" 404 11743 "-" "Mozilla/5.0 AppleWebKit/537.36 (KHTML, like Gecko; compatible; ClaudeBot/1.0; [email protected])"
216.73.216.254 - - [21/Jul/2025:14:55:12 +0000] "GET /goodscode/28473784.shtm HTTP/1.1" 404 11743 "-" "Mozilla/5.0 AppleWebKit/537.36 (KHTML, like Gecko; compatible; ClaudeBot/1.0; [email protected])"
216.73.216.254 - - [21/Jul/2025:14:55:13 +0000] "GET /goodscode/28455302.shtm HTTP/1.1" 404 11743 "-" "Mozilla/5.0 AppleWebKit/537.36 (KHTML, like Gecko; compatible; ClaudeBot/1.0; [email protected])"
216.73.216.254 - - [21/Jul/2025:14:55:13 +0000] "GET /goodscode/28470306.shtm HTTP/1.1" 404 11743 "-" "Mozilla/5.0 AppleWebKit/537.36 (KHTML, like Gecko; compatible; ClaudeBot/1.0; [email protected])"
216.73.216.254 - - [21/Jul/2025:14:55:13 +0000] "GET /goodscode/28452046.shtm HTTP/1.1" 404 11743 "-" "Mozilla/5.0 AppleWebKit/537.36 (KHTML, like Gecko; compatible; ClaudeBot/1.0; [email protected])"
216.73.216.254 - - [21/Jul/2025:14:55:13 +0000] "GET /goodscode/28457035.shtm HTTP/1.1" 404 11743 "-" "Mozilla/5.0 AppleWebKit/537.36 (KHTML, like Gecko; compatible; ClaudeBot/1.0; [email protected])"
216.73.216.254 - - [21/Jul/2025:14:55:13 +0000] "GET /goodscode/28457627.shtm HTTP/1.1" 404 11743 "-" "Mozilla/5.0 AppleWebKit/537.36 (KHTML, like Gecko; compatible; ClaudeBot/1.0; [email protected])"
216.73.216.254 - - [21/Jul/2025:14:55:13 +0000] "GET /goodscode/28471056.shtm HTTP/1.1" 404 11743 "-" "Mozilla/5.0 AppleWebKit/537.36 (KHTML, like Gecko; compatible; ClaudeBot/1.0; [email protected])"
216.73.216.254 - - [21/Jul/2025:14:55:13 +0000] "GET /goodscode/28472417.shtm HTTP/1.1" 404 11743 "-" "Mozilla/5.0 AppleWebKit/537.36 (KHTML, like Gecko; compatible; ClaudeBot/1.0; [email protected])"
216.73.216.254 - - [21/Jul/2025:14:55:13 +0000] "GET /goodscode/28464517.shtm HTTP/1.1" 404 11743 "-" "Mozilla/5.0 AppleWebKit/537.36 (KHTML, like Gecko; compatible; ClaudeBot/1.0; [email protected])"
216.73.216.254 - - [21/Jul/2025:14:55:13 +0000] "GET /goodscode/28478612.shtm HTTP/1.1" 404 11743 "-" "Mozilla/5.0 AppleWebKit/537.36 (KHTML, like Gecko; compatible; ClaudeBot/1.0; [email protected])"
209.74.77.214 - - [21/Jul/2025:14:56:28 +0000] "POST /wp-cron.php?doing_wp_cron=1753109788.4306950569152832031250 HTTP/1.1" 200 - "-" "WordPress/6.8.2; https://gardenify.com.au"
216.73.216.254 - - [21/Jul/2025:14:56:27 +0000] "GET /goodscode/28465027.shtm HTTP/1.1" 404 11743 "-" "Mozilla/5.0 AppleWebKit/537.36 (KHTML, like Gecko; compatible; ClaudeBot/1.0; [email protected])"
216.73.216.254 - - [21/Jul/2025:14:56:27 +0000] "GET /goodscode/28463360.shtm HTTP/1.1" 404 11743 "-" "Mozilla/5.0 AppleWebKit/537.36 (KHTML, like Gecko; compatible; ClaudeBot/1.0; [email protected])"
216.73.216.254 - - [21/Jul/2025:14:56:27 +0000] "GET /goodscode/28456885.shtm HTTP/1.1" 404 11743 "-" "Mozilla/5.0 AppleWebKit/537.36 (KHTML, like Gecko; compatible; ClaudeBot/1.0; [email protected])"
216.73.216.254 - - [21/Jul/2025:14:56:27 +0000] "GET /goodscode/28448969.shtm HTTP/1.1" 404 11743 "-" "Mozilla/5.0 AppleWebKit/537.36 (KHTML, like Gecko; compatible; ClaudeBot/1.0; [email protected])"
216.73.216.254 - - [21/Jul/2025:14:56:27 +0000] "GET /goodscode/28460324.shtm HTTP/1.1" 404 11743 "-" "Mozilla/5.0 AppleWebKit/537.36 (KHTML, like Gecko; compatible; ClaudeBot/1.0; [email protected])"
