216.73.216.171 - - [21/Jul/2025:17:24:59 +0000] "GET /goodscode/86936088.shtm HTTP/1.1" 404 11743 "-" "Mozilla/5.0 AppleWebKit/537.36 (KHTML, like Gecko; compatible; ClaudeBot/1.0; [email protected])"
216.73.216.171 - - [21/Jul/2025:17:24:59 +0000] "GET /goodscode/86919806.shtm HTTP/1.1" 404 11743 "-" "Mozilla/5.0 AppleWebKit/537.36 (KHTML, like Gecko; compatible; ClaudeBot/1.0; [email protected])"
216.73.216.171 - - [21/Jul/2025:17:24:59 +0000] "GET /goodscode/86923333.shtm HTTP/1.1" 404 11743 "-" "Mozilla/5.0 AppleWebKit/537.36 (KHTML, like Gecko; compatible; ClaudeBot/1.0; [email protected])"
216.73.216.171 - - [21/Jul/2025:17:24:59 +0000] "GET /goodscode/86941157.shtm HTTP/1.1" 404 11743 "-" "Mozilla/5.0 AppleWebKit/537.36 (KHTML, like Gecko; compatible; ClaudeBot/1.0; [email protected])"
216.73.216.171 - - [21/Jul/2025:17:24:59 +0000] "GET /goodscode/86941932.shtm HTTP/1.1" 404 11743 "-" "Mozilla/5.0 AppleWebKit/537.36 (KHTML, like Gecko; compatible; ClaudeBot/1.0; [email protected])"
216.73.216.171 - - [21/Jul/2025:17:24:59 +0000] "GET /goodscode/86938224.shtm HTTP/1.1" 404 11743 "-" "Mozilla/5.0 AppleWebKit/537.36 (KHTML, like Gecko; compatible; ClaudeBot/1.0; [email protected])"
216.73.216.171 - - [21/Jul/2025:17:24:59 +0000] "GET /goodscode/86928939.shtm HTTP/1.1" 404 11743 "-" "Mozilla/5.0 AppleWebKit/537.36 (KHTML, like Gecko; compatible; ClaudeBot/1.0; [email protected])"
216.73.216.171 - - [21/Jul/2025:17:24:59 +0000] "GET /goodscode/86946012.shtm HTTP/1.1" 404 11743 "-" "Mozilla/5.0 AppleWebKit/537.36 (KHTML, like Gecko; compatible; ClaudeBot/1.0; [email protected])"
216.73.216.171 - - [21/Jul/2025:17:25:00 +0000] "GET /goodscode/86937788.shtm HTTP/1.1" 404 11743 "-" "Mozilla/5.0 AppleWebKit/537.36 (KHTML, like Gecko; compatible; ClaudeBot/1.0; [email protected])"
216.73.216.171 - - [21/Jul/2025:17:25:00 +0000] "GET /db.php/sitemap.xml HTTP/1.1" 200 13838 "-" "Mozilla/5.0 AppleWebKit/537.36 (KHTML, like Gecko; compatible; ClaudeBot/1.0; [email protected])"
216.73.216.171 - - [21/Jul/2025:17:25:00 +0000] "GET /db.php/sitemap-5.xml HTTP/1.1" 200 13883 "-" "Mozilla/5.0 AppleWebKit/537.36 (KHTML, like Gecko; compatible; ClaudeBot/1.0; [email protected])"
216.73.216.171 - - [21/Jul/2025:17:25:00 +0000] "GET /goodscode/86919549.shtm HTTP/1.1" 404 11743 "-" "Mozilla/5.0 AppleWebKit/537.36 (KHTML, like Gecko; compatible; ClaudeBot/1.0; [email protected])"
216.73.216.171 - - [21/Jul/2025:17:25:00 +0000] "GET /db.php/sitemap-5.xml HTTP/1.1" 200 13890 "-" "Mozilla/5.0 AppleWebKit/537.36 (KHTML, like Gecko; compatible; ClaudeBot/1.0; [email protected])"
209.74.77.214 - - [21/Jul/2025:17:26:05 +0000] "POST /wp-cron.php?doing_wp_cron=1753118765.3775489330291748046875 HTTP/1.1" 200 - "-" "WordPress/6.8.2; https://gardenify.com.au"
209.74.77.214 - - [21/Jul/2025:17:26:05 +0000] "POST /wp-cron.php?doing_wp_cron=1753118765.3736810684204101562500 HTTP/1.1" 200 - "-" "WordPress/6.8.2; https://gardenify.com.au"
216.73.216.171 - - [21/Jul/2025:17:26:04 +0000] "GET /goodscode/86920260.shtm HTTP/1.1" 404 11743 "-" "Mozilla/5.0 AppleWebKit/537.36 (KHTML, like Gecko; compatible; ClaudeBot/1.0; [email protected])"
216.73.216.171 - - [21/Jul/2025:17:26:05 +0000] "GET /goodscode/86944450.shtm HTTP/1.1" 404 11743 "-" "Mozilla/5.0 AppleWebKit/537.36 (KHTML, like Gecko; compatible; ClaudeBot/1.0; [email protected])"
216.73.216.171 - - [21/Jul/2025:17:26:04 +0000] "GET /goodscode/86948927.shtm HTTP/1.1" 404 11743 "-" "Mozilla/5.0 AppleWebKit/537.36 (KHTML, like Gecko; compatible; ClaudeBot/1.0; [email protected])"
216.73.216.171 - - [21/Jul/2025:17:26:04 +0000] "GET /goodscode/86916476.shtm HTTP/1.1" 404 11743 "-" "Mozilla/5.0 AppleWebKit/537.36 (KHTML, like Gecko; compatible; ClaudeBot/1.0; [email protected])"
216.73.216.171 - - [21/Jul/2025:17:26:04 +0000] "GET /goodscode/86921056.shtm HTTP/1.1" 404 11743 "-" "Mozilla/5.0 AppleWebKit/537.36 (KHTML, like Gecko; compatible; ClaudeBot/1.0; [email protected])"
216.73.216.171 - - [21/Jul/2025:17:26:04 +0000] "GET /goodscode/86946742.shtm HTTP/1.1" 404 11743 "-" "Mozilla/5.0 AppleWebKit/537.36 (KHTML, like Gecko; compatible; ClaudeBot/1.0; [email protected])"
216.73.216.171 - - [21/Jul/2025:17:26:04 +0000] "GET /goodscode/86934285.shtm HTTP/1.1" 404 11743 "-" "Mozilla/5.0 AppleWebKit/537.36 (KHTML, like Gecko; compatible; ClaudeBot/1.0; [email protected])"
216.73.216.171 - - [21/Jul/2025:17:26:04 +0000] "GET /goodscode/86943525.shtm HTTP/1.1" 404 11743 "-" "Mozilla/5.0 AppleWebKit/537.36 (KHTML, like Gecko; compatible; ClaudeBot/1.0; [email protected])"
216.73.216.171 - - [21/Jul/2025:17:26:04 +0000] "GET /goodscode/86927255.shtm HTTP/1.1" 404 11743 "-" "Mozilla/5.0 AppleWebKit/537.36 (KHTML, like Gecko; compatible; ClaudeBot/1.0; [email protected])"
216.73.216.171 - - [21/Jul/2025:17:26:04 +0000] "GET /goodscode/86946559.shtm HTTP/1.1" 404 11743 "-" "Mozilla/5.0 AppleWebKit/537.36 (KHTML, like Gecko; compatible; ClaudeBot/1.0; [email protected])"
209.74.77.214 - - [21/Jul/2025:17:26:05 +0000] "POST /wp-admin/admin-ajax.php?action=async_litespeed&nonce=PheefSH7UI03YtjyJf8je4Kz9Os1zciP&litespeed_type=imgoptm HTTP/1.1" 200 21 "-" "WordPress/6.8.2; https://gardenify.com.au"
216.73.216.171 - - [21/Jul/2025:17:26:05 +0000] "GET /goodscode/86918326.shtm HTTP/1.1" 404 11743 "-" "Mozilla/5.0 AppleWebKit/537.36 (KHTML, like Gecko; compatible; ClaudeBot/1.0; [email protected])"
216.73.216.171 - - [21/Jul/2025:17:26:05 +0000] "GET /goodscode/86928579.shtm HTTP/1.1" 404 11743 "-" "Mozilla/5.0 AppleWebKit/537.36 (KHTML, like Gecko; compatible; ClaudeBot/1.0; [email protected])"
216.73.216.171 - - [21/Jul/2025:17:26:05 +0000] "GET /goodscode/86929021.shtm HTTP/1.1" 404 11743 "-" "Mozilla/5.0 AppleWebKit/537.36 (KHTML, like Gecko; compatible; ClaudeBot/1.0; [email protected])"
216.73.216.171 - - [21/Jul/2025:17:26:05 +0000] "GET /goodscode/86925070.shtm HTTP/1.1" 404 11743 "-" "Mozilla/5.0 AppleWebKit/537.36 (KHTML, like Gecko; compatible; ClaudeBot/1.0; [email protected])"
216.73.216.171 - - [21/Jul/2025:17:26:06 +0000] "GET /goodscode/86927864.shtm HTTP/1.1" 404 11743 "-" "Mozilla/5.0 AppleWebKit/537.36 (KHTML, like Gecko; compatible; ClaudeBot/1.0; [email protected])"
216.73.216.171 - - [21/Jul/2025:17:26:06 +0000] "GET /goodscode/86934053.shtm HTTP/1.1" 404 11743 "-" "Mozilla/5.0 AppleWebKit/537.36 (KHTML, like Gecko; compatible; ClaudeBot/1.0; [email protected])"
216.73.216.171 - - [21/Jul/2025:17:26:06 +0000] "GET /goodscode/86933940.shtm HTTP/1.1" 404 11743 "-" "Mozilla/5.0 AppleWebKit/537.36 (KHTML, like Gecko; compatible; ClaudeBot/1.0; [email protected])"
216.73.216.171 - - [21/Jul/2025:17:26:06 +0000] "GET /goodscode/86936022.shtm HTTP/1.1" 404 11743 "-" "Mozilla/5.0 AppleWebKit/537.36 (KHTML, like Gecko; compatible; ClaudeBot/1.0; [email protected])"
216.73.216.171 - - [21/Jul/2025:17:26:06 +0000] "GET /goodscode/86923315.shtm HTTP/1.1" 404 11743 "-" "Mozilla/5.0 AppleWebKit/537.36 (KHTML, like Gecko; compatible; ClaudeBot/1.0; [email protected])"
216.73.216.171 - - [21/Jul/2025:17:26:06 +0000] "GET /goodscode/86917849.shtm HTTP/1.1" 404 11743 "-" "Mozilla/5.0 AppleWebKit/537.36 (KHTML, like Gecko; compatible; ClaudeBot/1.0; [email protected])"
216.73.216.171 - - [21/Jul/2025:17:26:06 +0000] "GET /goodscode/86920947.shtm HTTP/1.1" 404 11743 "-" "Mozilla/5.0 AppleWebKit/537.36 (KHTML, like Gecko; compatible; ClaudeBot/1.0; [email protected])"
216.73.216.171 - - [21/Jul/2025:17:26:06 +0000] "GET /goodscode/86942277.shtm HTTP/1.1" 404 11743 "-" "Mozilla/5.0 AppleWebKit/537.36 (KHTML, like Gecko; compatible; ClaudeBot/1.0; [email protected])"
216.73.216.171 - - [21/Jul/2025:17:26:06 +0000] "GET /goodscode/86935264.shtm HTTP/1.1" 404 11743 "-" "Mozilla/5.0 AppleWebKit/537.36 (KHTML, like Gecko; compatible; ClaudeBot/1.0; [email protected])"
216.73.216.171 - - [21/Jul/2025:17:26:06 +0000] "GET /goodscode/86926458.shtm HTTP/1.1" 404 11743 "-" "Mozilla/5.0 AppleWebKit/537.36 (KHTML, like Gecko; compatible; ClaudeBot/1.0; [email protected])"
216.73.216.171 - - [21/Jul/2025:17:26:07 +0000] "GET /goodscode/86945262.shtm HTTP/1.1" 404 11743 "-" "Mozilla/5.0 AppleWebKit/537.36 (KHTML, like Gecko; compatible; ClaudeBot/1.0; [email protected])"
216.73.216.171 - - [21/Jul/2025:17:26:07 +0000] "GET /goodscode/86928569.shtm HTTP/1.1" 404 11743 "-" "Mozilla/5.0 AppleWebKit/537.36 (KHTML, like Gecko; compatible; ClaudeBot/1.0; [email protected])"
216.73.216.171 - - [21/Jul/2025:17:26:07 +0000] "GET /goodscode/86933128.shtm HTTP/1.1" 404 11743 "-" "Mozilla/5.0 AppleWebKit/537.36 (KHTML, like Gecko; compatible; ClaudeBot/1.0; [email protected])"
216.73.216.171 - - [21/Jul/2025:17:26:07 +0000] "GET /goodscode/86945155.shtm HTTP/1.1" 404 11743 "-" "Mozilla/5.0 AppleWebKit/537.36 (KHTML, like Gecko; compatible; ClaudeBot/1.0; [email protected])"
216.73.216.171 - - [21/Jul/2025:17:26:07 +0000] "GET /goodscode/86934193.shtm HTTP/1.1" 404 11743 "-" "Mozilla/5.0 AppleWebKit/537.36 (KHTML, like Gecko; compatible; ClaudeBot/1.0; [email protected])"
216.73.216.171 - - [21/Jul/2025:17:26:07 +0000] "GET /goodscode/86936540.shtm HTTP/1.1" 404 11743 "-" "Mozilla/5.0 AppleWebKit/537.36 (KHTML, like Gecko; compatible; ClaudeBot/1.0; [email protected])"
216.73.216.171 - - [21/Jul/2025:17:26:07 +0000] "GET /goodscode/86941371.shtm HTTP/1.1" 404 11743 "-" "Mozilla/5.0 AppleWebKit/537.36 (KHTML, like Gecko; compatible; ClaudeBot/1.0; [email protected])"
209.74.77.214 - - [21/Jul/2025:17:27:17 +0000] "POST /wp-cron.php?doing_wp_cron=1753118837.2103610038757324218750 HTTP/1.1" 200 - "-" "WordPress/6.8.2; https://gardenify.com.au"
216.73.216.171 - - [21/Jul/2025:17:27:16 +0000] "GET /goodscode/86935930.shtm HTTP/1.1" 404 11743 "-" "Mozilla/5.0 AppleWebKit/537.36 (KHTML, like Gecko; compatible; ClaudeBot/1.0; [email protected])"
216.73.216.171 - - [21/Jul/2025:17:27:16 +0000] "GET /goodscode/86933907.shtm HTTP/1.1" 404 11743 "-" "Mozilla/5.0 AppleWebKit/537.36 (KHTML, like Gecko; compatible; ClaudeBot/1.0; [email protected])"
216.73.216.171 - - [21/Jul/2025:17:27:16 +0000] "GET /goodscode/86929171.shtm HTTP/1.1" 404 11743 "-" "Mozilla/5.0 AppleWebKit/537.36 (KHTML, like Gecko; compatible; ClaudeBot/1.0; [email protected])"
209.74.77.214 - - [21/Jul/2025:17:27:17 +0000] "POST /wp-admin/admin-ajax.php?action=async_litespeed&nonce=jvG67rNA55xiz7Uai66IpjZygAOKpBOx&litespeed_type=imgoptm HTTP/1.1" 200 21 "-" "WordPress/6.8.2; https://gardenify.com.au"
216.73.216.171 - - [21/Jul/2025:17:27:17 +0000] "GET /goodscode/86921917.shtm HTTP/1.1" 404 11743 "-" "Mozilla/5.0 AppleWebKit/537.36 (KHTML, like Gecko; compatible; ClaudeBot/1.0; [email protected])"
216.73.216.171 - - [21/Jul/2025:17:27:17 +0000] "GET /goodscode/86935533.shtm HTTP/1.1" 404 11743 "-" "Mozilla/5.0 AppleWebKit/537.36 (KHTML, like Gecko; compatible; ClaudeBot/1.0; [email protected])"
216.73.216.171 - - [21/Jul/2025:17:27:17 +0000] "GET /goodscode/86932314.shtm HTTP/1.1" 404 11743 "-" "Mozilla/5.0 AppleWebKit/537.36 (KHTML, like Gecko; compatible; ClaudeBot/1.0; [email protected])"
216.73.216.171 - - [21/Jul/2025:17:27:17 +0000] "GET /goodscode/86933397.shtm HTTP/1.1" 404 11743 "-" "Mozilla/5.0 AppleWebKit/537.36 (KHTML, like Gecko; compatible; ClaudeBot/1.0; [email protected])"
216.73.216.171 - - [21/Jul/2025:17:27:17 +0000] "GET /goodscode/86932460.shtm HTTP/1.1" 404 11743 "-" "Mozilla/5.0 AppleWebKit/537.36 (KHTML, like Gecko; compatible; ClaudeBot/1.0; [email protected])"
216.73.216.171 - - [21/Jul/2025:17:27:18 +0000] "GET /goodscode/86924203.shtm HTTP/1.1" 404 11743 "-" "Mozilla/5.0 AppleWebKit/537.36 (KHTML, like Gecko; compatible; ClaudeBot/1.0; [email protected])"
216.73.216.171 - - [21/Jul/2025:17:27:18 +0000] "GET /goodscode/86935856.shtm HTTP/1.1" 404 11743 "-" "Mozilla/5.0 AppleWebKit/537.36 (KHTML, like Gecko; compatible; ClaudeBot/1.0; [email protected])"
216.73.216.171 - - [21/Jul/2025:17:27:18 +0000] "GET /goodscode/86924016.shtm HTTP/1.1" 404 11743 "-" "Mozilla/5.0 AppleWebKit/537.36 (KHTML, like Gecko; compatible; ClaudeBot/1.0; [email protected])"
216.73.216.171 - - [21/Jul/2025:17:27:18 +0000] "GET /goodscode/86930511.shtm HTTP/1.1" 404 11743 "-" "Mozilla/5.0 AppleWebKit/537.36 (KHTML, like Gecko; compatible; ClaudeBot/1.0; [email protected])"
216.73.216.171 - - [21/Jul/2025:17:27:18 +0000] "GET /goodscode/86929689.shtm HTTP/1.1" 404 11743 "-" "Mozilla/5.0 AppleWebKit/537.36 (KHTML, like Gecko; compatible; ClaudeBot/1.0; [email protected])"
216.73.216.171 - - [21/Jul/2025:17:27:18 +0000] "GET /goodscode/86925091.shtm HTTP/1.1" 404 11743 "-" "Mozilla/5.0 AppleWebKit/537.36 (KHTML, like Gecko; compatible; ClaudeBot/1.0; [email protected])"
216.73.216.171 - - [21/Jul/2025:17:27:18 +0000] "GET /goodscode/86920151.shtm HTTP/1.1" 404 11743 "-" "Mozilla/5.0 AppleWebKit/537.36 (KHTML, like Gecko; compatible; ClaudeBot/1.0; [email protected])"
216.73.216.171 - - [21/Jul/2025:17:27:18 +0000] "GET /goodscode/86936495.shtm HTTP/1.1" 404 11743 "-" "Mozilla/5.0 AppleWebKit/537.36 (KHTML, like Gecko; compatible; ClaudeBot/1.0; [email protected])"
216.73.216.171 - - [21/Jul/2025:17:27:18 +0000] "GET /goodscode/86948066.shtm HTTP/1.1" 404 11743 "-" "Mozilla/5.0 AppleWebKit/537.36 (KHTML, like Gecko; compatible; ClaudeBot/1.0; [email protected])"
216.73.216.171 - - [21/Jul/2025:17:27:18 +0000] "GET /goodscode/86934376.shtm HTTP/1.1" 404 11743 "-" "Mozilla/5.0 AppleWebKit/537.36 (KHTML, like Gecko; compatible; ClaudeBot/1.0; [email protected])"
216.73.216.171 - - [21/Jul/2025:17:27:18 +0000] "GET /goodscode/86938051.shtm HTTP/1.1" 404 11743 "-" "Mozilla/5.0 AppleWebKit/537.36 (KHTML, like Gecko; compatible; ClaudeBot/1.0; [email protected])"
216.73.216.171 - - [21/Jul/2025:17:27:18 +0000] "GET /goodscode/86931722.shtm HTTP/1.1" 404 11743 "-" "Mozilla/5.0 AppleWebKit/537.36 (KHTML, like Gecko; compatible; ClaudeBot/1.0; [email protected])"
216.73.216.171 - - [21/Jul/2025:17:27:18 +0000] "GET /goodscode/86944532.shtm HTTP/1.1" 404 11743 "-" "Mozilla/5.0 AppleWebKit/537.36 (KHTML, like Gecko; compatible; ClaudeBot/1.0; [email protected])"
216.73.216.171 - - [21/Jul/2025:17:27:18 +0000] "GET /goodscode/86931917.shtm HTTP/1.1" 404 11743 "-" "Mozilla/5.0 AppleWebKit/537.36 (KHTML, like Gecko; compatible; ClaudeBot/1.0; [email protected])"
216.73.216.171 - - [21/Jul/2025:17:27:18 +0000] "GET /goodscode/86942943.shtm HTTP/1.1" 404 11743 "-" "Mozilla/5.0 AppleWebKit/537.36 (KHTML, like Gecko; compatible; ClaudeBot/1.0; [email protected])"
216.73.216.171 - - [21/Jul/2025:17:27:18 +0000] "GET /goodscode/86919263.shtm HTTP/1.1" 404 11743 "-" "Mozilla/5.0 AppleWebKit/537.36 (KHTML, like Gecko; compatible; ClaudeBot/1.0; [email protected])"
216.73.216.171 - - [21/Jul/2025:17:27:18 +0000] "GET /goodscode/86932174.shtm HTTP/1.1" 404 11743 "-" "Mozilla/5.0 AppleWebKit/537.36 (KHTML, like Gecko; compatible; ClaudeBot/1.0; [email protected])"
216.73.216.171 - - [21/Jul/2025:17:27:19 +0000] "GET /goodscode/86935570.shtm HTTP/1.1" 404 11743 "-" "Mozilla/5.0 AppleWebKit/537.36 (KHTML, like Gecko; compatible; ClaudeBot/1.0; [email protected])"
216.73.216.171 - - [21/Jul/2025:17:27:19 +0000] "GET /goodscode/86946265.shtm HTTP/1.1" 404 11743 "-" "Mozilla/5.0 AppleWebKit/537.36 (KHTML, like Gecko; compatible; ClaudeBot/1.0; [email protected])"
216.73.216.171 - - [21/Jul/2025:17:27:19 +0000] "GET /goodscode/86919512.shtm HTTP/1.1" 404 11743 "-" "Mozilla/5.0 AppleWebKit/537.36 (KHTML, like Gecko; compatible; ClaudeBot/1.0; [email protected])"
216.73.216.171 - - [21/Jul/2025:17:27:19 +0000] "GET /goodscode/86917734.shtm HTTP/1.1" 404 11743 "-" "Mozilla/5.0 AppleWebKit/537.36 (KHTML, like Gecko; compatible; ClaudeBot/1.0; [email protected])"
216.73.216.171 - - [21/Jul/2025:17:27:19 +0000] "GET /goodscode/86917438.shtm HTTP/1.1" 404 11743 "-" "Mozilla/5.0 AppleWebKit/537.36 (KHTML, like Gecko; compatible; ClaudeBot/1.0; [email protected])"
216.73.216.171 - - [21/Jul/2025:17:27:19 +0000] "GET /goodscode/86943599.shtm HTTP/1.1" 404 11743 "-" "Mozilla/5.0 AppleWebKit/537.36 (KHTML, like Gecko; compatible; ClaudeBot/1.0; [email protected])"
209.74.77.214 - - [21/Jul/2025:17:28:34 +0000] "POST /wp-cron.php?doing_wp_cron=1753118914.4468369483947753906250 HTTP/1.1" 200 - "-" "WordPress/6.8.2; https://gardenify.com.au"
216.73.216.171 - - [21/Jul/2025:17:28:33 +0000] "GET /goodscode/86945515.shtm HTTP/1.1" 404 11743 "-" "Mozilla/5.0 AppleWebKit/537.36 (KHTML, like Gecko; compatible; ClaudeBot/1.0; [email protected])"
216.73.216.171 - - [21/Jul/2025:17:28:33 +0000] "GET /goodscode/86939891.shtm HTTP/1.1" 404 11743 "-" "Mozilla/5.0 AppleWebKit/537.36 (KHTML, like Gecko; compatible; ClaudeBot/1.0; [email protected])"
216.73.216.171 - - [21/Jul/2025:17:28:33 +0000] "GET /goodscode/86921927.shtm HTTP/1.1" 404 11743 "-" "Mozilla/5.0 AppleWebKit/537.36 (KHTML, like Gecko; compatible; ClaudeBot/1.0; [email protected])"
209.74.77.214 - - [21/Jul/2025:17:28:34 +0000] "POST /wp-admin/admin-ajax.php?action=async_litespeed&nonce=hbkYlvYmATGgqUJCmoKemvyO8gBH1x8Z&litespeed_type=imgoptm HTTP/1.1" 200 21 "-" "WordPress/6.8.2; https://gardenify.com.au"
216.73.216.171 - - [21/Jul/2025:17:28:34 +0000] "GET /goodscode/86926384.shtm HTTP/1.1" 404 11743 "-" "Mozilla/5.0 AppleWebKit/537.36 (KHTML, like Gecko; compatible; ClaudeBot/1.0; [email protected])"
216.73.216.171 - - [21/Jul/2025:17:28:34 +0000] "GET /goodscode/86948771.shtm HTTP/1.1" 404 11743 "-" "Mozilla/5.0 AppleWebKit/537.36 (KHTML, like Gecko; compatible; ClaudeBot/1.0; [email protected])"
216.73.216.171 - - [21/Jul/2025:17:28:34 +0000] "GET /goodscode/86943192.shtm HTTP/1.1" 404 11743 "-" "Mozilla/5.0 AppleWebKit/537.36 (KHTML, like Gecko; compatible; ClaudeBot/1.0; [email protected])"
216.73.216.171 - - [21/Jul/2025:17:28:34 +0000] "GET /goodscode/86944193.shtm HTTP/1.1" 404 11743 "-" "Mozilla/5.0 AppleWebKit/537.36 (KHTML, like Gecko; compatible; ClaudeBot/1.0; [email protected])"
216.73.216.171 - - [21/Jul/2025:17:28:35 +0000] "GET /goodscode/86920437.shtm HTTP/1.1" 404 11743 "-" "Mozilla/5.0 AppleWebKit/537.36 (KHTML, like Gecko; compatible; ClaudeBot/1.0; [email protected])"
216.73.216.171 - - [21/Jul/2025:17:28:35 +0000] "GET /goodscode/86925323.shtm HTTP/1.1" 404 11743 "-" "Mozilla/5.0 AppleWebKit/537.36 (KHTML, like Gecko; compatible; ClaudeBot/1.0; [email protected])"
216.73.216.171 - - [21/Jul/2025:17:28:35 +0000] "GET /goodscode/86925662.shtm HTTP/1.1" 404 11743 "-" "Mozilla/5.0 AppleWebKit/537.36 (KHTML, like Gecko; compatible; ClaudeBot/1.0; [email protected])"
216.73.216.171 - - [21/Jul/2025:17:28:35 +0000] "GET /goodscode/86933348.shtm HTTP/1.1" 404 11743 "-" "Mozilla/5.0 AppleWebKit/537.36 (KHTML, like Gecko; compatible; ClaudeBot/1.0; [email protected])"
216.73.216.171 - - [21/Jul/2025:17:28:35 +0000] "GET /goodscode/86947410.shtm HTTP/1.1" 404 11743 "-" "Mozilla/5.0 AppleWebKit/537.36 (KHTML, like Gecko; compatible; ClaudeBot/1.0; [email protected])"
216.73.216.171 - - [21/Jul/2025:17:28:35 +0000] "GET /goodscode/86943126.shtm HTTP/1.1" 404 11743 "-" "Mozilla/5.0 AppleWebKit/537.36 (KHTML, like Gecko; compatible; ClaudeBot/1.0; [email protected])"
216.73.216.171 - - [21/Jul/2025:17:28:35 +0000] "GET /goodscode/86919964.shtm HTTP/1.1" 404 11743 "-" "Mozilla/5.0 AppleWebKit/537.36 (KHTML, like Gecko; compatible; ClaudeBot/1.0; [email protected])"
216.73.216.171 - - [21/Jul/2025:17:28:35 +0000] "GET /goodscode/86922842.shtm HTTP/1.1" 404 11743 "-" "Mozilla/5.0 AppleWebKit/537.36 (KHTML, like Gecko; compatible; ClaudeBot/1.0; [email protected])"
216.73.216.171 - - [21/Jul/2025:17:28:35 +0000] "GET /goodscode/86916486.shtm HTTP/1.1" 404 11743 "-" "Mozilla/5.0 AppleWebKit/537.36 (KHTML, like Gecko; compatible; ClaudeBot/1.0; [email protected])"
216.73.216.171 - - [21/Jul/2025:17:28:35 +0000] "GET /goodscode/86930232.shtm HTTP/1.1" 404 11743 "-" "Mozilla/5.0 AppleWebKit/537.36 (KHTML, like Gecko; compatible; ClaudeBot/1.0; [email protected])"
216.73.216.171 - - [21/Jul/2025:17:28:35 +0000] "GET /goodscode/86919446.shtm HTTP/1.1" 404 11743 "-" "Mozilla/5.0 AppleWebKit/537.36 (KHTML, like Gecko; compatible; ClaudeBot/1.0; [email protected])"
216.73.216.171 - - [21/Jul/2025:17:28:35 +0000] "GET /goodscode/86938390.shtm HTTP/1.1" 404 11743 "-" "Mozilla/5.0 AppleWebKit/537.36 (KHTML, like Gecko; compatible; ClaudeBot/1.0; [email protected])"
216.73.216.171 - - [21/Jul/2025:17:28:35 +0000] "GET /goodscode/86924721.shtm HTTP/1.1" 404 11743 "-" "Mozilla/5.0 AppleWebKit/537.36 (KHTML, like Gecko; compatible; ClaudeBot/1.0; [email protected])"
216.73.216.171 - - [21/Jul/2025:17:28:35 +0000] "GET /goodscode/86935430.shtm HTTP/1.1" 404 11743 "-" "Mozilla/5.0 AppleWebKit/537.36 (KHTML, like Gecko; compatible; ClaudeBot/1.0; [email protected])"
216.73.216.171 - - [21/Jul/2025:17:28:35 +0000] "GET /goodscode/86935607.shtm HTTP/1.1" 404 11743 "-" "Mozilla/5.0 AppleWebKit/537.36 (KHTML, like Gecko; compatible; ClaudeBot/1.0; [email protected])"
216.73.216.171 - - [21/Jul/2025:17:28:35 +0000] "GET /goodscode/86925792.shtm HTTP/1.1" 404 11743 "-" "Mozilla/5.0 AppleWebKit/537.36 (KHTML, like Gecko; compatible; ClaudeBot/1.0; [email protected])"
216.73.216.171 - - [21/Jul/2025:17:28:36 +0000] "GET /goodscode/86940419.shtm HTTP/1.1" 404 11743 "-" "Mozilla/5.0 AppleWebKit/537.36 (KHTML, like Gecko; compatible; ClaudeBot/1.0; [email protected])"
216.73.216.171 - - [21/Jul/2025:17:28:36 +0000] "GET /goodscode/86947104.shtm HTTP/1.1" 404 11743 "-" "Mozilla/5.0 AppleWebKit/537.36 (KHTML, like Gecko; compatible; ClaudeBot/1.0; [email protected])"
216.73.216.171 - - [21/Jul/2025:17:28:36 +0000] "GET /goodscode/86948115.shtm HTTP/1.1" 404 11743 "-" "Mozilla/5.0 AppleWebKit/537.36 (KHTML, like Gecko; compatible; ClaudeBot/1.0; [email protected])"
216.73.216.171 - - [21/Jul/2025:17:28:36 +0000] "GET /goodscode/86939455.shtm HTTP/1.1" 404 11743 "-" "Mozilla/5.0 AppleWebKit/537.36 (KHTML, like Gecko; compatible; ClaudeBot/1.0; [email protected])"
216.73.216.171 - - [21/Jul/2025:17:28:36 +0000] "GET /goodscode/86918671.shtm HTTP/1.1" 404 11743 "-" "Mozilla/5.0 AppleWebKit/537.36 (KHTML, like Gecko; compatible; ClaudeBot/1.0; [email protected])"
216.73.216.171 - - [21/Jul/2025:17:28:36 +0000] "GET /goodscode/86937502.shtm HTTP/1.1" 404 11743 "-" "Mozilla/5.0 AppleWebKit/537.36 (KHTML, like Gecko; compatible; ClaudeBot/1.0; [email protected])"
216.73.216.171 - - [21/Jul/2025:17:28:36 +0000] "GET /goodscode/86943486.shtm HTTP/1.1" 404 11743 "-" "Mozilla/5.0 AppleWebKit/537.36 (KHTML, like Gecko; compatible; ClaudeBot/1.0; [email protected])"
216.73.216.171 - - [21/Jul/2025:17:28:36 +0000] "GET /goodscode/86945494.shtm HTTP/1.1" 404 11743 "-" "Mozilla/5.0 AppleWebKit/537.36 (KHTML, like Gecko; compatible; ClaudeBot/1.0; [email protected])"
216.73.216.171 - - [21/Jul/2025:17:29:50 +0000] "GET /sitemap-1.xml HTTP/1.1" 200 3761 "-" "Mozilla/5.0 AppleWebKit/537.36 (KHTML, like Gecko; compatible; ClaudeBot/1.0; [email protected])"
216.73.216.171 - - [21/Jul/2025:17:29:50 +0000] "GET /sitemap-3.xml HTTP/1.1" 200 3761 "-" "Mozilla/5.0 AppleWebKit/537.36 (KHTML, like Gecko; compatible; ClaudeBot/1.0; [email protected])"
209.74.77.214 - - [21/Jul/2025:17:30:31 +0000] "POST /wp-cron.php?doing_wp_cron=1753119031.1745669841766357421875 HTTP/1.1" 200 - "-" "WordPress/6.8.2; https://gardenify.com.au"
57.141.2.2 - - [21/Jul/2025:17:30:29 +0000] "GET /search/80291178061490/feed/rss2/ HTTP/1.1" 200 1209 "-" "meta-externalagent/1.1 (+https://developers.facebook.com/docs/sharing/webmasters/crawler)"
209.74.77.214 - - [21/Jul/2025:17:30:31 +0000] "POST /wp-admin/admin-ajax.php?action=async_litespeed&nonce=rGoAyYYbB2PqOp4yAUMs89PI1eTadvtH&litespeed_type=imgoptm HTTP/1.1" 200 21 "-" "WordPress/6.8.2; https://gardenify.com.au"
51.222.253.16 - - [21/Jul/2025:17:30:33 +0000] "GET /db.php/shop/product/2023979 HTTP/1.1" 200 - "-" "Mozilla/5.0 (compatible; AhrefsBot/7.0; +http://ahrefs.com/robot/)"
216.73.216.171 - - [21/Jul/2025:17:32:32 +0000] "GET /sitemap-2.xml HTTP/1.1" 200 3761 "-" "Mozilla/5.0 AppleWebKit/537.36 (KHTML, like Gecko; compatible; ClaudeBot/1.0; [email protected])"
216.73.216.171 - - [21/Jul/2025:17:32:32 +0000] "GET /sitemap-12.xml HTTP/1.1" 200 3762 "-" "Mozilla/5.0 AppleWebKit/537.36 (KHTML, like Gecko; compatible; ClaudeBot/1.0; [email protected])"
209.74.77.214 - - [21/Jul/2025:17:33:03 +0000] "POST /wp-cron.php?doing_wp_cron=1753119183.3122220039367675781250 HTTP/1.1" 200 - "-" "WordPress/6.8.2; https://gardenify.com.au"
57.141.2.9 - - [21/Jul/2025:17:33:02 +0000] "GET /goodscode/66525704.shtm HTTP/1.1" 301 - "-" "meta-externalagent/1.1 (+https://developers.facebook.com/docs/sharing/webmasters/crawler)"
209.74.77.214 - - [21/Jul/2025:17:33:03 +0000] "POST /wp-admin/admin-ajax.php?action=async_litespeed&nonce=uzIVav3q21sC7ucjoudEAPZHY5UO17Vg&litespeed_type=imgoptm HTTP/1.1" 200 21 "-" "WordPress/6.8.2; https://gardenify.com.au"
57.141.2.4 - - [21/Jul/2025:17:33:04 +0000] "GET /goodscode/66525704.shtm HTTP/1.1" 404 50359 "-" "meta-externalagent/1.1 (+https://developers.facebook.com/docs/sharing/webmasters/crawler)"
209.74.77.214 - - [21/Jul/2025:17:33:22 +0000] "POST /wp-cron.php?doing_wp_cron=1753119202.9564590454101562500000 HTTP/1.1" 200 - "-" "WordPress/6.8.2; https://gardenify.com.au"
57.141.2.4 - - [21/Jul/2025:17:33:22 +0000] "GET /search/101070191041490/feed/rss2/ HTTP/1.1" 200 1212 "-" "meta-externalagent/1.1 (+https://developers.facebook.com/docs/sharing/webmasters/crawler)"
216.73.216.171 - - [21/Jul/2025:17:34:12 +0000] "GET /sitemap-7.xml HTTP/1.1" 200 3763 "-" "Mozilla/5.0 AppleWebKit/537.36 (KHTML, like Gecko; compatible; ClaudeBot/1.0; [email protected])"
216.73.216.171 - - [21/Jul/2025:17:34:12 +0000] "GET /sitemap.xml HTTP/1.1" 200 3801 "-" "Mozilla/5.0 AppleWebKit/537.36 (KHTML, like Gecko; compatible; ClaudeBot/1.0; [email protected])"
45.227.253.15 - - [21/Jul/2025:17:35:06 +0000] "GET /wp-content/plugins/leadconnector/logs/logs/index.php?ARRAY=7o2230223n313735333132333031342p2231223n22687474703n5p2s5p2s7n7334383376313373752r746s6566612r626p6s675p2s3s6p633q7068705s636s64655s6n6326743q313735333131393431342q6263366265346232616664313561663436363366376337363636373162643235222p2232223n226433653231653036636139633631626333343232303865623436386363643030222p2233223n223530366135366366633361623064313165366566393530373331636437656263222p2262696r675s70617373223n2232382q33342q35332q36392q37322q39302q3233227q HTTP/1.1" 200 102 "-" "Mozilla/5.0 (Macintosh; Intel Mac OS X 10.12; rv:103.0) Gecko/20100101 Firefox/102.0"
209.74.77.214 - - [21/Jul/2025:17:36:04 +0000] "POST /wp-cron.php?doing_wp_cron=1753119364.7412090301513671875000 HTTP/1.1" 200 - "-" "WordPress/6.8.2; https://gardenify.com.au"
57.141.2.14 - - [21/Jul/2025:17:36:03 +0000] "GET /goodscode/15922356.shtm HTTP/1.1" 404 50359 "-" "meta-externalagent/1.1 (+https://developers.facebook.com/docs/sharing/webmasters/crawler)"
209.74.77.214 - - [21/Jul/2025:17:36:04 +0000] "POST /wp-admin/admin-ajax.php?action=async_litespeed&nonce=QGDMnPgzdxIbiFHIDtWImXnl0zNU7HMh&litespeed_type=imgoptm HTTP/1.1" 200 21 "-" "WordPress/6.8.2; https://gardenify.com.au"
216.73.216.171 - - [21/Jul/2025:17:36:06 +0000] "GET /sitemap-5.xml HTTP/1.1" 200 3762 "-" "Mozilla/5.0 AppleWebKit/537.36 (KHTML, like Gecko; compatible; ClaudeBot/1.0; [email protected])"
216.73.216.171 - - [21/Jul/2025:17:36:06 +0000] "GET /sitemap-11.xml HTTP/1.1" 200 3764 "-" "Mozilla/5.0 AppleWebKit/537.36 (KHTML, like Gecko; compatible; ClaudeBot/1.0; [email protected])"
57.141.2.25 - - [21/Jul/2025:17:36:09 +0000] "GET /goodscode/15925160.shtm HTTP/1.1" 404 50359 "-" "meta-externalagent/1.1 (+https://developers.facebook.com/docs/sharing/webmasters/crawler)"
57.141.2.4 - - [21/Jul/2025:17:36:15 +0000] "GET /goodscode/15922070.shtm HTTP/1.1" 404 50359 "-" "meta-externalagent/1.1 (+https://developers.facebook.com/docs/sharing/webmasters/crawler)"
209.74.77.214 - - [21/Jul/2025:17:36:46 +0000] "POST /wp-cron.php?doing_wp_cron=1753119406.4123299121856689453125 HTTP/1.1" 200 - "-" "WordPress/6.8.2; https://gardenify.com.au"
57.141.2.14 - - [21/Jul/2025:17:36:46 +0000] "GET /goodscode/45545041.shtm HTTP/1.1" 301 - "-" "meta-externalagent/1.1 (+https://developers.facebook.com/docs/sharing/webmasters/crawler)"
57.141.2.21 - - [21/Jul/2025:17:36:47 +0000] "GET /goodscode/45545041.shtm HTTP/1.1" 404 50359 "-" "meta-externalagent/1.1 (+https://developers.facebook.com/docs/sharing/webmasters/crawler)"
216.73.216.171 - - [21/Jul/2025:17:37:28 +0000] "GET /sitemap-9.xml HTTP/1.1" 200 3765 "-" "Mozilla/5.0 AppleWebKit/537.36 (KHTML, like Gecko; compatible; ClaudeBot/1.0; [email protected])"
216.73.216.171 - - [21/Jul/2025:17:37:28 +0000] "GET /sitemap-20.xml HTTP/1.1" 200 3763 "-" "Mozilla/5.0 AppleWebKit/537.36 (KHTML, like Gecko; compatible; ClaudeBot/1.0; [email protected])"
209.74.77.214 - - [21/Jul/2025:17:38:04 +0000] "POST /wp-cron.php?doing_wp_cron=1753119484.4368801116943359375000 HTTP/1.1" 200 - "-" "WordPress/6.8.2; https://gardenify.com.au"
57.141.2.30 - - [21/Jul/2025:17:38:03 +0000] "GET /goodscode/15926031.shtm HTTP/1.1" 404 50359 "-" "meta-externalagent/1.1 (+https://developers.facebook.com/docs/sharing/webmasters/crawler)"
209.74.77.214 - - [21/Jul/2025:17:38:04 +0000] "POST /wp-admin/admin-ajax.php?action=async_litespeed&nonce=7Eta3pSGvncM49wm2wmfJd1I0dLAEjjE&litespeed_type=imgoptm HTTP/1.1" 200 21 "-" "WordPress/6.8.2; https://gardenify.com.au"
216.73.216.171 - - [21/Jul/2025:17:38:49 +0000] "GET /sitemap-14.xml HTTP/1.1" 200 3763 "-" "Mozilla/5.0 AppleWebKit/537.36 (KHTML, like Gecko; compatible; ClaudeBot/1.0; [email protected])"
209.74.77.214 - - [21/Jul/2025:17:38:52 +0000] "POST /wp-cron.php?doing_wp_cron=1753119532.2506508827209472656250 HTTP/1.1" 200 - "-" "WordPress/6.8.2; https://gardenify.com.au"
57.141.2.25 - - [21/Jul/2025:17:38:51 +0000] "GET /goodscode/15929647.shtm HTTP/1.1" 404 50359 "-" "meta-externalagent/1.1 (+https://developers.facebook.com/docs/sharing/webmasters/crawler)"
209.74.77.214 - - [21/Jul/2025:17:38:52 +0000] "POST /wp-admin/admin-ajax.php?action=async_litespeed&nonce=EoWesqab1he8I38Wzw6LM0lhpDSSNBdP&litespeed_type=imgoptm HTTP/1.1" 200 21 "-" "WordPress/6.8.2; https://gardenify.com.au"
57.141.2.14 - - [21/Jul/2025:17:38:54 +0000] "GET /goodscode/15922683.shtm HTTP/1.1" 404 50359 "-" "meta-externalagent/1.1 (+https://developers.facebook.com/docs/sharing/webmasters/crawler)"
57.141.2.21 - - [21/Jul/2025:17:39:03 +0000] "GET /goodscode/15917242.shtm HTTP/1.1" 404 50359 "-" "meta-externalagent/1.1 (+https://developers.facebook.com/docs/sharing/webmasters/crawler)"
216.73.216.171 - - [21/Jul/2025:17:40:11 +0000] "GET /sitemap-6.xml HTTP/1.1" 200 3763 "-" "Mozilla/5.0 AppleWebKit/537.36 (KHTML, like Gecko; compatible; ClaudeBot/1.0; [email protected])"
51.222.253.6 - - [21/Jul/2025:17:41:32 +0000] "GET /db.php/shop/product/2024812 HTTP/1.1" 200 - "-" "Mozilla/5.0 (compatible; AhrefsBot/7.0; +http://ahrefs.com/robot/)"
216.73.216.171 - - [21/Jul/2025:17:41:33 +0000] "GET /sitemap-15.xml HTTP/1.1" 200 3763 "-" "Mozilla/5.0 AppleWebKit/537.36 (KHTML, like Gecko; compatible; ClaudeBot/1.0; [email protected])"
209.74.77.214 - - [21/Jul/2025:17:42:28 +0000] "POST /wp-cron.php?doing_wp_cron=1753119748.4620668888092041015625 HTTP/1.1" 200 - "-" "WordPress/6.8.2; https://gardenify.com.au"
57.141.2.26 - - [21/Jul/2025:17:42:27 +0000] "GET /goodscode/15931795.shtm HTTP/1.1" 404 50359 "-" "meta-externalagent/1.1 (+https://developers.facebook.com/docs/sharing/webmasters/crawler)"
209.74.77.214 - - [21/Jul/2025:17:42:28 +0000] "POST /wp-admin/admin-ajax.php?action=async_litespeed&nonce=8HiRfCEX4DfT4tX6St9b2S2CibiitmFV&litespeed_type=imgoptm HTTP/1.1" 200 21 "-" "WordPress/6.8.2; https://gardenify.com.au"
57.141.2.26 - - [21/Jul/2025:17:42:29 +0000] "GET /goodscode/15922866.shtm HTTP/1.1" 404 50359 "-" "meta-externalagent/1.1 (+https://developers.facebook.com/docs/sharing/webmasters/crawler)"
57.141.2.17 - - [21/Jul/2025:17:42:32 +0000] "GET /goodscode/15917770.shtm HTTP/1.1" 404 50359 "-" "meta-externalagent/1.1 (+https://developers.facebook.com/docs/sharing/webmasters/crawler)"
57.141.2.16 - - [21/Jul/2025:17:42:37 +0000] "GET /goodscode/15927834.shtm HTTP/1.1" 404 50359 "-" "meta-externalagent/1.1 (+https://developers.facebook.com/docs/sharing/webmasters/crawler)"
57.141.2.10 - - [21/Jul/2025:17:42:45 +0000] "GET /goodscode/854137.shtm HTTP/1.1" 301 - "-" "meta-externalagent/1.1 (+https://developers.facebook.com/docs/sharing/webmasters/crawler)"
57.141.2.29 - - [21/Jul/2025:17:42:48 +0000] "GET /goodscode/854137.shtm HTTP/1.1" 404 50359 "-" "meta-externalagent/1.1 (+https://developers.facebook.com/docs/sharing/webmasters/crawler)"
216.73.216.171 - - [21/Jul/2025:17:44:12 +0000] "GET /sitemap-13.xml HTTP/1.1" 200 3763 "-" "Mozilla/5.0 AppleWebKit/537.36 (KHTML, like Gecko; compatible; ClaudeBot/1.0; [email protected])"
216.73.216.171 - - [21/Jul/2025:17:45:32 +0000] "GET /sitemap-8.xml HTTP/1.1" 200 3765 "-" "Mozilla/5.0 AppleWebKit/537.36 (KHTML, like Gecko; compatible; ClaudeBot/1.0; [email protected])"
209.74.77.214 - - [21/Jul/2025:17:46:17 +0000] "POST /wp-cron.php?doing_wp_cron=1753119977.4954741001129150390625 HTTP/1.1" 200 - "-" "WordPress/6.8.2; https://gardenify.com.au"
57.141.2.15 - - [21/Jul/2025:17:46:16 +0000] "GET /search/65731970001490/feed/rss2/ HTTP/1.1" 200 1209 "-" "meta-externalagent/1.1 (+https://developers.facebook.com/docs/sharing/webmasters/crawler)"
209.74.77.214 - - [21/Jul/2025:17:46:17 +0000] "POST /wp-admin/admin-ajax.php?action=async_litespeed&nonce=NRsFfoSfc5wlcj7x6M0jfx2Ncu2jcAaf&litespeed_type=imgoptm HTTP/1.1" 200 21 "-" "WordPress/6.8.2; https://gardenify.com.au"
216.73.216.171 - - [21/Jul/2025:17:46:53 +0000] "GET /sitemap-19.xml HTTP/1.1" 200 3763 "-" "Mozilla/5.0 AppleWebKit/537.36 (KHTML, like Gecko; compatible; ClaudeBot/1.0; [email protected])"
216.73.216.171 - - [21/Jul/2025:17:48:29 +0000] "GET /sitemap-17.xml HTTP/1.1" 200 3764 "-" "Mozilla/5.0 AppleWebKit/537.36 (KHTML, like Gecko; compatible; ClaudeBot/1.0; [email protected])"
209.74.77.214 - - [21/Jul/2025:17:49:38 +0000] "POST /wp-cron.php?doing_wp_cron=1753120178.1313199996948242187500 HTTP/1.1" 200 - "-" "WordPress/6.8.2; https://gardenify.com.au"
57.141.2.7 - - [21/Jul/2025:17:49:36 +0000] "GET /goodscode/66505732.shtm HTTP/1.1" 301 - "-" "meta-externalagent/1.1 (+https://developers.facebook.com/docs/sharing/webmasters/crawler)"
209.74.77.214 - - [21/Jul/2025:17:49:38 +0000] "POST /wp-admin/admin-ajax.php?action=async_litespeed&nonce=3DvOCGNHkugh02RdXkvc086bGvPt3g0G&litespeed_type=imgoptm HTTP/1.1" 200 21 "-" "WordPress/6.8.2; https://gardenify.com.au"
57.141.2.7 - - [21/Jul/2025:17:49:39 +0000] "GET /goodscode/66505732.shtm HTTP/1.1" 404 50359 "-" "meta-externalagent/1.1 (+https://developers.facebook.com/docs/sharing/webmasters/crawler)"
216.73.216.171 - - [21/Jul/2025:17:50:54 +0000] "GET /db.php/sitemap-3.xml HTTP/1.1" 200 13880 "-" "Mozilla/5.0 AppleWebKit/537.36 (KHTML, like Gecko; compatible; ClaudeBot/1.0; [email protected])"
51.222.253.13 - - [21/Jul/2025:17:51:55 +0000] "GET /db.php/shop/product/2036990 HTTP/1.1" 200 - "-" "Mozilla/5.0 (compatible; AhrefsBot/7.0; +http://ahrefs.com/robot/)"
216.73.216.171 - - [21/Jul/2025:17:52:40 +0000] "GET /db.php/sitemap-12.xml HTTP/1.1" 200 13865 "-" "Mozilla/5.0 AppleWebKit/537.36 (KHTML, like Gecko; compatible; ClaudeBot/1.0; [email protected])"
209.74.77.214 - - [21/Jul/2025:17:52:53 +0000] "POST /wp-cron.php?doing_wp_cron=1753120372.9912528991699218750000 HTTP/1.1" 200 - "-" "WordPress/6.8.2; https://gardenify.com.au"
57.141.2.22 - - [21/Jul/2025:17:52:51 +0000] "GET /goodscode/15925051.shtm HTTP/1.1" 404 50359 "-" "meta-externalagent/1.1 (+https://developers.facebook.com/docs/sharing/webmasters/crawler)"
209.74.77.214 - - [21/Jul/2025:17:52:53 +0000] "POST /wp-admin/admin-ajax.php?action=async_litespeed&nonce=Ztc8W9kGfPeckj0jYbHgLCaLERqDHT4c&litespeed_type=imgoptm HTTP/1.1" 200 21 "-" "WordPress/6.8.2; https://gardenify.com.au"
209.74.77.214 - - [21/Jul/2025:17:53:40 +0000] "POST /wp-cron.php?doing_wp_cron=1753120420.1464109420776367187500 HTTP/1.1" 200 - "-" "WordPress/6.8.2; https://gardenify.com.au"
57.141.2.18 - - [21/Jul/2025:17:53:38 +0000] "GET /goodscode/859582.shtm HTTP/1.1" 301 - "-" "meta-externalagent/1.1 (+https://developers.facebook.com/docs/sharing/webmasters/crawler)"
57.141.2.15 - - [21/Jul/2025:17:53:41 +0000] "GET /goodscode/859582.shtm HTTP/1.1" 404 50359 "-" "meta-externalagent/1.1 (+https://developers.facebook.com/docs/sharing/webmasters/crawler)"
216.73.216.171 - - [21/Jul/2025:17:54:02 +0000] "GET /db.php/sitemap-10.xml HTTP/1.1" 200 13842 "-" "Mozilla/5.0 AppleWebKit/537.36 (KHTML, like Gecko; compatible; ClaudeBot/1.0; [email protected])"
216.73.216.171 - - [21/Jul/2025:17:55:38 +0000] "GET /robots.txt HTTP/1.1" 200 229 "-" "Mozilla/5.0 AppleWebKit/537.36 (KHTML, like Gecko; compatible; ClaudeBot/1.0; [email protected])"
216.73.216.171 - - [21/Jul/2025:17:55:38 +0000] "GET /db.php/sitemap-4.xml HTTP/1.1" 200 13825 "-" "Mozilla/5.0 AppleWebKit/537.36 (KHTML, like Gecko; compatible; ClaudeBot/1.0; [email protected])"
209.74.77.214 - - [21/Jul/2025:17:57:07 +0000] "POST /wp-cron.php?doing_wp_cron=1753120627.8435389995574951171875 HTTP/1.1" 200 - "-" "WordPress/6.8.2; https://gardenify.com.au"
57.141.2.5 - - [21/Jul/2025:17:57:06 +0000] "GET /goodscode/15932683.shtm HTTP/1.1" 404 50359 "-" "meta-externalagent/1.1 (+https://developers.facebook.com/docs/sharing/webmasters/crawler)"
209.74.77.214 - - [21/Jul/2025:17:57:07 +0000] "POST /wp-admin/admin-ajax.php?action=async_litespeed&nonce=bT0mG71nOOlmxTw88uuo6O3wXP80QyqR&litespeed_type=imgoptm HTTP/1.1" 200 21 "-" "WordPress/6.8.2; https://gardenify.com.au"
209.74.77.214 - - [21/Jul/2025:17:57:20 +0000] "POST /wp-cron.php?doing_wp_cron=1753120640.6483359336853027343750 HTTP/1.1" 200 - "-" "WordPress/6.8.2; https://gardenify.com.au"
57.141.2.19 - - [21/Jul/2025:17:57:20 +0000] "GET /goodscode/15920767.shtm HTTP/1.1" 404 50359 "-" "meta-externalagent/1.1 (+https://developers.facebook.com/docs/sharing/webmasters/crawler)"
57.141.2.17 - - [21/Jul/2025:17:57:36 +0000] "GET /?s=40304432001490& HTTP/1.1" 200 50573 "-" "meta-externalagent/1.1 (+https://developers.facebook.com/docs/sharing/webmasters/crawler)"
216.73.216.171 - - [21/Jul/2025:17:58:22 +0000] "GET /db.php/sitemap-11.xml HTTP/1.1" 200 13874 "-" "Mozilla/5.0 AppleWebKit/537.36 (KHTML, like Gecko; compatible; ClaudeBot/1.0; [email protected])"
216.73.216.171 - - [21/Jul/2025:17:59:58 +0000] "GET /db.php/sitemap.xml HTTP/1.1" 200 13807 "-" "Mozilla/5.0 AppleWebKit/537.36 (KHTML, like Gecko; compatible; ClaudeBot/1.0; [email protected])"
209.74.77.214 - - [21/Jul/2025:18:00:53 +0000] "POST /wp-cron.php?doing_wp_cron=1753120853.1612451076507568359375 HTTP/1.1" 200 - "-" "WordPress/6.8.2; https://gardenify.com.au"
57.141.2.13 - - [21/Jul/2025:18:00:51 +0000] "GET /goodscode/66526935.shtm HTTP/1.1" 301 - "-" "meta-externalagent/1.1 (+https://developers.facebook.com/docs/sharing/webmasters/crawler)"
209.74.77.214 - - [21/Jul/2025:18:00:53 +0000] "POST /wp-admin/admin-ajax.php?action=async_litespeed&nonce=93Tnmg8dfZm4Usd2D7Cw0NIrBFsUheFT&litespeed_type=imgoptm HTTP/1.1" 200 21 "-" "WordPress/6.8.2; https://gardenify.com.au"
57.141.2.4 - - [21/Jul/2025:18:00:54 +0000] "GET /goodscode/66526935.shtm HTTP/1.1" 404 50359 "-" "meta-externalagent/1.1 (+https://developers.facebook.com/docs/sharing/webmasters/crawler)"
57.141.2.28 - - [21/Jul/2025:18:01:04 +0000] "GET /goodscode/66508057.shtm HTTP/1.1" 301 - "-" "meta-externalagent/1.1 (+https://developers.facebook.com/docs/sharing/webmasters/crawler)"
57.141.2.17 - - [21/Jul/2025:18:01:06 +0000] "GET /goodscode/66508057.shtm HTTP/1.1" 404 50359 "-" "meta-externalagent/1.1 (+https://developers.facebook.com/docs/sharing/webmasters/crawler)"
51.222.253.19 - - [21/Jul/2025:18:01:19 +0000] "GET /db.php/shop/product/2047901 HTTP/1.1" 200 - "-" "Mozilla/5.0 (compatible; AhrefsBot/7.0; +http://ahrefs.com/robot/)"
216.73.216.171 - - [21/Jul/2025:18:01:48 +0000] "GET /db.php/sitemap-20.xml HTTP/1.1" 200 13832 "-" "Mozilla/5.0 AppleWebKit/537.36 (KHTML, like Gecko; compatible; ClaudeBot/1.0; [email protected])"
57.141.2.21 - - [21/Jul/2025:18:02:19 +0000] "GET /goodscode/66509907.shtm HTTP/1.1" 503 428 "-" "meta-externalagent/1.1 (+https://developers.facebook.com/docs/sharing/webmasters/crawler)"
216.73.216.171 - - [21/Jul/2025:18:03:10 +0000] "GET /db.php/sitemap-14.xml HTTP/1.1" 200 13863 "-" "Mozilla/5.0 AppleWebKit/537.36 (KHTML, like Gecko; compatible; ClaudeBot/1.0; [email protected])"
20.171.207.68 - - [21/Jul/2025:18:03:27 +0000] "GET /db.php/shop/product/1825607 HTTP/1.1" 200 - "-" "Mozilla/5.0 AppleWebKit/537.36 (KHTML, like Gecko; compatible; GPTBot/1.2; +https://openai.com/gptbot)"
216.73.216.171 - - [21/Jul/2025:18:04:28 +0000] "GET /db.php/sitemap-6.xml HTTP/1.1" 200 13880 "-" "Mozilla/5.0 AppleWebKit/537.36 (KHTML, like Gecko; compatible; ClaudeBot/1.0; [email protected])"
216.73.216.171 - - [21/Jul/2025:18:05:40 +0000] "GET /db.php/sitemap-18.xml HTTP/1.1" 200 13858 "-" "Mozilla/5.0 AppleWebKit/537.36 (KHTML, like Gecko; compatible; ClaudeBot/1.0; [email protected])"
209.74.77.214 - - [21/Jul/2025:18:07:35 +0000] "POST /wp-cron.php?doing_wp_cron=1753121255.6131720542907714843750 HTTP/1.1" 200 - "-" "WordPress/6.8.2; https://gardenify.com.au"
57.141.2.28 - - [21/Jul/2025:18:07:33 +0000] "GET /search/88722676021490/feed/rss2/ HTTP/1.1" 200 1209 "-" "meta-externalagent/1.1 (+https://developers.facebook.com/docs/sharing/webmasters/crawler)"
57.141.2.25 - - [21/Jul/2025:18:07:34 +0000] "GET /goodscode/838798.shtm HTTP/1.1" 301 - "-" "meta-externalagent/1.1 (+https://developers.facebook.com/docs/sharing/webmasters/crawler)"
209.74.77.214 - - [21/Jul/2025:18:07:35 +0000] "POST /wp-admin/admin-ajax.php?action=async_litespeed&nonce=nw3eFLGgQRx2IqctNs6SkpSp56lOFEBe&litespeed_type=imgoptm HTTP/1.1" 200 21 "-" "WordPress/6.8.2; https://gardenify.com.au"
216.73.216.171 - - [21/Jul/2025:18:07:36 +0000] "GET /db.php/sitemap-15.xml HTTP/1.1" 200 13858 "-" "Mozilla/5.0 AppleWebKit/537.36 (KHTML, like Gecko; compatible; ClaudeBot/1.0; [email protected])"
57.141.2.30 - - [21/Jul/2025:18:07:36 +0000] "GET /goodscode/838798.shtm HTTP/1.1" 404 50359 "-" "meta-externalagent/1.1 (+https://developers.facebook.com/docs/sharing/webmasters/crawler)"
216.73.216.171 - - [21/Jul/2025:18:09:05 +0000] "GET /sitemap-16.xml HTTP/1.1" 200 3764 "-" "Mozilla/5.0 AppleWebKit/537.36 (KHTML, like Gecko; compatible; ClaudeBot/1.0; [email protected])"
209.74.77.214 - - [21/Jul/2025:18:10:18 +0000] "POST /wp-cron.php?doing_wp_cron=1753121417.9849479198455810546875 HTTP/1.1" 200 - "-" "WordPress/6.8.2; https://gardenify.com.au"
204.8.98.65 - - [21/Jul/2025:18:10:15 +0000] "POST /xmlrpc.php HTTP/1.1" 200 206 "-" "Go-http-client/1.1"
209.74.77.214 - - [21/Jul/2025:18:10:18 +0000] "POST /wp-admin/admin-ajax.php?action=async_litespeed&nonce=tVeBvFfqIIXLrDlwvY2VK8x6kogizB2w&litespeed_type=imgoptm HTTP/1.1" 200 21 "-" "WordPress/6.8.2; https://gardenify.com.au"
216.73.216.171 - - [21/Jul/2025:18:10:36 +0000] "GET /db.php/sitemap-19.xml HTTP/1.1" 200 13862 "-" "Mozilla/5.0 AppleWebKit/537.36 (KHTML, like Gecko; compatible; ClaudeBot/1.0; [email protected])"
209.74.77.214 - - [21/Jul/2025:18:10:50 +0000] "POST /wp-cron.php?doing_wp_cron=1753121450.7375049591064453125000 HTTP/1.1" 200 - "-" "WordPress/6.8.2; https://gardenify.com.au"
57.141.2.19 - - [21/Jul/2025:18:10:50 +0000] "GET /goodscode/15928029.shtm HTTP/1.1" 404 50359 "-" "meta-externalagent/1.1 (+https://developers.facebook.com/docs/sharing/webmasters/crawler)"
51.222.253.11 - - [21/Jul/2025:18:10:55 +0000] "GET /db.php/shop/product/2052832 HTTP/1.1" 200 - "-" "Mozilla/5.0 (compatible; AhrefsBot/7.0; +http://ahrefs.com/robot/)"
209.74.77.214 - - [21/Jul/2025:18:11:02 +0000] "POST /wp-cron.php?doing_wp_cron=1753121462.5755710601806640625000 HTTP/1.1" 200 - "-" "WordPress/6.8.2; https://gardenify.com.au"
57.141.2.10 - - [21/Jul/2025:18:11:02 +0000] "GET /goodscode/15916742.shtm HTTP/1.1" 404 50359 "-" "meta-externalagent/1.1 (+https://developers.facebook.com/docs/sharing/webmasters/crawler)"
209.74.77.214 - - [21/Jul/2025:18:11:02 +0000] "POST /wp-admin/admin-ajax.php?action=async_litespeed&nonce=i4qnq2YjY2G4kDyIuHn2mmZ1qeNyBxsW&litespeed_type=imgoptm HTTP/1.1" 200 21 "-" "WordPress/6.8.2; https://gardenify.com.au"
57.141.2.1 - - [21/Jul/2025:18:11:12 +0000] "GET /goodscode/15928416.shtm HTTP/1.1" 404 50359 "-" "meta-externalagent/1.1 (+https://developers.facebook.com/docs/sharing/webmasters/crawler)"
216.73.216.171 - - [21/Jul/2025:18:11:48 +0000] "GET /db.php/sitemap-17.xml HTTP/1.1" 200 13866 "-" "Mozilla/5.0 AppleWebKit/537.36 (KHTML, like Gecko; compatible; ClaudeBot/1.0; [email protected])"
216.73.216.171 - - [21/Jul/2025:18:13:12 +0000] "GET /db.php/sitemap-9.xml HTTP/1.1" 200 13863 "-" "Mozilla/5.0 AppleWebKit/537.36 (KHTML, like Gecko; compatible; ClaudeBot/1.0; [email protected])"
216.73.216.171 - - [21/Jul/2025:18:15:08 +0000] "GET /db.php/sitemap-7.xml HTTP/1.1" 200 13882 "-" "Mozilla/5.0 AppleWebKit/537.36 (KHTML, like Gecko; compatible; ClaudeBot/1.0; [email protected])"
216.73.216.171 - - [21/Jul/2025:18:16:27 +0000] "GET /db.php/sitemap-5.xml HTTP/1.1" 200 13863 "-" "Mozilla/5.0 AppleWebKit/537.36 (KHTML, like Gecko; compatible; ClaudeBot/1.0; [email protected])"
209.74.77.214 - - [21/Jul/2025:18:17:27 +0000] "POST /wp-cron.php?doing_wp_cron=1753121846.9580171108245849609375 HTTP/1.1" 200 - "-" "WordPress/6.8.2; https://gardenify.com.au"
57.141.2.5 - - [21/Jul/2025:18:17:25 +0000] "GET /goodscode/15931645.shtm HTTP/1.1" 404 50359 "-" "meta-externalagent/1.1 (+https://developers.facebook.com/docs/sharing/webmasters/crawler)"
209.74.77.214 - - [21/Jul/2025:18:17:27 +0000] "POST /wp-admin/admin-ajax.php?action=async_litespeed&nonce=RaYslA3INtZALDAjJfpoUKJgOVRf1UzN&litespeed_type=imgoptm HTTP/1.1" 200 21 "-" "WordPress/6.8.2; https://gardenify.com.au"
57.141.2.23 - - [21/Jul/2025:18:17:36 +0000] "GET /goodscode/15935752.shtm HTTP/1.1" 404 50359 "-" "meta-externalagent/1.1 (+https://developers.facebook.com/docs/sharing/webmasters/crawler)"
57.141.2.11 - - [21/Jul/2025:18:17:38 +0000] "GET /goodscode/15922017.shtm HTTP/1.1" 404 50359 "-" "meta-externalagent/1.1 (+https://developers.facebook.com/docs/sharing/webmasters/crawler)"
209.74.77.214 - - [21/Jul/2025:18:17:52 +0000] "POST /wp-cron.php?doing_wp_cron=1753121872.9106349945068359375000 HTTP/1.1" 200 - "-" "WordPress/6.8.2; https://gardenify.com.au"
57.141.2.26 - - [21/Jul/2025:18:17:52 +0000] "GET /goodscode/15920876.shtm HTTP/1.1" 404 50359 "-" "meta-externalagent/1.1 (+https://developers.facebook.com/docs/sharing/webmasters/crawler)"
209.74.77.214 - - [21/Jul/2025:18:17:53 +0000] "POST /wp-admin/admin-ajax.php?action=async_litespeed&nonce=NY5YOO8boHAFnlvDUPAu0qNjwtxpEjZ1&litespeed_type=imgoptm HTTP/1.1" 200 21 "-" "WordPress/6.8.2; https://gardenify.com.au"
209.74.77.214 - - [21/Jul/2025:18:19:11 +0000] "POST /wp-cron.php?doing_wp_cron=1753121951.1938300132751464843750 HTTP/1.1" 200 - "-" "WordPress/6.8.2; https://gardenify.com.au"
57.141.2.19 - - [21/Jul/2025:18:19:09 +0000] "GET /goodscode/15927947.shtm HTTP/1.1" 404 50359 "-" "meta-externalagent/1.1 (+https://developers.facebook.com/docs/sharing/webmasters/crawler)"
209.74.77.214 - - [21/Jul/2025:18:19:11 +0000] "POST /wp-admin/admin-ajax.php?action=async_litespeed&nonce=2SKm756Kfdyno5bD2MTAUL1VJKQwKFYP&litespeed_type=imgoptm HTTP/1.1" 200 21 "-" "WordPress/6.8.2; https://gardenify.com.au"
57.141.2.3 - - [21/Jul/2025:18:19:12 +0000] "GET /goodscode/15936381.shtm HTTP/1.1" 404 50359 "-" "meta-externalagent/1.1 (+https://developers.facebook.com/docs/sharing/webmasters/crawler)"
209.74.77.214 - - [21/Jul/2025:18:19:43 +0000] "POST /wp-cron.php?doing_wp_cron=1753121983.5814640522003173828125 HTTP/1.1" 200 - "-" "WordPress/6.8.2; https://gardenify.com.au"
57.141.2.26 - - [21/Jul/2025:18:19:43 +0000] "GET /goodscode/15930239.shtm HTTP/1.1" 404 50359 "-" "meta-externalagent/1.1 (+https://developers.facebook.com/docs/sharing/webmasters/crawler)"
57.141.2.13 - - [21/Jul/2025:18:19:45 +0000] "GET /goodscode/15918695.shtm HTTP/1.1" 404 50359 "-" "meta-externalagent/1.1 (+https://developers.facebook.com/docs/sharing/webmasters/crawler)"
51.222.253.19 - - [21/Jul/2025:18:21:35 +0000] "GET /db.php/shop/product/2053020 HTTP/1.1" 200 - "-" "Mozilla/5.0 (compatible; AhrefsBot/7.0; +http://ahrefs.com/robot/)"
209.74.77.214 - - [21/Jul/2025:18:21:38 +0000] "POST /wp-cron.php?doing_wp_cron=1753122098.2149620056152343750000 HTTP/1.1" 200 - "-" "WordPress/6.8.2; https://gardenify.com.au"
57.141.2.3 - - [21/Jul/2025:18:21:37 +0000] "GET /goodscode/66515714.shtm HTTP/1.1" 301 - "-" "meta-externalagent/1.1 (+https://developers.facebook.com/docs/sharing/webmasters/crawler)"
209.74.77.214 - - [21/Jul/2025:18:21:38 +0000] "POST /wp-admin/admin-ajax.php?action=async_litespeed&nonce=x1tQafo2YvCDR9VSGdHleaqZCKJT8iCO&litespeed_type=imgoptm HTTP/1.1" 200 21 "-" "WordPress/6.8.2; https://gardenify.com.au"
57.141.2.4 - - [21/Jul/2025:18:21:39 +0000] "GET /goodscode/66515714.shtm HTTP/1.1" 404 50359 "-" "meta-externalagent/1.1 (+https://developers.facebook.com/docs/sharing/webmasters/crawler)"
209.74.77.214 - - [21/Jul/2025:18:26:09 +0000] "POST /wp-cron.php?doing_wp_cron=1753122369.7001800537109375000000 HTTP/1.1" 200 - "-" "WordPress/6.8.2; https://gardenify.com.au"
57.141.2.6 - - [21/Jul/2025:18:26:08 +0000] "GET /goodscode/15924551.shtm HTTP/1.1" 404 50359 "-" "meta-externalagent/1.1 (+https://developers.facebook.com/docs/sharing/webmasters/crawler)"
209.74.77.214 - - [21/Jul/2025:18:26:09 +0000] "POST /wp-admin/admin-ajax.php?action=async_litespeed&nonce=RfvslwpJrJVniEy4H8wa0eEo82Iyjrk4&litespeed_type=imgoptm HTTP/1.1" 200 21 "-" "WordPress/6.8.2; https://gardenify.com.au"
209.74.77.214 - - [21/Jul/2025:18:26:32 +0000] "POST /wp-cron.php?doing_wp_cron=1753122392.6407299041748046875000 HTTP/1.1" 200 - "-" "WordPress/6.8.2; https://gardenify.com.au"
