57.141.2.2 - - [21/Jul/2025:19:18:29 +0000] "GET /m/solel51041924.htm HTTP/1.1" 500 - "-" "meta-externalagent/1.1 (+https://developers.facebook.com/docs/sharing/webmasters/crawler)"
57.141.2.14 - - [21/Jul/2025:19:19:38 +0000] "GET /m/miss80192375.htm HTTP/1.1" 500 - "-" "meta-externalagent/1.1 (+https://developers.facebook.com/docs/sharing/webmasters/crawler)"
57.141.2.7 - - [21/Jul/2025:19:20:37 +0000] "GET /m/rainy10064384.htm HTTP/1.1" 500 - "-" "meta-externalagent/1.1 (+https://developers.facebook.com/docs/sharing/webmasters/crawler)"
57.141.2.7 - - [21/Jul/2025:19:21:52 +0000] "GET /m/housi81231751.htm HTTP/1.1" 500 - "-" "meta-externalagent/1.1 (+https://developers.facebook.com/docs/sharing/webmasters/crawler)"
216.73.172.159 - - [21/Jul/2025:19:21:51 +0000] "GET / HTTP/1.1" 500 - "-" "Mozilla/5.0 (Macintosh; Intel Mac OS X 10_15_7) AppleWebKit/537.36 (KHTML, like Gecko) Chrome/131.0.0.0 Safari/537.36"
109.166.45.226 - - [21/Jul/2025:19:21:53 +0000] "GET / HTTP/1.1" 500 - "-" "Mozilla/5.0 (Macintosh; Intel Mac OS X 10_15_7) AppleWebKit/537.36 (KHTML, like Gecko) Chrome/131.0.0.0 Safari/537.36"
23.80.147.193 - - [21/Jul/2025:19:21:53 +0000] "GET / HTTP/1.1" 500 - "-" "Mozilla/5.0 (Macintosh; Intel Mac OS X 10_15_7) AppleWebKit/537.36 (KHTML, like Gecko) Chrome/131.0.0.0 Safari/537.36"
23.80.148.163 - - [21/Jul/2025:19:21:53 +0000] "GET / HTTP/1.1" 500 - "-" "Mozilla/5.0 (Macintosh; Intel Mac OS X 10_15_7) AppleWebKit/537.36 (KHTML, like Gecko) Chrome/131.0.0.0 Safari/537.36"
57.141.2.30 - - [21/Jul/2025:19:22:54 +0000] "GET /m/lip11742696.htm HTTP/1.1" 500 - "-" "meta-externalagent/1.1 (+https://developers.facebook.com/docs/sharing/webmasters/crawler)"
57.141.2.8 - - [21/Jul/2025:19:23:59 +0000] "GET /m/diagn81055783.htm HTTP/1.1" 500 - "-" "meta-externalagent/1.1 (+https://developers.facebook.com/docs/sharing/webmasters/crawler)"
57.141.2.9 - - [21/Jul/2025:19:25:16 +0000] "GET /m/ball%2022267825.htm HTTP/1.1" 500 - "-" "meta-externalagent/1.1 (+https://developers.facebook.com/docs/sharing/webmasters/crawler)"
57.141.2.4 - - [21/Jul/2025:19:26:17 +0000] "GET /m/enemy42140347.htm HTTP/1.1" 500 - "-" "meta-externalagent/1.1 (+https://developers.facebook.com/docs/sharing/webmasters/crawler)"
57.141.2.14 - - [21/Jul/2025:19:27:36 +0000] "GET /m/partn60389701.htm HTTP/1.1" 500 - "-" "meta-externalagent/1.1 (+https://developers.facebook.com/docs/sharing/webmasters/crawler)"
57.141.2.25 - - [21/Jul/2025:19:28:31 +0000] "GET /m/not21212345.htm HTTP/1.1" 500 - "-" "meta-externalagent/1.1 (+https://developers.facebook.com/docs/sharing/webmasters/crawler)"
57.141.2.3 - - [21/Jul/2025:19:30:07 +0000] "GET /m/beach62493133.htm HTTP/1.1" 500 - "-" "meta-externalagent/1.1 (+https://developers.facebook.com/docs/sharing/webmasters/crawler)"
57.141.2.21 - - [21/Jul/2025:19:31:41 +0000] "GET /m/engag52525900.htm HTTP/1.1" 500 - "-" "meta-externalagent/1.1 (+https://developers.facebook.com/docs/sharing/webmasters/crawler)"
57.141.2.15 - - [21/Jul/2025:19:31:52 +0000] "GET /m/deck20471585.htm HTTP/1.1" 500 - "-" "meta-externalagent/1.1 (+https://developers.facebook.com/docs/sharing/webmasters/crawler)"
57.141.2.15 - - [21/Jul/2025:19:33:08 +0000] "GET /m/worst50981636.htm HTTP/1.1" 500 - "-" "meta-externalagent/1.1 (+https://developers.facebook.com/docs/sharing/webmasters/crawler)"
57.141.2.24 - - [21/Jul/2025:19:34:05 +0000] "GET /m/picni41081299.htm HTTP/1.1" 500 - "-" "meta-externalagent/1.1 (+https://developers.facebook.com/docs/sharing/webmasters/crawler)"
57.141.2.17 - - [21/Jul/2025:19:36:35 +0000] "GET /m/scrub30123986.htm HTTP/1.1" 500 - "-" "meta-externalagent/1.1 (+https://developers.facebook.com/docs/sharing/webmasters/crawler)"
57.141.2.8 - - [21/Jul/2025:19:37:28 +0000] "GET /m/weakn21083025.htm HTTP/1.1" 500 - "-" "meta-externalagent/1.1 (+https://developers.facebook.com/docs/sharing/webmasters/crawler)"
185.191.171.9 - - [21/Jul/2025:19:37:54 +0000] "GET /robots.txt HTTP/1.1" 200 130 "-" "Mozilla/5.0 (compatible; SemrushBot/7~bl; +http://www.semrush.com/bot.html)"
185.191.171.16 - - [21/Jul/2025:19:37:55 +0000] "GET /how-a-first-time-streamer-and-a-surprise-visit-from-dr-lupo-raised-12000-for-research/ HTTP/1.1" 500 - "-" "Mozilla/5.0 (compatible; SemrushBot/7~bl; +http://www.semrush.com/bot.html)"
57.141.2.2 - - [21/Jul/2025:19:38:36 +0000] "GET /m/robot60304645.htm HTTP/1.1" 500 - "-" "meta-externalagent/1.1 (+https://developers.facebook.com/docs/sharing/webmasters/crawler)"
57.141.2.22 - - [21/Jul/2025:19:39:41 +0000] "GET /m/preca52179644.htm HTTP/1.1" 500 - "-" "meta-externalagent/1.1 (+https://developers.facebook.com/docs/sharing/webmasters/crawler)"
57.141.2.10 - - [21/Jul/2025:19:40:48 +0000] "GET /m/preca52179644.htm HTTP/1.1" 500 - "-" "meta-externalagent/1.1 (+https://developers.facebook.com/docs/sharing/webmasters/crawler)"
57.141.2.18 - - [21/Jul/2025:19:42:05 +0000] "GET /m/dozen81128303.htm HTTP/1.1" 500 - "-" "meta-externalagent/1.1 (+https://developers.facebook.com/docs/sharing/webmasters/crawler)"
57.141.2.14 - - [21/Jul/2025:19:43:21 +0000] "GET /m/sexua21431809.htm HTTP/1.1" 500 - "-" "meta-externalagent/1.1 (+https://developers.facebook.com/docs/sharing/webmasters/crawler)"
57.141.2.6 - - [21/Jul/2025:19:44:10 +0000] "GET /m/arous62946461.htm HTTP/1.1" 500 - "-" "meta-externalagent/1.1 (+https://developers.facebook.com/docs/sharing/webmasters/crawler)"
57.141.2.6 - - [21/Jul/2025:19:45:46 +0000] "GET /m/numb52935868.htm HTTP/1.1" 500 - "-" "meta-externalagent/1.1 (+https://developers.facebook.com/docs/sharing/webmasters/crawler)"
57.141.2.28 - - [21/Jul/2025:19:46:31 +0000] "GET /m/apart31570106.htm HTTP/1.1" 500 - "-" "meta-externalagent/1.1 (+https://developers.facebook.com/docs/sharing/webmasters/crawler)"
57.141.2.16 - - [21/Jul/2025:19:47:45 +0000] "GET /m/civil71729926.htm HTTP/1.1" 500 - "-" "meta-externalagent/1.1 (+https://developers.facebook.com/docs/sharing/webmasters/crawler)"
57.141.2.1 - - [21/Jul/2025:19:49:01 +0000] "GET /m/lot21604497.htm HTTP/1.1" 500 - "-" "meta-externalagent/1.1 (+https://developers.facebook.com/docs/sharing/webmasters/crawler)"
57.141.2.6 - - [21/Jul/2025:19:49:47 +0000] "GET /m/raise82284799.htm HTTP/1.1" 500 - "-" "meta-externalagent/1.1 (+https://developers.facebook.com/docs/sharing/webmasters/crawler)"
66.249.65.203 - - [21/Jul/2025:19:51:11 +0000] "GET /m/nothi32784898.htm HTTP/1.1" 200 40259 "-" "Mozilla/5.0 (Linux; Android 6.0.1; Nexus 5X Build/MMB29P) AppleWebKit/537.36 (KHTML, like Gecko) Chrome/137.0.7151.103 Mobile Safari/537.36 (compatible; GoogleOther)"
66.249.65.203 - - [21/Jul/2025:19:51:14 +0000] "POST /get-message-notify HTTP/1.1" 200 41197 "https://www.jrncommunityhousing.charity/m/nothi32784898.htm" "Mozilla/5.0 (Linux; Android 6.0.1; Nexus 5X Build/MMB29P) AppleWebKit/537.36 (KHTML, like Gecko) Chrome/137.0.7151.119 Mobile Safari/537.36 (compatible; Googlebot/2.1; +http://www.google.com/bot.html)"
57.141.2.12 - - [21/Jul/2025:19:51:17 +0000] "GET /m/go71963134.htm HTTP/1.1" 500 - "-" "meta-externalagent/1.1 (+https://developers.facebook.com/docs/sharing/webmasters/crawler)"
57.141.2.6 - - [21/Jul/2025:19:52:23 +0000] "GET /m/espec41676955.htm HTTP/1.1" 500 - "-" "meta-externalagent/1.1 (+https://developers.facebook.com/docs/sharing/webmasters/crawler)"
57.141.2.29 - - [21/Jul/2025:19:53:34 +0000] "GET /m/party41320003.htm HTTP/1.1" 500 - "-" "meta-externalagent/1.1 (+https://developers.facebook.com/docs/sharing/webmasters/crawler)"
57.141.2.4 - - [21/Jul/2025:19:54:20 +0000] "GET /m/deser62017877.htm HTTP/1.1" 500 - "-" "meta-externalagent/1.1 (+https://developers.facebook.com/docs/sharing/webmasters/crawler)"
57.141.2.17 - - [21/Jul/2025:19:55:39 +0000] "GET /m/leagu21198609.htm HTTP/1.1" 500 - "-" "meta-externalagent/1.1 (+https://developers.facebook.com/docs/sharing/webmasters/crawler)"
57.141.2.26 - - [21/Jul/2025:19:56:31 +0000] "GET /m/stare42783683.htm HTTP/1.1" 500 - "-" "meta-externalagent/1.1 (+https://developers.facebook.com/docs/sharing/webmasters/crawler)"
104.210.140.143 - - [21/Jul/2025:19:56:48 +0000] "GET /robots.txt HTTP/1.1" 200 130 "-" "Mozilla/5.0 (Macintosh; Intel Mac OS X 10_15_7) AppleWebKit/537.36 (KHTML, like Gecko) Chrome/131.0.0.0 Safari/537.36; compatible; OAI-SearchBot/1.0; +https://openai.com/searchbot"
57.141.2.23 - - [21/Jul/2025:19:57:53 +0000] "GET /m/refri51281708.htm HTTP/1.1" 500 - "-" "meta-externalagent/1.1 (+https://developers.facebook.com/docs/sharing/webmasters/crawler)"
57.141.2.6 - - [21/Jul/2025:19:58:44 +0000] "GET /m/clerk62269741.htm HTTP/1.1" 500 - "-" "meta-externalagent/1.1 (+https://developers.facebook.com/docs/sharing/webmasters/crawler)"
57.141.2.3 - - [21/Jul/2025:19:59:59 +0000] "GET /m/poor22336865.htm HTTP/1.1" 500 - "-" "meta-externalagent/1.1 (+https://developers.facebook.com/docs/sharing/webmasters/crawler)"
57.141.2.2 - - [21/Jul/2025:20:01:07 +0000] "GET /m/cante52742116.htm HTTP/1.1" 500 - "-" "meta-externalagent/1.1 (+https://developers.facebook.com/docs/sharing/webmasters/crawler)"
57.141.2.28 - - [21/Jul/2025:20:01:55 +0000] "GET /m/preca52179644.htm HTTP/1.1" 500 - "-" "meta-externalagent/1.1 (+https://developers.facebook.com/docs/sharing/webmasters/crawler)"
57.141.2.21 - - [21/Jul/2025:20:02:13 +0000] "GET /m/terri22317049.htm HTTP/1.1" 500 - "-" "meta-externalagent/1.1 (+https://developers.facebook.com/docs/sharing/webmasters/crawler)"
57.141.2.14 - - [21/Jul/2025:20:03:33 +0000] "GET /m/omit22322993.htm HTTP/1.1" 500 - "-" "meta-externalagent/1.1 (+https://developers.facebook.com/docs/sharing/webmasters/crawler)"
57.141.2.28 - - [21/Jul/2025:20:04:19 +0000] "GET /m/shed81383007.htm HTTP/1.1" 500 - "-" "meta-externalagent/1.1 (+https://developers.facebook.com/docs/sharing/webmasters/crawler)"
57.141.2.25 - - [21/Jul/2025:20:05:36 +0000] "GET /m/decep72731678.htm HTTP/1.1" 500 - "-" "meta-externalagent/1.1 (+https://developers.facebook.com/docs/sharing/webmasters/crawler)"
57.141.2.26 - - [21/Jul/2025:20:06:34 +0000] "GET /m/ride41713579.htm HTTP/1.1" 500 - "-" "meta-externalagent/1.1 (+https://developers.facebook.com/docs/sharing/webmasters/crawler)"
57.141.2.18 - - [21/Jul/2025:20:08:05 +0000] "GET /m/dilem51690404.htm HTTP/1.1" 500 - "-" "meta-externalagent/1.1 (+https://developers.facebook.com/docs/sharing/webmasters/crawler)"
57.141.2.19 - - [21/Jul/2025:20:08:50 +0000] "GET /m/intak52794372.htm HTTP/1.1" 500 - "-" "meta-externalagent/1.1 (+https://developers.facebook.com/docs/sharing/webmasters/crawler)"
57.141.2.25 - - [21/Jul/2025:20:09:58 +0000] "GET /m/forth51326900.htm HTTP/1.1" 500 - "-" "meta-externalagent/1.1 (+https://developers.facebook.com/docs/sharing/webmasters/crawler)"
57.141.2.6 - - [21/Jul/2025:20:11:25 +0000] "GET /m/mire62747861.htm HTTP/1.1" 500 - "-" "meta-externalagent/1.1 (+https://developers.facebook.com/docs/sharing/webmasters/crawler)"
57.141.2.7 - - [21/Jul/2025:20:12:21 +0000] "GET /m/uncom32057402.htm HTTP/1.1" 500 - "-" "meta-externalagent/1.1 (+https://developers.facebook.com/docs/sharing/webmasters/crawler)"
57.141.2.13 - - [21/Jul/2025:20:13:21 +0000] "GET /m/bulle40234603.htm HTTP/1.1" 500 - "-" "meta-externalagent/1.1 (+https://developers.facebook.com/docs/sharing/webmasters/crawler)"
45.227.253.15 - - [21/Jul/2025:20:14:04 +0000] "GET /?of=1 HTTP/1.1" 200 5856 "-" "Mozilla/5.0 (Macintosh; Intel Mac OS X 10.13; rv:103.0) Gecko/20100101 Firefox/103.0"
57.141.2.7 - - [21/Jul/2025:20:14:43 +0000] "GET /m/true72165158.htm HTTP/1.1" 500 - "-" "meta-externalagent/1.1 (+https://developers.facebook.com/docs/sharing/webmasters/crawler)"
57.141.2.17 - - [21/Jul/2025:20:15:45 +0000] "GET /hg/ HTTP/1.1" 500 - "-" "meta-externalagent/1.1 (+https://developers.facebook.com/docs/sharing/webmasters/crawler)"
57.141.2.3 - - [21/Jul/2025:20:16:55 +0000] "GET /m/adapt51169988.htm HTTP/1.1" 500 - "-" "meta-externalagent/1.1 (+https://developers.facebook.com/docs/sharing/webmasters/crawler)"
57.141.2.22 - - [21/Jul/2025:20:17:54 +0000] "GET /m/flowe10980496.htm HTTP/1.1" 500 - "-" "meta-externalagent/1.1 (+https://developers.facebook.com/docs/sharing/webmasters/crawler)"
57.141.2.8 - - [21/Jul/2025:20:19:13 +0000] "GET /m/warn71237294.htm HTTP/1.1" 500 - "-" "meta-externalagent/1.1 (+https://developers.facebook.com/docs/sharing/webmasters/crawler)"
57.141.2.3 - - [21/Jul/2025:20:20:09 +0000] "GET /m/vigor42598747.htm HTTP/1.1" 500 - "-" "meta-externalagent/1.1 (+https://developers.facebook.com/docs/sharing/webmasters/crawler)"
57.141.2.16 - - [21/Jul/2025:20:21:08 +0000] "GET /m/ought70462814.htm HTTP/1.1" 500 - "-" "meta-externalagent/1.1 (+https://developers.facebook.com/docs/sharing/webmasters/crawler)"
57.141.2.5 - - [21/Jul/2025:20:23:52 +0000] "GET /m/surre61578517.htm HTTP/1.1" 500 - "-" "meta-externalagent/1.1 (+https://developers.facebook.com/docs/sharing/webmasters/crawler)"
57.141.2.2 - - [21/Jul/2025:20:24:42 +0000] "GET /m/marxi12474592.htm HTTP/1.1" 500 - "-" "meta-externalagent/1.1 (+https://developers.facebook.com/docs/sharing/webmasters/crawler)"
57.141.2.30 - - [21/Jul/2025:20:26:01 +0000] "GET /m/piece52868044.htm HTTP/1.1" 500 - "-" "meta-externalagent/1.1 (+https://developers.facebook.com/docs/sharing/webmasters/crawler)"
57.141.2.10 - - [21/Jul/2025:20:27:53 +0000] "GET /m/pitch70646910.htm HTTP/1.1" 500 - "-" "meta-externalagent/1.1 (+https://developers.facebook.com/docs/sharing/webmasters/crawler)"
57.141.2.13 - - [21/Jul/2025:20:29:01 +0000] "GET /m/use62613317.htm HTTP/1.1" 500 - "-" "meta-externalagent/1.1 (+https://developers.facebook.com/docs/sharing/webmasters/crawler)"
57.141.2.21 - - [21/Jul/2025:20:29:20 +0000] "GET /m/orang62209125.htm HTTP/1.1" 500 - "-" "meta-externalagent/1.1 (+https://developers.facebook.com/docs/sharing/webmasters/crawler)"
57.141.2.1 - - [21/Jul/2025:20:30:11 +0000] "GET /m/sound31292722.htm HTTP/1.1" 500 - "-" "meta-externalagent/1.1 (+https://developers.facebook.com/docs/sharing/webmasters/crawler)"
57.141.2.9 - - [21/Jul/2025:20:31:46 +0000] "GET /m/line21920833.htm HTTP/1.1" 500 - "-" "meta-externalagent/1.1 (+https://developers.facebook.com/docs/sharing/webmasters/crawler)"
57.141.2.13 - - [21/Jul/2025:20:32:48 +0000] "GET /m/steep50798316.htm HTTP/1.1" 500 - "-" "meta-externalagent/1.1 (+https://developers.facebook.com/docs/sharing/webmasters/crawler)"
57.141.2.1 - - [21/Jul/2025:20:34:10 +0000] "GET /m/enqui42059779.htm HTTP/1.1" 500 - "-" "meta-externalagent/1.1 (+https://developers.facebook.com/docs/sharing/webmasters/crawler)"
57.141.2.17 - - [21/Jul/2025:20:34:36 +0000] "GET /m/poten62054245.htm HTTP/1.1" 500 - "-" "meta-externalagent/1.1 (+https://developers.facebook.com/docs/sharing/webmasters/crawler)"
57.141.2.8 - - [21/Jul/2025:20:35:55 +0000] "GET /m/websi72344918.htm HTTP/1.1" 500 - "-" "meta-externalagent/1.1 (+https://developers.facebook.com/docs/sharing/webmasters/crawler)"
57.141.2.4 - - [21/Jul/2025:20:36:56 +0000] "GET /m/slim71511742.htm HTTP/1.1" 500 - "-" "meta-externalagent/1.1 (+https://developers.facebook.com/docs/sharing/webmasters/crawler)"
57.141.2.16 - - [21/Jul/2025:20:37:57 +0000] "GET /m/domin62530101.htm HTTP/1.1" 500 - "-" "meta-externalagent/1.1 (+https://developers.facebook.com/docs/sharing/webmasters/crawler)"
45.227.253.15 - - [21/Jul/2025:20:38:32 +0000] "GET /index.php/jk HTTP/1.1" 200 59 "-" "Mozilla/5.0 (Windows NT 6.1; Win64; x64) AppleWebKit/537.36 (KHTML, like Gecko) Chrome/86.0.4240.111 Safari/537.36"
57.141.2.6 - - [21/Jul/2025:20:39:13 +0000] "GET /m/mediu71697334.htm HTTP/1.1" 500 - "-" "meta-externalagent/1.1 (+https://developers.facebook.com/docs/sharing/webmasters/crawler)"
57.141.2.30 - - [21/Jul/2025:20:40:20 +0000] "GET /m/secre81176407.htm HTTP/1.1" 500 - "-" "meta-externalagent/1.1 (+https://developers.facebook.com/docs/sharing/webmasters/crawler)"
57.141.2.4 - - [21/Jul/2025:20:41:42 +0000] "GET /m/chanc72809150.htm HTTP/1.1" 500 - "-" "meta-externalagent/1.1 (+https://developers.facebook.com/docs/sharing/webmasters/crawler)"
57.141.2.14 - - [21/Jul/2025:20:42:35 +0000] "GET /m/aston52518156.htm HTTP/1.1" 500 - "-" "meta-externalagent/1.1 (+https://developers.facebook.com/docs/sharing/webmasters/crawler)"
57.141.2.17 - - [21/Jul/2025:20:43:44 +0000] "GET /m/secre81316407.htm HTTP/1.1" 500 - "-" "meta-externalagent/1.1 (+https://developers.facebook.com/docs/sharing/webmasters/crawler)"
57.141.2.16 - - [21/Jul/2025:20:44:48 +0000] "GET /m/undou72246326.htm HTTP/1.1" 500 - "-" "meta-externalagent/1.1 (+https://developers.facebook.com/docs/sharing/webmasters/crawler)"
57.141.2.14 - - [21/Jul/2025:20:45:48 +0000] "GET /m/pond20560361.htm HTTP/1.1" 500 - "-" "meta-externalagent/1.1 (+https://developers.facebook.com/docs/sharing/webmasters/crawler)"
57.141.2.19 - - [21/Jul/2025:20:47:00 +0000] "GET /m/rise21989641.htm HTTP/1.1" 500 - "-" "meta-externalagent/1.1 (+https://developers.facebook.com/docs/sharing/webmasters/crawler)"
57.141.2.8 - - [21/Jul/2025:20:48:07 +0000] "GET /m/solub42442451.htm HTTP/1.1" 500 - "-" "meta-externalagent/1.1 (+https://developers.facebook.com/docs/sharing/webmasters/crawler)"
57.141.2.30 - - [21/Jul/2025:20:49:17 +0000] "GET /m/sack80018655.htm HTTP/1.1" 500 - "-" "meta-externalagent/1.1 (+https://developers.facebook.com/docs/sharing/webmasters/crawler)"
57.141.2.1 - - [21/Jul/2025:20:51:27 +0000] "GET /m/satis10173808.htm HTTP/1.1" 500 - "-" "meta-externalagent/1.1 (+https://developers.facebook.com/docs/sharing/webmasters/crawler)"
57.141.2.7 - - [21/Jul/2025:20:52:29 +0000] "GET /m/last50901204.htm HTTP/1.1" 500 - "-" "meta-externalagent/1.1 (+https://developers.facebook.com/docs/sharing/webmasters/crawler)"
57.141.2.4 - - [21/Jul/2025:20:53:46 +0000] "GET /m/opini61877541.htm HTTP/1.1" 500 - "-" "meta-externalagent/1.1 (+https://developers.facebook.com/docs/sharing/webmasters/crawler)"
57.141.2.4 - - [21/Jul/2025:20:56:03 +0000] "GET /m/peer71522390.htm HTTP/1.1" 500 - "-" "meta-externalagent/1.1 (+https://developers.facebook.com/docs/sharing/webmasters/crawler)"
57.141.2.10 - - [21/Jul/2025:20:56:06 +0000] "GET /m/marve42134339.htm HTTP/1.1" 500 - "-" "meta-externalagent/1.1 (+https://developers.facebook.com/docs/sharing/webmasters/crawler)"
57.141.2.3 - - [21/Jul/2025:20:57:00 +0000] "GET /m/fish10897008.htm HTTP/1.1" 500 - "-" "meta-externalagent/1.1 (+https://developers.facebook.com/docs/sharing/webmasters/crawler)"
57.141.2.16 - - [21/Jul/2025:20:58:17 +0000] "GET /m/gradu81014679.htm HTTP/1.1" 500 - "-" "meta-externalagent/1.1 (+https://developers.facebook.com/docs/sharing/webmasters/crawler)"
57.141.2.28 - - [21/Jul/2025:20:59:46 +0000] "GET /m/easyg32462186.htm HTTP/1.1" 500 - "-" "meta-externalagent/1.1 (+https://developers.facebook.com/docs/sharing/webmasters/crawler)"
57.141.2.23 - - [21/Jul/2025:21:00:34 +0000] "GET /m/corre22536841.htm HTTP/1.1" 500 - "-" "meta-externalagent/1.1 (+https://developers.facebook.com/docs/sharing/webmasters/crawler)"
57.141.2.26 - - [21/Jul/2025:21:01:27 +0000] "GET /m/disas80775375.htm HTTP/1.1" 500 - "-" "meta-externalagent/1.1 (+https://developers.facebook.com/docs/sharing/webmasters/crawler)"
57.141.2.29 - - [21/Jul/2025:21:02:36 +0000] "GET /m/echo61239405.htm HTTP/1.1" 500 - "-" "meta-externalagent/1.1 (+https://developers.facebook.com/docs/sharing/webmasters/crawler)"
57.141.2.16 - - [21/Jul/2025:21:03:48 +0000] "GET /m/searc21724097.htm HTTP/1.1" 500 - "-" "meta-externalagent/1.1 (+https://developers.facebook.com/docs/sharing/webmasters/crawler)"
57.141.2.26 - - [21/Jul/2025:21:04:58 +0000] "GET /m/chops60681253.htm HTTP/1.1" 500 - "-" "meta-externalagent/1.1 (+https://developers.facebook.com/docs/sharing/webmasters/crawler)"
57.141.2.26 - - [21/Jul/2025:21:05:55 +0000] "GET /m/colla50119332.htm HTTP/1.1" 500 - "-" "meta-externalagent/1.1 (+https://developers.facebook.com/docs/sharing/webmasters/crawler)"
57.141.2.6 - - [21/Jul/2025:21:07:04 +0000] "GET /m/she71200950.htm HTTP/1.1" 500 - "-" "meta-externalagent/1.1 (+https://developers.facebook.com/docs/sharing/webmasters/crawler)"
57.141.2.9 - - [21/Jul/2025:21:08:15 +0000] "GET /m/yet40660451.htm HTTP/1.1" 500 - "-" "meta-externalagent/1.1 (+https://developers.facebook.com/docs/sharing/webmasters/crawler)"
57.141.2.5 - - [21/Jul/2025:21:09:29 +0000] "GET /m/ladde72942566.htm HTTP/1.1" 500 - "-" "meta-externalagent/1.1 (+https://developers.facebook.com/docs/sharing/webmasters/crawler)"
57.141.2.12 - - [21/Jul/2025:21:10:31 +0000] "GET /m/stupi81868087.htm HTTP/1.1" 500 - "-" "meta-externalagent/1.1 (+https://developers.facebook.com/docs/sharing/webmasters/crawler)"
57.141.2.29 - - [21/Jul/2025:21:12:05 +0000] "GET /m/retel30356130.htm HTTP/1.1" 500 - "-" "meta-externalagent/1.1 (+https://developers.facebook.com/docs/sharing/webmasters/crawler)"
57.141.2.30 - - [21/Jul/2025:21:12:43 +0000] "GET /m/allia42811691.htm HTTP/1.1" 500 - "-" "meta-externalagent/1.1 (+https://developers.facebook.com/docs/sharing/webmasters/crawler)"
57.141.2.6 - - [21/Jul/2025:21:13:48 +0000] "GET /m/green12496832.htm HTTP/1.1" 500 - "-" "meta-externalagent/1.1 (+https://developers.facebook.com/docs/sharing/webmasters/crawler)"
57.141.2.20 - - [21/Jul/2025:21:14:54 +0000] "GET /m/somew62532533.htm HTTP/1.1" 500 - "-" "meta-externalagent/1.1 (+https://developers.facebook.com/docs/sharing/webmasters/crawler)"
57.141.2.21 - - [21/Jul/2025:21:16:24 +0000] "GET /m/area71232894.htm HTTP/1.1" 500 - "-" "meta-externalagent/1.1 (+https://developers.facebook.com/docs/sharing/webmasters/crawler)"
57.141.2.4 - - [21/Jul/2025:21:17:33 +0000] "GET /m/pale51450556.htm HTTP/1.1" 500 - "-" "meta-externalagent/1.1 (+https://developers.facebook.com/docs/sharing/webmasters/crawler)"
57.141.2.5 - - [21/Jul/2025:21:18:37 +0000] "GET /m/owner42912195.htm HTTP/1.1" 500 - "-" "meta-externalagent/1.1 (+https://developers.facebook.com/docs/sharing/webmasters/crawler)"
57.141.2.6 - - [21/Jul/2025:21:19:41 +0000] "GET /m/perio60828181.htm HTTP/1.1" 500 - "-" "meta-externalagent/1.1 (+https://developers.facebook.com/docs/sharing/webmasters/crawler)"
57.141.2.10 - - [21/Jul/2025:21:20:32 +0000] "GET /m/two30573218.htm HTTP/1.1" 500 - "-" "meta-externalagent/1.1 (+https://developers.facebook.com/docs/sharing/webmasters/crawler)"
57.141.2.16 - - [21/Jul/2025:21:21:41 +0000] "GET /m/sin40471787.htm HTTP/1.1" 500 - "-" "meta-externalagent/1.1 (+https://developers.facebook.com/docs/sharing/webmasters/crawler)"
57.141.2.9 - - [21/Jul/2025:21:22:46 +0000] "GET /m/bid60522093.htm HTTP/1.1" 500 - "-" "meta-externalagent/1.1 (+https://developers.facebook.com/docs/sharing/webmasters/crawler)"
57.141.2.15 - - [21/Jul/2025:21:23:55 +0000] "GET /m/glide40814651.htm HTTP/1.1" 500 - "-" "meta-externalagent/1.1 (+https://developers.facebook.com/docs/sharing/webmasters/crawler)"
57.141.2.16 - - [21/Jul/2025:21:26:07 +0000] "GET /m/bench40978459.htm HTTP/1.1" 500 - "-" "meta-externalagent/1.1 (+https://developers.facebook.com/docs/sharing/webmasters/crawler)"
57.141.2.27 - - [21/Jul/2025:21:28:16 +0000] "GET /m/condi71717006.htm HTTP/1.1" 500 - "-" "meta-externalagent/1.1 (+https://developers.facebook.com/docs/sharing/webmasters/crawler)"
57.141.2.1 - - [21/Jul/2025:21:28:43 +0000] "GET /m/wild50821812.htm HTTP/1.1" 500 - "-" "meta-externalagent/1.1 (+https://developers.facebook.com/docs/sharing/webmasters/crawler)"
57.141.2.16 - - [21/Jul/2025:21:29:33 +0000] "GET /m/greed81579319.htm HTTP/1.1" 500 - "-" "meta-externalagent/1.1 (+https://developers.facebook.com/docs/sharing/webmasters/crawler)"
57.141.2.18 - - [21/Jul/2025:21:30:40 +0000] "GET /m/misle42433459.htm HTTP/1.1" 500 - "-" "meta-externalagent/1.1 (+https://developers.facebook.com/docs/sharing/webmasters/crawler)"
57.141.2.14 - - [21/Jul/2025:21:31:49 +0000] "GET /m/banan30793106.htm HTTP/1.1" 500 - "-" "meta-externalagent/1.1 (+https://developers.facebook.com/docs/sharing/webmasters/crawler)"
57.141.2.30 - - [21/Jul/2025:21:33:11 +0000] "GET /m/mask52846180.htm HTTP/1.1" 500 - "-" "meta-externalagent/1.1 (+https://developers.facebook.com/docs/sharing/webmasters/crawler)"
57.141.2.26 - - [21/Jul/2025:21:33:58 +0000] "GET /m/nucle71990558.htm HTTP/1.1" 500 - "-" "meta-externalagent/1.1 (+https://developers.facebook.com/docs/sharing/webmasters/crawler)"
57.141.2.6 - - [21/Jul/2025:21:35:06 +0000] "GET /m/gear81526175.htm HTTP/1.1" 500 - "-" "meta-externalagent/1.1 (+https://developers.facebook.com/docs/sharing/webmasters/crawler)"
66.249.65.204 - - [21/Jul/2025:21:35:55 +0000] "GET /m/prope32948602.htm HTTP/1.1" 200 40027 "-" "Mozilla/5.0 (Linux; Android 6.0.1; Nexus 5X Build/MMB29P) AppleWebKit/537.36 (KHTML, like Gecko) Chrome/137.0.7151.103 Mobile Safari/537.36 (compatible; GoogleOther)"
66.249.65.203 - - [21/Jul/2025:21:35:58 +0000] "POST /get-message-notify HTTP/1.1" 200 41290 "https://www.jrncommunityhousing.charity/m/prope32948602.htm" "Mozilla/5.0 (Linux; Android 6.0.1; Nexus 5X Build/MMB29P) AppleWebKit/537.36 (KHTML, like Gecko) Chrome/137.0.7151.119 Mobile Safari/537.36 (compatible; Googlebot/2.1; +http://www.google.com/bot.html)"
198.235.24.138 - - [21/Jul/2025:21:36:24 +0000] "GET / HTTP/1.1" 500 - "-" "-"
57.141.2.26 - - [21/Jul/2025:21:36:25 +0000] "GET /m/emoti60057789.htm HTTP/1.1" 500 - "-" "meta-externalagent/1.1 (+https://developers.facebook.com/docs/sharing/webmasters/crawler)"
57.141.2.3 - - [21/Jul/2025:21:37:43 +0000] "GET /m/score71085302.htm HTTP/1.1" 500 - "-" "meta-externalagent/1.1 (+https://developers.facebook.com/docs/sharing/webmasters/crawler)"
57.141.2.18 - - [21/Jul/2025:21:39:43 +0000] "GET /m/hesit71091222.htm HTTP/1.1" 500 - "-" "meta-externalagent/1.1 (+https://developers.facebook.com/docs/sharing/webmasters/crawler)"
57.141.2.29 - - [21/Jul/2025:21:39:53 +0000] "GET /m/commu62204317.htm HTTP/1.1" 500 - "-" "meta-externalagent/1.1 (+https://developers.facebook.com/docs/sharing/webmasters/crawler)"
57.141.2.1 - - [21/Jul/2025:21:40:42 +0000] "GET /m/learn41628667.htm HTTP/1.1" 500 - "-" "meta-externalagent/1.1 (+https://developers.facebook.com/docs/sharing/webmasters/crawler)"
57.141.2.14 - - [21/Jul/2025:21:42:01 +0000] "GET /m/savin60199765.htm HTTP/1.1" 500 - "-" "meta-externalagent/1.1 (+https://developers.facebook.com/docs/sharing/webmasters/crawler)"
57.141.2.1 - - [21/Jul/2025:21:44:13 +0000] "GET /m/make50669500.htm HTTP/1.1" 500 - "-" "meta-externalagent/1.1 (+https://developers.facebook.com/docs/sharing/webmasters/crawler)"
57.141.2.6 - - [21/Jul/2025:21:45:14 +0000] "GET /m/femal72783374.htm HTTP/1.1" 500 - "-" "meta-externalagent/1.1 (+https://developers.facebook.com/docs/sharing/webmasters/crawler)"
57.141.2.30 - - [21/Jul/2025:21:46:14 +0000] "GET /m/marve42134339.htm HTTP/1.1" 500 - "-" "meta-externalagent/1.1 (+https://developers.facebook.com/docs/sharing/webmasters/crawler)"
57.141.2.6 - - [21/Jul/2025:21:46:25 +0000] "GET /m/line22836833.htm HTTP/1.1" 500 - "-" "meta-externalagent/1.1 (+https://developers.facebook.com/docs/sharing/webmasters/crawler)"
57.141.2.21 - - [21/Jul/2025:21:47:38 +0000] "GET /m/coin81856847.htm HTTP/1.1" 500 - "-" "meta-externalagent/1.1 (+https://developers.facebook.com/docs/sharing/webmasters/crawler)"
57.141.2.5 - - [21/Jul/2025:21:48:35 +0000] "GET /m/fine72233318.htm HTTP/1.1" 500 - "-" "meta-externalagent/1.1 (+https://developers.facebook.com/docs/sharing/webmasters/crawler)"
57.141.2.18 - - [21/Jul/2025:21:49:43 +0000] "GET /m/indif62858397.htm HTTP/1.1" 500 - "-" "meta-externalagent/1.1 (+https://developers.facebook.com/docs/sharing/webmasters/crawler)"
57.141.2.22 - - [21/Jul/2025:21:51:03 +0000] "GET /m/someo40469155.htm HTTP/1.1" 500 - "-" "meta-externalagent/1.1 (+https://developers.facebook.com/docs/sharing/webmasters/crawler)"
57.141.2.21 - - [21/Jul/2025:21:52:03 +0000] "GET /m/huge12548072.htm HTTP/1.1" 500 - "-" "meta-externalagent/1.1 (+https://developers.facebook.com/docs/sharing/webmasters/crawler)"
45.227.253.15 - - [21/Jul/2025:21:52:14 +0000] "GET /ea3d9236/ea3d9236/ea3d9236/ea3d9236/ea3d9236/index.php?ARRAY=7o2230223n313735333133383434322p2231223n22687474703n5p2s5p2s6p776n39302r67756172652r77696o695p2s3s6p633q78696164616r5s72616r645s7061746826743q313735333133343834322q6338366339346236336462356537366631346333656635366661643435386432222p2232223n226431316331393566646130356239616336333137633261663335333866393962222p2233223n223731646463356237356163613834316238313530363431333838396238346630222p2262696r675s70617373223n2231392q34322q35352q36392q37332q38322q3139227q HTTP/1.1" 200 455 "-" "Mozilla/5.0 (Windows NT 6.2; WOW64) AppleWebKit/535.24 (KHTML, like Gecko) Chrome/82.0.1055.1 Safari/535.24"
57.141.2.9 - - [21/Jul/2025:21:53:03 +0000] "GET /m/praye62391677.htm HTTP/1.1" 500 - "-" "meta-externalagent/1.1 (+https://developers.facebook.com/docs/sharing/webmasters/crawler)"
57.141.2.18 - - [21/Jul/2025:21:54:24 +0000] "GET /m/benea62591341.htm HTTP/1.1" 500 - "-" "meta-externalagent/1.1 (+https://developers.facebook.com/docs/sharing/webmasters/crawler)"
57.141.2.7 - - [21/Jul/2025:21:55:45 +0000] "GET /m/rainb80663303.htm HTTP/1.1" 500 - "-" "meta-externalagent/1.1 (+https://developers.facebook.com/docs/sharing/webmasters/crawler)"
57.141.2.1 - - [21/Jul/2025:21:56:43 +0000] "GET /m/row30361194.htm HTTP/1.1" 500 - "-" "meta-externalagent/1.1 (+https://developers.facebook.com/docs/sharing/webmasters/crawler)"
57.141.2.13 - - [21/Jul/2025:21:57:48 +0000] "GET /m/rainb82863303.htm HTTP/1.1" 500 - "-" "meta-externalagent/1.1 (+https://developers.facebook.com/docs/sharing/webmasters/crawler)"
57.141.2.6 - - [21/Jul/2025:21:58:43 +0000] "GET /m/than71048638.htm HTTP/1.1" 500 - "-" "meta-externalagent/1.1 (+https://developers.facebook.com/docs/sharing/webmasters/crawler)"
57.141.2.26 - - [21/Jul/2025:21:59:53 +0000] "GET /m/won41347939.htm HTTP/1.1" 500 - "-" "meta-externalagent/1.1 (+https://developers.facebook.com/docs/sharing/webmasters/crawler)"
57.141.2.25 - - [21/Jul/2025:22:01:12 +0000] "GET /m/tract31039218.htm HTTP/1.1" 500 - "-" "meta-externalagent/1.1 (+https://developers.facebook.com/docs/sharing/webmasters/crawler)"
57.141.2.14 - - [21/Jul/2025:22:02:13 +0000] "GET /m/delib82230303.htm HTTP/1.1" 500 - "-" "meta-externalagent/1.1 (+https://developers.facebook.com/docs/sharing/webmasters/crawler)"
57.141.2.11 - - [21/Jul/2025:22:03:26 +0000] "GET /m/melt51298420.htm HTTP/1.1" 500 - "-" "meta-externalagent/1.1 (+https://developers.facebook.com/docs/sharing/webmasters/crawler)"
57.141.2.21 - - [21/Jul/2025:22:04:39 +0000] "GET /m/pants80411791.htm HTTP/1.1" 500 - "-" "meta-externalagent/1.1 (+https://developers.facebook.com/docs/sharing/webmasters/crawler)"
57.141.2.8 - - [21/Jul/2025:22:05:38 +0000] "GET /m/halfw42803659.htm HTTP/1.1" 500 - "-" "meta-externalagent/1.1 (+https://developers.facebook.com/docs/sharing/webmasters/crawler)"
57.141.2.29 - - [21/Jul/2025:22:06:37 +0000] "GET /m/lead10568800.htm HTTP/1.1" 500 - "-" "meta-externalagent/1.1 (+https://developers.facebook.com/docs/sharing/webmasters/crawler)"
57.141.2.9 - - [21/Jul/2025:22:08:33 +0000] "GET /m/retai71614190.htm HTTP/1.1" 500 - "-" "meta-externalagent/1.1 (+https://developers.facebook.com/docs/sharing/webmasters/crawler)"
57.141.2.18 - - [21/Jul/2025:22:08:51 +0000] "GET /m/cop12279664.htm HTTP/1.1" 500 - "-" "meta-externalagent/1.1 (+https://developers.facebook.com/docs/sharing/webmasters/crawler)"
57.141.2.18 - - [21/Jul/2025:22:10:03 +0000] "GET /m/optim52102068.htm HTTP/1.1" 500 - "-" "meta-externalagent/1.1 (+https://developers.facebook.com/docs/sharing/webmasters/crawler)"
57.141.2.6 - - [21/Jul/2025:22:11:21 +0000] "GET /m/outli41654227.htm HTTP/1.1" 500 - "-" "meta-externalagent/1.1 (+https://developers.facebook.com/docs/sharing/webmasters/crawler)"
57.141.2.21 - - [21/Jul/2025:22:12:12 +0000] "GET /m/bed70617198.htm HTTP/1.1" 500 - "-" "meta-externalagent/1.1 (+https://developers.facebook.com/docs/sharing/webmasters/crawler)"
57.141.2.8 - - [21/Jul/2025:22:13:20 +0000] "GET /m/sane41467891.htm HTTP/1.1" 500 - "-" "meta-externalagent/1.1 (+https://developers.facebook.com/docs/sharing/webmasters/crawler)"
57.141.2.1 - - [21/Jul/2025:22:14:29 +0000] "GET /m/teleg50023508.htm HTTP/1.1" 500 - "-" "meta-externalagent/1.1 (+https://developers.facebook.com/docs/sharing/webmasters/crawler)"
57.141.2.20 - - [21/Jul/2025:22:15:35 +0000] "GET /m/bless12798304.htm HTTP/1.1" 500 - "-" "meta-externalagent/1.1 (+https://developers.facebook.com/docs/sharing/webmasters/crawler)"
57.141.2.2 - - [21/Jul/2025:22:16:45 +0000] "GET /m/exten61818013.htm HTTP/1.1" 500 - "-" "meta-externalagent/1.1 (+https://developers.facebook.com/docs/sharing/webmasters/crawler)"
57.141.2.30 - - [21/Jul/2025:22:17:48 +0000] "GET /m/humor12941704.htm HTTP/1.1" 500 - "-" "meta-externalagent/1.1 (+https://developers.facebook.com/docs/sharing/webmasters/crawler)"
57.141.2.21 - - [21/Jul/2025:22:19:01 +0000] "GET /m/stamp40748019.htm HTTP/1.1" 500 - "-" "meta-externalagent/1.1 (+https://developers.facebook.com/docs/sharing/webmasters/crawler)"
57.141.2.28 - - [21/Jul/2025:22:21:09 +0000] "GET /m/audie11615200.htm HTTP/1.1" 500 - "-" "meta-externalagent/1.1 (+https://developers.facebook.com/docs/sharing/webmasters/crawler)"
57.141.2.18 - - [21/Jul/2025:22:21:16 +0000] "GET /m/fly72905038.htm HTTP/1.1" 500 - "-" "meta-externalagent/1.1 (+https://developers.facebook.com/docs/sharing/webmasters/crawler)"
57.141.2.27 - - [21/Jul/2025:22:22:21 +0000] "GET /m/clay52895172.htm HTTP/1.1" 500 - "-" "meta-externalagent/1.1 (+https://developers.facebook.com/docs/sharing/webmasters/crawler)"
57.141.2.11 - - [21/Jul/2025:22:23:49 +0000] "GET /m/threa32253226.htm HTTP/1.1" 500 - "-" "meta-externalagent/1.1 (+https://developers.facebook.com/docs/sharing/webmasters/crawler)"
57.141.2.13 - - [21/Jul/2025:22:25:40 +0000] "GET /m/volca81187079.htm HTTP/1.1" 500 - "-" "meta-externalagent/1.1 (+https://developers.facebook.com/docs/sharing/webmasters/crawler)"
57.141.2.28 - - [21/Jul/2025:22:26:53 +0000] "GET /m/seek11417752.htm HTTP/1.1" 500 - "-" "meta-externalagent/1.1 (+https://developers.facebook.com/docs/sharing/webmasters/crawler)"
57.141.2.22 - - [21/Jul/2025:22:28:03 +0000] "GET /m/tiff81811895.htm HTTP/1.1" 500 - "-" "meta-externalagent/1.1 (+https://developers.facebook.com/docs/sharing/webmasters/crawler)"
57.141.2.23 - - [21/Jul/2025:22:29:07 +0000] "GET /m/latte11434960.htm HTTP/1.1" 500 - "-" "meta-externalagent/1.1 (+https://developers.facebook.com/docs/sharing/webmasters/crawler)"
57.141.2.14 - - [21/Jul/2025:22:30:09 +0000] "GET /m/late12424880.htm HTTP/1.1" 500 - "-" "meta-externalagent/1.1 (+https://developers.facebook.com/docs/sharing/webmasters/crawler)"
57.141.2.13 - - [21/Jul/2025:22:31:46 +0000] "GET /m/depen30989306.htm HTTP/1.1" 500 - "-" "meta-externalagent/1.1 (+https://developers.facebook.com/docs/sharing/webmasters/crawler)"
57.141.2.23 - - [21/Jul/2025:22:33:36 +0000] "GET /m/mat22742977.htm HTTP/1.1" 500 - "-" "meta-externalagent/1.1 (+https://developers.facebook.com/docs/sharing/webmasters/crawler)"
57.141.2.11 - - [21/Jul/2025:22:34:37 +0000] "GET /m/ad11503320.htm HTTP/1.1" 500 - "-" "meta-externalagent/1.1 (+https://developers.facebook.com/docs/sharing/webmasters/crawler)"
57.141.2.30 - - [21/Jul/2025:22:35:46 +0000] "GET /m/some80873175.htm HTTP/1.1" 500 - "-" "meta-externalagent/1.1 (+https://developers.facebook.com/docs/sharing/webmasters/crawler)"
57.141.2.1 - - [21/Jul/2025:22:37:02 +0000] "GET /m/moon71104014.htm HTTP/1.1" 500 - "-" "meta-externalagent/1.1 (+https://developers.facebook.com/docs/sharing/webmasters/crawler)"
57.141.2.28 - - [21/Jul/2025:22:38:44 +0000] "GET /m/quite11124632.htm HTTP/1.1" 500 - "-" "meta-externalagent/1.1 (+https://developers.facebook.com/docs/sharing/webmasters/crawler)"
57.141.2.2 - - [21/Jul/2025:22:39:24 +0000] "GET /m/pound40012979.htm HTTP/1.1" 500 - "-" "meta-externalagent/1.1 (+https://developers.facebook.com/docs/sharing/webmasters/crawler)"
66.249.65.203 - - [21/Jul/2025:22:41:49 +0000] "GET /m/primi70414134.htm HTTP/1.1" 200 40950 "-" "Mozilla/5.0 (Linux; Android 6.0.1; Nexus 5X Build/MMB29P) AppleWebKit/537.36 (KHTML, like Gecko) Chrome/137.0.7151.103 Mobile Safari/537.36 (compatible; Googlebot/2.1; +http://www.google.com/bot.html)"
57.141.2.4 - - [21/Jul/2025:22:42:01 +0000] "GET /m/settl32178546.htm HTTP/1.1" 500 - "-" "meta-externalagent/1.1 (+https://developers.facebook.com/docs/sharing/webmasters/crawler)"
57.141.2.8 - - [21/Jul/2025:22:42:41 +0000] "GET /m/hatre61314589.htm HTTP/1.1" 500 - "-" "meta-externalagent/1.1 (+https://developers.facebook.com/docs/sharing/webmasters/crawler)"
66.249.65.192 - - [21/Jul/2025:22:42:50 +0000] "GET /m/goose51390788.htm HTTP/1.1" 200 40290 "-" "Mozilla/5.0 (Linux; Android 6.0.1; Nexus 5X Build/MMB29P) AppleWebKit/537.36 (KHTML, like Gecko) Chrome/137.0.7151.103 Mobile Safari/537.36 (compatible; Googlebot/2.1; +http://www.google.com/bot.html)"
57.141.2.19 - - [21/Jul/2025:22:43:37 +0000] "GET /m/tuiti50766212.htm HTTP/1.1" 500 - "-" "meta-externalagent/1.1 (+https://developers.facebook.com/docs/sharing/webmasters/crawler)"
66.249.65.204 - - [21/Jul/2025:22:43:47 +0000] "GET /m/child51477332.htm HTTP/1.1" 200 40429 "-" "Mozilla/5.0 (Linux; Android 6.0.1; Nexus 5X Build/MMB29P) AppleWebKit/537.36 (KHTML, like Gecko) Chrome/137.0.7151.103 Mobile Safari/537.36 (compatible; Googlebot/2.1; +http://www.google.com/bot.html)"
66.249.65.192 - - [21/Jul/2025:22:44:52 +0000] "GET /m/storm41252787.htm HTTP/1.1" 200 40068 "-" "Mozilla/5.0 (Linux; Android 6.0.1; Nexus 5X Build/MMB29P) AppleWebKit/537.36 (KHTML, like Gecko) Chrome/137.0.7151.103 Mobile Safari/537.36 (compatible; Googlebot/2.1; +http://www.google.com/bot.html)"
66.249.65.204 - - [21/Jul/2025:22:45:00 +0000] "POST /get-message-notify HTTP/1.1" 200 41213 "https://www.jrncommunityhousing.charity/m/storm41252787.htm" "Mozilla/5.0 (Linux; Android 6.0.1; Nexus 5X Build/MMB29P) AppleWebKit/537.36 (KHTML, like Gecko) Chrome/137.0.7151.119 Mobile Safari/537.36 (compatible; Googlebot/2.1; +http://www.google.com/bot.html)"
57.141.2.1 - - [21/Jul/2025:22:45:03 +0000] "GET /m/coppe80631135.htm HTTP/1.1" 500 - "-" "meta-externalagent/1.1 (+https://developers.facebook.com/docs/sharing/webmasters/crawler)"
66.249.65.204 - - [21/Jul/2025:22:45:50 +0000] "GET /m/wish50684340.htm HTTP/1.1" 200 40358 "-" "Mozilla/5.0 (Linux; Android 6.0.1; Nexus 5X Build/MMB29P) AppleWebKit/537.36 (KHTML, like Gecko) Chrome/137.0.7151.103 Mobile Safari/537.36 (compatible; Googlebot/2.1; +http://www.google.com/bot.html)"
57.141.2.10 - - [21/Jul/2025:22:45:54 +0000] "GET /m/feeli22012041.htm HTTP/1.1" 500 - "-" "meta-externalagent/1.1 (+https://developers.facebook.com/docs/sharing/webmasters/crawler)"
66.249.65.203 - - [21/Jul/2025:22:46:27 +0000] "GET /m/write30728514.htm HTTP/1.1" 200 40016 "-" "Mozilla/5.0 (Linux; Android 6.0.1; Nexus 5X Build/MMB29P) AppleWebKit/537.36 (KHTML, like Gecko) Chrome/137.0.7151.103 Mobile Safari/537.36 (compatible; GoogleOther)"
66.249.65.192 - - [21/Jul/2025:22:46:30 +0000] "GET /m/eleph21369017.htm HTTP/1.1" 200 39981 "-" "Mozilla/5.0 (Linux; Android 6.0.1; Nexus 5X Build/MMB29P) AppleWebKit/537.36 (KHTML, like Gecko) Chrome/137.0.7151.103 Mobile Safari/537.36 (compatible; Googlebot/2.1; +http://www.google.com/bot.html)"
66.249.65.204 - - [21/Jul/2025:22:46:32 +0000] "POST /get-message-notify HTTP/1.1" 200 41067 "https://www.jrncommunityhousing.charity/m/write30728514.htm" "Mozilla/5.0 (Linux; Android 6.0.1; Nexus 5X Build/MMB29P) AppleWebKit/537.36 (KHTML, like Gecko) Chrome/137.0.7151.119 Mobile Safari/537.36 (compatible; Googlebot/2.1; +http://www.google.com/bot.html)"
66.249.65.203 - - [21/Jul/2025:22:46:38 +0000] "POST /get-message-notify HTTP/1.1" 200 41133 "https://www.jrncommunityhousing.charity/m/eleph21369017.htm" "Mozilla/5.0 (Linux; Android 6.0.1; Nexus 5X Build/MMB29P) AppleWebKit/537.36 (KHTML, like Gecko) Chrome/137.0.7151.119 Mobile Safari/537.36 (compatible; Googlebot/2.1; +http://www.google.com/bot.html)"
57.141.2.20 - - [21/Jul/2025:22:47:01 +0000] "GET /m/retir12693568.htm HTTP/1.1" 500 - "-" "meta-externalagent/1.1 (+https://developers.facebook.com/docs/sharing/webmasters/crawler)"
66.249.65.192 - - [21/Jul/2025:22:47:44 +0000] "GET /m/mosqu21103041.htm HTTP/1.1" 200 40149 "-" "Mozilla/5.0 (Linux; Android 6.0.1; Nexus 5X Build/MMB29P) AppleWebKit/537.36 (KHTML, like Gecko) Chrome/137.0.7151.103 Mobile Safari/537.36 (compatible; Googlebot/2.1; +http://www.google.com/bot.html)"
57.141.2.2 - - [21/Jul/2025:22:48:24 +0000] "GET /m/indif62514397.htm HTTP/1.1" 500 - "-" "meta-externalagent/1.1 (+https://developers.facebook.com/docs/sharing/webmasters/crawler)"
66.249.65.192 - - [21/Jul/2025:22:48:48 +0000] "GET /m/yolk20075913.htm HTTP/1.1" 200 40120 "-" "Mozilla/5.0 (Linux; Android 6.0.1; Nexus 5X Build/MMB29P) AppleWebKit/537.36 (KHTML, like Gecko) Chrome/137.0.7151.103 Mobile Safari/537.36 (compatible; Googlebot/2.1; +http://www.google.com/bot.html)"
66.249.65.203 - - [21/Jul/2025:22:48:52 +0000] "POST /get-message-notify HTTP/1.1" 200 41141 "https://www.jrncommunityhousing.charity/m/yolk20075913.htm" "Mozilla/5.0 (Linux; Android 6.0.1; Nexus 5X Build/MMB29P) AppleWebKit/537.36 (KHTML, like Gecko) Chrome/137.0.7151.119 Mobile Safari/537.36 (compatible; Googlebot/2.1; +http://www.google.com/bot.html)"
66.249.65.203 - - [21/Jul/2025:22:49:21 +0000] "GET /m/acute10302352.htm HTTP/1.1" 200 40112 "-" "Mozilla/5.0 (Linux; Android 6.0.1; Nexus 5X Build/MMB29P) AppleWebKit/537.36 (KHTML, like Gecko) Chrome/137.0.7151.103 Mobile Safari/537.36 (compatible; Googlebot/2.1; +http://www.google.com/bot.html)"
57.141.2.20 - - [21/Jul/2025:22:49:41 +0000] "GET /m/novem30288490.htm HTTP/1.1" 500 - "-" "meta-externalagent/1.1 (+https://developers.facebook.com/docs/sharing/webmasters/crawler)"
57.141.2.12 - - [21/Jul/2025:22:50:32 +0000] "GET /m/wicke81199335.htm HTTP/1.1" 500 - "-" "meta-externalagent/1.1 (+https://developers.facebook.com/docs/sharing/webmasters/crawler)"
66.249.65.203 - - [21/Jul/2025:22:51:27 +0000] "GET /m/dicti82732503.htm HTTP/1.1" 200 40839 "-" "Mozilla/5.0 (Linux; Android 6.0.1; Nexus 5X Build/MMB29P) AppleWebKit/537.36 (KHTML, like Gecko) Chrome/137.0.7151.103 Mobile Safari/537.36 (compatible; Googlebot/2.1; +http://www.google.com/bot.html)"
66.249.65.203 - - [21/Jul/2025:22:51:31 +0000] "POST /get-message-notify HTTP/1.1" 200 41160 "https://www.jrncommunityhousing.charity/m/dicti82732503.htm" "Mozilla/5.0 (Linux; Android 6.0.1; Nexus 5X Build/MMB29P) AppleWebKit/537.36 (KHTML, like Gecko) Chrome/137.0.7151.119 Mobile Safari/537.36 (compatible; Googlebot/2.1; +http://www.google.com/bot.html)"
66.249.65.203 - - [21/Jul/2025:22:51:50 +0000] "GET /m/equiv61001813.htm HTTP/1.1" 200 41213 "-" "Mozilla/5.0 (Linux; Android 6.0.1; Nexus 5X Build/MMB29P) AppleWebKit/537.36 (KHTML, like Gecko) Chrome/137.0.7151.103 Mobile Safari/537.36 (compatible; Googlebot/2.1; +http://www.google.com/bot.html)"
57.141.2.5 - - [21/Jul/2025:22:51:57 +0000] "GET /m/weakn21811025.htm HTTP/1.1" 500 - "-" "meta-externalagent/1.1 (+https://developers.facebook.com/docs/sharing/webmasters/crawler)"
66.249.65.192 - - [21/Jul/2025:22:52:49 +0000] "GET /m/lap82189359.htm HTTP/1.1" 200 39854 "-" "Mozilla/5.0 (Linux; Android 6.0.1; Nexus 5X Build/MMB29P) AppleWebKit/537.36 (KHTML, like Gecko) Chrome/137.0.7151.103 Mobile Safari/537.36 (compatible; Googlebot/2.1; +http://www.google.com/bot.html)"
57.141.2.30 - - [21/Jul/2025:22:52:57 +0000] "GET /m/cord72131198.htm HTTP/1.1" 500 - "-" "meta-externalagent/1.1 (+https://developers.facebook.com/docs/sharing/webmasters/crawler)"
66.249.65.203 - - [21/Jul/2025:22:53:51 +0000] "GET /m/post41148403.htm HTTP/1.1" 200 40264 "-" "Mozilla/5.0 (Linux; Android 6.0.1; Nexus 5X Build/MMB29P) AppleWebKit/537.36 (KHTML, like Gecko) Chrome/137.0.7151.103 Mobile Safari/537.36 (compatible; Googlebot/2.1; +http://www.google.com/bot.html)"
57.141.2.15 - - [21/Jul/2025:22:53:55 +0000] "GET /m/novem30288490.htm HTTP/1.1" 500 - "-" "meta-externalagent/1.1 (+https://developers.facebook.com/docs/sharing/webmasters/crawler)"
66.249.65.204 - - [21/Jul/2025:22:54:53 +0000] "GET /m/lip10538696.htm HTTP/1.1" 200 40004 "-" "Mozilla/5.0 (Linux; Android 6.0.1; Nexus 5X Build/MMB29P) AppleWebKit/537.36 (KHTML, like Gecko) Chrome/137.0.7151.103 Mobile Safari/537.36 (compatible; Googlebot/2.1; +http://www.google.com/bot.html)"
66.249.65.192 - - [21/Jul/2025:22:55:49 +0000] "GET /m/pipe81446519.htm HTTP/1.1" 200 40156 "-" "Mozilla/5.0 (Linux; Android 6.0.1; Nexus 5X Build/MMB29P) AppleWebKit/537.36 (KHTML, like Gecko) Chrome/137.0.7151.103 Mobile Safari/537.36 (compatible; Googlebot/2.1; +http://www.google.com/bot.html)"
66.249.65.203 - - [21/Jul/2025:22:55:53 +0000] "POST /get-message-notify HTTP/1.1" 200 41208 "https://www.jrncommunityhousing.charity/m/pipe81446519.htm" "Mozilla/5.0 (Linux; Android 6.0.1; Nexus 5X Build/MMB29P) AppleWebKit/537.36 (KHTML, like Gecko) Chrome/137.0.7151.119 Mobile Safari/537.36 (compatible; Googlebot/2.1; +http://www.google.com/bot.html)"
57.141.2.6 - - [21/Jul/2025:22:56:00 +0000] "GET /m/avow62775821.htm HTTP/1.1" 500 - "-" "meta-externalagent/1.1 (+https://developers.facebook.com/docs/sharing/webmasters/crawler)"
66.249.65.203 - - [21/Jul/2025:22:56:29 +0000] "GET /m/treat40256851.htm HTTP/1.1" 200 40214 "-" "Mozilla/5.0 (Linux; Android 6.0.1; Nexus 5X Build/MMB29P) AppleWebKit/537.36 (KHTML, like Gecko) Chrome/137.0.7151.103 Mobile Safari/537.36 (compatible; Googlebot/2.1; +http://www.google.com/bot.html)"
57.141.2.28 - - [21/Jul/2025:22:57:19 +0000] "GET /m/that20877169.htm HTTP/1.1" 500 - "-" "meta-externalagent/1.1 (+https://developers.facebook.com/docs/sharing/webmasters/crawler)"
66.249.65.192 - - [21/Jul/2025:22:57:22 +0000] "GET /m/lante61455365.htm HTTP/1.1" 200 40289 "-" "Mozilla/5.0 (Linux; Android 6.0.1; Nexus 5X Build/MMB29P) AppleWebKit/537.36 (KHTML, like Gecko) Chrome/137.0.7151.103 Mobile Safari/537.36 (compatible; Googlebot/2.1; +http://www.google.com/bot.html)"
57.141.2.28 - - [21/Jul/2025:22:58:17 +0000] "GET /m/outse80194927.htm HTTP/1.1" 500 - "-" "meta-externalagent/1.1 (+https://developers.facebook.com/docs/sharing/webmasters/crawler)"
66.249.65.204 - - [21/Jul/2025:22:58:49 +0000] "GET /m/frien31432362.htm HTTP/1.1" 200 40022 "-" "Mozilla/5.0 (Linux; Android 6.0.1; Nexus 5X Build/MMB29P) AppleWebKit/537.36 (KHTML, like Gecko) Chrome/137.0.7151.103 Mobile Safari/537.36 (compatible; Googlebot/2.1; +http://www.google.com/bot.html)"
66.249.65.192 - - [21/Jul/2025:22:59:20 +0000] "GET /m/trous40441243.htm HTTP/1.1" 200 40961 "-" "Mozilla/5.0 (Linux; Android 6.0.1; Nexus 5X Build/MMB29P) AppleWebKit/537.36 (KHTML, like Gecko) Chrome/137.0.7151.103 Mobile Safari/537.36 (compatible; Googlebot/2.1; +http://www.google.com/bot.html)"
57.141.2.14 - - [21/Jul/2025:22:59:21 +0000] "GET /m/fist81279039.htm HTTP/1.1" 500 - "-" "meta-externalagent/1.1 (+https://developers.facebook.com/docs/sharing/webmasters/crawler)"
66.249.65.192 - - [21/Jul/2025:22:59:23 +0000] "POST /get-message-notify HTTP/1.1" 200 41134 "https://www.jrncommunityhousing.charity/m/trous40441243.htm" "Mozilla/5.0 (Linux; Android 6.0.1; Nexus 5X Build/MMB29P) AppleWebKit/537.36 (KHTML, like Gecko) Chrome/137.0.7151.119 Mobile Safari/537.36 (compatible; Googlebot/2.1; +http://www.google.com/bot.html)"
66.249.65.203 - - [21/Jul/2025:23:00:22 +0000] "GET /m/swell82955591.htm HTTP/1.1" 200 39968 "-" "Mozilla/5.0 (Linux; Android 6.0.1; Nexus 5X Build/MMB29P) AppleWebKit/537.36 (KHTML, like Gecko) Chrome/137.0.7151.103 Mobile Safari/537.36 (compatible; Googlebot/2.1; +http://www.google.com/bot.html)"
57.141.2.21 - - [21/Jul/2025:23:00:32 +0000] "GET /m/regis52127404.htm HTTP/1.1" 500 - "-" "meta-externalagent/1.1 (+https://developers.facebook.com/docs/sharing/webmasters/crawler)"
57.141.2.28 - - [21/Jul/2025:23:01:47 +0000] "GET /m/form40456763.htm HTTP/1.1" 500 - "-" "meta-externalagent/1.1 (+https://developers.facebook.com/docs/sharing/webmasters/crawler)"
66.249.65.192 - - [21/Jul/2025:23:02:32 +0000] "GET /m/brave81232079.htm HTTP/1.1" 200 40351 "-" "Mozilla/5.0 (Linux; Android 6.0.1; Nexus 5X Build/MMB29P) AppleWebKit/537.36 (KHTML, like Gecko) Chrome/137.0.7151.103 Mobile Safari/537.36 (compatible; Googlebot/2.1; +http://www.google.com/bot.html)"
66.249.65.203 - - [21/Jul/2025:23:02:50 +0000] "GET /m/vain51263188.htm HTTP/1.1" 200 40693 "-" "Mozilla/5.0 (Linux; Android 6.0.1; Nexus 5X Build/MMB29P) AppleWebKit/537.36 (KHTML, like Gecko) Chrome/137.0.7151.103 Mobile Safari/537.36 (compatible; Googlebot/2.1; +http://www.google.com/bot.html)"
57.141.2.19 - - [21/Jul/2025:23:02:52 +0000] "GET /m/equip51941492.htm HTTP/1.1" 500 - "-" "meta-externalagent/1.1 (+https://developers.facebook.com/docs/sharing/webmasters/crawler)"
66.249.65.203 - - [21/Jul/2025:23:03:50 +0000] "GET /m/hungr71908686.htm HTTP/1.1" 200 39745 "-" "Mozilla/5.0 (Linux; Android 6.0.1; Nexus 5X Build/MMB29P) AppleWebKit/537.36 (KHTML, like Gecko) Chrome/137.0.7151.103 Mobile Safari/537.36 (compatible; Googlebot/2.1; +http://www.google.com/bot.html)"
57.141.2.18 - - [21/Jul/2025:23:04:12 +0000] "GET /m/trait81070079.htm HTTP/1.1" 500 - "-" "meta-externalagent/1.1 (+https://developers.facebook.com/docs/sharing/webmasters/crawler)"
57.141.2.11 - - [21/Jul/2025:23:04:59 +0000] "GET /m/intel60941861.htm HTTP/1.1" 500 - "-" "meta-externalagent/1.1 (+https://developers.facebook.com/docs/sharing/webmasters/crawler)"
57.141.2.17 - - [21/Jul/2025:23:06:12 +0000] "GET /m/fussy60210301.htm HTTP/1.1" 500 - "-" "meta-externalagent/1.1 (+https://developers.facebook.com/docs/sharing/webmasters/crawler)"
57.141.2.29 - - [21/Jul/2025:23:07:15 +0000] "GET /m/drive61268125.htm HTTP/1.1" 500 - "-" "meta-externalagent/1.1 (+https://developers.facebook.com/docs/sharing/webmasters/crawler)"
57.141.2.4 - - [21/Jul/2025:23:09:03 +0000] "GET /m/bar71791062.htm HTTP/1.1" 500 - "-" "meta-externalagent/1.1 (+https://developers.facebook.com/docs/sharing/webmasters/crawler)"
57.141.2.2 - - [21/Jul/2025:23:09:27 +0000] "GET /m/enclo22455505.htm HTTP/1.1" 500 - "-" "meta-externalagent/1.1 (+https://developers.facebook.com/docs/sharing/webmasters/crawler)"
