Current File : /home/kelaby89/access-logs/jrncommunityhousing.charity.sixpack.studio-ssl_log |
20.171.207.238 - - [21/Jul/2025:12:08:09 +0000] "GET /m/shelf71593574.htm HTTP/1.1" 500 - "-" "Mozilla/5.0 AppleWebKit/537.36 (KHTML, like Gecko; compatible; GPTBot/1.2; +https://openai.com/gptbot)"
57.141.2.10 - - [21/Jul/2025:12:08:37 +0000] "GET /m/verti60915165.htm HTTP/1.1" 500 - "-" "meta-externalagent/1.1 (+https://developers.facebook.com/docs/sharing/webmasters/crawler)"
20.171.207.238 - - [21/Jul/2025:12:09:10 +0000] "GET /m/boost41290203.htm HTTP/1.1" 500 - "-" "Mozilla/5.0 AppleWebKit/537.36 (KHTML, like Gecko; compatible; GPTBot/1.2; +https://openai.com/gptbot)"
57.141.2.1 - - [21/Jul/2025:12:09:10 +0000] "GET /m/seam42419883.htm HTTP/1.1" 500 - "-" "meta-externalagent/1.1 (+https://developers.facebook.com/docs/sharing/webmasters/crawler)"
57.141.2.23 - - [21/Jul/2025:12:09:40 +0000] "GET /m/frien30976362.htm HTTP/1.1" 500 - "-" "meta-externalagent/1.1 (+https://developers.facebook.com/docs/sharing/webmasters/crawler)"
20.171.207.238 - - [21/Jul/2025:12:10:12 +0000] "GET /m/rever42577971.htm HTTP/1.1" 500 - "-" "Mozilla/5.0 AppleWebKit/537.36 (KHTML, like Gecko; compatible; GPTBot/1.2; +https://openai.com/gptbot)"
57.141.2.21 - - [21/Jul/2025:12:10:52 +0000] "GET /m/medit82806471.htm HTTP/1.1" 500 - "-" "meta-externalagent/1.1 (+https://developers.facebook.com/docs/sharing/webmasters/crawler)"
20.171.207.238 - - [21/Jul/2025:12:11:12 +0000] "GET /m/enorm41041875.htm HTTP/1.1" 500 - "-" "Mozilla/5.0 AppleWebKit/537.36 (KHTML, like Gecko; compatible; GPTBot/1.2; +https://openai.com/gptbot)"
57.141.2.22 - - [21/Jul/2025:12:12:06 +0000] "GET /m/revis50914276.htm HTTP/1.1" 500 - "-" "meta-externalagent/1.1 (+https://developers.facebook.com/docs/sharing/webmasters/crawler)"
20.171.207.238 - - [21/Jul/2025:12:12:13 +0000] "GET /m/elect41660331.htm HTTP/1.1" 500 - "-" "Mozilla/5.0 AppleWebKit/537.36 (KHTML, like Gecko; compatible; GPTBot/1.2; +https://openai.com/gptbot)"
20.171.207.238 - - [21/Jul/2025:12:13:16 +0000] "GET /m/aggre22445569.htm HTTP/1.1" 500 - "-" "Mozilla/5.0 AppleWebKit/537.36 (KHTML, like Gecko; compatible; GPTBot/1.2; +https://openai.com/gptbot)"
57.141.2.2 - - [21/Jul/2025:12:13:54 +0000] "GET /m/jet22726793.htm HTTP/1.1" 500 - "-" "meta-externalagent/1.1 (+https://developers.facebook.com/docs/sharing/webmasters/crawler)"
57.141.2.23 - - [21/Jul/2025:12:14:19 +0000] "GET /m/cop11335664.htm HTTP/1.1" 500 - "-" "meta-externalagent/1.1 (+https://developers.facebook.com/docs/sharing/webmasters/crawler)"
20.171.207.238 - - [21/Jul/2025:12:14:21 +0000] "GET /m/bogus62565989.htm HTTP/1.1" 500 - "-" "Mozilla/5.0 AppleWebKit/537.36 (KHTML, like Gecko; compatible; GPTBot/1.2; +https://openai.com/gptbot)"
20.171.207.238 - - [21/Jul/2025:12:15:21 +0000] "GET /m/ribbo52682468.htm HTTP/1.1" 500 - "-" "Mozilla/5.0 AppleWebKit/537.36 (KHTML, like Gecko; compatible; GPTBot/1.2; +https://openai.com/gptbot)"
57.141.2.14 - - [21/Jul/2025:12:15:53 +0000] "GET /m/ratio81810087.htm HTTP/1.1" 500 - "-" "meta-externalagent/1.1 (+https://developers.facebook.com/docs/sharing/webmasters/crawler)"
20.171.207.238 - - [21/Jul/2025:12:16:27 +0000] "GET /m/visit51524204.htm HTTP/1.1" 500 - "-" "Mozilla/5.0 AppleWebKit/537.36 (KHTML, like Gecko; compatible; GPTBot/1.2; +https://openai.com/gptbot)"
57.141.2.10 - - [21/Jul/2025:12:16:52 +0000] "GET /m/telev10800984.htm HTTP/1.1" 500 - "-" "meta-externalagent/1.1 (+https://developers.facebook.com/docs/sharing/webmasters/crawler)"
20.171.207.238 - - [21/Jul/2025:12:17:30 +0000] "GET /m/owner41048195.htm HTTP/1.1" 500 - "-" "Mozilla/5.0 AppleWebKit/537.36 (KHTML, like Gecko; compatible; GPTBot/1.2; +https://openai.com/gptbot)"
57.141.2.28 - - [21/Jul/2025:12:17:33 +0000] "GET /m/subme70703486.htm HTTP/1.1" 500 - "-" "meta-externalagent/1.1 (+https://developers.facebook.com/docs/sharing/webmasters/crawler)"
85.208.96.206 - - [21/Jul/2025:12:18:28 +0000] "GET /robots.txt HTTP/1.1" 200 130 "-" "Mozilla/5.0 (compatible; SemrushBot/7~bl; +http://www.semrush.com/bot.html)"
85.208.96.206 - - [21/Jul/2025:12:18:29 +0000] "GET /caridad-to-serve-ready-to-eat-meals-to-children-at-three-library-branches/ HTTP/1.1" 500 - "-" "Mozilla/5.0 (compatible; SemrushBot/7~bl; +http://www.semrush.com/bot.html)"
20.171.207.238 - - [21/Jul/2025:12:18:34 +0000] "GET /m/bless12830304.htm HTTP/1.1" 500 - "-" "Mozilla/5.0 AppleWebKit/537.36 (KHTML, like Gecko; compatible; GPTBot/1.2; +https://openai.com/gptbot)"
57.141.2.28 - - [21/Jul/2025:12:18:44 +0000] "GET /m/admir72458374.htm HTTP/1.1" 500 - "-" "meta-externalagent/1.1 (+https://developers.facebook.com/docs/sharing/webmasters/crawler)"
20.171.207.238 - - [21/Jul/2025:12:19:39 +0000] "GET /m/camel32168266.htm HTTP/1.1" 500 - "-" "Mozilla/5.0 AppleWebKit/537.36 (KHTML, like Gecko; compatible; GPTBot/1.2; +https://openai.com/gptbot)"
57.141.2.8 - - [21/Jul/2025:12:19:48 +0000] "GET /m/chap40146403.htm HTTP/1.1" 500 - "-" "meta-externalagent/1.1 (+https://developers.facebook.com/docs/sharing/webmasters/crawler)"
20.171.207.238 - - [21/Jul/2025:12:20:42 +0000] "GET /m/footb32320450.htm HTTP/1.1" 500 - "-" "Mozilla/5.0 AppleWebKit/537.36 (KHTML, like Gecko; compatible; GPTBot/1.2; +https://openai.com/gptbot)"
57.141.2.30 - - [21/Jul/2025:12:21:21 +0000] "GET /m/size41596235.htm HTTP/1.1" 500 - "-" "meta-externalagent/1.1 (+https://developers.facebook.com/docs/sharing/webmasters/crawler)"
20.171.207.238 - - [21/Jul/2025:12:21:45 +0000] "GET /m/growt60203373.htm HTTP/1.1" 500 - "-" "Mozilla/5.0 AppleWebKit/537.36 (KHTML, like Gecko; compatible; GPTBot/1.2; +https://openai.com/gptbot)"
57.141.2.24 - - [21/Jul/2025:12:22:03 +0000] "GET /m/sound31212722.htm HTTP/1.1" 500 - "-" "meta-externalagent/1.1 (+https://developers.facebook.com/docs/sharing/webmasters/crawler)"
20.171.207.238 - - [21/Jul/2025:12:22:50 +0000] "GET /m/invad12789976.htm HTTP/1.1" 500 - "-" "Mozilla/5.0 AppleWebKit/537.36 (KHTML, like Gecko; compatible; GPTBot/1.2; +https://openai.com/gptbot)"
57.141.2.2 - - [21/Jul/2025:12:23:20 +0000] "GET /m/gym42233259.htm HTTP/1.1" 500 - "-" "meta-externalagent/1.1 (+https://developers.facebook.com/docs/sharing/webmasters/crawler)"
20.171.207.238 - - [21/Jul/2025:12:23:53 +0000] "GET /m/rebui11943656.htm HTTP/1.1" 500 - "-" "Mozilla/5.0 AppleWebKit/537.36 (KHTML, like Gecko; compatible; GPTBot/1.2; +https://openai.com/gptbot)"
57.141.2.1 - - [21/Jul/2025:12:24:27 +0000] "GET /m/menta30890634.htm HTTP/1.1" 500 - "-" "meta-externalagent/1.1 (+https://developers.facebook.com/docs/sharing/webmasters/crawler)"
20.171.207.238 - - [21/Jul/2025:12:24:55 +0000] "GET /m/effor81661055.htm HTTP/1.1" 500 - "-" "Mozilla/5.0 AppleWebKit/537.36 (KHTML, like Gecko; compatible; GPTBot/1.2; +https://openai.com/gptbot)"
66.249.65.204 - - [21/Jul/2025:12:24:58 +0000] "GET /sitemapn.xml HTTP/1.1" 200 13726 "-" "Mozilla/5.0 (compatible; Googlebot/2.1; +http://www.google.com/bot.html)"
57.141.2.30 - - [21/Jul/2025:12:25:36 +0000] "GET /m/singe40881587.htm HTTP/1.1" 500 - "-" "meta-externalagent/1.1 (+https://developers.facebook.com/docs/sharing/webmasters/crawler)"
20.171.207.238 - - [21/Jul/2025:12:25:57 +0000] "GET /m/ribbo52682468.htm HTTP/1.1" 500 - "-" "Mozilla/5.0 AppleWebKit/537.36 (KHTML, like Gecko; compatible; GPTBot/1.2; +https://openai.com/gptbot)"
57.141.2.7 - - [21/Jul/2025:12:26:32 +0000] "GET /m/immig71559206.htm HTTP/1.1" 500 - "-" "meta-externalagent/1.1 (+https://developers.facebook.com/docs/sharing/webmasters/crawler)"
20.171.207.238 - - [21/Jul/2025:12:27:01 +0000] "GET /m/virus41738243.htm HTTP/1.1" 500 - "-" "Mozilla/5.0 AppleWebKit/537.36 (KHTML, like Gecko; compatible; GPTBot/1.2; +https://openai.com/gptbot)"
57.141.2.23 - - [21/Jul/2025:12:27:46 +0000] "GET /m/essay60845733.htm HTTP/1.1" 500 - "-" "meta-externalagent/1.1 (+https://developers.facebook.com/docs/sharing/webmasters/crawler)"
20.171.207.238 - - [21/Jul/2025:12:28:06 +0000] "GET /m/needy30934234.htm HTTP/1.1" 500 - "-" "Mozilla/5.0 AppleWebKit/537.36 (KHTML, like Gecko; compatible; GPTBot/1.2; +https://openai.com/gptbot)"
57.141.2.12 - - [21/Jul/2025:12:28:54 +0000] "GET /m/naval11134480.htm HTTP/1.1" 500 - "-" "meta-externalagent/1.1 (+https://developers.facebook.com/docs/sharing/webmasters/crawler)"
20.171.207.238 - - [21/Jul/2025:12:29:10 +0000] "GET /m/guide82242295.htm HTTP/1.1" 500 - "-" "Mozilla/5.0 AppleWebKit/537.36 (KHTML, like Gecko; compatible; GPTBot/1.2; +https://openai.com/gptbot)"
85.208.96.206 - - [21/Jul/2025:12:29:42 +0000] "GET /coalition-for-the-homeless-statement-on-2020-annual-report/ HTTP/1.1" 500 - "-" "Mozilla/5.0 (compatible; SemrushBot/7~bl; +http://www.semrush.com/bot.html)"
20.171.207.238 - - [21/Jul/2025:12:30:13 +0000] "GET /m/harsh82349983.htm HTTP/1.1" 500 - "-" "Mozilla/5.0 AppleWebKit/537.36 (KHTML, like Gecko; compatible; GPTBot/1.2; +https://openai.com/gptbot)"
57.141.2.27 - - [21/Jul/2025:12:30:39 +0000] "GET /m/fun12832248.htm HTTP/1.1" 500 - "-" "meta-externalagent/1.1 (+https://developers.facebook.com/docs/sharing/webmasters/crawler)"
20.171.207.238 - - [21/Jul/2025:12:31:16 +0000] "GET /m/resta31680322.htm HTTP/1.1" 500 - "-" "Mozilla/5.0 AppleWebKit/537.36 (KHTML, like Gecko; compatible; GPTBot/1.2; +https://openai.com/gptbot)"
57.141.2.19 - - [21/Jul/2025:12:31:15 +0000] "GET /m/nerve51062860.htm HTTP/1.1" 500 - "-" "meta-externalagent/1.1 (+https://developers.facebook.com/docs/sharing/webmasters/crawler)"
20.171.207.238 - - [21/Jul/2025:12:32:16 +0000] "GET /m/centi32902538.htm HTTP/1.1" 500 - "-" "Mozilla/5.0 AppleWebKit/537.36 (KHTML, like Gecko; compatible; GPTBot/1.2; +https://openai.com/gptbot)"
57.141.2.3 - - [21/Jul/2025:12:32:21 +0000] "GET /m/pound41444979.htm HTTP/1.1" 500 - "-" "meta-externalagent/1.1 (+https://developers.facebook.com/docs/sharing/webmasters/crawler)"
20.171.207.238 - - [21/Jul/2025:12:33:17 +0000] "GET /m/penal80902023.htm HTTP/1.1" 500 - "-" "Mozilla/5.0 AppleWebKit/537.36 (KHTML, like Gecko; compatible; GPTBot/1.2; +https://openai.com/gptbot)"
57.141.2.27 - - [21/Jul/2025:12:33:25 +0000] "GET /m/flexi22366057.htm HTTP/1.1" 500 - "-" "meta-externalagent/1.1 (+https://developers.facebook.com/docs/sharing/webmasters/crawler)"
20.171.207.238 - - [21/Jul/2025:12:34:19 +0000] "GET /m/borin30357266.htm HTTP/1.1" 500 - "-" "Mozilla/5.0 AppleWebKit/537.36 (KHTML, like Gecko; compatible; GPTBot/1.2; +https://openai.com/gptbot)"
57.141.2.26 - - [21/Jul/2025:12:34:32 +0000] "GET /m/fun12832248.htm HTTP/1.1" 500 - "-" "meta-externalagent/1.1 (+https://developers.facebook.com/docs/sharing/webmasters/crawler)"
20.171.207.238 - - [21/Jul/2025:12:35:22 +0000] "GET /m/radiu71123038.htm HTTP/1.1" 500 - "-" "Mozilla/5.0 AppleWebKit/537.36 (KHTML, like Gecko; compatible; GPTBot/1.2; +https://openai.com/gptbot)"
57.141.2.11 - - [21/Jul/2025:12:35:39 +0000] "GET /m/other72496302.htm HTTP/1.1" 500 - "-" "meta-externalagent/1.1 (+https://developers.facebook.com/docs/sharing/webmasters/crawler)"
20.171.207.238 - - [21/Jul/2025:12:36:23 +0000] "GET /m/effor81661055.htm HTTP/1.1" 500 - "-" "Mozilla/5.0 AppleWebKit/537.36 (KHTML, like Gecko; compatible; GPTBot/1.2; +https://openai.com/gptbot)"
57.141.2.3 - - [21/Jul/2025:12:36:49 +0000] "GET /m/sweat11801280.htm HTTP/1.1" 500 - "-" "meta-externalagent/1.1 (+https://developers.facebook.com/docs/sharing/webmasters/crawler)"
20.171.207.238 - - [21/Jul/2025:12:37:26 +0000] "GET /m/cargo51511204.htm HTTP/1.1" 500 - "-" "Mozilla/5.0 AppleWebKit/537.36 (KHTML, like Gecko; compatible; GPTBot/1.2; +https://openai.com/gptbot)"
57.141.2.1 - - [21/Jul/2025:12:37:54 +0000] "GET /m/bundl22986497.htm HTTP/1.1" 500 - "-" "meta-externalagent/1.1 (+https://developers.facebook.com/docs/sharing/webmasters/crawler)"
20.171.207.238 - - [21/Jul/2025:12:38:31 +0000] "GET /m/cauti11058032.htm HTTP/1.1" 500 - "-" "Mozilla/5.0 AppleWebKit/537.36 (KHTML, like Gecko; compatible; GPTBot/1.2; +https://openai.com/gptbot)"
57.141.2.6 - - [21/Jul/2025:12:39:20 +0000] "GET /m/morta80343559.htm HTTP/1.1" 500 - "-" "meta-externalagent/1.1 (+https://developers.facebook.com/docs/sharing/webmasters/crawler)"
20.171.207.238 - - [21/Jul/2025:12:39:31 +0000] "GET /m/purse10836064.htm HTTP/1.1" 500 - "-" "Mozilla/5.0 AppleWebKit/537.36 (KHTML, like Gecko; compatible; GPTBot/1.2; +https://openai.com/gptbot)"
20.171.207.238 - - [21/Jul/2025:12:40:31 +0000] "GET /m/recom10486216.htm HTTP/1.1" 500 - "-" "Mozilla/5.0 AppleWebKit/537.36 (KHTML, like Gecko; compatible; GPTBot/1.2; +https://openai.com/gptbot)"
57.141.2.1 - - [21/Jul/2025:12:40:32 +0000] "GET / HTTP/1.1" 500 - "-" "meta-externalagent/1.1 (+https://developers.facebook.com/docs/sharing/webmasters/crawler)"
57.141.2.1 - - [21/Jul/2025:12:41:28 +0000] "GET /m/medit81890471.htm HTTP/1.1" 500 - "-" "meta-externalagent/1.1 (+https://developers.facebook.com/docs/sharing/webmasters/crawler)"
20.171.207.238 - - [21/Jul/2025:12:41:32 +0000] "GET /m/hydro41450891.htm HTTP/1.1" 500 - "-" "Mozilla/5.0 AppleWebKit/537.36 (KHTML, like Gecko; compatible; GPTBot/1.2; +https://openai.com/gptbot)"
20.171.207.238 - - [21/Jul/2025:12:42:34 +0000] "GET /m/socia11980896.htm HTTP/1.1" 500 - "-" "Mozilla/5.0 AppleWebKit/537.36 (KHTML, like Gecko; compatible; GPTBot/1.2; +https://openai.com/gptbot)"
57.141.2.1 - - [21/Jul/2025:12:42:38 +0000] "GET /m/solar81726647.htm HTTP/1.1" 500 - "-" "meta-externalagent/1.1 (+https://developers.facebook.com/docs/sharing/webmasters/crawler)"
20.171.207.238 - - [21/Jul/2025:12:43:36 +0000] "GET /m/glimp40463163.htm HTTP/1.1" 500 - "-" "Mozilla/5.0 AppleWebKit/537.36 (KHTML, like Gecko; compatible; GPTBot/1.2; +https://openai.com/gptbot)"
57.141.2.24 - - [21/Jul/2025:12:43:35 +0000] "GET /m/gaze81302871.htm HTTP/1.1" 500 - "-" "meta-externalagent/1.1 (+https://developers.facebook.com/docs/sharing/webmasters/crawler)"
20.171.207.238 - - [21/Jul/2025:12:44:37 +0000] "GET /m/magic22184857.htm HTTP/1.1" 500 - "-" "Mozilla/5.0 AppleWebKit/537.36 (KHTML, like Gecko; compatible; GPTBot/1.2; +https://openai.com/gptbot)"
57.141.2.1 - - [21/Jul/2025:12:44:39 +0000] "GET /m/banne81670591.htm HTTP/1.1" 500 - "-" "meta-externalagent/1.1 (+https://developers.facebook.com/docs/sharing/webmasters/crawler)"
20.171.207.238 - - [21/Jul/2025:12:45:43 +0000] "GET /m/borin30357266.htm HTTP/1.1" 500 - "-" "Mozilla/5.0 AppleWebKit/537.36 (KHTML, like Gecko; compatible; GPTBot/1.2; +https://openai.com/gptbot)"
57.141.2.30 - - [21/Jul/2025:12:45:45 +0000] "GET /m/lifes60521413.htm HTTP/1.1" 500 - "-" "meta-externalagent/1.1 (+https://developers.facebook.com/docs/sharing/webmasters/crawler)"
20.171.207.238 - - [21/Jul/2025:12:46:45 +0000] "GET /m/money62552997.htm HTTP/1.1" 500 - "-" "Mozilla/5.0 AppleWebKit/537.36 (KHTML, like Gecko; compatible; GPTBot/1.2; +https://openai.com/gptbot)"
57.141.2.25 - - [21/Jul/2025:12:46:54 +0000] "GET /m/thin12245208.htm HTTP/1.1" 500 - "-" "meta-externalagent/1.1 (+https://developers.facebook.com/docs/sharing/webmasters/crawler)"
20.171.207.238 - - [21/Jul/2025:12:47:47 +0000] "GET /m/fligh30585322.htm HTTP/1.1" 500 - "-" "Mozilla/5.0 AppleWebKit/537.36 (KHTML, like Gecko; compatible; GPTBot/1.2; +https://openai.com/gptbot)"
57.141.2.5 - - [21/Jul/2025:12:48:02 +0000] "GET /m/why32965010.htm HTTP/1.1" 500 - "-" "meta-externalagent/1.1 (+https://developers.facebook.com/docs/sharing/webmasters/crawler)"
20.171.207.238 - - [21/Jul/2025:12:48:51 +0000] "GET /m/afrai81672607.htm HTTP/1.1" 500 - "-" "Mozilla/5.0 AppleWebKit/537.36 (KHTML, like Gecko; compatible; GPTBot/1.2; +https://openai.com/gptbot)"
57.141.2.15 - - [21/Jul/2025:12:49:21 +0000] "GET /m/their61260061.htm HTTP/1.1" 500 - "-" "meta-externalagent/1.1 (+https://developers.facebook.com/docs/sharing/webmasters/crawler)"
20.171.207.238 - - [21/Jul/2025:12:49:53 +0000] "GET /m/porte81506151.htm HTTP/1.1" 500 - "-" "Mozilla/5.0 AppleWebKit/537.36 (KHTML, like Gecko; compatible; GPTBot/1.2; +https://openai.com/gptbot)"
66.249.65.192 - - [21/Jul/2025:12:50:15 +0000] "GET /sitemapa.xml HTTP/1.1" 200 15564 "-" "Mozilla/5.0 (compatible; Googlebot/2.1; +http://www.google.com/bot.html)"
57.141.2.29 - - [21/Jul/2025:12:50:24 +0000] "GET /m/tensi42198195.htm HTTP/1.1" 500 - "-" "meta-externalagent/1.1 (+https://developers.facebook.com/docs/sharing/webmasters/crawler)"
20.171.207.238 - - [21/Jul/2025:12:50:59 +0000] "GET /m/needy31658234.htm HTTP/1.1" 500 - "-" "Mozilla/5.0 AppleWebKit/537.36 (KHTML, like Gecko; compatible; GPTBot/1.2; +https://openai.com/gptbot)"
57.141.2.14 - - [21/Jul/2025:12:51:24 +0000] "GET /m/unhap22621345.htm HTTP/1.1" 500 - "-" "meta-externalagent/1.1 (+https://developers.facebook.com/docs/sharing/webmasters/crawler)"
20.171.207.238 - - [21/Jul/2025:12:51:59 +0000] "GET /m/misun40773939.htm HTTP/1.1" 500 - "-" "Mozilla/5.0 AppleWebKit/537.36 (KHTML, like Gecko; compatible; GPTBot/1.2; +https://openai.com/gptbot)"
57.141.2.2 - - [21/Jul/2025:12:52:41 +0000] "GET /m/gover10021088.htm HTTP/1.1" 500 - "-" "meta-externalagent/1.1 (+https://developers.facebook.com/docs/sharing/webmasters/crawler)"
20.171.207.238 - - [21/Jul/2025:12:53:01 +0000] "GET /m/marke50508724.htm HTTP/1.1" 500 - "-" "Mozilla/5.0 AppleWebKit/537.36 (KHTML, like Gecko; compatible; GPTBot/1.2; +https://openai.com/gptbot)"
57.141.2.12 - - [21/Jul/2025:12:53:54 +0000] "GET /m/sixte62028933.htm HTTP/1.1" 500 - "-" "meta-externalagent/1.1 (+https://developers.facebook.com/docs/sharing/webmasters/crawler)"
20.171.207.238 - - [21/Jul/2025:12:54:02 +0000] "GET /m/condi72097006.htm HTTP/1.1" 500 - "-" "Mozilla/5.0 AppleWebKit/537.36 (KHTML, like Gecko; compatible; GPTBot/1.2; +https://openai.com/gptbot)"
57.141.2.26 - - [21/Jul/2025:12:54:51 +0000] "GET /m/left61528469.htm HTTP/1.1" 500 - "-" "meta-externalagent/1.1 (+https://developers.facebook.com/docs/sharing/webmasters/crawler)"
20.171.207.238 - - [21/Jul/2025:12:55:06 +0000] "GET /m/paste30042530.htm HTTP/1.1" 500 - "-" "Mozilla/5.0 AppleWebKit/537.36 (KHTML, like Gecko; compatible; GPTBot/1.2; +https://openai.com/gptbot)"
57.141.2.30 - - [21/Jul/2025:12:56:00 +0000] "GET /m/yell10723912.htm HTTP/1.1" 500 - "-" "meta-externalagent/1.1 (+https://developers.facebook.com/docs/sharing/webmasters/crawler)"
20.171.207.238 - - [21/Jul/2025:12:56:10 +0000] "GET /m/sweet42932211.htm HTTP/1.1" 500 - "-" "Mozilla/5.0 AppleWebKit/537.36 (KHTML, like Gecko; compatible; GPTBot/1.2; +https://openai.com/gptbot)"
57.141.2.14 - - [21/Jul/2025:12:57:01 +0000] "GET /m/hey80281415.htm HTTP/1.1" 500 - "-" "meta-externalagent/1.1 (+https://developers.facebook.com/docs/sharing/webmasters/crawler)"
20.171.207.238 - - [21/Jul/2025:12:57:14 +0000] "GET /m/immob10945992.htm HTTP/1.1" 500 - "-" "Mozilla/5.0 AppleWebKit/537.36 (KHTML, like Gecko; compatible; GPTBot/1.2; +https://openai.com/gptbot)"
20.171.207.238 - - [21/Jul/2025:12:58:18 +0000] "GET /m/alrig80893343.htm HTTP/1.1" 500 - "-" "Mozilla/5.0 AppleWebKit/537.36 (KHTML, like Gecko; compatible; GPTBot/1.2; +https://openai.com/gptbot)"
57.141.2.12 - - [21/Jul/2025:12:59:02 +0000] "GET /m/withd31859378.htm HTTP/1.1" 500 - "-" "meta-externalagent/1.1 (+https://developers.facebook.com/docs/sharing/webmasters/crawler)"
57.141.2.23 - - [21/Jul/2025:12:59:17 +0000] "GET /m/refin21654337.htm HTTP/1.1" 500 - "-" "meta-externalagent/1.1 (+https://developers.facebook.com/docs/sharing/webmasters/crawler)"
20.171.207.238 - - [21/Jul/2025:12:59:20 +0000] "GET /m/water72072558.htm HTTP/1.1" 500 - "-" "Mozilla/5.0 AppleWebKit/537.36 (KHTML, like Gecko; compatible; GPTBot/1.2; +https://openai.com/gptbot)"
20.171.207.238 - - [21/Jul/2025:13:00:20 +0000] "GET /m/porte81506151.htm HTTP/1.1" 500 - "-" "Mozilla/5.0 AppleWebKit/537.36 (KHTML, like Gecko; compatible; GPTBot/1.2; +https://openai.com/gptbot)"
57.141.2.20 - - [21/Jul/2025:13:00:33 +0000] "GET /m/furl80859975.htm HTTP/1.1" 500 - "-" "meta-externalagent/1.1 (+https://developers.facebook.com/docs/sharing/webmasters/crawler)"
20.171.207.238 - - [21/Jul/2025:13:01:23 +0000] "GET /m/villa60633277.htm HTTP/1.1" 500 - "-" "Mozilla/5.0 AppleWebKit/537.36 (KHTML, like Gecko; compatible; GPTBot/1.2; +https://openai.com/gptbot)"
57.141.2.6 - - [21/Jul/2025:13:01:42 +0000] "GET /m/rainy12752384.htm HTTP/1.1" 500 - "-" "meta-externalagent/1.1 (+https://developers.facebook.com/docs/sharing/webmasters/crawler)"
20.171.207.238 - - [21/Jul/2025:13:02:25 +0000] "GET /m/eleva32977530.htm HTTP/1.1" 500 - "-" "Mozilla/5.0 AppleWebKit/537.36 (KHTML, like Gecko; compatible; GPTBot/1.2; +https://openai.com/gptbot)"
57.141.2.20 - - [21/Jul/2025:13:02:48 +0000] "GET /m/mediu70841334.htm HTTP/1.1" 500 - "-" "meta-externalagent/1.1 (+https://developers.facebook.com/docs/sharing/webmasters/crawler)"
20.171.207.238 - - [21/Jul/2025:13:03:31 +0000] "GET /m/theat31477506.htm HTTP/1.1" 500 - "-" "Mozilla/5.0 AppleWebKit/537.36 (KHTML, like Gecko; compatible; GPTBot/1.2; +https://openai.com/gptbot)"
57.141.2.25 - - [21/Jul/2025:13:03:55 +0000] "GET /m/vineg61074965.htm HTTP/1.1" 500 - "-" "meta-externalagent/1.1 (+https://developers.facebook.com/docs/sharing/webmasters/crawler)"
20.171.207.238 - - [21/Jul/2025:13:04:32 +0000] "GET /m/unple51017476.htm HTTP/1.1" 500 - "-" "Mozilla/5.0 AppleWebKit/537.36 (KHTML, like Gecko; compatible; GPTBot/1.2; +https://openai.com/gptbot)"
57.141.2.8 - - [21/Jul/2025:13:05:04 +0000] "GET /m/helic71713622.htm HTTP/1.1" 500 - "-" "meta-externalagent/1.1 (+https://developers.facebook.com/docs/sharing/webmasters/crawler)"
20.171.207.238 - - [21/Jul/2025:13:05:34 +0000] "GET /m/condi72097006.htm HTTP/1.1" 500 - "-" "Mozilla/5.0 AppleWebKit/537.36 (KHTML, like Gecko; compatible; GPTBot/1.2; +https://openai.com/gptbot)"
57.141.2.16 - - [21/Jul/2025:13:06:15 +0000] "GET /m/wax22942537.htm HTTP/1.1" 500 - "-" "meta-externalagent/1.1 (+https://developers.facebook.com/docs/sharing/webmasters/crawler)"
20.171.207.238 - - [21/Jul/2025:13:06:38 +0000] "GET /m/recog20910577.htm HTTP/1.1" 500 - "-" "Mozilla/5.0 AppleWebKit/537.36 (KHTML, like Gecko; compatible; GPTBot/1.2; +https://openai.com/gptbot)"
57.141.2.23 - - [21/Jul/2025:13:07:25 +0000] "GET /m/dock61862805.htm HTTP/1.1" 500 - "-" "meta-externalagent/1.1 (+https://developers.facebook.com/docs/sharing/webmasters/crawler)"
20.171.207.238 - - [21/Jul/2025:13:07:41 +0000] "GET /m/paste30042530.htm HTTP/1.1" 500 - "-" "Mozilla/5.0 AppleWebKit/537.36 (KHTML, like Gecko; compatible; GPTBot/1.2; +https://openai.com/gptbot)"
57.141.2.15 - - [21/Jul/2025:13:08:39 +0000] "GET /m/punch21147281.htm HTTP/1.1" 500 - "-" "meta-externalagent/1.1 (+https://developers.facebook.com/docs/sharing/webmasters/crawler)"
20.171.207.238 - - [21/Jul/2025:13:08:43 +0000] "GET /m/trade12324944.htm HTTP/1.1" 500 - "-" "Mozilla/5.0 AppleWebKit/537.36 (KHTML, like Gecko; compatible; GPTBot/1.2; +https://openai.com/gptbot)"
57.141.2.26 - - [21/Jul/2025:13:09:42 +0000] "GET /m/vesse30971266.htm HTTP/1.1" 500 - "-" "meta-externalagent/1.1 (+https://developers.facebook.com/docs/sharing/webmasters/crawler)"
20.171.207.238 - - [21/Jul/2025:13:09:48 +0000] "GET /m/inval82009975.htm HTTP/1.1" 500 - "-" "Mozilla/5.0 AppleWebKit/537.36 (KHTML, like Gecko; compatible; GPTBot/1.2; +https://openai.com/gptbot)"
20.171.207.238 - - [21/Jul/2025:13:10:50 +0000] "GET /m/champ40893347.htm HTTP/1.1" 500 - "-" "Mozilla/5.0 AppleWebKit/537.36 (KHTML, like Gecko; compatible; GPTBot/1.2; +https://openai.com/gptbot)"
57.141.2.24 - - [21/Jul/2025:13:11:04 +0000] "GET /m/dip61383197.htm HTTP/1.1" 500 - "-" "meta-externalagent/1.1 (+https://developers.facebook.com/docs/sharing/webmasters/crawler)"
57.141.2.23 - - [21/Jul/2025:13:11:06 +0000] "GET /m/categ80031815.htm HTTP/1.1" 500 - "-" "meta-externalagent/1.1 (+https://developers.facebook.com/docs/sharing/webmasters/crawler)"
57.141.2.4 - - [21/Jul/2025:13:11:07 +0000] "GET /m/newsp72776486.htm HTTP/1.1" 500 - "-" "meta-externalagent/1.1 (+https://developers.facebook.com/docs/sharing/webmasters/crawler)"
57.141.2.26 - - [21/Jul/2025:13:11:08 +0000] "GET /m/dip61383197.htm HTTP/1.1" 500 - "-" "meta-externalagent/1.1 (+https://developers.facebook.com/docs/sharing/webmasters/crawler)"
57.141.2.30 - - [21/Jul/2025:13:11:11 +0000] "GET /m/talen62513605.htm HTTP/1.1" 500 - "-" "meta-externalagent/1.1 (+https://developers.facebook.com/docs/sharing/webmasters/crawler)"
57.141.2.5 - - [21/Jul/2025:13:11:16 +0000] "GET /m/endur10890200.htm HTTP/1.1" 500 - "-" "meta-externalagent/1.1 (+https://developers.facebook.com/docs/sharing/webmasters/crawler)"
57.141.2.4 - - [21/Jul/2025:13:11:21 +0000] "GET /m/donke21770905.htm HTTP/1.1" 500 - "-" "meta-externalagent/1.1 (+https://developers.facebook.com/docs/sharing/webmasters/crawler)"
57.141.2.13 - - [21/Jul/2025:13:11:23 +0000] "GET /m/cow80396119.htm HTTP/1.1" 500 - "-" "meta-externalagent/1.1 (+https://developers.facebook.com/docs/sharing/webmasters/crawler)"
57.141.2.7 - - [21/Jul/2025:13:11:24 +0000] "GET /m/liquo50583596.htm HTTP/1.1" 500 - "-" "meta-externalagent/1.1 (+https://developers.facebook.com/docs/sharing/webmasters/crawler)"
57.141.2.19 - - [21/Jul/2025:13:11:25 +0000] "GET /m/budge30874026.htm HTTP/1.1" 500 - "-" "meta-externalagent/1.1 (+https://developers.facebook.com/docs/sharing/webmasters/crawler)"
57.141.2.25 - - [21/Jul/2025:13:11:29 +0000] "GET /m/natur51528148.htm HTTP/1.1" 500 - "-" "meta-externalagent/1.1 (+https://developers.facebook.com/docs/sharing/webmasters/crawler)"
57.141.2.5 - - [21/Jul/2025:13:11:29 +0000] "GET /m/giant12655392.htm HTTP/1.1" 500 - "-" "meta-externalagent/1.1 (+https://developers.facebook.com/docs/sharing/webmasters/crawler)"
57.141.2.3 - - [21/Jul/2025:13:11:35 +0000] "GET /m/multi51402724.htm HTTP/1.1" 500 - "-" "meta-externalagent/1.1 (+https://developers.facebook.com/docs/sharing/webmasters/crawler)"
57.141.2.27 - - [21/Jul/2025:13:11:39 +0000] "GET /m/veloc61475637.htm HTTP/1.1" 500 - "-" "meta-externalagent/1.1 (+https://developers.facebook.com/docs/sharing/webmasters/crawler)"
57.141.2.26 - - [21/Jul/2025:13:11:40 +0000] "GET /m/norma41349219.htm HTTP/1.1" 500 - "-" "meta-externalagent/1.1 (+https://developers.facebook.com/docs/sharing/webmasters/crawler)"
57.141.2.8 - - [21/Jul/2025:13:11:48 +0000] "GET /m/subur31399714.htm HTTP/1.1" 500 - "-" "meta-externalagent/1.1 (+https://developers.facebook.com/docs/sharing/webmasters/crawler)"
57.141.2.24 - - [21/Jul/2025:13:11:49 +0000] "GET /m/yogur30717778.htm HTTP/1.1" 500 - "-" "meta-externalagent/1.1 (+https://developers.facebook.com/docs/sharing/webmasters/crawler)"
57.141.2.5 - - [21/Jul/2025:13:11:50 +0000] "GET /m/immob10421992.htm HTTP/1.1" 500 - "-" "meta-externalagent/1.1 (+https://developers.facebook.com/docs/sharing/webmasters/crawler)"
57.141.2.1 - - [21/Jul/2025:13:11:50 +0000] "GET /m/swear12934528.htm HTTP/1.1" 500 - "-" "meta-externalagent/1.1 (+https://developers.facebook.com/docs/sharing/webmasters/crawler)"
57.141.2.24 - - [21/Jul/2025:13:11:52 +0000] "GET /m/water70076558.htm HTTP/1.1" 500 - "-" "meta-externalagent/1.1 (+https://developers.facebook.com/docs/sharing/webmasters/crawler)"
57.141.2.7 - - [21/Jul/2025:13:11:54 +0000] "GET /m/brute82602951.htm HTTP/1.1" 500 - "-" "meta-externalagent/1.1 (+https://developers.facebook.com/docs/sharing/webmasters/crawler)"
57.141.2.1 - - [21/Jul/2025:13:11:54 +0000] "GET /m/shine71889678.htm HTTP/1.1" 500 - "-" "meta-externalagent/1.1 (+https://developers.facebook.com/docs/sharing/webmasters/crawler)"
20.171.207.238 - - [21/Jul/2025:13:11:56 +0000] "GET /m/mista60765581.htm HTTP/1.1" 500 - "-" "Mozilla/5.0 AppleWebKit/537.36 (KHTML, like Gecko; compatible; GPTBot/1.2; +https://openai.com/gptbot)"
57.141.2.22 - - [21/Jul/2025:13:11:57 +0000] "GET /m/decor40258411.htm HTTP/1.1" 500 - "-" "meta-externalagent/1.1 (+https://developers.facebook.com/docs/sharing/webmasters/crawler)"
57.141.2.14 - - [21/Jul/2025:13:11:59 +0000] "GET /m/onlin10397504.htm HTTP/1.1" 500 - "-" "meta-externalagent/1.1 (+https://developers.facebook.com/docs/sharing/webmasters/crawler)"
57.141.2.12 - - [21/Jul/2025:13:12:05 +0000] "GET /m/radar52879380.htm HTTP/1.1" 500 - "-" "meta-externalagent/1.1 (+https://developers.facebook.com/docs/sharing/webmasters/crawler)"
57.141.2.29 - - [21/Jul/2025:13:12:07 +0000] "GET /m/trade11448944.htm HTTP/1.1" 500 - "-" "meta-externalagent/1.1 (+https://developers.facebook.com/docs/sharing/webmasters/crawler)"
57.141.2.1 - - [21/Jul/2025:13:12:08 +0000] "GET /m/cycle82055423.htm HTTP/1.1" 500 - "-" "meta-externalagent/1.1 (+https://developers.facebook.com/docs/sharing/webmasters/crawler)"
57.141.2.4 - - [21/Jul/2025:13:12:08 +0000] "GET /m/hurry80413231.htm HTTP/1.1" 500 - "-" "meta-externalagent/1.1 (+https://developers.facebook.com/docs/sharing/webmasters/crawler)"
57.141.2.8 - - [21/Jul/2025:13:12:11 +0000] "GET /m/wind12340296.htm HTTP/1.1" 500 - "-" "meta-externalagent/1.1 (+https://developers.facebook.com/docs/sharing/webmasters/crawler)"
57.141.2.25 - - [21/Jul/2025:13:12:20 +0000] "GET /m/solel52377924.htm HTTP/1.1" 500 - "-" "meta-externalagent/1.1 (+https://developers.facebook.com/docs/sharing/webmasters/crawler)"
57.141.2.29 - - [21/Jul/2025:13:12:27 +0000] "GET /m/cheap20036441.htm HTTP/1.1" 500 - "-" "meta-externalagent/1.1 (+https://developers.facebook.com/docs/sharing/webmasters/crawler)"
57.141.2.20 - - [21/Jul/2025:13:12:36 +0000] "GET /m/tube30435498.htm HTTP/1.1" 500 - "-" "meta-externalagent/1.1 (+https://developers.facebook.com/docs/sharing/webmasters/crawler)"
57.141.2.1 - - [21/Jul/2025:13:12:37 +0000] "GET /m/issue51657884.htm HTTP/1.1" 500 - "-" "meta-externalagent/1.1 (+https://developers.facebook.com/docs/sharing/webmasters/crawler)"
57.141.2.1 - - [21/Jul/2025:13:12:54 +0000] "GET /m/mock11555864.htm HTTP/1.1" 500 - "-" "meta-externalagent/1.1 (+https://developers.facebook.com/docs/sharing/webmasters/crawler)"
20.171.207.238 - - [21/Jul/2025:13:13:01 +0000] "GET /m/kneel30371058.htm HTTP/1.1" 500 - "-" "Mozilla/5.0 AppleWebKit/537.36 (KHTML, like Gecko; compatible; GPTBot/1.2; +https://openai.com/gptbot)"
57.141.2.13 - - [21/Jul/2025:13:13:03 +0000] "GET /m/wrap80806743.htm HTTP/1.1" 500 - "-" "meta-externalagent/1.1 (+https://developers.facebook.com/docs/sharing/webmasters/crawler)"
57.141.2.25 - - [21/Jul/2025:13:13:15 +0000] "GET /m/distu12032312.htm HTTP/1.1" 500 - "-" "meta-externalagent/1.1 (+https://developers.facebook.com/docs/sharing/webmasters/crawler)"
57.141.2.27 - - [21/Jul/2025:13:13:35 +0000] "GET /m/movie61608485.htm HTTP/1.1" 500 - "-" "meta-externalagent/1.1 (+https://developers.facebook.com/docs/sharing/webmasters/crawler)"
57.141.2.23 - - [21/Jul/2025:13:13:44 +0000] "GET /m/futur42884371.htm HTTP/1.1" 500 - "-" "meta-externalagent/1.1 (+https://developers.facebook.com/docs/sharing/webmasters/crawler)"
85.208.96.202 - - [21/Jul/2025:13:13:50 +0000] "GET /court-defeat-for-trump-is-a-win-for-the-arctic-court-defeat-for-trump-is-a-win-for-the-arctic/ HTTP/1.1" 500 - "-" "Mozilla/5.0 (compatible; SemrushBot/7~bl; +http://www.semrush.com/bot.html)"
20.171.207.238 - - [21/Jul/2025:13:14:06 +0000] "GET /m/kanga60961557.htm HTTP/1.1" 500 - "-" "Mozilla/5.0 AppleWebKit/537.36 (KHTML, like Gecko; compatible; GPTBot/1.2; +https://openai.com/gptbot)"
57.141.2.30 - - [21/Jul/2025:13:14:14 +0000] "GET /m/distu12916312.htm HTTP/1.1" 500 - "-" "meta-externalagent/1.1 (+https://developers.facebook.com/docs/sharing/webmasters/crawler)"
57.141.2.10 - - [21/Jul/2025:13:14:23 +0000] "GET /m/basis32007570.htm HTTP/1.1" 500 - "-" "meta-externalagent/1.1 (+https://developers.facebook.com/docs/sharing/webmasters/crawler)"
57.141.2.10 - - [21/Jul/2025:13:14:26 +0000] "GET /m/peel20601353.htm HTTP/1.1" 500 - "-" "meta-externalagent/1.1 (+https://developers.facebook.com/docs/sharing/webmasters/crawler)"
57.141.2.2 - - [21/Jul/2025:13:14:41 +0000] "GET /m/refue52390436.htm HTTP/1.1" 500 - "-" "meta-externalagent/1.1 (+https://developers.facebook.com/docs/sharing/webmasters/crawler)"
57.141.2.30 - - [21/Jul/2025:13:14:47 +0000] "GET /m/conne32992210.htm HTTP/1.1" 500 - "-" "meta-externalagent/1.1 (+https://developers.facebook.com/docs/sharing/webmasters/crawler)"
20.171.207.238 - - [21/Jul/2025:13:15:07 +0000] "GET /m/radar52335380.htm HTTP/1.1" 500 - "-" "Mozilla/5.0 AppleWebKit/537.36 (KHTML, like Gecko; compatible; GPTBot/1.2; +https://openai.com/gptbot)"
57.141.2.8 - - [21/Jul/2025:13:15:22 +0000] "GET /m/fuss40118387.htm HTTP/1.1" 500 - "-" "meta-externalagent/1.1 (+https://developers.facebook.com/docs/sharing/webmasters/crawler)"
57.141.2.2 - - [21/Jul/2025:13:15:27 +0000] "GET /m/pity51836764.htm HTTP/1.1" 500 - "-" "meta-externalagent/1.1 (+https://developers.facebook.com/docs/sharing/webmasters/crawler)"
57.141.2.3 - - [21/Jul/2025:13:15:47 +0000] "GET /m/hence21075017.htm HTTP/1.1" 500 - "-" "meta-externalagent/1.1 (+https://developers.facebook.com/docs/sharing/webmasters/crawler)"
57.141.2.21 - - [21/Jul/2025:13:15:53 +0000] "GET /m/harmo81878367.htm HTTP/1.1" 500 - "-" "meta-externalagent/1.1 (+https://developers.facebook.com/docs/sharing/webmasters/crawler)"
20.171.207.238 - - [21/Jul/2025:13:16:08 +0000] "GET /m/servi52985148.htm HTTP/1.1" 500 - "-" "Mozilla/5.0 AppleWebKit/537.36 (KHTML, like Gecko; compatible; GPTBot/1.2; +https://openai.com/gptbot)"
57.141.2.20 - - [21/Jul/2025:13:16:45 +0000] "GET /m/mire62871861.htm HTTP/1.1" 500 - "-" "meta-externalagent/1.1 (+https://developers.facebook.com/docs/sharing/webmasters/crawler)"
57.141.2.21 - - [21/Jul/2025:13:16:52 +0000] "GET /m/gravi61351221.htm HTTP/1.1" 500 - "-" "meta-externalagent/1.1 (+https://developers.facebook.com/docs/sharing/webmasters/crawler)"
20.171.207.238 - - [21/Jul/2025:13:17:13 +0000] "GET /m/heavy32480330.htm HTTP/1.1" 500 - "-" "Mozilla/5.0 AppleWebKit/537.36 (KHTML, like Gecko; compatible; GPTBot/1.2; +https://openai.com/gptbot)"
57.141.2.2 - - [21/Jul/2025:13:17:49 +0000] "GET /m/lake42064171.htm HTTP/1.1" 500 - "-" "meta-externalagent/1.1 (+https://developers.facebook.com/docs/sharing/webmasters/crawler)"
20.171.207.238 - - [21/Jul/2025:13:18:17 +0000] "GET /m/feder72402950.htm HTTP/1.1" 500 - "-" "Mozilla/5.0 AppleWebKit/537.36 (KHTML, like Gecko; compatible; GPTBot/1.2; +https://openai.com/gptbot)"
57.141.2.19 - - [21/Jul/2025:13:19:04 +0000] "GET /m/acros42385179.htm HTTP/1.1" 500 - "-" "meta-externalagent/1.1 (+https://developers.facebook.com/docs/sharing/webmasters/crawler)"
20.171.207.238 - - [21/Jul/2025:13:19:20 +0000] "GET /m/penal82582023.htm HTTP/1.1" 500 - "-" "Mozilla/5.0 AppleWebKit/537.36 (KHTML, like Gecko; compatible; GPTBot/1.2; +https://openai.com/gptbot)"
57.141.2.13 - - [21/Jul/2025:13:20:20 +0000] "GET /m/skill52636852.htm HTTP/1.1" 500 - "-" "meta-externalagent/1.1 (+https://developers.facebook.com/docs/sharing/webmasters/crawler)"
20.171.207.238 - - [21/Jul/2025:13:20:25 +0000] "GET /m/inval82009975.htm HTTP/1.1" 500 - "-" "Mozilla/5.0 AppleWebKit/537.36 (KHTML, like Gecko; compatible; GPTBot/1.2; +https://openai.com/gptbot)"
57.141.2.13 - - [21/Jul/2025:13:21:23 +0000] "GET /m/fish11645008.htm HTTP/1.1" 500 - "-" "meta-externalagent/1.1 (+https://developers.facebook.com/docs/sharing/webmasters/crawler)"
20.171.207.238 - - [21/Jul/2025:13:21:26 +0000] "GET /m/again12268488.htm HTTP/1.1" 500 - "-" "Mozilla/5.0 AppleWebKit/537.36 (KHTML, like Gecko; compatible; GPTBot/1.2; +https://openai.com/gptbot)"
57.141.2.8 - - [21/Jul/2025:13:22:27 +0000] "GET /m/yello50045004.htm HTTP/1.1" 500 - "-" "meta-externalagent/1.1 (+https://developers.facebook.com/docs/sharing/webmasters/crawler)"
20.171.207.238 - - [21/Jul/2025:13:22:28 +0000] "GET /m/elast22346529.htm HTTP/1.1" 500 - "-" "Mozilla/5.0 AppleWebKit/537.36 (KHTML, like Gecko; compatible; GPTBot/1.2; +https://openai.com/gptbot)"
57.141.2.4 - - [21/Jul/2025:13:23:27 +0000] "GET /m/power62735141.htm HTTP/1.1" 500 - "-" "meta-externalagent/1.1 (+https://developers.facebook.com/docs/sharing/webmasters/crawler)"
20.171.207.238 - - [21/Jul/2025:13:23:29 +0000] "GET /m/waste72680814.htm HTTP/1.1" 500 - "-" "Mozilla/5.0 AppleWebKit/537.36 (KHTML, like Gecko; compatible; GPTBot/1.2; +https://openai.com/gptbot)"
20.171.207.238 - - [21/Jul/2025:13:24:33 +0000] "GET /m/kneel30371058.htm HTTP/1.1" 503 428 "-" "Mozilla/5.0 AppleWebKit/537.36 (KHTML, like Gecko; compatible; GPTBot/1.2; +https://openai.com/gptbot)"
57.141.2.16 - - [21/Jul/2025:13:24:54 +0000] "GET /m/scrip12963744.htm HTTP/1.1" 500 - "-" "meta-externalagent/1.1 (+https://developers.facebook.com/docs/sharing/webmasters/crawler)"
66.249.65.204 - - [21/Jul/2025:13:42:54 +0000] "GET /sitemap.xml HTTP/1.1" 200 209 "-" "Mozilla/5.0 (compatible; Googlebot/2.1; +http://www.google.com/bot.html)"
85.208.96.193 - - [21/Jul/2025:13:45:40 +0000] "GET /donation-confirmation/ HTTP/1.1" 500 - "-" "Mozilla/5.0 (compatible; SemrushBot/7~bl; +http://www.semrush.com/bot.html)"
57.141.2.8 - - [21/Jul/2025:13:50:23 +0000] "GET /m/pop32789386.htm HTTP/1.1" 500 - "-" "meta-externalagent/1.1 (+https://developers.facebook.com/docs/sharing/webmasters/crawler)"
57.141.2.19 - - [21/Jul/2025:13:51:29 +0000] "GET /m/nest70790486.htm HTTP/1.1" 500 - "-" "meta-externalagent/1.1 (+https://developers.facebook.com/docs/sharing/webmasters/crawler)"
57.141.2.9 - - [21/Jul/2025:13:52:53 +0000] "GET /m/stage21633449.htm HTTP/1.1" 500 - "-" "meta-externalagent/1.1 (+https://developers.facebook.com/docs/sharing/webmasters/crawler)"
57.141.2.29 - - [21/Jul/2025:13:53:41 +0000] "GET /m/optic42583499.htm HTTP/1.1" 500 - "-" "meta-externalagent/1.1 (+https://developers.facebook.com/docs/sharing/webmasters/crawler)"
57.141.2.21 - - [21/Jul/2025:13:55:03 +0000] "GET /m/nod60725069.htm HTTP/1.1" 500 - "-" "meta-externalagent/1.1 (+https://developers.facebook.com/docs/sharing/webmasters/crawler)"
57.141.2.20 - - [21/Jul/2025:13:55:55 +0000] "GET /m/resor60683477.htm HTTP/1.1" 500 - "-" "meta-externalagent/1.1 (+https://developers.facebook.com/docs/sharing/webmasters/crawler)"
66.249.65.203 - - [21/Jul/2025:13:56:10 +0000] "GET /m/kitch20920177.htm HTTP/1.1" 200 40561 "-" "Mozilla/5.0 (Linux; Android 6.0.1; Nexus 5X Build/MMB29P) AppleWebKit/537.36 (KHTML, like Gecko) Chrome/137.0.7151.103 Mobile Safari/537.36 (compatible; GoogleOther)"
66.249.65.203 - - [21/Jul/2025:13:56:16 +0000] "POST /get-message-notify HTTP/1.1" 200 41192 "https://www.jrncommunityhousing.charity/m/kitch20920177.htm" "Mozilla/5.0 (Linux; Android 6.0.1; Nexus 5X Build/MMB29P) AppleWebKit/537.36 (KHTML, like Gecko) Chrome/137.0.7151.119 Mobile Safari/537.36 (compatible; Googlebot/2.1; +http://www.google.com/bot.html)"
57.141.2.11 - - [21/Jul/2025:13:57:07 +0000] "GET /m/shit81555999.htm HTTP/1.1" 500 - "-" "meta-externalagent/1.1 (+https://developers.facebook.com/docs/sharing/webmasters/crawler)"
57.141.2.26 - - [21/Jul/2025:13:58:13 +0000] "GET /m/palac21417201.htm HTTP/1.1" 500 - "-" "meta-externalagent/1.1 (+https://developers.facebook.com/docs/sharing/webmasters/crawler)"
57.141.2.17 - - [21/Jul/2025:13:59:19 +0000] "GET /m/colum31617882.htm HTTP/1.1" 500 - "-" "meta-externalagent/1.1 (+https://developers.facebook.com/docs/sharing/webmasters/crawler)"
57.141.2.7 - - [21/Jul/2025:14:00:38 +0000] "GET /m/purch22186569.htm HTTP/1.1" 500 - "-" "meta-externalagent/1.1 (+https://developers.facebook.com/docs/sharing/webmasters/crawler)"
57.141.2.30 - - [21/Jul/2025:14:01:33 +0000] "GET /m/garli52295668.htm HTTP/1.1" 500 - "-" "meta-externalagent/1.1 (+https://developers.facebook.com/docs/sharing/webmasters/crawler)"
57.141.2.24 - - [21/Jul/2025:14:03:26 +0000] "GET /m/candy81868551.htm HTTP/1.1" 500 - "-" "meta-externalagent/1.1 (+https://developers.facebook.com/docs/sharing/webmasters/crawler)"
57.141.2.4 - - [21/Jul/2025:14:03:48 +0000] "GET /m/mind80049287.htm HTTP/1.1" 500 - "-" "meta-externalagent/1.1 (+https://developers.facebook.com/docs/sharing/webmasters/crawler)"
57.141.2.18 - - [21/Jul/2025:14:05:00 +0000] "GET /m/immen71546926.htm HTTP/1.1" 500 - "-" "meta-externalagent/1.1 (+https://developers.facebook.com/docs/sharing/webmasters/crawler)"
57.141.2.19 - - [21/Jul/2025:14:06:08 +0000] "GET /m/reluc71466246.htm HTTP/1.1" 500 - "-" "meta-externalagent/1.1 (+https://developers.facebook.com/docs/sharing/webmasters/crawler)"
57.141.2.8 - - [21/Jul/2025:14:07:11 +0000] "GET /m/adapt52693988.htm HTTP/1.1" 500 - "-" "meta-externalagent/1.1 (+https://developers.facebook.com/docs/sharing/webmasters/crawler)"
57.141.2.10 - - [21/Jul/2025:14:08:16 +0000] "GET /m/newsp72776486.htm HTTP/1.1" 500 - "-" "meta-externalagent/1.1 (+https://developers.facebook.com/docs/sharing/webmasters/crawler)"
57.141.2.10 - - [21/Jul/2025:14:10:38 +0000] "GET /m/capti42882875.htm HTTP/1.1" 500 - "-" "meta-externalagent/1.1 (+https://developers.facebook.com/docs/sharing/webmasters/crawler)"
57.141.2.3 - - [21/Jul/2025:14:11:55 +0000] "GET /m/budge30874026.htm HTTP/1.1" 500 - "-" "meta-externalagent/1.1 (+https://developers.facebook.com/docs/sharing/webmasters/crawler)"
57.141.2.9 - - [21/Jul/2025:14:12:43 +0000] "GET /m/altit42526099.htm HTTP/1.1" 500 - "-" "meta-externalagent/1.1 (+https://developers.facebook.com/docs/sharing/webmasters/crawler)"
57.141.2.20 - - [21/Jul/2025:14:13:52 +0000] "GET /m/giant12655392.htm HTTP/1.1" 500 - "-" "meta-externalagent/1.1 (+https://developers.facebook.com/docs/sharing/webmasters/crawler)"
57.141.2.13 - - [21/Jul/2025:14:14:58 +0000] "GET /m/endur10890200.htm HTTP/1.1" 500 - "-" "meta-externalagent/1.1 (+https://developers.facebook.com/docs/sharing/webmasters/crawler)"
185.191.171.14 - - [21/Jul/2025:14:15:39 +0000] "GET /afterschool-programs-in-new-york-even-more-important-now-to-fight-childhood-hunger/ HTTP/1.1" 500 - "-" "Mozilla/5.0 (compatible; SemrushBot/7~bl; +http://www.semrush.com/bot.html)"
57.141.2.29 - - [21/Jul/2025:14:16:03 +0000] "GET /m/multi51402724.htm HTTP/1.1" 500 - "-" "meta-externalagent/1.1 (+https://developers.facebook.com/docs/sharing/webmasters/crawler)"
57.141.2.16 - - [21/Jul/2025:14:17:21 +0000] "GET /m/marke50876724.htm HTTP/1.1" 500 - "-" "meta-externalagent/1.1 (+https://developers.facebook.com/docs/sharing/webmasters/crawler)"
57.141.2.4 - - [21/Jul/2025:14:18:28 +0000] "GET /m/talen62141605.htm HTTP/1.1" 500 - "-" "meta-externalagent/1.1 (+https://developers.facebook.com/docs/sharing/webmasters/crawler)"
85.208.96.206 - - [21/Jul/2025:14:18:40 +0000] "GET /product/t-shirt-with-slogan-save-the-forest/ HTTP/1.1" 500 - "-" "Mozilla/5.0 (compatible; SemrushBot/7~bl; +http://www.semrush.com/bot.html)"
57.141.2.28 - - [21/Jul/2025:14:19:22 +0000] "GET /m/clini21149905.htm HTTP/1.1" 500 - "-" "meta-externalagent/1.1 (+https://developers.facebook.com/docs/sharing/webmasters/crawler)"
57.141.2.21 - - [21/Jul/2025:14:20:36 +0000] "GET /m/alway61220197.htm HTTP/1.1" 500 - "-" "meta-externalagent/1.1 (+https://developers.facebook.com/docs/sharing/webmasters/crawler)"
57.141.2.7 - - [21/Jul/2025:14:22:42 +0000] "GET /m/form40780763.htm HTTP/1.1" 500 - "-" "meta-externalagent/1.1 (+https://developers.facebook.com/docs/sharing/webmasters/crawler)"
57.141.2.15 - - [21/Jul/2025:14:23:56 +0000] "GET /m/quick61732021.htm HTTP/1.1" 500 - "-" "meta-externalagent/1.1 (+https://developers.facebook.com/docs/sharing/webmasters/crawler)"
164.92.144.97 - - [21/Jul/2025:14:24:26 +0000] "GET / HTTP/1.1" 500 - "-" "Mozilla/5.0 (X11; Linux x86_64; rv:137.0) Gecko/20100101 Firefox/137.0"
164.92.144.97 - - [21/Jul/2025:14:24:30 +0000] "GET /favicon.ico HTTP/1.1" 500 - "https://jrncommunityhousing.charity/" "Mozilla/5.0 (X11; Linux x86_64; rv:137.0) Gecko/20100101 Firefox/137.0"
57.141.2.22 - - [21/Jul/2025:14:25:00 +0000] "GET /shopdetail/159935389 HTTP/1.1" 500 - "-" "meta-externalagent/1.1 (+https://developers.facebook.com/docs/sharing/webmasters/crawler)"
57.141.2.25 - - [21/Jul/2025:14:25:33 +0000] "GET /m/giant12655392.htm HTTP/1.1" 500 - "-" "meta-externalagent/1.1 (+https://developers.facebook.com/docs/sharing/webmasters/crawler)"
57.141.2.21 - - [21/Jul/2025:14:26:22 +0000] "GET /m/mouse40237547.htm HTTP/1.1" 500 - "-" "meta-externalagent/1.1 (+https://developers.facebook.com/docs/sharing/webmasters/crawler)"
20.171.207.238 - - [21/Jul/2025:14:27:00 +0000] "GET /m/exist80770919.htm HTTP/1.1" 500 - "-" "Mozilla/5.0 AppleWebKit/537.36 (KHTML, like Gecko; compatible; GPTBot/1.2; +https://openai.com/gptbot)"
57.141.2.1 - - [21/Jul/2025:14:27:13 +0000] "GET /shopdetail/48689389 HTTP/1.1" 500 - "-" "meta-externalagent/1.1 (+https://developers.facebook.com/docs/sharing/webmasters/crawler)"
57.141.2.24 - - [21/Jul/2025:14:28:19 +0000] "GET /m/greek42235283.htm HTTP/1.1" 500 - "-" "meta-externalagent/1.1 (+https://developers.facebook.com/docs/sharing/webmasters/crawler)"
20.171.207.238 - - [21/Jul/2025:14:29:07 +0000] "GET /m/unkno42187331.htm HTTP/1.1" 500 - "-" "Mozilla/5.0 AppleWebKit/537.36 (KHTML, like Gecko; compatible; GPTBot/1.2; +https://openai.com/gptbot)"
57.141.2.4 - - [21/Jul/2025:14:29:22 +0000] "GET /m/truck71108990.htm HTTP/1.1" 500 - "-" "meta-externalagent/1.1 (+https://developers.facebook.com/docs/sharing/webmasters/crawler)"
57.141.2.28 - - [21/Jul/2025:14:30:32 +0000] "GET /m/shark21133593.htm HTTP/1.1" 500 - "-" "meta-externalagent/1.1 (+https://developers.facebook.com/docs/sharing/webmasters/crawler)"
57.141.2.2 - - [21/Jul/2025:14:31:57 +0000] "GET /m/talen60973605.htm HTTP/1.1" 500 - "-" "meta-externalagent/1.1 (+https://developers.facebook.com/docs/sharing/webmasters/crawler)"
57.141.2.19 - - [21/Jul/2025:14:32:44 +0000] "GET /m/natio10972968.htm HTTP/1.1" 500 - "-" "meta-externalagent/1.1 (+https://developers.facebook.com/docs/sharing/webmasters/crawler)"
66.249.65.203 - - [21/Jul/2025:14:33:00 +0000] "GET /m/elect42560331.htm HTTP/1.1" 200 39943 "-" "Mozilla/5.0 (Linux; Android 6.0.1; Nexus 5X Build/MMB29P) AppleWebKit/537.36 (KHTML, like Gecko) Chrome/137.0.7151.103 Mobile Safari/537.36 (compatible; GoogleOther)"
66.249.65.204 - - [21/Jul/2025:14:33:04 +0000] "POST /get-message-notify HTTP/1.1" 200 41234 "https://www.jrncommunityhousing.charity/m/elect42560331.htm" "Mozilla/5.0 (Linux; Android 6.0.1; Nexus 5X Build/MMB29P) AppleWebKit/537.36 (KHTML, like Gecko) Chrome/137.0.7151.119 Mobile Safari/537.36 (compatible; Googlebot/2.1; +http://www.google.com/bot.html)"
57.141.2.15 - - [21/Jul/2025:14:34:08 +0000] "GET /m/lady30312906.htm HTTP/1.1" 500 - "-" "meta-externalagent/1.1 (+https://developers.facebook.com/docs/sharing/webmasters/crawler)"
57.141.2.5 - - [21/Jul/2025:14:36:04 +0000] "GET /shopdetail/145685589 HTTP/1.1" 500 - "-" "meta-externalagent/1.1 (+https://developers.facebook.com/docs/sharing/webmasters/crawler)"
57.141.2.7 - - [21/Jul/2025:14:37:11 +0000] "GET /shopdetail/46812589 HTTP/1.1" 500 - "-" "meta-externalagent/1.1 (+https://developers.facebook.com/docs/sharing/webmasters/crawler)"
66.249.65.192 - - [21/Jul/2025:14:37:56 +0000] "GET /m/slide52113652.htm HTTP/1.1" 200 39894 "-" "Mozilla/5.0 (Linux; Android 6.0.1; Nexus 5X Build/MMB29P) AppleWebKit/537.36 (KHTML, like Gecko) Chrome/137.0.7151.103 Mobile Safari/537.36 (compatible; GoogleOther)"
66.249.65.192 - - [21/Jul/2025:14:38:01 +0000] "POST /get-message-notify HTTP/1.1" 200 41066 "https://www.jrncommunityhousing.charity/m/slide52113652.htm" "Mozilla/5.0 (Linux; Android 6.0.1; Nexus 5X Build/MMB29P) AppleWebKit/537.36 (KHTML, like Gecko) Chrome/137.0.7151.119 Mobile Safari/537.36 (compatible; Googlebot/2.1; +http://www.google.com/bot.html)"
57.141.2.24 - - [21/Jul/2025:14:38:32 +0000] "GET /shopdetail/80110689 HTTP/1.1" 500 - "-" "meta-externalagent/1.1 (+https://developers.facebook.com/docs/sharing/webmasters/crawler)"
57.141.2.13 - - [21/Jul/2025:14:39:51 +0000] "GET /m/focus62659109.htm HTTP/1.1" 500 - "-" "meta-externalagent/1.1 (+https://developers.facebook.com/docs/sharing/webmasters/crawler)"
57.141.2.1 - - [21/Jul/2025:14:40:40 +0000] "GET /shopdetail/151472689 HTTP/1.1" 500 - "-" "meta-externalagent/1.1 (+https://developers.facebook.com/docs/sharing/webmasters/crawler)"
57.141.2.21 - - [21/Jul/2025:14:41:36 +0000] "GET /m/our82868967.htm HTTP/1.1" 500 - "-" "meta-externalagent/1.1 (+https://developers.facebook.com/docs/sharing/webmasters/crawler)"
57.141.2.11 - - [21/Jul/2025:14:42:54 +0000] "GET /m/donke21770905.htm HTTP/1.1" 500 - "-" "meta-externalagent/1.1 (+https://developers.facebook.com/docs/sharing/webmasters/crawler)"
57.141.2.29 - - [21/Jul/2025:14:43:54 +0000] "GET /shopdetail/71475189 HTTP/1.1" 500 - "-" "meta-externalagent/1.1 (+https://developers.facebook.com/docs/sharing/webmasters/crawler)"
57.141.2.16 - - [21/Jul/2025:14:44:59 +0000] "GET /m/beef%2031699826.htm HTTP/1.1" 500 - "-" "meta-externalagent/1.1 (+https://developers.facebook.com/docs/sharing/webmasters/crawler)"
57.141.2.10 - - [21/Jul/2025:14:46:14 +0000] "GET /m/norma42157219.htm HTTP/1.1" 500 - "-" "meta-externalagent/1.1 (+https://developers.facebook.com/docs/sharing/webmasters/crawler)"
66.249.65.203 - - [21/Jul/2025:14:46:29 +0000] "GET /m/scan10919456.htm HTTP/1.1" 200 40178 "-" "Mozilla/5.0 (Linux; Android 6.0.1; Nexus 5X Build/MMB29P) AppleWebKit/537.36 (KHTML, like Gecko) Chrome/137.0.7151.103 Mobile Safari/537.36 (compatible; GoogleOther)"
66.249.65.204 - - [21/Jul/2025:14:46:33 +0000] "POST /get-message-notify HTTP/1.1" 200 41027 "https://www.jrncommunityhousing.charity/m/scan10919456.htm" "Mozilla/5.0 (Linux; Android 6.0.1; Nexus 5X Build/MMB29P) AppleWebKit/537.36 (KHTML, like Gecko) Chrome/137.0.7151.119 Mobile Safari/537.36 (compatible; Googlebot/2.1; +http://www.google.com/bot.html)"
57.141.2.23 - - [21/Jul/2025:14:47:14 +0000] "GET /shopdetail/104452189 HTTP/1.1" 500 - "-" "meta-externalagent/1.1 (+https://developers.facebook.com/docs/sharing/webmasters/crawler)"
57.141.2.15 - - [21/Jul/2025:14:48:16 +0000] "GET /m/dip61383197.htm HTTP/1.1" 500 - "-" "meta-externalagent/1.1 (+https://developers.facebook.com/docs/sharing/webmasters/crawler)"
57.141.2.26 - - [21/Jul/2025:14:49:22 +0000] "GET /m/cow80396119.htm HTTP/1.1" 500 - "-" "meta-externalagent/1.1 (+https://developers.facebook.com/docs/sharing/webmasters/crawler)"
