216.73.216.255 - - [21/Jul/2025:12:48:48 +0000] "GET /detail/634507555 HTTP/1.1" 404 16414 "-" "Mozilla/5.0 AppleWebKit/537.36 (KHTML, like Gecko; compatible; ClaudeBot/1.0; [email protected])"
216.73.216.255 - - [21/Jul/2025:12:48:51 +0000] "GET /detail/634498995 HTTP/1.1" 404 16415 "-" "Mozilla/5.0 AppleWebKit/537.36 (KHTML, like Gecko; compatible; ClaudeBot/1.0; [email protected])"
66.249.79.33 - - [21/Jul/2025:12:48:52 +0000] "POST /get-message-notify HTTP/1.1" 200 19449 "https://kelaby.company/?h=32970698041960&mod=2bb100ba&uri=search.php%3Fid%3D1100424-1022%26name%3Dskechers+thailand" "Mozilla/5.0 (Linux; Android 6.0.1; Nexus 5X Build/MMB29P) AppleWebKit/537.36 (KHTML, like Gecko) Chrome/137.0.7151.119 Mobile Safari/537.36 (compatible; Googlebot/2.1; +http://www.google.com/bot.html)"
216.73.216.255 - - [21/Jul/2025:12:48:54 +0000] "GET /detail/634304287 HTTP/1.1" 404 16415 "-" "Mozilla/5.0 AppleWebKit/537.36 (KHTML, like Gecko; compatible; ClaudeBot/1.0; [email protected])"
216.73.216.255 - - [21/Jul/2025:12:48:57 +0000] "GET /detail/634601309 HTTP/1.1" 404 16415 "-" "Mozilla/5.0 AppleWebKit/537.36 (KHTML, like Gecko; compatible; ClaudeBot/1.0; [email protected])"
216.73.216.255 - - [21/Jul/2025:12:49:00 +0000] "GET /detail/634531152 HTTP/1.1" 404 16415 "-" "Mozilla/5.0 AppleWebKit/537.36 (KHTML, like Gecko; compatible; ClaudeBot/1.0; [email protected])"
209.74.77.214 - - [21/Jul/2025:12:49:03 +0000] "POST /wp-cron.php?doing_wp_cron=1753102143.6290719509124755859375 HTTP/1.1" 200 - "-" "WordPress/6.8.2; https://kelaby.company"
216.73.216.255 - - [21/Jul/2025:12:49:03 +0000] "GET /detail/634263565 HTTP/1.1" 404 16415 "-" "Mozilla/5.0 AppleWebKit/537.36 (KHTML, like Gecko; compatible; ClaudeBot/1.0; [email protected])"
216.73.216.255 - - [21/Jul/2025:12:49:06 +0000] "GET /detail/634464832 HTTP/1.1" 404 16416 "-" "Mozilla/5.0 AppleWebKit/537.36 (KHTML, like Gecko; compatible; ClaudeBot/1.0; [email protected])"
216.73.216.255 - - [21/Jul/2025:12:49:09 +0000] "GET /detail/634528426 HTTP/1.1" 404 16416 "-" "Mozilla/5.0 AppleWebKit/537.36 (KHTML, like Gecko; compatible; ClaudeBot/1.0; [email protected])"
216.73.216.255 - - [21/Jul/2025:12:49:21 +0000] "GET /robots.txt HTTP/1.1" 304 - "-" "Mozilla/5.0 AppleWebKit/537.36 (KHTML, like Gecko; compatible; ClaudeBot/1.0; [email protected])"
216.73.216.255 - - [21/Jul/2025:12:49:21 +0000] "GET /detail/634260686 HTTP/1.1" 404 16415 "-" "Mozilla/5.0 AppleWebKit/537.36 (KHTML, like Gecko; compatible; ClaudeBot/1.0; [email protected])"
216.73.216.255 - - [21/Jul/2025:12:49:24 +0000] "GET /detail/634099019 HTTP/1.1" 404 16416 "-" "Mozilla/5.0 AppleWebKit/537.36 (KHTML, like Gecko; compatible; ClaudeBot/1.0; [email protected])"
216.73.216.255 - - [21/Jul/2025:12:49:27 +0000] "GET /detail/634179247 HTTP/1.1" 404 16415 "-" "Mozilla/5.0 AppleWebKit/537.36 (KHTML, like Gecko; compatible; ClaudeBot/1.0; [email protected])"
216.73.216.255 - - [21/Jul/2025:12:49:30 +0000] "GET /detail/634529806 HTTP/1.1" 404 16416 "-" "Mozilla/5.0 AppleWebKit/537.36 (KHTML, like Gecko; compatible; ClaudeBot/1.0; [email protected])"
216.73.216.255 - - [21/Jul/2025:12:49:33 +0000] "GET /detail/634183484 HTTP/1.1" 404 16416 "-" "Mozilla/5.0 AppleWebKit/537.36 (KHTML, like Gecko; compatible; ClaudeBot/1.0; [email protected])"
216.73.216.255 - - [21/Jul/2025:12:49:36 +0000] "GET /detail/634586869 HTTP/1.1" 404 16416 "-" "Mozilla/5.0 AppleWebKit/537.36 (KHTML, like Gecko; compatible; ClaudeBot/1.0; [email protected])"
216.73.216.255 - - [21/Jul/2025:12:49:39 +0000] "GET /detail/634597068 HTTP/1.1" 404 16415 "-" "Mozilla/5.0 AppleWebKit/537.36 (KHTML, like Gecko; compatible; ClaudeBot/1.0; [email protected])"
216.73.216.255 - - [21/Jul/2025:12:49:42 +0000] "GET /detail/634118251 HTTP/1.1" 404 16415 "-" "Mozilla/5.0 AppleWebKit/537.36 (KHTML, like Gecko; compatible; ClaudeBot/1.0; [email protected])"
216.73.216.255 - - [21/Jul/2025:12:49:45 +0000] "GET /detail/634144124 HTTP/1.1" 404 16416 "-" "Mozilla/5.0 AppleWebKit/537.36 (KHTML, like Gecko; compatible; ClaudeBot/1.0; [email protected])"
216.73.216.255 - - [21/Jul/2025:12:49:48 +0000] "GET /detail/634397147 HTTP/1.1" 404 16416 "-" "Mozilla/5.0 AppleWebKit/537.36 (KHTML, like Gecko; compatible; ClaudeBot/1.0; [email protected])"
2a03:2880:f800:e:: - - [21/Jul/2025:12:49:50 +0000] "GET /detail/1295953176 HTTP/1.1" 404 16415 "-" "meta-externalagent/1.1 (+https://developers.facebook.com/docs/sharing/webmasters/crawler)"
216.73.216.255 - - [21/Jul/2025:12:49:51 +0000] "GET /detail/634248698 HTTP/1.1" 404 16416 "-" "Mozilla/5.0 AppleWebKit/537.36 (KHTML, like Gecko; compatible; ClaudeBot/1.0; [email protected])"
216.73.216.255 - - [21/Jul/2025:12:49:54 +0000] "GET /detail/634592895 HTTP/1.1" 404 16415 "-" "Mozilla/5.0 AppleWebKit/537.36 (KHTML, like Gecko; compatible; ClaudeBot/1.0; [email protected])"
216.73.216.255 - - [21/Jul/2025:12:49:57 +0000] "GET /detail/634472713 HTTP/1.1" 404 16416 "-" "Mozilla/5.0 AppleWebKit/537.36 (KHTML, like Gecko; compatible; ClaudeBot/1.0; [email protected])"
216.73.216.255 - - [21/Jul/2025:12:50:00 +0000] "GET /detail/634551426 HTTP/1.1" 404 16415 "-" "Mozilla/5.0 AppleWebKit/537.36 (KHTML, like Gecko; compatible; ClaudeBot/1.0; [email protected])"
209.74.77.214 - - [21/Jul/2025:12:50:03 +0000] "POST /wp-cron.php?doing_wp_cron=1753102203.5406849384307861328125 HTTP/1.1" 200 - "-" "WordPress/6.8.2; https://kelaby.company"
216.73.216.255 - - [21/Jul/2025:12:50:03 +0000] "GET /detail/634417421 HTTP/1.1" 404 16416 "-" "Mozilla/5.0 AppleWebKit/537.36 (KHTML, like Gecko; compatible; ClaudeBot/1.0; [email protected])"
216.73.216.255 - - [21/Jul/2025:12:50:06 +0000] "GET /detail/634110733 HTTP/1.1" 404 16415 "-" "Mozilla/5.0 AppleWebKit/537.36 (KHTML, like Gecko; compatible; ClaudeBot/1.0; [email protected])"
47.82.11.60 - - [21/Jul/2025:12:50:06 +0000] "GET /?h=5785915051960&mod=49856ed4&uri=us.php?id%3D193217-57%26name%3Damazon+ptron+earphones HTTP/1.1" 301 - "https://www.kelaby.company/?h=5785915051960&mod=49856ed4&uri=us.php%3Fid%3D193217-57%26name%3Damazon+ptron+earphones" "Mozilla/5.0 (Windows NT 10.0; Win64; x64) AppleWebKit/537.36 (KHTML, like Gecko) Chrome/114.0.0.0 Safari/537.36 Edg/114.0.1823.43"
47.82.11.60 - - [21/Jul/2025:12:50:08 +0000] "GET /?h=5785915051960&mod=49856ed4&uri=us.php?id%3D193217-57%26name%3Damazon%20ptron%20earphones HTTP/1.1" 301 - "https://www.kelaby.company/?h=5785915051960&mod=49856ed4&uri=us.php%3Fid%3D193217-57%26name%3Damazon+ptron+earphones" "Mozilla/5.0 (Windows NT 10.0; Win64; x64) AppleWebKit/537.36 (KHTML, like Gecko) Chrome/114.0.0.0 Safari/537.36 Edg/114.0.1823.43"
216.73.216.255 - - [21/Jul/2025:12:50:09 +0000] "GET /detail/634208257 HTTP/1.1" 404 16416 "-" "Mozilla/5.0 AppleWebKit/537.36 (KHTML, like Gecko; compatible; ClaudeBot/1.0; [email protected])"
51.222.253.10 - - [21/Jul/2025:12:50:18 +0000] "GET /?h=32690101021960&uri=news.php%3Fid%3D1091061-336%26name%3Dporta%20tessere%20uomo%20amazon HTTP/1.1" 200 26473 "-" "Mozilla/5.0 (compatible; AhrefsBot/7.0; +http://ahrefs.com/robot/)"
216.73.216.255 - - [21/Jul/2025:12:50:43 +0000] "GET /detail/946097029 HTTP/1.1" 404 16415 "-" "Mozilla/5.0 AppleWebKit/537.36 (KHTML, like Gecko; compatible; ClaudeBot/1.0; [email protected])"
216.73.216.255 - - [21/Jul/2025:12:50:45 +0000] "GET /detail/945702951 HTTP/1.1" 404 16415 "-" "Mozilla/5.0 AppleWebKit/537.36 (KHTML, like Gecko; compatible; ClaudeBot/1.0; [email protected])"
216.73.216.255 - - [21/Jul/2025:12:50:48 +0000] "GET /detail/945793277 HTTP/1.1" 404 16416 "-" "Mozilla/5.0 AppleWebKit/537.36 (KHTML, like Gecko; compatible; ClaudeBot/1.0; [email protected])"
209.74.77.214 - - [21/Jul/2025:12:51:07 +0000] "POST /wp-cron.php?doing_wp_cron=1753102267.4949929714202880859375 HTTP/1.1" 200 - "-" "WordPress/6.8.2; https://kelaby.company"
2a03:2880:f800:c:: - - [21/Jul/2025:12:51:07 +0000] "GET /detail/1295768461 HTTP/1.1" 404 16416 "-" "meta-externalagent/1.1 (+https://developers.facebook.com/docs/sharing/webmasters/crawler)"
216.73.216.255 - - [21/Jul/2025:12:51:36 +0000] "GET /detail/945976564 HTTP/1.1" 404 16415 "-" "Mozilla/5.0 AppleWebKit/537.36 (KHTML, like Gecko; compatible; ClaudeBot/1.0; [email protected])"
216.73.216.255 - - [21/Jul/2025:12:51:39 +0000] "GET /detail/945755364 HTTP/1.1" 404 16415 "-" "Mozilla/5.0 AppleWebKit/537.36 (KHTML, like Gecko; compatible; ClaudeBot/1.0; [email protected])"
2a03:2880:f800:: - - [21/Jul/2025:12:51:50 +0000] "GET /detail/1295826367 HTTP/1.1" 404 16414 "-" "meta-externalagent/1.1 (+https://developers.facebook.com/docs/sharing/webmasters/crawler)"
209.74.77.214 - - [21/Jul/2025:12:52:01 +0000] "POST /wp-cron.php?doing_wp_cron=1753102321.7402811050415039062500 HTTP/1.1" 200 - "-" "WordPress/6.8.2; https://kelaby.company"
47.82.11.61 - - [21/Jul/2025:12:52:01 +0000] "GET /?h=5709264051960&mod=49856ed4&uri=us.php?id%3D190633-57%26name%3Dboat+rockerz+255+pro+vs+boat+rockerz+255f+pro HTTP/1.1" 301 - "https://www.kelaby.company/?h=5709264051960&mod=49856ed4&uri=us.php%3Fid%3D190633-57%26name%3Dboat+rockerz+255+pro+vs+boat+rockerz+255f+pro" "Mozilla/5.0 (Windows NT 10.0; Win64; x64) AppleWebKit/537.36 (KHTML, like Gecko) Chrome/114.0.0.0 Safari/537.36 Edg/114.0.1823.43"
47.82.11.61 - - [21/Jul/2025:12:52:02 +0000] "GET /?h=5709264051960&mod=49856ed4&uri=us.php?id%3D190633-57%26name%3Dboat%20rockerz%20255%20pro%20vs%20boat%20rockerz%20255f%20pro HTTP/1.1" 301 - "https://www.kelaby.company/?h=5709264051960&mod=49856ed4&uri=us.php%3Fid%3D190633-57%26name%3Dboat+rockerz+255+pro+vs+boat+rockerz+255f+pro" "Mozilla/5.0 (Windows NT 10.0; Win64; x64) AppleWebKit/537.36 (KHTML, like Gecko) Chrome/114.0.0.0 Safari/537.36 Edg/114.0.1823.43"
216.73.216.255 - - [21/Jul/2025:12:52:32 +0000] "GET /detail/945809502 HTTP/1.1" 404 16415 "-" "Mozilla/5.0 AppleWebKit/537.36 (KHTML, like Gecko; compatible; ClaudeBot/1.0; [email protected])"
216.73.216.255 - - [21/Jul/2025:12:52:35 +0000] "GET /detail/945656670 HTTP/1.1" 404 16415 "-" "Mozilla/5.0 AppleWebKit/537.36 (KHTML, like Gecko; compatible; ClaudeBot/1.0; [email protected])"
199.195.249.170 - - [21/Jul/2025:12:52:36 +0000] "GET /wp-login.php HTTP/1.1" 200 2014 "-" "Mozilla/5.0 (Macintosh; Intel Mac OS X 10_10) AppleWebKit/538.46 (KHTML, like Gecko) Version/8.0 Safari/538.46"
66.249.79.234 - - [21/Jul/2025:12:52:40 +0000] "GET /?h=91673239101960&mod=2d31d718&uri=goods.php?detail/36586442 HTTP/1.1" 200 20062 "-" "Mozilla/5.0 (Linux; Android 6.0.1; Nexus 5X Build/MMB29P) AppleWebKit/537.36 (KHTML, like Gecko) Chrome/137.0.7151.103 Mobile Safari/537.36 (compatible; Googlebot/2.1; +http://www.google.com/bot.html)"
66.249.79.233 - - [21/Jul/2025:12:52:41 +0000] "GET /?h=5790565001960&mod=49856ed4&uri=info.php?product/edit/K3109720224 HTTP/1.1" 200 19034 "-" "Mozilla/5.0 (Linux; Android 6.0.1; Nexus 5X Build/MMB29P) AppleWebKit/537.36 (KHTML, like Gecko) Chrome/137.0.7151.103 Mobile Safari/537.36 (compatible; Googlebot/2.1; +http://www.google.com/bot.html)"
66.249.79.232 - - [21/Jul/2025:12:52:41 +0000] "GET /?h=5817008011960&mod=9bbcf8c9&uri=goods.php?detail/41348249 HTTP/1.1" 200 21209 "-" "Mozilla/5.0 (Linux; Android 6.0.1; Nexus 5X Build/MMB29P) AppleWebKit/537.36 (KHTML, like Gecko) Chrome/137.0.7151.103 Mobile Safari/537.36 (compatible; Googlebot/2.1; +http://www.google.com/bot.html)"
66.249.79.32 - - [21/Jul/2025:12:52:41 +0000] "GET /robots.txt HTTP/1.1" 304 - "-" "Mozilla/5.0 (compatible; Googlebot/2.1; +http://www.google.com/bot.html)"
66.249.79.233 - - [21/Jul/2025:12:52:41 +0000] "GET /?h=35227425011960&mod=a95aa4e6&uri=dp.php?detail/35554561 HTTP/1.1" 200 21212 "-" "Mozilla/5.0 (Linux; Android 6.0.1; Nexus 5X Build/MMB29P) AppleWebKit/537.36 (KHTML, like Gecko) Chrome/137.0.7151.103 Mobile Safari/537.36 (compatible; Googlebot/2.1; +http://www.google.com/bot.html)"
66.249.79.34 - - [21/Jul/2025:12:52:41 +0000] "GET /?h=6358750131960&mod=bcffdc3d&uri=shared.php?detail/156191484 HTTP/1.1" 200 20026 "-" "Mozilla/5.0 (Linux; Android 6.0.1; Nexus 5X Build/MMB29P) AppleWebKit/537.36 (KHTML, like Gecko) Chrome/137.0.7151.103 Mobile Safari/537.36 (compatible; Googlebot/2.1; +http://www.google.com/bot.html)"
66.249.79.232 - - [21/Jul/2025:12:52:41 +0000] "GET /?h=5817008011960&mod=9bbcf8c9&uri=goods.php?detail/41355978 HTTP/1.1" 200 19222 "-" "Mozilla/5.0 (Linux; Android 6.0.1; Nexus 5X Build/MMB29P) AppleWebKit/537.36 (KHTML, like Gecko) Chrome/137.0.7151.103 Mobile Safari/537.36 (compatible; Googlebot/2.1; +http://www.google.com/bot.html)"
66.249.79.233 - - [21/Jul/2025:12:52:42 +0000] "GET /?h=6220506021960&mod=acac6e55&uri=goods.php?detail/672251130 HTTP/1.1" 200 19219 "-" "Mozilla/5.0 (Linux; Android 6.0.1; Nexus 5X Build/MMB29P) AppleWebKit/537.36 (KHTML, like Gecko) Chrome/137.0.7151.103 Mobile Safari/537.36 (compatible; Googlebot/2.1; +http://www.google.com/bot.html)"
66.249.79.232 - - [21/Jul/2025:12:52:42 +0000] "GET /?h=5817008011960&mod=9bbcf8c9&uri=goods.php?detail/41334358 HTTP/1.1" 200 19558 "-" "Mozilla/5.0 (Linux; Android 6.0.1; Nexus 5X Build/MMB29P) AppleWebKit/537.36 (KHTML, like Gecko) Chrome/137.0.7151.103 Mobile Safari/537.36 (compatible; Googlebot/2.1; +http://www.google.com/bot.html)"
66.249.79.232 - - [21/Jul/2025:12:52:44 +0000] "POST /get-message-notify HTTP/1.1" 200 19474 "https://www.kelaby.company/?h=5817008011960&mod=9bbcf8c9&uri=goods.php?detail/41355978" "Mozilla/5.0 (Linux; Android 6.0.1; Nexus 5X Build/MMB29P) AppleWebKit/537.36 (KHTML, like Gecko) Chrome/137.0.7151.119 Mobile Safari/537.36 (compatible; Googlebot/2.1; +http://www.google.com/bot.html)"
66.249.79.233 - - [21/Jul/2025:12:52:44 +0000] "POST /get-message-notify HTTP/1.1" 200 19474 "https://www.kelaby.company/?h=5817008011960&mod=9bbcf8c9&uri=goods.php?detail/41348249" "Mozilla/5.0 (Linux; Android 6.0.1; Nexus 5X Build/MMB29P) AppleWebKit/537.36 (KHTML, like Gecko) Chrome/137.0.7151.119 Mobile Safari/537.36 (compatible; Googlebot/2.1; +http://www.google.com/bot.html)"
2a03:2880:f800:6:: - - [21/Jul/2025:12:52:51 +0000] "GET /detail/1296021690 HTTP/1.1" 404 16414 "-" "meta-externalagent/1.1 (+https://developers.facebook.com/docs/sharing/webmasters/crawler)"
209.74.77.214 - - [21/Jul/2025:12:53:12 +0000] "POST /wp-cron.php?doing_wp_cron=1753102392.1707510948181152343750 HTTP/1.1" 200 - "-" "WordPress/6.8.2; https://kelaby.company"
173.236.127.48 - - [21/Jul/2025:12:53:11 +0000] "GET /wp-login.php HTTP/1.1" 200 2014 "-" "Mozilla/5.0 (X11; Ubuntu; Linux x86_64; rv:85.0) Gecko/20100101 Firefox/91.0"
173.236.127.48 - - [21/Jul/2025:12:53:12 +0000] "POST /wp-login.php HTTP/1.1" 200 2106 "-" "Mozilla/5.0 (X11; Ubuntu; Linux x86_64; rv:85.0) Gecko/20100101 Firefox/91.0"
216.73.216.255 - - [21/Jul/2025:12:53:26 +0000] "GET /detail/945886430 HTTP/1.1" 404 16416 "-" "Mozilla/5.0 AppleWebKit/537.36 (KHTML, like Gecko; compatible; ClaudeBot/1.0; [email protected])"
216.73.216.255 - - [21/Jul/2025:12:53:28 +0000] "GET /detail/945757007 HTTP/1.1" 404 16415 "-" "Mozilla/5.0 AppleWebKit/537.36 (KHTML, like Gecko; compatible; ClaudeBot/1.0; [email protected])"
51.222.253.1 - - [21/Jul/2025:12:53:48 +0000] "GET /?h=32748761041960&uri=products.php%3Fid%3D1093023-121%26name%3Dbottine%20marron%20tamaris HTTP/1.1" 200 26478 "-" "Mozilla/5.0 (compatible; AhrefsBot/7.0; +http://ahrefs.com/robot/)"
2a03:2880:f800:e:: - - [21/Jul/2025:12:53:56 +0000] "GET /detail/1295726697 HTTP/1.1" 404 16416 "-" "meta-externalagent/1.1 (+https://developers.facebook.com/docs/sharing/webmasters/crawler)"
66.249.79.234 - - [21/Jul/2025:12:54:17 +0000] "GET /?h=38373403061960&mod=ee411757&uri=search.php?detail/34775631 HTTP/1.1" 200 20988 "-" "Mozilla/5.0 (Linux; Android 6.0.1; Nexus 5X Build/MMB29P) AppleWebKit/537.36 (KHTML, like Gecko) Chrome/137.0.7151.103 Mobile Safari/537.36 (compatible; Googlebot/2.1; +http://www.google.com/bot.html)"
66.249.79.232 - - [21/Jul/2025:12:54:17 +0000] "GET /?h=35227425011960&mod=a95aa4e6&uri=dp.php?detail/35570914 HTTP/1.1" 200 19012 "-" "Mozilla/5.0 (Linux; Android 6.0.1; Nexus 5X Build/MMB29P) AppleWebKit/537.36 (KHTML, like Gecko) Chrome/137.0.7151.103 Mobile Safari/537.36 (compatible; Googlebot/2.1; +http://www.google.com/bot.html)"
66.249.79.233 - - [21/Jul/2025:12:54:18 +0000] "GET /?h=35206575021960&mod=6f08b009&uri=product.php?detail/3551764 HTTP/1.1" 200 20629 "-" "Mozilla/5.0 (Linux; Android 6.0.1; Nexus 5X Build/MMB29P) AppleWebKit/537.36 (KHTML, like Gecko) Chrome/137.0.7151.103 Mobile Safari/537.36 (compatible; Googlebot/2.1; +http://www.google.com/bot.html)"
209.74.77.214 - - [21/Jul/2025:12:54:20 +0000] "POST /wp-cron.php?doing_wp_cron=1753102460.2266941070556640625000 HTTP/1.1" 200 - "-" "WordPress/6.8.2; https://kelaby.company"
216.73.216.255 - - [21/Jul/2025:12:54:19 +0000] "GET /detail/945902024 HTTP/1.1" 404 16415 "-" "Mozilla/5.0 AppleWebKit/537.36 (KHTML, like Gecko; compatible; ClaudeBot/1.0; [email protected])"
216.73.216.255 - - [21/Jul/2025:12:54:22 +0000] "GET /detail/945758097 HTTP/1.1" 404 16414 "-" "Mozilla/5.0 AppleWebKit/537.36 (KHTML, like Gecko; compatible; ClaudeBot/1.0; [email protected])"
2a03:2880:f800:: - - [21/Jul/2025:12:54:51 +0000] "GET /detail/1296031893 HTTP/1.1" 404 16415 "-" "meta-externalagent/1.1 (+https://developers.facebook.com/docs/sharing/webmasters/crawler)"
66.249.79.233 - - [21/Jul/2025:12:55:05 +0000] "POST /get-message-notify HTTP/1.1" 200 19474 "https://www.kelaby.company/?h=35206575021960&mod=6f08b009&uri=product.php?detail/3551764" "Mozilla/5.0 (Linux; Android 6.0.1; Nexus 5X Build/MMB29P) AppleWebKit/537.36 (KHTML, like Gecko) Chrome/137.0.7151.119 Mobile Safari/537.36 (compatible; Googlebot/2.1; +http://www.google.com/bot.html)"
209.74.77.214 - - [21/Jul/2025:12:55:10 +0000] "POST /wp-cron.php?doing_wp_cron=1753102510.4768118858337402343750 HTTP/1.1" 200 - "-" "WordPress/6.8.2; https://kelaby.company"
199.195.249.170 - - [21/Jul/2025:12:55:10 +0000] "GET /wp-login.php HTTP/1.1" 200 2014 "-" "Mozilla/5.0 (Macintosh; Intel Mac OS X 10_10) AppleWebKit/538.46 (KHTML, like Gecko) Version/8.0 Safari/538.46"
216.73.216.255 - - [21/Jul/2025:12:55:19 +0000] "GET /detail/946114472 HTTP/1.1" 404 16416 "-" "Mozilla/5.0 AppleWebKit/537.36 (KHTML, like Gecko; compatible; ClaudeBot/1.0; [email protected])"
216.73.216.255 - - [21/Jul/2025:12:55:22 +0000] "GET /detail/946102013 HTTP/1.1" 404 16415 "-" "Mozilla/5.0 AppleWebKit/537.36 (KHTML, like Gecko; compatible; ClaudeBot/1.0; [email protected])"
209.74.77.214 - - [21/Jul/2025:12:56:01 +0000] "POST /wp-cron.php?doing_wp_cron=1753102561.5630869865417480468750 HTTP/1.1" 200 - "-" "WordPress/6.8.2; https://kelaby.company"
2a03:2880:f800:4:: - - [21/Jul/2025:12:56:00 +0000] "GET /detail/1295970980 HTTP/1.1" 404 16415 "-" "meta-externalagent/1.1 (+https://developers.facebook.com/docs/sharing/webmasters/crawler)"
216.73.216.255 - - [21/Jul/2025:12:56:16 +0000] "GET /detail/945902433 HTTP/1.1" 404 16415 "-" "Mozilla/5.0 AppleWebKit/537.36 (KHTML, like Gecko; compatible; ClaudeBot/1.0; [email protected])"
216.73.216.255 - - [21/Jul/2025:12:56:18 +0000] "GET /detail/945774450 HTTP/1.1" 404 16416 "-" "Mozilla/5.0 AppleWebKit/537.36 (KHTML, like Gecko; compatible; ClaudeBot/1.0; [email protected])"
209.74.77.214 - - [21/Jul/2025:12:57:14 +0000] "POST /wp-cron.php?doing_wp_cron=1753102633.9096999168395996093750 HTTP/1.1" 200 - "-" "WordPress/6.8.2; https://kelaby.company"
209.74.77.214 - - [21/Jul/2025:12:57:14 +0000] "POST /wp-cron.php?doing_wp_cron=1753102633.9097630977630615234375 HTTP/1.1" 200 - "-" "WordPress/6.8.2; https://kelaby.company"
51.222.253.2 - - [21/Jul/2025:12:57:13 +0000] "GET /?h=34337630041960&mod=adc94733&uri=article.php%3Fid%3D1146061-1075%26name%3Dfila+2019+collection HTTP/1.1" 301 - "-" "Mozilla/5.0 (compatible; AhrefsBot/7.0; +http://ahrefs.com/robot/)"
216.73.216.255 - - [21/Jul/2025:12:57:11 +0000] "GET /detail/946098457 HTTP/1.1" 404 16416 "-" "Mozilla/5.0 AppleWebKit/537.36 (KHTML, like Gecko; compatible; ClaudeBot/1.0; [email protected])"
216.73.216.255 - - [21/Jul/2025:12:57:17 +0000] "GET /detail/946002425 HTTP/1.1" 404 16415 "-" "Mozilla/5.0 AppleWebKit/537.36 (KHTML, like Gecko; compatible; ClaudeBot/1.0; [email protected])"
2a03:2880:f800:16:: - - [21/Jul/2025:12:57:21 +0000] "GET /detail/1296100325 HTTP/1.1" 404 16415 "-" "meta-externalagent/1.1 (+https://developers.facebook.com/docs/sharing/webmasters/crawler)"
2a03:2880:f800:7:: - - [21/Jul/2025:12:57:56 +0000] "GET /detail/1295717536 HTTP/1.1" 404 16416 "-" "meta-externalagent/1.1 (+https://developers.facebook.com/docs/sharing/webmasters/crawler)"
209.74.77.214 - - [21/Jul/2025:12:58:06 +0000] "POST /wp-cron.php?doing_wp_cron=1753102686.1815290451049804687500 HTTP/1.1" 200 - "-" "WordPress/6.8.2; https://kelaby.company"
216.73.216.255 - - [21/Jul/2025:12:58:04 +0000] "GET /detail/946123224 HTTP/1.1" 404 16416 "-" "Mozilla/5.0 AppleWebKit/537.36 (KHTML, like Gecko; compatible; ClaudeBot/1.0; [email protected])"
216.73.216.255 - - [21/Jul/2025:12:58:07 +0000] "GET /detail/945931185 HTTP/1.1" 404 16415 "-" "Mozilla/5.0 AppleWebKit/537.36 (KHTML, like Gecko; compatible; ClaudeBot/1.0; [email protected])"
199.195.249.170 - - [21/Jul/2025:12:58:08 +0000] "GET /wp-admin/themes.php HTTP/1.1" 302 - "-" "python-requests/2.27.1"
209.74.77.214 - - [21/Jul/2025:12:59:01 +0000] "POST /wp-cron.php?doing_wp_cron=1753102741.0516490936279296875000 HTTP/1.1" 200 - "-" "WordPress/6.8.2; https://kelaby.company"
216.73.216.255 - - [21/Jul/2025:12:58:59 +0000] "GET /detail/945903539 HTTP/1.1" 404 16415 "-" "Mozilla/5.0 AppleWebKit/537.36 (KHTML, like Gecko; compatible; ClaudeBot/1.0; [email protected])"
216.73.216.255 - - [21/Jul/2025:12:59:02 +0000] "GET /detail/945752409 HTTP/1.1" 404 16415 "-" "Mozilla/5.0 AppleWebKit/537.36 (KHTML, like Gecko; compatible; ClaudeBot/1.0; [email protected])"
2a03:2880:f800:13:: - - [21/Jul/2025:12:59:02 +0000] "GET /detail/1295765648 HTTP/1.1" 404 16415 "-" "meta-externalagent/1.1 (+https://developers.facebook.com/docs/sharing/webmasters/crawler)"
66.249.79.232 - - [21/Jul/2025:13:00:07 +0000] "GET /?h=6122315071960&mod=e1029434&uri=article.php?detail/672220886 HTTP/1.1" 200 19556 "-" "Mozilla/5.0 (Linux; Android 6.0.1; Nexus 5X Build/MMB29P) AppleWebKit/537.36 (KHTML, like Gecko) Chrome/137.0.7151.103 Mobile Safari/537.36 (compatible; Googlebot/2.1; +http://www.google.com/bot.html)"
66.249.79.233 - - [21/Jul/2025:13:00:08 +0000] "GET /?h=91732986011960&mod=28b30720&uri=article.php?detail/38342047 HTTP/1.1" 200 18973 "-" "Mozilla/5.0 (Linux; Android 6.0.1; Nexus 5X Build/MMB29P) AppleWebKit/537.36 (KHTML, like Gecko) Chrome/137.0.7151.103 Mobile Safari/537.36 (compatible; Googlebot/2.1; +http://www.google.com/bot.html)"
66.249.79.232 - - [21/Jul/2025:13:00:09 +0000] "POST /get-message-notify HTTP/1.1" 200 19474 "https://www.kelaby.company/?h=6122315071960&mod=e1029434&uri=article.php?detail/672220886" "Mozilla/5.0 (Linux; Android 6.0.1; Nexus 5X Build/MMB29P) AppleWebKit/537.36 (KHTML, like Gecko) Chrome/137.0.7151.119 Mobile Safari/537.36 (compatible; Googlebot/2.1; +http://www.google.com/bot.html)"
209.74.77.214 - - [21/Jul/2025:13:00:10 +0000] "POST /wp-cron.php?doing_wp_cron=1753102810.4655160903930664062500 HTTP/1.1" 200 - "-" "WordPress/6.8.2; https://kelaby.company"
209.74.77.214 - - [21/Jul/2025:13:00:10 +0000] "POST /wp-cron.php?doing_wp_cron=1753102810.4657731056213378906250 HTTP/1.1" 200 - "-" "WordPress/6.8.2; https://kelaby.company"
216.73.216.255 - - [21/Jul/2025:13:00:10 +0000] "GET /detail/945647835 HTTP/1.1" 404 16415 "-" "Mozilla/5.0 AppleWebKit/537.36 (KHTML, like Gecko; compatible; ClaudeBot/1.0; [email protected])"
2a03:2880:f800:10:: - - [21/Jul/2025:13:00:10 +0000] "GET /detail/1295643759 HTTP/1.1" 404 16415 "-" "meta-externalagent/1.1 (+https://developers.facebook.com/docs/sharing/webmasters/crawler)"
51.222.253.2 - - [21/Jul/2025:13:00:08 +0000] "GET /?h=34521980091960&uri=us.php%3Fid%3D1152217-686%26name%3Dbotas%20wonders%20el%20corte%20ingles HTTP/1.1" 200 26479 "-" "Mozilla/5.0 (compatible; AhrefsBot/7.0; +http://ahrefs.com/robot/)"
216.73.216.255 - - [21/Jul/2025:13:00:12 +0000] "GET /detail/945905324 HTTP/1.1" 404 16415 "-" "Mozilla/5.0 AppleWebKit/537.36 (KHTML, like Gecko; compatible; ClaudeBot/1.0; [email protected])"
66.249.79.232 - - [21/Jul/2025:13:00:50 +0000] "GET /?h=36364990021960&mod=4b3da53a&uri=products.php?detail/36635806 HTTP/1.1" 200 20360 "-" "Mozilla/5.0 (Linux; Android 6.0.1; Nexus 5X Build/MMB29P) AppleWebKit/537.36 (KHTML, like Gecko) Chrome/137.0.7151.103 Mobile Safari/537.36 (compatible; Googlebot/2.1; +http://www.google.com/bot.html)"
66.249.79.232 - - [21/Jul/2025:13:00:51 +0000] "GET /?h=35227425011960&mod=a95aa4e6&uri=dp.php?detail/35591380 HTTP/1.1" 200 20711 "-" "Mozilla/5.0 (Linux; Android 6.0.1; Nexus 5X Build/MMB29P) AppleWebKit/537.36 (KHTML, like Gecko) Chrome/137.0.7151.103 Mobile Safari/537.36 (compatible; Googlebot/2.1; +http://www.google.com/bot.html)"
66.249.79.232 - - [21/Jul/2025:13:00:51 +0000] "GET /?h=91732986011960&mod=28b30720&uri=article.php?detail/1150400414 HTTP/1.1" 200 19253 "-" "Mozilla/5.0 (Linux; Android 6.0.1; Nexus 5X Build/MMB29P) AppleWebKit/537.36 (KHTML, like Gecko) Chrome/137.0.7151.103 Mobile Safari/537.36 (compatible; Googlebot/2.1; +http://www.google.com/bot.html)"
66.249.79.232 - - [21/Jul/2025:13:00:53 +0000] "POST /get-message-notify HTTP/1.1" 200 19474 "https://www.kelaby.company/?h=35227425011960&mod=a95aa4e6&uri=dp.php?detail/35591380" "Mozilla/5.0 (Linux; Android 6.0.1; Nexus 5X Build/MMB29P) AppleWebKit/537.36 (KHTML, like Gecko) Chrome/137.0.7151.119 Mobile Safari/537.36 (compatible; Googlebot/2.1; +http://www.google.com/bot.html)"
66.249.79.232 - - [21/Jul/2025:13:00:54 +0000] "POST /get-message-notify HTTP/1.1" 200 19474 "https://www.kelaby.company/?h=36364990021960&mod=4b3da53a&uri=products.php?detail/36635806" "Mozilla/5.0 (Linux; Android 6.0.1; Nexus 5X Build/MMB29P) AppleWebKit/537.36 (KHTML, like Gecko) Chrome/137.0.7151.119 Mobile Safari/537.36 (compatible; Googlebot/2.1; +http://www.google.com/bot.html)"
209.74.77.214 - - [21/Jul/2025:13:01:06 +0000] "POST /wp-cron.php?doing_wp_cron=1753102866.5968461036682128906250 HTTP/1.1" 200 - "-" "WordPress/6.8.2; https://kelaby.company"
2a03:2880:f800:1d:: - - [21/Jul/2025:13:01:04 +0000] "GET /detail/1296119429 HTTP/1.1" 404 16415 "-" "meta-externalagent/1.1 (+https://developers.facebook.com/docs/sharing/webmasters/crawler)"
216.73.216.255 - - [21/Jul/2025:13:01:23 +0000] "GET /detail/946148144 HTTP/1.1" 404 16414 "-" "Mozilla/5.0 AppleWebKit/537.36 (KHTML, like Gecko; compatible; ClaudeBot/1.0; [email protected])"
216.73.216.255 - - [21/Jul/2025:13:01:26 +0000] "GET /detail/945984217 HTTP/1.1" 404 16415 "-" "Mozilla/5.0 AppleWebKit/537.36 (KHTML, like Gecko; compatible; ClaudeBot/1.0; [email protected])"
66.249.79.232 - - [21/Jul/2025:13:01:33 +0000] "GET /?h=5817008011960&mod=9bbcf8c9&uri=goods.php?detail/980741251 HTTP/1.1" 200 19111 "-" "Mozilla/5.0 (Linux; Android 6.0.1; Nexus 5X Build/MMB29P) AppleWebKit/537.36 (KHTML, like Gecko) Chrome/137.0.7151.103 Mobile Safari/537.36 (compatible; Googlebot/2.1; +http://www.google.com/bot.html)"
66.249.79.234 - - [21/Jul/2025:13:01:34 +0000] "GET /?h=115177481061960&mod=0bd193c9&uri=product.php?detail/4481056 HTTP/1.1" 200 19137 "-" "Mozilla/5.0 (Linux; Android 6.0.1; Nexus 5X Build/MMB29P) AppleWebKit/537.36 (KHTML, like Gecko) Chrome/137.0.7151.103 Mobile Safari/537.36 (compatible; Googlebot/2.1; +http://www.google.com/bot.html)"
66.249.79.233 - - [21/Jul/2025:13:01:37 +0000] "POST /get-message-notify HTTP/1.1" 200 19474 "https://www.kelaby.company/?h=115177481061960&mod=0bd193c9&uri=product.php?detail/4481056" "Mozilla/5.0 (Linux; Android 6.0.1; Nexus 5X Build/MMB29P) AppleWebKit/537.36 (KHTML, like Gecko) Chrome/137.0.7151.119 Mobile Safari/537.36 (compatible; Googlebot/2.1; +http://www.google.com/bot.html)"
199.195.249.170 - - [21/Jul/2025:13:01:45 +0000] "GET /wp-login.php?redirect_to=https%3A%2F%2Fkelaby.company%2Fwp-admin%2Fthemes.php&reauth=1 HTTP/1.1" 200 2020 "-" "python-requests/2.27.1"
209.74.77.214 - - [21/Jul/2025:13:02:05 +0000] "POST /wp-cron.php?doing_wp_cron=1753102924.8925669193267822265625 HTTP/1.1" 200 - "-" "WordPress/6.8.2; https://kelaby.company"
2a03:2880:f800:d:: - - [21/Jul/2025:13:02:04 +0000] "GET /detail/1296053513 HTTP/1.1" 404 16415 "-" "meta-externalagent/1.1 (+https://developers.facebook.com/docs/sharing/webmasters/crawler)"
216.73.216.255 - - [21/Jul/2025:13:02:39 +0000] "GET /detail/946004210 HTTP/1.1" 404 16415 "-" "Mozilla/5.0 AppleWebKit/537.36 (KHTML, like Gecko; compatible; ClaudeBot/1.0; [email protected])"
216.73.216.255 - - [21/Jul/2025:13:02:42 +0000] "GET /detail/945678436 HTTP/1.1" 404 16414 "-" "Mozilla/5.0 AppleWebKit/537.36 (KHTML, like Gecko; compatible; ClaudeBot/1.0; [email protected])"
66.249.79.232 - - [21/Jul/2025:13:02:43 +0000] "GET /?h=5868009011960&mod=7530b57b&uri=pin.php%3Fid%3D195957-341%26name%3Dbatido+de+pi%C3%83%C2%B1a+y+remolacha HTTP/1.1" 200 21356 "-" "Mozilla/5.0 (Linux; Android 6.0.1; Nexus 5X Build/MMB29P) AppleWebKit/537.36 (KHTML, like Gecko) Chrome/137.0.7151.103 Mobile Safari/537.36 (compatible; Googlebot/2.1; +http://www.google.com/bot.html)"
209.74.77.214 - - [21/Jul/2025:13:03:08 +0000] "POST /wp-cron.php?doing_wp_cron=1753102988.5301699638366699218750 HTTP/1.1" 200 - "-" "WordPress/6.8.2; https://kelaby.company"
2a03:2880:f800:13:: - - [21/Jul/2025:13:03:08 +0000] "GET /detail/1296046738 HTTP/1.1" 404 16414 "-" "meta-externalagent/1.1 (+https://developers.facebook.com/docs/sharing/webmasters/crawler)"
66.249.79.34 - - [21/Jul/2025:13:03:26 +0000] "GET /?h=89827842091960&mod=c4fb7465&uri=brands.php%3Fid%3D2997691-875%26name%3Dnew+balance+574+sneaker+review HTTP/1.1" 200 21334 "-" "Mozilla/5.0 (Linux; Android 6.0.1; Nexus 5X Build/MMB29P) AppleWebKit/537.36 (KHTML, like Gecko) Chrome/137.0.7151.103 Mobile Safari/537.36 (compatible; Googlebot/2.1; +http://www.google.com/bot.html)"
51.222.253.17 - - [21/Jul/2025:13:03:26 +0000] "GET /?h=3515262131960&mod=4d87b1e6&uri=shop.php%3Fid%3D117336-221%26name%3Dvans+ultrarange+size+13 HTTP/1.1" 301 - "-" "Mozilla/5.0 (compatible; AhrefsBot/7.0; +http://ahrefs.com/robot/)"
66.249.79.34 - - [21/Jul/2025:13:03:26 +0000] "GET /?h=5759757011960&mod=60b7f5df&uri=dp.php%3Fid%3D192345-335%26name%3Dsonos+arc+hdmi+cable+specs HTTP/1.1" 200 21291 "-" "Mozilla/5.0 (Linux; Android 6.0.1; Nexus 5X Build/MMB29P) AppleWebKit/537.36 (KHTML, like Gecko) Chrome/137.0.7151.103 Mobile Safari/537.36 (compatible; Googlebot/2.1; +http://www.google.com/bot.html)"
66.249.79.34 - - [21/Jul/2025:13:03:26 +0000] "GET /?h=6081189011960&mod=c7ced588&uri=itm.php%3Fid%3D203073-349%26name%3Dcomparateur+mutuelle+orthodontie+adulte HTTP/1.1" 200 21305 "-" "Mozilla/5.0 (Linux; Android 6.0.1; Nexus 5X Build/MMB29P) AppleWebKit/537.36 (KHTML, like Gecko) Chrome/137.0.7151.103 Mobile Safari/537.36 (compatible; Googlebot/2.1; +http://www.google.com/bot.html)"
216.73.216.255 - - [21/Jul/2025:13:03:33 +0000] "GET /detail/945763017 HTTP/1.1" 404 16415 "-" "Mozilla/5.0 AppleWebKit/537.36 (KHTML, like Gecko; compatible; ClaudeBot/1.0; [email protected])"
216.73.216.255 - - [21/Jul/2025:13:03:36 +0000] "GET /detail/945683719 HTTP/1.1" 404 16415 "-" "Mozilla/5.0 AppleWebKit/537.36 (KHTML, like Gecko; compatible; ClaudeBot/1.0; [email protected])"
66.249.79.34 - - [21/Jul/2025:13:04:08 +0000] "GET /?h=5937461061960&mod=be8e1862&uri=itm.php%3Fid%3D198274-342%26name%3Dbaby+bjorn+bouncer+sleep+overnight HTTP/1.1" 200 21305 "-" "Mozilla/5.0 (Linux; Android 6.0.1; Nexus 5X Build/MMB29P) AppleWebKit/537.36 (KHTML, like Gecko) Chrome/137.0.7151.103 Mobile Safari/537.36 (compatible; Googlebot/2.1; +http://www.google.com/bot.html)"
209.74.77.214 - - [21/Jul/2025:13:04:27 +0000] "POST /wp-cron.php?doing_wp_cron=1753103067.0336360931396484375000 HTTP/1.1" 200 - "-" "WordPress/6.8.2; https://kelaby.company"
2a03:2880:f800:12:: - - [21/Jul/2025:13:04:26 +0000] "GET /detail/1296129351 HTTP/1.1" 404 16415 "-" "meta-externalagent/1.1 (+https://developers.facebook.com/docs/sharing/webmasters/crawler)"
216.73.216.255 - - [21/Jul/2025:13:04:36 +0000] "GET /detail/945682954 HTTP/1.1" 404 16415 "-" "Mozilla/5.0 AppleWebKit/537.36 (KHTML, like Gecko; compatible; ClaudeBot/1.0; [email protected])"
216.73.216.255 - - [21/Jul/2025:13:04:38 +0000] "GET /detail/946121878 HTTP/1.1" 404 16415 "-" "Mozilla/5.0 AppleWebKit/537.36 (KHTML, like Gecko; compatible; ClaudeBot/1.0; [email protected])"
66.249.79.32 - - [21/Jul/2025:13:04:50 +0000] "GET /?h=6132455071960&mod=e1029434&uri=dp.php?dozin.html HTTP/1.1" 200 20864 "-" "Mozilla/5.0 (Linux; Android 6.0.1; Nexus 5X Build/MMB29P) AppleWebKit/537.36 (KHTML, like Gecko) Chrome/137.0.7151.103 Mobile Safari/537.36 (compatible; Googlebot/2.1; +http://www.google.com/bot.html)"
66.249.79.32 - - [21/Jul/2025:13:04:51 +0000] "GET /?h=5927801031960&mod=09018a5a&uri=blog.php?toiawase HTTP/1.1" 200 20801 "-" "Mozilla/5.0 (Linux; Android 6.0.1; Nexus 5X Build/MMB29P) AppleWebKit/537.36 (KHTML, like Gecko) Chrome/137.0.7151.103 Mobile Safari/537.36 (compatible; Googlebot/2.1; +http://www.google.com/bot.html)"
209.74.77.214 - - [21/Jul/2025:13:05:16 +0000] "POST /wp-cron.php?doing_wp_cron=1753103116.6099660396575927734375 HTTP/1.1" 200 - "-" "WordPress/6.8.2; https://kelaby.company"
2a03:2880:f800:12:: - - [21/Jul/2025:13:05:15 +0000] "GET /detail/1295661074 HTTP/1.1" 404 16415 "-" "meta-externalagent/1.1 (+https://developers.facebook.com/docs/sharing/webmasters/crawler)"
66.249.79.33 - - [21/Jul/2025:13:05:56 +0000] "POST /get-message-notify HTTP/1.1" 200 19449 "https://kelaby.company/?h=5927801031960&mod=09018a5a&uri=blog.php?toiawase" "Mozilla/5.0 (Linux; Android 6.0.1; Nexus 5X Build/MMB29P) AppleWebKit/537.36 (KHTML, like Gecko) Chrome/137.0.7151.119 Mobile Safari/537.36 (compatible; Googlebot/2.1; +http://www.google.com/bot.html)"
209.74.77.214 - - [21/Jul/2025:13:06:26 +0000] "POST /wp-cron.php?doing_wp_cron=1753103186.0133419036865234375000 HTTP/1.1" 200 - "-" "WordPress/6.8.2; https://kelaby.company"
2a03:2880:f800:1b:: - - [21/Jul/2025:13:06:25 +0000] "GET /detail/1295623762 HTTP/1.1" 404 16415 "-" "meta-externalagent/1.1 (+https://developers.facebook.com/docs/sharing/webmasters/crawler)"
216.73.216.255 - - [21/Jul/2025:13:06:37 +0000] "GET /detail/945841051 HTTP/1.1" 404 16415 "-" "Mozilla/5.0 AppleWebKit/537.36 (KHTML, like Gecko; compatible; ClaudeBot/1.0; [email protected])"
216.73.216.255 - - [21/Jul/2025:13:06:40 +0000] "GET /detail/946041785 HTTP/1.1" 404 16415 "-" "Mozilla/5.0 AppleWebKit/537.36 (KHTML, like Gecko; compatible; ClaudeBot/1.0; [email protected])"
51.222.253.11 - - [21/Jul/2025:13:06:41 +0000] "GET /?h=357748061960&uri=search.php%3Fid%3D11946-31%26name%3Dpepe%20jeans%20ans%20garcon HTTP/1.1" 200 26473 "-" "Mozilla/5.0 (compatible; AhrefsBot/7.0; +http://ahrefs.com/robot/)"
209.74.77.214 - - [21/Jul/2025:13:07:32 +0000] "POST /wp-cron.php?doing_wp_cron=1753103252.5370569229125976562500 HTTP/1.1" 200 - "-" "WordPress/6.8.2; https://kelaby.company"
66.249.79.232 - - [21/Jul/2025:13:07:32 +0000] "GET /robots.txt HTTP/1.1" 304 - "-" "Mozilla/5.0 (compatible; Googlebot/2.1; +http://www.google.com/bot.html)"
66.249.79.232 - - [21/Jul/2025:13:07:32 +0000] "GET /?h=5743745031960&mod=60b7f5df&uri=news.php%3Fid%3D191811-335%26name%3Dsonos+beam+lip+sync+sony+bravia HTTP/1.1" 200 21343 "-" "Mozilla/5.0 (Linux; Android 6.0.1; Nexus 5X Build/MMB29P) AppleWebKit/537.36 (KHTML, like Gecko) Chrome/137.0.7151.103 Mobile Safari/537.36 (compatible; Googlebot/2.1; +http://www.google.com/bot.html)"
216.73.216.255 - - [21/Jul/2025:13:07:31 +0000] "GET /detail/946008728 HTTP/1.1" 404 16415 "-" "Mozilla/5.0 AppleWebKit/537.36 (KHTML, like Gecko; compatible; ClaudeBot/1.0; [email protected])"
66.249.79.230 - - [21/Jul/2025:13:07:33 +0000] "GET /?h=86665051001960&mod=fe7fdf17&uri=search.php%3Fid%3D2892143-478%26name%3Dmountain+bike+raptor HTTP/1.1" 200 21325 "-" "Mozilla/5.0 (Linux; Android 6.0.1; Nexus 5X Build/MMB29P) AppleWebKit/537.36 (KHTML, like Gecko) Chrome/137.0.7151.103 Mobile Safari/537.36 (compatible; Googlebot/2.1; +http://www.google.com/bot.html)"
216.73.216.255 - - [21/Jul/2025:13:07:34 +0000] "GET /detail/945952330 HTTP/1.1" 404 16415 "-" "Mozilla/5.0 AppleWebKit/537.36 (KHTML, like Gecko; compatible; ClaudeBot/1.0; [email protected])"
2a03:2880:f800:e:: - - [21/Jul/2025:13:07:37 +0000] "GET /detail/1295834162 HTTP/1.1" 404 16415 "-" "meta-externalagent/1.1 (+https://developers.facebook.com/docs/sharing/webmasters/crawler)"
66.249.79.230 - - [21/Jul/2025:13:08:12 +0000] "POST /get-message-notify HTTP/1.1" 200 19474 "https://www.kelaby.company/?h=86665051001960&mod=fe7fdf17&uri=search.php%3Fid%3D2892143-478%26name%3Dmountain+bike+raptor" "Mozilla/5.0 (Linux; Android 6.0.1; Nexus 5X Build/MMB29P) AppleWebKit/537.36 (KHTML, like Gecko) Chrome/137.0.7151.119 Mobile Safari/537.36 (compatible; Googlebot/2.1; +http://www.google.com/bot.html)"
209.74.77.214 - - [21/Jul/2025:13:08:17 +0000] "POST /wp-cron.php?doing_wp_cron=1753103297.7742350101470947265625 HTTP/1.1" 200 - "-" "WordPress/6.8.2; https://kelaby.company"
2a03:2880:f800:9:: - - [21/Jul/2025:13:08:16 +0000] "GET /detail/1295873373 HTTP/1.1" 404 16415 "-" "meta-externalagent/1.1 (+https://developers.facebook.com/docs/sharing/webmasters/crawler)"
216.73.216.255 - - [21/Jul/2025:13:08:25 +0000] "GET /detail/945931459 HTTP/1.1" 404 16415 "-" "Mozilla/5.0 AppleWebKit/537.36 (KHTML, like Gecko; compatible; ClaudeBot/1.0; [email protected])"
216.73.216.255 - - [21/Jul/2025:13:08:28 +0000] "GET /detail/945861663 HTTP/1.1" 404 16415 "-" "Mozilla/5.0 AppleWebKit/537.36 (KHTML, like Gecko; compatible; ClaudeBot/1.0; [email protected])"
209.74.77.214 - - [21/Jul/2025:13:09:19 +0000] "POST /wp-cron.php?doing_wp_cron=1753103359.6551270484924316406250 HTTP/1.1" 200 - "-" "WordPress/6.8.2; https://kelaby.company"
209.74.77.214 - - [21/Jul/2025:13:09:20 +0000] "POST /wp-cron.php?doing_wp_cron=1753103359.6551539897918701171875 HTTP/1.1" 200 - "-" "WordPress/6.8.2; https://kelaby.company"
2a03:2880:f800:15:: - - [21/Jul/2025:13:09:18 +0000] "GET /detail/1295938736 HTTP/1.1" 404 16415 "-" "meta-externalagent/1.1 (+https://developers.facebook.com/docs/sharing/webmasters/crawler)"
216.73.216.255 - - [21/Jul/2025:13:09:17 +0000] "GET /detail/946021950 HTTP/1.1" 404 16415 "-" "Mozilla/5.0 AppleWebKit/537.36 (KHTML, like Gecko; compatible; ClaudeBot/1.0; [email protected])"
216.73.216.255 - - [21/Jul/2025:13:09:23 +0000] "GET /detail/945996838 HTTP/1.1" 404 16415 "-" "Mozilla/5.0 AppleWebKit/537.36 (KHTML, like Gecko; compatible; ClaudeBot/1.0; [email protected])"
209.74.77.214 - - [21/Jul/2025:13:10:15 +0000] "POST /wp-cron.php?doing_wp_cron=1753103415.3667719364166259765625 HTTP/1.1" 200 - "-" "WordPress/6.8.2; https://kelaby.company"
216.73.216.255 - - [21/Jul/2025:13:10:13 +0000] "GET /detail/945842836 HTTP/1.1" 404 16415 "-" "Mozilla/5.0 AppleWebKit/537.36 (KHTML, like Gecko; compatible; ClaudeBot/1.0; [email protected])"
216.73.216.255 - - [21/Jul/2025:13:10:19 +0000] "GET /detail/945908050 HTTP/1.1" 404 16415 "-" "Mozilla/5.0 AppleWebKit/537.36 (KHTML, like Gecko; compatible; ClaudeBot/1.0; [email protected])"
47.82.11.48 - - [21/Jul/2025:13:10:29 +0000] "GET /?h=5089087041960&mod=32776512&uri=shop.php?id%3D169892-309%26name%3D1080+ti+flight+simulator+2020 HTTP/1.1" 301 - "https://kelaby.company/?h=5089087041960&mod=32776512&uri=shop.php%3Fid%3D169892-309%26name%3D1080+ti+flight+simulator+2020" "Mozilla/5.0 (Windows NT 10.0; Win64; x64) AppleWebKit/537.36 (KHTML, like Gecko) Chrome/114.0.0.0 Safari/537.36 Edg/114.0.1823.43"
47.82.11.48 - - [21/Jul/2025:13:10:30 +0000] "GET /?h=5089087041960&mod=32776512&uri=shop.php?id%3D169892-309%26name%3D1080%20ti%20flight%20simulator%202020 HTTP/1.1" 301 - "https://kelaby.company/?h=5089087041960&mod=32776512&uri=shop.php%3Fid%3D169892-309%26name%3D1080+ti+flight+simulator+2020" "Mozilla/5.0 (Windows NT 10.0; Win64; x64) AppleWebKit/537.36 (KHTML, like Gecko) Chrome/114.0.0.0 Safari/537.36 Edg/114.0.1823.43"
51.222.253.19 - - [21/Jul/2025:13:10:31 +0000] "GET /?h=35973707081960&uri=itm.php%3Fid%3D1200660-626%26name%3Dnike%20force%20savage%20elite%20td HTTP/1.1" 200 26475 "-" "Mozilla/5.0 (compatible; AhrefsBot/7.0; +http://ahrefs.com/robot/)"
2a03:2880:f800:a:: - - [21/Jul/2025:13:10:36 +0000] "GET /detail/1295646488 HTTP/1.1" 404 16415 "-" "meta-externalagent/1.1 (+https://developers.facebook.com/docs/sharing/webmasters/crawler)"
209.74.77.214 - - [21/Jul/2025:13:11:28 +0000] "POST /wp-cron.php?doing_wp_cron=1753103487.9962570667266845703125 HTTP/1.1" 200 - "-" "WordPress/6.8.2; https://kelaby.company"
216.73.216.255 - - [21/Jul/2025:13:11:27 +0000] "GET /detail/945691496 HTTP/1.1" 404 16414 "-" "Mozilla/5.0 AppleWebKit/537.36 (KHTML, like Gecko; compatible; ClaudeBot/1.0; [email protected])"
216.73.216.255 - - [21/Jul/2025:13:11:29 +0000] "GET /detail/945992777 HTTP/1.1" 404 16415 "-" "Mozilla/5.0 AppleWebKit/537.36 (KHTML, like Gecko; compatible; ClaudeBot/1.0; [email protected])"
2a03:2880:f800:e:: - - [21/Jul/2025:13:11:30 +0000] "GET /detail/1295799320 HTTP/1.1" 404 16415 "-" "meta-externalagent/1.1 (+https://developers.facebook.com/docs/sharing/webmasters/crawler)"
66.249.79.33 - - [21/Jul/2025:13:11:42 +0000] "GET /?h=6090379061960&mod=f7efa4f8&uri=shop.php%3Fid%3D203380-40%26name%3Dmilwaukee+m12+rocket HTTP/1.1" 200 21283 "-" "Mozilla/5.0 (Linux; Android 6.0.1; Nexus 5X Build/MMB29P) AppleWebKit/537.36 (KHTML, like Gecko) Chrome/137.0.7151.103 Mobile Safari/537.36 (compatible; Googlebot/2.1; +http://www.google.com/bot.html)"
66.249.79.231 - - [21/Jul/2025:13:11:43 +0000] "GET /robots.txt HTTP/1.1" 304 - "-" "Mozilla/5.0 (compatible; Googlebot/2.1; +http://www.google.com/bot.html)"
66.249.79.37 - - [21/Jul/2025:13:11:43 +0000] "GET /?h=5878625041960&mod=7530b57b&uri=us.php%3Fid%3D196312-341%26name%3Dbatido+de+avena+fresa+y+banano HTTP/1.1" 200 21295 "-" "Mozilla/5.0 (Linux; Android 6.0.1; Nexus 5X Build/MMB29P) AppleWebKit/537.36 (KHTML, like Gecko) Chrome/137.0.7151.103 Mobile Safari/537.36 (compatible; Googlebot/2.1; +http://www.google.com/bot.html)"
66.249.79.33 - - [21/Jul/2025:13:11:43 +0000] "GET /?h=5891184091960&mod=8c76acf2&uri=pin.php%3Fid%3D196731-155%26name%3Dpolk+momo+speakers HTTP/1.1" 200 21280 "-" "Mozilla/5.0 (Linux; Android 6.0.1; Nexus 5X Build/MMB29P) AppleWebKit/537.36 (KHTML, like Gecko) Chrome/137.0.7151.103 Mobile Safari/537.36 (compatible; Googlebot/2.1; +http://www.google.com/bot.html)"
66.249.79.231 - - [21/Jul/2025:13:11:43 +0000] "GET /?h=6031924071960&mod=7a7338ef&uri=search.php%3Fid%3D201427-347%26name%3Dpull+zipp%C3%83%C2%A9+eden+park HTTP/1.1" 200 21346 "-" "Mozilla/5.0 (Linux; Android 6.0.1; Nexus 5X Build/MMB29P) AppleWebKit/537.36 (KHTML, like Gecko) Chrome/137.0.7151.103 Mobile Safari/537.36 (compatible; Googlebot/2.1; +http://www.google.com/bot.html)"
209.74.77.214 - - [21/Jul/2025:13:12:23 +0000] "POST /wp-cron.php?doing_wp_cron=1753103542.9591729640960693359375 HTTP/1.1" 200 - "-" "WordPress/6.8.2; https://kelaby.company"
216.73.216.255 - - [21/Jul/2025:13:12:21 +0000] "GET /detail/945992455 HTTP/1.1" 404 16415 "-" "Mozilla/5.0 AppleWebKit/537.36 (KHTML, like Gecko; compatible; ClaudeBot/1.0; [email protected])"
216.73.216.255 - - [21/Jul/2025:13:12:24 +0000] "GET /detail/945877257 HTTP/1.1" 404 16415 "-" "Mozilla/5.0 AppleWebKit/537.36 (KHTML, like Gecko; compatible; ClaudeBot/1.0; [email protected])"
66.249.79.33 - - [21/Jul/2025:13:12:32 +0000] "POST /get-message-notify HTTP/1.1" 200 19449 "https://kelaby.company/?h=5878625041960&mod=7530b57b&uri=us.php%3Fid%3D196312-341%26name%3Dbatido+de+avena+fresa+y+banano" "Mozilla/5.0 (Linux; Android 6.0.1; Nexus 5X Build/MMB29P) AppleWebKit/537.36 (KHTML, like Gecko) Chrome/137.0.7151.119 Mobile Safari/537.36 (compatible; Googlebot/2.1; +http://www.google.com/bot.html)"
98.158.79.194 - - [21/Jul/2025:13:12:56 +0000] "GET /wp-login.php HTTP/1.1" 200 2014 "http://kelaby.company/wp-login.php" "Mozilla/5.0 (Windows NT 10.0; Win64; x64; rv:137.0) Gecko/20100101 Firefox/137.0"
98.158.79.194 - - [21/Jul/2025:13:12:56 +0000] "POST /wp-login.php HTTP/1.1" 200 2163 "https://kelaby.company/wp-login.php?redirect_to=https%3A%2F%2Fkelaby.company%2Fwp-admin%2F" "Mozilla/5.0 (Windows NT 10.0; Win64; x64; rv:137.0) Gecko/20100101 Firefox/137.0"
209.74.77.214 - - [21/Jul/2025:13:13:15 +0000] "POST /wp-cron.php?doing_wp_cron=1753103594.9908199310302734375000 HTTP/1.1" 200 - "-" "WordPress/6.8.2; https://kelaby.company"
216.73.216.255 - - [21/Jul/2025:13:13:14 +0000] "GET /detail/945973417 HTTP/1.1" 404 16414 "-" "Mozilla/5.0 AppleWebKit/537.36 (KHTML, like Gecko; compatible; ClaudeBot/1.0; [email protected])"
216.73.216.255 - - [21/Jul/2025:13:13:17 +0000] "GET /detail/946124675 HTTP/1.1" 404 16414 "-" "Mozilla/5.0 AppleWebKit/537.36 (KHTML, like Gecko; compatible; ClaudeBot/1.0; [email protected])"
2a03:2880:f800:1d:: - - [21/Jul/2025:13:13:24 +0000] "GET /detail/1295818486 HTTP/1.1" 404 16415 "-" "meta-externalagent/1.1 (+https://developers.facebook.com/docs/sharing/webmasters/crawler)"
47.82.11.23 - - [21/Jul/2025:13:13:44 +0000] "GET /?h=5870259091960&mod=7530b57b&uri=info.php?id%3D196032-341%26name%3Dlicuado+de+banana+manzana+y+leche HTTP/1.1" 301 - "https://kelaby.company/?h=5870259091960&mod=7530b57b&uri=info.php%3Fid%3D196032-341%26name%3Dlicuado+de+banana+manzana+y+leche" "Mozilla/5.0 (Windows NT 10.0; Win64; x64) AppleWebKit/537.36 (KHTML, like Gecko) Chrome/114.0.0.0 Safari/537.36 Edg/114.0.1823.43"
47.82.11.23 - - [21/Jul/2025:13:13:44 +0000] "GET /?h=5870259091960&mod=7530b57b&uri=info.php?id%3D196032-341%26name%3Dlicuado%20de%20banana%20manzana%20y%20leche HTTP/1.1" 301 - "https://kelaby.company/?h=5870259091960&mod=7530b57b&uri=info.php%3Fid%3D196032-341%26name%3Dlicuado+de+banana+manzana+y+leche" "Mozilla/5.0 (Windows NT 10.0; Win64; x64) AppleWebKit/537.36 (KHTML, like Gecko) Chrome/114.0.0.0 Safari/537.36 Edg/114.0.1823.43"
51.222.253.16 - - [21/Jul/2025:13:13:47 +0000] "GET /?h=36316573071960&uri=us.php%3Fid%3D1212093-1099%26name%3Dfila%20manufacturer HTTP/1.1" 200 26476 "-" "Mozilla/5.0 (compatible; AhrefsBot/7.0; +http://ahrefs.com/robot/)"
66.249.79.230 - - [21/Jul/2025:13:13:49 +0000] "GET /robots.txt HTTP/1.1" 304 - "-" "Mozilla/5.0 (compatible; Googlebot/2.1; +http://www.google.com/bot.html)"
66.249.79.230 - - [21/Jul/2025:13:13:49 +0000] "GET /?h=6220506021960&mod=acac6e55&uri=goods.php?detail/672226363 HTTP/1.1" 200 19493 "-" "Mozilla/5.0 (Linux; Android 6.0.1; Nexus 5X Build/MMB29P) AppleWebKit/537.36 (KHTML, like Gecko) Chrome/137.0.7151.103 Mobile Safari/537.36 (compatible; Googlebot/2.1; +http://www.google.com/bot.html)"
66.249.79.230 - - [21/Jul/2025:13:13:49 +0000] "GET /?h=6155525041960&mod=85dfc59b&uri=itm.php%3Fid%3D205552-353%26name%3Dbasket+tanjun HTTP/1.1" 200 21305 "-" "Mozilla/5.0 (Linux; Android 6.0.1; Nexus 5X Build/MMB29P) AppleWebKit/537.36 (KHTML, like Gecko) Chrome/137.0.7151.103 Mobile Safari/537.36 (compatible; Googlebot/2.1; +http://www.google.com/bot.html)"
66.249.79.231 - - [21/Jul/2025:13:13:49 +0000] "GET /?h=5695947041960&mod=2076b5ab&uri=product.php?detail/38821595 HTTP/1.1" 200 20368 "-" "Mozilla/5.0 (Linux; Android 6.0.1; Nexus 5X Build/MMB29P) AppleWebKit/537.36 (KHTML, like Gecko) Chrome/137.0.7151.103 Mobile Safari/537.36 (compatible; Googlebot/2.1; +http://www.google.com/bot.html)"
66.249.79.33 - - [21/Jul/2025:13:13:50 +0000] "GET /?h=6520915061960&mod=7ddd00ed&uri=goods.php?detail/36495775 HTTP/1.1" 200 19262 "-" "Mozilla/5.0 (Linux; Android 6.0.1; Nexus 5X Build/MMB29P) AppleWebKit/537.36 (KHTML, like Gecko) Chrome/137.0.7151.103 Mobile Safari/537.36 (compatible; Googlebot/2.1; +http://www.google.com/bot.html)"
66.249.79.230 - - [21/Jul/2025:13:13:50 +0000] "GET /?h=6167160011960&mod=cc13c58b&uri=brands.php%3Fid%3D205942-358%26name%3Dreggiseno+gios HTTP/1.1" 200 21313 "-" "Mozilla/5.0 (Linux; Android 6.0.1; Nexus 5X Build/MMB29P) AppleWebKit/537.36 (KHTML, like Gecko) Chrome/137.0.7151.103 Mobile Safari/537.36 (compatible; Googlebot/2.1; +http://www.google.com/bot.html)"
66.249.79.231 - - [21/Jul/2025:13:14:04 +0000] "POST /get-message-notify HTTP/1.1" 200 19474 "https://www.kelaby.company/?h=5695947041960&mod=2076b5ab&uri=product.php?detail/38821595" "Mozilla/5.0 (Linux; Android 6.0.1; Nexus 5X Build/MMB29P) AppleWebKit/537.36 (KHTML, like Gecko) Chrome/137.0.7151.119 Mobile Safari/537.36 (compatible; Googlebot/2.1; +http://www.google.com/bot.html)"
209.74.77.214 - - [21/Jul/2025:13:14:08 +0000] "POST /wp-cron.php?doing_wp_cron=1753103648.8008840084075927734375 HTTP/1.1" 200 - "-" "WordPress/6.8.2; https://kelaby.company"
216.73.216.255 - - [21/Jul/2025:13:14:08 +0000] "GET /detail/945800329 HTTP/1.1" 404 16415 "-" "Mozilla/5.0 AppleWebKit/537.36 (KHTML, like Gecko; compatible; ClaudeBot/1.0; [email protected])"
45.227.253.15 - - [21/Jul/2025:13:14:10 +0000] "GET /index.php/jk HTTP/1.1" 200 59 "-" "Mozilla/5.0 (Windows NT 6.1; WOW64; rv:71.0) Gecko/20100101 Firefox/71.0"
216.73.216.255 - - [21/Jul/2025:13:14:11 +0000] "GET /detail/945925497 HTTP/1.1" 404 16415 "-" "Mozilla/5.0 AppleWebKit/537.36 (KHTML, like Gecko; compatible; ClaudeBot/1.0; [email protected])"
66.249.79.230 - - [21/Jul/2025:13:14:25 +0000] "POST /get-message-notify HTTP/1.1" 200 19474 "https://www.kelaby.company/?h=6167160011960&mod=cc13c58b&uri=brands.php%3Fid%3D205942-358%26name%3Dreggiseno+gios" "Mozilla/5.0 (Linux; Android 6.0.1; Nexus 5X Build/MMB29P) AppleWebKit/537.36 (KHTML, like Gecko) Chrome/137.0.7151.119 Mobile Safari/537.36 (compatible; Googlebot/2.1; +http://www.google.com/bot.html)"
209.74.77.214 - - [21/Jul/2025:13:15:02 +0000] "POST /wp-cron.php?doing_wp_cron=1753103702.2834849357604980468750 HTTP/1.1" 200 - "-" "WordPress/6.8.2; https://kelaby.company"
216.73.216.255 - - [21/Jul/2025:13:15:00 +0000] "GET /detail/946080377 HTTP/1.1" 404 16415 "-" "Mozilla/5.0 AppleWebKit/537.36 (KHTML, like Gecko; compatible; ClaudeBot/1.0; [email protected])"
