66.249.79.232 - - [21/Jul/2025:20:47:55 +0000] "GET /?h=97569217001960&mod=4428d361&uri=products.php?detail/38463255 HTTP/1.1" 200 19652 "-" "Mozilla/5.0 (Linux; Android 6.0.1; Nexus 5X Build/MMB29P) AppleWebKit/537.36 (KHTML, like Gecko) Chrome/137.0.7151.103 Mobile Safari/537.36 (compatible; Googlebot/2.1; +http://www.google.com/bot.html)"
66.249.79.234 - - [21/Jul/2025:20:48:06 +0000] "GET /?h=97569217001960&mod=4428d361&uri=products.php?detail/38457229 HTTP/1.1" 200 20114 "-" "Mozilla/5.0 (Linux; Android 6.0.1; Nexus 5X Build/MMB29P) AppleWebKit/537.36 (KHTML, like Gecko) Chrome/137.0.7151.103 Mobile Safari/537.36 (compatible; Googlebot/2.1; +http://www.google.com/bot.html)"
66.249.79.232 - - [21/Jul/2025:20:48:18 +0000] "GET /?h=97569217001960&mod=4428d361&uri=products.php?detail/38421153 HTTP/1.1" 200 20328 "-" "Mozilla/5.0 (Linux; Android 6.0.1; Nexus 5X Build/MMB29P) AppleWebKit/537.36 (KHTML, like Gecko) Chrome/137.0.7151.103 Mobile Safari/537.36 (compatible; Googlebot/2.1; +http://www.google.com/bot.html)"
51.222.253.13 - - [21/Jul/2025:20:48:23 +0000] "GET /?h=26709325061960&mod=dbcceae1&uri=itm.php%3Fid%3D891432-902%26name%3Den+crocs HTTP/1.1" 301 - "-" "Mozilla/5.0 (compatible; AhrefsBot/7.0; +http://ahrefs.com/robot/)"
66.249.79.232 - - [21/Jul/2025:20:48:30 +0000] "GET /?h=97569217001960&mod=4428d361&uri=products.php?detail/38463577 HTTP/1.1" 200 21166 "-" "Mozilla/5.0 (Linux; Android 6.0.1; Nexus 5X Build/MMB29P) AppleWebKit/537.36 (KHTML, like Gecko) Chrome/137.0.7151.103 Mobile Safari/537.36 (compatible; Googlebot/2.1; +http://www.google.com/bot.html)"
66.249.79.232 - - [21/Jul/2025:20:48:42 +0000] "GET /?h=5693610031960&mod=2076b5ab&uri=us.php?detail/3588994 HTTP/1.1" 200 20631 "-" "Mozilla/5.0 (Linux; Android 6.0.1; Nexus 5X Build/MMB29P) AppleWebKit/537.36 (KHTML, like Gecko) Chrome/137.0.7151.103 Mobile Safari/537.36 (compatible; Googlebot/2.1; +http://www.google.com/bot.html)"
66.249.79.232 - - [21/Jul/2025:20:48:54 +0000] "GET /?h=5693610031960&mod=2076b5ab&uri=us.php?detail/38371887 HTTP/1.1" 200 19499 "-" "Mozilla/5.0 (Linux; Android 6.0.1; Nexus 5X Build/MMB29P) AppleWebKit/537.36 (KHTML, like Gecko) Chrome/137.0.7151.103 Mobile Safari/537.36 (compatible; Googlebot/2.1; +http://www.google.com/bot.html)"
66.249.79.232 - - [21/Jul/2025:20:49:06 +0000] "GET /?h=5693610031960&mod=2076b5ab&uri=us.php?detail/38348478 HTTP/1.1" 200 19431 "-" "Mozilla/5.0 (Linux; Android 6.0.1; Nexus 5X Build/MMB29P) AppleWebKit/537.36 (KHTML, like Gecko) Chrome/137.0.7151.103 Mobile Safari/537.36 (compatible; Googlebot/2.1; +http://www.google.com/bot.html)"
209.74.77.214 - - [21/Jul/2025:20:49:10 +0000] "POST /wp-cron.php?doing_wp_cron=1753130950.6125519275665283203125 HTTP/1.1" 200 - "-" "WordPress/6.8.2; https://kelaby.company"
2a03:2880:f800:3:: - - [21/Jul/2025:20:49:10 +0000] "GET /detail/672543513 HTTP/1.1" 404 16414 "-" "meta-externalagent/1.1 (+https://developers.facebook.com/docs/sharing/webmasters/crawler)"
66.249.79.233 - - [21/Jul/2025:20:49:18 +0000] "GET /?h=5693610031960&mod=2076b5ab&uri=us.php?detail/38327607 HTTP/1.1" 200 19496 "-" "Mozilla/5.0 (Linux; Android 6.0.1; Nexus 5X Build/MMB29P) AppleWebKit/537.36 (KHTML, like Gecko) Chrome/137.0.7151.103 Mobile Safari/537.36 (compatible; Googlebot/2.1; +http://www.google.com/bot.html)"
66.249.79.232 - - [21/Jul/2025:20:49:30 +0000] "GET /?h=5693610031960&mod=2076b5ab&uri=us.php?detail/38349227 HTTP/1.1" 200 19378 "-" "Mozilla/5.0 (Linux; Android 6.0.1; Nexus 5X Build/MMB29P) AppleWebKit/537.36 (KHTML, like Gecko) Chrome/137.0.7151.103 Mobile Safari/537.36 (compatible; Googlebot/2.1; +http://www.google.com/bot.html)"
66.249.79.232 - - [21/Jul/2025:20:49:42 +0000] "POST /get-message-notify HTTP/1.1" 200 19472 "https://www.kelaby.company/?h=5693610031960&mod=2076b5ab&uri=us.php?detail/3588994" "Mozilla/5.0 (Linux; Android 6.0.1; Nexus 5X Build/MMB29P) AppleWebKit/537.36 (KHTML, like Gecko) Chrome/137.0.7151.119 Mobile Safari/537.36 (compatible; Googlebot/2.1; +http://www.google.com/bot.html)"
66.249.79.232 - - [21/Jul/2025:20:49:42 +0000] "GET /?h=5693610031960&mod=2076b5ab&uri=us.php?detail/38370372 HTTP/1.1" 200 19231 "-" "Mozilla/5.0 (Linux; Android 6.0.1; Nexus 5X Build/MMB29P) AppleWebKit/537.36 (KHTML, like Gecko) Chrome/137.0.7151.103 Mobile Safari/537.36 (compatible; Googlebot/2.1; +http://www.google.com/bot.html)"
209.74.77.214 - - [21/Jul/2025:20:49:44 +0000] "POST /wp-cron.php?doing_wp_cron=1753130984.6977128982543945312500 HTTP/1.1" 200 - "-" "WordPress/6.8.2; https://kelaby.company"
51.222.253.5 - - [21/Jul/2025:20:49:44 +0000] "GET /?h=285125031960&uri=category-info.php%3Fid%3D9521-24%26name%3D2020%20harley%20davidson%20fatboy%20price HTTP/1.1" 200 26474 "-" "Mozilla/5.0 (compatible; AhrefsBot/7.0; +http://ahrefs.com/robot/)"
66.249.79.232 - - [21/Jul/2025:20:49:54 +0000] "GET /?h=6353710031960&mod=007ad58e&uri=product.php?detail/38293935 HTTP/1.1" 200 23183 "-" "Mozilla/5.0 (Linux; Android 6.0.1; Nexus 5X Build/MMB29P) AppleWebKit/537.36 (KHTML, like Gecko) Chrome/137.0.7151.103 Mobile Safari/537.36 (compatible; Googlebot/2.1; +http://www.google.com/bot.html)"
66.249.79.232 - - [21/Jul/2025:20:50:06 +0000] "GET /?h=6353710031960&mod=007ad58e&uri=product.php?detail/38302331 HTTP/1.1" 200 20171 "-" "Mozilla/5.0 (Linux; Android 6.0.1; Nexus 5X Build/MMB29P) AppleWebKit/537.36 (KHTML, like Gecko) Chrome/137.0.7151.103 Mobile Safari/537.36 (compatible; Googlebot/2.1; +http://www.google.com/bot.html)"
81.88.52.227 - - [21/Jul/2025:20:50:21 +0000] "GET /wp-login.php HTTP/1.1" 200 2014 "-" "Mozilla/5.0 (X11; Ubuntu; Linux x86_64; rv:85.0) Gecko/20100101 Firefox/91.0"
81.88.52.227 - - [21/Jul/2025:20:50:22 +0000] "POST /wp-login.php HTTP/1.1" 200 2106 "-" "Mozilla/5.0 (X11; Ubuntu; Linux x86_64; rv:85.0) Gecko/20100101 Firefox/91.0"
66.249.79.232 - - [21/Jul/2025:20:50:24 +0000] "POST /get-message-notify HTTP/1.1" 200 19472 "https://www.kelaby.company/?h=6353710031960&mod=007ad58e&uri=product.php?detail/38302331" "Mozilla/5.0 (Linux; Android 6.0.1; Nexus 5X Build/MMB29P) AppleWebKit/537.36 (KHTML, like Gecko) Chrome/137.0.7151.119 Mobile Safari/537.36 (compatible; Googlebot/2.1; +http://www.google.com/bot.html)"
66.249.79.232 - - [21/Jul/2025:20:50:29 +0000] "GET /?h=6353710031960&mod=007ad58e&uri=product.php?detail/38287482 HTTP/1.1" 200 19273 "-" "Mozilla/5.0 (Linux; Android 6.0.1; Nexus 5X Build/MMB29P) AppleWebKit/537.36 (KHTML, like Gecko) Chrome/137.0.7151.103 Mobile Safari/537.36 (compatible; Googlebot/2.1; +http://www.google.com/bot.html)"
66.249.79.34 - - [21/Jul/2025:20:50:29 +0000] "GET /?h=6391646041960&mod=c2f91461&uri=shared.php%3Fid%3D213484-363%26name%3Djewelry+brooklyn+ny HTTP/1.1" 200 21317 "-" "Mozilla/5.0 (Linux; Android 6.0.1; Nexus 5X Build/MMB29P) AppleWebKit/537.36 (KHTML, like Gecko) Chrome/137.0.7151.103 Mobile Safari/537.36 (compatible; Googlebot/2.1; +http://www.google.com/bot.html)"
66.249.79.232 - - [21/Jul/2025:20:50:35 +0000] "GET /?h=6353710031960&mod=007ad58e&uri=product.php?detail/38272299 HTTP/1.1" 200 21525 "-" "Mozilla/5.0 (Linux; Android 6.0.1; Nexus 5X Build/MMB29P) AppleWebKit/537.36 (KHTML, like Gecko) Chrome/137.0.7151.103 Mobile Safari/537.36 (compatible; Googlebot/2.1; +http://www.google.com/bot.html)"
66.249.79.232 - - [21/Jul/2025:20:50:39 +0000] "POST /get-message-notify HTTP/1.1" 200 19472 "https://www.kelaby.company/?h=97569217001960&mod=4428d361&uri=products.php?detail/38463577" "Mozilla/5.0 (Linux; Android 6.0.1; Nexus 5X Build/MMB29P) AppleWebKit/537.36 (KHTML, like Gecko) Chrome/137.0.7151.119 Mobile Safari/537.36 (compatible; Googlebot/2.1; +http://www.google.com/bot.html)"
47.82.11.37 - - [21/Jul/2025:20:50:41 +0000] "GET /?h=6174919051960&mod=e50bea89&uri=us.php?id%3D206205-296%26name%3Dkya+dil+ne+kaha+mp3 HTTP/1.1" 301 - "https://kelaby.company/?h=6174919051960&mod=e50bea89&uri=us.php%3Fid%3D206205-296%26name%3Dkya+dil+ne+kaha+mp3" "Mozilla/5.0 (Windows NT 10.0; Win64; x64) AppleWebKit/537.36 (KHTML, like Gecko) Chrome/114.0.0.0 Safari/537.36 Edg/114.0.1823.43"
47.82.11.37 - - [21/Jul/2025:20:50:41 +0000] "GET /?h=6174919051960&mod=e50bea89&uri=us.php?id%3D206205-296%26name%3Dkya%20dil%20ne%20kaha%20mp3 HTTP/1.1" 301 - "https://kelaby.company/?h=6174919051960&mod=e50bea89&uri=us.php%3Fid%3D206205-296%26name%3Dkya+dil+ne+kaha+mp3" "Mozilla/5.0 (Windows NT 10.0; Win64; x64) AppleWebKit/537.36 (KHTML, like Gecko) Chrome/114.0.0.0 Safari/537.36 Edg/114.0.1823.43"
66.249.79.232 - - [21/Jul/2025:20:50:42 +0000] "GET /?h=6353710031960&mod=007ad58e&uri=product.php?detail/38273938 HTTP/1.1" 200 19773 "-" "Mozilla/5.0 (Linux; Android 6.0.1; Nexus 5X Build/MMB29P) AppleWebKit/537.36 (KHTML, like Gecko) Chrome/137.0.7151.103 Mobile Safari/537.36 (compatible; Googlebot/2.1; +http://www.google.com/bot.html)"
66.249.79.232 - - [21/Jul/2025:20:50:54 +0000] "GET /?h=6353710031960&mod=007ad58e&uri=product.php?detail/38268659 HTTP/1.1" 200 19638 "-" "Mozilla/5.0 (Linux; Android 6.0.1; Nexus 5X Build/MMB29P) AppleWebKit/537.36 (KHTML, like Gecko) Chrome/137.0.7151.103 Mobile Safari/537.36 (compatible; Googlebot/2.1; +http://www.google.com/bot.html)"
66.249.79.232 - - [21/Jul/2025:20:50:57 +0000] "POST /get-message-notify HTTP/1.1" 200 19472 "https://www.kelaby.company/?h=6353710031960&mod=007ad58e&uri=product.php?detail/38268659" "Mozilla/5.0 (Linux; Android 6.0.1; Nexus 5X Build/MMB29P) AppleWebKit/537.36 (KHTML, like Gecko) Chrome/137.0.7151.119 Mobile Safari/537.36 (compatible; Googlebot/2.1; +http://www.google.com/bot.html)"
66.249.79.232 - - [21/Jul/2025:20:50:58 +0000] "POST /get-message-notify HTTP/1.1" 200 19472 "https://www.kelaby.company/?h=6353710031960&mod=007ad58e&uri=product.php?detail/38273938" "Mozilla/5.0 (Linux; Android 6.0.1; Nexus 5X Build/MMB29P) AppleWebKit/537.36 (KHTML, like Gecko) Chrome/137.0.7151.119 Mobile Safari/537.36 (compatible; Googlebot/2.1; +http://www.google.com/bot.html)"
66.249.79.234 - - [21/Jul/2025:20:51:06 +0000] "GET /?h=6353710031960&mod=007ad58e&uri=product.php?product/edit/K2720706325 HTTP/1.1" 200 19363 "-" "Mozilla/5.0 (Linux; Android 6.0.1; Nexus 5X Build/MMB29P) AppleWebKit/537.36 (KHTML, like Gecko) Chrome/137.0.7151.103 Mobile Safari/537.36 (compatible; Googlebot/2.1; +http://www.google.com/bot.html)"
209.74.77.214 - - [21/Jul/2025:20:51:08 +0000] "POST /wp-cron.php?doing_wp_cron=1753131067.9440970420837402343750 HTTP/1.1" 200 - "-" "WordPress/6.8.2; https://kelaby.company"
51.222.253.19 - - [21/Jul/2025:20:51:07 +0000] "GET /?h=28860171041960&mod=03f5b0bf&uri=shared.php%3Fid%3D963218-918%26name%3Dharvard+college+ring HTTP/1.1" 301 - "-" "Mozilla/5.0 (compatible; AhrefsBot/7.0; +http://ahrefs.com/robot/)"
66.249.79.232 - - [21/Jul/2025:20:51:11 +0000] "POST /get-message-notify HTTP/1.1" 200 19472 "https://www.kelaby.company/?h=6353710031960&mod=007ad58e&uri=product.php?product/edit/K2720706325" "Mozilla/5.0 (Linux; Android 6.0.1; Nexus 5X Build/MMB29P) AppleWebKit/537.36 (KHTML, like Gecko) Chrome/137.0.7151.119 Mobile Safari/537.36 (compatible; Googlebot/2.1; +http://www.google.com/bot.html)"
66.249.79.232 - - [21/Jul/2025:20:51:18 +0000] "GET /?h=6353710031960&mod=007ad58e&uri=product.php?detail/38276536 HTTP/1.1" 200 21204 "-" "Mozilla/5.0 (Linux; Android 6.0.1; Nexus 5X Build/MMB29P) AppleWebKit/537.36 (KHTML, like Gecko) Chrome/137.0.7151.103 Mobile Safari/537.36 (compatible; Googlebot/2.1; +http://www.google.com/bot.html)"
66.249.79.32 - - [21/Jul/2025:20:51:26 +0000] "POST /get-message-notify HTTP/1.1" 200 19447 "https://kelaby.company/?h=6391646041960&mod=c2f91461&uri=shared.php%3Fid%3D213484-363%26name%3Djewelry+brooklyn+ny" "Mozilla/5.0 (Linux; Android 6.0.1; Nexus 5X Build/MMB29P) AppleWebKit/537.36 (KHTML, like Gecko) Chrome/137.0.7151.119 Mobile Safari/537.36 (compatible; Googlebot/2.1; +http://www.google.com/bot.html)"
47.82.11.32 - - [21/Jul/2025:20:51:29 +0000] "GET /?h=5987969021960&mod=a788f0e7&uri=dp.php?id%3D199960-345%26name%3Dropa+usada+nieve+bandera HTTP/1.1" 301 - "https://kelaby.company/?h=5987969021960&mod=a788f0e7&uri=dp.php%3Fid%3D199960-345%26name%3Dropa+usada+nieve+bandera" "Mozilla/5.0 (Windows NT 10.0; Win64; x64) AppleWebKit/537.36 (KHTML, like Gecko) Chrome/114.0.0.0 Safari/537.36 Edg/114.0.1823.43"
47.82.11.32 - - [21/Jul/2025:20:51:29 +0000] "GET /?h=5987969021960&mod=a788f0e7&uri=dp.php?id%3D199960-345%26name%3Dropa%20usada%20nieve%20bandera HTTP/1.1" 301 - "https://kelaby.company/?h=5987969021960&mod=a788f0e7&uri=dp.php%3Fid%3D199960-345%26name%3Dropa+usada+nieve+bandera" "Mozilla/5.0 (Windows NT 10.0; Win64; x64) AppleWebKit/537.36 (KHTML, like Gecko) Chrome/114.0.0.0 Safari/537.36 Edg/114.0.1823.43"
66.249.79.232 - - [21/Jul/2025:20:51:30 +0000] "GET /?h=6353710031960&mod=007ad58e&uri=product.php?detail/38278858 HTTP/1.1" 200 22035 "-" "Mozilla/5.0 (Linux; Android 6.0.1; Nexus 5X Build/MMB29P) AppleWebKit/537.36 (KHTML, like Gecko) Chrome/137.0.7151.103 Mobile Safari/537.36 (compatible; Googlebot/2.1; +http://www.google.com/bot.html)"
47.82.11.66 - - [21/Jul/2025:20:51:30 +0000] "GET /?h=6257851041960&mod=928aba88&uri=brands.php?id%3D209016-361%26name%3Dmaleta+organizadora+de+maquillaje HTTP/1.1" 301 - "https://kelaby.company/?h=6257851041960&mod=928aba88&uri=brands.php%3Fid%3D209016-361%26name%3Dmaleta+organizadora+de+maquillaje" "Mozilla/5.0 (Windows NT 10.0; Win64; x64) AppleWebKit/537.36 (KHTML, like Gecko) Chrome/114.0.0.0 Safari/537.36 Edg/114.0.1823.43"
47.82.11.66 - - [21/Jul/2025:20:51:30 +0000] "GET /?h=6257851041960&mod=928aba88&uri=brands.php?id%3D209016-361%26name%3Dmaleta%20organizadora%20de%20maquillaje HTTP/1.1" 301 - "https://kelaby.company/?h=6257851041960&mod=928aba88&uri=brands.php%3Fid%3D209016-361%26name%3Dmaleta+organizadora+de+maquillaje" "Mozilla/5.0 (Windows NT 10.0; Win64; x64) AppleWebKit/537.36 (KHTML, like Gecko) Chrome/114.0.0.0 Safari/537.36 Edg/114.0.1823.43"
66.249.79.232 - - [21/Jul/2025:20:51:42 +0000] "GET /?h=5743745031960&mod=60b7f5df&uri=news.php?product/edit/K300267171 HTTP/1.1" 200 19806 "-" "Mozilla/5.0 (Linux; Android 6.0.1; Nexus 5X Build/MMB29P) AppleWebKit/537.36 (KHTML, like Gecko) Chrome/137.0.7151.103 Mobile Safari/537.36 (compatible; Googlebot/2.1; +http://www.google.com/bot.html)"
209.74.77.214 - - [21/Jul/2025:20:51:46 +0000] "POST /wp-cron.php?doing_wp_cron=1753131106.6090650558471679687500 HTTP/1.1" 200 - "-" "WordPress/6.8.2; https://kelaby.company"
47.82.11.56 - - [21/Jul/2025:20:51:46 +0000] "GET /?h=5841441001960&mod=333d6beb&uri=products.php?id%3D195070-339%26name%3Dzapatos+fila+para+mujer+joven HTTP/1.1" 301 - "https://www.kelaby.company/?h=5841441001960&mod=333d6beb&uri=products.php%3Fid%3D195070-339%26name%3Dzapatos+fila+para+mujer+joven" "Mozilla/5.0 (Windows NT 10.0; Win64; x64) AppleWebKit/537.36 (KHTML, like Gecko) Chrome/114.0.0.0 Safari/537.36 Edg/114.0.1823.43"
47.82.11.56 - - [21/Jul/2025:20:51:47 +0000] "GET /?h=5841441001960&mod=333d6beb&uri=products.php?id%3D195070-339%26name%3Dzapatos%20fila%20para%20mujer%20joven HTTP/1.1" 301 - "https://www.kelaby.company/?h=5841441001960&mod=333d6beb&uri=products.php%3Fid%3D195070-339%26name%3Dzapatos+fila+para+mujer+joven" "Mozilla/5.0 (Windows NT 10.0; Win64; x64) AppleWebKit/537.36 (KHTML, like Gecko) Chrome/114.0.0.0 Safari/537.36 Edg/114.0.1823.43"
66.249.79.232 - - [21/Jul/2025:20:51:54 +0000] "GET /?h=5743745031960&mod=60b7f5df&uri=news.php?detail/2662446 HTTP/1.1" 200 19015 "-" "Mozilla/5.0 (Linux; Android 6.0.1; Nexus 5X Build/MMB29P) AppleWebKit/537.36 (KHTML, like Gecko) Chrome/137.0.7151.103 Mobile Safari/537.36 (compatible; Googlebot/2.1; +http://www.google.com/bot.html)"
66.249.79.234 - - [21/Jul/2025:20:52:06 +0000] "GET /?h=5743745031960&mod=60b7f5df&uri=news.php?detail/2665581 HTTP/1.1" 200 19061 "-" "Mozilla/5.0 (Linux; Android 6.0.1; Nexus 5X Build/MMB29P) AppleWebKit/537.36 (KHTML, like Gecko) Chrome/137.0.7151.103 Mobile Safari/537.36 (compatible; Googlebot/2.1; +http://www.google.com/bot.html)"
2a03:2880:f800:3:: - - [21/Jul/2025:20:52:22 +0000] "GET /detail/672776228 HTTP/1.1" 404 16415 "-" "meta-externalagent/1.1 (+https://developers.facebook.com/docs/sharing/webmasters/crawler)"
81.35.139.115 - - [21/Jul/2025:20:52:24 +0000] "GET / HTTP/1.1" 200 26479 "-" "Mozilla/5.0 (Windows NT 10.0; Win64; x64) AppleWebKit/537.36 (KHTML, like Gecko) Chrome/91.0.4472.124 Safari/537.36"
66.249.79.232 - - [21/Jul/2025:20:52:28 +0000] "GET /?h=25076675021960&mod=62c1507b&uri=news.php?detail/1164677461 HTTP/1.1" 200 18675 "-" "Mozilla/5.0 (Linux; Android 6.0.1; Nexus 5X Build/MMB29P) AppleWebKit/537.36 (KHTML, like Gecko) Chrome/137.0.7151.103 Mobile Safari/537.36 (compatible; Googlebot/2.1; +http://www.google.com/bot.html)"
66.249.79.232 - - [21/Jul/2025:20:52:29 +0000] "GET /?h=5743745031960&mod=60b7f5df&uri=news.php?detail/2665435 HTTP/1.1" 200 18988 "-" "Mozilla/5.0 (Linux; Android 6.0.1; Nexus 5X Build/MMB29P) AppleWebKit/537.36 (KHTML, like Gecko) Chrome/137.0.7151.103 Mobile Safari/537.36 (compatible; Googlebot/2.1; +http://www.google.com/bot.html)"
66.249.79.232 - - [21/Jul/2025:20:52:29 +0000] "GET /?h=5857660011960&mod=7530b57b&uri=article.php?detail/32187106 HTTP/1.1" 200 20625 "-" "Mozilla/5.0 (Linux; Android 6.0.1; Nexus 5X Build/MMB29P) AppleWebKit/537.36 (KHTML, like Gecko) Chrome/137.0.7151.103 Mobile Safari/537.36 (compatible; Googlebot/2.1; +http://www.google.com/bot.html)"
51.222.253.20 - - [21/Jul/2025:20:52:29 +0000] "GET /?h=29949155001960&uri=search.php%3Fid%3D999618-971%26name%3Dasics%20gt%203000%20heel%20drop HTTP/1.1" 200 26480 "-" "Mozilla/5.0 (compatible; AhrefsBot/7.0; +http://ahrefs.com/robot/)"
66.249.79.232 - - [21/Jul/2025:20:52:34 +0000] "GET /?h=5693610031960&mod=2076b5ab&uri=us.php?detail/2622940 HTTP/1.1" 200 20803 "-" "Mozilla/5.0 (Linux; Android 6.0.1; Nexus 5X Build/MMB29P) AppleWebKit/537.36 (KHTML, like Gecko) Chrome/137.0.7151.103 Mobile Safari/537.36 (compatible; Googlebot/2.1; +http://www.google.com/bot.html)"
66.249.79.232 - - [21/Jul/2025:20:52:42 +0000] "GET /?h=5693610031960&mod=2076b5ab&uri=us.php?detail/2629375 HTTP/1.1" 200 19214 "-" "Mozilla/5.0 (Linux; Android 6.0.1; Nexus 5X Build/MMB29P) AppleWebKit/537.36 (KHTML, like Gecko) Chrome/137.0.7151.103 Mobile Safari/537.36 (compatible; Googlebot/2.1; +http://www.google.com/bot.html)"
2a03:2880:11ff:3:: - - [21/Jul/2025:20:52:51 +0000] "GET /robots.txt HTTP/1.1" 304 - "-" "facebookexternalhit/1.1 (+http://www.facebook.com/externalhit_uatext.php)"
66.249.79.232 - - [21/Jul/2025:20:52:53 +0000] "GET /?h=5693610031960&mod=2076b5ab&uri=us.php?detail/2583733 HTTP/1.1" 200 20535 "-" "Mozilla/5.0 (Linux; Android 6.0.1; Nexus 5X Build/MMB29P) AppleWebKit/537.36 (KHTML, like Gecko) Chrome/137.0.7151.103 Mobile Safari/537.36 (compatible; Googlebot/2.1; +http://www.google.com/bot.html)"
66.249.79.232 - - [21/Jul/2025:20:52:57 +0000] "POST /get-message-notify HTTP/1.1" 200 19472 "https://www.kelaby.company/?h=5693610031960&mod=2076b5ab&uri=us.php?detail/2583733" "Mozilla/5.0 (Linux; Android 6.0.1; Nexus 5X Build/MMB29P) AppleWebKit/537.36 (KHTML, like Gecko) Chrome/137.0.7151.119 Mobile Safari/537.36 (compatible; Googlebot/2.1; +http://www.google.com/bot.html)"
66.249.79.233 - - [21/Jul/2025:20:53:05 +0000] "GET /?h=5693610031960&mod=2076b5ab&uri=us.php?detail/2623349 HTTP/1.1" 200 19073 "-" "Mozilla/5.0 (Linux; Android 6.0.1; Nexus 5X Build/MMB29P) AppleWebKit/537.36 (KHTML, like Gecko) Chrome/137.0.7151.103 Mobile Safari/537.36 (compatible; Googlebot/2.1; +http://www.google.com/bot.html)"
66.249.79.232 - - [21/Jul/2025:20:53:17 +0000] "GET /?h=5693610031960&mod=2076b5ab&uri=us.php?detail/2614807 HTTP/1.1" 200 19605 "-" "Mozilla/5.0 (Linux; Android 6.0.1; Nexus 5X Build/MMB29P) AppleWebKit/537.36 (KHTML, like Gecko) Chrome/137.0.7151.103 Mobile Safari/537.36 (compatible; Googlebot/2.1; +http://www.google.com/bot.html)"
66.249.79.232 - - [21/Jul/2025:20:53:29 +0000] "GET /?h=5693610031960&mod=2076b5ab&uri=us.php?detail/2599876 HTTP/1.1" 200 20063 "-" "Mozilla/5.0 (Linux; Android 6.0.1; Nexus 5X Build/MMB29P) AppleWebKit/537.36 (KHTML, like Gecko) Chrome/137.0.7151.103 Mobile Safari/537.36 (compatible; Googlebot/2.1; +http://www.google.com/bot.html)"
209.74.77.214 - - [21/Jul/2025:20:53:39 +0000] "POST /wp-cron.php?doing_wp_cron=1753131219.0066359043121337890625 HTTP/1.1" 200 - "-" "WordPress/6.8.2; https://kelaby.company"
51.222.253.20 - - [21/Jul/2025:20:53:38 +0000] "GET /?h=30463265061960&uri=shared.php%3Fid%3D1016766-538%26name%3Dim%C3%83%C2%A1genes%20de%20legos%20de%20jurassic%20world HTTP/1.1" 200 26473 "-" "Mozilla/5.0 (compatible; AhrefsBot/7.0; +http://ahrefs.com/robot/)"
66.249.79.232 - - [21/Jul/2025:20:53:41 +0000] "GET /?h=5693610031960&mod=2076b5ab&uri=us.php?detail/2620536 HTTP/1.1" 200 19363 "-" "Mozilla/5.0 (Linux; Android 6.0.1; Nexus 5X Build/MMB29P) AppleWebKit/537.36 (KHTML, like Gecko) Chrome/137.0.7151.103 Mobile Safari/537.36 (compatible; Googlebot/2.1; +http://www.google.com/bot.html)"
209.74.77.214 - - [21/Jul/2025:20:53:44 +0000] "POST /wp-cron.php?doing_wp_cron=1753131224.0839979648590087890625 HTTP/1.1" 200 - "-" "WordPress/6.8.2; https://kelaby.company"
2a03:2880:f800:1c:: - - [21/Jul/2025:20:53:43 +0000] "GET /detail/672783881 HTTP/1.1" 404 16415 "-" "meta-externalagent/1.1 (+https://developers.facebook.com/docs/sharing/webmasters/crawler)"
66.249.79.232 - - [21/Jul/2025:20:53:44 +0000] "POST /get-message-notify HTTP/1.1" 200 19472 "https://www.kelaby.company/?h=5693610031960&mod=2076b5ab&uri=us.php?detail/2620536" "Mozilla/5.0 (Linux; Android 6.0.1; Nexus 5X Build/MMB29P) AppleWebKit/537.36 (KHTML, like Gecko) Chrome/137.0.7151.119 Mobile Safari/537.36 (compatible; Googlebot/2.1; +http://www.google.com/bot.html)"
66.249.79.232 - - [21/Jul/2025:20:53:53 +0000] "GET /?h=5693610031960&mod=2076b5ab&uri=us.php?detail/2604604 HTTP/1.1" 200 19874 "-" "Mozilla/5.0 (Linux; Android 6.0.1; Nexus 5X Build/MMB29P) AppleWebKit/537.36 (KHTML, like Gecko) Chrome/137.0.7151.103 Mobile Safari/537.36 (compatible; Googlebot/2.1; +http://www.google.com/bot.html)"
66.249.79.232 - - [21/Jul/2025:20:54:05 +0000] "GET /?h=5693610031960&mod=2076b5ab&uri=us.php?detail/2614188 HTTP/1.1" 200 20417 "-" "Mozilla/5.0 (Linux; Android 6.0.1; Nexus 5X Build/MMB29P) AppleWebKit/537.36 (KHTML, like Gecko) Chrome/137.0.7151.103 Mobile Safari/537.36 (compatible; Googlebot/2.1; +http://www.google.com/bot.html)"
66.249.79.233 - - [21/Jul/2025:20:54:08 +0000] "POST /get-message-notify HTTP/1.1" 200 19472 "https://www.kelaby.company/?h=5693610031960&mod=2076b5ab&uri=us.php?detail/2614188" "Mozilla/5.0 (Linux; Android 6.0.1; Nexus 5X Build/MMB29P) AppleWebKit/537.36 (KHTML, like Gecko) Chrome/137.0.7151.119 Mobile Safari/537.36 (compatible; Googlebot/2.1; +http://www.google.com/bot.html)"
66.249.79.232 - - [21/Jul/2025:20:54:17 +0000] "GET /?h=6162442041960&mod=cc13c58b&uri=shared.php?detail/36491534 HTTP/1.1" 200 19725 "-" "Mozilla/5.0 (Linux; Android 6.0.1; Nexus 5X Build/MMB29P) AppleWebKit/537.36 (KHTML, like Gecko) Chrome/137.0.7151.103 Mobile Safari/537.36 (compatible; Googlebot/2.1; +http://www.google.com/bot.html)"
66.249.66.9 - - [21/Jul/2025:20:54:29 +0000] "GET /?h=6162442041960&mod=cc13c58b&uri=shared.php?detail/36483104 HTTP/1.1" 200 19507 "-" "Mozilla/5.0 (Linux; Android 6.0.1; Nexus 5X Build/MMB29P) AppleWebKit/537.36 (KHTML, like Gecko) Chrome/137.0.7151.103 Mobile Safari/537.36 (compatible; Googlebot/2.1; +http://www.google.com/bot.html)"
2a03:2880:f800:3:: - - [21/Jul/2025:20:54:30 +0000] "GET /detail/672556390 HTTP/1.1" 404 16415 "-" "meta-externalagent/1.1 (+https://developers.facebook.com/docs/sharing/webmasters/crawler)"
66.249.79.232 - - [21/Jul/2025:20:54:41 +0000] "POST /get-message-notify HTTP/1.1" 200 19472 "https://www.kelaby.company/?h=6162442041960&mod=cc13c58b&uri=shared.php?detail/36491534" "Mozilla/5.0 (Linux; Android 6.0.1; Nexus 5X Build/MMB29P) AppleWebKit/537.36 (KHTML, like Gecko) Chrome/137.0.7151.119 Mobile Safari/537.36 (compatible; Googlebot/2.1; +http://www.google.com/bot.html)"
66.249.79.232 - - [21/Jul/2025:20:54:41 +0000] "GET /?h=6162442041960&mod=cc13c58b&uri=shared.php?detail/36464473 HTTP/1.1" 200 19414 "-" "Mozilla/5.0 (Linux; Android 6.0.1; Nexus 5X Build/MMB29P) AppleWebKit/537.36 (KHTML, like Gecko) Chrome/137.0.7151.103 Mobile Safari/537.36 (compatible; Googlebot/2.1; +http://www.google.com/bot.html)"
66.249.79.232 - - [21/Jul/2025:20:54:53 +0000] "GET /?h=6162442041960&mod=cc13c58b&uri=shared.php?detail/36482974 HTTP/1.1" 200 20991 "-" "Mozilla/5.0 (Linux; Android 6.0.1; Nexus 5X Build/MMB29P) AppleWebKit/537.36 (KHTML, like Gecko) Chrome/137.0.7151.103 Mobile Safari/537.36 (compatible; Googlebot/2.1; +http://www.google.com/bot.html)"
209.74.77.214 - - [21/Jul/2025:20:54:54 +0000] "POST /wp-cron.php?doing_wp_cron=1753131294.7369050979614257812500 HTTP/1.1" 200 - "-" "WordPress/6.8.2; https://kelaby.company"
51.222.253.19 - - [21/Jul/2025:20:54:54 +0000] "GET /?h=31241189041960&uri=itm.php%3Fid%3D1042717-35%26name%3Dgskill%20gb%202133%20mhz%20ram HTTP/1.1" 200 26481 "-" "Mozilla/5.0 (compatible; AhrefsBot/7.0; +http://ahrefs.com/robot/)"
66.249.79.234 - - [21/Jul/2025:20:55:05 +0000] "GET /?h=6162442041960&mod=cc13c58b&uri=shared.php?detail/36443614 HTTP/1.1" 200 20372 "-" "Mozilla/5.0 (Linux; Android 6.0.1; Nexus 5X Build/MMB29P) AppleWebKit/537.36 (KHTML, like Gecko) Chrome/137.0.7151.103 Mobile Safari/537.36 (compatible; Googlebot/2.1; +http://www.google.com/bot.html)"
66.249.79.232 - - [21/Jul/2025:20:55:17 +0000] "GET /?h=6162442041960&mod=cc13c58b&uri=shared.php?detail/36474544 HTTP/1.1" 200 20082 "-" "Mozilla/5.0 (Linux; Android 6.0.1; Nexus 5X Build/MMB29P) AppleWebKit/537.36 (KHTML, like Gecko) Chrome/137.0.7151.103 Mobile Safari/537.36 (compatible; Googlebot/2.1; +http://www.google.com/bot.html)"
66.249.79.233 - - [21/Jul/2025:20:55:19 +0000] "POST /get-message-notify HTTP/1.1" 200 19472 "https://www.kelaby.company/?h=6162442041960&mod=cc13c58b&uri=shared.php?detail/36464473" "Mozilla/5.0 (Linux; Android 6.0.1; Nexus 5X Build/MMB29P) AppleWebKit/537.36 (KHTML, like Gecko) Chrome/137.0.7151.119 Mobile Safari/537.36 (compatible; Googlebot/2.1; +http://www.google.com/bot.html)"
66.249.79.232 - - [21/Jul/2025:20:55:29 +0000] "GET /?h=6162442041960&mod=cc13c58b&uri=shared.php?detail/36447663 HTTP/1.1" 200 21852 "-" "Mozilla/5.0 (Linux; Android 6.0.1; Nexus 5X Build/MMB29P) AppleWebKit/537.36 (KHTML, like Gecko) Chrome/137.0.7151.103 Mobile Safari/537.36 (compatible; Googlebot/2.1; +http://www.google.com/bot.html)"
66.249.79.232 - - [21/Jul/2025:20:55:35 +0000] "POST /get-message-notify HTTP/1.1" 200 19472 "https://www.kelaby.company/?h=6162442041960&mod=cc13c58b&uri=shared.php?detail/36443614" "Mozilla/5.0 (Linux; Android 6.0.1; Nexus 5X Build/MMB29P) AppleWebKit/537.36 (KHTML, like Gecko) Chrome/137.0.7151.119 Mobile Safari/537.36 (compatible; Googlebot/2.1; +http://www.google.com/bot.html)"
66.249.79.232 - - [21/Jul/2025:20:55:50 +0000] "GET /?h=6162442041960&mod=cc13c58b&uri=shared.php?detail/36469898 HTTP/1.1" 200 19342 "-" "Mozilla/5.0 (Linux; Android 6.0.1; Nexus 5X Build/MMB29P) AppleWebKit/537.36 (KHTML, like Gecko) Chrome/137.0.7151.103 Mobile Safari/537.36 (compatible; Googlebot/2.1; +http://www.google.com/bot.html)"
66.249.79.33 - - [21/Jul/2025:20:55:50 +0000] "GET /?h=6570685041960&mod=0319d8c4&uri=category-info.php?detail/763470700 HTTP/1.1" 200 20975 "-" "Mozilla/5.0 (Linux; Android 6.0.1; Nexus 5X Build/MMB29P) AppleWebKit/537.36 (KHTML, like Gecko) Chrome/137.0.7151.103 Mobile Safari/537.36 (compatible; Googlebot/2.1; +http://www.google.com/bot.html)"
209.74.77.214 - - [21/Jul/2025:20:55:52 +0000] "POST /wp-cron.php?doing_wp_cron=1753131352.8609700202941894531250 HTTP/1.1" 200 - "-" "WordPress/6.8.2; https://kelaby.company"
2a03:2880:f800:1:: - - [21/Jul/2025:20:55:52 +0000] "GET /detail/672697515 HTTP/1.1" 404 16415 "-" "meta-externalagent/1.1 (+https://developers.facebook.com/docs/sharing/webmasters/crawler)"
66.249.79.232 - - [21/Jul/2025:20:55:56 +0000] "GET /?h=6162442041960&mod=cc13c58b&uri=shared.php?detail/36486255 HTTP/1.1" 200 19786 "-" "Mozilla/5.0 (Linux; Android 6.0.1; Nexus 5X Build/MMB29P) AppleWebKit/537.36 (KHTML, like Gecko) Chrome/137.0.7151.103 Mobile Safari/537.36 (compatible; Googlebot/2.1; +http://www.google.com/bot.html)"
66.249.79.234 - - [21/Jul/2025:20:56:05 +0000] "GET /?h=6162442041960&mod=cc13c58b&uri=shared.php?detail/36475309 HTTP/1.1" 200 19939 "-" "Mozilla/5.0 (Linux; Android 6.0.1; Nexus 5X Build/MMB29P) AppleWebKit/537.36 (KHTML, like Gecko) Chrome/137.0.7151.103 Mobile Safari/537.36 (compatible; Googlebot/2.1; +http://www.google.com/bot.html)"
66.249.79.233 - - [21/Jul/2025:20:56:17 +0000] "GET /?h=97569217001960&mod=4428d361&uri=products.php?detail/37410006 HTTP/1.1" 200 20604 "-" "Mozilla/5.0 (Linux; Android 6.0.1; Nexus 5X Build/MMB29P) AppleWebKit/537.36 (KHTML, like Gecko) Chrome/137.0.7151.103 Mobile Safari/537.36 (compatible; Googlebot/2.1; +http://www.google.com/bot.html)"
51.222.253.11 - - [21/Jul/2025:20:56:20 +0000] "GET /?h=31944768021960&mod=a085be79&uri=shop.php%3Fid%3D1066202-1010%26name%3Dcomme+des+garcons+1990+fall HTTP/1.1" 301 - "-" "Mozilla/5.0 (compatible; AhrefsBot/7.0; +http://ahrefs.com/robot/)"
66.249.79.232 - - [21/Jul/2025:20:56:29 +0000] "GET /?h=65578442021960&mod=194cf6c2&uri=blog.php?product/edit/K2724059566 HTTP/1.1" 200 19501 "-" "Mozilla/5.0 (Linux; Android 6.0.1; Nexus 5X Build/MMB29P) AppleWebKit/537.36 (KHTML, like Gecko) Chrome/137.0.7151.103 Mobile Safari/537.36 (compatible; Googlebot/2.1; +http://www.google.com/bot.html)"
66.249.79.232 - - [21/Jul/2025:20:56:41 +0000] "GET /?h=28004076001960&mod=7530b57b&uri=blog.php?product/edit/K53853890 HTTP/1.1" 200 20328 "-" "Mozilla/5.0 (Linux; Android 6.0.1; Nexus 5X Build/MMB29P) AppleWebKit/537.36 (KHTML, like Gecko) Chrome/137.0.7151.103 Mobile Safari/537.36 (compatible; Googlebot/2.1; +http://www.google.com/bot.html)"
2a03:2880:f800:e:: - - [21/Jul/2025:20:56:41 +0000] "GET /detail/672763431 HTTP/1.1" 404 16416 "-" "meta-externalagent/1.1 (+https://developers.facebook.com/docs/sharing/webmasters/crawler)"
66.249.79.232 - - [21/Jul/2025:20:56:42 +0000] "POST /get-message-notify HTTP/1.1" 200 19472 "https://www.kelaby.company/?h=65578442021960&mod=194cf6c2&uri=blog.php?product/edit/K2724059566" "Mozilla/5.0 (Linux; Android 6.0.1; Nexus 5X Build/MMB29P) AppleWebKit/537.36 (KHTML, like Gecko) Chrome/137.0.7151.119 Mobile Safari/537.36 (compatible; Googlebot/2.1; +http://www.google.com/bot.html)"
66.249.79.232 - - [21/Jul/2025:20:56:53 +0000] "GET /?h=5569834031960&mod=007ad58e&uri=shop.php?detail/33084305 HTTP/1.1" 200 20682 "-" "Mozilla/5.0 (Linux; Android 6.0.1; Nexus 5X Build/MMB29P) AppleWebKit/537.36 (KHTML, like Gecko) Chrome/137.0.7151.103 Mobile Safari/537.36 (compatible; Googlebot/2.1; +http://www.google.com/bot.html)"
66.249.79.233 - - [21/Jul/2025:20:57:05 +0000] "GET /?h=5569834031960&mod=007ad58e&uri=shop.php?detail/33085813 HTTP/1.1" 200 19027 "-" "Mozilla/5.0 (Linux; Android 6.0.1; Nexus 5X Build/MMB29P) AppleWebKit/537.36 (KHTML, like Gecko) Chrome/137.0.7151.103 Mobile Safari/537.36 (compatible; Googlebot/2.1; +http://www.google.com/bot.html)"
66.249.79.234 - - [21/Jul/2025:20:57:07 +0000] "POST /get-message-notify HTTP/1.1" 200 19472 "https://www.kelaby.company/?h=5569834031960&mod=007ad58e&uri=shop.php?detail/33085813" "Mozilla/5.0 (Linux; Android 6.0.1; Nexus 5X Build/MMB29P) AppleWebKit/537.36 (KHTML, like Gecko) Chrome/137.0.7151.119 Mobile Safari/537.36 (compatible; Googlebot/2.1; +http://www.google.com/bot.html)"
66.249.79.232 - - [21/Jul/2025:20:57:17 +0000] "GET /?h=5569834031960&mod=007ad58e&uri=shop.php?detail/33092865 HTTP/1.1" 200 20162 "-" "Mozilla/5.0 (Linux; Android 6.0.1; Nexus 5X Build/MMB29P) AppleWebKit/537.36 (KHTML, like Gecko) Chrome/137.0.7151.103 Mobile Safari/537.36 (compatible; Googlebot/2.1; +http://www.google.com/bot.html)"
66.249.79.232 - - [21/Jul/2025:20:57:29 +0000] "GET /?h=5946701111960&mod=9293eb98&uri=pin.php?product/edit/K3628339597 HTTP/1.1" 200 20375 "-" "Mozilla/5.0 (Linux; Android 6.0.1; Nexus 5X Build/MMB29P) AppleWebKit/537.36 (KHTML, like Gecko) Chrome/137.0.7151.103 Mobile Safari/537.36 (compatible; Googlebot/2.1; +http://www.google.com/bot.html)"
209.74.77.214 - - [21/Jul/2025:20:57:37 +0000] "POST /wp-cron.php?doing_wp_cron=1753131457.1720130443572998046875 HTTP/1.1" 200 - "-" "WordPress/6.8.2; https://kelaby.company"
51.222.253.19 - - [21/Jul/2025:20:57:36 +0000] "GET /?h=3228988061960&mod=c9eca6cf&uri=article.php%3Fid%3D107784-205%26name%3Dinfant+converse+velcro+shoes HTTP/1.1" 301 - "-" "Mozilla/5.0 (compatible; AhrefsBot/7.0; +http://ahrefs.com/robot/)"
216.73.216.223 - - [21/Jul/2025:20:57:38 +0000] "GET /sitemap.xml HTTP/1.1" 200 4486 "-" "Mozilla/5.0 AppleWebKit/537.36 (KHTML, like Gecko; compatible; ClaudeBot/1.0; [email protected])"
66.249.79.232 - - [21/Jul/2025:20:57:40 +0000] "GET /?h=5800208041960&mod=9bbcf8c9&uri=us.php?detail/35499866 HTTP/1.1" 200 19076 "-" "Mozilla/5.0 (Linux; Android 6.0.1; Nexus 5X Build/MMB29P) AppleWebKit/537.36 (KHTML, like Gecko) Chrome/137.0.7151.103 Mobile Safari/537.36 (compatible; Googlebot/2.1; +http://www.google.com/bot.html)"
66.249.79.232 - - [21/Jul/2025:20:57:46 +0000] "POST /get-message-notify HTTP/1.1" 200 19472 "https://www.kelaby.company/?h=6162442041960&mod=cc13c58b&uri=shared.php?detail/36475309" "Mozilla/5.0 (Linux; Android 6.0.1; Nexus 5X Build/MMB29P) AppleWebKit/537.36 (KHTML, like Gecko) Chrome/137.0.7151.119 Mobile Safari/537.36 (compatible; Googlebot/2.1; +http://www.google.com/bot.html)"
209.74.77.214 - - [21/Jul/2025:20:57:51 +0000] "POST /wp-cron.php?doing_wp_cron=1753131471.7511279582977294921875 HTTP/1.1" 200 - "-" "WordPress/6.8.2; https://kelaby.company"
2a03:2880:f800:3:: - - [21/Jul/2025:20:57:51 +0000] "GET /detail/672507453 HTTP/1.1" 404 16415 "-" "meta-externalagent/1.1 (+https://developers.facebook.com/docs/sharing/webmasters/crawler)"
66.249.79.232 - - [21/Jul/2025:20:57:52 +0000] "GET /?h=6039474011960&mod=7a7338ef&uri=itm.php?affiliate HTTP/1.1" 200 19855 "-" "Mozilla/5.0 (Linux; Android 6.0.1; Nexus 5X Build/MMB29P) AppleWebKit/537.36 (KHTML, like Gecko) Chrome/137.0.7151.103 Mobile Safari/537.36 (compatible; Googlebot/2.1; +http://www.google.com/bot.html)"
66.249.79.232 - - [21/Jul/2025:20:57:55 +0000] "POST /get-message-notify HTTP/1.1" 200 19472 "https://www.kelaby.company/?h=97569217001960&mod=4428d361&uri=products.php?detail/37410006" "Mozilla/5.0 (Linux; Android 6.0.1; Nexus 5X Build/MMB29P) AppleWebKit/537.36 (KHTML, like Gecko) Chrome/137.0.7151.119 Mobile Safari/537.36 (compatible; Googlebot/2.1; +http://www.google.com/bot.html)"
66.249.79.234 - - [21/Jul/2025:20:58:04 +0000] "GET /?h=86519886011960&mod=43e04dd0&uri=category-info.php?detail/6301325 HTTP/1.1" 200 19492 "-" "Mozilla/5.0 (Linux; Android 6.0.1; Nexus 5X Build/MMB29P) AppleWebKit/537.36 (KHTML, like Gecko) Chrome/137.0.7151.103 Mobile Safari/537.36 (compatible; Googlebot/2.1; +http://www.google.com/bot.html)"
66.249.79.234 - - [21/Jul/2025:20:58:06 +0000] "POST /get-message-notify HTTP/1.1" 200 19472 "https://www.kelaby.company/?h=86519886011960&mod=43e04dd0&uri=category-info.php?detail/6301325" "Mozilla/5.0 (Linux; Android 6.0.1; Nexus 5X Build/MMB29P) AppleWebKit/537.36 (KHTML, like Gecko) Chrome/137.0.7151.119 Mobile Safari/537.36 (compatible; Googlebot/2.1; +http://www.google.com/bot.html)"
66.249.79.232 - - [21/Jul/2025:20:58:16 +0000] "GET /?h=47316678051960&mod=61b80b3c&uri=shop.php?product/edit/K3541203107 HTTP/1.1" 200 18585 "-" "Mozilla/5.0 (Linux; Android 6.0.1; Nexus 5X Build/MMB29P) AppleWebKit/537.36 (KHTML, like Gecko) Chrome/137.0.7151.103 Mobile Safari/537.36 (compatible; Googlebot/2.1; +http://www.google.com/bot.html)"
66.249.79.232 - - [21/Jul/2025:20:58:28 +0000] "GET /?h=5695947041960&mod=2076b5ab&uri=product.php?detail/39722919 HTTP/1.1" 200 21134 "-" "Mozilla/5.0 (Linux; Android 6.0.1; Nexus 5X Build/MMB29P) AppleWebKit/537.36 (KHTML, like Gecko) Chrome/137.0.7151.103 Mobile Safari/537.36 (compatible; Googlebot/2.1; +http://www.google.com/bot.html)"
66.249.79.232 - - [21/Jul/2025:20:58:40 +0000] "GET /?h=5695947041960&mod=2076b5ab&uri=product.php?detail/39724347 HTTP/1.1" 200 19345 "-" "Mozilla/5.0 (Linux; Android 6.0.1; Nexus 5X Build/MMB29P) AppleWebKit/537.36 (KHTML, like Gecko) Chrome/137.0.7151.103 Mobile Safari/537.36 (compatible; Googlebot/2.1; +http://www.google.com/bot.html)"
209.74.77.214 - - [21/Jul/2025:20:58:50 +0000] "POST /wp-cron.php?doing_wp_cron=1753131530.5197830200195312500000 HTTP/1.1" 200 - "-" "WordPress/6.8.2; https://kelaby.company"
51.222.253.3 - - [21/Jul/2025:20:58:50 +0000] "GET /?h=32992070001960&mod=372d0439&uri=goods.php%3Fid%3D1101137-1025%26name%3Dslim+shady+shoes HTTP/1.1" 301 - "-" "Mozilla/5.0 (compatible; AhrefsBot/7.0; +http://ahrefs.com/robot/)"
66.249.79.232 - - [21/Jul/2025:20:58:52 +0000] "GET /?h=5695947041960&mod=2076b5ab&uri=product.php?product/edit/K2301859104 HTTP/1.1" 200 19173 "-" "Mozilla/5.0 (Linux; Android 6.0.1; Nexus 5X Build/MMB29P) AppleWebKit/537.36 (KHTML, like Gecko) Chrome/137.0.7151.103 Mobile Safari/537.36 (compatible; Googlebot/2.1; +http://www.google.com/bot.html)"
66.249.79.232 - - [21/Jul/2025:20:58:55 +0000] "POST /get-message-notify HTTP/1.1" 200 19472 "https://www.kelaby.company/?h=5695947041960&mod=2076b5ab&uri=product.php?product/edit/K2301859104" "Mozilla/5.0 (Linux; Android 6.0.1; Nexus 5X Build/MMB29P) AppleWebKit/537.36 (KHTML, like Gecko) Chrome/137.0.7151.119 Mobile Safari/537.36 (compatible; Googlebot/2.1; +http://www.google.com/bot.html)"
66.249.79.234 - - [21/Jul/2025:20:59:04 +0000] "GET /?h=5695947041960&mod=2076b5ab&uri=product.php?detail/39730309 HTTP/1.1" 200 19288 "-" "Mozilla/5.0 (Linux; Android 6.0.1; Nexus 5X Build/MMB29P) AppleWebKit/537.36 (KHTML, like Gecko) Chrome/137.0.7151.103 Mobile Safari/537.36 (compatible; Googlebot/2.1; +http://www.google.com/bot.html)"
2a03:2880:f800:14:: - - [21/Jul/2025:20:59:10 +0000] "GET /detail/672445029 HTTP/1.1" 404 16415 "-" "meta-externalagent/1.1 (+https://developers.facebook.com/docs/sharing/webmasters/crawler)"
66.249.79.233 - - [21/Jul/2025:20:59:16 +0000] "GET /?h=5695947041960&mod=2076b5ab&uri=product.php?detail/39731671 HTTP/1.1" 200 19208 "-" "Mozilla/5.0 (Linux; Android 6.0.1; Nexus 5X Build/MMB29P) AppleWebKit/537.36 (KHTML, like Gecko) Chrome/137.0.7151.103 Mobile Safari/537.36 (compatible; Googlebot/2.1; +http://www.google.com/bot.html)"
66.249.79.232 - - [21/Jul/2025:20:59:28 +0000] "GET /?h=5695947041960&mod=2076b5ab&uri=product.php?detail/39728520 HTTP/1.1" 200 19182 "-" "Mozilla/5.0 (Linux; Android 6.0.1; Nexus 5X Build/MMB29P) AppleWebKit/537.36 (KHTML, like Gecko) Chrome/137.0.7151.103 Mobile Safari/537.36 (compatible; Googlebot/2.1; +http://www.google.com/bot.html)"
66.249.79.232 - - [21/Jul/2025:20:59:40 +0000] "GET /?h=5695947041960&mod=2076b5ab&uri=product.php?detail/39721468 HTTP/1.1" 200 19314 "-" "Mozilla/5.0 (Linux; Android 6.0.1; Nexus 5X Build/MMB29P) AppleWebKit/537.36 (KHTML, like Gecko) Chrome/137.0.7151.103 Mobile Safari/537.36 (compatible; Googlebot/2.1; +http://www.google.com/bot.html)"
66.249.79.232 - - [21/Jul/2025:20:59:42 +0000] "GET /?h=86519886011960&mod=43e04dd0&uri=category-info.php?detail/34385047 HTTP/1.1" 200 20172 "-" "Mozilla/5.0 (Linux; Android 6.0.1; Nexus 5X Build/MMB29P) AppleWebKit/537.36 (KHTML, like Gecko) Chrome/137.0.7151.103 Mobile Safari/537.36 (compatible; Googlebot/2.1; +http://www.google.com/bot.html)"
66.249.79.232 - - [21/Jul/2025:20:59:52 +0000] "GET /?h=5695947041960&mod=2076b5ab&uri=product.php?detail/39733182 HTTP/1.1" 200 19253 "-" "Mozilla/5.0 (Linux; Android 6.0.1; Nexus 5X Build/MMB29P) AppleWebKit/537.36 (KHTML, like Gecko) Chrome/137.0.7151.103 Mobile Safari/537.36 (compatible; Googlebot/2.1; +http://www.google.com/bot.html)"
66.249.79.232 - - [21/Jul/2025:21:00:00 +0000] "POST /get-message-notify HTTP/1.1" 200 19472 "https://www.kelaby.company/?h=5695947041960&mod=2076b5ab&uri=product.php?detail/39733182" "Mozilla/5.0 (Linux; Android 6.0.1; Nexus 5X Build/MMB29P) AppleWebKit/537.36 (KHTML, like Gecko) Chrome/137.0.7151.119 Mobile Safari/537.36 (compatible; Googlebot/2.1; +http://www.google.com/bot.html)"
66.249.79.233 - - [21/Jul/2025:21:00:04 +0000] "GET /?h=5695947041960&mod=2076b5ab&uri=product.php?detail/39718321 HTTP/1.1" 200 20900 "-" "Mozilla/5.0 (Linux; Android 6.0.1; Nexus 5X Build/MMB29P) AppleWebKit/537.36 (KHTML, like Gecko) Chrome/137.0.7151.103 Mobile Safari/537.36 (compatible; Googlebot/2.1; +http://www.google.com/bot.html)"
209.74.77.214 - - [21/Jul/2025:21:00:06 +0000] "POST /wp-cron.php?doing_wp_cron=1753131606.6618900299072265625000 HTTP/1.1" 200 - "-" "WordPress/6.8.2; https://kelaby.company"
2a03:2880:f800:f:: - - [21/Jul/2025:21:00:06 +0000] "GET /detail/672704074 HTTP/1.1" 404 16415 "-" "meta-externalagent/1.1 (+https://developers.facebook.com/docs/sharing/webmasters/crawler)"
51.222.253.9 - - [21/Jul/2025:21:00:14 +0000] "GET /?h=34311260021960&mod=ff5bfc81&uri=goods.php%3Fid%3D1145182-1057%26name%3Dnike+guard+lock HTTP/1.1" 301 - "-" "Mozilla/5.0 (compatible; AhrefsBot/7.0; +http://ahrefs.com/robot/)"
66.249.79.233 - - [21/Jul/2025:21:00:16 +0000] "GET /?h=5695947041960&mod=2076b5ab&uri=product.php?detail/39726050 HTTP/1.1" 200 19019 "-" "Mozilla/5.0 (Linux; Android 6.0.1; Nexus 5X Build/MMB29P) AppleWebKit/537.36 (KHTML, like Gecko) Chrome/137.0.7151.103 Mobile Safari/537.36 (compatible; Googlebot/2.1; +http://www.google.com/bot.html)"
66.249.79.232 - - [21/Jul/2025:21:00:28 +0000] "GET /?h=5695947041960&mod=2076b5ab&uri=product.php?detail/39728929 HTTP/1.1" 200 19417 "-" "Mozilla/5.0 (Linux; Android 6.0.1; Nexus 5X Build/MMB29P) AppleWebKit/537.36 (KHTML, like Gecko) Chrome/137.0.7151.103 Mobile Safari/537.36 (compatible; Googlebot/2.1; +http://www.google.com/bot.html)"
66.249.79.232 - - [21/Jul/2025:21:00:33 +0000] "POST /get-message-notify HTTP/1.1" 200 19472 "https://www.kelaby.company/?h=5695947041960&mod=2076b5ab&uri=product.php?detail/39728929" "Mozilla/5.0 (Linux; Android 6.0.1; Nexus 5X Build/MMB29P) AppleWebKit/537.36 (KHTML, like Gecko) Chrome/137.0.7151.119 Mobile Safari/537.36 (compatible; Googlebot/2.1; +http://www.google.com/bot.html)"
66.249.79.232 - - [21/Jul/2025:21:00:40 +0000] "GET /?h=5695947041960&mod=2076b5ab&uri=product.php?detail/39720643 HTTP/1.1" 200 19249 "-" "Mozilla/5.0 (Linux; Android 6.0.1; Nexus 5X Build/MMB29P) AppleWebKit/537.36 (KHTML, like Gecko) Chrome/137.0.7151.103 Mobile Safari/537.36 (compatible; Googlebot/2.1; +http://www.google.com/bot.html)"
66.249.79.232 - - [21/Jul/2025:21:00:52 +0000] "GET /?h=5695947041960&mod=2076b5ab&uri=product.php?detail/39732076 HTTP/1.1" 200 20247 "-" "Mozilla/5.0 (Linux; Android 6.0.1; Nexus 5X Build/MMB29P) AppleWebKit/537.36 (KHTML, like Gecko) Chrome/137.0.7151.103 Mobile Safari/537.36 (compatible; Googlebot/2.1; +http://www.google.com/bot.html)"
66.249.79.232 - - [21/Jul/2025:21:00:59 +0000] "POST /get-message-notify HTTP/1.1" 200 19472 "https://www.kelaby.company/?h=5695947041960&mod=2076b5ab&uri=product.php?detail/39718321" "Mozilla/5.0 (Linux; Android 6.0.1; Nexus 5X Build/MMB29P) AppleWebKit/537.36 (KHTML, like Gecko) Chrome/137.0.7151.119 Mobile Safari/537.36 (compatible; Googlebot/2.1; +http://www.google.com/bot.html)"
66.249.79.234 - - [21/Jul/2025:21:01:04 +0000] "GET /?h=5695947041960&mod=2076b5ab&uri=product.php?detail/39723241 HTTP/1.1" 200 19630 "-" "Mozilla/5.0 (Linux; Android 6.0.1; Nexus 5X Build/MMB29P) AppleWebKit/537.36 (KHTML, like Gecko) Chrome/137.0.7151.103 Mobile Safari/537.36 (compatible; Googlebot/2.1; +http://www.google.com/bot.html)"
209.74.77.214 - - [21/Jul/2025:21:01:13 +0000] "POST /wp-cron.php?doing_wp_cron=1753131673.4724540710449218750000 HTTP/1.1" 200 - "-" "WordPress/6.8.2; https://kelaby.company"
2a03:2880:f800:17:: - - [21/Jul/2025:21:01:13 +0000] "GET /detail/672785243 HTTP/1.1" 404 16415 "-" "meta-externalagent/1.1 (+https://developers.facebook.com/docs/sharing/webmasters/crawler)"
66.249.79.232 - - [21/Jul/2025:21:01:16 +0000] "GET /?h=5695947041960&mod=2076b5ab&uri=product.php?detail/39718936 HTTP/1.1" 200 19384 "-" "Mozilla/5.0 (Linux; Android 6.0.1; Nexus 5X Build/MMB29P) AppleWebKit/537.36 (KHTML, like Gecko) Chrome/137.0.7151.103 Mobile Safari/537.36 (compatible; Googlebot/2.1; +http://www.google.com/bot.html)"
66.249.79.232 - - [21/Jul/2025:21:01:28 +0000] "GET /?h=5695947041960&mod=2076b5ab&uri=product.php?detail/39730906 HTTP/1.1" 200 19179 "-" "Mozilla/5.0 (Linux; Android 6.0.1; Nexus 5X Build/MMB29P) AppleWebKit/537.36 (KHTML, like Gecko) Chrome/137.0.7151.103 Mobile Safari/537.36 (compatible; Googlebot/2.1; +http://www.google.com/bot.html)"
66.249.79.232 - - [21/Jul/2025:21:01:40 +0000] "GET /?h=59505406131960&mod=6e32552f&uri=dp.php?product/edit/K956737616 HTTP/1.1" 200 19480 "-" "Mozilla/5.0 (Linux; Android 6.0.1; Nexus 5X Build/MMB29P) AppleWebKit/537.36 (KHTML, like Gecko) Chrome/137.0.7151.103 Mobile Safari/537.36 (compatible; Googlebot/2.1; +http://www.google.com/bot.html)"
51.222.253.16 - - [21/Jul/2025:21:01:42 +0000] "GET /?h=34334270061960&uri=shared.php%3Fid%3D1145949-1071%26name%3Dharrods%20breitling HTTP/1.1" 200 26472 "-" "Mozilla/5.0 (compatible; AhrefsBot/7.0; +http://ahrefs.com/robot/)"
66.249.79.232 - - [21/Jul/2025:21:01:52 +0000] "GET /?h=84629340041960&mod=8c76acf2&uri=news.php?detail/4449365 HTTP/1.1" 200 20000 "-" "Mozilla/5.0 (Linux; Android 6.0.1; Nexus 5X Build/MMB29P) AppleWebKit/537.36 (KHTML, like Gecko) Chrome/137.0.7151.103 Mobile Safari/537.36 (compatible; Googlebot/2.1; +http://www.google.com/bot.html)"
66.249.79.233 - - [21/Jul/2025:21:02:04 +0000] "GET /?h=84629340041960&mod=8c76acf2&uri=news.php?detail/4444850 HTTP/1.1" 200 19656 "-" "Mozilla/5.0 (Linux; Android 6.0.1; Nexus 5X Build/MMB29P) AppleWebKit/537.36 (KHTML, like Gecko) Chrome/137.0.7151.103 Mobile Safari/537.36 (compatible; Googlebot/2.1; +http://www.google.com/bot.html)"
209.74.77.214 - - [21/Jul/2025:21:02:10 +0000] "POST /wp-cron.php?doing_wp_cron=1753131730.2485020160675048828125 HTTP/1.1" 200 - "-" "WordPress/6.8.2; https://kelaby.company"
2a03:2880:f800:d:: - - [21/Jul/2025:21:02:10 +0000] "GET /detail/672911876 HTTP/1.1" 404 16415 "-" "meta-externalagent/1.1 (+https://developers.facebook.com/docs/sharing/webmasters/crawler)"
66.249.79.233 - - [21/Jul/2025:21:02:16 +0000] "GET /?h=5743745031960&mod=60b7f5df&uri=news.php?detail/1666132 HTTP/1.1" 200 21971 "-" "Mozilla/5.0 (Linux; Android 6.0.1; Nexus 5X Build/MMB29P) AppleWebKit/537.36 (KHTML, like Gecko) Chrome/137.0.7151.103 Mobile Safari/537.36 (compatible; Googlebot/2.1; +http://www.google.com/bot.html)"
66.249.79.232 - - [21/Jul/2025:21:02:27 +0000] "GET /?h=5743745031960&mod=60b7f5df&uri=news.php?detail/1647309 HTTP/1.1" 200 21360 "-" "Mozilla/5.0 (Linux; Android 6.0.1; Nexus 5X Build/MMB29P) AppleWebKit/537.36 (KHTML, like Gecko) Chrome/137.0.7151.103 Mobile Safari/537.36 (compatible; Googlebot/2.1; +http://www.google.com/bot.html)"
66.249.79.34 - - [21/Jul/2025:21:02:47 +0000] "GET /?h=28079592001960&mod=d7da1c61&uri=shop.php%3Fid%3D937174-690%26name%3Dmasajistas+los+domingos HTTP/1.1" 200 21292 "-" "Mozilla/5.0 (Linux; Android 6.0.1; Nexus 5X Build/MMB29P) AppleWebKit/537.36 (KHTML, like Gecko) Chrome/137.0.7151.103 Mobile Safari/537.36 (compatible; Googlebot/2.1; +http://www.google.com/bot.html)"
209.74.77.214 - - [21/Jul/2025:21:02:58 +0000] "POST /wp-cron.php?doing_wp_cron=1753131778.0469799041748046875000 HTTP/1.1" 200 - "-" "WordPress/6.8.2; https://kelaby.company"
51.222.253.1 - - [21/Jul/2025:21:02:57 +0000] "GET /?h=34349540031960&mod=2892d34f&uri=shop.php%3Fid%3D1146458-1069%26name%3Dfastrack+smart+band+price HTTP/1.1" 301 - "-" "Mozilla/5.0 (compatible; AhrefsBot/7.0; +http://ahrefs.com/robot/)"
66.249.79.232 - - [21/Jul/2025:21:02:58 +0000] "GET /?h=91501602111960&mod=5c7b6554&uri=shop.php?detail/34926059 HTTP/1.1" 200 22518 "-" "Mozilla/5.0 (Linux; Android 6.0.1; Nexus 5X Build/MMB29P) AppleWebKit/537.36 (KHTML, like Gecko) Chrome/137.0.7151.103 Mobile Safari/537.36 (compatible; Googlebot/2.1; +http://www.google.com/bot.html)"
66.249.79.233 - - [21/Jul/2025:21:03:10 +0000] "GET /?h=6162442041960&mod=cc13c58b&uri=shared.php?product/edit/K4032421702 HTTP/1.1" 200 20393 "-" "Mozilla/5.0 (Linux; Android 6.0.1; Nexus 5X Build/MMB29P) AppleWebKit/537.36 (KHTML, like Gecko) Chrome/137.0.7151.103 Mobile Safari/537.36 (compatible; Googlebot/2.1; +http://www.google.com/bot.html)"
66.249.79.34 - - [21/Jul/2025:21:03:11 +0000] "GET /?h=115096427041960&mod=be8e1862&uri=dp.php?detail/6350326 HTTP/1.1" 200 20616 "-" "Mozilla/5.0 (Linux; Android 6.0.1; Nexus 5X Build/MMB29P) AppleWebKit/537.36 (KHTML, like Gecko) Chrome/137.0.7151.103 Mobile Safari/537.36 (compatible; Googlebot/2.1; +http://www.google.com/bot.html)"
66.249.79.232 - - [21/Jul/2025:21:03:16 +0000] "GET /?h=5743745031960&mod=60b7f5df&uri=news.php?detail/3601795 HTTP/1.1" 200 18864 "-" "Mozilla/5.0 (Linux; Android 6.0.1; Nexus 5X Build/MMB29P) AppleWebKit/537.36 (KHTML, like Gecko) Chrome/137.0.7151.103 Mobile Safari/537.36 (compatible; Googlebot/2.1; +http://www.google.com/bot.html)"
66.249.79.232 - - [21/Jul/2025:21:03:27 +0000] "GET /?h=5743745031960&mod=60b7f5df&uri=news.php?detail/3604181 HTTP/1.1" 200 19935 "-" "Mozilla/5.0 (Linux; Android 6.0.1; Nexus 5X Build/MMB29P) AppleWebKit/537.36 (KHTML, like Gecko) Chrome/137.0.7151.103 Mobile Safari/537.36 (compatible; Googlebot/2.1; +http://www.google.com/bot.html)"
2a03:2880:f800:10:: - - [21/Jul/2025:21:03:28 +0000] "GET /detail/672718386 HTTP/1.1" 404 16415 "-" "meta-externalagent/1.1 (+https://developers.facebook.com/docs/sharing/webmasters/crawler)"
66.249.79.232 - - [21/Jul/2025:21:03:39 +0000] "GET /?h=5743745031960&mod=60b7f5df&uri=news.php?detail/3596857 HTTP/1.1" 200 19449 "-" "Mozilla/5.0 (Linux; Android 6.0.1; Nexus 5X Build/MMB29P) AppleWebKit/537.36 (KHTML, like Gecko) Chrome/137.0.7151.103 Mobile Safari/537.36 (compatible; Googlebot/2.1; +http://www.google.com/bot.html)"
