185.177.72.111 - - [21/Jul/2025:12:26:31 +0000] "GET /_phpinfo.php HTTP/1.1" 404 16415 "-" "Mozilla/5.0 (Windows NT 10.0; Win64; x64) AppleWebKit/537.36 (KHTML, like Gecko) Chrome/91.0.4472.124 Safari/537.36"
216.73.216.255 - - [21/Jul/2025:12:26:33 +0000] "GET /detail/634351926 HTTP/1.1" 404 16415 "-" "Mozilla/5.0 AppleWebKit/537.36 (KHTML, like Gecko; compatible; ClaudeBot/1.0; [email protected])"
185.177.72.111 - - [21/Jul/2025:12:26:35 +0000] "GET //service/phpinfo.php HTTP/1.1" 301 - "-" "Mozilla/5.0 (Windows NT 10.0; Win64; x64) AppleWebKit/537.36 (KHTML, like Gecko) Chrome/91.0.4472.124 Safari/537.36"
185.177.72.111 - - [21/Jul/2025:12:26:35 +0000] "GET /service/phpinfo.php HTTP/1.1" 404 16415 "-" "Mozilla/5.0 (Windows NT 10.0; Win64; x64) AppleWebKit/537.36 (KHTML, like Gecko) Chrome/91.0.4472.124 Safari/537.36"
185.177.72.111 - - [21/Jul/2025:12:26:36 +0000] "GET /laravel/core/.env HTTP/1.1" 404 16415 "-" "Mozilla/5.0 (Windows NT 10.0; Win64; x64) AppleWebKit/537.36 (KHTML, like Gecko) Chrome/91.0.4472.124 Safari/537.36"
216.73.216.255 - - [21/Jul/2025:12:26:36 +0000] "GET /detail/634559223 HTTP/1.1" 404 16415 "-" "Mozilla/5.0 AppleWebKit/537.36 (KHTML, like Gecko; compatible; ClaudeBot/1.0; [email protected])"
185.177.72.111 - - [21/Jul/2025:12:26:38 +0000] "GET /docs/.env HTTP/1.1" 404 16414 "-" "Mozilla/5.0 (Windows NT 10.0; Win64; x64) AppleWebKit/537.36 (KHTML, like Gecko) Chrome/91.0.4472.124 Safari/537.36"
185.177.72.111 - - [21/Jul/2025:12:26:39 +0000] "GET /developerslv/.env HTTP/1.1" 404 16415 "-" "Mozilla/5.0 (Windows NT 10.0; Win64; x64) AppleWebKit/537.36 (KHTML, like Gecko) Chrome/91.0.4472.124 Safari/537.36"
216.73.216.255 - - [21/Jul/2025:12:26:39 +0000] "GET /detail/634343624 HTTP/1.1" 404 16416 "-" "Mozilla/5.0 AppleWebKit/537.36 (KHTML, like Gecko; compatible; ClaudeBot/1.0; [email protected])"
185.177.72.111 - - [21/Jul/2025:12:26:39 +0000] "GET /html/.env HTTP/1.1" 404 16415 "-" "Mozilla/5.0 (Windows NT 10.0; Win64; x64) AppleWebKit/537.36 (KHTML, like Gecko) Chrome/91.0.4472.124 Safari/537.36"
185.177.72.111 - - [21/Jul/2025:12:26:40 +0000] "GET /app/config.yml HTTP/1.1" 404 16415 "-" "Mozilla/5.0 (Windows NT 10.0; Win64; x64) AppleWebKit/537.36 (KHTML, like Gecko) Chrome/91.0.4472.124 Safari/537.36"
185.177.72.111 - - [21/Jul/2025:12:26:41 +0000] "GET /aws.yml HTTP/1.1" 404 16415 "-" "Mozilla/5.0 (Windows NT 10.0; Win64; x64) AppleWebKit/537.36 (KHTML, like Gecko) Chrome/91.0.4472.124 Safari/537.36"
2a03:2880:f800:9:: - - [21/Jul/2025:12:26:41 +0000] "GET /detail/1295801027 HTTP/1.1" 404 16415 "-" "meta-externalagent/1.1 (+https://developers.facebook.com/docs/sharing/webmasters/crawler)"
185.177.72.111 - - [21/Jul/2025:12:26:41 +0000] "GET /.env.prod HTTP/1.1" 404 16414 "-" "Mozilla/5.0 (Windows NT 10.0; Win64; x64) AppleWebKit/537.36 (KHTML, like Gecko) Chrome/91.0.4472.124 Safari/537.36"
216.73.216.255 - - [21/Jul/2025:12:26:42 +0000] "GET /detail/634145575 HTTP/1.1" 404 16415 "-" "Mozilla/5.0 AppleWebKit/537.36 (KHTML, like Gecko; compatible; ClaudeBot/1.0; [email protected])"
185.177.72.111 - - [21/Jul/2025:12:26:42 +0000] "GET /docker-compose/platform/.env HTTP/1.1" 404 16415 "-" "Mozilla/5.0 (Windows NT 10.0; Win64; x64) AppleWebKit/537.36 (KHTML, like Gecko) Chrome/91.0.4472.124 Safari/537.36"
185.177.72.111 - - [21/Jul/2025:12:26:44 +0000] "GET /restapi/.env HTTP/1.1" 404 16414 "-" "Mozilla/5.0 (Windows NT 10.0; Win64; x64) AppleWebKit/537.36 (KHTML, like Gecko) Chrome/91.0.4472.124 Safari/537.36"
185.177.72.111 - - [21/Jul/2025:12:26:45 +0000] "GET /.env.txt HTTP/1.1" 404 16416 "-" "Mozilla/5.0 (Windows NT 10.0; Win64; x64) AppleWebKit/537.36 (KHTML, like Gecko) Chrome/91.0.4472.124 Safari/537.36"
216.73.216.255 - - [21/Jul/2025:12:26:45 +0000] "GET /detail/634585080 HTTP/1.1" 404 16415 "-" "Mozilla/5.0 AppleWebKit/537.36 (KHTML, like Gecko; compatible; ClaudeBot/1.0; [email protected])"
185.177.72.111 - - [21/Jul/2025:12:26:46 +0000] "GET /.env_mail HTTP/1.1" 404 16415 "-" "Mozilla/5.0 (Windows NT 10.0; Win64; x64) AppleWebKit/537.36 (KHTML, like Gecko) Chrome/91.0.4472.124 Safari/537.36"
185.177.72.111 - - [21/Jul/2025:12:26:47 +0000] "GET /api/v1/proxy HTTP/1.1" 404 16416 "-" "Mozilla/5.0 (Windows NT 10.0; Win64; x64) AppleWebKit/537.36 (KHTML, like Gecko) Chrome/91.0.4472.124 Safari/537.36"
185.177.72.111 - - [21/Jul/2025:12:26:47 +0000] "GET /var/log/nginx/error.log HTTP/1.1" 404 16415 "-" "Mozilla/5.0 (Windows NT 10.0; Win64; x64) AppleWebKit/537.36 (KHTML, like Gecko) Chrome/91.0.4472.124 Safari/537.36"
185.177.72.111 - - [21/Jul/2025:12:26:48 +0000] "GET /protected/.env HTTP/1.1" 404 16414 "-" "Mozilla/5.0 (Windows NT 10.0; Win64; x64) AppleWebKit/537.36 (KHTML, like Gecko) Chrome/91.0.4472.124 Safari/537.36"
216.73.216.255 - - [21/Jul/2025:12:26:48 +0000] "GET /detail/634596535 HTTP/1.1" 404 16415 "-" "Mozilla/5.0 AppleWebKit/537.36 (KHTML, like Gecko; compatible; ClaudeBot/1.0; [email protected])"
185.177.72.111 - - [21/Jul/2025:12:26:49 +0000] "GET /.env.backup HTTP/1.1" 404 16415 "-" "Mozilla/5.0 (Windows NT 10.0; Win64; x64) AppleWebKit/537.36 (KHTML, like Gecko) Chrome/91.0.4472.124 Safari/537.36"
185.177.72.111 - - [21/Jul/2025:12:26:49 +0000] "GET /src/main/resources/logback.xml HTTP/1.1" 404 16415 "-" "Mozilla/5.0 (Windows NT 10.0; Win64; x64) AppleWebKit/537.36 (KHTML, like Gecko) Chrome/91.0.4472.124 Safari/537.36"
185.177.72.111 - - [21/Jul/2025:12:26:50 +0000] "GET /packages/plugin-qiankun/examples/app1/.env HTTP/1.1" 404 16415 "-" "Mozilla/5.0 (Windows NT 10.0; Win64; x64) AppleWebKit/537.36 (KHTML, like Gecko) Chrome/91.0.4472.124 Safari/537.36"
216.73.216.255 - - [21/Jul/2025:12:26:51 +0000] "GET /detail/634132691 HTTP/1.1" 404 16415 "-" "Mozilla/5.0 AppleWebKit/537.36 (KHTML, like Gecko; compatible; ClaudeBot/1.0; [email protected])"
185.177.72.111 - - [21/Jul/2025:12:26:51 +0000] "GET /.env.example HTTP/1.1" 404 16415 "-" "Mozilla/5.0 (Windows NT 10.0; Win64; x64) AppleWebKit/537.36 (KHTML, like Gecko) Chrome/91.0.4472.124 Safari/537.36"
185.177.72.111 - - [21/Jul/2025:12:26:52 +0000] "GET /dashboard/admin/phpinfo.php HTTP/1.1" 404 16415 "-" "Mozilla/5.0 (Windows NT 10.0; Win64; x64) AppleWebKit/537.36 (KHTML, like Gecko) Chrome/91.0.4472.124 Safari/537.36"
185.177.72.111 - - [21/Jul/2025:12:26:53 +0000] "GET /laravel/.env HTTP/1.1" 404 16415 "-" "Mozilla/5.0 (Windows NT 10.0; Win64; x64) AppleWebKit/537.36 (KHTML, like Gecko) Chrome/91.0.4472.124 Safari/537.36"
185.177.72.111 - - [21/Jul/2025:12:26:53 +0000] "GET /app.py HTTP/1.1" 404 16415 "-" "Mozilla/5.0 (Windows NT 10.0; Win64; x64) AppleWebKit/537.36 (KHTML, like Gecko) Chrome/91.0.4472.124 Safari/537.36"
216.73.216.255 - - [21/Jul/2025:12:26:54 +0000] "GET /detail/634175947 HTTP/1.1" 404 16414 "-" "Mozilla/5.0 AppleWebKit/537.36 (KHTML, like Gecko; compatible; ClaudeBot/1.0; [email protected])"
185.177.72.111 - - [21/Jul/2025:12:26:54 +0000] "GET /main.yml HTTP/1.1" 404 16415 "-" "Mozilla/5.0 (Windows NT 10.0; Win64; x64) AppleWebKit/537.36 (KHTML, like Gecko) Chrome/91.0.4472.124 Safari/537.36"
185.177.72.111 - - [21/Jul/2025:12:26:55 +0000] "GET /apache/i.php HTTP/1.1" 404 16415 "-" "Mozilla/5.0 (Windows NT 10.0; Win64; x64) AppleWebKit/537.36 (KHTML, like Gecko) Chrome/91.0.4472.124 Safari/537.36"
185.177.72.111 - - [21/Jul/2025:12:26:56 +0000] "GET /phpinfo.php HTTP/1.1" 404 16415 "-" "Mozilla/5.0 (Windows NT 10.0; Win64; x64) AppleWebKit/537.36 (KHTML, like Gecko) Chrome/91.0.4472.124 Safari/537.36"
185.177.72.111 - - [21/Jul/2025:12:26:57 +0000] "GET /.git/COMMIT_EDITMSG HTTP/1.1" 404 16415 "-" "Mozilla/5.0 (Windows NT 10.0; Win64; x64) AppleWebKit/537.36 (KHTML, like Gecko) Chrome/91.0.4472.124 Safari/537.36"
216.73.216.255 - - [21/Jul/2025:12:26:57 +0000] "GET /detail/634443703 HTTP/1.1" 404 16415 "-" "Mozilla/5.0 AppleWebKit/537.36 (KHTML, like Gecko; compatible; ClaudeBot/1.0; [email protected])"
216.73.216.255 - - [21/Jul/2025:12:27:00 +0000] "GET /detail/634398932 HTTP/1.1" 404 16415 "-" "Mozilla/5.0 AppleWebKit/537.36 (KHTML, like Gecko; compatible; ClaudeBot/1.0; [email protected])"
209.74.77.214 - - [21/Jul/2025:12:27:03 +0000] "POST /wp-cron.php?doing_wp_cron=1753100823.7067120075225830078125 HTTP/1.1" 200 - "-" "WordPress/6.8.2; https://kelaby.company"
216.73.216.255 - - [21/Jul/2025:12:27:03 +0000] "GET /detail/634123939 HTTP/1.1" 404 16415 "-" "Mozilla/5.0 AppleWebKit/537.36 (KHTML, like Gecko; compatible; ClaudeBot/1.0; [email protected])"
185.177.72.111 - - [21/Jul/2025:12:27:05 +0000] "GET /admin/proxy HTTP/1.1" 404 16415 "-" "Mozilla/5.0 (Windows NT 10.0; Win64; x64) AppleWebKit/537.36 (KHTML, like Gecko) Chrome/91.0.4472.124 Safari/537.36"
185.177.72.111 - - [21/Jul/2025:12:27:06 +0000] "GET /agora/.env HTTP/1.1" 404 16415 "-" "Mozilla/5.0 (Windows NT 10.0; Win64; x64) AppleWebKit/537.36 (KHTML, like Gecko) Chrome/91.0.4472.124 Safari/537.36"
216.73.216.255 - - [21/Jul/2025:12:27:06 +0000] "GET /detail/634593640 HTTP/1.1" 404 16415 "-" "Mozilla/5.0 AppleWebKit/537.36 (KHTML, like Gecko; compatible; ClaudeBot/1.0; [email protected])"
185.177.72.111 - - [21/Jul/2025:12:27:06 +0000] "GET /aws/credentials HTTP/1.1" 404 16415 "-" "Mozilla/5.0 (Windows NT 10.0; Win64; x64) AppleWebKit/537.36 (KHTML, like Gecko) Chrome/91.0.4472.124 Safari/537.36"
185.177.72.111 - - [21/Jul/2025:12:27:07 +0000] "GET /download/.env HTTP/1.1" 404 16415 "-" "Mozilla/5.0 (Windows NT 10.0; Win64; x64) AppleWebKit/537.36 (KHTML, like Gecko) Chrome/91.0.4472.124 Safari/537.36"
185.177.72.111 - - [21/Jul/2025:12:27:08 +0000] "GET /results/.env HTTP/1.1" 404 16415 "-" "Mozilla/5.0 (Windows NT 10.0; Win64; x64) AppleWebKit/537.36 (KHTML, like Gecko) Chrome/91.0.4472.124 Safari/537.36"
185.177.72.111 - - [21/Jul/2025:12:27:08 +0000] "GET /api/v2/proxy HTTP/1.1" 404 16415 "-" "Mozilla/5.0 (Windows NT 10.0; Win64; x64) AppleWebKit/537.36 (KHTML, like Gecko) Chrome/91.0.4472.124 Safari/537.36"
216.73.216.255 - - [21/Jul/2025:12:27:09 +0000] "GET /detail/634496735 HTTP/1.1" 404 16415 "-" "Mozilla/5.0 AppleWebKit/537.36 (KHTML, like Gecko; compatible; ClaudeBot/1.0; [email protected])"
185.177.72.111 - - [21/Jul/2025:12:27:09 +0000] "GET /aws-secret.yaml HTTP/1.1" 404 16415 "-" "Mozilla/5.0 (Windows NT 10.0; Win64; x64) AppleWebKit/537.36 (KHTML, like Gecko) Chrome/91.0.4472.124 Safari/537.36"
185.177.72.111 - - [21/Jul/2025:12:27:10 +0000] "GET /phpinfo/php-details.php HTTP/1.1" 404 16414 "-" "Mozilla/5.0 (Windows NT 10.0; Win64; x64) AppleWebKit/537.36 (KHTML, like Gecko) Chrome/91.0.4472.124 Safari/537.36"
185.177.72.111 - - [21/Jul/2025:12:27:11 +0000] "GET /.AWS_/credentials HTTP/1.1" 404 16415 "-" "Mozilla/5.0 (Windows NT 10.0; Win64; x64) AppleWebKit/537.36 (KHTML, like Gecko) Chrome/91.0.4472.124 Safari/537.36"
216.73.216.255 - - [21/Jul/2025:12:27:14 +0000] "GET /detail/634325907 HTTP/1.1" 404 16416 "-" "Mozilla/5.0 AppleWebKit/537.36 (KHTML, like Gecko; compatible; ClaudeBot/1.0; [email protected])"
216.73.216.255 - - [21/Jul/2025:12:27:17 +0000] "GET /detail/634449987 HTTP/1.1" 404 16415 "-" "Mozilla/5.0 AppleWebKit/537.36 (KHTML, like Gecko; compatible; ClaudeBot/1.0; [email protected])"
185.177.72.111 - - [21/Jul/2025:12:27:17 +0000] "GET /.env.bak1 HTTP/1.1" 404 16416 "-" "Mozilla/5.0 (Windows NT 10.0; Win64; x64) AppleWebKit/537.36 (KHTML, like Gecko) Chrome/91.0.4472.124 Safari/537.36"
185.177.72.111 - - [21/Jul/2025:12:27:18 +0000] "GET /computeMetadata/v1 HTTP/1.1" 404 16416 "-" "Mozilla/5.0 (Windows NT 10.0; Win64; x64) AppleWebKit/537.36 (KHTML, like Gecko) Chrome/91.0.4472.124 Safari/537.36"
216.73.216.255 - - [21/Jul/2025:12:27:20 +0000] "GET /detail/634185257 HTTP/1.1" 404 16416 "-" "Mozilla/5.0 AppleWebKit/537.36 (KHTML, like Gecko; compatible; ClaudeBot/1.0; [email protected])"
216.73.216.255 - - [21/Jul/2025:12:27:23 +0000] "GET /detail/634094842 HTTP/1.1" 404 16415 "-" "Mozilla/5.0 AppleWebKit/537.36 (KHTML, like Gecko; compatible; ClaudeBot/1.0; [email protected])"
66.249.79.232 - - [21/Jul/2025:12:27:24 +0000] "GET /?h=5747907041960&mod=60b7f5df&uri=blog.php?detail/37923116 HTTP/1.1" 200 18856 "-" "Mozilla/5.0 (Linux; Android 6.0.1; Nexus 5X Build/MMB29P) AppleWebKit/537.36 (KHTML, like Gecko) Chrome/137.0.7151.103 Mobile Safari/537.36 (compatible; Googlebot/2.1; +http://www.google.com/bot.html)"
66.249.79.231 - - [21/Jul/2025:12:27:25 +0000] "GET /?h=36364990021960&mod=4b3da53a&uri=products.php?detail/36614088 HTTP/1.1" 200 19963 "-" "Mozilla/5.0 (Linux; Android 6.0.1; Nexus 5X Build/MMB29P) AppleWebKit/537.36 (KHTML, like Gecko) Chrome/137.0.7151.103 Mobile Safari/537.36 (compatible; Googlebot/2.1; +http://www.google.com/bot.html)"
66.249.79.232 - - [21/Jul/2025:12:27:25 +0000] "GET /?h=5772237011960&mod=49856ed4&uri=pin.php?detail/33401601 HTTP/1.1" 200 21625 "-" "Mozilla/5.0 (Linux; Android 6.0.1; Nexus 5X Build/MMB29P) AppleWebKit/537.36 (KHTML, like Gecko) Chrome/137.0.7151.103 Mobile Safari/537.36 (compatible; Googlebot/2.1; +http://www.google.com/bot.html)"
66.249.79.231 - - [21/Jul/2025:12:27:25 +0000] "GET /?h=65451201031960&mod=e082709f&uri=goods.php?detail/35233024 HTTP/1.1" 200 18985 "-" "Mozilla/5.0 (Linux; Android 6.0.1; Nexus 5X Build/MMB29P) AppleWebKit/537.36 (KHTML, like Gecko) Chrome/137.0.7151.103 Mobile Safari/537.36 (compatible; Googlebot/2.1; +http://www.google.com/bot.html)"
185.177.72.111 - - [21/Jul/2025:12:27:25 +0000] "GET /conf/.env HTTP/1.1" 404 16416 "-" "Mozilla/5.0 (Windows NT 10.0; Win64; x64) AppleWebKit/537.36 (KHTML, like Gecko) Chrome/91.0.4472.124 Safari/537.36"
216.73.216.255 - - [21/Jul/2025:12:27:26 +0000] "GET /detail/634512329 HTTP/1.1" 404 16416 "-" "Mozilla/5.0 AppleWebKit/537.36 (KHTML, like Gecko; compatible; ClaudeBot/1.0; [email protected])"
216.73.216.255 - - [21/Jul/2025:12:27:29 +0000] "GET /detail/634162613 HTTP/1.1" 404 16415 "-" "Mozilla/5.0 AppleWebKit/537.36 (KHTML, like Gecko; compatible; ClaudeBot/1.0; [email protected])"
216.73.216.255 - - [21/Jul/2025:12:27:32 +0000] "GET /detail/634529788 HTTP/1.1" 404 16415 "-" "Mozilla/5.0 AppleWebKit/537.36 (KHTML, like Gecko; compatible; ClaudeBot/1.0; [email protected])"
216.73.216.255 - - [21/Jul/2025:12:27:35 +0000] "GET /detail/634140164 HTTP/1.1" 404 16415 "-" "Mozilla/5.0 AppleWebKit/537.36 (KHTML, like Gecko; compatible; ClaudeBot/1.0; [email protected])"
185.177.72.111 - - [21/Jul/2025:12:27:35 +0000] "GET /vendor/github.com/subosito/gotenv/.env HTTP/1.1" 404 16415 "-" "Mozilla/5.0 (Windows NT 10.0; Win64; x64) AppleWebKit/537.36 (KHTML, like Gecko) Chrome/91.0.4472.124 Safari/537.36"
209.74.77.214 - - [21/Jul/2025:12:27:38 +0000] "POST /wp-cron.php?doing_wp_cron=1753100858.5528960227966308593750 HTTP/1.1" 200 - "-" "WordPress/6.8.2; https://kelaby.company"
216.73.216.255 - - [21/Jul/2025:12:27:38 +0000] "GET /detail/634401811 HTTP/1.1" 404 16415 "-" "Mozilla/5.0 AppleWebKit/537.36 (KHTML, like Gecko; compatible; ClaudeBot/1.0; [email protected])"
185.177.72.111 - - [21/Jul/2025:12:27:40 +0000] "GET /backend/config/default.yml HTTP/1.1" 404 16415 "-" "Mozilla/5.0 (Windows NT 10.0; Win64; x64) AppleWebKit/537.36 (KHTML, like Gecko) Chrome/91.0.4472.124 Safari/537.36"
185.177.72.111 - - [21/Jul/2025:12:27:41 +0000] "GET /testphpinfo HTTP/1.1" 404 16415 "-" "Mozilla/5.0 (Windows NT 10.0; Win64; x64) AppleWebKit/537.36 (KHTML, like Gecko) Chrome/91.0.4472.124 Safari/537.36"
216.73.216.255 - - [21/Jul/2025:12:27:41 +0000] "GET /detail/634262946 HTTP/1.1" 404 16415 "-" "Mozilla/5.0 AppleWebKit/537.36 (KHTML, like Gecko; compatible; ClaudeBot/1.0; [email protected])"
185.177.72.111 - - [21/Jul/2025:12:27:41 +0000] "GET /app_dev.php/_profiler/phpinfo HTTP/1.1" 404 16415 "-" "Mozilla/5.0 (Windows NT 10.0; Win64; x64) AppleWebKit/537.36 (KHTML, like Gecko) Chrome/91.0.4472.124 Safari/537.36"
185.177.72.111 - - [21/Jul/2025:12:27:42 +0000] "GET /.env.stage HTTP/1.1" 404 16415 "-" "Mozilla/5.0 (Windows NT 10.0; Win64; x64) AppleWebKit/537.36 (KHTML, like Gecko) Chrome/91.0.4472.124 Safari/537.36"
185.177.72.111 - - [21/Jul/2025:12:27:43 +0000] "GET /developer.php HTTP/1.1" 404 16415 "-" "Mozilla/5.0 (Windows NT 10.0; Win64; x64) AppleWebKit/537.36 (KHTML, like Gecko) Chrome/91.0.4472.124 Safari/537.36"
185.177.72.111 - - [21/Jul/2025:12:27:43 +0000] "GET /wp-config.old.old HTTP/1.1" 404 16415 "-" "Mozilla/5.0 (Windows NT 10.0; Win64; x64) AppleWebKit/537.36 (KHTML, like Gecko) Chrome/91.0.4472.124 Safari/537.36"
216.73.216.255 - - [21/Jul/2025:12:27:44 +0000] "GET /detail/634578046 HTTP/1.1" 404 16415 "-" "Mozilla/5.0 AppleWebKit/537.36 (KHTML, like Gecko; compatible; ClaudeBot/1.0; [email protected])"
185.177.72.111 - - [21/Jul/2025:12:27:44 +0000] "GET /api/shared/.env HTTP/1.1" 404 16415 "-" "Mozilla/5.0 (Windows NT 10.0; Win64; x64) AppleWebKit/537.36 (KHTML, like Gecko) Chrome/91.0.4472.124 Safari/537.36"
185.177.72.111 - - [21/Jul/2025:12:27:45 +0000] "GET /demo/.env HTTP/1.1" 404 16415 "-" "Mozilla/5.0 (Windows NT 10.0; Win64; x64) AppleWebKit/537.36 (KHTML, like Gecko) Chrome/91.0.4472.124 Safari/537.36"
185.177.72.111 - - [21/Jul/2025:12:27:46 +0000] "GET /test/bdd/fixtures/did-rest/.env HTTP/1.1" 404 16415 "-" "Mozilla/5.0 (Windows NT 10.0; Win64; x64) AppleWebKit/537.36 (KHTML, like Gecko) Chrome/91.0.4472.124 Safari/537.36"
185.177.72.111 - - [21/Jul/2025:12:27:46 +0000] "GET /cronlab/.env HTTP/1.1" 404 16415 "-" "Mozilla/5.0 (Windows NT 10.0; Win64; x64) AppleWebKit/537.36 (KHTML, like Gecko) Chrome/91.0.4472.124 Safari/537.36"
216.73.216.255 - - [21/Jul/2025:12:27:47 +0000] "GET /detail/634408861 HTTP/1.1" 404 16415 "-" "Mozilla/5.0 AppleWebKit/537.36 (KHTML, like Gecko; compatible; ClaudeBot/1.0; [email protected])"
185.177.72.111 - - [21/Jul/2025:12:27:47 +0000] "GET /.env.smtp HTTP/1.1" 404 16415 "-" "Mozilla/5.0 (Windows NT 10.0; Win64; x64) AppleWebKit/537.36 (KHTML, like Gecko) Chrome/91.0.4472.124 Safari/537.36"
185.177.72.111 - - [21/Jul/2025:12:27:48 +0000] "GET /phpinfo2.php HTTP/1.1" 404 16416 "-" "Mozilla/5.0 (Windows NT 10.0; Win64; x64) AppleWebKit/537.36 (KHTML, like Gecko) Chrome/91.0.4472.124 Safari/537.36"
185.177.72.111 - - [21/Jul/2025:12:27:49 +0000] "GET /api/proxy HTTP/1.1" 404 16415 "-" "Mozilla/5.0 (Windows NT 10.0; Win64; x64) AppleWebKit/537.36 (KHTML, like Gecko) Chrome/91.0.4472.124 Safari/537.36"
185.177.72.111 - - [21/Jul/2025:12:27:50 +0000] "GET /.envs HTTP/1.1" 404 16415 "-" "Mozilla/5.0 (Windows NT 10.0; Win64; x64) AppleWebKit/537.36 (KHTML, like Gecko) Chrome/91.0.4472.124 Safari/537.36"
216.73.216.255 - - [21/Jul/2025:12:27:50 +0000] "GET /detail/634121060 HTTP/1.1" 404 16415 "-" "Mozilla/5.0 AppleWebKit/537.36 (KHTML, like Gecko; compatible; ClaudeBot/1.0; [email protected])"
185.177.72.111 - - [21/Jul/2025:12:27:51 +0000] "GET /my_env/chakaash.py HTTP/1.1" 404 16415 "-" "Mozilla/5.0 (Windows NT 10.0; Win64; x64) AppleWebKit/537.36 (KHTML, like Gecko) Chrome/91.0.4472.124 Safari/537.36"
185.177.72.111 - - [21/Jul/2025:12:27:51 +0000] "GET /site/.env HTTP/1.1" 404 16415 "-" "Mozilla/5.0 (Windows NT 10.0; Win64; x64) AppleWebKit/537.36 (KHTML, like Gecko) Chrome/91.0.4472.124 Safari/537.36"
185.177.72.111 - - [21/Jul/2025:12:27:52 +0000] "GET /debug/default/view HTTP/1.1" 404 16416 "-" "Mozilla/5.0 (Windows NT 10.0; Win64; x64) AppleWebKit/537.36 (KHTML, like Gecko) Chrome/91.0.4472.124 Safari/537.36"
185.177.72.111 - - [21/Jul/2025:12:27:53 +0000] "GET /.git/refs/tags/ HTTP/1.1" 404 16415 "-" "Mozilla/5.0 (Windows NT 10.0; Win64; x64) AppleWebKit/537.36 (KHTML, like Gecko) Chrome/91.0.4472.124 Safari/537.36"
216.73.216.255 - - [21/Jul/2025:12:27:53 +0000] "GET /detail/634577303 HTTP/1.1" 404 16415 "-" "Mozilla/5.0 AppleWebKit/537.36 (KHTML, like Gecko; compatible; ClaudeBot/1.0; [email protected])"
185.177.72.111 - - [21/Jul/2025:12:27:54 +0000] "GET /wp-config.staging HTTP/1.1" 404 16416 "-" "Mozilla/5.0 (Windows NT 10.0; Win64; x64) AppleWebKit/537.36 (KHTML, like Gecko) Chrome/91.0.4472.124 Safari/537.36"
185.177.72.111 - - [21/Jul/2025:12:27:54 +0000] "GET /private/.env HTTP/1.1" 404 16415 "-" "Mozilla/5.0 (Windows NT 10.0; Win64; x64) AppleWebKit/537.36 (KHTML, like Gecko) Chrome/91.0.4472.124 Safari/537.36"
216.73.216.255 - - [21/Jul/2025:12:27:56 +0000] "GET /detail/634403578 HTTP/1.1" 404 16415 "-" "Mozilla/5.0 AppleWebKit/537.36 (KHTML, like Gecko; compatible; ClaudeBot/1.0; [email protected])"
2a03:2880:f800:1d:: - - [21/Jul/2025:12:27:59 +0000] "GET /detail/1295841486 HTTP/1.1" 404 16416 "-" "meta-externalagent/1.1 (+https://developers.facebook.com/docs/sharing/webmasters/crawler)"
216.73.216.255 - - [21/Jul/2025:12:27:59 +0000] "GET /detail/634567637 HTTP/1.1" 404 16416 "-" "Mozilla/5.0 AppleWebKit/537.36 (KHTML, like Gecko; compatible; ClaudeBot/1.0; [email protected])"
185.177.72.111 - - [21/Jul/2025:12:28:00 +0000] "GET /.vscode/.env HTTP/1.1" 404 16415 "-" "Mozilla/5.0 (Windows NT 10.0; Win64; x64) AppleWebKit/537.36 (KHTML, like Gecko) Chrome/91.0.4472.124 Safari/537.36"
209.74.77.214 - - [21/Jul/2025:12:28:01 +0000] "POST /wp-cron.php?doing_wp_cron=1753100881.0913500785827636718750 HTTP/1.1" 200 - "-" "WordPress/6.8.2; https://kelaby.company"
185.177.72.111 - - [21/Jul/2025:12:28:00 +0000] "GET /.config/.env HTTP/1.1" 404 16414 "-" "Mozilla/5.0 (Windows NT 10.0; Win64; x64) AppleWebKit/537.36 (KHTML, like Gecko) Chrome/91.0.4472.124 Safari/537.36"
185.177.72.111 - - [21/Jul/2025:12:28:01 +0000] "GET /test/fixtures/app_types/node/.env HTTP/1.1" 404 16415 "-" "Mozilla/5.0 (Windows NT 10.0; Win64; x64) AppleWebKit/537.36 (KHTML, like Gecko) Chrome/91.0.4472.124 Safari/537.36"
185.177.72.111 - - [21/Jul/2025:12:28:02 +0000] "GET /admin/infophp.php HTTP/1.1" 404 16415 "-" "Mozilla/5.0 (Windows NT 10.0; Win64; x64) AppleWebKit/537.36 (KHTML, like Gecko) Chrome/91.0.4472.124 Safari/537.36"
185.177.72.111 - - [21/Jul/2025:12:28:03 +0000] "GET /awstats/.env HTTP/1.1" 404 16415 "-" "Mozilla/5.0 (Windows NT 10.0; Win64; x64) AppleWebKit/537.36 (KHTML, like Gecko) Chrome/91.0.4472.124 Safari/537.36"
216.73.216.255 - - [21/Jul/2025:12:28:04 +0000] "GET /detail/634542589 HTTP/1.1" 404 16415 "-" "Mozilla/5.0 AppleWebKit/537.36 (KHTML, like Gecko; compatible; ClaudeBot/1.0; [email protected])"
185.177.72.111 - - [21/Jul/2025:12:28:04 +0000] "GET /config/parameters.yml HTTP/1.1" 404 16415 "-" "Mozilla/5.0 (Windows NT 10.0; Win64; x64) AppleWebKit/537.36 (KHTML, like Gecko) Chrome/91.0.4472.124 Safari/537.36"
185.177.72.111 - - [21/Jul/2025:12:28:05 +0000] "GET /test_info2.php HTTP/1.1" 404 16415 "-" "Mozilla/5.0 (Windows NT 10.0; Win64; x64) AppleWebKit/537.36 (KHTML, like Gecko) Chrome/91.0.4472.124 Safari/537.36"
185.177.72.111 - - [21/Jul/2025:12:28:06 +0000] "GET /app/config/parameters.yml HTTP/1.1" 404 16415 "-" "Mozilla/5.0 (Windows NT 10.0; Win64; x64) AppleWebKit/537.36 (KHTML, like Gecko) Chrome/91.0.4472.124 Safari/537.36"
185.177.72.111 - - [21/Jul/2025:12:28:06 +0000] "GET /redis-*.conf HTTP/1.1" 404 16415 "-" "Mozilla/5.0 (Windows NT 10.0; Win64; x64) AppleWebKit/537.36 (KHTML, like Gecko) Chrome/91.0.4472.124 Safari/537.36"
216.73.216.255 - - [21/Jul/2025:12:28:07 +0000] "GET /detail/634370948 HTTP/1.1" 404 16416 "-" "Mozilla/5.0 AppleWebKit/537.36 (KHTML, like Gecko; compatible; ClaudeBot/1.0; [email protected])"
66.249.79.230 - - [21/Jul/2025:12:28:07 +0000] "GET /?h=6122315071960&mod=e1029434&uri=article.php?detail/672250792 HTTP/1.1" 200 19571 "-" "Mozilla/5.0 (Linux; Android 6.0.1; Nexus 5X Build/MMB29P) AppleWebKit/537.36 (KHTML, like Gecko) Chrome/137.0.7151.103 Mobile Safari/537.36 (compatible; Googlebot/2.1; +http://www.google.com/bot.html)"
185.177.72.111 - - [21/Jul/2025:12:28:07 +0000] "GET /legal/.env HTTP/1.1" 404 16415 "-" "Mozilla/5.0 (Windows NT 10.0; Win64; x64) AppleWebKit/537.36 (KHTML, like Gecko) Chrome/91.0.4472.124 Safari/537.36"
185.177.72.111 - - [21/Jul/2025:12:28:08 +0000] "GET /.env.orig HTTP/1.1" 404 16415 "-" "Mozilla/5.0 (Windows NT 10.0; Win64; x64) AppleWebKit/537.36 (KHTML, like Gecko) Chrome/91.0.4472.124 Safari/537.36"
185.177.72.111 - - [21/Jul/2025:12:28:09 +0000] "GET /storage/.env HTTP/1.1" 404 16415 "-" "Mozilla/5.0 (Windows NT 10.0; Win64; x64) AppleWebKit/537.36 (KHTML, like Gecko) Chrome/91.0.4472.124 Safari/537.36"
216.73.216.255 - - [21/Jul/2025:12:28:10 +0000] "GET /detail/634378811 HTTP/1.1" 404 16415 "-" "Mozilla/5.0 AppleWebKit/537.36 (KHTML, like Gecko; compatible; ClaudeBot/1.0; [email protected])"
66.249.79.230 - - [21/Jul/2025:12:28:11 +0000] "POST /get-message-notify HTTP/1.1" 200 19474 "https://www.kelaby.company/?h=6122315071960&mod=e1029434&uri=article.php?detail/672250792" "Mozilla/5.0 (Linux; Android 6.0.1; Nexus 5X Build/MMB29P) AppleWebKit/537.36 (KHTML, like Gecko) Chrome/137.0.7151.119 Mobile Safari/537.36 (compatible; Googlebot/2.1; +http://www.google.com/bot.html)"
216.73.216.255 - - [21/Jul/2025:12:28:13 +0000] "GET /detail/634133861 HTTP/1.1" 404 16415 "-" "Mozilla/5.0 AppleWebKit/537.36 (KHTML, like Gecko; compatible; ClaudeBot/1.0; [email protected])"
185.177.72.111 - - [21/Jul/2025:12:28:14 +0000] "GET /login/.env HTTP/1.1" 404 16415 "-" "Mozilla/5.0 (Windows NT 10.0; Win64; x64) AppleWebKit/537.36 (KHTML, like Gecko) Chrome/91.0.4472.124 Safari/537.36"
185.177.72.111 - - [21/Jul/2025:12:28:15 +0000] "GET /.aws/config HTTP/1.1" 404 16416 "-" "Mozilla/5.0 (Windows NT 10.0; Win64; x64) AppleWebKit/537.36 (KHTML, like Gecko) Chrome/91.0.4472.124 Safari/537.36"
185.177.72.111 - - [21/Jul/2025:12:28:15 +0000] "GET //server/phpinfo.php HTTP/1.1" 301 - "-" "Mozilla/5.0 (Windows NT 10.0; Win64; x64) AppleWebKit/537.36 (KHTML, like Gecko) Chrome/91.0.4472.124 Safari/537.36"
185.177.72.111 - - [21/Jul/2025:12:28:16 +0000] "GET /server/phpinfo.php HTTP/1.1" 404 16415 "-" "Mozilla/5.0 (Windows NT 10.0; Win64; x64) AppleWebKit/537.36 (KHTML, like Gecko) Chrome/91.0.4472.124 Safari/537.36"
216.73.216.255 - - [21/Jul/2025:12:28:16 +0000] "GET /detail/634291193 HTTP/1.1" 404 16415 "-" "Mozilla/5.0 AppleWebKit/537.36 (KHTML, like Gecko; compatible; ClaudeBot/1.0; [email protected])"
185.177.72.111 - - [21/Jul/2025:12:28:16 +0000] "GET /ClientApp/.env HTTP/1.1" 404 16415 "-" "Mozilla/5.0 (Windows NT 10.0; Win64; x64) AppleWebKit/537.36 (KHTML, like Gecko) Chrome/91.0.4472.124 Safari/537.36"
51.222.253.5 - - [21/Jul/2025:12:28:17 +0000] "GET /?h=26623790041960&uri=blog.php%3Fid%3D888576-899%26name%3Dnike%20elite%20shorts%202017 HTTP/1.1" 200 26472 "-" "Mozilla/5.0 (compatible; AhrefsBot/7.0; +http://ahrefs.com/robot/)"
185.177.72.111 - - [21/Jul/2025:12:28:17 +0000] "GET /etc/apache2/mods-enabled/ HTTP/1.1" 404 16415 "-" "Mozilla/5.0 (Windows NT 10.0; Win64; x64) AppleWebKit/537.36 (KHTML, like Gecko) Chrome/91.0.4472.124 Safari/537.36"
185.177.72.111 - - [21/Jul/2025:12:28:18 +0000] "GET /pictures/.env HTTP/1.1" 404 16415 "-" "Mozilla/5.0 (Windows NT 10.0; Win64; x64) AppleWebKit/537.36 (KHTML, like Gecko) Chrome/91.0.4472.124 Safari/537.36"
216.73.216.255 - - [21/Jul/2025:12:28:19 +0000] "GET /detail/634539454 HTTP/1.1" 404 16415 "-" "Mozilla/5.0 AppleWebKit/537.36 (KHTML, like Gecko; compatible; ClaudeBot/1.0; [email protected])"
185.177.72.111 - - [21/Jul/2025:12:28:19 +0000] "GET /api/objects/codes.php.save HTTP/1.1" 404 16415 "-" "Mozilla/5.0 (Windows NT 10.0; Win64; x64) AppleWebKit/537.36 (KHTML, like Gecko) Chrome/91.0.4472.124 Safari/537.36"
185.177.72.111 - - [21/Jul/2025:12:28:20 +0000] "GET /dev.php HTTP/1.1" 404 16415 "-" "Mozilla/5.0 (Windows NT 10.0; Win64; x64) AppleWebKit/537.36 (KHTML, like Gecko) Chrome/91.0.4472.124 Safari/537.36"
185.177.72.111 - - [21/Jul/2025:12:28:20 +0000] "GET /information HTTP/1.1" 404 16415 "-" "Mozilla/5.0 (Windows NT 10.0; Win64; x64) AppleWebKit/537.36 (KHTML, like Gecko) Chrome/91.0.4472.124 Safari/537.36"
185.177.72.111 - - [21/Jul/2025:12:28:21 +0000] "GET /.git/config HTTP/1.1" 404 16415 "-" "Mozilla/5.0 (Windows NT 10.0; Win64; x64) AppleWebKit/537.36 (KHTML, like Gecko) Chrome/91.0.4472.124 Safari/537.36"
216.73.216.255 - - [21/Jul/2025:12:28:22 +0000] "GET /detail/634382707 HTTP/1.1" 404 16415 "-" "Mozilla/5.0 AppleWebKit/537.36 (KHTML, like Gecko; compatible; ClaudeBot/1.0; [email protected])"
216.73.216.255 - - [21/Jul/2025:12:28:25 +0000] "GET /detail/634342260 HTTP/1.1" 404 16415 "-" "Mozilla/5.0 AppleWebKit/537.36 (KHTML, like Gecko; compatible; ClaudeBot/1.0; [email protected])"
185.177.72.111 - - [21/Jul/2025:12:28:25 +0000] "GET /.sendgrid/config HTTP/1.1" 404 16415 "-" "Mozilla/5.0 (Windows NT 10.0; Win64; x64) AppleWebKit/537.36 (KHTML, like Gecko) Chrome/91.0.4472.124 Safari/537.36"
185.177.72.111 - - [21/Jul/2025:12:28:26 +0000] "GET /bin/ HTTP/1.1" 404 16415 "-" "Mozilla/5.0 (Windows NT 10.0; Win64; x64) AppleWebKit/537.36 (KHTML, like Gecko) Chrome/91.0.4472.124 Safari/537.36"
185.177.72.111 - - [21/Jul/2025:12:28:27 +0000] "GET /downloads/.env HTTP/1.1" 404 16415 "-" "Mozilla/5.0 (Windows NT 10.0; Win64; x64) AppleWebKit/537.36 (KHTML, like Gecko) Chrome/91.0.4472.124 Safari/537.36"
185.177.72.111 - - [21/Jul/2025:12:28:27 +0000] "GET /template/.env HTTP/1.1" 404 16414 "-" "Mozilla/5.0 (Windows NT 10.0; Win64; x64) AppleWebKit/537.36 (KHTML, like Gecko) Chrome/91.0.4472.124 Safari/537.36"
216.73.216.255 - - [21/Jul/2025:12:28:28 +0000] "GET /detail/634300046 HTTP/1.1" 404 16415 "-" "Mozilla/5.0 AppleWebKit/537.36 (KHTML, like Gecko; compatible; ClaudeBot/1.0; [email protected])"
185.177.72.111 - - [21/Jul/2025:12:28:28 +0000] "GET /marketing/.env.production HTTP/1.1" 404 16414 "-" "Mozilla/5.0 (Windows NT 10.0; Win64; x64) AppleWebKit/537.36 (KHTML, like Gecko) Chrome/91.0.4472.124 Safari/537.36"
216.73.216.255 - - [21/Jul/2025:12:28:31 +0000] "GET /detail/634553197 HTTP/1.1" 404 16415 "-" "Mozilla/5.0 AppleWebKit/537.36 (KHTML, like Gecko; compatible; ClaudeBot/1.0; [email protected])"
216.73.216.255 - - [21/Jul/2025:12:28:34 +0000] "GET /detail/634143299 HTTP/1.1" 404 16415 "-" "Mozilla/5.0 AppleWebKit/537.36 (KHTML, like Gecko; compatible; ClaudeBot/1.0; [email protected])"
185.177.72.111 - - [21/Jul/2025:12:28:35 +0000] "GET /phpinfo HTTP/1.1" 404 16415 "-" "Mozilla/5.0 (Windows NT 10.0; Win64; x64) AppleWebKit/537.36 (KHTML, like Gecko) Chrome/91.0.4472.124 Safari/537.36"
185.177.72.111 - - [21/Jul/2025:12:28:36 +0000] "GET /develop/.env HTTP/1.1" 404 16415 "-" "Mozilla/5.0 (Windows NT 10.0; Win64; x64) AppleWebKit/537.36 (KHTML, like Gecko) Chrome/91.0.4472.124 Safari/537.36"
185.177.72.111 - - [21/Jul/2025:12:28:36 +0000] "GET /test/integration/env-config/app/.env HTTP/1.1" 404 16415 "-" "Mozilla/5.0 (Windows NT 10.0; Win64; x64) AppleWebKit/537.36 (KHTML, like Gecko) Chrome/91.0.4472.124 Safari/537.36"
216.73.216.255 - - [21/Jul/2025:12:28:37 +0000] "GET /detail/634579673 HTTP/1.1" 404 16415 "-" "Mozilla/5.0 AppleWebKit/537.36 (KHTML, like Gecko; compatible; ClaudeBot/1.0; [email protected])"
185.177.72.111 - - [21/Jul/2025:12:28:37 +0000] "GET /oldsanta/.env HTTP/1.1" 404 16414 "-" "Mozilla/5.0 (Windows NT 10.0; Win64; x64) AppleWebKit/537.36 (KHTML, like Gecko) Chrome/91.0.4472.124 Safari/537.36"
185.177.72.111 - - [21/Jul/2025:12:28:38 +0000] "GET /.git/index HTTP/1.1" 404 16414 "-" "Mozilla/5.0 (Windows NT 10.0; Win64; x64) AppleWebKit/537.36 (KHTML, like Gecko) Chrome/91.0.4472.124 Safari/537.36"
185.177.72.111 - - [21/Jul/2025:12:28:39 +0000] "GET /cp/.env HTTP/1.1" 404 16415 "-" "Mozilla/5.0 (Windows NT 10.0; Win64; x64) AppleWebKit/537.36 (KHTML, like Gecko) Chrome/91.0.4472.124 Safari/537.36"
185.177.72.111 - - [21/Jul/2025:12:28:40 +0000] "GET /temanr10/.env HTTP/1.1" 404 16415 "-" "Mozilla/5.0 (Windows NT 10.0; Win64; x64) AppleWebKit/537.36 (KHTML, like Gecko) Chrome/91.0.4472.124 Safari/537.36"
216.73.216.255 - - [21/Jul/2025:12:28:40 +0000] "GET /detail/634574817 HTTP/1.1" 404 16414 "-" "Mozilla/5.0 AppleWebKit/537.36 (KHTML, like Gecko; compatible; ClaudeBot/1.0; [email protected])"
185.177.72.111 - - [21/Jul/2025:12:28:40 +0000] "GET /dev/.env HTTP/1.1" 404 16415 "-" "Mozilla/5.0 (Windows NT 10.0; Win64; x64) AppleWebKit/537.36 (KHTML, like Gecko) Chrome/91.0.4472.124 Safari/537.36"
185.177.72.111 - - [21/Jul/2025:12:28:41 +0000] "GET /website/.env HTTP/1.1" 404 16415 "-" "Mozilla/5.0 (Windows NT 10.0; Win64; x64) AppleWebKit/537.36 (KHTML, like Gecko) Chrome/91.0.4472.124 Safari/537.36"
216.73.216.255 - - [21/Jul/2025:12:28:43 +0000] "GET /detail/634343302 HTTP/1.1" 404 16415 "-" "Mozilla/5.0 AppleWebKit/537.36 (KHTML, like Gecko; compatible; ClaudeBot/1.0; [email protected])"
216.73.216.255 - - [21/Jul/2025:12:28:46 +0000] "GET /detail/634474498 HTTP/1.1" 404 16415 "-" "Mozilla/5.0 AppleWebKit/537.36 (KHTML, like Gecko; compatible; ClaudeBot/1.0; [email protected])"
185.177.72.111 - - [21/Jul/2025:12:28:48 +0000] "GET /server/.env.local HTTP/1.1" 404 16415 "-" "Mozilla/5.0 (Windows NT 10.0; Win64; x64) AppleWebKit/537.36 (KHTML, like Gecko) Chrome/91.0.4472.124 Safari/537.36"
185.177.72.111 - - [21/Jul/2025:12:28:48 +0000] "GET /api/shared/config.env HTTP/1.1" 404 16415 "-" "Mozilla/5.0 (Windows NT 10.0; Win64; x64) AppleWebKit/537.36 (KHTML, like Gecko) Chrome/91.0.4472.124 Safari/537.36"
216.73.216.255 - - [21/Jul/2025:12:28:49 +0000] "GET /detail/634585098 HTTP/1.1" 404 16416 "-" "Mozilla/5.0 AppleWebKit/537.36 (KHTML, like Gecko; compatible; ClaudeBot/1.0; [email protected])"
66.249.79.230 - - [21/Jul/2025:12:28:49 +0000] "GET /?h=115177481061960&mod=0bd193c9&uri=product.php?detail/3570509 HTTP/1.1" 200 19993 "-" "Mozilla/5.0 (Linux; Android 6.0.1; Nexus 5X Build/MMB29P) AppleWebKit/537.36 (KHTML, like Gecko) Chrome/137.0.7151.103 Mobile Safari/537.36 (compatible; Googlebot/2.1; +http://www.google.com/bot.html)"
185.177.72.111 - - [21/Jul/2025:12:28:53 +0000] "GET /server/.env HTTP/1.1" 404 16415 "-" "Mozilla/5.0 (Windows NT 10.0; Win64; x64) AppleWebKit/537.36 (KHTML, like Gecko) Chrome/91.0.4472.124 Safari/537.36"
185.177.72.111 - - [21/Jul/2025:12:28:54 +0000] "GET /babel-plugin-dotenv/test/fixtures/empty-values/.env HTTP/1.1" 404 16415 "-" "Mozilla/5.0 (Windows NT 10.0; Win64; x64) AppleWebKit/537.36 (KHTML, like Gecko) Chrome/91.0.4472.124 Safari/537.36"
216.73.216.255 - - [21/Jul/2025:12:28:54 +0000] "GET /detail/634474480 HTTP/1.1" 404 16416 "-" "Mozilla/5.0 AppleWebKit/537.36 (KHTML, like Gecko; compatible; ClaudeBot/1.0; [email protected])"
185.177.72.111 - - [21/Jul/2025:12:28:54 +0000] "GET /dep.php HTTP/1.1" 404 16415 "-" "Mozilla/5.0 (Windows NT 10.0; Win64; x64) AppleWebKit/537.36 (KHTML, like Gecko) Chrome/91.0.4472.124 Safari/537.36"
2a03:2880:f800:1a:: - - [21/Jul/2025:12:28:55 +0000] "GET /detail/1296136872 HTTP/1.1" 404 16415 "-" "meta-externalagent/1.1 (+https://developers.facebook.com/docs/sharing/webmasters/crawler)"
185.177.72.111 - - [21/Jul/2025:12:28:55 +0000] "GET //current/phpinfo.php HTTP/1.1" 301 - "-" "Mozilla/5.0 (Windows NT 10.0; Win64; x64) AppleWebKit/537.36 (KHTML, like Gecko) Chrome/91.0.4472.124 Safari/537.36"
185.177.72.111 - - [21/Jul/2025:12:28:56 +0000] "GET /current/phpinfo.php HTTP/1.1" 404 16416 "-" "Mozilla/5.0 (Windows NT 10.0; Win64; x64) AppleWebKit/537.36 (KHTML, like Gecko) Chrome/91.0.4472.124 Safari/537.36"
185.177.72.111 - - [21/Jul/2025:12:28:56 +0000] "GET /.env_mail_login HTTP/1.1" 404 16416 "-" "Mozilla/5.0 (Windows NT 10.0; Win64; x64) AppleWebKit/537.36 (KHTML, like Gecko) Chrome/91.0.4472.124 Safari/537.36"
216.73.216.255 - - [21/Jul/2025:12:28:57 +0000] "GET /detail/634587630 HTTP/1.1" 404 16415 "-" "Mozilla/5.0 AppleWebKit/537.36 (KHTML, like Gecko; compatible; ClaudeBot/1.0; [email protected])"
185.177.72.111 - - [21/Jul/2025:12:28:57 +0000] "GET /enviroments/.env.production HTTP/1.1" 404 16415 "-" "Mozilla/5.0 (Windows NT 10.0; Win64; x64) AppleWebKit/537.36 (KHTML, like Gecko) Chrome/91.0.4472.124 Safari/537.36"
185.177.72.111 - - [21/Jul/2025:12:28:58 +0000] "GET /core/.env HTTP/1.1" 404 16415 "-" "Mozilla/5.0 (Windows NT 10.0; Win64; x64) AppleWebKit/537.36 (KHTML, like Gecko) Chrome/91.0.4472.124 Safari/537.36"
185.177.72.111 - - [21/Jul/2025:12:28:59 +0000] "GET /node/.env HTTP/1.1" 404 16416 "-" "Mozilla/5.0 (Windows NT 10.0; Win64; x64) AppleWebKit/537.36 (KHTML, like Gecko) Chrome/91.0.4472.124 Safari/537.36"
185.177.72.111 - - [21/Jul/2025:12:28:59 +0000] "GET /src/main/resources/application-dev.yml HTTP/1.1" 404 16415 "-" "Mozilla/5.0 (Windows NT 10.0; Win64; x64) AppleWebKit/537.36 (KHTML, like Gecko) Chrome/91.0.4472.124 Safari/537.36"
216.73.216.255 - - [21/Jul/2025:12:29:00 +0000] "GET /detail/634567100 HTTP/1.1" 404 16415 "-" "Mozilla/5.0 AppleWebKit/537.36 (KHTML, like Gecko; compatible; ClaudeBot/1.0; [email protected])"
185.177.72.111 - - [21/Jul/2025:12:29:00 +0000] "GET /phpsysinfo/phpsysinfo.php HTTP/1.1" 404 16415 "-" "Mozilla/5.0 (Windows NT 10.0; Win64; x64) AppleWebKit/537.36 (KHTML, like Gecko) Chrome/91.0.4472.124 Safari/537.36"
209.74.77.214 - - [21/Jul/2025:12:29:01 +0000] "POST /wp-cron.php?doing_wp_cron=1753100941.6984910964965820312500 HTTP/1.1" 200 - "-" "WordPress/6.8.2; https://kelaby.company"
185.177.72.111 - - [21/Jul/2025:12:29:01 +0000] "GET /api/shared/config/.env HTTP/1.1" 404 16415 "-" "Mozilla/5.0 (Windows NT 10.0; Win64; x64) AppleWebKit/537.36 (KHTML, like Gecko) Chrome/91.0.4472.124 Safari/537.36"
216.73.216.255 - - [21/Jul/2025:12:29:03 +0000] "GET /detail/634435401 HTTP/1.1" 404 16415 "-" "Mozilla/5.0 AppleWebKit/537.36 (KHTML, like Gecko; compatible; ClaudeBot/1.0; [email protected])"
185.177.72.111 - - [21/Jul/2025:12:29:06 +0000] "GET /admin/internal/api HTTP/1.1" 404 16415 "-" "Mozilla/5.0 (Windows NT 10.0; Win64; x64) AppleWebKit/537.36 (KHTML, like Gecko) Chrome/91.0.4472.124 Safari/537.36"
216.73.216.255 - - [21/Jul/2025:12:29:06 +0000] "GET /detail/634486468 HTTP/1.1" 404 16415 "-" "Mozilla/5.0 AppleWebKit/537.36 (KHTML, like Gecko; compatible; ClaudeBot/1.0; [email protected])"
185.177.72.111 - - [21/Jul/2025:12:29:06 +0000] "GET /root/.env HTTP/1.1" 404 16416 "-" "Mozilla/5.0 (Windows NT 10.0; Win64; x64) AppleWebKit/537.36 (KHTML, like Gecko) Chrome/91.0.4472.124 Safari/537.36"
185.177.72.111 - - [21/Jul/2025:12:29:07 +0000] "GET /.env.bak HTTP/1.1" 404 16415 "-" "Mozilla/5.0 (Windows NT 10.0; Win64; x64) AppleWebKit/537.36 (KHTML, like Gecko) Chrome/91.0.4472.124 Safari/537.36"
185.177.72.111 - - [21/Jul/2025:12:29:08 +0000] "GET /marketing/.env.staging HTTP/1.1" 404 16414 "-" "Mozilla/5.0 (Windows NT 10.0; Win64; x64) AppleWebKit/537.36 (KHTML, like Gecko) Chrome/91.0.4472.124 Safari/537.36"
216.73.216.255 - - [21/Jul/2025:12:29:09 +0000] "GET /detail/634460250 HTTP/1.1" 404 16416 "-" "Mozilla/5.0 AppleWebKit/537.36 (KHTML, like Gecko; compatible; ClaudeBot/1.0; [email protected])"
185.177.72.111 - - [21/Jul/2025:12:29:09 +0000] "GET /.env_backup HTTP/1.1" 404 16415 "-" "Mozilla/5.0 (Windows NT 10.0; Win64; x64) AppleWebKit/537.36 (KHTML, like Gecko) Chrome/91.0.4472.124 Safari/537.36"
216.73.216.255 - - [21/Jul/2025:12:29:12 +0000] "GET /detail/634599666 HTTP/1.1" 404 16415 "-" "Mozilla/5.0 AppleWebKit/537.36 (KHTML, like Gecko; compatible; ClaudeBot/1.0; [email protected])"
216.73.216.255 - - [21/Jul/2025:12:29:15 +0000] "GET /detail/634609595 HTTP/1.1" 404 16415 "-" "Mozilla/5.0 AppleWebKit/537.36 (KHTML, like Gecko; compatible; ClaudeBot/1.0; [email protected])"
185.177.72.111 - - [21/Jul/2025:12:29:16 +0000] "GET /.git/logs/refs/heads/master HTTP/1.1" 404 16415 "-" "Mozilla/5.0 (Windows NT 10.0; Win64; x64) AppleWebKit/537.36 (KHTML, like Gecko) Chrome/91.0.4472.124 Safari/537.36"
185.177.72.111 - - [21/Jul/2025:12:29:17 +0000] "GET /_profiler/phpinfo HTTP/1.1" 404 16415 "-" "Mozilla/5.0 (Windows NT 10.0; Win64; x64) AppleWebKit/537.36 (KHTML, like Gecko) Chrome/91.0.4472.124 Safari/537.36"
185.177.72.111 - - [21/Jul/2025:12:29:18 +0000] "GET /staging/.env HTTP/1.1" 404 16415 "-" "Mozilla/5.0 (Windows NT 10.0; Win64; x64) AppleWebKit/537.36 (KHTML, like Gecko) Chrome/91.0.4472.124 Safari/537.36"
216.73.216.255 - - [21/Jul/2025:12:29:18 +0000] "GET /detail/634558814 HTTP/1.1" 404 16415 "-" "Mozilla/5.0 AppleWebKit/537.36 (KHTML, like Gecko; compatible; ClaudeBot/1.0; [email protected])"
185.177.72.111 - - [21/Jul/2025:12:29:18 +0000] "GET /.aws/credentials HTTP/1.1" 404 16415 "-" "Mozilla/5.0 (Windows NT 10.0; Win64; x64) AppleWebKit/537.36 (KHTML, like Gecko) Chrome/91.0.4472.124 Safari/537.36"
185.177.72.111 - - [21/Jul/2025:12:29:19 +0000] "GET /.env.production.local HTTP/1.1" 404 16415 "-" "Mozilla/5.0 (Windows NT 10.0; Win64; x64) AppleWebKit/537.36 (KHTML, like Gecko) Chrome/91.0.4472.124 Safari/537.36"
216.73.216.255 - - [21/Jul/2025:12:29:21 +0000] "GET /detail/634371695 HTTP/1.1" 404 16415 "-" "Mozilla/5.0 AppleWebKit/537.36 (KHTML, like Gecko; compatible; ClaudeBot/1.0; [email protected])"
216.73.216.255 - - [21/Jul/2025:12:29:24 +0000] "GET /detail/634127086 HTTP/1.1" 404 16415 "-" "Mozilla/5.0 AppleWebKit/537.36 (KHTML, like Gecko; compatible; ClaudeBot/1.0; [email protected])"
185.177.72.111 - - [21/Jul/2025:12:29:26 +0000] "GET /test/.env HTTP/1.1" 404 16415 "-" "Mozilla/5.0 (Windows NT 10.0; Win64; x64) AppleWebKit/537.36 (KHTML, like Gecko) Chrome/91.0.4472.124 Safari/537.36"
185.177.72.111 - - [21/Jul/2025:12:29:26 +0000] "GET /.git/logs/refs/remotes/origin/HEAD HTTP/1.1" 404 16415 "-" "Mozilla/5.0 (Windows NT 10.0; Win64; x64) AppleWebKit/537.36 (KHTML, like Gecko) Chrome/91.0.4472.124 Safari/537.36"
216.73.216.255 - - [21/Jul/2025:12:29:27 +0000] "GET /detail/634125301 HTTP/1.1" 404 16415 "-" "Mozilla/5.0 AppleWebKit/537.36 (KHTML, like Gecko; compatible; ClaudeBot/1.0; [email protected])"
185.177.72.111 - - [21/Jul/2025:12:29:27 +0000] "GET /tools/phpinfo.php HTTP/1.1" 404 16415 "-" "Mozilla/5.0 (Windows NT 10.0; Win64; x64) AppleWebKit/537.36 (KHTML, like Gecko) Chrome/91.0.4472.124 Safari/537.36"
185.177.72.111 - - [21/Jul/2025:12:29:28 +0000] "GET /v1/.env HTTP/1.1" 404 16414 "-" "Mozilla/5.0 (Windows NT 10.0; Win64; x64) AppleWebKit/537.36 (KHTML, like Gecko) Chrome/91.0.4472.124 Safari/537.36"
185.177.72.111 - - [21/Jul/2025:12:29:29 +0000] "GET /.env.mail_keys HTTP/1.1" 404 16414 "-" "Mozilla/5.0 (Windows NT 10.0; Win64; x64) AppleWebKit/537.36 (KHTML, like Gecko) Chrome/91.0.4472.124 Safari/537.36"
185.177.72.111 - - [21/Jul/2025:12:29:30 +0000] "GET /.env HTTP/1.1" 404 16415 "-" "Mozilla/5.0 (Windows NT 10.0; Win64; x64) AppleWebKit/537.36 (KHTML, like Gecko) Chrome/91.0.4472.124 Safari/537.36"
216.73.216.255 - - [21/Jul/2025:12:29:30 +0000] "GET /detail/634364499 HTTP/1.1" 404 16415 "-" "Mozilla/5.0 AppleWebKit/537.36 (KHTML, like Gecko; compatible; ClaudeBot/1.0; [email protected])"
185.177.72.111 - - [21/Jul/2025:12:29:31 +0000] "GET /back/.env HTTP/1.1" 404 16415 "-" "Mozilla/5.0 (Windows NT 10.0; Win64; x64) AppleWebKit/537.36 (KHTML, like Gecko) Chrome/91.0.4472.124 Safari/537.36"
185.177.72.111 - - [21/Jul/2025:12:29:31 +0000] "GET /.gitlab-ci/.env HTTP/1.1" 404 16415 "-" "Mozilla/5.0 (Windows NT 10.0; Win64; x64) AppleWebKit/537.36 (KHTML, like Gecko) Chrome/91.0.4472.124 Safari/537.36"
185.177.72.111 - - [21/Jul/2025:12:29:32 +0000] "GET /Nuke.App.Ui/.env HTTP/1.1" 404 16415 "-" "Mozilla/5.0 (Windows NT 10.0; Win64; x64) AppleWebKit/537.36 (KHTML, like Gecko) Chrome/91.0.4472.124 Safari/537.36"
216.73.216.255 - - [21/Jul/2025:12:29:33 +0000] "GET /detail/634317493 HTTP/1.1" 404 16415 "-" "Mozilla/5.0 AppleWebKit/537.36 (KHTML, like Gecko; compatible; ClaudeBot/1.0; [email protected])"
185.177.72.111 - - [21/Jul/2025:12:29:33 +0000] "GET /.git/refs/ HTTP/1.1" 404 16415 "-" "Mozilla/5.0 (Windows NT 10.0; Win64; x64) AppleWebKit/537.36 (KHTML, like Gecko) Chrome/91.0.4472.124 Safari/537.36"
185.177.72.111 - - [21/Jul/2025:12:29:34 +0000] "GET /deploy/.env HTTP/1.1" 404 16415 "-" "Mozilla/5.0 (Windows NT 10.0; Win64; x64) AppleWebKit/537.36 (KHTML, like Gecko) Chrome/91.0.4472.124 Safari/537.36"
216.73.216.255 - - [21/Jul/2025:12:29:36 +0000] "GET /detail/634315978 HTTP/1.1" 404 16414 "-" "Mozilla/5.0 AppleWebKit/537.36 (KHTML, like Gecko; compatible; ClaudeBot/1.0; [email protected])"
216.73.216.255 - - [21/Jul/2025:12:29:39 +0000] "GET /detail/634365260 HTTP/1.1" 404 16415 "-" "Mozilla/5.0 AppleWebKit/537.36 (KHTML, like Gecko; compatible; ClaudeBot/1.0; [email protected])"
185.177.72.111 - - [21/Jul/2025:12:29:39 +0000] "GET /api/config/config.yml HTTP/1.1" 404 16415 "-" "Mozilla/5.0 (Windows NT 10.0; Win64; x64) AppleWebKit/537.36 (KHTML, like Gecko) Chrome/91.0.4472.124 Safari/537.36"
185.177.72.111 - - [21/Jul/2025:12:29:40 +0000] "GET /latest/user-data HTTP/1.1" 404 16415 "-" "Mozilla/5.0 (Windows NT 10.0; Win64; x64) AppleWebKit/537.36 (KHTML, like Gecko) Chrome/91.0.4472.124 Safari/537.36"
185.177.72.111 - - [21/Jul/2025:12:29:40 +0000] "GET /rust-backend/dao/.env HTTP/1.1" 404 16415 "-" "Mozilla/5.0 (Windows NT 10.0; Win64; x64) AppleWebKit/537.36 (KHTML, like Gecko) Chrome/91.0.4472.124 Safari/537.36"
185.177.72.111 - - [21/Jul/2025:12:29:41 +0000] "GET /engine/.env HTTP/1.1" 404 16415 "-" "Mozilla/5.0 (Windows NT 10.0; Win64; x64) AppleWebKit/537.36 (KHTML, like Gecko) Chrome/91.0.4472.124 Safari/537.36"
185.177.72.111 - - [21/Jul/2025:12:29:42 +0000] "GET /product/.env.production HTTP/1.1" 404 16415 "-" "Mozilla/5.0 (Windows NT 10.0; Win64; x64) AppleWebKit/537.36 (KHTML, like Gecko) Chrome/91.0.4472.124 Safari/537.36"
185.177.72.111 - - [21/Jul/2025:12:29:43 +0000] "GET /collab-connect-web-application/server/.env HTTP/1.1" 404 16415 "-" "Mozilla/5.0 (Windows NT 10.0; Win64; x64) AppleWebKit/537.36 (KHTML, like Gecko) Chrome/91.0.4472.124 Safari/537.36"
185.177.72.111 - - [21/Jul/2025:12:29:44 +0000] "GET /info.php HTTP/1.1" 404 16415 "-" "Mozilla/5.0 (Windows NT 10.0; Win64; x64) AppleWebKit/537.36 (KHTML, like Gecko) Chrome/91.0.4472.124 Safari/537.36"
185.177.72.111 - - [21/Jul/2025:12:29:44 +0000] "GET /docker/.env HTTP/1.1" 404 16415 "-" "Mozilla/5.0 (Windows NT 10.0; Win64; x64) AppleWebKit/537.36 (KHTML, like Gecko) Chrome/91.0.4472.124 Safari/537.36"
216.73.216.255 - - [21/Jul/2025:12:29:44 +0000] "GET /detail/634484146 HTTP/1.1" 404 16415 "-" "Mozilla/5.0 AppleWebKit/537.36 (KHTML, like Gecko; compatible; ClaudeBot/1.0; [email protected])"
216.73.216.255 - - [21/Jul/2025:12:29:47 +0000] "GET /detail/634189153 HTTP/1.1" 404 16415 "-" "Mozilla/5.0 AppleWebKit/537.36 (KHTML, like Gecko; compatible; ClaudeBot/1.0; [email protected])"
216.73.216.255 - - [21/Jul/2025:12:29:50 +0000] "GET /detail/634169172 HTTP/1.1" 404 16415 "-" "Mozilla/5.0 AppleWebKit/537.36 (KHTML, like Gecko; compatible; ClaudeBot/1.0; [email protected])"
185.177.72.111 - - [21/Jul/2025:12:29:51 +0000] "GET /websocket/.env HTTP/1.1" 404 16415 "-" "Mozilla/5.0 (Windows NT 10.0; Win64; x64) AppleWebKit/537.36 (KHTML, like Gecko) Chrome/91.0.4472.124 Safari/537.36"
185.177.72.111 - - [21/Jul/2025:12:29:52 +0000] "GET /.env.test HTTP/1.1" 404 16415 "-" "Mozilla/5.0 (Windows NT 10.0; Win64; x64) AppleWebKit/537.36 (KHTML, like Gecko) Chrome/91.0.4472.124 Safari/537.36"
2a03:2880:f800:1d:: - - [21/Jul/2025:12:29:52 +0000] "GET /detail/1295788454 HTTP/1.1" 404 16415 "-" "meta-externalagent/1.1 (+https://developers.facebook.com/docs/sharing/webmasters/crawler)"
185.177.72.111 - - [21/Jul/2025:12:29:53 +0000] "GET /.env.local HTTP/1.1" 404 16415 "-" "Mozilla/5.0 (Windows NT 10.0; Win64; x64) AppleWebKit/537.36 (KHTML, like Gecko) Chrome/91.0.4472.124 Safari/537.36"
216.73.216.255 - - [21/Jul/2025:12:29:53 +0000] "GET /detail/634544036 HTTP/1.1" 404 16415 "-" "Mozilla/5.0 AppleWebKit/537.36 (KHTML, like Gecko; compatible; ClaudeBot/1.0; [email protected])"
185.177.72.111 - - [21/Jul/2025:12:29:54 +0000] "GET /packages/plugin-qiankun/examples/app2/.env HTTP/1.1" 404 16415 "-" "Mozilla/5.0 (Windows NT 10.0; Win64; x64) AppleWebKit/537.36 (KHTML, like Gecko) Chrome/91.0.4472.124 Safari/537.36"
185.177.72.111 - - [21/Jul/2025:12:29:54 +0000] "GET /public/.env HTTP/1.1" 404 16415 "-" "Mozilla/5.0 (Windows NT 10.0; Win64; x64) AppleWebKit/537.36 (KHTML, like Gecko) Chrome/91.0.4472.124 Safari/537.36"
185.177.72.111 - - [21/Jul/2025:12:29:55 +0000] "GET /ch6-mytodo/.env HTTP/1.1" 404 16415 "-" "Mozilla/5.0 (Windows NT 10.0; Win64; x64) AppleWebKit/537.36 (KHTML, like Gecko) Chrome/91.0.4472.124 Safari/537.36"
185.177.72.111 - - [21/Jul/2025:12:29:56 +0000] "GET /sources/.env HTTP/1.1" 404 16415 "-" "Mozilla/5.0 (Windows NT 10.0; Win64; x64) AppleWebKit/537.36 (KHTML, like Gecko) Chrome/91.0.4472.124 Safari/537.36"
216.73.216.255 - - [21/Jul/2025:12:29:56 +0000] "GET /detail/634527256 HTTP/1.1" 404 16416 "-" "Mozilla/5.0 AppleWebKit/537.36 (KHTML, like Gecko; compatible; ClaudeBot/1.0; [email protected])"
185.177.72.111 - - [21/Jul/2025:12:29:56 +0000] "GET /etc/nginx/snippets/self-signed-example.com.conf HTTP/1.1" 404 16415 "-" "Mozilla/5.0 (Windows NT 10.0; Win64; x64) AppleWebKit/537.36 (KHTML, like Gecko) Chrome/91.0.4472.124 Safari/537.36"
185.177.72.111 - - [21/Jul/2025:12:29:57 +0000] "GET /.git/packed-refs HTTP/1.1" 404 16415 "-" "Mozilla/5.0 (Windows NT 10.0; Win64; x64) AppleWebKit/537.36 (KHTML, like Gecko) Chrome/91.0.4472.124 Safari/537.36"
185.177.72.111 - - [21/Jul/2025:12:29:58 +0000] "GET /next/.env HTTP/1.1" 404 16415 "-" "Mozilla/5.0 (Windows NT 10.0; Win64; x64) AppleWebKit/537.36 (KHTML, like Gecko) Chrome/91.0.4472.124 Safari/537.36"
185.177.72.111 - - [21/Jul/2025:12:29:59 +0000] "GET /_profiler/phpinfo/info.php HTTP/1.1" 404 16416 "-" "Mozilla/5.0 (Windows NT 10.0; Win64; x64) AppleWebKit/537.36 (KHTML, like Gecko) Chrome/91.0.4472.124 Safari/537.36"
216.73.216.255 - - [21/Jul/2025:12:29:59 +0000] "GET /detail/634295448 HTTP/1.1" 404 16415 "-" "Mozilla/5.0 AppleWebKit/537.36 (KHTML, like Gecko; compatible; ClaudeBot/1.0; [email protected])"
185.177.72.111 - - [21/Jul/2025:12:29:59 +0000] "GET /configs/development.yml HTTP/1.1" 404 16415 "-" "Mozilla/5.0 (Windows NT 10.0; Win64; x64) AppleWebKit/537.36 (KHTML, like Gecko) Chrome/91.0.4472.124 Safari/537.36"
185.177.72.111 - - [21/Jul/2025:12:30:00 +0000] "GET /.env.smtp_server HTTP/1.1" 404 16415 "-" "Mozilla/5.0 (Windows NT 10.0; Win64; x64) AppleWebKit/537.36 (KHTML, like Gecko) Chrome/91.0.4472.124 Safari/537.36"
