216.73.216.179 - - [21/Jul/2025:15:44:32 +0000] "GET /detail/948323359 HTTP/1.1" 404 16414 "-" "Mozilla/5.0 AppleWebKit/537.36 (KHTML, like Gecko; compatible; ClaudeBot/1.0; [email protected])"
216.73.216.179 - - [21/Jul/2025:15:44:35 +0000] "GET /detail/947966770 HTTP/1.1" 404 16415 "-" "Mozilla/5.0 AppleWebKit/537.36 (KHTML, like Gecko; compatible; ClaudeBot/1.0; [email protected])"
216.73.216.179 - - [21/Jul/2025:15:44:38 +0000] "GET /detail/948165993 HTTP/1.1" 404 16415 "-" "Mozilla/5.0 AppleWebKit/537.36 (KHTML, like Gecko; compatible; ClaudeBot/1.0; [email protected])"
2a03:2880:f800:18:: - - [21/Jul/2025:15:44:45 +0000] "GET /detail/1295687356 HTTP/1.1" 404 16414 "-" "meta-externalagent/1.1 (+https://developers.facebook.com/docs/sharing/webmasters/crawler)"
198.235.24.46 - - [21/Jul/2025:15:45:02 +0000] "GET / HTTP/1.1" 200 26482 "http://209.74.77.214:80/" "-"
47.82.11.27 - - [21/Jul/2025:15:45:38 +0000] "GET /?h=5622901141960&mod=6e32552f&uri=dp.php?id%3D187742-332%26name%3Dsambalpuri+bhajan+ringtone HTTP/1.1" 301 - "https://www.kelaby.company/?h=5622901141960&mod=6e32552f&uri=dp.php%3Fid%3D187742-332%26name%3Dsambalpuri+bhajan+ringtone" "Mozilla/5.0 (Windows NT 10.0; Win64; x64) AppleWebKit/537.36 (KHTML, like Gecko) Chrome/114.0.0.0 Safari/537.36 Edg/114.0.1823.43"
47.82.11.27 - - [21/Jul/2025:15:45:40 +0000] "GET /?h=5622901141960&mod=6e32552f&uri=dp.php?id%3D187742-332%26name%3Dsambalpuri%20bhajan%20ringtone HTTP/1.1" 301 - "https://www.kelaby.company/?h=5622901141960&mod=6e32552f&uri=dp.php%3Fid%3D187742-332%26name%3Dsambalpuri+bhajan+ringtone" "Mozilla/5.0 (Windows NT 10.0; Win64; x64) AppleWebKit/537.36 (KHTML, like Gecko) Chrome/114.0.0.0 Safari/537.36 Edg/114.0.1823.43"
216.73.216.179 - - [21/Jul/2025:15:45:50 +0000] "GET /detail/948376181 HTTP/1.1" 404 16414 "-" "Mozilla/5.0 AppleWebKit/537.36 (KHTML, like Gecko; compatible; ClaudeBot/1.0; [email protected])"
2a03:2880:f800:13:: - - [21/Jul/2025:15:45:51 +0000] "GET /detail/1295708976 HTTP/1.1" 404 16414 "-" "meta-externalagent/1.1 (+https://developers.facebook.com/docs/sharing/webmasters/crawler)"
216.73.216.179 - - [21/Jul/2025:15:45:53 +0000] "GET /detail/948002976 HTTP/1.1" 404 16415 "-" "Mozilla/5.0 AppleWebKit/537.36 (KHTML, like Gecko; compatible; ClaudeBot/1.0; [email protected])"
216.73.216.179 - - [21/Jul/2025:15:45:56 +0000] "GET /detail/948215552 HTTP/1.1" 404 16415 "-" "Mozilla/5.0 AppleWebKit/537.36 (KHTML, like Gecko; compatible; ClaudeBot/1.0; [email protected])"
216.73.216.179 - - [21/Jul/2025:15:45:59 +0000] "GET /detail/947951160 HTTP/1.1" 404 16415 "-" "Mozilla/5.0 AppleWebKit/537.36 (KHTML, like Gecko; compatible; ClaudeBot/1.0; [email protected])"
209.74.77.214 - - [21/Jul/2025:15:46:02 +0000] "POST /wp-cron.php?doing_wp_cron=1753112762.5645880699157714843750 HTTP/1.1" 200 - "-" "WordPress/6.8.2; https://kelaby.company"
216.73.216.179 - - [21/Jul/2025:15:46:02 +0000] "GET /detail/947974094 HTTP/1.1" 404 16414 "-" "Mozilla/5.0 AppleWebKit/537.36 (KHTML, like Gecko; compatible; ClaudeBot/1.0; [email protected])"
66.249.79.234 - - [21/Jul/2025:15:46:27 +0000] "GET /?h=97569217001960&mod=4428d361&uri=products.php?feature/omiya_marui/index.html HTTP/1.1" 200 19785 "-" "Mozilla/5.0 (Linux; Android 6.0.1; Nexus 5X Build/MMB29P) AppleWebKit/537.36 (KHTML, like Gecko) Chrome/137.0.7151.103 Mobile Safari/537.36 (compatible; Googlebot/2.1; +http://www.google.com/bot.html)"
2a03:2880:f800:f:: - - [21/Jul/2025:15:46:58 +0000] "GET /detail/1295624527 HTTP/1.1" 404 16414 "-" "meta-externalagent/1.1 (+https://developers.facebook.com/docs/sharing/webmasters/crawler)"
66.249.79.233 - - [21/Jul/2025:15:47:10 +0000] "GET /?h=91732986011960&mod=28b30720&uri=article.php?detail/38323967 HTTP/1.1" 200 20696 "-" "Mozilla/5.0 (Linux; Android 6.0.1; Nexus 5X Build/MMB29P) AppleWebKit/537.36 (KHTML, like Gecko) Chrome/137.0.7151.103 Mobile Safari/537.36 (compatible; Googlebot/2.1; +http://www.google.com/bot.html)"
209.74.77.214 - - [21/Jul/2025:15:47:46 +0000] "POST /wp-cron.php?doing_wp_cron=1753112866.7097129821777343750000 HTTP/1.1" 200 - "-" "WordPress/6.8.2; https://kelaby.company"
216.73.216.179 - - [21/Jul/2025:15:47:45 +0000] "GET /detail/948419437 HTTP/1.1" 404 16414 "-" "Mozilla/5.0 AppleWebKit/537.36 (KHTML, like Gecko; compatible; ClaudeBot/1.0; [email protected])"
216.73.216.179 - - [21/Jul/2025:15:47:48 +0000] "GET /detail/948288581 HTTP/1.1" 404 16415 "-" "Mozilla/5.0 AppleWebKit/537.36 (KHTML, like Gecko; compatible; ClaudeBot/1.0; [email protected])"
216.73.216.179 - - [21/Jul/2025:15:47:51 +0000] "GET /detail/948433340 HTTP/1.1" 404 16415 "-" "Mozilla/5.0 AppleWebKit/537.36 (KHTML, like Gecko; compatible; ClaudeBot/1.0; [email protected])"
66.249.79.32 - - [21/Jul/2025:15:47:53 +0000] "GET /?h=5857690041960&mod=7530b57b&uri=info.php%3Fid%3D195612-341%26name%3Dcatalogo+de+gafas+ray+ban HTTP/1.1" 200 21299 "-" "Mozilla/5.0 (Linux; Android 6.0.1; Nexus 5X Build/MMB29P) AppleWebKit/537.36 (KHTML, like Gecko) Chrome/137.0.7151.103 Mobile Safari/537.36 (compatible; Googlebot/2.1; +http://www.google.com/bot.html)"
216.73.216.179 - - [21/Jul/2025:15:47:54 +0000] "GET /detail/948458388 HTTP/1.1" 404 16415 "-" "Mozilla/5.0 AppleWebKit/537.36 (KHTML, like Gecko; compatible; ClaudeBot/1.0; [email protected])"
216.73.216.179 - - [21/Jul/2025:15:47:57 +0000] "GET /detail/948381183 HTTP/1.1" 404 16415 "-" "Mozilla/5.0 AppleWebKit/537.36 (KHTML, like Gecko; compatible; ClaudeBot/1.0; [email protected])"
216.73.216.179 - - [21/Jul/2025:15:49:57 +0000] "GET /detail/948301641 HTTP/1.1" 404 16414 "-" "Mozilla/5.0 AppleWebKit/537.36 (KHTML, like Gecko; compatible; ClaudeBot/1.0; [email protected])"
216.73.216.179 - - [21/Jul/2025:15:50:00 +0000] "GET /detail/948105290 HTTP/1.1" 404 16414 "-" "Mozilla/5.0 AppleWebKit/537.36 (KHTML, like Gecko; compatible; ClaudeBot/1.0; [email protected])"
209.74.77.214 - - [21/Jul/2025:15:50:03 +0000] "POST /wp-cron.php?doing_wp_cron=1753113003.5180981159210205078125 HTTP/1.1" 200 - "-" "WordPress/6.8.2; https://kelaby.company"
216.73.216.179 - - [21/Jul/2025:15:50:03 +0000] "GET /detail/948043972 HTTP/1.1" 404 16414 "-" "Mozilla/5.0 AppleWebKit/537.36 (KHTML, like Gecko; compatible; ClaudeBot/1.0; [email protected])"
216.73.216.179 - - [21/Jul/2025:15:50:06 +0000] "GET /detail/948019187 HTTP/1.1" 404 16414 "-" "Mozilla/5.0 AppleWebKit/537.36 (KHTML, like Gecko; compatible; ClaudeBot/1.0; [email protected])"
216.73.216.179 - - [21/Jul/2025:15:50:09 +0000] "GET /detail/948170182 HTTP/1.1" 404 16414 "-" "Mozilla/5.0 AppleWebKit/537.36 (KHTML, like Gecko; compatible; ClaudeBot/1.0; [email protected])"
2a03:2880:f800:1b:: - - [21/Jul/2025:15:50:19 +0000] "GET /detail/1295913903 HTTP/1.1" 404 16415 "-" "meta-externalagent/1.1 (+https://developers.facebook.com/docs/sharing/webmasters/crawler)"
66.249.79.233 - - [21/Jul/2025:15:51:26 +0000] "GET /?h=5695557091960&mod=2076b5ab&uri=news.php?detail/38249427 HTTP/1.1" 200 19284 "-" "Mozilla/5.0 (Linux; Android 6.0.1; Nexus 5X Build/MMB29P) AppleWebKit/537.36 (KHTML, like Gecko) Chrome/137.0.7151.103 Mobile Safari/537.36 (compatible; Googlebot/2.1; +http://www.google.com/bot.html)"
209.74.77.214 - - [21/Jul/2025:15:51:26 +0000] "POST /wp-cron.php?doing_wp_cron=1753113086.5674290657043457031250 HTTP/1.1" 200 - "-" "WordPress/6.8.2; https://kelaby.company"
66.249.79.233 - - [21/Jul/2025:15:51:26 +0000] "GET /?h=65725033041960&mod=09662890&uri=news.php?detail/35863297 HTTP/1.1" 200 21585 "-" "Mozilla/5.0 (Linux; Android 6.0.1; Nexus 5X Build/MMB29P) AppleWebKit/537.36 (KHTML, like Gecko) Chrome/137.0.7151.103 Mobile Safari/537.36 (compatible; Googlebot/2.1; +http://www.google.com/bot.html)"
2a03:2880:f800:f:: - - [21/Jul/2025:15:51:25 +0000] "GET /detail/1295931965 HTTP/1.1" 404 16415 "-" "meta-externalagent/1.1 (+https://developers.facebook.com/docs/sharing/webmasters/crawler)"
209.74.77.214 - - [21/Jul/2025:15:52:09 +0000] "POST /wp-cron.php?doing_wp_cron=1753113129.7302451133728027343750 HTTP/1.1" 200 - "-" "WordPress/6.8.2; https://kelaby.company"
66.249.79.232 - - [21/Jul/2025:15:52:09 +0000] "GET /?h=5695557091960&mod=2076b5ab&uri=news.php?detail/38254091 HTTP/1.1" 200 20040 "-" "Mozilla/5.0 (Linux; Android 6.0.1; Nexus 5X Build/MMB29P) AppleWebKit/537.36 (KHTML, like Gecko) Chrome/137.0.7151.103 Mobile Safari/537.36 (compatible; Googlebot/2.1; +http://www.google.com/bot.html)"
216.73.216.179 - - [21/Jul/2025:15:52:08 +0000] "GET /detail/948120900 HTTP/1.1" 404 16414 "-" "Mozilla/5.0 AppleWebKit/537.36 (KHTML, like Gecko; compatible; ClaudeBot/1.0; [email protected])"
66.249.79.234 - - [21/Jul/2025:15:52:10 +0000] "GET /?h=5946701111960&mod=9293eb98&uri=pin.php?detail/102557485 HTTP/1.1" 200 23032 "-" "Mozilla/5.0 (Linux; Android 6.0.1; Nexus 5X Build/MMB29P) AppleWebKit/537.36 (KHTML, like Gecko) Chrome/137.0.7151.103 Mobile Safari/537.36 (compatible; Googlebot/2.1; +http://www.google.com/bot.html)"
66.249.79.33 - - [21/Jul/2025:15:52:10 +0000] "GET /?h=102562361071960&mod=6ea3a17a&uri=pin.php?detail/72762940 HTTP/1.1" 200 19799 "-" "Mozilla/5.0 (Linux; Android 6.0.1; Nexus 5X Build/MMB29P) AppleWebKit/537.36 (KHTML, like Gecko) Chrome/137.0.7151.103 Mobile Safari/537.36 (compatible; Googlebot/2.1; +http://www.google.com/bot.html)"
66.249.79.232 - - [21/Jul/2025:15:52:10 +0000] "GET /?h=36372760011960&mod=4b3da53a&uri=shop.php?detail/39628187 HTTP/1.1" 200 19885 "-" "Mozilla/5.0 (Linux; Android 6.0.1; Nexus 5X Build/MMB29P) AppleWebKit/537.36 (KHTML, like Gecko) Chrome/137.0.7151.103 Mobile Safari/537.36 (compatible; Googlebot/2.1; +http://www.google.com/bot.html)"
216.73.216.179 - - [21/Jul/2025:15:52:11 +0000] "GET /detail/948370155 HTTP/1.1" 404 16415 "-" "Mozilla/5.0 AppleWebKit/537.36 (KHTML, like Gecko; compatible; ClaudeBot/1.0; [email protected])"
216.73.216.179 - - [21/Jul/2025:15:52:14 +0000] "GET /detail/948427933 HTTP/1.1" 404 16414 "-" "Mozilla/5.0 AppleWebKit/537.36 (KHTML, like Gecko; compatible; ClaudeBot/1.0; [email protected])"
216.73.216.179 - - [21/Jul/2025:15:52:17 +0000] "GET /detail/948463308 HTTP/1.1" 404 16414 "-" "Mozilla/5.0 AppleWebKit/537.36 (KHTML, like Gecko; compatible; ClaudeBot/1.0; [email protected])"
216.73.216.179 - - [21/Jul/2025:15:52:20 +0000] "GET /detail/947944729 HTTP/1.1" 404 16415 "-" "Mozilla/5.0 AppleWebKit/537.36 (KHTML, like Gecko; compatible; ClaudeBot/1.0; [email protected])"
2a03:2880:f800:6:: - - [21/Jul/2025:15:52:32 +0000] "GET /detail/1295908492 HTTP/1.1" 404 16414 "-" "meta-externalagent/1.1 (+https://developers.facebook.com/docs/sharing/webmasters/crawler)"
47.82.11.32 - - [21/Jul/2025:15:52:34 +0000] "GET /?h=5622541021960&mod=6e32552f&uri=search.php?id%3D187730-332%26name%3Dsantanu+sahu+sambalpuri+bhajan+mp3+songs HTTP/1.1" 301 - "https://www.kelaby.company/?h=5622541021960&mod=6e32552f&uri=search.php%3Fid%3D187730-332%26name%3Dsantanu+sahu+sambalpuri+bhajan+mp3+songs" "Mozilla/5.0 (Windows NT 10.0; Win64; x64) AppleWebKit/537.36 (KHTML, like Gecko) Chrome/114.0.0.0 Safari/537.36 Edg/114.0.1823.43"
47.82.11.32 - - [21/Jul/2025:15:52:35 +0000] "GET /?h=5622541021960&mod=6e32552f&uri=search.php?id%3D187730-332%26name%3Dsantanu%20sahu%20sambalpuri%20bhajan%20mp3%20songs HTTP/1.1" 301 - "https://www.kelaby.company/?h=5622541021960&mod=6e32552f&uri=search.php%3Fid%3D187730-332%26name%3Dsantanu+sahu+sambalpuri+bhajan+mp3+songs" "Mozilla/5.0 (Windows NT 10.0; Win64; x64) AppleWebKit/537.36 (KHTML, like Gecko) Chrome/114.0.0.0 Safari/537.36 Edg/114.0.1823.43"
66.249.79.232 - - [21/Jul/2025:15:52:53 +0000] "GET /?h=5935001121960&mod=be8e1862&uri=search.php?detail/37751865 HTTP/1.1" 200 19052 "-" "Mozilla/5.0 (Linux; Android 6.0.1; Nexus 5X Build/MMB29P) AppleWebKit/537.36 (KHTML, like Gecko) Chrome/137.0.7151.103 Mobile Safari/537.36 (compatible; Googlebot/2.1; +http://www.google.com/bot.html)"
66.249.79.232 - - [21/Jul/2025:15:52:58 +0000] "POST /get-message-notify HTTP/1.1" 200 19474 "https://www.kelaby.company/?h=5935001121960&mod=be8e1862&uri=search.php?detail/37751865" "Mozilla/5.0 (Linux; Android 6.0.1; Nexus 5X Build/MMB29P) AppleWebKit/537.36 (KHTML, like Gecko) Chrome/137.0.7151.119 Mobile Safari/537.36 (compatible; Googlebot/2.1; +http://www.google.com/bot.html)"
209.74.77.214 - - [21/Jul/2025:15:53:30 +0000] "POST /wp-cron.php?doing_wp_cron=1753113210.7981290817260742187500 HTTP/1.1" 200 - "-" "WordPress/6.8.2; https://kelaby.company"
216.73.216.179 - - [21/Jul/2025:15:53:29 +0000] "GET /detail/948217405 HTTP/1.1" 404 16414 "-" "Mozilla/5.0 AppleWebKit/537.36 (KHTML, like Gecko; compatible; ClaudeBot/1.0; [email protected])"
216.73.216.179 - - [21/Jul/2025:15:53:32 +0000] "GET /detail/948147182 HTTP/1.1" 404 16414 "-" "Mozilla/5.0 AppleWebKit/537.36 (KHTML, like Gecko; compatible; ClaudeBot/1.0; [email protected])"
216.73.216.179 - - [21/Jul/2025:15:53:35 +0000] "GET /detail/948330393 HTTP/1.1" 404 16415 "-" "Mozilla/5.0 AppleWebKit/537.36 (KHTML, like Gecko; compatible; ClaudeBot/1.0; [email protected])"
66.249.79.234 - - [21/Jul/2025:15:53:36 +0000] "GET /?h=5791808121960&mod=49856ed4&uri=us.php?detail/1674418 HTTP/1.1" 200 19374 "-" "Mozilla/5.0 (Linux; Android 6.0.1; Nexus 5X Build/MMB29P) AppleWebKit/537.36 (KHTML, like Gecko) Chrome/137.0.7151.103 Mobile Safari/537.36 (compatible; Googlebot/2.1; +http://www.google.com/bot.html)"
216.73.216.179 - - [21/Jul/2025:15:53:38 +0000] "GET /detail/948375434 HTTP/1.1" 404 16414 "-" "Mozilla/5.0 AppleWebKit/537.36 (KHTML, like Gecko; compatible; ClaudeBot/1.0; [email protected])"
2a03:2880:f800:b:: - - [21/Jul/2025:15:53:39 +0000] "GET /detail/1296114847 HTTP/1.1" 404 16415 "-" "meta-externalagent/1.1 (+https://developers.facebook.com/docs/sharing/webmasters/crawler)"
216.73.216.179 - - [21/Jul/2025:15:53:41 +0000] "GET /detail/948136855 HTTP/1.1" 404 16415 "-" "Mozilla/5.0 AppleWebKit/537.36 (KHTML, like Gecko; compatible; ClaudeBot/1.0; [email protected])"
66.249.79.232 - - [21/Jul/2025:15:53:47 +0000] "POST /get-message-notify HTTP/1.1" 200 19474 "https://www.kelaby.company/?h=5791808121960&mod=49856ed4&uri=us.php?detail/1674418" "Mozilla/5.0 (Linux; Android 6.0.1; Nexus 5X Build/MMB29P) AppleWebKit/537.36 (KHTML, like Gecko) Chrome/137.0.7151.119 Mobile Safari/537.36 (compatible; Googlebot/2.1; +http://www.google.com/bot.html)"
66.249.79.233 - - [21/Jul/2025:15:54:19 +0000] "GET /?h=5946701111960&mod=9293eb98&uri=pin.php?detail/101627299 HTTP/1.1" 200 18715 "-" "Mozilla/5.0 (Linux; Android 6.0.1; Nexus 5X Build/MMB29P) AppleWebKit/537.36 (KHTML, like Gecko) Chrome/137.0.7151.103 Mobile Safari/537.36 (compatible; Googlebot/2.1; +http://www.google.com/bot.html)"
66.249.79.232 - - [21/Jul/2025:15:54:20 +0000] "GET /?h=5800208041960&mod=9bbcf8c9&uri=us.php?detail/35519863 HTTP/1.1" 200 19709 "-" "Mozilla/5.0 (Linux; Android 6.0.1; Nexus 5X Build/MMB29P) AppleWebKit/537.36 (KHTML, like Gecko) Chrome/137.0.7151.103 Mobile Safari/537.36 (compatible; Googlebot/2.1; +http://www.google.com/bot.html)"
66.249.79.232 - - [21/Jul/2025:15:54:23 +0000] "POST /get-message-notify HTTP/1.1" 200 19474 "https://www.kelaby.company/?h=5800208041960&mod=9bbcf8c9&uri=us.php?detail/35519863" "Mozilla/5.0 (Linux; Android 6.0.1; Nexus 5X Build/MMB29P) AppleWebKit/537.36 (KHTML, like Gecko) Chrome/137.0.7151.119 Mobile Safari/537.36 (compatible; Googlebot/2.1; +http://www.google.com/bot.html)"
209.74.77.214 - - [21/Jul/2025:15:54:46 +0000] "POST /wp-cron.php?doing_wp_cron=1753113286.2146968841552734375000 HTTP/1.1" 200 - "-" "WordPress/6.8.2; https://kelaby.company"
2a03:2880:f800:15:: - - [21/Jul/2025:15:54:45 +0000] "GET /detail/1295749972 HTTP/1.1" 404 16415 "-" "meta-externalagent/1.1 (+https://developers.facebook.com/docs/sharing/webmasters/crawler)"
216.73.216.179 - - [21/Jul/2025:15:54:56 +0000] "GET /detail/948150061 HTTP/1.1" 404 16414 "-" "Mozilla/5.0 AppleWebKit/537.36 (KHTML, like Gecko; compatible; ClaudeBot/1.0; [email protected])"
66.249.93.67 - - [21/Jul/2025:15:54:56 +0000] "GET /.well-known/traffic-advice HTTP/1.1" 301 - "-" "Chrome Privacy Preserving Prefetch Proxy"
2001:4860:7:1631::f8 - - [21/Jul/2025:15:54:57 +0000] "GET /?h=91502922041960&mod=5c7b6554&uri=search.php%3Fid%3D3053622-464%26name%3Dpga988b HTTP/1.1" 301 - "https://www.google.com/" "Mozilla/5.0 (Windows NT 10.0; Win64; x64) AppleWebKit/537.36 (KHTML, like Gecko) Chrome/138.0.0.0 Safari/537.36"
66.249.93.205 - - [21/Jul/2025:15:54:58 +0000] "GET /.well-known/traffic-advice HTTP/1.1" 404 16415 "-" "Chrome Privacy Preserving Prefetch Proxy"
2001:4860:7:631::e6 - - [21/Jul/2025:15:54:58 +0000] "GET /?h=91502922041960&mod=5c7b6554&uri=search.php%3Fid%3D3053622-464%26name%3Dpga988b HTTP/1.1" 200 26475 "https://www.google.com/" "Mozilla/5.0 (Windows NT 10.0; Win64; x64) AppleWebKit/537.36 (KHTML, like Gecko) Chrome/138.0.0.0 Safari/537.36"
216.73.216.179 - - [21/Jul/2025:15:54:59 +0000] "GET /detail/948426553 HTTP/1.1" 404 16415 "-" "Mozilla/5.0 AppleWebKit/537.36 (KHTML, like Gecko; compatible; ClaudeBot/1.0; [email protected])"
209.74.77.214 - - [21/Jul/2025:15:55:02 +0000] "POST /wp-cron.php?doing_wp_cron=1753113302.8523950576782226562500 HTTP/1.1" 200 - "-" "WordPress/6.8.2; https://kelaby.company"
216.73.216.179 - - [21/Jul/2025:15:55:02 +0000] "GET /detail/948079159 HTTP/1.1" 404 16415 "-" "Mozilla/5.0 AppleWebKit/537.36 (KHTML, like Gecko; compatible; ClaudeBot/1.0; [email protected])"
216.73.216.179 - - [21/Jul/2025:15:55:05 +0000] "GET /detail/948142584 HTTP/1.1" 404 16414 "-" "Mozilla/5.0 AppleWebKit/537.36 (KHTML, like Gecko; compatible; ClaudeBot/1.0; [email protected])"
216.73.216.179 - - [21/Jul/2025:15:55:08 +0000] "GET /detail/948067445 HTTP/1.1" 404 16415 "-" "Mozilla/5.0 AppleWebKit/537.36 (KHTML, like Gecko; compatible; ClaudeBot/1.0; [email protected])"
104.210.140.136 - - [21/Jul/2025:15:55:39 +0000] "GET /robots.txt HTTP/1.1" 304 - "-" "Mozilla/5.0 (Macintosh; Intel Mac OS X 10_15_7) AppleWebKit/537.36 (KHTML, like Gecko) Chrome/131.0.0.0 Safari/537.36; compatible; OAI-SearchBot/1.0; +https://openai.com/searchbot"
2a03:2880:f800:4:: - - [21/Jul/2025:15:55:52 +0000] "GET /detail/1295725966 HTTP/1.1" 404 16415 "-" "meta-externalagent/1.1 (+https://developers.facebook.com/docs/sharing/webmasters/crawler)"
209.74.77.214 - - [21/Jul/2025:15:56:31 +0000] "POST /wp-cron.php?doing_wp_cron=1753113390.9740059375762939453125 HTTP/1.1" 200 - "-" "WordPress/6.8.2; https://kelaby.company"
216.73.216.179 - - [21/Jul/2025:15:56:29 +0000] "GET /detail/948260661 HTTP/1.1" 404 16415 "-" "Mozilla/5.0 AppleWebKit/537.36 (KHTML, like Gecko; compatible; ClaudeBot/1.0; [email protected])"
216.73.216.179 - - [21/Jul/2025:15:56:32 +0000] "GET /detail/948042187 HTTP/1.1" 404 16415 "-" "Mozilla/5.0 AppleWebKit/537.36 (KHTML, like Gecko; compatible; ClaudeBot/1.0; [email protected])"
216.73.216.179 - - [21/Jul/2025:15:56:35 +0000] "GET /detail/948144373 HTTP/1.1" 404 16415 "-" "Mozilla/5.0 AppleWebKit/537.36 (KHTML, like Gecko; compatible; ClaudeBot/1.0; [email protected])"
216.73.216.179 - - [21/Jul/2025:15:56:38 +0000] "GET /detail/948308428 HTTP/1.1" 404 16415 "-" "Mozilla/5.0 AppleWebKit/537.36 (KHTML, like Gecko; compatible; ClaudeBot/1.0; [email protected])"
216.73.216.179 - - [21/Jul/2025:15:56:41 +0000] "GET /detail/948317333 HTTP/1.1" 404 16415 "-" "Mozilla/5.0 AppleWebKit/537.36 (KHTML, like Gecko; compatible; ClaudeBot/1.0; [email protected])"
2a03:2880:f800:1b:: - - [21/Jul/2025:15:57:00 +0000] "GET /detail/1295758258 HTTP/1.1" 404 16414 "-" "meta-externalagent/1.1 (+https://developers.facebook.com/docs/sharing/webmasters/crawler)"
66.249.79.233 - - [21/Jul/2025:15:57:53 +0000] "GET /?h=5793038031960&mod=49856ed4&uri=shop.php?detail/38342047 HTTP/1.1" 200 18965 "-" "Mozilla/5.0 (Linux; Android 6.0.1; Nexus 5X Build/MMB29P) AppleWebKit/537.36 (KHTML, like Gecko) Chrome/137.0.7151.103 Mobile Safari/537.36 (compatible; Googlebot/2.1; +http://www.google.com/bot.html)"
66.249.79.232 - - [21/Jul/2025:15:57:54 +0000] "GET /?h=5793038031960&mod=49856ed4&uri=shop.php?detail/38324712 HTTP/1.1" 200 21064 "-" "Mozilla/5.0 (Linux; Android 6.0.1; Nexus 5X Build/MMB29P) AppleWebKit/537.36 (KHTML, like Gecko) Chrome/137.0.7151.103 Mobile Safari/537.36 (compatible; Googlebot/2.1; +http://www.google.com/bot.html)"
66.249.79.232 - - [21/Jul/2025:15:57:54 +0000] "GET /?h=38373403061960&mod=ee411757&uri=search.php?detail/1686388 HTTP/1.1" 200 19076 "-" "Mozilla/5.0 (Linux; Android 6.0.1; Nexus 5X Build/MMB29P) AppleWebKit/537.36 (KHTML, like Gecko) Chrome/137.0.7151.103 Mobile Safari/537.36 (compatible; Googlebot/2.1; +http://www.google.com/bot.html)"
209.74.77.214 - - [21/Jul/2025:15:58:06 +0000] "POST /wp-cron.php?doing_wp_cron=1753113486.8038339614868164062500 HTTP/1.1" 200 - "-" "WordPress/6.8.2; https://kelaby.company"
2a03:2880:f800:d:: - - [21/Jul/2025:15:58:06 +0000] "GET /detail/1295652578 HTTP/1.1" 404 16415 "-" "meta-externalagent/1.1 (+https://developers.facebook.com/docs/sharing/webmasters/crawler)"
216.73.216.179 - - [21/Jul/2025:15:58:58 +0000] "GET /detail/948118366 HTTP/1.1" 404 16415 "-" "Mozilla/5.0 AppleWebKit/537.36 (KHTML, like Gecko; compatible; ClaudeBot/1.0; [email protected])"
209.74.77.214 - - [21/Jul/2025:15:59:01 +0000] "POST /wp-cron.php?doing_wp_cron=1753113541.1091239452362060546875 HTTP/1.1" 200 - "-" "WordPress/6.8.2; https://kelaby.company"
216.73.216.179 - - [21/Jul/2025:15:59:00 +0000] "GET /detail/948394261 HTTP/1.1" 404 16415 "-" "Mozilla/5.0 AppleWebKit/537.36 (KHTML, like Gecko; compatible; ClaudeBot/1.0; [email protected])"
216.73.216.179 - - [21/Jul/2025:15:59:03 +0000] "GET /detail/948269221 HTTP/1.1" 404 16414 "-" "Mozilla/5.0 AppleWebKit/537.36 (KHTML, like Gecko; compatible; ClaudeBot/1.0; [email protected])"
216.73.216.179 - - [21/Jul/2025:15:59:06 +0000] "GET /detail/948195294 HTTP/1.1" 404 16415 "-" "Mozilla/5.0 AppleWebKit/537.36 (KHTML, like Gecko; compatible; ClaudeBot/1.0; [email protected])"
216.73.216.179 - - [21/Jul/2025:15:59:09 +0000] "GET /detail/948413411 HTTP/1.1" 404 16414 "-" "Mozilla/5.0 AppleWebKit/537.36 (KHTML, like Gecko; compatible; ClaudeBot/1.0; [email protected])"
66.249.79.233 - - [21/Jul/2025:15:59:20 +0000] "GET /?h=5857660011960&mod=7530b57b&uri=article.php?detail/32161930 HTTP/1.1" 200 20884 "-" "Mozilla/5.0 (Linux; Android 6.0.1; Nexus 5X Build/MMB29P) AppleWebKit/537.36 (KHTML, like Gecko) Chrome/137.0.7151.103 Mobile Safari/537.36 (compatible; Googlebot/2.1; +http://www.google.com/bot.html)"
66.249.79.232 - - [21/Jul/2025:15:59:20 +0000] "GET /?h=65441459041960&mod=f8cd71b7&uri=products.php?detail/2608781 HTTP/1.1" 200 19077 "-" "Mozilla/5.0 (Linux; Android 6.0.1; Nexus 5X Build/MMB29P) AppleWebKit/537.36 (KHTML, like Gecko) Chrome/137.0.7151.103 Mobile Safari/537.36 (compatible; Googlebot/2.1; +http://www.google.com/bot.html)"
66.249.79.233 - - [21/Jul/2025:15:59:20 +0000] "GET /?h=59505406131960&mod=6e32552f&uri=dp.php?detail/37248744 HTTP/1.1" 200 19236 "-" "Mozilla/5.0 (Linux; Android 6.0.1; Nexus 5X Build/MMB29P) AppleWebKit/537.36 (KHTML, like Gecko) Chrome/137.0.7151.103 Mobile Safari/537.36 (compatible; Googlebot/2.1; +http://www.google.com/bot.html)"
66.249.79.233 - - [21/Jul/2025:15:59:23 +0000] "POST /get-message-notify HTTP/1.1" 200 19474 "https://www.kelaby.company/?h=65441459041960&mod=f8cd71b7&uri=products.php?detail/2608781" "Mozilla/5.0 (Linux; Android 6.0.1; Nexus 5X Build/MMB29P) AppleWebKit/537.36 (KHTML, like Gecko) Chrome/137.0.7151.119 Mobile Safari/537.36 (compatible; Googlebot/2.1; +http://www.google.com/bot.html)"
45.227.253.15 - - [21/Jul/2025:15:59:26 +0000] "GET /index.php/jk HTTP/1.1" 200 59 "-" "Mozilla/5.0 (Macintosh; Intel Mac OS X 10.15; rv:103.0) Gecko/20100101 Firefox/103.0"
209.74.77.214 - - [21/Jul/2025:16:00:06 +0000] "POST /wp-cron.php?doing_wp_cron=1753113606.7855930328369140625000 HTTP/1.1" 200 - "-" "WordPress/6.8.2; https://kelaby.company"
216.73.216.179 - - [21/Jul/2025:16:00:05 +0000] "GET /detail/948425463 HTTP/1.1" 404 16414 "-" "Mozilla/5.0 AppleWebKit/537.36 (KHTML, like Gecko; compatible; ClaudeBot/1.0; [email protected])"
216.73.216.179 - - [21/Jul/2025:16:00:08 +0000] "GET /detail/948222940 HTTP/1.1" 404 16414 "-" "Mozilla/5.0 AppleWebKit/537.36 (KHTML, like Gecko; compatible; ClaudeBot/1.0; [email protected])"
216.73.216.179 - - [21/Jul/2025:16:00:11 +0000] "GET /detail/948405694 HTTP/1.1" 404 16415 "-" "Mozilla/5.0 AppleWebKit/537.36 (KHTML, like Gecko; compatible; ClaudeBot/1.0; [email protected])"
216.73.216.179 - - [21/Jul/2025:16:00:14 +0000] "GET /detail/948036582 HTTP/1.1" 404 16414 "-" "Mozilla/5.0 AppleWebKit/537.36 (KHTML, like Gecko; compatible; ClaudeBot/1.0; [email protected])"
216.73.216.179 - - [21/Jul/2025:16:00:17 +0000] "GET /detail/947938719 HTTP/1.1" 404 16414 "-" "Mozilla/5.0 AppleWebKit/537.36 (KHTML, like Gecko; compatible; ClaudeBot/1.0; [email protected])"
2a03:2880:f800:f:: - - [21/Jul/2025:16:00:21 +0000] "GET /detail/1295797615 HTTP/1.1" 404 16414 "-" "meta-externalagent/1.1 (+https://developers.facebook.com/docs/sharing/webmasters/crawler)"
51.222.253.11 - - [21/Jul/2025:16:00:58 +0000] "GET /?h=104684396071960&uri=blog.php%3Fid%3D3493636-1641%26name%3Dboys%20communion%20clothes HTTP/1.1" 200 26478 "-" "Mozilla/5.0 (compatible; AhrefsBot/7.0; +http://ahrefs.com/robot/)"
66.249.79.233 - - [21/Jul/2025:16:01:28 +0000] "GET /?h=86665051001960&mod=fe7fdf17&uri=search.php?detail/1680362 HTTP/1.1" 200 19197 "-" "Mozilla/5.0 (Linux; Android 6.0.1; Nexus 5X Build/MMB29P) AppleWebKit/537.36 (KHTML, like Gecko) Chrome/137.0.7151.103 Mobile Safari/537.36 (compatible; Googlebot/2.1; +http://www.google.com/bot.html)"
66.249.79.232 - - [21/Jul/2025:16:01:29 +0000] "GET /?h=86519886011960&mod=43e04dd0&uri=category-info.php?detail/34376142 HTTP/1.1" 200 20581 "-" "Mozilla/5.0 (Linux; Android 6.0.1; Nexus 5X Build/MMB29P) AppleWebKit/537.36 (KHTML, like Gecko) Chrome/137.0.7151.103 Mobile Safari/537.36 (compatible; Googlebot/2.1; +http://www.google.com/bot.html)"
66.249.79.232 - - [21/Jul/2025:16:01:29 +0000] "GET /?h=91732986011960&mod=28b30720&uri=article.php?detail/841342777 HTTP/1.1" 200 19032 "-" "Mozilla/5.0 (Linux; Android 6.0.1; Nexus 5X Build/MMB29P) AppleWebKit/537.36 (KHTML, like Gecko) Chrome/137.0.7151.103 Mobile Safari/537.36 (compatible; Googlebot/2.1; +http://www.google.com/bot.html)"
66.249.79.234 - - [21/Jul/2025:16:01:29 +0000] "GET /?h=37148047121960&mod=4b3da53a&uri=pin.php?detail/1681742 HTTP/1.1" 200 19226 "-" "Mozilla/5.0 (Linux; Android 6.0.1; Nexus 5X Build/MMB29P) AppleWebKit/537.36 (KHTML, like Gecko) Chrome/137.0.7151.103 Mobile Safari/537.36 (compatible; Googlebot/2.1; +http://www.google.com/bot.html)"
66.249.79.233 - - [21/Jul/2025:16:01:30 +0000] "GET /?h=5569834031960&mod=007ad58e&uri=shop.php?hobby/nuigurumi/nuigurumi.html HTTP/1.1" 200 19718 "-" "Mozilla/5.0 (Linux; Android 6.0.1; Nexus 5X Build/MMB29P) AppleWebKit/537.36 (KHTML, like Gecko) Chrome/137.0.7151.103 Mobile Safari/537.36 (compatible; Googlebot/2.1; +http://www.google.com/bot.html)"
66.249.79.33 - - [21/Jul/2025:16:01:30 +0000] "GET /?h=6085489011960&mod=f7efa4f8&uri=us.php?detail/1667647 HTTP/1.1" 200 19282 "-" "Mozilla/5.0 (Linux; Android 6.0.1; Nexus 5X Build/MMB29P) AppleWebKit/537.36 (KHTML, like Gecko) Chrome/137.0.7151.103 Mobile Safari/537.36 (compatible; Googlebot/2.1; +http://www.google.com/bot.html)"
209.74.77.214 - - [21/Jul/2025:16:01:31 +0000] "POST /wp-cron.php?doing_wp_cron=1753113691.5647010803222656250000 HTTP/1.1" 200 - "-" "WordPress/6.8.2; https://kelaby.company"
2a03:2880:f800:16:: - - [21/Jul/2025:16:01:31 +0000] "GET /detail/1295972342 HTTP/1.1" 404 16414 "-" "meta-externalagent/1.1 (+https://developers.facebook.com/docs/sharing/webmasters/crawler)"
216.73.216.179 - - [21/Jul/2025:16:01:58 +0000] "GET /detail/948350386 HTTP/1.1" 404 16415 "-" "Mozilla/5.0 AppleWebKit/537.36 (KHTML, like Gecko; compatible; ClaudeBot/1.0; [email protected])"
209.74.77.214 - - [21/Jul/2025:16:02:01 +0000] "POST /wp-cron.php?doing_wp_cron=1753113721.7999401092529296875000 HTTP/1.1" 200 - "-" "WordPress/6.8.2; https://kelaby.company"
216.73.216.179 - - [21/Jul/2025:16:02:01 +0000] "GET /detail/947977311 HTTP/1.1" 404 16412 "-" "Mozilla/5.0 AppleWebKit/537.36 (KHTML, like Gecko; compatible; ClaudeBot/1.0; [email protected])"
216.73.216.179 - - [21/Jul/2025:16:02:04 +0000] "GET /detail/947988728 HTTP/1.1" 404 16413 "-" "Mozilla/5.0 AppleWebKit/537.36 (KHTML, like Gecko; compatible; ClaudeBot/1.0; [email protected])"
216.73.216.179 - - [21/Jul/2025:16:02:07 +0000] "GET /detail/947959233 HTTP/1.1" 404 16413 "-" "Mozilla/5.0 AppleWebKit/537.36 (KHTML, like Gecko; compatible; ClaudeBot/1.0; [email protected])"
216.73.216.179 - - [21/Jul/2025:16:02:10 +0000] "GET /detail/947974160 HTTP/1.1" 404 16414 "-" "Mozilla/5.0 AppleWebKit/537.36 (KHTML, like Gecko; compatible; ClaudeBot/1.0; [email protected])"
2a03:2880:f800:9:: - - [21/Jul/2025:16:02:38 +0000] "GET /detail/1295917653 HTTP/1.1" 404 16414 "-" "meta-externalagent/1.1 (+https://developers.facebook.com/docs/sharing/webmasters/crawler)"
66.249.79.34 - - [21/Jul/2025:16:03:06 +0000] "GET /?h=119828071041960&mod=0ad3140e&uri=search.php?detail/38831261 HTTP/1.1" 200 21656 "-" "Mozilla/5.0 (Linux; Android 6.0.1; Nexus 5X Build/MMB29P) AppleWebKit/537.36 (KHTML, like Gecko) Chrome/137.0.7151.103 Mobile Safari/537.36 (compatible; Googlebot/2.1; +http://www.google.com/bot.html)"
66.249.79.233 - - [21/Jul/2025:16:03:06 +0000] "GET /?h=5817008011960&mod=9bbcf8c9&uri=goods.php?detail/39401985 HTTP/1.1" 200 21283 "-" "Mozilla/5.0 (Linux; Android 6.0.1; Nexus 5X Build/MMB29P) AppleWebKit/537.36 (KHTML, like Gecko) Chrome/137.0.7151.103 Mobile Safari/537.36 (compatible; Googlebot/2.1; +http://www.google.com/bot.html)"
66.249.79.232 - - [21/Jul/2025:16:03:27 +0000] "POST /get-message-notify HTTP/1.1" 200 19472 "https://www.kelaby.company/?h=5817008011960&mod=9bbcf8c9&uri=goods.php?detail/39401985" "Mozilla/5.0 (Linux; Android 6.0.1; Nexus 5X Build/MMB29P) AppleWebKit/537.36 (KHTML, like Gecko) Chrome/137.0.7151.119 Mobile Safari/537.36 (compatible; Googlebot/2.1; +http://www.google.com/bot.html)"
209.74.77.214 - - [21/Jul/2025:16:03:45 +0000] "POST /wp-cron.php?doing_wp_cron=1753113825.1573410034179687500000 HTTP/1.1" 200 - "-" "WordPress/6.8.2; https://kelaby.company"
2a03:2880:f800:12:: - - [21/Jul/2025:16:03:44 +0000] "GET /detail/1295965292 HTTP/1.1" 404 16414 "-" "meta-externalagent/1.1 (+https://developers.facebook.com/docs/sharing/webmasters/crawler)"
216.73.216.179 - - [21/Jul/2025:16:03:56 +0000] "GET /detail/948175447 HTTP/1.1" 404 16415 "-" "Mozilla/5.0 AppleWebKit/537.36 (KHTML, like Gecko; compatible; ClaudeBot/1.0; [email protected])"
216.73.216.179 - - [21/Jul/2025:16:03:59 +0000] "GET /detail/948234379 HTTP/1.1" 404 16415 "-" "Mozilla/5.0 AppleWebKit/537.36 (KHTML, like Gecko; compatible; ClaudeBot/1.0; [email protected])"
209.74.77.214 - - [21/Jul/2025:16:04:03 +0000] "POST /wp-cron.php?doing_wp_cron=1753113842.8785710334777832031250 HTTP/1.1" 200 - "-" "WordPress/6.8.2; https://kelaby.company"
216.73.216.179 - - [21/Jul/2025:16:04:02 +0000] "GET /detail/948212759 HTTP/1.1" 404 16414 "-" "Mozilla/5.0 AppleWebKit/537.36 (KHTML, like Gecko; compatible; ClaudeBot/1.0; [email protected])"
216.73.216.179 - - [21/Jul/2025:16:04:05 +0000] "GET /detail/948137177 HTTP/1.1" 404 16415 "-" "Mozilla/5.0 AppleWebKit/537.36 (KHTML, like Gecko; compatible; ClaudeBot/1.0; [email protected])"
216.73.216.179 - - [21/Jul/2025:16:04:08 +0000] "GET /detail/948338953 HTTP/1.1" 404 16415 "-" "Mozilla/5.0 AppleWebKit/537.36 (KHTML, like Gecko; compatible; ClaudeBot/1.0; [email protected])"
2a03:2880:f800:8:: - - [21/Jul/2025:16:04:57 +0000] "GET /detail/1295815339 HTTP/1.1" 404 16415 "-" "meta-externalagent/1.1 (+https://developers.facebook.com/docs/sharing/webmasters/crawler)"
209.74.77.214 - - [21/Jul/2025:16:05:10 +0000] "POST /wp-cron.php?doing_wp_cron=1753113910.4496901035308837890625 HTTP/1.1" 200 - "-" "WordPress/6.8.2; https://kelaby.company"
216.73.216.179 - - [21/Jul/2025:16:05:10 +0000] "GET /detail/634303942 HTTP/1.1" 404 16415 "-" "Mozilla/5.0 AppleWebKit/537.36 (KHTML, like Gecko; compatible; ClaudeBot/1.0; [email protected])"
216.73.216.179 - - [21/Jul/2025:16:05:13 +0000] "GET /detail/634172051 HTTP/1.1" 404 16415 "-" "Mozilla/5.0 AppleWebKit/537.36 (KHTML, like Gecko; compatible; ClaudeBot/1.0; [email protected])"
216.73.216.179 - - [21/Jul/2025:16:05:16 +0000] "GET /detail/634268211 HTTP/1.1" 404 16415 "-" "Mozilla/5.0 AppleWebKit/537.36 (KHTML, like Gecko; compatible; ClaudeBot/1.0; [email protected])"
216.73.216.179 - - [21/Jul/2025:16:05:19 +0000] "GET /detail/634387225 HTTP/1.1" 404 16415 "-" "Mozilla/5.0 AppleWebKit/537.36 (KHTML, like Gecko; compatible; ClaudeBot/1.0; [email protected])"
216.73.216.179 - - [21/Jul/2025:16:05:22 +0000] "GET /detail/634138717 HTTP/1.1" 404 16414 "-" "Mozilla/5.0 AppleWebKit/537.36 (KHTML, like Gecko; compatible; ClaudeBot/1.0; [email protected])"
66.249.79.37 - - [21/Jul/2025:16:06:39 +0000] "GET /?h=6074141011960&mod=c7ced588&uri=products.php?detail/1656975 HTTP/1.1" 200 19769 "-" "Mozilla/5.0 (Linux; Android 6.0.1; Nexus 5X Build/MMB29P) AppleWebKit/537.36 (KHTML, like Gecko) Chrome/137.0.7151.103 Mobile Safari/537.36 (compatible; Googlebot/2.1; +http://www.google.com/bot.html)"
66.249.79.33 - - [21/Jul/2025:16:06:43 +0000] "POST /get-message-notify HTTP/1.1" 200 19447 "https://kelaby.company/?h=6074141011960&mod=c7ced588&uri=products.php?detail/1656975" "Mozilla/5.0 (Linux; Android 6.0.1; Nexus 5X Build/MMB29P) AppleWebKit/537.36 (KHTML, like Gecko) Chrome/137.0.7151.119 Mobile Safari/537.36 (compatible; Googlebot/2.1; +http://www.google.com/bot.html)"
209.74.77.214 - - [21/Jul/2025:16:07:05 +0000] "POST /wp-cron.php?doing_wp_cron=1753114025.6466450691223144531250 HTTP/1.1" 200 - "-" "WordPress/6.8.2; https://kelaby.company"
216.73.216.179 - - [21/Jul/2025:16:07:04 +0000] "GET /detail/634602479 HTTP/1.1" 404 16414 "-" "Mozilla/5.0 AppleWebKit/537.36 (KHTML, like Gecko; compatible; ClaudeBot/1.0; [email protected])"
216.73.216.179 - - [21/Jul/2025:16:07:07 +0000] "GET /detail/634283412 HTTP/1.1" 404 16415 "-" "Mozilla/5.0 AppleWebKit/537.36 (KHTML, like Gecko; compatible; ClaudeBot/1.0; [email protected])"
43.157.168.43 - - [21/Jul/2025:16:07:10 +0000] "GET / HTTP/1.1" 200 26476 "http://kelaby.company" "Mozilla/5.0 (iPhone; CPU iPhone OS 13_2_3 like Mac OS X) AppleWebKit/605.1.15 (KHTML, like Gecko) Version/13.0.3 Mobile/15E148 Safari/604.1"
216.73.216.179 - - [21/Jul/2025:16:07:10 +0000] "GET /detail/634080274 HTTP/1.1" 404 16415 "-" "Mozilla/5.0 AppleWebKit/537.36 (KHTML, like Gecko; compatible; ClaudeBot/1.0; [email protected])"
216.73.216.179 - - [21/Jul/2025:16:07:13 +0000] "GET /detail/634453902 HTTP/1.1" 404 16414 "-" "Mozilla/5.0 AppleWebKit/537.36 (KHTML, like Gecko; compatible; ClaudeBot/1.0; [email protected])"
2a03:2880:f800:e:: - - [21/Jul/2025:16:07:14 +0000] "GET /detail/1295749439 HTTP/1.1" 404 16415 "-" "meta-externalagent/1.1 (+https://developers.facebook.com/docs/sharing/webmasters/crawler)"
216.73.216.179 - - [21/Jul/2025:16:07:16 +0000] "GET /detail/634228851 HTTP/1.1" 404 16415 "-" "Mozilla/5.0 AppleWebKit/537.36 (KHTML, like Gecko; compatible; ClaudeBot/1.0; [email protected])"
209.74.77.214 - - [21/Jul/2025:16:08:23 +0000] "POST /wp-cron.php?doing_wp_cron=1753114103.3482611179351806640625 HTTP/1.1" 200 - "-" "WordPress/6.8.2; https://kelaby.company"
2a03:2880:f800:13:: - - [21/Jul/2025:16:08:22 +0000] "GET /detail/1295760047 HTTP/1.1" 404 16414 "-" "meta-externalagent/1.1 (+https://developers.facebook.com/docs/sharing/webmasters/crawler)"
66.249.79.232 - - [21/Jul/2025:16:08:47 +0000] "GET /?h=86333710011960&mod=7a7338ef&uri=info.php?product/edit/K1207009447 HTTP/1.1" 200 19892 "-" "Mozilla/5.0 (Linux; Android 6.0.1; Nexus 5X Build/MMB29P) AppleWebKit/537.36 (KHTML, like Gecko) Chrome/137.0.7151.103 Mobile Safari/537.36 (compatible; Googlebot/2.1; +http://www.google.com/bot.html)"
209.74.77.214 - - [21/Jul/2025:16:09:12 +0000] "POST /wp-cron.php?doing_wp_cron=1753114152.6117429733276367187500 HTTP/1.1" 200 - "-" "WordPress/6.8.2; https://kelaby.company"
2a03:2880:f800:11:: - - [21/Jul/2025:16:09:12 +0000] "GET /detail/1295803918 HTTP/1.1" 404 16414 "-" "meta-externalagent/1.1 (+https://developers.facebook.com/docs/sharing/webmasters/crawler)"
66.249.79.233 - - [21/Jul/2025:16:09:30 +0000] "GET /?h=84629340041960&mod=8c76acf2&uri=news.php?detail/2637789 HTTP/1.1" 200 19559 "-" "Mozilla/5.0 (Linux; Android 6.0.1; Nexus 5X Build/MMB29P) AppleWebKit/537.36 (KHTML, like Gecko) Chrome/137.0.7151.103 Mobile Safari/537.36 (compatible; Googlebot/2.1; +http://www.google.com/bot.html)"
66.249.79.234 - - [21/Jul/2025:16:09:30 +0000] "GET /?h=5817008011960&mod=9bbcf8c9&uri=goods.php?detail/41355445 HTTP/1.1" 200 20372 "-" "Mozilla/5.0 (Linux; Android 6.0.1; Nexus 5X Build/MMB29P) AppleWebKit/537.36 (KHTML, like Gecko) Chrome/137.0.7151.103 Mobile Safari/537.36 (compatible; Googlebot/2.1; +http://www.google.com/bot.html)"
66.249.79.234 - - [21/Jul/2025:16:09:32 +0000] "POST /get-message-notify HTTP/1.1" 200 19472 "https://www.kelaby.company/?h=84629340041960&mod=8c76acf2&uri=news.php?detail/2637789" "Mozilla/5.0 (Linux; Android 6.0.1; Nexus 5X Build/MMB29P) AppleWebKit/537.36 (KHTML, like Gecko) Chrome/137.0.7151.119 Mobile Safari/537.36 (compatible; Googlebot/2.1; +http://www.google.com/bot.html)"
66.249.79.232 - - [21/Jul/2025:16:09:33 +0000] "POST /get-message-notify HTTP/1.1" 200 19472 "https://www.kelaby.company/?h=5817008011960&mod=9bbcf8c9&uri=goods.php?detail/41355445" "Mozilla/5.0 (Linux; Android 6.0.1; Nexus 5X Build/MMB29P) AppleWebKit/537.36 (KHTML, like Gecko) Chrome/137.0.7151.119 Mobile Safari/537.36 (compatible; Googlebot/2.1; +http://www.google.com/bot.html)"
216.73.216.179 - - [21/Jul/2025:16:09:35 +0000] "GET /detail/634457037 HTTP/1.1" 404 16415 "-" "Mozilla/5.0 AppleWebKit/537.36 (KHTML, like Gecko; compatible; ClaudeBot/1.0; [email protected])"
216.73.216.179 - - [21/Jul/2025:16:09:38 +0000] "GET /detail/634452860 HTTP/1.1" 404 16414 "-" "Mozilla/5.0 AppleWebKit/537.36 (KHTML, like Gecko; compatible; ClaudeBot/1.0; [email protected])"
159.65.152.66 - - [21/Jul/2025:16:09:40 +0000] "GET /wp-login.php HTTP/1.1" 200 2014 "-" "Mozilla/5.0 (X11; Ubuntu; Linux x86_64; rv:85.0) Gecko/20100101 Firefox/91.0"
159.65.152.66 - - [21/Jul/2025:16:09:41 +0000] "POST /wp-login.php HTTP/1.1" 200 2106 "-" "Mozilla/5.0 (X11; Ubuntu; Linux x86_64; rv:85.0) Gecko/20100101 Firefox/91.0"
216.73.216.179 - - [21/Jul/2025:16:09:41 +0000] "GET /detail/634454633 HTTP/1.1" 404 16415 "-" "Mozilla/5.0 AppleWebKit/537.36 (KHTML, like Gecko; compatible; ClaudeBot/1.0; [email protected])"
216.73.216.179 - - [21/Jul/2025:16:09:44 +0000] "GET /detail/634383749 HTTP/1.1" 404 16415 "-" "Mozilla/5.0 AppleWebKit/537.36 (KHTML, like Gecko; compatible; ClaudeBot/1.0; [email protected])"
216.73.216.179 - - [21/Jul/2025:16:09:47 +0000] "GET /detail/634281008 HTTP/1.1" 404 16415 "-" "Mozilla/5.0 AppleWebKit/537.36 (KHTML, like Gecko; compatible; ClaudeBot/1.0; [email protected])"
209.74.77.214 - - [21/Jul/2025:16:10:20 +0000] "POST /wp-cron.php?doing_wp_cron=1753114220.8246231079101562500000 HTTP/1.1" 200 - "-" "WordPress/6.8.2; https://kelaby.company"
2a03:2880:f800:1b:: - - [21/Jul/2025:16:10:19 +0000] "GET /detail/1295780497 HTTP/1.1" 404 16415 "-" "meta-externalagent/1.1 (+https://developers.facebook.com/docs/sharing/webmasters/crawler)"
66.249.79.33 - - [21/Jul/2025:16:10:56 +0000] "GET /?h=6074141011960&mod=c7ced588&uri=products.php?detail/1659832 HTTP/1.1" 200 20545 "-" "Mozilla/5.0 (Linux; Android 6.0.1; Nexus 5X Build/MMB29P) AppleWebKit/537.36 (KHTML, like Gecko) Chrome/137.0.7151.103 Mobile Safari/537.36 (compatible; Googlebot/2.1; +http://www.google.com/bot.html)"
66.249.79.32 - - [21/Jul/2025:16:10:57 +0000] "GET /?h=5972315111960&mod=a788f0e7&uri=news.php%3Fid%3D199436-345%26name%3Dropa+necesaria+para+ir+a+la+nieve HTTP/1.1" 200 21310 "-" "Mozilla/5.0 (Linux; Android 6.0.1; Nexus 5X Build/MMB29P) AppleWebKit/537.36 (KHTML, like Gecko) Chrome/137.0.7151.103 Mobile Safari/537.36 (compatible; Googlebot/2.1; +http://www.google.com/bot.html)"
209.74.77.214 - - [21/Jul/2025:16:11:37 +0000] "POST /wp-cron.php?doing_wp_cron=1753114297.7202188968658447265625 HTTP/1.1" 200 - "-" "WordPress/6.8.2; https://kelaby.company"
216.73.216.179 - - [21/Jul/2025:16:11:36 +0000] "GET /detail/1180989006 HTTP/1.1" 404 16415 "-" "Mozilla/5.0 AppleWebKit/537.36 (KHTML, like Gecko; compatible; ClaudeBot/1.0; [email protected])"
216.73.216.179 - - [21/Jul/2025:16:11:39 +0000] "GET /detail/1181122332 HTTP/1.1" 404 16414 "-" "Mozilla/5.0 AppleWebKit/537.36 (KHTML, like Gecko; compatible; ClaudeBot/1.0; [email protected])"
66.249.79.233 - - [21/Jul/2025:16:11:40 +0000] "GET /?h=86519166021960&mod=5335070a&uri=shop.php?detail/34960773 HTTP/1.1" 200 19194 "-" "Mozilla/5.0 (Linux; Android 6.0.1; Nexus 5X Build/MMB29P) AppleWebKit/537.36 (KHTML, like Gecko) Chrome/137.0.7151.103 Mobile Safari/537.36 (compatible; Googlebot/2.1; +http://www.google.com/bot.html)"
66.249.79.32 - - [21/Jul/2025:16:11:40 +0000] "GET /?h=6074141011960&mod=c7ced588&uri=products.php?detail/1687430 HTTP/1.1" 200 19021 "-" "Mozilla/5.0 (Linux; Android 6.0.1; Nexus 5X Build/MMB29P) AppleWebKit/537.36 (KHTML, like Gecko) Chrome/137.0.7151.103 Mobile Safari/537.36 (compatible; Googlebot/2.1; +http://www.google.com/bot.html)"
2a03:2880:f800:d:: - - [21/Jul/2025:16:11:40 +0000] "GET /detail/1295820956 HTTP/1.1" 404 16414 "-" "meta-externalagent/1.1 (+https://developers.facebook.com/docs/sharing/webmasters/crawler)"
66.249.79.234 - - [21/Jul/2025:16:11:40 +0000] "GET /?h=5851367031960&mod=333d6beb&uri=form.php?avsoft.html HTTP/1.1" 200 19446 "-" "Mozilla/5.0 (Linux; Android 6.0.1; Nexus 5X Build/MMB29P) AppleWebKit/537.36 (KHTML, like Gecko) Chrome/137.0.7151.103 Mobile Safari/537.36 (compatible; Googlebot/2.1; +http://www.google.com/bot.html)"
216.73.216.179 - - [21/Jul/2025:16:11:42 +0000] "GET /detail/1181366596 HTTP/1.1" 404 16415 "-" "Mozilla/5.0 AppleWebKit/537.36 (KHTML, like Gecko; compatible; ClaudeBot/1.0; [email protected])"
216.73.216.179 - - [21/Jul/2025:16:11:45 +0000] "GET /detail/1181268032 HTTP/1.1" 404 16413 "-" "Mozilla/5.0 AppleWebKit/537.36 (KHTML, like Gecko; compatible; ClaudeBot/1.0; [email protected])"
216.73.216.179 - - [21/Jul/2025:16:11:48 +0000] "GET /detail/1181409091 HTTP/1.1" 404 16415 "-" "Mozilla/5.0 AppleWebKit/537.36 (KHTML, like Gecko; compatible; ClaudeBot/1.0; [email protected])"
209.74.77.214 - - [21/Jul/2025:16:12:37 +0000] "POST /wp-cron.php?doing_wp_cron=1753114356.8892319202423095703125 HTTP/1.1" 200 - "-" "WordPress/6.8.2; https://kelaby.company"
2a03:2880:f800:: - - [21/Jul/2025:16:12:35 +0000] "GET /detail/1295906707 HTTP/1.1" 404 16415 "-" "meta-externalagent/1.1 (+https://developers.facebook.com/docs/sharing/webmasters/crawler)"
66.249.79.32 - - [21/Jul/2025:16:13:06 +0000] "GET /?h=5880125041960&mod=7530b57b&uri=pin.php%3Fid%3D196362-341%26name%3Dcolonia+tous+hombre+precio HTTP/1.1" 200 21293 "-" "Mozilla/5.0 (Linux; Android 6.0.1; Nexus 5X Build/MMB29P) AppleWebKit/537.36 (KHTML, like Gecko) Chrome/137.0.7151.103 Mobile Safari/537.36 (compatible; Googlebot/2.1; +http://www.google.com/bot.html)"
209.74.77.214 - - [21/Jul/2025:16:13:52 +0000] "POST /wp-cron.php?doing_wp_cron=1753114432.1731131076812744140625 HTTP/1.1" 200 - "-" "WordPress/6.8.2; https://kelaby.company"
2a03:2880:f800:f:: - - [21/Jul/2025:16:13:50 +0000] "GET /detail/1295841895 HTTP/1.1" 404 16415 "-" "meta-externalagent/1.1 (+https://developers.facebook.com/docs/sharing/webmasters/crawler)"
66.249.79.232 - - [21/Jul/2025:16:14:31 +0000] "GET /?h=6126185031960&mod=e1029434&uri=pin.php?detail/2646754 HTTP/1.1" 200 19247 "-" "Mozilla/5.0 (Linux; Android 6.0.1; Nexus 5X Build/MMB29P) AppleWebKit/537.36 (KHTML, like Gecko) Chrome/137.0.7151.103 Mobile Safari/537.36 (compatible; Googlebot/2.1; +http://www.google.com/bot.html)"
209.74.77.214 - - [21/Jul/2025:16:14:44 +0000] "POST /wp-cron.php?doing_wp_cron=1753114484.4690821170806884765625 HTTP/1.1" 200 - "-" "WordPress/6.8.2; https://kelaby.company"
216.73.216.179 - - [21/Jul/2025:16:14:43 +0000] "GET /detail/1181297954 HTTP/1.1" 404 16415 "-" "Mozilla/5.0 AppleWebKit/537.36 (KHTML, like Gecko; compatible; ClaudeBot/1.0; [email protected])"
216.73.216.179 - - [21/Jul/2025:16:14:46 +0000] "GET /detail/1180954785 HTTP/1.1" 404 16415 "-" "Mozilla/5.0 AppleWebKit/537.36 (KHTML, like Gecko; compatible; ClaudeBot/1.0; [email protected])"
216.73.216.179 - - [21/Jul/2025:16:14:49 +0000] "GET /detail/1181212061 HTTP/1.1" 404 16415 "-" "Mozilla/5.0 AppleWebKit/537.36 (KHTML, like Gecko; compatible; ClaudeBot/1.0; [email protected])"
216.73.216.179 - - [21/Jul/2025:16:14:52 +0000] "GET /detail/1181093047 HTTP/1.1" 404 16414 "-" "Mozilla/5.0 AppleWebKit/537.36 (KHTML, like Gecko; compatible; ClaudeBot/1.0; [email protected])"
216.73.216.179 - - [21/Jul/2025:16:14:55 +0000] "GET /detail/1181191595 HTTP/1.1" 404 16415 "-" "Mozilla/5.0 AppleWebKit/537.36 (KHTML, like Gecko; compatible; ClaudeBot/1.0; [email protected])"
209.74.77.214 - - [21/Jul/2025:16:15:54 +0000] "POST /wp-cron.php?doing_wp_cron=1753114554.3967580795288085937500 HTTP/1.1" 200 - "-" "WordPress/6.8.2; https://kelaby.company"
2a03:2880:f800:: - - [21/Jul/2025:16:15:53 +0000] "GET /detail/1295736896 HTTP/1.1" 404 16415 "-" "meta-externalagent/1.1 (+https://developers.facebook.com/docs/sharing/webmasters/crawler)"
209.74.77.214 - - [21/Jul/2025:16:16:33 +0000] "POST /wp-cron.php?doing_wp_cron=1753114593.3001229763031005859375 HTTP/1.1" 200 - "-" "WordPress/6.8.2; https://kelaby.company"
216.73.216.179 - - [21/Jul/2025:16:16:32 +0000] "GET /detail/634479144 HTTP/1.1" 404 16414 "-" "Mozilla/5.0 AppleWebKit/537.36 (KHTML, like Gecko; compatible; ClaudeBot/1.0; [email protected])"
216.73.216.179 - - [21/Jul/2025:16:16:34 +0000] "GET /detail/634256497 HTTP/1.1" 404 16414 "-" "Mozilla/5.0 AppleWebKit/537.36 (KHTML, like Gecko; compatible; ClaudeBot/1.0; [email protected])"
216.73.216.179 - - [21/Jul/2025:16:16:37 +0000] "GET /detail/634504676 HTTP/1.1" 404 16413 "-" "Mozilla/5.0 AppleWebKit/537.36 (KHTML, like Gecko; compatible; ClaudeBot/1.0; [email protected])"
216.73.216.179 - - [21/Jul/2025:16:16:40 +0000] "GET /detail/634225634 HTTP/1.1" 404 16414 "-" "Mozilla/5.0 AppleWebKit/537.36 (KHTML, like Gecko; compatible; ClaudeBot/1.0; [email protected])"
216.73.216.179 - - [21/Jul/2025:16:16:43 +0000] "GET /detail/634134967 HTTP/1.1" 404 16413 "-" "Mozilla/5.0 AppleWebKit/537.36 (KHTML, like Gecko; compatible; ClaudeBot/1.0; [email protected])"
2a03:2880:f800:11:: - - [21/Jul/2025:16:17:00 +0000] "GET /detail/1295862345 HTTP/1.1" 404 16415 "-" "meta-externalagent/1.1 (+https://developers.facebook.com/docs/sharing/webmasters/crawler)"
66.249.79.32 - - [21/Jul/2025:16:17:22 +0000] "GET /?h=6074141011960&mod=c7ced588&uri=products.php?detail/1670181 HTTP/1.1" 200 19309 "-" "Mozilla/5.0 (Linux; Android 6.0.1; Nexus 5X Build/MMB29P) AppleWebKit/537.36 (KHTML, like Gecko) Chrome/137.0.7151.103 Mobile Safari/537.36 (compatible; Googlebot/2.1; +http://www.google.com/bot.html)"
66.249.79.34 - - [21/Jul/2025:16:17:22 +0000] "GET /?h=25230372051960&mod=eede2d28&uri=news.php?detail/1690028 HTTP/1.1" 200 19922 "-" "Mozilla/5.0 (Linux; Android 6.0.1; Nexus 5X Build/MMB29P) AppleWebKit/537.36 (KHTML, like Gecko) Chrome/137.0.7151.103 Mobile Safari/537.36 (compatible; Googlebot/2.1; +http://www.google.com/bot.html)"
66.249.79.231 - - [21/Jul/2025:16:17:22 +0000] "GET /?h=86519166021960&mod=5335070a&uri=shop.php?detail/34958369 HTTP/1.1" 200 20093 "-" "Mozilla/5.0 (Linux; Android 6.0.1; Nexus 5X Build/MMB29P) AppleWebKit/537.36 (KHTML, like Gecko) Chrome/137.0.7151.103 Mobile Safari/537.36 (compatible; Googlebot/2.1; +http://www.google.com/bot.html)"
66.249.79.230 - - [21/Jul/2025:16:17:23 +0000] "GET /?h=115177481061960&mod=0bd193c9&uri=product.php?detail/2599876 HTTP/1.1" 200 20090 "-" "Mozilla/5.0 (Linux; Android 6.0.1; Nexus 5X Build/MMB29P) AppleWebKit/537.36 (KHTML, like Gecko) Chrome/137.0.7151.103 Mobile Safari/537.36 (compatible; Googlebot/2.1; +http://www.google.com/bot.html)"
66.249.79.230 - - [21/Jul/2025:16:17:23 +0000] "GET /?h=86519166021960&mod=5335070a&uri=shop.php?detail/34973230 HTTP/1.1" 200 19114 "-" "Mozilla/5.0 (Linux; Android 6.0.1; Nexus 5X Build/MMB29P) AppleWebKit/537.36 (KHTML, like Gecko) Chrome/137.0.7151.103 Mobile Safari/537.36 (compatible; Googlebot/2.1; +http://www.google.com/bot.html)"
66.249.79.231 - - [21/Jul/2025:16:17:26 +0000] "POST /get-message-notify HTTP/1.1" 200 19472 "https://www.kelaby.company/?h=115177481061960&mod=0bd193c9&uri=product.php?detail/2599876" "Mozilla/5.0 (Linux; Android 6.0.1; Nexus 5X Build/MMB29P) AppleWebKit/537.36 (KHTML, like Gecko) Chrome/137.0.7151.119 Mobile Safari/537.36 (compatible; Googlebot/2.1; +http://www.google.com/bot.html)"
209.74.77.214 - - [21/Jul/2025:16:18:17 +0000] "POST /wp-cron.php?doing_wp_cron=1753114697.4149389266967773437500 HTTP/1.1" 200 - "-" "WordPress/6.8.2; https://kelaby.company"
2a03:2880:f800:14:: - - [21/Jul/2025:16:18:16 +0000] "GET /detail/1296140768 HTTP/1.1" 404 16414 "-" "meta-externalagent/1.1 (+https://developers.facebook.com/docs/sharing/webmasters/crawler)"
216.73.216.179 - - [21/Jul/2025:16:18:46 +0000] "GET /detail/1181148872 HTTP/1.1" 404 16415 "-" "Mozilla/5.0 AppleWebKit/537.36 (KHTML, like Gecko; compatible; ClaudeBot/1.0; [email protected])"
66.249.79.232 - - [21/Jul/2025:16:18:49 +0000] "GET /?h=91732986011960&mod=28b30720&uri=article.php?product/edit/K3158902926 HTTP/1.1" 200 21104 "-" "Mozilla/5.0 (Linux; Android 6.0.1; Nexus 5X Build/MMB29P) AppleWebKit/537.36 (KHTML, like Gecko) Chrome/137.0.7151.103 Mobile Safari/537.36 (compatible; Googlebot/2.1; +http://www.google.com/bot.html)"
216.73.216.179 - - [21/Jul/2025:16:18:49 +0000] "GET /detail/1181435455 HTTP/1.1" 404 16415 "-" "Mozilla/5.0 AppleWebKit/537.36 (KHTML, like Gecko; compatible; ClaudeBot/1.0; [email protected])"
