51.222.253.11 - - [21/Jul/2025:18:33:09 +0000] "GET /?h=6054155001960&uri=form.php%3Fid%3D202170-350%26name%3Dpuma%20rsx%20trophy%20men%27s HTTP/1.1" 200 26475 "-" "Mozilla/5.0 (compatible; AhrefsBot/7.0; +http://ahrefs.com/robot/)"
216.73.216.223 - - [21/Jul/2025:18:33:10 +0000] "GET /detail/506361714 HTTP/1.1" 404 16414 "-" "Mozilla/5.0 AppleWebKit/537.36 (KHTML, like Gecko; compatible; ClaudeBot/1.0; [email protected])"
216.73.216.223 - - [21/Jul/2025:18:33:13 +0000] "GET /detail/506505922 HTTP/1.1" 404 16415 "-" "Mozilla/5.0 AppleWebKit/537.36 (KHTML, like Gecko; compatible; ClaudeBot/1.0; [email protected])"
216.73.216.223 - - [21/Jul/2025:18:33:16 +0000] "GET /detail/506359947 HTTP/1.1" 404 16415 "-" "Mozilla/5.0 AppleWebKit/537.36 (KHTML, like Gecko; compatible; ClaudeBot/1.0; [email protected])"
66.249.79.37 - - [21/Jul/2025:18:33:19 +0000] "GET /?h=115096427041960&mod=be8e1862&uri=dp.php?product/edit/K2237512441 HTTP/1.1" 200 19561 "-" "Mozilla/5.0 (Linux; Android 6.0.1; Nexus 5X Build/MMB29P) AppleWebKit/537.36 (KHTML, like Gecko) Chrome/137.0.7151.103 Mobile Safari/537.36 (compatible; Googlebot/2.1; +http://www.google.com/bot.html)"
66.249.79.37 - - [21/Jul/2025:18:33:19 +0000] "GET /?h=115096427041960&mod=be8e1862&uri=dp.php?detail/5377570 HTTP/1.1" 200 20171 "-" "Mozilla/5.0 (Linux; Android 6.0.1; Nexus 5X Build/MMB29P) AppleWebKit/537.36 (KHTML, like Gecko) Chrome/137.0.7151.103 Mobile Safari/537.36 (compatible; Googlebot/2.1; +http://www.google.com/bot.html)"
216.73.216.223 - - [21/Jul/2025:18:33:19 +0000] "GET /detail/506803517 HTTP/1.1" 404 16414 "-" "Mozilla/5.0 AppleWebKit/537.36 (KHTML, like Gecko; compatible; ClaudeBot/1.0; [email protected])"
216.73.216.223 - - [21/Jul/2025:18:33:22 +0000] "GET /detail/506367143 HTTP/1.1" 404 16415 "-" "Mozilla/5.0 AppleWebKit/537.36 (KHTML, like Gecko; compatible; ClaudeBot/1.0; [email protected])"
216.73.216.223 - - [21/Jul/2025:18:33:25 +0000] "GET /detail/946112212 HTTP/1.1" 404 16415 "-" "Mozilla/5.0 AppleWebKit/537.36 (KHTML, like Gecko; compatible; ClaudeBot/1.0; [email protected])"
216.73.216.223 - - [21/Jul/2025:18:33:28 +0000] "GET /detail/506587091 HTTP/1.1" 404 16415 "-" "Mozilla/5.0 AppleWebKit/537.36 (KHTML, like Gecko; compatible; ClaudeBot/1.0; [email protected])"
216.73.216.223 - - [21/Jul/2025:18:33:31 +0000] "GET /detail/506581147 HTTP/1.1" 404 16415 "-" "Mozilla/5.0 AppleWebKit/537.36 (KHTML, like Gecko; compatible; ClaudeBot/1.0; [email protected])"
216.73.216.223 - - [21/Jul/2025:18:33:34 +0000] "GET /detail/506477743 HTTP/1.1" 404 16415 "-" "Mozilla/5.0 AppleWebKit/537.36 (KHTML, like Gecko; compatible; ClaudeBot/1.0; [email protected])"
66.249.79.37 - - [21/Jul/2025:18:33:35 +0000] "GET /?h=6074141011960&mod=c7ced588&uri=products.php?detail/160755009 HTTP/1.1" 200 19367 "-" "Mozilla/5.0 (Linux; Android 6.0.1; Nexus 5X Build/MMB29P) AppleWebKit/537.36 (KHTML, like Gecko) Chrome/137.0.7151.103 Mobile Safari/537.36 (compatible; Googlebot/2.1; +http://www.google.com/bot.html)"
216.73.216.223 - - [21/Jul/2025:18:33:37 +0000] "GET /detail/506749994 HTTP/1.1" 404 16415 "-" "Mozilla/5.0 AppleWebKit/537.36 (KHTML, like Gecko; compatible; ClaudeBot/1.0; [email protected])"
216.73.216.223 - - [21/Jul/2025:18:33:40 +0000] "GET /detail/945731959 HTTP/1.1" 404 16415 "-" "Mozilla/5.0 AppleWebKit/537.36 (KHTML, like Gecko; compatible; ClaudeBot/1.0; [email protected])"
216.73.216.223 - - [21/Jul/2025:18:33:43 +0000] "GET /detail/506508198 HTTP/1.1" 404 16415 "-" "Mozilla/5.0 AppleWebKit/537.36 (KHTML, like Gecko; compatible; ClaudeBot/1.0; [email protected])"
216.73.216.223 - - [21/Jul/2025:18:33:46 +0000] "GET /detail/506690641 HTTP/1.1" 404 16415 "-" "Mozilla/5.0 AppleWebKit/537.36 (KHTML, like Gecko; compatible; ClaudeBot/1.0; [email protected])"
216.73.216.223 - - [21/Jul/2025:18:33:49 +0000] "GET /detail/506473356 HTTP/1.1" 404 16414 "-" "Mozilla/5.0 AppleWebKit/537.36 (KHTML, like Gecko; compatible; ClaudeBot/1.0; [email protected])"
66.249.79.37 - - [21/Jul/2025:18:33:57 +0000] "POST /get-message-notify HTTP/1.1" 200 19447 "https://kelaby.company/?h=115096427041960&mod=be8e1862&uri=dp.php?detail/5377570" "Mozilla/5.0 (Linux; Android 6.0.1; Nexus 5X Build/MMB29P) AppleWebKit/537.36 (KHTML, like Gecko) Chrome/137.0.7151.119 Mobile Safari/537.36 (compatible; Googlebot/2.1; +http://www.google.com/bot.html)"
66.249.79.37 - - [21/Jul/2025:18:33:57 +0000] "GET /?h=6074141011960&mod=c7ced588&uri=products.php?detail/160743460 HTTP/1.1" 200 19051 "-" "Mozilla/5.0 (Linux; Android 6.0.1; Nexus 5X Build/MMB29P) AppleWebKit/537.36 (KHTML, like Gecko) Chrome/137.0.7151.103 Mobile Safari/537.36 (compatible; Googlebot/2.1; +http://www.google.com/bot.html)"
66.249.79.37 - - [21/Jul/2025:18:34:00 +0000] "POST /get-message-notify HTTP/1.1" 200 19447 "https://kelaby.company/?h=6074141011960&mod=c7ced588&uri=products.php?detail/160743460" "Mozilla/5.0 (Linux; Android 6.0.1; Nexus 5X Build/MMB29P) AppleWebKit/537.36 (KHTML, like Gecko) Chrome/137.0.7151.119 Mobile Safari/537.36 (compatible; Googlebot/2.1; +http://www.google.com/bot.html)"
216.73.216.223 - - [21/Jul/2025:18:34:09 +0000] "GET /detail/506737958 HTTP/1.1" 404 16415 "-" "Mozilla/5.0 AppleWebKit/537.36 (KHTML, like Gecko; compatible; ClaudeBot/1.0; [email protected])"
216.73.216.223 - - [21/Jul/2025:18:34:12 +0000] "GET /detail/506461642 HTTP/1.1" 404 16415 "-" "Mozilla/5.0 AppleWebKit/537.36 (KHTML, like Gecko; compatible; ClaudeBot/1.0; [email protected])"
216.73.216.223 - - [21/Jul/2025:18:34:15 +0000] "GET /detail/506704887 HTTP/1.1" 404 16415 "-" "Mozilla/5.0 AppleWebKit/537.36 (KHTML, like Gecko; compatible; ClaudeBot/1.0; [email protected])"
216.73.216.223 - - [21/Jul/2025:18:34:18 +0000] "GET /detail/506541870 HTTP/1.1" 404 16415 "-" "Mozilla/5.0 AppleWebKit/537.36 (KHTML, like Gecko; compatible; ClaudeBot/1.0; [email protected])"
66.249.79.37 - - [21/Jul/2025:18:34:19 +0000] "GET /?h=6074141011960&mod=c7ced588&uri=products.php?detail/160756115 HTTP/1.1" 200 19267 "-" "Mozilla/5.0 (Linux; Android 6.0.1; Nexus 5X Build/MMB29P) AppleWebKit/537.36 (KHTML, like Gecko) Chrome/137.0.7151.103 Mobile Safari/537.36 (compatible; Googlebot/2.1; +http://www.google.com/bot.html)"
216.73.216.223 - - [21/Jul/2025:18:34:21 +0000] "GET /detail/506393619 HTTP/1.1" 404 16415 "-" "Mozilla/5.0 AppleWebKit/537.36 (KHTML, like Gecko; compatible; ClaudeBot/1.0; [email protected])"
216.73.216.223 - - [21/Jul/2025:18:34:24 +0000] "GET /detail/506450081 HTTP/1.1" 404 16414 "-" "Mozilla/5.0 AppleWebKit/537.36 (KHTML, like Gecko; compatible; ClaudeBot/1.0; [email protected])"
66.249.79.37 - - [21/Jul/2025:18:34:26 +0000] "GET /?h=6570685041960&mod=0319d8c4&uri=category-info.php?detail/763440245 HTTP/1.1" 200 19326 "-" "Mozilla/5.0 (Linux; Android 6.0.1; Nexus 5X Build/MMB29P) AppleWebKit/537.36 (KHTML, like Gecko) Chrome/137.0.7151.103 Mobile Safari/537.36 (compatible; Googlebot/2.1; +http://www.google.com/bot.html)"
216.73.216.223 - - [21/Jul/2025:18:34:27 +0000] "GET /detail/506393537 HTTP/1.1" 404 16415 "-" "Mozilla/5.0 AppleWebKit/537.36 (KHTML, like Gecko; compatible; ClaudeBot/1.0; [email protected])"
216.73.216.223 - - [21/Jul/2025:18:34:30 +0000] "GET /detail/506332301 HTTP/1.1" 404 16414 "-" "Mozilla/5.0 AppleWebKit/537.36 (KHTML, like Gecko; compatible; ClaudeBot/1.0; [email protected])"
51.222.253.15 - - [21/Jul/2025:18:34:30 +0000] "GET /?h=6145895001960&mod=b31ff1b3&uri=blog.php%3Fid%3D205231-352%26name%3Dfalcon+acid+house HTTP/1.1" 301 - "-" "Mozilla/5.0 (compatible; AhrefsBot/7.0; +http://ahrefs.com/robot/)"
216.73.216.223 - - [21/Jul/2025:18:34:33 +0000] "GET /detail/506557041 HTTP/1.1" 404 16413 "-" "Mozilla/5.0 AppleWebKit/537.36 (KHTML, like Gecko; compatible; ClaudeBot/1.0; [email protected])"
216.73.216.223 - - [21/Jul/2025:18:34:36 +0000] "GET /detail/506747396 HTTP/1.1" 404 16415 "-" "Mozilla/5.0 AppleWebKit/537.36 (KHTML, like Gecko; compatible; ClaudeBot/1.0; [email protected])"
216.73.216.223 - - [21/Jul/2025:18:34:39 +0000] "GET /detail/506335432 HTTP/1.1" 404 16414 "-" "Mozilla/5.0 AppleWebKit/537.36 (KHTML, like Gecko; compatible; ClaudeBot/1.0; [email protected])"
66.249.79.37 - - [21/Jul/2025:18:34:42 +0000] "GET /?h=6074141011960&mod=c7ced588&uri=products.php?detail/160739077 HTTP/1.1" 200 18831 "-" "Mozilla/5.0 (Linux; Android 6.0.1; Nexus 5X Build/MMB29P) AppleWebKit/537.36 (KHTML, like Gecko) Chrome/137.0.7151.103 Mobile Safari/537.36 (compatible; Googlebot/2.1; +http://www.google.com/bot.html)"
216.73.216.223 - - [21/Jul/2025:18:34:42 +0000] "GET /detail/506748758 HTTP/1.1" 404 16414 "-" "Mozilla/5.0 AppleWebKit/537.36 (KHTML, like Gecko; compatible; ClaudeBot/1.0; [email protected])"
209.74.77.214 - - [21/Jul/2025:18:34:45 +0000] "POST /wp-cron.php?doing_wp_cron=1753122885.4006190299987792968750 HTTP/1.1" 200 - "-" "WordPress/6.8.2; https://kelaby.company"
216.73.216.223 - - [21/Jul/2025:18:34:45 +0000] "GET /detail/506410996 HTTP/1.1" 404 16415 "-" "Mozilla/5.0 AppleWebKit/537.36 (KHTML, like Gecko; compatible; ClaudeBot/1.0; [email protected])"
66.249.79.37 - - [21/Jul/2025:18:34:48 +0000] "POST /get-message-notify HTTP/1.1" 200 19447 "https://kelaby.company/?h=6570685041960&mod=0319d8c4&uri=category-info.php?detail/763440245" "Mozilla/5.0 (Linux; Android 6.0.1; Nexus 5X Build/MMB29P) AppleWebKit/537.36 (KHTML, like Gecko) Chrome/137.0.7151.119 Mobile Safari/537.36 (compatible; Googlebot/2.1; +http://www.google.com/bot.html)"
216.73.216.223 - - [21/Jul/2025:18:34:48 +0000] "GET /detail/506600297 HTTP/1.1" 404 16415 "-" "Mozilla/5.0 AppleWebKit/537.36 (KHTML, like Gecko; compatible; ClaudeBot/1.0; [email protected])"
43.153.7.191 - - [21/Jul/2025:18:34:49 +0000] "GET /author/kelaby-company/feed/ HTTP/1.1" 200 550 "-" "Mozilla/5.0 (iPhone; CPU iPhone OS 13_2_3 like Mac OS X) AppleWebKit/605.1.15 (KHTML, like Gecko) Version/13.0.3 Mobile/15E148 Safari/604.1"
216.73.216.223 - - [21/Jul/2025:18:34:51 +0000] "GET /detail/506489697 HTTP/1.1" 404 16415 "-" "Mozilla/5.0 AppleWebKit/537.36 (KHTML, like Gecko; compatible; ClaudeBot/1.0; [email protected])"
216.73.216.223 - - [21/Jul/2025:18:34:58 +0000] "GET /detail/506328124 HTTP/1.1" 404 16416 "-" "Mozilla/5.0 AppleWebKit/537.36 (KHTML, like Gecko; compatible; ClaudeBot/1.0; [email protected])"
216.73.216.223 - - [21/Jul/2025:18:35:01 +0000] "GET /detail/506398265 HTTP/1.1" 404 16415 "-" "Mozilla/5.0 AppleWebKit/537.36 (KHTML, like Gecko; compatible; ClaudeBot/1.0; [email protected])"
216.73.216.223 - - [21/Jul/2025:18:35:04 +0000] "GET /detail/506644933 HTTP/1.1" 404 16415 "-" "Mozilla/5.0 AppleWebKit/537.36 (KHTML, like Gecko; compatible; ClaudeBot/1.0; [email protected])"
66.249.79.33 - - [21/Jul/2025:18:35:04 +0000] "GET /?h=6074141011960&mod=c7ced588&uri=products.php?detail/160766723 HTTP/1.1" 200 19939 "-" "Mozilla/5.0 (Linux; Android 6.0.1; Nexus 5X Build/MMB29P) AppleWebKit/537.36 (KHTML, like Gecko) Chrome/137.0.7151.103 Mobile Safari/537.36 (compatible; Googlebot/2.1; +http://www.google.com/bot.html)"
216.73.216.223 - - [21/Jul/2025:18:35:07 +0000] "GET /detail/506362756 HTTP/1.1" 404 16416 "-" "Mozilla/5.0 AppleWebKit/537.36 (KHTML, like Gecko; compatible; ClaudeBot/1.0; [email protected])"
216.73.216.223 - - [21/Jul/2025:18:35:10 +0000] "GET /detail/945798556 HTTP/1.1" 404 16415 "-" "Mozilla/5.0 AppleWebKit/537.36 (KHTML, like Gecko; compatible; ClaudeBot/1.0; [email protected])"
216.73.216.223 - - [21/Jul/2025:18:35:13 +0000] "GET /detail/945912696 HTTP/1.1" 404 16415 "-" "Mozilla/5.0 AppleWebKit/537.36 (KHTML, like Gecko; compatible; ClaudeBot/1.0; [email protected])"
216.73.216.223 - - [21/Jul/2025:18:35:16 +0000] "GET /detail/506751356 HTTP/1.1" 404 16416 "-" "Mozilla/5.0 AppleWebKit/537.36 (KHTML, like Gecko; compatible; ClaudeBot/1.0; [email protected])"
216.73.216.223 - - [21/Jul/2025:18:35:19 +0000] "GET /detail/506646782 HTTP/1.1" 404 16415 "-" "Mozilla/5.0 AppleWebKit/537.36 (KHTML, like Gecko; compatible; ClaudeBot/1.0; [email protected])"
216.73.216.223 - - [21/Jul/2025:18:35:22 +0000] "GET /detail/506622548 HTTP/1.1" 404 16415 "-" "Mozilla/5.0 AppleWebKit/537.36 (KHTML, like Gecko; compatible; ClaudeBot/1.0; [email protected])"
216.73.216.223 - - [21/Jul/2025:18:35:25 +0000] "GET /detail/506414149 HTTP/1.1" 404 16415 "-" "Mozilla/5.0 AppleWebKit/537.36 (KHTML, like Gecko; compatible; ClaudeBot/1.0; [email protected])"
66.249.79.32 - - [21/Jul/2025:18:35:26 +0000] "GET /?h=6074141011960&mod=c7ced588&uri=products.php?detail/160785546 HTTP/1.1" 200 19299 "-" "Mozilla/5.0 (Linux; Android 6.0.1; Nexus 5X Build/MMB29P) AppleWebKit/537.36 (KHTML, like Gecko) Chrome/137.0.7151.103 Mobile Safari/537.36 (compatible; Googlebot/2.1; +http://www.google.com/bot.html)"
216.73.216.223 - - [21/Jul/2025:18:35:28 +0000] "GET /detail/506388955 HTTP/1.1" 404 16416 "-" "Mozilla/5.0 AppleWebKit/537.36 (KHTML, like Gecko; compatible; ClaudeBot/1.0; [email protected])"
216.73.216.223 - - [21/Jul/2025:18:35:31 +0000] "GET /detail/506787843 HTTP/1.1" 404 16415 "-" "Mozilla/5.0 AppleWebKit/537.36 (KHTML, like Gecko; compatible; ClaudeBot/1.0; [email protected])"
216.73.216.223 - - [21/Jul/2025:18:35:34 +0000] "GET /detail/506419556 HTTP/1.1" 404 16415 "-" "Mozilla/5.0 AppleWebKit/537.36 (KHTML, like Gecko; compatible; ClaudeBot/1.0; [email protected])"
216.73.216.223 - - [21/Jul/2025:18:35:37 +0000] "GET /detail/506825137 HTTP/1.1" 404 16415 "-" "Mozilla/5.0 AppleWebKit/537.36 (KHTML, like Gecko; compatible; ClaudeBot/1.0; [email protected])"
51.222.253.3 - - [21/Jul/2025:18:35:39 +0000] "GET /?h=62037740051960&uri=form.php%3Fid%3D2070261-1371%26name%3Dveste%20capuche%20napapijri HTTP/1.1" 200 26480 "-" "Mozilla/5.0 (compatible; AhrefsBot/7.0; +http://ahrefs.com/robot/)"
216.73.216.223 - - [21/Jul/2025:18:35:40 +0000] "GET /detail/506320313 HTTP/1.1" 404 16415 "-" "Mozilla/5.0 AppleWebKit/537.36 (KHTML, like Gecko; compatible; ClaudeBot/1.0; [email protected])"
209.74.77.214 - - [21/Jul/2025:18:35:44 +0000] "POST /wp-cron.php?doing_wp_cron=1753122944.7541029453277587890625 HTTP/1.1" 200 - "-" "WordPress/6.8.2; https://kelaby.company"
216.73.216.223 - - [21/Jul/2025:18:35:44 +0000] "GET /detail/506713447 HTTP/1.1" 404 16415 "-" "Mozilla/5.0 AppleWebKit/537.36 (KHTML, like Gecko; compatible; ClaudeBot/1.0; [email protected])"
216.73.216.223 - - [21/Jul/2025:18:35:47 +0000] "GET /detail/945735371 HTTP/1.1" 404 16416 "-" "Mozilla/5.0 AppleWebKit/537.36 (KHTML, like Gecko; compatible; ClaudeBot/1.0; [email protected])"
216.73.216.223 - - [21/Jul/2025:18:35:50 +0000] "GET /detail/506551776 HTTP/1.1" 404 16415 "-" "Mozilla/5.0 AppleWebKit/537.36 (KHTML, like Gecko; compatible; ClaudeBot/1.0; [email protected])"
216.73.216.223 - - [21/Jul/2025:18:35:53 +0000] "GET /detail/506421265 HTTP/1.1" 404 16415 "-" "Mozilla/5.0 AppleWebKit/537.36 (KHTML, like Gecko; compatible; ClaudeBot/1.0; [email protected])"
66.249.79.37 - - [21/Jul/2025:18:35:55 +0000] "GET /?h=6074141011960&mod=c7ced588&uri=products.php?detail/160762141 HTTP/1.1" 200 19241 "-" "Mozilla/5.0 (Linux; Android 6.0.1; Nexus 5X Build/MMB29P) AppleWebKit/537.36 (KHTML, like Gecko) Chrome/137.0.7151.103 Mobile Safari/537.36 (compatible; Googlebot/2.1; +http://www.google.com/bot.html)"
66.249.79.37 - - [21/Jul/2025:18:35:55 +0000] "GET /?h=6570685041960&mod=0319d8c4&uri=category-info.php?detail/763485140 HTTP/1.1" 200 19656 "-" "Mozilla/5.0 (Linux; Android 6.0.1; Nexus 5X Build/MMB29P) AppleWebKit/537.36 (KHTML, like Gecko) Chrome/137.0.7151.103 Mobile Safari/537.36 (compatible; Googlebot/2.1; +http://www.google.com/bot.html)"
216.73.216.223 - - [21/Jul/2025:18:35:56 +0000] "GET /detail/506383953 HTTP/1.1" 404 16416 "-" "Mozilla/5.0 AppleWebKit/537.36 (KHTML, like Gecko; compatible; ClaudeBot/1.0; [email protected])"
2a03:2880:f800:5:: - - [21/Jul/2025:18:35:58 +0000] "GET /detail/1295798705 HTTP/1.1" 404 16416 "-" "meta-externalagent/1.1 (+https://developers.facebook.com/docs/sharing/webmasters/crawler)"
216.73.216.223 - - [21/Jul/2025:18:35:59 +0000] "GET /detail/506612349 HTTP/1.1" 404 16415 "-" "Mozilla/5.0 AppleWebKit/537.36 (KHTML, like Gecko; compatible; ClaudeBot/1.0; [email protected])"
216.73.216.223 - - [21/Jul/2025:18:36:02 +0000] "GET /detail/506441795 HTTP/1.1" 404 16415 "-" "Mozilla/5.0 AppleWebKit/537.36 (KHTML, like Gecko; compatible; ClaudeBot/1.0; [email protected])"
216.73.216.223 - - [21/Jul/2025:18:36:05 +0000] "GET /detail/945730597 HTTP/1.1" 404 16416 "-" "Mozilla/5.0 AppleWebKit/537.36 (KHTML, like Gecko; compatible; ClaudeBot/1.0; [email protected])"
216.73.216.223 - - [21/Jul/2025:18:36:08 +0000] "GET /detail/946107292 HTTP/1.1" 404 16415 "-" "Mozilla/5.0 AppleWebKit/537.36 (KHTML, like Gecko; compatible; ClaudeBot/1.0; [email protected])"
66.249.79.37 - - [21/Jul/2025:18:36:10 +0000] "GET /?h=6074141011960&mod=c7ced588&uri=products.php?detail/160751113 HTTP/1.1" 200 20184 "-" "Mozilla/5.0 (Linux; Android 6.0.1; Nexus 5X Build/MMB29P) AppleWebKit/537.36 (KHTML, like Gecko) Chrome/137.0.7151.103 Mobile Safari/537.36 (compatible; Googlebot/2.1; +http://www.google.com/bot.html)"
216.73.216.223 - - [21/Jul/2025:18:36:11 +0000] "GET /detail/506607084 HTTP/1.1" 404 16414 "-" "Mozilla/5.0 AppleWebKit/537.36 (KHTML, like Gecko; compatible; ClaudeBot/1.0; [email protected])"
66.249.79.33 - - [21/Jul/2025:18:36:13 +0000] "POST /get-message-notify HTTP/1.1" 200 19447 "https://kelaby.company/?h=6074141011960&mod=c7ced588&uri=products.php?detail/160751113" "Mozilla/5.0 (Linux; Android 6.0.1; Nexus 5X Build/MMB29P) AppleWebKit/537.36 (KHTML, like Gecko) Chrome/137.0.7151.119 Mobile Safari/537.36 (compatible; Googlebot/2.1; +http://www.google.com/bot.html)"
216.73.216.223 - - [21/Jul/2025:18:36:14 +0000] "GET /detail/506357068 HTTP/1.1" 404 16415 "-" "Mozilla/5.0 AppleWebKit/537.36 (KHTML, like Gecko; compatible; ClaudeBot/1.0; [email protected])"
216.73.216.223 - - [21/Jul/2025:18:36:17 +0000] "GET /detail/506452058 HTTP/1.1" 404 16415 "-" "Mozilla/5.0 AppleWebKit/537.36 (KHTML, like Gecko; compatible; ClaudeBot/1.0; [email protected])"
216.73.216.223 - - [21/Jul/2025:18:36:20 +0000] "GET /detail/946118238 HTTP/1.1" 404 16415 "-" "Mozilla/5.0 AppleWebKit/537.36 (KHTML, like Gecko; compatible; ClaudeBot/1.0; [email protected])"
216.73.216.223 - - [21/Jul/2025:18:36:23 +0000] "GET /detail/506481155 HTTP/1.1" 404 16415 "-" "Mozilla/5.0 AppleWebKit/537.36 (KHTML, like Gecko; compatible; ClaudeBot/1.0; [email protected])"
216.73.216.223 - - [21/Jul/2025:18:36:27 +0000] "GET /detail/506804050 HTTP/1.1" 404 16415 "-" "Mozilla/5.0 AppleWebKit/537.36 (KHTML, like Gecko; compatible; ClaudeBot/1.0; [email protected])"
216.73.216.223 - - [21/Jul/2025:18:36:30 +0000] "GET /detail/506603188 HTTP/1.1" 404 16415 "-" "Mozilla/5.0 AppleWebKit/537.36 (KHTML, like Gecko; compatible; ClaudeBot/1.0; [email protected])"
66.249.79.37 - - [21/Jul/2025:18:36:33 +0000] "GET /?h=115096427041960&mod=be8e1862&uri=dp.php?detail/293027913 HTTP/1.1" 200 19301 "-" "Mozilla/5.0 (Linux; Android 6.0.1; Nexus 5X Build/MMB29P) AppleWebKit/537.36 (KHTML, like Gecko) Chrome/137.0.7151.103 Mobile Safari/537.36 (compatible; Googlebot/2.1; +http://www.google.com/bot.html)"
216.73.216.223 - - [21/Jul/2025:18:36:33 +0000] "GET /detail/506376154 HTTP/1.1" 404 16415 "-" "Mozilla/5.0 AppleWebKit/537.36 (KHTML, like Gecko; compatible; ClaudeBot/1.0; [email protected])"
216.73.216.223 - - [21/Jul/2025:18:36:36 +0000] "GET /detail/506341458 HTTP/1.1" 404 16415 "-" "Mozilla/5.0 AppleWebKit/537.36 (KHTML, like Gecko; compatible; ClaudeBot/1.0; [email protected])"
216.73.216.223 - - [21/Jul/2025:18:36:39 +0000] "GET /detail/506582850 HTTP/1.1" 404 16416 "-" "Mozilla/5.0 AppleWebKit/537.36 (KHTML, like Gecko; compatible; ClaudeBot/1.0; [email protected])"
216.73.216.223 - - [21/Jul/2025:18:36:42 +0000] "GET /detail/506466288 HTTP/1.1" 404 16415 "-" "Mozilla/5.0 AppleWebKit/537.36 (KHTML, like Gecko; compatible; ClaudeBot/1.0; [email protected])"
216.73.216.223 - - [21/Jul/2025:18:36:45 +0000] "GET /detail/506778177 HTTP/1.1" 404 16415 "-" "Mozilla/5.0 AppleWebKit/537.36 (KHTML, like Gecko; compatible; ClaudeBot/1.0; [email protected])"
51.222.253.1 - - [21/Jul/2025:18:36:46 +0000] "GET /?h=62420161001960&uri=blog.php%3Fid%3D2083034-892%26name%3Dcarat%20stone%20ring HTTP/1.1" 200 26476 "-" "Mozilla/5.0 (compatible; AhrefsBot/7.0; +http://ahrefs.com/robot/)"
216.73.216.223 - - [21/Jul/2025:18:36:48 +0000] "GET /detail/506347146 HTTP/1.1" 404 16415 "-" "Mozilla/5.0 AppleWebKit/537.36 (KHTML, like Gecko; compatible; ClaudeBot/1.0; [email protected])"
216.73.216.223 - - [21/Jul/2025:18:36:51 +0000] "GET /detail/506344271 HTTP/1.1" 404 16415 "-" "Mozilla/5.0 AppleWebKit/537.36 (KHTML, like Gecko; compatible; ClaudeBot/1.0; [email protected])"
216.73.216.223 - - [21/Jul/2025:18:36:54 +0000] "GET /detail/506806648 HTTP/1.1" 404 16416 "-" "Mozilla/5.0 AppleWebKit/537.36 (KHTML, like Gecko; compatible; ClaudeBot/1.0; [email protected])"
66.249.79.37 - - [21/Jul/2025:18:36:55 +0000] "GET /?h=115096427041960&mod=be8e1862&uri=dp.php?detail/293020114 HTTP/1.1" 200 21748 "-" "Mozilla/5.0 (Linux; Android 6.0.1; Nexus 5X Build/MMB29P) AppleWebKit/537.36 (KHTML, like Gecko) Chrome/137.0.7151.103 Mobile Safari/537.36 (compatible; Googlebot/2.1; +http://www.google.com/bot.html)"
216.73.216.223 - - [21/Jul/2025:18:36:57 +0000] "GET /detail/506818362 HTTP/1.1" 404 16415 "-" "Mozilla/5.0 AppleWebKit/537.36 (KHTML, like Gecko; compatible; ClaudeBot/1.0; [email protected])"
216.73.216.223 - - [21/Jul/2025:18:37:00 +0000] "GET /detail/506389360 HTTP/1.1" 404 16415 "-" "Mozilla/5.0 AppleWebKit/537.36 (KHTML, like Gecko; compatible; ClaudeBot/1.0; [email protected])"
216.73.216.223 - - [21/Jul/2025:18:37:03 +0000] "GET /detail/506367740 HTTP/1.1" 404 16415 "-" "Mozilla/5.0 AppleWebKit/537.36 (KHTML, like Gecko; compatible; ClaudeBot/1.0; [email protected])"
216.73.216.223 - - [21/Jul/2025:18:37:06 +0000] "GET /detail/506553501 HTTP/1.1" 404 16415 "-" "Mozilla/5.0 AppleWebKit/537.36 (KHTML, like Gecko; compatible; ClaudeBot/1.0; [email protected])"
216.73.216.223 - - [21/Jul/2025:18:37:09 +0000] "GET /detail/506499960 HTTP/1.1" 404 16415 "-" "Mozilla/5.0 AppleWebKit/537.36 (KHTML, like Gecko; compatible; ClaudeBot/1.0; [email protected])"
2a03:2880:f800:8:: - - [21/Jul/2025:18:37:13 +0000] "GET /detail/1295681330 HTTP/1.1" 404 16415 "-" "meta-externalagent/1.1 (+https://developers.facebook.com/docs/sharing/webmasters/crawler)"
216.73.216.223 - - [21/Jul/2025:18:37:18 +0000] "GET /detail/506463772 HTTP/1.1" 404 16415 "-" "Mozilla/5.0 AppleWebKit/537.36 (KHTML, like Gecko; compatible; ClaudeBot/1.0; [email protected])"
216.73.216.223 - - [21/Jul/2025:18:37:21 +0000] "GET /detail/506556632 HTTP/1.1" 404 16415 "-" "Mozilla/5.0 AppleWebKit/537.36 (KHTML, like Gecko; compatible; ClaudeBot/1.0; [email protected])"
216.73.216.223 - - [21/Jul/2025:18:37:24 +0000] "GET /detail/506758817 HTTP/1.1" 404 16415 "-" "Mozilla/5.0 AppleWebKit/537.36 (KHTML, like Gecko; compatible; ClaudeBot/1.0; [email protected])"
216.73.216.223 - - [21/Jul/2025:18:37:27 +0000] "GET /detail/506345361 HTTP/1.1" 404 16415 "-" "Mozilla/5.0 AppleWebKit/537.36 (KHTML, like Gecko; compatible; ClaudeBot/1.0; [email protected])"
66.249.79.37 - - [21/Jul/2025:18:37:29 +0000] "GET /?h=6074141011960&mod=c7ced588&uri=products.php?detail/160761035 HTTP/1.1" 200 20563 "-" "Mozilla/5.0 (Linux; Android 6.0.1; Nexus 5X Build/MMB29P) AppleWebKit/537.36 (KHTML, like Gecko) Chrome/137.0.7151.103 Mobile Safari/537.36 (compatible; Googlebot/2.1; +http://www.google.com/bot.html)"
216.73.216.223 - - [21/Jul/2025:18:37:30 +0000] "GET /detail/506781881 HTTP/1.1" 404 16415 "-" "Mozilla/5.0 AppleWebKit/537.36 (KHTML, like Gecko; compatible; ClaudeBot/1.0; [email protected])"
216.73.216.223 - - [21/Jul/2025:18:37:33 +0000] "GET /detail/506763328 HTTP/1.1" 404 16415 "-" "Mozilla/5.0 AppleWebKit/537.36 (KHTML, like Gecko; compatible; ClaudeBot/1.0; [email protected])"
216.73.216.223 - - [21/Jul/2025:18:37:36 +0000] "GET /detail/506551031 HTTP/1.1" 404 16415 "-" "Mozilla/5.0 AppleWebKit/537.36 (KHTML, like Gecko; compatible; ClaudeBot/1.0; [email protected])"
216.73.216.223 - - [21/Jul/2025:18:37:39 +0000] "GET /detail/506496829 HTTP/1.1" 404 16415 "-" "Mozilla/5.0 AppleWebKit/537.36 (KHTML, like Gecko; compatible; ClaudeBot/1.0; [email protected])"
216.73.216.223 - - [21/Jul/2025:18:37:42 +0000] "GET /detail/506453509 HTTP/1.1" 404 16415 "-" "Mozilla/5.0 AppleWebKit/537.36 (KHTML, like Gecko; compatible; ClaudeBot/1.0; [email protected])"
209.74.77.214 - - [21/Jul/2025:18:37:45 +0000] "POST /wp-cron.php?doing_wp_cron=1753123065.2416169643402099609375 HTTP/1.1" 200 - "-" "WordPress/6.8.2; https://kelaby.company"
216.73.216.223 - - [21/Jul/2025:18:37:45 +0000] "GET /detail/506843133 HTTP/1.1" 404 16416 "-" "Mozilla/5.0 AppleWebKit/537.36 (KHTML, like Gecko; compatible; ClaudeBot/1.0; [email protected])"
66.249.79.37 - - [21/Jul/2025:18:37:46 +0000] "GET /?h=6570685041960&mod=0319d8c4&uri=category-info.php?detail/763460373 HTTP/1.1" 200 19776 "-" "Mozilla/5.0 (Linux; Android 6.0.1; Nexus 5X Build/MMB29P) AppleWebKit/537.36 (KHTML, like Gecko) Chrome/137.0.7151.103 Mobile Safari/537.36 (compatible; Googlebot/2.1; +http://www.google.com/bot.html)"
66.249.79.37 - - [21/Jul/2025:18:37:46 +0000] "GET /?h=115096427041960&mod=be8e1862&uri=dp.php?detail/293019353 HTTP/1.1" 200 20255 "-" "Mozilla/5.0 (Linux; Android 6.0.1; Nexus 5X Build/MMB29P) AppleWebKit/537.36 (KHTML, like Gecko) Chrome/137.0.7151.103 Mobile Safari/537.36 (compatible; Googlebot/2.1; +http://www.google.com/bot.html)"
66.249.79.37 - - [21/Jul/2025:18:37:47 +0000] "GET /?h=6074141011960&mod=c7ced588&uri=products.php?detail/160757900 HTTP/1.1" 200 19756 "-" "Mozilla/5.0 (Linux; Android 6.0.1; Nexus 5X Build/MMB29P) AppleWebKit/537.36 (KHTML, like Gecko) Chrome/137.0.7151.103 Mobile Safari/537.36 (compatible; Googlebot/2.1; +http://www.google.com/bot.html)"
216.73.216.223 - - [21/Jul/2025:18:37:48 +0000] "GET /detail/506815487 HTTP/1.1" 404 16415 "-" "Mozilla/5.0 AppleWebKit/537.36 (KHTML, like Gecko; compatible; ClaudeBot/1.0; [email protected])"
216.73.216.223 - - [21/Jul/2025:18:37:51 +0000] "GET /detail/506777640 HTTP/1.1" 404 16415 "-" "Mozilla/5.0 AppleWebKit/537.36 (KHTML, like Gecko; compatible; ClaudeBot/1.0; [email protected])"
216.73.216.223 - - [21/Jul/2025:18:37:54 +0000] "GET /detail/506463431 HTTP/1.1" 404 16415 "-" "Mozilla/5.0 AppleWebKit/537.36 (KHTML, like Gecko; compatible; ClaudeBot/1.0; [email protected])"
216.73.216.223 - - [21/Jul/2025:18:37:57 +0000] "GET /detail/506323396 HTTP/1.1" 404 16415 "-" "Mozilla/5.0 AppleWebKit/537.36 (KHTML, like Gecko; compatible; ClaudeBot/1.0; [email protected])"
216.73.216.223 - - [21/Jul/2025:18:38:00 +0000] "GET /detail/506411615 HTTP/1.1" 404 16415 "-" "Mozilla/5.0 AppleWebKit/537.36 (KHTML, like Gecko; compatible; ClaudeBot/1.0; [email protected])"
51.222.253.7 - - [21/Jul/2025:18:38:00 +0000] "GET /?h=63140167071960&mod=d7f9be9b&uri=product.php%3Fid%3D2107052-1377%26name%3Dpuma+edinburgh+marathon+1999+results HTTP/1.1" 301 - "-" "Mozilla/5.0 (compatible; AhrefsBot/7.0; +http://ahrefs.com/robot/)"
66.249.79.33 - - [21/Jul/2025:18:38:02 +0000] "GET /?h=6074141011960&mod=c7ced588&uri=products.php?detail/160763926 HTTP/1.1" 200 19051 "-" "Mozilla/5.0 (Linux; Android 6.0.1; Nexus 5X Build/MMB29P) AppleWebKit/537.36 (KHTML, like Gecko) Chrome/137.0.7151.103 Mobile Safari/537.36 (compatible; Googlebot/2.1; +http://www.google.com/bot.html)"
2a0b:7280:100:0:4c8:2ff:fe00:2044 - - [21/Jul/2025:18:38:04 +0000] "GET /wp-login.php HTTP/1.1" 200 2014 "-" "Mozilla/5.0 (X11; Ubuntu; Linux x86_64; rv:85.0) Gecko/20100101 Firefox/91.0"
2a0b:7280:100:0:4c8:2ff:fe00:2044 - - [21/Jul/2025:18:38:05 +0000] "POST /wp-login.php HTTP/1.1" 200 2106 "-" "Mozilla/5.0 (X11; Ubuntu; Linux x86_64; rv:85.0) Gecko/20100101 Firefox/91.0"
216.73.216.223 - - [21/Jul/2025:18:38:05 +0000] "GET /detail/506818636 HTTP/1.1" 404 16415 "-" "Mozilla/5.0 AppleWebKit/537.36 (KHTML, like Gecko; compatible; ClaudeBot/1.0; [email protected])"
216.73.216.223 - - [21/Jul/2025:18:38:08 +0000] "GET /detail/506585729 HTTP/1.1" 404 16415 "-" "Mozilla/5.0 AppleWebKit/537.36 (KHTML, like Gecko; compatible; ClaudeBot/1.0; [email protected])"
216.73.216.223 - - [21/Jul/2025:18:38:11 +0000] "GET /detail/945890479 HTTP/1.1" 404 16415 "-" "Mozilla/5.0 AppleWebKit/537.36 (KHTML, like Gecko; compatible; ClaudeBot/1.0; [email protected])"
216.73.216.223 - - [21/Jul/2025:18:38:14 +0000] "GET /detail/506775042 HTTP/1.1" 404 16415 "-" "Mozilla/5.0 AppleWebKit/537.36 (KHTML, like Gecko; compatible; ClaudeBot/1.0; [email protected])"
216.73.216.223 - - [21/Jul/2025:18:38:17 +0000] "GET /detail/506829735 HTTP/1.1" 404 16415 "-" "Mozilla/5.0 AppleWebKit/537.36 (KHTML, like Gecko; compatible; ClaudeBot/1.0; [email protected])"
216.73.216.223 - - [21/Jul/2025:18:38:20 +0000] "GET /detail/506820151 HTTP/1.1" 404 16415 "-" "Mozilla/5.0 AppleWebKit/537.36 (KHTML, like Gecko; compatible; ClaudeBot/1.0; [email protected])"
216.73.216.223 - - [21/Jul/2025:18:38:23 +0000] "GET /detail/506554671 HTTP/1.1" 404 16414 "-" "Mozilla/5.0 AppleWebKit/537.36 (KHTML, like Gecko; compatible; ClaudeBot/1.0; [email protected])"
66.249.79.37 - - [21/Jul/2025:18:38:24 +0000] "GET /?h=6074141011960&mod=c7ced588&uri=products.php?detail/160762546 HTTP/1.1" 200 20541 "-" "Mozilla/5.0 (Linux; Android 6.0.1; Nexus 5X Build/MMB29P) AppleWebKit/537.36 (KHTML, like Gecko) Chrome/137.0.7151.103 Mobile Safari/537.36 (compatible; Googlebot/2.1; +http://www.google.com/bot.html)"
216.73.216.223 - - [21/Jul/2025:18:38:26 +0000] "GET /detail/506626597 HTTP/1.1" 404 16415 "-" "Mozilla/5.0 AppleWebKit/537.36 (KHTML, like Gecko; compatible; ClaudeBot/1.0; [email protected])"
216.73.216.223 - - [21/Jul/2025:18:38:29 +0000] "GET /detail/506641037 HTTP/1.1" 404 16415 "-" "Mozilla/5.0 AppleWebKit/537.36 (KHTML, like Gecko; compatible; ClaudeBot/1.0; [email protected])"
216.73.216.223 - - [21/Jul/2025:18:38:32 +0000] "GET /detail/506394789 HTTP/1.1" 404 16415 "-" "Mozilla/5.0 AppleWebKit/537.36 (KHTML, like Gecko; compatible; ClaudeBot/1.0; [email protected])"
216.73.216.223 - - [21/Jul/2025:18:38:35 +0000] "GET /detail/506767569 HTTP/1.1" 404 16415 "-" "Mozilla/5.0 AppleWebKit/537.36 (KHTML, like Gecko; compatible; ClaudeBot/1.0; [email protected])"
216.73.216.223 - - [21/Jul/2025:18:38:38 +0000] "GET /detail/506336538 HTTP/1.1" 404 16416 "-" "Mozilla/5.0 AppleWebKit/537.36 (KHTML, like Gecko; compatible; ClaudeBot/1.0; [email protected])"
216.73.216.223 - - [21/Jul/2025:18:38:41 +0000] "GET /detail/506707762 HTTP/1.1" 404 16414 "-" "Mozilla/5.0 AppleWebKit/537.36 (KHTML, like Gecko; compatible; ClaudeBot/1.0; [email protected])"
216.73.216.223 - - [21/Jul/2025:18:38:44 +0000] "GET /detail/506371917 HTTP/1.1" 404 16415 "-" "Mozilla/5.0 AppleWebKit/537.36 (KHTML, like Gecko; compatible; ClaudeBot/1.0; [email protected])"
66.249.79.37 - - [21/Jul/2025:18:38:46 +0000] "GET /?h=6074141011960&mod=c7ced588&uri=products.php?detail/160740926 HTTP/1.1" 200 19280 "-" "Mozilla/5.0 (Linux; Android 6.0.1; Nexus 5X Build/MMB29P) AppleWebKit/537.36 (KHTML, like Gecko) Chrome/137.0.7151.103 Mobile Safari/537.36 (compatible; Googlebot/2.1; +http://www.google.com/bot.html)"
216.73.216.223 - - [21/Jul/2025:18:38:47 +0000] "GET /detail/506340843 HTTP/1.1" 404 16415 "-" "Mozilla/5.0 AppleWebKit/537.36 (KHTML, like Gecko; compatible; ClaudeBot/1.0; [email protected])"
216.73.216.223 - - [21/Jul/2025:18:38:53 +0000] "GET /detail/259269743 HTTP/1.1" 404 16415 "-" "Mozilla/5.0 AppleWebKit/537.36 (KHTML, like Gecko; compatible; ClaudeBot/1.0; [email protected])"
216.73.216.223 - - [21/Jul/2025:18:38:56 +0000] "GET /detail/259442685 HTTP/1.1" 404 16416 "-" "Mozilla/5.0 AppleWebKit/537.36 (KHTML, like Gecko; compatible; ClaudeBot/1.0; [email protected])"
216.73.216.223 - - [21/Jul/2025:18:38:59 +0000] "GET /detail/259142786 HTTP/1.1" 404 16415 "-" "Mozilla/5.0 AppleWebKit/537.36 (KHTML, like Gecko; compatible; ClaudeBot/1.0; [email protected])"
216.73.216.223 - - [21/Jul/2025:18:39:02 +0000] "GET /detail/1007696570 HTTP/1.1" 404 16415 "-" "Mozilla/5.0 AppleWebKit/537.36 (KHTML, like Gecko; compatible; ClaudeBot/1.0; [email protected])"
216.73.216.223 - - [21/Jul/2025:18:39:05 +0000] "GET /detail/1007434518 HTTP/1.1" 404 16416 "-" "Mozilla/5.0 AppleWebKit/537.36 (KHTML, like Gecko; compatible; ClaudeBot/1.0; [email protected])"
216.73.216.223 - - [21/Jul/2025:18:39:08 +0000] "GET /detail/1007693695 HTTP/1.1" 404 16415 "-" "Mozilla/5.0 AppleWebKit/537.36 (KHTML, like Gecko; compatible; ClaudeBot/1.0; [email protected])"
51.222.253.17 - - [21/Jul/2025:18:39:08 +0000] "GET /?h=63556813031960&uri=us.php%3Fid%3D2120951-1147%26name%3Dnike%20air%20max%201g%20golf%20review HTTP/1.1" 200 26476 "-" "Mozilla/5.0 (compatible; AhrefsBot/7.0; +http://ahrefs.com/robot/)"
216.73.216.223 - - [21/Jul/2025:18:39:11 +0000] "GET /detail/1007612105 HTTP/1.1" 404 16415 "-" "Mozilla/5.0 AppleWebKit/537.36 (KHTML, like Gecko; compatible; ClaudeBot/1.0; [email protected])"
216.73.216.223 - - [21/Jul/2025:18:39:14 +0000] "GET /detail/1007456476 HTTP/1.1" 404 16415 "-" "Mozilla/5.0 AppleWebKit/537.36 (KHTML, like Gecko; compatible; ClaudeBot/1.0; [email protected])"
216.73.216.223 - - [21/Jul/2025:18:39:17 +0000] "GET /detail/1007432879 HTTP/1.1" 404 16415 "-" "Mozilla/5.0 AppleWebKit/537.36 (KHTML, like Gecko; compatible; ClaudeBot/1.0; [email protected])"
216.73.216.223 - - [21/Jul/2025:18:39:20 +0000] "GET /detail/1007467897 HTTP/1.1" 404 16416 "-" "Mozilla/5.0 AppleWebKit/537.36 (KHTML, like Gecko; compatible; ClaudeBot/1.0; [email protected])"
66.249.79.37 - - [21/Jul/2025:18:39:21 +0000] "GET /?h=6074141011960&mod=c7ced588&uri=products.php?detail/160781291 HTTP/1.1" 200 19034 "-" "Mozilla/5.0 (Linux; Android 6.0.1; Nexus 5X Build/MMB29P) AppleWebKit/537.36 (KHTML, like Gecko) Chrome/137.0.7151.103 Mobile Safari/537.36 (compatible; Googlebot/2.1; +http://www.google.com/bot.html)"
216.73.216.223 - - [21/Jul/2025:18:39:23 +0000] "GET /detail/1007381808 HTTP/1.1" 404 16415 "-" "Mozilla/5.0 AppleWebKit/537.36 (KHTML, like Gecko; compatible; ClaudeBot/1.0; [email protected])"
66.249.79.32 - - [21/Jul/2025:18:39:24 +0000] "POST /get-message-notify HTTP/1.1" 200 19447 "https://kelaby.company/?h=6074141011960&mod=c7ced588&uri=products.php?detail/160781291" "Mozilla/5.0 (Linux; Android 6.0.1; Nexus 5X Build/MMB29P) AppleWebKit/537.36 (KHTML, like Gecko) Chrome/137.0.7151.119 Mobile Safari/537.36 (compatible; Googlebot/2.1; +http://www.google.com/bot.html)"
216.73.216.223 - - [21/Jul/2025:18:39:26 +0000] "GET /detail/1007392011 HTTP/1.1" 404 16415 "-" "Mozilla/5.0 AppleWebKit/537.36 (KHTML, like Gecko; compatible; ClaudeBot/1.0; [email protected])"
216.73.216.223 - - [21/Jul/2025:18:39:29 +0000] "GET /detail/1007667075 HTTP/1.1" 404 16416 "-" "Mozilla/5.0 AppleWebKit/537.36 (KHTML, like Gecko; compatible; ClaudeBot/1.0; [email protected])"
216.73.216.223 - - [21/Jul/2025:18:39:32 +0000] "GET /detail/1007520006 HTTP/1.1" 404 16415 "-" "Mozilla/5.0 AppleWebKit/537.36 (KHTML, like Gecko; compatible; ClaudeBot/1.0; [email protected])"
216.73.216.223 - - [21/Jul/2025:18:39:35 +0000] "GET /detail/1007788002 HTTP/1.1" 404 16416 "-" "Mozilla/5.0 AppleWebKit/537.36 (KHTML, like Gecko; compatible; ClaudeBot/1.0; [email protected])"
66.249.79.37 - - [21/Jul/2025:18:39:38 +0000] "GET /?h=6074141011960&mod=c7ced588&uri=products.php?detail/160779520 HTTP/1.1" 200 19162 "-" "Mozilla/5.0 (Linux; Android 6.0.1; Nexus 5X Build/MMB29P) AppleWebKit/537.36 (KHTML, like Gecko) Chrome/137.0.7151.103 Mobile Safari/537.36 (compatible; Googlebot/2.1; +http://www.google.com/bot.html)"
66.249.79.37 - - [21/Jul/2025:18:39:38 +0000] "GET /?h=6074141011960&mod=c7ced588&uri=products.php?detail/160743314 HTTP/1.1" 200 19454 "-" "Mozilla/5.0 (Linux; Android 6.0.1; Nexus 5X Build/MMB29P) AppleWebKit/537.36 (KHTML, like Gecko) Chrome/137.0.7151.103 Mobile Safari/537.36 (compatible; Googlebot/2.1; +http://www.google.com/bot.html)"
216.73.216.223 - - [21/Jul/2025:18:39:39 +0000] "GET /detail/1007542227 HTTP/1.1" 404 16415 "-" "Mozilla/5.0 AppleWebKit/537.36 (KHTML, like Gecko; compatible; ClaudeBot/1.0; [email protected])"
66.249.79.37 - - [21/Jul/2025:18:39:40 +0000] "POST /get-message-notify HTTP/1.1" 200 19447 "https://kelaby.company/?h=6074141011960&mod=c7ced588&uri=products.php?detail/160779520" "Mozilla/5.0 (Linux; Android 6.0.1; Nexus 5X Build/MMB29P) AppleWebKit/537.36 (KHTML, like Gecko) Chrome/137.0.7151.119 Mobile Safari/537.36 (compatible; Googlebot/2.1; +http://www.google.com/bot.html)"
216.73.216.223 - - [21/Jul/2025:18:39:42 +0000] "GET /detail/506528648 HTTP/1.1" 404 16415 "-" "Mozilla/5.0 AppleWebKit/537.36 (KHTML, like Gecko; compatible; ClaudeBot/1.0; [email protected])"
216.73.216.223 - - [21/Jul/2025:18:39:45 +0000] "GET /detail/1007278532 HTTP/1.1" 404 16415 "-" "Mozilla/5.0 AppleWebKit/537.36 (KHTML, like Gecko; compatible; ClaudeBot/1.0; [email protected])"
216.73.216.223 - - [21/Jul/2025:18:39:48 +0000] "GET /detail/506584102 HTTP/1.1" 404 16415 "-" "Mozilla/5.0 AppleWebKit/537.36 (KHTML, like Gecko; compatible; ClaudeBot/1.0; [email protected])"
216.73.216.223 - - [21/Jul/2025:18:39:51 +0000] "GET /detail/506539061 HTTP/1.1" 404 16415 "-" "Mozilla/5.0 AppleWebKit/537.36 (KHTML, like Gecko; compatible; ClaudeBot/1.0; [email protected])"
216.73.216.223 - - [21/Jul/2025:18:39:54 +0000] "GET /detail/506529395 HTTP/1.1" 404 16416 "-" "Mozilla/5.0 AppleWebKit/537.36 (KHTML, like Gecko; compatible; ClaudeBot/1.0; [email protected])"
66.249.79.37 - - [21/Jul/2025:18:39:55 +0000] "GET /?h=6074141011960&mod=c7ced588&uri=products.php?detail/160759671 HTTP/1.1" 200 19114 "-" "Mozilla/5.0 (Linux; Android 6.0.1; Nexus 5X Build/MMB29P) AppleWebKit/537.36 (KHTML, like Gecko) Chrome/137.0.7151.103 Mobile Safari/537.36 (compatible; Googlebot/2.1; +http://www.google.com/bot.html)"
66.249.79.232 - - [21/Jul/2025:18:39:55 +0000] "GET /?h=5839071031960&mod=333d6beb&uri=category-info.php?detail/35892792 HTTP/1.1" 200 19033 "-" "Mozilla/5.0 (Linux; Android 6.0.1; Nexus 5X Build/MMB29P) AppleWebKit/537.36 (KHTML, like Gecko) Chrome/137.0.7151.103 Mobile Safari/537.36 (compatible; Googlebot/2.1; +http://www.google.com/bot.html)"
216.73.216.223 - - [21/Jul/2025:18:39:57 +0000] "GET /detail/506536182 HTTP/1.1" 404 16415 "-" "Mozilla/5.0 AppleWebKit/537.36 (KHTML, like Gecko; compatible; ClaudeBot/1.0; [email protected])"
216.73.216.223 - - [21/Jul/2025:18:40:00 +0000] "GET /detail/506723710 HTTP/1.1" 404 16415 "-" "Mozilla/5.0 AppleWebKit/537.36 (KHTML, like Gecko; compatible; ClaudeBot/1.0; [email protected])"
216.73.216.223 - - [21/Jul/2025:18:40:03 +0000] "GET /detail/506474103 HTTP/1.1" 404 16414 "-" "Mozilla/5.0 AppleWebKit/537.36 (KHTML, like Gecko; compatible; ClaudeBot/1.0; [email protected])"
216.73.216.223 - - [21/Jul/2025:18:40:06 +0000] "GET /detail/1155751702 HTTP/1.1" 404 16415 "-" "Mozilla/5.0 AppleWebKit/537.36 (KHTML, like Gecko; compatible; ClaudeBot/1.0; [email protected])"
216.73.216.223 - - [21/Jul/2025:18:40:09 +0000] "GET /detail/506516189 HTTP/1.1" 404 16414 "-" "Mozilla/5.0 AppleWebKit/537.36 (KHTML, like Gecko; compatible; ClaudeBot/1.0; [email protected])"
216.73.216.223 - - [21/Jul/2025:18:40:12 +0000] "GET /detail/1155879404 HTTP/1.1" 404 16415 "-" "Mozilla/5.0 AppleWebKit/537.36 (KHTML, like Gecko; compatible; ClaudeBot/1.0; [email protected])"
216.73.216.223 - - [21/Jul/2025:18:40:15 +0000] "GET /detail/506794893 HTTP/1.1" 404 16415 "-" "Mozilla/5.0 AppleWebKit/537.36 (KHTML, like Gecko; compatible; ClaudeBot/1.0; [email protected])"
216.73.216.223 - - [21/Jul/2025:18:40:18 +0000] "GET /detail/1155693519 HTTP/1.1" 404 16415 "-" "Mozilla/5.0 AppleWebKit/537.36 (KHTML, like Gecko; compatible; ClaudeBot/1.0; [email protected])"
66.249.79.33 - - [21/Jul/2025:18:40:28 +0000] "GET /?h=6074141011960&mod=c7ced588&uri=products.php?detail/160774111 HTTP/1.1" 200 19479 "-" "Mozilla/5.0 (Linux; Android 6.0.1; Nexus 5X Build/MMB29P) AppleWebKit/537.36 (KHTML, like Gecko) Chrome/137.0.7151.103 Mobile Safari/537.36 (compatible; Googlebot/2.1; +http://www.google.com/bot.html)"
216.73.216.223 - - [21/Jul/2025:18:40:29 +0000] "GET /detail/1007801144 HTTP/1.1" 404 16415 "-" "Mozilla/5.0 AppleWebKit/537.36 (KHTML, like Gecko; compatible; ClaudeBot/1.0; [email protected])"
216.73.216.223 - - [21/Jul/2025:18:40:32 +0000] "GET /detail/1007789382 HTTP/1.1" 404 16414 "-" "Mozilla/5.0 AppleWebKit/537.36 (KHTML, like Gecko; compatible; ClaudeBot/1.0; [email protected])"
51.222.253.10 - - [21/Jul/2025:18:40:33 +0000] "GET /?h=63672072031960&uri=shared.php%3Fid%3D2124795-1382%26name%3Dbt21%20x%20ost%20digital%20watch HTTP/1.1" 200 26476 "-" "Mozilla/5.0 (compatible; AhrefsBot/7.0; +http://ahrefs.com/robot/)"
216.73.216.223 - - [21/Jul/2025:18:40:35 +0000] "GET /detail/1007645174 HTTP/1.1" 404 16415 "-" "Mozilla/5.0 AppleWebKit/537.36 (KHTML, like Gecko; compatible; ClaudeBot/1.0; [email protected])"
216.73.216.223 - - [21/Jul/2025:18:40:38 +0000] "GET /detail/1007589105 HTTP/1.1" 404 16415 "-" "Mozilla/5.0 AppleWebKit/537.36 (KHTML, like Gecko; compatible; ClaudeBot/1.0; [email protected])"
216.73.216.223 - - [21/Jul/2025:18:40:41 +0000] "GET /detail/259324889 HTTP/1.1" 404 16415 "-" "Mozilla/5.0 AppleWebKit/537.36 (KHTML, like Gecko; compatible; ClaudeBot/1.0; [email protected])"
209.74.77.214 - - [21/Jul/2025:18:40:44 +0000] "POST /wp-cron.php?doing_wp_cron=1753123244.3634169101715087890625 HTTP/1.1" 200 - "-" "WordPress/6.8.2; https://kelaby.company"
216.73.216.223 - - [21/Jul/2025:18:40:44 +0000] "GET /detail/259191307 HTTP/1.1" 404 16415 "-" "Mozilla/5.0 AppleWebKit/537.36 (KHTML, like Gecko; compatible; ClaudeBot/1.0; [email protected])"
66.249.79.37 - - [21/Jul/2025:18:40:45 +0000] "GET /?h=6074141011960&mod=c7ced588&uri=products.php?detail/160772749 HTTP/1.1" 200 20617 "-" "Mozilla/5.0 (Linux; Android 6.0.1; Nexus 5X Build/MMB29P) AppleWebKit/537.36 (KHTML, like Gecko) Chrome/137.0.7151.103 Mobile Safari/537.36 (compatible; Googlebot/2.1; +http://www.google.com/bot.html)"
66.249.79.232 - - [21/Jul/2025:18:40:45 +0000] "GET /?h=38373403061960&mod=ee411757&uri=search.php?detail/1659832 HTTP/1.1" 200 20557 "-" "Mozilla/5.0 (Linux; Android 6.0.1; Nexus 5X Build/MMB29P) AppleWebKit/537.36 (KHTML, like Gecko) Chrome/137.0.7151.103 Mobile Safari/537.36 (compatible; Googlebot/2.1; +http://www.google.com/bot.html)"
216.73.216.223 - - [21/Jul/2025:18:40:47 +0000] "GET /detail/1007568246 HTTP/1.1" 404 16415 "-" "Mozilla/5.0 AppleWebKit/537.36 (KHTML, like Gecko; compatible; ClaudeBot/1.0; [email protected])"
66.249.79.234 - - [21/Jul/2025:18:40:48 +0000] "POST /get-message-notify HTTP/1.1" 200 19472 "https://www.kelaby.company/?h=38373403061960&mod=ee411757&uri=search.php?detail/1659832" "Mozilla/5.0 (Linux; Android 6.0.1; Nexus 5X Build/MMB29P) AppleWebKit/537.36 (KHTML, like Gecko) Chrome/137.0.7151.119 Mobile Safari/537.36 (compatible; Googlebot/2.1; +http://www.google.com/bot.html)"
47.82.11.55 - - [21/Jul/2025:18:40:49 +0000] "GET /?h=6168759111960&mod=e50bea89&uri=search.php?id%3D205996-296%26name%3Dshishe+ka+tha+dil+mera HTTP/1.1" 301 - "https://kelaby.company/?h=6168759111960&mod=e50bea89&uri=search.php%3Fid%3D205996-296%26name%3Dshishe+ka+tha+dil+mera" "Mozilla/5.0 (Windows NT 10.0; Win64; x64) AppleWebKit/537.36 (KHTML, like Gecko) Chrome/114.0.0.0 Safari/537.36 Edg/114.0.1823.43"
47.82.11.55 - - [21/Jul/2025:18:40:50 +0000] "GET /?h=6168759111960&mod=e50bea89&uri=search.php?id%3D205996-296%26name%3Dshishe%20ka%20tha%20dil%20mera HTTP/1.1" 301 - "https://kelaby.company/?h=6168759111960&mod=e50bea89&uri=search.php%3Fid%3D205996-296%26name%3Dshishe+ka+tha+dil+mera" "Mozilla/5.0 (Windows NT 10.0; Win64; x64) AppleWebKit/537.36 (KHTML, like Gecko) Chrome/114.0.0.0 Safari/537.36 Edg/114.0.1823.43"
216.73.216.223 - - [21/Jul/2025:18:40:50 +0000] "GET /detail/1007665624 HTTP/1.1" 404 16416 "-" "Mozilla/5.0 AppleWebKit/537.36 (KHTML, like Gecko; compatible; ClaudeBot/1.0; [email protected])"
216.73.216.223 - - [21/Jul/2025:18:40:53 +0000] "GET /detail/1007387834 HTTP/1.1" 404 16416 "-" "Mozilla/5.0 AppleWebKit/537.36 (KHTML, like Gecko; compatible; ClaudeBot/1.0; [email protected])"
216.73.216.223 - - [21/Jul/2025:18:40:56 +0000] "GET /detail/259393403 HTTP/1.1" 404 16416 "-" "Mozilla/5.0 AppleWebKit/537.36 (KHTML, like Gecko; compatible; ClaudeBot/1.0; [email protected])"
216.73.216.223 - - [21/Jul/2025:18:40:59 +0000] "GET /detail/1007317892 HTTP/1.1" 404 16416 "-" "Mozilla/5.0 AppleWebKit/537.36 (KHTML, like Gecko; compatible; ClaudeBot/1.0; [email protected])"
216.73.216.223 - - [21/Jul/2025:18:41:02 +0000] "GET /detail/1007375037 HTTP/1.1" 404 16415 "-" "Mozilla/5.0 AppleWebKit/537.36 (KHTML, like Gecko; compatible; ClaudeBot/1.0; [email protected])"
66.249.79.33 - - [21/Jul/2025:18:41:02 +0000] "GET /?h=6074141011960&mod=c7ced588&uri=products.php?detail/160751874 HTTP/1.1" 200 21151 "-" "Mozilla/5.0 (Linux; Android 6.0.1; Nexus 5X Build/MMB29P) AppleWebKit/537.36 (KHTML, like Gecko) Chrome/137.0.7151.103 Mobile Safari/537.36 (compatible; Googlebot/2.1; +http://www.google.com/bot.html)"
66.249.79.33 - - [21/Jul/2025:18:41:02 +0000] "GET /?h=6570685041960&mod=0319d8c4&uri=category-info.php?detail/763437647 HTTP/1.1" 200 19257 "-" "Mozilla/5.0 (Linux; Android 6.0.1; Nexus 5X Build/MMB29P) AppleWebKit/537.36 (KHTML, like Gecko) Chrome/137.0.7151.103 Mobile Safari/537.36 (compatible; Googlebot/2.1; +http://www.google.com/bot.html)"
216.73.216.223 - - [21/Jul/2025:18:41:05 +0000] "GET /detail/1007744341 HTTP/1.1" 404 16415 "-" "Mozilla/5.0 AppleWebKit/537.36 (KHTML, like Gecko; compatible; ClaudeBot/1.0; [email protected])"
66.249.79.37 - - [21/Jul/2025:18:41:06 +0000] "POST /get-message-notify HTTP/1.1" 200 19447 "https://kelaby.company/?h=6570685041960&mod=0319d8c4&uri=category-info.php?detail/763437647" "Mozilla/5.0 (Linux; Android 6.0.1; Nexus 5X Build/MMB29P) AppleWebKit/537.36 (KHTML, like Gecko) Chrome/137.0.7151.119 Mobile Safari/537.36 (compatible; Googlebot/2.1; +http://www.google.com/bot.html)"
216.73.216.223 - - [21/Jul/2025:18:41:08 +0000] "GET /detail/1007710669 HTTP/1.1" 404 16415 "-" "Mozilla/5.0 AppleWebKit/537.36 (KHTML, like Gecko; compatible; ClaudeBot/1.0; [email protected])"
66.249.79.234 - - [21/Jul/2025:18:41:09 +0000] "GET /?h=6126185031960&mod=e1029434&uri=pin.php?pcmypage HTTP/1.1" 200 19274 "-" "Mozilla/5.0 (Linux; Android 6.0.1; Nexus 5X Build/MMB29P) AppleWebKit/537.36 (KHTML, like Gecko) Chrome/137.0.7151.103 Mobile Safari/537.36 (compatible; Googlebot/2.1; +http://www.google.com/bot.html)"
216.73.216.223 - - [21/Jul/2025:18:41:11 +0000] "GET /detail/259483409 HTTP/1.1" 404 16416 "-" "Mozilla/5.0 AppleWebKit/537.36 (KHTML, like Gecko; compatible; ClaudeBot/1.0; [email protected])"
216.73.216.223 - - [21/Jul/2025:18:41:14 +0000] "GET /detail/259473480 HTTP/1.1" 404 16415 "-" "Mozilla/5.0 AppleWebKit/537.36 (KHTML, like Gecko; compatible; ClaudeBot/1.0; [email protected])"
66.249.79.37 - - [21/Jul/2025:18:41:22 +0000] "GET /?h=6074141011960&mod=c7ced588&uri=products.php?detail/160778775 HTTP/1.1" 200 19766 "-" "Mozilla/5.0 (Linux; Android 6.0.1; Nexus 5X Build/MMB29P) AppleWebKit/537.36 (KHTML, like Gecko) Chrome/137.0.7151.103 Mobile Safari/537.36 (compatible; Googlebot/2.1; +http://www.google.com/bot.html)"
66.249.79.37 - - [21/Jul/2025:18:41:24 +0000] "POST /get-message-notify HTTP/1.1" 200 19447 "https://kelaby.company/?h=6074141011960&mod=c7ced588&uri=products.php?detail/160778775" "Mozilla/5.0 (Linux; Android 6.0.1; Nexus 5X Build/MMB29P) AppleWebKit/537.36 (KHTML, like Gecko) Chrome/137.0.7151.119 Mobile Safari/537.36 (compatible; Googlebot/2.1; +http://www.google.com/bot.html)"
216.73.216.223 - - [21/Jul/2025:18:41:29 +0000] "GET /detail/1007646947 HTTP/1.1" 404 16415 "-" "Mozilla/5.0 AppleWebKit/537.36 (KHTML, like Gecko; compatible; ClaudeBot/1.0; [email protected])"
216.73.216.223 - - [21/Jul/2025:18:41:31 +0000] "GET /detail/1007644413 HTTP/1.1" 404 16415 "-" "Mozilla/5.0 AppleWebKit/537.36 (KHTML, like Gecko; compatible; ClaudeBot/1.0; [email protected])"
216.73.216.223 - - [21/Jul/2025:18:41:34 +0000] "GET /detail/1007480991 HTTP/1.1" 404 16415 "-" "Mozilla/5.0 AppleWebKit/537.36 (KHTML, like Gecko; compatible; ClaudeBot/1.0; [email protected])"
216.73.216.223 - - [21/Jul/2025:18:41:37 +0000] "GET /detail/1007364770 HTTP/1.1" 404 16415 "-" "Mozilla/5.0 AppleWebKit/537.36 (KHTML, like Gecko; compatible; ClaudeBot/1.0; [email protected])"
216.73.216.223 - - [21/Jul/2025:18:41:40 +0000] "GET /detail/1007524247 HTTP/1.1" 404 16415 "-" "Mozilla/5.0 AppleWebKit/537.36 (KHTML, like Gecko; compatible; ClaudeBot/1.0; [email protected])"
209.74.77.214 - - [21/Jul/2025:18:41:44 +0000] "POST /wp-cron.php?doing_wp_cron=1753123304.2049500942230224609375 HTTP/1.1" 200 - "-" "WordPress/6.8.2; https://kelaby.company"
66.249.79.37 - - [21/Jul/2025:18:41:44 +0000] "GET /?h=6074141011960&mod=c7ced588&uri=products.php?detail/160758309 HTTP/1.1" 200 21558 "-" "Mozilla/5.0 (Linux; Android 6.0.1; Nexus 5X Build/MMB29P) AppleWebKit/537.36 (KHTML, like Gecko) Chrome/137.0.7151.103 Mobile Safari/537.36 (compatible; Googlebot/2.1; +http://www.google.com/bot.html)"
216.73.216.223 - - [21/Jul/2025:18:41:43 +0000] "GET /detail/1007498370 HTTP/1.1" 404 16415 "-" "Mozilla/5.0 AppleWebKit/537.36 (KHTML, like Gecko; compatible; ClaudeBot/1.0; [email protected])"
216.73.216.223 - - [21/Jul/2025:18:41:46 +0000] "GET /detail/1007606095 HTTP/1.1" 404 16414 "-" "Mozilla/5.0 AppleWebKit/537.36 (KHTML, like Gecko; compatible; ClaudeBot/1.0; [email protected])"
216.73.216.223 - - [21/Jul/2025:18:41:49 +0000] "GET /detail/1007617512 HTTP/1.1" 404 16415 "-" "Mozilla/5.0 AppleWebKit/537.36 (KHTML, like Gecko; compatible; ClaudeBot/1.0; [email protected])"
216.73.216.223 - - [21/Jul/2025:18:41:52 +0000] "GET /detail/1007463334 HTTP/1.1" 404 16415 "-" "Mozilla/5.0 AppleWebKit/537.36 (KHTML, like Gecko; compatible; ClaudeBot/1.0; [email protected])"
