47.82.11.20 - - [21/Jul/2025:17:51:19 +0000] "GET /?h=6398066071960&mod=3820fccb&uri=shop.php?id%3D213698-183%26name%3Dhero+honda+splendor+tank+capacity HTTP/1.1" 301 - "https://kelaby.company/?h=6398066071960&mod=3820fccb&uri=shop.php%3Fid%3D213698-183%26name%3Dhero+honda+splendor+tank+capacity" "Mozilla/5.0 (Windows NT 10.0; Win64; x64) AppleWebKit/537.36 (KHTML, like Gecko) Chrome/114.0.0.0 Safari/537.36 Edg/114.0.1823.43"
47.82.11.20 - - [21/Jul/2025:17:51:19 +0000] "GET /?h=6398066071960&mod=3820fccb&uri=shop.php?id%3D213698-183%26name%3Dhero%20honda%20splendor%20tank%20capacity HTTP/1.1" 301 - "https://kelaby.company/?h=6398066071960&mod=3820fccb&uri=shop.php%3Fid%3D213698-183%26name%3Dhero+honda+splendor+tank+capacity" "Mozilla/5.0 (Windows NT 10.0; Win64; x64) AppleWebKit/537.36 (KHTML, like Gecko) Chrome/114.0.0.0 Safari/537.36 Edg/114.0.1823.43"
66.249.79.37 - - [21/Jul/2025:17:51:22 +0000] "GET /?h=65824897031960&mod=9b425b22&uri=goods.php?detail/2613018 HTTP/1.1" 200 20189 "-" "Mozilla/5.0 (Linux; Android 6.0.1; Nexus 5X Build/MMB29P) AppleWebKit/537.36 (KHTML, like Gecko) Chrome/137.0.7151.103 Mobile Safari/537.36 (compatible; Googlebot/2.1; +http://www.google.com/bot.html)"
51.222.253.19 - - [21/Jul/2025:17:51:37 +0000] "GET /?h=29949155001960&mod=42ef5e2c&uri=search.php%3Fid%3D999618-971%26name%3Dasics+gt+3000+heel+drop HTTP/1.1" 301 - "-" "Mozilla/5.0 (compatible; AhrefsBot/7.0; +http://ahrefs.com/robot/)"
66.249.79.37 - - [21/Jul/2025:17:51:53 +0000] "GET /?h=65824897031960&mod=9b425b22&uri=goods.php?detail/2570932 HTTP/1.1" 200 19281 "-" "Mozilla/5.0 (Linux; Android 6.0.1; Nexus 5X Build/MMB29P) AppleWebKit/537.36 (KHTML, like Gecko) Chrome/137.0.7151.103 Mobile Safari/537.36 (compatible; Googlebot/2.1; +http://www.google.com/bot.html)"
216.73.216.223 - - [21/Jul/2025:17:51:54 +0000] "GET /detail/634253899 HTTP/1.1" 404 16415 "-" "Mozilla/5.0 AppleWebKit/537.36 (KHTML, like Gecko; compatible; ClaudeBot/1.0; [email protected])"
216.73.216.223 - - [21/Jul/2025:17:51:56 +0000] "GET /detail/634362113 HTTP/1.1" 404 16415 "-" "Mozilla/5.0 AppleWebKit/537.36 (KHTML, like Gecko; compatible; ClaudeBot/1.0; [email protected])"
216.73.216.223 - - [21/Jul/2025:17:51:59 +0000] "GET /detail/634223931 HTTP/1.1" 404 16415 "-" "Mozilla/5.0 AppleWebKit/537.36 (KHTML, like Gecko; compatible; ClaudeBot/1.0; [email protected])"
216.73.216.223 - - [21/Jul/2025:17:52:02 +0000] "GET /detail/634401729 HTTP/1.1" 404 16415 "-" "Mozilla/5.0 AppleWebKit/537.36 (KHTML, like Gecko; compatible; ClaudeBot/1.0; [email protected])"
216.73.216.223 - - [21/Jul/2025:17:52:05 +0000] "GET /detail/634608080 HTTP/1.1" 404 16415 "-" "Mozilla/5.0 AppleWebKit/537.36 (KHTML, like Gecko; compatible; ClaudeBot/1.0; [email protected])"
216.73.216.223 - - [21/Jul/2025:17:52:08 +0000] "GET /detail/634175198 HTTP/1.1" 404 16415 "-" "Mozilla/5.0 AppleWebKit/537.36 (KHTML, like Gecko; compatible; ClaudeBot/1.0; [email protected])"
66.249.79.33 - - [21/Jul/2025:17:52:09 +0000] "POST /get-message-notify HTTP/1.1" 200 19447 "https://kelaby.company/?h=65824897031960&mod=9b425b22&uri=goods.php?detail/2570932" "Mozilla/5.0 (Linux; Android 6.0.1; Nexus 5X Build/MMB29P) AppleWebKit/537.36 (KHTML, like Gecko) Chrome/137.0.7151.119 Mobile Safari/537.36 (compatible; Googlebot/2.1; +http://www.google.com/bot.html)"
66.249.79.33 - - [21/Jul/2025:17:52:09 +0000] "GET /?h=65824897031960&mod=9b425b22&uri=goods.php?detail/2597067 HTTP/1.1" 200 19460 "-" "Mozilla/5.0 (Linux; Android 6.0.1; Nexus 5X Build/MMB29P) AppleWebKit/537.36 (KHTML, like Gecko) Chrome/137.0.7151.103 Mobile Safari/537.36 (compatible; Googlebot/2.1; +http://www.google.com/bot.html)"
47.82.11.61 - - [21/Jul/2025:17:52:40 +0000] "GET /?h=5735983001960&mod=4428d361&uri=goods.php?id%3D191552-334%26name%3Dbaal+veer+returns+261 HTTP/1.1" 301 - "https://www.kelaby.company/?h=5735983001960&mod=4428d361&uri=goods.php%3Fid%3D191552-334%26name%3Dbaal+veer+returns+261" "Mozilla/5.0 (Windows NT 10.0; Win64; x64) AppleWebKit/537.36 (KHTML, like Gecko) Chrome/114.0.0.0 Safari/537.36 Edg/114.0.1823.43"
47.82.11.61 - - [21/Jul/2025:17:52:41 +0000] "GET /?h=5735983001960&mod=4428d361&uri=goods.php?id%3D191552-334%26name%3Dbaal%20veer%20returns%20261 HTTP/1.1" 301 - "https://www.kelaby.company/?h=5735983001960&mod=4428d361&uri=goods.php%3Fid%3D191552-334%26name%3Dbaal+veer+returns+261" "Mozilla/5.0 (Windows NT 10.0; Win64; x64) AppleWebKit/537.36 (KHTML, like Gecko) Chrome/114.0.0.0 Safari/537.36 Edg/114.0.1823.43"
66.249.79.32 - - [21/Jul/2025:17:52:42 +0000] "GET /?h=65824897031960&mod=9b425b22&uri=goods.php?detail/2582481 HTTP/1.1" 200 19044 "-" "Mozilla/5.0 (Linux; Android 6.0.1; Nexus 5X Build/MMB29P) AppleWebKit/537.36 (KHTML, like Gecko) Chrome/137.0.7151.103 Mobile Safari/537.36 (compatible; Googlebot/2.1; +http://www.google.com/bot.html)"
66.249.79.32 - - [21/Jul/2025:17:52:43 +0000] "GET /?h=6811794081960&mod=9b425b22&uri=article.php?feature/campaign/index.html HTTP/1.1" 200 19640 "-" "Mozilla/5.0 (Linux; Android 6.0.1; Nexus 5X Build/MMB29P) AppleWebKit/537.36 (KHTML, like Gecko) Chrome/137.0.7151.103 Mobile Safari/537.36 (compatible; Googlebot/2.1; +http://www.google.com/bot.html)"
66.249.79.37 - - [21/Jul/2025:17:52:47 +0000] "POST /get-message-notify HTTP/1.1" 200 19447 "https://kelaby.company/?h=6811794081960&mod=9b425b22&uri=article.php?feature/campaign/index.html" "Mozilla/5.0 (Linux; Android 6.0.1; Nexus 5X Build/MMB29P) AppleWebKit/537.36 (KHTML, like Gecko) Chrome/137.0.7151.119 Mobile Safari/537.36 (compatible; Googlebot/2.1; +http://www.google.com/bot.html)"
66.249.79.37 - - [21/Jul/2025:17:52:53 +0000] "POST /get-message-notify HTTP/1.1" 200 19447 "https://kelaby.company/?h=65824897031960&mod=9b425b22&uri=goods.php?detail/2582481" "Mozilla/5.0 (Linux; Android 6.0.1; Nexus 5X Build/MMB29P) AppleWebKit/537.36 (KHTML, like Gecko) Chrome/137.0.7151.119 Mobile Safari/537.36 (compatible; Googlebot/2.1; +http://www.google.com/bot.html)"
66.249.79.234 - - [21/Jul/2025:17:53:00 +0000] "GET /?h=5800208041960&mod=9bbcf8c9&uri=us.php?detail/34555521 HTTP/1.1" 200 21876 "-" "Mozilla/5.0 (Linux; Android 6.0.1; Nexus 5X Build/MMB29P) AppleWebKit/537.36 (KHTML, like Gecko) Chrome/137.0.7151.103 Mobile Safari/537.36 (compatible; Googlebot/2.1; +http://www.google.com/bot.html)"
51.222.253.11 - - [21/Jul/2025:17:53:07 +0000] "GET /?h=34617559041960&mod=1c3225fb&uri=shop.php%3Fid%3D1155416-730%26name%3Dnirvana+tie+dye+t+shirt HTTP/1.1" 301 - "-" "Mozilla/5.0 (compatible; AhrefsBot/7.0; +http://ahrefs.com/robot/)"
66.249.79.232 - - [21/Jul/2025:17:53:17 +0000] "GET /?h=5800208041960&mod=9bbcf8c9&uri=us.php?detail/34552642 HTTP/1.1" 200 19079 "-" "Mozilla/5.0 (Linux; Android 6.0.1; Nexus 5X Build/MMB29P) AppleWebKit/537.36 (KHTML, like Gecko) Chrome/137.0.7151.103 Mobile Safari/537.36 (compatible; Googlebot/2.1; +http://www.google.com/bot.html)"
216.73.216.223 - - [21/Jul/2025:17:53:19 +0000] "GET /detail/634296618 HTTP/1.1" 404 16415 "-" "Mozilla/5.0 AppleWebKit/537.36 (KHTML, like Gecko; compatible; ClaudeBot/1.0; [email protected])"
216.73.216.223 - - [21/Jul/2025:17:53:22 +0000] "GET /detail/634156096 HTTP/1.1" 404 16415 "-" "Mozilla/5.0 AppleWebKit/537.36 (KHTML, like Gecko; compatible; ClaudeBot/1.0; [email protected])"
216.73.216.223 - - [21/Jul/2025:17:53:25 +0000] "GET /detail/634368139 HTTP/1.1" 404 16415 "-" "Mozilla/5.0 AppleWebKit/537.36 (KHTML, like Gecko; compatible; ClaudeBot/1.0; [email protected])"
216.73.216.223 - - [21/Jul/2025:17:53:28 +0000] "GET /detail/634413244 HTTP/1.1" 404 16415 "-" "Mozilla/5.0 AppleWebKit/537.36 (KHTML, like Gecko; compatible; ClaudeBot/1.0; [email protected])"
216.73.216.223 - - [21/Jul/2025:17:53:31 +0000] "GET /detail/634526915 HTTP/1.1" 404 16415 "-" "Mozilla/5.0 AppleWebKit/537.36 (KHTML, like Gecko; compatible; ClaudeBot/1.0; [email protected])"
216.73.216.223 - - [21/Jul/2025:17:53:34 +0000] "GET /detail/634301392 HTTP/1.1" 404 16415 "-" "Mozilla/5.0 AppleWebKit/537.36 (KHTML, like Gecko; compatible; ClaudeBot/1.0; [email protected])"
66.249.79.232 - - [21/Jul/2025:17:53:38 +0000] "POST /get-message-notify HTTP/1.1" 200 19472 "https://www.kelaby.company/?h=5800208041960&mod=9bbcf8c9&uri=us.php?detail/34552642" "Mozilla/5.0 (Linux; Android 6.0.1; Nexus 5X Build/MMB29P) AppleWebKit/537.36 (KHTML, like Gecko) Chrome/137.0.7151.119 Mobile Safari/537.36 (compatible; Googlebot/2.1; +http://www.google.com/bot.html)"
66.249.79.230 - - [21/Jul/2025:17:53:50 +0000] "GET /?h=5800208041960&mod=9bbcf8c9&uri=us.php?detail/34567292 HTTP/1.1" 200 20310 "-" "Mozilla/5.0 (Linux; Android 6.0.1; Nexus 5X Build/MMB29P) AppleWebKit/537.36 (KHTML, like Gecko) Chrome/137.0.7151.103 Mobile Safari/537.36 (compatible; Googlebot/2.1; +http://www.google.com/bot.html)"
66.249.79.230 - - [21/Jul/2025:17:53:52 +0000] "POST /get-message-notify HTTP/1.1" 200 19472 "https://www.kelaby.company/?h=5800208041960&mod=9bbcf8c9&uri=us.php?detail/34567292" "Mozilla/5.0 (Linux; Android 6.0.1; Nexus 5X Build/MMB29P) AppleWebKit/537.36 (KHTML, like Gecko) Chrome/137.0.7151.119 Mobile Safari/537.36 (compatible; Googlebot/2.1; +http://www.google.com/bot.html)"
2a03:2880:f800:19:: - - [21/Jul/2025:17:54:06 +0000] "GET /detail/1295845727 HTTP/1.1" 404 16415 "-" "meta-externalagent/1.1 (+https://developers.facebook.com/docs/sharing/webmasters/crawler)"
66.249.79.230 - - [21/Jul/2025:17:54:07 +0000] "GET /?h=5800208041960&mod=9bbcf8c9&uri=us.php?detail/34597342 HTTP/1.1" 200 19409 "-" "Mozilla/5.0 (Linux; Android 6.0.1; Nexus 5X Build/MMB29P) AppleWebKit/537.36 (KHTML, like Gecko) Chrome/137.0.7151.103 Mobile Safari/537.36 (compatible; Googlebot/2.1; +http://www.google.com/bot.html)"
216.73.216.223 - - [21/Jul/2025:17:54:10 +0000] "GET /detail/634605354 HTTP/1.1" 404 16415 "-" "Mozilla/5.0 AppleWebKit/537.36 (KHTML, like Gecko; compatible; ClaudeBot/1.0; [email protected])"
216.73.216.223 - - [21/Jul/2025:17:54:13 +0000] "GET /detail/634350820 HTTP/1.1" 404 16415 "-" "Mozilla/5.0 AppleWebKit/537.36 (KHTML, like Gecko; compatible; ClaudeBot/1.0; [email protected])"
216.73.216.223 - - [21/Jul/2025:17:54:16 +0000] "GET /detail/634491945 HTTP/1.1" 404 16415 "-" "Mozilla/5.0 AppleWebKit/537.36 (KHTML, like Gecko; compatible; ClaudeBot/1.0; [email protected])"
170.106.65.93 - - [21/Jul/2025:17:54:18 +0000] "GET /wp-json/wp/v2/pages/1233 HTTP/1.1" 200 2563 "-" "Mozilla/5.0 (iPhone; CPU iPhone OS 13_2_3 like Mac OS X) AppleWebKit/605.1.15 (KHTML, like Gecko) Version/13.0.3 Mobile/15E148 Safari/604.1"
216.73.216.223 - - [21/Jul/2025:17:54:19 +0000] "GET /detail/634252126 HTTP/1.1" 404 16415 "-" "Mozilla/5.0 AppleWebKit/537.36 (KHTML, like Gecko; compatible; ClaudeBot/1.0; [email protected])"
216.73.216.223 - - [21/Jul/2025:17:54:22 +0000] "GET /detail/634330290 HTTP/1.1" 404 16415 "-" "Mozilla/5.0 AppleWebKit/537.36 (KHTML, like Gecko; compatible; ClaudeBot/1.0; [email protected])"
66.249.79.230 - - [21/Jul/2025:17:54:24 +0000] "GET /?h=5800208041960&mod=9bbcf8c9&uri=us.php?detail/34571195 HTTP/1.1" 200 19309 "-" "Mozilla/5.0 (Linux; Android 6.0.1; Nexus 5X Build/MMB29P) AppleWebKit/537.36 (KHTML, like Gecko) Chrome/137.0.7151.103 Mobile Safari/537.36 (compatible; Googlebot/2.1; +http://www.google.com/bot.html)"
216.73.216.223 - - [21/Jul/2025:17:54:25 +0000] "GET /detail/634442597 HTTP/1.1" 404 16415 "-" "Mozilla/5.0 AppleWebKit/537.36 (KHTML, like Gecko; compatible; ClaudeBot/1.0; [email protected])"
51.222.253.19 - - [21/Jul/2025:17:54:49 +0000] "GET /?h=35153055001960&mod=798a794d&uri=article.php%3Fid%3D1173282-1085%26name%3Decco+intrinsic+yellow HTTP/1.1" 301 - "-" "Mozilla/5.0 (compatible; AhrefsBot/7.0; +http://ahrefs.com/robot/)"
66.249.79.230 - - [21/Jul/2025:17:54:53 +0000] "POST /get-message-notify HTTP/1.1" 200 19472 "https://www.kelaby.company/?h=5800208041960&mod=9bbcf8c9&uri=us.php?detail/34571195" "Mozilla/5.0 (Linux; Android 6.0.1; Nexus 5X Build/MMB29P) AppleWebKit/537.36 (KHTML, like Gecko) Chrome/137.0.7151.119 Mobile Safari/537.36 (compatible; Googlebot/2.1; +http://www.google.com/bot.html)"
66.249.79.230 - - [21/Jul/2025:17:54:57 +0000] "GET /?h=5800208041960&mod=9bbcf8c9&uri=us.php?detail/34593089 HTTP/1.1" 200 19684 "-" "Mozilla/5.0 (Linux; Android 6.0.1; Nexus 5X Build/MMB29P) AppleWebKit/537.36 (KHTML, like Gecko) Chrome/137.0.7151.103 Mobile Safari/537.36 (compatible; Googlebot/2.1; +http://www.google.com/bot.html)"
66.249.79.232 - - [21/Jul/2025:17:55:14 +0000] "GET /?h=5800208041960&mod=9bbcf8c9&uri=us.php?detail/34590555 HTTP/1.1" 200 19363 "-" "Mozilla/5.0 (Linux; Android 6.0.1; Nexus 5X Build/MMB29P) AppleWebKit/537.36 (KHTML, like Gecko) Chrome/137.0.7151.103 Mobile Safari/537.36 (compatible; Googlebot/2.1; +http://www.google.com/bot.html)"
66.249.79.230 - - [21/Jul/2025:17:55:14 +0000] "GET /?h=5742163021960&mod=60b7f5df&uri=us.php?detail/38457972 HTTP/1.1" 200 20417 "-" "Mozilla/5.0 (Linux; Android 6.0.1; Nexus 5X Build/MMB29P) AppleWebKit/537.36 (KHTML, like Gecko) Chrome/137.0.7151.103 Mobile Safari/537.36 (compatible; Googlebot/2.1; +http://www.google.com/bot.html)"
66.249.79.230 - - [21/Jul/2025:17:55:17 +0000] "POST /get-message-notify HTTP/1.1" 200 19472 "https://www.kelaby.company/?h=5742163021960&mod=60b7f5df&uri=us.php?detail/38457972" "Mozilla/5.0 (Linux; Android 6.0.1; Nexus 5X Build/MMB29P) AppleWebKit/537.36 (KHTML, like Gecko) Chrome/137.0.7151.119 Mobile Safari/537.36 (compatible; Googlebot/2.1; +http://www.google.com/bot.html)"
66.249.79.230 - - [21/Jul/2025:17:55:31 +0000] "GET /?h=5800208041960&mod=9bbcf8c9&uri=us.php?detail/34559774 HTTP/1.1" 200 18964 "-" "Mozilla/5.0 (Linux; Android 6.0.1; Nexus 5X Build/MMB29P) AppleWebKit/537.36 (KHTML, like Gecko) Chrome/137.0.7151.103 Mobile Safari/537.36 (compatible; Googlebot/2.1; +http://www.google.com/bot.html)"
66.249.79.37 - - [21/Jul/2025:17:55:31 +0000] "GET /?h=119571525031960&mod=7570fece&uri=article.php?detail/1659832 HTTP/1.1" 200 20561 "-" "Mozilla/5.0 (Linux; Android 6.0.1; Nexus 5X Build/MMB29P) AppleWebKit/537.36 (KHTML, like Gecko) Chrome/137.0.7151.103 Mobile Safari/537.36 (compatible; Googlebot/2.1; +http://www.google.com/bot.html)"
66.249.79.230 - - [21/Jul/2025:17:55:36 +0000] "POST /get-message-notify HTTP/1.1" 200 19472 "https://www.kelaby.company/?h=5800208041960&mod=9bbcf8c9&uri=us.php?detail/34559774" "Mozilla/5.0 (Linux; Android 6.0.1; Nexus 5X Build/MMB29P) AppleWebKit/537.36 (KHTML, like Gecko) Chrome/137.0.7151.119 Mobile Safari/537.36 (compatible; Googlebot/2.1; +http://www.google.com/bot.html)"
216.73.216.223 - - [21/Jul/2025:17:55:38 +0000] "GET /detail/634599947 HTTP/1.1" 404 16415 "-" "Mozilla/5.0 AppleWebKit/537.36 (KHTML, like Gecko; compatible; ClaudeBot/1.0; [email protected])"
216.73.216.223 - - [21/Jul/2025:17:55:40 +0000] "GET /detail/634316387 HTTP/1.1" 404 16415 "-" "Mozilla/5.0 AppleWebKit/537.36 (KHTML, like Gecko; compatible; ClaudeBot/1.0; [email protected])"
216.73.216.223 - - [21/Jul/2025:17:55:43 +0000] "GET /detail/634468536 HTTP/1.1" 404 16415 "-" "Mozilla/5.0 AppleWebKit/537.36 (KHTML, like Gecko; compatible; ClaudeBot/1.0; [email protected])"
216.73.216.223 - - [21/Jul/2025:17:55:46 +0000] "GET /detail/634526641 HTTP/1.1" 404 16415 "-" "Mozilla/5.0 AppleWebKit/537.36 (KHTML, like Gecko; compatible; ClaudeBot/1.0; [email protected])"
216.73.216.223 - - [21/Jul/2025:17:55:49 +0000] "GET /detail/634269509 HTTP/1.1" 404 16415 "-" "Mozilla/5.0 AppleWebKit/537.36 (KHTML, like Gecko; compatible; ClaudeBot/1.0; [email protected])"
216.73.216.223 - - [21/Jul/2025:17:55:52 +0000] "GET /detail/634338704 HTTP/1.1" 404 16415 "-" "Mozilla/5.0 AppleWebKit/537.36 (KHTML, like Gecko; compatible; ClaudeBot/1.0; [email protected])"
51.222.253.2 - - [21/Jul/2025:17:55:58 +0000] "GET /?h=38367572061960&uri=article.php%3Fid%3D1280529-1124%26name%3Dvans%20two%20tone%20denim HTTP/1.1" 200 26476 "-" "Mozilla/5.0 (compatible; AhrefsBot/7.0; +http://ahrefs.com/robot/)"
66.249.79.230 - - [21/Jul/2025:17:56:04 +0000] "GET /?h=5800208041960&mod=9bbcf8c9&uri=us.php?detail/34549833 HTTP/1.1" 200 19326 "-" "Mozilla/5.0 (Linux; Android 6.0.1; Nexus 5X Build/MMB29P) AppleWebKit/537.36 (KHTML, like Gecko) Chrome/137.0.7151.103 Mobile Safari/537.36 (compatible; Googlebot/2.1; +http://www.google.com/bot.html)"
66.249.79.231 - - [21/Jul/2025:17:56:21 +0000] "GET /?h=5800208041960&mod=9bbcf8c9&uri=us.php?detail/34562909 HTTP/1.1" 200 20457 "-" "Mozilla/5.0 (Linux; Android 6.0.1; Nexus 5X Build/MMB29P) AppleWebKit/537.36 (KHTML, like Gecko) Chrome/137.0.7151.103 Mobile Safari/537.36 (compatible; Googlebot/2.1; +http://www.google.com/bot.html)"
216.73.216.223 - - [21/Jul/2025:17:56:30 +0000] "GET /detail/634155838 HTTP/1.1" 404 16415 "-" "Mozilla/5.0 AppleWebKit/537.36 (KHTML, like Gecko; compatible; ClaudeBot/1.0; [email protected])"
216.73.216.223 - - [21/Jul/2025:17:56:33 +0000] "GET /detail/634204014 HTTP/1.1" 404 16415 "-" "Mozilla/5.0 AppleWebKit/537.36 (KHTML, like Gecko; compatible; ClaudeBot/1.0; [email protected])"
216.73.216.223 - - [21/Jul/2025:17:56:36 +0000] "GET /detail/634478739 HTTP/1.1" 404 16415 "-" "Mozilla/5.0 AppleWebKit/537.36 (KHTML, like Gecko; compatible; ClaudeBot/1.0; [email protected])"
66.249.79.230 - - [21/Jul/2025:17:56:38 +0000] "GET /?h=5800208041960&mod=9bbcf8c9&uri=us.php?detail/34587420 HTTP/1.1" 200 19305 "-" "Mozilla/5.0 (Linux; Android 6.0.1; Nexus 5X Build/MMB29P) AppleWebKit/537.36 (KHTML, like Gecko) Chrome/137.0.7151.103 Mobile Safari/537.36 (compatible; Googlebot/2.1; +http://www.google.com/bot.html)"
216.73.216.223 - - [21/Jul/2025:17:56:39 +0000] "GET /detail/634166363 HTTP/1.1" 404 16415 "-" "Mozilla/5.0 AppleWebKit/537.36 (KHTML, like Gecko; compatible; ClaudeBot/1.0; [email protected])"
216.73.216.223 - - [21/Jul/2025:17:56:42 +0000] "GET /detail/634294358 HTTP/1.1" 404 16416 "-" "Mozilla/5.0 AppleWebKit/537.36 (KHTML, like Gecko; compatible; ClaudeBot/1.0; [email protected])"
216.73.216.223 - - [21/Jul/2025:17:56:45 +0000] "GET /detail/634077061 HTTP/1.1" 404 16416 "-" "Mozilla/5.0 AppleWebKit/537.36 (KHTML, like Gecko; compatible; ClaudeBot/1.0; [email protected])"
66.249.79.231 - - [21/Jul/2025:17:57:11 +0000] "GET /?h=5800208041960&mod=9bbcf8c9&uri=us.php?detail/34574278 HTTP/1.1" 200 18866 "-" "Mozilla/5.0 (Linux; Android 6.0.1; Nexus 5X Build/MMB29P) AppleWebKit/537.36 (KHTML, like Gecko) Chrome/137.0.7151.103 Mobile Safari/537.36 (compatible; Googlebot/2.1; +http://www.google.com/bot.html)"
216.73.216.223 - - [21/Jul/2025:17:57:21 +0000] "GET /detail/634414542 HTTP/1.1" 404 16415 "-" "Mozilla/5.0 AppleWebKit/537.36 (KHTML, like Gecko; compatible; ClaudeBot/1.0; [email protected])"
216.73.216.223 - - [21/Jul/2025:17:57:24 +0000] "GET /detail/634298261 HTTP/1.1" 404 16415 "-" "Mozilla/5.0 AppleWebKit/537.36 (KHTML, like Gecko; compatible; ClaudeBot/1.0; [email protected])"
216.73.216.223 - - [21/Jul/2025:17:57:27 +0000] "GET /detail/634535201 HTTP/1.1" 404 16415 "-" "Mozilla/5.0 AppleWebKit/537.36 (KHTML, like Gecko; compatible; ClaudeBot/1.0; [email protected])"
66.249.79.32 - - [21/Jul/2025:17:57:28 +0000] "GET /?h=6570685041960&mod=0319d8c4&uri=category-info.php?detail/33717462 HTTP/1.1" 200 19351 "-" "Mozilla/5.0 (Linux; Android 6.0.1; Nexus 5X Build/MMB29P) AppleWebKit/537.36 (KHTML, like Gecko) Chrome/137.0.7151.103 Mobile Safari/537.36 (compatible; Googlebot/2.1; +http://www.google.com/bot.html)"
216.73.216.223 - - [21/Jul/2025:17:57:30 +0000] "GET /detail/634591042 HTTP/1.1" 404 16415 "-" "Mozilla/5.0 AppleWebKit/537.36 (KHTML, like Gecko; compatible; ClaudeBot/1.0; [email protected])"
216.73.216.223 - - [21/Jul/2025:17:57:33 +0000] "GET /detail/634466703 HTTP/1.1" 404 16415 "-" "Mozilla/5.0 AppleWebKit/537.36 (KHTML, like Gecko; compatible; ClaudeBot/1.0; [email protected])"
216.73.216.223 - - [21/Jul/2025:17:57:36 +0000] "GET /detail/634297155 HTTP/1.1" 404 16415 "-" "Mozilla/5.0 AppleWebKit/537.36 (KHTML, like Gecko; compatible; ClaudeBot/1.0; [email protected])"
66.249.79.230 - - [21/Jul/2025:17:57:45 +0000] "GET /?h=5622601041960&mod=6e32552f&uri=brands.php?detail/1662985 HTTP/1.1" 200 19460 "-" "Mozilla/5.0 (Linux; Android 6.0.1; Nexus 5X Build/MMB29P) AppleWebKit/537.36 (KHTML, like Gecko) Chrome/137.0.7151.103 Mobile Safari/537.36 (compatible; Googlebot/2.1; +http://www.google.com/bot.html)"
66.249.79.32 - - [21/Jul/2025:17:57:45 +0000] "GET /?h=6570685041960&mod=0319d8c4&uri=category-info.php?detail/33714720 HTTP/1.1" 200 19275 "-" "Mozilla/5.0 (Linux; Android 6.0.1; Nexus 5X Build/MMB29P) AppleWebKit/537.36 (KHTML, like Gecko) Chrome/137.0.7151.103 Mobile Safari/537.36 (compatible; Googlebot/2.1; +http://www.google.com/bot.html)"
66.249.79.32 - - [21/Jul/2025:17:58:00 +0000] "POST /get-message-notify HTTP/1.1" 200 19447 "https://kelaby.company/?h=6570685041960&mod=0319d8c4&uri=category-info.php?detail/33714720" "Mozilla/5.0 (Linux; Android 6.0.1; Nexus 5X Build/MMB29P) AppleWebKit/537.36 (KHTML, like Gecko) Chrome/137.0.7151.119 Mobile Safari/537.36 (compatible; Googlebot/2.1; +http://www.google.com/bot.html)"
66.249.79.32 - - [21/Jul/2025:17:58:01 +0000] "GET /?h=45599251001960&mod=43e04dd0&uri=article.php?detail/1110226667 HTTP/1.1" 200 21777 "-" "Mozilla/5.0 (Linux; Android 6.0.1; Nexus 5X Build/MMB29P) AppleWebKit/537.36 (KHTML, like Gecko) Chrome/137.0.7151.103 Mobile Safari/537.36 (compatible; Googlebot/2.1; +http://www.google.com/bot.html)"
66.249.79.32 - - [21/Jul/2025:17:58:02 +0000] "GET /?h=6074141011960&mod=c7ced588&uri=products.php?detail/36863080 HTTP/1.1" 200 19072 "-" "Mozilla/5.0 (Linux; Android 6.0.1; Nexus 5X Build/MMB29P) AppleWebKit/537.36 (KHTML, like Gecko) Chrome/137.0.7151.103 Mobile Safari/537.36 (compatible; Googlebot/2.1; +http://www.google.com/bot.html)"
66.249.79.32 - - [21/Jul/2025:17:58:02 +0000] "GET /?h=6570685041960&mod=0319d8c4&uri=category-info.php?detail/33725748 HTTP/1.1" 200 20862 "-" "Mozilla/5.0 (Linux; Android 6.0.1; Nexus 5X Build/MMB29P) AppleWebKit/537.36 (KHTML, like Gecko) Chrome/137.0.7151.103 Mobile Safari/537.36 (compatible; Googlebot/2.1; +http://www.google.com/bot.html)"
2a03:2880:f800:14:: - - [21/Jul/2025:17:58:17 +0000] "GET /detail/1296128586 HTTP/1.1" 404 16415 "-" "meta-externalagent/1.1 (+https://developers.facebook.com/docs/sharing/webmasters/crawler)"
51.222.253.9 - - [21/Jul/2025:17:58:29 +0000] "GET /?h=42734445001960&uri=shop.php%3Fid%3D1426213-630%26name%3Diconic%20evening%20gowns HTTP/1.1" 200 26477 "-" "Mozilla/5.0 (compatible; AhrefsBot/7.0; +http://ahrefs.com/robot/)"
216.73.216.223 - - [21/Jul/2025:17:58:30 +0000] "GET /detail/634407755 HTTP/1.1" 404 16415 "-" "Mozilla/5.0 AppleWebKit/537.36 (KHTML, like Gecko; compatible; ClaudeBot/1.0; [email protected])"
216.73.216.223 - - [21/Jul/2025:17:58:33 +0000] "GET /detail/634310297 HTTP/1.1" 404 16415 "-" "Mozilla/5.0 AppleWebKit/537.36 (KHTML, like Gecko; compatible; ClaudeBot/1.0; [email protected])"
66.249.79.32 - - [21/Jul/2025:17:58:35 +0000] "GET /?h=6570685041960&mod=0319d8c4&uri=category-info.php?detail/33728883 HTTP/1.1" 200 21162 "-" "Mozilla/5.0 (Linux; Android 6.0.1; Nexus 5X Build/MMB29P) AppleWebKit/537.36 (KHTML, like Gecko) Chrome/137.0.7151.103 Mobile Safari/537.36 (compatible; Googlebot/2.1; +http://www.google.com/bot.html)"
216.73.216.223 - - [21/Jul/2025:17:58:36 +0000] "GET /detail/634116759 HTTP/1.1" 404 16415 "-" "Mozilla/5.0 AppleWebKit/537.36 (KHTML, like Gecko; compatible; ClaudeBot/1.0; [email protected])"
66.249.79.32 - - [21/Jul/2025:17:58:36 +0000] "GET /?h=115096427041960&mod=be8e1862&uri=dp.php?detail/3528423 HTTP/1.1" 200 18747 "-" "Mozilla/5.0 (Linux; Android 6.0.1; Nexus 5X Build/MMB29P) AppleWebKit/537.36 (KHTML, like Gecko) Chrome/137.0.7151.103 Mobile Safari/537.36 (compatible; Googlebot/2.1; +http://www.google.com/bot.html)"
216.73.216.223 - - [21/Jul/2025:17:58:39 +0000] "GET /detail/634106556 HTTP/1.1" 404 16415 "-" "Mozilla/5.0 AppleWebKit/537.36 (KHTML, like Gecko; compatible; ClaudeBot/1.0; [email protected])"
216.73.216.223 - - [21/Jul/2025:17:58:42 +0000] "GET /detail/634471349 HTTP/1.1" 404 16415 "-" "Mozilla/5.0 AppleWebKit/537.36 (KHTML, like Gecko; compatible; ClaudeBot/1.0; [email protected])"
216.73.216.223 - - [21/Jul/2025:17:58:45 +0000] "GET /detail/634129556 HTTP/1.1" 404 16416 "-" "Mozilla/5.0 AppleWebKit/537.36 (KHTML, like Gecko; compatible; ClaudeBot/1.0; [email protected])"
66.249.79.32 - - [21/Jul/2025:17:58:50 +0000] "POST /get-message-notify HTTP/1.1" 200 19447 "https://kelaby.company/?h=115096427041960&mod=be8e1862&uri=dp.php?detail/3528423" "Mozilla/5.0 (Linux; Android 6.0.1; Nexus 5X Build/MMB29P) AppleWebKit/537.36 (KHTML, like Gecko) Chrome/137.0.7151.119 Mobile Safari/537.36 (compatible; Googlebot/2.1; +http://www.google.com/bot.html)"
66.249.79.32 - - [21/Jul/2025:17:58:53 +0000] "GET /?h=6570685041960&mod=0319d8c4&uri=category-info.php?detail/33732311 HTTP/1.1" 200 19246 "-" "Mozilla/5.0 (Linux; Android 6.0.1; Nexus 5X Build/MMB29P) AppleWebKit/537.36 (KHTML, like Gecko) Chrome/137.0.7151.103 Mobile Safari/537.36 (compatible; Googlebot/2.1; +http://www.google.com/bot.html)"
66.249.79.32 - - [21/Jul/2025:17:59:00 +0000] "POST /get-message-notify HTTP/1.1" 200 19447 "https://kelaby.company/?h=6570685041960&mod=0319d8c4&uri=category-info.php?detail/33732311" "Mozilla/5.0 (Linux; Android 6.0.1; Nexus 5X Build/MMB29P) AppleWebKit/537.36 (KHTML, like Gecko) Chrome/137.0.7151.119 Mobile Safari/537.36 (compatible; Googlebot/2.1; +http://www.google.com/bot.html)"
66.249.79.32 - - [21/Jul/2025:17:59:10 +0000] "GET /?h=6570685041960&mod=0319d8c4&uri=category-info.php?detail/33705755 HTTP/1.1" 200 19414 "-" "Mozilla/5.0 (Linux; Android 6.0.1; Nexus 5X Build/MMB29P) AppleWebKit/537.36 (KHTML, like Gecko) Chrome/137.0.7151.103 Mobile Safari/537.36 (compatible; Googlebot/2.1; +http://www.google.com/bot.html)"
216.73.216.223 - - [21/Jul/2025:17:59:19 +0000] "GET /detail/634160337 HTTP/1.1" 404 16415 "-" "Mozilla/5.0 AppleWebKit/537.36 (KHTML, like Gecko; compatible; ClaudeBot/1.0; [email protected])"
216.73.216.223 - - [21/Jul/2025:17:59:22 +0000] "GET /detail/634462526 HTTP/1.1" 404 16415 "-" "Mozilla/5.0 AppleWebKit/537.36 (KHTML, like Gecko; compatible; ClaudeBot/1.0; [email protected])"
216.73.216.223 - - [21/Jul/2025:17:59:25 +0000] "GET /detail/634339451 HTTP/1.1" 404 16415 "-" "Mozilla/5.0 AppleWebKit/537.36 (KHTML, like Gecko; compatible; ClaudeBot/1.0; [email protected])"
216.73.216.223 - - [21/Jul/2025:17:59:28 +0000] "GET /detail/634299753 HTTP/1.1" 404 16415 "-" "Mozilla/5.0 AppleWebKit/537.36 (KHTML, like Gecko; compatible; ClaudeBot/1.0; [email protected])"
216.73.216.223 - - [21/Jul/2025:17:59:31 +0000] "GET /detail/634411992 HTTP/1.1" 404 16415 "-" "Mozilla/5.0 AppleWebKit/537.36 (KHTML, like Gecko; compatible; ClaudeBot/1.0; [email protected])"
216.73.216.223 - - [21/Jul/2025:17:59:34 +0000] "GET /detail/634195456 HTTP/1.1" 404 16415 "-" "Mozilla/5.0 AppleWebKit/537.36 (KHTML, like Gecko; compatible; ClaudeBot/1.0; [email protected])"
51.222.253.11 - - [21/Jul/2025:17:59:35 +0000] "GET /?h=42863562001960&uri=brands.php%3Fid%3D1430521-650%26name%3Dsudaderas%20hollister%20mujer%20rebajas HTTP/1.1" 200 26475 "-" "Mozilla/5.0 (compatible; AhrefsBot/7.0; +http://ahrefs.com/robot/)"
66.249.79.32 - - [21/Jul/2025:17:59:43 +0000] "GET /?h=6570685041960&mod=0319d8c4&uri=category-info.php?detail/33719722 HTTP/1.1" 200 20289 "-" "Mozilla/5.0 (Linux; Android 6.0.1; Nexus 5X Build/MMB29P) AppleWebKit/537.36 (KHTML, like Gecko) Chrome/137.0.7151.103 Mobile Safari/537.36 (compatible; Googlebot/2.1; +http://www.google.com/bot.html)"
66.249.79.232 - - [21/Jul/2025:17:59:43 +0000] "GET /?h=47316678051960&mod=61b80b3c&uri=shop.php?product/edit/K2250000095 HTTP/1.1" 200 18471 "-" "Mozilla/5.0 (Linux; Android 6.0.1; Nexus 5X Build/MMB29P) AppleWebKit/537.36 (KHTML, like Gecko) Chrome/137.0.7151.103 Mobile Safari/537.36 (compatible; Googlebot/2.1; +http://www.google.com/bot.html)"
66.249.79.32 - - [21/Jul/2025:17:59:54 +0000] "GET /?h=6570685041960&mod=0319d8c4&uri=category-info.php?detail/33720259 HTTP/1.1" 200 19039 "-" "Mozilla/5.0 (Linux; Android 6.0.1; Nexus 5X Build/MMB29P) AppleWebKit/537.36 (KHTML, like Gecko) Chrome/137.0.7151.103 Mobile Safari/537.36 (compatible; Googlebot/2.1; +http://www.google.com/bot.html)"
216.73.216.223 - - [21/Jul/2025:18:00:04 +0000] "GET /detail/634421658 HTTP/1.1" 404 16415 "-" "Mozilla/5.0 AppleWebKit/537.36 (KHTML, like Gecko; compatible; ClaudeBot/1.0; [email protected])"
216.73.216.223 - - [21/Jul/2025:18:00:07 +0000] "GET /detail/634412138 HTTP/1.1" 404 16415 "-" "Mozilla/5.0 AppleWebKit/537.36 (KHTML, like Gecko; compatible; ClaudeBot/1.0; [email protected])"
216.73.216.223 - - [21/Jul/2025:18:00:10 +0000] "GET /detail/634138379 HTTP/1.1" 404 16415 "-" "Mozilla/5.0 AppleWebKit/537.36 (KHTML, like Gecko; compatible; ClaudeBot/1.0; [email protected])"
216.73.216.223 - - [21/Jul/2025:18:00:13 +0000] "GET /detail/634164398 HTTP/1.1" 404 16415 "-" "Mozilla/5.0 AppleWebKit/537.36 (KHTML, like Gecko; compatible; ClaudeBot/1.0; [email protected])"
66.249.79.32 - - [21/Jul/2025:18:00:15 +0000] "GET /?h=6570685041960&mod=0319d8c4&uri=category-info.php?detail/33718961 HTTP/1.1" 200 20684 "-" "Mozilla/5.0 (Linux; Android 6.0.1; Nexus 5X Build/MMB29P) AppleWebKit/537.36 (KHTML, like Gecko) Chrome/137.0.7151.103 Mobile Safari/537.36 (compatible; Googlebot/2.1; +http://www.google.com/bot.html)"
216.73.216.223 - - [21/Jul/2025:18:00:16 +0000] "GET /detail/634419188 HTTP/1.1" 404 16415 "-" "Mozilla/5.0 AppleWebKit/537.36 (KHTML, like Gecko; compatible; ClaudeBot/1.0; [email protected])"
216.73.216.223 - - [21/Jul/2025:18:00:19 +0000] "GET /detail/634425214 HTTP/1.1" 404 16415 "-" "Mozilla/5.0 AppleWebKit/537.36 (KHTML, like Gecko; compatible; ClaudeBot/1.0; [email protected])"
66.249.79.32 - - [21/Jul/2025:18:00:37 +0000] "GET /?h=6570685041960&mod=0319d8c4&uri=category-info.php?detail/33722857 HTTP/1.1" 200 19178 "-" "Mozilla/5.0 (Linux; Android 6.0.1; Nexus 5X Build/MMB29P) AppleWebKit/537.36 (KHTML, like Gecko) Chrome/137.0.7151.103 Mobile Safari/537.36 (compatible; Googlebot/2.1; +http://www.google.com/bot.html)"
51.222.253.8 - - [21/Jul/2025:18:00:43 +0000] "GET /?h=43412892011960&uri=pin.php%3Fid%3D1448840-212%26name%3Dsuede%20fringe%20flat%20sandals HTTP/1.1" 200 26472 "-" "Mozilla/5.0 (compatible; AhrefsBot/7.0; +http://ahrefs.com/robot/)"
216.73.216.223 - - [21/Jul/2025:18:00:56 +0000] "GET /detail/506524749 HTTP/1.1" 404 16416 "-" "Mozilla/5.0 AppleWebKit/537.36 (KHTML, like Gecko; compatible; ClaudeBot/1.0; [email protected])"
216.73.216.223 - - [21/Jul/2025:18:00:59 +0000] "GET /detail/506688676 HTTP/1.1" 404 16415 "-" "Mozilla/5.0 AppleWebKit/537.36 (KHTML, like Gecko; compatible; ClaudeBot/1.0; [email protected])"
66.249.79.32 - - [21/Jul/2025:18:00:59 +0000] "GET /?h=6570685041960&mod=0319d8c4&uri=category-info.php?detail/33710138 HTTP/1.1" 200 19513 "-" "Mozilla/5.0 (Linux; Android 6.0.1; Nexus 5X Build/MMB29P) AppleWebKit/537.36 (KHTML, like Gecko) Chrome/137.0.7151.103 Mobile Safari/537.36 (compatible; Googlebot/2.1; +http://www.google.com/bot.html)"
216.73.216.223 - - [21/Jul/2025:18:01:02 +0000] "GET /detail/506475954 HTTP/1.1" 404 16415 "-" "Mozilla/5.0 AppleWebKit/537.36 (KHTML, like Gecko; compatible; ClaudeBot/1.0; [email protected])"
216.73.216.223 - - [21/Jul/2025:18:01:05 +0000] "GET /detail/1155942511 HTTP/1.1" 404 16415 "-" "Mozilla/5.0 AppleWebKit/537.36 (KHTML, like Gecko; compatible; ClaudeBot/1.0; [email protected])"
216.73.216.223 - - [21/Jul/2025:18:01:08 +0000] "GET /detail/506596757 HTTP/1.1" 404 16415 "-" "Mozilla/5.0 AppleWebKit/537.36 (KHTML, like Gecko; compatible; ClaudeBot/1.0; [email protected])"
216.73.216.223 - - [21/Jul/2025:18:01:11 +0000] "GET /detail/506622015 HTTP/1.1" 404 16415 "-" "Mozilla/5.0 AppleWebKit/537.36 (KHTML, like Gecko; compatible; ClaudeBot/1.0; [email protected])"
216.73.216.223 - - [21/Jul/2025:18:01:14 +0000] "GET /detail/1155848611 HTTP/1.1" 404 16415 "-" "Mozilla/5.0 AppleWebKit/537.36 (KHTML, like Gecko; compatible; ClaudeBot/1.0; [email protected])"
216.73.216.223 - - [21/Jul/2025:18:01:17 +0000] "GET /detail/1155997657 HTTP/1.1" 404 16415 "-" "Mozilla/5.0 AppleWebKit/537.36 (KHTML, like Gecko; compatible; ClaudeBot/1.0; [email protected])"
216.73.216.223 - - [21/Jul/2025:18:01:20 +0000] "GET /detail/1155768043 HTTP/1.1" 404 16415 "-" "Mozilla/5.0 AppleWebKit/537.36 (KHTML, like Gecko; compatible; ClaudeBot/1.0; [email protected])"
66.249.79.32 - - [21/Jul/2025:18:01:22 +0000] "GET /?h=6570685041960&mod=0319d8c4&uri=category-info.php?detail/33729925 HTTP/1.1" 200 19096 "-" "Mozilla/5.0 (Linux; Android 6.0.1; Nexus 5X Build/MMB29P) AppleWebKit/537.36 (KHTML, like Gecko) Chrome/137.0.7151.103 Mobile Safari/537.36 (compatible; Googlebot/2.1; +http://www.google.com/bot.html)"
216.73.216.223 - - [21/Jul/2025:18:01:23 +0000] "GET /detail/1155752024 HTTP/1.1" 404 16415 "-" "Mozilla/5.0 AppleWebKit/537.36 (KHTML, like Gecko; compatible; ClaudeBot/1.0; [email protected])"
216.73.216.223 - - [21/Jul/2025:18:01:26 +0000] "GET /detail/506733897 HTTP/1.1" 404 16416 "-" "Mozilla/5.0 AppleWebKit/537.36 (KHTML, like Gecko; compatible; ClaudeBot/1.0; [email protected])"
216.73.216.223 - - [21/Jul/2025:18:01:29 +0000] "GET /detail/1155871271 HTTP/1.1" 404 16415 "-" "Mozilla/5.0 AppleWebKit/537.36 (KHTML, like Gecko; compatible; ClaudeBot/1.0; [email protected])"
216.73.216.223 - - [21/Jul/2025:18:01:32 +0000] "GET /detail/1155647112 HTTP/1.1" 404 16415 "-" "Mozilla/5.0 AppleWebKit/537.36 (KHTML, like Gecko; compatible; ClaudeBot/1.0; [email protected])"
216.73.216.223 - - [21/Jul/2025:18:01:36 +0000] "GET /detail/506844497 HTTP/1.1" 404 16415 "-" "Mozilla/5.0 AppleWebKit/537.36 (KHTML, like Gecko; compatible; ClaudeBot/1.0; [email protected])"
216.73.216.223 - - [21/Jul/2025:18:01:38 +0000] "GET /detail/1155841431 HTTP/1.1" 404 16415 "-" "Mozilla/5.0 AppleWebKit/537.36 (KHTML, like Gecko; compatible; ClaudeBot/1.0; [email protected])"
216.73.216.223 - - [21/Jul/2025:18:01:41 +0000] "GET /detail/1155622064 HTTP/1.1" 404 16415 "-" "Mozilla/5.0 AppleWebKit/537.36 (KHTML, like Gecko; compatible; ClaudeBot/1.0; [email protected])"
66.249.79.32 - - [21/Jul/2025:18:01:44 +0000] "GET /?h=6570685041960&mod=0319d8c4&uri=category-info.php?detail/33707263 HTTP/1.1" 200 20878 "-" "Mozilla/5.0 (Linux; Android 6.0.1; Nexus 5X Build/MMB29P) AppleWebKit/537.36 (KHTML, like Gecko) Chrome/137.0.7151.103 Mobile Safari/537.36 (compatible; Googlebot/2.1; +http://www.google.com/bot.html)"
216.73.216.223 - - [21/Jul/2025:18:01:44 +0000] "GET /detail/506564109 HTTP/1.1" 404 16415 "-" "Mozilla/5.0 AppleWebKit/537.36 (KHTML, like Gecko; compatible; ClaudeBot/1.0; [email protected])"
216.73.216.223 - - [21/Jul/2025:18:01:47 +0000] "GET /detail/1155808502 HTTP/1.1" 404 16416 "-" "Mozilla/5.0 AppleWebKit/537.36 (KHTML, like Gecko; compatible; ClaudeBot/1.0; [email protected])"
51.222.253.9 - - [21/Jul/2025:18:01:48 +0000] "GET /?h=4352513081960&uri=products.php%3Fid%3D145269-258%26name%3Dblundstone%201609%20antique%20brown HTTP/1.1" 200 26473 "-" "Mozilla/5.0 (compatible; AhrefsBot/7.0; +http://ahrefs.com/robot/)"
216.73.216.223 - - [21/Jul/2025:18:01:50 +0000] "GET /detail/1155733962 HTTP/1.1" 404 16415 "-" "Mozilla/5.0 AppleWebKit/537.36 (KHTML, like Gecko; compatible; ClaudeBot/1.0; [email protected])"
216.73.216.223 - - [21/Jul/2025:18:01:53 +0000] "GET /detail/1155665320 HTTP/1.1" 404 16415 "-" "Mozilla/5.0 AppleWebKit/537.36 (KHTML, like Gecko; compatible; ClaudeBot/1.0; [email protected])"
216.73.216.223 - - [21/Jul/2025:18:01:56 +0000] "GET /detail/1155836148 HTTP/1.1" 404 16415 "-" "Mozilla/5.0 AppleWebKit/537.36 (KHTML, like Gecko; compatible; ClaudeBot/1.0; [email protected])"
216.73.216.223 - - [21/Jul/2025:18:01:59 +0000] "GET /detail/506784690 HTTP/1.1" 404 16415 "-" "Mozilla/5.0 AppleWebKit/537.36 (KHTML, like Gecko; compatible; ClaudeBot/1.0; [email protected])"
216.73.216.223 - - [21/Jul/2025:18:02:02 +0000] "GET /detail/1155993416 HTTP/1.1" 404 16415 "-" "Mozilla/5.0 AppleWebKit/537.36 (KHTML, like Gecko; compatible; ClaudeBot/1.0; [email protected])"
216.73.216.223 - - [21/Jul/2025:18:02:05 +0000] "GET /detail/1155781946 HTTP/1.1" 404 16415 "-" "Mozilla/5.0 AppleWebKit/537.36 (KHTML, like Gecko; compatible; ClaudeBot/1.0; [email protected])"
66.249.79.32 - - [21/Jul/2025:18:02:06 +0000] "GET /?h=6570685041960&mod=0319d8c4&uri=category-info.php?detail/33726285 HTTP/1.1" 200 20288 "-" "Mozilla/5.0 (Linux; Android 6.0.1; Nexus 5X Build/MMB29P) AppleWebKit/537.36 (KHTML, like Gecko) Chrome/137.0.7151.103 Mobile Safari/537.36 (compatible; Googlebot/2.1; +http://www.google.com/bot.html)"
216.73.216.223 - - [21/Jul/2025:18:02:08 +0000] "GET /detail/1155982808 HTTP/1.1" 404 16415 "-" "Mozilla/5.0 AppleWebKit/537.36 (KHTML, like Gecko; compatible; ClaudeBot/1.0; [email protected])"
216.73.216.223 - - [21/Jul/2025:18:02:11 +0000] "GET /detail/1155962639 HTTP/1.1" 404 16415 "-" "Mozilla/5.0 AppleWebKit/537.36 (KHTML, like Gecko; compatible; ClaudeBot/1.0; [email protected])"
216.73.216.223 - - [21/Jul/2025:18:02:14 +0000] "GET /detail/1155668748 HTTP/1.1" 404 16415 "-" "Mozilla/5.0 AppleWebKit/537.36 (KHTML, like Gecko; compatible; ClaudeBot/1.0; [email protected])"
216.73.216.223 - - [21/Jul/2025:18:02:18 +0000] "GET /detail/945647497 HTTP/1.1" 404 16415 "-" "Mozilla/5.0 AppleWebKit/537.36 (KHTML, like Gecko; compatible; ClaudeBot/1.0; [email protected])"
216.73.216.223 - - [21/Jul/2025:18:02:21 +0000] "GET /detail/945741397 HTTP/1.1" 404 16415 "-" "Mozilla/5.0 AppleWebKit/537.36 (KHTML, like Gecko; compatible; ClaudeBot/1.0; [email protected])"
216.73.216.223 - - [21/Jul/2025:18:02:24 +0000] "GET /detail/506722885 HTTP/1.1" 404 16415 "-" "Mozilla/5.0 AppleWebKit/537.36 (KHTML, like Gecko; compatible; ClaudeBot/1.0; [email protected])"
216.73.216.223 - - [21/Jul/2025:18:02:27 +0000] "GET /detail/506466907 HTTP/1.1" 404 16415 "-" "Mozilla/5.0 AppleWebKit/537.36 (KHTML, like Gecko; compatible; ClaudeBot/1.0; [email protected])"
66.249.79.33 - - [21/Jul/2025:18:02:28 +0000] "GET /?h=6570685041960&mod=0319d8c4&uri=category-info.php?detail/33744770 HTTP/1.1" 200 19339 "-" "Mozilla/5.0 (Linux; Android 6.0.1; Nexus 5X Build/MMB29P) AppleWebKit/537.36 (KHTML, like Gecko) Chrome/137.0.7151.103 Mobile Safari/537.36 (compatible; Googlebot/2.1; +http://www.google.com/bot.html)"
216.73.216.223 - - [21/Jul/2025:18:02:30 +0000] "GET /detail/506533568 HTTP/1.1" 404 16415 "-" "Mozilla/5.0 AppleWebKit/537.36 (KHTML, like Gecko; compatible; ClaudeBot/1.0; [email protected])"
216.73.216.223 - - [21/Jul/2025:18:02:33 +0000] "GET /detail/1155707831 HTTP/1.1" 404 16415 "-" "Mozilla/5.0 AppleWebKit/537.36 (KHTML, like Gecko; compatible; ClaudeBot/1.0; [email protected])"
216.73.216.223 - - [21/Jul/2025:18:02:36 +0000] "GET /detail/1155773322 HTTP/1.1" 404 16415 "-" "Mozilla/5.0 AppleWebKit/537.36 (KHTML, like Gecko; compatible; ClaudeBot/1.0; [email protected])"
216.73.216.223 - - [21/Jul/2025:18:02:39 +0000] "GET /detail/1155916488 HTTP/1.1" 404 16415 "-" "Mozilla/5.0 AppleWebKit/537.36 (KHTML, like Gecko; compatible; ClaudeBot/1.0; [email protected])"
216.73.216.223 - - [21/Jul/2025:18:02:42 +0000] "GET /detail/1155849208 HTTP/1.1" 404 16415 "-" "Mozilla/5.0 AppleWebKit/537.36 (KHTML, like Gecko; compatible; ClaudeBot/1.0; [email protected])"
209.74.77.214 - - [21/Jul/2025:18:02:45 +0000] "POST /wp-cron.php?doing_wp_cron=1753120965.7571749687194824218750 HTTP/1.1" 200 - "-" "WordPress/6.8.2; https://kelaby.company"
216.73.216.223 - - [21/Jul/2025:18:02:45 +0000] "GET /detail/506524475 HTTP/1.1" 404 16415 "-" "Mozilla/5.0 AppleWebKit/537.36 (KHTML, like Gecko; compatible; ClaudeBot/1.0; [email protected])"
216.73.216.223 - - [21/Jul/2025:18:02:48 +0000] "GET /detail/1155774830 HTTP/1.1" 404 16415 "-" "Mozilla/5.0 AppleWebKit/537.36 (KHTML, like Gecko; compatible; ClaudeBot/1.0; [email protected])"
66.249.79.32 - - [21/Jul/2025:18:02:48 +0000] "GET /?h=65824897031960&mod=9b425b22&uri=goods.php?detail/369024640 HTTP/1.1" 200 20411 "-" "Mozilla/5.0 (Linux; Android 6.0.1; Nexus 5X Build/MMB29P) AppleWebKit/537.36 (KHTML, like Gecko) Chrome/137.0.7151.103 Mobile Safari/537.36 (compatible; Googlebot/2.1; +http://www.google.com/bot.html)"
66.249.79.32 - - [21/Jul/2025:18:02:49 +0000] "GET /?h=65824897031960&mod=9b425b22&uri=goods.php?detail/369040588 HTTP/1.1" 200 20033 "-" "Mozilla/5.0 (Linux; Android 6.0.1; Nexus 5X Build/MMB29P) AppleWebKit/537.36 (KHTML, like Gecko) Chrome/137.0.7151.103 Mobile Safari/537.36 (compatible; Googlebot/2.1; +http://www.google.com/bot.html)"
66.249.79.32 - - [21/Jul/2025:18:02:50 +0000] "GET /?h=5876838041960&mod=7530b57b&uri=dp.php%3Fid%3D196252-341%26name%3Dlentes+aviador+antiguos HTTP/1.1" 200 21281 "-" "Mozilla/5.0 (Linux; Android 6.0.1; Nexus 5X Build/MMB29P) AppleWebKit/537.36 (KHTML, like Gecko) Chrome/137.0.7151.103 Mobile Safari/537.36 (compatible; Googlebot/2.1; +http://www.google.com/bot.html)"
216.73.216.223 - - [21/Jul/2025:18:02:51 +0000] "GET /detail/506569854 HTTP/1.1" 404 16415 "-" "Mozilla/5.0 AppleWebKit/537.36 (KHTML, like Gecko; compatible; ClaudeBot/1.0; [email protected])"
216.73.216.223 - - [21/Jul/2025:18:02:54 +0000] "GET /detail/1156128250 HTTP/1.1" 404 16415 "-" "Mozilla/5.0 AppleWebKit/537.36 (KHTML, like Gecko; compatible; ClaudeBot/1.0; [email protected])"
216.73.216.223 - - [21/Jul/2025:18:02:57 +0000] "GET /detail/506586554 HTTP/1.1" 404 16415 "-" "Mozilla/5.0 AppleWebKit/537.36 (KHTML, like Gecko; compatible; ClaudeBot/1.0; [email protected])"
66.249.79.32 - - [21/Jul/2025:18:03:13 +0000] "GET /?h=6570685041960&mod=0319d8c4&uri=category-info.php?product/edit/K2761332210 HTTP/1.1" 200 19329 "-" "Mozilla/5.0 (Linux; Android 6.0.1; Nexus 5X Build/MMB29P) AppleWebKit/537.36 (KHTML, like Gecko) Chrome/137.0.7151.103 Mobile Safari/537.36 (compatible; Googlebot/2.1; +http://www.google.com/bot.html)"
216.73.216.223 - - [21/Jul/2025:18:03:29 +0000] "GET /detail/506443306 HTTP/1.1" 404 16415 "-" "Mozilla/5.0 AppleWebKit/537.36 (KHTML, like Gecko; compatible; ClaudeBot/1.0; [email protected])"
216.73.216.223 - - [21/Jul/2025:18:03:31 +0000] "GET /detail/506733148 HTTP/1.1" 404 16415 "-" "Mozilla/5.0 AppleWebKit/537.36 (KHTML, like Gecko; compatible; ClaudeBot/1.0; [email protected])"
216.73.216.223 - - [21/Jul/2025:18:03:34 +0000] "GET /detail/1155983217 HTTP/1.1" 404 16415 "-" "Mozilla/5.0 AppleWebKit/537.36 (KHTML, like Gecko; compatible; ClaudeBot/1.0; [email protected])"
66.249.79.33 - - [21/Jul/2025:18:03:35 +0000] "GET /?h=6570685041960&mod=0319d8c4&uri=category-info.php?product/edit/K600711897 HTTP/1.1" 200 18628 "-" "Mozilla/5.0 (Linux; Android 6.0.1; Nexus 5X Build/MMB29P) AppleWebKit/537.36 (KHTML, like Gecko) Chrome/137.0.7151.103 Mobile Safari/537.36 (compatible; Googlebot/2.1; +http://www.google.com/bot.html)"
66.249.79.33 - - [21/Jul/2025:18:03:37 +0000] "POST /get-message-notify HTTP/1.1" 200 19447 "https://kelaby.company/?h=6570685041960&mod=0319d8c4&uri=category-info.php?product/edit/K600711897" "Mozilla/5.0 (Linux; Android 6.0.1; Nexus 5X Build/MMB29P) AppleWebKit/537.36 (KHTML, like Gecko) Chrome/137.0.7151.119 Mobile Safari/537.36 (compatible; Googlebot/2.1; +http://www.google.com/bot.html)"
216.73.216.223 - - [21/Jul/2025:18:03:37 +0000] "GET /detail/1155924369 HTTP/1.1" 404 16414 "-" "Mozilla/5.0 AppleWebKit/537.36 (KHTML, like Gecko; compatible; ClaudeBot/1.0; [email protected])"
66.249.79.32 - - [21/Jul/2025:18:03:40 +0000] "POST /get-message-notify HTTP/1.1" 200 19447 "https://kelaby.company/?h=5876838041960&mod=7530b57b&uri=dp.php%3Fid%3D196252-341%26name%3Dlentes+aviador+antiguos" "Mozilla/5.0 (Linux; Android 6.0.1; Nexus 5X Build/MMB29P) AppleWebKit/537.36 (KHTML, like Gecko) Chrome/137.0.7151.119 Mobile Safari/537.36 (compatible; Googlebot/2.1; +http://www.google.com/bot.html)"
216.73.216.223 - - [21/Jul/2025:18:03:40 +0000] "GET /detail/1155921899 HTTP/1.1" 404 16415 "-" "Mozilla/5.0 AppleWebKit/537.36 (KHTML, like Gecko; compatible; ClaudeBot/1.0; [email protected])"
216.73.216.223 - - [21/Jul/2025:18:03:43 +0000] "GET /detail/1156029983 HTTP/1.1" 404 16415 "-" "Mozilla/5.0 AppleWebKit/537.36 (KHTML, like Gecko; compatible; ClaudeBot/1.0; [email protected])"
216.73.216.223 - - [21/Jul/2025:18:03:46 +0000] "GET /detail/1155855170 HTTP/1.1" 404 16415 "-" "Mozilla/5.0 AppleWebKit/537.36 (KHTML, like Gecko; compatible; ClaudeBot/1.0; [email protected])"
216.73.216.223 - - [21/Jul/2025:18:03:49 +0000] "GET /detail/506522960 HTTP/1.1" 404 16415 "-" "Mozilla/5.0 AppleWebKit/537.36 (KHTML, like Gecko; compatible; ClaudeBot/1.0; [email protected])"
216.73.216.223 - - [21/Jul/2025:18:03:52 +0000] "GET /detail/1155602832 HTTP/1.1" 404 16415 "-" "Mozilla/5.0 AppleWebKit/537.36 (KHTML, like Gecko; compatible; ClaudeBot/1.0; [email protected])"
216.73.216.223 - - [21/Jul/2025:18:03:55 +0000] "GET /detail/506548645 HTTP/1.1" 404 16415 "-" "Mozilla/5.0 AppleWebKit/537.36 (KHTML, like Gecko; compatible; ClaudeBot/1.0; [email protected])"
66.249.79.32 - - [21/Jul/2025:18:03:57 +0000] "GET /?h=6570685041960&mod=0319d8c4&uri=category-info.php?product/edit/K3361678508 HTTP/1.1" 200 19122 "-" "Mozilla/5.0 (Linux; Android 6.0.1; Nexus 5X Build/MMB29P) AppleWebKit/537.36 (KHTML, like Gecko) Chrome/137.0.7151.103 Mobile Safari/537.36 (compatible; Googlebot/2.1; +http://www.google.com/bot.html)"
216.73.216.223 - - [21/Jul/2025:18:03:58 +0000] "GET /detail/506685721 HTTP/1.1" 404 16415 "-" "Mozilla/5.0 AppleWebKit/537.36 (KHTML, like Gecko; compatible; ClaudeBot/1.0; [email protected])"
216.73.216.223 - - [21/Jul/2025:18:04:01 +0000] "GET /detail/945852758 HTTP/1.1" 404 16414 "-" "Mozilla/5.0 AppleWebKit/537.36 (KHTML, like Gecko; compatible; ClaudeBot/1.0; [email protected])"
43.130.78.203 - - [21/Jul/2025:18:04:02 +0000] "GET /author/kelaby-company/ HTTP/1.1" 200 16419 "-" "Mozilla/5.0 (iPhone; CPU iPhone OS 13_2_3 like Mac OS X) AppleWebKit/605.1.15 (KHTML, like Gecko) Version/13.0.3 Mobile/15E148 Safari/604.1"
216.73.216.223 - - [21/Jul/2025:18:04:04 +0000] "GET /detail/506710897 HTTP/1.1" 404 16414 "-" "Mozilla/5.0 AppleWebKit/537.36 (KHTML, like Gecko; compatible; ClaudeBot/1.0; [email protected])"
216.73.216.223 - - [21/Jul/2025:18:04:07 +0000] "GET /detail/506403946 HTTP/1.1" 404 16413 "-" "Mozilla/5.0 AppleWebKit/537.36 (KHTML, like Gecko; compatible; ClaudeBot/1.0; [email protected])"
216.73.216.223 - - [21/Jul/2025:18:04:10 +0000] "GET /detail/946074367 HTTP/1.1" 404 16414 "-" "Mozilla/5.0 AppleWebKit/537.36 (KHTML, like Gecko; compatible; ClaudeBot/1.0; [email protected])"
216.73.216.223 - - [21/Jul/2025:18:04:15 +0000] "GET /detail/506549260 HTTP/1.1" 404 16414 "-" "Mozilla/5.0 AppleWebKit/537.36 (KHTML, like Gecko; compatible; ClaudeBot/1.0; [email protected])"
51.222.253.6 - - [21/Jul/2025:18:04:17 +0000] "GET /?h=44301270031960&uri=news.php%3Fid%3D1478473-722%26name%3Dsilver%20world%20jewelry HTTP/1.1" 200 26476 "-" "Mozilla/5.0 (compatible; AhrefsBot/7.0; +http://ahrefs.com/robot/)"
216.73.216.223 - - [21/Jul/2025:18:04:18 +0000] "GET /detail/506310062 HTTP/1.1" 404 16414 "-" "Mozilla/5.0 AppleWebKit/537.36 (KHTML, like Gecko; compatible; ClaudeBot/1.0; [email protected])"
66.249.79.33 - - [21/Jul/2025:18:04:19 +0000] "GET /?h=45599251001960&mod=43e04dd0&uri=article.php?detail/1111156444 HTTP/1.1" 200 19978 "-" "Mozilla/5.0 (Linux; Android 6.0.1; Nexus 5X Build/MMB29P) AppleWebKit/537.36 (KHTML, like Gecko) Chrome/137.0.7151.103 Mobile Safari/537.36 (compatible; Googlebot/2.1; +http://www.google.com/bot.html)"
216.73.216.223 - - [21/Jul/2025:18:04:21 +0000] "GET /detail/506417022 HTTP/1.1" 404 16414 "-" "Mozilla/5.0 AppleWebKit/537.36 (KHTML, like Gecko; compatible; ClaudeBot/1.0; [email protected])"
216.73.216.223 - - [21/Jul/2025:18:04:24 +0000] "GET /detail/945848569 HTTP/1.1" 404 16415 "-" "Mozilla/5.0 AppleWebKit/537.36 (KHTML, like Gecko; compatible; ClaudeBot/1.0; [email protected])"
216.73.216.223 - - [21/Jul/2025:18:04:27 +0000] "GET /detail/945976845 HTTP/1.1" 404 16414 "-" "Mozilla/5.0 AppleWebKit/537.36 (KHTML, like Gecko; compatible; ClaudeBot/1.0; [email protected])"
216.73.216.223 - - [21/Jul/2025:18:04:30 +0000] "GET /detail/945814084 HTTP/1.1" 404 16414 "-" "Mozilla/5.0 AppleWebKit/537.36 (KHTML, like Gecko; compatible; ClaudeBot/1.0; [email protected])"
216.73.216.223 - - [21/Jul/2025:18:04:33 +0000] "GET /detail/506578677 HTTP/1.1" 404 16414 "-" "Mozilla/5.0 AppleWebKit/537.36 (KHTML, like Gecko; compatible; ClaudeBot/1.0; [email protected])"
216.73.216.223 - - [21/Jul/2025:18:04:36 +0000] "GET /detail/945650111 HTTP/1.1" 404 16415 "-" "Mozilla/5.0 AppleWebKit/537.36 (KHTML, like Gecko; compatible; ClaudeBot/1.0; [email protected])"
216.73.216.223 - - [21/Jul/2025:18:04:39 +0000] "GET /detail/945707725 HTTP/1.1" 404 16414 "-" "Mozilla/5.0 AppleWebKit/537.36 (KHTML, like Gecko; compatible; ClaudeBot/1.0; [email protected])"
216.73.216.223 - - [21/Jul/2025:18:04:42 +0000] "GET /detail/506403203 HTTP/1.1" 404 16413 "-" "Mozilla/5.0 AppleWebKit/537.36 (KHTML, like Gecko; compatible; ClaudeBot/1.0; [email protected])"
66.249.79.33 - - [21/Jul/2025:18:04:44 +0000] "GET /?h=45599251001960&mod=43e04dd0&uri=article.php?detail/1111153016 HTTP/1.1" 200 21272 "-" "Mozilla/5.0 (Linux; Android 6.0.1; Nexus 5X Build/MMB29P) AppleWebKit/537.36 (KHTML, like Gecko) Chrome/137.0.7151.103 Mobile Safari/537.36 (compatible; Googlebot/2.1; +http://www.google.com/bot.html)"
209.74.77.214 - - [21/Jul/2025:18:04:45 +0000] "POST /wp-cron.php?doing_wp_cron=1753121085.7179300785064697265625 HTTP/1.1" 200 - "-" "WordPress/6.8.2; https://kelaby.company"
216.73.216.223 - - [21/Jul/2025:18:04:45 +0000] "GET /detail/506460881 HTTP/1.1" 404 16414 "-" "Mozilla/5.0 AppleWebKit/537.36 (KHTML, like Gecko; compatible; ClaudeBot/1.0; [email protected])"
216.73.216.223 - - [21/Jul/2025:18:04:48 +0000] "GET /detail/506788440 HTTP/1.1" 404 16414 "-" "Mozilla/5.0 AppleWebKit/537.36 (KHTML, like Gecko; compatible; ClaudeBot/1.0; [email protected])"
