216.73.216.179 - - [21/Jul/2025:15:13:48 +0000] "GET /detail/948225819 HTTP/1.1" 404 16415 "-" "Mozilla/5.0 AppleWebKit/537.36 (KHTML, like Gecko; compatible; ClaudeBot/1.0; [email protected])"
66.249.79.232 - - [21/Jul/2025:15:13:49 +0000] "GET /?h=35227425011960&mod=a95aa4e6&uri=dp.php?detail/35547786 HTTP/1.1" 200 19768 "-" "Mozilla/5.0 (Linux; Android 6.0.1; Nexus 5X Build/MMB29P) AppleWebKit/537.36 (KHTML, like Gecko) Chrome/137.0.7151.103 Mobile Safari/537.36 (compatible; Googlebot/2.1; +http://www.google.com/bot.html)"
66.249.79.33 - - [21/Jul/2025:15:13:49 +0000] "GET /?h=25188668041960&mod=0cb929ea&uri=brands.php?detail/1668392 HTTP/1.1" 200 19965 "-" "Mozilla/5.0 (Linux; Android 6.0.1; Nexus 5X Build/MMB29P) AppleWebKit/537.36 (KHTML, like Gecko) Chrome/137.0.7151.103 Mobile Safari/537.36 (compatible; Googlebot/2.1; +http://www.google.com/bot.html)"
216.73.216.179 - - [21/Jul/2025:15:13:51 +0000] "GET /detail/948292818 HTTP/1.1" 404 16415 "-" "Mozilla/5.0 AppleWebKit/537.36 (KHTML, like Gecko; compatible; ClaudeBot/1.0; [email protected])"
216.73.216.179 - - [21/Jul/2025:15:13:54 +0000] "GET /detail/948097900 HTTP/1.1" 404 16415 "-" "Mozilla/5.0 AppleWebKit/537.36 (KHTML, like Gecko; compatible; ClaudeBot/1.0; [email protected])"
216.73.216.179 - - [21/Jul/2025:15:13:57 +0000] "GET /detail/948401441 HTTP/1.1" 404 16413 "-" "Mozilla/5.0 AppleWebKit/537.36 (KHTML, like Gecko; compatible; ClaudeBot/1.0; [email protected])"
209.74.77.214 - - [21/Jul/2025:15:14:05 +0000] "POST /wp-cron.php?doing_wp_cron=1753110845.8773329257965087890625 HTTP/1.1" 200 - "-" "WordPress/6.8.2; https://kelaby.company"
47.82.11.65 - - [21/Jul/2025:15:14:05 +0000] "GET /?h=6170947051960&mod=e50bea89&uri=search.php?id%3D206070-296%26name%3Dpal+pal+dil+ke+paas+lyrics+in+hindi HTTP/1.1" 301 - "https://www.kelaby.company/?h=6170947051960&mod=e50bea89&uri=search.php%3Fid%3D206070-296%26name%3Dpal+pal+dil+ke+paas+lyrics+in+hindi" "Mozilla/5.0 (Windows NT 10.0; Win64; x64) AppleWebKit/537.36 (KHTML, like Gecko) Chrome/114.0.0.0 Safari/537.36 Edg/114.0.1823.43"
47.82.11.65 - - [21/Jul/2025:15:14:06 +0000] "GET /?h=6170947051960&mod=e50bea89&uri=search.php?id%3D206070-296%26name%3Dpal%20pal%20dil%20ke%20paas%20lyrics%20in%20hindi HTTP/1.1" 301 - "https://www.kelaby.company/?h=6170947051960&mod=e50bea89&uri=search.php%3Fid%3D206070-296%26name%3Dpal+pal+dil+ke+paas+lyrics+in+hindi" "Mozilla/5.0 (Windows NT 10.0; Win64; x64) AppleWebKit/537.36 (KHTML, like Gecko) Chrome/114.0.0.0 Safari/537.36 Edg/114.0.1823.43"
2a03:2880:f800:f:: - - [21/Jul/2025:15:14:45 +0000] "GET /detail/1296024825 HTTP/1.1" 404 16416 "-" "meta-externalagent/1.1 (+https://developers.facebook.com/docs/sharing/webmasters/crawler)"
216.73.216.179 - - [21/Jul/2025:15:15:05 +0000] "GET /detail/948057114 HTTP/1.1" 404 16415 "-" "Mozilla/5.0 AppleWebKit/537.36 (KHTML, like Gecko; compatible; ClaudeBot/1.0; [email protected])"
216.73.216.179 - - [21/Jul/2025:15:15:08 +0000] "GET /detail/948151425 HTTP/1.1" 404 16415 "-" "Mozilla/5.0 AppleWebKit/537.36 (KHTML, like Gecko; compatible; ClaudeBot/1.0; [email protected])"
216.73.216.179 - - [21/Jul/2025:15:15:11 +0000] "GET /detail/948365509 HTTP/1.1" 404 16415 "-" "Mozilla/5.0 AppleWebKit/537.36 (KHTML, like Gecko; compatible; ClaudeBot/1.0; [email protected])"
13.79.49.60 - - [21/Jul/2025:15:15:12 +0000] "GET /wp-login.php?action=register HTTP/1.1" 302 - "-" "-"
13.79.49.60 - - [21/Jul/2025:15:15:12 +0000] "GET /wp-login.php?registration=disabled HTTP/1.1" 200 2087 "-" "-"
216.73.216.179 - - [21/Jul/2025:15:15:14 +0000] "GET /detail/948395431 HTTP/1.1" 404 16415 "-" "Mozilla/5.0 AppleWebKit/537.36 (KHTML, like Gecko; compatible; ClaudeBot/1.0; [email protected])"
216.73.216.179 - - [21/Jul/2025:15:15:17 +0000] "GET /detail/948456749 HTTP/1.1" 404 16415 "-" "Mozilla/5.0 AppleWebKit/537.36 (KHTML, like Gecko; compatible; ClaudeBot/1.0; [email protected])"
13.79.49.60 - - [21/Jul/2025:15:15:21 +0000] "GET /wp-login.php?action=register HTTP/1.1" 302 - "-" "-"
13.79.49.60 - - [21/Jul/2025:15:15:21 +0000] "GET /wp-login.php?registration=disabled HTTP/1.1" 200 2087 "-" "-"
13.79.49.60 - - [21/Jul/2025:15:15:23 +0000] "GET /wp-login.php HTTP/1.1" 200 2014 "-" "-"
2a03:2880:f800:17:: - - [21/Jul/2025:15:15:52 +0000] "GET /detail/1296068374 HTTP/1.1" 404 16415 "-" "meta-externalagent/1.1 (+https://developers.facebook.com/docs/sharing/webmasters/crawler)"
66.249.79.230 - - [21/Jul/2025:15:15:57 +0000] "GET /?h=84629340041960&mod=8c76acf2&uri=news.php?detail/3527253 HTTP/1.1" 200 19301 "-" "Mozilla/5.0 (Linux; Android 6.0.1; Nexus 5X Build/MMB29P) AppleWebKit/537.36 (KHTML, like Gecko) Chrome/137.0.7151.103 Mobile Safari/537.36 (compatible; Googlebot/2.1; +http://www.google.com/bot.html)"
2a03:2880:f800:d:: - - [21/Jul/2025:15:16:58 +0000] "GET /detail/1295869132 HTTP/1.1" 404 16415 "-" "meta-externalagent/1.1 (+https://developers.facebook.com/docs/sharing/webmasters/crawler)"
13.79.49.60 - - [21/Jul/2025:15:17:20 +0000] "GET /wp-admin/ HTTP/1.1" 302 - "-" "-"
13.79.49.60 - - [21/Jul/2025:15:17:20 +0000] "GET /wp-login.php?redirect_to=https%3A%2F%2Fkelaby.company%2Fwp-admin%2F&reauth=1 HTTP/1.1" 200 2014 "-" "-"
216.73.216.179 - - [21/Jul/2025:15:17:33 +0000] "GET /detail/948009539 HTTP/1.1" 404 16415 "-" "Mozilla/5.0 AppleWebKit/537.36 (KHTML, like Gecko; compatible; ClaudeBot/1.0; [email protected])"
216.73.216.179 - - [21/Jul/2025:15:17:36 +0000] "GET /detail/948438541 HTTP/1.1" 404 16415 "-" "Mozilla/5.0 AppleWebKit/537.36 (KHTML, like Gecko; compatible; ClaudeBot/1.0; [email protected])"
216.73.216.179 - - [21/Jul/2025:15:17:39 +0000] "GET /detail/948431473 HTTP/1.1" 404 16414 "-" "Mozilla/5.0 AppleWebKit/537.36 (KHTML, like Gecko; compatible; ClaudeBot/1.0; [email protected])"
216.73.216.179 - - [21/Jul/2025:15:17:42 +0000] "GET /detail/948037185 HTTP/1.1" 404 16415 "-" "Mozilla/5.0 AppleWebKit/537.36 (KHTML, like Gecko; compatible; ClaudeBot/1.0; [email protected])"
216.73.216.179 - - [21/Jul/2025:15:17:45 +0000] "GET /detail/948208500 HTTP/1.1" 404 16415 "-" "Mozilla/5.0 AppleWebKit/537.36 (KHTML, like Gecko; compatible; ClaudeBot/1.0; [email protected])"
209.74.77.214 - - [21/Jul/2025:15:18:06 +0000] "POST /wp-cron.php?doing_wp_cron=1753111086.4185009002685546875000 HTTP/1.1" 200 - "-" "WordPress/6.8.2; https://kelaby.company"
2a03:2880:f800:1b:: - - [21/Jul/2025:15:18:06 +0000] "GET /detail/1295716300 HTTP/1.1" 404 16415 "-" "meta-externalagent/1.1 (+https://developers.facebook.com/docs/sharing/webmasters/crawler)"
51.222.253.4 - - [21/Jul/2025:15:18:26 +0000] "GET /?h=100815549001960&mod=fb599e88&uri=shared.php%3Fid%3D3364489-428%26name%3Dnew+era+york+yankees+navy+icon+59fifty+fitted+hat HTTP/1.1" 301 - "-" "Mozilla/5.0 (compatible; AhrefsBot/7.0; +http://ahrefs.com/robot/)"
66.249.79.230 - - [21/Jul/2025:15:18:48 +0000] "GET /?h=5747907041960&mod=60b7f5df&uri=blog.php?detail/7311037 HTTP/1.1" 200 20994 "-" "Mozilla/5.0 (Linux; Android 6.0.1; Nexus 5X Build/MMB29P) AppleWebKit/537.36 (KHTML, like Gecko) Chrome/137.0.7151.103 Mobile Safari/537.36 (compatible; Googlebot/2.1; +http://www.google.com/bot.html)"
66.249.79.232 - - [21/Jul/2025:15:18:49 +0000] "GET /?h=6126185031960&mod=e1029434&uri=pin.php?feature/sale2411-5/index.html HTTP/1.1" 200 22229 "-" "Mozilla/5.0 (Linux; Android 6.0.1; Nexus 5X Build/MMB29P) AppleWebKit/537.36 (KHTML, like Gecko) Chrome/137.0.7151.103 Mobile Safari/537.36 (compatible; Googlebot/2.1; +http://www.google.com/bot.html)"
66.249.79.37 - - [21/Jul/2025:15:18:49 +0000] "GET /?h=6289162131960&mod=2076b5ab&uri=brands.php?detail/38735506 HTTP/1.1" 200 20604 "-" "Mozilla/5.0 (Linux; Android 6.0.1; Nexus 5X Build/MMB29P) AppleWebKit/537.36 (KHTML, like Gecko) Chrome/137.0.7151.103 Mobile Safari/537.36 (compatible; Googlebot/2.1; +http://www.google.com/bot.html)"
66.249.79.232 - - [21/Jul/2025:15:18:49 +0000] "GET /?h=36364990021960&mod=4b3da53a&uri=products.php?detail/36673783 HTTP/1.1" 200 19280 "-" "Mozilla/5.0 (Linux; Android 6.0.1; Nexus 5X Build/MMB29P) AppleWebKit/537.36 (KHTML, like Gecko) Chrome/137.0.7151.103 Mobile Safari/537.36 (compatible; Googlebot/2.1; +http://www.google.com/bot.html)"
66.249.79.232 - - [21/Jul/2025:15:18:49 +0000] "GET /?h=6039474011960&mod=7a7338ef&uri=itm.php%3Fid%3D201679-347%26name%3Dsweat+jaune+a+capuche HTTP/1.1" 200 21324 "-" "Mozilla/5.0 (Linux; Android 6.0.1; Nexus 5X Build/MMB29P) AppleWebKit/537.36 (KHTML, like Gecko) Chrome/137.0.7151.103 Mobile Safari/537.36 (compatible; Googlebot/2.1; +http://www.google.com/bot.html)"
216.73.216.179 - - [21/Jul/2025:15:18:51 +0000] "GET /detail/948321979 HTTP/1.1" 404 16413 "-" "Mozilla/5.0 AppleWebKit/537.36 (KHTML, like Gecko; compatible; ClaudeBot/1.0; [email protected])"
66.249.79.232 - - [21/Jul/2025:15:18:51 +0000] "POST /get-message-notify HTTP/1.1" 200 19474 "https://www.kelaby.company/?h=6039474011960&mod=7a7338ef&uri=itm.php%3Fid%3D201679-347%26name%3Dsweat+jaune+a+capuche" "Mozilla/5.0 (Linux; Android 6.0.1; Nexus 5X Build/MMB29P) AppleWebKit/537.36 (KHTML, like Gecko) Chrome/137.0.7151.119 Mobile Safari/537.36 (compatible; Googlebot/2.1; +http://www.google.com/bot.html)"
216.73.216.179 - - [21/Jul/2025:15:18:53 +0000] "GET /detail/948031175 HTTP/1.1" 404 16415 "-" "Mozilla/5.0 AppleWebKit/537.36 (KHTML, like Gecko; compatible; ClaudeBot/1.0; [email protected])"
216.73.216.179 - - [21/Jul/2025:15:18:56 +0000] "GET /detail/948103926 HTTP/1.1" 404 16415 "-" "Mozilla/5.0 AppleWebKit/537.36 (KHTML, like Gecko; compatible; ClaudeBot/1.0; [email protected])"
216.73.216.179 - - [21/Jul/2025:15:18:59 +0000] "GET /detail/948008856 HTTP/1.1" 404 16415 "-" "Mozilla/5.0 AppleWebKit/537.36 (KHTML, like Gecko; compatible; ClaudeBot/1.0; [email protected])"
209.74.77.214 - - [21/Jul/2025:15:19:03 +0000] "POST /wp-cron.php?doing_wp_cron=1753111143.1368100643157958984375 HTTP/1.1" 200 - "-" "WordPress/6.8.2; https://kelaby.company"
216.73.216.179 - - [21/Jul/2025:15:19:02 +0000] "GET /detail/948445312 HTTP/1.1" 404 16415 "-" "Mozilla/5.0 AppleWebKit/537.36 (KHTML, like Gecko; compatible; ClaudeBot/1.0; [email protected])"
2a03:2880:f800:f:: - - [21/Jul/2025:15:19:12 +0000] "GET /detail/1295741137 HTTP/1.1" 404 16415 "-" "meta-externalagent/1.1 (+https://developers.facebook.com/docs/sharing/webmasters/crawler)"
66.249.79.231 - - [21/Jul/2025:15:19:32 +0000] "GET /?h=5743745031960&mod=60b7f5df&uri=news.php?detail/1644174 HTTP/1.1" 200 19476 "-" "Mozilla/5.0 (Linux; Android 6.0.1; Nexus 5X Build/MMB29P) AppleWebKit/537.36 (KHTML, like Gecko) Chrome/137.0.7151.103 Mobile Safari/537.36 (compatible; Googlebot/2.1; +http://www.google.com/bot.html)"
209.74.77.214 - - [21/Jul/2025:15:20:20 +0000] "POST /wp-cron.php?doing_wp_cron=1753111220.8267610073089599609375 HTTP/1.1" 200 - "-" "WordPress/6.8.2; https://kelaby.company"
2a03:2880:f800:11:: - - [21/Jul/2025:15:20:19 +0000] "GET /detail/1296008548 HTTP/1.1" 404 16415 "-" "meta-externalagent/1.1 (+https://developers.facebook.com/docs/sharing/webmasters/crawler)"
66.249.79.232 - - [21/Jul/2025:15:20:58 +0000] "GET /?h=5935001121960&mod=be8e1862&uri=search.php?product/edit/K1531982822 HTTP/1.1" 200 19662 "-" "Mozilla/5.0 (Linux; Android 6.0.1; Nexus 5X Build/MMB29P) AppleWebKit/537.36 (KHTML, like Gecko) Chrome/137.0.7151.103 Mobile Safari/537.36 (compatible; Googlebot/2.1; +http://www.google.com/bot.html)"
209.74.77.214 - - [21/Jul/2025:15:21:03 +0000] "POST /wp-cron.php?doing_wp_cron=1753111263.6449348926544189453125 HTTP/1.1" 200 - "-" "WordPress/6.8.2; https://kelaby.company"
216.73.216.179 - - [21/Jul/2025:15:21:02 +0000] "GET /detail/948027747 HTTP/1.1" 404 16415 "-" "Mozilla/5.0 AppleWebKit/537.36 (KHTML, like Gecko; compatible; ClaudeBot/1.0; [email protected])"
216.73.216.179 - - [21/Jul/2025:15:21:05 +0000] "GET /detail/948158813 HTTP/1.1" 404 16414 "-" "Mozilla/5.0 AppleWebKit/537.36 (KHTML, like Gecko; compatible; ClaudeBot/1.0; [email protected])"
216.73.216.179 - - [21/Jul/2025:15:21:08 +0000] "GET /detail/948154572 HTTP/1.1" 404 16414 "-" "Mozilla/5.0 AppleWebKit/537.36 (KHTML, like Gecko; compatible; ClaudeBot/1.0; [email protected])"
216.73.216.179 - - [21/Jul/2025:15:21:11 +0000] "GET /detail/948099264 HTTP/1.1" 404 16415 "-" "Mozilla/5.0 AppleWebKit/537.36 (KHTML, like Gecko; compatible; ClaudeBot/1.0; [email protected])"
216.73.216.179 - - [21/Jul/2025:15:21:14 +0000] "GET /detail/948073894 HTTP/1.1" 404 16415 "-" "Mozilla/5.0 AppleWebKit/537.36 (KHTML, like Gecko; compatible; ClaudeBot/1.0; [email protected])"
40.77.167.26 - - [21/Jul/2025:15:21:17 +0000] "GET /cd.html HTTP/1.1" 200 18974 "-" "Mozilla/5.0 AppleWebKit/537.36 (KHTML, like Gecko; compatible; bingbot/2.0; +http://www.bing.com/bingbot.htm) Chrome/116.0.1938.76 Safari/537.36"
2a03:2880:f800:4:: - - [21/Jul/2025:15:21:25 +0000] "GET /detail/1295889388 HTTP/1.1" 404 16415 "-" "meta-externalagent/1.1 (+https://developers.facebook.com/docs/sharing/webmasters/crawler)"
66.249.79.37 - - [21/Jul/2025:15:21:41 +0000] "GET /?pcmypage?callback=/product%2Fdetail%2F6413126062960 HTTP/1.1" 200 20969 "-" "Mozilla/5.0 (Linux; Android 6.0.1; Nexus 5X Build/MMB29P) AppleWebKit/537.36 (KHTML, like Gecko) Chrome/137.0.7151.103 Mobile Safari/537.36 (compatible; Googlebot/2.1; +http://www.google.com/bot.html)"
66.249.79.230 - - [21/Jul/2025:15:21:42 +0000] "GET /?h=35206575021960&mod=6f08b009&uri=product.php?detail/1036200377 HTTP/1.1" 200 20600 "-" "Mozilla/5.0 (Linux; Android 6.0.1; Nexus 5X Build/MMB29P) AppleWebKit/537.36 (KHTML, like Gecko) Chrome/137.0.7151.103 Mobile Safari/537.36 (compatible; Googlebot/2.1; +http://www.google.com/bot.html)"
66.249.79.231 - - [21/Jul/2025:15:22:25 +0000] "GET /?h=5695947041960&mod=2076b5ab&uri=product.php?detail/34528700 HTTP/1.1" 200 19525 "-" "Mozilla/5.0 (Linux; Android 6.0.1; Nexus 5X Build/MMB29P) AppleWebKit/537.36 (KHTML, like Gecko) Chrome/137.0.7151.103 Mobile Safari/537.36 (compatible; Googlebot/2.1; +http://www.google.com/bot.html)"
66.249.79.33 - - [21/Jul/2025:15:22:25 +0000] "GET /?h=6289162131960&mod=2076b5ab&uri=brands.php?detail/38719555 HTTP/1.1" 200 20425 "-" "Mozilla/5.0 (Linux; Android 6.0.1; Nexus 5X Build/MMB29P) AppleWebKit/537.36 (KHTML, like Gecko) Chrome/137.0.7151.103 Mobile Safari/537.36 (compatible; Googlebot/2.1; +http://www.google.com/bot.html)"
66.249.79.230 - - [21/Jul/2025:15:22:27 +0000] "POST /get-message-notify HTTP/1.1" 200 19474 "https://www.kelaby.company/?h=5695947041960&mod=2076b5ab&uri=product.php?detail/34528700" "Mozilla/5.0 (Linux; Android 6.0.1; Nexus 5X Build/MMB29P) AppleWebKit/537.36 (KHTML, like Gecko) Chrome/137.0.7151.119 Mobile Safari/537.36 (compatible; Googlebot/2.1; +http://www.google.com/bot.html)"
209.74.77.214 - - [21/Jul/2025:15:22:33 +0000] "POST /wp-cron.php?doing_wp_cron=1753111353.0589909553527832031250 HTTP/1.1" 200 - "-" "WordPress/6.8.2; https://kelaby.company"
2a03:2880:f800:5:: - - [21/Jul/2025:15:22:32 +0000] "GET /detail/1295784814 HTTP/1.1" 404 16415 "-" "meta-externalagent/1.1 (+https://developers.facebook.com/docs/sharing/webmasters/crawler)"
209.74.77.214 - - [21/Jul/2025:15:23:08 +0000] "POST /wp-cron.php?doing_wp_cron=1753111388.6432669162750244140625 HTTP/1.1" 200 - "-" "WordPress/6.8.2; https://kelaby.company"
216.73.216.179 - - [21/Jul/2025:15:23:07 +0000] "GET /detail/948086467 HTTP/1.1" 404 16415 "-" "Mozilla/5.0 AppleWebKit/537.36 (KHTML, like Gecko; compatible; ClaudeBot/1.0; [email protected])"
216.73.216.179 - - [21/Jul/2025:15:23:10 +0000] "GET /detail/948137598 HTTP/1.1" 404 16415 "-" "Mozilla/5.0 AppleWebKit/537.36 (KHTML, like Gecko; compatible; ClaudeBot/1.0; [email protected])"
216.73.216.179 - - [21/Jul/2025:15:23:13 +0000] "GET /detail/948065656 HTTP/1.1" 404 16415 "-" "Mozilla/5.0 AppleWebKit/537.36 (KHTML, like Gecko; compatible; ClaudeBot/1.0; [email protected])"
216.73.216.179 - - [21/Jul/2025:15:23:16 +0000] "GET /detail/948392881 HTTP/1.1" 404 16415 "-" "Mozilla/5.0 AppleWebKit/537.36 (KHTML, like Gecko; compatible; ClaudeBot/1.0; [email protected])"
216.73.216.179 - - [21/Jul/2025:15:23:19 +0000] "GET /detail/948275101 HTTP/1.1" 404 16415 "-" "Mozilla/5.0 AppleWebKit/537.36 (KHTML, like Gecko; compatible; ClaudeBot/1.0; [email protected])"
2a03:2880:f800:11:: - - [21/Jul/2025:15:23:38 +0000] "GET /detail/1295994581 HTTP/1.1" 404 16415 "-" "meta-externalagent/1.1 (+https://developers.facebook.com/docs/sharing/webmasters/crawler)"
66.249.79.232 - - [21/Jul/2025:15:23:51 +0000] "GET /?h=5935001121960&mod=be8e1862&uri=search.php?detail/37792861 HTTP/1.1" 200 19818 "-" "Mozilla/5.0 (Linux; Android 6.0.1; Nexus 5X Build/MMB29P) AppleWebKit/537.36 (KHTML, like Gecko) Chrome/137.0.7151.103 Mobile Safari/537.36 (compatible; Googlebot/2.1; +http://www.google.com/bot.html)"
66.249.79.230 - - [21/Jul/2025:15:23:51 +0000] "GET /?h=65725033041960&mod=09662890&uri=news.php?detail/34897648 HTTP/1.1" 200 19299 "-" "Mozilla/5.0 (Linux; Android 6.0.1; Nexus 5X Build/MMB29P) AppleWebKit/537.36 (KHTML, like Gecko) Chrome/137.0.7151.103 Mobile Safari/537.36 (compatible; Googlebot/2.1; +http://www.google.com/bot.html)"
66.249.79.232 - - [21/Jul/2025:15:23:52 +0000] "GET /?h=5695947041960&mod=2076b5ab&uri=product.php?detail/38831666 HTTP/1.1" 200 19210 "-" "Mozilla/5.0 (Linux; Android 6.0.1; Nexus 5X Build/MMB29P) AppleWebKit/537.36 (KHTML, like Gecko) Chrome/137.0.7151.103 Mobile Safari/537.36 (compatible; Googlebot/2.1; +http://www.google.com/bot.html)"
66.249.79.230 - - [21/Jul/2025:15:23:52 +0000] "GET /?h=35227425011960&mod=a95aa4e6&uri=dp.php?detail/35547509 HTTP/1.1" 200 19339 "-" "Mozilla/5.0 (Linux; Android 6.0.1; Nexus 5X Build/MMB29P) AppleWebKit/537.36 (KHTML, like Gecko) Chrome/137.0.7151.103 Mobile Safari/537.36 (compatible; Googlebot/2.1; +http://www.google.com/bot.html)"
66.249.79.230 - - [21/Jul/2025:15:23:53 +0000] "POST /get-message-notify HTTP/1.1" 200 19474 "https://www.kelaby.company/?h=5935001121960&mod=be8e1862&uri=search.php?detail/37792861" "Mozilla/5.0 (Linux; Android 6.0.1; Nexus 5X Build/MMB29P) AppleWebKit/537.36 (KHTML, like Gecko) Chrome/137.0.7151.119 Mobile Safari/537.36 (compatible; Googlebot/2.1; +http://www.google.com/bot.html)"
209.74.77.214 - - [21/Jul/2025:15:24:16 +0000] "POST /wp-cron.php?doing_wp_cron=1753111456.7011330127716064453125 HTTP/1.1" 200 - "-" "WordPress/6.8.2; https://kelaby.company"
216.73.216.179 - - [21/Jul/2025:15:24:16 +0000] "GET /detail/948346149 HTTP/1.1" 404 16415 "-" "Mozilla/5.0 AppleWebKit/537.36 (KHTML, like Gecko; compatible; ClaudeBot/1.0; [email protected])"
216.73.216.179 - - [21/Jul/2025:15:24:19 +0000] "GET /detail/948218703 HTTP/1.1" 404 16415 "-" "Mozilla/5.0 AppleWebKit/537.36 (KHTML, like Gecko; compatible; ClaudeBot/1.0; [email protected])"
216.73.216.179 - - [21/Jul/2025:15:24:22 +0000] "GET /detail/948441139 HTTP/1.1" 404 16415 "-" "Mozilla/5.0 AppleWebKit/537.36 (KHTML, like Gecko; compatible; ClaudeBot/1.0; [email protected])"
216.73.216.179 - - [21/Jul/2025:15:24:25 +0000] "GET /detail/948325875 HTTP/1.1" 404 16415 "-" "Mozilla/5.0 AppleWebKit/537.36 (KHTML, like Gecko; compatible; ClaudeBot/1.0; [email protected])"
216.73.216.179 - - [21/Jul/2025:15:24:28 +0000] "GET /detail/948407467 HTTP/1.1" 404 16415 "-" "Mozilla/5.0 AppleWebKit/537.36 (KHTML, like Gecko; compatible; ClaudeBot/1.0; [email protected])"
66.249.79.230 - - [21/Jul/2025:15:24:45 +0000] "POST /get-message-notify HTTP/1.1" 200 19474 "https://www.kelaby.company/?h=65725033041960&mod=09662890&uri=news.php?detail/34897648" "Mozilla/5.0 (Linux; Android 6.0.1; Nexus 5X Build/MMB29P) AppleWebKit/537.36 (KHTML, like Gecko) Chrome/137.0.7151.119 Mobile Safari/537.36 (compatible; Googlebot/2.1; +http://www.google.com/bot.html)"
2a03:2880:f800:: - - [21/Jul/2025:15:24:45 +0000] "GET /detail/672673000 HTTP/1.1" 404 16415 "-" "meta-externalagent/1.1 (+https://developers.facebook.com/docs/sharing/webmasters/crawler)"
209.74.77.214 - - [21/Jul/2025:15:25:52 +0000] "POST /wp-cron.php?doing_wp_cron=1753111552.1336579322814941406250 HTTP/1.1" 200 - "-" "WordPress/6.8.2; https://kelaby.company"
216.73.216.179 - - [21/Jul/2025:15:25:50 +0000] "GET /detail/948358185 HTTP/1.1" 404 16415 "-" "Mozilla/5.0 AppleWebKit/537.36 (KHTML, like Gecko; compatible; ClaudeBot/1.0; [email protected])"
216.73.216.179 - - [21/Jul/2025:15:25:53 +0000] "GET /detail/948452700 HTTP/1.1" 404 16415 "-" "Mozilla/5.0 AppleWebKit/537.36 (KHTML, like Gecko; compatible; ClaudeBot/1.0; [email protected])"
216.73.216.179 - - [21/Jul/2025:15:25:56 +0000] "GET /detail/948404588 HTTP/1.1" 404 16415 "-" "Mozilla/5.0 AppleWebKit/537.36 (KHTML, like Gecko; compatible; ClaudeBot/1.0; [email protected])"
216.73.216.179 - - [21/Jul/2025:15:25:59 +0000] "GET /detail/948214526 HTTP/1.1" 404 16414 "-" "Mozilla/5.0 AppleWebKit/537.36 (KHTML, like Gecko; compatible; ClaudeBot/1.0; [email protected])"
209.74.77.214 - - [21/Jul/2025:15:26:03 +0000] "POST /wp-cron.php?doing_wp_cron=1753111562.9289169311523437500000 HTTP/1.1" 200 - "-" "WordPress/6.8.2; https://kelaby.company"
216.73.216.179 - - [21/Jul/2025:15:26:02 +0000] "GET /detail/948054239 HTTP/1.1" 404 16415 "-" "Mozilla/5.0 AppleWebKit/537.36 (KHTML, like Gecko; compatible; ClaudeBot/1.0; [email protected])"
66.249.79.232 - - [21/Jul/2025:15:26:52 +0000] "GET /?h=5800208041960&mod=9bbcf8c9&uri=us.php?detail/34551344 HTTP/1.1" 200 20719 "-" "Mozilla/5.0 (Linux; Android 6.0.1; Nexus 5X Build/MMB29P) AppleWebKit/537.36 (KHTML, like Gecko) Chrome/137.0.7151.103 Mobile Safari/537.36 (compatible; Googlebot/2.1; +http://www.google.com/bot.html)"
66.249.79.234 - - [21/Jul/2025:15:27:35 +0000] "GET /?h=6122315071960&mod=e1029434&uri=article.php?detail/672216096 HTTP/1.1" 200 20308 "-" "Mozilla/5.0 (Linux; Android 6.0.1; Nexus 5X Build/MMB29P) AppleWebKit/537.36 (KHTML, like Gecko) Chrome/137.0.7151.103 Mobile Safari/537.36 (compatible; Googlebot/2.1; +http://www.google.com/bot.html)"
66.249.79.233 - - [21/Jul/2025:15:27:37 +0000] "GET /?h=5695947041960&mod=2076b5ab&uri=product.php?detail/38831261 HTTP/1.1" 200 21654 "-" "Mozilla/5.0 (Linux; Android 6.0.1; Nexus 5X Build/MMB29P) AppleWebKit/537.36 (KHTML, like Gecko) Chrome/137.0.7151.103 Mobile Safari/537.36 (compatible; Googlebot/2.1; +http://www.google.com/bot.html)"
66.249.79.232 - - [21/Jul/2025:15:27:37 +0000] "GET /?h=86519886011960&mod=43e04dd0&uri=category-info.php?detail/34386393 HTTP/1.1" 200 20000 "-" "Mozilla/5.0 (Linux; Android 6.0.1; Nexus 5X Build/MMB29P) AppleWebKit/537.36 (KHTML, like Gecko) Chrome/137.0.7151.103 Mobile Safari/537.36 (compatible; Googlebot/2.1; +http://www.google.com/bot.html)"
216.73.216.179 - - [21/Jul/2025:15:28:22 +0000] "GET /detail/948217060 HTTP/1.1" 404 16415 "-" "Mozilla/5.0 AppleWebKit/537.36 (KHTML, like Gecko; compatible; ClaudeBot/1.0; [email protected])"
216.73.216.179 - - [21/Jul/2025:15:28:24 +0000] "GET /detail/948062525 HTTP/1.1" 404 16415 "-" "Mozilla/5.0 AppleWebKit/537.36 (KHTML, like Gecko; compatible; ClaudeBot/1.0; [email protected])"
216.73.216.179 - - [21/Jul/2025:15:28:27 +0000] "GET /detail/947965259 HTTP/1.1" 404 16414 "-" "Mozilla/5.0 AppleWebKit/537.36 (KHTML, like Gecko; compatible; ClaudeBot/1.0; [email protected])"
216.73.216.179 - - [21/Jul/2025:15:28:30 +0000] "GET /detail/948120139 HTTP/1.1" 404 16415 "-" "Mozilla/5.0 AppleWebKit/537.36 (KHTML, like Gecko; compatible; ClaudeBot/1.0; [email protected])"
216.73.216.179 - - [21/Jul/2025:15:28:33 +0000] "GET /detail/948320142 HTTP/1.1" 404 16415 "-" "Mozilla/5.0 AppleWebKit/537.36 (KHTML, like Gecko; compatible; ClaudeBot/1.0; [email protected])"
209.74.77.214 - - [21/Jul/2025:15:29:13 +0000] "POST /wp-cron.php?doing_wp_cron=1753111753.6304750442504882812500 HTTP/1.1" 200 - "-" "WordPress/6.8.2; https://kelaby.company"
2a03:2880:f800:b:: - - [21/Jul/2025:15:29:12 +0000] "GET /detail/1295730886 HTTP/1.1" 404 16415 "-" "meta-externalagent/1.1 (+https://developers.facebook.com/docs/sharing/webmasters/crawler)"
216.73.216.179 - - [21/Jul/2025:15:29:37 +0000] "GET /detail/948230739 HTTP/1.1" 404 16415 "-" "Mozilla/5.0 AppleWebKit/537.36 (KHTML, like Gecko; compatible; ClaudeBot/1.0; [email protected])"
216.73.216.179 - - [21/Jul/2025:15:29:40 +0000] "GET /detail/948014946 HTTP/1.1" 404 16415 "-" "Mozilla/5.0 AppleWebKit/537.36 (KHTML, like Gecko; compatible; ClaudeBot/1.0; [email protected])"
216.73.216.179 - - [21/Jul/2025:15:29:43 +0000] "GET /detail/947976692 HTTP/1.1" 404 16415 "-" "Mozilla/5.0 AppleWebKit/537.36 (KHTML, like Gecko; compatible; ClaudeBot/1.0; [email protected])"
66.249.79.232 - - [21/Jul/2025:15:29:45 +0000] "GET /?h=5827998031960&mod=333d6beb&uri=dp.php?detail/1661621 HTTP/1.1" 200 23433 "-" "Mozilla/5.0 (Linux; Android 6.0.1; Nexus 5X Build/MMB29P) AppleWebKit/537.36 (KHTML, like Gecko) Chrome/137.0.7151.103 Mobile Safari/537.36 (compatible; Googlebot/2.1; +http://www.google.com/bot.html)"
66.249.79.234 - - [21/Jul/2025:15:29:45 +0000] "GET /?h=6220506021960&mod=acac6e55&uri=goods.php?detail/671267700 HTTP/1.1" 200 19545 "-" "Mozilla/5.0 (Linux; Android 6.0.1; Nexus 5X Build/MMB29P) AppleWebKit/537.36 (KHTML, like Gecko) Chrome/137.0.7151.103 Mobile Safari/537.36 (compatible; Googlebot/2.1; +http://www.google.com/bot.html)"
66.249.79.233 - - [21/Jul/2025:15:29:45 +0000] "GET /?h=5935001121960&mod=be8e1862&uri=search.php?detail/37744749 HTTP/1.1" 200 19633 "-" "Mozilla/5.0 (Linux; Android 6.0.1; Nexus 5X Build/MMB29P) AppleWebKit/537.36 (KHTML, like Gecko) Chrome/137.0.7151.103 Mobile Safari/537.36 (compatible; Googlebot/2.1; +http://www.google.com/bot.html)"
66.249.79.234 - - [21/Jul/2025:15:29:45 +0000] "GET /?h=5848071031960&mod=333d6beb&uri=shop.php?detail/1649907 HTTP/1.1" 200 24877 "-" "Mozilla/5.0 (Linux; Android 6.0.1; Nexus 5X Build/MMB29P) AppleWebKit/537.36 (KHTML, like Gecko) Chrome/137.0.7151.103 Mobile Safari/537.36 (compatible; Googlebot/2.1; +http://www.google.com/bot.html)"
216.73.216.179 - - [21/Jul/2025:15:29:46 +0000] "GET /detail/948298844 HTTP/1.1" 404 16415 "-" "Mozilla/5.0 AppleWebKit/537.36 (KHTML, like Gecko; compatible; ClaudeBot/1.0; [email protected])"
66.249.79.234 - - [21/Jul/2025:15:29:47 +0000] "POST /get-message-notify HTTP/1.1" 200 19474 "https://www.kelaby.company/?h=5935001121960&mod=be8e1862&uri=search.php?detail/37744749" "Mozilla/5.0 (Linux; Android 6.0.1; Nexus 5X Build/MMB29P) AppleWebKit/537.36 (KHTML, like Gecko) Chrome/137.0.7151.119 Mobile Safari/537.36 (compatible; Googlebot/2.1; +http://www.google.com/bot.html)"
66.249.79.233 - - [21/Jul/2025:15:29:49 +0000] "POST /get-message-notify HTTP/1.1" 200 19474 "https://www.kelaby.company/?h=5827998031960&mod=333d6beb&uri=dp.php?detail/1661621" "Mozilla/5.0 (Linux; Android 6.0.1; Nexus 5X Build/MMB29P) AppleWebKit/537.36 (KHTML, like Gecko) Chrome/137.0.7151.119 Mobile Safari/537.36 (compatible; Googlebot/2.1; +http://www.google.com/bot.html)"
216.73.216.179 - - [21/Jul/2025:15:29:49 +0000] "GET /detail/948202556 HTTP/1.1" 404 16414 "-" "Mozilla/5.0 AppleWebKit/537.36 (KHTML, like Gecko; compatible; ClaudeBot/1.0; [email protected])"
216.73.216.179 - - [21/Jul/2025:15:29:52 +0000] "GET /detail/948016671 HTTP/1.1" 404 16415 "-" "Mozilla/5.0 AppleWebKit/537.36 (KHTML, like Gecko; compatible; ClaudeBot/1.0; [email protected])"
216.73.216.179 - - [21/Jul/2025:15:30:50 +0000] "GET /detail/948304255 HTTP/1.1" 404 16415 "-" "Mozilla/5.0 AppleWebKit/537.36 (KHTML, like Gecko; compatible; ClaudeBot/1.0; [email protected])"
216.73.216.179 - - [21/Jul/2025:15:30:53 +0000] "GET /detail/948146012 HTTP/1.1" 404 16415 "-" "Mozilla/5.0 AppleWebKit/537.36 (KHTML, like Gecko; compatible; ClaudeBot/1.0; [email protected])"
216.73.216.179 - - [21/Jul/2025:15:30:56 +0000] "GET /detail/948054644 HTTP/1.1" 404 16415 "-" "Mozilla/5.0 AppleWebKit/537.36 (KHTML, like Gecko; compatible; ClaudeBot/1.0; [email protected])"
216.73.216.179 - - [21/Jul/2025:15:30:59 +0000] "GET /detail/948028853 HTTP/1.1" 404 16415 "-" "Mozilla/5.0 AppleWebKit/537.36 (KHTML, like Gecko; compatible; ClaudeBot/1.0; [email protected])"
209.74.77.214 - - [21/Jul/2025:15:31:02 +0000] "POST /wp-cron.php?doing_wp_cron=1753111862.3884649276733398437500 HTTP/1.1" 200 - "-" "WordPress/6.8.2; https://kelaby.company"
216.73.216.179 - - [21/Jul/2025:15:31:02 +0000] "GET /detail/948412241 HTTP/1.1" 404 16415 "-" "Mozilla/5.0 AppleWebKit/537.36 (KHTML, like Gecko; compatible; ClaudeBot/1.0; [email protected])"
2a03:2880:f800:12:: - - [21/Jul/2025:15:31:25 +0000] "GET /detail/1295767419 HTTP/1.1" 404 16415 "-" "meta-externalagent/1.1 (+https://developers.facebook.com/docs/sharing/webmasters/crawler)"
66.249.79.234 - - [21/Jul/2025:15:32:22 +0000] "GET /?h=25076675021960&mod=62c1507b&uri=news.php?detail/3628415 HTTP/1.1" 200 19930 "-" "Mozilla/5.0 (Linux; Android 6.0.1; Nexus 5X Build/MMB29P) AppleWebKit/537.36 (KHTML, like Gecko) Chrome/137.0.7151.103 Mobile Safari/537.36 (compatible; Googlebot/2.1; +http://www.google.com/bot.html)"
209.74.77.214 - - [21/Jul/2025:15:32:23 +0000] "POST /wp-cron.php?doing_wp_cron=1753111942.8798060417175292968750 HTTP/1.1" 200 - "-" "WordPress/6.8.2; https://kelaby.company"
216.73.216.179 - - [21/Jul/2025:15:32:22 +0000] "GET /detail/948141238 HTTP/1.1" 404 16415 "-" "Mozilla/5.0 AppleWebKit/537.36 (KHTML, like Gecko; compatible; ClaudeBot/1.0; [email protected])"
216.73.216.179 - - [21/Jul/2025:15:32:25 +0000] "GET /detail/948377223 HTTP/1.1" 404 16415 "-" "Mozilla/5.0 AppleWebKit/537.36 (KHTML, like Gecko; compatible; ClaudeBot/1.0; [email protected])"
216.73.216.179 - - [21/Jul/2025:15:32:28 +0000] "GET /detail/948210273 HTTP/1.1" 404 16415 "-" "Mozilla/5.0 AppleWebKit/537.36 (KHTML, like Gecko; compatible; ClaudeBot/1.0; [email protected])"
216.73.216.179 - - [21/Jul/2025:15:32:31 +0000] "GET /detail/947979571 HTTP/1.1" 404 16415 "-" "Mozilla/5.0 AppleWebKit/537.36 (KHTML, like Gecko; compatible; ClaudeBot/1.0; [email protected])"
2a03:2880:f800:6:: - - [21/Jul/2025:15:32:32 +0000] "GET /detail/1295764558 HTTP/1.1" 404 16414 "-" "meta-externalagent/1.1 (+https://developers.facebook.com/docs/sharing/webmasters/crawler)"
216.73.216.179 - - [21/Jul/2025:15:32:34 +0000] "GET /detail/948248134 HTTP/1.1" 404 16415 "-" "Mozilla/5.0 AppleWebKit/537.36 (KHTML, like Gecko; compatible; ClaudeBot/1.0; [email protected])"
209.74.77.214 - - [21/Jul/2025:15:33:40 +0000] "POST /wp-cron.php?doing_wp_cron=1753112020.0427489280700683593750 HTTP/1.1" 200 - "-" "WordPress/6.8.2; https://kelaby.company"
2a03:2880:f800:f:: - - [21/Jul/2025:15:33:38 +0000] "GET /detail/1295783047 HTTP/1.1" 404 16415 "-" "meta-externalagent/1.1 (+https://developers.facebook.com/docs/sharing/webmasters/crawler)"
66.249.79.233 - - [21/Jul/2025:15:33:48 +0000] "GET /?h=5935001121960&mod=be8e1862&uri=search.php?detail/37757400 HTTP/1.1" 200 20339 "-" "Mozilla/5.0 (Linux; Android 6.0.1; Nexus 5X Build/MMB29P) AppleWebKit/537.36 (KHTML, like Gecko) Chrome/137.0.7151.103 Mobile Safari/537.36 (compatible; Googlebot/2.1; +http://www.google.com/bot.html)"
209.74.77.214 - - [21/Jul/2025:15:34:26 +0000] "POST /wp-cron.php?doing_wp_cron=1753112066.8110570907592773437500 HTTP/1.1" 200 - "-" "WordPress/6.8.2; https://kelaby.company"
216.73.216.179 - - [21/Jul/2025:15:34:25 +0000] "GET /detail/948451338 HTTP/1.1" 404 16415 "-" "Mozilla/5.0 AppleWebKit/537.36 (KHTML, like Gecko; compatible; ClaudeBot/1.0; [email protected])"
216.73.216.179 - - [21/Jul/2025:15:34:28 +0000] "GET /detail/948201304 HTTP/1.1" 404 16415 "-" "Mozilla/5.0 AppleWebKit/537.36 (KHTML, like Gecko; compatible; ClaudeBot/1.0; [email protected])"
66.249.79.232 - - [21/Jul/2025:15:34:31 +0000] "GET /?h=65725033041960&mod=09662890&uri=news.php?detail/36774116 HTTP/1.1" 200 21231 "-" "Mozilla/5.0 (Linux; Android 6.0.1; Nexus 5X Build/MMB29P) AppleWebKit/537.36 (KHTML, like Gecko) Chrome/137.0.7151.103 Mobile Safari/537.36 (compatible; Googlebot/2.1; +http://www.google.com/bot.html)"
66.249.79.37 - - [21/Jul/2025:15:34:31 +0000] "GET /?h=33405967011960&mod=681e38a8&uri=us.php?feature/idol/gradol.html HTTP/1.1" 200 19612 "-" "Mozilla/5.0 (Linux; Android 6.0.1; Nexus 5X Build/MMB29P) AppleWebKit/537.36 (KHTML, like Gecko) Chrome/137.0.7151.103 Mobile Safari/537.36 (compatible; Googlebot/2.1; +http://www.google.com/bot.html)"
216.73.216.179 - - [21/Jul/2025:15:34:31 +0000] "GET /detail/948004957 HTTP/1.1" 404 16414 "-" "Mozilla/5.0 AppleWebKit/537.36 (KHTML, like Gecko; compatible; ClaudeBot/1.0; [email protected])"
66.249.79.233 - - [21/Jul/2025:15:34:31 +0000] "GET /?h=5857660011960&mod=7530b57b&uri=article.php?detail/32189576 HTTP/1.1" 200 19361 "-" "Mozilla/5.0 (Linux; Android 6.0.1; Nexus 5X Build/MMB29P) AppleWebKit/537.36 (KHTML, like Gecko) Chrome/137.0.7151.103 Mobile Safari/537.36 (compatible; Googlebot/2.1; +http://www.google.com/bot.html)"
216.73.216.179 - - [21/Jul/2025:15:34:34 +0000] "GET /detail/947981210 HTTP/1.1" 404 16414 "-" "Mozilla/5.0 AppleWebKit/537.36 (KHTML, like Gecko; compatible; ClaudeBot/1.0; [email protected])"
216.73.216.179 - - [21/Jul/2025:15:34:37 +0000] "GET /detail/948052859 HTTP/1.1" 404 16414 "-" "Mozilla/5.0 AppleWebKit/537.36 (KHTML, like Gecko; compatible; ClaudeBot/1.0; [email protected])"
216.73.216.179 - - [21/Jul/2025:15:34:40 +0000] "GET /detail/948060249 HTTP/1.1" 404 16415 "-" "Mozilla/5.0 AppleWebKit/537.36 (KHTML, like Gecko; compatible; ClaudeBot/1.0; [email protected])"
2a03:2880:f800:4:: - - [21/Jul/2025:15:34:45 +0000] "GET /detail/1295842985 HTTP/1.1" 404 16415 "-" "meta-externalagent/1.1 (+https://developers.facebook.com/docs/sharing/webmasters/crawler)"
209.74.77.214 - - [21/Jul/2025:15:35:06 +0000] "POST /wp-cron.php?doing_wp_cron=1753112106.5439319610595703125000 HTTP/1.1" 200 - "-" "WordPress/6.8.2; https://kelaby.company"
185.157.214.24 - - [21/Jul/2025:15:35:06 +0000] "GET / HTTP/1.1" 200 26474 "-" "Mozilla/5.0 (Macintosh; Intel Mac OS X 10_15_7) AppleWebKit/537.36 (KHTML, like Gecko) Chrome/133.0.0.0 Safari/537.36"
185.157.214.24 - - [21/Jul/2025:15:35:09 +0000] "GET /comments/feed/ HTTP/1.1" 200 408 "-" "Mozilla/5.0 (Macintosh; Intel Mac OS X 10_15_7) AppleWebKit/537.36 (KHTML, like Gecko) Chrome/133.0.0.0 Safari/537.36"
185.157.214.24 - - [21/Jul/2025:15:35:10 +0000] "GET /contact-us/ HTTP/1.1" 200 18457 "-" "Mozilla/5.0 (Macintosh; Intel Mac OS X 10_15_7) AppleWebKit/537.36 (KHTML, like Gecko) Chrome/133.0.0.0 Safari/537.36"
66.249.79.232 - - [21/Jul/2025:15:35:14 +0000] "GET /?h=5824909101960&mod=9bbcf8c9&uri=info.php?detail/33773163 HTTP/1.1" 200 20444 "-" "Mozilla/5.0 (Linux; Android 6.0.1; Nexus 5X Build/MMB29P) AppleWebKit/537.36 (KHTML, like Gecko) Chrome/137.0.7151.103 Mobile Safari/537.36 (compatible; Googlebot/2.1; +http://www.google.com/bot.html)"
66.249.79.232 - - [21/Jul/2025:15:35:14 +0000] "GET /?h=5793758071960&mod=49856ed4&uri=itm.php?detail/35274493 HTTP/1.1" 200 18903 "-" "Mozilla/5.0 (Linux; Android 6.0.1; Nexus 5X Build/MMB29P) AppleWebKit/537.36 (KHTML, like Gecko) Chrome/137.0.7151.103 Mobile Safari/537.36 (compatible; Googlebot/2.1; +http://www.google.com/bot.html)"
66.249.79.234 - - [21/Jul/2025:15:35:15 +0000] "GET /?h=6350470031960&mod=bcffdc3d&uri=brands.php?detail/38578775 HTTP/1.1" 200 19301 "-" "Mozilla/5.0 (Linux; Android 6.0.1; Nexus 5X Build/MMB29P) AppleWebKit/537.36 (KHTML, like Gecko) Chrome/137.0.7151.103 Mobile Safari/537.36 (compatible; Googlebot/2.1; +http://www.google.com/bot.html)"
66.249.79.234 - - [21/Jul/2025:15:35:18 +0000] "POST /get-message-notify HTTP/1.1" 200 19474 "https://www.kelaby.company/?h=5793758071960&mod=49856ed4&uri=itm.php?detail/35274493" "Mozilla/5.0 (Linux; Android 6.0.1; Nexus 5X Build/MMB29P) AppleWebKit/537.36 (KHTML, like Gecko) Chrome/137.0.7151.119 Mobile Safari/537.36 (compatible; Googlebot/2.1; +http://www.google.com/bot.html)"
2a03:2880:f800:11:: - - [21/Jul/2025:15:35:52 +0000] "GET /detail/1295758877 HTTP/1.1" 404 16415 "-" "meta-externalagent/1.1 (+https://developers.facebook.com/docs/sharing/webmasters/crawler)"
216.73.216.179 - - [21/Jul/2025:15:35:57 +0000] "GET /detail/948053901 HTTP/1.1" 404 16415 "-" "Mozilla/5.0 AppleWebKit/537.36 (KHTML, like Gecko; compatible; ClaudeBot/1.0; [email protected])"
216.73.216.179 - - [21/Jul/2025:15:36:00 +0000] "GET /detail/948129787 HTTP/1.1" 404 16415 "-" "Mozilla/5.0 AppleWebKit/537.36 (KHTML, like Gecko; compatible; ClaudeBot/1.0; [email protected])"
209.74.77.214 - - [21/Jul/2025:15:36:04 +0000] "POST /wp-cron.php?doing_wp_cron=1753112164.0083129405975341796875 HTTP/1.1" 200 - "-" "WordPress/6.8.2; https://kelaby.company"
216.73.216.179 - - [21/Jul/2025:15:36:03 +0000] "GET /detail/948275247 HTTP/1.1" 404 16414 "-" "Mozilla/5.0 AppleWebKit/537.36 (KHTML, like Gecko; compatible; ClaudeBot/1.0; [email protected])"
216.73.216.179 - - [21/Jul/2025:15:36:06 +0000] "GET /detail/948323277 HTTP/1.1" 404 16415 "-" "Mozilla/5.0 AppleWebKit/537.36 (KHTML, like Gecko; compatible; ClaudeBot/1.0; [email protected])"
216.73.216.179 - - [21/Jul/2025:15:36:09 +0000] "GET /detail/948293227 HTTP/1.1" 404 16415 "-" "Mozilla/5.0 AppleWebKit/537.36 (KHTML, like Gecko; compatible; ClaudeBot/1.0; [email protected])"
2a03:2880:f800:18:: - - [21/Jul/2025:15:36:58 +0000] "GET /detail/1295975221 HTTP/1.1" 404 16415 "-" "meta-externalagent/1.1 (+https://developers.facebook.com/docs/sharing/webmasters/crawler)"
66.249.79.232 - - [21/Jul/2025:15:37:23 +0000] "GET /?h=6040794031960&mod=7a7338ef&uri=category-info.php?product/edit/K2459420818 HTTP/1.1" 200 19871 "-" "Mozilla/5.0 (Linux; Android 6.0.1; Nexus 5X Build/MMB29P) AppleWebKit/537.36 (KHTML, like Gecko) Chrome/137.0.7151.103 Mobile Safari/537.36 (compatible; Googlebot/2.1; +http://www.google.com/bot.html)"
66.249.79.232 - - [21/Jul/2025:15:37:23 +0000] "GET /?h=65725033041960&mod=09662890&uri=news.php?detail/35863016 HTTP/1.1" 200 18880 "-" "Mozilla/5.0 (Linux; Android 6.0.1; Nexus 5X Build/MMB29P) AppleWebKit/537.36 (KHTML, like Gecko) Chrome/137.0.7151.103 Mobile Safari/537.36 (compatible; Googlebot/2.1; +http://www.google.com/bot.html)"
66.249.79.33 - - [21/Jul/2025:15:37:24 +0000] "GET /?h=6075731011960&mod=c7ced588&uri=info.php?detail/2577707 HTTP/1.1" 200 19148 "-" "Mozilla/5.0 (Linux; Android 6.0.1; Nexus 5X Build/MMB29P) AppleWebKit/537.36 (KHTML, like Gecko) Chrome/137.0.7151.103 Mobile Safari/537.36 (compatible; Googlebot/2.1; +http://www.google.com/bot.html)"
66.249.79.234 - - [21/Jul/2025:15:37:26 +0000] "POST /get-message-notify HTTP/1.1" 200 19474 "https://www.kelaby.company/?h=65725033041960&mod=09662890&uri=news.php?detail/35863016" "Mozilla/5.0 (Linux; Android 6.0.1; Nexus 5X Build/MMB29P) AppleWebKit/537.36 (KHTML, like Gecko) Chrome/137.0.7151.119 Mobile Safari/537.36 (compatible; Googlebot/2.1; +http://www.google.com/bot.html)"
66.249.79.233 - - [21/Jul/2025:15:37:35 +0000] "GET /?h=5833674131960&mod=333d6beb&uri=category-info.php?detail/143726762 HTTP/1.1" 200 18832 "-" "Mozilla/5.0 (Linux; Android 6.0.1; Nexus 5X Build/MMB29P) AppleWebKit/537.36 (KHTML, like Gecko) Chrome/137.0.7151.103 Mobile Safari/537.36 (compatible; Googlebot/2.1; +http://www.google.com/bot.html)"
209.74.77.214 - - [21/Jul/2025:15:38:00 +0000] "POST /wp-cron.php?doing_wp_cron=1753112279.8157689571380615234375 HTTP/1.1" 200 - "-" "WordPress/6.8.2; https://kelaby.company"
207.244.255.76 - - [21/Jul/2025:15:37:59 +0000] "GET /wp-login.php HTTP/1.1" 200 2014 "-" "Mozilla/5.0 (X11; Ubuntu; Linux x86_64; rv:85.0) Gecko/20100101 Firefox/91.0"
207.244.255.76 - - [21/Jul/2025:15:38:00 +0000] "POST /wp-login.php HTTP/1.1" 200 2106 "-" "Mozilla/5.0 (X11; Ubuntu; Linux x86_64; rv:85.0) Gecko/20100101 Firefox/91.0"
209.74.77.214 - - [21/Jul/2025:15:38:05 +0000] "POST /wp-cron.php?doing_wp_cron=1753112285.6751360893249511718750 HTTP/1.1" 200 - "-" "WordPress/6.8.2; https://kelaby.company"
2a03:2880:f800:13:: - - [21/Jul/2025:15:38:05 +0000] "GET /detail/1295711526 HTTP/1.1" 404 16415 "-" "meta-externalagent/1.1 (+https://developers.facebook.com/docs/sharing/webmasters/crawler)"
47.82.11.11 - - [21/Jul/2025:15:38:46 +0000] "GET /?h=5616135021960&mod=6e32552f&uri=shared.php?id%3D187510-332%26name%3Dnew+tamil+kuthu+songs+2021 HTTP/1.1" 301 - "https://www.kelaby.company/?h=5616135021960&mod=6e32552f&uri=shared.php%3Fid%3D187510-332%26name%3Dnew+tamil+kuthu+songs+2021" "Mozilla/5.0 (Windows NT 10.0; Win64; x64) AppleWebKit/537.36 (KHTML, like Gecko) Chrome/114.0.0.0 Safari/537.36 Edg/114.0.1823.43"
216.73.216.179 - - [21/Jul/2025:15:38:47 +0000] "GET /detail/948360589 HTTP/1.1" 404 16415 "-" "Mozilla/5.0 AppleWebKit/537.36 (KHTML, like Gecko; compatible; ClaudeBot/1.0; [email protected])"
47.82.11.11 - - [21/Jul/2025:15:38:48 +0000] "GET /?h=5616135021960&mod=6e32552f&uri=shared.php?id%3D187510-332%26name%3Dnew%20tamil%20kuthu%20songs%202021 HTTP/1.1" 301 - "https://www.kelaby.company/?h=5616135021960&mod=6e32552f&uri=shared.php%3Fid%3D187510-332%26name%3Dnew+tamil+kuthu+songs+2021" "Mozilla/5.0 (Windows NT 10.0; Win64; x64) AppleWebKit/537.36 (KHTML, like Gecko) Chrome/114.0.0.0 Safari/537.36 Edg/114.0.1823.43"
216.73.216.179 - - [21/Jul/2025:15:38:50 +0000] "GET /detail/948385765 HTTP/1.1" 404 16415 "-" "Mozilla/5.0 AppleWebKit/537.36 (KHTML, like Gecko; compatible; ClaudeBot/1.0; [email protected])"
216.73.216.179 - - [21/Jul/2025:15:38:53 +0000] "GET /detail/948109936 HTTP/1.1" 404 16415 "-" "Mozilla/5.0 AppleWebKit/537.36 (KHTML, like Gecko; compatible; ClaudeBot/1.0; [email protected])"
216.73.216.179 - - [21/Jul/2025:15:38:56 +0000] "GET /detail/948094753 HTTP/1.1" 404 16415 "-" "Mozilla/5.0 AppleWebKit/537.36 (KHTML, like Gecko; compatible; ClaudeBot/1.0; [email protected])"
216.73.216.179 - - [21/Jul/2025:15:38:59 +0000] "GET /detail/948448463 HTTP/1.1" 404 16415 "-" "Mozilla/5.0 AppleWebKit/537.36 (KHTML, like Gecko; compatible; ClaudeBot/1.0; [email protected])"
209.74.77.214 - - [21/Jul/2025:15:39:12 +0000] "POST /wp-cron.php?doing_wp_cron=1753112352.3088769912719726562500 HTTP/1.1" 200 - "-" "WordPress/6.8.2; https://kelaby.company"
2a03:2880:f800:2:: - - [21/Jul/2025:15:39:12 +0000] "GET /detail/1295871993 HTTP/1.1" 404 16415 "-" "meta-externalagent/1.1 (+https://developers.facebook.com/docs/sharing/webmasters/crawler)"
209.74.77.214 - - [21/Jul/2025:15:40:19 +0000] "POST /wp-cron.php?doing_wp_cron=1753112419.6413490772247314453125 HTTP/1.1" 200 - "-" "WordPress/6.8.2; https://kelaby.company"
2a03:2880:f800:3:: - - [21/Jul/2025:15:40:18 +0000] "GET /detail/1295793719 HTTP/1.1" 404 16415 "-" "meta-externalagent/1.1 (+https://developers.facebook.com/docs/sharing/webmasters/crawler)"
66.249.79.232 - - [21/Jul/2025:15:40:30 +0000] "GET /?h=86519886011960&mod=43e04dd0&uri=category-info.php?detail/34399892 HTTP/1.1" 200 19219 "-" "Mozilla/5.0 (Linux; Android 6.0.1; Nexus 5X Build/MMB29P) AppleWebKit/537.36 (KHTML, like Gecko) Chrome/137.0.7151.103 Mobile Safari/537.36 (compatible; Googlebot/2.1; +http://www.google.com/bot.html)"
66.249.79.232 - - [21/Jul/2025:15:40:31 +0000] "GET /?h=119735413001960&mod=2d629f2f&uri=pin.php?detail/1652798 HTTP/1.1" 200 19005 "-" "Mozilla/5.0 (Linux; Android 6.0.1; Nexus 5X Build/MMB29P) AppleWebKit/537.36 (KHTML, like Gecko) Chrome/137.0.7151.103 Mobile Safari/537.36 (compatible; Googlebot/2.1; +http://www.google.com/bot.html)"
66.249.79.234 - - [21/Jul/2025:15:40:33 +0000] "POST /get-message-notify HTTP/1.1" 200 19474 "https://www.kelaby.company/?h=119735413001960&mod=2d629f2f&uri=pin.php?detail/1652798" "Mozilla/5.0 (Linux; Android 6.0.1; Nexus 5X Build/MMB29P) AppleWebKit/537.36 (KHTML, like Gecko) Chrome/137.0.7151.119 Mobile Safari/537.36 (compatible; Googlebot/2.1; +http://www.google.com/bot.html)"
51.222.253.6 - - [21/Jul/2025:15:40:56 +0000] "GET /?h=103249594041960&uri=category-info.php%3Fid%3D3445730-407%26name%3Dgildan%20heavy%20blend%20hoodie%20size%20chart HTTP/1.1" 200 26474 "-" "Mozilla/5.0 (compatible; AhrefsBot/7.0; +http://ahrefs.com/robot/)"
66.249.79.232 - - [21/Jul/2025:15:41:13 +0000] "GET /?h=5742163021960&mod=60b7f5df&uri=us.php?detail/35991630 HTTP/1.1" 200 21043 "-" "Mozilla/5.0 (Linux; Android 6.0.1; Nexus 5X Build/MMB29P) AppleWebKit/537.36 (KHTML, like Gecko) Chrome/137.0.7151.103 Mobile Safari/537.36 (compatible; Googlebot/2.1; +http://www.google.com/bot.html)"
209.74.77.214 - - [21/Jul/2025:15:41:25 +0000] "POST /wp-cron.php?doing_wp_cron=1753112485.6689629554748535156250 HTTP/1.1" 200 - "-" "WordPress/6.8.2; https://kelaby.company"
2a03:2880:f800:3:: - - [21/Jul/2025:15:41:25 +0000] "GET /detail/1295693025 HTTP/1.1" 404 16415 "-" "meta-externalagent/1.1 (+https://developers.facebook.com/docs/sharing/webmasters/crawler)"
216.73.216.179 - - [21/Jul/2025:15:41:32 +0000] "GET /detail/948397392 HTTP/1.1" 404 16415 "-" "Mozilla/5.0 AppleWebKit/537.36 (KHTML, like Gecko; compatible; ClaudeBot/1.0; [email protected])"
216.73.216.179 - - [21/Jul/2025:15:41:35 +0000] "GET /detail/947937613 HTTP/1.1" 404 16415 "-" "Mozilla/5.0 AppleWebKit/537.36 (KHTML, like Gecko; compatible; ClaudeBot/1.0; [email protected])"
216.73.216.179 - - [21/Jul/2025:15:41:38 +0000] "GET /detail/947975931 HTTP/1.1" 404 16415 "-" "Mozilla/5.0 AppleWebKit/537.36 (KHTML, like Gecko; compatible; ClaudeBot/1.0; [email protected])"
216.73.216.179 - - [21/Jul/2025:15:41:41 +0000] "GET /detail/948338204 HTTP/1.1" 404 16414 "-" "Mozilla/5.0 AppleWebKit/537.36 (KHTML, like Gecko; compatible; ClaudeBot/1.0; [email protected])"
216.73.216.179 - - [21/Jul/2025:15:41:44 +0000] "GET /detail/948132936 HTTP/1.1" 404 16415 "-" "Mozilla/5.0 AppleWebKit/537.36 (KHTML, like Gecko; compatible; ClaudeBot/1.0; [email protected])"
209.74.77.214 - - [21/Jul/2025:15:42:26 +0000] "POST /wp-cron.php?doing_wp_cron=1753112546.3939650058746337890625 HTTP/1.1" 200 - "-" "WordPress/6.8.2; https://kelaby.company"
47.82.11.36 - - [21/Jul/2025:15:42:25 +0000] "GET /?h=5862160051960&mod=7530b57b&uri=product.php?id%3D195761-341%26name%3Davena+leche+y+platano+beneficios HTTP/1.1" 301 - "https://www.kelaby.company/?h=5862160051960&mod=7530b57b&uri=product.php%3Fid%3D195761-341%26name%3Davena+leche+y+platano+beneficios" "Mozilla/5.0 (Windows NT 10.0; Win64; x64) AppleWebKit/537.36 (KHTML, like Gecko) Chrome/114.0.0.0 Safari/537.36 Edg/114.0.1823.43"
47.82.11.36 - - [21/Jul/2025:15:42:27 +0000] "GET /?h=5862160051960&mod=7530b57b&uri=product.php?id%3D195761-341%26name%3Davena%20leche%20y%20platano%20beneficios HTTP/1.1" 301 - "https://www.kelaby.company/?h=5862160051960&mod=7530b57b&uri=product.php%3Fid%3D195761-341%26name%3Davena+leche+y+platano+beneficios" "Mozilla/5.0 (Windows NT 10.0; Win64; x64) AppleWebKit/537.36 (KHTML, like Gecko) Chrome/114.0.0.0 Safari/537.36 Edg/114.0.1823.43"
2a03:2880:f800:7:: - - [21/Jul/2025:15:42:32 +0000] "GET /detail/1295902466 HTTP/1.1" 404 16415 "-" "meta-externalagent/1.1 (+https://developers.facebook.com/docs/sharing/webmasters/crawler)"
66.249.79.37 - - [21/Jul/2025:15:42:39 +0000] "GET /?h=6570685041960&mod=0319d8c4&uri=category-info.php?detail/35754546 HTTP/1.1" 200 20611 "-" "Mozilla/5.0 (Linux; Android 6.0.1; Nexus 5X Build/MMB29P) AppleWebKit/537.36 (KHTML, like Gecko) Chrome/137.0.7151.103 Mobile Safari/537.36 (compatible; Googlebot/2.1; +http://www.google.com/bot.html)"
66.249.79.234 - - [21/Jul/2025:15:43:22 +0000] "GET /?h=91732986011960&mod=28b30720&uri=article.php?detail/38342452 HTTP/1.1" 200 19798 "-" "Mozilla/5.0 (Linux; Android 6.0.1; Nexus 5X Build/MMB29P) AppleWebKit/537.36 (KHTML, like Gecko) Chrome/137.0.7151.103 Mobile Safari/537.36 (compatible; Googlebot/2.1; +http://www.google.com/bot.html)"
66.249.79.233 - - [21/Jul/2025:15:43:23 +0000] "GET /?h=86519166021960&mod=5335070a&uri=shop.php?detail/34958239 HTTP/1.1" 200 19287 "-" "Mozilla/5.0 (Linux; Android 6.0.1; Nexus 5X Build/MMB29P) AppleWebKit/537.36 (KHTML, like Gecko) Chrome/137.0.7151.103 Mobile Safari/537.36 (compatible; Googlebot/2.1; +http://www.google.com/bot.html)"
66.249.79.234 - - [21/Jul/2025:15:43:23 +0000] "GET /?h=5800208041960&mod=9bbcf8c9&uri=us.php?detail/34584529 HTTP/1.1" 200 19948 "-" "Mozilla/5.0 (Linux; Android 6.0.1; Nexus 5X Build/MMB29P) AppleWebKit/537.36 (KHTML, like Gecko) Chrome/137.0.7151.103 Mobile Safari/537.36 (compatible; Googlebot/2.1; +http://www.google.com/bot.html)"
66.249.79.33 - - [21/Jul/2025:15:43:23 +0000] "GET /?h=6289162131960&mod=2076b5ab&uri=brands.php?detail/39712926 HTTP/1.1" 200 20567 "-" "Mozilla/5.0 (Linux; Android 6.0.1; Nexus 5X Build/MMB29P) AppleWebKit/537.36 (KHTML, like Gecko) Chrome/137.0.7151.103 Mobile Safari/537.36 (compatible; Googlebot/2.1; +http://www.google.com/bot.html)"
66.249.79.233 - - [21/Jul/2025:15:43:31 +0000] "GET /?h=6010629051960&mod=62c1507b&uri=news.php?detail/32825594 HTTP/1.1" 200 20329 "-" "Mozilla/5.0 (Linux; Android 6.0.1; Nexus 5X Build/MMB29P) AppleWebKit/537.36 (KHTML, like Gecko) Chrome/137.0.7151.103 Mobile Safari/537.36 (compatible; Googlebot/2.1; +http://www.google.com/bot.html)"
66.249.79.232 - - [21/Jul/2025:15:43:33 +0000] "POST /get-message-notify HTTP/1.1" 200 19474 "https://www.kelaby.company/?h=6010629051960&mod=62c1507b&uri=news.php?detail/32825594" "Mozilla/5.0 (Linux; Android 6.0.1; Nexus 5X Build/MMB29P) AppleWebKit/537.36 (KHTML, like Gecko) Chrome/137.0.7151.119 Mobile Safari/537.36 (compatible; Googlebot/2.1; +http://www.google.com/bot.html)"
209.74.77.214 - - [21/Jul/2025:15:43:39 +0000] "POST /wp-cron.php?doing_wp_cron=1753112619.3698110580444335937500 HTTP/1.1" 200 - "-" "WordPress/6.8.2; https://kelaby.company"
2a03:2880:f800:e:: - - [21/Jul/2025:15:43:38 +0000] "GET /detail/1295652173 HTTP/1.1" 404 16415 "-" "meta-externalagent/1.1 (+https://developers.facebook.com/docs/sharing/webmasters/crawler)"
209.74.77.214 - - [21/Jul/2025:15:44:28 +0000] "POST /wp-cron.php?doing_wp_cron=1753112668.2885909080505371093750 HTTP/1.1" 200 - "-" "WordPress/6.8.2; https://kelaby.company"
216.73.216.179 - - [21/Jul/2025:15:44:26 +0000] "GET /detail/948266342 HTTP/1.1" 404 16415 "-" "Mozilla/5.0 AppleWebKit/537.36 (KHTML, like Gecko; compatible; ClaudeBot/1.0; [email protected])"
216.73.216.179 - - [21/Jul/2025:15:44:29 +0000] "GET /detail/948059646 HTTP/1.1" 404 16414 "-" "Mozilla/5.0 AppleWebKit/537.36 (KHTML, like Gecko; compatible; ClaudeBot/1.0; [email protected])"
