216.73.216.179 - - [21/Jul/2025:14:31:31 +0000] "GET /detail/259257627 HTTP/1.1" 404 16414 "-" "Mozilla/5.0 AppleWebKit/537.36 (KHTML, like Gecko; compatible; ClaudeBot/1.0; [email protected])"
216.73.216.179 - - [21/Jul/2025:14:31:34 +0000] "GET /detail/259538717 HTTP/1.1" 404 16415 "-" "Mozilla/5.0 AppleWebKit/537.36 (KHTML, like Gecko; compatible; ClaudeBot/1.0; [email protected])"
216.73.216.179 - - [21/Jul/2025:14:31:37 +0000] "GET /detail/259579569 HTTP/1.1" 404 16415 "-" "Mozilla/5.0 AppleWebKit/537.36 (KHTML, like Gecko; compatible; ClaudeBot/1.0; [email protected])"
216.73.216.179 - - [21/Jul/2025:14:31:40 +0000] "GET /detail/259411888 HTTP/1.1" 404 16415 "-" "Mozilla/5.0 AppleWebKit/537.36 (KHTML, like Gecko; compatible; ClaudeBot/1.0; [email protected])"
216.73.216.179 - - [21/Jul/2025:14:31:43 +0000] "GET /detail/259600099 HTTP/1.1" 404 16415 "-" "Mozilla/5.0 AppleWebKit/537.36 (KHTML, like Gecko; compatible; ClaudeBot/1.0; [email protected])"
216.73.216.179 - - [21/Jul/2025:14:31:46 +0000] "GET /detail/259608595 HTTP/1.1" 404 16415 "-" "Mozilla/5.0 AppleWebKit/537.36 (KHTML, like Gecko; compatible; ClaudeBot/1.0; [email protected])"
216.73.216.179 - - [21/Jul/2025:14:31:49 +0000] "GET /detail/259627336 HTTP/1.1" 404 16415 "-" "Mozilla/5.0 AppleWebKit/537.36 (KHTML, like Gecko; compatible; ClaudeBot/1.0; [email protected])"
216.73.216.179 - - [21/Jul/2025:14:31:52 +0000] "GET /detail/259253795 HTTP/1.1" 404 16415 "-" "Mozilla/5.0 AppleWebKit/537.36 (KHTML, like Gecko; compatible; ClaudeBot/1.0; [email protected])"
216.73.216.179 - - [21/Jul/2025:14:31:55 +0000] "GET /detail/259464920 HTTP/1.1" 404 16415 "-" "Mozilla/5.0 AppleWebKit/537.36 (KHTML, like Gecko; compatible; ClaudeBot/1.0; [email protected])"
216.73.216.179 - - [21/Jul/2025:14:31:58 +0000] "GET /detail/259439808 HTTP/1.1" 404 16415 "-" "Mozilla/5.0 AppleWebKit/537.36 (KHTML, like Gecko; compatible; ClaudeBot/1.0; [email protected])"
209.74.77.214 - - [21/Jul/2025:14:32:01 +0000] "POST /wp-cron.php?doing_wp_cron=1753108321.6837940216064453125000 HTTP/1.1" 200 - "-" "WordPress/6.8.2; https://kelaby.company"
216.73.216.179 - - [21/Jul/2025:14:32:01 +0000] "GET /detail/259145663 HTTP/1.1" 404 16415 "-" "Mozilla/5.0 AppleWebKit/537.36 (KHTML, like Gecko; compatible; ClaudeBot/1.0; [email protected])"
216.73.216.179 - - [21/Jul/2025:14:32:04 +0000] "GET /detail/259246615 HTTP/1.1" 404 16415 "-" "Mozilla/5.0 AppleWebKit/537.36 (KHTML, like Gecko; compatible; ClaudeBot/1.0; [email protected])"
216.73.216.179 - - [21/Jul/2025:14:32:07 +0000] "GET /detail/259465685 HTTP/1.1" 404 16415 "-" "Mozilla/5.0 AppleWebKit/537.36 (KHTML, like Gecko; compatible; ClaudeBot/1.0; [email protected])"
216.73.216.179 - - [21/Jul/2025:14:32:10 +0000] "GET /detail/259435635 HTTP/1.1" 404 16415 "-" "Mozilla/5.0 AppleWebKit/537.36 (KHTML, like Gecko; compatible; ClaudeBot/1.0; [email protected])"
216.73.216.179 - - [21/Jul/2025:14:32:13 +0000] "GET /detail/259611742 HTTP/1.1" 404 16415 "-" "Mozilla/5.0 AppleWebKit/537.36 (KHTML, like Gecko; compatible; ClaudeBot/1.0; [email protected])"
216.73.216.179 - - [21/Jul/2025:14:32:16 +0000] "GET /detail/259518589 HTTP/1.1" 404 16415 "-" "Mozilla/5.0 AppleWebKit/537.36 (KHTML, like Gecko; compatible; ClaudeBot/1.0; [email protected])"
216.73.216.179 - - [21/Jul/2025:14:32:19 +0000] "GET /detail/259499357 HTTP/1.1" 404 16414 "-" "Mozilla/5.0 AppleWebKit/537.36 (KHTML, like Gecko; compatible; ClaudeBot/1.0; [email protected])"
66.249.79.233 - - [21/Jul/2025:14:32:21 +0000] "GET /?h=36372760011960&mod=4b3da53a&uri=shop.php?cd.html HTTP/1.1" 200 19211 "-" "Mozilla/5.0 (Linux; Android 6.0.1; Nexus 5X Build/MMB29P) AppleWebKit/537.36 (KHTML, like Gecko) Chrome/137.0.7151.103 Mobile Safari/537.36 (compatible; Googlebot/2.1; +http://www.google.com/bot.html)"
66.249.79.232 - - [21/Jul/2025:14:32:22 +0000] "GET /?h=5598864031960&mod=e38b7566&uri=search.php?detail/40648507 HTTP/1.1" 200 19163 "-" "Mozilla/5.0 (Linux; Android 6.0.1; Nexus 5X Build/MMB29P) AppleWebKit/537.36 (KHTML, like Gecko) Chrome/137.0.7151.103 Mobile Safari/537.36 (compatible; Googlebot/2.1; +http://www.google.com/bot.html)"
216.73.216.179 - - [21/Jul/2025:14:32:22 +0000] "GET /detail/259434888 HTTP/1.1" 404 16415 "-" "Mozilla/5.0 AppleWebKit/537.36 (KHTML, like Gecko; compatible; ClaudeBot/1.0; [email protected])"
66.249.79.232 - - [21/Jul/2025:14:32:22 +0000] "GET /?h=115177481061960&mod=0bd193c9&uri=product.php?detail/4489895 HTTP/1.1" 200 19311 "-" "Mozilla/5.0 (Linux; Android 6.0.1; Nexus 5X Build/MMB29P) AppleWebKit/537.36 (KHTML, like Gecko) Chrome/137.0.7151.103 Mobile Safari/537.36 (compatible; Googlebot/2.1; +http://www.google.com/bot.html)"
66.249.79.233 - - [21/Jul/2025:14:32:22 +0000] "GET /?h=91732986011960&mod=28b30720&uri=article.php?detail/989765230 HTTP/1.1" 200 19976 "-" "Mozilla/5.0 (Linux; Android 6.0.1; Nexus 5X Build/MMB29P) AppleWebKit/537.36 (KHTML, like Gecko) Chrome/137.0.7151.103 Mobile Safari/537.36 (compatible; Googlebot/2.1; +http://www.google.com/bot.html)"
66.249.79.234 - - [21/Jul/2025:14:32:23 +0000] "GET /?h=5817008011960&mod=9bbcf8c9&uri=goods.php?detail/980734476 HTTP/1.1" 200 18993 "-" "Mozilla/5.0 (Linux; Android 6.0.1; Nexus 5X Build/MMB29P) AppleWebKit/537.36 (KHTML, like Gecko) Chrome/137.0.7151.103 Mobile Safari/537.36 (compatible; Googlebot/2.1; +http://www.google.com/bot.html)"
216.73.216.179 - - [21/Jul/2025:14:32:25 +0000] "GET /detail/259493736 HTTP/1.1" 404 16415 "-" "Mozilla/5.0 AppleWebKit/537.36 (KHTML, like Gecko; compatible; ClaudeBot/1.0; [email protected])"
216.73.216.179 - - [21/Jul/2025:14:32:28 +0000] "GET /detail/1155917253 HTTP/1.1" 404 16415 "-" "Mozilla/5.0 AppleWebKit/537.36 (KHTML, like Gecko; compatible; ClaudeBot/1.0; [email protected])"
216.73.216.179 - - [21/Jul/2025:14:32:31 +0000] "GET /detail/1156040310 HTTP/1.1" 404 16414 "-" "Mozilla/5.0 AppleWebKit/537.36 (KHTML, like Gecko; compatible; ClaudeBot/1.0; [email protected])"
216.73.216.179 - - [21/Jul/2025:14:32:34 +0000] "GET /detail/1156086036 HTTP/1.1" 404 16415 "-" "Mozilla/5.0 AppleWebKit/537.36 (KHTML, like Gecko; compatible; ClaudeBot/1.0; [email protected])"
216.73.216.179 - - [21/Jul/2025:14:32:37 +0000] "GET /detail/259188428 HTTP/1.1" 404 16415 "-" "Mozilla/5.0 AppleWebKit/537.36 (KHTML, like Gecko; compatible; ClaudeBot/1.0; [email protected])"
66.249.79.233 - - [21/Jul/2025:14:32:39 +0000] "POST /get-message-notify HTTP/1.1" 200 19474 "https://www.kelaby.company/?h=91732986011960&mod=28b30720&uri=article.php?detail/989765230" "Mozilla/5.0 (Linux; Android 6.0.1; Nexus 5X Build/MMB29P) AppleWebKit/537.36 (KHTML, like Gecko) Chrome/137.0.7151.119 Mobile Safari/537.36 (compatible; Googlebot/2.1; +http://www.google.com/bot.html)"
66.249.79.234 - - [21/Jul/2025:14:33:21 +0000] "POST /get-message-notify HTTP/1.1" 200 19474 "https://www.kelaby.company/?h=115177481061960&mod=0bd193c9&uri=product.php?detail/4489895" "Mozilla/5.0 (Linux; Android 6.0.1; Nexus 5X Build/MMB29P) AppleWebKit/537.36 (KHTML, like Gecko) Chrome/137.0.7151.119 Mobile Safari/537.36 (compatible; Googlebot/2.1; +http://www.google.com/bot.html)"
209.74.77.214 - - [21/Jul/2025:14:33:28 +0000] "POST /wp-cron.php?doing_wp_cron=1753108408.1204829216003417968750 HTTP/1.1" 200 - "-" "WordPress/6.8.2; https://kelaby.company"
216.73.216.179 - - [21/Jul/2025:14:33:27 +0000] "GET /detail/259556096 HTTP/1.1" 404 16416 "-" "Mozilla/5.0 AppleWebKit/537.36 (KHTML, like Gecko; compatible; ClaudeBot/1.0; [email protected])"
216.73.216.179 - - [21/Jul/2025:14:33:30 +0000] "GET /detail/259283845 HTTP/1.1" 404 16415 "-" "Mozilla/5.0 AppleWebKit/537.36 (KHTML, like Gecko; compatible; ClaudeBot/1.0; [email protected])"
216.73.216.179 - - [21/Jul/2025:14:33:33 +0000] "GET /detail/259439550 HTTP/1.1" 404 16415 "-" "Mozilla/5.0 AppleWebKit/537.36 (KHTML, like Gecko; compatible; ClaudeBot/1.0; [email protected])"
216.73.216.179 - - [21/Jul/2025:14:33:36 +0000] "GET /detail/259541848 HTTP/1.1" 404 16415 "-" "Mozilla/5.0 AppleWebKit/537.36 (KHTML, like Gecko; compatible; ClaudeBot/1.0; [email protected])"
216.73.216.179 - - [21/Jul/2025:14:33:39 +0000] "GET /detail/259361111 HTTP/1.1" 404 16415 "-" "Mozilla/5.0 AppleWebKit/537.36 (KHTML, like Gecko; compatible; ClaudeBot/1.0; [email protected])"
216.73.216.179 - - [21/Jul/2025:14:33:42 +0000] "GET /detail/259367542 HTTP/1.1" 404 16415 "-" "Mozilla/5.0 AppleWebKit/537.36 (KHTML, like Gecko; compatible; ClaudeBot/1.0; [email protected])"
2a03:2880:f800:15:: - - [21/Jul/2025:14:33:43 +0000] "GET /detail/1295695916 HTTP/1.1" 404 16415 "-" "meta-externalagent/1.1 (+https://developers.facebook.com/docs/sharing/webmasters/crawler)"
216.73.216.179 - - [21/Jul/2025:14:33:45 +0000] "GET /detail/259463281 HTTP/1.1" 404 16415 "-" "Mozilla/5.0 AppleWebKit/537.36 (KHTML, like Gecko; compatible; ClaudeBot/1.0; [email protected])"
216.73.216.179 - - [21/Jul/2025:14:33:48 +0000] "GET /detail/259400190 HTTP/1.1" 404 16415 "-" "Mozilla/5.0 AppleWebKit/537.36 (KHTML, like Gecko; compatible; ClaudeBot/1.0; [email protected])"
216.73.216.179 - - [21/Jul/2025:14:33:51 +0000] "GET /detail/259591130 HTTP/1.1" 404 16415 "-" "Mozilla/5.0 AppleWebKit/537.36 (KHTML, like Gecko; compatible; ClaudeBot/1.0; [email protected])"
216.73.216.179 - - [21/Jul/2025:14:33:54 +0000] "GET /detail/259429902 HTTP/1.1" 404 16415 "-" "Mozilla/5.0 AppleWebKit/537.36 (KHTML, like Gecko; compatible; ClaudeBot/1.0; [email protected])"
216.73.216.179 - - [21/Jul/2025:14:33:57 +0000] "GET /detail/259472865 HTTP/1.1" 404 16415 "-" "Mozilla/5.0 AppleWebKit/537.36 (KHTML, like Gecko; compatible; ClaudeBot/1.0; [email protected])"
216.73.216.179 - - [21/Jul/2025:14:34:00 +0000] "GET /detail/259440153 HTTP/1.1" 404 16415 "-" "Mozilla/5.0 AppleWebKit/537.36 (KHTML, like Gecko; compatible; ClaudeBot/1.0; [email protected])"
209.74.77.214 - - [21/Jul/2025:14:34:03 +0000] "POST /wp-cron.php?doing_wp_cron=1753108443.4874610900878906250000 HTTP/1.1" 200 - "-" "WordPress/6.8.2; https://kelaby.company"
216.73.216.179 - - [21/Jul/2025:14:34:03 +0000] "GET /detail/259217180 HTTP/1.1" 404 16415 "-" "Mozilla/5.0 AppleWebKit/537.36 (KHTML, like Gecko; compatible; ClaudeBot/1.0; [email protected])"
216.73.216.179 - - [21/Jul/2025:14:34:06 +0000] "GET /detail/259148197 HTTP/1.1" 404 16414 "-" "Mozilla/5.0 AppleWebKit/537.36 (KHTML, like Gecko; compatible; ClaudeBot/1.0; [email protected])"
216.73.216.179 - - [21/Jul/2025:14:34:09 +0000] "GET /detail/259138531 HTTP/1.1" 404 16415 "-" "Mozilla/5.0 AppleWebKit/537.36 (KHTML, like Gecko; compatible; ClaudeBot/1.0; [email protected])"
216.73.216.179 - - [21/Jul/2025:14:34:12 +0000] "GET /detail/259265356 HTTP/1.1" 404 16415 "-" "Mozilla/5.0 AppleWebKit/537.36 (KHTML, like Gecko; compatible; ClaudeBot/1.0; [email protected])"
216.73.216.179 - - [21/Jul/2025:14:34:15 +0000] "GET /detail/259641648 HTTP/1.1" 404 16415 "-" "Mozilla/5.0 AppleWebKit/537.36 (KHTML, like Gecko; compatible; ClaudeBot/1.0; [email protected])"
216.73.216.179 - - [21/Jul/2025:14:34:18 +0000] "GET /detail/259432500 HTTP/1.1" 404 16415 "-" "Mozilla/5.0 AppleWebKit/537.36 (KHTML, like Gecko; compatible; ClaudeBot/1.0; [email protected])"
216.73.216.179 - - [21/Jul/2025:14:34:21 +0000] "GET /detail/1156093817 HTTP/1.1" 404 16415 "-" "Mozilla/5.0 AppleWebKit/537.36 (KHTML, like Gecko; compatible; ClaudeBot/1.0; [email protected])"
216.73.216.179 - - [21/Jul/2025:14:34:24 +0000] "GET /detail/259412162 HTTP/1.1" 404 16415 "-" "Mozilla/5.0 AppleWebKit/537.36 (KHTML, like Gecko; compatible; ClaudeBot/1.0; [email protected])"
216.73.216.179 - - [21/Jul/2025:14:34:27 +0000] "GET /detail/1155906289 HTTP/1.1" 404 16415 "-" "Mozilla/5.0 AppleWebKit/537.36 (KHTML, like Gecko; compatible; ClaudeBot/1.0; [email protected])"
216.73.216.179 - - [21/Jul/2025:14:34:30 +0000] "GET /detail/259605716 HTTP/1.1" 404 16415 "-" "Mozilla/5.0 AppleWebKit/537.36 (KHTML, like Gecko; compatible; ClaudeBot/1.0; [email protected])"
66.249.79.232 - - [21/Jul/2025:14:34:31 +0000] "GET /?h=5695947041960&mod=2076b5ab&uri=product.php?detail/39726132 HTTP/1.1" 200 19387 "-" "Mozilla/5.0 (Linux; Android 6.0.1; Nexus 5X Build/MMB29P) AppleWebKit/537.36 (KHTML, like Gecko) Chrome/137.0.7151.103 Mobile Safari/537.36 (compatible; Googlebot/2.1; +http://www.google.com/bot.html)"
216.73.216.179 - - [21/Jul/2025:14:34:33 +0000] "GET /detail/1156053111 HTTP/1.1" 404 16415 "-" "Mozilla/5.0 AppleWebKit/537.36 (KHTML, like Gecko; compatible; ClaudeBot/1.0; [email protected])"
66.249.79.231 - - [21/Jul/2025:14:34:34 +0000] "POST /get-message-notify HTTP/1.1" 200 19474 "https://www.kelaby.company/?h=5695947041960&mod=2076b5ab&uri=product.php?detail/39726132" "Mozilla/5.0 (Linux; Android 6.0.1; Nexus 5X Build/MMB29P) AppleWebKit/537.36 (KHTML, like Gecko) Chrome/137.0.7151.119 Mobile Safari/537.36 (compatible; Googlebot/2.1; +http://www.google.com/bot.html)"
216.73.216.179 - - [21/Jul/2025:14:34:36 +0000] "GET /detail/259377729 HTTP/1.1" 404 16415 "-" "Mozilla/5.0 AppleWebKit/537.36 (KHTML, like Gecko; compatible; ClaudeBot/1.0; [email protected])"
216.73.216.179 - - [21/Jul/2025:14:34:39 +0000] "GET /detail/1155715221 HTTP/1.1" 404 16415 "-" "Mozilla/5.0 AppleWebKit/537.36 (KHTML, like Gecko; compatible; ClaudeBot/1.0; [email protected])"
216.73.216.179 - - [21/Jul/2025:14:34:42 +0000] "GET /detail/1155723763 HTTP/1.1" 404 16415 "-" "Mozilla/5.0 AppleWebKit/537.36 (KHTML, like Gecko; compatible; ClaudeBot/1.0; [email protected])"
216.73.216.179 - - [21/Jul/2025:14:34:45 +0000] "GET /detail/259428117 HTTP/1.1" 404 16415 "-" "Mozilla/5.0 AppleWebKit/537.36 (KHTML, like Gecko; compatible; ClaudeBot/1.0; [email protected])"
2a03:2880:f800:18:: - - [21/Jul/2025:14:34:46 +0000] "GET /detail/1295680224 HTTP/1.1" 404 16415 "-" "meta-externalagent/1.1 (+https://developers.facebook.com/docs/sharing/webmasters/crawler)"
66.249.79.232 - - [21/Jul/2025:14:35:14 +0000] "GET /?h=65725033041960&mod=09662890&uri=news.php?detail/34895815 HTTP/1.1" 200 19406 "-" "Mozilla/5.0 (Linux; Android 6.0.1; Nexus 5X Build/MMB29P) AppleWebKit/537.36 (KHTML, like Gecko) Chrome/137.0.7151.103 Mobile Safari/537.36 (compatible; Googlebot/2.1; +http://www.google.com/bot.html)"
209.74.77.214 - - [21/Jul/2025:14:35:45 +0000] "POST /wp-cron.php?doing_wp_cron=1753108545.7189218997955322265625 HTTP/1.1" 200 - "-" "WordPress/6.8.2; https://kelaby.company"
216.73.216.179 - - [21/Jul/2025:14:35:45 +0000] "GET /detail/1156079249 HTTP/1.1" 404 16415 "-" "Mozilla/5.0 AppleWebKit/537.36 (KHTML, like Gecko; compatible; ClaudeBot/1.0; [email protected])"
216.73.216.179 - - [21/Jul/2025:14:35:48 +0000] "GET /detail/1155629797 HTTP/1.1" 404 16416 "-" "Mozilla/5.0 AppleWebKit/537.36 (KHTML, like Gecko; compatible; ClaudeBot/1.0; [email protected])"
216.73.216.179 - - [21/Jul/2025:14:35:51 +0000] "GET /detail/259161595 HTTP/1.1" 404 16415 "-" "Mozilla/5.0 AppleWebKit/537.36 (KHTML, like Gecko; compatible; ClaudeBot/1.0; [email protected])"
216.73.216.179 - - [21/Jul/2025:14:35:54 +0000] "GET /detail/259475756 HTTP/1.1" 404 16415 "-" "Mozilla/5.0 AppleWebKit/537.36 (KHTML, like Gecko; compatible; ClaudeBot/1.0; [email protected])"
66.249.79.230 - - [21/Jul/2025:14:35:57 +0000] "GET /?h=36364990021960&mod=4b3da53a&uri=products.php?detail/36673445 HTTP/1.1" 200 19728 "-" "Mozilla/5.0 (Linux; Android 6.0.1; Nexus 5X Build/MMB29P) AppleWebKit/537.36 (KHTML, like Gecko) Chrome/137.0.7151.103 Mobile Safari/537.36 (compatible; Googlebot/2.1; +http://www.google.com/bot.html)"
216.73.216.179 - - [21/Jul/2025:14:35:57 +0000] "GET /detail/259425238 HTTP/1.1" 404 16415 "-" "Mozilla/5.0 AppleWebKit/537.36 (KHTML, like Gecko; compatible; ClaudeBot/1.0; [email protected])"
216.73.216.179 - - [21/Jul/2025:14:36:00 +0000] "GET /detail/259631998 HTTP/1.1" 404 16415 "-" "Mozilla/5.0 AppleWebKit/537.36 (KHTML, like Gecko; compatible; ClaudeBot/1.0; [email protected])"
66.249.79.230 - - [21/Jul/2025:14:36:01 +0000] "POST /get-message-notify HTTP/1.1" 200 19474 "https://www.kelaby.company/?h=36364990021960&mod=4b3da53a&uri=products.php?detail/36673445" "Mozilla/5.0 (Linux; Android 6.0.1; Nexus 5X Build/MMB29P) AppleWebKit/537.36 (KHTML, like Gecko) Chrome/137.0.7151.119 Mobile Safari/537.36 (compatible; Googlebot/2.1; +http://www.google.com/bot.html)"
209.74.77.214 - - [21/Jul/2025:14:36:03 +0000] "POST /wp-cron.php?doing_wp_cron=1753108563.6086421012878417968750 HTTP/1.1" 200 - "-" "WordPress/6.8.2; https://kelaby.company"
216.73.216.179 - - [21/Jul/2025:14:36:03 +0000] "GET /detail/259163380 HTTP/1.1" 404 16415 "-" "Mozilla/5.0 AppleWebKit/537.36 (KHTML, like Gecko; compatible; ClaudeBot/1.0; [email protected])"
216.73.216.179 - - [21/Jul/2025:14:36:06 +0000] "GET /detail/259231151 HTTP/1.1" 404 16415 "-" "Mozilla/5.0 AppleWebKit/537.36 (KHTML, like Gecko; compatible; ClaudeBot/1.0; [email protected])"
2a03:2880:f800:f:: - - [21/Jul/2025:14:36:07 +0000] "GET /detail/1295701455 HTTP/1.1" 404 16415 "-" "meta-externalagent/1.1 (+https://developers.facebook.com/docs/sharing/webmasters/crawler)"
216.73.216.179 - - [21/Jul/2025:14:36:09 +0000] "GET /detail/259339880 HTTP/1.1" 404 16415 "-" "Mozilla/5.0 AppleWebKit/537.36 (KHTML, like Gecko; compatible; ClaudeBot/1.0; [email protected])"
216.73.216.179 - - [21/Jul/2025:14:36:12 +0000] "GET /detail/259454120 HTTP/1.1" 404 16415 "-" "Mozilla/5.0 AppleWebKit/537.36 (KHTML, like Gecko; compatible; ClaudeBot/1.0; [email protected])"
216.73.216.179 - - [21/Jul/2025:14:36:15 +0000] "GET /detail/259502232 HTTP/1.1" 404 16415 "-" "Mozilla/5.0 AppleWebKit/537.36 (KHTML, like Gecko; compatible; ClaudeBot/1.0; [email protected])"
216.73.216.179 - - [21/Jul/2025:14:36:18 +0000] "GET /detail/259505191 HTTP/1.1" 404 16415 "-" "Mozilla/5.0 AppleWebKit/537.36 (KHTML, like Gecko; compatible; ClaudeBot/1.0; [email protected])"
216.73.216.179 - - [21/Jul/2025:14:36:21 +0000] "GET /detail/259346671 HTTP/1.1" 404 16415 "-" "Mozilla/5.0 AppleWebKit/537.36 (KHTML, like Gecko; compatible; ClaudeBot/1.0; [email protected])"
216.73.216.179 - - [21/Jul/2025:14:36:24 +0000] "GET /detail/259234563 HTTP/1.1" 404 16415 "-" "Mozilla/5.0 AppleWebKit/537.36 (KHTML, like Gecko; compatible; ClaudeBot/1.0; [email protected])"
216.73.216.179 - - [21/Jul/2025:14:36:27 +0000] "GET /detail/259623440 HTTP/1.1" 404 16415 "-" "Mozilla/5.0 AppleWebKit/537.36 (KHTML, like Gecko; compatible; ClaudeBot/1.0; [email protected])"
216.73.216.179 - - [21/Jul/2025:14:36:30 +0000] "GET /detail/259588129 HTTP/1.1" 404 16415 "-" "Mozilla/5.0 AppleWebKit/537.36 (KHTML, like Gecko; compatible; ClaudeBot/1.0; [email protected])"
216.73.216.179 - - [21/Jul/2025:14:36:33 +0000] "GET /detail/259225740 HTTP/1.1" 404 16415 "-" "Mozilla/5.0 AppleWebKit/537.36 (KHTML, like Gecko; compatible; ClaudeBot/1.0; [email protected])"
216.73.216.179 - - [21/Jul/2025:14:36:36 +0000] "GET /detail/259390268 HTTP/1.1" 404 16414 "-" "Mozilla/5.0 AppleWebKit/537.36 (KHTML, like Gecko; compatible; ClaudeBot/1.0; [email protected])"
216.73.216.179 - - [21/Jul/2025:14:36:39 +0000] "GET /detail/259431248 HTTP/1.1" 404 16415 "-" "Mozilla/5.0 AppleWebKit/537.36 (KHTML, like Gecko; compatible; ClaudeBot/1.0; [email protected])"
216.73.216.179 - - [21/Jul/2025:14:36:42 +0000] "GET /detail/259607231 HTTP/1.1" 404 16415 "-" "Mozilla/5.0 AppleWebKit/537.36 (KHTML, like Gecko; compatible; ClaudeBot/1.0; [email protected])"
216.73.216.179 - - [21/Jul/2025:14:36:45 +0000] "GET /detail/259303077 HTTP/1.1" 404 16415 "-" "Mozilla/5.0 AppleWebKit/537.36 (KHTML, like Gecko; compatible; ClaudeBot/1.0; [email protected])"
216.73.216.179 - - [21/Jul/2025:14:36:48 +0000] "GET /detail/259148794 HTTP/1.1" 404 16415 "-" "Mozilla/5.0 AppleWebKit/537.36 (KHTML, like Gecko; compatible; ClaudeBot/1.0; [email protected])"
216.73.216.179 - - [21/Jul/2025:14:36:51 +0000] "GET /detail/259405391 HTTP/1.1" 404 16415 "-" "Mozilla/5.0 AppleWebKit/537.36 (KHTML, like Gecko; compatible; ClaudeBot/1.0; [email protected])"
216.73.216.179 - - [21/Jul/2025:14:36:54 +0000] "GET /detail/259278562 HTTP/1.1" 404 16415 "-" "Mozilla/5.0 AppleWebKit/537.36 (KHTML, like Gecko; compatible; ClaudeBot/1.0; [email protected])"
216.73.216.179 - - [21/Jul/2025:14:36:57 +0000] "GET /detail/259414438 HTTP/1.1" 404 16415 "-" "Mozilla/5.0 AppleWebKit/537.36 (KHTML, like Gecko; compatible; ClaudeBot/1.0; [email protected])"
216.73.216.179 - - [21/Jul/2025:14:37:00 +0000] "GET /detail/259429609 HTTP/1.1" 404 16415 "-" "Mozilla/5.0 AppleWebKit/537.36 (KHTML, like Gecko; compatible; ClaudeBot/1.0; [email protected])"
209.74.77.214 - - [21/Jul/2025:14:37:03 +0000] "POST /wp-cron.php?doing_wp_cron=1753108623.6229441165924072265625 HTTP/1.1" 200 - "-" "WordPress/6.8.2; https://kelaby.company"
216.73.216.179 - - [21/Jul/2025:14:37:03 +0000] "GET /detail/259396230 HTTP/1.1" 404 16415 "-" "Mozilla/5.0 AppleWebKit/537.36 (KHTML, like Gecko; compatible; ClaudeBot/1.0; [email protected])"
2a03:2880:f800:15:: - - [21/Jul/2025:14:37:12 +0000] "GET /detail/1295769204 HTTP/1.1" 404 16415 "-" "meta-externalagent/1.1 (+https://developers.facebook.com/docs/sharing/webmasters/crawler)"
216.73.216.179 - - [21/Jul/2025:14:37:39 +0000] "GET /detail/1156044487 HTTP/1.1" 404 16415 "-" "Mozilla/5.0 AppleWebKit/537.36 (KHTML, like Gecko; compatible; ClaudeBot/1.0; [email protected])"
216.73.216.179 - - [21/Jul/2025:14:37:42 +0000] "GET /detail/259326141 HTTP/1.1" 404 16415 "-" "Mozilla/5.0 AppleWebKit/537.36 (KHTML, like Gecko; compatible; ClaudeBot/1.0; [email protected])"
216.73.216.179 - - [21/Jul/2025:14:37:45 +0000] "GET /detail/259250916 HTTP/1.1" 404 16416 "-" "Mozilla/5.0 AppleWebKit/537.36 (KHTML, like Gecko; compatible; ClaudeBot/1.0; [email protected])"
216.73.216.179 - - [21/Jul/2025:14:37:48 +0000] "GET /detail/259211300 HTTP/1.1" 404 16415 "-" "Mozilla/5.0 AppleWebKit/537.36 (KHTML, like Gecko; compatible; ClaudeBot/1.0; [email protected])"
216.73.216.179 - - [21/Jul/2025:14:37:51 +0000] "GET /detail/259327844 HTTP/1.1" 404 16415 "-" "Mozilla/5.0 AppleWebKit/537.36 (KHTML, like Gecko; compatible; ClaudeBot/1.0; [email protected])"
216.73.216.179 - - [21/Jul/2025:14:37:54 +0000] "GET /detail/259613241 HTTP/1.1" 404 16415 "-" "Mozilla/5.0 AppleWebKit/537.36 (KHTML, like Gecko; compatible; ClaudeBot/1.0; [email protected])"
216.73.216.179 - - [21/Jul/2025:14:37:57 +0000] "GET /detail/259238946 HTTP/1.1" 404 16415 "-" "Mozilla/5.0 AppleWebKit/537.36 (KHTML, like Gecko; compatible; ClaudeBot/1.0; [email protected])"
216.73.216.179 - - [21/Jul/2025:14:38:00 +0000] "GET /detail/259228601 HTTP/1.1" 404 16415 "-" "Mozilla/5.0 AppleWebKit/537.36 (KHTML, like Gecko; compatible; ClaudeBot/1.0; [email protected])"
209.74.77.214 - - [21/Jul/2025:14:38:03 +0000] "POST /wp-cron.php?doing_wp_cron=1753108683.6792581081390380859375 HTTP/1.1" 200 - "-" "WordPress/6.8.2; https://kelaby.company"
216.73.216.179 - - [21/Jul/2025:14:38:03 +0000] "GET /detail/259205875 HTTP/1.1" 404 16415 "-" "Mozilla/5.0 AppleWebKit/537.36 (KHTML, like Gecko; compatible; ClaudeBot/1.0; [email protected])"
216.73.216.179 - - [21/Jul/2025:14:38:06 +0000] "GET /detail/259432418 HTTP/1.1" 404 16415 "-" "Mozilla/5.0 AppleWebKit/537.36 (KHTML, like Gecko; compatible; ClaudeBot/1.0; [email protected])"
2a03:2880:f800:6:: - - [21/Jul/2025:14:38:06 +0000] "GET /detail/1296135782 HTTP/1.1" 404 16415 "-" "meta-externalagent/1.1 (+https://developers.facebook.com/docs/sharing/webmasters/crawler)"
216.73.216.179 - - [21/Jul/2025:14:38:09 +0000] "GET /detail/259673487 HTTP/1.1" 404 16415 "-" "Mozilla/5.0 AppleWebKit/537.36 (KHTML, like Gecko; compatible; ClaudeBot/1.0; [email protected])"
216.73.216.179 - - [21/Jul/2025:14:38:12 +0000] "GET /detail/259462550 HTTP/1.1" 404 16415 "-" "Mozilla/5.0 AppleWebKit/537.36 (KHTML, like Gecko; compatible; ClaudeBot/1.0; [email protected])"
216.73.216.179 - - [21/Jul/2025:14:38:15 +0000] "GET /detail/259227511 HTTP/1.1" 404 16415 "-" "Mozilla/5.0 AppleWebKit/537.36 (KHTML, like Gecko; compatible; ClaudeBot/1.0; [email protected])"
216.73.216.179 - - [21/Jul/2025:14:38:18 +0000] "GET /detail/259415041 HTTP/1.1" 404 16415 "-" "Mozilla/5.0 AppleWebKit/537.36 (KHTML, like Gecko; compatible; ClaudeBot/1.0; [email protected])"
216.73.216.179 - - [21/Jul/2025:14:38:21 +0000] "GET /detail/259386031 HTTP/1.1" 404 16415 "-" "Mozilla/5.0 AppleWebKit/537.36 (KHTML, like Gecko; compatible; ClaudeBot/1.0; [email protected])"
216.73.216.179 - - [21/Jul/2025:14:38:24 +0000] "GET /detail/259598929 HTTP/1.1" 404 16415 "-" "Mozilla/5.0 AppleWebKit/537.36 (KHTML, like Gecko; compatible; ClaudeBot/1.0; [email protected])"
216.73.216.179 - - [21/Jul/2025:14:38:27 +0000] "GET /detail/259193905 HTTP/1.1" 404 16415 "-" "Mozilla/5.0 AppleWebKit/537.36 (KHTML, like Gecko; compatible; ClaudeBot/1.0; [email protected])"
216.73.216.179 - - [21/Jul/2025:14:38:30 +0000] "GET /detail/259648972 HTTP/1.1" 404 16415 "-" "Mozilla/5.0 AppleWebKit/537.36 (KHTML, like Gecko; compatible; ClaudeBot/1.0; [email protected])"
216.73.216.179 - - [21/Jul/2025:14:38:33 +0000] "GET /detail/259657877 HTTP/1.1" 404 16415 "-" "Mozilla/5.0 AppleWebKit/537.36 (KHTML, like Gecko; compatible; ClaudeBot/1.0; [email protected])"
216.73.216.179 - - [21/Jul/2025:14:38:36 +0000] "GET /detail/259351189 HTTP/1.1" 404 16415 "-" "Mozilla/5.0 AppleWebKit/537.36 (KHTML, like Gecko; compatible; ClaudeBot/1.0; [email protected])"
216.73.216.179 - - [21/Jul/2025:14:38:39 +0000] "GET /detail/259674230 HTTP/1.1" 404 16415 "-" "Mozilla/5.0 AppleWebKit/537.36 (KHTML, like Gecko; compatible; ClaudeBot/1.0; [email protected])"
216.73.216.179 - - [21/Jul/2025:14:38:42 +0000] "GET /detail/259258032 HTTP/1.1" 404 16415 "-" "Mozilla/5.0 AppleWebKit/537.36 (KHTML, like Gecko; compatible; ClaudeBot/1.0; [email protected])"
216.73.216.179 - - [21/Jul/2025:14:38:48 +0000] "GET /detail/259171794 HTTP/1.1" 404 16415 "-" "Mozilla/5.0 AppleWebKit/537.36 (KHTML, like Gecko; compatible; ClaudeBot/1.0; [email protected])"
216.73.216.179 - - [21/Jul/2025:14:38:51 +0000] "GET /detail/259602569 HTTP/1.1" 404 16415 "-" "Mozilla/5.0 AppleWebKit/537.36 (KHTML, like Gecko; compatible; ClaudeBot/1.0; [email protected])"
216.73.216.179 - - [21/Jul/2025:14:38:54 +0000] "GET /detail/259159143 HTTP/1.1" 404 16415 "-" "Mozilla/5.0 AppleWebKit/537.36 (KHTML, like Gecko; compatible; ClaudeBot/1.0; [email protected])"
216.73.216.179 - - [21/Jul/2025:14:38:57 +0000] "GET /detail/259222849 HTTP/1.1" 404 16415 "-" "Mozilla/5.0 AppleWebKit/537.36 (KHTML, like Gecko; compatible; ClaudeBot/1.0; [email protected])"
216.73.216.179 - - [21/Jul/2025:14:39:00 +0000] "GET /detail/259334960 HTTP/1.1" 404 16415 "-" "Mozilla/5.0 AppleWebKit/537.36 (KHTML, like Gecko; compatible; ClaudeBot/1.0; [email protected])"
209.74.77.214 - - [21/Jul/2025:14:39:04 +0000] "POST /wp-cron.php?doing_wp_cron=1753108744.0158119201660156250000 HTTP/1.1" 200 - "-" "WordPress/6.8.2; https://kelaby.company"
216.73.216.179 - - [21/Jul/2025:14:39:03 +0000] "GET /detail/259608513 HTTP/1.1" 404 16415 "-" "Mozilla/5.0 AppleWebKit/537.36 (KHTML, like Gecko; compatible; ClaudeBot/1.0; [email protected])"
216.73.216.179 - - [21/Jul/2025:14:39:06 +0000] "GET /detail/259403069 HTTP/1.1" 404 16415 "-" "Mozilla/5.0 AppleWebKit/537.36 (KHTML, like Gecko; compatible; ClaudeBot/1.0; [email protected])"
216.73.216.179 - - [21/Jul/2025:14:39:09 +0000] "GET /detail/259211901 HTTP/1.1" 404 16413 "-" "Mozilla/5.0 AppleWebKit/537.36 (KHTML, like Gecko; compatible; ClaudeBot/1.0; [email protected])"
2a03:2880:f800:11:: - - [21/Jul/2025:14:39:12 +0000] "GET /detail/1295907450 HTTP/1.1" 404 16415 "-" "meta-externalagent/1.1 (+https://developers.facebook.com/docs/sharing/webmasters/crawler)"
216.73.216.179 - - [21/Jul/2025:14:39:12 +0000] "GET /detail/259668204 HTTP/1.1" 404 16415 "-" "Mozilla/5.0 AppleWebKit/537.36 (KHTML, like Gecko; compatible; ClaudeBot/1.0; [email protected])"
216.73.216.179 - - [21/Jul/2025:14:39:15 +0000] "GET /detail/259268996 HTTP/1.1" 404 16414 "-" "Mozilla/5.0 AppleWebKit/537.36 (KHTML, like Gecko; compatible; ClaudeBot/1.0; [email protected])"
216.73.216.179 - - [21/Jul/2025:14:39:18 +0000] "GET /detail/259365757 HTTP/1.1" 404 16415 "-" "Mozilla/5.0 AppleWebKit/537.36 (KHTML, like Gecko; compatible; ClaudeBot/1.0; [email protected])"
216.73.216.179 - - [21/Jul/2025:14:39:21 +0000] "GET /detail/259309103 HTTP/1.1" 404 16414 "-" "Mozilla/5.0 AppleWebKit/537.36 (KHTML, like Gecko; compatible; ClaudeBot/1.0; [email protected])"
216.73.216.179 - - [21/Jul/2025:14:39:24 +0000] "GET /detail/259234901 HTTP/1.1" 404 16415 "-" "Mozilla/5.0 AppleWebKit/537.36 (KHTML, like Gecko; compatible; ClaudeBot/1.0; [email protected])"
216.73.216.179 - - [21/Jul/2025:14:39:27 +0000] "GET /detail/259573881 HTTP/1.1" 404 16415 "-" "Mozilla/5.0 AppleWebKit/537.36 (KHTML, like Gecko; compatible; ClaudeBot/1.0; [email protected])"
66.249.79.232 - - [21/Jul/2025:14:39:30 +0000] "GET /?h=5800208041960&mod=9bbcf8c9&uri=us.php?detail/34591725 HTTP/1.1" 200 21852 "-" "Mozilla/5.0 (Linux; Android 6.0.1; Nexus 5X Build/MMB29P) AppleWebKit/537.36 (KHTML, like Gecko) Chrome/137.0.7151.103 Mobile Safari/537.36 (compatible; Googlebot/2.1; +http://www.google.com/bot.html)"
216.73.216.179 - - [21/Jul/2025:14:39:30 +0000] "GET /detail/259158460 HTTP/1.1" 404 16415 "-" "Mozilla/5.0 AppleWebKit/537.36 (KHTML, like Gecko; compatible; ClaudeBot/1.0; [email protected])"
66.249.79.232 - - [21/Jul/2025:14:39:30 +0000] "GET /?h=65511821031960&mod=3102051b&uri=products.php?detail/39221308 HTTP/1.1" 200 21296 "-" "Mozilla/5.0 (Linux; Android 6.0.1; Nexus 5X Build/MMB29P) AppleWebKit/537.36 (KHTML, like Gecko) Chrome/137.0.7151.103 Mobile Safari/537.36 (compatible; Googlebot/2.1; +http://www.google.com/bot.html)"
66.249.79.231 - - [21/Jul/2025:14:39:31 +0000] "GET /?h=36364990021960&mod=4b3da53a&uri=products.php?detail/36650310 HTTP/1.1" 200 19522 "-" "Mozilla/5.0 (Linux; Android 6.0.1; Nexus 5X Build/MMB29P) AppleWebKit/537.36 (KHTML, like Gecko) Chrome/137.0.7151.103 Mobile Safari/537.36 (compatible; Googlebot/2.1; +http://www.google.com/bot.html)"
216.73.216.179 - - [21/Jul/2025:14:39:33 +0000] "GET /detail/259189241 HTTP/1.1" 404 16415 "-" "Mozilla/5.0 AppleWebKit/537.36 (KHTML, like Gecko; compatible; ClaudeBot/1.0; [email protected])"
66.249.79.231 - - [21/Jul/2025:14:39:33 +0000] "POST /get-message-notify HTTP/1.1" 200 19474 "https://www.kelaby.company/?h=65511821031960&mod=3102051b&uri=products.php?detail/39221308" "Mozilla/5.0 (Linux; Android 6.0.1; Nexus 5X Build/MMB29P) AppleWebKit/537.36 (KHTML, like Gecko) Chrome/137.0.7151.119 Mobile Safari/537.36 (compatible; Googlebot/2.1; +http://www.google.com/bot.html)"
216.73.216.179 - - [21/Jul/2025:14:39:36 +0000] "GET /detail/259207255 HTTP/1.1" 404 16415 "-" "Mozilla/5.0 AppleWebKit/537.36 (KHTML, like Gecko; compatible; ClaudeBot/1.0; [email protected])"
66.249.79.230 - - [21/Jul/2025:14:39:38 +0000] "GET /favicon.ico HTTP/1.1" 302 - "-" "Googlebot-Image/1.0"
66.249.79.33 - - [21/Jul/2025:14:39:38 +0000] "GET /wp-content/uploads/2024/08/cropped-android-chrome-512x512-1-32x32.png HTTP/1.1" 200 832 "-" "Googlebot-Image/1.0"
216.73.216.179 - - [21/Jul/2025:14:39:39 +0000] "GET /detail/259438039 HTTP/1.1" 404 16415 "-" "Mozilla/5.0 AppleWebKit/537.36 (KHTML, like Gecko; compatible; ClaudeBot/1.0; [email protected])"
216.73.216.179 - - [21/Jul/2025:14:39:42 +0000] "GET /detail/259175843 HTTP/1.1" 404 16415 "-" "Mozilla/5.0 AppleWebKit/537.36 (KHTML, like Gecko; compatible; ClaudeBot/1.0; [email protected])"
216.73.216.179 - - [21/Jul/2025:14:39:45 +0000] "GET /detail/259230386 HTTP/1.1" 404 16415 "-" "Mozilla/5.0 AppleWebKit/537.36 (KHTML, like Gecko; compatible; ClaudeBot/1.0; [email protected])"
216.73.216.179 - - [21/Jul/2025:14:39:48 +0000] "GET /detail/259574923 HTTP/1.1" 404 16415 "-" "Mozilla/5.0 AppleWebKit/537.36 (KHTML, like Gecko; compatible; ClaudeBot/1.0; [email protected])"
216.73.216.179 - - [21/Jul/2025:14:39:51 +0000] "GET /detail/259515372 HTTP/1.1" 404 16415 "-" "Mozilla/5.0 AppleWebKit/537.36 (KHTML, like Gecko; compatible; ClaudeBot/1.0; [email protected])"
216.73.216.179 - - [21/Jul/2025:14:39:54 +0000] "GET /detail/1156030728 HTTP/1.1" 404 16415 "-" "Mozilla/5.0 AppleWebKit/537.36 (KHTML, like Gecko; compatible; ClaudeBot/1.0; [email protected])"
216.73.216.179 - - [21/Jul/2025:14:39:57 +0000] "GET /detail/259646246 HTTP/1.1" 404 16414 "-" "Mozilla/5.0 AppleWebKit/537.36 (KHTML, like Gecko; compatible; ClaudeBot/1.0; [email protected])"
216.73.216.179 - - [21/Jul/2025:14:40:00 +0000] "GET /detail/1155887203 HTTP/1.1" 404 16415 "-" "Mozilla/5.0 AppleWebKit/537.36 (KHTML, like Gecko; compatible; ClaudeBot/1.0; [email protected])"
209.74.77.214 - - [21/Jul/2025:14:40:04 +0000] "POST /wp-cron.php?doing_wp_cron=1753108803.8830449581146240234375 HTTP/1.1" 200 - "-" "WordPress/6.8.2; https://kelaby.company"
216.73.216.179 - - [21/Jul/2025:14:40:03 +0000] "GET /detail/1155670240 HTTP/1.1" 404 16415 "-" "Mozilla/5.0 AppleWebKit/537.36 (KHTML, like Gecko; compatible; ClaudeBot/1.0; [email protected])"
216.73.216.179 - - [21/Jul/2025:14:40:06 +0000] "GET /detail/259139911 HTTP/1.1" 404 16415 "-" "Mozilla/5.0 AppleWebKit/537.36 (KHTML, like Gecko; compatible; ClaudeBot/1.0; [email protected])"
2a03:2880:f800:11:: - - [21/Jul/2025:14:40:19 +0000] "GET /detail/1296133997 HTTP/1.1" 404 16415 "-" "meta-externalagent/1.1 (+https://developers.facebook.com/docs/sharing/webmasters/crawler)"
66.249.79.231 - - [21/Jul/2025:14:40:56 +0000] "GET /?h=61308809041960&mod=681e38a8&uri=pin.php?detail/1679192 HTTP/1.1" 200 19558 "-" "Mozilla/5.0 (Linux; Android 6.0.1; Nexus 5X Build/MMB29P) AppleWebKit/537.36 (KHTML, like Gecko) Chrome/137.0.7151.103 Mobile Safari/537.36 (compatible; Googlebot/2.1; +http://www.google.com/bot.html)"
66.249.79.232 - - [21/Jul/2025:14:40:56 +0000] "GET /?h=47316678051960&mod=61b80b3c&uri=shop.php?product/edit/K214168505 HTTP/1.1" 200 19617 "-" "Mozilla/5.0 (Linux; Android 6.0.1; Nexus 5X Build/MMB29P) AppleWebKit/537.36 (KHTML, like Gecko) Chrome/137.0.7151.103 Mobile Safari/537.36 (compatible; Googlebot/2.1; +http://www.google.com/bot.html)"
66.249.79.230 - - [21/Jul/2025:14:40:57 +0000] "GET /?h=6220506021960&mod=acac6e55&uri=goods.php?detail/672219101 HTTP/1.1" 200 20806 "-" "Mozilla/5.0 (Linux; Android 6.0.1; Nexus 5X Build/MMB29P) AppleWebKit/537.36 (KHTML, like Gecko) Chrome/137.0.7151.103 Mobile Safari/537.36 (compatible; Googlebot/2.1; +http://www.google.com/bot.html)"
209.74.77.214 - - [21/Jul/2025:14:41:20 +0000] "POST /wp-cron.php?doing_wp_cron=1753108880.1140038967132568359375 HTTP/1.1" 200 - "-" "WordPress/6.8.2; https://kelaby.company"
80.85.246.217 - - [21/Jul/2025:14:41:19 +0000] "GET / HTTP/1.1" 200 26471 "-" "Mozilla/5.0 (Macintosh; Intel Mac OS X 10_15_7) AppleWebKit/537.36 (KHTML, like Gecko) Chrome/133.0.0.0 Safari/537.36"
80.85.246.217 - - [21/Jul/2025:14:41:21 +0000] "GET /comments/feed/ HTTP/1.1" 200 408 "-" "Mozilla/5.0 (Macintosh; Intel Mac OS X 10_15_7) AppleWebKit/537.36 (KHTML, like Gecko) Chrome/133.0.0.0 Safari/537.36"
80.85.246.217 - - [21/Jul/2025:14:41:25 +0000] "GET /contact-us/ HTTP/1.1" 200 18455 "-" "Mozilla/5.0 (Macintosh; Intel Mac OS X 10_15_7) AppleWebKit/537.36 (KHTML, like Gecko) Chrome/133.0.0.0 Safari/537.36"
216.73.216.179 - - [21/Jul/2025:14:41:28 +0000] "GET /detail/259586356 HTTP/1.1" 404 16415 "-" "Mozilla/5.0 AppleWebKit/537.36 (KHTML, like Gecko; compatible; ClaudeBot/1.0; [email protected])"
216.73.216.179 - - [21/Jul/2025:14:41:31 +0000] "GET /detail/259560337 HTTP/1.1" 404 16415 "-" "Mozilla/5.0 AppleWebKit/537.36 (KHTML, like Gecko; compatible; ClaudeBot/1.0; [email protected])"
216.73.216.179 - - [21/Jul/2025:14:41:34 +0000] "GET /detail/259190688 HTTP/1.1" 404 16415 "-" "Mozilla/5.0 AppleWebKit/537.36 (KHTML, like Gecko; compatible; ClaudeBot/1.0; [email protected])"
2a03:2880:f800:11:: - - [21/Jul/2025:14:41:37 +0000] "GET /detail/1296040712 HTTP/1.1" 404 16415 "-" "meta-externalagent/1.1 (+https://developers.facebook.com/docs/sharing/webmasters/crawler)"
216.73.216.179 - - [21/Jul/2025:14:41:37 +0000] "GET /detail/259406481 HTTP/1.1" 404 16415 "-" "Mozilla/5.0 AppleWebKit/537.36 (KHTML, like Gecko; compatible; ClaudeBot/1.0; [email protected])"
47.82.11.55 - - [21/Jul/2025:14:41:40 +0000] "GET /?h=5983128011960&mod=a788f0e7&uri=shop.php?id%3D199798-345%26name%3Dropa+americana+para+la+nieve HTTP/1.1" 301 - "https://kelaby.company/?h=5983128011960&mod=a788f0e7&uri=shop.php%3Fid%3D199798-345%26name%3Dropa+americana+para+la+nieve" "Mozilla/5.0 (Windows NT 10.0; Win64; x64) AppleWebKit/537.36 (KHTML, like Gecko) Chrome/114.0.0.0 Safari/537.36 Edg/114.0.1823.43"
47.82.11.55 - - [21/Jul/2025:14:41:40 +0000] "GET /?h=5983128011960&mod=a788f0e7&uri=shop.php?id%3D199798-345%26name%3Dropa%20americana%20para%20la%20nieve HTTP/1.1" 301 - "https://kelaby.company/?h=5983128011960&mod=a788f0e7&uri=shop.php%3Fid%3D199798-345%26name%3Dropa+americana+para+la+nieve" "Mozilla/5.0 (Windows NT 10.0; Win64; x64) AppleWebKit/537.36 (KHTML, like Gecko) Chrome/114.0.0.0 Safari/537.36 Edg/114.0.1823.43"
216.73.216.179 - - [21/Jul/2025:14:41:40 +0000] "GET /detail/259214289 HTTP/1.1" 404 16414 "-" "Mozilla/5.0 AppleWebKit/537.36 (KHTML, like Gecko; compatible; ClaudeBot/1.0; [email protected])"
216.73.216.179 - - [21/Jul/2025:14:41:43 +0000] "GET /detail/259150174 HTTP/1.1" 404 16415 "-" "Mozilla/5.0 AppleWebKit/537.36 (KHTML, like Gecko; compatible; ClaudeBot/1.0; [email protected])"
216.73.216.179 - - [21/Jul/2025:14:41:46 +0000] "GET /detail/259198503 HTTP/1.1" 404 16415 "-" "Mozilla/5.0 AppleWebKit/537.36 (KHTML, like Gecko; compatible; ClaudeBot/1.0; [email protected])"
216.73.216.179 - - [21/Jul/2025:14:41:49 +0000] "GET /detail/259572453 HTTP/1.1" 404 16415 "-" "Mozilla/5.0 AppleWebKit/537.36 (KHTML, like Gecko; compatible; ClaudeBot/1.0; [email protected])"
216.73.216.179 - - [21/Jul/2025:14:41:52 +0000] "GET /detail/259654237 HTTP/1.1" 404 16415 "-" "Mozilla/5.0 AppleWebKit/537.36 (KHTML, like Gecko; compatible; ClaudeBot/1.0; [email protected])"
216.73.216.179 - - [21/Jul/2025:14:41:55 +0000] "GET /detail/259371182 HTTP/1.1" 404 16415 "-" "Mozilla/5.0 AppleWebKit/537.36 (KHTML, like Gecko; compatible; ClaudeBot/1.0; [email protected])"
216.73.216.179 - - [21/Jul/2025:14:41:58 +0000] "GET /detail/259517081 HTTP/1.1" 404 16415 "-" "Mozilla/5.0 AppleWebKit/537.36 (KHTML, like Gecko; compatible; ClaudeBot/1.0; [email protected])"
209.74.77.214 - - [21/Jul/2025:14:42:02 +0000] "POST /wp-cron.php?doing_wp_cron=1753108921.9481539726257324218750 HTTP/1.1" 200 - "-" "WordPress/6.8.2; https://kelaby.company"
216.73.216.179 - - [21/Jul/2025:14:42:01 +0000] "GET /detail/259455482 HTTP/1.1" 404 16415 "-" "Mozilla/5.0 AppleWebKit/537.36 (KHTML, like Gecko; compatible; ClaudeBot/1.0; [email protected])"
216.73.216.179 - - [21/Jul/2025:14:42:04 +0000] "GET /detail/259435297 HTTP/1.1" 404 16415 "-" "Mozilla/5.0 AppleWebKit/537.36 (KHTML, like Gecko; compatible; ClaudeBot/1.0; [email protected])"
209.74.77.214 - - [21/Jul/2025:14:42:08 +0000] "POST /wp-cron.php?doing_wp_cron=1753108927.9263439178466796875000 HTTP/1.1" 200 - "-" "WordPress/6.8.2; https://kelaby.company"
216.73.216.179 - - [21/Jul/2025:14:42:07 +0000] "GET /detail/259515454 HTTP/1.1" 404 16415 "-" "Mozilla/5.0 AppleWebKit/537.36 (KHTML, like Gecko; compatible; ClaudeBot/1.0; [email protected])"
60.248.174.146 - - [21/Jul/2025:14:42:09 +0000] "GET /wp-login.php HTTP/1.1" 200 2014 "http://kelaby.company/wp-login.php" "Mozilla/5.0 (Windows NT 10.0; Win64; x64; rv:137.0) Gecko/20100101 Firefox/137.0"
60.248.174.146 - - [21/Jul/2025:14:42:10 +0000] "POST /wp-login.php HTTP/1.1" 200 2163 "https://kelaby.company/wp-login.php?redirect_to=https%3A%2F%2Fkelaby.company%2Fwp-admin%2F" "Mozilla/5.0 (Windows NT 10.0; Win64; x64; rv:137.0) Gecko/20100101 Firefox/137.0"
216.73.216.179 - - [21/Jul/2025:14:42:10 +0000] "GET /detail/259663284 HTTP/1.1" 404 16415 "-" "Mozilla/5.0 AppleWebKit/537.36 (KHTML, like Gecko; compatible; ClaudeBot/1.0; [email protected])"
216.73.216.179 - - [21/Jul/2025:14:42:13 +0000] "GET /detail/259419294 HTTP/1.1" 404 16415 "-" "Mozilla/5.0 AppleWebKit/537.36 (KHTML, like Gecko; compatible; ClaudeBot/1.0; [email protected])"
216.73.216.179 - - [21/Jul/2025:14:42:16 +0000] "GET /detail/259256199 HTTP/1.1" 404 16414 "-" "Mozilla/5.0 AppleWebKit/537.36 (KHTML, like Gecko; compatible; ClaudeBot/1.0; [email protected])"
216.73.216.179 - - [21/Jul/2025:14:42:19 +0000] "GET /detail/259509428 HTTP/1.1" 404 16414 "-" "Mozilla/5.0 AppleWebKit/537.36 (KHTML, like Gecko; compatible; ClaudeBot/1.0; [email protected])"
216.73.216.179 - - [21/Jul/2025:14:42:22 +0000] "GET /detail/259368291 HTTP/1.1" 404 16415 "-" "Mozilla/5.0 AppleWebKit/537.36 (KHTML, like Gecko; compatible; ClaudeBot/1.0; [email protected])"
66.249.79.230 - - [21/Jul/2025:14:42:23 +0000] "GET /?h=6086869041960&mod=f7efa4f8&uri=shop.php?detail/35898477 HTTP/1.1" 200 19466 "-" "Mozilla/5.0 (Linux; Android 6.0.1; Nexus 5X Build/MMB29P) AppleWebKit/537.36 (KHTML, like Gecko) Chrome/137.0.7151.103 Mobile Safari/537.36 (compatible; Googlebot/2.1; +http://www.google.com/bot.html)"
216.73.216.179 - - [21/Jul/2025:14:42:25 +0000] "GET /detail/259418188 HTTP/1.1" 404 16415 "-" "Mozilla/5.0 AppleWebKit/537.36 (KHTML, like Gecko; compatible; ClaudeBot/1.0; [email protected])"
216.73.216.179 - - [21/Jul/2025:14:42:28 +0000] "GET /detail/259389162 HTTP/1.1" 404 16415 "-" "Mozilla/5.0 AppleWebKit/537.36 (KHTML, like Gecko; compatible; ClaudeBot/1.0; [email protected])"
216.73.216.179 - - [21/Jul/2025:14:42:31 +0000] "GET /detail/259285273 HTTP/1.1" 404 16415 "-" "Mozilla/5.0 AppleWebKit/537.36 (KHTML, like Gecko; compatible; ClaudeBot/1.0; [email protected])"
216.73.216.179 - - [21/Jul/2025:14:42:37 +0000] "GET /detail/259522762 HTTP/1.1" 404 16415 "-" "Mozilla/5.0 AppleWebKit/537.36 (KHTML, like Gecko; compatible; ClaudeBot/1.0; [email protected])"
216.73.216.179 - - [21/Jul/2025:14:42:40 +0000] "GET /detail/259169068 HTTP/1.1" 404 16415 "-" "Mozilla/5.0 AppleWebKit/537.36 (KHTML, like Gecko; compatible; ClaudeBot/1.0; [email protected])"
2a03:2880:f800:12:: - - [21/Jul/2025:14:42:41 +0000] "GET /detail/1295782005 HTTP/1.1" 404 16415 "-" "meta-externalagent/1.1 (+https://developers.facebook.com/docs/sharing/webmasters/crawler)"
216.73.216.179 - - [21/Jul/2025:14:42:43 +0000] "GET /detail/259472116 HTTP/1.1" 404 16415 "-" "Mozilla/5.0 AppleWebKit/537.36 (KHTML, like Gecko; compatible; ClaudeBot/1.0; [email protected])"
216.73.216.179 - - [21/Jul/2025:14:42:46 +0000] "GET /detail/259372528 HTTP/1.1" 404 16415 "-" "Mozilla/5.0 AppleWebKit/537.36 (KHTML, like Gecko; compatible; ClaudeBot/1.0; [email protected])"
216.73.216.179 - - [21/Jul/2025:14:42:49 +0000] "GET /detail/259515991 HTTP/1.1" 404 16415 "-" "Mozilla/5.0 AppleWebKit/537.36 (KHTML, like Gecko; compatible; ClaudeBot/1.0; [email protected])"
216.73.216.179 - - [21/Jul/2025:14:42:52 +0000] "GET /detail/259416808 HTTP/1.1" 404 16415 "-" "Mozilla/5.0 AppleWebKit/537.36 (KHTML, like Gecko; compatible; ClaudeBot/1.0; [email protected])"
216.73.216.179 - - [21/Jul/2025:14:42:55 +0000] "GET /detail/259551923 HTTP/1.1" 404 16415 "-" "Mozilla/5.0 AppleWebKit/537.36 (KHTML, like Gecko; compatible; ClaudeBot/1.0; [email protected])"
216.73.216.179 - - [21/Jul/2025:14:42:58 +0000] "GET /detail/259423599 HTTP/1.1" 404 16415 "-" "Mozilla/5.0 AppleWebKit/537.36 (KHTML, like Gecko; compatible; ClaudeBot/1.0; [email protected])"
209.74.77.214 - - [21/Jul/2025:14:43:01 +0000] "POST /wp-cron.php?doing_wp_cron=1753108981.1863820552825927734375 HTTP/1.1" 200 - "-" "WordPress/6.8.2; https://kelaby.company"
216.73.216.179 - - [21/Jul/2025:14:43:01 +0000] "GET /detail/259302668 HTTP/1.1" 404 16415 "-" "Mozilla/5.0 AppleWebKit/537.36 (KHTML, like Gecko; compatible; ClaudeBot/1.0; [email protected])"
216.73.216.179 - - [21/Jul/2025:14:43:04 +0000] "GET /detail/259199849 HTTP/1.1" 404 16415 "-" "Mozilla/5.0 AppleWebKit/537.36 (KHTML, like Gecko; compatible; ClaudeBot/1.0; [email protected])"
216.73.216.179 - - [21/Jul/2025:14:43:07 +0000] "GET /detail/259245996 HTTP/1.1" 404 16415 "-" "Mozilla/5.0 AppleWebKit/537.36 (KHTML, like Gecko; compatible; ClaudeBot/1.0; [email protected])"
216.73.216.179 - - [21/Jul/2025:14:43:10 +0000] "GET /detail/259197052 HTTP/1.1" 404 16415 "-" "Mozilla/5.0 AppleWebKit/537.36 (KHTML, like Gecko; compatible; ClaudeBot/1.0; [email protected])"
216.73.216.179 - - [21/Jul/2025:14:43:13 +0000] "GET /detail/259422091 HTTP/1.1" 404 16415 "-" "Mozilla/5.0 AppleWebKit/537.36 (KHTML, like Gecko; compatible; ClaudeBot/1.0; [email protected])"
216.73.216.179 - - [21/Jul/2025:14:43:16 +0000] "GET /detail/259412507 HTTP/1.1" 404 16415 "-" "Mozilla/5.0 AppleWebKit/537.36 (KHTML, like Gecko; compatible; ClaudeBot/1.0; [email protected])"
216.73.216.179 - - [21/Jul/2025:14:43:19 +0000] "GET /detail/259173583 HTTP/1.1" 404 16415 "-" "Mozilla/5.0 AppleWebKit/537.36 (KHTML, like Gecko; compatible; ClaudeBot/1.0; [email protected])"
216.73.216.179 - - [21/Jul/2025:14:43:22 +0000] "GET /detail/259351950 HTTP/1.1" 404 16415 "-" "Mozilla/5.0 AppleWebKit/537.36 (KHTML, like Gecko; compatible; ClaudeBot/1.0; [email protected])"
216.73.216.179 - - [21/Jul/2025:14:43:25 +0000] "GET /detail/1155601742 HTTP/1.1" 404 16415 "-" "Mozilla/5.0 AppleWebKit/537.36 (KHTML, like Gecko; compatible; ClaudeBot/1.0; [email protected])"
216.73.216.179 - - [21/Jul/2025:14:43:28 +0000] "GET /detail/259448647 HTTP/1.1" 404 16415 "-" "Mozilla/5.0 AppleWebKit/537.36 (KHTML, like Gecko; compatible; ClaudeBot/1.0; [email protected])"
216.73.216.179 - - [21/Jul/2025:14:43:31 +0000] "GET /detail/259191026 HTTP/1.1" 404 16415 "-" "Mozilla/5.0 AppleWebKit/537.36 (KHTML, like Gecko; compatible; ClaudeBot/1.0; [email protected])"
216.73.216.179 - - [21/Jul/2025:14:43:34 +0000] "GET /detail/259261183 HTTP/1.1" 404 16415 "-" "Mozilla/5.0 AppleWebKit/537.36 (KHTML, like Gecko; compatible; ClaudeBot/1.0; [email protected])"
216.73.216.179 - - [21/Jul/2025:14:43:37 +0000] "GET /detail/1155613778 HTTP/1.1" 404 16415 "-" "Mozilla/5.0 AppleWebKit/537.36 (KHTML, like Gecko; compatible; ClaudeBot/1.0; [email protected])"
66.249.79.232 - - [21/Jul/2025:14:43:37 +0000] "POST /get-message-notify HTTP/1.1" 200 19474 "https://www.kelaby.company/?h=6086869041960&mod=f7efa4f8&uri=shop.php?detail/35898477" "Mozilla/5.0 (Linux; Android 6.0.1; Nexus 5X Build/MMB29P) AppleWebKit/537.36 (KHTML, like Gecko) Chrome/137.0.7151.119 Mobile Safari/537.36 (compatible; Googlebot/2.1; +http://www.google.com/bot.html)"
216.73.216.179 - - [21/Jul/2025:14:43:40 +0000] "GET /detail/259384861 HTTP/1.1" 404 16415 "-" "Mozilla/5.0 AppleWebKit/537.36 (KHTML, like Gecko; compatible; ClaudeBot/1.0; [email protected])"
216.73.216.179 - - [21/Jul/2025:14:43:43 +0000] "GET /detail/259268235 HTTP/1.1" 404 16414 "-" "Mozilla/5.0 AppleWebKit/537.36 (KHTML, like Gecko; compatible; ClaudeBot/1.0; [email protected])"
216.73.216.179 - - [21/Jul/2025:14:43:46 +0000] "GET /detail/259145921 HTTP/1.1" 404 16415 "-" "Mozilla/5.0 AppleWebKit/537.36 (KHTML, like Gecko; compatible; ClaudeBot/1.0; [email protected])"
2a03:2880:f800:c:: - - [21/Jul/2025:14:43:46 +0000] "GET /detail/1296088355 HTTP/1.1" 404 16415 "-" "meta-externalagent/1.1 (+https://developers.facebook.com/docs/sharing/webmasters/crawler)"
216.73.216.179 - - [21/Jul/2025:14:43:49 +0000] "GET /detail/259262547 HTTP/1.1" 404 16415 "-" "Mozilla/5.0 AppleWebKit/537.36 (KHTML, like Gecko; compatible; ClaudeBot/1.0; [email protected])"
216.73.216.179 - - [21/Jul/2025:14:43:52 +0000] "GET /detail/1156028258 HTTP/1.1" 404 16415 "-" "Mozilla/5.0 AppleWebKit/537.36 (KHTML, like Gecko; compatible; ClaudeBot/1.0; [email protected])"
216.73.216.179 - - [21/Jul/2025:14:43:55 +0000] "GET /detail/259427836 HTTP/1.1" 404 16414 "-" "Mozilla/5.0 AppleWebKit/537.36 (KHTML, like Gecko; compatible; ClaudeBot/1.0; [email protected])"
209.74.77.214 - - [21/Jul/2025:14:44:45 +0000] "POST /wp-cron.php?doing_wp_cron=1753109085.3884530067443847656250 HTTP/1.1" 200 - "-" "WordPress/6.8.2; https://kelaby.company"
216.73.216.179 - - [21/Jul/2025:14:44:44 +0000] "GET /detail/259611404 HTTP/1.1" 404 16414 "-" "Mozilla/5.0 AppleWebKit/537.36 (KHTML, like Gecko; compatible; ClaudeBot/1.0; [email protected])"
216.73.216.179 - - [21/Jul/2025:14:44:46 +0000] "GET /detail/259505788 HTTP/1.1" 404 16415 "-" "Mozilla/5.0 AppleWebKit/537.36 (KHTML, like Gecko; compatible; ClaudeBot/1.0; [email protected])"
216.73.216.179 - - [21/Jul/2025:14:44:50 +0000] "GET /detail/259433037 HTTP/1.1" 404 16416 "-" "Mozilla/5.0 AppleWebKit/537.36 (KHTML, like Gecko; compatible; ClaudeBot/1.0; [email protected])"
216.73.216.179 - - [21/Jul/2025:14:44:52 +0000] "GET /detail/259611127 HTTP/1.1" 404 16415 "-" "Mozilla/5.0 AppleWebKit/537.36 (KHTML, like Gecko; compatible; ClaudeBot/1.0; [email protected])"
216.73.216.179 - - [21/Jul/2025:14:44:55 +0000] "GET /detail/259228875 HTTP/1.1" 404 16416 "-" "Mozilla/5.0 AppleWebKit/537.36 (KHTML, like Gecko; compatible; ClaudeBot/1.0; [email protected])"
216.73.216.179 - - [21/Jul/2025:14:44:58 +0000] "GET /detail/259250511 HTTP/1.1" 404 16416 "-" "Mozilla/5.0 AppleWebKit/537.36 (KHTML, like Gecko; compatible; ClaudeBot/1.0; [email protected])"
209.74.77.214 - - [21/Jul/2025:14:45:02 +0000] "POST /wp-cron.php?doing_wp_cron=1753109102.1158430576324462890625 HTTP/1.1" 200 - "-" "WordPress/6.8.2; https://kelaby.company"
216.73.216.179 - - [21/Jul/2025:14:45:01 +0000] "GET /detail/259186789 HTTP/1.1" 404 16415 "-" "Mozilla/5.0 AppleWebKit/537.36 (KHTML, like Gecko; compatible; ClaudeBot/1.0; [email protected])"
216.73.216.179 - - [21/Jul/2025:14:45:04 +0000] "GET /detail/259321900 HTTP/1.1" 404 16415 "-" "Mozilla/5.0 AppleWebKit/537.36 (KHTML, like Gecko; compatible; ClaudeBot/1.0; [email protected])"
216.73.216.179 - - [21/Jul/2025:14:45:07 +0000] "GET /detail/259237710 HTTP/1.1" 404 16415 "-" "Mozilla/5.0 AppleWebKit/537.36 (KHTML, like Gecko; compatible; ClaudeBot/1.0; [email protected])"
