92.204.54.124 - - [21/Jul/2025:19:01:04 +0000] "GET /detail/729860554 HTTP/1.1" 404 16415 "-" "Mozilla/5.0 (Windows NT 10.0; Win64; x64) AppleWebKit/537.36 (KHTML, like Gecko) Chrome/128.0.0.0 Safari/537.36 OPR/114.0.0."
216.73.216.223 - - [21/Jul/2025:19:01:05 +0000] "GET /detail/1007809704 HTTP/1.1" 404 16415 "-" "Mozilla/5.0 AppleWebKit/537.36 (KHTML, like Gecko; compatible; ClaudeBot/1.0; [email protected])"
92.204.54.124 - - [21/Jul/2025:19:01:06 +0000] "GET /detail/729862069 HTTP/1.1" 404 16415 "-" "Mozilla/5.0 (Windows NT 10.0; Win64; x64) AppleWebKit/537.36 (KHTML, like Gecko) Chrome/128.0.0.0 Safari/537.36 OPR/114.0.0."
20.171.207.26 - - [21/Jul/2025:19:01:07 +0000] "GET /detail/324687295 HTTP/1.1" 404 16415 "-" "Mozilla/5.0 AppleWebKit/537.36 (KHTML, like Gecko; compatible; GPTBot/1.2; +https://openai.com/gptbot)"
216.73.216.223 - - [21/Jul/2025:19:01:08 +0000] "GET /detail/1007382345 HTTP/1.1" 404 16415 "-" "Mozilla/5.0 AppleWebKit/537.36 (KHTML, like Gecko; compatible; ClaudeBot/1.0; [email protected])"
92.204.54.124 - - [21/Jul/2025:19:01:08 +0000] "GET /detail/729862684 HTTP/1.1" 404 16415 "-" "Mozilla/5.0 (Windows NT 10.0; Win64; x64) AppleWebKit/537.36 (KHTML, like Gecko) Chrome/128.0.0.0 Safari/537.36 OPR/114.0.0."
20.171.207.26 - - [21/Jul/2025:19:01:10 +0000] "GET /detail/324890351 HTTP/1.1" 404 16415 "-" "Mozilla/5.0 AppleWebKit/537.36 (KHTML, like Gecko; compatible; GPTBot/1.2; +https://openai.com/gptbot)"
92.204.54.124 - - [21/Jul/2025:19:01:10 +0000] "GET /detail/729862343 HTTP/1.1" 404 16415 "-" "Mozilla/5.0 (Windows NT 10.0; Win64; x64) AppleWebKit/537.36 (KHTML, like Gecko) Chrome/128.0.0.0 Safari/537.36 OPR/114.0.0."
216.73.216.223 - - [21/Jul/2025:19:01:11 +0000] "GET /detail/1007728393 HTTP/1.1" 404 16415 "-" "Mozilla/5.0 AppleWebKit/537.36 (KHTML, like Gecko; compatible; ClaudeBot/1.0; [email protected])"
92.204.54.124 - - [21/Jul/2025:19:01:12 +0000] "GET /detail/729863854 HTTP/1.1" 404 16415 "-" "Mozilla/5.0 (Windows NT 10.0; Win64; x64) AppleWebKit/537.36 (KHTML, like Gecko) Chrome/128.0.0.0 Safari/537.36 OPR/114.0.0."
20.171.207.26 - - [21/Jul/2025:19:01:13 +0000] "GET /detail/324567029 HTTP/1.1" 404 16415 "-" "Mozilla/5.0 AppleWebKit/537.36 (KHTML, like Gecko; compatible; GPTBot/1.2; +https://openai.com/gptbot)"
216.73.216.223 - - [21/Jul/2025:19:01:14 +0000] "GET /detail/1007634847 HTTP/1.1" 404 16415 "-" "Mozilla/5.0 AppleWebKit/537.36 (KHTML, like Gecko; compatible; ClaudeBot/1.0; [email protected])"
92.204.54.124 - - [21/Jul/2025:19:01:15 +0000] "GET /detail/729863433 HTTP/1.1" 404 16415 "-" "Mozilla/5.0 (Windows NT 10.0; Win64; x64) AppleWebKit/537.36 (KHTML, like Gecko) Chrome/128.0.0.0 Safari/537.36 OPR/114.0.0."
20.171.207.26 - - [21/Jul/2025:19:01:16 +0000] "GET /detail/324760519 HTTP/1.1" 404 16415 "-" "Mozilla/5.0 AppleWebKit/537.36 (KHTML, like Gecko; compatible; GPTBot/1.2; +https://openai.com/gptbot)"
92.204.54.124 - - [21/Jul/2025:19:01:16 +0000] "GET /detail/729865200 HTTP/1.1" 404 16415 "-" "Mozilla/5.0 (Windows NT 10.0; Win64; x64) AppleWebKit/537.36 (KHTML, like Gecko) Chrome/128.0.0.0 Safari/537.36 OPR/114.0.0."
216.73.216.223 - - [21/Jul/2025:19:01:17 +0000] "GET /detail/1007311443 HTTP/1.1" 404 16415 "-" "Mozilla/5.0 AppleWebKit/537.36 (KHTML, like Gecko; compatible; ClaudeBot/1.0; [email protected])"
92.204.54.124 - - [21/Jul/2025:19:01:18 +0000] "GET /detail/729865819 HTTP/1.1" 404 16415 "-" "Mozilla/5.0 (Windows NT 10.0; Win64; x64) AppleWebKit/537.36 (KHTML, like Gecko) Chrome/128.0.0.0 Safari/537.36 OPR/114.0.0."
20.171.207.26 - - [21/Jul/2025:19:01:18 +0000] "GET /detail/324691877 HTTP/1.1" 404 16415 "-" "Mozilla/5.0 AppleWebKit/537.36 (KHTML, like Gecko; compatible; GPTBot/1.2; +https://openai.com/gptbot)"
66.249.79.32 - - [21/Jul/2025:19:01:19 +0000] "POST /get-message-notify HTTP/1.1" 200 19447 "https://kelaby.company/?h=6570685041960&mod=0319d8c4&uri=category-info.php?detail/763474959" "Mozilla/5.0 (Linux; Android 6.0.1; Nexus 5X Build/MMB29P) AppleWebKit/537.36 (KHTML, like Gecko) Chrome/137.0.7151.119 Mobile Safari/537.36 (compatible; Googlebot/2.1; +http://www.google.com/bot.html)"
216.73.216.223 - - [21/Jul/2025:19:01:20 +0000] "GET /detail/1007328289 HTTP/1.1" 404 16415 "-" "Mozilla/5.0 AppleWebKit/537.36 (KHTML, like Gecko; compatible; ClaudeBot/1.0; [email protected])"
92.204.54.124 - - [21/Jul/2025:19:01:20 +0000] "GET /detail/729865218 HTTP/1.1" 404 16415 "-" "Mozilla/5.0 (Windows NT 10.0; Win64; x64) AppleWebKit/537.36 (KHTML, like Gecko) Chrome/128.0.0.0 Safari/537.36 OPR/114.0.0."
20.171.207.26 - - [21/Jul/2025:19:01:21 +0000] "GET /detail/324760585 HTTP/1.1" 404 16415 "-" "Mozilla/5.0 AppleWebKit/537.36 (KHTML, like Gecko; compatible; GPTBot/1.2; +https://openai.com/gptbot)"
92.204.54.124 - - [21/Jul/2025:19:01:22 +0000] "GET /detail/729866989 HTTP/1.1" 404 16415 "-" "Mozilla/5.0 (Windows NT 10.0; Win64; x64) AppleWebKit/537.36 (KHTML, like Gecko) Chrome/128.0.0.0 Safari/537.36 OPR/114.0.0."
216.73.216.223 - - [21/Jul/2025:19:01:23 +0000] "GET /detail/1007648586 HTTP/1.1" 404 16415 "-" "Mozilla/5.0 AppleWebKit/537.36 (KHTML, like Gecko; compatible; ClaudeBot/1.0; [email protected])"
20.171.207.26 - - [21/Jul/2025:19:01:24 +0000] "GET /detail/324746015 HTTP/1.1" 404 16415 "-" "Mozilla/5.0 AppleWebKit/537.36 (KHTML, like Gecko; compatible; GPTBot/1.2; +https://openai.com/gptbot)"
92.204.54.124 - - [21/Jul/2025:19:01:24 +0000] "GET /detail/729866580 HTTP/1.1" 404 16415 "-" "Mozilla/5.0 (Windows NT 10.0; Win64; x64) AppleWebKit/537.36 (KHTML, like Gecko) Chrome/128.0.0.0 Safari/537.36 OPR/114.0.0."
216.73.216.223 - - [21/Jul/2025:19:01:26 +0000] "GET /detail/1007795392 HTTP/1.1" 404 16415 "-" "Mozilla/5.0 AppleWebKit/537.36 (KHTML, like Gecko; compatible; ClaudeBot/1.0; [email protected])"
92.204.54.124 - - [21/Jul/2025:19:01:26 +0000] "GET /detail/729868095 HTTP/1.1" 404 16415 "-" "Mozilla/5.0 (Windows NT 10.0; Win64; x64) AppleWebKit/537.36 (KHTML, like Gecko) Chrome/128.0.0.0 Safari/537.36 OPR/114.0.0."
20.171.207.26 - - [21/Jul/2025:19:01:27 +0000] "GET /detail/324980357 HTTP/1.1" 404 16415 "-" "Mozilla/5.0 AppleWebKit/537.36 (KHTML, like Gecko; compatible; GPTBot/1.2; +https://openai.com/gptbot)"
51.222.253.8 - - [21/Jul/2025:19:01:28 +0000] "GET /?h=77811465081960&uri=shared.php%3Fid%3D2596659-1422%26name%3Dati%20hd%203000%20driver%20windows%2010 HTTP/1.1" 200 26476 "-" "Mozilla/5.0 (compatible; AhrefsBot/7.0; +http://ahrefs.com/robot/)"
92.204.54.124 - - [21/Jul/2025:19:01:28 +0000] "GET /detail/729867750 HTTP/1.1" 404 16414 "-" "Mozilla/5.0 (Windows NT 10.0; Win64; x64) AppleWebKit/537.36 (KHTML, like Gecko) Chrome/128.0.0.0 Safari/537.36 OPR/114.0.0."
216.73.216.223 - - [21/Jul/2025:19:01:29 +0000] "GET /detail/1007788084 HTTP/1.1" 404 16415 "-" "Mozilla/5.0 AppleWebKit/537.36 (KHTML, like Gecko; compatible; ClaudeBot/1.0; [email protected])"
20.171.207.26 - - [21/Jul/2025:19:01:30 +0000] "GET /detail/324469507 HTTP/1.1" 404 16415 "-" "Mozilla/5.0 AppleWebKit/537.36 (KHTML, like Gecko; compatible; GPTBot/1.2; +https://openai.com/gptbot)"
92.204.54.124 - - [21/Jul/2025:19:01:30 +0000] "GET /detail/729868353 HTTP/1.1" 404 16415 "-" "Mozilla/5.0 (Windows NT 10.0; Win64; x64) AppleWebKit/537.36 (KHTML, like Gecko) Chrome/128.0.0.0 Safari/537.36 OPR/114.0.0."
216.73.216.223 - - [21/Jul/2025:19:01:32 +0000] "GET /detail/1007503016 HTTP/1.1" 404 16415 "-" "Mozilla/5.0 AppleWebKit/537.36 (KHTML, like Gecko; compatible; ClaudeBot/1.0; [email protected])"
92.204.54.124 - - [21/Jul/2025:19:01:32 +0000] "GET /detail/729869864 HTTP/1.1" 404 16415 "-" "Mozilla/5.0 (Windows NT 10.0; Win64; x64) AppleWebKit/537.36 (KHTML, like Gecko) Chrome/128.0.0.0 Safari/537.36 OPR/114.0.0."
66.249.79.32 - - [21/Jul/2025:19:01:33 +0000] "GET /?h=6570685041960&mod=0319d8c4&uri=category-info.php?detail/33708710 HTTP/1.1" 200 19154 "-" "Mozilla/5.0 (Linux; Android 6.0.1; Nexus 5X Build/MMB29P) AppleWebKit/537.36 (KHTML, like Gecko) Chrome/137.0.7151.103 Mobile Safari/537.36 (compatible; Googlebot/2.1; +http://www.google.com/bot.html)"
20.171.207.26 - - [21/Jul/2025:19:01:33 +0000] "GET /detail/324857769 HTTP/1.1" 404 16415 "-" "Mozilla/5.0 AppleWebKit/537.36 (KHTML, like Gecko; compatible; GPTBot/1.2; +https://openai.com/gptbot)"
66.249.79.231 - - [21/Jul/2025:19:01:33 +0000] "GET /?h=115177481061960&mod=0bd193c9&uri=product.php?detail/3549634 HTTP/1.1" 200 19503 "-" "Mozilla/5.0 (Linux; Android 6.0.1; Nexus 5X Build/MMB29P) AppleWebKit/537.36 (KHTML, like Gecko) Chrome/137.0.7151.103 Mobile Safari/537.36 (compatible; Googlebot/2.1; +http://www.google.com/bot.html)"
66.249.79.232 - - [21/Jul/2025:19:01:33 +0000] "GET /?h=35227425011960&mod=a95aa4e6&uri=dp.php?detail/1665794 HTTP/1.1" 200 19506 "-" "Mozilla/5.0 (Linux; Android 6.0.1; Nexus 5X Build/MMB29P) AppleWebKit/537.36 (KHTML, like Gecko) Chrome/137.0.7151.103 Mobile Safari/537.36 (compatible; Googlebot/2.1; +http://www.google.com/bot.html)"
66.249.79.32 - - [21/Jul/2025:19:01:33 +0000] "GET /?h=6570685041960&mod=0319d8c4&uri=category-info.php?detail/763458730 HTTP/1.1" 200 19568 "-" "Mozilla/5.0 (Linux; Android 6.0.1; Nexus 5X Build/MMB29P) AppleWebKit/537.36 (KHTML, like Gecko) Chrome/137.0.7151.103 Mobile Safari/537.36 (compatible; Googlebot/2.1; +http://www.google.com/bot.html)"
92.204.54.124 - - [21/Jul/2025:19:01:34 +0000] "GET /detail/729869459 HTTP/1.1" 404 16415 "-" "Mozilla/5.0 (Windows NT 10.0; Win64; x64) AppleWebKit/537.36 (KHTML, like Gecko) Chrome/128.0.0.0 Safari/537.36 OPR/114.0.0."
216.73.216.223 - - [21/Jul/2025:19:01:35 +0000] "GET /detail/1007550038 HTTP/1.1" 404 16415 "-" "Mozilla/5.0 AppleWebKit/537.36 (KHTML, like Gecko; compatible; ClaudeBot/1.0; [email protected])"
20.171.207.26 - - [21/Jul/2025:19:01:35 +0000] "GET /detail/324669087 HTTP/1.1" 404 16415 "-" "Mozilla/5.0 AppleWebKit/537.36 (KHTML, like Gecko; compatible; GPTBot/1.2; +https://openai.com/gptbot)"
92.204.54.124 - - [21/Jul/2025:19:01:36 +0000] "GET /detail/729871226 HTTP/1.1" 404 16415 "-" "Mozilla/5.0 (Windows NT 10.0; Win64; x64) AppleWebKit/537.36 (KHTML, like Gecko) Chrome/128.0.0.0 Safari/537.36 OPR/114.0.0."
216.73.216.223 - - [21/Jul/2025:19:01:38 +0000] "GET /detail/1007546891 HTTP/1.1" 404 16415 "-" "Mozilla/5.0 AppleWebKit/537.36 (KHTML, like Gecko; compatible; ClaudeBot/1.0; [email protected])"
20.171.207.26 - - [21/Jul/2025:19:01:38 +0000] "GET /detail/324503179 HTTP/1.1" 404 16415 "-" "Mozilla/5.0 AppleWebKit/537.36 (KHTML, like Gecko; compatible; GPTBot/1.2; +https://openai.com/gptbot)"
92.204.54.124 - - [21/Jul/2025:19:01:38 +0000] "GET /detail/729870629 HTTP/1.1" 404 16415 "-" "Mozilla/5.0 (Windows NT 10.0; Win64; x64) AppleWebKit/537.36 (KHTML, like Gecko) Chrome/128.0.0.0 Safari/537.36 OPR/114.0.0."
92.204.54.124 - - [21/Jul/2025:19:01:40 +0000] "GET /detail/729872268 HTTP/1.1" 404 16415 "-" "Mozilla/5.0 (Windows NT 10.0; Win64; x64) AppleWebKit/537.36 (KHTML, like Gecko) Chrome/128.0.0.0 Safari/537.36 OPR/114.0.0."
20.171.207.26 - - [21/Jul/2025:19:01:41 +0000] "GET /detail/324971516 HTTP/1.1" 404 16415 "-" "Mozilla/5.0 AppleWebKit/537.36 (KHTML, like Gecko; compatible; GPTBot/1.2; +https://openai.com/gptbot)"
92.204.54.124 - - [21/Jul/2025:19:01:42 +0000] "GET /detail/729873015 HTTP/1.1" 404 16415 "-" "Mozilla/5.0 (Windows NT 10.0; Win64; x64) AppleWebKit/537.36 (KHTML, like Gecko) Chrome/128.0.0.0 Safari/537.36 OPR/114.0.0."
66.249.79.32 - - [21/Jul/2025:19:01:43 +0000] "POST /get-message-notify HTTP/1.1" 200 19447 "https://kelaby.company/?h=6570685041960&mod=0319d8c4&uri=category-info.php?detail/763474959" "Mozilla/5.0 (Linux; Android 6.0.1; Nexus 5X Build/MMB29P) AppleWebKit/537.36 (KHTML, like Gecko) Chrome/137.0.7151.119 Mobile Safari/537.36 (compatible; Googlebot/2.1; +http://www.google.com/bot.html)"
66.249.79.32 - - [21/Jul/2025:19:01:44 +0000] "GET /?h=6570685041960&mod=0319d8c4&uri=category-info.php?detail/33730522 HTTP/1.1" 200 18966 "-" "Mozilla/5.0 (Linux; Android 6.0.1; Nexus 5X Build/MMB29P) AppleWebKit/537.36 (KHTML, like Gecko) Chrome/137.0.7151.103 Mobile Safari/537.36 (compatible; Googlebot/2.1; +http://www.google.com/bot.html)"
209.74.77.214 - - [21/Jul/2025:19:01:44 +0000] "POST /wp-cron.php?doing_wp_cron=1753124504.6933770179748535156250 HTTP/1.1" 200 - "-" "WordPress/6.8.2; https://kelaby.company"
20.171.207.26 - - [21/Jul/2025:19:01:44 +0000] "GET /detail/324561085 HTTP/1.1" 404 16415 "-" "Mozilla/5.0 AppleWebKit/537.36 (KHTML, like Gecko; compatible; GPTBot/1.2; +https://openai.com/gptbot)"
92.204.54.124 - - [21/Jul/2025:19:01:44 +0000] "GET /detail/729872606 HTTP/1.1" 404 16415 "-" "Mozilla/5.0 (Windows NT 10.0; Win64; x64) AppleWebKit/537.36 (KHTML, like Gecko) Chrome/128.0.0.0 Safari/537.36 OPR/114.0.0."
92.204.54.124 - - [21/Jul/2025:19:01:46 +0000] "GET /detail/729874105 HTTP/1.1" 404 16415 "-" "Mozilla/5.0 (Windows NT 10.0; Win64; x64) AppleWebKit/537.36 (KHTML, like Gecko) Chrome/128.0.0.0 Safari/537.36 OPR/114.0.0."
20.171.207.26 - - [21/Jul/2025:19:01:47 +0000] "GET /detail/324476895 HTTP/1.1" 404 16415 "-" "Mozilla/5.0 AppleWebKit/537.36 (KHTML, like Gecko; compatible; GPTBot/1.2; +https://openai.com/gptbot)"
92.204.54.124 - - [21/Jul/2025:19:01:48 +0000] "GET /detail/729873760 HTTP/1.1" 404 16415 "-" "Mozilla/5.0 (Windows NT 10.0; Win64; x64) AppleWebKit/537.36 (KHTML, like Gecko) Chrome/128.0.0.0 Safari/537.36 OPR/114.0.0."
20.171.207.26 - - [21/Jul/2025:19:01:50 +0000] "GET /detail/324507416 HTTP/1.1" 404 16415 "-" "Mozilla/5.0 AppleWebKit/537.36 (KHTML, like Gecko; compatible; GPTBot/1.2; +https://openai.com/gptbot)"
92.204.54.124 - - [21/Jul/2025:19:01:50 +0000] "GET /detail/729875403 HTTP/1.1" 404 16415 "-" "Mozilla/5.0 (Windows NT 10.0; Win64; x64) AppleWebKit/537.36 (KHTML, like Gecko) Chrome/128.0.0.0 Safari/537.36 OPR/114.0.0."
92.204.54.124 - - [21/Jul/2025:19:01:52 +0000] "GET /detail/729874866 HTTP/1.1" 404 16415 "-" "Mozilla/5.0 (Windows NT 10.0; Win64; x64) AppleWebKit/537.36 (KHTML, like Gecko) Chrome/128.0.0.0 Safari/537.36 OPR/114.0.0."
20.171.207.26 - - [21/Jul/2025:19:01:53 +0000] "GET /detail/324886795 HTTP/1.1" 404 16415 "-" "Mozilla/5.0 AppleWebKit/537.36 (KHTML, like Gecko; compatible; GPTBot/1.2; +https://openai.com/gptbot)"
92.204.54.124 - - [21/Jul/2025:19:01:54 +0000] "GET /detail/729875485 HTTP/1.1" 404 16415 "-" "Mozilla/5.0 (Windows NT 10.0; Win64; x64) AppleWebKit/537.36 (KHTML, like Gecko) Chrome/128.0.0.0 Safari/537.36 OPR/114.0.0."
20.171.207.26 - - [21/Jul/2025:19:01:56 +0000] "GET /detail/324695008 HTTP/1.1" 404 16415 "-" "Mozilla/5.0 AppleWebKit/537.36 (KHTML, like Gecko; compatible; GPTBot/1.2; +https://openai.com/gptbot)"
92.204.54.124 - - [21/Jul/2025:19:01:56 +0000] "GET /detail/729877188 HTTP/1.1" 404 16415 "-" "Mozilla/5.0 (Windows NT 10.0; Win64; x64) AppleWebKit/537.36 (KHTML, like Gecko) Chrome/128.0.0.0 Safari/537.36 OPR/114.0.0."
2a03:2880:f800:b:: - - [21/Jul/2025:19:01:57 +0000] "GET /detail/1296051043 HTTP/1.1" 404 16414 "-" "meta-externalagent/1.1 (+https://developers.facebook.com/docs/sharing/webmasters/crawler)"
92.204.54.124 - - [21/Jul/2025:19:01:58 +0000] "GET /detail/729876655 HTTP/1.1" 404 16415 "-" "Mozilla/5.0 (Windows NT 10.0; Win64; x64) AppleWebKit/537.36 (KHTML, like Gecko) Chrome/128.0.0.0 Safari/537.36 OPR/114.0.0."
20.171.207.26 - - [21/Jul/2025:19:01:59 +0000] "GET /detail/324751680 HTTP/1.1" 404 16415 "-" "Mozilla/5.0 AppleWebKit/537.36 (KHTML, like Gecko; compatible; GPTBot/1.2; +https://openai.com/gptbot)"
92.204.54.124 - - [21/Jul/2025:19:02:00 +0000] "GET /detail/729878294 HTTP/1.1" 404 16415 "-" "Mozilla/5.0 (Windows NT 10.0; Win64; x64) AppleWebKit/537.36 (KHTML, like Gecko) Chrome/128.0.0.0 Safari/537.36 OPR/114.0.0."
216.73.216.223 - - [21/Jul/2025:19:02:01 +0000] "GET /detail/1007794028 HTTP/1.1" 404 16415 "-" "Mozilla/5.0 AppleWebKit/537.36 (KHTML, like Gecko; compatible; ClaudeBot/1.0; [email protected])"
20.171.207.26 - - [21/Jul/2025:19:02:02 +0000] "GET /detail/324515976 HTTP/1.1" 404 16414 "-" "Mozilla/5.0 AppleWebKit/537.36 (KHTML, like Gecko; compatible; GPTBot/1.2; +https://openai.com/gptbot)"
92.204.54.124 - - [21/Jul/2025:19:02:02 +0000] "GET /detail/729878001 HTTP/1.1" 404 16415 "-" "Mozilla/5.0 (Windows NT 10.0; Win64; x64) AppleWebKit/537.36 (KHTML, like Gecko) Chrome/128.0.0.0 Safari/537.36 OPR/114.0.0."
20.171.207.26 - - [21/Jul/2025:19:02:04 +0000] "GET /detail/324978568 HTTP/1.1" 404 16415 "-" "Mozilla/5.0 AppleWebKit/537.36 (KHTML, like Gecko; compatible; GPTBot/1.2; +https://openai.com/gptbot)"
216.73.216.223 - - [21/Jul/2025:19:02:04 +0000] "GET /detail/1007440528 HTTP/1.1" 404 16415 "-" "Mozilla/5.0 AppleWebKit/537.36 (KHTML, like Gecko; compatible; ClaudeBot/1.0; [email protected])"
92.204.54.124 - - [21/Jul/2025:19:02:04 +0000] "GET /detail/729878616 HTTP/1.1" 404 16415 "-" "Mozilla/5.0 (Windows NT 10.0; Win64; x64) AppleWebKit/537.36 (KHTML, like Gecko) Chrome/128.0.0.0 Safari/537.36 OPR/114.0.0."
66.249.79.33 - - [21/Jul/2025:19:02:06 +0000] "GET /?h=6570685041960&mod=0319d8c4&uri=category-info.php?detail/33704649 HTTP/1.1" 200 20727 "-" "Mozilla/5.0 (Linux; Android 6.0.1; Nexus 5X Build/MMB29P) AppleWebKit/537.36 (KHTML, like Gecko) Chrome/137.0.7151.103 Mobile Safari/537.36 (compatible; Googlebot/2.1; +http://www.google.com/bot.html)"
92.204.54.124 - - [21/Jul/2025:19:02:06 +0000] "GET /detail/729880067 HTTP/1.1" 404 16415 "-" "Mozilla/5.0 (Windows NT 10.0; Win64; x64) AppleWebKit/537.36 (KHTML, like Gecko) Chrome/128.0.0.0 Safari/537.36 OPR/114.0.0."
20.171.207.26 - - [21/Jul/2025:19:02:07 +0000] "GET /detail/324689601 HTTP/1.1" 404 16415 "-" "Mozilla/5.0 AppleWebKit/537.36 (KHTML, like Gecko; compatible; GPTBot/1.2; +https://openai.com/gptbot)"
216.73.216.223 - - [21/Jul/2025:19:02:07 +0000] "GET /detail/1007481396 HTTP/1.1" 404 16414 "-" "Mozilla/5.0 AppleWebKit/537.36 (KHTML, like Gecko; compatible; ClaudeBot/1.0; [email protected])"
92.204.54.124 - - [21/Jul/2025:19:02:08 +0000] "GET /detail/729879786 HTTP/1.1" 404 16415 "-" "Mozilla/5.0 (Windows NT 10.0; Win64; x64) AppleWebKit/537.36 (KHTML, like Gecko) Chrome/128.0.0.0 Safari/537.36 OPR/114.0.0."
66.249.79.33 - - [21/Jul/2025:19:02:09 +0000] "POST /get-message-notify HTTP/1.1" 200 19447 "https://kelaby.company/?h=6570685041960&mod=0319d8c4&uri=category-info.php?detail/33704649" "Mozilla/5.0 (Linux; Android 6.0.1; Nexus 5X Build/MMB29P) AppleWebKit/537.36 (KHTML, like Gecko) Chrome/137.0.7151.119 Mobile Safari/537.36 (compatible; Googlebot/2.1; +http://www.google.com/bot.html)"
20.171.207.26 - - [21/Jul/2025:19:02:10 +0000] "GET /detail/324841069 HTTP/1.1" 404 16415 "-" "Mozilla/5.0 AppleWebKit/537.36 (KHTML, like Gecko; compatible; GPTBot/1.2; +https://openai.com/gptbot)"
216.73.216.223 - - [21/Jul/2025:19:02:10 +0000] "GET /detail/1007629226 HTTP/1.1" 404 16415 "-" "Mozilla/5.0 AppleWebKit/537.36 (KHTML, like Gecko; compatible; ClaudeBot/1.0; [email protected])"
92.204.54.124 - - [21/Jul/2025:19:02:10 +0000] "GET /detail/729881429 HTTP/1.1" 404 16415 "-" "Mozilla/5.0 (Windows NT 10.0; Win64; x64) AppleWebKit/537.36 (KHTML, like Gecko) Chrome/128.0.0.0 Safari/537.36 OPR/114.0.0."
92.204.54.124 - - [21/Jul/2025:19:02:12 +0000] "GET /detail/729880892 HTTP/1.1" 404 16415 "-" "Mozilla/5.0 (Windows NT 10.0; Win64; x64) AppleWebKit/537.36 (KHTML, like Gecko) Chrome/128.0.0.0 Safari/537.36 OPR/114.0.0."
20.171.207.26 - - [21/Jul/2025:19:02:13 +0000] "GET /detail/324863795 HTTP/1.1" 404 16415 "-" "Mozilla/5.0 AppleWebKit/537.36 (KHTML, like Gecko; compatible; GPTBot/1.2; +https://openai.com/gptbot)"
216.73.216.223 - - [21/Jul/2025:19:02:13 +0000] "GET /detail/1007329651 HTTP/1.1" 404 16415 "-" "Mozilla/5.0 AppleWebKit/537.36 (KHTML, like Gecko; compatible; ClaudeBot/1.0; [email protected])"
92.204.54.124 - - [21/Jul/2025:19:02:14 +0000] "GET /detail/729882599 HTTP/1.1" 404 16415 "-" "Mozilla/5.0 (Windows NT 10.0; Win64; x64) AppleWebKit/537.36 (KHTML, like Gecko) Chrome/128.0.0.0 Safari/537.36 OPR/114.0.0."
20.171.207.26 - - [21/Jul/2025:19:02:15 +0000] "GET /detail/324981785 HTTP/1.1" 404 16415 "-" "Mozilla/5.0 AppleWebKit/537.36 (KHTML, like Gecko; compatible; GPTBot/1.2; +https://openai.com/gptbot)"
92.204.54.124 - - [21/Jul/2025:19:02:16 +0000] "GET /detail/729883214 HTTP/1.1" 404 16415 "-" "Mozilla/5.0 (Windows NT 10.0; Win64; x64) AppleWebKit/537.36 (KHTML, like Gecko) Chrome/128.0.0.0 Safari/537.36 OPR/114.0.0."
216.73.216.223 - - [21/Jul/2025:19:02:16 +0000] "GET /detail/1007769261 HTTP/1.1" 404 16415 "-" "Mozilla/5.0 AppleWebKit/537.36 (KHTML, like Gecko; compatible; ClaudeBot/1.0; [email protected])"
20.171.207.26 - - [21/Jul/2025:19:02:18 +0000] "GET /detail/324901978 HTTP/1.1" 404 16415 "-" "Mozilla/5.0 AppleWebKit/537.36 (KHTML, like Gecko; compatible; GPTBot/1.2; +https://openai.com/gptbot)"
92.204.54.124 - - [21/Jul/2025:19:02:18 +0000] "GET /detail/729882665 HTTP/1.1" 404 16415 "-" "Mozilla/5.0 (Windows NT 10.0; Win64; x64) AppleWebKit/537.36 (KHTML, like Gecko) Chrome/128.0.0.0 Safari/537.36 OPR/114.0.0."
216.73.216.223 - - [21/Jul/2025:19:02:19 +0000] "GET /detail/1007338552 HTTP/1.1" 404 16415 "-" "Mozilla/5.0 AppleWebKit/537.36 (KHTML, like Gecko; compatible; ClaudeBot/1.0; [email protected])"
92.204.54.124 - - [21/Jul/2025:19:02:20 +0000] "GET /detail/729884304 HTTP/1.1" 404 16414 "-" "Mozilla/5.0 (Windows NT 10.0; Win64; x64) AppleWebKit/537.36 (KHTML, like Gecko) Chrome/128.0.0.0 Safari/537.36 OPR/114.0.0."
20.171.207.26 - - [21/Jul/2025:19:02:21 +0000] "GET /detail/324931075 HTTP/1.1" 404 16415 "-" "Mozilla/5.0 AppleWebKit/537.36 (KHTML, like Gecko; compatible; GPTBot/1.2; +https://openai.com/gptbot)"
216.73.216.223 - - [21/Jul/2025:19:02:22 +0000] "GET /detail/1007372158 HTTP/1.1" 404 16415 "-" "Mozilla/5.0 AppleWebKit/537.36 (KHTML, like Gecko; compatible; ClaudeBot/1.0; [email protected])"
92.204.54.124 - - [21/Jul/2025:19:02:22 +0000] "GET /detail/729884027 HTTP/1.1" 404 16414 "-" "Mozilla/5.0 (Windows NT 10.0; Win64; x64) AppleWebKit/537.36 (KHTML, like Gecko) Chrome/128.0.0.0 Safari/537.36 OPR/114.0.0."
20.171.207.26 - - [21/Jul/2025:19:02:24 +0000] "GET /detail/324574081 HTTP/1.1" 404 16415 "-" "Mozilla/5.0 AppleWebKit/537.36 (KHTML, like Gecko; compatible; GPTBot/1.2; +https://openai.com/gptbot)"
92.204.54.124 - - [21/Jul/2025:19:02:24 +0000] "GET /detail/729885474 HTTP/1.1" 404 16415 "-" "Mozilla/5.0 (Windows NT 10.0; Win64; x64) AppleWebKit/537.36 (KHTML, like Gecko) Chrome/128.0.0.0 Safari/537.36 OPR/114.0.0."
216.73.216.223 - - [21/Jul/2025:19:02:25 +0000] "GET /detail/1007694721 HTTP/1.1" 404 16415 "-" "Mozilla/5.0 AppleWebKit/537.36 (KHTML, like Gecko; compatible; ClaudeBot/1.0; [email protected])"
51.222.253.7 - - [21/Jul/2025:19:02:26 +0000] "GET /?h=77899872021960&uri=dp.php%3Fid%3D2599612-124%26name%3Dbotines%20zara%20mujer%20espa%C3%83%C2%B1a HTTP/1.1" 200 26473 "-" "Mozilla/5.0 (compatible; AhrefsBot/7.0; +http://ahrefs.com/robot/)"
92.204.54.124 - - [21/Jul/2025:19:02:26 +0000] "GET /detail/729885069 HTTP/1.1" 404 16415 "-" "Mozilla/5.0 (Windows NT 10.0; Win64; x64) AppleWebKit/537.36 (KHTML, like Gecko) Chrome/128.0.0.0 Safari/537.36 OPR/114.0.0."
20.171.207.26 - - [21/Jul/2025:19:02:27 +0000] "GET /detail/324579065 HTTP/1.1" 404 16415 "-" "Mozilla/5.0 AppleWebKit/537.36 (KHTML, like Gecko; compatible; GPTBot/1.2; +https://openai.com/gptbot)"
66.249.79.33 - - [21/Jul/2025:19:02:28 +0000] "GET /?h=6570685041960&mod=0319d8c4&uri=category-info.php?detail/33724987 HTTP/1.1" 200 20531 "-" "Mozilla/5.0 (Linux; Android 6.0.1; Nexus 5X Build/MMB29P) AppleWebKit/537.36 (KHTML, like Gecko) Chrome/137.0.7151.103 Mobile Safari/537.36 (compatible; Googlebot/2.1; +http://www.google.com/bot.html)"
216.73.216.223 - - [21/Jul/2025:19:02:28 +0000] "GET /detail/1007635252 HTTP/1.1" 404 16414 "-" "Mozilla/5.0 AppleWebKit/537.36 (KHTML, like Gecko; compatible; ClaudeBot/1.0; [email protected])"
92.204.54.124 - - [21/Jul/2025:19:02:28 +0000] "GET /detail/729885812 HTTP/1.1" 404 16415 "-" "Mozilla/5.0 (Windows NT 10.0; Win64; x64) AppleWebKit/537.36 (KHTML, like Gecko) Chrome/128.0.0.0 Safari/537.36 OPR/114.0.0."
20.171.207.26 - - [21/Jul/2025:19:02:30 +0000] "GET /detail/324856679 HTTP/1.1" 404 16415 "-" "Mozilla/5.0 AppleWebKit/537.36 (KHTML, like Gecko; compatible; GPTBot/1.2; +https://openai.com/gptbot)"
92.204.54.124 - - [21/Jul/2025:19:02:30 +0000] "GET /detail/729887455 HTTP/1.1" 404 16415 "-" "Mozilla/5.0 (Windows NT 10.0; Win64; x64) AppleWebKit/537.36 (KHTML, like Gecko) Chrome/128.0.0.0 Safari/537.36 OPR/114.0.0."
216.73.216.223 - - [21/Jul/2025:19:02:31 +0000] "GET /detail/1007772392 HTTP/1.1" 404 16415 "-" "Mozilla/5.0 AppleWebKit/537.36 (KHTML, like Gecko; compatible; ClaudeBot/1.0; [email protected])"
92.204.54.124 - - [21/Jul/2025:19:02:32 +0000] "GET /detail/729886854 HTTP/1.1" 404 16415 "-" "Mozilla/5.0 (Windows NT 10.0; Win64; x64) AppleWebKit/537.36 (KHTML, like Gecko) Chrome/128.0.0.0 Safari/537.36 OPR/114.0.0."
20.171.207.26 - - [21/Jul/2025:19:02:33 +0000] "GET /detail/324860916 HTTP/1.1" 404 16415 "-" "Mozilla/5.0 AppleWebKit/537.36 (KHTML, like Gecko; compatible; GPTBot/1.2; +https://openai.com/gptbot)"
216.73.216.223 - - [21/Jul/2025:19:02:34 +0000] "GET /detail/1007739826 HTTP/1.1" 404 16415 "-" "Mozilla/5.0 AppleWebKit/537.36 (KHTML, like Gecko; compatible; ClaudeBot/1.0; [email protected])"
92.204.54.124 - - [21/Jul/2025:19:02:34 +0000] "GET /detail/729888609 HTTP/1.1" 404 16415 "-" "Mozilla/5.0 (Windows NT 10.0; Win64; x64) AppleWebKit/537.36 (KHTML, like Gecko) Chrome/128.0.0.0 Safari/537.36 OPR/114.0.0."
20.171.207.26 - - [21/Jul/2025:19:02:35 +0000] "GET /detail/324858107 HTTP/1.1" 404 16415 "-" "Mozilla/5.0 AppleWebKit/537.36 (KHTML, like Gecko; compatible; GPTBot/1.2; +https://openai.com/gptbot)"
92.204.54.124 - - [21/Jul/2025:19:02:36 +0000] "GET /detail/729888200 HTTP/1.1" 404 16415 "-" "Mozilla/5.0 (Windows NT 10.0; Win64; x64) AppleWebKit/537.36 (KHTML, like Gecko) Chrome/128.0.0.0 Safari/537.36 OPR/114.0.0."
216.73.216.223 - - [21/Jul/2025:19:02:37 +0000] "GET /detail/1007755774 HTTP/1.1" 404 16414 "-" "Mozilla/5.0 AppleWebKit/537.36 (KHTML, like Gecko; compatible; ClaudeBot/1.0; [email protected])"
20.171.207.26 - - [21/Jul/2025:19:02:38 +0000] "GET /detail/324951260 HTTP/1.1" 404 16415 "-" "Mozilla/5.0 AppleWebKit/537.36 (KHTML, like Gecko; compatible; GPTBot/1.2; +https://openai.com/gptbot)"
92.204.54.124 - - [21/Jul/2025:19:02:38 +0000] "GET /detail/729889715 HTTP/1.1" 404 16414 "-" "Mozilla/5.0 (Windows NT 10.0; Win64; x64) AppleWebKit/537.36 (KHTML, like Gecko) Chrome/128.0.0.0 Safari/537.36 OPR/114.0.0."
216.73.216.223 - - [21/Jul/2025:19:02:40 +0000] "GET /detail/1007549489 HTTP/1.1" 404 16415 "-" "Mozilla/5.0 AppleWebKit/537.36 (KHTML, like Gecko; compatible; ClaudeBot/1.0; [email protected])"
92.204.54.124 - - [21/Jul/2025:19:02:40 +0000] "GET /detail/729890330 HTTP/1.1" 404 16415 "-" "Mozilla/5.0 (Windows NT 10.0; Win64; x64) AppleWebKit/537.36 (KHTML, like Gecko) Chrome/128.0.0.0 Safari/537.36 OPR/114.0.0."
20.171.207.26 - - [21/Jul/2025:19:02:41 +0000] "GET /detail/324970154 HTTP/1.1" 404 16415 "-" "Mozilla/5.0 AppleWebKit/537.36 (KHTML, like Gecko; compatible; GPTBot/1.2; +https://openai.com/gptbot)"
92.204.54.124 - - [21/Jul/2025:19:02:42 +0000] "GET /detail/729889989 HTTP/1.1" 404 16415 "-" "Mozilla/5.0 (Windows NT 10.0; Win64; x64) AppleWebKit/537.36 (KHTML, like Gecko) Chrome/128.0.0.0 Safari/537.36 OPR/114.0.0."
209.74.77.214 - - [21/Jul/2025:19:02:44 +0000] "POST /wp-cron.php?doing_wp_cron=1753124564.1223180294036865234375 HTTP/1.1" 200 - "-" "WordPress/6.8.2; https://kelaby.company"
216.73.216.223 - - [21/Jul/2025:19:02:43 +0000] "GET /detail/1007782058 HTTP/1.1" 404 16415 "-" "Mozilla/5.0 AppleWebKit/537.36 (KHTML, like Gecko; compatible; ClaudeBot/1.0; [email protected])"
20.171.207.26 - - [21/Jul/2025:19:02:44 +0000] "GET /detail/324518789 HTTP/1.1" 404 16415 "-" "Mozilla/5.0 AppleWebKit/537.36 (KHTML, like Gecko; compatible; GPTBot/1.2; +https://openai.com/gptbot)"
92.204.54.124 - - [21/Jul/2025:19:02:44 +0000] "GET /detail/729891500 HTTP/1.1" 404 16415 "-" "Mozilla/5.0 (Windows NT 10.0; Win64; x64) AppleWebKit/537.36 (KHTML, like Gecko) Chrome/128.0.0.0 Safari/537.36 OPR/114.0.0."
216.73.216.223 - - [21/Jul/2025:19:02:46 +0000] "GET /detail/1007361895 HTTP/1.1" 404 16415 "-" "Mozilla/5.0 AppleWebKit/537.36 (KHTML, like Gecko; compatible; ClaudeBot/1.0; [email protected])"
92.204.54.124 - - [21/Jul/2025:19:02:46 +0000] "GET /detail/729891095 HTTP/1.1" 404 16415 "-" "Mozilla/5.0 (Windows NT 10.0; Win64; x64) AppleWebKit/537.36 (KHTML, like Gecko) Chrome/128.0.0.0 Safari/537.36 OPR/114.0.0."
20.171.207.26 - - [21/Jul/2025:19:02:47 +0000] "GET /detail/324670579 HTTP/1.1" 404 16415 "-" "Mozilla/5.0 AppleWebKit/537.36 (KHTML, like Gecko; compatible; GPTBot/1.2; +https://openai.com/gptbot)"
92.204.54.124 - - [21/Jul/2025:19:02:48 +0000] "GET /detail/729892862 HTTP/1.1" 404 16415 "-" "Mozilla/5.0 (Windows NT 10.0; Win64; x64) AppleWebKit/537.36 (KHTML, like Gecko) Chrome/128.0.0.0 Safari/537.36 OPR/114.0.0."
20.171.207.26 - - [21/Jul/2025:19:02:50 +0000] "GET /detail/324580107 HTTP/1.1" 404 16415 "-" "Mozilla/5.0 AppleWebKit/537.36 (KHTML, like Gecko; compatible; GPTBot/1.2; +https://openai.com/gptbot)"
216.73.216.223 - - [21/Jul/2025:19:02:50 +0000] "GET /detail/1007785486 HTTP/1.1" 404 16415 "-" "Mozilla/5.0 AppleWebKit/537.36 (KHTML, like Gecko; compatible; ClaudeBot/1.0; [email protected])"
92.204.54.124 - - [21/Jul/2025:19:02:50 +0000] "GET /detail/729893465 HTTP/1.1" 404 16415 "-" "Mozilla/5.0 (Windows NT 10.0; Win64; x64) AppleWebKit/537.36 (KHTML, like Gecko) Chrome/128.0.0.0 Safari/537.36 OPR/114.0.0."
66.249.79.32 - - [21/Jul/2025:19:02:52 +0000] "GET /boyslove.html HTTP/1.1" 200 20048 "-" "Mozilla/5.0 (Linux; Android 6.0.1; Nexus 5X Build/MMB29P) AppleWebKit/537.36 (KHTML, like Gecko) Chrome/137.0.7151.103 Mobile Safari/537.36 (compatible; Googlebot/2.1; +http://www.google.com/bot.html)"
92.204.54.124 - - [21/Jul/2025:19:02:52 +0000] "GET /detail/729892864 HTTP/1.1" 404 16415 "-" "Mozilla/5.0 (Windows NT 10.0; Win64; x64) AppleWebKit/537.36 (KHTML, like Gecko) Chrome/128.0.0.0 Safari/537.36 OPR/114.0.0."
20.171.207.26 - - [21/Jul/2025:19:02:53 +0000] "GET /detail/324918758 HTTP/1.1" 404 16415 "-" "Mozilla/5.0 AppleWebKit/537.36 (KHTML, like Gecko; compatible; GPTBot/1.2; +https://openai.com/gptbot)"
216.73.216.223 - - [21/Jul/2025:19:02:53 +0000] "GET /detail/1007537986 HTTP/1.1" 404 16415 "-" "Mozilla/5.0 AppleWebKit/537.36 (KHTML, like Gecko; compatible; ClaudeBot/1.0; [email protected])"
92.204.54.124 - - [21/Jul/2025:19:02:54 +0000] "GET /detail/729894635 HTTP/1.1" 404 16414 "-" "Mozilla/5.0 (Windows NT 10.0; Win64; x64) AppleWebKit/537.36 (KHTML, like Gecko) Chrome/128.0.0.0 Safari/537.36 OPR/114.0.0."
20.171.207.26 - - [21/Jul/2025:19:02:56 +0000] "GET /detail/324986102 HTTP/1.1" 404 16415 "-" "Mozilla/5.0 AppleWebKit/537.36 (KHTML, like Gecko; compatible; GPTBot/1.2; +https://openai.com/gptbot)"
216.73.216.223 - - [21/Jul/2025:19:02:56 +0000] "GET /detail/1007691924 HTTP/1.1" 404 16415 "-" "Mozilla/5.0 AppleWebKit/537.36 (KHTML, like Gecko; compatible; ClaudeBot/1.0; [email protected])"
92.204.54.124 - - [21/Jul/2025:19:02:56 +0000] "GET /detail/729894226 HTTP/1.1" 404 16415 "-" "Mozilla/5.0 (Windows NT 10.0; Win64; x64) AppleWebKit/537.36 (KHTML, like Gecko) Chrome/128.0.0.0 Safari/537.36 OPR/114.0.0."
92.204.54.124 - - [21/Jul/2025:19:02:58 +0000] "GET /detail/729895741 HTTP/1.1" 404 16414 "-" "Mozilla/5.0 (Windows NT 10.0; Win64; x64) AppleWebKit/537.36 (KHTML, like Gecko) Chrome/128.0.0.0 Safari/537.36 OPR/114.0.0."
20.171.207.26 - - [21/Jul/2025:19:02:58 +0000] "GET /detail/324785761 HTTP/1.1" 404 16415 "-" "Mozilla/5.0 AppleWebKit/537.36 (KHTML, like Gecko; compatible; GPTBot/1.2; +https://openai.com/gptbot)"
216.73.216.223 - - [21/Jul/2025:19:02:59 +0000] "GET /detail/1007281411 HTTP/1.1" 404 16415 "-" "Mozilla/5.0 AppleWebKit/537.36 (KHTML, like Gecko; compatible; ClaudeBot/1.0; [email protected])"
92.204.54.124 - - [21/Jul/2025:19:03:00 +0000] "GET /detail/729895396 HTTP/1.1" 404 16415 "-" "Mozilla/5.0 (Windows NT 10.0; Win64; x64) AppleWebKit/537.36 (KHTML, like Gecko) Chrome/128.0.0.0 Safari/537.36 OPR/114.0.0."
20.171.207.26 - - [21/Jul/2025:19:03:01 +0000] "GET /detail/324965508 HTTP/1.1" 404 16415 "-" "Mozilla/5.0 AppleWebKit/537.36 (KHTML, like Gecko; compatible; GPTBot/1.2; +https://openai.com/gptbot)"
216.73.216.223 - - [21/Jul/2025:19:03:02 +0000] "GET /detail/1007373522 HTTP/1.1" 404 16414 "-" "Mozilla/5.0 AppleWebKit/537.36 (KHTML, like Gecko; compatible; ClaudeBot/1.0; [email protected])"
92.204.54.124 - - [21/Jul/2025:19:03:02 +0000] "GET /detail/729896015 HTTP/1.1" 404 16414 "-" "Mozilla/5.0 (Windows NT 10.0; Win64; x64) AppleWebKit/537.36 (KHTML, like Gecko) Chrome/128.0.0.0 Safari/537.36 OPR/114.0.0."
20.171.207.26 - - [21/Jul/2025:19:03:04 +0000] "GET /detail/324675097 HTTP/1.1" 404 16414 "-" "Mozilla/5.0 AppleWebKit/537.36 (KHTML, like Gecko; compatible; GPTBot/1.2; +https://openai.com/gptbot)"
92.204.54.124 - - [21/Jul/2025:19:03:04 +0000] "GET /detail/729897526 HTTP/1.1" 404 16415 "-" "Mozilla/5.0 (Windows NT 10.0; Win64; x64) AppleWebKit/537.36 (KHTML, like Gecko) Chrome/128.0.0.0 Safari/537.36 OPR/114.0.0."
216.73.216.223 - - [21/Jul/2025:19:03:05 +0000] "GET /detail/1007441698 HTTP/1.1" 404 16414 "-" "Mozilla/5.0 AppleWebKit/537.36 (KHTML, like Gecko; compatible; ClaudeBot/1.0; [email protected])"
2a03:2880:f800:f:: - - [21/Jul/2025:19:03:05 +0000] "GET /detail/1296105181 HTTP/1.1" 404 16415 "-" "meta-externalagent/1.1 (+https://developers.facebook.com/docs/sharing/webmasters/crawler)"
92.204.54.124 - - [21/Jul/2025:19:03:06 +0000] "GET /detail/729897105 HTTP/1.1" 404 16415 "-" "Mozilla/5.0 (Windows NT 10.0; Win64; x64) AppleWebKit/537.36 (KHTML, like Gecko) Chrome/128.0.0.0 Safari/537.36 OPR/114.0.0."
20.171.207.26 - - [21/Jul/2025:19:03:07 +0000] "GET /detail/324895630 HTTP/1.1" 404 16415 "-" "Mozilla/5.0 AppleWebKit/537.36 (KHTML, like Gecko; compatible; GPTBot/1.2; +https://openai.com/gptbot)"
216.73.216.223 - - [21/Jul/2025:19:03:08 +0000] "GET /detail/1007323625 HTTP/1.1" 404 16414 "-" "Mozilla/5.0 AppleWebKit/537.36 (KHTML, like Gecko; compatible; ClaudeBot/1.0; [email protected])"
92.204.54.124 - - [21/Jul/2025:19:03:08 +0000] "GET /detail/729898872 HTTP/1.1" 404 16415 "-" "Mozilla/5.0 (Windows NT 10.0; Win64; x64) AppleWebKit/537.36 (KHTML, like Gecko) Chrome/128.0.0.0 Safari/537.36 OPR/114.0.0."
20.171.207.26 - - [21/Jul/2025:19:03:10 +0000] "GET /detail/324833336 HTTP/1.1" 404 16414 "-" "Mozilla/5.0 AppleWebKit/537.36 (KHTML, like Gecko; compatible; GPTBot/1.2; +https://openai.com/gptbot)"
92.204.54.124 - - [21/Jul/2025:19:03:10 +0000] "GET /detail/729898275 HTTP/1.1" 404 16415 "-" "Mozilla/5.0 (Windows NT 10.0; Win64; x64) AppleWebKit/537.36 (KHTML, like Gecko) Chrome/128.0.0.0 Safari/537.36 OPR/114.0.0."
216.73.216.223 - - [21/Jul/2025:19:03:11 +0000] "GET /detail/1007654612 HTTP/1.1" 404 16415 "-" "Mozilla/5.0 AppleWebKit/537.36 (KHTML, like Gecko; compatible; ClaudeBot/1.0; [email protected])"
92.204.54.124 - - [21/Jul/2025:19:03:12 +0000] "GET /detail/729899914 HTTP/1.1" 404 16415 "-" "Mozilla/5.0 (Windows NT 10.0; Win64; x64) AppleWebKit/537.36 (KHTML, like Gecko) Chrome/128.0.0.0 Safari/537.36 OPR/114.0.0."
20.171.207.26 - - [21/Jul/2025:19:03:13 +0000] "GET /detail/324555592 HTTP/1.1" 404 16415 "-" "Mozilla/5.0 AppleWebKit/537.36 (KHTML, like Gecko; compatible; GPTBot/1.2; +https://openai.com/gptbot)"
216.73.216.223 - - [21/Jul/2025:19:03:14 +0000] "GET /detail/1007672059 HTTP/1.1" 404 16415 "-" "Mozilla/5.0 AppleWebKit/537.36 (KHTML, like Gecko; compatible; ClaudeBot/1.0; [email protected])"
92.204.54.124 - - [21/Jul/2025:19:03:14 +0000] "GET /detail/729900661 HTTP/1.1" 404 16415 "-" "Mozilla/5.0 (Windows NT 10.0; Win64; x64) AppleWebKit/537.36 (KHTML, like Gecko) Chrome/128.0.0.0 Safari/537.36 OPR/114.0.0."
20.171.207.26 - - [21/Jul/2025:19:03:16 +0000] "GET /detail/324900001 HTTP/1.1" 404 16415 "-" "Mozilla/5.0 AppleWebKit/537.36 (KHTML, like Gecko; compatible; GPTBot/1.2; +https://openai.com/gptbot)"
92.204.54.124 - - [21/Jul/2025:19:03:16 +0000] "GET /detail/729900252 HTTP/1.1" 404 16415 "-" "Mozilla/5.0 (Windows NT 10.0; Win64; x64) AppleWebKit/537.36 (KHTML, like Gecko) Chrome/128.0.0.0 Safari/537.36 OPR/114.0.0."
216.73.216.223 - - [21/Jul/2025:19:03:17 +0000] "GET /detail/1007310906 HTTP/1.1" 404 16415 "-" "Mozilla/5.0 AppleWebKit/537.36 (KHTML, like Gecko; compatible; ClaudeBot/1.0; [email protected])"
20.171.207.26 - - [21/Jul/2025:19:03:18 +0000] "GET /detail/324934222 HTTP/1.1" 404 16415 "-" "Mozilla/5.0 AppleWebKit/537.36 (KHTML, like Gecko; compatible; GPTBot/1.2; +https://openai.com/gptbot)"
92.204.54.124 - - [21/Jul/2025:19:03:18 +0000] "GET /detail/729901703 HTTP/1.1" 404 16415 "-" "Mozilla/5.0 (Windows NT 10.0; Win64; x64) AppleWebKit/537.36 (KHTML, like Gecko) Chrome/128.0.0.0 Safari/537.36 OPR/114.0.0."
216.73.216.223 - - [21/Jul/2025:19:03:20 +0000] "GET /detail/1007564350 HTTP/1.1" 404 16415 "-" "Mozilla/5.0 AppleWebKit/537.36 (KHTML, like Gecko; compatible; ClaudeBot/1.0; [email protected])"
92.204.54.124 - - [21/Jul/2025:19:03:20 +0000] "GET /detail/729901422 HTTP/1.1" 404 16415 "-" "Mozilla/5.0 (Windows NT 10.0; Win64; x64) AppleWebKit/537.36 (KHTML, like Gecko) Chrome/128.0.0.0 Safari/537.36 OPR/114.0.0."
20.171.207.26 - - [21/Jul/2025:19:03:21 +0000] "GET /detail/324449379 HTTP/1.1" 404 16415 "-" "Mozilla/5.0 AppleWebKit/537.36 (KHTML, like Gecko; compatible; GPTBot/1.2; +https://openai.com/gptbot)"
92.204.54.124 - - [21/Jul/2025:19:03:22 +0000] "GET /detail/729903049 HTTP/1.1" 404 16415 "-" "Mozilla/5.0 (Windows NT 10.0; Win64; x64) AppleWebKit/537.36 (KHTML, like Gecko) Chrome/128.0.0.0 Safari/537.36 OPR/114.0.0."
216.73.216.223 - - [21/Jul/2025:19:03:23 +0000] "GET /detail/1007315083 HTTP/1.1" 404 16415 "-" "Mozilla/5.0 AppleWebKit/537.36 (KHTML, like Gecko; compatible; ClaudeBot/1.0; [email protected])"
20.171.207.26 - - [21/Jul/2025:19:03:24 +0000] "GET /detail/324448696 HTTP/1.1" 404 16414 "-" "Mozilla/5.0 AppleWebKit/537.36 (KHTML, like Gecko; compatible; GPTBot/1.2; +https://openai.com/gptbot)"
92.204.54.124 - - [21/Jul/2025:19:03:24 +0000] "GET /detail/729902512 HTTP/1.1" 404 16415 "-" "Mozilla/5.0 (Windows NT 10.0; Win64; x64) AppleWebKit/537.36 (KHTML, like Gecko) Chrome/128.0.0.0 Safari/537.36 OPR/114.0.0."
66.249.79.34 - - [21/Jul/2025:19:03:25 +0000] "GET /?h=115096427041960&mod=be8e1862&uri=dp.php?product/edit/K3473157536 HTTP/1.1" 200 20051 "-" "Mozilla/5.0 (Linux; Android 6.0.1; Nexus 5X Build/MMB29P) AppleWebKit/537.36 (KHTML, like Gecko) Chrome/137.0.7151.103 Mobile Safari/537.36 (compatible; Googlebot/2.1; +http://www.google.com/bot.html)"
216.73.216.223 - - [21/Jul/2025:19:03:26 +0000] "GET /detail/1007680473 HTTP/1.1" 404 16415 "-" "Mozilla/5.0 AppleWebKit/537.36 (KHTML, like Gecko; compatible; ClaudeBot/1.0; [email protected])"
92.204.54.124 - - [21/Jul/2025:19:03:26 +0000] "GET /detail/729903131 HTTP/1.1" 404 16415 "-" "Mozilla/5.0 (Windows NT 10.0; Win64; x64) AppleWebKit/537.36 (KHTML, like Gecko) Chrome/128.0.0.0 Safari/537.36 OPR/114.0.0."
51.222.253.4 - - [21/Jul/2025:19:03:27 +0000] "GET /?h=80298708041960&mod=93024cea&uri=search.php%3Fid%3D2679673-1505%26name%3D162054c+converse HTTP/1.1" 301 - "-" "Mozilla/5.0 (compatible; AhrefsBot/7.0; +http://ahrefs.com/robot/)"
20.171.207.26 - - [21/Jul/2025:19:03:27 +0000] "GET /detail/324606663 HTTP/1.1" 404 16415 "-" "Mozilla/5.0 AppleWebKit/537.36 (KHTML, like Gecko; compatible; GPTBot/1.2; +https://openai.com/gptbot)"
92.204.54.124 - - [21/Jul/2025:19:03:28 +0000] "GET /detail/729904834 HTTP/1.1" 404 16415 "-" "Mozilla/5.0 (Windows NT 10.0; Win64; x64) AppleWebKit/537.36 (KHTML, like Gecko) Chrome/128.0.0.0 Safari/537.36 OPR/114.0.0."
66.249.79.33 - - [21/Jul/2025:19:03:29 +0000] "POST /get-message-notify HTTP/1.1" 200 19447 "https://kelaby.company/?h=115096427041960&mod=be8e1862&uri=dp.php?product/edit/K3473157536" "Mozilla/5.0 (Linux; Android 6.0.1; Nexus 5X Build/MMB29P) AppleWebKit/537.36 (KHTML, like Gecko) Chrome/137.0.7151.119 Mobile Safari/537.36 (compatible; Googlebot/2.1; +http://www.google.com/bot.html)"
216.73.216.223 - - [21/Jul/2025:19:03:29 +0000] "GET /detail/1007280047 HTTP/1.1" 404 16415 "-" "Mozilla/5.0 AppleWebKit/537.36 (KHTML, like Gecko; compatible; ClaudeBot/1.0; [email protected])"
20.171.207.26 - - [21/Jul/2025:19:03:30 +0000] "GET /detail/324922234 HTTP/1.1" 404 16415 "-" "Mozilla/5.0 AppleWebKit/537.36 (KHTML, like Gecko; compatible; GPTBot/1.2; +https://openai.com/gptbot)"
92.204.54.124 - - [21/Jul/2025:19:03:30 +0000] "GET /detail/729904301 HTTP/1.1" 404 16415 "-" "Mozilla/5.0 (Windows NT 10.0; Win64; x64) AppleWebKit/537.36 (KHTML, like Gecko) Chrome/128.0.0.0 Safari/537.36 OPR/114.0.0."
216.73.216.223 - - [21/Jul/2025:19:03:32 +0000] "GET /detail/1007770623 HTTP/1.1" 404 16415 "-" "Mozilla/5.0 AppleWebKit/537.36 (KHTML, like Gecko; compatible; ClaudeBot/1.0; [email protected])"
92.204.54.124 - - [21/Jul/2025:19:03:32 +0000] "GET /detail/729905940 HTTP/1.1" 404 16415 "-" "Mozilla/5.0 (Windows NT 10.0; Win64; x64) AppleWebKit/537.36 (KHTML, like Gecko) Chrome/128.0.0.0 Safari/537.36 OPR/114.0.0."
20.171.207.26 - - [21/Jul/2025:19:03:33 +0000] "GET /detail/324782221 HTTP/1.1" 404 16415 "-" "Mozilla/5.0 AppleWebKit/537.36 (KHTML, like Gecko; compatible; GPTBot/1.2; +https://openai.com/gptbot)"
92.204.54.124 - - [21/Jul/2025:19:03:34 +0000] "GET /detail/729905663 HTTP/1.1" 404 16415 "-" "Mozilla/5.0 (Windows NT 10.0; Win64; x64) AppleWebKit/537.36 (KHTML, like Gecko) Chrome/128.0.0.0 Safari/537.36 OPR/114.0.0."
216.73.216.223 - - [21/Jul/2025:19:03:35 +0000] "GET /detail/1007440251 HTTP/1.1" 404 16415 "-" "Mozilla/5.0 AppleWebKit/537.36 (KHTML, like Gecko; compatible; ClaudeBot/1.0; [email protected])"
20.171.207.26 - - [21/Jul/2025:19:03:36 +0000] "GET /detail/324466628 HTTP/1.1" 404 16415 "-" "Mozilla/5.0 AppleWebKit/537.36 (KHTML, like Gecko; compatible; GPTBot/1.2; +https://openai.com/gptbot)"
92.204.54.124 - - [21/Jul/2025:19:03:36 +0000] "GET /detail/729907110 HTTP/1.1" 404 16415 "-" "Mozilla/5.0 (Windows NT 10.0; Win64; x64) AppleWebKit/537.36 (KHTML, like Gecko) Chrome/128.0.0.0 Safari/537.36 OPR/114.0.0."
92.204.54.124 - - [21/Jul/2025:19:03:38 +0000] "GET /detail/729907713 HTTP/1.1" 404 16415 "-" "Mozilla/5.0 (Windows NT 10.0; Win64; x64) AppleWebKit/537.36 (KHTML, like Gecko) Chrome/128.0.0.0 Safari/537.36 OPR/114.0.0."
20.171.207.26 - - [21/Jul/2025:19:03:39 +0000] "GET /detail/324449233 HTTP/1.1" 404 16416 "-" "Mozilla/5.0 AppleWebKit/537.36 (KHTML, like Gecko; compatible; GPTBot/1.2; +https://openai.com/gptbot)"
216.73.216.223 - - [21/Jul/2025:19:03:40 +0000] "GET /detail/1007652827 HTTP/1.1" 404 16415 "-" "Mozilla/5.0 AppleWebKit/537.36 (KHTML, like Gecko; compatible; ClaudeBot/1.0; [email protected])"
92.204.54.124 - - [21/Jul/2025:19:03:41 +0000] "GET /detail/729907432 HTTP/1.1" 404 16415 "-" "Mozilla/5.0 (Windows NT 10.0; Win64; x64) AppleWebKit/537.36 (KHTML, like Gecko) Chrome/128.0.0.0 Safari/537.36 OPR/114.0.0."
20.171.207.26 - - [21/Jul/2025:19:03:41 +0000] "GET /detail/324657778 HTTP/1.1" 404 16415 "-" "Mozilla/5.0 AppleWebKit/537.36 (KHTML, like Gecko; compatible; GPTBot/1.2; +https://openai.com/gptbot)"
66.249.79.32 - - [21/Jul/2025:19:03:42 +0000] "GET /?h=115096427041960&mod=be8e1862&uri=dp.php?detail/6359231 HTTP/1.1" 200 21452 "-" "Mozilla/5.0 (Linux; Android 6.0.1; Nexus 5X Build/MMB29P) AppleWebKit/537.36 (KHTML, like Gecko) Chrome/137.0.7151.103 Mobile Safari/537.36 (compatible; Googlebot/2.1; +http://www.google.com/bot.html)"
92.204.54.124 - - [21/Jul/2025:19:03:42 +0000] "GET /detail/729909075 HTTP/1.1" 404 16415 "-" "Mozilla/5.0 (Windows NT 10.0; Win64; x64) AppleWebKit/537.36 (KHTML, like Gecko) Chrome/128.0.0.0 Safari/537.36 OPR/114.0.0."
216.73.216.223 - - [21/Jul/2025:19:03:43 +0000] "GET /detail/1007303790 HTTP/1.1" 404 16415 "-" "Mozilla/5.0 AppleWebKit/537.36 (KHTML, like Gecko; compatible; ClaudeBot/1.0; [email protected])"
209.74.77.214 - - [21/Jul/2025:19:03:44 +0000] "POST /wp-cron.php?doing_wp_cron=1753124624.6487040519714355468750 HTTP/1.1" 200 - "-" "WordPress/6.8.2; https://kelaby.company"
20.171.207.26 - - [21/Jul/2025:19:03:44 +0000] "GET /detail/324855509 HTTP/1.1" 404 16415 "-" "Mozilla/5.0 AppleWebKit/537.36 (KHTML, like Gecko; compatible; GPTBot/1.2; +https://openai.com/gptbot)"
92.204.54.124 - - [21/Jul/2025:19:03:45 +0000] "GET /detail/729908538 HTTP/1.1" 404 16415 "-" "Mozilla/5.0 (Windows NT 10.0; Win64; x64) AppleWebKit/537.36 (KHTML, like Gecko) Chrome/128.0.0.0 Safari/537.36 OPR/114.0.0."
66.249.79.32 - - [21/Jul/2025:19:03:45 +0000] "POST /get-message-notify HTTP/1.1" 200 19447 "https://kelaby.company/?h=115096427041960&mod=be8e1862&uri=dp.php?detail/6359231" "Mozilla/5.0 (Linux; Android 6.0.1; Nexus 5X Build/MMB29P) AppleWebKit/537.36 (KHTML, like Gecko) Chrome/137.0.7151.119 Mobile Safari/537.36 (compatible; Googlebot/2.1; +http://www.google.com/bot.html)"
216.73.216.223 - - [21/Jul/2025:19:03:46 +0000] "GET /detail/1007353056 HTTP/1.1" 404 16415 "-" "Mozilla/5.0 AppleWebKit/537.36 (KHTML, like Gecko; compatible; ClaudeBot/1.0; [email protected])"
92.204.54.124 - - [21/Jul/2025:19:03:47 +0000] "GET /detail/729910245 HTTP/1.1" 404 16416 "-" "Mozilla/5.0 (Windows NT 10.0; Win64; x64) AppleWebKit/537.36 (KHTML, like Gecko) Chrome/128.0.0.0 Safari/537.36 OPR/114.0.0."
20.171.207.26 - - [21/Jul/2025:19:03:47 +0000] "GET /detail/324988899 HTTP/1.1" 404 16415 "-" "Mozilla/5.0 AppleWebKit/537.36 (KHTML, like Gecko; compatible; GPTBot/1.2; +https://openai.com/gptbot)"
92.204.54.124 - - [21/Jul/2025:19:03:49 +0000] "GET /detail/729910860 HTTP/1.1" 404 16415 "-" "Mozilla/5.0 (Windows NT 10.0; Win64; x64) AppleWebKit/537.36 (KHTML, like Gecko) Chrome/128.0.0.0 Safari/537.36 OPR/114.0.0."
216.73.216.223 - - [21/Jul/2025:19:03:49 +0000] "GET /detail/1007459273 HTTP/1.1" 404 16415 "-" "Mozilla/5.0 AppleWebKit/537.36 (KHTML, like Gecko; compatible; ClaudeBot/1.0; [email protected])"
20.171.207.26 - - [21/Jul/2025:19:03:50 +0000] "GET /detail/324777962 HTTP/1.1" 404 16415 "-" "Mozilla/5.0 AppleWebKit/537.36 (KHTML, like Gecko; compatible; GPTBot/1.2; +https://openai.com/gptbot)"
92.204.54.124 - - [21/Jul/2025:19:03:51 +0000] "GET /detail/729910327 HTTP/1.1" 404 16415 "-" "Mozilla/5.0 (Windows NT 10.0; Win64; x64) AppleWebKit/537.36 (KHTML, like Gecko) Chrome/128.0.0.0 Safari/537.36 OPR/114.0.0."
216.73.216.223 - - [21/Jul/2025:19:03:52 +0000] "GET /detail/1007431709 HTTP/1.1" 404 16415 "-" "Mozilla/5.0 AppleWebKit/537.36 (KHTML, like Gecko; compatible; ClaudeBot/1.0; [email protected])"
92.204.54.124 - - [21/Jul/2025:19:03:53 +0000] "GET /detail/729911966 HTTP/1.1" 404 16415 "-" "Mozilla/5.0 (Windows NT 10.0; Win64; x64) AppleWebKit/537.36 (KHTML, like Gecko) Chrome/128.0.0.0 Safari/537.36 OPR/114.0.0."
20.171.207.26 - - [21/Jul/2025:19:03:53 +0000] "GET /detail/324532333 HTTP/1.1" 404 16415 "-" "Mozilla/5.0 AppleWebKit/537.36 (KHTML, like Gecko; compatible; GPTBot/1.2; +https://openai.com/gptbot)"
92.204.54.124 - - [21/Jul/2025:19:03:55 +0000] "GET /detail/729911673 HTTP/1.1" 404 16415 "-" "Mozilla/5.0 (Windows NT 10.0; Win64; x64) AppleWebKit/537.36 (KHTML, like Gecko) Chrome/128.0.0.0 Safari/537.36 OPR/114.0.0."
216.73.216.223 - - [21/Jul/2025:19:03:55 +0000] "GET /detail/1007353401 HTTP/1.1" 404 16415 "-" "Mozilla/5.0 AppleWebKit/537.36 (KHTML, like Gecko; compatible; ClaudeBot/1.0; [email protected])"
20.171.207.26 - - [21/Jul/2025:19:03:56 +0000] "GET /detail/324944473 HTTP/1.1" 404 16415 "-" "Mozilla/5.0 AppleWebKit/537.36 (KHTML, like Gecko; compatible; GPTBot/1.2; +https://openai.com/gptbot)"
92.204.54.124 - - [21/Jul/2025:19:03:57 +0000] "GET /detail/729913120 HTTP/1.1" 404 16415 "-" "Mozilla/5.0 (Windows NT 10.0; Win64; x64) AppleWebKit/537.36 (KHTML, like Gecko) Chrome/128.0.0.0 Safari/537.36 OPR/114.0.0."
216.73.216.223 - - [21/Jul/2025:19:03:58 +0000] "GET /detail/1007719570 HTTP/1.1" 404 16414 "-" "Mozilla/5.0 AppleWebKit/537.36 (KHTML, like Gecko; compatible; ClaudeBot/1.0; [email protected])"
66.249.79.32 - - [21/Jul/2025:19:03:59 +0000] "GET /?h=115096427041960&mod=be8e1862&uri=dp.php?detail/6358125 HTTP/1.1" 200 19007 "-" "Mozilla/5.0 (Linux; Android 6.0.1; Nexus 5X Build/MMB29P) AppleWebKit/537.36 (KHTML, like Gecko) Chrome/137.0.7151.103 Mobile Safari/537.36 (compatible; Googlebot/2.1; +http://www.google.com/bot.html)"
20.171.207.26 - - [21/Jul/2025:19:03:59 +0000] "GET /detail/324914441 HTTP/1.1" 404 16416 "-" "Mozilla/5.0 AppleWebKit/537.36 (KHTML, like Gecko; compatible; GPTBot/1.2; +https://openai.com/gptbot)"
92.204.54.124 - - [21/Jul/2025:19:03:59 +0000] "GET /detail/729912715 HTTP/1.1" 404 16415 "-" "Mozilla/5.0 (Windows NT 10.0; Win64; x64) AppleWebKit/537.36 (KHTML, like Gecko) Chrome/128.0.0.0 Safari/537.36 OPR/114.0.0."
66.249.79.32 - - [21/Jul/2025:19:04:01 +0000] "POST /get-message-notify HTTP/1.1" 200 19447 "https://kelaby.company/?h=115096427041960&mod=be8e1862&uri=dp.php?detail/6358125" "Mozilla/5.0 (Linux; Android 6.0.1; Nexus 5X Build/MMB29P) AppleWebKit/537.36 (KHTML, like Gecko) Chrome/137.0.7151.119 Mobile Safari/537.36 (compatible; Googlebot/2.1; +http://www.google.com/bot.html)"
92.204.54.124 - - [21/Jul/2025:19:04:01 +0000] "GET /detail/729913458 HTTP/1.1" 404 16415 "-" "Mozilla/5.0 (Windows NT 10.0; Win64; x64) AppleWebKit/537.36 (KHTML, like Gecko) Chrome/128.0.0.0 Safari/537.36 OPR/114.0.0."
216.73.216.223 - - [21/Jul/2025:19:04:01 +0000] "GET /detail/1007662898 HTTP/1.1" 404 16415 "-" "Mozilla/5.0 AppleWebKit/537.36 (KHTML, like Gecko; compatible; ClaudeBot/1.0; [email protected])"
20.171.207.26 - - [21/Jul/2025:19:04:01 +0000] "GET /detail/324888562 HTTP/1.1" 404 16416 "-" "Mozilla/5.0 AppleWebKit/537.36 (KHTML, like Gecko; compatible; GPTBot/1.2; +https://openai.com/gptbot)"
