216.73.216.223 - - [21/Jul/2025:17:36:34 +0000] "GET /detail/634090605 HTTP/1.1" 404 16415 "-" "Mozilla/5.0 AppleWebKit/537.36 (KHTML, like Gecko; compatible; ClaudeBot/1.0; [email protected])"
216.73.216.223 - - [21/Jul/2025:17:36:37 +0000] "GET /detail/634569422 HTTP/1.1" 404 16415 "-" "Mozilla/5.0 AppleWebKit/537.36 (KHTML, like Gecko; compatible; ClaudeBot/1.0; [email protected])"
66.249.79.32 - - [21/Jul/2025:17:36:39 +0000] "GET /?h=6570685041960&mod=0319d8c4&uri=category-info.php?detail/33702876 HTTP/1.1" 200 21084 "-" "Mozilla/5.0 (Linux; Android 6.0.1; Nexus 5X Build/MMB29P) AppleWebKit/537.36 (KHTML, like Gecko) Chrome/137.0.7151.103 Mobile Safari/537.36 (compatible; Googlebot/2.1; +http://www.google.com/bot.html)"
66.249.79.32 - - [21/Jul/2025:17:36:39 +0000] "GET /?h=6570685041960&mod=0319d8c4&uri=category-info.php?detail/33714315 HTTP/1.1" 200 20325 "-" "Mozilla/5.0 (Linux; Android 6.0.1; Nexus 5X Build/MMB29P) AppleWebKit/537.36 (KHTML, like Gecko) Chrome/137.0.7151.103 Mobile Safari/537.36 (compatible; Googlebot/2.1; +http://www.google.com/bot.html)"
216.73.216.223 - - [21/Jul/2025:17:36:40 +0000] "GET /detail/634331933 HTTP/1.1" 404 16415 "-" "Mozilla/5.0 AppleWebKit/537.36 (KHTML, like Gecko; compatible; ClaudeBot/1.0; [email protected])"
216.73.216.223 - - [21/Jul/2025:17:36:43 +0000] "GET /detail/634479909 HTTP/1.1" 404 16414 "-" "Mozilla/5.0 AppleWebKit/537.36 (KHTML, like Gecko; compatible; ClaudeBot/1.0; [email protected])"
51.222.253.8 - - [21/Jul/2025:17:36:43 +0000] "GET /?h=16335776001960&uri=products.php%3Fid%3D545355-665%26name%3Djordan%20aj1%20kids HTTP/1.1" 200 26477 "-" "Mozilla/5.0 (compatible; AhrefsBot/7.0; +http://ahrefs.com/robot/)"
66.249.79.32 - - [21/Jul/2025:17:36:44 +0000] "POST /get-message-notify HTTP/1.1" 200 19447 "https://kelaby.company/?h=6570685041960&mod=0319d8c4&uri=category-info.php?detail/33714315" "Mozilla/5.0 (Linux; Android 6.0.1; Nexus 5X Build/MMB29P) AppleWebKit/537.36 (KHTML, like Gecko) Chrome/137.0.7151.119 Mobile Safari/537.36 (compatible; Googlebot/2.1; +http://www.google.com/bot.html)"
216.73.216.223 - - [21/Jul/2025:17:36:46 +0000] "GET /detail/634519607 HTTP/1.1" 404 16415 "-" "Mozilla/5.0 AppleWebKit/537.36 (KHTML, like Gecko; compatible; ClaudeBot/1.0; [email protected])"
66.249.79.32 - - [21/Jul/2025:17:36:56 +0000] "GET /?h=6570685041960&mod=0319d8c4&uri=category-info.php?detail/33745108 HTTP/1.1" 200 21058 "-" "Mozilla/5.0 (Linux; Android 6.0.1; Nexus 5X Build/MMB29P) AppleWebKit/537.36 (KHTML, like Gecko) Chrome/137.0.7151.103 Mobile Safari/537.36 (compatible; Googlebot/2.1; +http://www.google.com/bot.html)"
66.249.79.32 - - [21/Jul/2025:17:37:29 +0000] "GET /?h=6570685041960&mod=0319d8c4&uri=category-info.php?detail/33716082 HTTP/1.1" 200 19388 "-" "Mozilla/5.0 (Linux; Android 6.0.1; Nexus 5X Build/MMB29P) AppleWebKit/537.36 (KHTML, like Gecko) Chrome/137.0.7151.103 Mobile Safari/537.36 (compatible; Googlebot/2.1; +http://www.google.com/bot.html)"
66.249.79.233 - - [21/Jul/2025:17:37:29 +0000] "GET /?h=86519166021960&mod=5335070a&uri=shop.php?detail/904581489 HTTP/1.1" 200 21066 "-" "Mozilla/5.0 (Linux; Android 6.0.1; Nexus 5X Build/MMB29P) AppleWebKit/537.36 (KHTML, like Gecko) Chrome/137.0.7151.103 Mobile Safari/537.36 (compatible; Googlebot/2.1; +http://www.google.com/bot.html)"
66.249.79.233 - - [21/Jul/2025:17:37:32 +0000] "POST /get-message-notify HTTP/1.1" 200 19472 "https://www.kelaby.company/?h=86519166021960&mod=5335070a&uri=shop.php?detail/904581489" "Mozilla/5.0 (Linux; Android 6.0.1; Nexus 5X Build/MMB29P) AppleWebKit/537.36 (KHTML, like Gecko) Chrome/137.0.7151.119 Mobile Safari/537.36 (compatible; Googlebot/2.1; +http://www.google.com/bot.html)"
216.73.216.223 - - [21/Jul/2025:17:37:40 +0000] "GET /detail/634151176 HTTP/1.1" 404 16415 "-" "Mozilla/5.0 AppleWebKit/537.36 (KHTML, like Gecko; compatible; ClaudeBot/1.0; [email protected])"
216.73.216.223 - - [21/Jul/2025:17:37:43 +0000] "GET /detail/634547786 HTTP/1.1" 404 16415 "-" "Mozilla/5.0 AppleWebKit/537.36 (KHTML, like Gecko; compatible; ClaudeBot/1.0; [email protected])"
216.73.216.223 - - [21/Jul/2025:17:37:46 +0000] "GET /detail/634420961 HTTP/1.1" 404 16415 "-" "Mozilla/5.0 AppleWebKit/537.36 (KHTML, like Gecko; compatible; ClaudeBot/1.0; [email protected])"
66.249.79.32 - - [21/Jul/2025:17:37:46 +0000] "GET /?h=6570685041960&mod=0319d8c4&uri=category-info.php?detail/33717124 HTTP/1.1" 200 20495 "-" "Mozilla/5.0 (Linux; Android 6.0.1; Nexus 5X Build/MMB29P) AppleWebKit/537.36 (KHTML, like Gecko) Chrome/137.0.7151.103 Mobile Safari/537.36 (compatible; Googlebot/2.1; +http://www.google.com/bot.html)"
216.73.216.223 - - [21/Jul/2025:17:37:49 +0000] "GET /detail/634186619 HTTP/1.1" 404 16415 "-" "Mozilla/5.0 AppleWebKit/537.36 (KHTML, like Gecko; compatible; ClaudeBot/1.0; [email protected])"
216.73.216.223 - - [21/Jul/2025:17:37:52 +0000] "GET /detail/634576538 HTTP/1.1" 404 16415 "-" "Mozilla/5.0 AppleWebKit/537.36 (KHTML, like Gecko; compatible; ClaudeBot/1.0; [email protected])"
216.73.216.223 - - [21/Jul/2025:17:37:55 +0000] "GET /detail/634265332 HTTP/1.1" 404 16415 "-" "Mozilla/5.0 AppleWebKit/537.36 (KHTML, like Gecko; compatible; ClaudeBot/1.0; [email protected])"
66.249.79.32 - - [21/Jul/2025:17:38:03 +0000] "GET /?h=6570685041960&mod=0319d8c4&uri=category-info.php?detail/33700472 HTTP/1.1" 200 19419 "-" "Mozilla/5.0 (Linux; Android 6.0.1; Nexus 5X Build/MMB29P) AppleWebKit/537.36 (KHTML, like Gecko) Chrome/137.0.7151.103 Mobile Safari/537.36 (compatible; Googlebot/2.1; +http://www.google.com/bot.html)"
51.222.253.7 - - [21/Jul/2025:17:38:19 +0000] "GET /?h=17294405031960&mod=8632883c&uri=goods.php%3Fid%3D577330-646%26name%3Drituals+serendipity+parfum HTTP/1.1" 301 - "-" "Mozilla/5.0 (compatible; AhrefsBot/7.0; +http://ahrefs.com/robot/)"
2a03:2880:f800:1d:: - - [21/Jul/2025:17:38:31 +0000] "GET /detail/1296128053 HTTP/1.1" 404 16415 "-" "meta-externalagent/1.1 (+https://developers.facebook.com/docs/sharing/webmasters/crawler)"
66.249.79.32 - - [21/Jul/2025:17:38:36 +0000] "GET /?h=6570685041960&mod=0319d8c4&uri=category-info.php?detail/33699729 HTTP/1.1" 200 19160 "-" "Mozilla/5.0 (Linux; Android 6.0.1; Nexus 5X Build/MMB29P) AppleWebKit/537.36 (KHTML, like Gecko) Chrome/137.0.7151.103 Mobile Safari/537.36 (compatible; Googlebot/2.1; +http://www.google.com/bot.html)"
66.249.79.32 - - [21/Jul/2025:17:38:36 +0000] "GET /?h=6570685041960&mod=0319d8c4&uri=category-info.php?detail/33715677 HTTP/1.1" 200 19653 "-" "Mozilla/5.0 (Linux; Android 6.0.1; Nexus 5X Build/MMB29P) AppleWebKit/537.36 (KHTML, like Gecko) Chrome/137.0.7151.103 Mobile Safari/537.36 (compatible; Googlebot/2.1; +http://www.google.com/bot.html)"
66.249.79.32 - - [21/Jul/2025:17:38:38 +0000] "POST /get-message-notify HTTP/1.1" 200 19447 "https://kelaby.company/?h=6570685041960&mod=0319d8c4&uri=category-info.php?detail/33699729" "Mozilla/5.0 (Linux; Android 6.0.1; Nexus 5X Build/MMB29P) AppleWebKit/537.36 (KHTML, like Gecko) Chrome/137.0.7151.119 Mobile Safari/537.36 (compatible; Googlebot/2.1; +http://www.google.com/bot.html)"
209.74.77.214 - - [21/Jul/2025:17:38:44 +0000] "POST /wp-cron.php?doing_wp_cron=1753119524.6866309642791748046875 HTTP/1.1" 200 - "-" "WordPress/6.8.2; https://kelaby.company"
216.73.216.223 - - [21/Jul/2025:17:38:44 +0000] "GET /detail/634166025 HTTP/1.1" 404 16415 "-" "Mozilla/5.0 AppleWebKit/537.36 (KHTML, like Gecko; compatible; ClaudeBot/1.0; [email protected])"
216.73.216.223 - - [21/Jul/2025:17:38:47 +0000] "GET /detail/634355338 HTTP/1.1" 404 16415 "-" "Mozilla/5.0 AppleWebKit/537.36 (KHTML, like Gecko; compatible; ClaudeBot/1.0; [email protected])"
216.73.216.223 - - [21/Jul/2025:17:38:50 +0000] "GET /detail/634082045 HTTP/1.1" 404 16415 "-" "Mozilla/5.0 AppleWebKit/537.36 (KHTML, like Gecko; compatible; ClaudeBot/1.0; [email protected])"
216.73.216.223 - - [21/Jul/2025:17:38:53 +0000] "GET /detail/634599328 HTTP/1.1" 404 16415 "-" "Mozilla/5.0 AppleWebKit/537.36 (KHTML, like Gecko; compatible; ClaudeBot/1.0; [email protected])"
216.73.216.223 - - [21/Jul/2025:17:38:56 +0000] "GET /detail/634163146 HTTP/1.1" 404 16415 "-" "Mozilla/5.0 AppleWebKit/537.36 (KHTML, like Gecko; compatible; ClaudeBot/1.0; [email protected])"
216.73.216.223 - - [21/Jul/2025:17:38:59 +0000] "GET /detail/634612129 HTTP/1.1" 404 16415 "-" "Mozilla/5.0 AppleWebKit/537.36 (KHTML, like Gecko; compatible; ClaudeBot/1.0; [email protected])"
66.249.79.32 - - [21/Jul/2025:17:39:01 +0000] "GET /?h=6570685041960&mod=0319d8c4&uri=category-info.php?detail/33745517 HTTP/1.1" 200 19374 "-" "Mozilla/5.0 (Linux; Android 6.0.1; Nexus 5X Build/MMB29P) AppleWebKit/537.36 (KHTML, like Gecko) Chrome/137.0.7151.103 Mobile Safari/537.36 (compatible; Googlebot/2.1; +http://www.google.com/bot.html)"
66.249.79.34 - - [21/Jul/2025:17:39:02 +0000] "GET /?h=6570685041960&mod=0319d8c4&uri=category-info.php?detail/33713273 HTTP/1.1" 200 19257 "-" "Mozilla/5.0 (Linux; Android 6.0.1; Nexus 5X Build/MMB29P) AppleWebKit/537.36 (KHTML, like Gecko) Chrome/137.0.7151.103 Mobile Safari/537.36 (compatible; Googlebot/2.1; +http://www.google.com/bot.html)"
66.249.79.32 - - [21/Jul/2025:17:39:12 +0000] "GET /?h=6570685041960&mod=0319d8c4&uri=category-info.php?detail/33701237 HTTP/1.1" 200 19332 "-" "Mozilla/5.0 (Linux; Android 6.0.1; Nexus 5X Build/MMB29P) AppleWebKit/537.36 (KHTML, like Gecko) Chrome/137.0.7151.103 Mobile Safari/537.36 (compatible; Googlebot/2.1; +http://www.google.com/bot.html)"
66.249.79.32 - - [21/Jul/2025:17:39:17 +0000] "POST /get-message-notify HTTP/1.1" 200 19447 "https://kelaby.company/?h=6570685041960&mod=0319d8c4&uri=category-info.php?detail/33701237" "Mozilla/5.0 (Linux; Android 6.0.1; Nexus 5X Build/MMB29P) AppleWebKit/537.36 (KHTML, like Gecko) Chrome/137.0.7151.119 Mobile Safari/537.36 (compatible; Googlebot/2.1; +http://www.google.com/bot.html)"
66.249.79.32 - - [21/Jul/2025:17:39:31 +0000] "GET /?h=6570685041960&mod=0319d8c4&uri=category-info.php?detail/33733401 HTTP/1.1" 200 20032 "-" "Mozilla/5.0 (Linux; Android 6.0.1; Nexus 5X Build/MMB29P) AppleWebKit/537.36 (KHTML, like Gecko) Chrome/137.0.7151.103 Mobile Safari/537.36 (compatible; Googlebot/2.1; +http://www.google.com/bot.html)"
66.249.79.32 - - [21/Jul/2025:17:39:33 +0000] "POST /get-message-notify HTTP/1.1" 200 19447 "https://kelaby.company/?h=6570685041960&mod=0319d8c4&uri=category-info.php?detail/33733401" "Mozilla/5.0 (Linux; Android 6.0.1; Nexus 5X Build/MMB29P) AppleWebKit/537.36 (KHTML, like Gecko) Chrome/137.0.7151.119 Mobile Safari/537.36 (compatible; Googlebot/2.1; +http://www.google.com/bot.html)"
51.222.253.4 - - [21/Jul/2025:17:39:40 +0000] "GET /?h=18973331071960&mod=0024bd20&uri=form.php%3Fid%3D633368-726%26name%3Deqt+boost+finish+line HTTP/1.1" 301 - "-" "Mozilla/5.0 (compatible; AhrefsBot/7.0; +http://ahrefs.com/robot/)"
66.249.79.32 - - [21/Jul/2025:17:39:53 +0000] "GET /?h=6570685041960&mod=0319d8c4&uri=category-info.php?detail/33747905 HTTP/1.1" 200 20817 "-" "Mozilla/5.0 (Linux; Android 6.0.1; Nexus 5X Build/MMB29P) AppleWebKit/537.36 (KHTML, like Gecko) Chrome/137.0.7151.103 Mobile Safari/537.36 (compatible; Googlebot/2.1; +http://www.google.com/bot.html)"
66.249.79.32 - - [21/Jul/2025:17:39:58 +0000] "POST /get-message-notify HTTP/1.1" 200 19447 "https://kelaby.company/?h=6570685041960&mod=0319d8c4&uri=category-info.php?detail/33747905" "Mozilla/5.0 (Linux; Android 6.0.1; Nexus 5X Build/MMB29P) AppleWebKit/537.36 (KHTML, like Gecko) Chrome/137.0.7151.119 Mobile Safari/537.36 (compatible; Googlebot/2.1; +http://www.google.com/bot.html)"
216.73.216.223 - - [21/Jul/2025:17:40:01 +0000] "GET /detail/634560313 HTTP/1.1" 404 16415 "-" "Mozilla/5.0 AppleWebKit/537.36 (KHTML, like Gecko; compatible; ClaudeBot/1.0; [email protected])"
216.73.216.223 - - [21/Jul/2025:17:40:04 +0000] "GET /detail/634583734 HTTP/1.1" 404 16415 "-" "Mozilla/5.0 AppleWebKit/537.36 (KHTML, like Gecko; compatible; ClaudeBot/1.0; [email protected])"
216.73.216.223 - - [21/Jul/2025:17:40:07 +0000] "GET /detail/634615557 HTTP/1.1" 404 16415 "-" "Mozilla/5.0 AppleWebKit/537.36 (KHTML, like Gecko; compatible; ClaudeBot/1.0; [email protected])"
216.73.216.223 - - [21/Jul/2025:17:40:10 +0000] "GET /detail/634371286 HTTP/1.1" 404 16415 "-" "Mozilla/5.0 AppleWebKit/537.36 (KHTML, like Gecko; compatible; ClaudeBot/1.0; [email protected])"
216.73.216.223 - - [21/Jul/2025:17:40:13 +0000] "GET /detail/634499610 HTTP/1.1" 404 16415 "-" "Mozilla/5.0 AppleWebKit/537.36 (KHTML, like Gecko; compatible; ClaudeBot/1.0; [email protected])"
66.249.79.33 - - [21/Jul/2025:17:40:15 +0000] "GET /?h=5891184091960&mod=8c76acf2&uri=pin.php?detail/2584266 HTTP/1.1" 200 19663 "-" "Mozilla/5.0 (Linux; Android 6.0.1; Nexus 5X Build/MMB29P) AppleWebKit/537.36 (KHTML, like Gecko) Chrome/137.0.7151.103 Mobile Safari/537.36 (compatible; Googlebot/2.1; +http://www.google.com/bot.html)"
47.82.11.38 - - [21/Jul/2025:17:40:15 +0000] "GET /?h=6103535011960&mod=f7efa4f8&uri=blog.php?id%3D203819-40%26name%3Dmakita+18v+buffer HTTP/1.1" 301 - "https://kelaby.company/?h=6103535011960&mod=f7efa4f8&uri=blog.php%3Fid%3D203819-40%26name%3Dmakita+18v+buffer" "Mozilla/5.0 (Windows NT 10.0; Win64; x64) AppleWebKit/537.36 (KHTML, like Gecko) Chrome/114.0.0.0 Safari/537.36 Edg/114.0.1823.43"
47.82.11.38 - - [21/Jul/2025:17:40:16 +0000] "GET /?h=6103535011960&mod=f7efa4f8&uri=blog.php?id%3D203819-40%26name%3Dmakita%2018v%20buffer HTTP/1.1" 301 - "https://kelaby.company/?h=6103535011960&mod=f7efa4f8&uri=blog.php%3Fid%3D203819-40%26name%3Dmakita+18v+buffer" "Mozilla/5.0 (Windows NT 10.0; Win64; x64) AppleWebKit/537.36 (KHTML, like Gecko) Chrome/114.0.0.0 Safari/537.36 Edg/114.0.1823.43"
216.73.216.223 - - [21/Jul/2025:17:40:16 +0000] "GET /detail/634210789 HTTP/1.1" 404 16415 "-" "Mozilla/5.0 AppleWebKit/537.36 (KHTML, like Gecko; compatible; ClaudeBot/1.0; [email protected])"
66.249.79.32 - - [21/Jul/2025:17:40:31 +0000] "POST /get-message-notify HTTP/1.1" 200 19447 "https://kelaby.company/?h=5891184091960&mod=8c76acf2&uri=pin.php?detail/2584266" "Mozilla/5.0 (Linux; Android 6.0.1; Nexus 5X Build/MMB29P) AppleWebKit/537.36 (KHTML, like Gecko) Chrome/137.0.7151.119 Mobile Safari/537.36 (compatible; Googlebot/2.1; +http://www.google.com/bot.html)"
66.249.79.32 - - [21/Jul/2025:17:40:37 +0000] "GET /?h=6074141011960&mod=c7ced588&uri=products.php?detail/36840717 HTTP/1.1" 200 20790 "-" "Mozilla/5.0 (Linux; Android 6.0.1; Nexus 5X Build/MMB29P) AppleWebKit/537.36 (KHTML, like Gecko) Chrome/137.0.7151.103 Mobile Safari/537.36 (compatible; Googlebot/2.1; +http://www.google.com/bot.html)"
66.249.79.32 - - [21/Jul/2025:17:40:40 +0000] "POST /get-message-notify HTTP/1.1" 200 19447 "https://kelaby.company/?h=6074141011960&mod=c7ced588&uri=products.php?detail/36840717" "Mozilla/5.0 (Linux; Android 6.0.1; Nexus 5X Build/MMB29P) AppleWebKit/537.36 (KHTML, like Gecko) Chrome/137.0.7151.119 Mobile Safari/537.36 (compatible; Googlebot/2.1; +http://www.google.com/bot.html)"
216.73.216.223 - - [21/Jul/2025:17:40:57 +0000] "GET /detail/634401192 HTTP/1.1" 404 16415 "-" "Mozilla/5.0 AppleWebKit/537.36 (KHTML, like Gecko; compatible; ClaudeBot/1.0; [email protected])"
66.249.79.32 - - [21/Jul/2025:17:40:59 +0000] "GET /?h=5891184091960&mod=8c76acf2&uri=pin.php?detail/2575447 HTTP/1.1" 200 19571 "-" "Mozilla/5.0 (Linux; Android 6.0.1; Nexus 5X Build/MMB29P) AppleWebKit/537.36 (KHTML, like Gecko) Chrome/137.0.7151.103 Mobile Safari/537.36 (compatible; Googlebot/2.1; +http://www.google.com/bot.html)"
216.73.216.223 - - [21/Jul/2025:17:41:00 +0000] "GET /detail/634239050 HTTP/1.1" 404 16414 "-" "Mozilla/5.0 AppleWebKit/537.36 (KHTML, like Gecko; compatible; ClaudeBot/1.0; [email protected])"
216.73.216.223 - - [21/Jul/2025:17:41:03 +0000] "GET /detail/634270937 HTTP/1.1" 404 16415 "-" "Mozilla/5.0 AppleWebKit/537.36 (KHTML, like Gecko; compatible; ClaudeBot/1.0; [email protected])"
216.73.216.223 - - [21/Jul/2025:17:41:06 +0000] "GET /detail/634565233 HTTP/1.1" 404 16415 "-" "Mozilla/5.0 AppleWebKit/537.36 (KHTML, like Gecko; compatible; ClaudeBot/1.0; [email protected])"
216.73.216.223 - - [21/Jul/2025:17:41:09 +0000] "GET /detail/634122769 HTTP/1.1" 404 16416 "-" "Mozilla/5.0 AppleWebKit/537.36 (KHTML, like Gecko; compatible; ClaudeBot/1.0; [email protected])"
216.73.216.223 - - [21/Jul/2025:17:41:12 +0000] "GET /detail/634099424 HTTP/1.1" 404 16415 "-" "Mozilla/5.0 AppleWebKit/537.36 (KHTML, like Gecko; compatible; ClaudeBot/1.0; [email protected])"
51.222.253.2 - - [21/Jul/2025:17:41:15 +0000] "GET /?h=19811877041960&mod=ca782581&uri=products.php%3Fid%3D661342-518%26name%3Dlonger+b+screw HTTP/1.1" 301 - "-" "Mozilla/5.0 (compatible; AhrefsBot/7.0; +http://ahrefs.com/robot/)"
66.249.79.32 - - [21/Jul/2025:17:41:22 +0000] "GET /?h=6074141011960&mod=c7ced588&uri=products.php?detail/36836540 HTTP/1.1" 200 19938 "-" "Mozilla/5.0 (Linux; Android 6.0.1; Nexus 5X Build/MMB29P) AppleWebKit/537.36 (KHTML, like Gecko) Chrome/137.0.7151.103 Mobile Safari/537.36 (compatible; Googlebot/2.1; +http://www.google.com/bot.html)"
66.249.79.32 - - [21/Jul/2025:17:41:46 +0000] "GET /?h=6074141011960&mod=c7ced588&uri=products.php?detail/36817991 HTTP/1.1" 200 19232 "-" "Mozilla/5.0 (Linux; Android 6.0.1; Nexus 5X Build/MMB29P) AppleWebKit/537.36 (KHTML, like Gecko) Chrome/137.0.7151.103 Mobile Safari/537.36 (compatible; Googlebot/2.1; +http://www.google.com/bot.html)"
66.249.79.32 - - [21/Jul/2025:17:41:56 +0000] "POST /get-message-notify HTTP/1.1" 200 19447 "https://kelaby.company/?h=6074141011960&mod=c7ced588&uri=products.php?detail/36817991" "Mozilla/5.0 (Linux; Android 6.0.1; Nexus 5X Build/MMB29P) AppleWebKit/537.36 (KHTML, like Gecko) Chrome/137.0.7151.119 Mobile Safari/537.36 (compatible; Googlebot/2.1; +http://www.google.com/bot.html)"
216.73.216.223 - - [21/Jul/2025:17:41:56 +0000] "GET /detail/634261095 HTTP/1.1" 404 16415 "-" "Mozilla/5.0 AppleWebKit/537.36 (KHTML, like Gecko; compatible; ClaudeBot/1.0; [email protected])"
216.73.216.223 - - [21/Jul/2025:17:41:58 +0000] "GET /detail/634404343 HTTP/1.1" 404 16414 "-" "Mozilla/5.0 AppleWebKit/537.36 (KHTML, like Gecko; compatible; ClaudeBot/1.0; [email protected])"
43.157.82.252 - - [21/Jul/2025:17:41:59 +0000] "GET /wp-json/oembed/1.0/embed?url=https%3A%2F%2Fkelaby.company%2Fsubsidiaries%2F HTTP/1.1" 200 1030 "-" "Mozilla/5.0 (iPhone; CPU iPhone OS 13_2_3 like Mac OS X) AppleWebKit/605.1.15 (KHTML, like Gecko) Version/13.0.3 Mobile/15E148 Safari/604.1"
216.73.216.223 - - [21/Jul/2025:17:42:01 +0000] "GET /detail/634612678 HTTP/1.1" 404 16414 "-" "Mozilla/5.0 AppleWebKit/537.36 (KHTML, like Gecko; compatible; ClaudeBot/1.0; [email protected])"
216.73.216.223 - - [21/Jul/2025:17:42:04 +0000] "GET /detail/634568873 HTTP/1.1" 404 16415 "-" "Mozilla/5.0 AppleWebKit/537.36 (KHTML, like Gecko; compatible; ClaudeBot/1.0; [email protected])"
216.73.216.223 - - [21/Jul/2025:17:42:07 +0000] "GET /detail/634080192 HTTP/1.1" 404 16415 "-" "Mozilla/5.0 AppleWebKit/537.36 (KHTML, like Gecko; compatible; ClaudeBot/1.0; [email protected])"
216.73.216.223 - - [21/Jul/2025:17:42:10 +0000] "GET /detail/634311805 HTTP/1.1" 404 16415 "-" "Mozilla/5.0 AppleWebKit/537.36 (KHTML, like Gecko; compatible; ClaudeBot/1.0; [email protected])"
66.249.79.34 - - [21/Jul/2025:17:42:19 +0000] "GET /?h=5891184091960&mod=8c76acf2&uri=pin.php?detail/2580854 HTTP/1.1" 200 19086 "-" "Mozilla/5.0 (Linux; Android 6.0.1; Nexus 5X Build/MMB29P) AppleWebKit/537.36 (KHTML, like Gecko) Chrome/137.0.7151.103 Mobile Safari/537.36 (compatible; Googlebot/2.1; +http://www.google.com/bot.html)"
66.249.79.32 - - [21/Jul/2025:17:42:36 +0000] "GET /?h=6074141011960&mod=c7ced588&uri=products.php?detail/3568866 HTTP/1.1" 200 19549 "-" "Mozilla/5.0 (Linux; Android 6.0.1; Nexus 5X Build/MMB29P) AppleWebKit/537.36 (KHTML, like Gecko) Chrome/137.0.7151.103 Mobile Safari/537.36 (compatible; Googlebot/2.1; +http://www.google.com/bot.html)"
51.222.253.10 - - [21/Jul/2025:17:42:50 +0000] "GET /?h=2092110011960&mod=9ffafdbd&uri=shop.php%3Fid%3D69850-138%26name%3Dmen%27s+nike+air+max+goadome+boots+size+13 HTTP/1.1" 301 - "-" "Mozilla/5.0 (compatible; AhrefsBot/7.0; +http://ahrefs.com/robot/)"
66.249.79.32 - - [21/Jul/2025:17:42:53 +0000] "GET /?h=80087085061960&mod=d7d399d5&uri=dp.php?detail/2587145 HTTP/1.1" 200 18997 "-" "Mozilla/5.0 (Linux; Android 6.0.1; Nexus 5X Build/MMB29P) AppleWebKit/537.36 (KHTML, like Gecko) Chrome/137.0.7151.103 Mobile Safari/537.36 (compatible; Googlebot/2.1; +http://www.google.com/bot.html)"
2a03:2880:f800:4:: - - [21/Jul/2025:17:42:59 +0000] "GET /detail/1296156232 HTTP/1.1" 404 16415 "-" "meta-externalagent/1.1 (+https://developers.facebook.com/docs/sharing/webmasters/crawler)"
66.249.79.32 - - [21/Jul/2025:17:43:26 +0000] "GET /?h=65824897031960&mod=9b425b22&uri=goods.php?detail/2611379 HTTP/1.1" 200 19627 "-" "Mozilla/5.0 (Linux; Android 6.0.1; Nexus 5X Build/MMB29P) AppleWebKit/537.36 (KHTML, like Gecko) Chrome/137.0.7151.103 Mobile Safari/537.36 (compatible; Googlebot/2.1; +http://www.google.com/bot.html)"
66.249.79.234 - - [21/Jul/2025:17:43:26 +0000] "GET /?h=5695947041960&mod=2076b5ab&uri=product.php?product/edit/K3835826541 HTTP/1.1" 200 21617 "-" "Mozilla/5.0 (Linux; Android 6.0.1; Nexus 5X Build/MMB29P) AppleWebKit/537.36 (KHTML, like Gecko) Chrome/137.0.7151.103 Mobile Safari/537.36 (compatible; Googlebot/2.1; +http://www.google.com/bot.html)"
172.241.143.249 - - [21/Jul/2025:17:43:29 +0000] "GET / HTTP/1.1" 200 26483 "-" "Mozilla/5.0 (Macintosh; Intel Mac OS X 10_15_7) AppleWebKit/537.36 (KHTML, like Gecko) Chrome/131.0.0.0 Safari/537.36"
172.241.143.249 - - [21/Jul/2025:17:43:30 +0000] "GET /about-us/ HTTP/1.1" 200 22324 "-" "Mozilla/5.0 (Macintosh; Intel Mac OS X 10_15_7) AppleWebKit/537.36 (KHTML, like Gecko) Chrome/131.0.0.0 Safari/537.36"
172.241.143.249 - - [21/Jul/2025:17:43:31 +0000] "GET /scout/ HTTP/1.1" 200 23238 "-" "Mozilla/5.0 (Macintosh; Intel Mac OS X 10_15_7) AppleWebKit/537.36 (KHTML, like Gecko) Chrome/131.0.0.0 Safari/537.36"
172.241.143.249 - - [21/Jul/2025:17:43:32 +0000] "GET /contact-us/ HTTP/1.1" 200 18457 "-" "Mozilla/5.0 (Macintosh; Intel Mac OS X 10_15_7) AppleWebKit/537.36 (KHTML, like Gecko) Chrome/131.0.0.0 Safari/537.36"
172.241.143.249 - - [21/Jul/2025:17:43:32 +0000] "GET /wp-content/plugins/elementor/assets/js/webpack.runtime.min.js?ver=3.30.2 HTTP/1.1" 200 2516 "-" "Mozilla/5.0 (Macintosh; Intel Mac OS X 10_15_7) AppleWebKit/537.36 (KHTML, like Gecko) Chrome/131.0.0.0 Safari/537.36"
172.241.143.249 - - [21/Jul/2025:17:43:33 +0000] "GET /wp-content/plugins/elementor/assets/js/frontend-modules.min.js?ver=3.30.2 HTTP/1.1" 200 14815 "-" "Mozilla/5.0 (Macintosh; Intel Mac OS X 10_15_7) AppleWebKit/537.36 (KHTML, like Gecko) Chrome/131.0.0.0 Safari/537.36"
172.241.143.249 - - [21/Jul/2025:17:43:33 +0000] "GET /wp-content/plugins/elementor/assets/js/frontend.min.js?ver=3.30.2 HTTP/1.1" 200 10595 "-" "Mozilla/5.0 (Macintosh; Intel Mac OS X 10_15_7) AppleWebKit/537.36 (KHTML, like Gecko) Chrome/131.0.0.0 Safari/537.36"
172.241.143.249 - - [21/Jul/2025:17:43:33 +0000] "GET /wp-content/themes/hello-elementor/assets/js/hello-frontend.js?ver=3.4.4 HTTP/1.1" 200 553 "-" "Mozilla/5.0 (Macintosh; Intel Mac OS X 10_15_7) AppleWebKit/537.36 (KHTML, like Gecko) Chrome/131.0.0.0 Safari/537.36"
172.241.143.249 - - [21/Jul/2025:17:43:34 +0000] "GET /wp-content/plugins/jeg-elementor-kit/assets/js/elements/sticky-element.js?ver=2.6.13 HTTP/1.1" 304 - "-" "Mozilla/5.0 (Macintosh; Intel Mac OS X 10_15_7) AppleWebKit/537.36 (KHTML, like Gecko) Chrome/131.0.0.0 Safari/537.36"
216.73.216.223 - - [21/Jul/2025:17:43:38 +0000] "GET /detail/634298407 HTTP/1.1" 404 16415 "-" "Mozilla/5.0 AppleWebKit/537.36 (KHTML, like Gecko; compatible; ClaudeBot/1.0; [email protected])"
216.73.216.223 - - [21/Jul/2025:17:43:41 +0000] "GET /detail/634395785 HTTP/1.1" 404 16414 "-" "Mozilla/5.0 AppleWebKit/537.36 (KHTML, like Gecko; compatible; ClaudeBot/1.0; [email protected])"
66.249.79.33 - - [21/Jul/2025:17:43:43 +0000] "GET /?h=6074141011960&mod=c7ced588&uri=products.php?detail/36862758 HTTP/1.1" 200 18862 "-" "Mozilla/5.0 (Linux; Android 6.0.1; Nexus 5X Build/MMB29P) AppleWebKit/537.36 (KHTML, like Gecko) Chrome/137.0.7151.103 Mobile Safari/537.36 (compatible; Googlebot/2.1; +http://www.google.com/bot.html)"
66.249.79.32 - - [21/Jul/2025:17:43:43 +0000] "GET /?h=65824897031960&mod=9b425b22&uri=goods.php?detail/2594341 HTTP/1.1" 200 19468 "-" "Mozilla/5.0 (Linux; Android 6.0.1; Nexus 5X Build/MMB29P) AppleWebKit/537.36 (KHTML, like Gecko) Chrome/137.0.7151.103 Mobile Safari/537.36 (compatible; Googlebot/2.1; +http://www.google.com/bot.html)"
209.74.77.214 - - [21/Jul/2025:17:43:45 +0000] "POST /wp-cron.php?doing_wp_cron=1753119824.9156320095062255859375 HTTP/1.1" 200 - "-" "WordPress/6.8.2; https://kelaby.company"
216.73.216.223 - - [21/Jul/2025:17:43:44 +0000] "GET /detail/634115653 HTTP/1.1" 404 16415 "-" "Mozilla/5.0 AppleWebKit/537.36 (KHTML, like Gecko; compatible; ClaudeBot/1.0; [email protected])"
216.73.216.223 - - [21/Jul/2025:17:43:47 +0000] "GET /detail/634448214 HTTP/1.1" 404 16415 "-" "Mozilla/5.0 AppleWebKit/537.36 (KHTML, like Gecko; compatible; ClaudeBot/1.0; [email protected])"
216.73.216.223 - - [21/Jul/2025:17:43:50 +0000] "GET /detail/634481886 HTTP/1.1" 404 16415 "-" "Mozilla/5.0 AppleWebKit/537.36 (KHTML, like Gecko; compatible; ClaudeBot/1.0; [email protected])"
216.73.216.223 - - [21/Jul/2025:17:43:53 +0000] "GET /detail/634580843 HTTP/1.1" 404 16415 "-" "Mozilla/5.0 AppleWebKit/537.36 (KHTML, like Gecko; compatible; ClaudeBot/1.0; [email protected])"
66.249.79.32 - - [21/Jul/2025:17:44:00 +0000] "GET /?h=65824897031960&mod=9b425b22&uri=goods.php?detail/2596793 HTTP/1.1" 200 19277 "-" "Mozilla/5.0 (Linux; Android 6.0.1; Nexus 5X Build/MMB29P) AppleWebKit/537.36 (KHTML, like Gecko) Chrome/137.0.7151.103 Mobile Safari/537.36 (compatible; Googlebot/2.1; +http://www.google.com/bot.html)"
66.249.79.34 - - [21/Jul/2025:17:44:01 +0000] "GET /?h=6074141011960&mod=c7ced588&uri=products.php?detail/36819502 HTTP/1.1" 200 20101 "-" "Mozilla/5.0 (Linux; Android 6.0.1; Nexus 5X Build/MMB29P) AppleWebKit/537.36 (KHTML, like Gecko) Chrome/137.0.7151.103 Mobile Safari/537.36 (compatible; Googlebot/2.1; +http://www.google.com/bot.html)"
66.249.79.32 - - [21/Jul/2025:17:44:03 +0000] "POST /get-message-notify HTTP/1.1" 200 19447 "https://kelaby.company/?h=65824897031960&mod=9b425b22&uri=goods.php?detail/2596793" "Mozilla/5.0 (Linux; Android 6.0.1; Nexus 5X Build/MMB29P) AppleWebKit/537.36 (KHTML, like Gecko) Chrome/137.0.7151.119 Mobile Safari/537.36 (compatible; Googlebot/2.1; +http://www.google.com/bot.html)"
51.222.253.7 - - [21/Jul/2025:17:44:06 +0000] "GET /?h=22032507071960&uri=article.php%3Fid%3D735423-805%26name%3Dtenis%20feito%20de%20material%20reciclado HTTP/1.1" 200 26480 "-" "Mozilla/5.0 (compatible; AhrefsBot/7.0; +http://ahrefs.com/robot/)"
66.249.79.32 - - [21/Jul/2025:17:44:34 +0000] "GET /?h=65824897031960&mod=9b425b22&uri=goods.php?detail/2614807 HTTP/1.1" 200 19609 "-" "Mozilla/5.0 (Linux; Android 6.0.1; Nexus 5X Build/MMB29P) AppleWebKit/537.36 (KHTML, like Gecko) Chrome/137.0.7151.103 Mobile Safari/537.36 (compatible; Googlebot/2.1; +http://www.google.com/bot.html)"
216.73.216.223 - - [21/Jul/2025:17:44:43 +0000] "GET /detail/634434055 HTTP/1.1" 404 16415 "-" "Mozilla/5.0 AppleWebKit/537.36 (KHTML, like Gecko; compatible; ClaudeBot/1.0; [email protected])"
216.73.216.223 - - [21/Jul/2025:17:44:46 +0000] "GET /detail/634188404 HTTP/1.1" 404 16414 "-" "Mozilla/5.0 AppleWebKit/537.36 (KHTML, like Gecko; compatible; ClaudeBot/1.0; [email protected])"
66.249.79.32 - - [21/Jul/2025:17:44:49 +0000] "POST /get-message-notify HTTP/1.1" 200 19447 "https://kelaby.company/?h=65824897031960&mod=9b425b22&uri=goods.php?detail/2614807" "Mozilla/5.0 (Linux; Android 6.0.1; Nexus 5X Build/MMB29P) AppleWebKit/537.36 (KHTML, like Gecko) Chrome/137.0.7151.119 Mobile Safari/537.36 (compatible; Googlebot/2.1; +http://www.google.com/bot.html)"
216.73.216.223 - - [21/Jul/2025:17:44:49 +0000] "GET /detail/634215307 HTTP/1.1" 404 16415 "-" "Mozilla/5.0 AppleWebKit/537.36 (KHTML, like Gecko; compatible; ClaudeBot/1.0; [email protected])"
66.249.79.32 - - [21/Jul/2025:17:44:50 +0000] "GET /?h=65824897031960&mod=9b425b22&uri=goods.php?product/edit/K368088144 HTTP/1.1" 200 21652 "-" "Mozilla/5.0 (Linux; Android 6.0.1; Nexus 5X Build/MMB29P) AppleWebKit/537.36 (KHTML, like Gecko) Chrome/137.0.7151.103 Mobile Safari/537.36 (compatible; Googlebot/2.1; +http://www.google.com/bot.html)"
216.73.216.223 - - [21/Jul/2025:17:44:52 +0000] "GET /detail/634522400 HTTP/1.1" 404 16415 "-" "Mozilla/5.0 AppleWebKit/537.36 (KHTML, like Gecko; compatible; ClaudeBot/1.0; [email protected])"
216.73.216.223 - - [21/Jul/2025:17:44:55 +0000] "GET /detail/634612744 HTTP/1.1" 404 16415 "-" "Mozilla/5.0 AppleWebKit/537.36 (KHTML, like Gecko; compatible; ClaudeBot/1.0; [email protected])"
216.73.216.223 - - [21/Jul/2025:17:44:58 +0000] "GET /detail/634075610 HTTP/1.1" 404 16416 "-" "Mozilla/5.0 AppleWebKit/537.36 (KHTML, like Gecko; compatible; ClaudeBot/1.0; [email protected])"
66.249.79.32 - - [21/Jul/2025:17:44:59 +0000] "POST /get-message-notify HTTP/1.1" 200 19447 "https://kelaby.company/?h=65824897031960&mod=9b425b22&uri=goods.php?product/edit/K368088144" "Mozilla/5.0 (Linux; Android 6.0.1; Nexus 5X Build/MMB29P) AppleWebKit/537.36 (KHTML, like Gecko) Chrome/137.0.7151.119 Mobile Safari/537.36 (compatible; Googlebot/2.1; +http://www.google.com/bot.html)"
66.249.79.34 - - [21/Jul/2025:17:45:07 +0000] "GET /?h=65824897031960&mod=9b425b22&uri=goods.php?detail/2585031 HTTP/1.1" 200 21434 "-" "Mozilla/5.0 (Linux; Android 6.0.1; Nexus 5X Build/MMB29P) AppleWebKit/537.36 (KHTML, like Gecko) Chrome/137.0.7151.103 Mobile Safari/537.36 (compatible; Googlebot/2.1; +http://www.google.com/bot.html)"
66.249.79.32 - - [21/Jul/2025:17:45:09 +0000] "POST /get-message-notify HTTP/1.1" 200 19447 "https://kelaby.company/?h=65824897031960&mod=9b425b22&uri=goods.php?detail/2585031" "Mozilla/5.0 (Linux; Android 6.0.1; Nexus 5X Build/MMB29P) AppleWebKit/537.36 (KHTML, like Gecko) Chrome/137.0.7151.119 Mobile Safari/537.36 (compatible; Googlebot/2.1; +http://www.google.com/bot.html)"
51.222.253.20 - - [21/Jul/2025:17:45:35 +0000] "GET /?h=23288294091960&uri=news.php%3Fid%3D777319-625%26name%3Dmelissa%20harmonic%20flower%20flip%20flop HTTP/1.1" 200 26481 "-" "Mozilla/5.0 (compatible; AhrefsBot/7.0; +http://ahrefs.com/robot/)"
66.249.79.32 - - [21/Jul/2025:17:45:40 +0000] "GET /?h=65824897031960&mod=9b425b22&uri=goods.php?detail/2586864 HTTP/1.1" 200 19359 "-" "Mozilla/5.0 (Linux; Android 6.0.1; Nexus 5X Build/MMB29P) AppleWebKit/537.36 (KHTML, like Gecko) Chrome/137.0.7151.103 Mobile Safari/537.36 (compatible; Googlebot/2.1; +http://www.google.com/bot.html)"
66.249.79.232 - - [21/Jul/2025:17:45:41 +0000] "GET /?h=5742163021960&mod=60b7f5df&uri=us.php?detail/38429905 HTTP/1.1" 200 20684 "-" "Mozilla/5.0 (Linux; Android 6.0.1; Nexus 5X Build/MMB29P) AppleWebKit/537.36 (KHTML, like Gecko) Chrome/137.0.7151.103 Mobile Safari/537.36 (compatible; Googlebot/2.1; +http://www.google.com/bot.html)"
216.73.216.223 - - [21/Jul/2025:17:45:49 +0000] "GET /detail/634409540 HTTP/1.1" 404 16415 "-" "Mozilla/5.0 AppleWebKit/537.36 (KHTML, like Gecko; compatible; ClaudeBot/1.0; [email protected])"
216.73.216.223 - - [21/Jul/2025:17:45:52 +0000] "GET /detail/634492494 HTTP/1.1" 404 16415 "-" "Mozilla/5.0 AppleWebKit/537.36 (KHTML, like Gecko; compatible; ClaudeBot/1.0; [email protected])"
66.249.79.233 - - [21/Jul/2025:17:45:53 +0000] "POST /get-message-notify HTTP/1.1" 200 19472 "https://www.kelaby.company/?h=5742163021960&mod=60b7f5df&uri=us.php?detail/38429905" "Mozilla/5.0 (Linux; Android 6.0.1; Nexus 5X Build/MMB29P) AppleWebKit/537.36 (KHTML, like Gecko) Chrome/137.0.7151.119 Mobile Safari/537.36 (compatible; Googlebot/2.1; +http://www.google.com/bot.html)"
216.73.216.223 - - [21/Jul/2025:17:45:55 +0000] "GET /detail/634199697 HTTP/1.1" 404 16415 "-" "Mozilla/5.0 AppleWebKit/537.36 (KHTML, like Gecko; compatible; ClaudeBot/1.0; [email protected])"
66.249.79.32 - - [21/Jul/2025:17:45:57 +0000] "GET /?h=65824897031960&mod=9b425b22&uri=goods.php?detail/2568041 HTTP/1.1" 200 19028 "-" "Mozilla/5.0 (Linux; Android 6.0.1; Nexus 5X Build/MMB29P) AppleWebKit/537.36 (KHTML, like Gecko) Chrome/137.0.7151.103 Mobile Safari/537.36 (compatible; Googlebot/2.1; +http://www.google.com/bot.html)"
216.73.216.223 - - [21/Jul/2025:17:45:58 +0000] "GET /detail/634487281 HTTP/1.1" 404 16415 "-" "Mozilla/5.0 AppleWebKit/537.36 (KHTML, like Gecko; compatible; ClaudeBot/1.0; [email protected])"
66.249.79.32 - - [21/Jul/2025:17:46:00 +0000] "POST /get-message-notify HTTP/1.1" 200 19447 "https://kelaby.company/?h=65824897031960&mod=9b425b22&uri=goods.php?detail/2568041" "Mozilla/5.0 (Linux; Android 6.0.1; Nexus 5X Build/MMB29P) AppleWebKit/537.36 (KHTML, like Gecko) Chrome/137.0.7151.119 Mobile Safari/537.36 (compatible; Googlebot/2.1; +http://www.google.com/bot.html)"
216.73.216.223 - - [21/Jul/2025:17:46:01 +0000] "GET /detail/634563396 HTTP/1.1" 404 16415 "-" "Mozilla/5.0 AppleWebKit/537.36 (KHTML, like Gecko; compatible; ClaudeBot/1.0; [email protected])"
216.73.216.223 - - [21/Jul/2025:17:46:04 +0000] "GET /detail/634439462 HTTP/1.1" 404 16415 "-" "Mozilla/5.0 AppleWebKit/537.36 (KHTML, like Gecko; compatible; ClaudeBot/1.0; [email protected])"
66.249.79.32 - - [21/Jul/2025:17:46:14 +0000] "GET /?h=65824897031960&mod=9b425b22&uri=goods.php?detail/2582627 HTTP/1.1" 200 19391 "-" "Mozilla/5.0 (Linux; Android 6.0.1; Nexus 5X Build/MMB29P) AppleWebKit/537.36 (KHTML, like Gecko) Chrome/137.0.7151.103 Mobile Safari/537.36 (compatible; Googlebot/2.1; +http://www.google.com/bot.html)"
66.249.79.232 - - [21/Jul/2025:17:46:15 +0000] "GET /?h=6353710031960&mod=007ad58e&uri=product.php?detail/38678575 HTTP/1.1" 200 19270 "-" "Mozilla/5.0 (Linux; Android 6.0.1; Nexus 5X Build/MMB29P) AppleWebKit/537.36 (KHTML, like Gecko) Chrome/137.0.7151.103 Mobile Safari/537.36 (compatible; Googlebot/2.1; +http://www.google.com/bot.html)"
66.249.79.234 - - [21/Jul/2025:17:46:15 +0000] "GET /?h=6173665011960&mod=e50bea89&uri=brands.php?detail/36730714 HTTP/1.1" 200 19781 "-" "Mozilla/5.0 (Linux; Android 6.0.1; Nexus 5X Build/MMB29P) AppleWebKit/537.36 (KHTML, like Gecko) Chrome/137.0.7151.103 Mobile Safari/537.36 (compatible; Googlebot/2.1; +http://www.google.com/bot.html)"
66.249.79.32 - - [21/Jul/2025:17:46:18 +0000] "POST /get-message-notify HTTP/1.1" 200 19447 "https://kelaby.company/?h=65824897031960&mod=9b425b22&uri=goods.php?detail/2582627" "Mozilla/5.0 (Linux; Android 6.0.1; Nexus 5X Build/MMB29P) AppleWebKit/537.36 (KHTML, like Gecko) Chrome/137.0.7151.119 Mobile Safari/537.36 (compatible; Googlebot/2.1; +http://www.google.com/bot.html)"
2a03:2880:f800:e:: - - [21/Jul/2025:17:46:34 +0000] "GET /detail/1296100940 HTTP/1.1" 404 16415 "-" "meta-externalagent/1.1 (+https://developers.facebook.com/docs/sharing/webmasters/crawler)"
66.249.79.37 - - [21/Jul/2025:17:46:49 +0000] "GET /?h=65824897031960&mod=9b425b22&uri=goods.php?detail/2583733 HTTP/1.1" 200 20541 "-" "Mozilla/5.0 (Linux; Android 6.0.1; Nexus 5X Build/MMB29P) AppleWebKit/537.36 (KHTML, like Gecko) Chrome/137.0.7151.103 Mobile Safari/537.36 (compatible; Googlebot/2.1; +http://www.google.com/bot.html)"
216.73.216.223 - - [21/Jul/2025:17:46:55 +0000] "GET /detail/634309207 HTTP/1.1" 404 16415 "-" "Mozilla/5.0 AppleWebKit/537.36 (KHTML, like Gecko; compatible; ClaudeBot/1.0; [email protected])"
216.73.216.223 - - [21/Jul/2025:17:46:58 +0000] "GET /detail/634465661 HTTP/1.1" 404 16414 "-" "Mozilla/5.0 AppleWebKit/537.36 (KHTML, like Gecko; compatible; ClaudeBot/1.0; [email protected])"
216.73.216.223 - - [21/Jul/2025:17:47:01 +0000] "GET /detail/634078910 HTTP/1.1" 404 16415 "-" "Mozilla/5.0 AppleWebKit/537.36 (KHTML, like Gecko; compatible; ClaudeBot/1.0; [email protected])"
216.73.216.223 - - [21/Jul/2025:17:47:04 +0000] "GET /detail/634389010 HTTP/1.1" 404 16415 "-" "Mozilla/5.0 AppleWebKit/537.36 (KHTML, like Gecko; compatible; ClaudeBot/1.0; [email protected])"
66.249.79.32 - - [21/Jul/2025:17:47:06 +0000] "GET /?h=65824897031960&mod=9b425b22&uri=goods.php?detail/2599876 HTTP/1.1" 200 20067 "-" "Mozilla/5.0 (Linux; Android 6.0.1; Nexus 5X Build/MMB29P) AppleWebKit/537.36 (KHTML, like Gecko) Chrome/137.0.7151.103 Mobile Safari/537.36 (compatible; Googlebot/2.1; +http://www.google.com/bot.html)"
51.222.253.20 - - [21/Jul/2025:17:47:06 +0000] "GET /?h=25027755131960&uri=shop.php%3Fid%3D835331-870%26name%3Dchaussure%20de%20securite%20respirante%20geox HTTP/1.1" 200 26477 "-" "Mozilla/5.0 (compatible; AhrefsBot/7.0; +http://ahrefs.com/robot/)"
216.73.216.223 - - [21/Jul/2025:17:47:07 +0000] "GET /detail/634201205 HTTP/1.1" 404 16415 "-" "Mozilla/5.0 AppleWebKit/537.36 (KHTML, like Gecko; compatible; ClaudeBot/1.0; [email protected])"
216.73.216.223 - - [21/Jul/2025:17:47:10 +0000] "GET /detail/634496134 HTTP/1.1" 404 16415 "-" "Mozilla/5.0 AppleWebKit/537.36 (KHTML, like Gecko; compatible; ClaudeBot/1.0; [email protected])"
66.249.79.37 - - [21/Jul/2025:17:47:23 +0000] "GET /?h=65824897031960&mod=9b425b22&uri=goods.php?detail/2571681 HTTP/1.1" 200 19268 "-" "Mozilla/5.0 (Linux; Android 6.0.1; Nexus 5X Build/MMB29P) AppleWebKit/537.36 (KHTML, like Gecko) Chrome/137.0.7151.103 Mobile Safari/537.36 (compatible; Googlebot/2.1; +http://www.google.com/bot.html)"
66.249.79.37 - - [21/Jul/2025:17:47:23 +0000] "GET /?h=6570685041960&mod=0319d8c4&uri=category-info.php?detail/33721511 HTTP/1.1" 200 20359 "-" "Mozilla/5.0 (Linux; Android 6.0.1; Nexus 5X Build/MMB29P) AppleWebKit/537.36 (KHTML, like Gecko) Chrome/137.0.7151.103 Mobile Safari/537.36 (compatible; Googlebot/2.1; +http://www.google.com/bot.html)"
66.249.79.37 - - [21/Jul/2025:17:47:23 +0000] "GET /?h=6570685041960&mod=0319d8c4&uri=category-info.php?detail/33740597 HTTP/1.1" 200 20148 "-" "Mozilla/5.0 (Linux; Android 6.0.1; Nexus 5X Build/MMB29P) AppleWebKit/537.36 (KHTML, like Gecko) Chrome/137.0.7151.103 Mobile Safari/537.36 (compatible; Googlebot/2.1; +http://www.google.com/bot.html)"
66.249.79.37 - - [21/Jul/2025:17:47:23 +0000] "GET /?h=25230372051960&mod=eede2d28&uri=news.php?feature/osu_main/index.html HTTP/1.1" 200 20287 "-" "Mozilla/5.0 (Linux; Android 6.0.1; Nexus 5X Build/MMB29P) AppleWebKit/537.36 (KHTML, like Gecko) Chrome/137.0.7151.103 Mobile Safari/537.36 (compatible; Googlebot/2.1; +http://www.google.com/bot.html)"
66.249.79.37 - - [21/Jul/2025:17:47:25 +0000] "POST /get-message-notify HTTP/1.1" 200 19447 "https://kelaby.company/?h=6570685041960&mod=0319d8c4&uri=category-info.php?detail/33740597" "Mozilla/5.0 (Linux; Android 6.0.1; Nexus 5X Build/MMB29P) AppleWebKit/537.36 (KHTML, like Gecko) Chrome/137.0.7151.119 Mobile Safari/537.36 (compatible; Googlebot/2.1; +http://www.google.com/bot.html)"
66.249.79.37 - - [21/Jul/2025:17:47:26 +0000] "POST /get-message-notify HTTP/1.1" 200 19447 "https://kelaby.company/?h=6570685041960&mod=0319d8c4&uri=category-info.php?detail/33721511" "Mozilla/5.0 (Linux; Android 6.0.1; Nexus 5X Build/MMB29P) AppleWebKit/537.36 (KHTML, like Gecko) Chrome/137.0.7151.119 Mobile Safari/537.36 (compatible; Googlebot/2.1; +http://www.google.com/bot.html)"
66.249.79.37 - - [21/Jul/2025:17:47:29 +0000] "POST /get-message-notify HTTP/1.1" 200 19447 "https://kelaby.company/?h=65824897031960&mod=9b425b22&uri=goods.php?detail/2571681" "Mozilla/5.0 (Linux; Android 6.0.1; Nexus 5X Build/MMB29P) AppleWebKit/537.36 (KHTML, like Gecko) Chrome/137.0.7151.119 Mobile Safari/537.36 (compatible; Googlebot/2.1; +http://www.google.com/bot.html)"
66.249.79.37 - - [21/Jul/2025:17:47:40 +0000] "GET /?h=65824897031960&mod=9b425b22&uri=goods.php?detail/2584266 HTTP/1.1" 200 19680 "-" "Mozilla/5.0 (Linux; Android 6.0.1; Nexus 5X Build/MMB29P) AppleWebKit/537.36 (KHTML, like Gecko) Chrome/137.0.7151.103 Mobile Safari/537.36 (compatible; Googlebot/2.1; +http://www.google.com/bot.html)"
66.249.79.37 - - [21/Jul/2025:17:48:13 +0000] "GET /?h=65824897031960&mod=9b425b22&uri=goods.php?detail/2576958 HTTP/1.1" 200 19834 "-" "Mozilla/5.0 (Linux; Android 6.0.1; Nexus 5X Build/MMB29P) AppleWebKit/537.36 (KHTML, like Gecko) Chrome/137.0.7151.103 Mobile Safari/537.36 (compatible; Googlebot/2.1; +http://www.google.com/bot.html)"
216.73.216.223 - - [21/Jul/2025:17:48:20 +0000] "GET /detail/634413781 HTTP/1.1" 404 16415 "-" "Mozilla/5.0 AppleWebKit/537.36 (KHTML, like Gecko; compatible; ClaudeBot/1.0; [email protected])"
216.73.216.223 - - [21/Jul/2025:17:48:23 +0000] "GET /detail/634285606 HTTP/1.1" 404 16415 "-" "Mozilla/5.0 AppleWebKit/537.36 (KHTML, like Gecko; compatible; ClaudeBot/1.0; [email protected])"
216.73.216.223 - - [21/Jul/2025:17:48:26 +0000] "GET /detail/634197988 HTTP/1.1" 404 16415 "-" "Mozilla/5.0 AppleWebKit/537.36 (KHTML, like Gecko; compatible; ClaudeBot/1.0; [email protected])"
216.73.216.223 - - [21/Jul/2025:17:48:29 +0000] "GET /detail/634177458 HTTP/1.1" 404 16415 "-" "Mozilla/5.0 AppleWebKit/537.36 (KHTML, like Gecko; compatible; ClaudeBot/1.0; [email protected])"
66.249.79.37 - - [21/Jul/2025:17:48:30 +0000] "GET /?h=65824897031960&mod=9b425b22&uri=goods.php?detail/2598578 HTTP/1.1" 200 19183 "-" "Mozilla/5.0 (Linux; Android 6.0.1; Nexus 5X Build/MMB29P) AppleWebKit/537.36 (KHTML, like Gecko) Chrome/137.0.7151.103 Mobile Safari/537.36 (compatible; Googlebot/2.1; +http://www.google.com/bot.html)"
216.73.216.223 - - [21/Jul/2025:17:48:32 +0000] "GET /detail/634273892 HTTP/1.1" 404 16415 "-" "Mozilla/5.0 AppleWebKit/537.36 (KHTML, like Gecko; compatible; ClaudeBot/1.0; [email protected])"
216.73.216.223 - - [21/Jul/2025:17:48:35 +0000] "GET /detail/634186018 HTTP/1.1" 404 16415 "-" "Mozilla/5.0 AppleWebKit/537.36 (KHTML, like Gecko; compatible; ClaudeBot/1.0; [email protected])"
66.249.79.37 - - [21/Jul/2025:17:48:47 +0000] "GET /?h=65824897031960&mod=9b425b22&uri=goods.php?detail/2569421 HTTP/1.1" 200 20172 "-" "Mozilla/5.0 (Linux; Android 6.0.1; Nexus 5X Build/MMB29P) AppleWebKit/537.36 (KHTML, like Gecko) Chrome/137.0.7151.103 Mobile Safari/537.36 (compatible; Googlebot/2.1; +http://www.google.com/bot.html)"
66.249.79.232 - - [21/Jul/2025:17:48:47 +0000] "GET /?h=6353710031960&mod=007ad58e&uri=product.php?hobby/boardgame/index.html HTTP/1.1" 200 19563 "-" "Mozilla/5.0 (Linux; Android 6.0.1; Nexus 5X Build/MMB29P) AppleWebKit/537.36 (KHTML, like Gecko) Chrome/137.0.7151.103 Mobile Safari/537.36 (compatible; Googlebot/2.1; +http://www.google.com/bot.html)"
66.249.79.37 - - [21/Jul/2025:17:48:49 +0000] "POST /get-message-notify HTTP/1.1" 200 19447 "https://kelaby.company/?h=65824897031960&mod=9b425b22&uri=goods.php?detail/2569421" "Mozilla/5.0 (Linux; Android 6.0.1; Nexus 5X Build/MMB29P) AppleWebKit/537.36 (KHTML, like Gecko) Chrome/137.0.7151.119 Mobile Safari/537.36 (compatible; Googlebot/2.1; +http://www.google.com/bot.html)"
51.222.253.16 - - [21/Jul/2025:17:48:57 +0000] "GET /?h=2510277071960&uri=info.php%3Fid%3D83800-162%26name%3Dwatch%20my%20cousin%20vinny%20free HTTP/1.1" 200 26475 "-" "Mozilla/5.0 (compatible; AhrefsBot/7.0; +http://ahrefs.com/robot/)"
66.249.79.37 - - [21/Jul/2025:17:49:20 +0000] "GET /?h=65824897031960&mod=9b425b22&uri=goods.php?detail/2572230 HTTP/1.1" 200 20100 "-" "Mozilla/5.0 (Linux; Android 6.0.1; Nexus 5X Build/MMB29P) AppleWebKit/537.36 (KHTML, like Gecko) Chrome/137.0.7151.103 Mobile Safari/537.36 (compatible; Googlebot/2.1; +http://www.google.com/bot.html)"
216.73.216.223 - - [21/Jul/2025:17:49:27 +0000] "GET /detail/634442188 HTTP/1.1" 404 16415 "-" "Mozilla/5.0 AppleWebKit/537.36 (KHTML, like Gecko; compatible; ClaudeBot/1.0; [email protected])"
216.73.216.223 - - [21/Jul/2025:17:49:30 +0000] "GET /detail/634520953 HTTP/1.1" 404 16415 "-" "Mozilla/5.0 AppleWebKit/537.36 (KHTML, like Gecko; compatible; ClaudeBot/1.0; [email protected])"
216.73.216.223 - - [21/Jul/2025:17:49:33 +0000] "GET /detail/634288332 HTTP/1.1" 404 16415 "-" "Mozilla/5.0 AppleWebKit/537.36 (KHTML, like Gecko; compatible; ClaudeBot/1.0; [email protected])"
216.73.216.223 - - [21/Jul/2025:17:49:36 +0000] "GET /detail/634505295 HTTP/1.1" 404 16415 "-" "Mozilla/5.0 AppleWebKit/537.36 (KHTML, like Gecko; compatible; ClaudeBot/1.0; [email protected])"
66.249.79.37 - - [21/Jul/2025:17:49:37 +0000] "GET /?h=65824897031960&mod=9b425b22&uri=goods.php?detail/2569826 HTTP/1.1" 200 20123 "-" "Mozilla/5.0 (Linux; Android 6.0.1; Nexus 5X Build/MMB29P) AppleWebKit/537.36 (KHTML, like Gecko) Chrome/137.0.7151.103 Mobile Safari/537.36 (compatible; Googlebot/2.1; +http://www.google.com/bot.html)"
216.73.216.223 - - [21/Jul/2025:17:49:39 +0000] "GET /detail/634110452 HTTP/1.1" 404 16415 "-" "Mozilla/5.0 AppleWebKit/537.36 (KHTML, like Gecko; compatible; ClaudeBot/1.0; [email protected])"
216.73.216.223 - - [21/Jul/2025:17:49:42 +0000] "GET /detail/634158973 HTTP/1.1" 404 16415 "-" "Mozilla/5.0 AppleWebKit/537.36 (KHTML, like Gecko; compatible; ClaudeBot/1.0; [email protected])"
66.249.79.37 - - [21/Jul/2025:17:49:53 +0000] "GET /?h=65824897031960&mod=9b425b22&uri=goods.php?detail/2612677 HTTP/1.1" 200 20829 "-" "Mozilla/5.0 (Linux; Android 6.0.1; Nexus 5X Build/MMB29P) AppleWebKit/537.36 (KHTML, like Gecko) Chrome/137.0.7151.103 Mobile Safari/537.36 (compatible; Googlebot/2.1; +http://www.google.com/bot.html)"
51.222.253.7 - - [21/Jul/2025:17:50:24 +0000] "GET /?h=29112372001960&uri=search.php%3Fid%3D971636-956%26name%3Dlecoq%20sneakers HTTP/1.1" 200 26476 "-" "Mozilla/5.0 (compatible; AhrefsBot/7.0; +http://ahrefs.com/robot/)"
66.249.79.33 - - [21/Jul/2025:17:50:26 +0000] "GET /?h=65824897031960&mod=9b425b22&uri=goods.php?detail/2576537 HTTP/1.1" 200 21138 "-" "Mozilla/5.0 (Linux; Android 6.0.1; Nexus 5X Build/MMB29P) AppleWebKit/537.36 (KHTML, like Gecko) Chrome/137.0.7151.103 Mobile Safari/537.36 (compatible; Googlebot/2.1; +http://www.google.com/bot.html)"
66.249.79.32 - - [21/Jul/2025:17:50:31 +0000] "POST /get-message-notify HTTP/1.1" 200 19447 "https://kelaby.company/?h=65824897031960&mod=9b425b22&uri=goods.php?detail/2576537" "Mozilla/5.0 (Linux; Android 6.0.1; Nexus 5X Build/MMB29P) AppleWebKit/537.36 (KHTML, like Gecko) Chrome/137.0.7151.119 Mobile Safari/537.36 (compatible; Googlebot/2.1; +http://www.google.com/bot.html)"
168.100.149.51 - - [21/Jul/2025:17:50:42 +0000] "GET /robots.txt HTTP/1.1" 200 92 "-" "Mozilla/5.0 (compatible; AhrefsBot/7.0; +http://ahrefs.com/robot/)"
2a03:2880:f800:16:: - - [21/Jul/2025:17:50:43 +0000] "GET /detail/1295730612 HTTP/1.1" 404 16415 "-" "meta-externalagent/1.1 (+https://developers.facebook.com/docs/sharing/webmasters/crawler)"
66.249.79.37 - - [21/Jul/2025:17:50:43 +0000] "GET /?h=65824897031960&mod=9b425b22&uri=goods.php?detail/2595294 HTTP/1.1" 200 19383 "-" "Mozilla/5.0 (Linux; Android 6.0.1; Nexus 5X Build/MMB29P) AppleWebKit/537.36 (KHTML, like Gecko) Chrome/137.0.7151.103 Mobile Safari/537.36 (compatible; Googlebot/2.1; +http://www.google.com/bot.html)"
66.249.79.37 - - [21/Jul/2025:17:50:44 +0000] "GET /?h=6570685041960&mod=0319d8c4&uri=category-info.php?detail/33711845 HTTP/1.1" 200 22100 "-" "Mozilla/5.0 (Linux; Android 6.0.1; Nexus 5X Build/MMB29P) AppleWebKit/537.36 (KHTML, like Gecko) Chrome/137.0.7151.103 Mobile Safari/537.36 (compatible; Googlebot/2.1; +http://www.google.com/bot.html)"
168.100.149.137 - - [21/Jul/2025:17:50:47 +0000] "GET / HTTP/1.1" 200 26472 "-" "Mozilla/5.0 (compatible; AhrefsBot/7.0; +http://ahrefs.com/robot/)"
66.249.79.37 - - [21/Jul/2025:17:50:48 +0000] "POST /get-message-notify HTTP/1.1" 200 19447 "https://kelaby.company/?h=65824897031960&mod=9b425b22&uri=goods.php?detail/2595294" "Mozilla/5.0 (Linux; Android 6.0.1; Nexus 5X Build/MMB29P) AppleWebKit/537.36 (KHTML, like Gecko) Chrome/137.0.7151.119 Mobile Safari/537.36 (compatible; Googlebot/2.1; +http://www.google.com/bot.html)"
216.73.216.223 - - [21/Jul/2025:17:50:55 +0000] "GET /detail/634431224 HTTP/1.1" 404 16415 "-" "Mozilla/5.0 AppleWebKit/537.36 (KHTML, like Gecko; compatible; ClaudeBot/1.0; [email protected])"
216.73.216.223 - - [21/Jul/2025:17:50:58 +0000] "GET /detail/634345139 HTTP/1.1" 404 16415 "-" "Mozilla/5.0 AppleWebKit/537.36 (KHTML, like Gecko; compatible; ClaudeBot/1.0; [email protected])"
66.249.79.37 - - [21/Jul/2025:17:50:59 +0000] "GET /?h=65824897031960&mod=9b425b22&uri=goods.php?detail/2586542 HTTP/1.1" 200 21763 "-" "Mozilla/5.0 (Linux; Android 6.0.1; Nexus 5X Build/MMB29P) AppleWebKit/537.36 (KHTML, like Gecko) Chrome/137.0.7151.103 Mobile Safari/537.36 (compatible; Googlebot/2.1; +http://www.google.com/bot.html)"
216.73.216.223 - - [21/Jul/2025:17:51:01 +0000] "GET /detail/634434864 HTTP/1.1" 404 16414 "-" "Mozilla/5.0 AppleWebKit/537.36 (KHTML, like Gecko; compatible; ClaudeBot/1.0; [email protected])"
216.73.216.223 - - [21/Jul/2025:17:51:04 +0000] "GET /detail/634314193 HTTP/1.1" 404 16415 "-" "Mozilla/5.0 AppleWebKit/537.36 (KHTML, like Gecko; compatible; ClaudeBot/1.0; [email protected])"
216.73.216.223 - - [21/Jul/2025:17:51:07 +0000] "GET /detail/634467108 HTTP/1.1" 404 16415 "-" "Mozilla/5.0 AppleWebKit/537.36 (KHTML, like Gecko; compatible; ClaudeBot/1.0; [email protected])"
216.73.216.223 - - [21/Jul/2025:17:51:10 +0000] "GET /detail/634134202 HTTP/1.1" 404 16415 "-" "Mozilla/5.0 AppleWebKit/537.36 (KHTML, like Gecko; compatible; ClaudeBot/1.0; [email protected])"
66.249.79.37 - - [21/Jul/2025:17:51:11 +0000] "POST /get-message-notify HTTP/1.1" 200 19447 "https://kelaby.company/?h=65824897031960&mod=9b425b22&uri=goods.php?detail/2598578" "Mozilla/5.0 (Linux; Android 6.0.1; Nexus 5X Build/MMB29P) AppleWebKit/537.36 (KHTML, like Gecko) Chrome/137.0.7151.119 Mobile Safari/537.36 (compatible; Googlebot/2.1; +http://www.google.com/bot.html)"
