51.222.253.4 - - [21/Jul/2025:18:41:55 +0000] "GET /?h=65244796041960&mod=9839d8ac&uri=products.php%3Fid%3D2177266-569%26name%3Dbicicletas+para+ejercicio HTTP/1.1" 301 - "-" "Mozilla/5.0 (compatible; AhrefsBot/7.0; +http://ahrefs.com/robot/)"
216.73.216.223 - - [21/Jul/2025:18:41:55 +0000] "GET /detail/1007418908 HTTP/1.1" 404 16415 "-" "Mozilla/5.0 AppleWebKit/537.36 (KHTML, like Gecko; compatible; ClaudeBot/1.0; [email protected])"
216.73.216.223 - - [21/Jul/2025:18:41:58 +0000] "GET /detail/1007383451 HTTP/1.1" 404 16415 "-" "Mozilla/5.0 AppleWebKit/537.36 (KHTML, like Gecko; compatible; ClaudeBot/1.0; [email protected])"
216.73.216.223 - - [21/Jul/2025:18:42:01 +0000] "GET /detail/1007687687 HTTP/1.1" 404 16414 "-" "Mozilla/5.0 AppleWebKit/537.36 (KHTML, like Gecko; compatible; ClaudeBot/1.0; [email protected])"
216.73.216.223 - - [21/Jul/2025:18:42:04 +0000] "GET /detail/1007724981 HTTP/1.1" 404 16415 "-" "Mozilla/5.0 AppleWebKit/537.36 (KHTML, like Gecko; compatible; ClaudeBot/1.0; [email protected])"
66.249.79.37 - - [21/Jul/2025:18:42:06 +0000] "GET /?h=6074141011960&mod=c7ced588&uri=products.php?detail/160778494 HTTP/1.1" 200 19345 "-" "Mozilla/5.0 (Linux; Android 6.0.1; Nexus 5X Build/MMB29P) AppleWebKit/537.36 (KHTML, like Gecko) Chrome/137.0.7151.103 Mobile Safari/537.36 (compatible; Googlebot/2.1; +http://www.google.com/bot.html)"
216.73.216.223 - - [21/Jul/2025:18:42:07 +0000] "GET /detail/1007496585 HTTP/1.1" 404 16415 "-" "Mozilla/5.0 AppleWebKit/537.36 (KHTML, like Gecko; compatible; ClaudeBot/1.0; [email protected])"
216.73.216.223 - - [21/Jul/2025:18:42:10 +0000] "GET /detail/1007472495 HTTP/1.1" 404 16415 "-" "Mozilla/5.0 AppleWebKit/537.36 (KHTML, like Gecko; compatible; ClaudeBot/1.0; [email protected])"
170.106.113.159 - - [21/Jul/2025:18:42:12 +0000] "GET /terns-of-use/ HTTP/1.1" 200 17532 "-" "Mozilla/5.0 (iPhone; CPU iPhone OS 13_2_3 like Mac OS X) AppleWebKit/605.1.15 (KHTML, like Gecko) Version/13.0.3 Mobile/15E148 Safari/604.1"
216.73.216.223 - - [21/Jul/2025:18:42:15 +0000] "GET /detail/1007524652 HTTP/1.1" 404 16415 "-" "Mozilla/5.0 AppleWebKit/537.36 (KHTML, like Gecko; compatible; ClaudeBot/1.0; [email protected])"
216.73.216.223 - - [21/Jul/2025:18:42:17 +0000] "GET /detail/1007687669 HTTP/1.1" 404 16415 "-" "Mozilla/5.0 AppleWebKit/537.36 (KHTML, like Gecko; compatible; ClaudeBot/1.0; [email protected])"
216.73.216.223 - - [21/Jul/2025:18:42:20 +0000] "GET /detail/1007707534 HTTP/1.1" 404 16415 "-" "Mozilla/5.0 AppleWebKit/537.36 (KHTML, like Gecko; compatible; ClaudeBot/1.0; [email protected])"
216.73.216.223 - - [21/Jul/2025:18:42:23 +0000] "GET /detail/1007614914 HTTP/1.1" 404 16415 "-" "Mozilla/5.0 AppleWebKit/537.36 (KHTML, like Gecko; compatible; ClaudeBot/1.0; [email protected])"
216.73.216.223 - - [21/Jul/2025:18:42:26 +0000] "GET /detail/1007789727 HTTP/1.1" 404 16415 "-" "Mozilla/5.0 AppleWebKit/537.36 (KHTML, like Gecko; compatible; ClaudeBot/1.0; [email protected])"
66.249.79.37 - - [21/Jul/2025:18:42:28 +0000] "GET /?h=6074141011960&mod=c7ced588&uri=products.php?detail/160744061 HTTP/1.1" 200 20361 "-" "Mozilla/5.0 (Linux; Android 6.0.1; Nexus 5X Build/MMB29P) AppleWebKit/537.36 (KHTML, like Gecko) Chrome/137.0.7151.103 Mobile Safari/537.36 (compatible; Googlebot/2.1; +http://www.google.com/bot.html)"
216.73.216.223 - - [21/Jul/2025:18:42:29 +0000] "GET /detail/1007620407 HTTP/1.1" 404 16415 "-" "Mozilla/5.0 AppleWebKit/537.36 (KHTML, like Gecko; compatible; ClaudeBot/1.0; [email protected])"
216.73.216.223 - - [21/Jul/2025:18:42:32 +0000] "GET /detail/1007361486 HTTP/1.1" 404 16415 "-" "Mozilla/5.0 AppleWebKit/537.36 (KHTML, like Gecko; compatible; ClaudeBot/1.0; [email protected])"
216.73.216.223 - - [21/Jul/2025:18:42:35 +0000] "GET /detail/259544807 HTTP/1.1" 404 16415 "-" "Mozilla/5.0 AppleWebKit/537.36 (KHTML, like Gecko; compatible; ClaudeBot/1.0; [email protected])"
216.73.216.223 - - [21/Jul/2025:18:42:38 +0000] "GET /detail/1007483784 HTTP/1.1" 404 16415 "-" "Mozilla/5.0 AppleWebKit/537.36 (KHTML, like Gecko; compatible; ClaudeBot/1.0; [email protected])"
216.73.216.223 - - [21/Jul/2025:18:42:41 +0000] "GET /detail/1007613211 HTTP/1.1" 404 16414 "-" "Mozilla/5.0 AppleWebKit/537.36 (KHTML, like Gecko; compatible; ClaudeBot/1.0; [email protected])"
216.73.216.223 - - [21/Jul/2025:18:42:44 +0000] "GET /detail/1007682258 HTTP/1.1" 404 16415 "-" "Mozilla/5.0 AppleWebKit/537.36 (KHTML, like Gecko; compatible; ClaudeBot/1.0; [email protected])"
216.73.216.223 - - [21/Jul/2025:18:42:47 +0000] "GET /detail/259543100 HTTP/1.1" 404 16415 "-" "Mozilla/5.0 AppleWebKit/537.36 (KHTML, like Gecko; compatible; ClaudeBot/1.0; [email protected])"
216.73.216.223 - - [21/Jul/2025:18:42:50 +0000] "GET /detail/1007495836 HTTP/1.1" 404 16414 "-" "Mozilla/5.0 AppleWebKit/537.36 (KHTML, like Gecko; compatible; ClaudeBot/1.0; [email protected])"
66.249.79.37 - - [21/Jul/2025:18:42:51 +0000] "POST /get-message-notify HTTP/1.1" 200 19447 "https://kelaby.company/?h=6074141011960&mod=c7ced588&uri=products.php?detail/160744061" "Mozilla/5.0 (Linux; Android 6.0.1; Nexus 5X Build/MMB29P) AppleWebKit/537.36 (KHTML, like Gecko) Chrome/137.0.7151.119 Mobile Safari/537.36 (compatible; Googlebot/2.1; +http://www.google.com/bot.html)"
66.249.79.37 - - [21/Jul/2025:18:42:51 +0000] "GET /?h=6074141011960&mod=c7ced588&uri=products.php?detail/160778156 HTTP/1.1" 200 21554 "-" "Mozilla/5.0 (Linux; Android 6.0.1; Nexus 5X Build/MMB29P) AppleWebKit/537.36 (KHTML, like Gecko) Chrome/137.0.7151.103 Mobile Safari/537.36 (compatible; Googlebot/2.1; +http://www.google.com/bot.html)"
66.249.79.37 - - [21/Jul/2025:18:42:52 +0000] "GET /?h=115096427041960&mod=be8e1862&uri=dp.php?detail/5386322 HTTP/1.1" 200 19228 "-" "Mozilla/5.0 (Linux; Android 6.0.1; Nexus 5X Build/MMB29P) AppleWebKit/537.36 (KHTML, like Gecko) Chrome/137.0.7151.103 Mobile Safari/537.36 (compatible; Googlebot/2.1; +http://www.google.com/bot.html)"
216.73.216.223 - - [21/Jul/2025:18:42:53 +0000] "GET /detail/259391632 HTTP/1.1" 404 16415 "-" "Mozilla/5.0 AppleWebKit/537.36 (KHTML, like Gecko; compatible; ClaudeBot/1.0; [email protected])"
216.73.216.223 - - [21/Jul/2025:18:42:56 +0000] "GET /detail/259334555 HTTP/1.1" 404 16415 "-" "Mozilla/5.0 AppleWebKit/537.36 (KHTML, like Gecko; compatible; ClaudeBot/1.0; [email protected])"
216.73.216.223 - - [21/Jul/2025:18:42:59 +0000] "GET /detail/259490943 HTTP/1.1" 404 16415 "-" "Mozilla/5.0 AppleWebKit/537.36 (KHTML, like Gecko; compatible; ClaudeBot/1.0; [email protected])"
51.222.253.13 - - [21/Jul/2025:18:43:06 +0000] "GET /?h=6547435011960&mod=0319d8c4&uri=dp.php%3Fid%3D218678-367%26name%3Dcamplet+trailer+tent HTTP/1.1" 301 - "-" "Mozilla/5.0 (compatible; AhrefsBot/7.0; +http://ahrefs.com/robot/)"
216.73.216.223 - - [21/Jul/2025:18:43:06 +0000] "GET /detail/1007531427 HTTP/1.1" 404 16415 "-" "Mozilla/5.0 AppleWebKit/537.36 (KHTML, like Gecko; compatible; ClaudeBot/1.0; [email protected])"
66.249.79.32 - - [21/Jul/2025:18:43:07 +0000] "POST /get-message-notify HTTP/1.1" 200 19447 "https://kelaby.company/?h=6074141011960&mod=c7ced588&uri=products.php?detail/160778156" "Mozilla/5.0 (Linux; Android 6.0.1; Nexus 5X Build/MMB29P) AppleWebKit/537.36 (KHTML, like Gecko) Chrome/137.0.7151.119 Mobile Safari/537.36 (compatible; Googlebot/2.1; +http://www.google.com/bot.html)"
216.73.216.223 - - [21/Jul/2025:18:43:09 +0000] "GET /detail/1007656872 HTTP/1.1" 404 16415 "-" "Mozilla/5.0 AppleWebKit/537.36 (KHTML, like Gecko; compatible; ClaudeBot/1.0; [email protected])"
216.73.216.223 - - [21/Jul/2025:18:43:12 +0000] "GET /detail/1007476732 HTTP/1.1" 404 16415 "-" "Mozilla/5.0 AppleWebKit/537.36 (KHTML, like Gecko; compatible; ClaudeBot/1.0; [email protected])"
216.73.216.223 - - [21/Jul/2025:18:43:15 +0000] "GET /detail/1007292083 HTTP/1.1" 404 16415 "-" "Mozilla/5.0 AppleWebKit/537.36 (KHTML, like Gecko; compatible; ClaudeBot/1.0; [email protected])"
216.73.216.223 - - [21/Jul/2025:18:43:18 +0000] "GET /detail/1007429984 HTTP/1.1" 404 16415 "-" "Mozilla/5.0 AppleWebKit/537.36 (KHTML, like Gecko; compatible; ClaudeBot/1.0; [email protected])"
216.73.216.223 - - [21/Jul/2025:18:43:21 +0000] "GET /detail/1007745511 HTTP/1.1" 404 16415 "-" "Mozilla/5.0 AppleWebKit/537.36 (KHTML, like Gecko; compatible; ClaudeBot/1.0; [email protected])"
216.73.216.223 - - [21/Jul/2025:18:43:24 +0000] "GET /detail/1007333824 HTTP/1.1" 404 16415 "-" "Mozilla/5.0 AppleWebKit/537.36 (KHTML, like Gecko; compatible; ClaudeBot/1.0; [email protected])"
66.249.79.37 - - [21/Jul/2025:18:43:25 +0000] "GET /?h=115096427041960&mod=be8e1862&uri=dp.php?detail/293021629 HTTP/1.1" 200 18931 "-" "Mozilla/5.0 (Linux; Android 6.0.1; Nexus 5X Build/MMB29P) AppleWebKit/537.36 (KHTML, like Gecko) Chrome/137.0.7151.103 Mobile Safari/537.36 (compatible; Googlebot/2.1; +http://www.google.com/bot.html)"
216.73.216.223 - - [21/Jul/2025:18:43:27 +0000] "GET /detail/1007796498 HTTP/1.1" 404 16415 "-" "Mozilla/5.0 AppleWebKit/537.36 (KHTML, like Gecko; compatible; ClaudeBot/1.0; [email protected])"
216.73.216.223 - - [21/Jul/2025:18:43:30 +0000] "GET /detail/1007600410 HTTP/1.1" 404 16415 "-" "Mozilla/5.0 AppleWebKit/537.36 (KHTML, like Gecko; compatible; ClaudeBot/1.0; [email protected])"
216.73.216.223 - - [21/Jul/2025:18:43:33 +0000] "GET /detail/1007332542 HTTP/1.1" 404 16415 "-" "Mozilla/5.0 AppleWebKit/537.36 (KHTML, like Gecko; compatible; ClaudeBot/1.0; [email protected])"
2a03:2880:f800:5:: - - [21/Jul/2025:18:43:33 +0000] "GET /detail/1295824091 HTTP/1.1" 404 16415 "-" "meta-externalagent/1.1 (+https://developers.facebook.com/docs/sharing/webmasters/crawler)"
216.73.216.223 - - [21/Jul/2025:18:43:36 +0000] "GET /detail/1007325410 HTTP/1.1" 404 16415 "-" "Mozilla/5.0 AppleWebKit/537.36 (KHTML, like Gecko; compatible; ClaudeBot/1.0; [email protected])"
216.73.216.223 - - [21/Jul/2025:18:43:39 +0000] "GET /detail/259540209 HTTP/1.1" 404 16415 "-" "Mozilla/5.0 AppleWebKit/537.36 (KHTML, like Gecko; compatible; ClaudeBot/1.0; [email protected])"
66.249.79.37 - - [21/Jul/2025:18:43:42 +0000] "GET /?h=6074141011960&mod=c7ced588&uri=products.php?detail/160741675 HTTP/1.1" 200 18745 "-" "Mozilla/5.0 (Linux; Android 6.0.1; Nexus 5X Build/MMB29P) AppleWebKit/537.36 (KHTML, like Gecko) Chrome/137.0.7151.103 Mobile Safari/537.36 (compatible; Googlebot/2.1; +http://www.google.com/bot.html)"
216.73.216.223 - - [21/Jul/2025:18:43:42 +0000] "GET /detail/259621735 HTTP/1.1" 404 16415 "-" "Mozilla/5.0 AppleWebKit/537.36 (KHTML, like Gecko; compatible; ClaudeBot/1.0; [email protected])"
66.249.79.37 - - [21/Jul/2025:18:43:42 +0000] "GET /?h=6570685041960&mod=0319d8c4&uri=category-info.php?detail/763444418 HTTP/1.1" 200 21163 "-" "Mozilla/5.0 (Linux; Android 6.0.1; Nexus 5X Build/MMB29P) AppleWebKit/537.36 (KHTML, like Gecko) Chrome/137.0.7151.103 Mobile Safari/537.36 (compatible; Googlebot/2.1; +http://www.google.com/bot.html)"
209.74.77.214 - - [21/Jul/2025:18:43:45 +0000] "POST /wp-cron.php?doing_wp_cron=1753123425.5041859149932861328125 HTTP/1.1" 200 - "-" "WordPress/6.8.2; https://kelaby.company"
216.73.216.223 - - [21/Jul/2025:18:43:45 +0000] "GET /detail/259622825 HTTP/1.1" 404 16415 "-" "Mozilla/5.0 AppleWebKit/537.36 (KHTML, like Gecko; compatible; ClaudeBot/1.0; [email protected])"
66.249.79.37 - - [21/Jul/2025:18:43:45 +0000] "POST /get-message-notify HTTP/1.1" 200 19447 "https://kelaby.company/?h=115096427041960&mod=be8e1862&uri=dp.php?detail/293021629" "Mozilla/5.0 (Linux; Android 6.0.1; Nexus 5X Build/MMB29P) AppleWebKit/537.36 (KHTML, like Gecko) Chrome/137.0.7151.119 Mobile Safari/537.36 (compatible; Googlebot/2.1; +http://www.google.com/bot.html)"
216.73.216.223 - - [21/Jul/2025:18:43:48 +0000] "GET /detail/1007486935 HTTP/1.1" 404 16415 "-" "Mozilla/5.0 AppleWebKit/537.36 (KHTML, like Gecko; compatible; ClaudeBot/1.0; [email protected])"
216.73.216.223 - - [21/Jul/2025:18:43:51 +0000] "GET /detail/259530303 HTTP/1.1" 404 16415 "-" "Mozilla/5.0 AppleWebKit/537.36 (KHTML, like Gecko; compatible; ClaudeBot/1.0; [email protected])"
216.73.216.223 - - [21/Jul/2025:18:43:54 +0000] "GET /detail/259195544 HTTP/1.1" 404 16416 "-" "Mozilla/5.0 AppleWebKit/537.36 (KHTML, like Gecko; compatible; ClaudeBot/1.0; [email protected])"
216.73.216.223 - - [21/Jul/2025:18:43:57 +0000] "GET /detail/259147432 HTTP/1.1" 404 16414 "-" "Mozilla/5.0 AppleWebKit/537.36 (KHTML, like Gecko; compatible; ClaudeBot/1.0; [email protected])"
66.249.79.37 - - [21/Jul/2025:18:43:59 +0000] "GET /?h=6074141011960&mod=c7ced588&uri=products.php?detail/160780121 HTTP/1.1" 200 21647 "-" "Mozilla/5.0 (Linux; Android 6.0.1; Nexus 5X Build/MMB29P) AppleWebKit/537.36 (KHTML, like Gecko) Chrome/137.0.7151.103 Mobile Safari/537.36 (compatible; Googlebot/2.1; +http://www.google.com/bot.html)"
66.249.79.37 - - [21/Jul/2025:18:43:59 +0000] "GET /?h=6074141011960&mod=c7ced588&uri=products.php?detail/160782671 HTTP/1.1" 200 22219 "-" "Mozilla/5.0 (Linux; Android 6.0.1; Nexus 5X Build/MMB29P) AppleWebKit/537.36 (KHTML, like Gecko) Chrome/137.0.7151.103 Mobile Safari/537.36 (compatible; Googlebot/2.1; +http://www.google.com/bot.html)"
216.73.216.223 - - [21/Jul/2025:18:44:00 +0000] "GET /detail/1007408364 HTTP/1.1" 404 16415 "-" "Mozilla/5.0 AppleWebKit/537.36 (KHTML, like Gecko; compatible; ClaudeBot/1.0; [email protected])"
216.73.216.223 - - [21/Jul/2025:18:44:03 +0000] "GET /detail/1007738720 HTTP/1.1" 404 16415 "-" "Mozilla/5.0 AppleWebKit/537.36 (KHTML, like Gecko; compatible; ClaudeBot/1.0; [email protected])"
66.249.79.37 - - [21/Jul/2025:18:44:03 +0000] "POST /get-message-notify HTTP/1.1" 200 19447 "https://kelaby.company/?h=6074141011960&mod=c7ced588&uri=products.php?detail/160744061" "Mozilla/5.0 (Linux; Android 6.0.1; Nexus 5X Build/MMB29P) AppleWebKit/537.36 (KHTML, like Gecko) Chrome/137.0.7151.119 Mobile Safari/537.36 (compatible; Googlebot/2.1; +http://www.google.com/bot.html)"
216.73.216.223 - - [21/Jul/2025:18:44:09 +0000] "GET /detail/1007640857 HTTP/1.1" 404 16416 "-" "Mozilla/5.0 AppleWebKit/537.36 (KHTML, like Gecko; compatible; ClaudeBot/1.0; [email protected])"
216.73.216.223 - - [21/Jul/2025:18:44:12 +0000] "GET /detail/1155860663 HTTP/1.1" 404 16415 "-" "Mozilla/5.0 AppleWebKit/537.36 (KHTML, like Gecko; compatible; ClaudeBot/1.0; [email protected])"
216.73.216.223 - - [21/Jul/2025:18:44:15 +0000] "GET /detail/1007360188 HTTP/1.1" 404 16415 "-" "Mozilla/5.0 AppleWebKit/537.36 (KHTML, like Gecko; compatible; ClaudeBot/1.0; [email protected])"
216.73.216.223 - - [21/Jul/2025:18:44:18 +0000] "GET /detail/1007498971 HTTP/1.1" 404 16415 "-" "Mozilla/5.0 AppleWebKit/537.36 (KHTML, like Gecko; compatible; ClaudeBot/1.0; [email protected])"
216.73.216.223 - - [21/Jul/2025:18:44:21 +0000] "GET /detail/1007522376 HTTP/1.1" 404 16416 "-" "Mozilla/5.0 AppleWebKit/537.36 (KHTML, like Gecko; compatible; ClaudeBot/1.0; [email protected])"
51.222.253.19 - - [21/Jul/2025:18:44:23 +0000] "GET /?h=66676618011960&mod=28b30720&uri=brands.php%3Fid%3D2225049-803%26name%3Dbici+masciaghi+frejus HTTP/1.1" 301 - "-" "Mozilla/5.0 (compatible; AhrefsBot/7.0; +http://ahrefs.com/robot/)"
216.73.216.223 - - [21/Jul/2025:18:44:24 +0000] "GET /detail/1007315488 HTTP/1.1" 404 16415 "-" "Mozilla/5.0 AppleWebKit/537.36 (KHTML, like Gecko; compatible; ClaudeBot/1.0; [email protected])"
216.73.216.223 - - [21/Jul/2025:18:44:27 +0000] "GET /detail/1007703345 HTTP/1.1" 404 16413 "-" "Mozilla/5.0 AppleWebKit/537.36 (KHTML, like Gecko; compatible; ClaudeBot/1.0; [email protected])"
216.73.216.223 - - [21/Jul/2025:18:44:30 +0000] "GET /detail/1007319729 HTTP/1.1" 404 16414 "-" "Mozilla/5.0 AppleWebKit/537.36 (KHTML, like Gecko; compatible; ClaudeBot/1.0; [email protected])"
66.249.79.37 - - [21/Jul/2025:18:44:31 +0000] "GET /?h=6074141011960&mod=c7ced588&uri=products.php?detail/160750510 HTTP/1.1" 200 19602 "-" "Mozilla/5.0 (Linux; Android 6.0.1; Nexus 5X Build/MMB29P) AppleWebKit/537.36 (KHTML, like Gecko) Chrome/137.0.7151.103 Mobile Safari/537.36 (compatible; Googlebot/2.1; +http://www.google.com/bot.html)"
216.73.216.223 - - [21/Jul/2025:18:44:33 +0000] "GET /detail/1007577151 HTTP/1.1" 404 16415 "-" "Mozilla/5.0 AppleWebKit/537.36 (KHTML, like Gecko; compatible; ClaudeBot/1.0; [email protected])"
216.73.216.223 - - [21/Jul/2025:18:44:36 +0000] "GET /detail/1007557218 HTTP/1.1" 404 16415 "-" "Mozilla/5.0 AppleWebKit/537.36 (KHTML, like Gecko; compatible; ClaudeBot/1.0; [email protected])"
216.73.216.223 - - [21/Jul/2025:18:44:39 +0000] "GET /detail/1007632443 HTTP/1.1" 404 16415 "-" "Mozilla/5.0 AppleWebKit/537.36 (KHTML, like Gecko; compatible; ClaudeBot/1.0; [email protected])"
216.73.216.223 - - [21/Jul/2025:18:44:42 +0000] "GET /detail/1007478505 HTTP/1.1" 404 16415 "-" "Mozilla/5.0 AppleWebKit/537.36 (KHTML, like Gecko; compatible; ClaudeBot/1.0; [email protected])"
209.74.77.214 - - [21/Jul/2025:18:44:45 +0000] "POST /wp-cron.php?doing_wp_cron=1753123485.5015890598297119140625 HTTP/1.1" 200 - "-" "WordPress/6.8.2; https://kelaby.company"
216.73.216.223 - - [21/Jul/2025:18:44:45 +0000] "GET /detail/1007594384 HTTP/1.1" 404 16415 "-" "Mozilla/5.0 AppleWebKit/537.36 (KHTML, like Gecko; compatible; ClaudeBot/1.0; [email protected])"
2a03:2880:f800:6:: - - [21/Jul/2025:18:44:45 +0000] "GET /detail/1296081175 HTTP/1.1" 404 16414 "-" "meta-externalagent/1.1 (+https://developers.facebook.com/docs/sharing/webmasters/crawler)"
216.73.216.223 - - [21/Jul/2025:18:44:48 +0000] "GET /detail/1007323918 HTTP/1.1" 404 16414 "-" "Mozilla/5.0 AppleWebKit/537.36 (KHTML, like Gecko; compatible; ClaudeBot/1.0; [email protected])"
66.249.79.37 - - [21/Jul/2025:18:44:48 +0000] "GET /?h=6074141011960&mod=c7ced588&uri=products.php?detail/160774241 HTTP/1.1" 200 19228 "-" "Mozilla/5.0 (Linux; Android 6.0.1; Nexus 5X Build/MMB29P) AppleWebKit/537.36 (KHTML, like Gecko) Chrome/137.0.7151.103 Mobile Safari/537.36 (compatible; Googlebot/2.1; +http://www.google.com/bot.html)"
216.73.216.223 - - [21/Jul/2025:18:44:51 +0000] "GET /detail/1007489810 HTTP/1.1" 404 16415 "-" "Mozilla/5.0 AppleWebKit/537.36 (KHTML, like Gecko; compatible; ClaudeBot/1.0; [email protected])"
216.73.216.223 - - [21/Jul/2025:18:44:57 +0000] "GET /detail/1007313719 HTTP/1.1" 404 16416 "-" "Mozilla/5.0 AppleWebKit/537.36 (KHTML, like Gecko; compatible; ClaudeBot/1.0; [email protected])"
216.73.216.223 - - [21/Jul/2025:18:44:59 +0000] "GET /detail/1007614996 HTTP/1.1" 404 16416 "-" "Mozilla/5.0 AppleWebKit/537.36 (KHTML, like Gecko; compatible; ClaudeBot/1.0; [email protected])"
216.73.216.223 - - [21/Jul/2025:18:45:02 +0000] "GET /detail/1007396248 HTTP/1.1" 404 16415 "-" "Mozilla/5.0 AppleWebKit/537.36 (KHTML, like Gecko; compatible; ClaudeBot/1.0; [email protected])"
66.249.79.37 - - [21/Jul/2025:18:45:05 +0000] "GET /?h=115096427041960&mod=be8e1862&uri=dp.php?detail/293026140 HTTP/1.1" 200 19463 "-" "Mozilla/5.0 (Linux; Android 6.0.1; Nexus 5X Build/MMB29P) AppleWebKit/537.36 (KHTML, like Gecko) Chrome/137.0.7151.103 Mobile Safari/537.36 (compatible; Googlebot/2.1; +http://www.google.com/bot.html)"
216.73.216.223 - - [21/Jul/2025:18:45:05 +0000] "GET /detail/1007530257 HTTP/1.1" 404 16415 "-" "Mozilla/5.0 AppleWebKit/537.36 (KHTML, like Gecko; compatible; ClaudeBot/1.0; [email protected])"
216.73.216.223 - - [21/Jul/2025:18:45:08 +0000] "GET /detail/1007634146 HTTP/1.1" 404 16416 "-" "Mozilla/5.0 AppleWebKit/537.36 (KHTML, like Gecko; compatible; ClaudeBot/1.0; [email protected])"
216.73.216.223 - - [21/Jul/2025:18:45:11 +0000] "GET /detail/1007333079 HTTP/1.1" 404 16415 "-" "Mozilla/5.0 AppleWebKit/537.36 (KHTML, like Gecko; compatible; ClaudeBot/1.0; [email protected])"
216.73.216.223 - - [21/Jul/2025:18:45:14 +0000] "GET /detail/1007626417 HTTP/1.1" 404 16414 "-" "Mozilla/5.0 AppleWebKit/537.36 (KHTML, like Gecko; compatible; ClaudeBot/1.0; [email protected])"
216.73.216.223 - - [21/Jul/2025:18:45:17 +0000] "GET /detail/1007633741 HTTP/1.1" 404 16415 "-" "Mozilla/5.0 AppleWebKit/537.36 (KHTML, like Gecko; compatible; ClaudeBot/1.0; [email protected])"
216.73.216.223 - - [21/Jul/2025:18:45:20 +0000] "GET /detail/1007679872 HTTP/1.1" 404 16415 "-" "Mozilla/5.0 AppleWebKit/537.36 (KHTML, like Gecko; compatible; ClaudeBot/1.0; [email protected])"
66.249.79.37 - - [21/Jul/2025:18:45:22 +0000] "GET /?h=6570685041960&mod=0319d8c4&uri=category-info.php?detail/763482331 HTTP/1.1" 200 20298 "-" "Mozilla/5.0 (Linux; Android 6.0.1; Nexus 5X Build/MMB29P) AppleWebKit/537.36 (KHTML, like Gecko) Chrome/137.0.7151.103 Mobile Safari/537.36 (compatible; Googlebot/2.1; +http://www.google.com/bot.html)"
216.73.216.223 - - [21/Jul/2025:18:45:23 +0000] "GET /detail/1007526617 HTTP/1.1" 404 16415 "-" "Mozilla/5.0 AppleWebKit/537.36 (KHTML, like Gecko; compatible; ClaudeBot/1.0; [email protected])"
216.73.216.223 - - [21/Jul/2025:18:45:26 +0000] "GET /detail/1007622046 HTTP/1.1" 404 16415 "-" "Mozilla/5.0 AppleWebKit/537.36 (KHTML, like Gecko; compatible; ClaudeBot/1.0; [email protected])"
216.73.216.223 - - [21/Jul/2025:18:45:29 +0000] "GET /detail/1007427450 HTTP/1.1" 404 16415 "-" "Mozilla/5.0 AppleWebKit/537.36 (KHTML, like Gecko; compatible; ClaudeBot/1.0; [email protected])"
216.73.216.223 - - [21/Jul/2025:18:45:32 +0000] "GET /detail/1007524990 HTTP/1.1" 404 16415 "-" "Mozilla/5.0 AppleWebKit/537.36 (KHTML, like Gecko; compatible; ClaudeBot/1.0; [email protected])"
216.73.216.223 - - [21/Jul/2025:18:45:35 +0000] "GET /detail/1007443679 HTTP/1.1" 404 16415 "-" "Mozilla/5.0 AppleWebKit/537.36 (KHTML, like Gecko; compatible; ClaudeBot/1.0; [email protected])"
66.249.79.37 - - [21/Jul/2025:18:45:39 +0000] "GET /?h=6074141011960&mod=c7ced588&uri=products.php?detail/160748999 HTTP/1.1" 200 19512 "-" "Mozilla/5.0 (Linux; Android 6.0.1; Nexus 5X Build/MMB29P) AppleWebKit/537.36 (KHTML, like Gecko) Chrome/137.0.7151.103 Mobile Safari/537.36 (compatible; Googlebot/2.1; +http://www.google.com/bot.html)"
2a03:2880:f800:1c:: - - [21/Jul/2025:18:45:39 +0000] "GET /detail/1296074107 HTTP/1.1" 404 16415 "-" "meta-externalagent/1.1 (+https://developers.facebook.com/docs/sharing/webmasters/crawler)"
216.73.216.223 - - [21/Jul/2025:18:45:41 +0000] "GET /detail/1007807935 HTTP/1.1" 404 16415 "-" "Mozilla/5.0 AppleWebKit/537.36 (KHTML, like Gecko; compatible; ClaudeBot/1.0; [email protected])"
209.74.77.214 - - [21/Jul/2025:18:45:45 +0000] "POST /wp-cron.php?doing_wp_cron=1753123545.0853619575500488281250 HTTP/1.1" 200 - "-" "WordPress/6.8.2; https://kelaby.company"
216.73.216.223 - - [21/Jul/2025:18:45:44 +0000] "GET /detail/1007717100 HTTP/1.1" 404 16414 "-" "Mozilla/5.0 AppleWebKit/537.36 (KHTML, like Gecko; compatible; ClaudeBot/1.0; [email protected])"
216.73.216.223 - - [21/Jul/2025:18:45:47 +0000] "GET /detail/259324288 HTTP/1.1" 404 16414 "-" "Mozilla/5.0 AppleWebKit/537.36 (KHTML, like Gecko; compatible; ClaudeBot/1.0; [email protected])"
216.73.216.223 - - [21/Jul/2025:18:45:50 +0000] "GET /detail/1007514581 HTTP/1.1" 404 16415 "-" "Mozilla/5.0 AppleWebKit/537.36 (KHTML, like Gecko; compatible; ClaudeBot/1.0; [email protected])"
51.222.253.17 - - [21/Jul/2025:18:45:52 +0000] "GET /?h=68696058061960&uri=shared.php%3Fid%3D2292446-996%26name%3Dladies%20wishbone%20ring HTTP/1.1" 200 26472 "-" "Mozilla/5.0 (compatible; AhrefsBot/7.0; +http://ahrefs.com/robot/)"
216.73.216.223 - - [21/Jul/2025:18:45:53 +0000] "GET /detail/259352681 HTTP/1.1" 404 16415 "-" "Mozilla/5.0 AppleWebKit/537.36 (KHTML, like Gecko; compatible; ClaudeBot/1.0; [email protected])"
66.249.79.37 - - [21/Jul/2025:18:45:55 +0000] "GET /?h=6074141011960&mod=c7ced588&uri=products.php?detail/160775347 HTTP/1.1" 200 19709 "-" "Mozilla/5.0 (Linux; Android 6.0.1; Nexus 5X Build/MMB29P) AppleWebKit/537.36 (KHTML, like Gecko) Chrome/137.0.7151.103 Mobile Safari/537.36 (compatible; Googlebot/2.1; +http://www.google.com/bot.html)"
66.249.79.37 - - [21/Jul/2025:18:45:56 +0000] "GET /?h=115096427041960&mod=be8e1862&uri=dp.php?detail/5384537 HTTP/1.1" 200 19209 "-" "Mozilla/5.0 (Linux; Android 6.0.1; Nexus 5X Build/MMB29P) AppleWebKit/537.36 (KHTML, like Gecko) Chrome/137.0.7151.103 Mobile Safari/537.36 (compatible; Googlebot/2.1; +http://www.google.com/bot.html)"
216.73.216.223 - - [21/Jul/2025:18:45:56 +0000] "GET /detail/259656497 HTTP/1.1" 404 16415 "-" "Mozilla/5.0 AppleWebKit/537.36 (KHTML, like Gecko; compatible; ClaudeBot/1.0; [email protected])"
66.249.79.37 - - [21/Jul/2025:18:45:58 +0000] "POST /get-message-notify HTTP/1.1" 200 19447 "https://kelaby.company/?h=6074141011960&mod=c7ced588&uri=products.php?detail/160775347" "Mozilla/5.0 (Linux; Android 6.0.1; Nexus 5X Build/MMB29P) AppleWebKit/537.36 (KHTML, like Gecko) Chrome/137.0.7151.119 Mobile Safari/537.36 (compatible; Googlebot/2.1; +http://www.google.com/bot.html)"
216.73.216.223 - - [21/Jul/2025:18:45:59 +0000] "GET /detail/1007471325 HTTP/1.1" 404 16415 "-" "Mozilla/5.0 AppleWebKit/537.36 (KHTML, like Gecko; compatible; ClaudeBot/1.0; [email protected])"
216.73.216.223 - - [21/Jul/2025:18:46:02 +0000] "GET /detail/1007637025 HTTP/1.1" 404 16415 "-" "Mozilla/5.0 AppleWebKit/537.36 (KHTML, like Gecko; compatible; ClaudeBot/1.0; [email protected])"
216.73.216.223 - - [21/Jul/2025:18:46:05 +0000] "GET /detail/259599690 HTTP/1.1" 404 16415 "-" "Mozilla/5.0 AppleWebKit/537.36 (KHTML, like Gecko; compatible; ClaudeBot/1.0; [email protected])"
216.73.216.223 - - [21/Jul/2025:18:46:08 +0000] "GET /detail/1007313310 HTTP/1.1" 404 16415 "-" "Mozilla/5.0 AppleWebKit/537.36 (KHTML, like Gecko; compatible; ClaudeBot/1.0; [email protected])"
66.249.79.32 - - [21/Jul/2025:18:46:11 +0000] "GET /?h=6074141011960&mod=c7ced588&uri=products.php?detail/160738035 HTTP/1.1" 200 18627 "-" "Mozilla/5.0 (Linux; Android 6.0.1; Nexus 5X Build/MMB29P) AppleWebKit/537.36 (KHTML, like Gecko) Chrome/137.0.7151.103 Mobile Safari/537.36 (compatible; Googlebot/2.1; +http://www.google.com/bot.html)"
216.73.216.223 - - [21/Jul/2025:18:46:11 +0000] "GET /detail/1007429239 HTTP/1.1" 404 16415 "-" "Mozilla/5.0 AppleWebKit/537.36 (KHTML, like Gecko; compatible; ClaudeBot/1.0; [email protected])"
216.73.216.223 - - [21/Jul/2025:18:46:14 +0000] "GET /detail/1007788621 HTTP/1.1" 404 16415 "-" "Mozilla/5.0 AppleWebKit/537.36 (KHTML, like Gecko; compatible; ClaudeBot/1.0; [email protected])"
216.73.216.223 - - [21/Jul/2025:18:46:17 +0000] "GET /detail/1007399804 HTTP/1.1" 404 16415 "-" "Mozilla/5.0 AppleWebKit/537.36 (KHTML, like Gecko; compatible; ClaudeBot/1.0; [email protected])"
216.73.216.223 - - [21/Jul/2025:18:46:20 +0000] "GET /detail/1007312204 HTTP/1.1" 404 16415 "-" "Mozilla/5.0 AppleWebKit/537.36 (KHTML, like Gecko; compatible; ClaudeBot/1.0; [email protected])"
216.73.216.223 - - [21/Jul/2025:18:46:28 +0000] "GET /detail/1007570019 HTTP/1.1" 404 16415 "-" "Mozilla/5.0 AppleWebKit/537.36 (KHTML, like Gecko; compatible; ClaudeBot/1.0; [email protected])"
216.73.216.223 - - [21/Jul/2025:18:46:30 +0000] "GET /detail/1007350522 HTTP/1.1" 404 16415 "-" "Mozilla/5.0 AppleWebKit/537.36 (KHTML, like Gecko; compatible; ClaudeBot/1.0; [email protected])"
66.249.79.37 - - [21/Jul/2025:18:46:33 +0000] "GET /?h=6074141011960&mod=c7ced588&uri=products.php?detail/160763311 HTTP/1.1" 200 19190 "-" "Mozilla/5.0 (Linux; Android 6.0.1; Nexus 5X Build/MMB29P) AppleWebKit/537.36 (KHTML, like Gecko) Chrome/137.0.7151.103 Mobile Safari/537.36 (compatible; Googlebot/2.1; +http://www.google.com/bot.html)"
216.73.216.223 - - [21/Jul/2025:18:46:33 +0000] "GET /detail/1007518964 HTTP/1.1" 404 16414 "-" "Mozilla/5.0 AppleWebKit/537.36 (KHTML, like Gecko; compatible; ClaudeBot/1.0; [email protected])"
216.73.216.223 - - [21/Jul/2025:18:46:36 +0000] "GET /detail/1007301240 HTTP/1.1" 404 16415 "-" "Mozilla/5.0 AppleWebKit/537.36 (KHTML, like Gecko; compatible; ClaudeBot/1.0; [email protected])"
216.73.216.223 - - [21/Jul/2025:18:46:39 +0000] "GET /detail/1007512938 HTTP/1.1" 404 16415 "-" "Mozilla/5.0 AppleWebKit/537.36 (KHTML, like Gecko; compatible; ClaudeBot/1.0; [email protected])"
216.73.216.223 - - [21/Jul/2025:18:46:42 +0000] "GET /detail/1007798287 HTTP/1.1" 404 16415 "-" "Mozilla/5.0 AppleWebKit/537.36 (KHTML, like Gecko; compatible; ClaudeBot/1.0; [email protected])"
216.73.216.223 - - [21/Jul/2025:18:46:45 +0000] "GET /detail/1007399207 HTTP/1.1" 404 16414 "-" "Mozilla/5.0 AppleWebKit/537.36 (KHTML, like Gecko; compatible; ClaudeBot/1.0; [email protected])"
2a03:2880:f800:15:: - - [21/Jul/2025:18:46:47 +0000] "GET /detail/1296096020 HTTP/1.1" 404 16415 "-" "meta-externalagent/1.1 (+https://developers.facebook.com/docs/sharing/webmasters/crawler)"
216.73.216.223 - - [21/Jul/2025:18:46:48 +0000] "GET /detail/1007434225 HTTP/1.1" 404 16416 "-" "Mozilla/5.0 AppleWebKit/537.36 (KHTML, like Gecko; compatible; ClaudeBot/1.0; [email protected])"
216.73.216.223 - - [21/Jul/2025:18:46:51 +0000] "GET /detail/1007482145 HTTP/1.1" 404 16415 "-" "Mozilla/5.0 AppleWebKit/537.36 (KHTML, like Gecko; compatible; ClaudeBot/1.0; [email protected])"
216.73.216.223 - - [21/Jul/2025:18:46:54 +0000] "GET /detail/259440914 HTTP/1.1" 404 16416 "-" "Mozilla/5.0 AppleWebKit/537.36 (KHTML, like Gecko; compatible; ClaudeBot/1.0; [email protected])"
216.73.216.223 - - [21/Jul/2025:18:46:57 +0000] "GET /detail/1007573934 HTTP/1.1" 404 16415 "-" "Mozilla/5.0 AppleWebKit/537.36 (KHTML, like Gecko; compatible; ClaudeBot/1.0; [email protected])"
216.73.216.223 - - [21/Jul/2025:18:47:00 +0000] "GET /detail/1007343150 HTTP/1.1" 404 16415 "-" "Mozilla/5.0 AppleWebKit/537.36 (KHTML, like Gecko; compatible; ClaudeBot/1.0; [email protected])"
216.73.216.223 - - [21/Jul/2025:18:47:03 +0000] "GET /detail/259311829 HTTP/1.1" 404 16415 "-" "Mozilla/5.0 AppleWebKit/537.36 (KHTML, like Gecko; compatible; ClaudeBot/1.0; [email protected])"
216.73.216.223 - - [21/Jul/2025:18:47:06 +0000] "GET /detail/1007645455 HTTP/1.1" 404 16415 "-" "Mozilla/5.0 AppleWebKit/537.36 (KHTML, like Gecko; compatible; ClaudeBot/1.0; [email protected])"
66.249.79.32 - - [21/Jul/2025:18:47:08 +0000] "GET /?h=6074141011960&mod=c7ced588&uri=products.php?detail/160771707 HTTP/1.1" 200 19173 "-" "Mozilla/5.0 (Linux; Android 6.0.1; Nexus 5X Build/MMB29P) AppleWebKit/537.36 (KHTML, like Gecko) Chrome/137.0.7151.103 Mobile Safari/537.36 (compatible; Googlebot/2.1; +http://www.google.com/bot.html)"
66.249.79.231 - - [21/Jul/2025:18:47:09 +0000] "GET /?h=5693610031960&mod=2076b5ab&uri=us.php?detail/38371478 HTTP/1.1" 200 21360 "-" "Mozilla/5.0 (Linux; Android 6.0.1; Nexus 5X Build/MMB29P) AppleWebKit/537.36 (KHTML, like Gecko) Chrome/137.0.7151.103 Mobile Safari/537.36 (compatible; Googlebot/2.1; +http://www.google.com/bot.html)"
51.222.253.12 - - [21/Jul/2025:18:47:09 +0000] "GET /?h=68977509091960&mod=41369744&uri=shop.php%3Fid%3D2301840-1012%26name%3Dhow%20to%20put%20pinch%20collar%20on%20dog HTTP/1.1" 200 26470 "-" "Mozilla/5.0 (compatible; AhrefsBot/7.0; +http://ahrefs.com/robot/)"
216.73.216.223 - - [21/Jul/2025:18:47:09 +0000] "GET /detail/259323262 HTTP/1.1" 404 16415 "-" "Mozilla/5.0 AppleWebKit/537.36 (KHTML, like Gecko; compatible; ClaudeBot/1.0; [email protected])"
216.73.216.223 - - [21/Jul/2025:18:47:12 +0000] "GET /detail/1007684534 HTTP/1.1" 404 16415 "-" "Mozilla/5.0 AppleWebKit/537.36 (KHTML, like Gecko; compatible; ClaudeBot/1.0; [email protected])"
216.73.216.223 - - [21/Jul/2025:18:47:15 +0000] "GET /detail/1007322876 HTTP/1.1" 404 16415 "-" "Mozilla/5.0 AppleWebKit/537.36 (KHTML, like Gecko; compatible; ClaudeBot/1.0; [email protected])"
66.249.79.230 - - [21/Jul/2025:18:47:17 +0000] "POST /get-message-notify HTTP/1.1" 200 19472 "https://www.kelaby.company/?h=5693610031960&mod=2076b5ab&uri=us.php?detail/38371478" "Mozilla/5.0 (Linux; Android 6.0.1; Nexus 5X Build/MMB29P) AppleWebKit/537.36 (KHTML, like Gecko) Chrome/137.0.7151.119 Mobile Safari/537.36 (compatible; Googlebot/2.1; +http://www.google.com/bot.html)"
216.73.216.223 - - [21/Jul/2025:18:47:18 +0000] "GET /detail/259170432 HTTP/1.1" 404 16416 "-" "Mozilla/5.0 AppleWebKit/537.36 (KHTML, like Gecko; compatible; ClaudeBot/1.0; [email protected])"
66.249.79.37 - - [21/Jul/2025:18:47:19 +0000] "GET /?h=6074141011960&mod=c7ced588&uri=products.php?detail/160760761 HTTP/1.1" 200 19157 "-" "Mozilla/5.0 (Linux; Android 6.0.1; Nexus 5X Build/MMB29P) AppleWebKit/537.36 (KHTML, like Gecko) Chrome/137.0.7151.103 Mobile Safari/537.36 (compatible; Googlebot/2.1; +http://www.google.com/bot.html)"
216.73.216.223 - - [21/Jul/2025:18:47:21 +0000] "GET /detail/259347761 HTTP/1.1" 404 16415 "-" "Mozilla/5.0 AppleWebKit/537.36 (KHTML, like Gecko; compatible; ClaudeBot/1.0; [email protected])"
66.249.79.37 - - [21/Jul/2025:18:47:22 +0000] "POST /get-message-notify HTTP/1.1" 200 19447 "https://kelaby.company/?h=6074141011960&mod=c7ced588&uri=products.php?detail/160760761" "Mozilla/5.0 (Linux; Android 6.0.1; Nexus 5X Build/MMB29P) AppleWebKit/537.36 (KHTML, like Gecko) Chrome/137.0.7151.119 Mobile Safari/537.36 (compatible; Googlebot/2.1; +http://www.google.com/bot.html)"
216.73.216.223 - - [21/Jul/2025:18:47:26 +0000] "GET /detail/1007743576 HTTP/1.1" 404 16415 "-" "Mozilla/5.0 AppleWebKit/537.36 (KHTML, like Gecko; compatible; ClaudeBot/1.0; [email protected])"
216.73.216.223 - - [21/Jul/2025:18:47:29 +0000] "GET /detail/1007798269 HTTP/1.1" 404 16415 "-" "Mozilla/5.0 AppleWebKit/537.36 (KHTML, like Gecko; compatible; ClaudeBot/1.0; [email protected])"
216.73.216.223 - - [21/Jul/2025:18:47:32 +0000] "GET /detail/506768739 HTTP/1.1" 404 16414 "-" "Mozilla/5.0 AppleWebKit/537.36 (KHTML, like Gecko; compatible; ClaudeBot/1.0; [email protected])"
216.73.216.223 - - [21/Jul/2025:18:47:35 +0000] "GET /detail/1007594530 HTTP/1.1" 404 16415 "-" "Mozilla/5.0 AppleWebKit/537.36 (KHTML, like Gecko; compatible; ClaudeBot/1.0; [email protected])"
216.73.216.223 - - [21/Jul/2025:18:47:38 +0000] "GET /detail/506683251 HTTP/1.1" 404 16415 "-" "Mozilla/5.0 AppleWebKit/537.36 (KHTML, like Gecko; compatible; ClaudeBot/1.0; [email protected])"
66.249.79.37 - - [21/Jul/2025:18:47:39 +0000] "GET /?h=65824897031960&mod=9b425b22&uri=goods.php?product/edit/K3309972052 HTTP/1.1" 200 23616 "-" "Mozilla/5.0 (Linux; Android 6.0.1; Nexus 5X Build/MMB29P) AppleWebKit/537.36 (KHTML, like Gecko) Chrome/137.0.7151.103 Mobile Safari/537.36 (compatible; Googlebot/2.1; +http://www.google.com/bot.html)"
216.73.216.223 - - [21/Jul/2025:18:47:41 +0000] "GET /detail/506598951 HTTP/1.1" 404 16415 "-" "Mozilla/5.0 AppleWebKit/537.36 (KHTML, like Gecko; compatible; ClaudeBot/1.0; [email protected])"
209.74.77.214 - - [21/Jul/2025:18:47:44 +0000] "POST /wp-cron.php?doing_wp_cron=1753123664.4184689521789550781250 HTTP/1.1" 200 - "-" "WordPress/6.8.2; https://kelaby.company"
216.73.216.223 - - [21/Jul/2025:18:47:44 +0000] "GET /detail/1007706492 HTTP/1.1" 404 16415 "-" "Mozilla/5.0 AppleWebKit/537.36 (KHTML, like Gecko; compatible; ClaudeBot/1.0; [email protected])"
216.73.216.223 - - [21/Jul/2025:18:47:47 +0000] "GET /detail/946136727 HTTP/1.1" 404 16415 "-" "Mozilla/5.0 AppleWebKit/537.36 (KHTML, like Gecko; compatible; ClaudeBot/1.0; [email protected])"
216.73.216.223 - - [21/Jul/2025:18:47:50 +0000] "GET /detail/506583956 HTTP/1.1" 404 16416 "-" "Mozilla/5.0 AppleWebKit/537.36 (KHTML, like Gecko; compatible; ClaudeBot/1.0; [email protected])"
216.73.216.223 - - [21/Jul/2025:18:47:53 +0000] "GET /detail/1007492945 HTTP/1.1" 404 16416 "-" "Mozilla/5.0 AppleWebKit/537.36 (KHTML, like Gecko; compatible; ClaudeBot/1.0; [email protected])"
2a03:2880:f800:6:: - - [21/Jul/2025:18:47:54 +0000] "GET /detail/1295789055 HTTP/1.1" 404 16415 "-" "meta-externalagent/1.1 (+https://developers.facebook.com/docs/sharing/webmasters/crawler)"
216.73.216.223 - - [21/Jul/2025:18:47:56 +0000] "GET /detail/1007454499 HTTP/1.1" 404 16416 "-" "Mozilla/5.0 AppleWebKit/537.36 (KHTML, like Gecko; compatible; ClaudeBot/1.0; [email protected])"
216.73.216.223 - - [21/Jul/2025:18:47:59 +0000] "GET /detail/1007616166 HTTP/1.1" 404 16416 "-" "Mozilla/5.0 AppleWebKit/537.36 (KHTML, like Gecko; compatible; ClaudeBot/1.0; [email protected])"
66.249.79.32 - - [21/Jul/2025:18:48:02 +0000] "GET /?h=65824897031960&mod=9b425b22&uri=goods.php?product/edit/K2766687667 HTTP/1.1" 200 20337 "-" "Mozilla/5.0 (Linux; Android 6.0.1; Nexus 5X Build/MMB29P) AppleWebKit/537.36 (KHTML, like Gecko) Chrome/137.0.7151.103 Mobile Safari/537.36 (compatible; Googlebot/2.1; +http://www.google.com/bot.html)"
216.73.216.223 - - [21/Jul/2025:18:48:02 +0000] "GET /detail/1007547652 HTTP/1.1" 404 16415 "-" "Mozilla/5.0 AppleWebKit/537.36 (KHTML, like Gecko; compatible; ClaudeBot/1.0; [email protected])"
216.73.216.223 - - [21/Jul/2025:18:48:05 +0000] "GET /detail/1007740445 HTTP/1.1" 404 16416 "-" "Mozilla/5.0 AppleWebKit/537.36 (KHTML, like Gecko; compatible; ClaudeBot/1.0; [email protected])"
216.73.216.223 - - [21/Jul/2025:18:48:10 +0000] "GET /detail/1007453750 HTTP/1.1" 404 16415 "-" "Mozilla/5.0 AppleWebKit/537.36 (KHTML, like Gecko; compatible; ClaudeBot/1.0; [email protected])"
216.73.216.223 - - [21/Jul/2025:18:48:13 +0000] "GET /detail/1007645777 HTTP/1.1" 404 16415 "-" "Mozilla/5.0 AppleWebKit/537.36 (KHTML, like Gecko; compatible; ClaudeBot/1.0; [email protected])"
216.73.216.223 - - [21/Jul/2025:18:48:16 +0000] "GET /detail/1007541690 HTTP/1.1" 404 16416 "-" "Mozilla/5.0 AppleWebKit/537.36 (KHTML, like Gecko; compatible; ClaudeBot/1.0; [email protected])"
216.73.216.223 - - [21/Jul/2025:18:48:19 +0000] "GET /detail/1007514044 HTTP/1.1" 404 16416 "-" "Mozilla/5.0 AppleWebKit/537.36 (KHTML, like Gecko; compatible; ClaudeBot/1.0; [email protected])"
216.73.216.223 - - [21/Jul/2025:18:48:22 +0000] "GET /detail/1007761784 HTTP/1.1" 404 16415 "-" "Mozilla/5.0 AppleWebKit/537.36 (KHTML, like Gecko; compatible; ClaudeBot/1.0; [email protected])"
51.222.253.6 - - [21/Jul/2025:18:48:23 +0000] "GET /?h=69774022041960&mod=7cc4668b&uri=blog.php%3Fid%3D2328442-512%26name%3Dasics+gel+kayano+white HTTP/1.1" 301 - "-" "Mozilla/5.0 (compatible; AhrefsBot/7.0; +http://ahrefs.com/robot/)"
216.73.216.223 - - [21/Jul/2025:18:48:25 +0000] "GET /detail/1007726766 HTTP/1.1" 404 16416 "-" "Mozilla/5.0 AppleWebKit/537.36 (KHTML, like Gecko; compatible; ClaudeBot/1.0; [email protected])"
66.249.79.37 - - [21/Jul/2025:18:48:26 +0000] "GET /?h=115096427041960&mod=be8e1862&uri=dp.php?detail/5393518 HTTP/1.1" 200 19318 "-" "Mozilla/5.0 (Linux; Android 6.0.1; Nexus 5X Build/MMB29P) AppleWebKit/537.36 (KHTML, like Gecko) Chrome/137.0.7151.103 Mobile Safari/537.36 (compatible; Googlebot/2.1; +http://www.google.com/bot.html)"
216.73.216.223 - - [21/Jul/2025:18:48:28 +0000] "GET /detail/1007326516 HTTP/1.1" 404 16416 "-" "Mozilla/5.0 AppleWebKit/537.36 (KHTML, like Gecko; compatible; ClaudeBot/1.0; [email protected])"
66.249.79.37 - - [21/Jul/2025:18:48:29 +0000] "POST /get-message-notify HTTP/1.1" 200 19447 "https://kelaby.company/?h=115096427041960&mod=be8e1862&uri=dp.php?detail/5393518" "Mozilla/5.0 (Linux; Android 6.0.1; Nexus 5X Build/MMB29P) AppleWebKit/537.36 (KHTML, like Gecko) Chrome/137.0.7151.119 Mobile Safari/537.36 (compatible; Googlebot/2.1; +http://www.google.com/bot.html)"
216.73.216.223 - - [21/Jul/2025:18:48:31 +0000] "GET /detail/1007401577 HTTP/1.1" 404 16416 "-" "Mozilla/5.0 AppleWebKit/537.36 (KHTML, like Gecko; compatible; ClaudeBot/1.0; [email protected])"
216.73.216.223 - - [21/Jul/2025:18:48:34 +0000] "GET /detail/1007421424 HTTP/1.1" 404 16415 "-" "Mozilla/5.0 AppleWebKit/537.36 (KHTML, like Gecko; compatible; ClaudeBot/1.0; [email protected])"
216.73.216.223 - - [21/Jul/2025:18:48:37 +0000] "GET /detail/1007661792 HTTP/1.1" 404 16415 "-" "Mozilla/5.0 AppleWebKit/537.36 (KHTML, like Gecko; compatible; ClaudeBot/1.0; [email protected])"
216.73.216.223 - - [21/Jul/2025:18:48:40 +0000] "GET /detail/1007406579 HTTP/1.1" 404 16415 "-" "Mozilla/5.0 AppleWebKit/537.36 (KHTML, like Gecko; compatible; ClaudeBot/1.0; [email protected])"
216.73.216.223 - - [21/Jul/2025:18:48:43 +0000] "GET /detail/1007426088 HTTP/1.1" 404 16415 "-" "Mozilla/5.0 AppleWebKit/537.36 (KHTML, like Gecko; compatible; ClaudeBot/1.0; [email protected])"
216.73.216.223 - - [21/Jul/2025:18:48:46 +0000] "GET /detail/1007554087 HTTP/1.1" 404 16415 "-" "Mozilla/5.0 AppleWebKit/537.36 (KHTML, like Gecko; compatible; ClaudeBot/1.0; [email protected])"
216.73.216.223 - - [21/Jul/2025:18:48:49 +0000] "GET /detail/1007770022 HTTP/1.1" 404 16415 "-" "Mozilla/5.0 AppleWebKit/537.36 (KHTML, like Gecko; compatible; ClaudeBot/1.0; [email protected])"
66.249.79.37 - - [21/Jul/2025:18:48:59 +0000] "GET /?h=115096427041960&mod=be8e1862&uri=dp.php?detail/5388598 HTTP/1.1" 200 19329 "-" "Mozilla/5.0 (Linux; Android 6.0.1; Nexus 5X Build/MMB29P) AppleWebKit/537.36 (KHTML, like Gecko) Chrome/137.0.7151.103 Mobile Safari/537.36 (compatible; Googlebot/2.1; +http://www.google.com/bot.html)"
216.73.216.223 - - [21/Jul/2025:18:49:00 +0000] "GET /detail/1007492408 HTTP/1.1" 404 16415 "-" "Mozilla/5.0 AppleWebKit/537.36 (KHTML, like Gecko; compatible; ClaudeBot/1.0; [email protected])"
216.73.216.223 - - [21/Jul/2025:18:49:03 +0000] "GET /detail/1007438889 HTTP/1.1" 404 16416 "-" "Mozilla/5.0 AppleWebKit/537.36 (KHTML, like Gecko; compatible; ClaudeBot/1.0; [email protected])"
216.73.216.223 - - [21/Jul/2025:18:49:06 +0000] "GET /detail/259528788 HTTP/1.1" 404 16415 "-" "Mozilla/5.0 AppleWebKit/537.36 (KHTML, like Gecko; compatible; ClaudeBot/1.0; [email protected])"
216.73.216.223 - - [21/Jul/2025:18:49:09 +0000] "GET /detail/1007715930 HTTP/1.1" 404 16415 "-" "Mozilla/5.0 AppleWebKit/537.36 (KHTML, like Gecko; compatible; ClaudeBot/1.0; [email protected])"
216.73.216.223 - - [21/Jul/2025:18:49:12 +0000] "GET /detail/1007359082 HTTP/1.1" 404 16415 "-" "Mozilla/5.0 AppleWebKit/537.36 (KHTML, like Gecko; compatible; ClaudeBot/1.0; [email protected])"
216.73.216.223 - - [21/Jul/2025:18:49:15 +0000] "GET /detail/1007724216 HTTP/1.1" 404 16415 "-" "Mozilla/5.0 AppleWebKit/537.36 (KHTML, like Gecko; compatible; ClaudeBot/1.0; [email protected])"
66.249.79.37 - - [21/Jul/2025:18:49:17 +0000] "GET /?h=115096427041960&mod=be8e1862&uri=dp.php?detail/5378932 HTTP/1.1" 200 19529 "-" "Mozilla/5.0 (Linux; Android 6.0.1; Nexus 5X Build/MMB29P) AppleWebKit/537.36 (KHTML, like Gecko) Chrome/137.0.7151.103 Mobile Safari/537.36 (compatible; Googlebot/2.1; +http://www.google.com/bot.html)"
2a03:2880:f800:e:: - - [21/Jul/2025:18:49:18 +0000] "GET /detail/1296045632 HTTP/1.1" 404 16415 "-" "meta-externalagent/1.1 (+https://developers.facebook.com/docs/sharing/webmasters/crawler)"
216.73.216.223 - - [21/Jul/2025:18:49:18 +0000] "GET /detail/1007312613 HTTP/1.1" 404 16415 "-" "Mozilla/5.0 AppleWebKit/537.36 (KHTML, like Gecko; compatible; ClaudeBot/1.0; [email protected])"
216.73.216.223 - - [21/Jul/2025:18:49:21 +0000] "GET /detail/1007670288 HTTP/1.1" 404 16414 "-" "Mozilla/5.0 AppleWebKit/537.36 (KHTML, like Gecko; compatible; ClaudeBot/1.0; [email protected])"
216.73.216.223 - - [21/Jul/2025:18:49:24 +0000] "GET /detail/1007423974 HTTP/1.1" 404 16415 "-" "Mozilla/5.0 AppleWebKit/537.36 (KHTML, like Gecko; compatible; ClaudeBot/1.0; [email protected])"
216.73.216.223 - - [21/Jul/2025:18:49:27 +0000] "GET /detail/1007704984 HTTP/1.1" 404 16415 "-" "Mozilla/5.0 AppleWebKit/537.36 (KHTML, like Gecko; compatible; ClaudeBot/1.0; [email protected])"
216.73.216.223 - - [21/Jul/2025:18:49:30 +0000] "GET /detail/506789610 HTTP/1.1" 404 16415 "-" "Mozilla/5.0 AppleWebKit/537.36 (KHTML, like Gecko; compatible; ClaudeBot/1.0; [email protected])"
216.73.216.223 - - [21/Jul/2025:18:49:33 +0000] "GET /detail/1007652973 HTTP/1.1" 404 16415 "-" "Mozilla/5.0 AppleWebKit/537.36 (KHTML, like Gecko; compatible; ClaudeBot/1.0; [email protected])"
66.249.79.37 - - [21/Jul/2025:18:49:34 +0000] "GET /?h=6570685041960&mod=0319d8c4&uri=category-info.php?detail/763474959 HTTP/1.1" 200 19616 "-" "Mozilla/5.0 (Linux; Android 6.0.1; Nexus 5X Build/MMB29P) AppleWebKit/537.36 (KHTML, like Gecko) Chrome/137.0.7151.103 Mobile Safari/537.36 (compatible; Googlebot/2.1; +http://www.google.com/bot.html)"
66.249.79.37 - - [21/Jul/2025:18:49:34 +0000] "GET /?h=115096427041960&mod=be8e1862&uri=dp.php?detail/5387492 HTTP/1.1" 200 20010 "-" "Mozilla/5.0 (Linux; Android 6.0.1; Nexus 5X Build/MMB29P) AppleWebKit/537.36 (KHTML, like Gecko) Chrome/137.0.7151.103 Mobile Safari/537.36 (compatible; Googlebot/2.1; +http://www.google.com/bot.html)"
216.73.216.223 - - [21/Jul/2025:18:49:36 +0000] "GET /detail/506677225 HTTP/1.1" 404 16415 "-" "Mozilla/5.0 AppleWebKit/537.36 (KHTML, like Gecko; compatible; ClaudeBot/1.0; [email protected])"
51.222.253.19 - - [21/Jul/2025:18:49:38 +0000] "GET /?h=70673766071960&mod=31b0d75c&uri=products.php%3Fid%3D2358449-693%26name%3Dla+halle+derbies HTTP/1.1" 301 - "-" "Mozilla/5.0 (compatible; AhrefsBot/7.0; +http://ahrefs.com/robot/)"
66.249.79.37 - - [21/Jul/2025:18:49:39 +0000] "POST /get-message-notify HTTP/1.1" 200 19447 "https://kelaby.company/?h=115096427041960&mod=be8e1862&uri=dp.php?detail/5387492" "Mozilla/5.0 (Linux; Android 6.0.1; Nexus 5X Build/MMB29P) AppleWebKit/537.36 (KHTML, like Gecko) Chrome/137.0.7151.119 Mobile Safari/537.36 (compatible; Googlebot/2.1; +http://www.google.com/bot.html)"
216.73.216.223 - - [21/Jul/2025:18:49:39 +0000] "GET /detail/1007690544 HTTP/1.1" 404 16416 "-" "Mozilla/5.0 AppleWebKit/537.36 (KHTML, like Gecko; compatible; ClaudeBot/1.0; [email protected])"
216.73.216.223 - - [21/Jul/2025:18:49:42 +0000] "GET /detail/506547475 HTTP/1.1" 404 16415 "-" "Mozilla/5.0 AppleWebKit/537.36 (KHTML, like Gecko; compatible; ClaudeBot/1.0; [email protected])"
209.74.77.214 - - [21/Jul/2025:18:49:45 +0000] "POST /wp-cron.php?doing_wp_cron=1753123785.7576100826263427734375 HTTP/1.1" 200 - "-" "WordPress/6.8.2; https://kelaby.company"
216.73.216.223 - - [21/Jul/2025:18:49:45 +0000] "GET /detail/506762649 HTTP/1.1" 404 16415 "-" "Mozilla/5.0 AppleWebKit/537.36 (KHTML, like Gecko; compatible; ClaudeBot/1.0; [email protected])"
216.73.216.223 - - [21/Jul/2025:18:49:50 +0000] "GET /detail/1007574256 HTTP/1.1" 404 16415 "-" "Mozilla/5.0 AppleWebKit/537.36 (KHTML, like Gecko; compatible; ClaudeBot/1.0; [email protected])"
66.249.79.230 - - [21/Jul/2025:18:49:51 +0000] "GET /?h=45694814131960&mod=7530b57b&uri=pin.php?detail/37311104 HTTP/1.1" 200 19465 "-" "Mozilla/5.0 (Linux; Android 6.0.1; Nexus 5X Build/MMB29P) AppleWebKit/537.36 (KHTML, like Gecko) Chrome/137.0.7151.103 Mobile Safari/537.36 (compatible; Googlebot/2.1; +http://www.google.com/bot.html)"
66.249.79.37 - - [21/Jul/2025:18:49:51 +0000] "GET /?h=6074141011960&mod=c7ced588&uri=products.php?detail/160750832 HTTP/1.1" 200 19244 "-" "Mozilla/5.0 (Linux; Android 6.0.1; Nexus 5X Build/MMB29P) AppleWebKit/537.36 (KHTML, like Gecko) Chrome/137.0.7151.103 Mobile Safari/537.36 (compatible; Googlebot/2.1; +http://www.google.com/bot.html)"
216.73.216.223 - - [21/Jul/2025:18:49:53 +0000] "GET /detail/1007683023 HTTP/1.1" 404 16415 "-" "Mozilla/5.0 AppleWebKit/537.36 (KHTML, like Gecko; compatible; ClaudeBot/1.0; [email protected])"
66.249.79.231 - - [21/Jul/2025:18:49:54 +0000] "POST /get-message-notify HTTP/1.1" 200 19472 "https://www.kelaby.company/?h=45694814131960&mod=7530b57b&uri=pin.php?detail/37311104" "Mozilla/5.0 (Linux; Android 6.0.1; Nexus 5X Build/MMB29P) AppleWebKit/537.36 (KHTML, like Gecko) Chrome/137.0.7151.119 Mobile Safari/537.36 (compatible; Googlebot/2.1; +http://www.google.com/bot.html)"
216.73.216.223 - - [21/Jul/2025:18:49:56 +0000] "GET /detail/1007385985 HTTP/1.1" 404 16415 "-" "Mozilla/5.0 AppleWebKit/537.36 (KHTML, like Gecko; compatible; ClaudeBot/1.0; [email protected])"
216.73.216.223 - - [21/Jul/2025:18:49:59 +0000] "GET /detail/1007639767 HTTP/1.1" 404 16416 "-" "Mozilla/5.0 AppleWebKit/537.36 (KHTML, like Gecko; compatible; ClaudeBot/1.0; [email protected])"
216.73.216.223 - - [21/Jul/2025:18:50:02 +0000] "GET /detail/1007542373 HTTP/1.1" 404 16415 "-" "Mozilla/5.0 AppleWebKit/537.36 (KHTML, like Gecko; compatible; ClaudeBot/1.0; [email protected])"
216.73.216.223 - - [21/Jul/2025:18:50:05 +0000] "GET /detail/1007767472 HTTP/1.1" 404 16415 "-" "Mozilla/5.0 AppleWebKit/537.36 (KHTML, like Gecko; compatible; ClaudeBot/1.0; [email protected])"
92.204.54.124 - - [21/Jul/2025:18:50:07 +0000] "GET /sitemap.xml HTTP/1.1" 200 4530 "-" "Mozilla/5.0 (Windows NT 10.0; Win64; x64) AppleWebKit/537.36 (KHTML, like Gecko) Chrome/128.0.0.0 Safari/537.36 OPR/114.0.0."
216.73.216.223 - - [21/Jul/2025:18:50:08 +0000] "GET /detail/1007528893 HTTP/1.1" 404 16415 "-" "Mozilla/5.0 AppleWebKit/537.36 (KHTML, like Gecko; compatible; ClaudeBot/1.0; [email protected])"
66.249.79.37 - - [21/Jul/2025:18:50:08 +0000] "GET /?h=115096427041960&mod=be8e1862&uri=dp.php?detail/5378527 HTTP/1.1" 200 20094 "-" "Mozilla/5.0 (Linux; Android 6.0.1; Nexus 5X Build/MMB29P) AppleWebKit/537.36 (KHTML, like Gecko) Chrome/137.0.7151.103 Mobile Safari/537.36 (compatible; Googlebot/2.1; +http://www.google.com/bot.html)"
66.249.79.231 - - [21/Jul/2025:18:50:08 +0000] "GET /?h=5709174001960&mod=49856ed4&uri=itm.php?detail/36919430 HTTP/1.1" 200 19210 "-" "Mozilla/5.0 (Linux; Android 6.0.1; Nexus 5X Build/MMB29P) AppleWebKit/537.36 (KHTML, like Gecko) Chrome/137.0.7151.103 Mobile Safari/537.36 (compatible; Googlebot/2.1; +http://www.google.com/bot.html)"
92.204.54.124 - - [21/Jul/2025:18:50:10 +0000] "GET / HTTP/1.1" 200 26479 "-" "Mozilla/5.0 (Windows NT 10.0; Win64; x64) AppleWebKit/537.36 (KHTML, like Gecko) Chrome/128.0.0.0 Safari/537.36 OPR/114.0.0."
92.204.54.124 - - [21/Jul/2025:18:50:11 +0000] "GET /wp-content/uploads/2024/06/nimble-made-kMGX6UK06Ps-unsplash-2-e1613656119707.jpg HTTP/1.1" 200 282833 "-" "Mozilla/5.0 (Windows NT 10.0; Win64; x64) AppleWebKit/537.36 (KHTML, like Gecko) Chrome/128.0.0.0 Safari/537.36 OPR/114.0.0."
216.73.216.223 - - [21/Jul/2025:18:50:11 +0000] "GET /detail/1007461058 HTTP/1.1" 404 16415 "-" "Mozilla/5.0 AppleWebKit/537.36 (KHTML, like Gecko; compatible; ClaudeBot/1.0; [email protected])"
