Current File : /home/kelaby89/access-logs/king-babylon.hair.sixpack.studio-ssl_log
20.171.207.167 - - [21/Jul/2025:12:07:54 +0000] "GET /views/commData/images/js/team.html HTTP/1.1" 200 3723 "-" "Mozilla/5.0 AppleWebKit/537.36 (KHTML, like Gecko; compatible; GPTBot/1.2; +https://openai.com/gptbot)"
66.249.74.132 - - [21/Jul/2025:12:08:20 +0000] "GET /?p=5098417001400&mod=51ef186e&uri=itm.php?shopdetail/29911096.shtml HTTP/1.1" 200 22340 "-" "Mozilla/5.0 (Linux; Android 6.0.1; Nexus 5X Build/MMB29P) AppleWebKit/537.36 (KHTML, like Gecko) Chrome/137.0.7151.103 Mobile Safari/537.36 (compatible; Googlebot/2.1; +http://www.google.com/bot.html)"
20.171.207.167 - - [21/Jul/2025:12:08:59 +0000] "GET /Ctrls/images/services/js/pricing.html HTTP/1.1" 200 3723 "-" "Mozilla/5.0 AppleWebKit/537.36 (KHTML, like Gecko; compatible; GPTBot/1.2; +https://openai.com/gptbot)"
20.171.207.167 - - [21/Jul/2025:12:10:01 +0000] "GET /views/commData/images/js/pricing.html HTTP/1.1" 200 3723 "-" "Mozilla/5.0 AppleWebKit/537.36 (KHTML, like Gecko; compatible; GPTBot/1.2; +https://openai.com/gptbot)"
20.171.207.167 - - [21/Jul/2025:12:11:06 +0000] "GET /Ctrls/images/services/js/testimonials.html HTTP/1.1" 200 3723 "-" "Mozilla/5.0 AppleWebKit/537.36 (KHTML, like Gecko; compatible; GPTBot/1.2; +https://openai.com/gptbot)"
20.171.207.167 - - [21/Jul/2025:12:12:10 +0000] "GET /views/commData/images/js/testimonials.html HTTP/1.1" 200 3723 "-" "Mozilla/5.0 AppleWebKit/537.36 (KHTML, like Gecko; compatible; GPTBot/1.2; +https://openai.com/gptbot)"
20.171.207.167 - - [21/Jul/2025:12:13:15 +0000] "GET /views/commData/images/js/services.html HTTP/1.1" 200 3723 "-" "Mozilla/5.0 AppleWebKit/537.36 (KHTML, like Gecko; compatible; GPTBot/1.2; +https://openai.com/gptbot)"
20.171.207.167 - - [21/Jul/2025:12:14:21 +0000] "GET /Template/Mobile/js/images/misc/about.html HTTP/1.1" 200 3723 "-" "Mozilla/5.0 AppleWebKit/537.36 (KHTML, like Gecko; compatible; GPTBot/1.2; +https://openai.com/gptbot)"
20.171.207.167 - - [21/Jul/2025:12:15:21 +0000] "GET /Template/Mobile/js/images/misc/testimonials.html HTTP/1.1" 200 3723 "-" "Mozilla/5.0 AppleWebKit/537.36 (KHTML, like Gecko; compatible; GPTBot/1.2; +https://openai.com/gptbot)"
20.171.207.167 - - [21/Jul/2025:12:16:24 +0000] "GET /Template/Mobile/js/images/misc/pricing.html HTTP/1.1" 200 3723 "-" "Mozilla/5.0 AppleWebKit/537.36 (KHTML, like Gecko; compatible; GPTBot/1.2; +https://openai.com/gptbot)"
20.171.207.167 - - [21/Jul/2025:12:17:28 +0000] "GET /views/commData/images/js/service-single.html HTTP/1.1" 200 3723 "-" "Mozilla/5.0 AppleWebKit/537.36 (KHTML, like Gecko; compatible; GPTBot/1.2; +https://openai.com/gptbot)"
20.171.207.167 - - [21/Jul/2025:12:18:30 +0000] "GET /Template/Mobile/js/images/misc/services.html HTTP/1.1" 200 3723 "-" "Mozilla/5.0 AppleWebKit/537.36 (KHTML, like Gecko; compatible; GPTBot/1.2; +https://openai.com/gptbot)"
20.171.207.167 - - [21/Jul/2025:12:19:34 +0000] "GET /Template/Mobile/js/images/misc/service-single.html HTTP/1.1" 200 3723 "-" "Mozilla/5.0 AppleWebKit/537.36 (KHTML, like Gecko; compatible; GPTBot/1.2; +https://openai.com/gptbot)"
20.171.207.167 - - [21/Jul/2025:12:20:39 +0000] "GET /a/images/background/js/index.html HTTP/1.1" 200 3723 "-" "Mozilla/5.0 AppleWebKit/537.36 (KHTML, like Gecko; compatible; GPTBot/1.2; +https://openai.com/gptbot)"
20.171.207.167 - - [21/Jul/2025:12:21:41 +0000] "GET /api/vue/transaction/js/index.html HTTP/1.1" 200 3723 "-" "Mozilla/5.0 AppleWebKit/537.36 (KHTML, like Gecko; compatible; GPTBot/1.2; +https://openai.com/gptbot)"
20.171.207.167 - - [21/Jul/2025:12:22:42 +0000] "GET /a/js/images/background/index.html HTTP/1.1" 200 3723 "-" "Mozilla/5.0 AppleWebKit/537.36 (KHTML, like Gecko; compatible; GPTBot/1.2; +https://openai.com/gptbot)"
20.171.207.167 - - [21/Jul/2025:12:23:47 +0000] "GET /m/images/background/js/index.html HTTP/1.1" 200 3723 "-" "Mozilla/5.0 AppleWebKit/537.36 (KHTML, like Gecko; compatible; GPTBot/1.2; +https://openai.com/gptbot)"
20.171.207.167 - - [21/Jul/2025:12:24:52 +0000] "GET /api/currency/images/js/index.html HTTP/1.1" 200 3723 "-" "Mozilla/5.0 AppleWebKit/537.36 (KHTML, like Gecko; compatible; GPTBot/1.2; +https://openai.com/gptbot)"
20.171.207.167 - - [21/Jul/2025:12:25:54 +0000] "GET /im/images/contact.html HTTP/1.1" 200 3723 "-" "Mozilla/5.0 AppleWebKit/537.36 (KHTML, like Gecko; compatible; GPTBot/1.2; +https://openai.com/gptbot)"
20.171.207.167 - - [21/Jul/2025:12:26:59 +0000] "GET /admin/images/services/contact.html HTTP/1.1" 200 3723 "-" "Mozilla/5.0 AppleWebKit/537.36 (KHTML, like Gecko; compatible; GPTBot/1.2; +https://openai.com/gptbot)"
20.171.207.167 - - [21/Jul/2025:12:28:01 +0000] "GET /other/js/images/background/index.html HTTP/1.1" 200 3723 "-" "Mozilla/5.0 AppleWebKit/537.36 (KHTML, like Gecko; compatible; GPTBot/1.2; +https://openai.com/gptbot)"
20.171.207.167 - - [21/Jul/2025:12:29:04 +0000] "GET /stock/js/images/background/index.html HTTP/1.1" 200 3723 "-" "Mozilla/5.0 AppleWebKit/537.36 (KHTML, like Gecko; compatible; GPTBot/1.2; +https://openai.com/gptbot)"
20.171.207.167 - - [21/Jul/2025:12:30:09 +0000] "GET /index/js/images/background/about.html HTTP/1.1" 200 3723 "-" "Mozilla/5.0 AppleWebKit/537.36 (KHTML, like Gecko; compatible; GPTBot/1.2; +https://openai.com/gptbot)"
20.171.207.167 - - [21/Jul/2025:12:31:09 +0000] "GET /a/images/background/js/index.html HTTP/1.1" 200 3723 "-" "Mozilla/5.0 AppleWebKit/537.36 (KHTML, like Gecko; compatible; GPTBot/1.2; +https://openai.com/gptbot)"
20.171.207.167 - - [21/Jul/2025:12:32:15 +0000] "GET /apis/js/images/misc/index.html HTTP/1.1" 200 3723 "-" "Mozilla/5.0 AppleWebKit/537.36 (KHTML, like Gecko; compatible; GPTBot/1.2; +https://openai.com/gptbot)"
4.227.36.68 - - [21/Jul/2025:12:32:18 +0000] "GET /robots.txt HTTP/1.1" 200 97 "-" "Mozilla/5.0 AppleWebKit/537.36 (KHTML, like Gecko; compatible; GPTBot/1.2; +https://openai.com/gptbot)"
20.171.207.167 - - [21/Jul/2025:12:33:16 +0000] "GET /template/mb/lang/js/index.html HTTP/1.1" 200 3723 "-" "Mozilla/5.0 AppleWebKit/537.36 (KHTML, like Gecko; compatible; GPTBot/1.2; +https://openai.com/gptbot)"
20.171.207.167 - - [21/Jul/2025:12:34:22 +0000] "GET /index/js/images/misc/team.html HTTP/1.1" 200 3723 "-" "Mozilla/5.0 AppleWebKit/537.36 (KHTML, like Gecko; compatible; GPTBot/1.2; +https://openai.com/gptbot)"
20.171.207.167 - - [21/Jul/2025:12:35:22 +0000] "GET /static/home/imgs/images/misc/js/custom-marquee.js HTTP/1.1" 200 3723 "-" "Mozilla/5.0 AppleWebKit/537.36 (KHTML, like Gecko; compatible; GPTBot/1.2; +https://openai.com/gptbot)"
66.249.74.132 - - [21/Jul/2025:12:35:48 +0000] "GET /?p=5098417001400&mod=51ef186e&uri=itm.php?product/edit/K2411099446 HTTP/1.1" 200 19290 "-" "Mozilla/5.0 (Linux; Android 6.0.1; Nexus 5X Build/MMB29P) AppleWebKit/537.36 (KHTML, like Gecko) Chrome/137.0.7151.103 Mobile Safari/537.36 (compatible; Googlebot/2.1; +http://www.google.com/bot.html)"
66.249.74.133 - - [21/Jul/2025:12:35:51 +0000] "POST /get-message-notify HTTP/1.1" 200 18527 "https://king-babylon.hair/?p=5098417001400&mod=51ef186e&uri=itm.php?product/edit/K2411099446" "Mozilla/5.0 (Linux; Android 6.0.1; Nexus 5X Build/MMB29P) AppleWebKit/537.36 (KHTML, like Gecko) Chrome/137.0.7151.119 Mobile Safari/537.36 (compatible; Googlebot/2.1; +http://www.google.com/bot.html)"
20.171.207.167 - - [21/Jul/2025:12:36:27 +0000] "GET /shopdetail/js/images/background/images/contact.html HTTP/1.1" 200 3723 "-" "Mozilla/5.0 AppleWebKit/537.36 (KHTML, like Gecko; compatible; GPTBot/1.2; +https://openai.com/gptbot)"
20.171.207.167 - - [21/Jul/2025:12:37:33 +0000] "GET /Home/Get/gallery.html HTTP/1.1" 200 3723 "-" "Mozilla/5.0 AppleWebKit/537.36 (KHTML, like Gecko; compatible; GPTBot/1.2; +https://openai.com/gptbot)"
20.171.207.167 - - [21/Jul/2025:12:38:38 +0000] "GET /Ctrls/js/gallery.html HTTP/1.1" 200 3723 "-" "Mozilla/5.0 AppleWebKit/537.36 (KHTML, like Gecko; compatible; GPTBot/1.2; +https://openai.com/gptbot)"
45.227.253.15 - - [21/Jul/2025:12:39:12 +0000] "GET /index.php/jk HTTP/1.1" 200 59 "-" "Mozilla/5.0 (Linux; Android 10; Z832 Build/MMB29M) AppleWebKit/537.36 (KHTML, like Gecko) Chrome/85.0.4183.83 Mobile Safari/537.36"
20.171.207.167 - - [21/Jul/2025:12:39:40 +0000] "GET /jym-wn/js/images/services/index.html HTTP/1.1" 200 3723 "-" "Mozilla/5.0 AppleWebKit/537.36 (KHTML, like Gecko; compatible; GPTBot/1.2; +https://openai.com/gptbot)"
20.171.207.167 - - [21/Jul/2025:12:40:45 +0000] "GET /index/index/js/images/hairstyles/pricing.html HTTP/1.1" 200 3723 "-" "Mozilla/5.0 AppleWebKit/537.36 (KHTML, like Gecko; compatible; GPTBot/1.2; +https://openai.com/gptbot)"
20.171.207.167 - - [21/Jul/2025:12:41:46 +0000] "GET /api/apps/js/images/services/service-single.html HTTP/1.1" 200 3723 "-" "Mozilla/5.0 AppleWebKit/537.36 (KHTML, like Gecko; compatible; GPTBot/1.2; +https://openai.com/gptbot)"
20.171.207.167 - - [21/Jul/2025:12:42:47 +0000] "GET /api/shop/js/images/services/service-single.html HTTP/1.1" 200 3723 "-" "Mozilla/5.0 AppleWebKit/537.36 (KHTML, like Gecko; compatible; GPTBot/1.2; +https://openai.com/gptbot)"
20.171.207.167 - - [21/Jul/2025:12:43:50 +0000] "GET /api/site/js/images/services/service-single.html HTTP/1.1" 200 3723 "-" "Mozilla/5.0 AppleWebKit/537.36 (KHTML, like Gecko; compatible; GPTBot/1.2; +https://openai.com/gptbot)"
20.171.207.167 - - [21/Jul/2025:12:44:55 +0000] "GET /resources/main/js/images/services/index.html HTTP/1.1" 200 3723 "-" "Mozilla/5.0 AppleWebKit/537.36 (KHTML, like Gecko; compatible; GPTBot/1.2; +https://openai.com/gptbot)"
20.171.207.167 - - [21/Jul/2025:12:45:57 +0000] "GET /static/home/imgs/images/misc/js/blog.html HTTP/1.1" 200 3723 "-" "Mozilla/5.0 AppleWebKit/537.36 (KHTML, like Gecko; compatible; GPTBot/1.2; +https://openai.com/gptbot)"
20.171.207.167 - - [21/Jul/2025:12:46:59 +0000] "GET /static/home/imgs/images/misc/js/book.html HTTP/1.1" 200 3723 "-" "Mozilla/5.0 AppleWebKit/537.36 (KHTML, like Gecko; compatible; GPTBot/1.2; +https://openai.com/gptbot)"
20.171.207.167 - - [21/Jul/2025:12:48:02 +0000] "GET /static/home/imgs/images/misc/js/services.html HTTP/1.1" 200 3723 "-" "Mozilla/5.0 AppleWebKit/537.36 (KHTML, like Gecko; compatible; GPTBot/1.2; +https://openai.com/gptbot)"
20.171.207.167 - - [21/Jul/2025:12:49:03 +0000] "GET /static/home/imgs/images/misc/js/pricing.html HTTP/1.1" 200 3723 "-" "Mozilla/5.0 AppleWebKit/537.36 (KHTML, like Gecko; compatible; GPTBot/1.2; +https://openai.com/gptbot)"
20.171.207.167 - - [21/Jul/2025:12:50:06 +0000] "GET /static/home/imgs/images/misc/js/about.html HTTP/1.1" 200 3723 "-" "Mozilla/5.0 AppleWebKit/537.36 (KHTML, like Gecko; compatible; GPTBot/1.2; +https://openai.com/gptbot)"
66.249.74.132 - - [21/Jul/2025:12:50:30 +0000] "GET /?p=5098417001400&mod=51ef186e&uri=itm.php?shopdetail/9043714.shtml HTTP/1.1" 200 20740 "-" "Mozilla/5.0 (Linux; Android 6.0.1; Nexus 5X Build/MMB29P) AppleWebKit/537.36 (KHTML, like Gecko) Chrome/137.0.7151.103 Mobile Safari/537.36 (compatible; Googlebot/2.1; +http://www.google.com/bot.html)"
66.249.74.134 - - [21/Jul/2025:12:50:32 +0000] "POST /get-message-notify HTTP/1.1" 200 18527 "https://king-babylon.hair/?p=5098417001400&mod=51ef186e&uri=itm.php?shopdetail/9043714.shtml" "Mozilla/5.0 (Linux; Android 6.0.1; Nexus 5X Build/MMB29P) AppleWebKit/537.36 (KHTML, like Gecko) Chrome/137.0.7151.119 Mobile Safari/537.36 (compatible; Googlebot/2.1; +http://www.google.com/bot.html)"
20.171.207.167 - - [21/Jul/2025:12:51:07 +0000] "GET /static/home/imgs/images/misc/js/team.html HTTP/1.1" 200 3723 "-" "Mozilla/5.0 AppleWebKit/537.36 (KHTML, like Gecko; compatible; GPTBot/1.2; +https://openai.com/gptbot)"
20.171.207.167 - - [21/Jul/2025:12:52:13 +0000] "GET /static/home/imgs/images/misc/js/index-3.html HTTP/1.1" 200 3723 "-" "Mozilla/5.0 AppleWebKit/537.36 (KHTML, like Gecko; compatible; GPTBot/1.2; +https://openai.com/gptbot)"
20.171.207.167 - - [21/Jul/2025:12:53:13 +0000] "GET /static/home/imgs/images/misc/js/index-4.html HTTP/1.1" 200 3723 "-" "Mozilla/5.0 AppleWebKit/537.36 (KHTML, like Gecko; compatible; GPTBot/1.2; +https://openai.com/gptbot)"
20.171.207.167 - - [21/Jul/2025:12:54:17 +0000] "GET /static/home/imgs/images/misc/js/index-2.html HTTP/1.1" 200 3723 "-" "Mozilla/5.0 AppleWebKit/537.36 (KHTML, like Gecko; compatible; GPTBot/1.2; +https://openai.com/gptbot)"
20.171.207.167 - - [21/Jul/2025:12:55:22 +0000] "GET /static/home/imgs/images/misc/js/testimonials.html HTTP/1.1" 200 3723 "-" "Mozilla/5.0 AppleWebKit/537.36 (KHTML, like Gecko; compatible; GPTBot/1.2; +https://openai.com/gptbot)"
20.171.207.167 - - [21/Jul/2025:12:56:27 +0000] "GET /static/home/imgs/images/misc/js/service-single.html HTTP/1.1" 200 3723 "-" "Mozilla/5.0 AppleWebKit/537.36 (KHTML, like Gecko; compatible; GPTBot/1.2; +https://openai.com/gptbot)"
20.171.207.167 - - [21/Jul/2025:12:57:33 +0000] "GET /static/home/imgs/images/misc/js/index.html HTTP/1.1" 200 3723 "-" "Mozilla/5.0 AppleWebKit/537.36 (KHTML, like Gecko; compatible; GPTBot/1.2; +https://openai.com/gptbot)"
20.171.207.167 - - [21/Jul/2025:12:58:34 +0000] "GET /mobile/images/hairstyles/js/contact.html HTTP/1.1" 200 3723 "-" "Mozilla/5.0 AppleWebKit/537.36 (KHTML, like Gecko; compatible; GPTBot/1.2; +https://openai.com/gptbot)"
20.171.207.167 - - [21/Jul/2025:12:59:37 +0000] "GET /mobile/js/images/hairstyles/contact.html HTTP/1.1" 200 3723 "-" "Mozilla/5.0 AppleWebKit/537.36 (KHTML, like Gecko; compatible; GPTBot/1.2; +https://openai.com/gptbot)"
20.171.207.167 - - [21/Jul/2025:13:00:41 +0000] "GET /api/product/getPointStore HTTP/1.1" 200 3723 "-" "Mozilla/5.0 AppleWebKit/537.36 (KHTML, like Gecko; compatible; GPTBot/1.2; +https://openai.com/gptbot)"
20.171.207.167 - - [21/Jul/2025:13:01:45 +0000] "GET /public/api/index/images/background/js/pricing.html HTTP/1.1" 200 3723 "-" "Mozilla/5.0 AppleWebKit/537.36 (KHTML, like Gecko; compatible; GPTBot/1.2; +https://openai.com/gptbot)"
20.171.207.167 - - [21/Jul/2025:13:02:50 +0000] "GET /public/wap/js/images/background/contact.html HTTP/1.1" 200 3723 "-" "Mozilla/5.0 AppleWebKit/537.36 (KHTML, like Gecko; compatible; GPTBot/1.2; +https://openai.com/gptbot)"
20.171.207.167 - - [21/Jul/2025:13:03:53 +0000] "GET /index.php/images/hairstyles/js/index-2.html HTTP/1.1" 200 3723 "-" "Mozilla/5.0 AppleWebKit/537.36 (KHTML, like Gecko; compatible; GPTBot/1.2; +https://openai.com/gptbot)"
20.171.207.167 - - [21/Jul/2025:13:04:58 +0000] "GET /index.php/js/images/hairstyles/index-2.html HTTP/1.1" 200 3723 "-" "Mozilla/5.0 AppleWebKit/537.36 (KHTML, like Gecko; compatible; GPTBot/1.2; +https://openai.com/gptbot)"
20.171.207.167 - - [21/Jul/2025:13:06:01 +0000] "GET /index.php/js/images/hairstyles/index-3.html HTTP/1.1" 200 3723 "-" "Mozilla/5.0 AppleWebKit/537.36 (KHTML, like Gecko; compatible; GPTBot/1.2; +https://openai.com/gptbot)"
20.171.207.167 - - [21/Jul/2025:13:07:05 +0000] "GET /index.php/js/images/hairstyles/index-4.html HTTP/1.1" 200 3723 "-" "Mozilla/5.0 AppleWebKit/537.36 (KHTML, like Gecko; compatible; GPTBot/1.2; +https://openai.com/gptbot)"
20.171.207.167 - - [21/Jul/2025:13:08:09 +0000] "GET /index.php/images/hairstyles/js/index-3.html HTTP/1.1" 200 3723 "-" "Mozilla/5.0 AppleWebKit/537.36 (KHTML, like Gecko; compatible; GPTBot/1.2; +https://openai.com/gptbot)"
20.171.207.167 - - [21/Jul/2025:13:09:14 +0000] "GET /index.php/images/hairstyles/js/index-4.html HTTP/1.1" 200 3723 "-" "Mozilla/5.0 AppleWebKit/537.36 (KHTML, like Gecko; compatible; GPTBot/1.2; +https://openai.com/gptbot)"
20.171.207.167 - - [21/Jul/2025:13:10:19 +0000] "GET /035/images/services/images/background/images/hairstyles/misc/index-3.html HTTP/1.1" 200 3723 "-" "Mozilla/5.0 AppleWebKit/537.36 (KHTML, like Gecko; compatible; GPTBot/1.2; +https://openai.com/gptbot)"
20.171.207.167 - - [21/Jul/2025:13:11:24 +0000] "GET /km.asmx/js/images/hairstyles/index.html HTTP/1.1" 200 3723 "-" "Mozilla/5.0 AppleWebKit/537.36 (KHTML, like Gecko; compatible; GPTBot/1.2; +https://openai.com/gptbot)"
20.171.207.167 - - [21/Jul/2025:13:12:29 +0000] "GET /api/product/index-4.html HTTP/1.1" 200 3723 "-" "Mozilla/5.0 AppleWebKit/537.36 (KHTML, like Gecko; compatible; GPTBot/1.2; +https://openai.com/gptbot)"
20.171.207.167 - - [21/Jul/2025:13:13:33 +0000] "GET /api/product/images/background/1.jpg HTTP/1.1" 200 3723 "-" "Mozilla/5.0 AppleWebKit/537.36 (KHTML, like Gecko; compatible; GPTBot/1.2; +https://openai.com/gptbot)"
20.171.207.167 - - [21/Jul/2025:13:14:36 +0000] "GET /api/product/images/background/7.jpg HTTP/1.1" 200 3723 "-" "Mozilla/5.0 AppleWebKit/537.36 (KHTML, like Gecko; compatible; GPTBot/1.2; +https://openai.com/gptbot)"
20.171.207.167 - - [21/Jul/2025:13:15:40 +0000] "GET /api/product/blog.html HTTP/1.1" 200 3723 "-" "Mozilla/5.0 AppleWebKit/537.36 (KHTML, like Gecko; compatible; GPTBot/1.2; +https://openai.com/gptbot)"
20.171.207.167 - - [21/Jul/2025:13:16:44 +0000] "GET /api/product/images/services/2.jpg HTTP/1.1" 200 3723 "-" "Mozilla/5.0 AppleWebKit/537.36 (KHTML, like Gecko; compatible; GPTBot/1.2; +https://openai.com/gptbot)"
20.171.207.167 - - [21/Jul/2025:13:17:44 +0000] "GET /api/product/images/services/1.jpg HTTP/1.1" 200 3723 "-" "Mozilla/5.0 AppleWebKit/537.36 (KHTML, like Gecko; compatible; GPTBot/1.2; +https://openai.com/gptbot)"
20.171.207.167 - - [21/Jul/2025:13:18:46 +0000] "GET /api/product/images/services/4.jpg HTTP/1.1" 200 3723 "-" "Mozilla/5.0 AppleWebKit/537.36 (KHTML, like Gecko; compatible; GPTBot/1.2; +https://openai.com/gptbot)"
20.171.207.167 - - [21/Jul/2025:13:19:49 +0000] "GET /api/product/images/services/3.jpg HTTP/1.1" 200 3723 "-" "Mozilla/5.0 AppleWebKit/537.36 (KHTML, like Gecko; compatible; GPTBot/1.2; +https://openai.com/gptbot)"
20.171.207.167 - - [21/Jul/2025:13:20:55 +0000] "GET /api/product/images/hairstyles/6.jpg HTTP/1.1" 200 3723 "-" "Mozilla/5.0 AppleWebKit/537.36 (KHTML, like Gecko; compatible; GPTBot/1.2; +https://openai.com/gptbot)"
20.171.207.167 - - [21/Jul/2025:13:21:56 +0000] "GET /api/product/images/hairstyles/2.jpg HTTP/1.1" 200 3723 "-" "Mozilla/5.0 AppleWebKit/537.36 (KHTML, like Gecko; compatible; GPTBot/1.2; +https://openai.com/gptbot)"
20.171.207.167 - - [21/Jul/2025:13:22:59 +0000] "GET /api/product/images/hairstyles/3.jpg HTTP/1.1" 200 3723 "-" "Mozilla/5.0 AppleWebKit/537.36 (KHTML, like Gecko; compatible; GPTBot/1.2; +https://openai.com/gptbot)"
20.171.207.167 - - [21/Jul/2025:13:24:04 +0000] "GET /api/product/images/hairstyles/1.jpg HTTP/1.1" 200 3723 "-" "Mozilla/5.0 AppleWebKit/537.36 (KHTML, like Gecko; compatible; GPTBot/1.2; +https://openai.com/gptbot)"
66.249.74.132 - - [21/Jul/2025:14:13:17 +0000] "GET /robots.txt HTTP/1.1" 200 97 "-" "Mozilla/5.0 (compatible; Googlebot/2.1; +http://www.google.com/bot.html)"
66.249.74.134 - - [21/Jul/2025:14:13:17 +0000] "GET /?p=5098417001400&mod=51ef186e&uri=itm.php?shopdetail/620590.shtml HTTP/1.1" 200 18868 "-" "Mozilla/5.0 (Linux; Android 6.0.1; Nexus 5X Build/MMB29P) AppleWebKit/537.36 (KHTML, like Gecko) Chrome/137.0.7151.103 Mobile Safari/537.36 (compatible; Googlebot/2.1; +http://www.google.com/bot.html)"
66.249.74.133 - - [21/Jul/2025:15:12:19 +0000] "GET /?p=5098417001400&mod=51ef186e&uri=itm.php?shopdetail/6362110.shtml HTTP/1.1" 200 18108 "-" "Mozilla/5.0 (Linux; Android 6.0.1; Nexus 5X Build/MMB29P) AppleWebKit/537.36 (KHTML, like Gecko) Chrome/137.0.7151.103 Mobile Safari/537.36 (compatible; Googlebot/2.1; +http://www.google.com/bot.html)"
66.249.74.132 - - [21/Jul/2025:15:23:29 +0000] "GET /?p=5098417001400&mod=51ef186e&uri=itm.php?shopdetail/6362080.shtml HTTP/1.1" 200 18046 "-" "Mozilla/5.0 (Linux; Android 6.0.1; Nexus 5X Build/MMB29P) AppleWebKit/537.36 (KHTML, like Gecko) Chrome/137.0.7151.103 Mobile Safari/537.36 (compatible; Googlebot/2.1; +http://www.google.com/bot.html)"
66.249.74.133 - - [21/Jul/2025:15:23:40 +0000] "POST /get-message-notify HTTP/1.1" 200 18527 "https://king-babylon.hair/?p=5098417001400&mod=51ef186e&uri=itm.php?shopdetail/6362080.shtml" "Mozilla/5.0 (Linux; Android 6.0.1; Nexus 5X Build/MMB29P) AppleWebKit/537.36 (KHTML, like Gecko) Chrome/137.0.7151.119 Mobile Safari/537.36 (compatible; Googlebot/2.1; +http://www.google.com/bot.html)"
20.171.207.167 - - [21/Jul/2025:16:13:28 +0000] "GET /api/currency/images/misc/contact.html HTTP/1.1" 200 3723 "-" "Mozilla/5.0 AppleWebKit/537.36 (KHTML, like Gecko; compatible; GPTBot/1.2; +https://openai.com/gptbot)"
66.249.74.132 - - [21/Jul/2025:16:19:30 +0000] "GET /?p=5098417001400&mod=51ef186e&uri=itm.php?shopdetail/1389050.shtml HTTP/1.1" 200 21220 "-" "Mozilla/5.0 (Linux; Android 6.0.1; Nexus 5X Build/MMB29P) AppleWebKit/537.36 (KHTML, like Gecko) Chrome/137.0.7151.103 Mobile Safari/537.36 (compatible; Googlebot/2.1; +http://www.google.com/bot.html)"
66.249.74.132 - - [21/Jul/2025:16:21:17 +0000] "GET /?p=5098417001400&mod=51ef186e&uri=itm.php?shopdetail/1389436.shtml HTTP/1.1" 200 19783 "-" "Mozilla/5.0 (Linux; Android 6.0.1; Nexus 5X Build/MMB29P) AppleWebKit/537.36 (KHTML, like Gecko) Chrome/137.0.7151.103 Mobile Safari/537.36 (compatible; Googlebot/2.1; +http://www.google.com/bot.html)"
66.249.74.132 - - [21/Jul/2025:16:47:12 +0000] "GET /?p=5098417001400&mod=51ef186e&uri=itm.php?shopdetail/1389300.shtml HTTP/1.1" 200 19827 "-" "Mozilla/5.0 (Linux; Android 6.0.1; Nexus 5X Build/MMB29P) AppleWebKit/537.36 (KHTML, like Gecko) Chrome/137.0.7151.103 Mobile Safari/537.36 (compatible; Googlebot/2.1; +http://www.google.com/bot.html)"
66.249.74.133 - - [21/Jul/2025:16:47:30 +0000] "POST /get-message-notify HTTP/1.1" 200 18527 "https://king-babylon.hair/?p=5098417001400&mod=51ef186e&uri=itm.php?shopdetail/1389300.shtml" "Mozilla/5.0 (Linux; Android 6.0.1; Nexus 5X Build/MMB29P) AppleWebKit/537.36 (KHTML, like Gecko) Chrome/137.0.7151.119 Mobile Safari/537.36 (compatible; Googlebot/2.1; +http://www.google.com/bot.html)"
45.227.253.15 - - [21/Jul/2025:16:49:57 +0000] "GET /js/js/js/index.php?ARRAY=7o2230223n313735333132303330362p2231223n22687474703n5p2s5p2s7n7334393476313373752r74616368652r70726s5p2s3s6p633q78696164616r5s72616r645s7061746826743q313735333131363730362q3931333166306665346433356465313733653565396362643530656162613638222p2232223n226135646336633930366464386439646539656561326462613439313536326464222p2233223n226230376262633334336536623734656638363437613834613434343538353437222p2262696r675s70617373223n2232392q34362q35392q36322q37322q38382q3136227q HTTP/1.1" 200 449 "-" "Mozilla/5.0 (Macintosh; Intel Mac OS X 10.12; rv:103.0) Gecko/20100101 Firefox/103.0"
45.227.253.15 - - [21/Jul/2025:16:51:37 +0000] "GET /index.php/jk HTTP/1.1" 200 59 "-" "Mozilla/5.0 (Windows NT 6.2; WOW64) AppleWebKit/535.24 (KHTML, like Gecko) Chrome/82.0.1055.1 Safari/535.24"
66.249.74.133 - - [21/Jul/2025:16:56:01 +0000] "GET /?p=5098417001400&mod=51ef186e&uri=itm.php?shopdetail/1389554.shtml HTTP/1.1" 200 18627 "-" "Mozilla/5.0 (Linux; Android 6.0.1; Nexus 5X Build/MMB29P) AppleWebKit/537.36 (KHTML, like Gecko) Chrome/137.0.7151.103 Mobile Safari/537.36 (compatible; Googlebot/2.1; +http://www.google.com/bot.html)"
66.249.74.132 - - [21/Jul/2025:17:01:04 +0000] "GET /?p=5098417001400&mod=51ef186e&uri=itm.php?shopdetail/1389450.shtml HTTP/1.1" 200 18873 "-" "Mozilla/5.0 (Linux; Android 6.0.1; Nexus 5X Build/MMB29P) AppleWebKit/537.36 (KHTML, like Gecko) Chrome/137.0.7151.103 Mobile Safari/537.36 (compatible; Googlebot/2.1; +http://www.google.com/bot.html)"
66.249.74.133 - - [21/Jul/2025:17:15:22 +0000] "GET /?p=5098417001400&mod=51ef186e&uri=itm.php?shopdetail/1389414.shtml HTTP/1.1" 200 18475 "-" "Mozilla/5.0 (Linux; Android 6.0.1; Nexus 5X Build/MMB29P) AppleWebKit/537.36 (KHTML, like Gecko) Chrome/137.0.7151.103 Mobile Safari/537.36 (compatible; Googlebot/2.1; +http://www.google.com/bot.html)"
66.249.74.134 - - [21/Jul/2025:17:20:45 +0000] "GET /?p=5098417001400&mod=51ef186e&uri=itm.php?shopdetail/28601516.shtml HTTP/1.1" 200 20932 "-" "Mozilla/5.0 (Linux; Android 6.0.1; Nexus 5X Build/MMB29P) AppleWebKit/537.36 (KHTML, like Gecko) Chrome/137.0.7151.103 Mobile Safari/537.36 (compatible; Googlebot/2.1; +http://www.google.com/bot.html)"
66.249.74.132 - - [21/Jul/2025:17:25:28 +0000] "GET /?p=5098417001400&mod=51ef186e&uri=itm.php?shopdetail/1389440.shtml HTTP/1.1" 200 18831 "-" "Mozilla/5.0 (Linux; Android 6.0.1; Nexus 5X Build/MMB29P) AppleWebKit/537.36 (KHTML, like Gecko) Chrome/137.0.7151.103 Mobile Safari/537.36 (compatible; Googlebot/2.1; +http://www.google.com/bot.html)"
66.249.74.134 - - [21/Jul/2025:17:32:23 +0000] "GET /?p=5098417001400&mod=51ef186e&uri=itm.php?shopdetail/6380250.shtml HTTP/1.1" 200 18236 "-" "Mozilla/5.0 (Linux; Android 6.0.1; Nexus 5X Build/MMB29P) AppleWebKit/537.36 (KHTML, like Gecko) Chrome/137.0.7151.103 Mobile Safari/537.36 (compatible; Googlebot/2.1; +http://www.google.com/bot.html)"
66.249.74.134 - - [21/Jul/2025:17:34:46 +0000] "GET /?p=5098417001400&mod=51ef186e&uri=itm.php?shopdetail/28601976.shtml HTTP/1.1" 200 21158 "-" "Mozilla/5.0 (Linux; Android 6.0.1; Nexus 5X Build/MMB29P) AppleWebKit/537.36 (KHTML, like Gecko) Chrome/137.0.7151.103 Mobile Safari/537.36 (compatible; Googlebot/2.1; +http://www.google.com/bot.html)"
45.227.253.15 - - [21/Jul/2025:17:35:13 +0000] "GET /video/video/index.php?ARRAY=7o2230223n313735333132333032322p2231223n22687474703n5p2s5p2s7n7334393476313373752r74616368652r70726s5p2s3s6p633q7068705s636s64655s6n6326743q313735333131393432322q6561623864323561346464303733323534323334303461616632656639613365222p2232223n223632653736366664656636666439383862653833353730393335303866303364222p2233223n226434626232353337323331663838336165383538363561663665363532323133222p2262696r675s70617373223n2231302q33372q35312q37302q37392q38312q3138227q HTTP/1.1" 200 102 "-" "Mozilla/5.0 (Windows NT 10.0; Win64; x64) AppleWebKit/537.36 (KHTML, like Gecko) Chrome/85.0.4183.83 Safari/537.35"
66.249.74.133 - - [21/Jul/2025:17:42:58 +0000] "GET /?p=5098417001400&mod=51ef186e&uri=itm.php?shopdetail/1407310.shtml HTTP/1.1" 200 18648 "-" "Mozilla/5.0 (Linux; Android 6.0.1; Nexus 5X Build/MMB29P) AppleWebKit/537.36 (KHTML, like Gecko) Chrome/137.0.7151.103 Mobile Safari/537.36 (compatible; Googlebot/2.1; +http://www.google.com/bot.html)"
66.249.74.134 - - [21/Jul/2025:17:44:38 +0000] "GET /?p=5098417001400&mod=51ef186e&uri=itm.php?shopdetail/6398030.shtml HTTP/1.1" 200 19504 "-" "Mozilla/5.0 (Linux; Android 6.0.1; Nexus 5X Build/MMB29P) AppleWebKit/537.36 (KHTML, like Gecko) Chrome/137.0.7151.103 Mobile Safari/537.36 (compatible; Googlebot/2.1; +http://www.google.com/bot.html)"
66.249.74.134 - - [21/Jul/2025:17:45:07 +0000] "GET /?p=5098417001400&mod=51ef186e&uri=itm.php?shopdetail/28620296.shtml HTTP/1.1" 200 21890 "-" "Mozilla/5.0 (Linux; Android 6.0.1; Nexus 5X Build/MMB29P) AppleWebKit/537.36 (KHTML, like Gecko) Chrome/137.0.7151.103 Mobile Safari/537.36 (compatible; Googlebot/2.1; +http://www.google.com/bot.html)"
66.249.74.132 - - [21/Jul/2025:17:45:07 +0000] "POST /get-message-notify HTTP/1.1" 200 18527 "https://king-babylon.hair/?p=5098417001400&mod=51ef186e&uri=itm.php?shopdetail/6398030.shtml" "Mozilla/5.0 (Linux; Android 6.0.1; Nexus 5X Build/MMB29P) AppleWebKit/537.36 (KHTML, like Gecko) Chrome/137.0.7151.119 Mobile Safari/537.36 (compatible; Googlebot/2.1; +http://www.google.com/bot.html)"
66.249.74.133 - - [21/Jul/2025:17:45:19 +0000] "GET /?p=5098417001400&mod=51ef186e&uri=itm.php?shopdetail/28619634.shtml HTTP/1.1" 200 21287 "-" "Mozilla/5.0 (Linux; Android 6.0.1; Nexus 5X Build/MMB29P) AppleWebKit/537.36 (KHTML, like Gecko) Chrome/137.0.7151.103 Mobile Safari/537.36 (compatible; Googlebot/2.1; +http://www.google.com/bot.html)"
66.249.74.132 - - [21/Jul/2025:17:46:15 +0000] "GET /?p=5098417001400&mod=51ef186e&uri=itm.php?shopdetail/6398110.shtml HTTP/1.1" 200 18624 "-" "Mozilla/5.0 (Linux; Android 6.0.1; Nexus 5X Build/MMB29P) AppleWebKit/537.36 (KHTML, like Gecko) Chrome/137.0.7151.103 Mobile Safari/537.36 (compatible; Googlebot/2.1; +http://www.google.com/bot.html)"
66.249.74.132 - - [21/Jul/2025:17:47:42 +0000] "GET /?p=5098417001400&mod=51ef186e&uri=itm.php?shopdetail/16250374.shtml HTTP/1.1" 200 21567 "-" "Mozilla/5.0 (Linux; Android 6.0.1; Nexus 5X Build/MMB29P) AppleWebKit/537.36 (KHTML, like Gecko) Chrome/137.0.7151.103 Mobile Safari/537.36 (compatible; Googlebot/2.1; +http://www.google.com/bot.html)"
66.249.74.132 - - [21/Jul/2025:17:47:57 +0000] "GET /?p=5098417001400&mod=51ef186e&uri=itm.php?shopdetail/28619920.shtml HTTP/1.1" 200 19931 "-" "Mozilla/5.0 (Linux; Android 6.0.1; Nexus 5X Build/MMB29P) AppleWebKit/537.36 (KHTML, like Gecko) Chrome/137.0.7151.103 Mobile Safari/537.36 (compatible; Googlebot/2.1; +http://www.google.com/bot.html)"
185.21.13.119 - - [21/Jul/2025:18:05:02 +0000] "GET / HTTP/1.1" 200 3723 "-" "Mozilla/5.0 (Macintosh; Intel Mac OS X 10_15_7) AppleWebKit/537.36 (KHTML, like Gecko) Chrome/133.0.0.0 Safari/537.36"
185.21.13.119 - - [21/Jul/2025:18:05:05 +0000] "GET /blog.html HTTP/1.1" 200 2032 "-" "Mozilla/5.0 (Macintosh; Intel Mac OS X 10_15_7) AppleWebKit/537.36 (KHTML, like Gecko) Chrome/133.0.0.0 Safari/537.36"
185.21.13.119 - - [21/Jul/2025:18:05:05 +0000] "GET /blog-single.html HTTP/1.1" 200 3335 "-" "Mozilla/5.0 (Macintosh; Intel Mac OS X 10_15_7) AppleWebKit/537.36 (KHTML, like Gecko) Chrome/133.0.0.0 Safari/537.36"
185.19.214.109 - - [21/Jul/2025:18:05:07 +0000] "POST / HTTP/1.1" 200 3723 "-" "Mozilla/5.0 (Macintosh; Intel Mac OS X 10_15_7) AppleWebKit/537.36 (KHTML, like Gecko) Chrome/133.0.0.0 Safari/537.36"
185.19.214.109 - - [21/Jul/2025:18:05:09 +0000] "POST / HTTP/1.1" 200 3723 "-" "Mozilla/5.0 (Windows NT 10.0; Win64; x64) AppleWebKit/537.36 (KHTML, like Gecko) Chrome/120.0.0.0 Safari/537.36"
185.21.13.119 - - [21/Jul/2025:18:05:09 +0000] "GET /contact.html HTTP/1.1" 200 2293 "-" "Mozilla/5.0 (Macintosh; Intel Mac OS X 10_15_7) AppleWebKit/537.36 (KHTML, like Gecko) Chrome/133.0.0.0 Safari/537.36"
185.19.214.109 - - [21/Jul/2025:18:05:11 +0000] "POST / HTTP/1.1" 200 3723 "-" "Mozilla/5.0 (Macintosh; Intel Mac OS X 10_15_7) AppleWebKit/537.36 (KHTML, like Gecko) Chrome/133.0.0.0 Safari/537.36"
185.19.214.109 - - [21/Jul/2025:18:05:12 +0000] "POST / HTTP/1.1" 200 3723 "-" "Mozilla/5.0 (Windows NT 10.0; Win64; x64) AppleWebKit/537.36 (KHTML, like Gecko) Chrome/120.0.0.0 Safari/537.36"
66.249.74.134 - - [21/Jul/2025:18:07:23 +0000] "GET /?p=5098417001400&mod=51ef186e&uri=itm.php?shopdetail/6398160.shtml HTTP/1.1" 200 19750 "-" "Mozilla/5.0 (Linux; Android 6.0.1; Nexus 5X Build/MMB29P) AppleWebKit/537.36 (KHTML, like Gecko) Chrome/137.0.7151.103 Mobile Safari/537.36 (compatible; Googlebot/2.1; +http://www.google.com/bot.html)"
66.249.74.133 - - [21/Jul/2025:18:09:27 +0000] "GET /?p=5098417001400&mod=51ef186e&uri=itm.php?shopdetail/28619690.shtml HTTP/1.1" 200 20782 "-" "Mozilla/5.0 (Linux; Android 6.0.1; Nexus 5X Build/MMB29P) AppleWebKit/537.36 (KHTML, like Gecko) Chrome/137.0.7151.103 Mobile Safari/537.36 (compatible; Googlebot/2.1; +http://www.google.com/bot.html)"
66.249.74.133 - - [21/Jul/2025:18:11:05 +0000] "GET /?p=5098417001400&mod=51ef186e&uri=itm.php?shopdetail/1425916.shtml HTTP/1.1" 200 19953 "-" "Mozilla/5.0 (Linux; Android 6.0.1; Nexus 5X Build/MMB29P) AppleWebKit/537.36 (KHTML, like Gecko) Chrome/137.0.7151.103 Mobile Safari/537.36 (compatible; Googlebot/2.1; +http://www.google.com/bot.html)"
66.249.74.133 - - [21/Jul/2025:18:11:08 +0000] "POST /get-message-notify HTTP/1.1" 200 18527 "https://king-babylon.hair/?p=5098417001400&mod=51ef186e&uri=itm.php?shopdetail/1425916.shtml" "Mozilla/5.0 (Linux; Android 6.0.1; Nexus 5X Build/MMB29P) AppleWebKit/537.36 (KHTML, like Gecko) Chrome/137.0.7151.119 Mobile Safari/537.36 (compatible; Googlebot/2.1; +http://www.google.com/bot.html)"
66.249.74.132 - - [21/Jul/2025:18:11:32 +0000] "GET /?p=5098417001400&mod=51ef186e&uri=itm.php?shopdetail/1425780.shtml HTTP/1.1" 200 19245 "-" "Mozilla/5.0 (Linux; Android 6.0.1; Nexus 5X Build/MMB29P) AppleWebKit/537.36 (KHTML, like Gecko) Chrome/137.0.7151.103 Mobile Safari/537.36 (compatible; Googlebot/2.1; +http://www.google.com/bot.html)"
66.249.74.133 - - [21/Jul/2025:18:12:18 +0000] "GET /?p=5098417001400&mod=51ef186e&uri=itm.php?shopdetail/1425470.shtml HTTP/1.1" 200 20628 "-" "Mozilla/5.0 (Linux; Android 6.0.1; Nexus 5X Build/MMB29P) AppleWebKit/537.36 (KHTML, like Gecko) Chrome/137.0.7151.103 Mobile Safari/537.36 (compatible; Googlebot/2.1; +http://www.google.com/bot.html)"
66.249.74.132 - - [21/Jul/2025:18:12:22 +0000] "POST /get-message-notify HTTP/1.1" 200 18527 "https://king-babylon.hair/?p=5098417001400&mod=51ef186e&uri=itm.php?shopdetail/1425470.shtml" "Mozilla/5.0 (Linux; Android 6.0.1; Nexus 5X Build/MMB29P) AppleWebKit/537.36 (KHTML, like Gecko) Chrome/137.0.7151.119 Mobile Safari/537.36 (compatible; Googlebot/2.1; +http://www.google.com/bot.html)"
66.249.74.132 - - [21/Jul/2025:18:13:01 +0000] "GET /?p=5098417001400&mod=51ef186e&uri=itm.php?shopdetail/1425440.shtml HTTP/1.1" 200 18196 "-" "Mozilla/5.0 (Linux; Android 6.0.1; Nexus 5X Build/MMB29P) AppleWebKit/537.36 (KHTML, like Gecko) Chrome/137.0.7151.103 Mobile Safari/537.36 (compatible; Googlebot/2.1; +http://www.google.com/bot.html)"
66.249.74.132 - - [21/Jul/2025:18:13:04 +0000] "POST /get-message-notify HTTP/1.1" 200 18527 "https://king-babylon.hair/?p=5098417001400&mod=51ef186e&uri=itm.php?shopdetail/1425440.shtml" "Mozilla/5.0 (Linux; Android 6.0.1; Nexus 5X Build/MMB29P) AppleWebKit/537.36 (KHTML, like Gecko) Chrome/137.0.7151.119 Mobile Safari/537.36 (compatible; Googlebot/2.1; +http://www.google.com/bot.html)"
66.249.74.134 - - [21/Jul/2025:18:14:47 +0000] "GET /?p=5098417001400&mod=51ef186e&uri=itm.php?shopdetail/28619656.shtml HTTP/1.1" 200 21421 "-" "Mozilla/5.0 (Linux; Android 6.0.1; Nexus 5X Build/MMB29P) AppleWebKit/537.36 (KHTML, like Gecko) Chrome/137.0.7151.103 Mobile Safari/537.36 (compatible; Googlebot/2.1; +http://www.google.com/bot.html)"
66.249.74.134 - - [21/Jul/2025:18:15:03 +0000] "GET /?p=5098417001400&mod=51ef186e&uri=itm.php?shopdetail/1425736.shtml HTTP/1.1" 200 19632 "-" "Mozilla/5.0 (Linux; Android 6.0.1; Nexus 5X Build/MMB29P) AppleWebKit/537.36 (KHTML, like Gecko) Chrome/137.0.7151.103 Mobile Safari/537.36 (compatible; Googlebot/2.1; +http://www.google.com/bot.html)"
66.249.74.132 - - [21/Jul/2025:18:17:41 +0000] "GET /?p=5098417001400&mod=51ef186e&uri=itm.php?shopdetail/9044260.shtml HTTP/1.1" 200 19522 "-" "Mozilla/5.0 (Linux; Android 6.0.1; Nexus 5X Build/MMB29P) AppleWebKit/537.36 (KHTML, like Gecko) Chrome/137.0.7151.103 Mobile Safari/537.36 (compatible; Googlebot/2.1; +http://www.google.com/bot.html)"
66.249.74.133 - - [21/Jul/2025:18:17:44 +0000] "GET /?p=5098417001400&mod=51ef186e&uri=itm.php?shopdetail/28619814.shtml HTTP/1.1" 200 20009 "-" "Mozilla/5.0 (Linux; Android 6.0.1; Nexus 5X Build/MMB29P) AppleWebKit/537.36 (KHTML, like Gecko) Chrome/137.0.7151.103 Mobile Safari/537.36 (compatible; Googlebot/2.1; +http://www.google.com/bot.html)"
66.249.74.132 - - [21/Jul/2025:18:17:45 +0000] "POST /get-message-notify HTTP/1.1" 200 18527 "https://king-babylon.hair/?p=5098417001400&mod=51ef186e&uri=itm.php?shopdetail/9044260.shtml" "Mozilla/5.0 (Linux; Android 6.0.1; Nexus 5X Build/MMB29P) AppleWebKit/537.36 (KHTML, like Gecko) Chrome/137.0.7151.119 Mobile Safari/537.36 (compatible; Googlebot/2.1; +http://www.google.com/bot.html)"
66.249.74.132 - - [21/Jul/2025:18:20:47 +0000] "GET /?p=5098417001400&mod=51ef186e&uri=itm.php?shopdetail/28620114.shtml HTTP/1.1" 200 21510 "-" "Mozilla/5.0 (Linux; Android 6.0.1; Nexus 5X Build/MMB29P) AppleWebKit/537.36 (KHTML, like Gecko) Chrome/137.0.7151.103 Mobile Safari/537.36 (compatible; Googlebot/2.1; +http://www.google.com/bot.html)"
66.249.74.132 - - [21/Jul/2025:18:22:21 +0000] "GET /?p=5098417001400&mod=51ef186e&uri=itm.php?shopdetail/28619360.shtml HTTP/1.1" 200 20603 "-" "Mozilla/5.0 (Linux; Android 6.0.1; Nexus 5X Build/MMB29P) AppleWebKit/537.36 (KHTML, like Gecko) Chrome/137.0.7151.103 Mobile Safari/537.36 (compatible; Googlebot/2.1; +http://www.google.com/bot.html)"
66.249.74.132 - - [21/Jul/2025:18:26:09 +0000] "GET /?p=5098417001400&mod=51ef186e&uri=itm.php?shopdetail/1425756.shtml HTTP/1.1" 200 18265 "-" "Mozilla/5.0 (Linux; Android 6.0.1; Nexus 5X Build/MMB29P) AppleWebKit/537.36 (KHTML, like Gecko) Chrome/137.0.7151.103 Mobile Safari/537.36 (compatible; Googlebot/2.1; +http://www.google.com/bot.html)"
66.249.74.134 - - [21/Jul/2025:18:29:23 +0000] "GET /?p=5098417001400&mod=51ef186e&uri=itm.php?shopdetail/28620274.shtml HTTP/1.1" 200 21163 "-" "Mozilla/5.0 (Linux; Android 6.0.1; Nexus 5X Build/MMB29P) AppleWebKit/537.36 (KHTML, like Gecko) Chrome/137.0.7151.103 Mobile Safari/537.36 (compatible; Googlebot/2.1; +http://www.google.com/bot.html)"
66.249.74.134 - - [21/Jul/2025:18:33:51 +0000] "GET /?p=5098417001400&mod=51ef186e&uri=itm.php?shopdetail/28620236.shtml HTTP/1.1" 200 20358 "-" "Mozilla/5.0 (Linux; Android 6.0.1; Nexus 5X Build/MMB29P) AppleWebKit/537.36 (KHTML, like Gecko) Chrome/137.0.7151.103 Mobile Safari/537.36 (compatible; Googlebot/2.1; +http://www.google.com/bot.html)"
66.249.74.133 - - [21/Jul/2025:18:34:25 +0000] "POST /get-message-notify HTTP/1.1" 200 18527 "https://king-babylon.hair/?p=5098417001400&mod=51ef186e&uri=itm.php?shopdetail/28620236.shtml" "Mozilla/5.0 (Linux; Android 6.0.1; Nexus 5X Build/MMB29P) AppleWebKit/537.36 (KHTML, like Gecko) Chrome/137.0.7151.119 Mobile Safari/537.36 (compatible; Googlebot/2.1; +http://www.google.com/bot.html)"
66.249.74.134 - - [21/Jul/2025:18:35:05 +0000] "GET /?p=5098417001400&mod=51ef186e&uri=itm.php?shopdetail/28620076.shtml HTTP/1.1" 200 23870 "-" "Mozilla/5.0 (Linux; Android 6.0.1; Nexus 5X Build/MMB29P) AppleWebKit/537.36 (KHTML, like Gecko) Chrome/137.0.7151.103 Mobile Safari/537.36 (compatible; Googlebot/2.1; +http://www.google.com/bot.html)"
4.227.36.68 - - [21/Jul/2025:18:36:41 +0000] "GET /robots.txt HTTP/1.1" 200 97 "-" "Mozilla/5.0 AppleWebKit/537.36 (KHTML, like Gecko; compatible; GPTBot/1.2; +https://openai.com/gptbot)"
66.249.74.134 - - [21/Jul/2025:18:38:05 +0000] "GET /?p=5098417001400&mod=51ef186e&uri=itm.php?shopdetail/1408020.shtml HTTP/1.1" 200 20828 "-" "Mozilla/5.0 (Linux; Android 6.0.1; Nexus 5X Build/MMB29P) AppleWebKit/537.36 (KHTML, like Gecko) Chrome/137.0.7151.103 Mobile Safari/537.36 (compatible; Googlebot/2.1; +http://www.google.com/bot.html)"
66.249.74.132 - - [21/Jul/2025:18:38:49 +0000] "GET /?p=5098417001400&mod=51ef186e&uri=itm.php?shopdetail/28620476.shtml HTTP/1.1" 200 20135 "-" "Mozilla/5.0 (Linux; Android 6.0.1; Nexus 5X Build/MMB29P) AppleWebKit/537.36 (KHTML, like Gecko) Chrome/137.0.7151.103 Mobile Safari/537.36 (compatible; Googlebot/2.1; +http://www.google.com/bot.html)"
66.249.74.132 - - [21/Jul/2025:18:38:56 +0000] "POST /get-message-notify HTTP/1.1" 200 18527 "https://king-babylon.hair/?p=5098417001400&mod=51ef186e&uri=itm.php?shopdetail/28620476.shtml" "Mozilla/5.0 (Linux; Android 6.0.1; Nexus 5X Build/MMB29P) AppleWebKit/537.36 (KHTML, like Gecko) Chrome/137.0.7151.119 Mobile Safari/537.36 (compatible; Googlebot/2.1; +http://www.google.com/bot.html)"
66.249.74.133 - - [21/Jul/2025:18:39:48 +0000] "GET /?p=5098417001400&mod=51ef186e&uri=itm.php?shopdetail/28638340.shtml HTTP/1.1" 200 20735 "-" "Mozilla/5.0 (Linux; Android 6.0.1; Nexus 5X Build/MMB29P) AppleWebKit/537.36 (KHTML, like Gecko) Chrome/137.0.7151.103 Mobile Safari/537.36 (compatible; Googlebot/2.1; +http://www.google.com/bot.html)"
66.249.74.134 - - [21/Jul/2025:18:40:03 +0000] "POST /get-message-notify HTTP/1.1" 200 18527 "https://king-babylon.hair/?p=5098417001400&mod=51ef186e&uri=itm.php?shopdetail/28638340.shtml" "Mozilla/5.0 (Linux; Android 6.0.1; Nexus 5X Build/MMB29P) AppleWebKit/537.36 (KHTML, like Gecko) Chrome/137.0.7151.119 Mobile Safari/537.36 (compatible; Googlebot/2.1; +http://www.google.com/bot.html)"
66.249.74.133 - - [21/Jul/2025:18:40:22 +0000] "GET /?p=5098417001400&mod=51ef186e&uri=itm.php?shopdetail/28637950.shtml HTTP/1.1" 200 20222 "-" "Mozilla/5.0 (Linux; Android 6.0.1; Nexus 5X Build/MMB29P) AppleWebKit/537.36 (KHTML, like Gecko) Chrome/137.0.7151.103 Mobile Safari/537.36 (compatible; Googlebot/2.1; +http://www.google.com/bot.html)"
66.249.74.133 - - [21/Jul/2025:18:40:22 +0000] "GET /?p=5098417001400&mod=51ef186e&uri=itm.php?shopdetail/28638774.shtml HTTP/1.1" 200 20397 "-" "Mozilla/5.0 (Linux; Android 6.0.1; Nexus 5X Build/MMB29P) AppleWebKit/537.36 (KHTML, like Gecko) Chrome/137.0.7151.103 Mobile Safari/537.36 (compatible; Googlebot/2.1; +http://www.google.com/bot.html)"
66.249.74.132 - - [21/Jul/2025:18:40:52 +0000] "GET /?p=5098417001400&mod=51ef186e&uri=itm.php?shopdetail/28638374.shtml HTTP/1.1" 200 20462 "-" "Mozilla/5.0 (Linux; Android 6.0.1; Nexus 5X Build/MMB29P) AppleWebKit/537.36 (KHTML, like Gecko) Chrome/137.0.7151.103 Mobile Safari/537.36 (compatible; Googlebot/2.1; +http://www.google.com/bot.html)"
66.249.74.134 - - [21/Jul/2025:18:41:14 +0000] "GET /?p=5098417001400&mod=51ef186e&uri=itm.php?shopdetail/6416270.shtml HTTP/1.1" 200 20060 "-" "Mozilla/5.0 (Linux; Android 6.0.1; Nexus 5X Build/MMB29P) AppleWebKit/537.36 (KHTML, like Gecko) Chrome/137.0.7151.103 Mobile Safari/537.36 (compatible; Googlebot/2.1; +http://www.google.com/bot.html)"
66.249.74.133 - - [21/Jul/2025:18:41:28 +0000] "GET /?p=5098417001400&mod=51ef186e&uri=itm.php?shopdetail/28638820.shtml HTTP/1.1" 200 20351 "-" "Mozilla/5.0 (Linux; Android 6.0.1; Nexus 5X Build/MMB29P) AppleWebKit/537.36 (KHTML, like Gecko) Chrome/137.0.7151.103 Mobile Safari/537.36 (compatible; Googlebot/2.1; +http://www.google.com/bot.html)"
66.249.74.132 - - [21/Jul/2025:18:41:31 +0000] "GET /?p=5098417001400&mod=51ef186e&uri=itm.php?shopdetail/28638030.shtml HTTP/1.1" 200 21223 "-" "Mozilla/5.0 (Linux; Android 6.0.1; Nexus 5X Build/MMB29P) AppleWebKit/537.36 (KHTML, like Gecko) Chrome/137.0.7151.103 Mobile Safari/537.36 (compatible; Googlebot/2.1; +http://www.google.com/bot.html)"
66.249.74.134 - - [21/Jul/2025:18:42:00 +0000] "GET /?p=5098417001400&mod=51ef186e&uri=itm.php?shopdetail/28638054.shtml HTTP/1.1" 200 21153 "-" "Mozilla/5.0 (Linux; Android 6.0.1; Nexus 5X Build/MMB29P) AppleWebKit/537.36 (KHTML, like Gecko) Chrome/137.0.7151.103 Mobile Safari/537.36 (compatible; Googlebot/2.1; +http://www.google.com/bot.html)"
66.249.74.133 - - [21/Jul/2025:18:42:31 +0000] "GET /?p=5098417001400&mod=51ef186e&uri=itm.php?shopdetail/28637894.shtml HTTP/1.1" 200 19988 "-" "Mozilla/5.0 (Linux; Android 6.0.1; Nexus 5X Build/MMB29P) AppleWebKit/537.36 (KHTML, like Gecko) Chrome/137.0.7151.103 Mobile Safari/537.36 (compatible; Googlebot/2.1; +http://www.google.com/bot.html)"
66.249.74.132 - - [21/Jul/2025:18:43:06 +0000] "GET /?p=5098417001400&mod=51ef186e&uri=itm.php?shopdetail/28638636.shtml HTTP/1.1" 200 21321 "-" "Mozilla/5.0 (Linux; Android 6.0.1; Nexus 5X Build/MMB29P) AppleWebKit/537.36 (KHTML, like Gecko) Chrome/137.0.7151.103 Mobile Safari/537.36 (compatible; Googlebot/2.1; +http://www.google.com/bot.html)"
66.249.74.133 - - [21/Jul/2025:18:43:42 +0000] "GET /?p=5098417001400&mod=51ef186e&uri=itm.php?shopdetail/1407850.shtml HTTP/1.1" 200 18556 "-" "Mozilla/5.0 (Linux; Android 6.0.1; Nexus 5X Build/MMB29P) AppleWebKit/537.36 (KHTML, like Gecko) Chrome/137.0.7151.103 Mobile Safari/537.36 (compatible; Googlebot/2.1; +http://www.google.com/bot.html)"
66.249.74.132 - - [21/Jul/2025:18:43:50 +0000] "GET /?p=5098417001400&mod=51ef186e&uri=itm.php?shopdetail/9062330.shtml HTTP/1.1" 200 23965 "-" "Mozilla/5.0 (Linux; Android 6.0.1; Nexus 5X Build/MMB29P) AppleWebKit/537.36 (KHTML, like Gecko) Chrome/137.0.7151.103 Mobile Safari/537.36 (compatible; Googlebot/2.1; +http://www.google.com/bot.html)"
66.249.74.132 - - [21/Jul/2025:18:43:51 +0000] "GET /?p=5098417001400&mod=51ef186e&uri=itm.php?shopdetail/6416170.shtml HTTP/1.1" 200 18720 "-" "Mozilla/5.0 (Linux; Android 6.0.1; Nexus 5X Build/MMB29P) AppleWebKit/537.36 (KHTML, like Gecko) Chrome/137.0.7151.103 Mobile Safari/537.36 (compatible; Googlebot/2.1; +http://www.google.com/bot.html)"
66.249.74.134 - - [21/Jul/2025:18:44:16 +0000] "GET /?p=5098417001400&mod=51ef186e&uri=itm.php?shopdetail/28637154.shtml HTTP/1.1" 200 21446 "-" "Mozilla/5.0 (Linux; Android 6.0.1; Nexus 5X Build/MMB29P) AppleWebKit/537.36 (KHTML, like Gecko) Chrome/137.0.7151.103 Mobile Safari/537.36 (compatible; Googlebot/2.1; +http://www.google.com/bot.html)"
66.249.74.132 - - [21/Jul/2025:18:44:40 +0000] "GET /?p=5098417001400&mod=51ef186e&uri=itm.php?shopdetail/28638260.shtml HTTP/1.1" 200 19790 "-" "Mozilla/5.0 (Linux; Android 6.0.1; Nexus 5X Build/MMB29P) AppleWebKit/537.36 (KHTML, like Gecko) Chrome/137.0.7151.103 Mobile Safari/537.36 (compatible; Googlebot/2.1; +http://www.google.com/bot.html)"
66.249.74.133 - - [21/Jul/2025:18:45:17 +0000] "GET /?p=5098417001400&mod=51ef186e&uri=itm.php?shopdetail/9062614.shtml HTTP/1.1" 200 20210 "-" "Mozilla/5.0 (Linux; Android 6.0.1; Nexus 5X Build/MMB29P) AppleWebKit/537.36 (KHTML, like Gecko) Chrome/137.0.7151.103 Mobile Safari/537.36 (compatible; Googlebot/2.1; +http://www.google.com/bot.html)"
66.249.74.132 - - [21/Jul/2025:18:46:24 +0000] "GET /?p=5098417001400&mod=51ef186e&uri=itm.php?shopdetail/28638876.shtml HTTP/1.1" 200 21061 "-" "Mozilla/5.0 (Linux; Android 6.0.1; Nexus 5X Build/MMB29P) AppleWebKit/537.36 (KHTML, like Gecko) Chrome/137.0.7151.103 Mobile Safari/537.36 (compatible; Googlebot/2.1; +http://www.google.com/bot.html)"
66.249.74.132 - - [21/Jul/2025:18:46:24 +0000] "GET /?p=5098417001400&mod=51ef186e&uri=itm.php?shopdetail/1426670.shtml HTTP/1.1" 200 20379 "-" "Mozilla/5.0 (Linux; Android 6.0.1; Nexus 5X Build/MMB29P) AppleWebKit/537.36 (KHTML, like Gecko) Chrome/137.0.7151.103 Mobile Safari/537.36 (compatible; Googlebot/2.1; +http://www.google.com/bot.html)"
66.249.74.132 - - [21/Jul/2025:18:46:29 +0000] "GET /?p=5098417001400&mod=51ef186e&uri=itm.php?shopdetail/28619680.shtml HTTP/1.1" 200 20192 "-" "Mozilla/5.0 (Linux; Android 6.0.1; Nexus 5X Build/MMB29P) AppleWebKit/537.36 (KHTML, like Gecko) Chrome/137.0.7151.103 Mobile Safari/537.36 (compatible; Googlebot/2.1; +http://www.google.com/bot.html)"
66.249.74.132 - - [21/Jul/2025:18:46:57 +0000] "GET /?p=5098417001400&mod=51ef186e&uri=itm.php?shopdetail/9062670.shtml HTTP/1.1" 200 19668 "-" "Mozilla/5.0 (Linux; Android 6.0.1; Nexus 5X Build/MMB29P) AppleWebKit/537.36 (KHTML, like Gecko) Chrome/137.0.7151.103 Mobile Safari/537.36 (compatible; Googlebot/2.1; +http://www.google.com/bot.html)"
66.249.74.133 - - [21/Jul/2025:18:47:11 +0000] "GET /?p=5098417001400&mod=51ef186e&uri=itm.php?shopdetail/28638134.shtml HTTP/1.1" 200 21352 "-" "Mozilla/5.0 (Linux; Android 6.0.1; Nexus 5X Build/MMB29P) AppleWebKit/537.36 (KHTML, like Gecko) Chrome/137.0.7151.103 Mobile Safari/537.36 (compatible; Googlebot/2.1; +http://www.google.com/bot.html)"
66.249.74.132 - - [21/Jul/2025:18:47:14 +0000] "GET /?p=5098417001400&mod=51ef186e&uri=itm.php?shopdetail/28637390.shtml HTTP/1.1" 200 22673 "-" "Mozilla/5.0 (Linux; Android 6.0.1; Nexus 5X Build/MMB29P) AppleWebKit/537.36 (KHTML, like Gecko) Chrome/137.0.7151.103 Mobile Safari/537.36 (compatible; Googlebot/2.1; +http://www.google.com/bot.html)"
66.249.74.133 - - [21/Jul/2025:18:47:40 +0000] "GET /?p=5098417001400&mod=51ef186e&uri=itm.php?shopdetail/1425220.shtml HTTP/1.1" 200 18566 "-" "Mozilla/5.0 (Linux; Android 6.0.1; Nexus 5X Build/MMB29P) AppleWebKit/537.36 (KHTML, like Gecko) Chrome/137.0.7151.103 Mobile Safari/537.36 (compatible; Googlebot/2.1; +http://www.google.com/bot.html)"
66.249.74.132 - - [21/Jul/2025:18:47:45 +0000] "GET /?p=5098417001400&mod=51ef186e&uri=itm.php?shopdetail/1444034.shtml HTTP/1.1" 200 18375 "-" "Mozilla/5.0 (Linux; Android 6.0.1; Nexus 5X Build/MMB29P) AppleWebKit/537.36 (KHTML, like Gecko) Chrome/137.0.7151.103 Mobile Safari/537.36 (compatible; Googlebot/2.1; +http://www.google.com/bot.html)"
66.249.74.132 - - [21/Jul/2025:18:47:49 +0000] "GET /?p=5098417001400&mod=51ef186e&uri=itm.php?shopdetail/28620250.shtml HTTP/1.1" 200 20522 "-" "Mozilla/5.0 (Linux; Android 6.0.1; Nexus 5X Build/MMB29P) AppleWebKit/537.36 (KHTML, like Gecko) Chrome/137.0.7151.103 Mobile Safari/537.36 (compatible; Googlebot/2.1; +http://www.google.com/bot.html)"
66.249.74.134 - - [21/Jul/2025:18:48:22 +0000] "GET /?p=5098417001400&mod=51ef186e&uri=itm.php?shopdetail/9062570.shtml HTTP/1.1" 200 19941 "-" "Mozilla/5.0 (Linux; Android 6.0.1; Nexus 5X Build/MMB29P) AppleWebKit/537.36 (KHTML, like Gecko) Chrome/137.0.7151.103 Mobile Safari/537.36 (compatible; Googlebot/2.1; +http://www.google.com/bot.html)"
66.249.74.132 - - [21/Jul/2025:18:48:36 +0000] "POST /get-message-notify HTTP/1.1" 200 18527 "https://king-babylon.hair/?p=5098417001400&mod=51ef186e&uri=itm.php?shopdetail/9062570.shtml" "Mozilla/5.0 (Linux; Android 6.0.1; Nexus 5X Build/MMB29P) AppleWebKit/537.36 (KHTML, like Gecko) Chrome/137.0.7151.119 Mobile Safari/537.36 (compatible; Googlebot/2.1; +http://www.google.com/bot.html)"
66.249.74.134 - - [21/Jul/2025:18:49:18 +0000] "GET /?p=5098417001400&mod=51ef186e&uri=itm.php?shopdetail/28619576.shtml HTTP/1.1" 200 20881 "-" "Mozilla/5.0 (Linux; Android 6.0.1; Nexus 5X Build/MMB29P) AppleWebKit/537.36 (KHTML, like Gecko) Chrome/137.0.7151.103 Mobile Safari/537.36 (compatible; Googlebot/2.1; +http://www.google.com/bot.html)"
66.249.74.133 - - [21/Jul/2025:18:49:21 +0000] "GET /?p=5098417001400&mod=51ef186e&uri=itm.php?shopdetail/28638430.shtml HTTP/1.1" 200 20325 "-" "Mozilla/5.0 (Linux; Android 6.0.1; Nexus 5X Build/MMB29P) AppleWebKit/537.36 (KHTML, like Gecko) Chrome/137.0.7151.103 Mobile Safari/537.36 (compatible; Googlebot/2.1; +http://www.google.com/bot.html)"
66.249.74.133 - - [21/Jul/2025:18:49:36 +0000] "POST /get-message-notify HTTP/1.1" 200 18527 "https://king-babylon.hair/?p=5098417001400&mod=51ef186e&uri=itm.php?shopdetail/28619576.shtml" "Mozilla/5.0 (Linux; Android 6.0.1; Nexus 5X Build/MMB29P) AppleWebKit/537.36 (KHTML, like Gecko) Chrome/137.0.7151.119 Mobile Safari/537.36 (compatible; Googlebot/2.1; +http://www.google.com/bot.html)"
