Current File : /home/kelaby89/access-logs/kraft-court.cafe.sixpack.studio-ssl_log |
57.141.2.1 - - [21/Jul/2025:12:07:55 +0000] "GET /detail/2212021158.htm HTTP/1.1" 404 - "-" "meta-externalagent/1.1 (+https://developers.facebook.com/docs/sharing/webmasters/crawler)"
209.74.77.214 - - [21/Jul/2025:12:08:00 +0000] "POST /wp-cron.php?doing_wp_cron=1753099680.7511320114135742187500 HTTP/1.1" 200 - "-" "WordPress/6.8.2; https://kraft-court.cafe"
57.141.2.16 - - [21/Jul/2025:12:07:58 +0000] "GET /?x=15525575081800& HTTP/1.1" 301 - "-" "meta-externalagent/1.1 (+https://developers.facebook.com/docs/sharing/webmasters/crawler)"
57.141.2.3 - - [21/Jul/2025:12:08:23 +0000] "GET /?x=27373122021800& HTTP/1.1" 301 - "-" "meta-externalagent/1.1 (+https://developers.facebook.com/docs/sharing/webmasters/crawler)"
57.141.2.18 - - [21/Jul/2025:12:08:32 +0000] "GET /?x=27373122021800 HTTP/1.1" 200 5469 "-" "meta-externalagent/1.1 (+https://developers.facebook.com/docs/sharing/webmasters/crawler)"
51.222.253.15 - - [21/Jul/2025:12:09:12 +0000] "GET /recollection.php?shopdetail/37354743 HTTP/1.1" 200 - "-" "Mozilla/5.0 (compatible; AhrefsBot/7.0; +http://ahrefs.com/robot/)"
209.74.77.214 - - [21/Jul/2025:12:09:13 +0000] "POST /wp-cron.php?doing_wp_cron=1753099753.7965290546417236328125 HTTP/1.1" 200 - "-" "WordPress/6.8.2; https://kraft-court.cafe"
57.141.2.28 - - [21/Jul/2025:12:09:12 +0000] "GET /?x=94549894071800& HTTP/1.1" 301 - "-" "meta-externalagent/1.1 (+https://developers.facebook.com/docs/sharing/webmasters/crawler)"
57.141.2.20 - - [21/Jul/2025:12:09:23 +0000] "GET /?x=94549894071800 HTTP/1.1" 200 5469 "-" "meta-externalagent/1.1 (+https://developers.facebook.com/docs/sharing/webmasters/crawler)"
66.249.65.37 - - [21/Jul/2025:12:09:28 +0000] "GET /?x=99461379041800&mod=48584348&uri=pin.php?detail/5895523.htm HTTP/1.1" 200 18642 "-" "Mozilla/5.0 (Linux; Android 6.0.1; Nexus 5X Build/MMB29P) AppleWebKit/537.36 (KHTML, like Gecko) Chrome/137.0.7151.103 Mobile Safari/537.36 (compatible; Googlebot/2.1; +http://www.google.com/bot.html)"
57.141.2.14 - - [21/Jul/2025:12:10:08 +0000] "GET /detail/1297338571.htm HTTP/1.1" 404 - "-" "meta-externalagent/1.1 (+https://developers.facebook.com/docs/sharing/webmasters/crawler)"
57.141.2.20 - - [21/Jul/2025:12:10:37 +0000] "GET /detail/1297240751.htm HTTP/1.1" 404 - "-" "meta-externalagent/1.1 (+https://developers.facebook.com/docs/sharing/webmasters/crawler)"
209.74.77.214 - - [21/Jul/2025:12:11:02 +0000] "POST /wp-cron.php?doing_wp_cron=1753099862.6297469139099121093750 HTTP/1.1" 200 - "-" "WordPress/6.8.2; https://kraft-court.cafe"
47.82.11.62 - - [21/Jul/2025:12:10:58 +0000] "GET /?x=39985214041800&mod=a8849b05&uri=search.php?id%3D1334500-57%26name%3Dlandmark+bluetooth+earphone+price HTTP/1.1" 301 - "https://kraft-court.cafe/?x=39985214041800&mod=a8849b05&uri=search.php%3Fid%3D1334500-57%26name%3Dlandmark+bluetooth+earphone+price" "Mozilla/5.0 (Windows NT 10.0; Win64; x64) AppleWebKit/537.36 (KHTML, like Gecko) Chrome/114.0.0.0 Safari/537.36 Edg/114.0.1823.43"
47.82.11.62 - - [21/Jul/2025:12:11:03 +0000] "GET /?x=39985214041800&mod=a8849b05&uri=search.php?id%3D1334500-57%26name%3Dlandmark%20bluetooth%20earphone%20price HTTP/1.1" 301 - "https://kraft-court.cafe/?x=39985214041800&mod=a8849b05&uri=search.php%3Fid%3D1334500-57%26name%3Dlandmark+bluetooth+earphone+price" "Mozilla/5.0 (Windows NT 10.0; Win64; x64) AppleWebKit/537.36 (KHTML, like Gecko) Chrome/114.0.0.0 Safari/537.36 Edg/114.0.1823.43"
66.249.65.37 - - [21/Jul/2025:12:19:36 +0000] "GET /?x=5540284051800&mod=ffbd6cbb&uri=shop.php?detail/4389121.htm HTTP/1.1" 200 19207 "-" "Mozilla/5.0 (Linux; Android 6.0.1; Nexus 5X Build/MMB29P) AppleWebKit/537.36 (KHTML, like Gecko) Chrome/137.0.7151.103 Mobile Safari/537.36 (compatible; Googlebot/2.1; +http://www.google.com/bot.html)"
66.249.65.35 - - [21/Jul/2025:12:20:32 +0000] "POST /get-message-notify HTTP/1.1" 404 - "https://kraft-court.cafe/?x=5540284051800&mod=ffbd6cbb&uri=shop.php?detail/4389121.htm" "Mozilla/5.0 (Linux; Android 6.0.1; Nexus 5X Build/MMB29P) AppleWebKit/537.36 (KHTML, like Gecko) Chrome/137.0.7151.119 Mobile Safari/537.36 (compatible; Googlebot/2.1; +http://www.google.com/bot.html)"
66.249.65.37 - - [21/Jul/2025:12:21:35 +0000] "GET /?x=119722543071800&mod=faefec47&uri=pin.php?detail/56049931.htm HTTP/1.1" 200 19719 "-" "Mozilla/5.0 (Linux; Android 6.0.1; Nexus 5X Build/MMB29P) AppleWebKit/537.36 (KHTML, like Gecko) Chrome/137.0.7151.103 Mobile Safari/537.36 (compatible; Googlebot/2.1; +http://www.google.com/bot.html)"
209.74.77.214 - - [21/Jul/2025:12:22:31 +0000] "POST /wp-cron.php?doing_wp_cron=1753100551.3613529205322265625000 HTTP/1.1" 200 - "-" "WordPress/6.8.2; https://kraft-court.cafe"
47.82.11.3 - - [21/Jul/2025:12:22:29 +0000] "GET /?x=5628723131800&mod=9a96a2c7&uri=goods.php?id%3D187938-301%26name%3Ddisfraz+carnaval+bebe+a%C3%83%C2%B1o HTTP/1.1" 301 - "https://kraft-court.cafe/?x=5628723131800&mod=9a96a2c7&uri=goods.php%3Fid%3D187938-301%26name%3Ddisfraz+carnaval+bebe+a%C3%83%C2%B1o" "Mozilla/5.0 (Windows NT 10.0; Win64; x64) AppleWebKit/537.36 (KHTML, like Gecko) Chrome/114.0.0.0 Safari/537.36 Edg/114.0.1823.43"
47.82.11.3 - - [21/Jul/2025:12:22:31 +0000] "GET /?x=5628723131800&mod=9a96a2c7&uri=goods.php?id%3D187938-301%26name%3Ddisfraz%20carnaval%20bebe%20a%C3%83%C2%B1o HTTP/1.1" 301 - "https://kraft-court.cafe/?x=5628723131800&mod=9a96a2c7&uri=goods.php%3Fid%3D187938-301%26name%3Ddisfraz+carnaval+bebe+a%C3%83%C2%B1o" "Mozilla/5.0 (Windows NT 10.0; Win64; x64) AppleWebKit/537.36 (KHTML, like Gecko) Chrome/114.0.0.0 Safari/537.36 Edg/114.0.1823.43"
57.141.2.26 - - [21/Jul/2025:12:22:44 +0000] "GET /detail/1296783069.htm HTTP/1.1" 404 - "-" "meta-externalagent/1.1 (+https://developers.facebook.com/docs/sharing/webmasters/crawler)"
66.249.65.37 - - [21/Jul/2025:12:25:27 +0000] "GET /?x=5541424031800&mod=cd3afef9&uri=us.php?detail/54537318.htm HTTP/1.1" 200 19461 "-" "Mozilla/5.0 (Linux; Android 6.0.1; Nexus 5X Build/MMB29P) AppleWebKit/537.36 (KHTML, like Gecko) Chrome/137.0.7151.103 Mobile Safari/537.36 (compatible; Googlebot/2.1; +http://www.google.com/bot.html)"
66.249.65.36 - - [21/Jul/2025:12:25:30 +0000] "POST /get-message-notify HTTP/1.1" 404 - "https://kraft-court.cafe/?x=5541424031800&mod=cd3afef9&uri=us.php?detail/54537318.htm" "Mozilla/5.0 (Linux; Android 6.0.1; Nexus 5X Build/MMB29P) AppleWebKit/537.36 (KHTML, like Gecko) Chrome/137.0.7151.119 Mobile Safari/537.36 (compatible; Googlebot/2.1; +http://www.google.com/bot.html)"
209.74.77.214 - - [21/Jul/2025:12:26:20 +0000] "POST /wp-cron.php?doing_wp_cron=1753100780.8690400123596191406250 HTTP/1.1" 200 - "-" "WordPress/6.8.2; https://kraft-court.cafe"
178.20.47.92 - - [21/Jul/2025:12:26:18 +0000] "GET / HTTP/1.1" 301 - "-" "Mozilla/5.0 (Macintosh; Intel Mac OS X 10_15_7) AppleWebKit/537.36 (KHTML, like Gecko) Chrome/133.0.0.0 Safari/537.36"
178.20.47.92 - - [21/Jul/2025:12:26:21 +0000] "GET / HTTP/1.1" 200 1847 "https://KRAFT-COURT.CAFE" "Mozilla/5.0 (Macintosh; Intel Mac OS X 10_15_7) AppleWebKit/537.36 (KHTML, like Gecko) Chrome/133.0.0.0 Safari/537.36"
178.20.47.92 - - [21/Jul/2025:12:26:23 +0000] "GET /wp-login.php?action=lostpassword HTTP/1.1" 200 1070 "-" "Mozilla/5.0 (Macintosh; Intel Mac OS X 10_15_7) AppleWebKit/537.36 (KHTML, like Gecko) Chrome/133.0.0.0 Safari/537.36"
103.175.37.183 - - [21/Jul/2025:12:26:25 +0000] "POST /wp-login.php?action=lostpassword HTTP/1.1" 200 1175 "-" "Mozilla/5.0 (Macintosh; Intel Mac OS X 10_15_7) AppleWebKit/537.36 (KHTML, like Gecko) Chrome/133.0.0.0 Safari/537.36"
103.175.37.183 - - [21/Jul/2025:12:26:27 +0000] "POST /wp-login.php?action=lostpassword HTTP/1.1" 200 1139 "-" "Mozilla/5.0 (Windows NT 10.0; Win64; x64) AppleWebKit/537.36 (KHTML, like Gecko) Chrome/120.0.0.0 Safari/537.36"
178.20.47.92 - - [21/Jul/2025:12:26:28 +0000] "GET /wp-login.php HTTP/1.1" 200 1835 "-" "Mozilla/5.0 (Macintosh; Intel Mac OS X 10_15_7) AppleWebKit/537.36 (KHTML, like Gecko) Chrome/133.0.0.0 Safari/537.36"
66.249.65.35 - - [21/Jul/2025:12:28:54 +0000] "GET /?x=5539324031800&mod=ffbd6cbb&uri=shop.php%3Fid%3D184924-310%26name%3Dideapad+geforce HTTP/1.1" 200 18416 "-" "Mozilla/5.0 (Linux; Android 6.0.1; Nexus 5X Build/MMB29P) AppleWebKit/537.36 (KHTML, like Gecko) Chrome/137.0.7151.103 Mobile Safari/537.36 (compatible; Googlebot/2.1; +http://www.google.com/bot.html)"
66.249.65.37 - - [21/Jul/2025:12:30:17 +0000] "GET /?x=82860864051800&mod=e3019767&uri=news.php?detail/4419064.htm HTTP/1.1" 200 19610 "-" "Mozilla/5.0 (Linux; Android 6.0.1; Nexus 5X Build/MMB29P) AppleWebKit/537.36 (KHTML, like Gecko) Chrome/137.0.7151.103 Mobile Safari/537.36 (compatible; Googlebot/2.1; +http://www.google.com/bot.html)"
66.249.65.36 - - [21/Jul/2025:12:30:45 +0000] "GET /?x=5541784001800&mod=dfa92d8f&uri=itm.php%3Fid%3D185006-156%26name%3Dgeorge+asda+muslins HTTP/1.1" 200 18417 "-" "Mozilla/5.0 (Linux; Android 6.0.1; Nexus 5X Build/MMB29P) AppleWebKit/537.36 (KHTML, like Gecko) Chrome/137.0.7151.103 Mobile Safari/537.36 (compatible; Googlebot/2.1; +http://www.google.com/bot.html)"
199.45.155.86 - - [21/Jul/2025:12:31:13 +0000] "GET / HTTP/1.1" 200 1847 "-" "Mozilla/5.0 (compatible; CensysInspect/1.1; +https://about.censys.io/)"
199.45.155.86 - - [21/Jul/2025:12:31:17 +0000] "GET /favicon.ico HTTP/1.1" 404 - "-" "Mozilla/5.0 (compatible; CensysInspect/1.1; +https://about.censys.io/)"
51.222.253.19 - - [21/Jul/2025:12:31:31 +0000] "GET /recollection.php?shopdetail/39524843 HTTP/1.1" 200 - "-" "Mozilla/5.0 (compatible; AhrefsBot/7.0; +http://ahrefs.com/robot/)"
199.45.155.86 - - [21/Jul/2025:12:31:34 +0000] "GET /favicon.ico HTTP/1.1" 404 - "-" "Mozilla/5.0 (compatible; CensysInspect/1.1; +https://about.censys.io/)"
199.45.155.86 - - [21/Jul/2025:12:31:41 +0000] "GET /security.txt HTTP/1.1" 404 - "-" "Mozilla/5.0 (compatible; CensysInspect/1.1; +https://about.censys.io/)"
209.74.77.214 - - [21/Jul/2025:12:31:41 +0000] "POST /wp-cron.php?doing_wp_cron=1753101101.7274210453033447265625 HTTP/1.1" 200 - "-" "WordPress/6.8.2; https://kraft-court.cafe"
47.82.11.14 - - [21/Jul/2025:12:31:40 +0000] "GET /?x=5986799041800&mod=e3ea3396&uri=shared.php?id%3D199921-345%26name%3Ddistribuidores+de+ropa+americana+nueva HTTP/1.1" 301 - "https://kraft-court.cafe/?x=5986799041800&mod=e3ea3396&uri=shared.php%3Fid%3D199921-345%26name%3Ddistribuidores+de+ropa+americana+nueva" "Mozilla/5.0 (Windows NT 10.0; Win64; x64) AppleWebKit/537.36 (KHTML, like Gecko) Chrome/114.0.0.0 Safari/537.36 Edg/114.0.1823.43"
47.82.11.14 - - [21/Jul/2025:12:31:42 +0000] "GET /?x=5986799041800&mod=e3ea3396&uri=shared.php?id%3D199921-345%26name%3Ddistribuidores%20de%20ropa%20americana%20nueva HTTP/1.1" 301 - "https://kraft-court.cafe/?x=5986799041800&mod=e3ea3396&uri=shared.php%3Fid%3D199921-345%26name%3Ddistribuidores+de+ropa+americana+nueva" "Mozilla/5.0 (Windows NT 10.0; Win64; x64) AppleWebKit/537.36 (KHTML, like Gecko) Chrome/114.0.0.0 Safari/537.36 Edg/114.0.1823.43"
66.249.65.35 - - [21/Jul/2025:12:32:34 +0000] "GET /?x=54215096041800&mod=76383b34&uri=search.php?detail/49731553.htm HTTP/1.1" 200 19409 "-" "Mozilla/5.0 (Linux; Android 6.0.1; Nexus 5X Build/MMB29P) AppleWebKit/537.36 (KHTML, like Gecko) Chrome/137.0.7151.103 Mobile Safari/537.36 (compatible; Googlebot/2.1; +http://www.google.com/bot.html)"
66.249.65.37 - - [21/Jul/2025:12:37:28 +0000] "GET /?x=5540284051800&mod=ffbd6cbb&uri=shop.php?detail/49745510.htm HTTP/1.1" 200 19505 "-" "Mozilla/5.0 (Linux; Android 6.0.1; Nexus 5X Build/MMB29P) AppleWebKit/537.36 (KHTML, like Gecko) Chrome/137.0.7151.103 Mobile Safari/537.36 (compatible; Googlebot/2.1; +http://www.google.com/bot.html)"
51.222.253.9 - - [21/Jul/2025:12:38:43 +0000] "GET /recollection.php?shopdetail/40659343 HTTP/1.1" 200 - "-" "Mozilla/5.0 (compatible; AhrefsBot/7.0; +http://ahrefs.com/robot/)"
66.249.65.37 - - [21/Jul/2025:12:38:48 +0000] "GET /?x=31718714141800&mod=a4982cba&uri=goods.php?detail/320731515.htm HTTP/1.1" 200 18600 "-" "Mozilla/5.0 (Linux; Android 6.0.1; Nexus 5X Build/MMB29P) AppleWebKit/537.36 (KHTML, like Gecko) Chrome/137.0.7151.103 Mobile Safari/537.36 (compatible; Googlebot/2.1; +http://www.google.com/bot.html)"
66.249.65.35 - - [21/Jul/2025:12:39:27 +0000] "GET /?x=31718714141800&mod=a4982cba&uri=goods.php?detail/2182927460.htm HTTP/1.1" 200 18675 "-" "Mozilla/5.0 (Linux; Android 6.0.1; Nexus 5X Build/MMB29P) AppleWebKit/537.36 (KHTML, like Gecko) Chrome/137.0.7151.103 Mobile Safari/537.36 (compatible; Googlebot/2.1; +http://www.google.com/bot.html)"
66.249.65.35 - - [21/Jul/2025:12:40:32 +0000] "GET /?x=5542144041800&mod=cd3afef9&uri=dp.php%3Fid%3D185018-220%26name%3Dcolumbia+challenger+pullover+jacket+review HTTP/1.1" 200 18439 "-" "Mozilla/5.0 (Linux; Android 6.0.1; Nexus 5X Build/MMB29P) AppleWebKit/537.36 (KHTML, like Gecko) Chrome/137.0.7151.103 Mobile Safari/537.36 (compatible; Googlebot/2.1; +http://www.google.com/bot.html)"
209.74.77.214 - - [21/Jul/2025:12:45:36 +0000] "POST /wp-cron.php?doing_wp_cron=1753101936.8569650650024414062500 HTTP/1.1" 200 - "-" "WordPress/6.8.2; https://kraft-court.cafe"
57.141.2.6 - - [21/Jul/2025:12:45:35 +0000] "GET /?x=46309124011800& HTTP/1.1" 301 - "-" "meta-externalagent/1.1 (+https://developers.facebook.com/docs/sharing/webmasters/crawler)"
209.74.77.214 - - [21/Jul/2025:12:46:01 +0000] "POST /wp-cron.php?doing_wp_cron=1753101961.3021550178527832031250 HTTP/1.1" 200 - "-" "WordPress/6.8.2; https://kraft-court.cafe"
57.141.2.27 - - [21/Jul/2025:12:46:01 +0000] "GET /?x=46309124011800 HTTP/1.1" 200 5469 "-" "meta-externalagent/1.1 (+https://developers.facebook.com/docs/sharing/webmasters/crawler)"
51.222.253.20 - - [21/Jul/2025:12:46:12 +0000] "GET /recollection.php?shopdetail/40985443 HTTP/1.1" 200 - "-" "Mozilla/5.0 (compatible; AhrefsBot/7.0; +http://ahrefs.com/robot/)"
66.249.65.36 - - [21/Jul/2025:12:47:26 +0000] "GET /toreka/goods_menu.html HTTP/1.1" 404 - "-" "Mozilla/5.0 (Linux; Android 6.0.1; Nexus 5X Build/MMB29P) AppleWebKit/537.36 (KHTML, like Gecko) Chrome/137.0.7151.103 Mobile Safari/537.36 (compatible; Googlebot/2.1; +http://www.google.com/bot.html)"
66.249.65.36 - - [21/Jul/2025:12:47:43 +0000] "GET /?x=5543704141800&mod=ffbd6cbb&uri=shared.php%3Fid%3D185070-310%26name%3Dnvidia+geforce+gtx+1050+laptop+card HTTP/1.1" 200 18448 "-" "Mozilla/5.0 (Linux; Android 6.0.1; Nexus 5X Build/MMB29P) AppleWebKit/537.36 (KHTML, like Gecko) Chrome/137.0.7151.103 Mobile Safari/537.36 (compatible; Googlebot/2.1; +http://www.google.com/bot.html)"
209.74.77.214 - - [21/Jul/2025:12:50:34 +0000] "POST /wp-cron.php?doing_wp_cron=1753102234.9445469379425048828125 HTTP/1.1" 200 - "-" "WordPress/6.8.2; https://kraft-court.cafe"
47.82.11.12 - - [21/Jul/2025:12:50:32 +0000] "GET /?x=5718885051800&mod=333cb763&uri=dp.php?id%3D190967-334%26name%3Duzalo+the+latest HTTP/1.1" 301 - "https://kraft-court.cafe/?x=5718885051800&mod=333cb763&uri=dp.php%3Fid%3D190967-334%26name%3Duzalo+the+latest" "Mozilla/5.0 (Windows NT 10.0; Win64; x64) AppleWebKit/537.36 (KHTML, like Gecko) Chrome/114.0.0.0 Safari/537.36 Edg/114.0.1823.43"
47.82.11.12 - - [21/Jul/2025:12:50:35 +0000] "GET /?x=5718885051800&mod=333cb763&uri=dp.php?id%3D190967-334%26name%3Duzalo%20the%20latest HTTP/1.1" 301 - "https://kraft-court.cafe/?x=5718885051800&mod=333cb763&uri=dp.php%3Fid%3D190967-334%26name%3Duzalo+the+latest" "Mozilla/5.0 (Windows NT 10.0; Win64; x64) AppleWebKit/537.36 (KHTML, like Gecko) Chrome/114.0.0.0 Safari/537.36 Edg/114.0.1823.43"
209.74.77.214 - - [21/Jul/2025:12:52:28 +0000] "POST /wp-cron.php?doing_wp_cron=1753102348.6240150928497314453125 HTTP/1.1" 200 - "-" "WordPress/6.8.2; https://kraft-court.cafe"
47.82.11.40 - - [21/Jul/2025:12:52:27 +0000] "GET /?x=5722283001800&mod=333cb763&uri=search.php?id%3D191084-334%26name%3Dvoot+naagini+tamil HTTP/1.1" 301 - "https://kraft-court.cafe/?x=5722283001800&mod=333cb763&uri=search.php%3Fid%3D191084-334%26name%3Dvoot+naagini+tamil" "Mozilla/5.0 (Windows NT 10.0; Win64; x64) AppleWebKit/537.36 (KHTML, like Gecko) Chrome/114.0.0.0 Safari/537.36 Edg/114.0.1823.43"
47.82.11.40 - - [21/Jul/2025:12:52:28 +0000] "GET /?x=5722283001800&mod=333cb763&uri=search.php?id%3D191084-334%26name%3Dvoot%20naagini%20tamil HTTP/1.1" 301 - "https://kraft-court.cafe/?x=5722283001800&mod=333cb763&uri=search.php%3Fid%3D191084-334%26name%3Dvoot+naagini+tamil" "Mozilla/5.0 (Windows NT 10.0; Win64; x64) AppleWebKit/537.36 (KHTML, like Gecko) Chrome/114.0.0.0 Safari/537.36 Edg/114.0.1823.43"
57.141.2.13 - - [21/Jul/2025:12:52:29 +0000] "GET /detail/2211757717.htm HTTP/1.1" 404 - "-" "meta-externalagent/1.1 (+https://developers.facebook.com/docs/sharing/webmasters/crawler)"
209.74.77.214 - - [21/Jul/2025:12:54:16 +0000] "POST /wp-cron.php?doing_wp_cron=1753102456.8065729141235351562500 HTTP/1.1" 200 - "-" "WordPress/6.8.2; https://kraft-court.cafe"
51.222.253.11 - - [21/Jul/2025:12:54:14 +0000] "GET / HTTP/1.1" 200 1847 "-" "Mozilla/5.0 (compatible; AhrefsBot/7.0; +http://ahrefs.com/robot/)"
167.94.146.60 - - [21/Jul/2025:12:57:51 +0000] "GET / HTTP/1.1" 200 1847 "-" "Mozilla/5.0 (compatible; CensysInspect/1.1; +https://about.censys.io/)"
167.94.146.60 - - [21/Jul/2025:12:57:53 +0000] "GET /favicon.ico HTTP/1.1" 404 - "-" "Mozilla/5.0 (compatible; CensysInspect/1.1; +https://about.censys.io/)"
167.94.146.60 - - [21/Jul/2025:12:58:05 +0000] "GET /favicon.ico HTTP/1.1" 404 - "-" "Mozilla/5.0 (compatible; CensysInspect/1.1; +https://about.censys.io/)"
167.94.146.60 - - [21/Jul/2025:12:58:09 +0000] "GET /.well-known/security.txt HTTP/1.1" 404 - "-" "Mozilla/5.0 (compatible; CensysInspect/1.1; +https://about.censys.io/)"
57.141.2.3 - - [21/Jul/2025:12:58:33 +0000] "GET /detail/1297020496.htm HTTP/1.1" 404 - "-" "meta-externalagent/1.1 (+https://developers.facebook.com/docs/sharing/webmasters/crawler)"
209.74.77.214 - - [21/Jul/2025:13:00:26 +0000] "POST /wp-cron.php?doing_wp_cron=1753102826.8609480857849121093750 HTTP/1.1" 200 - "-" "WordPress/6.8.2; https://kraft-court.cafe"
47.82.11.29 - - [21/Jul/2025:13:00:23 +0000] "GET /?x=5711267001800&mod=333cb763&uri=dp.php?id%3D190700-334%26name%3Dbigg+boss+14+latest+promo+weekend+ka+vaar HTTP/1.1" 301 - "https://kraft-court.cafe/?x=5711267001800&mod=333cb763&uri=dp.php%3Fid%3D190700-334%26name%3Dbigg+boss+14+latest+promo+weekend+ka+vaar" "Mozilla/5.0 (Windows NT 10.0; Win64; x64) AppleWebKit/537.36 (KHTML, like Gecko) Chrome/114.0.0.0 Safari/537.36 Edg/114.0.1823.43"
47.82.11.29 - - [21/Jul/2025:13:00:27 +0000] "GET /?x=5711267001800&mod=333cb763&uri=dp.php?id%3D190700-334%26name%3Dbigg%20boss%2014%20latest%20promo%20weekend%20ka%20vaar HTTP/1.1" 301 - "https://kraft-court.cafe/?x=5711267001800&mod=333cb763&uri=dp.php%3Fid%3D190700-334%26name%3Dbigg+boss+14+latest+promo+weekend+ka+vaar" "Mozilla/5.0 (Windows NT 10.0; Win64; x64) AppleWebKit/537.36 (KHTML, like Gecko) Chrome/114.0.0.0 Safari/537.36 Edg/114.0.1823.43"
209.74.77.214 - - [21/Jul/2025:13:01:11 +0000] "POST /wp-cron.php?doing_wp_cron=1753102871.9124109745025634765625 HTTP/1.1" 200 - "-" "WordPress/6.8.2; https://kraft-court.cafe"
47.82.11.9 - - [21/Jul/2025:13:01:09 +0000] "GET /?x=5912081041800&mod=f34185c4&uri=dp.php?id%3D197428-343%26name%3Dtarget+furniture+dominion+road HTTP/1.1" 301 - "https://kraft-court.cafe/?x=5912081041800&mod=f34185c4&uri=dp.php%3Fid%3D197428-343%26name%3Dtarget+furniture+dominion+road" "Mozilla/5.0 (Windows NT 10.0; Win64; x64) AppleWebKit/537.36 (KHTML, like Gecko) Chrome/114.0.0.0 Safari/537.36 Edg/114.0.1823.43"
47.82.11.9 - - [21/Jul/2025:13:01:12 +0000] "GET /?x=5912081041800&mod=f34185c4&uri=dp.php?id%3D197428-343%26name%3Dtarget%20furniture%20dominion%20road HTTP/1.1" 301 - "https://kraft-court.cafe/?x=5912081041800&mod=f34185c4&uri=dp.php%3Fid%3D197428-343%26name%3Dtarget+furniture+dominion+road" "Mozilla/5.0 (Windows NT 10.0; Win64; x64) AppleWebKit/537.36 (KHTML, like Gecko) Chrome/114.0.0.0 Safari/537.36 Edg/114.0.1823.43"
51.222.253.11 - - [21/Jul/2025:13:03:49 +0000] "GET /recollection.php?shopdetail/102069843 HTTP/1.1" 200 - "-" "Mozilla/5.0 (compatible; AhrefsBot/7.0; +http://ahrefs.com/robot/)"
57.141.2.23 - - [21/Jul/2025:13:06:12 +0000] "GET /detail/1297211120.htm HTTP/1.1" 404 - "-" "meta-externalagent/1.1 (+https://developers.facebook.com/docs/sharing/webmasters/crawler)"
66.249.65.35 - - [21/Jul/2025:13:09:39 +0000] "GET /?x=5540284051800&mod=ffbd6cbb&uri=shop.php%3Fid%3D184956-310%26name%3Dlaptop+nvidia+gtx HTTP/1.1" 200 18420 "-" "Mozilla/5.0 (Linux; Android 6.0.1; Nexus 5X Build/MMB29P) AppleWebKit/537.36 (KHTML, like Gecko) Chrome/137.0.7151.103 Mobile Safari/537.36 (compatible; Googlebot/2.1; +http://www.google.com/bot.html)"
209.74.77.214 - - [21/Jul/2025:13:12:03 +0000] "POST /wp-cron.php?doing_wp_cron=1753103523.1454479694366455078125 HTTP/1.1" 200 - "-" "WordPress/6.8.2; https://kraft-court.cafe"
47.82.11.62 - - [21/Jul/2025:13:12:00 +0000] "GET /?x=5931341011800&mod=4500e403&uri=search.php?id%3D198070-342%26name%3Dtiny+love+cozy+rocker+napper+review HTTP/1.1" 301 - "https://kraft-court.cafe/?x=5931341011800&mod=4500e403&uri=search.php%3Fid%3D198070-342%26name%3Dtiny+love+cozy+rocker+napper+review" "Mozilla/5.0 (Windows NT 10.0; Win64; x64) AppleWebKit/537.36 (KHTML, like Gecko) Chrome/114.0.0.0 Safari/537.36 Edg/114.0.1823.43"
47.82.11.62 - - [21/Jul/2025:13:12:03 +0000] "GET /?x=5931341011800&mod=4500e403&uri=search.php?id%3D198070-342%26name%3Dtiny%20love%20cozy%20rocker%20napper%20review HTTP/1.1" 301 - "https://kraft-court.cafe/?x=5931341011800&mod=4500e403&uri=search.php%3Fid%3D198070-342%26name%3Dtiny+love+cozy+rocker+napper+review" "Mozilla/5.0 (Windows NT 10.0; Win64; x64) AppleWebKit/537.36 (KHTML, like Gecko) Chrome/114.0.0.0 Safari/537.36 Edg/114.0.1823.43"
47.82.11.57 - - [21/Jul/2025:13:12:09 +0000] "GET /?x=5978525041800&mod=e3ea3396&uri=info.php?id%3D199644-345%26name%3Dblusa+de+shein+negra HTTP/1.1" 301 - "https://kraft-court.cafe/?x=5978525041800&mod=e3ea3396&uri=info.php%3Fid%3D199644-345%26name%3Dblusa+de+shein+negra" "Mozilla/5.0 (Windows NT 10.0; Win64; x64) AppleWebKit/537.36 (KHTML, like Gecko) Chrome/114.0.0.0 Safari/537.36 Edg/114.0.1823.43"
47.82.11.57 - - [21/Jul/2025:13:12:09 +0000] "GET /?x=5978525041800&mod=e3ea3396&uri=info.php?id%3D199644-345%26name%3Dblusa%20de%20shein%20negra HTTP/1.1" 301 - "https://kraft-court.cafe/?x=5978525041800&mod=e3ea3396&uri=info.php%3Fid%3D199644-345%26name%3Dblusa+de+shein+negra" "Mozilla/5.0 (Windows NT 10.0; Win64; x64) AppleWebKit/537.36 (KHTML, like Gecko) Chrome/114.0.0.0 Safari/537.36 Edg/114.0.1823.43"
51.222.253.4 - - [21/Jul/2025:13:13:38 +0000] "GET /recollection.php?shopdetail/103531743 HTTP/1.1" 200 - "-" "Mozilla/5.0 (compatible; AhrefsBot/7.0; +http://ahrefs.com/robot/)"
209.74.77.214 - - [21/Jul/2025:13:23:02 +0000] "POST /wp-cron.php?doing_wp_cron=1753104182.6731600761413574218750 HTTP/1.1" 200 - "-" "WordPress/6.8.2; https://kraft-court.cafe"
31.13.103.7 - - [21/Jul/2025:13:23:00 +0000] "GET / HTTP/1.1" 200 5435 "-" "facebookexternalhit/1.1 (+http://www.facebook.com/externalhit_uatext.php)"
51.222.253.4 - - [21/Jul/2025:13:23:04 +0000] "GET /recollection.php?shopdetail/106358943 HTTP/1.1" 200 - "-" "Mozilla/5.0 (compatible; AhrefsBot/7.0; +http://ahrefs.com/robot/)"
66.249.65.35 - - [21/Jul/2025:13:23:57 +0000] "GET /?x=5598954041800&mod=f5496252&uri=shared.php?detail/2196804627.htm HTTP/1.1" 200 19324 "-" "Mozilla/5.0 (Linux; Android 6.0.1; Nexus 5X Build/MMB29P) AppleWebKit/537.36 (KHTML, like Gecko) Chrome/137.0.7151.103 Mobile Safari/537.36 (compatible; Googlebot/2.1; +http://www.google.com/bot.html)"
66.249.65.35 - - [21/Jul/2025:13:24:01 +0000] "POST /get-message-notify HTTP/1.1" 404 - "https://kraft-court.cafe/?x=5598954041800&mod=f5496252&uri=shared.php?detail/2196804627.htm" "Mozilla/5.0 (Linux; Android 6.0.1; Nexus 5X Build/MMB29P) AppleWebKit/537.36 (KHTML, like Gecko) Chrome/137.0.7151.119 Mobile Safari/537.36 (compatible; Googlebot/2.1; +http://www.google.com/bot.html)"
66.249.65.35 - - [21/Jul/2025:13:25:01 +0000] "GET /?x=82860864051800&mod=e3019767&uri=news.php?hobby/nuigurumi/nuigurumi.html HTTP/1.1" 404 - "-" "Mozilla/5.0 (Linux; Android 6.0.1; Nexus 5X Build/MMB29P) AppleWebKit/537.36 (KHTML, like Gecko) Chrome/137.0.7151.103 Mobile Safari/537.36 (compatible; Googlebot/2.1; +http://www.google.com/bot.html)"
66.249.65.36 - - [21/Jul/2025:13:45:47 +0000] "GET /?x=5543284001800&mod=a92c274b&uri=dp.php%3Fid%3D185056-303%26name%3Dhollister+app HTTP/1.1" 200 18401 "-" "Mozilla/5.0 (Linux; Android 6.0.1; Nexus 5X Build/MMB29P) AppleWebKit/537.36 (KHTML, like Gecko) Chrome/137.0.7151.103 Mobile Safari/537.36 (compatible; Googlebot/2.1; +http://www.google.com/bot.html)"
66.249.65.35 - - [21/Jul/2025:13:50:12 +0000] "GET /?x=5542804141800&mod=cd3afef9&uri=form.php%3Fid%3D185040-220%26name%3Dsmart+raincoat+mens HTTP/1.1" 200 18420 "-" "Mozilla/5.0 (Linux; Android 6.0.1; Nexus 5X Build/MMB29P) AppleWebKit/537.36 (KHTML, like Gecko) Chrome/137.0.7151.103 Mobile Safari/537.36 (compatible; Googlebot/2.1; +http://www.google.com/bot.html)"
209.74.77.214 - - [21/Jul/2025:13:51:11 +0000] "POST /wp-cron.php?doing_wp_cron=1753105871.0851728916168212890625 HTTP/1.1" 200 - "-" "WordPress/6.8.2; https://kraft-court.cafe"
47.82.11.6 - - [21/Jul/2025:13:51:09 +0000] "GET /?x=5718825011800&mod=333cb763&uri=shared.php?id%3D190965-334%26name%3Droadies+audition+2021+voot HTTP/1.1" 301 - "https://kraft-court.cafe/?x=5718825011800&mod=333cb763&uri=shared.php%3Fid%3D190965-334%26name%3Droadies+audition+2021+voot" "Mozilla/5.0 (Windows NT 10.0; Win64; x64) AppleWebKit/537.36 (KHTML, like Gecko) Chrome/114.0.0.0 Safari/537.36 Edg/114.0.1823.43"
47.82.11.6 - - [21/Jul/2025:13:51:11 +0000] "GET /?x=5718825011800&mod=333cb763&uri=shared.php?id%3D190965-334%26name%3Droadies%20audition%202021%20voot HTTP/1.1" 301 - "https://kraft-court.cafe/?x=5718825011800&mod=333cb763&uri=shared.php%3Fid%3D190965-334%26name%3Droadies+audition+2021+voot" "Mozilla/5.0 (Windows NT 10.0; Win64; x64) AppleWebKit/537.36 (KHTML, like Gecko) Chrome/114.0.0.0 Safari/537.36 Edg/114.0.1823.43"
66.249.65.37 - - [21/Jul/2025:13:54:52 +0000] "GET /avsoft.html HTTP/1.1" 404 - "-" "Mozilla/5.0 (Linux; Android 6.0.1; Nexus 5X Build/MMB29P) AppleWebKit/537.36 (KHTML, like Gecko) Chrome/137.0.7151.103 Mobile Safari/537.36 (compatible; Googlebot/2.1; +http://www.google.com/bot.html)"
51.222.253.19 - - [21/Jul/2025:13:55:36 +0000] "GET /recollection.php?shopdetail/117372343 HTTP/1.1" 200 - "-" "Mozilla/5.0 (compatible; AhrefsBot/7.0; +http://ahrefs.com/robot/)"
66.249.65.37 - - [21/Jul/2025:14:00:37 +0000] "GET /?x=82860864051800&mod=e3019767&uri=news.php?detail/5853214.htm HTTP/1.1" 200 18749 "-" "Mozilla/5.0 (Linux; Android 6.0.1; Nexus 5X Build/MMB29P) AppleWebKit/537.36 (KHTML, like Gecko) Chrome/137.0.7151.103 Mobile Safari/537.36 (compatible; Googlebot/2.1; +http://www.google.com/bot.html)"
66.249.65.35 - - [21/Jul/2025:14:07:04 +0000] "GET /?x=5541724041800&mod=b98249b3&uri=product.php%3Fid%3D185004-328%26name%3Damazon+damen+chelsea+boots HTTP/1.1" 200 18435 "-" "Mozilla/5.0 (Linux; Android 6.0.1; Nexus 5X Build/MMB29P) AppleWebKit/537.36 (KHTML, like Gecko) Chrome/137.0.7151.103 Mobile Safari/537.36 (compatible; Googlebot/2.1; +http://www.google.com/bot.html)"
66.249.65.35 - - [21/Jul/2025:14:07:54 +0000] "GET /?x=82860864051800&mod=e3019767&uri=news.php?detail/2907528.htm HTTP/1.1" 200 18832 "-" "Mozilla/5.0 (Linux; Android 6.0.1; Nexus 5X Build/MMB29P) AppleWebKit/537.36 (KHTML, like Gecko) Chrome/137.0.7151.103 Mobile Safari/537.36 (compatible; Googlebot/2.1; +http://www.google.com/bot.html)"
66.249.65.36 - - [21/Jul/2025:14:09:38 +0000] "GET /?x=5539804041800&mod=ffbd6cbb&uri=shop.php%3Fid%3D184940-310%26name%3Dnvidia+geforce+6600+laptop HTTP/1.1" 200 18432 "-" "Mozilla/5.0 (Linux; Android 6.0.1; Nexus 5X Build/MMB29P) AppleWebKit/537.36 (KHTML, like Gecko) Chrome/137.0.7151.103 Mobile Safari/537.36 (compatible; Googlebot/2.1; +http://www.google.com/bot.html)"
66.249.65.37 - - [21/Jul/2025:14:09:41 +0000] "POST /get-message-notify HTTP/1.1" 404 - "https://kraft-court.cafe/?x=5539804041800&mod=ffbd6cbb&uri=shop.php%3Fid%3D184940-310%26name%3Dnvidia+geforce+6600+laptop" "Mozilla/5.0 (Linux; Android 6.0.1; Nexus 5X Build/MMB29P) AppleWebKit/537.36 (KHTML, like Gecko) Chrome/137.0.7151.119 Mobile Safari/537.36 (compatible; Googlebot/2.1; +http://www.google.com/bot.html)"
57.141.2.3 - - [21/Jul/2025:14:14:19 +0000] "GET /detail/1297097570.htm HTTP/1.1" 404 - "-" "meta-externalagent/1.1 (+https://developers.facebook.com/docs/sharing/webmasters/crawler)"
43.153.87.54 - - [21/Jul/2025:14:15:03 +0000] "GET / HTTP/1.1" 200 1847 "http://kraft-court.cafe" "Mozilla/5.0 (iPhone; CPU iPhone OS 13_2_3 like Mac OS X) AppleWebKit/605.1.15 (KHTML, like Gecko) Version/13.0.3 Mobile/15E148 Safari/604.1"
209.74.77.214 - - [21/Jul/2025:14:18:46 +0000] "POST /wp-cron.php?doing_wp_cron=1753107526.9465680122375488281250 HTTP/1.1" 200 - "-" "WordPress/6.8.2; https://kraft-court.cafe"
57.141.2.21 - - [21/Jul/2025:14:18:45 +0000] "GET /?x=52809274051800& HTTP/1.1" 301 - "-" "meta-externalagent/1.1 (+https://developers.facebook.com/docs/sharing/webmasters/crawler)"
57.141.2.20 - - [21/Jul/2025:14:18:51 +0000] "GET /?x=52809274051800 HTTP/1.1" 200 5469 "-" "meta-externalagent/1.1 (+https://developers.facebook.com/docs/sharing/webmasters/crawler)"
57.141.2.20 - - [21/Jul/2025:14:19:12 +0000] "GET /detail/2211915666.htm HTTP/1.1" 404 - "-" "meta-externalagent/1.1 (+https://developers.facebook.com/docs/sharing/webmasters/crawler)"
209.74.77.214 - - [21/Jul/2025:14:22:51 +0000] "POST /wp-cron.php?doing_wp_cron=1753107771.0633080005645751953125 HTTP/1.1" 200 - "-" "WordPress/6.8.2; https://kraft-court.cafe"
47.82.11.1 - - [21/Jul/2025:14:22:49 +0000] "GET /?x=5933741061800&mod=f34185c4&uri=search.php?id%3D198150-343%26name%3Dcampaign+desk+target HTTP/1.1" 301 - "https://kraft-court.cafe/?x=5933741061800&mod=f34185c4&uri=search.php%3Fid%3D198150-343%26name%3Dcampaign+desk+target" "Mozilla/5.0 (Windows NT 10.0; Win64; x64) AppleWebKit/537.36 (KHTML, like Gecko) Chrome/114.0.0.0 Safari/537.36 Edg/114.0.1823.43"
47.82.11.1 - - [21/Jul/2025:14:22:51 +0000] "GET /?x=5933741061800&mod=f34185c4&uri=search.php?id%3D198150-343%26name%3Dcampaign%20desk%20target HTTP/1.1" 301 - "https://kraft-court.cafe/?x=5933741061800&mod=f34185c4&uri=search.php%3Fid%3D198150-343%26name%3Dcampaign+desk+target" "Mozilla/5.0 (Windows NT 10.0; Win64; x64) AppleWebKit/537.36 (KHTML, like Gecko) Chrome/114.0.0.0 Safari/537.36 Edg/114.0.1823.43"
51.222.253.19 - - [21/Jul/2025:14:31:01 +0000] "GET /robots.txt HTTP/1.1" 200 107 "-" "Mozilla/5.0 (compatible; AhrefsBot/7.0; +http://ahrefs.com/robot/)"
51.222.253.6 - - [21/Jul/2025:14:31:02 +0000] "GET /recollection.php?shopdetail/119361943 HTTP/1.1" 200 - "-" "Mozilla/5.0 (compatible; AhrefsBot/7.0; +http://ahrefs.com/robot/)"
209.74.77.214 - - [21/Jul/2025:14:31:54 +0000] "POST /wp-cron.php?doing_wp_cron=1753108314.0621020793914794921875 HTTP/1.1" 200 - "-" "WordPress/6.8.2; https://kraft-court.cafe"
47.82.11.20 - - [21/Jul/2025:14:31:52 +0000] "GET /?x=5972975061800&mod=e3ea3396&uri=us.php?id%3D199458-345%26name%3Dvestidos+de+madrina+de+honor HTTP/1.1" 301 - "https://kraft-court.cafe/?x=5972975061800&mod=e3ea3396&uri=us.php%3Fid%3D199458-345%26name%3Dvestidos+de+madrina+de+honor" "Mozilla/5.0 (Windows NT 10.0; Win64; x64) AppleWebKit/537.36 (KHTML, like Gecko) Chrome/114.0.0.0 Safari/537.36 Edg/114.0.1823.43"
47.82.11.20 - - [21/Jul/2025:14:31:54 +0000] "GET /?x=5972975061800&mod=e3ea3396&uri=us.php?id%3D199458-345%26name%3Dvestidos%20de%20madrina%20de%20honor HTTP/1.1" 301 - "https://kraft-court.cafe/?x=5972975061800&mod=e3ea3396&uri=us.php%3Fid%3D199458-345%26name%3Dvestidos+de+madrina+de+honor" "Mozilla/5.0 (Windows NT 10.0; Win64; x64) AppleWebKit/537.36 (KHTML, like Gecko) Chrome/114.0.0.0 Safari/537.36 Edg/114.0.1823.43"
54.151.119.30 - - [21/Jul/2025:14:39:53 +0000] "GET / HTTP/1.1" 200 1847 "-" "Mozilla/5.0 (X11; Linux x86_64) AppleWebKit/537.36 (KHTML, like Gecko) Chrome/137.0.0.0 Safari/537.36"
57.141.2.14 - - [21/Jul/2025:14:40:06 +0000] "GET /?x=48372756001800& HTTP/1.1" 301 - "-" "meta-externalagent/1.1 (+https://developers.facebook.com/docs/sharing/webmasters/crawler)"
66.249.65.36 - - [21/Jul/2025:14:40:57 +0000] "GET /?x=5541424031800&mod=cd3afef9&uri=us.php%3Fid%3D184994-220%26name%3Dcolumbia+mens+winter+jackets HTTP/1.1" 200 18428 "-" "Mozilla/5.0 (Linux; Android 6.0.1; Nexus 5X Build/MMB29P) AppleWebKit/537.36 (KHTML, like Gecko) Chrome/137.0.7151.103 Mobile Safari/537.36 (compatible; Googlebot/2.1; +http://www.google.com/bot.html)"
66.249.65.36 - - [21/Jul/2025:14:41:02 +0000] "POST /get-message-notify HTTP/1.1" 404 - "https://kraft-court.cafe/?x=5541424031800&mod=cd3afef9&uri=us.php%3Fid%3D184994-220%26name%3Dcolumbia+mens+winter+jackets" "Mozilla/5.0 (Linux; Android 6.0.1; Nexus 5X Build/MMB29P) AppleWebKit/537.36 (KHTML, like Gecko) Chrome/137.0.7151.119 Mobile Safari/537.36 (compatible; Googlebot/2.1; +http://www.google.com/bot.html)"
209.74.77.214 - - [21/Jul/2025:14:41:41 +0000] "POST /wp-cron.php?doing_wp_cron=1753108901.7435019016265869140625 HTTP/1.1" 200 - "-" "WordPress/6.8.2; https://kraft-court.cafe"
47.82.11.48 - - [21/Jul/2025:14:41:40 +0000] "GET /?x=5609594061800&mod=e94fe9ac&uri=info.php?id%3D187283-332%26name%3Dsambalpuri+dj+remix HTTP/1.1" 301 - "https://kraft-court.cafe/?x=5609594061800&mod=e94fe9ac&uri=info.php%3Fid%3D187283-332%26name%3Dsambalpuri+dj+remix" "Mozilla/5.0 (Windows NT 10.0; Win64; x64) AppleWebKit/537.36 (KHTML, like Gecko) Chrome/114.0.0.0 Safari/537.36 Edg/114.0.1823.43"
47.82.11.48 - - [21/Jul/2025:14:41:41 +0000] "GET /?x=5609594061800&mod=e94fe9ac&uri=info.php?id%3D187283-332%26name%3Dsambalpuri%20dj%20remix HTTP/1.1" 301 - "https://kraft-court.cafe/?x=5609594061800&mod=e94fe9ac&uri=info.php%3Fid%3D187283-332%26name%3Dsambalpuri+dj+remix" "Mozilla/5.0 (Windows NT 10.0; Win64; x64) AppleWebKit/537.36 (KHTML, like Gecko) Chrome/114.0.0.0 Safari/537.36 Edg/114.0.1823.43"
209.74.77.214 - - [21/Jul/2025:14:48:57 +0000] "POST /wp-cron.php?doing_wp_cron=1753109337.3311169147491455078125 HTTP/1.1" 200 - "-" "WordPress/6.8.2; https://kraft-court.cafe"
57.141.2.24 - - [21/Jul/2025:14:48:56 +0000] "GET /?x=20663600001800& HTTP/1.1" 301 - "-" "meta-externalagent/1.1 (+https://developers.facebook.com/docs/sharing/webmasters/crawler)"
57.141.2.1 - - [21/Jul/2025:14:49:00 +0000] "GET /?x=20663600001800 HTTP/1.1" 200 5469 "-" "meta-externalagent/1.1 (+https://developers.facebook.com/docs/sharing/webmasters/crawler)"
209.74.77.214 - - [21/Jul/2025:14:51:09 +0000] "POST /wp-cron.php?doing_wp_cron=1753109469.9019329547882080078125 HTTP/1.1" 200 - "-" "WordPress/6.8.2; https://kraft-court.cafe"
47.82.11.61 - - [21/Jul/2025:14:51:08 +0000] "GET /?x=5853227001800&mod=d594b1a9&uri=product.php?id%3D195463-341%26name%3Djugo+de+naranja+sin+exprimidor HTTP/1.1" 301 - "https://kraft-court.cafe/?x=5853227001800&mod=d594b1a9&uri=product.php%3Fid%3D195463-341%26name%3Djugo+de+naranja+sin+exprimidor" "Mozilla/5.0 (Windows NT 10.0; Win64; x64) AppleWebKit/537.36 (KHTML, like Gecko) Chrome/114.0.0.0 Safari/537.36 Edg/114.0.1823.43"
47.82.11.61 - - [21/Jul/2025:14:51:10 +0000] "GET /?x=5853227001800&mod=d594b1a9&uri=product.php?id%3D195463-341%26name%3Djugo%20de%20naranja%20sin%20exprimidor HTTP/1.1" 301 - "https://kraft-court.cafe/?x=5853227001800&mod=d594b1a9&uri=product.php%3Fid%3D195463-341%26name%3Djugo+de+naranja+sin+exprimidor" "Mozilla/5.0 (Windows NT 10.0; Win64; x64) AppleWebKit/537.36 (KHTML, like Gecko) Chrome/114.0.0.0 Safari/537.36 Edg/114.0.1823.43"
47.82.11.55 - - [21/Jul/2025:14:51:17 +0000] "GET /?x=5738383021800&mod=333cb763&uri=blog.php?id%3D191632-334%26name%3Dhua+jai+sila+eng+sub+ep HTTP/1.1" 301 - "https://kraft-court.cafe/?x=5738383021800&mod=333cb763&uri=blog.php%3Fid%3D191632-334%26name%3Dhua+jai+sila+eng+sub+ep" "Mozilla/5.0 (Windows NT 10.0; Win64; x64) AppleWebKit/537.36 (KHTML, like Gecko) Chrome/114.0.0.0 Safari/537.36 Edg/114.0.1823.43"
47.82.11.55 - - [21/Jul/2025:14:51:17 +0000] "GET /?x=5738383021800&mod=333cb763&uri=blog.php?id%3D191632-334%26name%3Dhua%20jai%20sila%20eng%20sub%20ep HTTP/1.1" 301 - "https://kraft-court.cafe/?x=5738383021800&mod=333cb763&uri=blog.php%3Fid%3D191632-334%26name%3Dhua+jai+sila+eng+sub+ep" "Mozilla/5.0 (Windows NT 10.0; Win64; x64) AppleWebKit/537.36 (KHTML, like Gecko) Chrome/114.0.0.0 Safari/537.36 Edg/114.0.1823.43"
209.74.77.214 - - [21/Jul/2025:14:53:20 +0000] "POST /wp-cron.php?doing_wp_cron=1753109600.7556409835815429687500 HTTP/1.1" 200 - "-" "WordPress/6.8.2; https://kraft-court.cafe"
47.82.11.9 - - [21/Jul/2025:14:53:19 +0000] "GET /?x=5701077071800&mod=2de7cf20&uri=products.php?id%3D190357-333%26name%3Dcurrent+white+gold+price+per+gram HTTP/1.1" 301 - "https://kraft-court.cafe/?x=5701077071800&mod=2de7cf20&uri=products.php%3Fid%3D190357-333%26name%3Dcurrent+white+gold+price+per+gram" "Mozilla/5.0 (Windows NT 10.0; Win64; x64) AppleWebKit/537.36 (KHTML, like Gecko) Chrome/114.0.0.0 Safari/537.36 Edg/114.0.1823.43"
47.82.11.9 - - [21/Jul/2025:14:53:21 +0000] "GET /?x=5701077071800&mod=2de7cf20&uri=products.php?id%3D190357-333%26name%3Dcurrent%20white%20gold%20price%20per%20gram HTTP/1.1" 301 - "https://kraft-court.cafe/?x=5701077071800&mod=2de7cf20&uri=products.php%3Fid%3D190357-333%26name%3Dcurrent+white+gold+price+per+gram" "Mozilla/5.0 (Windows NT 10.0; Win64; x64) AppleWebKit/537.36 (KHTML, like Gecko) Chrome/114.0.0.0 Safari/537.36 Edg/114.0.1823.43"
43.166.246.180 - - [21/Jul/2025:15:00:16 +0000] "GET / HTTP/1.1" 200 1847 "http://www.kraft-court.cafe" "Mozilla/5.0 (iPhone; CPU iPhone OS 13_2_3 like Mac OS X) AppleWebKit/605.1.15 (KHTML, like Gecko) Version/13.0.3 Mobile/15E148 Safari/604.1"
47.82.11.30 - - [21/Jul/2025:15:00:24 +0000] "GET /?x=5709174041800&mod=a8849b05&uri=article.php?id%3D190630-57%26name%3Dxiaomi+piston+review HTTP/1.1" 301 - "https://kraft-court.cafe/?x=5709174041800&mod=a8849b05&uri=article.php%3Fid%3D190630-57%26name%3Dxiaomi+piston+review" "Mozilla/5.0 (Windows NT 10.0; Win64; x64) AppleWebKit/537.36 (KHTML, like Gecko) Chrome/114.0.0.0 Safari/537.36 Edg/114.0.1823.43"
47.82.11.30 - - [21/Jul/2025:15:00:25 +0000] "GET /?x=5709174041800&mod=a8849b05&uri=article.php?id%3D190630-57%26name%3Dxiaomi%20piston%20review HTTP/1.1" 301 - "https://kraft-court.cafe/?x=5709174041800&mod=a8849b05&uri=article.php%3Fid%3D190630-57%26name%3Dxiaomi+piston+review" "Mozilla/5.0 (Windows NT 10.0; Win64; x64) AppleWebKit/537.36 (KHTML, like Gecko) Chrome/114.0.0.0 Safari/537.36 Edg/114.0.1823.43"
57.141.2.2 - - [21/Jul/2025:15:00:47 +0000] "GET /detail/2211683511.htm HTTP/1.1" 404 - "-" "meta-externalagent/1.1 (+https://developers.facebook.com/docs/sharing/webmasters/crawler)"
209.74.77.214 - - [21/Jul/2025:15:00:51 +0000] "POST /wp-cron.php?doing_wp_cron=1753110051.3536920547485351562500 HTTP/1.1" 200 - "-" "WordPress/6.8.2; https://kraft-court.cafe"
47.82.11.28 - - [21/Jul/2025:15:00:51 +0000] "GET /?x=5971175001800&mod=e3ea3396&uri=shared.php?id%3D199398-345%26name%3Dropa+europea+fardos HTTP/1.1" 301 - "https://kraft-court.cafe/?x=5971175001800&mod=e3ea3396&uri=shared.php%3Fid%3D199398-345%26name%3Dropa+europea+fardos" "Mozilla/5.0 (Windows NT 10.0; Win64; x64) AppleWebKit/537.36 (KHTML, like Gecko) Chrome/114.0.0.0 Safari/537.36 Edg/114.0.1823.43"
47.82.11.28 - - [21/Jul/2025:15:00:51 +0000] "GET /?x=5971175001800&mod=e3ea3396&uri=shared.php?id%3D199398-345%26name%3Dropa%20europea%20fardos HTTP/1.1" 301 - "https://kraft-court.cafe/?x=5971175001800&mod=e3ea3396&uri=shared.php%3Fid%3D199398-345%26name%3Dropa+europea+fardos" "Mozilla/5.0 (Windows NT 10.0; Win64; x64) AppleWebKit/537.36 (KHTML, like Gecko) Chrome/114.0.0.0 Safari/537.36 Edg/114.0.1823.43"
57.141.2.14 - - [21/Jul/2025:15:05:07 +0000] "GET /detail/1296796141.htm HTTP/1.1" 404 - "-" "meta-externalagent/1.1 (+https://developers.facebook.com/docs/sharing/webmasters/crawler)"
20.171.207.137 - - [21/Jul/2025:15:05:27 +0000] "GET /sitemap.xml HTTP/1.1" 404 - "-" "Mozilla/5.0 AppleWebKit/537.36 (KHTML, like Gecko; compatible; GPTBot/1.2; +https://openai.com/gptbot)"
4.227.36.16 - - [21/Jul/2025:15:05:27 +0000] "GET /robots.txt HTTP/1.1" 200 107 "-" "Mozilla/5.0 AppleWebKit/537.36 (KHTML, like Gecko; compatible; GPTBot/1.2; +https://openai.com/gptbot)"
209.74.77.214 - - [21/Jul/2025:15:06:38 +0000] "POST /wp-cron.php?doing_wp_cron=1753110398.4147400856018066406250 HTTP/1.1" 200 - "-" "WordPress/6.8.2; https://kraft-court.cafe"
57.141.2.23 - - [21/Jul/2025:15:06:36 +0000] "GET /?x=7837433091800& HTTP/1.1" 301 - "-" "meta-externalagent/1.1 (+https://developers.facebook.com/docs/sharing/webmasters/crawler)"
51.222.253.13 - - [21/Jul/2025:15:06:51 +0000] "GET /recollection.php?shopdetail/123723243 HTTP/1.1" 200 - "-" "Mozilla/5.0 (compatible; AhrefsBot/7.0; +http://ahrefs.com/robot/)"
66.249.65.37 - - [21/Jul/2025:15:11:56 +0000] "GET /?x=5539924021800&mod=ffbd6cbb&uri=us.php%3Fid%3D184944-310%26name%3Dgeforce+1660+super+msrp HTTP/1.1" 200 18428 "-" "Mozilla/5.0 (Linux; Android 6.0.1; Nexus 5X Build/MMB29P) AppleWebKit/537.36 (KHTML, like Gecko) Chrome/137.0.7151.103 Mobile Safari/537.36 (compatible; Googlebot/2.1; +http://www.google.com/bot.html)"
209.74.77.214 - - [21/Jul/2025:15:12:48 +0000] "POST /wp-cron.php?doing_wp_cron=1753110768.2694520950317382812500 HTTP/1.1" 200 - "-" "WordPress/6.8.2; https://kraft-court.cafe"
47.82.11.20 - - [21/Jul/2025:15:12:46 +0000] "GET /?x=5716741101800&mod=333cb763&uri=form.php?id%3D190892-334%26name%3Dcity+hunter+eng+sub HTTP/1.1" 301 - "https://kraft-court.cafe/?x=5716741101800&mod=333cb763&uri=form.php%3Fid%3D190892-334%26name%3Dcity+hunter+eng+sub" "Mozilla/5.0 (Windows NT 10.0; Win64; x64) AppleWebKit/537.36 (KHTML, like Gecko) Chrome/114.0.0.0 Safari/537.36 Edg/114.0.1823.43"
47.82.11.20 - - [21/Jul/2025:15:12:48 +0000] "GET /?x=5716741101800&mod=333cb763&uri=form.php?id%3D190892-334%26name%3Dcity%20hunter%20eng%20sub HTTP/1.1" 301 - "https://kraft-court.cafe/?x=5716741101800&mod=333cb763&uri=form.php%3Fid%3D190892-334%26name%3Dcity+hunter+eng+sub" "Mozilla/5.0 (Windows NT 10.0; Win64; x64) AppleWebKit/537.36 (KHTML, like Gecko) Chrome/114.0.0.0 Safari/537.36 Edg/114.0.1823.43"
209.74.77.214 - - [21/Jul/2025:15:18:07 +0000] "POST /wp-cron.php?doing_wp_cron=1753111087.7075951099395751953125 HTTP/1.1" 200 - "-" "WordPress/6.8.2; https://kraft-court.cafe"
57.141.2.20 - - [21/Jul/2025:15:18:06 +0000] "GET /?x=25014315021800& HTTP/1.1" 301 - "-" "meta-externalagent/1.1 (+https://developers.facebook.com/docs/sharing/webmasters/crawler)"
57.141.2.23 - - [21/Jul/2025:15:18:11 +0000] "GET /?x=25014315021800 HTTP/1.1" 200 5469 "-" "meta-externalagent/1.1 (+https://developers.facebook.com/docs/sharing/webmasters/crawler)"
209.74.77.214 - - [21/Jul/2025:15:36:08 +0000] "POST /wp-cron.php?doing_wp_cron=1753112168.3356161117553710937500 HTTP/1.1" 200 - "-" "WordPress/6.8.2; https://kraft-court.cafe"
57.141.2.15 - - [21/Jul/2025:15:36:06 +0000] "GET /?x=53510491021800& HTTP/1.1" 301 - "-" "meta-externalagent/1.1 (+https://developers.facebook.com/docs/sharing/webmasters/crawler)"
57.141.2.8 - - [21/Jul/2025:15:37:29 +0000] "GET /detail/1297274279.htm HTTP/1.1" 404 - "-" "meta-externalagent/1.1 (+https://developers.facebook.com/docs/sharing/webmasters/crawler)"
66.249.65.35 - - [21/Jul/2025:15:41:28 +0000] "GET /?x=5540404041800&mod=ffbd6cbb&uri=search.php%3Fid%3D184960-310%26name%3Dnvidia+geforce+840m+laptop HTTP/1.1" 200 18428 "-" "Mozilla/5.0 (Linux; Android 6.0.1; Nexus 5X Build/MMB29P) AppleWebKit/537.36 (KHTML, like Gecko) Chrome/137.0.7151.103 Mobile Safari/537.36 (compatible; Googlebot/2.1; +http://www.google.com/bot.html)"
209.74.77.214 - - [21/Jul/2025:15:42:23 +0000] "POST /wp-cron.php?doing_wp_cron=1753112543.2743000984191894531250 HTTP/1.1" 200 - "-" "WordPress/6.8.2; https://kraft-court.cafe"
106.216.88.43 - - [21/Jul/2025:15:42:22 +0000] "POST /xmlrpc.php HTTP/1.1" 200 403 "-" "Mozilla/5.0 (X11; Ubuntu; Linux x86_64; x64) AppleWebKit/537.36 (KHTML, like Gecko) Opera/69.0.0.0 Safari/537.36"
66.249.65.36 - - [21/Jul/2025:15:44:19 +0000] "GET /books.html HTTP/1.1" 404 - "-" "Mozilla/5.0 (Linux; Android 6.0.1; Nexus 5X Build/MMB29P) AppleWebKit/537.36 (KHTML, like Gecko) Chrome/137.0.7151.103 Mobile Safari/537.36 (compatible; Googlebot/2.1; +http://www.google.com/bot.html)"
51.222.253.16 - - [21/Jul/2025:15:45:02 +0000] "GET /recollection.php?shopdetail/125356043 HTTP/1.1" 200 - "-" "Mozilla/5.0 (compatible; AhrefsBot/7.0; +http://ahrefs.com/robot/)"
209.74.77.214 - - [21/Jul/2025:15:45:14 +0000] "POST /wp-cron.php?doing_wp_cron=1753112714.9761559963226318359375 HTTP/1.1" 200 - "-" "WordPress/6.8.2; https://kraft-court.cafe"
47.82.11.33 - - [21/Jul/2025:15:45:13 +0000] "GET /?x=5606602011800&mod=e94fe9ac&uri=blog.php?id%3D187179-332%26name%3Ddj+rimjhim+pani+barsu+thila HTTP/1.1" 301 - "https://kraft-court.cafe/?x=5606602011800&mod=e94fe9ac&uri=blog.php%3Fid%3D187179-332%26name%3Ddj+rimjhim+pani+barsu+thila" "Mozilla/5.0 (Windows NT 10.0; Win64; x64) AppleWebKit/537.36 (KHTML, like Gecko) Chrome/114.0.0.0 Safari/537.36 Edg/114.0.1823.43"
47.82.11.33 - - [21/Jul/2025:15:45:15 +0000] "GET /?x=5606602011800&mod=e94fe9ac&uri=blog.php?id%3D187179-332%26name%3Ddj%20rimjhim%20pani%20barsu%20thila HTTP/1.1" 301 - "https://kraft-court.cafe/?x=5606602011800&mod=e94fe9ac&uri=blog.php%3Fid%3D187179-332%26name%3Ddj+rimjhim+pani+barsu+thila" "Mozilla/5.0 (Windows NT 10.0; Win64; x64) AppleWebKit/537.36 (KHTML, like Gecko) Chrome/114.0.0.0 Safari/537.36 Edg/114.0.1823.43"
106.216.88.43 - - [21/Jul/2025:15:45:19 +0000] "GET /wp-json/wp/v2/users HTTP/1.1" 404 - "-" "Mozilla/4.0 (compatible; Win32; WinHttp.WinHttpRequest.5)"
66.249.65.37 - - [21/Jul/2025:15:45:23 +0000] "GET /?x=5541424031800&mod=cd3afef9&uri=us.php?detail/54577185.htm HTTP/1.1" 200 19592 "-" "Mozilla/5.0 (Linux; Android 6.0.1; Nexus 5X Build/MMB29P) AppleWebKit/537.36 (KHTML, like Gecko) Chrome/137.0.7151.103 Mobile Safari/537.36 (compatible; Googlebot/2.1; +http://www.google.com/bot.html)"
66.249.65.36 - - [21/Jul/2025:15:45:41 +0000] "POST /get-message-notify HTTP/1.1" 404 - "https://kraft-court.cafe/?x=5541424031800&mod=cd3afef9&uri=us.php?detail/54577185.htm" "Mozilla/5.0 (Linux; Android 6.0.1; Nexus 5X Build/MMB29P) AppleWebKit/537.36 (KHTML, like Gecko) Chrome/137.0.7151.119 Mobile Safari/537.36 (compatible; Googlebot/2.1; +http://www.google.com/bot.html)"
209.74.77.214 - - [21/Jul/2025:15:47:11 +0000] "POST /wp-cron.php?doing_wp_cron=1753112831.7724859714508056640625 HTTP/1.1" 200 - "-" "WordPress/6.8.2; https://kraft-court.cafe"
47.82.11.14 - - [21/Jul/2025:15:47:10 +0000] "GET /?x=59499347031800&mod=e94fe9ac&uri=info.php?id%3D1985529-332%26name%3Dyeh+rishta+kya+kehlata+hai+february+2015 HTTP/1.1" 301 - "https://kraft-court.cafe/?x=59499347031800&mod=e94fe9ac&uri=info.php%3Fid%3D1985529-332%26name%3Dyeh+rishta+kya+kehlata+hai+february+2015" "Mozilla/5.0 (Windows NT 10.0; Win64; x64) AppleWebKit/537.36 (KHTML, like Gecko) Chrome/114.0.0.0 Safari/537.36 Edg/114.0.1823.43"
47.82.11.14 - - [21/Jul/2025:15:47:12 +0000] "GET /?x=59499347031800&mod=e94fe9ac&uri=info.php?id%3D1985529-332%26name%3Dyeh%20rishta%20kya%20kehlata%20hai%20february%202015 HTTP/1.1" 301 - "https://kraft-court.cafe/?x=59499347031800&mod=e94fe9ac&uri=info.php%3Fid%3D1985529-332%26name%3Dyeh+rishta+kya+kehlata+hai+february+2015" "Mozilla/5.0 (Windows NT 10.0; Win64; x64) AppleWebKit/537.36 (KHTML, like Gecko) Chrome/114.0.0.0 Safari/537.36 Edg/114.0.1823.43"
66.249.65.35 - - [21/Jul/2025:15:48:21 +0000] "GET /?x=5540284051800&mod=ffbd6cbb&uri=shop.php?detail/49751849.htm HTTP/1.1" 200 18331 "-" "Mozilla/5.0 (Linux; Android 6.0.1; Nexus 5X Build/MMB29P) AppleWebKit/537.36 (KHTML, like Gecko) Chrome/137.0.7151.103 Mobile Safari/537.36 (compatible; Googlebot/2.1; +http://www.google.com/bot.html)"
209.74.77.214 - - [21/Jul/2025:15:48:23 +0000] "POST /wp-cron.php?doing_wp_cron=1753112903.1375629901885986328125 HTTP/1.1" 200 - "-" "WordPress/6.8.2; https://kraft-court.cafe"
47.82.11.65 - - [21/Jul/2025:15:48:22 +0000] "GET /?x=5858920051800&mod=d594b1a9&uri=shared.php?id%3D195653-341%26name%3Dlicuado+manzana+verde HTTP/1.1" 301 - "https://kraft-court.cafe/?x=5858920051800&mod=d594b1a9&uri=shared.php%3Fid%3D195653-341%26name%3Dlicuado+manzana+verde" "Mozilla/5.0 (Windows NT 10.0; Win64; x64) AppleWebKit/537.36 (KHTML, like Gecko) Chrome/114.0.0.0 Safari/537.36 Edg/114.0.1823.43"
47.82.11.65 - - [21/Jul/2025:15:48:23 +0000] "GET /?x=5858920051800&mod=d594b1a9&uri=shared.php?id%3D195653-341%26name%3Dlicuado%20manzana%20verde HTTP/1.1" 301 - "https://kraft-court.cafe/?x=5858920051800&mod=d594b1a9&uri=shared.php%3Fid%3D195653-341%26name%3Dlicuado+manzana+verde" "Mozilla/5.0 (Windows NT 10.0; Win64; x64) AppleWebKit/537.36 (KHTML, like Gecko) Chrome/114.0.0.0 Safari/537.36 Edg/114.0.1823.43"
66.249.65.35 - - [21/Jul/2025:15:50:14 +0000] "GET /?x=34811206021800&mod=4dfd2a14&uri=products.php?detail/5778838.htm HTTP/1.1" 200 18873 "-" "Mozilla/5.0 (Linux; Android 6.0.1; Nexus 5X Build/MMB29P) AppleWebKit/537.36 (KHTML, like Gecko) Chrome/137.0.7151.103 Mobile Safari/537.36 (compatible; Googlebot/2.1; +http://www.google.com/bot.html)"
66.249.65.36 - - [21/Jul/2025:15:50:30 +0000] "POST /get-message-notify HTTP/1.1" 404 - "https://kraft-court.cafe/?x=34811206021800&mod=4dfd2a14&uri=products.php?detail/5778838.htm" "Mozilla/5.0 (Linux; Android 6.0.1; Nexus 5X Build/MMB29P) AppleWebKit/537.36 (KHTML, like Gecko) Chrome/137.0.7151.119 Mobile Safari/537.36 (compatible; Googlebot/2.1; +http://www.google.com/bot.html)"
209.74.77.214 - - [21/Jul/2025:15:50:55 +0000] "POST /wp-cron.php?doing_wp_cron=1753113055.6376879215240478515625 HTTP/1.1" 200 - "-" "WordPress/6.8.2; https://kraft-court.cafe"
