66.249.65.35 - - [22/Jul/2025:00:26:47 +0000] "GET /?x=5884685021800&mod=29921001&uri=article.php%3Fid%3D196514-155%26name%3Dbl+305p+mkii HTTP/1.1" 200 18419 "-" "Mozilla/5.0 (Linux; Android 6.0.1; Nexus 5X Build/MMB29P) AppleWebKit/537.36 (KHTML, like Gecko) Chrome/137.0.7151.103 Mobile Safari/537.36 (compatible; Googlebot/2.1; +http://www.google.com/bot.html)"
66.249.65.36 - - [22/Jul/2025:00:27:30 +0000] "GET /?x=5714661111800&mod=333cb763&uri=category-info.php%3Fid%3D190821-334%26name%3Dskam+s3 HTTP/1.1" 200 18433 "-" "Mozilla/5.0 (Linux; Android 6.0.1; Nexus 5X Build/MMB29P) AppleWebKit/537.36 (KHTML, like Gecko) Chrome/137.0.7151.103 Mobile Safari/537.36 (compatible; Googlebot/2.1; +http://www.google.com/bot.html)"
66.249.65.35 - - [22/Jul/2025:00:27:49 +0000] "GET /?x=82860864051800&mod=e3019767&uri=news.php?detail/49746907.htm HTTP/1.1" 200 19621 "-" "Mozilla/5.0 (Linux; Android 6.0.1; Nexus 5X Build/MMB29P) AppleWebKit/537.36 (KHTML, like Gecko) Chrome/137.0.7151.103 Mobile Safari/537.36 (compatible; Googlebot/2.1; +http://www.google.com/bot.html)"
209.74.77.214 - - [22/Jul/2025:00:30:31 +0000] "POST /wp-cron.php?doing_wp_cron=1753144231.1358211040496826171875 HTTP/1.1" 200 - "-" "WordPress/6.8.2; https://kraft-court.cafe"
47.82.11.52 - - [22/Jul/2025:00:30:26 +0000] "GET /?x=5970575041800&mod=e3ea3396&uri=news.php?id%3D199378-345%26name%3Dlevis+312+mujer+caracteristicas HTTP/1.1" 301 - "https://kraft-court.cafe/?x=5970575041800&mod=e3ea3396&uri=news.php%3Fid%3D199378-345%26name%3Dlevis+312+mujer+caracteristicas" "Mozilla/5.0 (Windows NT 10.0; Win64; x64) AppleWebKit/537.36 (KHTML, like Gecko) Chrome/114.0.0.0 Safari/537.36 Edg/114.0.1823.43"
47.82.11.52 - - [22/Jul/2025:00:30:31 +0000] "GET /?x=5970575041800&mod=e3ea3396&uri=news.php?id%3D199378-345%26name%3Dlevis%20312%20mujer%20caracteristicas HTTP/1.1" 301 - "https://kraft-court.cafe/?x=5970575041800&mod=e3ea3396&uri=news.php%3Fid%3D199378-345%26name%3Dlevis+312+mujer+caracteristicas" "Mozilla/5.0 (Windows NT 10.0; Win64; x64) AppleWebKit/537.36 (KHTML, like Gecko) Chrome/114.0.0.0 Safari/537.36 Edg/114.0.1823.43"
51.222.253.17 - - [22/Jul/2025:00:30:37 +0000] "GET /recollection.php?shopdetail/268461443 HTTP/1.1" 200 - "-" "Mozilla/5.0 (compatible; AhrefsBot/7.0; +http://ahrefs.com/robot/)"
51.222.253.3 - - [22/Jul/2025:00:36:00 +0000] "GET /recollection.php?shopdetail/268833643 HTTP/1.1" 200 - "-" "Mozilla/5.0 (compatible; AhrefsBot/7.0; +http://ahrefs.com/robot/)"
51.222.253.2 - - [22/Jul/2025:00:41:15 +0000] "GET /recollection.php?shopdetail/269429843 HTTP/1.1" 200 - "-" "Mozilla/5.0 (compatible; AhrefsBot/7.0; +http://ahrefs.com/robot/)"
66.249.73.100 - - [22/Jul/2025:00:45:40 +0000] "GET /detail/1290922415.htm HTTP/1.1" 404 - "-" "Mozilla/5.0 (Linux; Android 6.0.1; Nexus 5X Build/MMB29P) AppleWebKit/537.36 (KHTML, like Gecko) Chrome/137.0.7151.103 Mobile Safari/537.36 (compatible; Googlebot/2.1; +http://www.google.com/bot.html)"
51.222.253.11 - - [22/Jul/2025:00:47:52 +0000] "GET /recollection.php?shopdetail/101179443 HTTP/1.1" 200 - "-" "Mozilla/5.0 (compatible; AhrefsBot/7.0; +http://ahrefs.com/robot/)"
185.39.19.43 - - [22/Jul/2025:00:49:36 +0000] "GET / HTTP/1.0" 200 5435 "https://kraft-court.cafe/" "Mozilla/5.0 (Windows NT 10.0; Win64; x64) AppleWebKit/537.36 (KHTML, like Gecko) Chrome/130.0.0.0 Safari/537.36"
209.74.77.214 - - [22/Jul/2025:00:51:36 +0000] "POST /wp-cron.php?doing_wp_cron=1753145496.5042800903320312500000 HTTP/1.1" 200 - "-" "WordPress/6.8.2; https://kraft-court.cafe"
47.82.11.29 - - [22/Jul/2025:00:51:34 +0000] "GET /?x=40635276071800&mod=333cb763&uri=dp.php?id%3D1356179-334%26name%3Dvada+chennai+tamilgun HTTP/1.1" 301 - "https://kraft-court.cafe/?x=40635276071800&mod=333cb763&uri=dp.php%3Fid%3D1356179-334%26name%3Dvada+chennai+tamilgun" "Mozilla/5.0 (Windows NT 10.0; Win64; x64) AppleWebKit/537.36 (KHTML, like Gecko) Chrome/114.0.0.0 Safari/537.36 Edg/114.0.1823.43"
47.82.11.29 - - [22/Jul/2025:00:51:36 +0000] "GET /?x=40635276071800&mod=333cb763&uri=dp.php?id%3D1356179-334%26name%3Dvada%20chennai%20tamilgun HTTP/1.1" 301 - "https://kraft-court.cafe/?x=40635276071800&mod=333cb763&uri=dp.php%3Fid%3D1356179-334%26name%3Dvada+chennai+tamilgun" "Mozilla/5.0 (Windows NT 10.0; Win64; x64) AppleWebKit/537.36 (KHTML, like Gecko) Chrome/114.0.0.0 Safari/537.36 Edg/114.0.1823.43"
47.82.11.7 - - [22/Jul/2025:00:51:37 +0000] "GET /?x=5711177031800&mod=333cb763&uri=dp.php?id%3D190697-334%26name%3Dbest+web+series+to+watch+2021+hindi HTTP/1.1" 301 - "https://kraft-court.cafe/?x=5711177031800&mod=333cb763&uri=dp.php%3Fid%3D190697-334%26name%3Dbest+web+series+to+watch+2021+hindi" "Mozilla/5.0 (Windows NT 10.0; Win64; x64) AppleWebKit/537.36 (KHTML, like Gecko) Chrome/114.0.0.0 Safari/537.36 Edg/114.0.1823.43"
47.82.11.7 - - [22/Jul/2025:00:51:37 +0000] "GET /?x=5711177031800&mod=333cb763&uri=dp.php?id%3D190697-334%26name%3Dbest%20web%20series%20to%20watch%202021%20hindi HTTP/1.1" 301 - "https://kraft-court.cafe/?x=5711177031800&mod=333cb763&uri=dp.php%3Fid%3D190697-334%26name%3Dbest+web+series+to+watch+2021+hindi" "Mozilla/5.0 (Windows NT 10.0; Win64; x64) AppleWebKit/537.36 (KHTML, like Gecko) Chrome/114.0.0.0 Safari/537.36 Edg/114.0.1823.43"
66.249.65.36 - - [22/Jul/2025:00:52:02 +0000] "GET /?x=47732317141800&mod=d25a34b9&uri=pin.php%3Fid%3D1592939-557%26name%3Doral+b+cepillo+con+corazon HTTP/1.1" 200 18437 "-" "Mozilla/5.0 (Linux; Android 6.0.1; Nexus 5X Build/MMB29P) AppleWebKit/537.36 (KHTML, like Gecko) Chrome/137.0.7151.103 Mobile Safari/537.36 (compatible; Googlebot/2.1; +http://www.google.com/bot.html)"
66.249.65.36 - - [22/Jul/2025:00:53:10 +0000] "GET /?x=5542204041800&mod=ffbd6cbb&uri=article.php?detail/2929317.htm HTTP/1.1" 200 18713 "-" "Mozilla/5.0 (Linux; Android 6.0.1; Nexus 5X Build/MMB29P) AppleWebKit/537.36 (KHTML, like Gecko) Chrome/137.0.7151.103 Mobile Safari/537.36 (compatible; Googlebot/2.1; +http://www.google.com/bot.html)"
51.222.253.9 - - [22/Jul/2025:00:53:45 +0000] "GET /recollection.php?shopdetail/110653543 HTTP/1.1" 200 - "-" "Mozilla/5.0 (compatible; AhrefsBot/7.0; +http://ahrefs.com/robot/)"
66.249.65.37 - - [22/Jul/2025:00:54:15 +0000] "GET /?x=5548984001800&mod=ffbd6cbb&uri=product.php?detail/2922978.htm HTTP/1.1" 200 18811 "-" "Mozilla/5.0 (Linux; Android 6.0.1; Nexus 5X Build/MMB29P) AppleWebKit/537.36 (KHTML, like Gecko) Chrome/137.0.7151.103 Mobile Safari/537.36 (compatible; Googlebot/2.1; +http://www.google.com/bot.html)"
66.249.65.36 - - [22/Jul/2025:00:55:24 +0000] "GET /?x=5548984001800&mod=ffbd6cbb&uri=product.php?detail/2926595.htm HTTP/1.1" 200 18916 "-" "Mozilla/5.0 (Linux; Android 6.0.1; Nexus 5X Build/MMB29P) AppleWebKit/537.36 (KHTML, like Gecko) Chrome/137.0.7151.103 Mobile Safari/537.36 (compatible; Googlebot/2.1; +http://www.google.com/bot.html)"
66.249.65.35 - - [22/Jul/2025:00:56:30 +0000] "GET /?x=5541904021800&mod=cd3afef9&uri=shop.php?detail/2928112.htm HTTP/1.1" 200 19329 "-" "Mozilla/5.0 (Linux; Android 6.0.1; Nexus 5X Build/MMB29P) AppleWebKit/537.36 (KHTML, like Gecko) Chrome/137.0.7151.103 Mobile Safari/537.36 (compatible; Googlebot/2.1; +http://www.google.com/bot.html)"
66.249.65.36 - - [22/Jul/2025:00:57:36 +0000] "GET /?x=55345457041800&mod=741a0099&uri=blog.php?detail/504337653.htm HTTP/1.1" 200 18913 "-" "Mozilla/5.0 (Linux; Android 6.0.1; Nexus 5X Build/MMB29P) AppleWebKit/537.36 (KHTML, like Gecko) Chrome/137.0.7151.103 Mobile Safari/537.36 (compatible; Googlebot/2.1; +http://www.google.com/bot.html)"
66.249.65.35 - - [22/Jul/2025:00:58:43 +0000] "GET /?x=55345457041800&mod=741a0099&uri=blog.php?detail/504331869.htm HTTP/1.1" 200 19014 "-" "Mozilla/5.0 (Linux; Android 6.0.1; Nexus 5X Build/MMB29P) AppleWebKit/537.36 (KHTML, like Gecko) Chrome/137.0.7151.103 Mobile Safari/537.36 (compatible; Googlebot/2.1; +http://www.google.com/bot.html)"
66.249.65.35 - - [22/Jul/2025:00:58:46 +0000] "POST /get-message-notify HTTP/1.1" 404 - "https://kraft-court.cafe/?x=55345457041800&mod=741a0099&uri=blog.php?detail/504331869.htm" "Mozilla/5.0 (Linux; Android 6.0.1; Nexus 5X Build/MMB29P) AppleWebKit/537.36 (KHTML, like Gecko) Chrome/137.0.7151.119 Mobile Safari/537.36 (compatible; Googlebot/2.1; +http://www.google.com/bot.html)"
66.249.65.35 - - [22/Jul/2025:00:59:50 +0000] "GET /?x=82860864051800&mod=e3019767&uri=news.php?detail/4336566.htm HTTP/1.1" 200 18758 "-" "Mozilla/5.0 (Linux; Android 6.0.1; Nexus 5X Build/MMB29P) AppleWebKit/537.36 (KHTML, like Gecko) Chrome/137.0.7151.103 Mobile Safari/537.36 (compatible; Googlebot/2.1; +http://www.google.com/bot.html)"
51.222.253.4 - - [22/Jul/2025:00:59:55 +0000] "GET /recollection.php?shopdetail/117921143 HTTP/1.1" 200 - "-" "Mozilla/5.0 (compatible; AhrefsBot/7.0; +http://ahrefs.com/robot/)"
66.249.65.36 - - [22/Jul/2025:01:00:58 +0000] "GET /?x=5540284051800&mod=ffbd6cbb&uri=shop.php?detail/48631453.htm HTTP/1.1" 200 18968 "-" "Mozilla/5.0 (Linux; Android 6.0.1; Nexus 5X Build/MMB29P) AppleWebKit/537.36 (KHTML, like Gecko) Chrome/137.0.7151.103 Mobile Safari/537.36 (compatible; Googlebot/2.1; +http://www.google.com/bot.html)"
66.249.65.35 - - [22/Jul/2025:01:02:04 +0000] "GET /?x=34811206021800&mod=4dfd2a14&uri=products.php?detail/5789178.htm HTTP/1.1" 200 19400 "-" "Mozilla/5.0 (Linux; Android 6.0.1; Nexus 5X Build/MMB29P) AppleWebKit/537.36 (KHTML, like Gecko) Chrome/137.0.7151.103 Mobile Safari/537.36 (compatible; Googlebot/2.1; +http://www.google.com/bot.html)"
66.249.65.35 - - [22/Jul/2025:01:02:34 +0000] "POST /get-message-notify HTTP/1.1" 404 - "https://kraft-court.cafe/?x=34811206021800&mod=4dfd2a14&uri=products.php?detail/5789178.htm" "Mozilla/5.0 (Linux; Android 6.0.1; Nexus 5X Build/MMB29P) AppleWebKit/537.36 (KHTML, like Gecko) Chrome/137.0.7151.119 Mobile Safari/537.36 (compatible; Googlebot/2.1; +http://www.google.com/bot.html)"
66.249.65.37 - - [22/Jul/2025:01:03:11 +0000] "GET /?x=5540284051800&mod=ffbd6cbb&uri=shop.php?detail/46988611.htm HTTP/1.1" 200 19466 "-" "Mozilla/5.0 (Linux; Android 6.0.1; Nexus 5X Build/MMB29P) AppleWebKit/537.36 (KHTML, like Gecko) Chrome/137.0.7151.103 Mobile Safari/537.36 (compatible; Googlebot/2.1; +http://www.google.com/bot.html)"
66.249.65.36 - - [22/Jul/2025:01:04:18 +0000] "GET /?x=82860864051800&mod=e3019767&uri=news.php?detail/2930876.htm HTTP/1.1" 200 18834 "-" "Mozilla/5.0 (Linux; Android 6.0.1; Nexus 5X Build/MMB29P) AppleWebKit/537.36 (KHTML, like Gecko) Chrome/137.0.7151.103 Mobile Safari/537.36 (compatible; Googlebot/2.1; +http://www.google.com/bot.html)"
51.222.253.11 - - [22/Jul/2025:01:05:12 +0000] "GET /recollection.php?shopdetail/126812843 HTTP/1.1" 200 - "-" "Mozilla/5.0 (compatible; AhrefsBot/7.0; +http://ahrefs.com/robot/)"
66.249.65.35 - - [22/Jul/2025:01:05:25 +0000] "GET /?x=31718714141800&mod=a4982cba&uri=goods.php?detail/2182907727.htm HTTP/1.1" 200 19327 "-" "Mozilla/5.0 (Linux; Android 6.0.1; Nexus 5X Build/MMB29P) AppleWebKit/537.36 (KHTML, like Gecko) Chrome/137.0.7151.103 Mobile Safari/537.36 (compatible; Googlebot/2.1; +http://www.google.com/bot.html)"
66.249.65.37 - - [22/Jul/2025:01:08:51 +0000] "GET /?x=5541904021800&mod=cd3afef9&uri=shop.php?detail/2950722.htm HTTP/1.1" 200 19531 "-" "Mozilla/5.0 (Linux; Android 6.0.1; Nexus 5X Build/MMB29P) AppleWebKit/537.36 (KHTML, like Gecko) Chrome/137.0.7151.103 Mobile Safari/537.36 (compatible; Googlebot/2.1; +http://www.google.com/bot.html)"
66.249.65.37 - - [22/Jul/2025:01:09:20 +0000] "GET /?x=5542204041800&mod=ffbd6cbb&uri=article.php?detail/2906033.htm HTTP/1.1" 200 19109 "-" "Mozilla/5.0 (Linux; Android 6.0.1; Nexus 5X Build/MMB29P) AppleWebKit/537.36 (KHTML, like Gecko) Chrome/137.0.7151.103 Mobile Safari/537.36 (compatible; Googlebot/2.1; +http://www.google.com/bot.html)"
66.249.65.36 - - [22/Jul/2025:01:09:59 +0000] "GET /?x=59677445001800&mod=41e7637e&uri=pin.php%3Fid%3D1991484-216%26name%3Dteam+italy+fiba+2019+roster HTTP/1.1" 200 18442 "-" "Mozilla/5.0 (Linux; Android 6.0.1; Nexus 5X Build/MMB29P) AppleWebKit/537.36 (KHTML, like Gecko) Chrome/137.0.7151.103 Mobile Safari/537.36 (compatible; Googlebot/2.1; +http://www.google.com/bot.html)"
66.249.65.35 - - [22/Jul/2025:01:10:10 +0000] "GET /?x=82860864051800&mod=e3019767&uri=news.php?detail/4335297.htm HTTP/1.1" 200 19398 "-" "Mozilla/5.0 (Linux; Android 6.0.1; Nexus 5X Build/MMB29P) AppleWebKit/537.36 (KHTML, like Gecko) Chrome/137.0.7151.103 Mobile Safari/537.36 (compatible; Googlebot/2.1; +http://www.google.com/bot.html)"
51.222.253.15 - - [22/Jul/2025:01:10:40 +0000] "GET /recollection.php?shopdetail/130336943 HTTP/1.1" 200 - "-" "Mozilla/5.0 (compatible; AhrefsBot/7.0; +http://ahrefs.com/robot/)"
51.222.253.3 - - [22/Jul/2025:01:16:10 +0000] "GET /recollection.php?shopdetail/145481843 HTTP/1.1" 200 - "-" "Mozilla/5.0 (compatible; AhrefsBot/7.0; +http://ahrefs.com/robot/)"
66.249.65.36 - - [22/Jul/2025:01:16:47 +0000] "GET /?x=5539804041800&mod=ffbd6cbb&uri=shop.php?pcmypage/ HTTP/1.1" 200 19344 "-" "Mozilla/5.0 (Linux; Android 6.0.1; Nexus 5X Build/MMB29P) AppleWebKit/537.36 (KHTML, like Gecko) Chrome/137.0.7151.103 Mobile Safari/537.36 (compatible; Googlebot/2.1; +http://www.google.com/bot.html)"
66.249.65.36 - - [22/Jul/2025:01:18:06 +0000] "GET /?x=5540284051800&mod=ffbd6cbb&uri=shop.php?detail/48593113.htm HTTP/1.1" 200 18444 "-" "Mozilla/5.0 (Linux; Android 6.0.1; Nexus 5X Build/MMB29P) AppleWebKit/537.36 (KHTML, like Gecko) Chrome/137.0.7151.103 Mobile Safari/537.36 (compatible; Googlebot/2.1; +http://www.google.com/bot.html)"
66.249.65.36 - - [22/Jul/2025:01:18:33 +0000] "POST /get-message-notify HTTP/1.1" 404 - "https://kraft-court.cafe/?x=5540284051800&mod=ffbd6cbb&uri=shop.php?detail/48593113.htm" "Mozilla/5.0 (Linux; Android 6.0.1; Nexus 5X Build/MMB29P) AppleWebKit/537.36 (KHTML, like Gecko) Chrome/137.0.7151.119 Mobile Safari/537.36 (compatible; Googlebot/2.1; +http://www.google.com/bot.html)"
66.249.65.35 - - [22/Jul/2025:01:18:54 +0000] "GET /?x=5542204041800&mod=ffbd6cbb&uri=article.php?detail/2935400.htm HTTP/1.1" 200 19217 "-" "Mozilla/5.0 (Linux; Android 6.0.1; Nexus 5X Build/MMB29P) AppleWebKit/537.36 (KHTML, like Gecko) Chrome/137.0.7151.103 Mobile Safari/537.36 (compatible; Googlebot/2.1; +http://www.google.com/bot.html)"
66.249.65.37 - - [22/Jul/2025:01:19:20 +0000] "GET /?x=5543224061800&mod=cd3afef9&uri=products.php?detail/2904796.htm HTTP/1.1" 200 19318 "-" "Mozilla/5.0 (Linux; Android 6.0.1; Nexus 5X Build/MMB29P) AppleWebKit/537.36 (KHTML, like Gecko) Chrome/137.0.7151.103 Mobile Safari/537.36 (compatible; Googlebot/2.1; +http://www.google.com/bot.html)"
66.249.65.36 - - [22/Jul/2025:01:19:26 +0000] "GET /?x=82860864051800&mod=e3019767&uri=news.php?hobby/nuigurumi/nuigurumi.html HTTP/1.1" 200 18589 "-" "Mozilla/5.0 (Linux; Android 6.0.1; Nexus 5X Build/MMB29P) AppleWebKit/537.36 (KHTML, like Gecko) Chrome/137.0.7151.103 Mobile Safari/537.36 (compatible; Googlebot/2.1; +http://www.google.com/bot.html)"
66.249.65.36 - - [22/Jul/2025:01:20:01 +0000] "GET /?x=5548984001800&mod=ffbd6cbb&uri=product.php?detail/2896119.htm HTTP/1.1" 200 19162 "-" "Mozilla/5.0 (Linux; Android 6.0.1; Nexus 5X Build/MMB29P) AppleWebKit/537.36 (KHTML, like Gecko) Chrome/137.0.7151.103 Mobile Safari/537.36 (compatible; Googlebot/2.1; +http://www.google.com/bot.html)"
209.74.77.214 - - [22/Jul/2025:01:20:20 +0000] "POST /wp-cron.php?doing_wp_cron=1753147220.1992969512939453125000 HTTP/1.1" 200 - "-" "WordPress/6.8.2; https://kraft-court.cafe"
47.82.11.88 - - [22/Jul/2025:01:20:18 +0000] "GET /?x=34551418011800&mod=e94fe9ac&uri=blog.php?id%3D1153204-332%26name%3Dbees+saal+baad+picture+mithun+ka HTTP/1.1" 301 - "https://kraft-court.cafe/?x=34551418011800&mod=e94fe9ac&uri=blog.php%3Fid%3D1153204-332%26name%3Dbees+saal+baad+picture+mithun+ka" "Mozilla/5.0 (Windows NT 10.0; Win64; x64) AppleWebKit/537.36 (KHTML, like Gecko) Chrome/114.0.0.0 Safari/537.36 Edg/114.0.1823.43"
47.82.11.88 - - [22/Jul/2025:01:20:20 +0000] "GET /?x=34551418011800&mod=e94fe9ac&uri=blog.php?id%3D1153204-332%26name%3Dbees%20saal%20baad%20picture%20mithun%20ka HTTP/1.1" 301 - "https://kraft-court.cafe/?x=34551418011800&mod=e94fe9ac&uri=blog.php%3Fid%3D1153204-332%26name%3Dbees+saal+baad+picture+mithun+ka" "Mozilla/5.0 (Windows NT 10.0; Win64; x64) AppleWebKit/537.36 (KHTML, like Gecko) Chrome/114.0.0.0 Safari/537.36 Edg/114.0.1823.43"
47.82.11.93 - - [22/Jul/2025:01:20:22 +0000] "GET /?x=5541964061800&mod=ffbd6cbb&uri=category-info.php?id%3D185012-310%26name%3Dlenovo+laptop+with+nvidia+graphics+card HTTP/1.1" 301 - "https://kraft-court.cafe/?x=5541964061800&mod=ffbd6cbb&uri=category-info.php%3Fid%3D185012-310%26name%3Dlenovo+laptop+with+nvidia+graphics+card" "Mozilla/5.0 (Windows NT 10.0; Win64; x64) AppleWebKit/537.36 (KHTML, like Gecko) Chrome/114.0.0.0 Safari/537.36 Edg/114.0.1823.43"
47.82.11.93 - - [22/Jul/2025:01:20:23 +0000] "GET /?x=5541964061800&mod=ffbd6cbb&uri=category-info.php?id%3D185012-310%26name%3Dlenovo%20laptop%20with%20nvidia%20graphics%20card HTTP/1.1" 301 - "https://kraft-court.cafe/?x=5541964061800&mod=ffbd6cbb&uri=category-info.php%3Fid%3D185012-310%26name%3Dlenovo+laptop+with+nvidia+graphics+card" "Mozilla/5.0 (Windows NT 10.0; Win64; x64) AppleWebKit/537.36 (KHTML, like Gecko) Chrome/114.0.0.0 Safari/537.36 Edg/114.0.1823.43"
66.249.65.35 - - [22/Jul/2025:01:20:36 +0000] "GET /?x=5540224081800&mod=ffbd6cbb&uri=pin.php?detail/2897316.htm HTTP/1.1" 200 18618 "-" "Mozilla/5.0 (Linux; Android 6.0.1; Nexus 5X Build/MMB29P) AppleWebKit/537.36 (KHTML, like Gecko) Chrome/137.0.7151.103 Mobile Safari/537.36 (compatible; Googlebot/2.1; +http://www.google.com/bot.html)"
66.249.65.35 - - [22/Jul/2025:01:20:46 +0000] "GET /?x=35000212011800&mod=1e056d2b&uri=products.php?detail/4332309.htm HTTP/1.1" 200 19622 "-" "Mozilla/5.0 (Linux; Android 6.0.1; Nexus 5X Build/MMB29P) AppleWebKit/537.36 (KHTML, like Gecko) Chrome/137.0.7151.103 Mobile Safari/537.36 (compatible; Googlebot/2.1; +http://www.google.com/bot.html)"
66.249.65.37 - - [22/Jul/2025:01:21:08 +0000] "GET /?x=5548984001800&mod=ffbd6cbb&uri=product.php?detail/2894584.htm HTTP/1.1" 200 18713 "-" "Mozilla/5.0 (Linux; Android 6.0.1; Nexus 5X Build/MMB29P) AppleWebKit/537.36 (KHTML, like Gecko) Chrome/137.0.7151.103 Mobile Safari/537.36 (compatible; Googlebot/2.1; +http://www.google.com/bot.html)"
66.249.65.36 - - [22/Jul/2025:01:21:50 +0000] "GET /?x=5548984001800&mod=ffbd6cbb&uri=product.php?hobby/nuigurumi/nuigurumi.html HTTP/1.1" 200 18589 "-" "Mozilla/5.0 (Linux; Android 6.0.1; Nexus 5X Build/MMB29P) AppleWebKit/537.36 (KHTML, like Gecko) Chrome/137.0.7151.103 Mobile Safari/537.36 (compatible; Googlebot/2.1; +http://www.google.com/bot.html)"
51.222.253.2 - - [22/Jul/2025:01:22:02 +0000] "GET /recollection.php?shopdetail/14974943 HTTP/1.1" 200 - "-" "Mozilla/5.0 (compatible; AhrefsBot/7.0; +http://ahrefs.com/robot/)"
66.249.65.35 - - [22/Jul/2025:01:22:05 +0000] "GET /?x=5542924001800&mod=ffbd6cbb&uri=goods.php?detail/2880123.htm HTTP/1.1" 200 19109 "-" "Mozilla/5.0 (Linux; Android 6.0.1; Nexus 5X Build/MMB29P) AppleWebKit/537.36 (KHTML, like Gecko) Chrome/137.0.7151.103 Mobile Safari/537.36 (compatible; Googlebot/2.1; +http://www.google.com/bot.html)"
66.249.65.36 - - [22/Jul/2025:01:22:11 +0000] "GET /?x=54215096041800&mod=76383b34&uri=search.php?detail/2947147.htm HTTP/1.1" 200 18675 "-" "Mozilla/5.0 (Linux; Android 6.0.1; Nexus 5X Build/MMB29P) AppleWebKit/537.36 (KHTML, like Gecko) Chrome/137.0.7151.103 Mobile Safari/537.36 (compatible; Googlebot/2.1; +http://www.google.com/bot.html)"
66.249.65.36 - - [22/Jul/2025:01:22:14 +0000] "POST /get-message-notify HTTP/1.1" 404 - "https://kraft-court.cafe/?x=54215096041800&mod=76383b34&uri=search.php?detail/2947147.htm" "Mozilla/5.0 (Linux; Android 6.0.1; Nexus 5X Build/MMB29P) AppleWebKit/537.36 (KHTML, like Gecko) Chrome/137.0.7151.119 Mobile Safari/537.36 (compatible; Googlebot/2.1; +http://www.google.com/bot.html)"
66.249.65.35 - - [22/Jul/2025:01:22:15 +0000] "GET /?x=70038235041800&mod=b98249b3&uri=product.php?feature/omiya_marui/index.html HTTP/1.1" 200 19381 "-" "Mozilla/5.0 (Linux; Android 6.0.1; Nexus 5X Build/MMB29P) AppleWebKit/537.36 (KHTML, like Gecko) Chrome/137.0.7151.103 Mobile Safari/537.36 (compatible; Googlebot/2.1; +http://www.google.com/bot.html)"
66.249.65.35 - - [22/Jul/2025:01:22:51 +0000] "POST /get-message-notify HTTP/1.1" 404 - "https://kraft-court.cafe/?x=70038235041800&mod=b98249b3&uri=product.php?feature/omiya_marui/index.html" "Mozilla/5.0 (Linux; Android 6.0.1; Nexus 5X Build/MMB29P) AppleWebKit/537.36 (KHTML, like Gecko) Chrome/137.0.7151.119 Mobile Safari/537.36 (compatible; Googlebot/2.1; +http://www.google.com/bot.html)"
66.249.65.35 - - [22/Jul/2025:01:23:06 +0000] "GET /?x=5541904021800&mod=cd3afef9&uri=shop.php?detail/2921485.htm HTTP/1.1" 200 19493 "-" "Mozilla/5.0 (Linux; Android 6.0.1; Nexus 5X Build/MMB29P) AppleWebKit/537.36 (KHTML, like Gecko) Chrome/137.0.7151.103 Mobile Safari/537.36 (compatible; Googlebot/2.1; +http://www.google.com/bot.html)"
66.249.65.35 - - [22/Jul/2025:01:23:16 +0000] "GET /?x=82860864051800&mod=e3019767&uri=news.php?detail/4326644.htm HTTP/1.1" 200 19008 "-" "Mozilla/5.0 (Linux; Android 6.0.1; Nexus 5X Build/MMB29P) AppleWebKit/537.36 (KHTML, like Gecko) Chrome/137.0.7151.103 Mobile Safari/537.36 (compatible; Googlebot/2.1; +http://www.google.com/bot.html)"
66.249.65.35 - - [22/Jul/2025:01:23:23 +0000] "GET /?x=5540224081800&mod=ffbd6cbb&uri=pin.php?feature/eposcard/index.html HTTP/1.1" 200 19399 "-" "Mozilla/5.0 (Linux; Android 6.0.1; Nexus 5X Build/MMB29P) AppleWebKit/537.36 (KHTML, like Gecko) Chrome/137.0.7151.103 Mobile Safari/537.36 (compatible; Googlebot/2.1; +http://www.google.com/bot.html)"
66.249.65.37 - - [22/Jul/2025:01:24:20 +0000] "GET /?x=5541904021800&mod=cd3afef9&uri=shop.php?detail/2882855.htm HTTP/1.1" 200 19077 "-" "Mozilla/5.0 (Linux; Android 6.0.1; Nexus 5X Build/MMB29P) AppleWebKit/537.36 (KHTML, like Gecko) Chrome/137.0.7151.103 Mobile Safari/537.36 (compatible; Googlebot/2.1; +http://www.google.com/bot.html)"
66.249.65.36 - - [22/Jul/2025:01:24:26 +0000] "GET /?x=5539804041800&mod=ffbd6cbb&uri=shop.php?detail/2882855.htm HTTP/1.1" 200 19080 "-" "Mozilla/5.0 (Linux; Android 6.0.1; Nexus 5X Build/MMB29P) AppleWebKit/537.36 (KHTML, like Gecko) Chrome/137.0.7151.103 Mobile Safari/537.36 (compatible; Googlebot/2.1; +http://www.google.com/bot.html)"
66.249.65.36 - - [22/Jul/2025:01:24:29 +0000] "GET /?x=5541904021800&mod=cd3afef9&uri=shop.php?detail/2916245.htm HTTP/1.1" 200 19806 "-" "Mozilla/5.0 (Linux; Android 6.0.1; Nexus 5X Build/MMB29P) AppleWebKit/537.36 (KHTML, like Gecko) Chrome/137.0.7151.103 Mobile Safari/537.36 (compatible; Googlebot/2.1; +http://www.google.com/bot.html)"
66.249.65.35 - - [22/Jul/2025:01:24:31 +0000] "POST /get-message-notify HTTP/1.1" 404 - "https://kraft-court.cafe/?x=5541904021800&mod=cd3afef9&uri=shop.php?detail/2916245.htm" "Mozilla/5.0 (Linux; Android 6.0.1; Nexus 5X Build/MMB29P) AppleWebKit/537.36 (KHTML, like Gecko) Chrome/137.0.7151.119 Mobile Safari/537.36 (compatible; Googlebot/2.1; +http://www.google.com/bot.html)"
66.249.65.37 - - [22/Jul/2025:01:25:35 +0000] "GET /?x=5598954041800&mod=f5496252&uri=shared.php?detail/2196789143.htm HTTP/1.1" 200 18689 "-" "Mozilla/5.0 (Linux; Android 6.0.1; Nexus 5X Build/MMB29P) AppleWebKit/537.36 (KHTML, like Gecko) Chrome/137.0.7151.103 Mobile Safari/537.36 (compatible; Googlebot/2.1; +http://www.google.com/bot.html)"
66.249.65.36 - - [22/Jul/2025:01:25:36 +0000] "GET /?x=5540284051800&mod=ffbd6cbb&uri=shop.php?detail/51269990.htm HTTP/1.1" 200 18983 "-" "Mozilla/5.0 (Linux; Android 6.0.1; Nexus 5X Build/MMB29P) AppleWebKit/537.36 (KHTML, like Gecko) Chrome/137.0.7151.103 Mobile Safari/537.36 (compatible; Googlebot/2.1; +http://www.google.com/bot.html)"
66.249.65.35 - - [22/Jul/2025:01:25:38 +0000] "GET /?x=34811206021800&mod=4dfd2a14&uri=products.php?detail/5781048.htm HTTP/1.1" 200 19468 "-" "Mozilla/5.0 (Linux; Android 6.0.1; Nexus 5X Build/MMB29P) AppleWebKit/537.36 (KHTML, like Gecko) Chrome/137.0.7151.103 Mobile Safari/537.36 (compatible; Googlebot/2.1; +http://www.google.com/bot.html)"
66.249.65.37 - - [22/Jul/2025:01:25:38 +0000] "POST /get-message-notify HTTP/1.1" 404 - "https://kraft-court.cafe/?x=5598954041800&mod=f5496252&uri=shared.php?detail/2196789143.htm" "Mozilla/5.0 (Linux; Android 6.0.1; Nexus 5X Build/MMB29P) AppleWebKit/537.36 (KHTML, like Gecko) Chrome/137.0.7151.119 Mobile Safari/537.36 (compatible; Googlebot/2.1; +http://www.google.com/bot.html)"
66.249.65.35 - - [22/Jul/2025:01:26:20 +0000] "POST /get-message-notify HTTP/1.1" 404 - "https://kraft-court.cafe/?x=34811206021800&mod=4dfd2a14&uri=products.php?detail/5781048.htm" "Mozilla/5.0 (Linux; Android 6.0.1; Nexus 5X Build/MMB29P) AppleWebKit/537.36 (KHTML, like Gecko) Chrome/137.0.7151.119 Mobile Safari/537.36 (compatible; Googlebot/2.1; +http://www.google.com/bot.html)"
66.249.65.35 - - [22/Jul/2025:01:26:39 +0000] "GET /?x=59674925061800&mod=41e7637e&uri=form.php%3Fid%3D1991400-216%26name%3Dplus+peplum HTTP/1.1" 200 18408 "-" "Mozilla/5.0 (Linux; Android 6.0.1; Nexus 5X Build/MMB29P) AppleWebKit/537.36 (KHTML, like Gecko) Chrome/137.0.7151.103 Mobile Safari/537.36 (compatible; Googlebot/2.1; +http://www.google.com/bot.html)"
66.249.65.35 - - [22/Jul/2025:01:26:42 +0000] "POST /get-message-notify HTTP/1.1" 404 - "https://kraft-court.cafe/?x=59674925061800&mod=41e7637e&uri=form.php%3Fid%3D1991400-216%26name%3Dplus+peplum" "Mozilla/5.0 (Linux; Android 6.0.1; Nexus 5X Build/MMB29P) AppleWebKit/537.36 (KHTML, like Gecko) Chrome/137.0.7151.119 Mobile Safari/537.36 (compatible; Googlebot/2.1; +http://www.google.com/bot.html)"
66.249.65.35 - - [22/Jul/2025:01:26:44 +0000] "GET /?x=82860864051800&mod=e3019767&uri=news.php?detail/4353511.htm HTTP/1.1" 200 18774 "-" "Mozilla/5.0 (Linux; Android 6.0.1; Nexus 5X Build/MMB29P) AppleWebKit/537.36 (KHTML, like Gecko) Chrome/137.0.7151.103 Mobile Safari/537.36 (compatible; Googlebot/2.1; +http://www.google.com/bot.html)"
66.249.65.35 - - [22/Jul/2025:01:26:47 +0000] "POST /get-message-notify HTTP/1.1" 404 - "https://kraft-court.cafe/?x=82860864051800&mod=e3019767&uri=news.php?detail/4353511.htm" "Mozilla/5.0 (Linux; Android 6.0.1; Nexus 5X Build/MMB29P) AppleWebKit/537.36 (KHTML, like Gecko) Chrome/137.0.7151.119 Mobile Safari/537.36 (compatible; Googlebot/2.1; +http://www.google.com/bot.html)"
66.249.65.35 - - [22/Jul/2025:01:26:48 +0000] "GET /?x=28524956031800&mod=55d99a37&uri=search.php?detail/50871594.htm HTTP/1.1" 200 19240 "-" "Mozilla/5.0 (Linux; Android 6.0.1; Nexus 5X Build/MMB29P) AppleWebKit/537.36 (KHTML, like Gecko) Chrome/137.0.7151.103 Mobile Safari/537.36 (compatible; Googlebot/2.1; +http://www.google.com/bot.html)"
66.249.65.35 - - [22/Jul/2025:01:26:50 +0000] "GET /?x=5540284051800&mod=ffbd6cbb&uri=shop.php?detail/46973289.htm HTTP/1.1" 200 19404 "-" "Mozilla/5.0 (Linux; Android 6.0.1; Nexus 5X Build/MMB29P) AppleWebKit/537.36 (KHTML, like Gecko) Chrome/137.0.7151.103 Mobile Safari/537.36 (compatible; Googlebot/2.1; +http://www.google.com/bot.html)"
66.249.65.35 - - [22/Jul/2025:01:26:58 +0000] "POST /get-message-notify HTTP/1.1" 404 - "https://kraft-court.cafe/?x=5540284051800&mod=ffbd6cbb&uri=shop.php?detail/46973289.htm" "Mozilla/5.0 (Linux; Android 6.0.1; Nexus 5X Build/MMB29P) AppleWebKit/537.36 (KHTML, like Gecko) Chrome/137.0.7151.119 Mobile Safari/537.36 (compatible; Googlebot/2.1; +http://www.google.com/bot.html)"
51.222.253.4 - - [22/Jul/2025:01:27:42 +0000] "GET /recollection.php?shopdetail/157647743 HTTP/1.1" 200 - "-" "Mozilla/5.0 (compatible; AhrefsBot/7.0; +http://ahrefs.com/robot/)"
66.249.65.36 - - [22/Jul/2025:01:27:46 +0000] "GET /?x=5542204041800&mod=ffbd6cbb&uri=article.php?detail/2882855.htm HTTP/1.1" 200 19087 "-" "Mozilla/5.0 (Linux; Android 6.0.1; Nexus 5X Build/MMB29P) AppleWebKit/537.36 (KHTML, like Gecko) Chrome/137.0.7151.103 Mobile Safari/537.36 (compatible; Googlebot/2.1; +http://www.google.com/bot.html)"
66.249.65.35 - - [22/Jul/2025:01:27:50 +0000] "GET /?x=28524956031800&mod=55d99a37&uri=search.php?detail/51064556.htm HTTP/1.1" 200 19562 "-" "Mozilla/5.0 (Linux; Android 6.0.1; Nexus 5X Build/MMB29P) AppleWebKit/537.36 (KHTML, like Gecko) Chrome/137.0.7151.103 Mobile Safari/537.36 (compatible; Googlebot/2.1; +http://www.google.com/bot.html)"
66.249.65.35 - - [22/Jul/2025:01:27:59 +0000] "GET /?x=55302044071800&mod=decc2e06&uri=form.php?detail/50892050.htm HTTP/1.1" 200 18794 "-" "Mozilla/5.0 (Linux; Android 6.0.1; Nexus 5X Build/MMB29P) AppleWebKit/537.36 (KHTML, like Gecko) Chrome/137.0.7151.103 Mobile Safari/537.36 (compatible; Googlebot/2.1; +http://www.google.com/bot.html)"
66.249.65.37 - - [22/Jul/2025:01:28:05 +0000] "GET /?x=82860864051800&mod=e3019767&uri=news.php?feature/shoplist/index.html HTTP/1.1" 200 19427 "-" "Mozilla/5.0 (Linux; Android 6.0.1; Nexus 5X Build/MMB29P) AppleWebKit/537.36 (KHTML, like Gecko) Chrome/137.0.7151.103 Mobile Safari/537.36 (compatible; Googlebot/2.1; +http://www.google.com/bot.html)"
66.249.65.36 - - [22/Jul/2025:01:28:39 +0000] "GET /?x=5542924001800&mod=ffbd6cbb&uri=goods.php?detail/2894584.htm HTTP/1.1" 200 18712 "-" "Mozilla/5.0 (Linux; Android 6.0.1; Nexus 5X Build/MMB29P) AppleWebKit/537.36 (KHTML, like Gecko) Chrome/137.0.7151.103 Mobile Safari/537.36 (compatible; Googlebot/2.1; +http://www.google.com/bot.html)"
66.249.65.35 - - [22/Jul/2025:01:28:53 +0000] "GET /?x=5542924001800&mod=ffbd6cbb&uri=goods.php?detail/2891532.htm HTTP/1.1" 200 19429 "-" "Mozilla/5.0 (Linux; Android 6.0.1; Nexus 5X Build/MMB29P) AppleWebKit/537.36 (KHTML, like Gecko) Chrome/137.0.7151.103 Mobile Safari/537.36 (compatible; Googlebot/2.1; +http://www.google.com/bot.html)"
66.249.65.35 - - [22/Jul/2025:01:28:58 +0000] "GET /?x=5598954041800&mod=f5496252&uri=shared.php?detail/2196819747.htm HTTP/1.1" 200 19019 "-" "Mozilla/5.0 (Linux; Android 6.0.1; Nexus 5X Build/MMB29P) AppleWebKit/537.36 (KHTML, like Gecko) Chrome/137.0.7151.103 Mobile Safari/537.36 (compatible; Googlebot/2.1; +http://www.google.com/bot.html)"
66.249.65.36 - - [22/Jul/2025:01:29:10 +0000] "GET /?x=5540284051800&mod=ffbd6cbb&uri=shop.php?detail/48434874.htm HTTP/1.1" 200 18302 "-" "Mozilla/5.0 (Linux; Android 6.0.1; Nexus 5X Build/MMB29P) AppleWebKit/537.36 (KHTML, like Gecko) Chrome/137.0.7151.103 Mobile Safari/537.36 (compatible; Googlebot/2.1; +http://www.google.com/bot.html)"
66.249.65.36 - - [22/Jul/2025:01:29:21 +0000] "GET /?x=113664333051800&mod=165a59f7&uri=itm.php?detail/51741813.htm HTTP/1.1" 200 18792 "-" "Mozilla/5.0 (Linux; Android 6.0.1; Nexus 5X Build/MMB29P) AppleWebKit/537.36 (KHTML, like Gecko) Chrome/137.0.7151.103 Mobile Safari/537.36 (compatible; Googlebot/2.1; +http://www.google.com/bot.html)"
66.249.65.35 - - [22/Jul/2025:01:29:25 +0000] "POST /get-message-notify HTTP/1.1" 404 - "https://kraft-court.cafe/?x=113664333051800&mod=165a59f7&uri=itm.php?detail/51741813.htm" "Mozilla/5.0 (Linux; Android 6.0.1; Nexus 5X Build/MMB29P) AppleWebKit/537.36 (KHTML, like Gecko) Chrome/137.0.7151.119 Mobile Safari/537.36 (compatible; Googlebot/2.1; +http://www.google.com/bot.html)"
66.249.65.35 - - [22/Jul/2025:01:29:50 +0000] "GET /?x=5542924001800&mod=ffbd6cbb&uri=goods.php?detail/2922328.htm HTTP/1.1" 200 18773 "-" "Mozilla/5.0 (Linux; Android 6.0.1; Nexus 5X Build/MMB29P) AppleWebKit/537.36 (KHTML, like Gecko) Chrome/137.0.7151.103 Mobile Safari/537.36 (compatible; Googlebot/2.1; +http://www.google.com/bot.html)"
66.249.65.36 - - [22/Jul/2025:01:30:05 +0000] "GET /?x=82860864051800&mod=e3019767&uri=news.php?detail/2886462.htm HTTP/1.1" 200 18432 "-" "Mozilla/5.0 (Linux; Android 6.0.1; Nexus 5X Build/MMB29P) AppleWebKit/537.36 (KHTML, like Gecko) Chrome/137.0.7151.103 Mobile Safari/537.36 (compatible; Googlebot/2.1; +http://www.google.com/bot.html)"
66.249.65.35 - - [22/Jul/2025:01:30:13 +0000] "GET /?x=5542924001800&mod=ffbd6cbb&uri=goods.php?feature/idol/gradol.html HTTP/1.1" 200 19486 "-" "Mozilla/5.0 (Linux; Android 6.0.1; Nexus 5X Build/MMB29P) AppleWebKit/537.36 (KHTML, like Gecko) Chrome/137.0.7151.103 Mobile Safari/537.36 (compatible; Googlebot/2.1; +http://www.google.com/bot.html)"
66.249.65.35 - - [22/Jul/2025:01:30:21 +0000] "GET /?x=59623128011800&mod=2cb6b103&uri=form.php?detail/2886462.htm HTTP/1.1" 200 18438 "-" "Mozilla/5.0 (Linux; Android 6.0.1; Nexus 5X Build/MMB29P) AppleWebKit/537.36 (KHTML, like Gecko) Chrome/137.0.7151.103 Mobile Safari/537.36 (compatible; Googlebot/2.1; +http://www.google.com/bot.html)"
66.249.65.35 - - [22/Jul/2025:01:30:22 +0000] "POST /get-message-notify HTTP/1.1" 404 - "https://kraft-court.cafe/?x=5598954041800&mod=f5496252&uri=shared.php?detail/2196819747.htm" "Mozilla/5.0 (Linux; Android 6.0.1; Nexus 5X Build/MMB29P) AppleWebKit/537.36 (KHTML, like Gecko) Chrome/137.0.7151.119 Mobile Safari/537.36 (compatible; Googlebot/2.1; +http://www.google.com/bot.html)"
66.249.65.35 - - [22/Jul/2025:01:30:35 +0000] "GET /?x=35000212011800&mod=1e056d2b&uri=products.php?detail/4363723.htm HTTP/1.1" 200 19159 "-" "Mozilla/5.0 (Linux; Android 6.0.1; Nexus 5X Build/MMB29P) AppleWebKit/537.36 (KHTML, like Gecko) Chrome/137.0.7151.103 Mobile Safari/537.36 (compatible; Googlebot/2.1; +http://www.google.com/bot.html)"
66.249.65.37 - - [22/Jul/2025:01:31:00 +0000] "GET /?x=5541904021800&mod=cd3afef9&uri=shop.php?detail/2885779.htm HTTP/1.1" 200 19212 "-" "Mozilla/5.0 (Linux; Android 6.0.1; Nexus 5X Build/MMB29P) AppleWebKit/537.36 (KHTML, like Gecko) Chrome/137.0.7151.103 Mobile Safari/537.36 (compatible; Googlebot/2.1; +http://www.google.com/bot.html)"
66.249.65.36 - - [22/Jul/2025:01:31:12 +0000] "GET /?x=82860864051800&mod=e3019767&uri=news.php?detail/2926585.htm HTTP/1.1" 200 18826 "-" "Mozilla/5.0 (Linux; Android 6.0.1; Nexus 5X Build/MMB29P) AppleWebKit/537.36 (KHTML, like Gecko) Chrome/137.0.7151.103 Mobile Safari/537.36 (compatible; Googlebot/2.1; +http://www.google.com/bot.html)"
209.74.77.214 - - [22/Jul/2025:01:31:31 +0000] "POST /wp-cron.php?doing_wp_cron=1753147891.6875720024108886718750 HTTP/1.1" 200 - "-" "WordPress/6.8.2; https://kraft-court.cafe"
47.82.11.67 - - [22/Jul/2025:01:31:30 +0000] "GET /?x=5717449001800&mod=333cb763&uri=news.php?id%3D190916-334%26name%3Dhua+jai+sila+dailymotion HTTP/1.1" 301 - "https://kraft-court.cafe/?x=5717449001800&mod=333cb763&uri=news.php%3Fid%3D190916-334%26name%3Dhua+jai+sila+dailymotion" "Mozilla/5.0 (Windows NT 10.0; Win64; x64) AppleWebKit/537.36 (KHTML, like Gecko) Chrome/114.0.0.0 Safari/537.36 Edg/114.0.1823.43"
47.82.11.67 - - [22/Jul/2025:01:31:31 +0000] "GET /?x=5717449001800&mod=333cb763&uri=news.php?id%3D190916-334%26name%3Dhua%20jai%20sila%20dailymotion HTTP/1.1" 301 - "https://kraft-court.cafe/?x=5717449001800&mod=333cb763&uri=news.php%3Fid%3D190916-334%26name%3Dhua+jai+sila+dailymotion" "Mozilla/5.0 (Windows NT 10.0; Win64; x64) AppleWebKit/537.36 (KHTML, like Gecko) Chrome/114.0.0.0 Safari/537.36 Edg/114.0.1823.43"
66.249.65.35 - - [22/Jul/2025:01:31:34 +0000] "GET /?x=5548984001800&mod=ffbd6cbb&uri=product.php?detail/2946849.htm HTTP/1.1" 200 19655 "-" "Mozilla/5.0 (Linux; Android 6.0.1; Nexus 5X Build/MMB29P) AppleWebKit/537.36 (KHTML, like Gecko) Chrome/137.0.7151.103 Mobile Safari/537.36 (compatible; Googlebot/2.1; +http://www.google.com/bot.html)"
66.249.65.35 - - [22/Jul/2025:01:31:35 +0000] "GET /?x=59590889011800&mod=91cff01a&uri=dp.php%3Fid%3D1988585-1149%26name%3Dxmas+pudding+costume HTTP/1.1" 200 18422 "-" "Mozilla/5.0 (Linux; Android 6.0.1; Nexus 5X Build/MMB29P) AppleWebKit/537.36 (KHTML, like Gecko) Chrome/137.0.7151.103 Mobile Safari/537.36 (compatible; Googlebot/2.1; +http://www.google.com/bot.html)"
66.249.65.35 - - [22/Jul/2025:01:31:36 +0000] "GET /?x=59671865041800&mod=41e7637e&uri=category-info.php%3Fid%3D1991298-216%26name%3Dt+shirt+peplum+top HTTP/1.1" 200 18454 "-" "Mozilla/5.0 (Linux; Android 6.0.1; Nexus 5X Build/MMB29P) AppleWebKit/537.36 (KHTML, like Gecko) Chrome/137.0.7151.103 Mobile Safari/537.36 (compatible; Googlebot/2.1; +http://www.google.com/bot.html)"
66.249.65.35 - - [22/Jul/2025:01:31:37 +0000] "GET /?x=59672045001800&mod=41e7637e&uri=form.php%3Fid%3D1991304-216%26name%3Dlulus+peplum+top HTTP/1.1" 200 18416 "-" "Mozilla/5.0 (Linux; Android 6.0.1; Nexus 5X Build/MMB29P) AppleWebKit/537.36 (KHTML, like Gecko) Chrome/137.0.7151.103 Mobile Safari/537.36 (compatible; Googlebot/2.1; +http://www.google.com/bot.html)"
66.249.65.35 - - [22/Jul/2025:01:31:38 +0000] "GET /?x=59670065041800&mod=41e7637e&uri=products.php%3Fid%3D1991238-216%26name%3Deloquii+peplum+top HTTP/1.1" 200 18433 "-" "Mozilla/5.0 (Linux; Android 6.0.1; Nexus 5X Build/MMB29P) AppleWebKit/537.36 (KHTML, like Gecko) Chrome/137.0.7151.103 Mobile Safari/537.36 (compatible; Googlebot/2.1; +http://www.google.com/bot.html)"
66.249.65.35 - - [22/Jul/2025:01:31:40 +0000] "GET /?x=59670605001800&mod=41e7637e&uri=itm.php%3Fid%3D1991256-216%26name%3Djohn+calipari+derrick+rose HTTP/1.1" 200 18438 "-" "Mozilla/5.0 (Linux; Android 6.0.1; Nexus 5X Build/MMB29P) AppleWebKit/537.36 (KHTML, like Gecko) Chrome/137.0.7151.103 Mobile Safari/537.36 (compatible; Googlebot/2.1; +http://www.google.com/bot.html)"
66.249.65.35 - - [22/Jul/2025:01:31:40 +0000] "POST /get-message-notify HTTP/1.1" 404 - "https://kraft-court.cafe/?x=59670065041800&mod=41e7637e&uri=products.php%3Fid%3D1991238-216%26name%3Deloquii+peplum+top" "Mozilla/5.0 (Linux; Android 6.0.1; Nexus 5X Build/MMB29P) AppleWebKit/537.36 (KHTML, like Gecko) Chrome/137.0.7151.119 Mobile Safari/537.36 (compatible; Googlebot/2.1; +http://www.google.com/bot.html)"
66.249.65.35 - - [22/Jul/2025:01:31:40 +0000] "GET /?x=59675645001800&mod=41e7637e&uri=blog.php%3Fid%3D1991424-216%26name%3Dnew+look+black+peplum+top HTTP/1.1" 200 18436 "-" "Mozilla/5.0 (Linux; Android 6.0.1; Nexus 5X Build/MMB29P) AppleWebKit/537.36 (KHTML, like Gecko) Chrome/137.0.7151.103 Mobile Safari/537.36 (compatible; Googlebot/2.1; +http://www.google.com/bot.html)"
66.249.65.35 - - [22/Jul/2025:01:31:40 +0000] "GET /?x=59670965041800&mod=41e7637e&uri=dp.php%3Fid%3D1991268-216%26name%3Dcrepe+peplum+top HTTP/1.1" 200 18415 "-" "Mozilla/5.0 (Linux; Android 6.0.1; Nexus 5X Build/MMB29P) AppleWebKit/537.36 (KHTML, like Gecko) Chrome/137.0.7151.103 Mobile Safari/537.36 (compatible; Googlebot/2.1; +http://www.google.com/bot.html)"
66.249.65.35 - - [22/Jul/2025:01:31:41 +0000] "GET /?x=59673485081800&mod=41e7637e&uri=product.php%3Fid%3D1991352-216%26name%3Dwolves+derrick+rose HTTP/1.1" 200 18436 "-" "Mozilla/5.0 (Linux; Android 6.0.1; Nexus 5X Build/MMB29P) AppleWebKit/537.36 (KHTML, like Gecko) Chrome/137.0.7151.103 Mobile Safari/537.36 (compatible; Googlebot/2.1; +http://www.google.com/bot.html)"
66.249.65.35 - - [22/Jul/2025:01:31:42 +0000] "GET /?x=59676005001800&mod=41e7637e&uri=shared.php%3Fid%3D1991436-216%26name%3Deric+gordon+derrick+rose HTTP/1.1" 200 18435 "-" "Mozilla/5.0 (Linux; Android 6.0.1; Nexus 5X Build/MMB29P) AppleWebKit/537.36 (KHTML, like Gecko) Chrome/137.0.7151.103 Mobile Safari/537.36 (compatible; Googlebot/2.1; +http://www.google.com/bot.html)"
209.74.77.214 - - [22/Jul/2025:01:31:43 +0000] "POST /wp-cron.php?doing_wp_cron=1753147903.3143670558929443359375 HTTP/1.1" 200 - "-" "WordPress/6.8.2; https://kraft-court.cafe"
47.82.11.19 - - [22/Jul/2025:01:31:43 +0000] "GET /?x=86756460041800&mod=e94fe9ac&uri=blog.php?id%3D2895191-332%26name%3Dyeh+rishta+kya+kehlata+hai+27+july+2015 HTTP/1.1" 301 - "https://kraft-court.cafe/?x=86756460041800&mod=e94fe9ac&uri=blog.php%3Fid%3D2895191-332%26name%3Dyeh+rishta+kya+kehlata+hai+27+july+2015" "Mozilla/5.0 (Windows NT 10.0; Win64; x64) AppleWebKit/537.36 (KHTML, like Gecko) Chrome/114.0.0.0 Safari/537.36 Edg/114.0.1823.43"
66.249.65.35 - - [22/Jul/2025:01:31:43 +0000] "GET /?x=59666825001800&mod=41e7637e&uri=shared.php%3Fid%3D1991130-216%26name%3Dembroidered+peplum+top HTTP/1.1" 200 18429 "-" "Mozilla/5.0 (Linux; Android 6.0.1; Nexus 5X Build/MMB29P) AppleWebKit/537.36 (KHTML, like Gecko) Chrome/137.0.7151.103 Mobile Safari/537.36 (compatible; Googlebot/2.1; +http://www.google.com/bot.html)"
47.82.11.19 - - [22/Jul/2025:01:31:43 +0000] "GET /?x=86756460041800&mod=e94fe9ac&uri=blog.php?id%3D2895191-332%26name%3Dyeh%20rishta%20kya%20kehlata%20hai%2027%20july%202015 HTTP/1.1" 301 - "https://kraft-court.cafe/?x=86756460041800&mod=e94fe9ac&uri=blog.php%3Fid%3D2895191-332%26name%3Dyeh+rishta+kya+kehlata+hai+27+july+2015" "Mozilla/5.0 (Windows NT 10.0; Win64; x64) AppleWebKit/537.36 (KHTML, like Gecko) Chrome/114.0.0.0 Safari/537.36 Edg/114.0.1823.43"
66.249.65.35 - - [22/Jul/2025:01:31:43 +0000] "POST /get-message-notify HTTP/1.1" 404 - "https://kraft-court.cafe/?x=59670965041800&mod=41e7637e&uri=dp.php%3Fid%3D1991268-216%26name%3Dcrepe+peplum+top" "Mozilla/5.0 (Linux; Android 6.0.1; Nexus 5X Build/MMB29P) AppleWebKit/537.36 (KHTML, like Gecko) Chrome/137.0.7151.119 Mobile Safari/537.36 (compatible; Googlebot/2.1; +http://www.google.com/bot.html)"
66.249.65.35 - - [22/Jul/2025:01:31:45 +0000] "GET /?x=59674745001800&mod=41e7637e&uri=product.php%3Fid%3D1991394-216%26name%3Dprana+foundation+short+sleeve+top HTTP/1.1" 200 18451 "-" "Mozilla/5.0 (Linux; Android 6.0.1; Nexus 5X Build/MMB29P) AppleWebKit/537.36 (KHTML, like Gecko) Chrome/137.0.7151.103 Mobile Safari/537.36 (compatible; Googlebot/2.1; +http://www.google.com/bot.html)"
66.249.65.35 - - [22/Jul/2025:01:31:45 +0000] "GET /?x=59667725061800&mod=41e7637e&uri=category-info.php%3Fid%3D1991160-216%26name%3Dcrochet+bikini+top HTTP/1.1" 200 18454 "-" "Mozilla/5.0 (Linux; Android 6.0.1; Nexus 5X Build/MMB29P) AppleWebKit/537.36 (KHTML, like Gecko) Chrome/137.0.7151.103 Mobile Safari/537.36 (compatible; Googlebot/2.1; +http://www.google.com/bot.html)"
66.249.65.35 - - [22/Jul/2025:01:31:47 +0000] "GET /?x=59675465091800&mod=41e7637e&uri=article.php%3Fid%3D1991418-216%26name%3Dtoronto+raptors+roster+1997 HTTP/1.1" 200 18447 "-" "Mozilla/5.0 (Linux; Android 6.0.1; Nexus 5X Build/MMB29P) AppleWebKit/537.36 (KHTML, like Gecko) Chrome/137.0.7151.103 Mobile Safari/537.36 (compatible; Googlebot/2.1; +http://www.google.com/bot.html)"
66.249.65.35 - - [22/Jul/2025:01:31:48 +0000] "GET /?x=59675105121800&mod=41e7637e&uri=search.php%3Fid%3D1991406-216%26name%3D2016+ucla+basketball+roster HTTP/1.1" 200 18436 "-" "Mozilla/5.0 (Linux; Android 6.0.1; Nexus 5X Build/MMB29P) AppleWebKit/537.36 (KHTML, like Gecko) Chrome/137.0.7151.103 Mobile Safari/537.36 (compatible; Googlebot/2.1; +http://www.google.com/bot.html)"
66.249.65.35 - - [22/Jul/2025:01:31:48 +0000] "GET /?x=59667905021800&mod=41e7637e&uri=form.php%3Fid%3D1991166-216%26name%3Dbeaded+peplum+top HTTP/1.1" 200 18420 "-" "Mozilla/5.0 (Linux; Android 6.0.1; Nexus 5X Build/MMB29P) AppleWebKit/537.36 (KHTML, like Gecko) Chrome/137.0.7151.103 Mobile Safari/537.36 (compatible; Googlebot/2.1; +http://www.google.com/bot.html)"
66.249.65.36 - - [22/Jul/2025:01:31:49 +0000] "GET /?x=59671325061800&mod=41e7637e&uri=brands.php%3Fid%3D1991280-216%26name%3Dpeplum+tee+shirts HTTP/1.1" 200 18424 "-" "Mozilla/5.0 (Linux; Android 6.0.1; Nexus 5X Build/MMB29P) AppleWebKit/537.36 (KHTML, like Gecko) Chrome/137.0.7151.103 Mobile Safari/537.36 (compatible; Googlebot/2.1; +http://www.google.com/bot.html)"
66.249.65.36 - - [22/Jul/2025:01:31:50 +0000] "GET /?x=55302044071800&mod=decc2e06&uri=form.php?detail/50861510.htm HTTP/1.1" 200 18894 "-" "Mozilla/5.0 (Linux; Android 6.0.1; Nexus 5X Build/MMB29P) AppleWebKit/537.36 (KHTML, like Gecko) Chrome/137.0.7151.103 Mobile Safari/537.36 (compatible; Googlebot/2.1; +http://www.google.com/bot.html)"
66.249.65.36 - - [22/Jul/2025:01:31:50 +0000] "GET /?x=59665385031800&mod=41e7637e&uri=dp.php%3Fid%3D1991082-216%26name%3Drainbow+crochet+crop+top HTTP/1.1" 200 18425 "-" "Mozilla/5.0 (Linux; Android 6.0.1; Nexus 5X Build/MMB29P) AppleWebKit/537.36 (KHTML, like Gecko) Chrome/137.0.7151.103 Mobile Safari/537.36 (compatible; Googlebot/2.1; +http://www.google.com/bot.html)"
66.249.65.35 - - [22/Jul/2025:01:31:51 +0000] "GET /?x=59668445001800&mod=41e7637e&uri=brands.php%3Fid%3D1991184-216%26name%3Dnike+shox+gravity+womens+elemental+rose HTTP/1.1" 200 18462 "-" "Mozilla/5.0 (Linux; Android 6.0.1; Nexus 5X Build/MMB29P) AppleWebKit/537.36 (KHTML, like Gecko) Chrome/137.0.7151.103 Mobile Safari/537.36 (compatible; Googlebot/2.1; +http://www.google.com/bot.html)"
66.249.65.36 - - [22/Jul/2025:01:31:51 +0000] "GET /?x=47752032001800&mod=c73dfe6c&uri=us.php%3Fid%3D1593600-134%26name%3Dairtel+xstream+app+tamil+channel+list HTTP/1.1" 200 18447 "-" "Mozilla/5.0 (Linux; Android 6.0.1; Nexus 5X Build/MMB29P) AppleWebKit/537.36 (KHTML, like Gecko) Chrome/137.0.7151.103 Mobile Safari/537.36 (compatible; Googlebot/2.1; +http://www.google.com/bot.html)"
66.249.65.35 - - [22/Jul/2025:01:31:51 +0000] "GET /?x=47752212001800&mod=c73dfe6c&uri=form.php%3Fid%3D1593606-134%26name%3Del+camino+free+stream HTTP/1.1" 200 18428 "-" "Mozilla/5.0 (Linux; Android 6.0.1; Nexus 5X Build/MMB29P) AppleWebKit/537.36 (KHTML, like Gecko) Chrome/137.0.7151.103 Mobile Safari/537.36 (compatible; Googlebot/2.1; +http://www.google.com/bot.html)"
66.249.65.36 - - [22/Jul/2025:01:31:52 +0000] "GET /?x=47743040131800&mod=d25a34b9&uri=us.php%3Fid%3D1593298-557%26name%3Destimulacion+12+meses HTTP/1.1" 200 18425 "-" "Mozilla/5.0 (Linux; Android 6.0.1; Nexus 5X Build/MMB29P) AppleWebKit/537.36 (KHTML, like Gecko) Chrome/137.0.7151.103 Mobile Safari/537.36 (compatible; Googlebot/2.1; +http://www.google.com/bot.html)"
66.249.65.35 - - [22/Jul/2025:01:31:54 +0000] "POST /get-message-notify HTTP/1.1" 404 - "https://kraft-court.cafe/?x=59665385031800&mod=41e7637e&uri=dp.php%3Fid%3D1991082-216%26name%3Drainbow+crochet+crop+top" "Mozilla/5.0 (Linux; Android 6.0.1; Nexus 5X Build/MMB29P) AppleWebKit/537.36 (KHTML, like Gecko) Chrome/137.0.7151.119 Mobile Safari/537.36 (compatible; Googlebot/2.1; +http://www.google.com/bot.html)"
66.249.65.35 - - [22/Jul/2025:01:31:54 +0000] "GET /?x=47754958041800&mod=c73dfe6c&uri=us.php%3Fid%3D1593698-134%26name%3Dman+city+v+wolves+what+channel HTTP/1.1" 200 18444 "-" "Mozilla/5.0 (Linux; Android 6.0.1; Nexus 5X Build/MMB29P) AppleWebKit/537.36 (KHTML, like Gecko) Chrome/137.0.7151.103 Mobile Safari/537.36 (compatible; Googlebot/2.1; +http://www.google.com/bot.html)"
66.249.65.36 - - [22/Jul/2025:01:31:55 +0000] "GET /?x=47753292021800&mod=c73dfe6c&uri=article.php%3Fid%3D1593642-134%26name%3Dseries+to+watch+on+prime+free HTTP/1.1" 200 18454 "-" "Mozilla/5.0 (Linux; Android 6.0.1; Nexus 5X Build/MMB29P) AppleWebKit/537.36 (KHTML, like Gecko) Chrome/137.0.7151.103 Mobile Safari/537.36 (compatible; Googlebot/2.1; +http://www.google.com/bot.html)"
66.249.65.35 - - [22/Jul/2025:01:31:55 +0000] "GET /?x=47751920061800&mod=c73dfe6c&uri=shared.php%3Fid%3D1593596-134%26name%3Dnew+today+on+hulu HTTP/1.1" 200 18427 "-" "Mozilla/5.0 (Linux; Android 6.0.1; Nexus 5X Build/MMB29P) AppleWebKit/537.36 (KHTML, like Gecko) Chrome/137.0.7151.103 Mobile Safari/537.36 (compatible; Googlebot/2.1; +http://www.google.com/bot.html)"
66.249.65.35 - - [22/Jul/2025:01:31:56 +0000] "GET /?x=47752992021800&mod=c73dfe6c&uri=us.php%3Fid%3D1593632-134%26name%3Dbates+motel+on+peacock HTTP/1.1" 200 18423 "-" "Mozilla/5.0 (Linux; Android 6.0.1; Nexus 5X Build/MMB29P) AppleWebKit/537.36 (KHTML, like Gecko) Chrome/137.0.7151.103 Mobile Safari/537.36 (compatible; Googlebot/2.1; +http://www.google.com/bot.html)"
66.249.65.35 - - [22/Jul/2025:01:31:56 +0000] "GET /?x=47737205011800&mod=d25a34b9&uri=info.php%3Fid%3D1593103-557%26name%3Dtela+para+hacer+mu%C3%83%C2%B1ecos+de+navidad HTTP/1.1" 200 18475 "-" "Mozilla/5.0 (Linux; Android 6.0.1; Nexus 5X Build/MMB29P) AppleWebKit/537.36 (KHTML, like Gecko) Chrome/137.0.7151.103 Mobile Safari/537.36 (compatible; Googlebot/2.1; +http://www.google.com/bot.html)"
66.249.65.35 - - [22/Jul/2025:01:31:59 +0000] "GET /?x=47739267021800&mod=d25a34b9&uri=pin.php%3Fid%3D1593172-557%26name%3Dcorte+ingles+casa+barbie HTTP/1.1" 200 18437 "-" "Mozilla/5.0 (Linux; Android 6.0.1; Nexus 5X Build/MMB29P) AppleWebKit/537.36 (KHTML, like Gecko) Chrome/137.0.7151.103 Mobile Safari/537.36 (compatible; Googlebot/2.1; +http://www.google.com/bot.html)"
66.249.65.37 - - [22/Jul/2025:01:31:59 +0000] "GET /?x=48317356021800&mod=d25a34b9&uri=itm.php%3Fid%3D1612460-557%26name%3Destimulacion+adecuada+para+bebes HTTP/1.1" 200 18448 "-" "Mozilla/5.0 (Linux; Android 6.0.1; Nexus 5X Build/MMB29P) AppleWebKit/537.36 (KHTML, like Gecko) Chrome/137.0.7151.103 Mobile Safari/537.36 (compatible; Googlebot/2.1; +http://www.google.com/bot.html)"
66.249.65.37 - - [22/Jul/2025:01:32:00 +0000] "GET /?x=47753832061800&mod=c73dfe6c&uri=shop.php%3Fid%3D1593660-134%26name%3Dis+all+of+one+piece+on+hulu HTTP/1.1" 200 18438 "-" "Mozilla/5.0 (Linux; Android 6.0.1; Nexus 5X Build/MMB29P) AppleWebKit/537.36 (KHTML, like Gecko) Chrome/137.0.7151.103 Mobile Safari/537.36 (compatible; Googlebot/2.1; +http://www.google.com/bot.html)"
66.249.65.36 - - [22/Jul/2025:01:32:00 +0000] "GET /?x=47752092021800&mod=d25a34b9&uri=category-info.php%3Fid%3D1593602-557%26name%3Dcepillo+electrico+dental+carrefour HTTP/1.1" 200 18487 "-" "Mozilla/5.0 (Linux; Android 6.0.1; Nexus 5X Build/MMB29P) AppleWebKit/537.36 (KHTML, like Gecko) Chrome/137.0.7151.103 Mobile Safari/537.36 (compatible; Googlebot/2.1; +http://www.google.com/bot.html)"
66.249.65.36 - - [22/Jul/2025:01:32:01 +0000] "GET /?x=47754312011800&mod=c73dfe6c&uri=itm.php%3Fid%3D1593676-134%26name%3Dmaurice+leblanc+lupin+series HTTP/1.1" 200 18436 "-" "Mozilla/5.0 (Linux; Android 6.0.1; Nexus 5X Build/MMB29P) AppleWebKit/537.36 (KHTML, like Gecko) Chrome/137.0.7151.103 Mobile Safari/537.36 (compatible; Googlebot/2.1; +http://www.google.com/bot.html)"
66.249.65.37 - - [22/Jul/2025:01:32:01 +0000] "GET /?x=47752692001800&mod=c73dfe6c&uri=brands.php%3Fid%3D1593622-134%26name%3Dhulu+wine+show HTTP/1.1" 200 18419 "-" "Mozilla/5.0 (Linux; Android 6.0.1; Nexus 5X Build/MMB29P) AppleWebKit/537.36 (KHTML, like Gecko) Chrome/137.0.7151.103 Mobile Safari/537.36 (compatible; Googlebot/2.1; +http://www.google.com/bot.html)"
