47.82.11.43 - - [21/Jul/2025:22:01:21 +0000] "GET /?x=86765934011800&mod=e94fe9ac&uri=shop.php?id%3D2895508-332%26name%3Dishqbaaz%20tellyupdates HTTP/1.1" 301 - "https://kraft-court.cafe/?x=86765934011800&mod=e94fe9ac&uri=shop.php%3Fid%3D2895508-332%26name%3Dishqbaaz+tellyupdates" "Mozilla/5.0 (Windows NT 10.0; Win64; x64) AppleWebKit/537.36 (KHTML, like Gecko) Chrome/114.0.0.0 Safari/537.36 Edg/114.0.1823.43"
51.222.253.20 - - [21/Jul/2025:22:03:18 +0000] "GET /recollection.php?shopdetail/205546843 HTTP/1.1" 200 - "-" "Mozilla/5.0 (compatible; AhrefsBot/7.0; +http://ahrefs.com/robot/)"
209.74.77.214 - - [21/Jul/2025:22:08:48 +0000] "POST /wp-cron.php?doing_wp_cron=1753135728.7268600463867187500000 HTTP/1.1" 200 - "-" "WordPress/6.8.2; https://kraft-court.cafe"
74.235.18.62 - - [21/Jul/2025:22:08:47 +0000] "GET / HTTP/1.1" 200 5435 "-" "Mozilla/5.0 (X11; Linux x86_64) AppleWebKit/537.36 (KHTML, like Gecko) Chrome/114.0.0.0 Safari/537.36"
51.222.253.5 - - [21/Jul/2025:22:09:16 +0000] "GET /recollection.php?shopdetail/208167543 HTTP/1.1" 200 - "-" "Mozilla/5.0 (compatible; AhrefsBot/7.0; +http://ahrefs.com/robot/)"
209.74.77.214 - - [21/Jul/2025:22:10:47 +0000] "POST /wp-cron.php?doing_wp_cron=1753135847.3620979785919189453125 HTTP/1.1" 200 - "-" "WordPress/6.8.2; https://kraft-court.cafe"
47.82.11.60 - - [21/Jul/2025:22:10:45 +0000] "GET /?x=5880425021800&mod=d594b1a9&uri=category-info.php?id%3D196372-341%26name%3Dfrutas+para+extractor+de+jugos HTTP/1.1" 301 - "https://kraft-court.cafe/?x=5880425021800&mod=d594b1a9&uri=category-info.php%3Fid%3D196372-341%26name%3Dfrutas+para+extractor+de+jugos" "Mozilla/5.0 (Windows NT 10.0; Win64; x64) AppleWebKit/537.36 (KHTML, like Gecko) Chrome/114.0.0.0 Safari/537.36 Edg/114.0.1823.43"
47.82.11.60 - - [21/Jul/2025:22:10:47 +0000] "GET /?x=5880425021800&mod=d594b1a9&uri=category-info.php?id%3D196372-341%26name%3Dfrutas%20para%20extractor%20de%20jugos HTTP/1.1" 301 - "https://kraft-court.cafe/?x=5880425021800&mod=d594b1a9&uri=category-info.php%3Fid%3D196372-341%26name%3Dfrutas+para+extractor+de+jugos" "Mozilla/5.0 (Windows NT 10.0; Win64; x64) AppleWebKit/537.36 (KHTML, like Gecko) Chrome/114.0.0.0 Safari/537.36 Edg/114.0.1823.43"
209.74.77.214 - - [21/Jul/2025:22:12:16 +0000] "POST /wp-cron.php?doing_wp_cron=1753135936.1879379749298095703125 HTTP/1.1" 200 - "-" "WordPress/6.8.2; https://kraft-court.cafe"
47.82.11.49 - - [21/Jul/2025:22:12:14 +0000] "GET /?x=5880005061800&mod=d594b1a9&uri=product.php?id%3D196358-341%26name%3Dlicuado+de+manzana+avena+y+leche HTTP/1.1" 301 - "https://kraft-court.cafe/?x=5880005061800&mod=d594b1a9&uri=product.php%3Fid%3D196358-341%26name%3Dlicuado+de+manzana+avena+y+leche" "Mozilla/5.0 (Windows NT 10.0; Win64; x64) AppleWebKit/537.36 (KHTML, like Gecko) Chrome/114.0.0.0 Safari/537.36 Edg/114.0.1823.43"
47.82.11.49 - - [21/Jul/2025:22:12:16 +0000] "GET /?x=5880005061800&mod=d594b1a9&uri=product.php?id%3D196358-341%26name%3Dlicuado%20de%20manzana%20avena%20y%20leche HTTP/1.1" 301 - "https://kraft-court.cafe/?x=5880005061800&mod=d594b1a9&uri=product.php%3Fid%3D196358-341%26name%3Dlicuado+de+manzana+avena+y+leche" "Mozilla/5.0 (Windows NT 10.0; Win64; x64) AppleWebKit/537.36 (KHTML, like Gecko) Chrome/114.0.0.0 Safari/537.36 Edg/114.0.1823.43"
74.235.18.62 - - [21/Jul/2025:22:14:25 +0000] "GET /favicon.ico HTTP/1.1" 404 - "-" "Mozilla/5.0 (X11; Linux x86_64) AppleWebKit/537.36 (KHTML, like Gecko) Chrome/114.0.0.0 Safari/537.36"
209.74.77.214 - - [21/Jul/2025:22:14:26 +0000] "POST /wp-cron.php?doing_wp_cron=1753136066.6459920406341552734375 HTTP/1.1" 200 - "-" "WordPress/6.8.2; https://kraft-court.cafe"
74.235.18.62 - - [21/Jul/2025:22:14:25 +0000] "GET / HTTP/1.1" 200 5435 "-" "Mozilla/5.0 (X11; Linux x86_64) AppleWebKit/537.36 (KHTML, like Gecko) Chrome/114.0.0.0 Safari/537.36"
51.222.253.19 - - [21/Jul/2025:22:16:58 +0000] "GET /recollection.php?shopdetail/210315743 HTTP/1.1" 200 - "-" "Mozilla/5.0 (compatible; AhrefsBot/7.0; +http://ahrefs.com/robot/)"
209.74.77.214 - - [21/Jul/2025:22:21:38 +0000] "POST /wp-cron.php?doing_wp_cron=1753136498.0554089546203613281250 HTTP/1.1" 200 - "-" "WordPress/6.8.2; https://kraft-court.cafe"
47.82.11.80 - - [21/Jul/2025:22:21:36 +0000] "GET /?x=6021605051800&mod=322f6246&uri=itm.php?id%3D201083-346%26name%3Darmy+navy+jerseys+2021 HTTP/1.1" 301 - "https://kraft-court.cafe/?x=6021605051800&mod=322f6246&uri=itm.php%3Fid%3D201083-346%26name%3Darmy+navy+jerseys+2021" "Mozilla/5.0 (Windows NT 10.0; Win64; x64) AppleWebKit/537.36 (KHTML, like Gecko) Chrome/114.0.0.0 Safari/537.36 Edg/114.0.1823.43"
47.82.11.80 - - [21/Jul/2025:22:21:38 +0000] "GET /?x=6021605051800&mod=322f6246&uri=itm.php?id%3D201083-346%26name%3Darmy%20navy%20jerseys%202021 HTTP/1.1" 301 - "https://kraft-court.cafe/?x=6021605051800&mod=322f6246&uri=itm.php%3Fid%3D201083-346%26name%3Darmy+navy+jerseys+2021" "Mozilla/5.0 (Windows NT 10.0; Win64; x64) AppleWebKit/537.36 (KHTML, like Gecko) Chrome/114.0.0.0 Safari/537.36 Edg/114.0.1823.43"
209.74.77.214 - - [21/Jul/2025:22:21:52 +0000] "POST /wp-cron.php?doing_wp_cron=1753136512.2816898822784423828125 HTTP/1.1" 200 - "-" "WordPress/6.8.2; https://kraft-court.cafe"
47.82.11.4 - - [21/Jul/2025:22:21:52 +0000] "GET /?x=28925305011800&mod=333cb763&uri=search.php?id%3D965399-334%26name%3Den+aasai+machan+mp3+songs HTTP/1.1" 301 - "https://kraft-court.cafe/?x=28925305011800&mod=333cb763&uri=search.php%3Fid%3D965399-334%26name%3Den+aasai+machan+mp3+songs" "Mozilla/5.0 (Windows NT 10.0; Win64; x64) AppleWebKit/537.36 (KHTML, like Gecko) Chrome/114.0.0.0 Safari/537.36 Edg/114.0.1823.43"
47.82.11.4 - - [21/Jul/2025:22:21:52 +0000] "GET /?x=28925305011800&mod=333cb763&uri=search.php?id%3D965399-334%26name%3Den%20aasai%20machan%20mp3%20songs HTTP/1.1" 301 - "https://kraft-court.cafe/?x=28925305011800&mod=333cb763&uri=search.php%3Fid%3D965399-334%26name%3Den+aasai+machan+mp3+songs" "Mozilla/5.0 (Windows NT 10.0; Win64; x64) AppleWebKit/537.36 (KHTML, like Gecko) Chrome/114.0.0.0 Safari/537.36 Edg/114.0.1823.43"
51.222.253.14 - - [21/Jul/2025:22:23:03 +0000] "GET /recollection.php?shopdetail/214028743 HTTP/1.1" 200 - "-" "Mozilla/5.0 (compatible; AhrefsBot/7.0; +http://ahrefs.com/robot/)"
45.227.253.15 - - [21/Jul/2025:22:26:21 +0000] "GET /index.php/jk HTTP/1.1" 200 59 "-" "Mozilla/5.0 (Windows NT 6.3; WOW64; rv:74.0) Gecko/20100101 Firefox/74.0"
51.222.253.13 - - [21/Jul/2025:22:27:26 +0000] "GET /recollection.php?shopdetail/214786143 HTTP/1.1" 200 - "-" "Mozilla/5.0 (compatible; AhrefsBot/7.0; +http://ahrefs.com/robot/)"
51.222.253.4 - - [21/Jul/2025:22:33:43 +0000] "GET /recollection.php?shopdetail/215388343 HTTP/1.1" 200 - "-" "Mozilla/5.0 (compatible; AhrefsBot/7.0; +http://ahrefs.com/robot/)"
4.227.36.95 - - [21/Jul/2025:22:35:55 +0000] "GET /robots.txt HTTP/1.1" 200 107 "-" "Mozilla/5.0 AppleWebKit/537.36 (KHTML, like Gecko; compatible; GPTBot/1.2; +https://openai.com/gptbot)"
209.74.77.214 - - [21/Jul/2025:22:35:57 +0000] "POST /wp-cron.php?doing_wp_cron=1753137357.0101900100708007812500 HTTP/1.1" 200 - "-" "WordPress/6.8.2; https://kraft-court.cafe"
20.171.207.189 - - [21/Jul/2025:22:35:55 +0000] "GET / HTTP/1.1" 301 - "-" "Mozilla/5.0 AppleWebKit/537.36 (KHTML, like Gecko; compatible; GPTBot/1.2; +https://openai.com/gptbot)"
66.249.65.37 - - [21/Jul/2025:22:40:34 +0000] "GET /?x=5541244021800&mod=ffbd6cbb&uri=article.php%3Fid%3D184988-310%26name%3D2gb+gpu+laptop HTTP/1.1" 200 18422 "-" "Mozilla/5.0 (Linux; Android 6.0.1; Nexus 5X Build/MMB29P) AppleWebKit/537.36 (KHTML, like Gecko) Chrome/137.0.7151.103 Mobile Safari/537.36 (compatible; Googlebot/2.1; +http://www.google.com/bot.html)"
51.222.253.14 - - [21/Jul/2025:22:40:58 +0000] "GET /recollection.php?shopdetail/217170343 HTTP/1.1" 200 - "-" "Mozilla/5.0 (compatible; AhrefsBot/7.0; +http://ahrefs.com/robot/)"
209.74.77.214 - - [21/Jul/2025:22:42:10 +0000] "POST /wp-cron.php?doing_wp_cron=1753137730.4726510047912597656250 HTTP/1.1" 200 - "-" "WordPress/6.8.2; https://kraft-court.cafe"
47.82.11.54 - - [21/Jul/2025:22:42:08 +0000] "GET /?x=5542564001800&mod=cd3afef9&uri=search.php?id%3D185032-220%26name%3Dsport+coat+size HTTP/1.1" 301 - "https://kraft-court.cafe/?x=5542564001800&mod=cd3afef9&uri=search.php%3Fid%3D185032-220%26name%3Dsport+coat+size" "Mozilla/5.0 (Windows NT 10.0; Win64; x64) AppleWebKit/537.36 (KHTML, like Gecko) Chrome/114.0.0.0 Safari/537.36 Edg/114.0.1823.43"
47.82.11.54 - - [21/Jul/2025:22:42:10 +0000] "GET /?x=5542564001800&mod=cd3afef9&uri=search.php?id%3D185032-220%26name%3Dsport%20coat%20size HTTP/1.1" 301 - "https://kraft-court.cafe/?x=5542564001800&mod=cd3afef9&uri=search.php%3Fid%3D185032-220%26name%3Dsport+coat+size" "Mozilla/5.0 (Windows NT 10.0; Win64; x64) AppleWebKit/537.36 (KHTML, like Gecko) Chrome/114.0.0.0 Safari/537.36 Edg/114.0.1823.43"
51.222.253.1 - - [21/Jul/2025:22:45:55 +0000] "GET /recollection.php?shopdetail/219090943 HTTP/1.1" 200 - "-" "Mozilla/5.0 (compatible; AhrefsBot/7.0; +http://ahrefs.com/robot/)"
209.74.77.214 - - [21/Jul/2025:22:50:57 +0000] "POST /wp-cron.php?doing_wp_cron=1753138257.1250040531158447265625 HTTP/1.1" 200 - "-" "WordPress/6.8.2; https://kraft-court.cafe"
47.82.11.2 - - [21/Jul/2025:22:50:55 +0000] "GET /?x=5785195031800&mod=a8849b05&uri=brands.php?id%3D193193-57%26name%3Dubon+bt+200+earbuds+price HTTP/1.1" 301 - "https://kraft-court.cafe/?x=5785195031800&mod=a8849b05&uri=brands.php%3Fid%3D193193-57%26name%3Dubon+bt+200+earbuds+price" "Mozilla/5.0 (Windows NT 10.0; Win64; x64) AppleWebKit/537.36 (KHTML, like Gecko) Chrome/114.0.0.0 Safari/537.36 Edg/114.0.1823.43"
47.82.11.2 - - [21/Jul/2025:22:50:57 +0000] "GET /?x=5785195031800&mod=a8849b05&uri=brands.php?id%3D193193-57%26name%3Dubon%20bt%20200%20earbuds%20price HTTP/1.1" 301 - "https://kraft-court.cafe/?x=5785195031800&mod=a8849b05&uri=brands.php%3Fid%3D193193-57%26name%3Dubon+bt+200+earbuds+price" "Mozilla/5.0 (Windows NT 10.0; Win64; x64) AppleWebKit/537.36 (KHTML, like Gecko) Chrome/114.0.0.0 Safari/537.36 Edg/114.0.1823.43"
51.222.253.7 - - [21/Jul/2025:22:51:01 +0000] "GET /recollection.php?shopdetail/222954843 HTTP/1.1" 200 - "-" "Mozilla/5.0 (compatible; AhrefsBot/7.0; +http://ahrefs.com/robot/)"
209.74.77.214 - - [21/Jul/2025:22:53:15 +0000] "POST /wp-cron.php?doing_wp_cron=1753138395.4666290283203125000000 HTTP/1.1" 200 - "-" "WordPress/6.8.2; https://kraft-court.cafe"
49.183.65.176 - - [21/Jul/2025:22:53:14 +0000] "GET / HTTP/1.1" 200 1847 "https://www.google.com/" "Mozilla/5.0 (iPhone; CPU iPhone OS 18_5_0 like Mac OS X) AppleWebKit/605.1.15 (KHTML, like Gecko) GSA/377.0.781279791 Mobile/15E148 Safari/604.1"
49.183.65.176 - - [21/Jul/2025:22:53:15 +0000] "GET /wp-content/plugins/maintenance/load/css/style.css?ver=1615078706 HTTP/1.1" 200 3400 "https://kraft-court.cafe/" "Mozilla/5.0 (iPhone; CPU iPhone OS 18_5_0 like Mac OS X) AppleWebKit/605.1.15 (KHTML, like Gecko) GSA/377.0.781279791 Mobile/15E148 Safari/604.1"
49.183.65.176 - - [21/Jul/2025:22:53:16 +0000] "GET /wp-content/plugins/maintenance/load/css/fonts.css?ver=1566425282 HTTP/1.1" 200 10398 "https://kraft-court.cafe/" "Mozilla/5.0 (iPhone; CPU iPhone OS 18_5_0 like Mac OS X) AppleWebKit/605.1.15 (KHTML, like Gecko) GSA/377.0.781279791 Mobile/15E148 Safari/604.1"
49.183.65.176 - - [21/Jul/2025:22:53:16 +0000] "GET /wp-includes/js/jquery/jquery-migrate.min.js?ver=3.4.1 HTTP/1.1" 200 4872 "https://kraft-court.cafe/" "Mozilla/5.0 (iPhone; CPU iPhone OS 18_5_0 like Mac OS X) AppleWebKit/605.1.15 (KHTML, like Gecko) GSA/377.0.781279791 Mobile/15E148 Safari/604.1"
49.183.65.176 - - [21/Jul/2025:22:53:16 +0000] "GET /wp-includes/js/jquery/jquery.min.js?ver=3.7.1 HTTP/1.1" 200 30368 "https://kraft-court.cafe/" "Mozilla/5.0 (iPhone; CPU iPhone OS 18_5_0 like Mac OS X) AppleWebKit/605.1.15 (KHTML, like Gecko) GSA/377.0.781279791 Mobile/15E148 Safari/604.1"
49.183.65.176 - - [21/Jul/2025:22:53:16 +0000] "GET /wp-content/plugins/maintenance/load/js/jquery.frontend.js?ver=1615078706 HTTP/1.1" 200 638 "https://kraft-court.cafe/" "Mozilla/5.0 (iPhone; CPU iPhone OS 18_5_0 like Mac OS X) AppleWebKit/605.1.15 (KHTML, like Gecko) GSA/377.0.781279791 Mobile/15E148 Safari/604.1"
49.183.65.176 - - [21/Jul/2025:22:53:16 +0000] "GET /wp-content/plugins/maintenance/load/fonts/foundation-icons.woff HTTP/1.1" 200 31683 "https://kraft-court.cafe/" "Mozilla/5.0 (iPhone; CPU iPhone OS 18_5_0 like Mac OS X) AppleWebKit/605.1.15 (KHTML, like Gecko) GSA/377.0.781279791 Mobile/15E148 Safari/604.1"
49.183.65.176 - - [21/Jul/2025:22:53:16 +0000] "GET /wp-content/uploads/2024/12/mt-sample-background.jpg HTTP/1.1" 200 217593 "https://kraft-court.cafe/" "Mozilla/5.0 (iPhone; CPU iPhone OS 18_5_0 like Mac OS X) AppleWebKit/605.1.15 (KHTML, like Gecko) GSA/377.0.781279791 Mobile/15E148 Safari/604.1"
51.222.253.15 - - [21/Jul/2025:22:56:20 +0000] "GET /recollection.php?shopdetail/22668843 HTTP/1.1" 200 - "-" "Mozilla/5.0 (compatible; AhrefsBot/7.0; +http://ahrefs.com/robot/)"
209.74.77.214 - - [21/Jul/2025:23:01:08 +0000] "POST /wp-cron.php?doing_wp_cron=1753138868.4280309677124023437500 HTTP/1.1" 200 - "-" "WordPress/6.8.2; https://kraft-court.cafe"
47.82.11.39 - - [21/Jul/2025:23:01:04 +0000] "GET /?x=6123935011800&mod=d3a7f48c&uri=category-info.php?id%3D204499-208%26name%3Dsony+hdr+pj380e HTTP/1.1" 301 - "https://kraft-court.cafe/?x=6123935011800&mod=d3a7f48c&uri=category-info.php%3Fid%3D204499-208%26name%3Dsony+hdr+pj380e" "Mozilla/5.0 (Windows NT 10.0; Win64; x64) AppleWebKit/537.36 (KHTML, like Gecko) Chrome/114.0.0.0 Safari/537.36 Edg/114.0.1823.43"
47.82.11.39 - - [21/Jul/2025:23:01:08 +0000] "GET /?x=6123935011800&mod=d3a7f48c&uri=category-info.php?id%3D204499-208%26name%3Dsony%20hdr%20pj380e HTTP/1.1" 301 - "https://kraft-court.cafe/?x=6123935011800&mod=d3a7f48c&uri=category-info.php%3Fid%3D204499-208%26name%3Dsony+hdr+pj380e" "Mozilla/5.0 (Windows NT 10.0; Win64; x64) AppleWebKit/537.36 (KHTML, like Gecko) Chrome/114.0.0.0 Safari/537.36 Edg/114.0.1823.43"
51.222.253.6 - - [21/Jul/2025:23:01:39 +0000] "GET /recollection.php?shopdetail/226837743 HTTP/1.1" 200 - "-" "Mozilla/5.0 (compatible; AhrefsBot/7.0; +http://ahrefs.com/robot/)"
209.74.77.214 - - [21/Jul/2025:23:01:41 +0000] "POST /wp-cron.php?doing_wp_cron=1753138901.2405240535736083984375 HTTP/1.1" 200 - "-" "WordPress/6.8.2; https://kraft-court.cafe"
47.82.11.68 - - [21/Jul/2025:23:01:39 +0000] "GET /?x=5654661031800&mod=55d99a37&uri=blog.php?id%3D188809-315%26name%3Ddufa+uhren HTTP/1.1" 301 - "https://kraft-court.cafe/?x=5654661031800&mod=55d99a37&uri=blog.php%3Fid%3D188809-315%26name%3Ddufa+uhren" "Mozilla/5.0 (Windows NT 10.0; Win64; x64) AppleWebKit/537.36 (KHTML, like Gecko) Chrome/114.0.0.0 Safari/537.36 Edg/114.0.1823.43"
47.82.11.68 - - [21/Jul/2025:23:01:41 +0000] "GET /?x=5654661031800&mod=55d99a37&uri=blog.php?id%3D188809-315%26name%3Ddufa%20uhren HTTP/1.1" 301 - "https://kraft-court.cafe/?x=5654661031800&mod=55d99a37&uri=blog.php%3Fid%3D188809-315%26name%3Ddufa+uhren" "Mozilla/5.0 (Windows NT 10.0; Win64; x64) AppleWebKit/537.36 (KHTML, like Gecko) Chrome/114.0.0.0 Safari/537.36 Edg/114.0.1823.43"
209.74.77.214 - - [21/Jul/2025:23:01:47 +0000] "POST /wp-cron.php?doing_wp_cron=1753138907.1882269382476806640625 HTTP/1.1" 200 - "-" "WordPress/6.8.2; https://kraft-court.cafe"
47.82.11.61 - - [21/Jul/2025:23:01:46 +0000] "GET /?x=5736193031800&mod=333cb763&uri=news.php?id%3D191559-334%26name%3Dcid+bangla+2019+new HTTP/1.1" 301 - "https://kraft-court.cafe/?x=5736193031800&mod=333cb763&uri=news.php%3Fid%3D191559-334%26name%3Dcid+bangla+2019+new" "Mozilla/5.0 (Windows NT 10.0; Win64; x64) AppleWebKit/537.36 (KHTML, like Gecko) Chrome/114.0.0.0 Safari/537.36 Edg/114.0.1823.43"
47.82.11.61 - - [21/Jul/2025:23:01:47 +0000] "GET /?x=5736193031800&mod=333cb763&uri=news.php?id%3D191559-334%26name%3Dcid%20bangla%202019%20new HTTP/1.1" 301 - "https://kraft-court.cafe/?x=5736193031800&mod=333cb763&uri=news.php%3Fid%3D191559-334%26name%3Dcid+bangla+2019+new" "Mozilla/5.0 (Windows NT 10.0; Win64; x64) AppleWebKit/537.36 (KHTML, like Gecko) Chrome/114.0.0.0 Safari/537.36 Edg/114.0.1823.43"
51.222.253.6 - - [21/Jul/2025:23:07:23 +0000] "GET /recollection.php?shopdetail/241529443 HTTP/1.1" 200 - "-" "Mozilla/5.0 (compatible; AhrefsBot/7.0; +http://ahrefs.com/robot/)"
66.249.65.37 - - [21/Jul/2025:23:10:40 +0000] "GET /events/ HTTP/1.1" 404 - "-" "Mozilla/5.0 (Linux; Android 6.0.1; Nexus 5X Build/MMB29P) AppleWebKit/537.36 (KHTML, like Gecko) Chrome/137.0.7151.103 Mobile Safari/537.36 (compatible; Googlebot/2.1; +http://www.google.com/bot.html)"
66.249.65.35 - - [21/Jul/2025:23:10:41 +0000] "GET /?x=5542084051800&mod=ffbd6cbb&uri=blog.php%3Fid%3D185016-310%26name%3Dnvidia+rtx+2080+ti+graphics+card HTTP/1.1" 200 18438 "-" "Mozilla/5.0 (Linux; Android 6.0.1; Nexus 5X Build/MMB29P) AppleWebKit/537.36 (KHTML, like Gecko) Chrome/137.0.7151.103 Mobile Safari/537.36 (compatible; Googlebot/2.1; +http://www.google.com/bot.html)"
43.153.104.196 - - [21/Jul/2025:23:11:36 +0000] "GET / HTTP/1.1" 200 1847 "http://www.kraft-court.cafe" "Mozilla/5.0 (iPhone; CPU iPhone OS 13_2_3 like Mac OS X) AppleWebKit/605.1.15 (KHTML, like Gecko) Version/13.0.3 Mobile/15E148 Safari/604.1"
51.222.253.15 - - [21/Jul/2025:23:13:29 +0000] "GET /recollection.php?shopdetail/244883843 HTTP/1.1" 200 - "-" "Mozilla/5.0 (compatible; AhrefsBot/7.0; +http://ahrefs.com/robot/)"
51.222.253.16 - - [21/Jul/2025:23:19:26 +0000] "GET /recollection.php?shopdetail/250180143 HTTP/1.1" 200 - "-" "Mozilla/5.0 (compatible; AhrefsBot/7.0; +http://ahrefs.com/robot/)"
209.74.77.214 - - [21/Jul/2025:23:20:09 +0000] "POST /wp-cron.php?doing_wp_cron=1753140009.6259810924530029296875 HTTP/1.1" 200 - "-" "WordPress/6.8.2; https://kraft-court.cafe"
47.82.11.67 - - [21/Jul/2025:23:20:05 +0000] "GET /?x=5714991001800&mod=333cb763&uri=category-info.php?id%3D190832-334%26name%3Dkumkum+bhagya+12th+august+2021 HTTP/1.1" 301 - "https://kraft-court.cafe/?x=5714991001800&mod=333cb763&uri=category-info.php%3Fid%3D190832-334%26name%3Dkumkum+bhagya+12th+august+2021" "Mozilla/5.0 (Windows NT 10.0; Win64; x64) AppleWebKit/537.36 (KHTML, like Gecko) Chrome/114.0.0.0 Safari/537.36 Edg/114.0.1823.43"
47.82.11.67 - - [21/Jul/2025:23:20:10 +0000] "GET /?x=5714991001800&mod=333cb763&uri=category-info.php?id%3D190832-334%26name%3Dkumkum%20bhagya%2012th%20august%202021 HTTP/1.1" 301 - "https://kraft-court.cafe/?x=5714991001800&mod=333cb763&uri=category-info.php%3Fid%3D190832-334%26name%3Dkumkum+bhagya+12th+august+2021" "Mozilla/5.0 (Windows NT 10.0; Win64; x64) AppleWebKit/537.36 (KHTML, like Gecko) Chrome/114.0.0.0 Safari/537.36 Edg/114.0.1823.43"
51.222.253.14 - - [21/Jul/2025:23:30:53 +0000] "GET /recollection.php?shopdetail/253332543 HTTP/1.1" 200 - "-" "Mozilla/5.0 (compatible; AhrefsBot/7.0; +http://ahrefs.com/robot/)"
57.141.2.14 - - [21/Jul/2025:23:30:54 +0000] "GET /detail/1296988503.htm HTTP/1.1" 404 - "-" "meta-externalagent/1.1 (+https://developers.facebook.com/docs/sharing/webmasters/crawler)"
51.68.111.239 - - [21/Jul/2025:23:31:17 +0000] "GET /robots.txt HTTP/1.1" 200 107 "-" "Mozilla/5.0 (compatible; MJ12bot/v2.0.2; http://mj12bot.com/)"
51.68.111.239 - - [21/Jul/2025:23:31:18 +0000] "GET / HTTP/1.1" 200 1847 "-" "Mozilla/5.0 (compatible; MJ12bot/v2.0.2; http://mj12bot.com/)"
51.68.111.239 - - [21/Jul/2025:23:31:18 +0000] "GET / HTTP/1.1" 200 1847 "-" "Mozilla/5.0 (compatible; MJ12bot/v2.0.2; http://mj12bot.com/)"
51.222.253.14 - - [21/Jul/2025:23:36:47 +0000] "GET /recollection.php?shopdetail/255457243 HTTP/1.1" 200 - "-" "Mozilla/5.0 (compatible; AhrefsBot/7.0; +http://ahrefs.com/robot/)"
66.249.65.36 - - [21/Jul/2025:23:41:14 +0000] "GET /?x=5540464011800&mod=ffbd6cbb&uri=us.php%3Fid%3D184962-310%26name%3Dpny+3090+rtx HTTP/1.1" 200 18408 "-" "Mozilla/5.0 (Linux; Android 6.0.1; Nexus 5X Build/MMB29P) AppleWebKit/537.36 (KHTML, like Gecko) Chrome/137.0.7151.103 Mobile Safari/537.36 (compatible; Googlebot/2.1; +http://www.google.com/bot.html)"
66.249.65.35 - - [21/Jul/2025:23:41:41 +0000] "GET /?x=5541304091800&mod=ffbd6cbb&uri=shared.php%3Fid%3D184990-310%26name%3D6900+xt+rgb HTTP/1.1" 200 18413 "-" "Mozilla/5.0 (Linux; Android 6.0.1; Nexus 5X Build/MMB29P) AppleWebKit/537.36 (KHTML, like Gecko) Chrome/137.0.7151.103 Mobile Safari/537.36 (compatible; Googlebot/2.1; +http://www.google.com/bot.html)"
66.249.65.35 - - [21/Jul/2025:23:41:41 +0000] "GET /?x=5508064111800&mod=b98249b3&uri=search.php%3Fid%3D183882-328%26name%3Dwaldl%C3%83%C2%A4ufer+wanderschuh HTTP/1.1" 200 18438 "-" "Mozilla/5.0 (Linux; Android 6.0.1; Nexus 5X Build/MMB29P) AppleWebKit/537.36 (KHTML, like Gecko) Chrome/137.0.7151.103 Mobile Safari/537.36 (compatible; Googlebot/2.1; +http://www.google.com/bot.html)"
66.249.65.35 - - [21/Jul/2025:23:41:41 +0000] "GET /?x=5539504021800&mod=ffbd6cbb&uri=news.php%3Fid%3D184930-310%26name%3Damd+rx+470+8gb+mining HTTP/1.1" 200 18427 "-" "Mozilla/5.0 (Linux; Android 6.0.1; Nexus 5X Build/MMB29P) AppleWebKit/537.36 (KHTML, like Gecko) Chrome/137.0.7151.103 Mobile Safari/537.36 (compatible; Googlebot/2.1; +http://www.google.com/bot.html)"
66.249.65.35 - - [21/Jul/2025:23:41:43 +0000] "GET /?x=5542684001800&mod=dfa92d8f&uri=brands.php%3Fid%3D185036-156%26name%3Dscotts+kidswear HTTP/1.1" 200 18417 "-" "Mozilla/5.0 (Linux; Android 6.0.1; Nexus 5X Build/MMB29P) AppleWebKit/537.36 (KHTML, like Gecko) Chrome/137.0.7151.103 Mobile Safari/537.36 (compatible; Googlebot/2.1; +http://www.google.com/bot.html)"
66.249.65.35 - - [21/Jul/2025:23:41:44 +0000] "GET /?x=5541004141800&mod=ffbd6cbb&uri=info.php%3Fid%3D184980-310%26name%3Dradeon+rx+580+multiple+monitors HTTP/1.1" 200 18441 "-" "Mozilla/5.0 (Linux; Android 6.0.1; Nexus 5X Build/MMB29P) AppleWebKit/537.36 (KHTML, like Gecko) Chrome/137.0.7151.103 Mobile Safari/537.36 (compatible; Googlebot/2.1; +http://www.google.com/bot.html)"
66.249.65.35 - - [21/Jul/2025:23:41:45 +0000] "POST /get-message-notify HTTP/1.1" 404 - "https://kraft-court.cafe/?x=5508064111800&mod=b98249b3&uri=search.php%3Fid%3D183882-328%26name%3Dwaldl%C3%83%C2%A4ufer+wanderschuh" "Mozilla/5.0 (Linux; Android 6.0.1; Nexus 5X Build/MMB29P) AppleWebKit/537.36 (KHTML, like Gecko) Chrome/137.0.7151.119 Mobile Safari/537.36 (compatible; Googlebot/2.1; +http://www.google.com/bot.html)"
66.249.65.35 - - [21/Jul/2025:23:41:46 +0000] "GET /?x=5541604041800&mod=ffbd6cbb&uri=blog.php%3Fid%3D185000-310%26name%3Dbuy+pc+graphics+card HTTP/1.1" 200 18421 "-" "Mozilla/5.0 (Linux; Android 6.0.1; Nexus 5X Build/MMB29P) AppleWebKit/537.36 (KHTML, like Gecko) Chrome/137.0.7151.103 Mobile Safari/537.36 (compatible; Googlebot/2.1; +http://www.google.com/bot.html)"
66.249.65.35 - - [21/Jul/2025:23:41:47 +0000] "GET /?x=5521684001800&mod=ffbd6cbb&uri=shared.php%3Fid%3D184336-310%26name%3Dnvidia+nvlink+slot HTTP/1.1" 200 18420 "-" "Mozilla/5.0 (Linux; Android 6.0.1; Nexus 5X Build/MMB29P) AppleWebKit/537.36 (KHTML, like Gecko) Chrome/137.0.7151.103 Mobile Safari/537.36 (compatible; Googlebot/2.1; +http://www.google.com/bot.html)"
66.249.65.35 - - [21/Jul/2025:23:41:47 +0000] "GET /?x=5542624021800&mod=cd3afef9&uri=brands.php%3Fid%3D185034-220%26name%3Dboys+black+denim+shirt HTTP/1.1" 200 18428 "-" "Mozilla/5.0 (Linux; Android 6.0.1; Nexus 5X Build/MMB29P) AppleWebKit/537.36 (KHTML, like Gecko) Chrome/137.0.7151.103 Mobile Safari/537.36 (compatible; Googlebot/2.1; +http://www.google.com/bot.html)"
66.249.65.35 - - [21/Jul/2025:23:41:47 +0000] "GET /?x=5543644021800&mod=cd3afef9&uri=brands.php%3Fid%3D185068-220%26name%3Ddenim+jacket+topman HTTP/1.1" 200 18423 "-" "Mozilla/5.0 (Linux; Android 6.0.1; Nexus 5X Build/MMB29P) AppleWebKit/537.36 (KHTML, like Gecko) Chrome/137.0.7151.103 Mobile Safari/537.36 (compatible; Googlebot/2.1; +http://www.google.com/bot.html)"
66.249.65.35 - - [21/Jul/2025:23:41:49 +0000] "GET /?x=5541184021800&mod=ffbd6cbb&uri=dp.php%3Fid%3D184986-310%26name%3Dnzxt+h1+gpu+clearance HTTP/1.1" 200 18418 "-" "Mozilla/5.0 (Linux; Android 6.0.1; Nexus 5X Build/MMB29P) AppleWebKit/537.36 (KHTML, like Gecko) Chrome/137.0.7151.103 Mobile Safari/537.36 (compatible; Googlebot/2.1; +http://www.google.com/bot.html)"
66.249.65.35 - - [21/Jul/2025:23:41:51 +0000] "POST /get-message-notify HTTP/1.1" 404 - "https://kraft-court.cafe/?x=5541184021800&mod=ffbd6cbb&uri=dp.php%3Fid%3D184986-310%26name%3Dnzxt+h1+gpu+clearance" "Mozilla/5.0 (Linux; Android 6.0.1; Nexus 5X Build/MMB29P) AppleWebKit/537.36 (KHTML, like Gecko) Chrome/137.0.7151.119 Mobile Safari/537.36 (compatible; Googlebot/2.1; +http://www.google.com/bot.html)"
66.249.65.35 - - [21/Jul/2025:23:41:58 +0000] "GET /?x=5535334071800&mod=ffbd6cbb&uri=brands.php%3Fid%3D184791-310%26name%3Dnvidia+1650+ti+specs HTTP/1.1" 200 18429 "-" "Mozilla/5.0 (Linux; Android 6.0.1; Nexus 5X Build/MMB29P) AppleWebKit/537.36 (KHTML, like Gecko) Chrome/137.0.7151.103 Mobile Safari/537.36 (compatible; Googlebot/2.1; +http://www.google.com/bot.html)"
66.249.65.35 - - [21/Jul/2025:23:41:58 +0000] "GET /?x=5541544021800&mod=cd3afef9&uri=news.php%3Fid%3D184998-220%26name%3Dtenzing+vest HTTP/1.1" 200 18413 "-" "Mozilla/5.0 (Linux; Android 6.0.1; Nexus 5X Build/MMB29P) AppleWebKit/537.36 (KHTML, like Gecko) Chrome/137.0.7151.103 Mobile Safari/537.36 (compatible; Googlebot/2.1; +http://www.google.com/bot.html)"
66.249.65.35 - - [21/Jul/2025:23:41:59 +0000] "GET /?x=5542264011800&mod=cd3afef9&uri=itm.php%3Fid%3D185022-220%26name%3Dblack+denim+shirts+for+women HTTP/1.1" 200 18432 "-" "Mozilla/5.0 (Linux; Android 6.0.1; Nexus 5X Build/MMB29P) AppleWebKit/537.36 (KHTML, like Gecko) Chrome/137.0.7151.103 Mobile Safari/537.36 (compatible; Googlebot/2.1; +http://www.google.com/bot.html)"
66.249.65.35 - - [21/Jul/2025:23:42:00 +0000] "GET /?x=5540704021800&mod=ffbd6cbb&uri=itm.php%3Fid%3D184970-310%26name%3Dnvidia+rtx+5000+laptop HTTP/1.1" 200 18426 "-" "Mozilla/5.0 (Linux; Android 6.0.1; Nexus 5X Build/MMB29P) AppleWebKit/537.36 (KHTML, like Gecko) Chrome/137.0.7151.103 Mobile Safari/537.36 (compatible; Googlebot/2.1; +http://www.google.com/bot.html)"
66.249.65.35 - - [21/Jul/2025:23:42:01 +0000] "POST /get-message-notify HTTP/1.1" 404 - "https://kraft-court.cafe/?x=5542624021800&mod=cd3afef9&uri=brands.php%3Fid%3D185034-220%26name%3Dboys+black+denim+shirt" "Mozilla/5.0 (Linux; Android 6.0.1; Nexus 5X Build/MMB29P) AppleWebKit/537.36 (KHTML, like Gecko) Chrome/137.0.7151.119 Mobile Safari/537.36 (compatible; Googlebot/2.1; +http://www.google.com/bot.html)"
66.249.65.35 - - [21/Jul/2025:23:42:02 +0000] "GET /?x=5576245041800&mod=c4b43ae0&uri=blog.php%3Fid%3D186156-330%26name%3Dbest+simple+programmable+thermostat HTTP/1.1" 200 18445 "-" "Mozilla/5.0 (Linux; Android 6.0.1; Nexus 5X Build/MMB29P) AppleWebKit/537.36 (KHTML, like Gecko) Chrome/137.0.7151.103 Mobile Safari/537.36 (compatible; Googlebot/2.1; +http://www.google.com/bot.html)"
66.249.65.35 - - [21/Jul/2025:23:42:02 +0000] "GET /?x=5542864041800&mod=cd3afef9&uri=shop.php%3Fid%3D185042-220%26name%3Dskinny+jeans+with+paint+splatter HTTP/1.1" 200 18439 "-" "Mozilla/5.0 (Linux; Android 6.0.1; Nexus 5X Build/MMB29P) AppleWebKit/537.36 (KHTML, like Gecko) Chrome/137.0.7151.103 Mobile Safari/537.36 (compatible; Googlebot/2.1; +http://www.google.com/bot.html)"
66.249.65.35 - - [21/Jul/2025:23:42:03 +0000] "GET /?x=5543404041800&mod=cd3afef9&uri=pin.php%3Fid%3D185060-220%26name%3Dellesse+roma+track+top HTTP/1.1" 200 18419 "-" "Mozilla/5.0 (Linux; Android 6.0.1; Nexus 5X Build/MMB29P) AppleWebKit/537.36 (KHTML, like Gecko) Chrome/137.0.7151.103 Mobile Safari/537.36 (compatible; Googlebot/2.1; +http://www.google.com/bot.html)"
66.249.65.35 - - [21/Jul/2025:23:42:05 +0000] "GET /?x=65443731081800&mod=b98249b3&uri=category-info.php%3Fid%3D2183904-328%26name%3Dzalando+schuhe+slingpumps HTTP/1.1" 200 18471 "-" "Mozilla/5.0 (Linux; Android 6.0.1; Nexus 5X Build/MMB29P) AppleWebKit/537.36 (KHTML, like Gecko) Chrome/137.0.7151.103 Mobile Safari/537.36 (compatible; Googlebot/2.1; +http://www.google.com/bot.html)"
66.249.65.35 - - [21/Jul/2025:23:42:06 +0000] "GET /?x=5542564001800&mod=cd3afef9&uri=search.php%3Fid%3D185032-220%26name%3Dsport+coat+size HTTP/1.1" 200 18406 "-" "Mozilla/5.0 (Linux; Android 6.0.1; Nexus 5X Build/MMB29P) AppleWebKit/537.36 (KHTML, like Gecko) Chrome/137.0.7151.103 Mobile Safari/537.36 (compatible; Googlebot/2.1; +http://www.google.com/bot.html)"
66.249.65.35 - - [21/Jul/2025:23:42:08 +0000] "POST /get-message-notify HTTP/1.1" 404 - "https://kraft-court.cafe/?x=5542564001800&mod=cd3afef9&uri=search.php%3Fid%3D185032-220%26name%3Dsport+coat+size" "Mozilla/5.0 (Linux; Android 6.0.1; Nexus 5X Build/MMB29P) AppleWebKit/537.36 (KHTML, like Gecko) Chrome/137.0.7151.119 Mobile Safari/537.36 (compatible; Googlebot/2.1; +http://www.google.com/bot.html)"
51.222.253.5 - - [21/Jul/2025:23:42:55 +0000] "GET /recollection.php?shopdetail/255898943 HTTP/1.1" 200 - "-" "Mozilla/5.0 (compatible; AhrefsBot/7.0; +http://ahrefs.com/robot/)"
57.141.2.10 - - [21/Jul/2025:23:45:39 +0000] "GET /detail/2211507348.htm HTTP/1.1" 404 - "-" "meta-externalagent/1.1 (+https://developers.facebook.com/docs/sharing/webmasters/crawler)"
209.74.77.214 - - [21/Jul/2025:23:47:44 +0000] "POST /wp-cron.php?doing_wp_cron=1753141664.5211699008941650390625 HTTP/1.1" 200 - "-" "WordPress/6.8.2; https://kraft-court.cafe"
101.91.148.219 - - [21/Jul/2025:23:47:44 +0000] "GET / HTTP/1.1" 200 1847 "http://www.kraft-court.cafe" "Mozilla/5.0 (iPhone; CPU iPhone OS 13_2_3 like Mac OS X) AppleWebKit/605.1.15 (KHTML, like Gecko) Version/13.0.3 Mobile/15E148 Safari/604.1"
66.249.65.36 - - [21/Jul/2025:23:47:49 +0000] "GET /?x=34571599081800&mod=ad68473a&uri=info.php%3Fid%3D1153884-407%26name%3Dsweater+hoodie+wanita HTTP/1.1" 200 18425 "-" "Mozilla/5.0 (Linux; Android 6.0.1; Nexus 5X Build/MMB29P) AppleWebKit/537.36 (KHTML, like Gecko) Chrome/137.0.7151.103 Mobile Safari/537.36 (compatible; Googlebot/2.1; +http://www.google.com/bot.html)"
66.249.65.36 - - [21/Jul/2025:23:47:59 +0000] "POST /get-message-notify HTTP/1.1" 404 - "https://kraft-court.cafe/?x=34571599081800&mod=ad68473a&uri=info.php%3Fid%3D1153884-407%26name%3Dsweater+hoodie+wanita" "Mozilla/5.0 (Linux; Android 6.0.1; Nexus 5X Build/MMB29P) AppleWebKit/537.36 (KHTML, like Gecko) Chrome/137.0.7151.119 Mobile Safari/537.36 (compatible; Googlebot/2.1; +http://www.google.com/bot.html)"
66.249.65.35 - - [21/Jul/2025:23:48:02 +0000] "GET /pcmypage HTTP/1.1" 404 - "-" "Mozilla/5.0 (Linux; Android 6.0.1; Nexus 5X Build/MMB29P) AppleWebKit/537.36 (KHTML, like Gecko) Chrome/137.0.7151.103 Mobile Safari/537.36 (compatible; Googlebot/2.1; +http://www.google.com/bot.html)"
66.249.65.36 - - [21/Jul/2025:23:48:03 +0000] "GET /feature/yokohama_maruicity/index.html HTTP/1.1" 404 - "-" "Mozilla/5.0 (Linux; Android 6.0.1; Nexus 5X Build/MMB29P) AppleWebKit/537.36 (KHTML, like Gecko) Chrome/137.0.7151.103 Mobile Safari/537.36 (compatible; Googlebot/2.1; +http://www.google.com/bot.html)"
66.249.65.35 - - [21/Jul/2025:23:48:14 +0000] "GET /?x=5572434011800&mod=c4b43ae0&uri=products.php?product/edit/K710702049 HTTP/1.1" 200 18580 "-" "Mozilla/5.0 (Linux; Android 6.0.1; Nexus 5X Build/MMB29P) AppleWebKit/537.36 (KHTML, like Gecko) Chrome/137.0.7151.103 Mobile Safari/537.36 (compatible; Googlebot/2.1; +http://www.google.com/bot.html)"
51.222.253.5 - - [21/Jul/2025:23:48:53 +0000] "GET /recollection.php?shopdetail/256046843 HTTP/1.1" 200 - "-" "Mozilla/5.0 (compatible; AhrefsBot/7.0; +http://ahrefs.com/robot/)"
66.249.65.36 - - [21/Jul/2025:23:49:05 +0000] "POST /get-message-notify HTTP/1.1" 404 - "https://kraft-court.cafe/?x=5572434011800&mod=c4b43ae0&uri=products.php?product/edit/K710702049" "Mozilla/5.0 (Linux; Android 6.0.1; Nexus 5X Build/MMB29P) AppleWebKit/537.36 (KHTML, like Gecko) Chrome/137.0.7151.119 Mobile Safari/537.36 (compatible; Googlebot/2.1; +http://www.google.com/bot.html)"
66.249.65.36 - - [21/Jul/2025:23:51:24 +0000] "GET /pcsp.html HTTP/1.1" 404 - "-" "Mozilla/5.0 (Linux; Android 6.0.1; Nexus 5X Build/MMB29P) AppleWebKit/537.36 (KHTML, like Gecko) Chrome/137.0.7151.103 Mobile Safari/537.36 (compatible; Googlebot/2.1; +http://www.google.com/bot.html)"
66.249.65.35 - - [21/Jul/2025:23:51:24 +0000] "GET /cd.html HTTP/1.1" 404 - "-" "Mozilla/5.0 (Linux; Android 6.0.1; Nexus 5X Build/MMB29P) AppleWebKit/537.36 (KHTML, like Gecko) Chrome/137.0.7151.103 Mobile Safari/537.36 (compatible; Googlebot/2.1; +http://www.google.com/bot.html)"
66.249.65.37 - - [21/Jul/2025:23:51:25 +0000] "GET /kaden.html HTTP/1.1" 404 - "-" "Mozilla/5.0 (Linux; Android 6.0.1; Nexus 5X Build/MMB29P) AppleWebKit/537.36 (KHTML, like Gecko) Chrome/137.0.7151.103 Mobile Safari/537.36 (compatible; Googlebot/2.1; +http://www.google.com/bot.html)"
66.249.65.37 - - [21/Jul/2025:23:51:26 +0000] "GET /toiawase HTTP/1.1" 404 - "-" "Mozilla/5.0 (Linux; Android 6.0.1; Nexus 5X Build/MMB29P) AppleWebKit/537.36 (KHTML, like Gecko) Chrome/137.0.7151.103 Mobile Safari/537.36 (compatible; Googlebot/2.1; +http://www.google.com/bot.html)"
209.74.77.214 - - [21/Jul/2025:23:51:38 +0000] "POST /wp-cron.php?doing_wp_cron=1753141898.5927619934082031250000 HTTP/1.1" 200 - "-" "WordPress/6.8.2; https://kraft-court.cafe"
47.82.11.8 - - [21/Jul/2025:23:51:36 +0000] "GET /?x=25096532041800&mod=0e65972d&uri=search.php?id%3D837624-19%26name%3Dmanish+malhotra+2018+wedding+collection HTTP/1.1" 301 - "https://kraft-court.cafe/?x=25096532041800&mod=0e65972d&uri=search.php%3Fid%3D837624-19%26name%3Dmanish+malhotra+2018+wedding+collection" "Mozilla/5.0 (Windows NT 10.0; Win64; x64) AppleWebKit/537.36 (KHTML, like Gecko) Chrome/114.0.0.0 Safari/537.36 Edg/114.0.1823.43"
47.82.11.8 - - [21/Jul/2025:23:51:38 +0000] "GET /?x=25096532041800&mod=0e65972d&uri=search.php?id%3D837624-19%26name%3Dmanish%20malhotra%202018%20wedding%20collection HTTP/1.1" 301 - "https://kraft-court.cafe/?x=25096532041800&mod=0e65972d&uri=search.php%3Fid%3D837624-19%26name%3Dmanish+malhotra+2018+wedding+collection" "Mozilla/5.0 (Windows NT 10.0; Win64; x64) AppleWebKit/537.36 (KHTML, like Gecko) Chrome/114.0.0.0 Safari/537.36 Edg/114.0.1823.43"
66.249.65.36 - - [21/Jul/2025:23:51:46 +0000] "GET / HTTP/1.1" 200 19238 "-" "Mozilla/5.0 (Linux; Android 6.0.1; Nexus 5X Build/MMB29P) AppleWebKit/537.36 (KHTML, like Gecko) Chrome/137.0.7151.103 Mobile Safari/537.36 (compatible; Googlebot/2.1; +http://www.google.com/bot.html)"
66.249.65.35 - - [21/Jul/2025:23:52:00 +0000] "GET / HTTP/1.1" 200 19238 "-" "Mozilla/5.0 (compatible; Googlebot/2.1; +http://www.google.com/bot.html)"
66.249.65.35 - - [21/Jul/2025:23:52:00 +0000] "GET / HTTP/1.1" 200 19238 "-" "Mozilla/5.0 (Linux; Android 6.0.1; Nexus 5X Build/MMB29P) AppleWebKit/537.36 (KHTML, like Gecko) Chrome/99.0.4844.84 Mobile Safari/537.36 (compatible; Googlebot/2.1; +http://www.google.com/bot.html)"
209.74.77.214 - - [21/Jul/2025:23:52:09 +0000] "POST /wp-cron.php?doing_wp_cron=1753141929.6389129161834716796875 HTTP/1.1" 200 - "-" "WordPress/6.8.2; https://kraft-court.cafe"
47.82.11.56 - - [21/Jul/2025:23:52:09 +0000] "GET /?x=5716689041800&mod=333cb763&uri=shop.php?id%3D190890-334%26name%3Dbegin+again+dramacool HTTP/1.1" 301 - "https://kraft-court.cafe/?x=5716689041800&mod=333cb763&uri=shop.php%3Fid%3D190890-334%26name%3Dbegin+again+dramacool" "Mozilla/5.0 (Windows NT 10.0; Win64; x64) AppleWebKit/537.36 (KHTML, like Gecko) Chrome/114.0.0.0 Safari/537.36 Edg/114.0.1823.43"
47.82.11.56 - - [21/Jul/2025:23:52:10 +0000] "GET /?x=5716689041800&mod=333cb763&uri=shop.php?id%3D190890-334%26name%3Dbegin%20again%20dramacool HTTP/1.1" 301 - "https://kraft-court.cafe/?x=5716689041800&mod=333cb763&uri=shop.php%3Fid%3D190890-334%26name%3Dbegin+again+dramacool" "Mozilla/5.0 (Windows NT 10.0; Win64; x64) AppleWebKit/537.36 (KHTML, like Gecko) Chrome/114.0.0.0 Safari/537.36 Edg/114.0.1823.43"
66.249.65.36 - - [21/Jul/2025:23:52:13 +0000] "POST /get-message-notify HTTP/1.1" 404 - "https://kraft-court.cafe/" "Mozilla/5.0 (Linux; Android 6.0.1; Nexus 5X Build/MMB29P) AppleWebKit/537.36 (KHTML, like Gecko) Chrome/137.0.7151.119 Mobile Safari/537.36 (compatible; Googlebot/2.1; +http://www.google.com/bot.html)"
66.249.65.35 - - [21/Jul/2025:23:52:15 +0000] "POST /get-message-notify HTTP/1.1" 404 - "https://kraft-court.cafe/" "Mozilla/5.0 AppleWebKit/537.36 (KHTML, like Gecko; compatible; Googlebot/2.1; +http://www.google.com/bot.html) Chrome/137.0.7151.119 Safari/537.36"
66.249.65.35 - - [21/Jul/2025:23:52:21 +0000] "GET /?x=79054272061800&mod=97108695&uri=us.php%3Fid%3D2638142-335%26name%3Dtop+10+gba HTTP/1.1" 200 18400 "-" "Mozilla/5.0 (Linux; Android 6.0.1; Nexus 5X Build/MMB29P) AppleWebKit/537.36 (KHTML, like Gecko) Chrome/137.0.7151.103 Mobile Safari/537.36 (compatible; Googlebot/2.1; +http://www.google.com/bot.html)"
66.249.65.35 - - [21/Jul/2025:23:52:32 +0000] "GET /?x=5850077031800&mod=384babc3&uri=product.php%3Fid%3D195358-339%26name%3Dle+coq+sportif+france+shop+letra HTTP/1.1" 200 18448 "-" "Mozilla/5.0 (Linux; Android 6.0.1; Nexus 5X Build/MMB29P) AppleWebKit/537.36 (KHTML, like Gecko) Chrome/137.0.7151.103 Mobile Safari/537.36 (compatible; Googlebot/2.1; +http://www.google.com/bot.html)"
66.249.65.35 - - [21/Jul/2025:23:52:35 +0000] "GET /?x=65825167131800&mod=6a450490&uri=products.php%3Fid%3D2196640-359%26name%3Dt%C3%83%C2%AAnis+new+balance+993+sport+preto HTTP/1.1" 200 18483 "-" "Mozilla/5.0 (Linux; Android 6.0.1; Nexus 5X Build/MMB29P) AppleWebKit/537.36 (KHTML, like Gecko) Chrome/137.0.7151.103 Mobile Safari/537.36 (compatible; Googlebot/2.1; +http://www.google.com/bot.html)"
66.249.65.35 - - [21/Jul/2025:23:52:45 +0000] "POST /get-message-notify HTTP/1.1" 404 - "https://kraft-court.cafe/?x=65825167131800&mod=6a450490&uri=products.php%3Fid%3D2196640-359%26name%3Dt%C3%83%C2%AAnis+new+balance+993+sport+preto" "Mozilla/5.0 (Linux; Android 6.0.1; Nexus 5X Build/MMB29P) AppleWebKit/537.36 (KHTML, like Gecko) Chrome/137.0.7151.119 Mobile Safari/537.36 (compatible; Googlebot/2.1; +http://www.google.com/bot.html)"
66.249.65.37 - - [21/Jul/2025:23:53:59 +0000] "GET /?x=5969525131800&mod=e3ea3396&uri=product.php%3Fid%3D199343-345%26name%3Dtiendas+de+vestidos+para+fiestas+near+me HTTP/1.1" 200 18457 "-" "Mozilla/5.0 (Linux; Android 6.0.1; Nexus 5X Build/MMB29P) AppleWebKit/537.36 (KHTML, like Gecko) Chrome/137.0.7151.103 Mobile Safari/537.36 (compatible; Googlebot/2.1; +http://www.google.com/bot.html)"
66.249.65.37 - - [21/Jul/2025:23:53:59 +0000] "GET /?x=77781876001800&mod=333cb763&uri=search.php%3Fid%3D2595666-334%26name%3Dsuno+sahebji HTTP/1.1" 200 18409 "-" "Mozilla/5.0 (Linux; Android 6.0.1; Nexus 5X Build/MMB29P) AppleWebKit/537.36 (KHTML, like Gecko) Chrome/137.0.7151.103 Mobile Safari/537.36 (compatible; Googlebot/2.1; +http://www.google.com/bot.html)"
66.249.65.36 - - [21/Jul/2025:23:54:01 +0000] "GET /?x=47660676041800&mod=3a835d32&uri=article.php%3Fid%3D1590546-76%26name%3Dnuevas+colonias+adolfo+dominguez HTTP/1.1" 200 18457 "-" "Mozilla/5.0 (Linux; Android 6.0.1; Nexus 5X Build/MMB29P) AppleWebKit/537.36 (KHTML, like Gecko) Chrome/137.0.7151.103 Mobile Safari/537.36 (compatible; Googlebot/2.1; +http://www.google.com/bot.html)"
66.249.65.36 - - [21/Jul/2025:23:54:09 +0000] "GET /?x=111253255021800&mod=f08b7ac8&uri=category-info.php%3Fid%3D3712890-463%26name%3Dgpu+mining+website HTTP/1.1" 200 18453 "-" "Mozilla/5.0 (Linux; Android 6.0.1; Nexus 5X Build/MMB29P) AppleWebKit/537.36 (KHTML, like Gecko) Chrome/137.0.7151.103 Mobile Safari/537.36 (compatible; Googlebot/2.1; +http://www.google.com/bot.html)"
66.249.65.35 - - [21/Jul/2025:23:54:53 +0000] "POST /get-message-notify HTTP/1.1" 404 - "https://kraft-court.cafe/?x=111253255021800&mod=f08b7ac8&uri=category-info.php%3Fid%3D3712890-463%26name%3Dgpu+mining+website" "Mozilla/5.0 (Linux; Android 6.0.1; Nexus 5X Build/MMB29P) AppleWebKit/537.36 (KHTML, like Gecko) Chrome/137.0.7151.119 Mobile Safari/537.36 (compatible; Googlebot/2.1; +http://www.google.com/bot.html)"
51.222.253.8 - - [21/Jul/2025:23:54:59 +0000] "GET /recollection.php?shopdetail/256147043 HTTP/1.1" 200 - "-" "Mozilla/5.0 (compatible; AhrefsBot/7.0; +http://ahrefs.com/robot/)"
209.74.77.214 - - [21/Jul/2025:23:56:22 +0000] "POST /wp-cron.php?doing_wp_cron=1753142182.3444669246673583984375 HTTP/1.1" 200 - "-" "WordPress/6.8.2; https://kraft-court.cafe"
91.228.225.143 - - [21/Jul/2025:23:56:20 +0000] "GET /wp-content/plugins/customer-reviews-woocommerce/js/form.js HTTP/1.1" 404 5551 "https://www.google.com/" "Mozilla/5.0 (Windows NT 10.0; Win64; x64) AppleWebKit/537.36 (KHTML, like Gecko) Chrome/126.0.0.0 Safari/537.36"
66.249.65.37 - - [22/Jul/2025:00:00:05 +0000] "GET /?x=59623128011800&mod=2cb6b103&uri=form.php%3Fid%3D1989671-167%26name%3Dvan+toyota+am%C3%83%C2%A9nag%C3%83%C2%A9 HTTP/1.1" 200 18450 "-" "Mozilla/5.0 (Linux; Android 6.0.1; Nexus 5X Build/MMB29P) AppleWebKit/537.36 (KHTML, like Gecko) Chrome/137.0.7151.103 Mobile Safari/537.36 (compatible; Googlebot/2.1; +http://www.google.com/bot.html)"
51.222.253.10 - - [22/Jul/2025:00:00:42 +0000] "GET /recollection.php?shopdetail/261603243 HTTP/1.1" 200 - "-" "Mozilla/5.0 (compatible; AhrefsBot/7.0; +http://ahrefs.com/robot/)"
209.74.77.214 - - [22/Jul/2025:00:02:04 +0000] "POST /wp-cron.php?doing_wp_cron=1753142524.9025061130523681640625 HTTP/1.1" 200 - "-" "WordPress/6.8.2; https://kraft-court.cafe"
47.82.11.20 - - [22/Jul/2025:00:02:02 +0000] "GET /?x=5974340001800&mod=e3ea3396&uri=form.php?id%3D199504-345%26name%3Dropa+usada+ski HTTP/1.1" 301 - "https://kraft-court.cafe/?x=5974340001800&mod=e3ea3396&uri=form.php%3Fid%3D199504-345%26name%3Dropa+usada+ski" "Mozilla/5.0 (Windows NT 10.0; Win64; x64) AppleWebKit/537.36 (KHTML, like Gecko) Chrome/114.0.0.0 Safari/537.36 Edg/114.0.1823.43"
47.82.11.20 - - [22/Jul/2025:00:02:05 +0000] "GET /?x=5974340001800&mod=e3ea3396&uri=form.php?id%3D199504-345%26name%3Dropa%20usada%20ski HTTP/1.1" 301 - "https://kraft-court.cafe/?x=5974340001800&mod=e3ea3396&uri=form.php%3Fid%3D199504-345%26name%3Dropa+usada+ski" "Mozilla/5.0 (Windows NT 10.0; Win64; x64) AppleWebKit/537.36 (KHTML, like Gecko) Chrome/114.0.0.0 Safari/537.36 Edg/114.0.1823.43"
66.249.65.36 - - [22/Jul/2025:00:02:42 +0000] "GET /?x=5845731051800&mod=384babc3&uri=category-info.php%3Fid%3D195213-339%26name%3Dnew+balance+fortitech+jacket HTTP/1.1" 200 18466 "-" "Mozilla/5.0 (Linux; Android 6.0.1; Nexus 5X Build/MMB29P) AppleWebKit/537.36 (KHTML, like Gecko) Chrome/137.0.7151.103 Mobile Safari/537.36 (compatible; Googlebot/2.1; +http://www.google.com/bot.html)"
51.222.253.12 - - [22/Jul/2025:00:06:15 +0000] "GET /recollection.php?shopdetail/265254843 HTTP/1.1" 200 - "-" "Mozilla/5.0 (compatible; AhrefsBot/7.0; +http://ahrefs.com/robot/)"
66.249.65.37 - - [22/Jul/2025:00:07:03 +0000] "GET /?x=5704646081800&mod=2de7cf20&uri=goods.php%3Fid%3D190476-333%26name%3Dairpods+earrings+louis+vuitton HTTP/1.1" 200 18438 "-" "Mozilla/5.0 (Linux; Android 6.0.1; Nexus 5X Build/MMB29P) AppleWebKit/537.36 (KHTML, like Gecko) Chrome/137.0.7151.103 Mobile Safari/537.36 (compatible; Googlebot/2.1; +http://www.google.com/bot.html)"
66.249.65.36 - - [22/Jul/2025:00:11:07 +0000] "GET /?x=5670681011800&mod=dc6a7e65&uri=products.php%3Fid%3D189343-308%26name%3Dbrain+dead+lovers+embrace+hoodie HTTP/1.1" 200 18452 "-" "Mozilla/5.0 (Linux; Android 6.0.1; Nexus 5X Build/MMB29P) AppleWebKit/537.36 (KHTML, like Gecko) Chrome/137.0.7151.103 Mobile Safari/537.36 (compatible; Googlebot/2.1; +http://www.google.com/bot.html)"
209.74.77.214 - - [22/Jul/2025:00:11:30 +0000] "POST /wp-cron.php?doing_wp_cron=1753143090.2713940143585205078125 HTTP/1.1" 200 - "-" "WordPress/6.8.2; https://kraft-court.cafe"
47.82.11.30 - - [22/Jul/2025:00:11:28 +0000] "GET /?x=86775263001800&mod=e94fe9ac&uri=news.php?id%3D2895820-332%26name%3Dyeh+rishta+kya+kehlata+hai+29+october+2021 HTTP/1.1" 301 - "https://kraft-court.cafe/?x=86775263001800&mod=e94fe9ac&uri=news.php%3Fid%3D2895820-332%26name%3Dyeh+rishta+kya+kehlata+hai+29+october+2021" "Mozilla/5.0 (Windows NT 10.0; Win64; x64) AppleWebKit/537.36 (KHTML, like Gecko) Chrome/114.0.0.0 Safari/537.36 Edg/114.0.1823.43"
47.82.11.30 - - [22/Jul/2025:00:11:30 +0000] "GET /?x=86775263001800&mod=e94fe9ac&uri=news.php?id%3D2895820-332%26name%3Dyeh%20rishta%20kya%20kehlata%20hai%2029%20october%202021 HTTP/1.1" 301 - "https://kraft-court.cafe/?x=86775263001800&mod=e94fe9ac&uri=news.php%3Fid%3D2895820-332%26name%3Dyeh+rishta+kya+kehlata+hai+29+october+2021" "Mozilla/5.0 (Windows NT 10.0; Win64; x64) AppleWebKit/537.36 (KHTML, like Gecko) Chrome/114.0.0.0 Safari/537.36 Edg/114.0.1823.43"
209.74.77.214 - - [22/Jul/2025:00:12:16 +0000] "POST /wp-cron.php?doing_wp_cron=1753143136.5016069412231445312500 HTTP/1.1" 200 - "-" "WordPress/6.8.2; https://kraft-court.cafe"
47.82.11.48 - - [22/Jul/2025:00:12:15 +0000] "GET /?x=5718422011800&mod=333cb763&uri=brands.php?id%3D190951-334%26name%3Dbest+new+released+web+series HTTP/1.1" 301 - "https://kraft-court.cafe/?x=5718422011800&mod=333cb763&uri=brands.php%3Fid%3D190951-334%26name%3Dbest+new+released+web+series" "Mozilla/5.0 (Windows NT 10.0; Win64; x64) AppleWebKit/537.36 (KHTML, like Gecko) Chrome/114.0.0.0 Safari/537.36 Edg/114.0.1823.43"
47.82.11.48 - - [22/Jul/2025:00:12:16 +0000] "GET /?x=5718422011800&mod=333cb763&uri=brands.php?id%3D190951-334%26name%3Dbest%20new%20released%20web%20series HTTP/1.1" 301 - "https://kraft-court.cafe/?x=5718422011800&mod=333cb763&uri=brands.php%3Fid%3D190951-334%26name%3Dbest+new+released+web+series" "Mozilla/5.0 (Windows NT 10.0; Win64; x64) AppleWebKit/537.36 (KHTML, like Gecko) Chrome/114.0.0.0 Safari/537.36 Edg/114.0.1823.43"
66.249.65.35 - - [22/Jul/2025:00:12:17 +0000] "GET /?x=5643870071800&mod=55d99a37&uri=form.php%3Fid%3D188447-315%26name%3Dburei+chronograph HTTP/1.1" 200 18414 "-" "Mozilla/5.0 (Linux; Android 6.0.1; Nexus 5X Build/MMB29P) AppleWebKit/537.36 (KHTML, like Gecko) Chrome/137.0.7151.103 Mobile Safari/537.36 (compatible; Googlebot/2.1; +http://www.google.com/bot.html)"
47.82.11.74 - - [22/Jul/2025:00:12:23 +0000] "GET /?x=5878865021800&mod=d594b1a9&uri=news.php?id%3D196320-341%26name%3Djugo+extracto HTTP/1.1" 301 - "https://kraft-court.cafe/?x=5878865021800&mod=d594b1a9&uri=news.php%3Fid%3D196320-341%26name%3Djugo+extracto" "Mozilla/5.0 (Windows NT 10.0; Win64; x64) AppleWebKit/537.36 (KHTML, like Gecko) Chrome/114.0.0.0 Safari/537.36 Edg/114.0.1823.43"
47.82.11.74 - - [22/Jul/2025:00:12:23 +0000] "GET /?x=5878865021800&mod=d594b1a9&uri=news.php?id%3D196320-341%26name%3Djugo%20extracto HTTP/1.1" 301 - "https://kraft-court.cafe/?x=5878865021800&mod=d594b1a9&uri=news.php%3Fid%3D196320-341%26name%3Djugo+extracto" "Mozilla/5.0 (Windows NT 10.0; Win64; x64) AppleWebKit/537.36 (KHTML, like Gecko) Chrome/114.0.0.0 Safari/537.36 Edg/114.0.1823.43"
51.222.253.10 - - [22/Jul/2025:00:12:24 +0000] "GET /recollection.php?shopdetail/266509743 HTTP/1.1" 200 - "-" "Mozilla/5.0 (compatible; AhrefsBot/7.0; +http://ahrefs.com/robot/)"
66.249.65.35 - - [22/Jul/2025:00:14:50 +0000] "GET /?x=5884685021800&mod=29921001&uri=article.php%3Fid%3D196514-155%26name%3Dbl+305p+mkii HTTP/1.1" 200 18419 "-" "Mozilla/5.0 (Linux; Android 6.0.1; Nexus 5X Build/MMB29P) AppleWebKit/537.36 (KHTML, like Gecko) Chrome/137.0.7151.103 Mobile Safari/537.36 (compatible; Googlebot/2.1; +http://www.google.com/bot.html)"
66.249.65.35 - - [22/Jul/2025:00:15:13 +0000] "POST /get-message-notify HTTP/1.1" 404 - "https://kraft-court.cafe/?x=5884685021800&mod=29921001&uri=article.php%3Fid%3D196514-155%26name%3Dbl+305p+mkii" "Mozilla/5.0 (Linux; Android 6.0.1; Nexus 5X Build/MMB29P) AppleWebKit/537.36 (KHTML, like Gecko) Chrome/137.0.7151.119 Mobile Safari/537.36 (compatible; Googlebot/2.1; +http://www.google.com/bot.html)"
66.249.65.36 - - [22/Jul/2025:00:18:05 +0000] "GET /?x=5714661111800&mod=333cb763&uri=category-info.php%3Fid%3D190821-334%26name%3Dskam+s3 HTTP/1.1" 200 18433 "-" "Mozilla/5.0 (Linux; Android 6.0.1; Nexus 5X Build/MMB29P) AppleWebKit/537.36 (KHTML, like Gecko) Chrome/137.0.7151.103 Mobile Safari/537.36 (compatible; Googlebot/2.1; +http://www.google.com/bot.html)"
66.249.65.36 - - [22/Jul/2025:00:18:08 +0000] "POST /get-message-notify HTTP/1.1" 404 - "https://kraft-court.cafe/?x=5714661111800&mod=333cb763&uri=category-info.php%3Fid%3D190821-334%26name%3Dskam+s3" "Mozilla/5.0 (Linux; Android 6.0.1; Nexus 5X Build/MMB29P) AppleWebKit/537.36 (KHTML, like Gecko) Chrome/137.0.7151.119 Mobile Safari/537.36 (compatible; Googlebot/2.1; +http://www.google.com/bot.html)"
51.222.253.10 - - [22/Jul/2025:00:18:18 +0000] "GET /recollection.php?shopdetail/266674943 HTTP/1.1" 200 - "-" "Mozilla/5.0 (compatible; AhrefsBot/7.0; +http://ahrefs.com/robot/)"
209.74.77.214 - - [22/Jul/2025:00:21:53 +0000] "POST /wp-cron.php?doing_wp_cron=1753143713.3882970809936523437500 HTTP/1.1" 200 - "-" "WordPress/6.8.2; https://kraft-court.cafe"
47.82.11.69 - - [22/Jul/2025:00:21:50 +0000] "GET /?x=5778925121800&mod=a8849b05&uri=itm.php?id%3D192984-57%26name%3Dtruke+earbuds+flipkart HTTP/1.1" 301 - "https://kraft-court.cafe/?x=5778925121800&mod=a8849b05&uri=itm.php%3Fid%3D192984-57%26name%3Dtruke+earbuds+flipkart" "Mozilla/5.0 (Windows NT 10.0; Win64; x64) AppleWebKit/537.36 (KHTML, like Gecko) Chrome/114.0.0.0 Safari/537.36 Edg/114.0.1823.43"
47.82.11.69 - - [22/Jul/2025:00:21:53 +0000] "GET /?x=5778925121800&mod=a8849b05&uri=itm.php?id%3D192984-57%26name%3Dtruke%20earbuds%20flipkart HTTP/1.1" 301 - "https://kraft-court.cafe/?x=5778925121800&mod=a8849b05&uri=itm.php%3Fid%3D192984-57%26name%3Dtruke+earbuds+flipkart" "Mozilla/5.0 (Windows NT 10.0; Win64; x64) AppleWebKit/537.36 (KHTML, like Gecko) Chrome/114.0.0.0 Safari/537.36 Edg/114.0.1823.43"
66.249.65.37 - - [22/Jul/2025:00:25:39 +0000] "GET /?x=5643870071800&mod=55d99a37&uri=form.php%3Fid%3D188447-315%26name%3Dburei+chronograph HTTP/1.1" 200 18414 "-" "Mozilla/5.0 (Linux; Android 6.0.1; Nexus 5X Build/MMB29P) AppleWebKit/537.36 (KHTML, like Gecko) Chrome/137.0.7151.103 Mobile Safari/537.36 (compatible; Googlebot/2.1; +http://www.google.com/bot.html)"
