66.249.73.132 - - [21/Jul/2025:22:49:42 +0000] "POST /get-message-notify HTTP/1.1" 404 - "https://onlycnc.com.au/?f=54220676001490&mod=041075b4&uri=news.php%3Fid%3D1809394-689%26name%3Dinfants+football+shoes" "Mozilla/5.0 (Linux; Android 6.0.1; Nexus 5X Build/MMB29P) AppleWebKit/537.36 (KHTML, like Gecko) Chrome/137.0.7151.119 Mobile Safari/537.36 (compatible; Googlebot/2.1; +http://www.google.com/bot.html)"
66.249.73.132 - - [21/Jul/2025:22:49:43 +0000] "GET /?f=5962121011490&mod=9cecbb6f&uri=info.php?shopdetail/54365644 HTTP/1.1" 200 19028 "-" "Mozilla/5.0 (Linux; Android 6.0.1; Nexus 5X Build/MMB29P) AppleWebKit/537.36 (KHTML, like Gecko) Chrome/137.0.7151.103 Mobile Safari/537.36 (compatible; Googlebot/2.1; +http://www.google.com/bot.html)"
66.249.73.132 - - [21/Jul/2025:22:49:44 +0000] "GET /?f=5962121011490&mod=9cecbb6f&uri=info.php?shopdetail/54331384 HTTP/1.1" 200 19337 "-" "Mozilla/5.0 (Linux; Android 6.0.1; Nexus 5X Build/MMB29P) AppleWebKit/537.36 (KHTML, like Gecko) Chrome/137.0.7151.103 Mobile Safari/537.36 (compatible; Googlebot/2.1; +http://www.google.com/bot.html)"
66.249.73.132 - - [21/Jul/2025:22:49:46 +0000] "POST /get-message-notify HTTP/1.1" 404 - "https://onlycnc.com.au/?f=5962121011490&mod=9cecbb6f&uri=info.php?shopdetail/54310500" "Mozilla/5.0 (Linux; Android 6.0.1; Nexus 5X Build/MMB29P) AppleWebKit/537.36 (KHTML, like Gecko) Chrome/137.0.7151.119 Mobile Safari/537.36 (compatible; Googlebot/2.1; +http://www.google.com/bot.html)"
66.249.73.132 - - [21/Jul/2025:22:49:46 +0000] "GET /?f=5962121011490&mod=9cecbb6f&uri=info.php?shopdetail/54312684 HTTP/1.1" 200 19411 "-" "Mozilla/5.0 (Linux; Android 6.0.1; Nexus 5X Build/MMB29P) AppleWebKit/537.36 (KHTML, like Gecko) Chrome/137.0.7151.103 Mobile Safari/537.36 (compatible; Googlebot/2.1; +http://www.google.com/bot.html)"
66.249.73.132 - - [21/Jul/2025:22:49:47 +0000] "GET /?f=5763027031490&mod=8f561e4c&uri=category-info.php?shopdetail/9227208 HTTP/1.1" 200 19206 "-" "Mozilla/5.0 (Linux; Android 6.0.1; Nexus 5X Build/MMB29P) AppleWebKit/537.36 (KHTML, like Gecko) Chrome/137.0.7151.103 Mobile Safari/537.36 (compatible; Googlebot/2.1; +http://www.google.com/bot.html)"
66.249.73.128 - - [21/Jul/2025:22:49:48 +0000] "POST /get-message-notify HTTP/1.1" 404 - "https://onlycnc.com.au/?f=5962121011490&mod=9cecbb6f&uri=info.php?shopdetail/54331384" "Mozilla/5.0 (Linux; Android 6.0.1; Nexus 5X Build/MMB29P) AppleWebKit/537.36 (KHTML, like Gecko) Chrome/137.0.7151.119 Mobile Safari/537.36 (compatible; Googlebot/2.1; +http://www.google.com/bot.html)"
66.249.73.128 - - [21/Jul/2025:22:49:48 +0000] "GET /?f=5763027031490&mod=8f561e4c&uri=category-info.php?shopdetail/9213976 HTTP/1.1" 200 19241 "-" "Mozilla/5.0 (Linux; Android 6.0.1; Nexus 5X Build/MMB29P) AppleWebKit/537.36 (KHTML, like Gecko) Chrome/137.0.7151.103 Mobile Safari/537.36 (compatible; Googlebot/2.1; +http://www.google.com/bot.html)"
66.249.73.128 - - [21/Jul/2025:22:49:49 +0000] "POST /get-message-notify HTTP/1.1" 404 - "https://onlycnc.com.au/?f=5763027031490&mod=8f561e4c&uri=category-info.php?shopdetail/9227208" "Mozilla/5.0 (Linux; Android 6.0.1; Nexus 5X Build/MMB29P) AppleWebKit/537.36 (KHTML, like Gecko) Chrome/137.0.7151.119 Mobile Safari/537.36 (compatible; Googlebot/2.1; +http://www.google.com/bot.html)"
66.249.73.128 - - [21/Jul/2025:22:49:49 +0000] "GET /?f=5763027031490&mod=8f561e4c&uri=category-info.php?shopdetail/9254780 HTTP/1.1" 200 19205 "-" "Mozilla/5.0 (Linux; Android 6.0.1; Nexus 5X Build/MMB29P) AppleWebKit/537.36 (KHTML, like Gecko) Chrome/137.0.7151.103 Mobile Safari/537.36 (compatible; Googlebot/2.1; +http://www.google.com/bot.html)"
66.249.73.128 - - [21/Jul/2025:22:49:50 +0000] "GET /?f=5763027031490&mod=8f561e4c&uri=category-info.php?shopdetail/9244824 HTTP/1.1" 200 19444 "-" "Mozilla/5.0 (Linux; Android 6.0.1; Nexus 5X Build/MMB29P) AppleWebKit/537.36 (KHTML, like Gecko) Chrome/137.0.7151.103 Mobile Safari/537.36 (compatible; Googlebot/2.1; +http://www.google.com/bot.html)"
66.249.73.132 - - [21/Jul/2025:22:49:52 +0000] "GET /?f=5763027031490&mod=8f561e4c&uri=category-info.php?shopdetail/9213840 HTTP/1.1" 200 18630 "-" "Mozilla/5.0 (Linux; Android 6.0.1; Nexus 5X Build/MMB29P) AppleWebKit/537.36 (KHTML, like Gecko) Chrome/137.0.7151.103 Mobile Safari/537.36 (compatible; Googlebot/2.1; +http://www.google.com/bot.html)"
66.249.73.132 - - [21/Jul/2025:22:49:52 +0000] "POST /get-message-notify HTTP/1.1" 404 - "https://onlycnc.com.au/?f=5962121011490&mod=9cecbb6f&uri=info.php?shopdetail/54312684" "Mozilla/5.0 (Linux; Android 6.0.1; Nexus 5X Build/MMB29P) AppleWebKit/537.36 (KHTML, like Gecko) Chrome/137.0.7151.119 Mobile Safari/537.36 (compatible; Googlebot/2.1; +http://www.google.com/bot.html)"
66.249.73.132 - - [21/Jul/2025:22:49:53 +0000] "GET /?f=5763027031490&mod=8f561e4c&uri=category-info.php?shopdetail/9220528 HTTP/1.1" 200 18781 "-" "Mozilla/5.0 (Linux; Android 6.0.1; Nexus 5X Build/MMB29P) AppleWebKit/537.36 (KHTML, like Gecko) Chrome/137.0.7151.103 Mobile Safari/537.36 (compatible; Googlebot/2.1; +http://www.google.com/bot.html)"
57.141.2.2 - - [21/Jul/2025:22:49:53 +0000] "GET /?f=109625616011490 HTTP/1.1" 200 111321 "-" "meta-externalagent/1.1 (+https://developers.facebook.com/docs/sharing/webmasters/crawler)"
66.249.73.132 - - [21/Jul/2025:22:49:54 +0000] "POST /get-message-notify HTTP/1.1" 404 - "https://onlycnc.com.au/?f=5763027031490&mod=8f561e4c&uri=category-info.php?shopdetail/9213840" "Mozilla/5.0 (Linux; Android 6.0.1; Nexus 5X Build/MMB29P) AppleWebKit/537.36 (KHTML, like Gecko) Chrome/137.0.7151.119 Mobile Safari/537.36 (compatible; Googlebot/2.1; +http://www.google.com/bot.html)"
66.249.73.132 - - [21/Jul/2025:22:49:55 +0000] "POST /get-message-notify HTTP/1.1" 404 - "https://onlycnc.com.au/?f=86376140031490&mod=8f561e4c&uri=dp.php?shopdetail/61515684" "Mozilla/5.0 (Linux; Android 6.0.1; Nexus 5X Build/MMB29P) AppleWebKit/537.36 (KHTML, like Gecko) Chrome/137.0.7151.119 Mobile Safari/537.36 (compatible; Googlebot/2.1; +http://www.google.com/bot.html)"
66.249.73.132 - - [21/Jul/2025:22:49:55 +0000] "GET /?f=5763027031490&mod=8f561e4c&uri=category-info.php?shopdetail/9191864 HTTP/1.1" 200 19297 "-" "Mozilla/5.0 (Linux; Android 6.0.1; Nexus 5X Build/MMB29P) AppleWebKit/537.36 (KHTML, like Gecko) Chrome/137.0.7151.103 Mobile Safari/537.36 (compatible; Googlebot/2.1; +http://www.google.com/bot.html)"
66.249.73.128 - - [21/Jul/2025:22:49:56 +0000] "GET /?f=5763027031490&mod=8f561e4c&uri=category-info.php?shopdetail/9238264 HTTP/1.1" 200 19255 "-" "Mozilla/5.0 (Linux; Android 6.0.1; Nexus 5X Build/MMB29P) AppleWebKit/537.36 (KHTML, like Gecko) Chrome/137.0.7151.103 Mobile Safari/537.36 (compatible; Googlebot/2.1; +http://www.google.com/bot.html)"
66.249.73.132 - - [21/Jul/2025:22:49:57 +0000] "GET /?f=5763027031490&mod=8f561e4c&uri=category-info.php?shopdetail/9199508 HTTP/1.1" 200 18896 "-" "Mozilla/5.0 (Linux; Android 6.0.1; Nexus 5X Build/MMB29P) AppleWebKit/537.36 (KHTML, like Gecko) Chrome/137.0.7151.103 Mobile Safari/537.36 (compatible; Googlebot/2.1; +http://www.google.com/bot.html)"
66.249.73.128 - - [21/Jul/2025:22:49:59 +0000] "GET /?f=5763027031490&mod=8f561e4c&uri=category-info.php?shopdetail/9222712 HTTP/1.1" 200 18946 "-" "Mozilla/5.0 (Linux; Android 6.0.1; Nexus 5X Build/MMB29P) AppleWebKit/537.36 (KHTML, like Gecko) Chrome/137.0.7151.103 Mobile Safari/537.36 (compatible; Googlebot/2.1; +http://www.google.com/bot.html)"
66.249.73.132 - - [21/Jul/2025:22:50:00 +0000] "GET /?f=5763027031490&mod=8f561e4c&uri=category-info.php?shopdetail/9218344 HTTP/1.1" 200 19333 "-" "Mozilla/5.0 (Linux; Android 6.0.1; Nexus 5X Build/MMB29P) AppleWebKit/537.36 (KHTML, like Gecko) Chrome/137.0.7151.103 Mobile Safari/537.36 (compatible; Googlebot/2.1; +http://www.google.com/bot.html)"
66.249.73.129 - - [21/Jul/2025:22:50:01 +0000] "GET /?f=5763027031490&mod=8f561e4c&uri=category-info.php?shopdetail/9249192 HTTP/1.1" 200 18728 "-" "Mozilla/5.0 (Linux; Android 6.0.1; Nexus 5X Build/MMB29P) AppleWebKit/537.36 (KHTML, like Gecko) Chrome/137.0.7151.103 Mobile Safari/537.36 (compatible; Googlebot/2.1; +http://www.google.com/bot.html)"
66.249.73.132 - - [21/Jul/2025:22:50:02 +0000] "GET /?f=5763027031490&mod=8f561e4c&uri=category-info.php?shopdetail/9205232 HTTP/1.1" 200 19344 "-" "Mozilla/5.0 (Linux; Android 6.0.1; Nexus 5X Build/MMB29P) AppleWebKit/537.36 (KHTML, like Gecko) Chrome/137.0.7151.103 Mobile Safari/537.36 (compatible; Googlebot/2.1; +http://www.google.com/bot.html)"
66.249.73.128 - - [21/Jul/2025:22:50:03 +0000] "GET /?f=5763027031490&mod=8f561e4c&uri=category-info.php?shopdetail/9194176 HTTP/1.1" 200 19005 "-" "Mozilla/5.0 (Linux; Android 6.0.1; Nexus 5X Build/MMB29P) AppleWebKit/537.36 (KHTML, like Gecko) Chrome/137.0.7151.103 Mobile Safari/537.36 (compatible; Googlebot/2.1; +http://www.google.com/bot.html)"
66.249.73.128 - - [21/Jul/2025:22:50:05 +0000] "GET /?f=76818286031490&mod=fe45e322&uri=news.php?shopdetail/1002565452 HTTP/1.1" 200 19070 "-" "Mozilla/5.0 (Linux; Android 6.0.1; Nexus 5X Build/MMB29P) AppleWebKit/537.36 (KHTML, like Gecko) Chrome/137.0.7151.103 Mobile Safari/537.36 (compatible; Googlebot/2.1; +http://www.google.com/bot.html)"
66.249.73.128 - - [21/Jul/2025:22:50:06 +0000] "GET /?f=54242486031490&mod=92b6250f&uri=shared.php?shopdetail/54423936 HTTP/1.1" 200 19111 "-" "Mozilla/5.0 (Linux; Android 6.0.1; Nexus 5X Build/MMB29P) AppleWebKit/537.36 (KHTML, like Gecko) Chrome/137.0.7151.103 Mobile Safari/537.36 (compatible; Googlebot/2.1; +http://www.google.com/bot.html)"
173.252.83.6 - - [21/Jul/2025:22:50:07 +0000] "GET /robots.txt HTTP/1.1" 206 125 "-" "facebookexternalhit/1.1 (+http://www.facebook.com/externalhit_uatext.php)"
66.249.73.132 - - [21/Jul/2025:22:50:07 +0000] "GET /?f=54242486031490&mod=92b6250f&uri=shared.php?shopdetail/54418340 HTTP/1.1" 200 19145 "-" "Mozilla/5.0 (Linux; Android 6.0.1; Nexus 5X Build/MMB29P) AppleWebKit/537.36 (KHTML, like Gecko) Chrome/137.0.7151.103 Mobile Safari/537.36 (compatible; Googlebot/2.1; +http://www.google.com/bot.html)"
66.249.73.128 - - [21/Jul/2025:22:50:07 +0000] "GET /?f=31813785041490&mod=5fb0c358&uri=search.php?shopdetail/57404856 HTTP/1.1" 200 19738 "-" "Mozilla/5.0 (Linux; Android 6.0.1; Nexus 5X Build/MMB29P) AppleWebKit/537.36 (KHTML, like Gecko) Chrome/137.0.7151.103 Mobile Safari/537.36 (compatible; Googlebot/2.1; +http://www.google.com/bot.html)"
66.249.73.132 - - [21/Jul/2025:22:50:09 +0000] "GET /?f=31813785041490&mod=5fb0c358&uri=search.php?shopdetail/57433520 HTTP/1.1" 200 18727 "-" "Mozilla/5.0 (Linux; Android 6.0.1; Nexus 5X Build/MMB29P) AppleWebKit/537.36 (KHTML, like Gecko) Chrome/137.0.7151.103 Mobile Safari/537.36 (compatible; Googlebot/2.1; +http://www.google.com/bot.html)"
66.249.73.132 - - [21/Jul/2025:22:50:10 +0000] "GET /?f=31813785041490&mod=5fb0c358&uri=search.php?shopdetail/57424648 HTTP/1.1" 200 18746 "-" "Mozilla/5.0 (Linux; Android 6.0.1; Nexus 5X Build/MMB29P) AppleWebKit/537.36 (KHTML, like Gecko) Chrome/137.0.7151.103 Mobile Safari/537.36 (compatible; Googlebot/2.1; +http://www.google.com/bot.html)"
66.249.73.132 - - [21/Jul/2025:22:50:12 +0000] "GET /?f=5771757011490&mod=0e98aeeb&uri=category-info.php?product/edit/O1786178628 HTTP/1.1" 200 18969 "-" "Mozilla/5.0 (Linux; Android 6.0.1; Nexus 5X Build/MMB29P) AppleWebKit/537.36 (KHTML, like Gecko) Chrome/137.0.7151.103 Mobile Safari/537.36 (compatible; Googlebot/2.1; +http://www.google.com/bot.html)"
66.249.73.132 - - [21/Jul/2025:22:50:13 +0000] "GET /?f=31841330001490&mod=5fb0c358&uri=shop.php?shopdetail/59508248 HTTP/1.1" 200 18687 "-" "Mozilla/5.0 (Linux; Android 6.0.1; Nexus 5X Build/MMB29P) AppleWebKit/537.36 (KHTML, like Gecko) Chrome/137.0.7151.103 Mobile Safari/537.36 (compatible; Googlebot/2.1; +http://www.google.com/bot.html)"
66.249.73.132 - - [21/Jul/2025:22:50:14 +0000] "GET /?f=31813785041490&mod=5fb0c358&uri=search.php?shopdetail/52918112 HTTP/1.1" 200 18601 "-" "Mozilla/5.0 (Linux; Android 6.0.1; Nexus 5X Build/MMB29P) AppleWebKit/537.36 (KHTML, like Gecko) Chrome/137.0.7151.103 Mobile Safari/537.36 (compatible; Googlebot/2.1; +http://www.google.com/bot.html)"
66.249.73.132 - - [21/Jul/2025:22:50:16 +0000] "GET /?f=31813785041490&mod=5fb0c358&uri=search.php?shopdetail/52859564 HTTP/1.1" 200 18333 "-" "Mozilla/5.0 (Linux; Android 6.0.1; Nexus 5X Build/MMB29P) AppleWebKit/537.36 (KHTML, like Gecko) Chrome/137.0.7151.103 Mobile Safari/537.36 (compatible; Googlebot/2.1; +http://www.google.com/bot.html)"
66.249.73.132 - - [21/Jul/2025:22:50:17 +0000] "GET /?f=31813785041490&mod=5fb0c358&uri=search.php?shopdetail/52889448 HTTP/1.1" 200 19499 "-" "Mozilla/5.0 (Linux; Android 6.0.1; Nexus 5X Build/MMB29P) AppleWebKit/537.36 (KHTML, like Gecko) Chrome/137.0.7151.103 Mobile Safari/537.36 (compatible; Googlebot/2.1; +http://www.google.com/bot.html)"
66.249.73.132 - - [21/Jul/2025:22:50:18 +0000] "GET /?f=31813785041490&mod=5fb0c358&uri=search.php?shopdetail/52887264 HTTP/1.1" 200 19422 "-" "Mozilla/5.0 (Linux; Android 6.0.1; Nexus 5X Build/MMB29P) AppleWebKit/537.36 (KHTML, like Gecko) Chrome/137.0.7151.103 Mobile Safari/537.36 (compatible; Googlebot/2.1; +http://www.google.com/bot.html)"
66.249.73.132 - - [21/Jul/2025:22:50:22 +0000] "POST /get-message-notify HTTP/1.1" 404 - "https://onlycnc.com.au/?f=54220226001490&mod=041075b4&uri=brands.php%3Fid%3D1809379-689%26name%3Dadam+scott+footjoy+shoes" "Mozilla/5.0 (Linux; Android 6.0.1; Nexus 5X Build/MMB29P) AppleWebKit/537.36 (KHTML, like Gecko) Chrome/137.0.7151.119 Mobile Safari/537.36 (compatible; Googlebot/2.1; +http://www.google.com/bot.html)"
66.249.73.128 - - [21/Jul/2025:22:50:30 +0000] "POST /get-message-notify HTTP/1.1" 404 - "https://onlycnc.com.au/?f=31813785041490&mod=5fb0c358&uri=search.php?shopdetail/52859564" "Mozilla/5.0 (Linux; Android 6.0.1; Nexus 5X Build/MMB29P) AppleWebKit/537.36 (KHTML, like Gecko) Chrome/137.0.7151.119 Mobile Safari/537.36 (compatible; Googlebot/2.1; +http://www.google.com/bot.html)"
66.249.73.132 - - [21/Jul/2025:22:50:34 +0000] "POST /get-message-notify HTTP/1.1" 404 - "https://onlycnc.com.au/?f=31841330001490&mod=5fb0c358&uri=shop.php?shopdetail/59508248" "Mozilla/5.0 (Linux; Android 6.0.1; Nexus 5X Build/MMB29P) AppleWebKit/537.36 (KHTML, like Gecko) Chrome/137.0.7151.119 Mobile Safari/537.36 (compatible; Googlebot/2.1; +http://www.google.com/bot.html)"
66.249.73.132 - - [21/Jul/2025:22:50:37 +0000] "POST /get-message-notify HTTP/1.1" 404 - "https://onlycnc.com.au/?f=5763027031490&mod=8f561e4c&uri=category-info.php?shopdetail/9199508" "Mozilla/5.0 (Linux; Android 6.0.1; Nexus 5X Build/MMB29P) AppleWebKit/537.36 (KHTML, like Gecko) Chrome/137.0.7151.119 Mobile Safari/537.36 (compatible; Googlebot/2.1; +http://www.google.com/bot.html)"
66.249.73.129 - - [21/Jul/2025:22:51:02 +0000] "POST /get-message-notify HTTP/1.1" 404 - "https://onlycnc.com.au/?f=5962121011490&mod=9cecbb6f&uri=info.php?shopdetail/54365644" "Mozilla/5.0 (Linux; Android 6.0.1; Nexus 5X Build/MMB29P) AppleWebKit/537.36 (KHTML, like Gecko) Chrome/137.0.7151.119 Mobile Safari/537.36 (compatible; Googlebot/2.1; +http://www.google.com/bot.html)"
173.252.87.113 - - [21/Jul/2025:22:53:32 +0000] "GET /robots.txt HTTP/1.1" 206 125 "-" "facebookexternalhit/1.1 (+http://www.facebook.com/externalhit_uatext.php)"
173.252.83.9 - - [21/Jul/2025:22:53:58 +0000] "GET /robots.txt HTTP/1.1" 206 125 "-" "facebookexternalhit/1.1 (+http://www.facebook.com/externalhit_uatext.php)"
173.252.83.113 - - [21/Jul/2025:22:55:07 +0000] "GET /robots.txt HTTP/1.1" 206 125 "-" "facebookexternalhit/1.1 (+http://www.facebook.com/externalhit_uatext.php)"
66.249.73.129 - - [21/Jul/2025:22:56:29 +0000] "GET /?f=86376140031490&mod=8f561e4c&uri=dp.php?shopdetail/61486192 HTTP/1.1" 200 19354 "-" "Mozilla/5.0 (Linux; Android 6.0.1; Nexus 5X Build/MMB29P) AppleWebKit/537.36 (KHTML, like Gecko) Chrome/137.0.7151.103 Mobile Safari/537.36 (compatible; Googlebot/2.1; +http://www.google.com/bot.html)"
57.141.2.21 - - [21/Jul/2025:22:56:42 +0000] "GET /shopdetail/1470295668 HTTP/1.1" 404 - "-" "meta-externalagent/1.1 (+https://developers.facebook.com/docs/sharing/webmasters/crawler)"
173.252.87.18 - - [21/Jul/2025:22:56:44 +0000] "GET /robots.txt HTTP/1.1" 206 125 "-" "facebookexternalhit/1.1 (+http://www.facebook.com/externalhit_uatext.php)"
66.249.73.132 - - [21/Jul/2025:22:56:54 +0000] "POST /get-message-notify HTTP/1.1" 404 - "https://onlycnc.com.au/?f=86376140031490&mod=8f561e4c&uri=dp.php?shopdetail/61486192" "Mozilla/5.0 (Linux; Android 6.0.1; Nexus 5X Build/MMB29P) AppleWebKit/537.36 (KHTML, like Gecko) Chrome/137.0.7151.119 Mobile Safari/537.36 (compatible; Googlebot/2.1; +http://www.google.com/bot.html)"
173.252.83.7 - - [21/Jul/2025:22:59:22 +0000] "GET /robots.txt HTTP/1.1" 206 125 "-" "facebookexternalhit/1.1 (+http://www.facebook.com/externalhit_uatext.php)"
173.252.83.4 - - [21/Jul/2025:22:59:48 +0000] "GET /robots.txt HTTP/1.1" 206 125 "-" "facebookexternalhit/1.1 (+http://www.facebook.com/externalhit_uatext.php)"
209.74.77.214 - - [21/Jul/2025:23:00:10 +0000] "POST /wp-cron.php?doing_wp_cron=1753138810.2719190120697021484375 HTTP/1.1" 200 - "-" "WordPress/6.8.2; https://onlycnc.com.au"
47.82.11.26 - - [21/Jul/2025:23:00:08 +0000] "GET /?f=5962391021490&mod=9cecbb6f&uri=blog.php?id%3D199105-344%26name%3Dcrocs+canal+walk HTTP/1.1" 301 - "https://onlycnc.com.au/?f=5962391021490&mod=9cecbb6f&uri=blog.php%3Fid%3D199105-344%26name%3Dcrocs+canal+walk" "Mozilla/5.0 (Windows NT 10.0; Win64; x64) AppleWebKit/537.36 (KHTML, like Gecko) Chrome/114.0.0.0 Safari/537.36 Edg/114.0.1823.43"
47.82.11.26 - - [21/Jul/2025:23:00:10 +0000] "GET /?f=5962391021490&mod=9cecbb6f&uri=blog.php?id%3D199105-344%26name%3Dcrocs%20canal%20walk HTTP/1.1" 301 - "https://onlycnc.com.au/?f=5962391021490&mod=9cecbb6f&uri=blog.php%3Fid%3D199105-344%26name%3Dcrocs+canal+walk" "Mozilla/5.0 (Windows NT 10.0; Win64; x64) AppleWebKit/537.36 (KHTML, like Gecko) Chrome/114.0.0.0 Safari/537.36 Edg/114.0.1823.43"
66.249.73.132 - - [21/Jul/2025:23:03:35 +0000] "GET /?f=54242486031490&mod=92b6250f&uri=shared.php?shopdetail/54418476 HTTP/1.1" 200 18650 "-" "Mozilla/5.0 (Linux; Android 6.0.1; Nexus 5X Build/MMB29P) AppleWebKit/537.36 (KHTML, like Gecko) Chrome/137.0.7151.103 Mobile Safari/537.36 (compatible; Googlebot/2.1; +http://www.google.com/bot.html)"
66.249.73.132 - - [21/Jul/2025:23:03:38 +0000] "POST /get-message-notify HTTP/1.1" 404 - "https://onlycnc.com.au/?f=54242486031490&mod=92b6250f&uri=shared.php?shopdetail/54418476" "Mozilla/5.0 (Linux; Android 6.0.1; Nexus 5X Build/MMB29P) AppleWebKit/537.36 (KHTML, like Gecko) Chrome/137.0.7151.119 Mobile Safari/537.36 (compatible; Googlebot/2.1; +http://www.google.com/bot.html)"
57.141.2.26 - - [21/Jul/2025:23:04:16 +0000] "GET /?f=58467865001490& HTTP/1.1" 301 - "-" "meta-externalagent/1.1 (+https://developers.facebook.com/docs/sharing/webmasters/crawler)"
66.249.73.128 - - [21/Jul/2025:23:06:01 +0000] "GET /?f=31813785041490&mod=5fb0c358&uri=search.php?shopdetail/57440200 HTTP/1.1" 200 19162 "-" "Mozilla/5.0 (Linux; Android 6.0.1; Nexus 5X Build/MMB29P) AppleWebKit/537.36 (KHTML, like Gecko) Chrome/137.0.7151.103 Mobile Safari/537.36 (compatible; Googlebot/2.1; +http://www.google.com/bot.html)"
66.249.73.128 - - [21/Jul/2025:23:06:32 +0000] "POST /get-message-notify HTTP/1.1" 404 - "https://onlycnc.com.au/?f=5947151021490&mod=9cecbb6f&uri=itm.php%3Fid%3D198597-344%26name%3Dwindsor+smith+shoes+mens" "Mozilla/5.0 AppleWebKit/537.36 (KHTML, like Gecko; compatible; GoogleOther) Chrome/137.0.7151.119 Safari/537.36"
57.141.2.17 - - [21/Jul/2025:23:06:42 +0000] "GET /shopdetail/1633648016 HTTP/1.1" 404 - "-" "meta-externalagent/1.1 (+https://developers.facebook.com/docs/sharing/webmasters/crawler)"
57.141.2.3 - - [21/Jul/2025:23:07:16 +0000] "GET /shopdetail/1633512476 HTTP/1.1" 404 - "-" "meta-externalagent/1.1 (+https://developers.facebook.com/docs/sharing/webmasters/crawler)"
66.249.73.128 - - [21/Jul/2025:23:08:20 +0000] "GET /?f=31813785041490&mod=5fb0c358&uri=search.php?shopdetail/57419188 HTTP/1.1" 200 19628 "-" "Mozilla/5.0 (Linux; Android 6.0.1; Nexus 5X Build/MMB29P) AppleWebKit/537.36 (KHTML, like Gecko) Chrome/137.0.7151.103 Mobile Safari/537.36 (compatible; Googlebot/2.1; +http://www.google.com/bot.html)"
47.82.11.86 - - [21/Jul/2025:23:10:16 +0000] "GET /?f=5862160021490&mod=1f42e914&uri=products.php?id%3D195761-341%26name%3Davena+leche+y+platano+beneficios HTTP/1.1" 301 - "https://onlycnc.com.au/?f=5862160021490&mod=1f42e914&uri=products.php%3Fid%3D195761-341%26name%3Davena+leche+y+platano+beneficios" "Mozilla/5.0 (Windows NT 10.0; Win64; x64) AppleWebKit/537.36 (KHTML, like Gecko) Chrome/114.0.0.0 Safari/537.36 Edg/114.0.1823.43"
47.82.11.86 - - [21/Jul/2025:23:10:17 +0000] "GET /?f=5862160021490&mod=1f42e914&uri=products.php?id%3D195761-341%26name%3Davena%20leche%20y%20platano%20beneficios HTTP/1.1" 301 - "https://onlycnc.com.au/?f=5862160021490&mod=1f42e914&uri=products.php%3Fid%3D195761-341%26name%3Davena+leche+y+platano+beneficios" "Mozilla/5.0 (Windows NT 10.0; Win64; x64) AppleWebKit/537.36 (KHTML, like Gecko) Chrome/114.0.0.0 Safari/537.36 Edg/114.0.1823.43"
47.82.11.83 - - [21/Jul/2025:23:10:34 +0000] "GET /?f=5913821121490&mod=a8833cd4&uri=goods.php?id%3D197486-343%26name%3Dstandish+patio+loveseat HTTP/1.1" 301 - "https://onlycnc.com.au/?f=5913821121490&mod=a8833cd4&uri=goods.php%3Fid%3D197486-343%26name%3Dstandish+patio+loveseat" "Mozilla/5.0 (Windows NT 10.0; Win64; x64) AppleWebKit/537.36 (KHTML, like Gecko) Chrome/114.0.0.0 Safari/537.36 Edg/114.0.1823.43"
47.82.11.83 - - [21/Jul/2025:23:10:34 +0000] "GET /?f=5913821121490&mod=a8833cd4&uri=goods.php?id%3D197486-343%26name%3Dstandish%20patio%20loveseat HTTP/1.1" 301 - "https://onlycnc.com.au/?f=5913821121490&mod=a8833cd4&uri=goods.php%3Fid%3D197486-343%26name%3Dstandish+patio+loveseat" "Mozilla/5.0 (Windows NT 10.0; Win64; x64) AppleWebKit/537.36 (KHTML, like Gecko) Chrome/114.0.0.0 Safari/537.36 Edg/114.0.1823.43"
57.141.2.18 - - [21/Jul/2025:23:11:02 +0000] "GET /shopdetail/1470505188 HTTP/1.1" 404 - "-" "meta-externalagent/1.1 (+https://developers.facebook.com/docs/sharing/webmasters/crawler)"
47.82.11.51 - - [21/Jul/2025:23:12:43 +0000] "GET /?f=5958911041490&mod=9cecbb6f&uri=products.php?id%3D198989-344%26name%3Deuropean+shoe+size+conversion+kids HTTP/1.1" 301 - "https://onlycnc.com.au/?f=5958911041490&mod=9cecbb6f&uri=products.php%3Fid%3D198989-344%26name%3Deuropean+shoe+size+conversion+kids" "Mozilla/5.0 (Windows NT 10.0; Win64; x64) AppleWebKit/537.36 (KHTML, like Gecko) Chrome/114.0.0.0 Safari/537.36 Edg/114.0.1823.43"
47.82.11.51 - - [21/Jul/2025:23:12:45 +0000] "GET /?f=5958911041490&mod=9cecbb6f&uri=products.php?id%3D198989-344%26name%3Deuropean%20shoe%20size%20conversion%20kids HTTP/1.1" 301 - "https://onlycnc.com.au/?f=5958911041490&mod=9cecbb6f&uri=products.php%3Fid%3D198989-344%26name%3Deuropean+shoe+size+conversion+kids" "Mozilla/5.0 (Windows NT 10.0; Win64; x64) AppleWebKit/537.36 (KHTML, like Gecko) Chrome/114.0.0.0 Safari/537.36 Edg/114.0.1823.43"
57.141.2.13 - - [21/Jul/2025:23:13:02 +0000] "GET /shopdetail/1470179920 HTTP/1.1" 404 - "-" "meta-externalagent/1.1 (+https://developers.facebook.com/docs/sharing/webmasters/crawler)"
57.141.2.21 - - [21/Jul/2025:23:13:08 +0000] "GET /shopdetail/1633634904 HTTP/1.1" 404 - "-" "meta-externalagent/1.1 (+https://developers.facebook.com/docs/sharing/webmasters/crawler)"
57.141.2.23 - - [21/Jul/2025:23:16:51 +0000] "GET /shopdetail/1633257776 HTTP/1.1" 404 - "-" "meta-externalagent/1.1 (+https://developers.facebook.com/docs/sharing/webmasters/crawler)"
57.141.2.13 - - [21/Jul/2025:23:18:53 +0000] "GET /?f=79386810011490& HTTP/1.1" 301 - "-" "meta-externalagent/1.1 (+https://developers.facebook.com/docs/sharing/webmasters/crawler)"
57.141.2.1 - - [21/Jul/2025:23:19:10 +0000] "GET /?f=79386810011490 HTTP/1.1" 200 111321 "-" "meta-externalagent/1.1 (+https://developers.facebook.com/docs/sharing/webmasters/crawler)"
66.249.73.132 - - [21/Jul/2025:23:19:15 +0000] "GET /?f=5763027031490&mod=8f561e4c&uri=category-info.php?shopdetail/9241676 HTTP/1.1" 200 18304 "-" "Mozilla/5.0 (Linux; Android 6.0.1; Nexus 5X Build/MMB29P) AppleWebKit/537.36 (KHTML, like Gecko) Chrome/137.0.7151.103 Mobile Safari/537.36 (compatible; Googlebot/2.1; +http://www.google.com/bot.html)"
57.141.2.10 - - [21/Jul/2025:23:19:35 +0000] "GET /?f=4605796001490& HTTP/1.1" 301 - "-" "meta-externalagent/1.1 (+https://developers.facebook.com/docs/sharing/webmasters/crawler)"
57.141.2.20 - - [21/Jul/2025:23:19:54 +0000] "GET /?f=4605796001490 HTTP/1.1" 200 111321 "-" "meta-externalagent/1.1 (+https://developers.facebook.com/docs/sharing/webmasters/crawler)"
66.249.73.128 - - [21/Jul/2025:23:20:07 +0000] "POST /get-message-notify HTTP/1.1" 404 - "https://onlycnc.com.au/?f=5763027031490&mod=8f561e4c&uri=category-info.php?shopdetail/9241676" "Mozilla/5.0 (Linux; Android 6.0.1; Nexus 5X Build/MMB29P) AppleWebKit/537.36 (KHTML, like Gecko) Chrome/137.0.7151.119 Mobile Safari/537.36 (compatible; Googlebot/2.1; +http://www.google.com/bot.html)"
47.82.11.95 - - [21/Jul/2025:23:21:14 +0000] "GET /?f=54335923041490&mod=30f8f6b9&uri=goods.php?id%3D1813242-26%26name%3Dtest+de+ovulacion+positivo+dos+dias+seguidos HTTP/1.1" 301 - "https://onlycnc.com.au/?f=54335923041490&mod=30f8f6b9&uri=goods.php%3Fid%3D1813242-26%26name%3Dtest+de+ovulacion+positivo+dos+dias+seguidos" "Mozilla/5.0 (Windows NT 10.0; Win64; x64) AppleWebKit/537.36 (KHTML, like Gecko) Chrome/114.0.0.0 Safari/537.36 Edg/114.0.1823.43"
47.82.11.95 - - [21/Jul/2025:23:21:16 +0000] "GET /?f=54335923041490&mod=30f8f6b9&uri=goods.php?id%3D1813242-26%26name%3Dtest%20de%20ovulacion%20positivo%20dos%20dias%20seguidos HTTP/1.1" 301 - "https://onlycnc.com.au/?f=54335923041490&mod=30f8f6b9&uri=goods.php%3Fid%3D1813242-26%26name%3Dtest+de+ovulacion+positivo+dos+dias+seguidos" "Mozilla/5.0 (Windows NT 10.0; Win64; x64) AppleWebKit/537.36 (KHTML, like Gecko) Chrome/114.0.0.0 Safari/537.36 Edg/114.0.1823.43"
47.82.11.90 - - [21/Jul/2025:23:21:17 +0000] "GET /?f=54429573051490&mod=d37b3ca3&uri=products.php?id%3D1816368-27%26name%3Dkeratina+alisante+profesional HTTP/1.1" 301 - "https://onlycnc.com.au/?f=54429573051490&mod=d37b3ca3&uri=products.php%3Fid%3D1816368-27%26name%3Dkeratina+alisante+profesional" "Mozilla/5.0 (Windows NT 10.0; Win64; x64) AppleWebKit/537.36 (KHTML, like Gecko) Chrome/114.0.0.0 Safari/537.36 Edg/114.0.1823.43"
47.82.11.90 - - [21/Jul/2025:23:21:17 +0000] "GET /?f=54429573051490&mod=d37b3ca3&uri=products.php?id%3D1816368-27%26name%3Dkeratina%20alisante%20profesional HTTP/1.1" 301 - "https://onlycnc.com.au/?f=54429573051490&mod=d37b3ca3&uri=products.php%3Fid%3D1816368-27%26name%3Dkeratina+alisante+profesional" "Mozilla/5.0 (Windows NT 10.0; Win64; x64) AppleWebKit/537.36 (KHTML, like Gecko) Chrome/114.0.0.0 Safari/537.36 Edg/114.0.1823.43"
47.82.11.97 - - [21/Jul/2025:23:21:22 +0000] "GET /?f=54434290021490&mod=d37b3ca3&uri=info.php?id%3D1816526-27%26name%3Dkeratina+en+pelo+te%C3%83%C2%B1ido HTTP/1.1" 301 - "https://onlycnc.com.au/?f=54434290021490&mod=d37b3ca3&uri=info.php%3Fid%3D1816526-27%26name%3Dkeratina+en+pelo+te%C3%83%C2%B1ido" "Mozilla/5.0 (Windows NT 10.0; Win64; x64) AppleWebKit/537.36 (KHTML, like Gecko) Chrome/114.0.0.0 Safari/537.36 Edg/114.0.1823.43"
47.82.11.97 - - [21/Jul/2025:23:21:22 +0000] "GET /?f=54434290021490&mod=d37b3ca3&uri=info.php?id%3D1816526-27%26name%3Dkeratina%20en%20pelo%20te%C3%83%C2%B1ido HTTP/1.1" 301 - "https://onlycnc.com.au/?f=54434290021490&mod=d37b3ca3&uri=info.php%3Fid%3D1816526-27%26name%3Dkeratina+en+pelo+te%C3%83%C2%B1ido" "Mozilla/5.0 (Windows NT 10.0; Win64; x64) AppleWebKit/537.36 (KHTML, like Gecko) Chrome/114.0.0.0 Safari/537.36 Edg/114.0.1823.43"
47.82.11.91 - - [21/Jul/2025:23:21:49 +0000] "GET /?f=54410999041490&mod=30f8f6b9&uri=shared.php?id%3D1815747-26%26name%3Dcortapelos+y+barba+carrefour HTTP/1.1" 301 - "https://onlycnc.com.au/?f=54410999041490&mod=30f8f6b9&uri=shared.php%3Fid%3D1815747-26%26name%3Dcortapelos+y+barba+carrefour" "Mozilla/5.0 (Windows NT 10.0; Win64; x64) AppleWebKit/537.36 (KHTML, like Gecko) Chrome/114.0.0.0 Safari/537.36 Edg/114.0.1823.43"
47.82.11.91 - - [21/Jul/2025:23:21:50 +0000] "GET /?f=54410999041490&mod=30f8f6b9&uri=shared.php?id%3D1815747-26%26name%3Dcortapelos%20y%20barba%20carrefour HTTP/1.1" 301 - "https://onlycnc.com.au/?f=54410999041490&mod=30f8f6b9&uri=shared.php%3Fid%3D1815747-26%26name%3Dcortapelos+y+barba+carrefour" "Mozilla/5.0 (Windows NT 10.0; Win64; x64) AppleWebKit/537.36 (KHTML, like Gecko) Chrome/114.0.0.0 Safari/537.36 Edg/114.0.1823.43"
47.82.11.51 - - [21/Jul/2025:23:21:50 +0000] "GET /?f=5783545051490&mod=0e98aeeb&uri=article.php?id%3D193138-57%26name%3Dnokia+true+wireless+earbuds+v2 HTTP/1.1" 301 - "https://onlycnc.com.au/?f=5783545051490&mod=0e98aeeb&uri=article.php%3Fid%3D193138-57%26name%3Dnokia+true+wireless+earbuds+v2" "Mozilla/5.0 (Windows NT 10.0; Win64; x64) AppleWebKit/537.36 (KHTML, like Gecko) Chrome/114.0.0.0 Safari/537.36 Edg/114.0.1823.43"
47.82.11.51 - - [21/Jul/2025:23:21:50 +0000] "GET /?f=5783545051490&mod=0e98aeeb&uri=article.php?id%3D193138-57%26name%3Dnokia%20true%20wireless%20earbuds%20v2 HTTP/1.1" 301 - "https://onlycnc.com.au/?f=5783545051490&mod=0e98aeeb&uri=article.php%3Fid%3D193138-57%26name%3Dnokia+true+wireless+earbuds+v2" "Mozilla/5.0 (Windows NT 10.0; Win64; x64) AppleWebKit/537.36 (KHTML, like Gecko) Chrome/114.0.0.0 Safari/537.36 Edg/114.0.1823.43"
57.141.2.14 - - [21/Jul/2025:23:22:21 +0000] "GET /shopdetail/1633473848 HTTP/1.1" 404 - "-" "meta-externalagent/1.1 (+https://developers.facebook.com/docs/sharing/webmasters/crawler)"
66.249.73.129 - - [21/Jul/2025:23:22:57 +0000] "GET /?f=5763027031490&mod=8f561e4c&uri=category-info.php?shopdetail/9188716 HTTP/1.1" 200 19660 "-" "Mozilla/5.0 (Linux; Android 6.0.1; Nexus 5X Build/MMB29P) AppleWebKit/537.36 (KHTML, like Gecko) Chrome/137.0.7151.103 Mobile Safari/537.36 (compatible; Googlebot/2.1; +http://www.google.com/bot.html)"
51.222.253.10 - - [21/Jul/2025:23:23:34 +0000] "GET /?f=1048253121490&mod=f3be5eb7&uri=info.php%3Fid%3D35001-69%26name%3Dml515cnr HTTP/1.1" 200 21262 "-" "Mozilla/5.0 (compatible; AhrefsBot/7.0; +http://ahrefs.com/robot/)"
66.249.73.132 - - [21/Jul/2025:23:23:58 +0000] "GET /?f=5763027031490&mod=8f561e4c&uri=category-info.php?shopdetail/9223932 HTTP/1.1" 200 18890 "-" "Mozilla/5.0 (Linux; Android 6.0.1; Nexus 5X Build/MMB29P) AppleWebKit/537.36 (KHTML, like Gecko) Chrome/137.0.7151.103 Mobile Safari/537.36 (compatible; Googlebot/2.1; +http://www.google.com/bot.html)"
57.141.2.13 - - [21/Jul/2025:23:24:01 +0000] "GET /shopdetail/1633161948 HTTP/1.1" 404 - "-" "meta-externalagent/1.1 (+https://developers.facebook.com/docs/sharing/webmasters/crawler)"
57.141.2.8 - - [21/Jul/2025:23:25:01 +0000] "GET /shopdetail/1633534580 HTTP/1.1" 404 - "-" "meta-externalagent/1.1 (+https://developers.facebook.com/docs/sharing/webmasters/crawler)"
66.249.73.129 - - [21/Jul/2025:23:25:16 +0000] "GET /?f=76818286031490&mod=fe45e322&uri=news.php?shopdetail/1002566416 HTTP/1.1" 200 19153 "-" "Mozilla/5.0 (Linux; Android 6.0.1; Nexus 5X Build/MMB29P) AppleWebKit/537.36 (KHTML, like Gecko) Chrome/137.0.7151.103 Mobile Safari/537.36 (compatible; Googlebot/2.1; +http://www.google.com/bot.html)"
66.249.73.128 - - [21/Jul/2025:23:26:22 +0000] "GET /?f=5763027031490&mod=8f561e4c&uri=category-info.php?product/edit/O3343744699 HTTP/1.1" 200 19141 "-" "Mozilla/5.0 (Linux; Android 6.0.1; Nexus 5X Build/MMB29P) AppleWebKit/537.36 (KHTML, like Gecko) Chrome/137.0.7151.103 Mobile Safari/537.36 (compatible; Googlebot/2.1; +http://www.google.com/bot.html)"
57.141.2.14 - - [21/Jul/2025:23:27:39 +0000] "GET /shopdetail/1470111408 HTTP/1.1" 404 - "-" "meta-externalagent/1.1 (+https://developers.facebook.com/docs/sharing/webmasters/crawler)"
57.141.2.20 - - [21/Jul/2025:23:27:42 +0000] "GET /shopdetail/1633145432 HTTP/1.1" 404 - "-" "meta-externalagent/1.1 (+https://developers.facebook.com/docs/sharing/webmasters/crawler)"
47.82.11.51 - - [21/Jul/2025:23:31:48 +0000] "GET /?f=77183712001490&mod=d6cf72c9&uri=shared.php?id%3D2575685-385%26name%3Dwhat+is+a+gear+watch HTTP/1.1" 301 - "https://onlycnc.com.au/?f=77183712001490&mod=d6cf72c9&uri=shared.php%3Fid%3D2575685-385%26name%3Dwhat+is+a+gear+watch" "Mozilla/5.0 (Windows NT 10.0; Win64; x64) AppleWebKit/537.36 (KHTML, like Gecko) Chrome/114.0.0.0 Safari/537.36 Edg/114.0.1823.43"
47.82.11.51 - - [21/Jul/2025:23:31:50 +0000] "GET /?f=77183712001490&mod=d6cf72c9&uri=shared.php?id%3D2575685-385%26name%3Dwhat%20is%20a%20gear%20watch HTTP/1.1" 301 - "https://onlycnc.com.au/?f=77183712001490&mod=d6cf72c9&uri=shared.php%3Fid%3D2575685-385%26name%3Dwhat+is+a+gear+watch" "Mozilla/5.0 (Windows NT 10.0; Win64; x64) AppleWebKit/537.36 (KHTML, like Gecko) Chrome/114.0.0.0 Safari/537.36 Edg/114.0.1823.43"
216.73.216.229 - - [21/Jul/2025:23:33:37 +0000] "GET /robots.txt HTTP/1.1" 200 108 "-" "Mozilla/5.0 AppleWebKit/537.36 (KHTML, like Gecko; compatible; ClaudeBot/1.0; [email protected])"
216.73.216.229 - - [21/Jul/2025:23:33:37 +0000] "GET /sitemap.xml HTTP/1.1" 404 - "-" "Mozilla/5.0 AppleWebKit/537.36 (KHTML, like Gecko; compatible; ClaudeBot/1.0; [email protected])"
185.36.81.36 - - [21/Jul/2025:23:36:34 +0000] "GET / HTTP/1.1" 200 21281 "-" "Mozilla/5.0 (Windows NT 10.0; Win64; x64) AppleWebKit/537.36 (KHTML, like Gecko) Chrome/138.0.7204.50 Safari/537.36"
45.227.253.15 - - [21/Jul/2025:23:37:33 +0000] "GET /index.php/jk HTTP/1.1" 200 59 "-" "Mozilla/5.0 (Windows NT 10.0; Win64; x64) AppleWebKit/537.36 (KHTML, like Gecko) Chrome/81.0.3282.140 Safari/537.36 Edge/18.17763"
66.249.73.128 - - [21/Jul/2025:23:38:21 +0000] "GET /?f=5962121011490&mod=9cecbb6f&uri=info.php?shopdetail/53403216 HTTP/1.1" 200 18508 "-" "Mozilla/5.0 (Linux; Android 6.0.1; Nexus 5X Build/MMB29P) AppleWebKit/537.36 (KHTML, like Gecko) Chrome/137.0.7151.103 Mobile Safari/537.36 (compatible; Googlebot/2.1; +http://www.google.com/bot.html)"
57.141.2.11 - - [21/Jul/2025:23:38:51 +0000] "GET /shopdetail/1633282072 HTTP/1.1" 404 - "-" "meta-externalagent/1.1 (+https://developers.facebook.com/docs/sharing/webmasters/crawler)"
57.141.2.14 - - [21/Jul/2025:23:39:29 +0000] "GET /shopdetail/1470660392 HTTP/1.1" 404 - "-" "meta-externalagent/1.1 (+https://developers.facebook.com/docs/sharing/webmasters/crawler)"
66.249.73.128 - - [21/Jul/2025:23:39:51 +0000] "GET /?f=5962121011490&mod=9cecbb6f&uri=info.php?shopdetail/54288396 HTTP/1.1" 200 19459 "-" "Mozilla/5.0 (Linux; Android 6.0.1; Nexus 5X Build/MMB29P) AppleWebKit/537.36 (KHTML, like Gecko) Chrome/137.0.7151.103 Mobile Safari/537.36 (compatible; Googlebot/2.1; +http://www.google.com/bot.html)"
47.82.11.19 - - [21/Jul/2025:23:40:32 +0000] "GET /?f=101674664001490&mod=02ddce85&uri=goods.php?id%3D3393175-155%26name%3Dpolk+audio+true+surround+system HTTP/1.1" 301 - "https://onlycnc.com.au/?f=101674664001490&mod=02ddce85&uri=goods.php%3Fid%3D3393175-155%26name%3Dpolk+audio+true+surround+system" "Mozilla/5.0 (Windows NT 10.0; Win64; x64) AppleWebKit/537.36 (KHTML, like Gecko) Chrome/114.0.0.0 Safari/537.36 Edg/114.0.1823.43"
47.82.11.19 - - [21/Jul/2025:23:40:34 +0000] "GET /?f=101674664001490&mod=02ddce85&uri=goods.php?id%3D3393175-155%26name%3Dpolk%20audio%20true%20surround%20system HTTP/1.1" 301 - "https://onlycnc.com.au/?f=101674664001490&mod=02ddce85&uri=goods.php%3Fid%3D3393175-155%26name%3Dpolk+audio+true+surround+system" "Mozilla/5.0 (Windows NT 10.0; Win64; x64) AppleWebKit/537.36 (KHTML, like Gecko) Chrome/114.0.0.0 Safari/537.36 Edg/114.0.1823.43"
66.249.73.132 - - [21/Jul/2025:23:41:33 +0000] "GET /about-us/ HTTP/1.1" 404 - "-" "Mozilla/5.0 (Linux; Android 6.0.1; Nexus 5X Build/MMB29P) AppleWebKit/537.36 (KHTML, like Gecko) Chrome/137.0.7151.103 Mobile Safari/537.36 (compatible; Googlebot/2.1; +http://www.google.com/bot.html)"
47.82.11.41 - - [21/Jul/2025:23:41:41 +0000] "GET /?f=5768457021490&mod=0e98aeeb&uri=info.php?id%3D192635-57%26name%3Djbl+live+100+price HTTP/1.1" 301 - "https://onlycnc.com.au/?f=5768457021490&mod=0e98aeeb&uri=info.php%3Fid%3D192635-57%26name%3Djbl+live+100+price" "Mozilla/5.0 (Windows NT 10.0; Win64; x64) AppleWebKit/537.36 (KHTML, like Gecko) Chrome/114.0.0.0 Safari/537.36 Edg/114.0.1823.43"
47.82.11.41 - - [21/Jul/2025:23:41:43 +0000] "GET /?f=5768457021490&mod=0e98aeeb&uri=info.php?id%3D192635-57%26name%3Djbl%20live%20100%20price HTTP/1.1" 301 - "https://onlycnc.com.au/?f=5768457021490&mod=0e98aeeb&uri=info.php%3Fid%3D192635-57%26name%3Djbl+live+100+price" "Mozilla/5.0 (Windows NT 10.0; Win64; x64) AppleWebKit/537.36 (KHTML, like Gecko) Chrome/114.0.0.0 Safari/537.36 Edg/114.0.1823.43"
66.249.73.132 - - [21/Jul/2025:23:42:10 +0000] "GET /?f=5963651021490&mod=9cecbb6f&uri=shop.php%3Fid%3D199147-344%26name%3Deu+size+35+to+us HTTP/1.1" 200 18987 "-" "Mozilla/5.0 (Linux; Android 6.0.1; Nexus 5X Build/MMB29P) AppleWebKit/537.36 (KHTML, like Gecko) Chrome/137.0.7151.103 Mobile Safari/537.36 (compatible; Googlebot/2.1; +http://www.google.com/bot.html)"
66.249.73.129 - - [21/Jul/2025:23:42:10 +0000] "GET /?f=101680544041490&mod=02ddce85&uri=itm.php%3Fid%3D3393371-155%26name%3Diball+home+theater+price HTTP/1.1" 200 18999 "-" "Mozilla/5.0 (Linux; Android 6.0.1; Nexus 5X Build/MMB29P) AppleWebKit/537.36 (KHTML, like Gecko) Chrome/137.0.7151.103 Mobile Safari/537.36 (compatible; Googlebot/2.1; +http://www.google.com/bot.html)"
20.171.123.73 - - [21/Jul/2025:23:45:20 +0000] "GET /?f=5780485031490&mod=0e98aeeb&uri=dp.php%3Fid%3D193036-57%26name%3Dbest+workout+earbuds+wireless HTTP/1.1" 301 - "-" "Mozilla/5.0 (Macintosh; Intel Mac OS X 10_15_7) AppleWebKit/537.36 (KHTML, like Gecko) Chrome/131.0.0.0 Safari/537.36; compatible; OAI-SearchBot/1.0; +https://openai.com/searchbot"
20.171.123.73 - - [21/Jul/2025:23:45:21 +0000] "GET /?f=5780485031490&mod=0e98aeeb&uri=dp.php%3Fid%3D193036-57%26name%3Dbest%20workout%20earbuds%20wireless HTTP/1.1" 200 21262 "-" "Mozilla/5.0 (Macintosh; Intel Mac OS X 10_15_7) AppleWebKit/537.36 (KHTML, like Gecko) Chrome/131.0.0.0 Safari/537.36; compatible; OAI-SearchBot/1.0; +https://openai.com/searchbot"
66.249.73.128 - - [21/Jul/2025:23:47:16 +0000] "GET /?f=5617419021490&mod=b4aaa9db&uri=us.php?shopdetail/3258816 HTTP/1.1" 200 18442 "-" "Mozilla/5.0 (Linux; Android 6.0.1; Nexus 5X Build/MMB29P) AppleWebKit/537.36 (KHTML, like Gecko) Chrome/137.0.7151.103 Mobile Safari/537.36 (compatible; Googlebot/2.1; +http://www.google.com/bot.html)"
57.141.2.19 - - [21/Jul/2025:23:48:31 +0000] "GET /shopdetail/1633772764 HTTP/1.1" 404 - "-" "meta-externalagent/1.1 (+https://developers.facebook.com/docs/sharing/webmasters/crawler)"
66.249.73.132 - - [21/Jul/2025:23:48:46 +0000] "GET /?f=54333283031490&mod=0672911f&uri=itm.php?shopdetail/6093140 HTTP/1.1" 200 19159 "-" "Mozilla/5.0 (Linux; Android 6.0.1; Nexus 5X Build/MMB29P) AppleWebKit/537.36 (KHTML, like Gecko) Chrome/137.0.7151.103 Mobile Safari/537.36 (compatible; Googlebot/2.1; +http://www.google.com/bot.html)"
66.249.73.132 - - [21/Jul/2025:23:50:13 +0000] "GET /?f=9990369051490&mod=676207dd&uri=article.php?shopdetail/6157020 HTTP/1.1" 200 18286 "-" "Mozilla/5.0 (Linux; Android 6.0.1; Nexus 5X Build/MMB29P) AppleWebKit/537.36 (KHTML, like Gecko) Chrome/137.0.7151.103 Mobile Safari/537.36 (compatible; Googlebot/2.1; +http://www.google.com/bot.html)"
47.82.11.41 - - [21/Jul/2025:23:51:14 +0000] "GET /?f=54410459061490&mod=d37b3ca3&uri=news.php?id%3D1815729-27%26name%3Dcrema+para+alisado+permanente HTTP/1.1" 301 - "https://onlycnc.com.au/?f=54410459061490&mod=d37b3ca3&uri=news.php%3Fid%3D1815729-27%26name%3Dcrema+para+alisado+permanente" "Mozilla/5.0 (Windows NT 10.0; Win64; x64) AppleWebKit/537.36 (KHTML, like Gecko) Chrome/114.0.0.0 Safari/537.36 Edg/114.0.1823.43"
47.82.11.41 - - [21/Jul/2025:23:51:16 +0000] "GET /?f=54410459061490&mod=d37b3ca3&uri=news.php?id%3D1815729-27%26name%3Dcrema%20para%20alisado%20permanente HTTP/1.1" 301 - "https://onlycnc.com.au/?f=54410459061490&mod=d37b3ca3&uri=news.php%3Fid%3D1815729-27%26name%3Dcrema+para+alisado+permanente" "Mozilla/5.0 (Windows NT 10.0; Win64; x64) AppleWebKit/537.36 (KHTML, like Gecko) Chrome/114.0.0.0 Safari/537.36 Edg/114.0.1823.43"
66.249.73.128 - - [21/Jul/2025:23:51:46 +0000] "GET /?f=5962751021490&mod=9cecbb6f&uri=shared.php?shopdetail/57433520 HTTP/1.1" 200 18733 "-" "Mozilla/5.0 (Linux; Android 6.0.1; Nexus 5X Build/MMB29P) AppleWebKit/537.36 (KHTML, like Gecko) Chrome/137.0.7151.103 Mobile Safari/537.36 (compatible; Googlebot/2.1; +http://www.google.com/bot.html)"
66.249.73.128 - - [21/Jul/2025:23:53:20 +0000] "GET /?f=40054793071490&mod=0e98aeeb&uri=shared.php?shopdetail/54473484 HTTP/1.1" 200 19260 "-" "Mozilla/5.0 (Linux; Android 6.0.1; Nexus 5X Build/MMB29P) AppleWebKit/537.36 (KHTML, like Gecko) Chrome/137.0.7151.103 Mobile Safari/537.36 (compatible; Googlebot/2.1; +http://www.google.com/bot.html)"
57.141.2.9 - - [21/Jul/2025:23:54:36 +0000] "GET /shopdetail/1470337444 HTTP/1.1" 404 - "-" "meta-externalagent/1.1 (+https://developers.facebook.com/docs/sharing/webmasters/crawler)"
66.249.73.132 - - [21/Jul/2025:23:54:51 +0000] "GET /?f=40054793071490&mod=0e98aeeb&uri=shared.php?shopdetail/54425156 HTTP/1.1" 200 19114 "-" "Mozilla/5.0 (Linux; Android 6.0.1; Nexus 5X Build/MMB29P) AppleWebKit/537.36 (KHTML, like Gecko) Chrome/137.0.7151.103 Mobile Safari/537.36 (compatible; Googlebot/2.1; +http://www.google.com/bot.html)"
66.249.73.132 - - [21/Jul/2025:23:56:31 +0000] "GET /?f=9990369051490&mod=676207dd&uri=article.php?shopdetail/57173488 HTTP/1.1" 200 19387 "-" "Mozilla/5.0 (Linux; Android 6.0.1; Nexus 5X Build/MMB29P) AppleWebKit/537.36 (KHTML, like Gecko) Chrome/137.0.7151.103 Mobile Safari/537.36 (compatible; Googlebot/2.1; +http://www.google.com/bot.html)"
66.249.73.128 - - [21/Jul/2025:23:58:16 +0000] "GET /?f=9990369051490&mod=676207dd&uri=article.php?shopdetail/54484540 HTTP/1.1" 200 19039 "-" "Mozilla/5.0 (Linux; Android 6.0.1; Nexus 5X Build/MMB29P) AppleWebKit/537.36 (KHTML, like Gecko) Chrome/137.0.7151.103 Mobile Safari/537.36 (compatible; Googlebot/2.1; +http://www.google.com/bot.html)"
66.249.73.132 - - [21/Jul/2025:23:59:45 +0000] "GET /?f=119464652041490&mod=cdbe7ddc&uri=search.php?shopdetail/3321476 HTTP/1.1" 200 18433 "-" "Mozilla/5.0 (Linux; Android 6.0.1; Nexus 5X Build/MMB29P) AppleWebKit/537.36 (KHTML, like Gecko) Chrome/137.0.7151.103 Mobile Safari/537.36 (compatible; Googlebot/2.1; +http://www.google.com/bot.html)"
66.249.73.128 - - [22/Jul/2025:00:00:13 +0000] "POST /get-message-notify HTTP/1.1" 404 - "https://onlycnc.com.au/?f=9990369051490&mod=676207dd&uri=article.php?shopdetail/54484540" "Mozilla/5.0 (Linux; Android 6.0.1; Nexus 5X Build/MMB29P) AppleWebKit/537.36 (KHTML, like Gecko) Chrome/137.0.7151.119 Mobile Safari/537.36 (compatible; Googlebot/2.1; +http://www.google.com/bot.html)"
209.74.77.214 - - [22/Jul/2025:00:00:24 +0000] "POST /wp-cron.php?doing_wp_cron=1753142424.3138740062713623046875 HTTP/1.1" 200 - "-" "WordPress/6.8.2; https://onlycnc.com.au"
47.82.11.59 - - [22/Jul/2025:00:00:19 +0000] "GET /?f=119498850001490&mod=4f9b784f&uri=us.php?id%3D3988043-410%26name%3Dlego+ocean+monument+minecraft HTTP/1.1" 301 - "https://onlycnc.com.au/?f=119498850001490&mod=4f9b784f&uri=us.php%3Fid%3D3988043-410%26name%3Dlego+ocean+monument+minecraft" "Mozilla/5.0 (Windows NT 10.0; Win64; x64) AppleWebKit/537.36 (KHTML, like Gecko) Chrome/114.0.0.0 Safari/537.36 Edg/114.0.1823.43"
47.82.11.59 - - [22/Jul/2025:00:00:24 +0000] "GET /?f=119498850001490&mod=4f9b784f&uri=us.php?id%3D3988043-410%26name%3Dlego%20ocean%20monument%20minecraft HTTP/1.1" 301 - "https://onlycnc.com.au/?f=119498850001490&mod=4f9b784f&uri=us.php%3Fid%3D3988043-410%26name%3Dlego+ocean+monument+minecraft" "Mozilla/5.0 (Windows NT 10.0; Win64; x64) AppleWebKit/537.36 (KHTML, like Gecko) Chrome/114.0.0.0 Safari/537.36 Edg/114.0.1823.43"
47.82.11.9 - - [22/Jul/2025:00:00:30 +0000] "GET /?f=5718825021490&mod=06524331&uri=article.php?id%3D190965-334%26name%3Droadies+audition+2021+voot HTTP/1.1" 301 - "https://onlycnc.com.au/?f=5718825021490&mod=06524331&uri=article.php%3Fid%3D190965-334%26name%3Droadies+audition+2021+voot" "Mozilla/5.0 (Windows NT 10.0; Win64; x64) AppleWebKit/537.36 (KHTML, like Gecko) Chrome/114.0.0.0 Safari/537.36 Edg/114.0.1823.43"
47.82.11.9 - - [22/Jul/2025:00:00:31 +0000] "GET /?f=5718825021490&mod=06524331&uri=article.php?id%3D190965-334%26name%3Droadies%20audition%202021%20voot HTTP/1.1" 301 - "https://onlycnc.com.au/?f=5718825021490&mod=06524331&uri=article.php%3Fid%3D190965-334%26name%3Droadies+audition+2021+voot" "Mozilla/5.0 (Windows NT 10.0; Win64; x64) AppleWebKit/537.36 (KHTML, like Gecko) Chrome/114.0.0.0 Safari/537.36 Edg/114.0.1823.43"
66.249.73.132 - - [22/Jul/2025:00:01:29 +0000] "GET /?f=119464652041490&mod=cdbe7ddc&uri=search.php?man/customer_guide HTTP/1.1" 200 19157 "-" "Mozilla/5.0 (Linux; Android 6.0.1; Nexus 5X Build/MMB29P) AppleWebKit/537.36 (KHTML, like Gecko) Chrome/137.0.7151.103 Mobile Safari/537.36 (compatible; Googlebot/2.1; +http://www.google.com/bot.html)"
57.141.2.2 - - [22/Jul/2025:00:02:26 +0000] "GET /shopdetail/1633485996 HTTP/1.1" 404 - "-" "meta-externalagent/1.1 (+https://developers.facebook.com/docs/sharing/webmasters/crawler)"
66.249.73.129 - - [22/Jul/2025:00:02:43 +0000] "GET /?f=9990369051490&mod=676207dd&uri=article.php?shopdetail/57556912 HTTP/1.1" 200 18525 "-" "Mozilla/5.0 (Linux; Android 6.0.1; Nexus 5X Build/MMB29P) AppleWebKit/537.36 (KHTML, like Gecko) Chrome/137.0.7151.103 Mobile Safari/537.36 (compatible; Googlebot/2.1; +http://www.google.com/bot.html)"
66.249.73.128 - - [22/Jul/2025:00:04:16 +0000] "GET /?f=88433128141490&mod=89a4779d&uri=form.php?shopdetail/61712092 HTTP/1.1" 200 19072 "-" "Mozilla/5.0 (Linux; Android 6.0.1; Nexus 5X Build/MMB29P) AppleWebKit/537.36 (KHTML, like Gecko) Chrome/137.0.7151.103 Mobile Safari/537.36 (compatible; Googlebot/2.1; +http://www.google.com/bot.html)"
66.249.73.129 - - [22/Jul/2025:00:05:54 +0000] "GET /?f=54730488001490&mod=d38aad5d&uri=info.php?shopdetail/4690788 HTTP/1.1" 200 18689 "-" "Mozilla/5.0 (Linux; Android 6.0.1; Nexus 5X Build/MMB29P) AppleWebKit/537.36 (KHTML, like Gecko) Chrome/137.0.7151.103 Mobile Safari/537.36 (compatible; Googlebot/2.1; +http://www.google.com/bot.html)"
66.249.73.129 - - [22/Jul/2025:00:07:47 +0000] "GET /?f=54941556101490&mod=2963adf1&uri=products.php?feature/utsunomiya/index.html HTTP/1.1" 200 19507 "-" "Mozilla/5.0 (Linux; Android 6.0.1; Nexus 5X Build/MMB29P) AppleWebKit/537.36 (KHTML, like Gecko) Chrome/137.0.7151.103 Mobile Safari/537.36 (compatible; Googlebot/2.1; +http://www.google.com/bot.html)"
66.249.73.128 - - [22/Jul/2025:00:08:00 +0000] "POST /get-message-notify HTTP/1.1" 404 - "https://onlycnc.com.au/?f=54941556101490&mod=2963adf1&uri=products.php?feature/utsunomiya/index.html" "Mozilla/5.0 (Linux; Android 6.0.1; Nexus 5X Build/MMB29P) AppleWebKit/537.36 (KHTML, like Gecko) Chrome/137.0.7151.119 Mobile Safari/537.36 (compatible; Googlebot/2.1; +http://www.google.com/bot.html)"
57.141.2.9 - - [22/Jul/2025:00:09:12 +0000] "GET /shopdetail/1470819264 HTTP/1.1" 404 - "-" "meta-externalagent/1.1 (+https://developers.facebook.com/docs/sharing/webmasters/crawler)"
66.249.73.129 - - [22/Jul/2025:00:09:14 +0000] "GET /?f=5752827061490&mod=8f561e4c&uri=blog.php?shopdetail/3245448 HTTP/1.1" 200 18781 "-" "Mozilla/5.0 (Linux; Android 6.0.1; Nexus 5X Build/MMB29P) AppleWebKit/537.36 (KHTML, like Gecko) Chrome/137.0.7151.103 Mobile Safari/537.36 (compatible; Googlebot/2.1; +http://www.google.com/bot.html)"
57.141.2.17 - - [22/Jul/2025:00:09:43 +0000] "GET /?f=45575731011490& HTTP/1.1" 301 - "-" "meta-externalagent/1.1 (+https://developers.facebook.com/docs/sharing/webmasters/crawler)"
47.82.11.87 - - [22/Jul/2025:00:10:28 +0000] "GET /?f=5771187011490&mod=0e98aeeb&uri=shared.php?id%3D192726-57%26name%3Dall+xiaomi+earbuds HTTP/1.1" 301 - "https://onlycnc.com.au/?f=5771187011490&mod=0e98aeeb&uri=shared.php%3Fid%3D192726-57%26name%3Dall+xiaomi+earbuds" "Mozilla/5.0 (Windows NT 10.0; Win64; x64) AppleWebKit/537.36 (KHTML, like Gecko) Chrome/114.0.0.0 Safari/537.36 Edg/114.0.1823.43"
47.82.11.87 - - [22/Jul/2025:00:10:30 +0000] "GET /?f=5771187011490&mod=0e98aeeb&uri=shared.php?id%3D192726-57%26name%3Dall%20xiaomi%20earbuds HTTP/1.1" 301 - "https://onlycnc.com.au/?f=5771187011490&mod=0e98aeeb&uri=shared.php%3Fid%3D192726-57%26name%3Dall+xiaomi+earbuds" "Mozilla/5.0 (Windows NT 10.0; Win64; x64) AppleWebKit/537.36 (KHTML, like Gecko) Chrome/114.0.0.0 Safari/537.36 Edg/114.0.1823.43"
66.249.73.132 - - [22/Jul/2025:00:10:36 +0000] "GET /?f=31839380011490&mod=5fb0c358&uri=shared.php?shopdetail/6144872 HTTP/1.1" 200 19000 "-" "Mozilla/5.0 (Linux; Android 6.0.1; Nexus 5X Build/MMB29P) AppleWebKit/537.36 (KHTML, like Gecko) Chrome/137.0.7151.103 Mobile Safari/537.36 (compatible; Googlebot/2.1; +http://www.google.com/bot.html)"
47.82.11.60 - - [22/Jul/2025:00:11:12 +0000] "GET /?f=5859550041490&mod=1f42e914&uri=products.php?id%3D195674-341%26name%3Dbeneficios+de+los+masajes+con+piedras HTTP/1.1" 301 - "https://onlycnc.com.au/?f=5859550041490&mod=1f42e914&uri=products.php%3Fid%3D195674-341%26name%3Dbeneficios+de+los+masajes+con+piedras" "Mozilla/5.0 (Windows NT 10.0; Win64; x64) AppleWebKit/537.36 (KHTML, like Gecko) Chrome/114.0.0.0 Safari/537.36 Edg/114.0.1823.43"
47.82.11.60 - - [22/Jul/2025:00:11:14 +0000] "GET /?f=5859550041490&mod=1f42e914&uri=products.php?id%3D195674-341%26name%3Dbeneficios%20de%20los%20masajes%20con%20piedras HTTP/1.1" 301 - "https://onlycnc.com.au/?f=5859550041490&mod=1f42e914&uri=products.php%3Fid%3D195674-341%26name%3Dbeneficios+de+los+masajes+con+piedras" "Mozilla/5.0 (Windows NT 10.0; Win64; x64) AppleWebKit/537.36 (KHTML, like Gecko) Chrome/114.0.0.0 Safari/537.36 Edg/114.0.1823.43"
