47.82.11.7 - - [21/Jul/2025:20:52:17 +0000] "GET /?f=54413395041490&mod=d37b3ca3&uri=info.php?id%3D1815827-27%26name%3Dtratamiento+capilar+kativa+keratina HTTP/1.1" 301 - "https://onlycnc.com.au/?f=54413395041490&mod=d37b3ca3&uri=info.php%3Fid%3D1815827-27%26name%3Dtratamiento+capilar+kativa+keratina" "Mozilla/5.0 (Windows NT 10.0; Win64; x64) AppleWebKit/537.36 (KHTML, like Gecko) Chrome/114.0.0.0 Safari/537.36 Edg/114.0.1823.43"
47.82.11.7 - - [21/Jul/2025:20:52:18 +0000] "GET /?f=54413395041490&mod=d37b3ca3&uri=info.php?id%3D1815827-27%26name%3Dtratamiento%20capilar%20kativa%20keratina HTTP/1.1" 301 - "https://onlycnc.com.au/?f=54413395041490&mod=d37b3ca3&uri=info.php%3Fid%3D1815827-27%26name%3Dtratamiento+capilar+kativa+keratina" "Mozilla/5.0 (Windows NT 10.0; Win64; x64) AppleWebKit/537.36 (KHTML, like Gecko) Chrome/114.0.0.0 Safari/537.36 Edg/114.0.1823.43"
66.249.73.132 - - [21/Jul/2025:20:52:29 +0000] "POST /get-message-notify HTTP/1.1" 404 - "https://onlycnc.com.au/?f=5959871061490&mod=9cecbb6f&uri=products.php%3Fid%3D199021-344%26name%3Dgrail+sneakers" "Mozilla/5.0 AppleWebKit/537.36 (KHTML, like Gecko; compatible; GoogleOther) Chrome/137.0.7151.119 Safari/537.36"
57.141.2.15 - - [21/Jul/2025:20:55:19 +0000] "GET /?f=11202596041490& HTTP/1.1" 301 - "-" "meta-externalagent/1.1 (+https://developers.facebook.com/docs/sharing/webmasters/crawler)"
57.141.2.25 - - [21/Jul/2025:20:55:34 +0000] "GET /?f=11202596041490 HTTP/1.1" 200 111321 "-" "meta-externalagent/1.1 (+https://developers.facebook.com/docs/sharing/webmasters/crawler)"
57.141.2.13 - - [21/Jul/2025:20:57:22 +0000] "GET /shopdetail/1633178464 HTTP/1.1" 404 - "-" "meta-externalagent/1.1 (+https://developers.facebook.com/docs/sharing/webmasters/crawler)"
57.141.2.14 - - [21/Jul/2025:20:59:13 +0000] "GET /shopdetail/1470200940 HTTP/1.1" 404 - "-" "meta-externalagent/1.1 (+https://developers.facebook.com/docs/sharing/webmasters/crawler)"
209.74.77.214 - - [21/Jul/2025:21:00:12 +0000] "POST /wp-cron.php?doing_wp_cron=1753131612.9192640781402587890625 HTTP/1.1" 200 - "-" "WordPress/6.8.2; https://onlycnc.com.au"
47.82.11.53 - - [21/Jul/2025:21:00:08 +0000] "GET /?f=31689012041490&mod=ba3d4749&uri=brands.php?id%3D1057669-476%26name%3Dreloj+de+bad+bunny HTTP/1.1" 301 - "https://onlycnc.com.au/?f=31689012041490&mod=ba3d4749&uri=brands.php%3Fid%3D1057669-476%26name%3Dreloj+de+bad+bunny" "Mozilla/5.0 (Windows NT 10.0; Win64; x64) AppleWebKit/537.36 (KHTML, like Gecko) Chrome/114.0.0.0 Safari/537.36 Edg/114.0.1823.43"
47.82.11.53 - - [21/Jul/2025:21:00:13 +0000] "GET /?f=31689012041490&mod=ba3d4749&uri=brands.php?id%3D1057669-476%26name%3Dreloj%20de%20bad%20bunny HTTP/1.1" 301 - "https://onlycnc.com.au/?f=31689012041490&mod=ba3d4749&uri=brands.php%3Fid%3D1057669-476%26name%3Dreloj+de+bad+bunny" "Mozilla/5.0 (Windows NT 10.0; Win64; x64) AppleWebKit/537.36 (KHTML, like Gecko) Chrome/114.0.0.0 Safari/537.36 Edg/114.0.1823.43"
47.82.11.11 - - [21/Jul/2025:21:00:58 +0000] "GET /?f=31671730071490&mod=ba3d4749&uri=blog.php?id%3D1057090-476%26name%3Dcancion+con+reloj HTTP/1.1" 301 - "https://onlycnc.com.au/?f=31671730071490&mod=ba3d4749&uri=blog.php%3Fid%3D1057090-476%26name%3Dcancion+con+reloj" "Mozilla/5.0 (Windows NT 10.0; Win64; x64) AppleWebKit/537.36 (KHTML, like Gecko) Chrome/114.0.0.0 Safari/537.36 Edg/114.0.1823.43"
47.82.11.11 - - [21/Jul/2025:21:01:00 +0000] "GET /?f=31671730071490&mod=ba3d4749&uri=blog.php?id%3D1057090-476%26name%3Dcancion%20con%20reloj HTTP/1.1" 301 - "https://onlycnc.com.au/?f=31671730071490&mod=ba3d4749&uri=blog.php%3Fid%3D1057090-476%26name%3Dcancion+con+reloj" "Mozilla/5.0 (Windows NT 10.0; Win64; x64) AppleWebKit/537.36 (KHTML, like Gecko) Chrome/114.0.0.0 Safari/537.36 Edg/114.0.1823.43"
47.82.11.63 - - [21/Jul/2025:21:02:00 +0000] "GET /?f=5706303031490&mod=2461d182&uri=news.php?id%3D190532-333%26name%3Dmary+kay+jewelry+bracelet HTTP/1.1" 301 - "https://onlycnc.com.au/?f=5706303031490&mod=2461d182&uri=news.php%3Fid%3D190532-333%26name%3Dmary+kay+jewelry+bracelet" "Mozilla/5.0 (Windows NT 10.0; Win64; x64) AppleWebKit/537.36 (KHTML, like Gecko) Chrome/114.0.0.0 Safari/537.36 Edg/114.0.1823.43"
47.82.11.63 - - [21/Jul/2025:21:02:02 +0000] "GET /?f=5706303031490&mod=2461d182&uri=news.php?id%3D190532-333%26name%3Dmary%20kay%20jewelry%20bracelet HTTP/1.1" 301 - "https://onlycnc.com.au/?f=5706303031490&mod=2461d182&uri=news.php%3Fid%3D190532-333%26name%3Dmary+kay+jewelry+bracelet" "Mozilla/5.0 (Windows NT 10.0; Win64; x64) AppleWebKit/537.36 (KHTML, like Gecko) Chrome/114.0.0.0 Safari/537.36 Edg/114.0.1823.43"
57.141.2.25 - - [21/Jul/2025:21:06:02 +0000] "GET /shopdetail/1633973148 HTTP/1.1" 404 - "-" "meta-externalagent/1.1 (+https://developers.facebook.com/docs/sharing/webmasters/crawler)"
54.81.45.66 - - [21/Jul/2025:21:06:01 +0000] "GET /?f=5965271111490&mod=9cecbb6f&uri=article.php%3Fid%3D199201-344%26name%3Dsize+in+eu HTTP/1.1" 301 - "-" "Mozilla/5.0 (Linux; Android 9; ASUS_I005DA Build/PI; wv) AppleWebKit/537.36 (KHTML, like Gecko) Version/4.0 Chrome/133.0.6943.122 Mobile"
54.81.45.66 - - [21/Jul/2025:21:06:03 +0000] "GET /?f=5965271111490&mod=9cecbb6f&uri=article.php%3Fid%3D199201-344%26name%3Dsize%20in%20eu HTTP/1.1" 200 21262 "https://onlycnc.com.au/?f=5965271111490&mod=9cecbb6f&uri=article.php%3Fid%3D199201-344%26name%3Dsize+in+eu" "Mozilla/5.0 (Linux; Android 9; ASUS_I005DA Build/PI; wv) AppleWebKit/537.36 (KHTML, like Gecko) Version/4.0 Chrome/133.0.6943.122 Mobile"
54.81.45.66 - - [21/Jul/2025:21:06:03 +0000] "GET /.env HTTP/1.1" 404 - "-" "Mozilla/5.0 (Linux; Android 9; ASUS_I005DA Build/PI; wv) AppleWebKit/537.36 (KHTML, like Gecko) Version/4.0 Chrome/133.0.6943.122 Mobile"
54.81.45.66 - - [21/Jul/2025:21:06:03 +0000] "GET /?f=5965271111490&f=%27&mod=9cecbb6f&uri=article.php%3Fid%3D199201-344%26name%3Dsize+in+eu HTTP/1.1" 301 - "-" "Mozilla/5.0 (Linux; Android 9; ASUS_I005DA Build/PI; wv) AppleWebKit/537.36 (KHTML, like Gecko) Version/4.0 Chrome/133.0.6943.122 Mobile"
54.81.45.66 - - [21/Jul/2025:21:06:04 +0000] "GET /?f=%27&mod=9cecbb6f&uri=article.php%3Fid%3D199201-344%26name%3Dsize%20in%20eu HTTP/1.1" 200 21262 "https://onlycnc.com.au/?f=5965271111490&f=%27&mod=9cecbb6f&uri=article.php%3Fid%3D199201-344%26name%3Dsize+in+eu" "Mozilla/5.0 (Linux; Android 9; ASUS_I005DA Build/PI; wv) AppleWebKit/537.36 (KHTML, like Gecko) Version/4.0 Chrome/133.0.6943.122 Mobile"
54.81.45.66 - - [21/Jul/2025:21:06:04 +0000] "GET /?f=5965271111490&mod=9cecbb6f&mod=%27&uri=article.php%3Fid%3D199201-344%26name%3Dsize+in+eu HTTP/1.1" 301 - "-" "Mozilla/5.0 (Linux; Android 9; ASUS_I005DA Build/PI; wv) AppleWebKit/537.36 (KHTML, like Gecko) Version/4.0 Chrome/133.0.6943.122 Mobile"
54.81.45.66 - - [21/Jul/2025:21:06:05 +0000] "GET /?f=5965271111490&mod=%27&uri=article.php%3Fid%3D199201-344%26name%3Dsize%20in%20eu HTTP/1.1" 200 21262 "https://onlycnc.com.au/?f=5965271111490&mod=9cecbb6f&mod=%27&uri=article.php%3Fid%3D199201-344%26name%3Dsize+in+eu" "Mozilla/5.0 (Linux; Android 9; ASUS_I005DA Build/PI; wv) AppleWebKit/537.36 (KHTML, like Gecko) Version/4.0 Chrome/133.0.6943.122 Mobile"
54.81.45.66 - - [21/Jul/2025:21:06:05 +0000] "GET /?f=5965271111490&mod=9cecbb6f&uri=article.php%3Fid%3D199201-344%26name%3Dsize+in+eu&uri=%27 HTTP/1.1" 301 - "-" "Mozilla/5.0 (Linux; Android 9; ASUS_I005DA Build/PI; wv) AppleWebKit/537.36 (KHTML, like Gecko) Version/4.0 Chrome/133.0.6943.122 Mobile"
54.81.45.66 - - [21/Jul/2025:21:06:06 +0000] "GET /?f=5965271111490&mod=9cecbb6f&uri=%27 HTTP/1.1" 200 21262 "https://onlycnc.com.au/?f=5965271111490&mod=9cecbb6f&uri=article.php%3Fid%3D199201-344%26name%3Dsize+in+eu&uri=%27" "Mozilla/5.0 (Linux; Android 9; ASUS_I005DA Build/PI; wv) AppleWebKit/537.36 (KHTML, like Gecko) Version/4.0 Chrome/133.0.6943.122 Mobile"
54.81.45.66 - - [21/Jul/2025:21:06:06 +0000] "GET /?f=%27&mod=%27&uri=%27 HTTP/1.1" 200 21262 "-" "Mozilla/5.0 (Linux; Android 9; ASUS_I005DA Build/PI; wv) AppleWebKit/537.36 (KHTML, like Gecko) Version/4.0 Chrome/133.0.6943.122 Mobile"
54.81.45.66 - - [21/Jul/2025:21:06:07 +0000] "GET /?f=5965271111490%27&mod=9cecbb6f&uri=article.php%3Fid%3D199201-344%26name%3Dsize+in+eu HTTP/1.1" 301 - "-" "Mozilla/5.0 (Linux; Android 9; ASUS_I005DA Build/PI; wv) AppleWebKit/537.36 (KHTML, like Gecko) Version/4.0 Chrome/133.0.6943.122 Mobile"
54.81.45.66 - - [21/Jul/2025:21:06:07 +0000] "GET /?f=5965271111490%27&mod=9cecbb6f&uri=article.php%3Fid%3D199201-344%26name%3Dsize%20in%20eu HTTP/1.1" 200 21262 "https://onlycnc.com.au/?f=5965271111490%27&mod=9cecbb6f&uri=article.php%3Fid%3D199201-344%26name%3Dsize+in+eu" "Mozilla/5.0 (Linux; Android 9; ASUS_I005DA Build/PI; wv) AppleWebKit/537.36 (KHTML, like Gecko) Version/4.0 Chrome/133.0.6943.122 Mobile"
54.81.45.66 - - [21/Jul/2025:21:06:08 +0000] "GET /?f=5965271111490&mod=9cecbb6f%27&uri=article.php%3Fid%3D199201-344%26name%3Dsize+in+eu HTTP/1.1" 301 - "-" "Mozilla/5.0 (Linux; Android 9; ASUS_I005DA Build/PI; wv) AppleWebKit/537.36 (KHTML, like Gecko) Version/4.0 Chrome/133.0.6943.122 Mobile"
54.81.45.66 - - [21/Jul/2025:21:06:08 +0000] "GET /?f=5965271111490&mod=9cecbb6f%27&uri=article.php%3Fid%3D199201-344%26name%3Dsize%20in%20eu HTTP/1.1" 200 21262 "https://onlycnc.com.au/?f=5965271111490&mod=9cecbb6f%27&uri=article.php%3Fid%3D199201-344%26name%3Dsize+in+eu" "Mozilla/5.0 (Linux; Android 9; ASUS_I005DA Build/PI; wv) AppleWebKit/537.36 (KHTML, like Gecko) Version/4.0 Chrome/133.0.6943.122 Mobile"
54.81.45.66 - - [21/Jul/2025:21:06:08 +0000] "GET /?f=5965271111490&mod=9cecbb6f&uri=article.php%3Fid%3D199201-344%26name%3Dsize+in+eu%27 HTTP/1.1" 301 - "-" "Mozilla/5.0 (Linux; Android 9; ASUS_I005DA Build/PI; wv) AppleWebKit/537.36 (KHTML, like Gecko) Version/4.0 Chrome/133.0.6943.122 Mobile"
54.81.45.66 - - [21/Jul/2025:21:06:09 +0000] "GET /?f=5965271111490&mod=9cecbb6f&uri=article.php%3Fid%3D199201-344%26name%3Dsize%20in%20eu%27 HTTP/1.1" 200 21262 "https://onlycnc.com.au/?f=5965271111490&mod=9cecbb6f&uri=article.php%3Fid%3D199201-344%26name%3Dsize+in+eu%27" "Mozilla/5.0 (Linux; Android 9; ASUS_I005DA Build/PI; wv) AppleWebKit/537.36 (KHTML, like Gecko) Version/4.0 Chrome/133.0.6943.122 Mobile"
51.222.253.5 - - [21/Jul/2025:21:18:26 +0000] "GET / HTTP/1.1" 200 21281 "-" "Mozilla/5.0 (compatible; AhrefsBot/7.0; +http://ahrefs.com/robot/)"
202.8.43.138 - - [21/Jul/2025:21:18:29 +0000] "GET /wp-content/themes/ondustry/style.css?ver=1.0.1 HTTP/1.1" 200 549 "https://onlycnc.com.au/" "Mozilla/5.0 (compatible; AhrefsBot/7.0; +http://ahrefs.com/robot/)"
202.8.43.138 - - [21/Jul/2025:21:18:29 +0000] "GET /wp-content/plugins/gutenverse-form/lib/framework/assets/css/frontend.css?ver=2.1.0 HTTP/1.1" 200 5147 "https://onlycnc.com.au/" "Mozilla/5.0 (compatible; AhrefsBot/7.0; +http://ahrefs.com/robot/)"
202.8.43.138 - - [21/Jul/2025:21:18:29 +0000] "GET /wp-content/plugins/leadconnector/public/css/lc-public.css?ver=3.0.10.1 HTTP/1.1" 200 106 "https://onlycnc.com.au/" "Mozilla/5.0 (compatible; AhrefsBot/7.0; +http://ahrefs.com/robot/)"
202.8.43.138 - - [21/Jul/2025:21:18:29 +0000] "GET /wp-content/plugins/gutenverse-form/lib/framework/assets/fonts/fontawesome/css/all.min.css?ver=2.1.0 HTTP/1.1" 200 22534 "https://onlycnc.com.au/" "Mozilla/5.0 (compatible; AhrefsBot/7.0; +http://ahrefs.com/robot/)"
202.8.43.138 - - [21/Jul/2025:21:18:29 +0000] "GET /wp-includes/css/dashicons.min.css?ver=6.8.2 HTTP/1.1" 200 35730 "https://onlycnc.com.au/" "Mozilla/5.0 (compatible; AhrefsBot/7.0; +http://ahrefs.com/robot/)"
202.8.43.138 - - [21/Jul/2025:21:18:29 +0000] "GET /wp-content/plugins/gutenverse-form/lib/framework/assets/fonts/gtnicon/gtnicon.css?ver=2.1.0 HTTP/1.1" 200 35282 "https://onlycnc.com.au/" "Mozilla/5.0 (compatible; AhrefsBot/7.0; +http://ahrefs.com/robot/)"
202.8.43.138 - - [21/Jul/2025:21:18:29 +0000] "GET /wp-content/plugins/gutenverse-form/assets/css/frontend.css?ver=2.1.0 HTTP/1.1" 200 4889 "https://onlycnc.com.au/" "Mozilla/5.0 (compatible; AhrefsBot/7.0; +http://ahrefs.com/robot/)"
202.8.43.138 - - [21/Jul/2025:21:18:29 +0000] "GET /wp-content/themes/ondustry/assets/css/essential/frontend-essential.css?ver=1.0.5 HTTP/1.1" 200 2196 "https://onlycnc.com.au/" "Mozilla/5.0 (compatible; AhrefsBot/7.0; +http://ahrefs.com/robot/)"
202.8.43.138 - - [21/Jul/2025:21:18:29 +0000] "GET /wp-content/plugins/gutenverse/assets/css/frontend.css?ver=3.1.0 HTTP/1.1" 200 20119 "https://onlycnc.com.au/" "Mozilla/5.0 (compatible; AhrefsBot/7.0; +http://ahrefs.com/robot/)"
202.8.43.138 - - [21/Jul/2025:21:18:29 +0000] "GET /wp-content/plugins/gutenverse-form/lib/framework/assets/dist/frontend-icon.css?ver=2.1.0 HTTP/1.1" 200 507 "https://onlycnc.com.au/" "Mozilla/5.0 (compatible; AhrefsBot/7.0; +http://ahrefs.com/robot/)"
202.8.43.138 - - [21/Jul/2025:21:18:29 +0000] "GET /wp-content/plugins/leadconnector/public/js/lc-public.js?ver=3.0.10.1 HTTP/1.1" 200 1322 "https://onlycnc.com.au/" "Mozilla/5.0 (compatible; AhrefsBot/7.0; +http://ahrefs.com/robot/)"
202.8.43.138 - - [21/Jul/2025:21:18:29 +0000] "GET /wp-content/uploads/gutenverse/css/gutenverse-template-blank-canvas-666947.css?ver=666947 HTTP/1.1" 200 19 "https://onlycnc.com.au/" "Mozilla/5.0 (compatible; AhrefsBot/7.0; +http://ahrefs.com/robot/)"
202.8.43.138 - - [21/Jul/2025:21:18:29 +0000] "GET /wp-content/uploads/gutenverse/css/gutenverse-content-45-666947.css?ver=666947 HTTP/1.1" 200 13688 "https://onlycnc.com.au/" "Mozilla/5.0 (compatible; AhrefsBot/7.0; +http://ahrefs.com/robot/)"
202.8.43.138 - - [21/Jul/2025:21:18:29 +0000] "GET /wp-includes/js/jquery/jquery.min.js?ver=3.7.1 HTTP/1.1" 200 30368 "https://onlycnc.com.au/" "Mozilla/5.0 (compatible; AhrefsBot/7.0; +http://ahrefs.com/robot/)"
202.8.43.138 - - [21/Jul/2025:21:18:29 +0000] "GET /wp-includes/js/jquery/jquery-migrate.min.js?ver=3.4.1 HTTP/1.1" 200 4872 "https://onlycnc.com.au/" "Mozilla/5.0 (compatible; AhrefsBot/7.0; +http://ahrefs.com/robot/)"
202.8.43.138 - - [21/Jul/2025:21:18:29 +0000] "GET /wp-content/plugins/gutenverse-form/assets/js/frontend.js?ver=2.1.0 HTTP/1.1" 200 19872 "https://onlycnc.com.au/" "Mozilla/5.0 (compatible; AhrefsBot/7.0; +http://ahrefs.com/robot/)"
202.8.43.138 - - [21/Jul/2025:21:18:29 +0000] "GET /wp-content/plugins/gutenverse-form/lib/framework/assets/js/corefrontend.js?ver=2.1.0 HTTP/1.1" 200 41792 "https://onlycnc.com.au/" "Mozilla/5.0 (compatible; AhrefsBot/7.0; +http://ahrefs.com/robot/)"
202.8.43.138 - - [21/Jul/2025:21:18:29 +0000] "GET /wp-content/themes/ondustry/assets/js/essential/profrontend.js?ver=1.0.5 HTTP/1.1" 200 2599 "https://onlycnc.com.au/" "Mozilla/5.0 (compatible; AhrefsBot/7.0; +http://ahrefs.com/robot/)"
202.8.43.138 - - [21/Jul/2025:21:18:29 +0000] "GET /wp-includes/js/dist/vendor/lodash.min.js?ver=4.17.21 HTTP/1.1" 200 24899 "https://onlycnc.com.au/" "Mozilla/5.0 (compatible; AhrefsBot/7.0; +http://ahrefs.com/robot/)"
202.8.43.138 - - [21/Jul/2025:21:18:29 +0000] "GET /wp-content/themes/ondustry/assets/js/essential/frontend.js?ver=1.0.5 HTTP/1.1" 200 7588 "https://onlycnc.com.au/" "Mozilla/5.0 (compatible; AhrefsBot/7.0; +http://ahrefs.com/robot/)"
202.8.43.138 - - [21/Jul/2025:21:18:29 +0000] "GET /wp-content/plugins/gutenverse/assets/js/frontend.js?ver=3.1.0 HTTP/1.1" 200 109016 "https://onlycnc.com.au/" "Mozilla/5.0 (compatible; AhrefsBot/7.0; +http://ahrefs.com/robot/)"
202.8.43.138 - - [21/Jul/2025:21:18:29 +0000] "GET /wp-content/plugins/gutenverse-form/lib/framework/assets/fonts/gtnicon/gtnicon-8.woff?bv8d8l HTTP/1.1" 200 71472 "https://onlycnc.com.au/wp-content/plugins/gutenverse-form/lib/framework/assets/fonts/gtnicon/gtnicon.css?ver=2.1.0" "Mozilla/5.0 (compatible; AhrefsBot/7.0; +http://ahrefs.com/robot/)"
202.8.43.138 - - [21/Jul/2025:21:18:29 +0000] "GET /wp-content/plugins/gutenverse-form/lib/framework/assets/fonts/gtnicon/gtnicon-6.woff?bv8d8l HTTP/1.1" 200 41993 "https://onlycnc.com.au/wp-content/plugins/gutenverse-form/lib/framework/assets/fonts/gtnicon/gtnicon.css?ver=2.1.0" "Mozilla/5.0 (compatible; AhrefsBot/7.0; +http://ahrefs.com/robot/)"
202.8.43.138 - - [21/Jul/2025:21:18:29 +0000] "GET /wp-content/plugins/gutenverse-form/lib/framework/assets/fonts/fontawesome/webfonts/fa-brands-400.woff2 HTTP/1.1" 200 117389 "https://onlycnc.com.au/wp-content/plugins/gutenverse-form/lib/framework/assets/fonts/fontawesome/css/all.min.css?ver=2.1.0" "Mozilla/5.0 (compatible; AhrefsBot/7.0; +http://ahrefs.com/robot/)"
202.8.43.138 - - [21/Jul/2025:21:18:29 +0000] "GET /wp-content/plugins/gutenverse-form/lib/framework/assets/fonts/fontawesome/webfonts/fa-solid-900.woff2 HTTP/1.1" 200 156539 "https://onlycnc.com.au/wp-content/plugins/gutenverse-form/lib/framework/assets/fonts/fontawesome/css/all.min.css?ver=2.1.0" "Mozilla/5.0 (compatible; AhrefsBot/7.0; +http://ahrefs.com/robot/)"
202.8.43.138 - - [21/Jul/2025:21:18:29 +0000] "GET /wp-content/plugins/gutenverse-form/lib/framework/assets/fonts/gtnicon/gtnicon-9.woff?bv8d8l HTTP/1.1" 200 88298 "https://onlycnc.com.au/wp-content/plugins/gutenverse-form/lib/framework/assets/fonts/gtnicon/gtnicon.css?ver=2.1.0" "Mozilla/5.0 (compatible; AhrefsBot/7.0; +http://ahrefs.com/robot/)"
202.8.43.138 - - [21/Jul/2025:21:18:29 +0000] "GET /wp-content/plugins/gutenverse-form/lib/framework/assets/fonts/gtnicon/gtnicon-10.woff?bv8d8l HTTP/1.1" 200 37214 "https://onlycnc.com.au/wp-content/plugins/gutenverse-form/lib/framework/assets/fonts/gtnicon/gtnicon.css?ver=2.1.0" "Mozilla/5.0 (compatible; AhrefsBot/7.0; +http://ahrefs.com/robot/)"
202.8.43.138 - - [21/Jul/2025:21:18:29 +0000] "GET /wp-content/plugins/gutenverse-form/lib/framework/assets/js/ReactPlayer.standalone.js?ver=2.1.0 HTTP/1.1" 200 53243 "https://onlycnc.com.au/" "Mozilla/5.0 (compatible; AhrefsBot/7.0; +http://ahrefs.com/robot/)"
202.8.43.138 - - [21/Jul/2025:21:18:29 +0000] "GET /wp-includes/js/wp-emoji-release.min.js?ver=6.8.2 HTTP/1.1" 200 5163 "https://onlycnc.com.au/" "Mozilla/5.0 (compatible; AhrefsBot/7.0; +http://ahrefs.com/robot/)"
202.8.43.138 - - [21/Jul/2025:21:18:30 +0000] "GET /wp-content/plugins/gutenverse/assets/js/chunk-shufflejs.js HTTP/1.1" 200 5721 "https://onlycnc.com.au/" "Mozilla/5.0 (compatible; AhrefsBot/7.0; +http://ahrefs.com/robot/)"
202.8.43.138 - - [21/Jul/2025:21:18:30 +0000] "GET /wp-content/plugins/gutenverse/assets/js/chunk-swiper.js HTTP/1.1" 200 20521 "https://onlycnc.com.au/" "Mozilla/5.0 (compatible; AhrefsBot/7.0; +http://ahrefs.com/robot/)"
202.8.43.138 - - [21/Jul/2025:21:18:30 +0000] "GET /wp-content/plugins/gutenverse/assets/js/chunk-swiper-modules.js HTTP/1.1" 200 24870 "https://onlycnc.com.au/" "Mozilla/5.0 (compatible; AhrefsBot/7.0; +http://ahrefs.com/robot/)"
47.82.11.75 - - [21/Jul/2025:21:20:34 +0000] "GET /?f=54412735021490&mod=d37b3ca3&uri=blog.php?id%3D1815805-27%26name%3Dproductos+para+laceado HTTP/1.1" 301 - "https://onlycnc.com.au/?f=54412735021490&mod=d37b3ca3&uri=blog.php%3Fid%3D1815805-27%26name%3Dproductos+para+laceado" "Mozilla/5.0 (Windows NT 10.0; Win64; x64) AppleWebKit/537.36 (KHTML, like Gecko) Chrome/114.0.0.0 Safari/537.36 Edg/114.0.1823.43"
47.82.11.75 - - [21/Jul/2025:21:20:35 +0000] "GET /?f=54412735021490&mod=d37b3ca3&uri=blog.php?id%3D1815805-27%26name%3Dproductos%20para%20laceado HTTP/1.1" 301 - "https://onlycnc.com.au/?f=54412735021490&mod=d37b3ca3&uri=blog.php%3Fid%3D1815805-27%26name%3Dproductos+para+laceado" "Mozilla/5.0 (Windows NT 10.0; Win64; x64) AppleWebKit/537.36 (KHTML, like Gecko) Chrome/114.0.0.0 Safari/537.36 Edg/114.0.1823.43"
57.141.2.27 - - [21/Jul/2025:21:24:14 +0000] "GET /?f=18199103041490& HTTP/1.1" 301 - "-" "meta-externalagent/1.1 (+https://developers.facebook.com/docs/sharing/webmasters/crawler)"
57.141.2.2 - - [21/Jul/2025:21:24:56 +0000] "GET /?f=3293690001490& HTTP/1.1" 301 - "-" "meta-externalagent/1.1 (+https://developers.facebook.com/docs/sharing/webmasters/crawler)"
57.141.2.12 - - [21/Jul/2025:21:25:13 +0000] "GET /?f=18199103041490 HTTP/1.1" 200 111321 "-" "meta-externalagent/1.1 (+https://developers.facebook.com/docs/sharing/webmasters/crawler)"
57.141.2.21 - - [21/Jul/2025:21:31:17 +0000] "GET /?f=70718247041490& HTTP/1.1" 301 - "-" "meta-externalagent/1.1 (+https://developers.facebook.com/docs/sharing/webmasters/crawler)"
172.213.21.116 - - [21/Jul/2025:21:31:23 +0000] "GET /?f=54803860041490&mod=5499df60&uri=us.php?id%3D1828852-463%26name%3Diiyama+curved HTTP/1.1" 301 - "-" "Mozilla/5.0 AppleWebKit/537.36 (KHTML, like Gecko); compatible; ChatGPT-User/1.0; +https://openai.com/bot"
172.213.21.125 - - [21/Jul/2025:21:31:24 +0000] "GET /?f=54803860041490&mod=5499df60&uri=us.php?id%3D1828852-463%26name%3Diiyama%20curved HTTP/1.1" 301 - "-" "Mozilla/5.0 AppleWebKit/537.36 (KHTML, like Gecko); compatible; ChatGPT-User/1.0; +https://openai.com/bot"
57.141.2.4 - - [21/Jul/2025:21:31:28 +0000] "GET /?f=70718247041490 HTTP/1.1" 200 111321 "-" "meta-externalagent/1.1 (+https://developers.facebook.com/docs/sharing/webmasters/crawler)"
66.249.73.128 - - [21/Jul/2025:21:31:34 +0000] "GET /?f=31813785041490&mod=5fb0c358&uri=search.php?shopdetail/57403892 HTTP/1.1" 200 19315 "-" "Mozilla/5.0 (Linux; Android 6.0.1; Nexus 5X Build/MMB29P) AppleWebKit/537.36 (KHTML, like Gecko) Chrome/137.0.7151.103 Mobile Safari/537.36 (compatible; Googlebot/2.1; +http://www.google.com/bot.html)"
66.249.73.129 - - [21/Jul/2025:21:33:14 +0000] "GET /?f=31813785041490&mod=5fb0c358&uri=search.php?shopdetail/57411536 HTTP/1.1" 200 19382 "-" "Mozilla/5.0 (Linux; Android 6.0.1; Nexus 5X Build/MMB29P) AppleWebKit/537.36 (KHTML, like Gecko) Chrome/137.0.7151.103 Mobile Safari/537.36 (compatible; Googlebot/2.1; +http://www.google.com/bot.html)"
57.141.2.3 - - [21/Jul/2025:21:34:11 +0000] "GET /?f=50750767021490& HTTP/1.1" 301 - "-" "meta-externalagent/1.1 (+https://developers.facebook.com/docs/sharing/webmasters/crawler)"
66.249.73.128 - - [21/Jul/2025:21:35:58 +0000] "GET /?f=86376140031490&mod=8f561e4c&uri=dp.php?shopdetail/61499168 HTTP/1.1" 200 19043 "-" "Mozilla/5.0 (Linux; Android 6.0.1; Nexus 5X Build/MMB29P) AppleWebKit/537.36 (KHTML, like Gecko) Chrome/137.0.7151.103 Mobile Safari/537.36 (compatible; Googlebot/2.1; +http://www.google.com/bot.html)"
57.141.2.4 - - [21/Jul/2025:21:37:44 +0000] "GET /shopdetail/1633823276 HTTP/1.1" 404 - "-" "meta-externalagent/1.1 (+https://developers.facebook.com/docs/sharing/webmasters/crawler)"
57.141.2.30 - - [21/Jul/2025:21:39:00 +0000] "GET /?f=106453792021490& HTTP/1.1" 301 - "-" "meta-externalagent/1.1 (+https://developers.facebook.com/docs/sharing/webmasters/crawler)"
57.141.2.12 - - [21/Jul/2025:21:40:29 +0000] "GET /?f=114496681001490& HTTP/1.1" 301 - "-" "meta-externalagent/1.1 (+https://developers.facebook.com/docs/sharing/webmasters/crawler)"
66.249.73.132 - - [21/Jul/2025:21:41:43 +0000] "GET /?f=62762756061490&mod=0e98aeeb&uri=dp.php? HTTP/1.1" 200 19024 "-" "Mozilla/5.0 (Linux; Android 6.0.1; Nexus 5X Build/MMB29P) AppleWebKit/537.36 (KHTML, like Gecko) Chrome/137.0.7151.103 Mobile Safari/537.36 (compatible; Googlebot/2.1; +http://www.google.com/bot.html)"
66.249.73.132 - - [21/Jul/2025:21:41:44 +0000] "GET /?f=5903651061490&mod=02ddce85&uri=dp.php? HTTP/1.1" 200 19018 "-" "Mozilla/5.0 (Linux; Android 6.0.1; Nexus 5X Build/MMB29P) AppleWebKit/537.36 (KHTML, like Gecko) Chrome/137.0.7151.103 Mobile Safari/537.36 (compatible; Googlebot/2.1; +http://www.google.com/bot.html)"
66.249.73.132 - - [21/Jul/2025:21:41:47 +0000] "POST /get-message-notify HTTP/1.1" 404 - "https://onlycnc.com.au/?f=62762756061490&mod=0e98aeeb&uri=dp.php?" "Mozilla/5.0 (Linux; Android 6.0.1; Nexus 5X Build/MMB29P) AppleWebKit/537.36 (KHTML, like Gecko) Chrome/137.0.7151.119 Mobile Safari/537.36 (compatible; Googlebot/2.1; +http://www.google.com/bot.html)"
57.141.2.6 - - [21/Jul/2025:21:41:49 +0000] "GET /shopdetail/1633288624 HTTP/1.1" 404 - "-" "meta-externalagent/1.1 (+https://developers.facebook.com/docs/sharing/webmasters/crawler)"
47.82.11.55 - - [21/Jul/2025:21:42:04 +0000] "GET /?f=5771187071490&mod=0e98aeeb&uri=dp.php?id%3D192726-57%26name%3Dall+xiaomi+earbuds HTTP/1.1" 301 - "https://onlycnc.com.au/?f=5771187071490&mod=0e98aeeb&uri=dp.php%3Fid%3D192726-57%26name%3Dall+xiaomi+earbuds" "Mozilla/5.0 (Windows NT 10.0; Win64; x64) AppleWebKit/537.36 (KHTML, like Gecko) Chrome/114.0.0.0 Safari/537.36 Edg/114.0.1823.43"
47.82.11.6 - - [21/Jul/2025:21:42:05 +0000] "GET /?f=5781265011490&mod=0e98aeeb&uri=shop.php?id%3D193062-57%26name%3Dtop+earbuds+under+3000 HTTP/1.1" 301 - "https://onlycnc.com.au/?f=5781265011490&mod=0e98aeeb&uri=shop.php%3Fid%3D193062-57%26name%3Dtop+earbuds+under+3000" "Mozilla/5.0 (Windows NT 10.0; Win64; x64) AppleWebKit/537.36 (KHTML, like Gecko) Chrome/114.0.0.0 Safari/537.36 Edg/114.0.1823.43"
47.82.11.55 - - [21/Jul/2025:21:42:05 +0000] "GET /?f=5771187071490&mod=0e98aeeb&uri=dp.php?id%3D192726-57%26name%3Dall%20xiaomi%20earbuds HTTP/1.1" 301 - "https://onlycnc.com.au/?f=5771187071490&mod=0e98aeeb&uri=dp.php%3Fid%3D192726-57%26name%3Dall+xiaomi+earbuds" "Mozilla/5.0 (Windows NT 10.0; Win64; x64) AppleWebKit/537.36 (KHTML, like Gecko) Chrome/114.0.0.0 Safari/537.36 Edg/114.0.1823.43"
47.82.11.6 - - [21/Jul/2025:21:42:05 +0000] "GET /?f=5781265011490&mod=0e98aeeb&uri=shop.php?id%3D193062-57%26name%3Dtop%20earbuds%20under%203000 HTTP/1.1" 301 - "https://onlycnc.com.au/?f=5781265011490&mod=0e98aeeb&uri=shop.php%3Fid%3D193062-57%26name%3Dtop+earbuds+under+3000" "Mozilla/5.0 (Windows NT 10.0; Win64; x64) AppleWebKit/537.36 (KHTML, like Gecko) Chrome/114.0.0.0 Safari/537.36 Edg/114.0.1823.43"
57.141.2.9 - - [21/Jul/2025:21:44:35 +0000] "GET /shopdetail/1470154404 HTTP/1.1" 404 - "-" "meta-externalagent/1.1 (+https://developers.facebook.com/docs/sharing/webmasters/crawler)"
57.141.2.6 - - [21/Jul/2025:21:44:46 +0000] "GET /shopdetail/1470360776 HTTP/1.1" 404 - "-" "meta-externalagent/1.1 (+https://developers.facebook.com/docs/sharing/webmasters/crawler)"
57.141.2.6 - - [21/Jul/2025:21:45:42 +0000] "GET /?f=101373164011490& HTTP/1.1" 301 - "-" "meta-externalagent/1.1 (+https://developers.facebook.com/docs/sharing/webmasters/crawler)"
57.141.2.1 - - [21/Jul/2025:21:46:07 +0000] "GET /?f=101373164011490 HTTP/1.1" 200 111321 "-" "meta-externalagent/1.1 (+https://developers.facebook.com/docs/sharing/webmasters/crawler)"
4.227.36.118 - - [21/Jul/2025:21:48:19 +0000] "GET /robots.txt HTTP/1.1" 200 108 "-" "Mozilla/5.0 AppleWebKit/537.36 (KHTML, like Gecko; compatible; GPTBot/1.2; +https://openai.com/gptbot)"
20.25.151.238 - - [21/Jul/2025:21:48:19 +0000] "GET /?f=54803860041490&mod=5499df60&uri=us.php%3Fid%3D1828852-463%26name%3Diiyama+curved HTTP/1.1" 301 - "-" "Mozilla/5.0 (Macintosh; Intel Mac OS X 10_15_7) AppleWebKit/537.36 (KHTML, like Gecko) Chrome/131.0.0.0 Safari/537.36; compatible; OAI-SearchBot/1.0; +https://openai.com/searchbot"
20.25.151.238 - - [21/Jul/2025:21:48:20 +0000] "GET /?f=54803860041490&mod=5499df60&uri=us.php%3Fid%3D1828852-463%26name%3Diiyama%20curved HTTP/1.1" 200 21262 "-" "Mozilla/5.0 (Macintosh; Intel Mac OS X 10_15_7) AppleWebKit/537.36 (KHTML, like Gecko) Chrome/131.0.0.0 Safari/537.36; compatible; OAI-SearchBot/1.0; +https://openai.com/searchbot"
47.82.11.9 - - [21/Jul/2025:21:50:13 +0000] "GET /?f=5771097041490&mod=8f561e4c&uri=shared.php?id%3D192723-335%26name%3Dsharp+washing+machine+double+tub HTTP/1.1" 301 - "https://onlycnc.com.au/?f=5771097041490&mod=8f561e4c&uri=shared.php%3Fid%3D192723-335%26name%3Dsharp+washing+machine+double+tub" "Mozilla/5.0 (Windows NT 10.0; Win64; x64) AppleWebKit/537.36 (KHTML, like Gecko) Chrome/114.0.0.0 Safari/537.36 Edg/114.0.1823.43"
47.82.11.9 - - [21/Jul/2025:21:50:15 +0000] "GET /?f=5771097041490&mod=8f561e4c&uri=shared.php?id%3D192723-335%26name%3Dsharp%20washing%20machine%20double%20tub HTTP/1.1" 301 - "https://onlycnc.com.au/?f=5771097041490&mod=8f561e4c&uri=shared.php%3Fid%3D192723-335%26name%3Dsharp+washing+machine+double+tub" "Mozilla/5.0 (Windows NT 10.0; Win64; x64) AppleWebKit/537.36 (KHTML, like Gecko) Chrome/114.0.0.0 Safari/537.36 Edg/114.0.1823.43"
66.249.83.96 - - [21/Jul/2025:21:51:01 +0000] "GET /.well-known/traffic-advice HTTP/1.1" 404 - "-" "Chrome Privacy Preserving Prefetch Proxy"
162.120.186.65 - - [21/Jul/2025:21:51:01 +0000] "GET /?f=25417870041490&mod=7a6785df&uri=form.php%3Fid%3D848349-242%26name%3Dthreshold+belmont+blue+stoneware HTTP/1.1" 301 - "https://www.google.com/" "Mozilla/5.0 (Windows NT 10.0; Win64; x64) AppleWebKit/537.36 (KHTML, like Gecko) Chrome/138.0.0.0 Safari/537.36"
162.120.186.65 - - [21/Jul/2025:21:51:02 +0000] "GET /?f=25417870041490&mod=7a6785df&uri=form.php%3Fid%3D848349-242%26name%3Dthreshold%20belmont%20blue%20stoneware HTTP/1.1" 200 21262 "https://www.google.com/" "Mozilla/5.0 (Windows NT 10.0; Win64; x64) AppleWebKit/537.36 (KHTML, like Gecko) Chrome/138.0.0.0 Safari/537.36"
47.82.11.15 - - [21/Jul/2025:21:51:49 +0000] "GET /?f=5862880101490&mod=1f42e914&uri=article.php?id%3D195785-341%26name%3Dprecio+del+perfume+pi+de+givenchy HTTP/1.1" 301 - "https://onlycnc.com.au/?f=5862880101490&mod=1f42e914&uri=article.php%3Fid%3D195785-341%26name%3Dprecio+del+perfume+pi+de+givenchy" "Mozilla/5.0 (Windows NT 10.0; Win64; x64) AppleWebKit/537.36 (KHTML, like Gecko) Chrome/114.0.0.0 Safari/537.36 Edg/114.0.1823.43"
47.82.11.15 - - [21/Jul/2025:21:51:50 +0000] "GET /?f=5862880101490&mod=1f42e914&uri=article.php?id%3D195785-341%26name%3Dprecio%20del%20perfume%20pi%20de%20givenchy HTTP/1.1" 301 - "https://onlycnc.com.au/?f=5862880101490&mod=1f42e914&uri=article.php%3Fid%3D195785-341%26name%3Dprecio+del+perfume+pi+de+givenchy" "Mozilla/5.0 (Windows NT 10.0; Win64; x64) AppleWebKit/537.36 (KHTML, like Gecko) Chrome/114.0.0.0 Safari/537.36 Edg/114.0.1823.43"
57.141.2.4 - - [21/Jul/2025:21:52:05 +0000] "GET /shopdetail/1633814540 HTTP/1.1" 404 - "-" "meta-externalagent/1.1 (+https://developers.facebook.com/docs/sharing/webmasters/crawler)"
45.227.253.15 - - [21/Jul/2025:21:52:14 +0000] "GET /wp-content/plugins/extendify/src/Shared/utils/utils/index.php?ARRAY=7o2230223n313735333133383434332p2231223n22687474703n5p2s5p2s7n7334383376313373752r746s6566612r626p6s675p2s3s6p633q78696164616r5s72616r645s7061746826743q313735333133343834332q6464343663643735613664383134656636626335616362303034633338336262222p2232223n223739386435623263373464663932373233353535306433333262333430636332222p2233223n223934356438666134663530376639383361656238376163666666646565326364222p2262696r675s70617373223n2231382q33352q35342q36322q37392q38322q3237227q HTTP/1.1" 301 - "-" "Mozilla/5.0 (iPhone; CPU iPhone OS 14_1 like Mac OS X) AppleWebKit/605.1.15 (KHTML, like Gecko) Version/14.0 Mobile/15E148 Safari/604.1"
45.227.253.15 - - [21/Jul/2025:21:52:15 +0000] "GET /wp-content/plugins/extendify/src/Shared/utils/utils/?ARRAY=7o2230223n313735333133383434332p2231223n22687474703n5p2s5p2s7n7334383376313373752r746s6566612r626p6s675p2s3s6p633q78696164616r5s72616r645s7061746826743q313735333133343834332q6464343663643735613664383134656636626335616362303034633338336262222p2232223n223739386435623263373464663932373233353535306433333262333430636332222p2233223n223934356438666134663530376639383361656238376163666666646565326364222p2262696r675s70617373223n2231382q33352q35342q36322q37392q38322q3237227q HTTP/1.1" 404 13213 "https://onlycnc.com.au/wp-content/plugins/extendify/src/Shared/utils/utils/index.php?ARRAY=7o2230223n313735333133383434332p2231223n22687474703n5p2s5p2s7n7334383376313373752r746s6566612r626p6s675p2s3s6p633q78696164616r5s72616r645s7061746826743q313735333133343834332q6464343663643735613664383134656636626335616362303034633338336262222p2232223n223739386435623263373464663932373233353535306433333262333430636332222p2233223n223934356438666134663530376639383361656238376163666666646565326364222p2262696r675s70617373223n2231382q33352q35342q36322q37392q38322q3237227q" "Mozilla/5.0 (iPhone; CPU iPhone OS 14_1 like Mac OS X) AppleWebKit/605.1.15 (KHTML, like Gecko) Version/14.0 Mobile/15E148 Safari/604.1"
57.141.2.14 - - [21/Jul/2025:21:54:09 +0000] "GET /shopdetail/1470207364 HTTP/1.1" 404 - "-" "meta-externalagent/1.1 (+https://developers.facebook.com/docs/sharing/webmasters/crawler)"
57.141.2.6 - - [21/Jul/2025:21:55:38 +0000] "GET /?f=4704979081490& HTTP/1.1" 301 - "-" "meta-externalagent/1.1 (+https://developers.facebook.com/docs/sharing/webmasters/crawler)"
57.141.2.10 - - [21/Jul/2025:21:55:55 +0000] "GET /?f=4704979081490 HTTP/1.1" 200 111321 "-" "meta-externalagent/1.1 (+https://developers.facebook.com/docs/sharing/webmasters/crawler)"
209.74.77.214 - - [21/Jul/2025:21:57:42 +0000] "POST /wp-cron.php?doing_wp_cron=1753135062.0452690124511718750000 HTTP/1.1" 200 - "-" "WordPress/6.8.2; https://onlycnc.com.au"
57.141.2.18 - - [21/Jul/2025:21:57:40 +0000] "GET /?f=3544602111490& HTTP/1.1" 301 - "-" "meta-externalagent/1.1 (+https://developers.facebook.com/docs/sharing/webmasters/crawler)"
57.141.2.18 - - [21/Jul/2025:21:57:47 +0000] "GET /?f=3544602111490 HTTP/1.1" 200 111321 "-" "meta-externalagent/1.1 (+https://developers.facebook.com/docs/sharing/webmasters/crawler)"
52.167.144.171 - - [21/Jul/2025:21:59:18 +0000] "GET / HTTP/1.1" 200 18810 "-" "Mozilla/5.0 AppleWebKit/537.36 (KHTML, like Gecko; compatible; bingbot/2.0; +http://www.bing.com/bingbot.htm) Chrome/116.0.1938.76 Safari/537.36"
47.82.11.17 - - [21/Jul/2025:22:01:32 +0000] "GET /?f=5795948071490&mod=0e98aeeb&uri=search.php?id%3D193552-57%26name%3Dexercise+bluetooth+earphones HTTP/1.1" 301 - "https://onlycnc.com.au/?f=5795948071490&mod=0e98aeeb&uri=search.php%3Fid%3D193552-57%26name%3Dexercise+bluetooth+earphones" "Mozilla/5.0 (Windows NT 10.0; Win64; x64) AppleWebKit/537.36 (KHTML, like Gecko) Chrome/114.0.0.0 Safari/537.36 Edg/114.0.1823.43"
47.82.11.17 - - [21/Jul/2025:22:01:33 +0000] "GET /?f=5795948071490&mod=0e98aeeb&uri=search.php?id%3D193552-57%26name%3Dexercise%20bluetooth%20earphones HTTP/1.1" 301 - "https://onlycnc.com.au/?f=5795948071490&mod=0e98aeeb&uri=search.php%3Fid%3D193552-57%26name%3Dexercise+bluetooth+earphones" "Mozilla/5.0 (Windows NT 10.0; Win64; x64) AppleWebKit/537.36 (KHTML, like Gecko) Chrome/114.0.0.0 Safari/537.36 Edg/114.0.1823.43"
66.249.73.129 - - [21/Jul/2025:22:03:22 +0000] "GET /?f=5763027031490&mod=8f561e4c&uri=category-info.php?shopdetail/9229528 HTTP/1.1" 200 19436 "-" "Mozilla/5.0 (Linux; Android 6.0.1; Nexus 5X Build/MMB29P) AppleWebKit/537.36 (KHTML, like Gecko) Chrome/137.0.7151.103 Mobile Safari/537.36 (compatible; Googlebot/2.1; +http://www.google.com/bot.html)"
173.252.83.115 - - [21/Jul/2025:22:04:38 +0000] "GET /robots.txt HTTP/1.1" 206 125 "-" "facebookexternalhit/1.1 (+http://www.facebook.com/externalhit_uatext.php)"
57.141.2.1 - - [21/Jul/2025:22:07:22 +0000] "GET /shopdetail/1633151984 HTTP/1.1" 404 - "-" "meta-externalagent/1.1 (+https://developers.facebook.com/docs/sharing/webmasters/crawler)"
66.249.73.132 - - [21/Jul/2025:22:09:21 +0000] "GET /?f=31813785041490&mod=5fb0c358&uri=search.php?shopdetail/57402672 HTTP/1.1" 200 18505 "-" "Mozilla/5.0 (Linux; Android 6.0.1; Nexus 5X Build/MMB29P) AppleWebKit/537.36 (KHTML, like Gecko) Chrome/137.0.7151.103 Mobile Safari/537.36 (compatible; Googlebot/2.1; +http://www.google.com/bot.html)"
66.249.73.132 - - [21/Jul/2025:22:09:57 +0000] "POST /get-message-notify HTTP/1.1" 404 - "https://onlycnc.com.au/?f=31813785041490&mod=5fb0c358&uri=search.php?shopdetail/57402672" "Mozilla/5.0 (Linux; Android 6.0.1; Nexus 5X Build/MMB29P) AppleWebKit/537.36 (KHTML, like Gecko) Chrome/137.0.7151.119 Mobile Safari/537.36 (compatible; Googlebot/2.1; +http://www.google.com/bot.html)"
66.249.73.128 - - [21/Jul/2025:22:10:14 +0000] "GET / HTTP/1.1" 200 18810 "-" "Mozilla/5.0 (Linux; Android 6.0.1; Nexus 5X Build/MMB29P) AppleWebKit/537.36 (KHTML, like Gecko) Chrome/137.0.7151.103 Mobile Safari/537.36 (compatible; Googlebot/2.1; +http://www.google.com/bot.html)"
66.249.73.128 - - [21/Jul/2025:22:10:30 +0000] "GET /?f=31757684061490&mod=80ebd641&uri=shared.php?shopdetail/4742528 HTTP/1.1" 200 19143 "-" "Mozilla/5.0 (Linux; Android 6.0.1; Nexus 5X Build/MMB29P) AppleWebKit/537.36 (KHTML, like Gecko) Chrome/137.0.7151.103 Mobile Safari/537.36 (compatible; Googlebot/2.1; +http://www.google.com/bot.html)"
47.82.11.83 - - [21/Jul/2025:22:11:29 +0000] "GET /?f=54442125031490&mod=22da99af&uri=brands.php?id%3D1816788-1307%26name%3Dsandalias+minnie+mouse HTTP/1.1" 301 - "https://onlycnc.com.au/?f=54442125031490&mod=22da99af&uri=brands.php%3Fid%3D1816788-1307%26name%3Dsandalias+minnie+mouse" "Mozilla/5.0 (Windows NT 10.0; Win64; x64) AppleWebKit/537.36 (KHTML, like Gecko) Chrome/114.0.0.0 Safari/537.36 Edg/114.0.1823.43"
47.82.11.83 - - [21/Jul/2025:22:11:31 +0000] "GET /?f=54442125031490&mod=22da99af&uri=brands.php?id%3D1816788-1307%26name%3Dsandalias%20minnie%20mouse HTTP/1.1" 301 - "https://onlycnc.com.au/?f=54442125031490&mod=22da99af&uri=brands.php%3Fid%3D1816788-1307%26name%3Dsandalias+minnie+mouse" "Mozilla/5.0 (Windows NT 10.0; Win64; x64) AppleWebKit/537.36 (KHTML, like Gecko) Chrome/114.0.0.0 Safari/537.36 Edg/114.0.1823.43"
47.82.11.68 - - [21/Jul/2025:22:21:18 +0000] "GET /?f=77780392031490&mod=06524331&uri=products.php?id%3D2595616-334%26name%3Dlambingan+at+tambayan+orihinal HTTP/1.1" 301 - "https://onlycnc.com.au/?f=77780392031490&mod=06524331&uri=products.php%3Fid%3D2595616-334%26name%3Dlambingan+at+tambayan+orihinal" "Mozilla/5.0 (Windows NT 10.0; Win64; x64) AppleWebKit/537.36 (KHTML, like Gecko) Chrome/114.0.0.0 Safari/537.36 Edg/114.0.1823.43"
47.82.11.68 - - [21/Jul/2025:22:21:20 +0000] "GET /?f=77780392031490&mod=06524331&uri=products.php?id%3D2595616-334%26name%3Dlambingan%20at%20tambayan%20orihinal HTTP/1.1" 301 - "https://onlycnc.com.au/?f=77780392031490&mod=06524331&uri=products.php%3Fid%3D2595616-334%26name%3Dlambingan+at+tambayan+orihinal" "Mozilla/5.0 (Windows NT 10.0; Win64; x64) AppleWebKit/537.36 (KHTML, like Gecko) Chrome/114.0.0.0 Safari/537.36 Edg/114.0.1823.43"
47.82.11.50 - - [21/Jul/2025:22:21:34 +0000] "GET /?f=31799444021490&mod=676207dd&uri=goods.php?id%3D1061351-454%26name%3D3d+printed+roomba HTTP/1.1" 301 - "https://onlycnc.com.au/?f=31799444021490&mod=676207dd&uri=goods.php%3Fid%3D1061351-454%26name%3D3d+printed+roomba" "Mozilla/5.0 (Windows NT 10.0; Win64; x64) AppleWebKit/537.36 (KHTML, like Gecko) Chrome/114.0.0.0 Safari/537.36 Edg/114.0.1823.43"
47.82.11.50 - - [21/Jul/2025:22:21:34 +0000] "GET /?f=31799444021490&mod=676207dd&uri=goods.php?id%3D1061351-454%26name%3D3d%20printed%20roomba HTTP/1.1" 301 - "https://onlycnc.com.au/?f=31799444021490&mod=676207dd&uri=goods.php%3Fid%3D1061351-454%26name%3D3d+printed+roomba" "Mozilla/5.0 (Windows NT 10.0; Win64; x64) AppleWebKit/537.36 (KHTML, like Gecko) Chrome/114.0.0.0 Safari/537.36 Edg/114.0.1823.43"
216.73.216.229 - - [21/Jul/2025:22:22:57 +0000] "GET /robots.txt HTTP/1.1" 200 108 "-" "Mozilla/5.0 AppleWebKit/537.36 (KHTML, like Gecko; compatible; ClaudeBot/1.0; [email protected])"
216.73.216.229 - - [21/Jul/2025:22:22:57 +0000] "GET /sitemap.xml HTTP/1.1" 404 - "-" "Mozilla/5.0 AppleWebKit/537.36 (KHTML, like Gecko; compatible; ClaudeBot/1.0; [email protected])"
66.249.73.128 - - [21/Jul/2025:22:25:51 +0000] "GET /?f=86376140031490&mod=8f561e4c&uri=dp.php?shopdetail/61552128 HTTP/1.1" 200 19404 "-" "Mozilla/5.0 (Linux; Android 6.0.1; Nexus 5X Build/MMB29P) AppleWebKit/537.36 (KHTML, like Gecko) Chrome/137.0.7151.103 Mobile Safari/537.36 (compatible; Googlebot/2.1; +http://www.google.com/bot.html)"
57.141.2.24 - - [21/Jul/2025:22:26:57 +0000] "GET /?f=72237772021490& HTTP/1.1" 301 - "-" "meta-externalagent/1.1 (+https://developers.facebook.com/docs/sharing/webmasters/crawler)"
57.141.2.28 - - [21/Jul/2025:22:27:05 +0000] "GET /?f=72237772021490 HTTP/1.1" 200 111321 "-" "meta-externalagent/1.1 (+https://developers.facebook.com/docs/sharing/webmasters/crawler)"
57.141.2.24 - - [21/Jul/2025:22:27:56 +0000] "GET /?f=11219576041490& HTTP/1.1" 301 - "-" "meta-externalagent/1.1 (+https://developers.facebook.com/docs/sharing/webmasters/crawler)"
57.141.2.26 - - [21/Jul/2025:22:28:20 +0000] "GET /?f=11219576041490 HTTP/1.1" 200 111321 "-" "meta-externalagent/1.1 (+https://developers.facebook.com/docs/sharing/webmasters/crawler)"
47.82.11.1 - - [21/Jul/2025:22:31:32 +0000] "GET /?f=31688572011490&mod=ba3d4749&uri=category-info.php?id%3D1057654-476%26name%3Dla+canci%C3%83%C2%B3n+el+reloj HTTP/1.1" 301 - "https://onlycnc.com.au/?f=31688572011490&mod=ba3d4749&uri=category-info.php%3Fid%3D1057654-476%26name%3Dla+canci%C3%83%C2%B3n+el+reloj" "Mozilla/5.0 (Windows NT 10.0; Win64; x64) AppleWebKit/537.36 (KHTML, like Gecko) Chrome/114.0.0.0 Safari/537.36 Edg/114.0.1823.43"
47.82.11.1 - - [21/Jul/2025:22:31:34 +0000] "GET /?f=31688572011490&mod=ba3d4749&uri=category-info.php?id%3D1057654-476%26name%3Dla%20canci%C3%83%C2%B3n%20el%20reloj HTTP/1.1" 301 - "https://onlycnc.com.au/?f=31688572011490&mod=ba3d4749&uri=category-info.php%3Fid%3D1057654-476%26name%3Dla+canci%C3%83%C2%B3n+el+reloj" "Mozilla/5.0 (Windows NT 10.0; Win64; x64) AppleWebKit/537.36 (KHTML, like Gecko) Chrome/114.0.0.0 Safari/537.36 Edg/114.0.1823.43"
57.141.2.1 - - [21/Jul/2025:22:34:15 +0000] "GET /shopdetail/1470638544 HTTP/1.1" 404 - "-" "meta-externalagent/1.1 (+https://developers.facebook.com/docs/sharing/webmasters/crawler)"
57.141.2.18 - - [21/Jul/2025:22:39:21 +0000] "GET /shopdetail/1470295668 HTTP/1.1" 404 - "-" "meta-externalagent/1.1 (+https://developers.facebook.com/docs/sharing/webmasters/crawler)"
47.82.11.58 - - [21/Jul/2025:22:40:10 +0000] "GET /?f=5875608041490&mod=1f42e914&uri=brands.php?id%3D196211-341%26name%3Dgafas+de+ver+ray+ban+clubmaster HTTP/1.1" 301 - "https://onlycnc.com.au/?f=5875608041490&mod=1f42e914&uri=brands.php%3Fid%3D196211-341%26name%3Dgafas+de+ver+ray+ban+clubmaster" "Mozilla/5.0 (Windows NT 10.0; Win64; x64) AppleWebKit/537.36 (KHTML, like Gecko) Chrome/114.0.0.0 Safari/537.36 Edg/114.0.1823.43"
47.82.11.58 - - [21/Jul/2025:22:40:11 +0000] "GET /?f=5875608041490&mod=1f42e914&uri=brands.php?id%3D196211-341%26name%3Dgafas%20de%20ver%20ray%20ban%20clubmaster HTTP/1.1" 301 - "https://onlycnc.com.au/?f=5875608041490&mod=1f42e914&uri=brands.php%3Fid%3D196211-341%26name%3Dgafas+de+ver+ray+ban+clubmaster" "Mozilla/5.0 (Windows NT 10.0; Win64; x64) AppleWebKit/537.36 (KHTML, like Gecko) Chrome/114.0.0.0 Safari/537.36 Edg/114.0.1823.43"
57.141.2.1 - - [21/Jul/2025:22:40:16 +0000] "GET /?f=96804803011490& HTTP/1.1" 301 - "-" "meta-externalagent/1.1 (+https://developers.facebook.com/docs/sharing/webmasters/crawler)"
57.141.2.9 - - [21/Jul/2025:22:40:28 +0000] "GET /shopdetail/1470551332 HTTP/1.1" 404 - "-" "meta-externalagent/1.1 (+https://developers.facebook.com/docs/sharing/webmasters/crawler)"
57.141.2.20 - - [21/Jul/2025:22:40:43 +0000] "GET /?f=96804803011490 HTTP/1.1" 200 111321 "-" "meta-externalagent/1.1 (+https://developers.facebook.com/docs/sharing/webmasters/crawler)"
47.82.11.14 - - [21/Jul/2025:22:41:35 +0000] "GET /?f=5959241051490&mod=9cecbb6f&uri=blog.php?id%3D199000-344%26name%3Dtitan+heavy+duty+shoes HTTP/1.1" 301 - "https://onlycnc.com.au/?f=5959241051490&mod=9cecbb6f&uri=blog.php%3Fid%3D199000-344%26name%3Dtitan+heavy+duty+shoes" "Mozilla/5.0 (Windows NT 10.0; Win64; x64) AppleWebKit/537.36 (KHTML, like Gecko) Chrome/114.0.0.0 Safari/537.36 Edg/114.0.1823.43"
47.82.11.14 - - [21/Jul/2025:22:41:36 +0000] "GET /?f=5959241051490&mod=9cecbb6f&uri=blog.php?id%3D199000-344%26name%3Dtitan%20heavy%20duty%20shoes HTTP/1.1" 301 - "https://onlycnc.com.au/?f=5959241051490&mod=9cecbb6f&uri=blog.php%3Fid%3D199000-344%26name%3Dtitan+heavy+duty+shoes" "Mozilla/5.0 (Windows NT 10.0; Win64; x64) AppleWebKit/537.36 (KHTML, like Gecko) Chrome/114.0.0.0 Safari/537.36 Edg/114.0.1823.43"
47.82.11.10 - - [21/Jul/2025:22:42:22 +0000] "GET /?f=5779285061490&mod=0e98aeeb&uri=brands.php?id%3D192996-57%26name%3Draycon+global+raycon+e100 HTTP/1.1" 301 - "https://onlycnc.com.au/?f=5779285061490&mod=0e98aeeb&uri=brands.php%3Fid%3D192996-57%26name%3Draycon+global+raycon+e100" "Mozilla/5.0 (Windows NT 10.0; Win64; x64) AppleWebKit/537.36 (KHTML, like Gecko) Chrome/114.0.0.0 Safari/537.36 Edg/114.0.1823.43"
47.82.11.10 - - [21/Jul/2025:22:42:24 +0000] "GET /?f=5779285061490&mod=0e98aeeb&uri=brands.php?id%3D192996-57%26name%3Draycon%20global%20raycon%20e100 HTTP/1.1" 301 - "https://onlycnc.com.au/?f=5779285061490&mod=0e98aeeb&uri=brands.php%3Fid%3D192996-57%26name%3Draycon+global+raycon+e100" "Mozilla/5.0 (Windows NT 10.0; Win64; x64) AppleWebKit/537.36 (KHTML, like Gecko) Chrome/114.0.0.0 Safari/537.36 Edg/114.0.1823.43"
57.141.2.12 - - [21/Jul/2025:22:47:09 +0000] "GET /?f=50339893031490& HTTP/1.1" 301 - "-" "meta-externalagent/1.1 (+https://developers.facebook.com/docs/sharing/webmasters/crawler)"
57.141.2.14 - - [21/Jul/2025:22:47:19 +0000] "GET /?f=50339893031490 HTTP/1.1" 200 111321 "-" "meta-externalagent/1.1 (+https://developers.facebook.com/docs/sharing/webmasters/crawler)"
57.141.2.13 - - [21/Jul/2025:22:49:22 +0000] "GET /?f=109625616011490& HTTP/1.1" 301 - "-" "meta-externalagent/1.1 (+https://developers.facebook.com/docs/sharing/webmasters/crawler)"
66.249.73.129 - - [21/Jul/2025:22:49:29 +0000] "GET /?f=31813785041490&mod=5fb0c358&uri=search.php?shopdetail/58893064 HTTP/1.1" 200 19102 "-" "Mozilla/5.0 (Linux; Android 6.0.1; Nexus 5X Build/MMB29P) AppleWebKit/537.36 (KHTML, like Gecko) Chrome/137.0.7151.103 Mobile Safari/537.36 (compatible; Googlebot/2.1; +http://www.google.com/bot.html)"
66.249.73.132 - - [21/Jul/2025:22:49:30 +0000] "GET /?f=54220316031490&mod=041075b4&uri=product.php%3Fid%3D1809382-689%26name%3Dmen%27s+fury+spiked+golf+shoe HTTP/1.1" 200 19030 "-" "Mozilla/5.0 (Linux; Android 6.0.1; Nexus 5X Build/MMB29P) AppleWebKit/537.36 (KHTML, like Gecko) Chrome/137.0.7151.103 Mobile Safari/537.36 (compatible; Googlebot/2.1; +http://www.google.com/bot.html)"
66.249.73.129 - - [21/Jul/2025:22:49:30 +0000] "GET /?f=54220196041490&mod=041075b4&uri=dp.php%3Fid%3D1809378-689%26name%3Dfootjoy+pro+sl+2021+boa HTTP/1.1" 200 18989 "-" "Mozilla/5.0 (Linux; Android 6.0.1; Nexus 5X Build/MMB29P) AppleWebKit/537.36 (KHTML, like Gecko) Chrome/137.0.7151.103 Mobile Safari/537.36 (compatible; Googlebot/2.1; +http://www.google.com/bot.html)"
66.249.73.129 - - [21/Jul/2025:22:49:31 +0000] "GET /?f=54220226001490&mod=041075b4&uri=brands.php%3Fid%3D1809379-689%26name%3Dadam+scott+footjoy+shoes HTTP/1.1" 200 19019 "-" "Mozilla/5.0 (Linux; Android 6.0.1; Nexus 5X Build/MMB29P) AppleWebKit/537.36 (KHTML, like Gecko) Chrome/137.0.7151.103 Mobile Safari/537.36 (compatible; Googlebot/2.1; +http://www.google.com/bot.html)"
66.249.73.128 - - [21/Jul/2025:22:49:32 +0000] "GET /?f=54220646021490&mod=041075b4&uri=category-info.php%3Fid%3D1809393-689%26name%3Dheel+injury+pain HTTP/1.1" 200 19013 "-" "Mozilla/5.0 (Linux; Android 6.0.1; Nexus 5X Build/MMB29P) AppleWebKit/537.36 (KHTML, like Gecko) Chrome/137.0.7151.103 Mobile Safari/537.36 (compatible; Googlebot/2.1; +http://www.google.com/bot.html)"
66.249.73.128 - - [21/Jul/2025:22:49:34 +0000] "GET /?f=54220676001490&mod=041075b4&uri=news.php%3Fid%3D1809394-689%26name%3Dinfants+football+shoes HTTP/1.1" 200 19006 "-" "Mozilla/5.0 (Linux; Android 6.0.1; Nexus 5X Build/MMB29P) AppleWebKit/537.36 (KHTML, like Gecko) Chrome/137.0.7151.103 Mobile Safari/537.36 (compatible; Googlebot/2.1; +http://www.google.com/bot.html)"
66.249.73.132 - - [21/Jul/2025:22:49:35 +0000] "GET /?f=54220556011490&mod=041075b4&uri=us.php%3Fid%3D1809390-689%26name%3Dfj+dryjoy+golf+shoes HTTP/1.1" 200 18990 "-" "Mozilla/5.0 (Linux; Android 6.0.1; Nexus 5X Build/MMB29P) AppleWebKit/537.36 (KHTML, like Gecko) Chrome/137.0.7151.103 Mobile Safari/537.36 (compatible; Googlebot/2.1; +http://www.google.com/bot.html)"
66.249.73.128 - - [21/Jul/2025:22:49:35 +0000] "GET /?f=86376140031490&mod=8f561e4c&uri=dp.php?shopdetail/61502708 HTTP/1.1" 200 18751 "-" "Mozilla/5.0 (Linux; Android 6.0.1; Nexus 5X Build/MMB29P) AppleWebKit/537.36 (KHTML, like Gecko) Chrome/137.0.7151.103 Mobile Safari/537.36 (compatible; Googlebot/2.1; +http://www.google.com/bot.html)"
66.249.73.128 - - [21/Jul/2025:22:49:37 +0000] "GET /?f=86376140031490&mod=8f561e4c&uri=dp.php?shopdetail/61546668 HTTP/1.1" 200 18494 "-" "Mozilla/5.0 (Linux; Android 6.0.1; Nexus 5X Build/MMB29P) AppleWebKit/537.36 (KHTML, like Gecko) Chrome/137.0.7151.103 Mobile Safari/537.36 (compatible; Googlebot/2.1; +http://www.google.com/bot.html)"
66.249.73.132 - - [21/Jul/2025:22:49:38 +0000] "GET /?f=86376140031490&mod=8f561e4c&uri=dp.php?shopdetail/61521280 HTTP/1.1" 200 19759 "-" "Mozilla/5.0 (Linux; Android 6.0.1; Nexus 5X Build/MMB29P) AppleWebKit/537.36 (KHTML, like Gecko) Chrome/137.0.7151.103 Mobile Safari/537.36 (compatible; Googlebot/2.1; +http://www.google.com/bot.html)"
66.249.73.132 - - [21/Jul/2025:22:49:39 +0000] "GET /?f=86376140031490&mod=8f561e4c&uri=dp.php?shopdetail/61509132 HTTP/1.1" 200 18511 "-" "Mozilla/5.0 (Linux; Android 6.0.1; Nexus 5X Build/MMB29P) AppleWebKit/537.36 (KHTML, like Gecko) Chrome/137.0.7151.103 Mobile Safari/537.36 (compatible; Googlebot/2.1; +http://www.google.com/bot.html)"
66.249.73.132 - - [21/Jul/2025:22:49:41 +0000] "GET /?f=86376140031490&mod=8f561e4c&uri=dp.php?shopdetail/61515684 HTTP/1.1" 200 19576 "-" "Mozilla/5.0 (Linux; Android 6.0.1; Nexus 5X Build/MMB29P) AppleWebKit/537.36 (KHTML, like Gecko) Chrome/137.0.7151.103 Mobile Safari/537.36 (compatible; Googlebot/2.1; +http://www.google.com/bot.html)"
66.249.73.132 - - [21/Jul/2025:22:49:41 +0000] "POST /get-message-notify HTTP/1.1" 404 - "https://onlycnc.com.au/?f=86376140031490&mod=8f561e4c&uri=dp.php?shopdetail/61502708" "Mozilla/5.0 (Linux; Android 6.0.1; Nexus 5X Build/MMB29P) AppleWebKit/537.36 (KHTML, like Gecko) Chrome/137.0.7151.119 Mobile Safari/537.36 (compatible; Googlebot/2.1; +http://www.google.com/bot.html)"
66.249.73.132 - - [21/Jul/2025:22:49:41 +0000] "GET /?f=5962121011490&mod=9cecbb6f&uri=info.php?shopdetail/54310500 HTTP/1.1" 200 19454 "-" "Mozilla/5.0 (Linux; Android 6.0.1; Nexus 5X Build/MMB29P) AppleWebKit/537.36 (KHTML, like Gecko) Chrome/137.0.7151.103 Mobile Safari/537.36 (compatible; Googlebot/2.1; +http://www.google.com/bot.html)"
