Current File : /home/kelaby89/access-logs/onlycnc.com.au.sixpack.studio-ssl_log
209.141.61.4 - - [21/Jul/2025:12:07:40 +0000] "GET /wp-login.php HTTP/1.1" 200 5755 "-" "Mozilla/5.0 (Macintosh; Intel Mac OS X 10_8_5) AppleWebKit/537.36 (KHTML, like Gecko) Chrome/36.0.1985.125 Safari/537.36"
57.141.2.19 - - [21/Jul/2025:12:08:18 +0000] "GET /shopdetail/1470895428 HTTP/1.1" 404 - "-" "meta-externalagent/1.1 (+https://developers.facebook.com/docs/sharing/webmasters/crawler)"
57.141.2.26 - - [21/Jul/2025:12:08:20 +0000] "GET /shopdetail/1633713116 HTTP/1.1" 404 - "-" "meta-externalagent/1.1 (+https://developers.facebook.com/docs/sharing/webmasters/crawler)"
57.141.2.24 - - [21/Jul/2025:12:08:31 +0000] "GET /shopdetail/1470603328 HTTP/1.1" 404 - "-" "meta-externalagent/1.1 (+https://developers.facebook.com/docs/sharing/webmasters/crawler)"
57.141.2.17 - - [21/Jul/2025:12:08:46 +0000] "GET /shopdetail/1470506152 HTTP/1.1" 404 - "-" "meta-externalagent/1.1 (+https://developers.facebook.com/docs/sharing/webmasters/crawler)"
57.141.2.29 - - [21/Jul/2025:12:09:18 +0000] "GET /shopdetail/1633490364 HTTP/1.1" 404 - "-" "meta-externalagent/1.1 (+https://developers.facebook.com/docs/sharing/webmasters/crawler)"
57.141.2.18 - - [21/Jul/2025:12:09:47 +0000] "GET /?f=26478505021490& HTTP/1.1" 301 - "-" "meta-externalagent/1.1 (+https://developers.facebook.com/docs/sharing/webmasters/crawler)"
57.141.2.9 - - [21/Jul/2025:12:09:52 +0000] "GET /shopdetail/1470324332 HTTP/1.1" 404 - "-" "meta-externalagent/1.1 (+https://developers.facebook.com/docs/sharing/webmasters/crawler)"
57.141.2.8 - - [21/Jul/2025:12:09:57 +0000] "GET /shopdetail/1470292264 HTTP/1.1" 404 - "-" "meta-externalagent/1.1 (+https://developers.facebook.com/docs/sharing/webmasters/crawler)"
57.141.2.6 - - [21/Jul/2025:12:10:43 +0000] "GET /?f=17999905101490 HTTP/1.1" 200 111321 "-" "meta-externalagent/1.1 (+https://developers.facebook.com/docs/sharing/webmasters/crawler)"
209.141.61.4 - - [21/Jul/2025:12:11:08 +0000] "POST /wp-login.php HTTP/1.1" 200 6011 "-" "Mozilla/5.0 (Macintosh; Intel Mac OS X 10_8_5) AppleWebKit/537.36 (KHTML, like Gecko) Chrome/36.0.1985.125 Safari/537.36"
209.141.36.186 - - [21/Jul/2025:12:11:15 +0000] "GET /wp-login.php HTTP/1.1" 200 5755 "-" "Mozilla/5.0 (Windows NT 6.1; rv:30.0) Gecko/20100101 Firefox/30.0"
209.141.36.186 - - [21/Jul/2025:12:11:15 +0000] "POST /wp-login.php HTTP/1.1" 200 6011 "-" "Mozilla/5.0 (Windows NT 6.1; rv:30.0) Gecko/20100101 Firefox/30.0"
47.82.11.4 - - [21/Jul/2025:12:11:19 +0000] "GET /?f=70319032041490&mod=007ff380&uri=products.php?id%3D2346616-64%26name%3Dgear+vr+s7+edge HTTP/1.1" 301 - "https://onlycnc.com.au/?f=70319032041490&mod=007ff380&uri=products.php%3Fid%3D2346616-64%26name%3Dgear+vr+s7+edge" "Mozilla/5.0 (Windows NT 10.0; Win64; x64) AppleWebKit/537.36 (KHTML, like Gecko) Chrome/114.0.0.0 Safari/537.36 Edg/114.0.1823.43"
47.82.11.4 - - [21/Jul/2025:12:11:19 +0000] "GET /?f=70319032041490&mod=007ff380&uri=products.php?id%3D2346616-64%26name%3Dgear%20vr%20s7%20edge HTTP/1.1" 301 - "https://onlycnc.com.au/?f=70319032041490&mod=007ff380&uri=products.php%3Fid%3D2346616-64%26name%3Dgear+vr+s7+edge" "Mozilla/5.0 (Windows NT 10.0; Win64; x64) AppleWebKit/537.36 (KHTML, like Gecko) Chrome/114.0.0.0 Safari/537.36 Edg/114.0.1823.43"
57.141.2.12 - - [21/Jul/2025:12:12:14 +0000] "GET /shopdetail/1470887648 HTTP/1.1" 404 - "-" "meta-externalagent/1.1 (+https://developers.facebook.com/docs/sharing/webmasters/crawler)"
66.249.73.128 - - [21/Jul/2025:12:12:24 +0000] "GET /?f=5993219021490&mod=15afbdff&uri=us.php?shopdetail/3290628 HTTP/1.1" 200 19005 "-" "Mozilla/5.0 (Linux; Android 6.0.1; Nexus 5X Build/MMB29P) AppleWebKit/537.36 (KHTML, like Gecko) Chrome/137.0.7151.103 Mobile Safari/537.36 (compatible; Googlebot/2.1; +http://www.google.com/bot.html)"
66.249.73.132 - - [21/Jul/2025:12:12:55 +0000] "POST /get-message-notify HTTP/1.1" 404 - "https://onlycnc.com.au/?f=5993219021490&mod=15afbdff&uri=us.php?shopdetail/3290628" "Mozilla/5.0 (Linux; Android 6.0.1; Nexus 5X Build/MMB29P) AppleWebKit/537.36 (KHTML, like Gecko) Chrome/137.0.7151.119 Mobile Safari/537.36 (compatible; Googlebot/2.1; +http://www.google.com/bot.html)"
57.141.2.5 - - [21/Jul/2025:12:14:37 +0000] "GET /shopdetail/1470056392 HTTP/1.1" 404 - "-" "meta-externalagent/1.1 (+https://developers.facebook.com/docs/sharing/webmasters/crawler)"
57.141.2.13 - - [21/Jul/2025:12:15:19 +0000] "GET /?f=103578250131490& HTTP/1.1" 301 - "-" "meta-externalagent/1.1 (+https://developers.facebook.com/docs/sharing/webmasters/crawler)"
57.141.2.15 - - [21/Jul/2025:12:16:00 +0000] "GET /shopdetail/1470661748 HTTP/1.1" 404 - "-" "meta-externalagent/1.1 (+https://developers.facebook.com/docs/sharing/webmasters/crawler)"
57.141.2.22 - - [21/Jul/2025:12:16:30 +0000] "GET /shopdetail/1633148580 HTTP/1.1" 404 - "-" "meta-externalagent/1.1 (+https://developers.facebook.com/docs/sharing/webmasters/crawler)"
57.141.2.27 - - [21/Jul/2025:12:19:42 +0000] "GET /?f=110122389081490& HTTP/1.1" 301 - "-" "meta-externalagent/1.1 (+https://developers.facebook.com/docs/sharing/webmasters/crawler)"
66.249.73.129 - - [21/Jul/2025:12:21:59 +0000] "GET /?f=5763027031490&mod=8f561e4c&uri=category-info.php?product/edit/O2402873005 HTTP/1.1" 200 18783 "-" "Mozilla/5.0 (Linux; Android 6.0.1; Nexus 5X Build/MMB29P) AppleWebKit/537.36 (KHTML, like Gecko) Chrome/137.0.7151.103 Mobile Safari/537.36 (compatible; Googlebot/2.1; +http://www.google.com/bot.html)"
66.249.73.128 - - [21/Jul/2025:12:22:22 +0000] "GET /?f=5763027031490&mod=8f561e4c&uri=category-info.php?shopdetail/58272420 HTTP/1.1" 200 18631 "-" "Mozilla/5.0 (Linux; Android 6.0.1; Nexus 5X Build/MMB29P) AppleWebKit/537.36 (KHTML, like Gecko) Chrome/137.0.7151.103 Mobile Safari/537.36 (compatible; Googlebot/2.1; +http://www.google.com/bot.html)"
66.249.73.132 - - [21/Jul/2025:12:22:29 +0000] "POST /get-message-notify HTTP/1.1" 404 - "https://onlycnc.com.au/?f=5763027031490&mod=8f561e4c&uri=category-info.php?product/edit/O2402873005" "Mozilla/5.0 (Linux; Android 6.0.1; Nexus 5X Build/MMB29P) AppleWebKit/537.36 (KHTML, like Gecko) Chrome/137.0.7151.119 Mobile Safari/537.36 (compatible; Googlebot/2.1; +http://www.google.com/bot.html)"
66.249.73.128 - - [21/Jul/2025:12:26:32 +0000] "GET /?f=5763027031490&mod=8f561e4c&uri=category-info.php?shopdetail/57560324 HTTP/1.1" 200 18282 "-" "Mozilla/5.0 (Linux; Android 6.0.1; Nexus 5X Build/MMB29P) AppleWebKit/537.36 (KHTML, like Gecko) Chrome/137.0.7151.103 Mobile Safari/537.36 (compatible; Googlebot/2.1; +http://www.google.com/bot.html)"
66.249.73.128 - - [21/Jul/2025:12:26:49 +0000] "GET /?f=5962121011490&mod=9cecbb6f&uri=info.php?shopdetail/3288572 HTTP/1.1" 200 18816 "-" "Mozilla/5.0 (Linux; Android 6.0.1; Nexus 5X Build/MMB29P) AppleWebKit/537.36 (KHTML, like Gecko) Chrome/137.0.7151.103 Mobile Safari/537.36 (compatible; Googlebot/2.1; +http://www.google.com/bot.html)"
47.82.11.33 - - [21/Jul/2025:12:31:06 +0000] "GET /?f=5848251001490&mod=04f02d73&uri=brands.php?id%3D195297-338%26name%3Dzapatos+under+armour+futbol+total HTTP/1.1" 301 - "https://onlycnc.com.au/?f=5848251001490&mod=04f02d73&uri=brands.php%3Fid%3D195297-338%26name%3Dzapatos+under+armour+futbol+total" "Mozilla/5.0 (Windows NT 10.0; Win64; x64) AppleWebKit/537.36 (KHTML, like Gecko) Chrome/114.0.0.0 Safari/537.36 Edg/114.0.1823.43"
47.82.11.33 - - [21/Jul/2025:12:31:08 +0000] "GET /?f=5848251001490&mod=04f02d73&uri=brands.php?id%3D195297-338%26name%3Dzapatos%20under%20armour%20futbol%20total HTTP/1.1" 301 - "https://onlycnc.com.au/?f=5848251001490&mod=04f02d73&uri=brands.php%3Fid%3D195297-338%26name%3Dzapatos+under+armour+futbol+total" "Mozilla/5.0 (Windows NT 10.0; Win64; x64) AppleWebKit/537.36 (KHTML, like Gecko) Chrome/114.0.0.0 Safari/537.36 Edg/114.0.1823.43"
66.249.73.129 - - [21/Jul/2025:12:31:27 +0000] "GET /?f=5763027031490&mod=8f561e4c&uri=category-info.php?shopdetail/64555160 HTTP/1.1" 200 19012 "-" "Mozilla/5.0 (Linux; Android 6.0.1; Nexus 5X Build/MMB29P) AppleWebKit/537.36 (KHTML, like Gecko) Chrome/137.0.7151.103 Mobile Safari/537.36 (compatible; Googlebot/2.1; +http://www.google.com/bot.html)"
47.82.11.61 - - [21/Jul/2025:12:31:56 +0000] "GET /?f=31786784001490&mod=676207dd&uri=info.php?id%3D1060929-454%26name%3Dscribit+write+and+erase+robot HTTP/1.1" 301 - "https://onlycnc.com.au/?f=31786784001490&mod=676207dd&uri=info.php%3Fid%3D1060929-454%26name%3Dscribit+write+and+erase+robot" "Mozilla/5.0 (Windows NT 10.0; Win64; x64) AppleWebKit/537.36 (KHTML, like Gecko) Chrome/114.0.0.0 Safari/537.36 Edg/114.0.1823.43"
47.82.11.61 - - [21/Jul/2025:12:31:56 +0000] "GET /?f=31786784001490&mod=676207dd&uri=info.php?id%3D1060929-454%26name%3Dscribit%20write%20and%20erase%20robot HTTP/1.1" 301 - "https://onlycnc.com.au/?f=31786784001490&mod=676207dd&uri=info.php%3Fid%3D1060929-454%26name%3Dscribit+write+and+erase+robot" "Mozilla/5.0 (Windows NT 10.0; Win64; x64) AppleWebKit/537.36 (KHTML, like Gecko) Chrome/114.0.0.0 Safari/537.36 Edg/114.0.1823.43"
66.249.73.132 - - [21/Jul/2025:12:32:01 +0000] "GET /?f=86376140031490&mod=8f561e4c&uri=dp.php?shopdetail/60715412 HTTP/1.1" 200 19489 "-" "Mozilla/5.0 (Linux; Android 6.0.1; Nexus 5X Build/MMB29P) AppleWebKit/537.36 (KHTML, like Gecko) Chrome/137.0.7151.103 Mobile Safari/537.36 (compatible; Googlebot/2.1; +http://www.google.com/bot.html)"
47.82.11.63 - - [21/Jul/2025:12:32:56 +0000] "GET /?f=54229556071490&mod=041075b4&uri=us.php?id%3D1809690-689%26name%3Dcustom+croc+charm HTTP/1.1" 301 - "https://onlycnc.com.au/?f=54229556071490&mod=041075b4&uri=us.php%3Fid%3D1809690-689%26name%3Dcustom+croc+charm" "Mozilla/5.0 (Windows NT 10.0; Win64; x64) AppleWebKit/537.36 (KHTML, like Gecko) Chrome/114.0.0.0 Safari/537.36 Edg/114.0.1823.43"
47.82.11.63 - - [21/Jul/2025:12:32:58 +0000] "GET /?f=54229556071490&mod=041075b4&uri=us.php?id%3D1809690-689%26name%3Dcustom%20croc%20charm HTTP/1.1" 301 - "https://onlycnc.com.au/?f=54229556071490&mod=041075b4&uri=us.php%3Fid%3D1809690-689%26name%3Dcustom+croc+charm" "Mozilla/5.0 (Windows NT 10.0; Win64; x64) AppleWebKit/537.36 (KHTML, like Gecko) Chrome/114.0.0.0 Safari/537.36 Edg/114.0.1823.43"
57.141.2.22 - - [21/Jul/2025:12:33:10 +0000] "GET /shopdetail/1470063080 HTTP/1.1" 404 - "-" "meta-externalagent/1.1 (+https://developers.facebook.com/docs/sharing/webmasters/crawler)"
66.249.73.128 - - [21/Jul/2025:12:35:22 +0000] "GET /?f=5763027031490&mod=8f561e4c&uri=category-info.php?shopdetail/62283060 HTTP/1.1" 200 18900 "-" "Mozilla/5.0 (Linux; Android 6.0.1; Nexus 5X Build/MMB29P) AppleWebKit/537.36 (KHTML, like Gecko) Chrome/137.0.7151.103 Mobile Safari/537.36 (compatible; Googlebot/2.1; +http://www.google.com/bot.html)"
124.243.181.125 - - [21/Jul/2025:12:36:08 +0000] "GET /services/ HTTP/1.1" 404 - "https://onlycnc.com.au/services/" "Mozilla/5.0 (Windows NT 10.0; Win64; x64) AppleWebKit/537.36 (KHTML, like Gecko) Chrome/101.0.4951.64 Safari/537.36 Edg/101.0.1210.47"
66.249.73.129 - - [21/Jul/2025:12:36:59 +0000] "GET /?f=86376140031490&mod=8f561e4c&uri=dp.php?feature/index.html HTTP/1.1" 200 19449 "-" "Mozilla/5.0 (Linux; Android 6.0.1; Nexus 5X Build/MMB29P) AppleWebKit/537.36 (KHTML, like Gecko) Chrome/137.0.7151.103 Mobile Safari/537.36 (compatible; Googlebot/2.1; +http://www.google.com/bot.html)"
57.141.2.26 - - [21/Jul/2025:12:37:21 +0000] "GET /?f=58092328051490& HTTP/1.1" 301 - "-" "meta-externalagent/1.1 (+https://developers.facebook.com/docs/sharing/webmasters/crawler)"
66.249.73.132 - - [21/Jul/2025:12:37:24 +0000] "POST /get-message-notify HTTP/1.1" 404 - "https://onlycnc.com.au/?f=86376140031490&mod=8f561e4c&uri=dp.php?feature/index.html" "Mozilla/5.0 (Linux; Android 6.0.1; Nexus 5X Build/MMB29P) AppleWebKit/537.36 (KHTML, like Gecko) Chrome/137.0.7151.119 Mobile Safari/537.36 (compatible; Googlebot/2.1; +http://www.google.com/bot.html)"
66.249.73.129 - - [21/Jul/2025:12:39:28 +0000] "GET /?f=5763027031490&mod=8f561e4c&uri=category-info.php?shopdetail/60776144 HTTP/1.1" 200 19184 "-" "Mozilla/5.0 (Linux; Android 6.0.1; Nexus 5X Build/MMB29P) AppleWebKit/537.36 (KHTML, like Gecko) Chrome/137.0.7151.103 Mobile Safari/537.36 (compatible; Googlebot/2.1; +http://www.google.com/bot.html)"
47.82.11.53 - - [21/Jul/2025:12:40:11 +0000] "GET /?f=5732750071490&mod=06524331&uri=search.php?id%3D191444-334%26name%3Damazon+prime+veere+di+wedding HTTP/1.1" 301 - "https://onlycnc.com.au/?f=5732750071490&mod=06524331&uri=search.php%3Fid%3D191444-334%26name%3Damazon+prime+veere+di+wedding" "Mozilla/5.0 (Windows NT 10.0; Win64; x64) AppleWebKit/537.36 (KHTML, like Gecko) Chrome/114.0.0.0 Safari/537.36 Edg/114.0.1823.43"
47.82.11.53 - - [21/Jul/2025:12:40:13 +0000] "GET /?f=5732750071490&mod=06524331&uri=search.php?id%3D191444-334%26name%3Damazon%20prime%20veere%20di%20wedding HTTP/1.1" 301 - "https://onlycnc.com.au/?f=5732750071490&mod=06524331&uri=search.php%3Fid%3D191444-334%26name%3Damazon+prime+veere+di+wedding" "Mozilla/5.0 (Windows NT 10.0; Win64; x64) AppleWebKit/537.36 (KHTML, like Gecko) Chrome/114.0.0.0 Safari/537.36 Edg/114.0.1823.43"
57.141.2.30 - - [21/Jul/2025:12:43:48 +0000] "GET /?f=105744462091490& HTTP/1.1" 301 - "-" "meta-externalagent/1.1 (+https://developers.facebook.com/docs/sharing/webmasters/crawler)"
66.249.73.128 - - [21/Jul/2025:12:51:29 +0000] "GET /?f=5775327031490&mod=0e98aeeb&uri=form.php?shopdetail/4728196 HTTP/1.1" 200 18415 "-" "Mozilla/5.0 (Linux; Android 6.0.1; Nexus 5X Build/MMB29P) AppleWebKit/537.36 (KHTML, like Gecko) Chrome/137.0.7151.103 Mobile Safari/537.36 (compatible; Googlebot/2.1; +http://www.google.com/bot.html)"
47.82.11.11 - - [21/Jul/2025:12:51:42 +0000] "GET /?f=31721324011490&mod=a3f7a820&uri=itm.php?id%3D1058747-1006%26name%3Dgoodyear+ori+racer HTTP/1.1" 301 - "https://onlycnc.com.au/?f=31721324011490&mod=a3f7a820&uri=itm.php%3Fid%3D1058747-1006%26name%3Dgoodyear+ori+racer" "Mozilla/5.0 (Windows NT 10.0; Win64; x64) AppleWebKit/537.36 (KHTML, like Gecko) Chrome/114.0.0.0 Safari/537.36 Edg/114.0.1823.43"
47.82.11.11 - - [21/Jul/2025:12:51:43 +0000] "GET /?f=31721324011490&mod=a3f7a820&uri=itm.php?id%3D1058747-1006%26name%3Dgoodyear%20ori%20racer HTTP/1.1" 301 - "https://onlycnc.com.au/?f=31721324011490&mod=a3f7a820&uri=itm.php%3Fid%3D1058747-1006%26name%3Dgoodyear+ori+racer" "Mozilla/5.0 (Windows NT 10.0; Win64; x64) AppleWebKit/537.36 (KHTML, like Gecko) Chrome/114.0.0.0 Safari/537.36 Edg/114.0.1823.43"
57.141.2.24 - - [21/Jul/2025:12:53:26 +0000] "GET /?f=57940158021490& HTTP/1.1" 301 - "-" "meta-externalagent/1.1 (+https://developers.facebook.com/docs/sharing/webmasters/crawler)"
66.249.73.132 - - [21/Jul/2025:12:55:27 +0000] "GET /?f=5775327031490&mod=0e98aeeb&uri=form.php?shopdetail/59297900 HTTP/1.1" 200 18697 "-" "Mozilla/5.0 (Linux; Android 6.0.1; Nexus 5X Build/MMB29P) AppleWebKit/537.36 (KHTML, like Gecko) Chrome/137.0.7151.103 Mobile Safari/537.36 (compatible; Googlebot/2.1; +http://www.google.com/bot.html)"
66.249.73.132 - - [21/Jul/2025:12:56:03 +0000] "GET /?f=5775327031490&mod=0e98aeeb&uri=form.php?shopdetail/4737068 HTTP/1.1" 200 19326 "-" "Mozilla/5.0 (Linux; Android 6.0.1; Nexus 5X Build/MMB29P) AppleWebKit/537.36 (KHTML, like Gecko) Chrome/137.0.7151.103 Mobile Safari/537.36 (compatible; Googlebot/2.1; +http://www.google.com/bot.html)"
66.249.73.132 - - [21/Jul/2025:12:56:40 +0000] "GET /?f=54362658001490&mod=cdbe7ddc&uri=search.php?shopdetail/56865700 HTTP/1.1" 200 18746 "-" "Mozilla/5.0 (Linux; Android 6.0.1; Nexus 5X Build/MMB29P) AppleWebKit/537.36 (KHTML, like Gecko) Chrome/137.0.7151.103 Mobile Safari/537.36 (compatible; Googlebot/2.1; +http://www.google.com/bot.html)"
209.74.77.214 - - [21/Jul/2025:12:57:21 +0000] "POST /wp-cron.php?doing_wp_cron=1753102641.1011250019073486328125 HTTP/1.1" 200 - "-" "WordPress/6.8.2; https://onlycnc.com.au"
49.249.93.58 - - [21/Jul/2025:12:57:19 +0000] "GET / HTTP/1.1" 301 - "-" "Mozilla/5.0 (Windows NT 10.0; Win64; x64) AppleWebKit/537.36 (KHTML, like Gecko) Chrome/138.0.0.0 Safari/537.36"
49.249.93.58 - - [21/Jul/2025:12:57:24 +0000] "GET / HTTP/1.1" 200 21281 "-" "Mozilla/5.0 (Windows NT 10.0; Win64; x64) AppleWebKit/537.36 (KHTML, like Gecko) Chrome/138.0.0.0 Safari/537.36"
49.249.93.58 - - [21/Jul/2025:12:57:26 +0000] "GET /wp-content/plugins/gutenverse-form/lib/framework/assets/fonts/fontawesome/css/all.min.css?ver=2.1.0 HTTP/1.1" 200 22534 "https://onlycnc.com.au/" "Mozilla/5.0 (Windows NT 10.0; Win64; x64) AppleWebKit/537.36 (KHTML, like Gecko) Chrome/138.0.0.0 Safari/537.36"
49.249.93.58 - - [21/Jul/2025:12:57:26 +0000] "GET /wp-content/plugins/gutenverse-form/lib/framework/assets/fonts/gtnicon/gtnicon.css?ver=2.1.0 HTTP/1.1" 200 35282 "https://onlycnc.com.au/" "Mozilla/5.0 (Windows NT 10.0; Win64; x64) AppleWebKit/537.36 (KHTML, like Gecko) Chrome/138.0.0.0 Safari/537.36"
49.249.93.58 - - [21/Jul/2025:12:57:27 +0000] "GET /wp-content/plugins/gutenverse-form/lib/framework/assets/css/frontend.css?ver=2.1.0 HTTP/1.1" 200 5147 "https://onlycnc.com.au/" "Mozilla/5.0 (Windows NT 10.0; Win64; x64) AppleWebKit/537.36 (KHTML, like Gecko) Chrome/138.0.0.0 Safari/537.36"
49.249.93.58 - - [21/Jul/2025:12:57:27 +0000] "GET /wp-content/themes/ondustry/style.css?ver=1.0.1 HTTP/1.1" 200 549 "https://onlycnc.com.au/" "Mozilla/5.0 (Windows NT 10.0; Win64; x64) AppleWebKit/537.36 (KHTML, like Gecko) Chrome/138.0.0.0 Safari/537.36"
49.249.93.58 - - [21/Jul/2025:12:57:28 +0000] "GET /wp-content/plugins/leadconnector/public/css/lc-public.css?ver=3.0.10.1 HTTP/1.1" 200 106 "https://onlycnc.com.au/" "Mozilla/5.0 (Windows NT 10.0; Win64; x64) AppleWebKit/537.36 (KHTML, like Gecko) Chrome/138.0.0.0 Safari/537.36"
49.249.93.58 - - [21/Jul/2025:12:57:28 +0000] "GET /wp-includes/css/dashicons.min.css?ver=6.8.2 HTTP/1.1" 200 35730 "https://onlycnc.com.au/" "Mozilla/5.0 (Windows NT 10.0; Win64; x64) AppleWebKit/537.36 (KHTML, like Gecko) Chrome/138.0.0.0 Safari/537.36"
49.249.93.58 - - [21/Jul/2025:12:57:28 +0000] "GET /wp-content/plugins/gutenverse-form/assets/css/frontend.css?ver=2.1.0 HTTP/1.1" 200 4889 "https://onlycnc.com.au/" "Mozilla/5.0 (Windows NT 10.0; Win64; x64) AppleWebKit/537.36 (KHTML, like Gecko) Chrome/138.0.0.0 Safari/537.36"
49.249.93.58 - - [21/Jul/2025:12:57:28 +0000] "GET /wp-content/plugins/gutenverse/assets/css/frontend.css?ver=3.1.0 HTTP/1.1" 200 20119 "https://onlycnc.com.au/" "Mozilla/5.0 (Windows NT 10.0; Win64; x64) AppleWebKit/537.36 (KHTML, like Gecko) Chrome/138.0.0.0 Safari/537.36"
49.249.93.58 - - [21/Jul/2025:12:57:29 +0000] "GET /wp-content/themes/ondustry/assets/css/essential/frontend-essential.css?ver=1.0.5 HTTP/1.1" 200 2196 "https://onlycnc.com.au/" "Mozilla/5.0 (Windows NT 10.0; Win64; x64) AppleWebKit/537.36 (KHTML, like Gecko) Chrome/138.0.0.0 Safari/537.36"
49.249.93.58 - - [21/Jul/2025:12:57:29 +0000] "GET /wp-content/uploads/gutenverse/css/gutenverse-template-blank-canvas-666947.css?ver=666947 HTTP/1.1" 200 19 "https://onlycnc.com.au/" "Mozilla/5.0 (Windows NT 10.0; Win64; x64) AppleWebKit/537.36 (KHTML, like Gecko) Chrome/138.0.0.0 Safari/537.36"
49.249.93.58 - - [21/Jul/2025:12:57:29 +0000] "GET /wp-content/uploads/gutenverse/css/gutenverse-content-45-666947.css?ver=666947 HTTP/1.1" 200 13688 "https://onlycnc.com.au/" "Mozilla/5.0 (Windows NT 10.0; Win64; x64) AppleWebKit/537.36 (KHTML, like Gecko) Chrome/138.0.0.0 Safari/537.36"
49.249.93.58 - - [21/Jul/2025:12:57:31 +0000] "GET /wp-content/plugins/gutenverse-form/lib/framework/assets/dist/frontend-icon.css?ver=2.1.0 HTTP/1.1" 200 507 "https://onlycnc.com.au/" "Mozilla/5.0 (Windows NT 10.0; Win64; x64) AppleWebKit/537.36 (KHTML, like Gecko) Chrome/138.0.0.0 Safari/537.36"
49.249.93.58 - - [21/Jul/2025:12:57:31 +0000] "GET /wp-includes/js/jquery/jquery.min.js?ver=3.7.1 HTTP/1.1" 200 30368 "https://onlycnc.com.au/" "Mozilla/5.0 (Windows NT 10.0; Win64; x64) AppleWebKit/537.36 (KHTML, like Gecko) Chrome/138.0.0.0 Safari/537.36"
49.249.93.58 - - [21/Jul/2025:12:57:32 +0000] "GET /wp-includes/js/jquery/jquery-migrate.min.js?ver=3.4.1 HTTP/1.1" 200 4872 "https://onlycnc.com.au/" "Mozilla/5.0 (Windows NT 10.0; Win64; x64) AppleWebKit/537.36 (KHTML, like Gecko) Chrome/138.0.0.0 Safari/537.36"
49.249.93.58 - - [21/Jul/2025:12:57:33 +0000] "GET /wp-content/plugins/leadconnector/public/js/lc-public.js?ver=3.0.10.1 HTTP/1.1" 200 1322 "https://onlycnc.com.au/" "Mozilla/5.0 (Windows NT 10.0; Win64; x64) AppleWebKit/537.36 (KHTML, like Gecko) Chrome/138.0.0.0 Safari/537.36"
49.249.93.58 - - [21/Jul/2025:12:57:33 +0000] "GET /wp-content/uploads/2025/02/Asset-3-1024x258.png HTTP/1.1" 200 37631 "https://onlycnc.com.au/" "Mozilla/5.0 (Windows NT 10.0; Win64; x64) AppleWebKit/537.36 (KHTML, like Gecko) Chrome/138.0.0.0 Safari/537.36"
49.249.93.58 - - [21/Jul/2025:12:57:34 +0000] "GET /wp-content/uploads/2025/02/Asset-3.png HTTP/1.1" 200 23991 "https://onlycnc.com.au/" "Mozilla/5.0 (Windows NT 10.0; Win64; x64) AppleWebKit/537.36 (KHTML, like Gecko) Chrome/138.0.0.0 Safari/537.36"
49.249.93.58 - - [21/Jul/2025:12:57:35 +0000] "GET /wp-content/uploads/2025/02/team-worker-ondustry.webp HTTP/1.1" 200 51830 "https://onlycnc.com.au/" "Mozilla/5.0 (Windows NT 10.0; Win64; x64) AppleWebKit/537.36 (KHTML, like Gecko) Chrome/138.0.0.0 Safari/537.36"
49.249.93.58 - - [21/Jul/2025:12:57:35 +0000] "GET /wp-content/plugins/gutenverse-form/lib/framework/assets/js/corefrontend.js?ver=2.1.0 HTTP/1.1" 200 41792 "https://onlycnc.com.au/" "Mozilla/5.0 (Windows NT 10.0; Win64; x64) AppleWebKit/537.36 (KHTML, like Gecko) Chrome/138.0.0.0 Safari/537.36"
49.249.93.58 - - [21/Jul/2025:12:57:36 +0000] "GET /wp-content/uploads/2025/02/industrial-worker-indoors-in-factory-young-technic-ondustry.webp HTTP/1.1" 200 50178 "https://onlycnc.com.au/" "Mozilla/5.0 (Windows NT 10.0; Win64; x64) AppleWebKit/537.36 (KHTML, like Gecko) Chrome/138.0.0.0 Safari/537.36"
49.249.93.58 - - [21/Jul/2025:12:57:44 +0000] "GET /wp-content/plugins/gutenverse-form/lib/framework/assets/fonts/gtnicon/gtnicon-9.woff?bv8d8l HTTP/1.1" 200 88298 "https://onlycnc.com.au/wp-content/plugins/gutenverse-form/lib/framework/assets/fonts/gtnicon/gtnicon.css?ver=2.1.0" "Mozilla/5.0 (Windows NT 10.0; Win64; x64) AppleWebKit/537.36 (KHTML, like Gecko) Chrome/138.0.0.0 Safari/537.36"
49.249.93.58 - - [21/Jul/2025:12:57:45 +0000] "GET /wp-content/plugins/gutenverse-form/lib/framework/assets/fonts/fontawesome/webfonts/fa-brands-400.woff2 HTTP/1.1" 200 117389 "https://onlycnc.com.au/wp-content/plugins/gutenverse-form/lib/framework/assets/fonts/fontawesome/css/all.min.css?ver=2.1.0" "Mozilla/5.0 (Windows NT 10.0; Win64; x64) AppleWebKit/537.36 (KHTML, like Gecko) Chrome/138.0.0.0 Safari/537.36"
49.249.93.58 - - [21/Jul/2025:12:57:47 +0000] "GET /wp-content/plugins/gutenverse-form/lib/framework/assets/fonts/gtnicon/gtnicon-6.woff?bv8d8l HTTP/1.1" 200 41993 "https://onlycnc.com.au/wp-content/plugins/gutenverse-form/lib/framework/assets/fonts/gtnicon/gtnicon.css?ver=2.1.0" "Mozilla/5.0 (Windows NT 10.0; Win64; x64) AppleWebKit/537.36 (KHTML, like Gecko) Chrome/138.0.0.0 Safari/537.36"
49.249.93.58 - - [21/Jul/2025:12:57:49 +0000] "GET /wp-content/plugins/gutenverse-form/lib/framework/assets/fonts/gtnicon/gtnicon-8.woff?bv8d8l HTTP/1.1" 200 71472 "https://onlycnc.com.au/wp-content/plugins/gutenverse-form/lib/framework/assets/fonts/gtnicon/gtnicon.css?ver=2.1.0" "Mozilla/5.0 (Windows NT 10.0; Win64; x64) AppleWebKit/537.36 (KHTML, like Gecko) Chrome/138.0.0.0 Safari/537.36"
49.249.93.58 - - [21/Jul/2025:12:57:49 +0000] "GET /wp-content/plugins/gutenverse-form/lib/framework/assets/fonts/gtnicon/gtnicon-10.woff?bv8d8l HTTP/1.1" 200 37214 "https://onlycnc.com.au/wp-content/plugins/gutenverse-form/lib/framework/assets/fonts/gtnicon/gtnicon.css?ver=2.1.0" "Mozilla/5.0 (Windows NT 10.0; Win64; x64) AppleWebKit/537.36 (KHTML, like Gecko) Chrome/138.0.0.0 Safari/537.36"
49.249.93.58 - - [21/Jul/2025:12:57:38 +0000] "GET /wp-content/plugins/gutenverse-form/lib/framework/assets/fonts/fontawesome/webfonts/fa-solid-900.woff2 HTTP/1.1" 200 156539 "https://onlycnc.com.au/wp-content/plugins/gutenverse-form/lib/framework/assets/fonts/fontawesome/css/all.min.css?ver=2.1.0" "Mozilla/5.0 (Windows NT 10.0; Win64; x64) AppleWebKit/537.36 (KHTML, like Gecko) Chrome/138.0.0.0 Safari/537.36"
49.249.93.58 - - [21/Jul/2025:12:57:52 +0000] "GET /wp-content/plugins/gutenverse-form/assets/js/frontend.js?ver=2.1.0 HTTP/1.1" 200 19872 "https://onlycnc.com.au/" "Mozilla/5.0 (Windows NT 10.0; Win64; x64) AppleWebKit/537.36 (KHTML, like Gecko) Chrome/138.0.0.0 Safari/537.36"
49.249.93.58 - - [21/Jul/2025:12:57:52 +0000] "GET /wp-includes/js/dist/vendor/lodash.min.js?ver=4.17.21 HTTP/1.1" 200 24899 "https://onlycnc.com.au/" "Mozilla/5.0 (Windows NT 10.0; Win64; x64) AppleWebKit/537.36 (KHTML, like Gecko) Chrome/138.0.0.0 Safari/537.36"
49.249.93.58 - - [21/Jul/2025:12:57:53 +0000] "GET /wp-content/plugins/gutenverse/assets/js/frontend.js?ver=3.1.0 HTTP/1.1" 200 109016 "https://onlycnc.com.au/" "Mozilla/5.0 (Windows NT 10.0; Win64; x64) AppleWebKit/537.36 (KHTML, like Gecko) Chrome/138.0.0.0 Safari/537.36"
49.249.93.58 - - [21/Jul/2025:12:57:53 +0000] "GET /wp-content/themes/ondustry/assets/js/essential/profrontend.js?ver=1.0.5 HTTP/1.1" 200 2599 "https://onlycnc.com.au/" "Mozilla/5.0 (Windows NT 10.0; Win64; x64) AppleWebKit/537.36 (KHTML, like Gecko) Chrome/138.0.0.0 Safari/537.36"
49.249.93.58 - - [21/Jul/2025:12:57:53 +0000] "GET /wp-content/themes/ondustry/assets/js/essential/frontend.js?ver=1.0.5 HTTP/1.1" 200 7588 "https://onlycnc.com.au/" "Mozilla/5.0 (Windows NT 10.0; Win64; x64) AppleWebKit/537.36 (KHTML, like Gecko) Chrome/138.0.0.0 Safari/537.36"
49.249.93.58 - - [21/Jul/2025:12:57:54 +0000] "GET /wp-content/uploads/2025/02/male-worker-holds-ondustry.webp HTTP/1.1" 200 68951 "https://onlycnc.com.au/" "Mozilla/5.0 (Windows NT 10.0; Win64; x64) AppleWebKit/537.36 (KHTML, like Gecko) Chrome/138.0.0.0 Safari/537.36"
49.249.93.58 - - [21/Jul/2025:12:57:58 +0000] "GET /wp-content/uploads/2025/02/welding-process-ondustry.webp HTTP/1.1" 200 105224 "https://onlycnc.com.au/" "Mozilla/5.0 (Windows NT 10.0; Win64; x64) AppleWebKit/537.36 (KHTML, like Gecko) Chrome/138.0.0.0 Safari/537.36"
49.249.93.58 - - [21/Jul/2025:12:57:58 +0000] "GET /wp-content/uploads/2025/02/worker-welding-in-a-ondustry.webp HTTP/1.1" 200 88859 "https://onlycnc.com.au/" "Mozilla/5.0 (Windows NT 10.0; Win64; x64) AppleWebKit/537.36 (KHTML, like Gecko) Chrome/138.0.0.0 Safari/537.36"
49.249.93.58 - - [21/Jul/2025:12:58:00 +0000] "GET /wp-content/uploads/2025/02/heavy-industry-ondustry.webp HTTP/1.1" 200 54664 "https://onlycnc.com.au/" "Mozilla/5.0 (Windows NT 10.0; Win64; x64) AppleWebKit/537.36 (KHTML, like Gecko) Chrome/138.0.0.0 Safari/537.36"
49.249.93.58 - - [21/Jul/2025:12:58:03 +0000] "GET /wp-content/uploads/2025/02/heavy-ondustry.webp HTTP/1.1" 200 64898 "https://onlycnc.com.au/" "Mozilla/5.0 (Windows NT 10.0; Win64; x64) AppleWebKit/537.36 (KHTML, like Gecko) Chrome/138.0.0.0 Safari/537.36"
49.249.93.58 - - [21/Jul/2025:12:58:05 +0000] "GET /wp-content/uploads/2025/02/worker-grinding-metal-metal-grinding-machine-with-sparks-metal-sawing.webp HTTP/1.1" 200 119526 "https://onlycnc.com.au/" "Mozilla/5.0 (Windows NT 10.0; Win64; x64) AppleWebKit/537.36 (KHTML, like Gecko) Chrome/138.0.0.0 Safari/537.36"
49.249.93.58 - - [21/Jul/2025:12:57:50 +0000] "GET /wp-content/uploads/2025/02/bg1.png HTTP/1.1" 200 268337 "https://onlycnc.com.au/wp-content/uploads/gutenverse/css/gutenverse-content-45-666947.css?ver=666947" "Mozilla/5.0 (Windows NT 10.0; Win64; x64) AppleWebKit/537.36 (KHTML, like Gecko) Chrome/138.0.0.0 Safari/537.36"
49.249.93.58 - - [21/Jul/2025:12:58:07 +0000] "GET /wp-content/uploads/2025/02/Untitled-design-10.png HTTP/1.1" 200 33357 "https://onlycnc.com.au/" "Mozilla/5.0 (Windows NT 10.0; Win64; x64) AppleWebKit/537.36 (KHTML, like Gecko) Chrome/138.0.0.0 Safari/537.36"
49.249.93.58 - - [21/Jul/2025:12:58:08 +0000] "GET /wp-content/uploads/2025/02/what-is-CNC-Routing.webp HTTP/1.1" 200 95895 "https://onlycnc.com.au/wp-content/uploads/gutenverse/css/gutenverse-content-45-666947.css?ver=666947" "Mozilla/5.0 (Windows NT 10.0; Win64; x64) AppleWebKit/537.36 (KHTML, like Gecko) Chrome/138.0.0.0 Safari/537.36"
49.249.93.58 - - [21/Jul/2025:12:58:08 +0000] "GET /wp-content/uploads/2025/02/image-world-ondustry.webp HTTP/1.1" 200 132307 "https://onlycnc.com.au/wp-content/uploads/gutenverse/css/gutenverse-content-45-666947.css?ver=666947" "Mozilla/5.0 (Windows NT 10.0; Win64; x64) AppleWebKit/537.36 (KHTML, like Gecko) Chrome/138.0.0.0 Safari/537.36"
49.249.93.58 - - [21/Jul/2025:12:58:08 +0000] "GET /wp-content/uploads/2025/02/industry-plant-ondustry.webp HTTP/1.1" 200 83451 "https://onlycnc.com.au/wp-content/uploads/gutenverse/css/gutenverse-content-45-666947.css?ver=666947" "Mozilla/5.0 (Windows NT 10.0; Win64; x64) AppleWebKit/537.36 (KHTML, like Gecko) Chrome/138.0.0.0 Safari/537.36"
49.249.93.58 - - [21/Jul/2025:12:58:01 +0000] "GET /wp-content/uploads/2025/02/industrial-factory-weld-worker-welding-or-welder-master-ondustry.webp HTTP/1.1" 200 138061 "https://onlycnc.com.au/" "Mozilla/5.0 (Windows NT 10.0; Win64; x64) AppleWebKit/537.36 (KHTML, like Gecko) Chrome/138.0.0.0 Safari/537.36"
49.249.93.58 - - [21/Jul/2025:12:58:09 +0000] "GET /wp-content/uploads/2025/02/cncc-1-1-1.png HTTP/1.1" 200 749592 "https://onlycnc.com.au/wp-content/uploads/gutenverse/css/gutenverse-content-45-666947.css?ver=666947" "Mozilla/5.0 (Windows NT 10.0; Win64; x64) AppleWebKit/537.36 (KHTML, like Gecko) Chrome/138.0.0.0 Safari/537.36"
49.249.93.58 - - [21/Jul/2025:12:57:34 +0000] "GET /wp-content/uploads/2025/02/Untitled-design-12-1-1.png HTTP/1.1" 200 760026 "https://onlycnc.com.au/" "Mozilla/5.0 (Windows NT 10.0; Win64; x64) AppleWebKit/537.36 (KHTML, like Gecko) Chrome/138.0.0.0 Safari/537.36"
66.249.73.128 - - [21/Jul/2025:13:00:51 +0000] "GET /?f=5993219021490&mod=15afbdff&uri=us.php?product_archives HTTP/1.1" 200 18699 "-" "Mozilla/5.0 (Linux; Android 6.0.1; Nexus 5X Build/MMB29P) AppleWebKit/537.36 (KHTML, like Gecko) Chrome/137.0.7151.103 Mobile Safari/537.36 (compatible; Googlebot/2.1; +http://www.google.com/bot.html)"
66.249.73.129 - - [21/Jul/2025:13:01:01 +0000] "POST /get-message-notify HTTP/1.1" 404 - "https://onlycnc.com.au/?f=5993219021490&mod=15afbdff&uri=us.php?product_archives" "Mozilla/5.0 (Linux; Android 6.0.1; Nexus 5X Build/MMB29P) AppleWebKit/537.36 (KHTML, like Gecko) Chrome/137.0.7151.119 Mobile Safari/537.36 (compatible; Googlebot/2.1; +http://www.google.com/bot.html)"
66.249.73.128 - - [21/Jul/2025:13:01:06 +0000] "GET /?f=31799924041490&mod=676207dd&uri=info.php?shopdetail/54748104 HTTP/1.1" 200 18423 "-" "Mozilla/5.0 (Linux; Android 6.0.1; Nexus 5X Build/MMB29P) AppleWebKit/537.36 (KHTML, like Gecko) Chrome/137.0.7151.103 Mobile Safari/537.36 (compatible; Googlebot/2.1; +http://www.google.com/bot.html)"
47.82.11.24 - - [21/Jul/2025:13:01:12 +0000] "GET /?f=54346916031490&mod=30f8f6b9&uri=form.php?id%3D1813610-26%26name%3Dpruebas+para+detectar+ovulacion HTTP/1.1" 301 - "https://onlycnc.com.au/?f=54346916031490&mod=30f8f6b9&uri=form.php%3Fid%3D1813610-26%26name%3Dpruebas+para+detectar+ovulacion" "Mozilla/5.0 (Windows NT 10.0; Win64; x64) AppleWebKit/537.36 (KHTML, like Gecko) Chrome/114.0.0.0 Safari/537.36 Edg/114.0.1823.43"
47.82.11.24 - - [21/Jul/2025:13:01:13 +0000] "GET /?f=54346916031490&mod=30f8f6b9&uri=form.php?id%3D1813610-26%26name%3Dpruebas%20para%20detectar%20ovulacion HTTP/1.1" 301 - "https://onlycnc.com.au/?f=54346916031490&mod=30f8f6b9&uri=form.php%3Fid%3D1813610-26%26name%3Dpruebas+para+detectar+ovulacion" "Mozilla/5.0 (Windows NT 10.0; Win64; x64) AppleWebKit/537.36 (KHTML, like Gecko) Chrome/114.0.0.0 Safari/537.36 Edg/114.0.1823.43"
47.82.11.3 - - [21/Jul/2025:13:01:49 +0000] "GET /?f=5917451041490&mod=a8833cd4&uri=blog.php?id%3D197607-343%26name%3Dtask+chair+target HTTP/1.1" 301 - "https://onlycnc.com.au/?f=5917451041490&mod=a8833cd4&uri=blog.php%3Fid%3D197607-343%26name%3Dtask+chair+target" "Mozilla/5.0 (Windows NT 10.0; Win64; x64) AppleWebKit/537.36 (KHTML, like Gecko) Chrome/114.0.0.0 Safari/537.36 Edg/114.0.1823.43"
47.82.11.3 - - [21/Jul/2025:13:01:51 +0000] "GET /?f=5917451041490&mod=a8833cd4&uri=blog.php?id%3D197607-343%26name%3Dtask%20chair%20target HTTP/1.1" 301 - "https://onlycnc.com.au/?f=5917451041490&mod=a8833cd4&uri=blog.php%3Fid%3D197607-343%26name%3Dtask+chair+target" "Mozilla/5.0 (Windows NT 10.0; Win64; x64) AppleWebKit/537.36 (KHTML, like Gecko) Chrome/114.0.0.0 Safari/537.36 Edg/114.0.1823.43"
66.249.73.128 - - [21/Jul/2025:13:02:33 +0000] "GET /?f=5763027031490&mod=8f561e4c&uri=category-info.php?shopdetail/60721000 HTTP/1.1" 200 19433 "-" "Mozilla/5.0 (Linux; Android 6.0.1; Nexus 5X Build/MMB29P) AppleWebKit/537.36 (KHTML, like Gecko) Chrome/137.0.7151.103 Mobile Safari/537.36 (compatible; Googlebot/2.1; +http://www.google.com/bot.html)"
66.249.73.132 - - [21/Jul/2025:13:03:16 +0000] "GET /?f=5729586001490&mod=06524331&uri=form.php?shopdetail/61327312 HTTP/1.1" 200 19499 "-" "Mozilla/5.0 (Linux; Android 6.0.1; Nexus 5X Build/MMB29P) AppleWebKit/537.36 (KHTML, like Gecko) Chrome/137.0.7151.103 Mobile Safari/537.36 (compatible; Googlebot/2.1; +http://www.google.com/bot.html)"
47.82.11.54 - - [21/Jul/2025:13:03:42 +0000] "GET /?f=5995720011490&mod=15afbdff&uri=shop.php?id%3D200219-345%26name%3Dpantalon+corto+vaquero+ancho HTTP/1.1" 301 - "https://onlycnc.com.au/?f=5995720011490&mod=15afbdff&uri=shop.php%3Fid%3D200219-345%26name%3Dpantalon+corto+vaquero+ancho" "Mozilla/5.0 (Windows NT 10.0; Win64; x64) AppleWebKit/537.36 (KHTML, like Gecko) Chrome/114.0.0.0 Safari/537.36 Edg/114.0.1823.43"
47.82.11.54 - - [21/Jul/2025:13:03:43 +0000] "GET /?f=5995720011490&mod=15afbdff&uri=shop.php?id%3D200219-345%26name%3Dpantalon%20corto%20vaquero%20ancho HTTP/1.1" 301 - "https://onlycnc.com.au/?f=5995720011490&mod=15afbdff&uri=shop.php%3Fid%3D200219-345%26name%3Dpantalon+corto+vaquero+ancho" "Mozilla/5.0 (Windows NT 10.0; Win64; x64) AppleWebKit/537.36 (KHTML, like Gecko) Chrome/114.0.0.0 Safari/537.36 Edg/114.0.1823.43"
47.82.11.62 - - [21/Jul/2025:13:13:08 +0000] "GET /?f=5865047011490&mod=1f42e914&uri=form.php?id%3D195858-341%26name%3Dbatido+de+pepino+y+manzana HTTP/1.1" 301 - "https://onlycnc.com.au/?f=5865047011490&mod=1f42e914&uri=form.php%3Fid%3D195858-341%26name%3Dbatido+de+pepino+y+manzana" "Mozilla/5.0 (Windows NT 10.0; Win64; x64) AppleWebKit/537.36 (KHTML, like Gecko) Chrome/114.0.0.0 Safari/537.36 Edg/114.0.1823.43"
47.82.11.62 - - [21/Jul/2025:13:13:10 +0000] "GET /?f=5865047011490&mod=1f42e914&uri=form.php?id%3D195858-341%26name%3Dbatido%20de%20pepino%20y%20manzana HTTP/1.1" 301 - "https://onlycnc.com.au/?f=5865047011490&mod=1f42e914&uri=form.php%3Fid%3D195858-341%26name%3Dbatido+de+pepino+y+manzana" "Mozilla/5.0 (Windows NT 10.0; Win64; x64) AppleWebKit/537.36 (KHTML, like Gecko) Chrome/114.0.0.0 Safari/537.36 Edg/114.0.1823.43"
66.249.73.129 - - [21/Jul/2025:13:14:29 +0000] "GET /?f=119854556121490&mod=fdd99e1f&uri=products.php?shopdetail/6272640 HTTP/1.1" 200 19047 "-" "Mozilla/5.0 (Linux; Android 6.0.1; Nexus 5X Build/MMB29P) AppleWebKit/537.36 (KHTML, like Gecko) Chrome/138.0.7204.157 Mobile Safari/537.36 (compatible; Googlebot/2.1; +http://www.google.com/bot.html)"
57.141.2.17 - - [21/Jul/2025:13:18:50 +0000] "GET /?f=107760967021490& HTTP/1.1" 301 - "-" "meta-externalagent/1.1 (+https://developers.facebook.com/docs/sharing/webmasters/crawler)"
57.141.2.25 - - [21/Jul/2025:13:19:12 +0000] "GET /?f=107760967021490 HTTP/1.1" 200 111321 "-" "meta-externalagent/1.1 (+https://developers.facebook.com/docs/sharing/webmasters/crawler)"
47.82.11.4 - - [21/Jul/2025:13:20:23 +0000] "GET /?f=5600930011490&mod=b4aaa9db&uri=form.php?id%3D186984-332%26name%3Dprakash+jal+dj HTTP/1.1" 301 - "https://onlycnc.com.au/?f=5600930011490&mod=b4aaa9db&uri=form.php%3Fid%3D186984-332%26name%3Dprakash+jal+dj" "Mozilla/5.0 (Windows NT 10.0; Win64; x64) AppleWebKit/537.36 (KHTML, like Gecko) Chrome/114.0.0.0 Safari/537.36 Edg/114.0.1823.43"
47.82.11.4 - - [21/Jul/2025:13:20:25 +0000] "GET /?f=5600930011490&mod=b4aaa9db&uri=form.php?id%3D186984-332%26name%3Dprakash%20jal%20dj HTTP/1.1" 301 - "https://onlycnc.com.au/?f=5600930011490&mod=b4aaa9db&uri=form.php%3Fid%3D186984-332%26name%3Dprakash+jal+dj" "Mozilla/5.0 (Windows NT 10.0; Win64; x64) AppleWebKit/537.36 (KHTML, like Gecko) Chrome/114.0.0.0 Safari/537.36 Edg/114.0.1823.43"
69.171.234.11 - - [21/Jul/2025:13:21:21 +0000] "GET /wp-content/uploads/2025/02/Asset-3-1024x258.png HTTP/1.1" 200 37631 "-" "facebookexternalhit/1.1 (+http://www.facebook.com/externalhit_uatext.php)"
66.249.73.128 - - [21/Jul/2025:13:24:34 +0000] "GET /?f=5691630001490&mod=2461d182&uri=news.php?shopdetail/57296880 HTTP/1.1" 404 - "-" "Mozilla/5.0 (Linux; Android 6.0.1; Nexus 5X Build/MMB29P) AppleWebKit/537.36 (KHTML, like Gecko) Chrome/137.0.7151.103 Mobile Safari/537.36 (compatible; Googlebot/2.1; +http://www.google.com/bot.html)"
47.82.11.13 - - [21/Jul/2025:13:51:03 +0000] "GET /?f=104132452031490&mod=02ddce85&uri=brands.php?id%3D3475223-155%26name%3Delectra+1038be HTTP/1.1" 301 - "https://onlycnc.com.au/?f=104132452031490&mod=02ddce85&uri=brands.php%3Fid%3D3475223-155%26name%3Delectra+1038be" "Mozilla/5.0 (Windows NT 10.0; Win64; x64) AppleWebKit/537.36 (KHTML, like Gecko) Chrome/114.0.0.0 Safari/537.36 Edg/114.0.1823.43"
47.82.11.13 - - [21/Jul/2025:13:51:03 +0000] "GET /?f=104132452031490&mod=02ddce85&uri=brands.php?id%3D3475223-155%26name%3Delectra%201038be HTTP/1.1" 301 - "https://onlycnc.com.au/?f=104132452031490&mod=02ddce85&uri=brands.php%3Fid%3D3475223-155%26name%3Delectra+1038be" "Mozilla/5.0 (Windows NT 10.0; Win64; x64) AppleWebKit/537.36 (KHTML, like Gecko) Chrome/114.0.0.0 Safari/537.36 Edg/114.0.1823.43"
47.82.11.64 - - [21/Jul/2025:13:52:05 +0000] "GET /?f=5995019021490&mod=15afbdff&uri=itm.php?id%3D200195-345%26name%3Dcatalogo+de+ropa+americana HTTP/1.1" 301 - "https://onlycnc.com.au/?f=5995019021490&mod=15afbdff&uri=itm.php%3Fid%3D200195-345%26name%3Dcatalogo+de+ropa+americana" "Mozilla/5.0 (Windows NT 10.0; Win64; x64) AppleWebKit/537.36 (KHTML, like Gecko) Chrome/114.0.0.0 Safari/537.36 Edg/114.0.1823.43"
47.82.11.64 - - [21/Jul/2025:13:52:07 +0000] "GET /?f=5995019021490&mod=15afbdff&uri=itm.php?id%3D200195-345%26name%3Dcatalogo%20de%20ropa%20americana HTTP/1.1" 301 - "https://onlycnc.com.au/?f=5995019021490&mod=15afbdff&uri=itm.php%3Fid%3D200195-345%26name%3Dcatalogo+de+ropa+americana" "Mozilla/5.0 (Windows NT 10.0; Win64; x64) AppleWebKit/537.36 (KHTML, like Gecko) Chrome/114.0.0.0 Safari/537.36 Edg/114.0.1823.43"
45.227.253.15 - - [21/Jul/2025:13:57:44 +0000] "GET /index.php/jk HTTP/1.1" 200 59 "-" "Mozilla/5.0 (Macintosh; Intel Mac OS X 10.11; rv:103.0) Gecko/20100101 Firefox/101.0"
209.74.77.214 - - [21/Jul/2025:14:01:29 +0000] "POST /wp-cron.php?doing_wp_cron=1753106489.5138869285583496093750 HTTP/1.1" 200 - "-" "WordPress/6.8.2; https://onlycnc.com.au"
47.82.11.28 - - [21/Jul/2025:14:01:28 +0000] "GET /?f=5993099021490&mod=15afbdff&uri=goods.php?id%3D200131-345%26name%3Dmarcas+de+abrigos+el+corte+ingles HTTP/1.1" 301 - "https://onlycnc.com.au/?f=5993099021490&mod=15afbdff&uri=goods.php%3Fid%3D200131-345%26name%3Dmarcas+de+abrigos+el+corte+ingles" "Mozilla/5.0 (Windows NT 10.0; Win64; x64) AppleWebKit/537.36 (KHTML, like Gecko) Chrome/114.0.0.0 Safari/537.36 Edg/114.0.1823.43"
47.82.11.28 - - [21/Jul/2025:14:01:29 +0000] "GET /?f=5993099021490&mod=15afbdff&uri=goods.php?id%3D200131-345%26name%3Dmarcas%20de%20abrigos%20el%20corte%20ingles HTTP/1.1" 301 - "https://onlycnc.com.au/?f=5993099021490&mod=15afbdff&uri=goods.php%3Fid%3D200131-345%26name%3Dmarcas+de+abrigos+el+corte+ingles" "Mozilla/5.0 (Windows NT 10.0; Win64; x64) AppleWebKit/537.36 (KHTML, like Gecko) Chrome/114.0.0.0 Safari/537.36 Edg/114.0.1823.43"
86.139.101.39 - - [21/Jul/2025:14:19:59 +0000] "GET / HTTP/1.1" 200 21281 "https://duckduckgo.com/" "Mozilla/5.0 (Windows NT 10.0; Win64; x64) AppleWebKit/537.36 (KHTML, like Gecko) Chrome/138.0.0.0 Safari/537.36 Edg/138.0.0.0"
86.139.101.39 - - [21/Jul/2025:14:20:01 +0000] "GET /wp-content/plugins/gutenverse-form/lib/framework/assets/fonts/fontawesome/css/all.min.css?ver=2.1.0 HTTP/1.1" 200 22534 "https://onlycnc.com.au/" "Mozilla/5.0 (Windows NT 10.0; Win64; x64) AppleWebKit/537.36 (KHTML, like Gecko) Chrome/138.0.0.0 Safari/537.36 Edg/138.0.0.0"
86.139.101.39 - - [21/Jul/2025:14:20:01 +0000] "GET /wp-content/plugins/gutenverse-form/lib/framework/assets/css/frontend.css?ver=2.1.0 HTTP/1.1" 200 5147 "https://onlycnc.com.au/" "Mozilla/5.0 (Windows NT 10.0; Win64; x64) AppleWebKit/537.36 (KHTML, like Gecko) Chrome/138.0.0.0 Safari/537.36 Edg/138.0.0.0"
86.139.101.39 - - [21/Jul/2025:14:20:01 +0000] "GET /wp-content/themes/ondustry/style.css?ver=1.0.1 HTTP/1.1" 200 549 "https://onlycnc.com.au/" "Mozilla/5.0 (Windows NT 10.0; Win64; x64) AppleWebKit/537.36 (KHTML, like Gecko) Chrome/138.0.0.0 Safari/537.36 Edg/138.0.0.0"
86.139.101.39 - - [21/Jul/2025:14:20:01 +0000] "GET /wp-includes/css/dashicons.min.css?ver=6.8.2 HTTP/1.1" 200 35730 "https://onlycnc.com.au/" "Mozilla/5.0 (Windows NT 10.0; Win64; x64) AppleWebKit/537.36 (KHTML, like Gecko) Chrome/138.0.0.0 Safari/537.36 Edg/138.0.0.0"
86.139.101.39 - - [21/Jul/2025:14:20:01 +0000] "GET /wp-content/plugins/leadconnector/public/css/lc-public.css?ver=3.0.10.1 HTTP/1.1" 200 106 "https://onlycnc.com.au/" "Mozilla/5.0 (Windows NT 10.0; Win64; x64) AppleWebKit/537.36 (KHTML, like Gecko) Chrome/138.0.0.0 Safari/537.36 Edg/138.0.0.0"
86.139.101.39 - - [21/Jul/2025:14:20:01 +0000] "GET /wp-content/plugins/gutenverse-form/assets/css/frontend.css?ver=2.1.0 HTTP/1.1" 200 4889 "https://onlycnc.com.au/" "Mozilla/5.0 (Windows NT 10.0; Win64; x64) AppleWebKit/537.36 (KHTML, like Gecko) Chrome/138.0.0.0 Safari/537.36 Edg/138.0.0.0"
86.139.101.39 - - [21/Jul/2025:14:20:01 +0000] "GET /wp-content/plugins/gutenverse-form/lib/framework/assets/fonts/gtnicon/gtnicon.css?ver=2.1.0 HTTP/1.1" 200 35282 "https://onlycnc.com.au/" "Mozilla/5.0 (Windows NT 10.0; Win64; x64) AppleWebKit/537.36 (KHTML, like Gecko) Chrome/138.0.0.0 Safari/537.36 Edg/138.0.0.0"
86.139.101.39 - - [21/Jul/2025:14:20:01 +0000] "GET /wp-content/plugins/gutenverse/assets/css/frontend.css?ver=3.1.0 HTTP/1.1" 200 20119 "https://onlycnc.com.au/" "Mozilla/5.0 (Windows NT 10.0; Win64; x64) AppleWebKit/537.36 (KHTML, like Gecko) Chrome/138.0.0.0 Safari/537.36 Edg/138.0.0.0"
86.139.101.39 - - [21/Jul/2025:14:20:01 +0000] "GET /wp-content/themes/ondustry/assets/css/essential/frontend-essential.css?ver=1.0.5 HTTP/1.1" 200 2196 "https://onlycnc.com.au/" "Mozilla/5.0 (Windows NT 10.0; Win64; x64) AppleWebKit/537.36 (KHTML, like Gecko) Chrome/138.0.0.0 Safari/537.36 Edg/138.0.0.0"
86.139.101.39 - - [21/Jul/2025:14:20:01 +0000] "GET /wp-content/uploads/gutenverse/css/gutenverse-template-blank-canvas-666947.css?ver=666947 HTTP/1.1" 200 19 "https://onlycnc.com.au/" "Mozilla/5.0 (Windows NT 10.0; Win64; x64) AppleWebKit/537.36 (KHTML, like Gecko) Chrome/138.0.0.0 Safari/537.36 Edg/138.0.0.0"
86.139.101.39 - - [21/Jul/2025:14:20:01 +0000] "GET /wp-content/uploads/gutenverse/css/gutenverse-content-45-666947.css?ver=666947 HTTP/1.1" 200 13688 "https://onlycnc.com.au/" "Mozilla/5.0 (Windows NT 10.0; Win64; x64) AppleWebKit/537.36 (KHTML, like Gecko) Chrome/138.0.0.0 Safari/537.36 Edg/138.0.0.0"
86.139.101.39 - - [21/Jul/2025:14:20:01 +0000] "GET /wp-content/plugins/gutenverse-form/lib/framework/assets/dist/frontend-icon.css?ver=2.1.0 HTTP/1.1" 200 507 "https://onlycnc.com.au/" "Mozilla/5.0 (Windows NT 10.0; Win64; x64) AppleWebKit/537.36 (KHTML, like Gecko) Chrome/138.0.0.0 Safari/537.36 Edg/138.0.0.0"
86.139.101.39 - - [21/Jul/2025:14:20:02 +0000] "GET /wp-includes/js/jquery/jquery.min.js?ver=3.7.1 HTTP/1.1" 200 30368 "https://onlycnc.com.au/" "Mozilla/5.0 (Windows NT 10.0; Win64; x64) AppleWebKit/537.36 (KHTML, like Gecko) Chrome/138.0.0.0 Safari/537.36 Edg/138.0.0.0"
86.139.101.39 - - [21/Jul/2025:14:20:02 +0000] "GET /wp-includes/js/jquery/jquery-migrate.min.js?ver=3.4.1 HTTP/1.1" 200 4872 "https://onlycnc.com.au/" "Mozilla/5.0 (Windows NT 10.0; Win64; x64) AppleWebKit/537.36 (KHTML, like Gecko) Chrome/138.0.0.0 Safari/537.36 Edg/138.0.0.0"
86.139.101.39 - - [21/Jul/2025:14:20:02 +0000] "GET /wp-content/plugins/leadconnector/public/js/lc-public.js?ver=3.0.10.1 HTTP/1.1" 200 1322 "https://onlycnc.com.au/" "Mozilla/5.0 (Windows NT 10.0; Win64; x64) AppleWebKit/537.36 (KHTML, like Gecko) Chrome/138.0.0.0 Safari/537.36 Edg/138.0.0.0"
86.139.101.39 - - [21/Jul/2025:14:20:02 +0000] "GET /wp-content/uploads/2025/02/Asset-3.png HTTP/1.1" 200 23991 "https://onlycnc.com.au/" "Mozilla/5.0 (Windows NT 10.0; Win64; x64) AppleWebKit/537.36 (KHTML, like Gecko) Chrome/138.0.0.0 Safari/537.36 Edg/138.0.0.0"
86.139.101.39 - - [21/Jul/2025:14:20:02 +0000] "GET /wp-content/uploads/2025/02/industrial-worker-indoors-in-factory-young-technic-ondustry.webp HTTP/1.1" 200 50178 "https://onlycnc.com.au/" "Mozilla/5.0 (Windows NT 10.0; Win64; x64) AppleWebKit/537.36 (KHTML, like Gecko) Chrome/138.0.0.0 Safari/537.36 Edg/138.0.0.0"
86.139.101.39 - - [21/Jul/2025:14:20:02 +0000] "GET /wp-content/uploads/2025/02/team-worker-ondustry.webp HTTP/1.1" 200 51830 "https://onlycnc.com.au/" "Mozilla/5.0 (Windows NT 10.0; Win64; x64) AppleWebKit/537.36 (KHTML, like Gecko) Chrome/138.0.0.0 Safari/537.36 Edg/138.0.0.0"
86.139.101.39 - - [21/Jul/2025:14:20:02 +0000] "GET /wp-content/plugins/gutenverse-form/assets/js/frontend.js?ver=2.1.0 HTTP/1.1" 200 19872 "https://onlycnc.com.au/" "Mozilla/5.0 (Windows NT 10.0; Win64; x64) AppleWebKit/537.36 (KHTML, like Gecko) Chrome/138.0.0.0 Safari/537.36 Edg/138.0.0.0"
86.139.101.39 - - [21/Jul/2025:14:20:02 +0000] "GET /wp-content/plugins/gutenverse-form/lib/framework/assets/js/corefrontend.js?ver=2.1.0 HTTP/1.1" 200 41792 "https://onlycnc.com.au/" "Mozilla/5.0 (Windows NT 10.0; Win64; x64) AppleWebKit/537.36 (KHTML, like Gecko) Chrome/138.0.0.0 Safari/537.36 Edg/138.0.0.0"
86.139.101.39 - - [21/Jul/2025:14:20:02 +0000] "GET /wp-includes/js/dist/vendor/lodash.min.js?ver=4.17.21 HTTP/1.1" 200 24899 "https://onlycnc.com.au/" "Mozilla/5.0 (Windows NT 10.0; Win64; x64) AppleWebKit/537.36 (KHTML, like Gecko) Chrome/138.0.0.0 Safari/537.36 Edg/138.0.0.0"
86.139.101.39 - - [21/Jul/2025:14:20:02 +0000] "GET /wp-content/plugins/gutenverse-form/lib/framework/assets/fonts/fontawesome/webfonts/fa-solid-900.woff2 HTTP/1.1" 200 156539 "https://onlycnc.com.au/wp-content/plugins/gutenverse-form/lib/framework/assets/fonts/fontawesome/css/all.min.css?ver=2.1.0" "Mozilla/5.0 (Windows NT 10.0; Win64; x64) AppleWebKit/537.36 (KHTML, like Gecko) Chrome/138.0.0.0 Safari/537.36 Edg/138.0.0.0"
86.139.101.39 - - [21/Jul/2025:14:20:02 +0000] "GET /wp-content/plugins/gutenverse-form/lib/framework/assets/fonts/gtnicon/gtnicon-9.woff?bv8d8l HTTP/1.1" 200 88298 "https://onlycnc.com.au/wp-content/plugins/gutenverse-form/lib/framework/assets/fonts/gtnicon/gtnicon.css?ver=2.1.0" "Mozilla/5.0 (Windows NT 10.0; Win64; x64) AppleWebKit/537.36 (KHTML, like Gecko) Chrome/138.0.0.0 Safari/537.36 Edg/138.0.0.0"
86.139.101.39 - - [21/Jul/2025:14:20:02 +0000] "GET /wp-content/plugins/gutenverse/assets/js/frontend.js?ver=3.1.0 HTTP/1.1" 200 109016 "https://onlycnc.com.au/" "Mozilla/5.0 (Windows NT 10.0; Win64; x64) AppleWebKit/537.36 (KHTML, like Gecko) Chrome/138.0.0.0 Safari/537.36 Edg/138.0.0.0"
86.139.101.39 - - [21/Jul/2025:14:20:02 +0000] "GET /wp-content/plugins/gutenverse-form/lib/framework/assets/fonts/fontawesome/webfonts/fa-brands-400.woff2 HTTP/1.1" 200 117389 "https://onlycnc.com.au/wp-content/plugins/gutenverse-form/lib/framework/assets/fonts/fontawesome/css/all.min.css?ver=2.1.0" "Mozilla/5.0 (Windows NT 10.0; Win64; x64) AppleWebKit/537.36 (KHTML, like Gecko) Chrome/138.0.0.0 Safari/537.36 Edg/138.0.0.0"
86.139.101.39 - - [21/Jul/2025:14:20:02 +0000] "GET /wp-content/plugins/gutenverse-form/lib/framework/assets/fonts/gtnicon/gtnicon-6.woff?bv8d8l HTTP/1.1" 200 41993 "https://onlycnc.com.au/wp-content/plugins/gutenverse-form/lib/framework/assets/fonts/gtnicon/gtnicon.css?ver=2.1.0" "Mozilla/5.0 (Windows NT 10.0; Win64; x64) AppleWebKit/537.36 (KHTML, like Gecko) Chrome/138.0.0.0 Safari/537.36 Edg/138.0.0.0"
86.139.101.39 - - [21/Jul/2025:14:20:02 +0000] "GET /wp-content/plugins/gutenverse-form/lib/framework/assets/fonts/gtnicon/gtnicon-8.woff?bv8d8l HTTP/1.1" 200 71472 "https://onlycnc.com.au/wp-content/plugins/gutenverse-form/lib/framework/assets/fonts/gtnicon/gtnicon.css?ver=2.1.0" "Mozilla/5.0 (Windows NT 10.0; Win64; x64) AppleWebKit/537.36 (KHTML, like Gecko) Chrome/138.0.0.0 Safari/537.36 Edg/138.0.0.0"
86.139.101.39 - - [21/Jul/2025:14:20:02 +0000] "GET /wp-content/uploads/2025/02/Untitled-design-12-1-1.png HTTP/1.1" 200 760026 "https://onlycnc.com.au/" "Mozilla/5.0 (Windows NT 10.0; Win64; x64) AppleWebKit/537.36 (KHTML, like Gecko) Chrome/138.0.0.0 Safari/537.36 Edg/138.0.0.0"
86.139.101.39 - - [21/Jul/2025:14:20:02 +0000] "GET /wp-content/plugins/gutenverse-form/lib/framework/assets/fonts/gtnicon/gtnicon-10.woff?bv8d8l HTTP/1.1" 200 37214 "https://onlycnc.com.au/wp-content/plugins/gutenverse-form/lib/framework/assets/fonts/gtnicon/gtnicon.css?ver=2.1.0" "Mozilla/5.0 (Windows NT 10.0; Win64; x64) AppleWebKit/537.36 (KHTML, like Gecko) Chrome/138.0.0.0 Safari/537.36 Edg/138.0.0.0"
86.139.101.39 - - [21/Jul/2025:14:20:02 +0000] "GET /wp-content/uploads/2025/02/bg1.png HTTP/1.1" 200 268337 "https://onlycnc.com.au/wp-content/uploads/gutenverse/css/gutenverse-content-45-666947.css?ver=666947" "Mozilla/5.0 (Windows NT 10.0; Win64; x64) AppleWebKit/537.36 (KHTML, like Gecko) Chrome/138.0.0.0 Safari/537.36 Edg/138.0.0.0"
86.139.101.39 - - [21/Jul/2025:14:20:02 +0000] "GET /wp-content/themes/ondustry/assets/js/essential/profrontend.js?ver=1.0.5 HTTP/1.1" 200 2599 "https://onlycnc.com.au/" "Mozilla/5.0 (Windows NT 10.0; Win64; x64) AppleWebKit/537.36 (KHTML, like Gecko) Chrome/138.0.0.0 Safari/537.36 Edg/138.0.0.0"
