66.249.73.129 - - [22/Jul/2025:00:12:18 +0000] "GET /?f=98049768021490&mod=0c1234c3&uri=dp.php?shopdetail/3309328 HTTP/1.1" 200 19462 "-" "Mozilla/5.0 (Linux; Android 6.0.1; Nexus 5X Build/MMB29P) AppleWebKit/537.36 (KHTML, like Gecko) Chrome/137.0.7151.103 Mobile Safari/537.36 (compatible; Googlebot/2.1; +http://www.google.com/bot.html)"
66.249.73.128 - - [22/Jul/2025:00:12:21 +0000] "POST /get-message-notify HTTP/1.1" 404 - "https://onlycnc.com.au/?f=98049768021490&mod=0c1234c3&uri=dp.php?shopdetail/3309328" "Mozilla/5.0 (Linux; Android 6.0.1; Nexus 5X Build/MMB29P) AppleWebKit/537.36 (KHTML, like Gecko) Chrome/137.0.7151.119 Mobile Safari/537.36 (compatible; Googlebot/2.1; +http://www.google.com/bot.html)"
66.249.73.129 - - [22/Jul/2025:00:13:38 +0000] "GET /?f=102324046071490&mod=b4624271&uri=info.php?shopdetail/4771320 HTTP/1.1" 200 18483 "-" "Mozilla/5.0 (Linux; Android 6.0.1; Nexus 5X Build/MMB29P) AppleWebKit/537.36 (KHTML, like Gecko) Chrome/137.0.7151.103 Mobile Safari/537.36 (compatible; Googlebot/2.1; +http://www.google.com/bot.html)"
66.249.73.128 - - [22/Jul/2025:00:13:53 +0000] "POST /get-message-notify HTTP/1.1" 404 - "https://onlycnc.com.au/?f=102324046071490&mod=b4624271&uri=info.php?shopdetail/4771320" "Mozilla/5.0 (Linux; Android 6.0.1; Nexus 5X Build/MMB29P) AppleWebKit/537.36 (KHTML, like Gecko) Chrome/137.0.7151.119 Mobile Safari/537.36 (compatible; Googlebot/2.1; +http://www.google.com/bot.html)"
66.249.73.129 - - [22/Jul/2025:00:15:14 +0000] "GET /?f=5766447021490&mod=8f561e4c&uri=shop.php?toreka/toreka_single.html HTTP/1.1" 200 18904 "-" "Mozilla/5.0 (Linux; Android 6.0.1; Nexus 5X Build/MMB29P) AppleWebKit/537.36 (KHTML, like Gecko) Chrome/137.0.7151.103 Mobile Safari/537.36 (compatible; Googlebot/2.1; +http://www.google.com/bot.html)"
66.249.73.132 - - [22/Jul/2025:00:16:48 +0000] "GET /?f=5766447021490&mod=8f561e4c&uri=shop.php?shopdetail/3276296 HTTP/1.1" 200 18672 "-" "Mozilla/5.0 (Linux; Android 6.0.1; Nexus 5X Build/MMB29P) AppleWebKit/537.36 (KHTML, like Gecko) Chrome/137.0.7151.103 Mobile Safari/537.36 (compatible; Googlebot/2.1; +http://www.google.com/bot.html)"
66.249.73.132 - - [22/Jul/2025:00:18:20 +0000] "GET /?f=25339822041490&mod=b150a8c5&uri=brands.php?shopdetail/3245448 HTTP/1.1" 200 18788 "-" "Mozilla/5.0 (Linux; Android 6.0.1; Nexus 5X Build/MMB29P) AppleWebKit/537.36 (KHTML, like Gecko) Chrome/137.0.7151.103 Mobile Safari/537.36 (compatible; Googlebot/2.1; +http://www.google.com/bot.html)"
66.249.73.129 - - [22/Jul/2025:00:18:23 +0000] "POST /get-message-notify HTTP/1.1" 404 - "https://onlycnc.com.au/?f=25339822041490&mod=b150a8c5&uri=brands.php?shopdetail/3245448" "Mozilla/5.0 (Linux; Android 6.0.1; Nexus 5X Build/MMB29P) AppleWebKit/537.36 (KHTML, like Gecko) Chrome/137.0.7151.119 Mobile Safari/537.36 (compatible; Googlebot/2.1; +http://www.google.com/bot.html)"
66.249.73.132 - - [22/Jul/2025:00:19:54 +0000] "GET /?f=54415340041490&mod=30f8f6b9&uri=product.php?hobby/boardgame/index.html HTTP/1.1" 200 19303 "-" "Mozilla/5.0 (Linux; Android 6.0.1; Nexus 5X Build/MMB29P) AppleWebKit/537.36 (KHTML, like Gecko) Chrome/137.0.7151.103 Mobile Safari/537.36 (compatible; Googlebot/2.1; +http://www.google.com/bot.html)"
66.249.73.129 - - [22/Jul/2025:00:25:12 +0000] "GET /?f=31813785041490&mod=5fb0c358&uri=search.php?shopdetail/58916268 HTTP/1.1" 200 19238 "-" "Mozilla/5.0 (Linux; Android 6.0.1; Nexus 5X Build/MMB29P) AppleWebKit/537.36 (KHTML, like Gecko) Chrome/137.0.7151.103 Mobile Safari/537.36 (compatible; Googlebot/2.1; +http://www.google.com/bot.html)"
57.141.2.25 - - [22/Jul/2025:00:25:16 +0000] "GET /?f=79479613091490& HTTP/1.1" 301 - "-" "meta-externalagent/1.1 (+https://developers.facebook.com/docs/sharing/webmasters/crawler)"
66.249.73.132 - - [22/Jul/2025:00:26:58 +0000] "GET /?f=5962751021490&mod=9cecbb6f&uri=shared.php?shopdetail/58865756 HTTP/1.1" 200 18375 "-" "Mozilla/5.0 (Linux; Android 6.0.1; Nexus 5X Build/MMB29P) AppleWebKit/537.36 (KHTML, like Gecko) Chrome/137.0.7151.103 Mobile Safari/537.36 (compatible; Googlebot/2.1; +http://www.google.com/bot.html)"
66.249.73.128 - - [22/Jul/2025:00:26:59 +0000] "GET /?f=5962751021490&mod=9cecbb6f&uri=shared.php?shopdetail/58875584 HTTP/1.1" 200 19052 "-" "Mozilla/5.0 (Linux; Android 6.0.1; Nexus 5X Build/MMB29P) AppleWebKit/537.36 (KHTML, like Gecko) Chrome/137.0.7151.103 Mobile Safari/537.36 (compatible; Googlebot/2.1; +http://www.google.com/bot.html)"
66.249.73.132 - - [22/Jul/2025:00:26:59 +0000] "GET /?f=31813785041490&mod=5fb0c358&uri=search.php?shopdetail/58917488 HTTP/1.1" 200 18625 "-" "Mozilla/5.0 (Linux; Android 6.0.1; Nexus 5X Build/MMB29P) AppleWebKit/537.36 (KHTML, like Gecko) Chrome/137.0.7151.103 Mobile Safari/537.36 (compatible; Googlebot/2.1; +http://www.google.com/bot.html)"
66.249.73.128 - - [22/Jul/2025:00:27:01 +0000] "GET /?f=5962751021490&mod=9cecbb6f&uri=shared.php?shopdetail/58868904 HTTP/1.1" 200 19441 "-" "Mozilla/5.0 (Linux; Android 6.0.1; Nexus 5X Build/MMB29P) AppleWebKit/537.36 (KHTML, like Gecko) Chrome/137.0.7151.103 Mobile Safari/537.36 (compatible; Googlebot/2.1; +http://www.google.com/bot.html)"
66.249.73.132 - - [22/Jul/2025:00:27:02 +0000] "GET /?f=31813785041490&mod=5fb0c358&uri=search.php?shopdetail/58910936 HTTP/1.1" 200 18681 "-" "Mozilla/5.0 (Linux; Android 6.0.1; Nexus 5X Build/MMB29P) AppleWebKit/537.36 (KHTML, like Gecko) Chrome/137.0.7151.103 Mobile Safari/537.36 (compatible; Googlebot/2.1; +http://www.google.com/bot.html)"
66.249.73.132 - - [22/Jul/2025:00:27:03 +0000] "POST /get-message-notify HTTP/1.1" 404 - "https://onlycnc.com.au/?f=5962751021490&mod=9cecbb6f&uri=shared.php?shopdetail/58868904" "Mozilla/5.0 (Linux; Android 6.0.1; Nexus 5X Build/MMB29P) AppleWebKit/537.36 (KHTML, like Gecko) Chrome/137.0.7151.119 Mobile Safari/537.36 (compatible; Googlebot/2.1; +http://www.google.com/bot.html)"
66.249.73.132 - - [22/Jul/2025:00:27:04 +0000] "GET /?f=5766477061490&mod=0e98aeeb&uri=news.php?shopdetail/4789892 HTTP/1.1" 200 19062 "-" "Mozilla/5.0 (Linux; Android 6.0.1; Nexus 5X Build/MMB29P) AppleWebKit/537.36 (KHTML, like Gecko) Chrome/137.0.7151.103 Mobile Safari/537.36 (compatible; Googlebot/2.1; +http://www.google.com/bot.html)"
66.249.73.132 - - [22/Jul/2025:00:27:05 +0000] "GET /?f=5766477061490&mod=0e98aeeb&uri=news.php?shopdetail/4728196 HTTP/1.1" 200 18412 "-" "Mozilla/5.0 (Linux; Android 6.0.1; Nexus 5X Build/MMB29P) AppleWebKit/537.36 (KHTML, like Gecko) Chrome/137.0.7151.103 Mobile Safari/537.36 (compatible; Googlebot/2.1; +http://www.google.com/bot.html)"
66.249.73.132 - - [22/Jul/2025:00:27:07 +0000] "GET /?f=5766477061490&mod=0e98aeeb&uri=news.php?shopdetail/4755768 HTTP/1.1" 200 18276 "-" "Mozilla/5.0 (Linux; Android 6.0.1; Nexus 5X Build/MMB29P) AppleWebKit/537.36 (KHTML, like Gecko) Chrome/137.0.7151.103 Mobile Safari/537.36 (compatible; Googlebot/2.1; +http://www.google.com/bot.html)"
66.249.73.132 - - [22/Jul/2025:00:27:08 +0000] "GET /?f=5766477061490&mod=0e98aeeb&uri=news.php?shopdetail/4727232 HTTP/1.1" 200 19297 "-" "Mozilla/5.0 (Linux; Android 6.0.1; Nexus 5X Build/MMB29P) AppleWebKit/537.36 (KHTML, like Gecko) Chrome/137.0.7151.103 Mobile Safari/537.36 (compatible; Googlebot/2.1; +http://www.google.com/bot.html)"
66.249.73.132 - - [22/Jul/2025:00:27:10 +0000] "GET /?f=5766477061490&mod=0e98aeeb&uri=news.php?shopdetail/4709624 HTTP/1.1" 200 18677 "-" "Mozilla/5.0 (Linux; Android 6.0.1; Nexus 5X Build/MMB29P) AppleWebKit/537.36 (KHTML, like Gecko) Chrome/137.0.7151.103 Mobile Safari/537.36 (compatible; Googlebot/2.1; +http://www.google.com/bot.html)"
66.249.73.132 - - [22/Jul/2025:00:27:11 +0000] "GET /?f=5766477061490&mod=0e98aeeb&uri=news.php?shopdetail/4758080 HTTP/1.1" 200 19278 "-" "Mozilla/5.0 (Linux; Android 6.0.1; Nexus 5X Build/MMB29P) AppleWebKit/537.36 (KHTML, like Gecko) Chrome/137.0.7151.103 Mobile Safari/537.36 (compatible; Googlebot/2.1; +http://www.google.com/bot.html)"
66.249.73.132 - - [22/Jul/2025:00:27:12 +0000] "GET /?f=5766477061490&mod=0e98aeeb&uri=news.php?shopdetail/4761228 HTTP/1.1" 200 19303 "-" "Mozilla/5.0 (Linux; Android 6.0.1; Nexus 5X Build/MMB29P) AppleWebKit/537.36 (KHTML, like Gecko) Chrome/137.0.7151.103 Mobile Safari/537.36 (compatible; Googlebot/2.1; +http://www.google.com/bot.html)"
66.249.73.132 - - [22/Jul/2025:00:27:14 +0000] "GET /?f=5766477061490&mod=0e98aeeb&uri=news.php?shopdetail/4771320 HTTP/1.1" 200 18474 "-" "Mozilla/5.0 (Linux; Android 6.0.1; Nexus 5X Build/MMB29P) AppleWebKit/537.36 (KHTML, like Gecko) Chrome/137.0.7151.103 Mobile Safari/537.36 (compatible; Googlebot/2.1; +http://www.google.com/bot.html)"
66.249.73.132 - - [22/Jul/2025:00:27:15 +0000] "POST /get-message-notify HTTP/1.1" 404 - "https://onlycnc.com.au/?f=5766477061490&mod=0e98aeeb&uri=news.php?shopdetail/4761228" "Mozilla/5.0 (Linux; Android 6.0.1; Nexus 5X Build/MMB29P) AppleWebKit/537.36 (KHTML, like Gecko) Chrome/137.0.7151.119 Mobile Safari/537.36 (compatible; Googlebot/2.1; +http://www.google.com/bot.html)"
66.249.73.132 - - [22/Jul/2025:00:27:15 +0000] "GET /?f=5766477061490&mod=0e98aeeb&uri=news.php?shopdetail/4730380 HTTP/1.1" 200 19331 "-" "Mozilla/5.0 (Linux; Android 6.0.1; Nexus 5X Build/MMB29P) AppleWebKit/537.36 (KHTML, like Gecko) Chrome/137.0.7151.103 Mobile Safari/537.36 (compatible; Googlebot/2.1; +http://www.google.com/bot.html)"
66.249.73.132 - - [22/Jul/2025:00:27:16 +0000] "GET /?f=5766477061490&mod=0e98aeeb&uri=news.php?shopdetail/4763412 HTTP/1.1" 200 19062 "-" "Mozilla/5.0 (Linux; Android 6.0.1; Nexus 5X Build/MMB29P) AppleWebKit/537.36 (KHTML, like Gecko) Chrome/137.0.7151.103 Mobile Safari/537.36 (compatible; Googlebot/2.1; +http://www.google.com/bot.html)"
66.249.73.132 - - [22/Jul/2025:00:27:17 +0000] "POST /get-message-notify HTTP/1.1" 404 - "https://onlycnc.com.au/?f=5766477061490&mod=0e98aeeb&uri=news.php?shopdetail/4771320" "Mozilla/5.0 (Linux; Android 6.0.1; Nexus 5X Build/MMB29P) AppleWebKit/537.36 (KHTML, like Gecko) Chrome/137.0.7151.119 Mobile Safari/537.36 (compatible; Googlebot/2.1; +http://www.google.com/bot.html)"
66.249.73.132 - - [22/Jul/2025:00:27:21 +0000] "POST /get-message-notify HTTP/1.1" 404 - "https://onlycnc.com.au/?f=5766477061490&mod=0e98aeeb&uri=news.php?shopdetail/4730380" "Mozilla/5.0 (Linux; Android 6.0.1; Nexus 5X Build/MMB29P) AppleWebKit/537.36 (KHTML, like Gecko) Chrome/137.0.7151.119 Mobile Safari/537.36 (compatible; Googlebot/2.1; +http://www.google.com/bot.html)"
66.249.73.132 - - [22/Jul/2025:00:27:24 +0000] "POST /get-message-notify HTTP/1.1" 404 - "https://onlycnc.com.au/?f=31813785041490&mod=5fb0c358&uri=search.php?shopdetail/58917488" "Mozilla/5.0 (Linux; Android 6.0.1; Nexus 5X Build/MMB29P) AppleWebKit/537.36 (KHTML, like Gecko) Chrome/137.0.7151.119 Mobile Safari/537.36 (compatible; Googlebot/2.1; +http://www.google.com/bot.html)"
57.141.2.18 - - [22/Jul/2025:00:27:27 +0000] "GET /shopdetail/1633787096 HTTP/1.1" 404 - "-" "meta-externalagent/1.1 (+https://developers.facebook.com/docs/sharing/webmasters/crawler)"
57.141.2.14 - - [22/Jul/2025:00:28:29 +0000] "GET /shopdetail/1633973284 HTTP/1.1" 404 - "-" "meta-externalagent/1.1 (+https://developers.facebook.com/docs/sharing/webmasters/crawler)"
66.249.73.132 - - [22/Jul/2025:00:28:59 +0000] "POST /get-message-notify HTTP/1.1" 404 - "https://onlycnc.com.au/?f=5766477061490&mod=0e98aeeb&uri=news.php?shopdetail/4789892" "Mozilla/5.0 (Linux; Android 6.0.1; Nexus 5X Build/MMB29P) AppleWebKit/537.36 (KHTML, like Gecko) Chrome/137.0.7151.119 Mobile Safari/537.36 (compatible; Googlebot/2.1; +http://www.google.com/bot.html)"
66.249.73.132 - - [22/Jul/2025:00:29:01 +0000] "POST /get-message-notify HTTP/1.1" 404 - "https://onlycnc.com.au/?f=5962751021490&mod=9cecbb6f&uri=shared.php?shopdetail/58875584" "Mozilla/5.0 (Linux; Android 6.0.1; Nexus 5X Build/MMB29P) AppleWebKit/537.36 (KHTML, like Gecko) Chrome/137.0.7151.119 Mobile Safari/537.36 (compatible; Googlebot/2.1; +http://www.google.com/bot.html)"
66.249.73.132 - - [22/Jul/2025:00:30:23 +0000] "GET /?f=31813785041490&mod=5fb0c358&uri=search.php?shopdetail/58928416 HTTP/1.1" 200 19238 "-" "Mozilla/5.0 (Linux; Android 6.0.1; Nexus 5X Build/MMB29P) AppleWebKit/537.36 (KHTML, like Gecko) Chrome/137.0.7151.103 Mobile Safari/537.36 (compatible; Googlebot/2.1; +http://www.google.com/bot.html)"
66.249.73.132 - - [22/Jul/2025:00:30:47 +0000] "POST /get-message-notify HTTP/1.1" 404 - "https://onlycnc.com.au/?f=5766447021490&mod=8f561e4c&uri=shop.php?toreka/toreka_single.html" "Mozilla/5.0 (Linux; Android 6.0.1; Nexus 5X Build/MMB29P) AppleWebKit/537.36 (KHTML, like Gecko) Chrome/137.0.7151.119 Mobile Safari/537.36 (compatible; Googlebot/2.1; +http://www.google.com/bot.html)"
57.141.2.3 - - [22/Jul/2025:00:32:12 +0000] "GET /?f=73204715001490& HTTP/1.1" 301 - "-" "meta-externalagent/1.1 (+https://developers.facebook.com/docs/sharing/webmasters/crawler)"
57.141.2.15 - - [22/Jul/2025:00:33:08 +0000] "GET /?f=73204715001490 HTTP/1.1" 200 111321 "-" "meta-externalagent/1.1 (+https://developers.facebook.com/docs/sharing/webmasters/crawler)"
69.171.234.8 - - [22/Jul/2025:00:33:31 +0000] "GET /wp-content/uploads/2025/02/Asset-3-1024x258.png HTTP/1.1" 200 37631 "-" "facebookexternalhit/1.1 (+http://www.facebook.com/externalhit_uatext.php)"
66.249.73.129 - - [22/Jul/2025:00:34:37 +0000] "GET /?f=54415340041490&mod=30f8f6b9&uri=product.php?events/ HTTP/1.1" 200 18775 "-" "Mozilla/5.0 (Linux; Android 6.0.1; Nexus 5X Build/MMB29P) AppleWebKit/537.36 (KHTML, like Gecko) Chrome/137.0.7151.103 Mobile Safari/537.36 (compatible; Googlebot/2.1; +http://www.google.com/bot.html)"
66.249.73.132 - - [22/Jul/2025:00:34:41 +0000] "POST /get-message-notify HTTP/1.1" 404 - "https://onlycnc.com.au/?f=54415340041490&mod=30f8f6b9&uri=product.php?events/" "Mozilla/5.0 (Linux; Android 6.0.1; Nexus 5X Build/MMB29P) AppleWebKit/537.36 (KHTML, like Gecko) Chrome/137.0.7151.119 Mobile Safari/537.36 (compatible; Googlebot/2.1; +http://www.google.com/bot.html)"
66.249.73.129 - - [22/Jul/2025:00:36:14 +0000] "GET /?f=54343531041490&mod=0672911f&uri=goods.php?shopdetail/3247632 HTTP/1.1" 200 18592 "-" "Mozilla/5.0 (Linux; Android 6.0.1; Nexus 5X Build/MMB29P) AppleWebKit/537.36 (KHTML, like Gecko) Chrome/137.0.7151.103 Mobile Safari/537.36 (compatible; Googlebot/2.1; +http://www.google.com/bot.html)"
57.141.2.24 - - [22/Jul/2025:00:37:25 +0000] "GET /shopdetail/1634000848 HTTP/1.1" 404 - "-" "meta-externalagent/1.1 (+https://developers.facebook.com/docs/sharing/webmasters/crawler)"
66.249.73.129 - - [22/Jul/2025:00:37:45 +0000] "GET /?f=54242006021490&mod=041075b4&uri=shared.php?shopdetail/3243264 HTTP/1.1" 200 19305 "-" "Mozilla/5.0 (Linux; Android 6.0.1; Nexus 5X Build/MMB29P) AppleWebKit/537.36 (KHTML, like Gecko) Chrome/137.0.7151.103 Mobile Safari/537.36 (compatible; Googlebot/2.1; +http://www.google.com/bot.html)"
57.141.2.17 - - [22/Jul/2025:00:38:30 +0000] "GET /shopdetail/1633573208 HTTP/1.1" 404 - "-" "meta-externalagent/1.1 (+https://developers.facebook.com/docs/sharing/webmasters/crawler)"
66.249.73.129 - - [22/Jul/2025:00:39:20 +0000] "GET /?f=54360738051490&mod=cdbe7ddc&uri=article.php?shopdetail/3277516 HTTP/1.1" 200 19177 "-" "Mozilla/5.0 (Linux; Android 6.0.1; Nexus 5X Build/MMB29P) AppleWebKit/537.36 (KHTML, like Gecko) Chrome/137.0.7151.103 Mobile Safari/537.36 (compatible; Googlebot/2.1; +http://www.google.com/bot.html)"
66.249.73.129 - - [22/Jul/2025:00:40:28 +0000] "GET /?f=31841330001490&mod=5fb0c358&uri=shop.php?shopdetail/60992216 HTTP/1.1" 200 19089 "-" "Mozilla/5.0 (Linux; Android 6.0.1; Nexus 5X Build/MMB29P) AppleWebKit/537.36 (KHTML, like Gecko) Chrome/137.0.7151.103 Mobile Safari/537.36 (compatible; Googlebot/2.1; +http://www.google.com/bot.html)"
47.82.11.39 - - [22/Jul/2025:00:40:57 +0000] "GET /?f=5723646071490&mod=06524331&uri=product.php?id%3D191131-334%26name%3Dbaal+veer+returns+236 HTTP/1.1" 301 - "https://onlycnc.com.au/?f=5723646071490&mod=06524331&uri=product.php%3Fid%3D191131-334%26name%3Dbaal+veer+returns+236" "Mozilla/5.0 (Windows NT 10.0; Win64; x64) AppleWebKit/537.36 (KHTML, like Gecko) Chrome/114.0.0.0 Safari/537.36 Edg/114.0.1823.43"
47.82.11.39 - - [22/Jul/2025:00:40:58 +0000] "GET /?f=5723646071490&mod=06524331&uri=product.php?id%3D191131-334%26name%3Dbaal%20veer%20returns%20236 HTTP/1.1" 301 - "https://onlycnc.com.au/?f=5723646071490&mod=06524331&uri=product.php%3Fid%3D191131-334%26name%3Dbaal+veer+returns+236" "Mozilla/5.0 (Windows NT 10.0; Win64; x64) AppleWebKit/537.36 (KHTML, like Gecko) Chrome/114.0.0.0 Safari/537.36 Edg/114.0.1823.43"
57.141.2.16 - - [22/Jul/2025:00:41:37 +0000] "GET /?f=94974700061490& HTTP/1.1" 301 - "-" "meta-externalagent/1.1 (+https://developers.facebook.com/docs/sharing/webmasters/crawler)"
66.249.73.128 - - [22/Jul/2025:00:42:31 +0000] "GET /?f=32135994001490&mod=28fda3e1&uri=dp.php?shopdetail/3301684 HTTP/1.1" 200 19660 "-" "Mozilla/5.0 (Linux; Android 6.0.1; Nexus 5X Build/MMB29P) AppleWebKit/537.36 (KHTML, like Gecko) Chrome/137.0.7151.103 Mobile Safari/537.36 (compatible; Googlebot/2.1; +http://www.google.com/bot.html)"
66.249.73.129 - - [22/Jul/2025:00:42:34 +0000] "POST /get-message-notify HTTP/1.1" 404 - "https://onlycnc.com.au/?f=32135994001490&mod=28fda3e1&uri=dp.php?shopdetail/3301684" "Mozilla/5.0 (Linux; Android 6.0.1; Nexus 5X Build/MMB29P) AppleWebKit/537.36 (KHTML, like Gecko) Chrome/137.0.7151.119 Mobile Safari/537.36 (compatible; Googlebot/2.1; +http://www.google.com/bot.html)"
66.249.73.132 - - [22/Jul/2025:00:43:45 +0000] "GET /?f=5962121011490&mod=9cecbb6f&uri=info.php?product/edit/O256591391 HTTP/1.1" 200 19668 "-" "Mozilla/5.0 (Linux; Android 6.0.1; Nexus 5X Build/MMB29P) AppleWebKit/537.36 (KHTML, like Gecko) Chrome/137.0.7151.103 Mobile Safari/537.36 (compatible; Googlebot/2.1; +http://www.google.com/bot.html)"
66.249.73.128 - - [22/Jul/2025:00:44:17 +0000] "GET /?f=54436395001490&mod=d37b3ca3&uri=shop.php?shopdetail/3279700 HTTP/1.1" 200 19372 "-" "Mozilla/5.0 (Linux; Android 6.0.1; Nexus 5X Build/MMB29P) AppleWebKit/537.36 (KHTML, like Gecko) Chrome/137.0.7151.103 Mobile Safari/537.36 (compatible; Googlebot/2.1; +http://www.google.com/bot.html)"
66.249.73.129 - - [22/Jul/2025:00:45:34 +0000] "GET /?f=119728633051490&mod=bf96bfac&uri=news.php?shopdetail/56902144 HTTP/1.1" 200 19252 "-" "Mozilla/5.0 (Linux; Android 6.0.1; Nexus 5X Build/MMB29P) AppleWebKit/537.36 (KHTML, like Gecko) Chrome/137.0.7151.103 Mobile Safari/537.36 (compatible; Googlebot/2.1; +http://www.google.com/bot.html)"
66.249.73.129 - - [22/Jul/2025:00:47:15 +0000] "GET /?f=43013777041490&mod=261474eb&uri=form.php?shopdetail/3299500 HTTP/1.1" 200 19153 "-" "Mozilla/5.0 (Linux; Android 6.0.1; Nexus 5X Build/MMB29P) AppleWebKit/537.36 (KHTML, like Gecko) Chrome/137.0.7151.103 Mobile Safari/537.36 (compatible; Googlebot/2.1; +http://www.google.com/bot.html)"
104.210.140.142 - - [22/Jul/2025:00:47:58 +0000] "GET /robots.txt HTTP/1.1" 200 108 "-" "Mozilla/5.0 (Macintosh; Intel Mac OS X 10_15_7) AppleWebKit/537.36 (KHTML, like Gecko) Chrome/131.0.0.0 Safari/537.36; compatible; OAI-SearchBot/1.0; +https://openai.com/searchbot"
66.249.73.129 - - [22/Jul/2025:00:48:39 +0000] "GET /?f=31813785041490&mod=5fb0c358&uri=search.php?shopdetail/60358204 HTTP/1.1" 200 18903 "-" "Mozilla/5.0 (Linux; Android 6.0.1; Nexus 5X Build/MMB29P) AppleWebKit/537.36 (KHTML, like Gecko) Chrome/137.0.7151.103 Mobile Safari/537.36 (compatible; Googlebot/2.1; +http://www.google.com/bot.html)"
66.249.73.128 - - [22/Jul/2025:00:48:42 +0000] "GET /?f=54398113071490&mod=a73b1623&uri=us.php?feature/osu_main/index.html HTTP/1.1" 200 18785 "-" "Mozilla/5.0 (Linux; Android 6.0.1; Nexus 5X Build/MMB29P) AppleWebKit/537.36 (KHTML, like Gecko) Chrome/137.0.7151.103 Mobile Safari/537.36 (compatible; Googlebot/2.1; +http://www.google.com/bot.html)"
57.141.2.16 - - [22/Jul/2025:00:48:46 +0000] "GET /shopdetail/1633195116 HTTP/1.1" 404 - "-" "meta-externalagent/1.1 (+https://developers.facebook.com/docs/sharing/webmasters/crawler)"
66.249.73.132 - - [22/Jul/2025:00:48:51 +0000] "GET /?f=5763027031490&mod=8f561e4c&uri=category-info.php?shopdetail/6194556 HTTP/1.1" 200 18421 "-" "Mozilla/5.0 (Linux; Android 6.0.1; Nexus 5X Build/MMB29P) AppleWebKit/537.36 (KHTML, like Gecko) Chrome/137.0.7151.103 Mobile Safari/537.36 (compatible; Googlebot/2.1; +http://www.google.com/bot.html)"
66.249.73.129 - - [22/Jul/2025:00:49:39 +0000] "POST /get-message-notify HTTP/1.1" 404 - "https://onlycnc.com.au/?f=54398113071490&mod=a73b1623&uri=us.php?feature/osu_main/index.html" "Mozilla/5.0 (Linux; Android 6.0.1; Nexus 5X Build/MMB29P) AppleWebKit/537.36 (KHTML, like Gecko) Chrome/137.0.7151.119 Mobile Safari/537.36 (compatible; Googlebot/2.1; +http://www.google.com/bot.html)"
66.249.73.132 - - [22/Jul/2025:00:49:46 +0000] "GET /?f=31813785041490&mod=5fb0c358&uri=search.php?shopdetail/58897568 HTTP/1.1" 200 18693 "-" "Mozilla/5.0 (Linux; Android 6.0.1; Nexus 5X Build/MMB29P) AppleWebKit/537.36 (KHTML, like Gecko) Chrome/137.0.7151.103 Mobile Safari/537.36 (compatible; Googlebot/2.1; +http://www.google.com/bot.html)"
66.249.73.132 - - [22/Jul/2025:00:49:51 +0000] "GET /?f=5763027031490&mod=8f561e4c&uri=category-info.php?shopdetail/57556912 HTTP/1.1" 200 18536 "-" "Mozilla/5.0 (Linux; Android 6.0.1; Nexus 5X Build/MMB29P) AppleWebKit/537.36 (KHTML, like Gecko) Chrome/137.0.7151.103 Mobile Safari/537.36 (compatible; Googlebot/2.1; +http://www.google.com/bot.html)"
66.249.73.128 - - [22/Jul/2025:00:50:21 +0000] "GET /?f=54395233061490&mod=a73b1623&uri=brands.php?events/ HTTP/1.1" 200 18780 "-" "Mozilla/5.0 (Linux; Android 6.0.1; Nexus 5X Build/MMB29P) AppleWebKit/537.36 (KHTML, like Gecko) Chrome/137.0.7151.103 Mobile Safari/537.36 (compatible; Googlebot/2.1; +http://www.google.com/bot.html)"
66.249.73.132 - - [22/Jul/2025:00:50:45 +0000] "POST /get-message-notify HTTP/1.1" 404 - "https://onlycnc.com.au/?f=54395233061490&mod=a73b1623&uri=brands.php?events/" "Mozilla/5.0 (Linux; Android 6.0.1; Nexus 5X Build/MMB29P) AppleWebKit/537.36 (KHTML, like Gecko) Chrome/137.0.7151.119 Mobile Safari/537.36 (compatible; Googlebot/2.1; +http://www.google.com/bot.html)"
66.249.73.132 - - [22/Jul/2025:00:51:04 +0000] "GET /?f=54362658001490&mod=cdbe7ddc&uri=search.php?shopdetail/58260272 HTTP/1.1" 200 18544 "-" "Mozilla/5.0 (Linux; Android 6.0.1; Nexus 5X Build/MMB29P) AppleWebKit/537.36 (KHTML, like Gecko) Chrome/137.0.7151.103 Mobile Safari/537.36 (compatible; Googlebot/2.1; +http://www.google.com/bot.html)"
66.249.73.132 - - [22/Jul/2025:00:51:13 +0000] "POST /get-message-notify HTTP/1.1" 404 - "https://onlycnc.com.au/?f=54362658001490&mod=cdbe7ddc&uri=search.php?shopdetail/58260272" "Mozilla/5.0 (Linux; Android 6.0.1; Nexus 5X Build/MMB29P) AppleWebKit/537.36 (KHTML, like Gecko) Chrome/137.0.7151.119 Mobile Safari/537.36 (compatible; Googlebot/2.1; +http://www.google.com/bot.html)"
66.249.73.132 - - [22/Jul/2025:00:51:51 +0000] "GET /?f=54398113071490&mod=a73b1623&uri=us.php?books.html HTTP/1.1" 200 19484 "-" "Mozilla/5.0 (Linux; Android 6.0.1; Nexus 5X Build/MMB29P) AppleWebKit/537.36 (KHTML, like Gecko) Chrome/137.0.7151.103 Mobile Safari/537.36 (compatible; Googlebot/2.1; +http://www.google.com/bot.html)"
66.249.73.129 - - [22/Jul/2025:00:52:20 +0000] "GET /?f=54362658001490&mod=cdbe7ddc&uri=search.php?shopdetail/58376284 HTTP/1.1" 200 19566 "-" "Mozilla/5.0 (Linux; Android 6.0.1; Nexus 5X Build/MMB29P) AppleWebKit/537.36 (KHTML, like Gecko) Chrome/137.0.7151.103 Mobile Safari/537.36 (compatible; Googlebot/2.1; +http://www.google.com/bot.html)"
66.249.73.128 - - [22/Jul/2025:00:52:20 +0000] "GET /?f=31813785041490&mod=5fb0c358&uri=search.php?shopdetail/60357240 HTTP/1.1" 200 18692 "-" "Mozilla/5.0 (Linux; Android 6.0.1; Nexus 5X Build/MMB29P) AppleWebKit/537.36 (KHTML, like Gecko) Chrome/137.0.7151.103 Mobile Safari/537.36 (compatible; Googlebot/2.1; +http://www.google.com/bot.html)"
57.141.2.23 - - [22/Jul/2025:00:52:57 +0000] "GET /shopdetail/1470173104 HTTP/1.1" 404 - "-" "meta-externalagent/1.1 (+https://developers.facebook.com/docs/sharing/webmasters/crawler)"
66.249.73.128 - - [22/Jul/2025:00:53:18 +0000] "GET /?f=5763027031490&mod=8f561e4c&uri=category-info.php?shopdetail/62253432 HTTP/1.1" 200 18800 "-" "Mozilla/5.0 (Linux; Android 6.0.1; Nexus 5X Build/MMB29P) AppleWebKit/537.36 (KHTML, like Gecko) Chrome/137.0.7151.103 Mobile Safari/537.36 (compatible; Googlebot/2.1; +http://www.google.com/bot.html)"
66.249.73.132 - - [22/Jul/2025:00:53:26 +0000] "GET /?f=54979596051490&mod=59eb5a2d&uri=us.php?avsoft.html HTTP/1.1" 200 19365 "-" "Mozilla/5.0 (Linux; Android 6.0.1; Nexus 5X Build/MMB29P) AppleWebKit/537.36 (KHTML, like Gecko) Chrome/137.0.7151.103 Mobile Safari/537.36 (compatible; Googlebot/2.1; +http://www.google.com/bot.html)"
Hello World !