66.249.74.42 - - [21/Jul/2025:22:02:33 +0000] "GET /?h=6415346091600&mod=5aafd544&uri=goods.php?goods/4571468.shtml HTTP/1.1" 200 18900 "-" "Mozilla/5.0 (Linux; Android 6.0.1; Nexus 5X Build/MMB29P) AppleWebKit/537.36 (KHTML, like Gecko) Chrome/137.0.7151.103 Mobile Safari/537.36 (compatible; Googlebot/2.1; +http://www.google.com/bot.html)"
66.249.74.43 - - [21/Jul/2025:22:02:33 +0000] "GET /?h=88600309001600&mod=e2e05e5e&uri=shared.php?goods/42175268.shtml HTTP/1.1" 200 19356 "-" "Mozilla/5.0 (Linux; Android 6.0.1; Nexus 5X Build/MMB29P) AppleWebKit/537.36 (KHTML, like Gecko) Chrome/137.0.7151.103 Mobile Safari/537.36 (compatible; Googlebot/2.1; +http://www.google.com/bot.html)"
66.249.74.43 - - [21/Jul/2025:22:02:34 +0000] "GET /?h=88600309001600&mod=e2e05e5e&uri=shared.php?goods/38618558.shtml HTTP/1.1" 200 18749 "-" "Mozilla/5.0 (Linux; Android 6.0.1; Nexus 5X Build/MMB29P) AppleWebKit/537.36 (KHTML, like Gecko) Chrome/137.0.7151.103 Mobile Safari/537.36 (compatible; Googlebot/2.1; +http://www.google.com/bot.html)"
66.249.74.42 - - [21/Jul/2025:22:02:35 +0000] "POST /get-message-notify HTTP/1.1" 200 18155 "https://sergio-cuchi.tattoo/?h=6415346091600&mod=5aafd544&uri=goods.php?goods/4571468.shtml" "Mozilla/5.0 (Linux; Android 6.0.1; Nexus 5X Build/MMB29P) AppleWebKit/537.36 (KHTML, like Gecko) Chrome/137.0.7151.119 Mobile Safari/537.36 (compatible; Googlebot/2.1; +http://www.google.com/bot.html)"
66.249.74.32 - - [21/Jul/2025:22:02:39 +0000] "POST /get-message-notify HTTP/1.1" 200 18155 "https://sergio-cuchi.tattoo/?h=6415346091600&mod=5aafd544&uri=goods.php?goods/4570052.shtml" "Mozilla/5.0 (Linux; Android 6.0.1; Nexus 5X Build/MMB29P) AppleWebKit/537.36 (KHTML, like Gecko) Chrome/137.0.7151.119 Mobile Safari/537.36 (compatible; Googlebot/2.1; +http://www.google.com/bot.html)"
66.249.74.32 - - [21/Jul/2025:22:02:39 +0000] "POST /get-message-notify HTTP/1.1" 200 18155 "https://sergio-cuchi.tattoo/?h=88600309001600&mod=e2e05e5e&uri=shared.php?product/edit/S3777256516" "Mozilla/5.0 (Linux; Android 6.0.1; Nexus 5X Build/MMB29P) AppleWebKit/537.36 (KHTML, like Gecko) Chrome/137.0.7151.119 Mobile Safari/537.36 (compatible; Googlebot/2.1; +http://www.google.com/bot.html)"
209.74.77.214 - - [21/Jul/2025:22:02:42 +0000] "POST /wp-cron.php?doing_wp_cron=1753135362.8018920421600341796875 HTTP/1.1" 200 - "-" "WordPress/6.8.2; https://sergio-cuchi.tattoo"
57.141.2.20 - - [21/Jul/2025:22:02:41 +0000] "GET /?h=13134537011600& HTTP/1.1" 301 - "-" "meta-externalagent/1.1 (+https://developers.facebook.com/docs/sharing/webmasters/crawler)"
66.249.74.32 - - [21/Jul/2025:22:02:59 +0000] "POST /get-message-notify HTTP/1.1" 200 18155 "https://sergio-cuchi.tattoo/?h=88600309001600&mod=e2e05e5e&uri=shared.php?goods/42175268.shtml" "Mozilla/5.0 (Linux; Android 6.0.1; Nexus 5X Build/MMB29P) AppleWebKit/537.36 (KHTML, like Gecko) Chrome/137.0.7151.119 Mobile Safari/537.36 (compatible; Googlebot/2.1; +http://www.google.com/bot.html)"
216.73.216.248 - - [21/Jul/2025:22:03:24 +0000] "GET /sitemap-2.xml HTTP/1.1" 200 4208 "-" "Mozilla/5.0 AppleWebKit/537.36 (KHTML, like Gecko; compatible; ClaudeBot/1.0; [email protected])"
216.73.216.248 - - [21/Jul/2025:22:03:25 +0000] "GET /index.php/sitemap-16.xml HTTP/1.1" 200 4196 "-" "Mozilla/5.0 AppleWebKit/537.36 (KHTML, like Gecko; compatible; ClaudeBot/1.0; [email protected])"
66.249.74.32 - - [21/Jul/2025:22:03:50 +0000] "POST /get-message-notify HTTP/1.1" 200 18155 "https://sergio-cuchi.tattoo/?h=88600309001600&mod=e2e05e5e&uri=shared.php?goods/38618558.shtml" "Mozilla/5.0 (Linux; Android 6.0.1; Nexus 5X Build/MMB29P) AppleWebKit/537.36 (KHTML, like Gecko) Chrome/137.0.7151.119 Mobile Safari/537.36 (compatible; Googlebot/2.1; +http://www.google.com/bot.html)"
66.249.74.32 - - [21/Jul/2025:22:04:27 +0000] "GET /?h=5513974121600&mod=3dd420c4&uri=goods.php?goods/3323890.shtml HTTP/1.1" 200 19290 "-" "Mozilla/5.0 (Linux; Android 6.0.1; Nexus 5X Build/MMB29P) AppleWebKit/537.36 (KHTML, like Gecko) Chrome/137.0.7151.103 Mobile Safari/537.36 (compatible; Googlebot/2.1; +http://www.google.com/bot.html)"
66.249.74.32 - - [21/Jul/2025:22:05:12 +0000] "GET /?h=5513974121600&mod=3dd420c4&uri=goods.php?goods/36051192.shtml HTTP/1.1" 200 19452 "-" "Mozilla/5.0 (Linux; Android 6.0.1; Nexus 5X Build/MMB29P) AppleWebKit/537.36 (KHTML, like Gecko) Chrome/137.0.7151.103 Mobile Safari/537.36 (compatible; Googlebot/2.1; +http://www.google.com/bot.html)"
209.74.77.214 - - [21/Jul/2025:22:05:12 +0000] "POST /wp-cron.php?doing_wp_cron=1753135512.8712229728698730468750 HTTP/1.1" 200 - "-" "WordPress/6.8.2; https://sergio-cuchi.tattoo"
57.141.2.1 - - [21/Jul/2025:22:05:10 +0000] "GET /?h=86539146011600 HTTP/1.1" 200 97953 "-" "meta-externalagent/1.1 (+https://developers.facebook.com/docs/sharing/webmasters/crawler)"
66.249.74.43 - - [21/Jul/2025:22:05:15 +0000] "GET /?h=5513974121600&mod=3dd420c4&uri=goods.php?goods/34765602.shtml HTTP/1.1" 200 19372 "-" "Mozilla/5.0 (Linux; Android 6.0.1; Nexus 5X Build/MMB29P) AppleWebKit/537.36 (KHTML, like Gecko) Chrome/137.0.7151.103 Mobile Safari/537.36 (compatible; Googlebot/2.1; +http://www.google.com/bot.html)"
66.249.74.42 - - [21/Jul/2025:22:05:37 +0000] "GET /?h=5487966041600&mod=ba347fcc&uri=news.php?goods/1814960928.shtml HTTP/1.1" 200 18229 "-" "Mozilla/5.0 (Linux; Android 6.0.1; Nexus 5X Build/MMB29P) AppleWebKit/537.36 (KHTML, like Gecko) Chrome/137.0.7151.103 Mobile Safari/537.36 (compatible; Googlebot/2.1; +http://www.google.com/bot.html)"
57.141.2.13 - - [21/Jul/2025:22:05:43 +0000] "GET /?h=83191530081600& HTTP/1.1" 301 - "-" "meta-externalagent/1.1 (+https://developers.facebook.com/docs/sharing/webmasters/crawler)"
66.249.74.32 - - [21/Jul/2025:22:06:28 +0000] "GET /?h=5513974121600&mod=3dd420c4&uri=goods.php?goods/36052638.shtml HTTP/1.1" 200 19339 "-" "Mozilla/5.0 (Linux; Android 6.0.1; Nexus 5X Build/MMB29P) AppleWebKit/537.36 (KHTML, like Gecko) Chrome/137.0.7151.103 Mobile Safari/537.36 (compatible; Googlebot/2.1; +http://www.google.com/bot.html)"
209.74.77.214 - - [21/Jul/2025:22:06:35 +0000] "POST /wp-cron.php?doing_wp_cron=1753135595.4201200008392333984375 HTTP/1.1" 200 - "-" "WordPress/6.8.2; https://sergio-cuchi.tattoo"
57.141.2.17 - - [21/Jul/2025:22:06:34 +0000] "GET /?h=83191530081600 HTTP/1.1" 200 97953 "-" "meta-externalagent/1.1 (+https://developers.facebook.com/docs/sharing/webmasters/crawler)"
216.73.216.248 - - [21/Jul/2025:22:06:45 +0000] "GET /sitemap-1.xml HTTP/1.1" 200 4209 "-" "Mozilla/5.0 AppleWebKit/537.36 (KHTML, like Gecko; compatible; ClaudeBot/1.0; [email protected])"
66.249.74.32 - - [21/Jul/2025:22:07:33 +0000] "GET /?h=5121086001600&mod=22bb543b&uri=brands.php?goods/148335048.shtml HTTP/1.1" 200 19380 "-" "Mozilla/5.0 (Linux; Android 6.0.1; Nexus 5X Build/MMB29P) AppleWebKit/537.36 (KHTML, like Gecko) Chrome/137.0.7151.103 Mobile Safari/537.36 (compatible; Googlebot/2.1; +http://www.google.com/bot.html)"
209.74.77.214 - - [21/Jul/2025:22:07:51 +0000] "POST /wp-cron.php?doing_wp_cron=1753135671.5049030780792236328125 HTTP/1.1" 200 - "-" "WordPress/6.8.2; https://sergio-cuchi.tattoo"
51.222.253.5 - - [21/Jul/2025:22:07:50 +0000] "GET /product-category/tattoo-ink/ HTTP/1.1" 200 14413 "-" "Mozilla/5.0 (compatible; AhrefsBot/7.0; +http://ahrefs.com/robot/)"
66.249.74.32 - - [21/Jul/2025:22:08:51 +0000] "GET /?h=55282454001600&mod=3dd420c4&uri=article.php?goods/3292174.shtml HTTP/1.1" 200 19439 "-" "Mozilla/5.0 (Linux; Android 6.0.1; Nexus 5X Build/MMB29P) AppleWebKit/537.36 (KHTML, like Gecko) Chrome/137.0.7151.103 Mobile Safari/537.36 (compatible; Googlebot/2.1; +http://www.google.com/bot.html)"
209.74.77.214 - - [21/Jul/2025:22:09:05 +0000] "POST /wp-cron.php?doing_wp_cron=1753135745.1874918937683105468750 HTTP/1.1" 200 - "-" "WordPress/6.8.2; https://sergio-cuchi.tattoo"
57.141.2.5 - - [21/Jul/2025:22:09:00 +0000] "GET /?h=82107432081600& HTTP/1.1" 301 - "-" "meta-externalagent/1.1 (+https://developers.facebook.com/docs/sharing/webmasters/crawler)"
209.74.77.214 - - [21/Jul/2025:22:09:21 +0000] "POST /wp-cron.php?doing_wp_cron=1753135761.9339220523834228515625 HTTP/1.1" 200 - "-" "WordPress/6.8.2; https://sergio-cuchi.tattoo"
57.141.2.27 - - [21/Jul/2025:22:09:21 +0000] "GET /?h=82107432081600 HTTP/1.1" 200 97953 "-" "meta-externalagent/1.1 (+https://developers.facebook.com/docs/sharing/webmasters/crawler)"
66.249.74.42 - - [21/Jul/2025:22:09:22 +0000] "POST /get-message-notify HTTP/1.1" 200 18155 "https://sergio-cuchi.tattoo/?h=5487966041600&mod=ba347fcc&uri=news.php?goods/1814973064.shtml" "Mozilla/5.0 (Linux; Android 6.0.1; Nexus 5X Build/MMB29P) AppleWebKit/537.36 (KHTML, like Gecko) Chrome/137.0.7151.119 Mobile Safari/537.36 (compatible; Googlebot/2.1; +http://www.google.com/bot.html)"
57.141.2.16 - - [21/Jul/2025:22:09:38 +0000] "GET /?h=2091870001600& HTTP/1.1" 301 - "-" "meta-externalagent/1.1 (+https://developers.facebook.com/docs/sharing/webmasters/crawler)"
57.141.2.27 - - [21/Jul/2025:22:09:39 +0000] "GET /?h=11543886091600& HTTP/1.1" 301 - "-" "meta-externalagent/1.1 (+https://developers.facebook.com/docs/sharing/webmasters/crawler)"
57.141.2.26 - - [21/Jul/2025:22:09:42 +0000] "GET /?h=109878581021600& HTTP/1.1" 301 - "-" "meta-externalagent/1.1 (+https://developers.facebook.com/docs/sharing/webmasters/crawler)"
66.249.74.43 - - [21/Jul/2025:22:10:10 +0000] "GET /?h=55282454001600&mod=3dd420c4&uri=article.php?goods/3296632.shtml HTTP/1.1" 200 19379 "-" "Mozilla/5.0 (Linux; Android 6.0.1; Nexus 5X Build/MMB29P) AppleWebKit/537.36 (KHTML, like Gecko) Chrome/137.0.7151.103 Mobile Safari/537.36 (compatible; Googlebot/2.1; +http://www.google.com/bot.html)"
216.73.216.248 - - [21/Jul/2025:22:11:09 +0000] "GET /sitemap-13.xml HTTP/1.1" 200 4210 "-" "Mozilla/5.0 AppleWebKit/537.36 (KHTML, like Gecko; compatible; ClaudeBot/1.0; [email protected])"
66.249.74.32 - - [21/Jul/2025:22:11:44 +0000] "GET /?h=4827966031600&mod=404b686c&uri=info.php?goods/452900596.shtml HTTP/1.1" 200 19402 "-" "Mozilla/5.0 (Linux; Android 6.0.1; Nexus 5X Build/MMB29P) AppleWebKit/537.36 (KHTML, like Gecko) Chrome/137.0.7151.103 Mobile Safari/537.36 (compatible; Googlebot/2.1; +http://www.google.com/bot.html)"
209.74.77.214 - - [21/Jul/2025:22:13:17 +0000] "POST /wp-cron.php?doing_wp_cron=1753135997.9180018901824951171875 HTTP/1.1" 200 - "-" "WordPress/6.8.2; https://sergio-cuchi.tattoo"
57.141.2.16 - - [21/Jul/2025:22:13:15 +0000] "GET /?h=65414563021600 HTTP/1.1" 200 97960 "-" "meta-externalagent/1.1 (+https://developers.facebook.com/docs/sharing/webmasters/crawler)"
66.249.74.43 - - [21/Jul/2025:22:13:20 +0000] "GET /?h=6415346091600&mod=5aafd544&uri=goods.php?goods/4586658.shtml HTTP/1.1" 200 19485 "-" "Mozilla/5.0 (Linux; Android 6.0.1; Nexus 5X Build/MMB29P) AppleWebKit/537.36 (KHTML, like Gecko) Chrome/137.0.7151.103 Mobile Safari/537.36 (compatible; Googlebot/2.1; +http://www.google.com/bot.html)"
66.249.74.43 - - [21/Jul/2025:22:14:28 +0000] "GET /?h=88600309001600&mod=e2e05e5e&uri=shared.php?goods/4590122.shtml HTTP/1.1" 200 18713 "-" "Mozilla/5.0 (Linux; Android 6.0.1; Nexus 5X Build/MMB29P) AppleWebKit/537.36 (KHTML, like Gecko) Chrome/137.0.7151.103 Mobile Safari/537.36 (compatible; Googlebot/2.1; +http://www.google.com/bot.html)"
209.74.77.214 - - [21/Jul/2025:22:14:57 +0000] "POST /wp-cron.php?doing_wp_cron=1753136097.6853508949279785156250 HTTP/1.1" 200 - "-" "WordPress/6.8.2; https://sergio-cuchi.tattoo"
57.141.2.28 - - [21/Jul/2025:22:14:56 +0000] "GET /?h=74827540001600& HTTP/1.1" 301 - "-" "meta-externalagent/1.1 (+https://developers.facebook.com/docs/sharing/webmasters/crawler)"
66.249.74.32 - - [21/Jul/2025:22:15:12 +0000] "GET /?h=88600309001600&mod=e2e05e5e&uri=shared.php?goods/3286612.shtml HTTP/1.1" 200 18841 "-" "Mozilla/5.0 (Linux; Android 6.0.1; Nexus 5X Build/MMB29P) AppleWebKit/537.36 (KHTML, like Gecko) Chrome/137.0.7151.103 Mobile Safari/537.36 (compatible; Googlebot/2.1; +http://www.google.com/bot.html)"
209.74.77.214 - - [21/Jul/2025:22:15:12 +0000] "POST /wp-cron.php?doing_wp_cron=1753136112.5131099224090576171875 HTTP/1.1" 200 - "-" "WordPress/6.8.2; https://sergio-cuchi.tattoo"
57.141.2.16 - - [21/Jul/2025:22:15:12 +0000] "GET /?h=27371112051600& HTTP/1.1" 301 - "-" "meta-externalagent/1.1 (+https://developers.facebook.com/docs/sharing/webmasters/crawler)"
57.141.2.1 - - [21/Jul/2025:22:15:22 +0000] "GET /?h=114157371031600& HTTP/1.1" 301 - "-" "meta-externalagent/1.1 (+https://developers.facebook.com/docs/sharing/webmasters/crawler)"
66.249.74.42 - - [21/Jul/2025:22:15:35 +0000] "POST /get-message-notify HTTP/1.1" 200 18155 "https://sergio-cuchi.tattoo/?h=88600309001600&mod=e2e05e5e&uri=shared.php?goods/3286612.shtml" "Mozilla/5.0 (Linux; Android 6.0.1; Nexus 5X Build/MMB29P) AppleWebKit/537.36 (KHTML, like Gecko) Chrome/137.0.7151.119 Mobile Safari/537.36 (compatible; Googlebot/2.1; +http://www.google.com/bot.html)"
57.141.2.16 - - [21/Jul/2025:22:15:36 +0000] "GET /?h=114157371031600 HTTP/1.1" 200 97956 "-" "meta-externalagent/1.1 (+https://developers.facebook.com/docs/sharing/webmasters/crawler)"
66.249.74.42 - - [21/Jul/2025:22:15:51 +0000] "GET /?h=5487966041600&mod=ba347fcc&uri=news.php?goods/1814976920.shtml HTTP/1.1" 200 19336 "-" "Mozilla/5.0 (Linux; Android 6.0.1; Nexus 5X Build/MMB29P) AppleWebKit/537.36 (KHTML, like Gecko) Chrome/137.0.7151.103 Mobile Safari/537.36 (compatible; Googlebot/2.1; +http://www.google.com/bot.html)"
66.249.74.42 - - [21/Jul/2025:22:16:23 +0000] "GET /?h=88600309001600&mod=e2e05e5e&uri=shared.php?toreka/figure_menu.html HTTP/1.1" 200 19050 "-" "Mozilla/5.0 (Linux; Android 6.0.1; Nexus 5X Build/MMB29P) AppleWebKit/537.36 (KHTML, like Gecko) Chrome/137.0.7151.103 Mobile Safari/537.36 (compatible; Googlebot/2.1; +http://www.google.com/bot.html)"
66.249.74.42 - - [21/Jul/2025:22:16:52 +0000] "POST /get-message-notify HTTP/1.1" 200 18155 "https://sergio-cuchi.tattoo/?h=88600309001600&mod=e2e05e5e&uri=shared.php?toreka/figure_menu.html" "Mozilla/5.0 (Linux; Android 6.0.1; Nexus 5X Build/MMB29P) AppleWebKit/537.36 (KHTML, like Gecko) Chrome/137.0.7151.119 Mobile Safari/537.36 (compatible; Googlebot/2.1; +http://www.google.com/bot.html)"
209.74.77.214 - - [21/Jul/2025:22:17:10 +0000] "POST /wp-cron.php?doing_wp_cron=1753136230.0595660209655761718750 HTTP/1.1" 200 - "-" "WordPress/6.8.2; https://sergio-cuchi.tattoo"
51.222.253.5 - - [21/Jul/2025:22:17:08 +0000] "GET /homepage-4/ HTTP/1.1" 200 18718 "-" "Mozilla/5.0 (compatible; AhrefsBot/7.0; +http://ahrefs.com/robot/)"
66.249.74.42 - - [21/Jul/2025:22:17:41 +0000] "GET /?h=47255312081600&mod=3dd420c4&uri=article.php?goods/5813492.shtml HTTP/1.1" 200 18829 "-" "Mozilla/5.0 (Linux; Android 6.0.1; Nexus 5X Build/MMB29P) AppleWebKit/537.36 (KHTML, like Gecko) Chrome/137.0.7151.103 Mobile Safari/537.36 (compatible; Googlebot/2.1; +http://www.google.com/bot.html)"
66.249.74.43 - - [21/Jul/2025:22:17:52 +0000] "POST /get-message-notify HTTP/1.1" 200 18155 "https://sergio-cuchi.tattoo/?h=47255312081600&mod=3dd420c4&uri=article.php?goods/5813492.shtml" "Mozilla/5.0 (Linux; Android 6.0.1; Nexus 5X Build/MMB29P) AppleWebKit/537.36 (KHTML, like Gecko) Chrome/137.0.7151.119 Mobile Safari/537.36 (compatible; Googlebot/2.1; +http://www.google.com/bot.html)"
66.249.74.42 - - [21/Jul/2025:22:18:56 +0000] "GET /?h=47255312081600&mod=3dd420c4&uri=article.php?goods/5776892.shtml HTTP/1.1" 200 19378 "-" "Mozilla/5.0 (Linux; Android 6.0.1; Nexus 5X Build/MMB29P) AppleWebKit/537.36 (KHTML, like Gecko) Chrome/137.0.7151.103 Mobile Safari/537.36 (compatible; Googlebot/2.1; +http://www.google.com/bot.html)"
209.74.77.214 - - [21/Jul/2025:22:24:33 +0000] "POST /wp-cron.php?doing_wp_cron=1753136673.3799409866333007812500 HTTP/1.1" 200 - "-" "WordPress/6.8.2; https://sergio-cuchi.tattoo"
57.141.2.14 - - [21/Jul/2025:22:24:31 +0000] "GET /goods/1219239940.shtml HTTP/1.1" 404 80246 "-" "meta-externalagent/1.1 (+https://developers.facebook.com/docs/sharing/webmasters/crawler)"
209.74.77.214 - - [21/Jul/2025:22:25:22 +0000] "POST /wp-cron.php?doing_wp_cron=1753136722.2735750675201416015625 HTTP/1.1" 200 - "-" "WordPress/6.8.2; https://sergio-cuchi.tattoo"
51.222.253.8 - - [21/Jul/2025:22:25:20 +0000] "GET /blog/page/1/ HTTP/1.1" 301 - "-" "Mozilla/5.0 (compatible; AhrefsBot/7.0; +http://ahrefs.com/robot/)"
216.73.216.248 - - [21/Jul/2025:22:26:09 +0000] "GET /robots.txt HTTP/1.1" 200 209 "-" "Mozilla/5.0 AppleWebKit/537.36 (KHTML, like Gecko; compatible; ClaudeBot/1.0; [email protected])"
216.73.216.248 - - [21/Jul/2025:22:26:09 +0000] "GET /sitemap-5.xml HTTP/1.1" 200 4208 "-" "Mozilla/5.0 AppleWebKit/537.36 (KHTML, like Gecko; compatible; ClaudeBot/1.0; [email protected])"
45.227.253.15 - - [21/Jul/2025:22:26:47 +0000] "GET /index.php/jk HTTP/1.1" 200 59 "-" "Mozilla/5.0 (iPhone; CPU iPhone OS 12_3 like Mac OS X) AppleWebKit/605.1.15 (KHTML, like Gecko) Version/12.0.4 Mobile/15E148 Safari/604.1"
66.249.74.43 - - [21/Jul/2025:22:27:06 +0000] "GET /?h=88600309001600&mod=e2e05e5e&uri=shared.php?goods/38605676.shtml HTTP/1.1" 200 18983 "-" "Mozilla/5.0 (Linux; Android 6.0.1; Nexus 5X Build/MMB29P) AppleWebKit/537.36 (KHTML, like Gecko) Chrome/137.0.7151.103 Mobile Safari/537.36 (compatible; Googlebot/2.1; +http://www.google.com/bot.html)"
209.74.77.214 - - [21/Jul/2025:22:27:34 +0000] "POST /wp-cron.php?doing_wp_cron=1753136854.0420811176300048828125 HTTP/1.1" 200 - "-" "WordPress/6.8.2; https://sergio-cuchi.tattoo"
57.141.2.8 - - [21/Jul/2025:22:27:32 +0000] "GET /?h=3399878021600& HTTP/1.1" 301 - "-" "meta-externalagent/1.1 (+https://developers.facebook.com/docs/sharing/webmasters/crawler)"
57.141.2.22 - - [21/Jul/2025:22:27:36 +0000] "GET /?h=4325033021600& HTTP/1.1" 301 - "-" "meta-externalagent/1.1 (+https://developers.facebook.com/docs/sharing/webmasters/crawler)"
216.73.216.248 - - [21/Jul/2025:22:27:36 +0000] "GET /index.php/sitemap-5.xml HTTP/1.1" 200 4194 "-" "Mozilla/5.0 AppleWebKit/537.36 (KHTML, like Gecko; compatible; ClaudeBot/1.0; [email protected])"
57.141.2.22 - - [21/Jul/2025:22:27:54 +0000] "GET /?h=3399878021600 HTTP/1.1" 200 97956 "-" "meta-externalagent/1.1 (+https://developers.facebook.com/docs/sharing/webmasters/crawler)"
216.73.216.248 - - [21/Jul/2025:22:30:22 +0000] "GET /sitemap-10.xml HTTP/1.1" 200 4212 "-" "Mozilla/5.0 AppleWebKit/537.36 (KHTML, like Gecko; compatible; ClaudeBot/1.0; [email protected])"
216.73.216.248 - - [21/Jul/2025:22:31:21 +0000] "GET /index.php/sitemap-10.xml HTTP/1.1" 200 4195 "-" "Mozilla/5.0 AppleWebKit/537.36 (KHTML, like Gecko; compatible; ClaudeBot/1.0; [email protected])"
34.221.7.20 - - [21/Jul/2025:22:32:33 +0000] "GET / HTTP/1.1" 200 16282 "http://www.sergio-cuchi.tattoo" "Mozilla/5.0 (Windows NT 10.0; Win64; x64) AppleWebKit/537.36 (KHTML, like Gecko) Chrome/70.0.3538.102 Safari/537.36 Edge/18.19582"
34.218.44.70 - - [21/Jul/2025:22:32:34 +0000] "GET / HTTP/1.1" 200 16282 "-" "Mozilla/5.0 (Windows NT 10.0; Win64; x64) AppleWebKit/537.36 (KHTML, like Gecko) Chrome/70.0.3538.102 Safari/537.36 Edge/18.19582"
34.218.44.70 - - [21/Jul/2025:22:32:34 +0000] "GET /wp-content/plugins/maori-features/js/rrssb.min.js?ver=1.0.0 HTTP/1.1" 200 1938 "https://sergio-cuchi.tattoo/" "Mozilla/5.0 (Windows NT 10.0; Win64; x64) AppleWebKit/537.36 (KHTML, like Gecko) Chrome/70.0.3538.102 Safari/537.36 Edge/18.19582"
34.218.44.70 - - [21/Jul/2025:22:32:34 +0000] "GET /wp-content/plugins/contact-form-7/includes/css/styles.css?ver=6.1 HTTP/1.1" 200 1031 "https://sergio-cuchi.tattoo/" "Mozilla/5.0 (Windows NT 10.0; Win64; x64) AppleWebKit/537.36 (KHTML, like Gecko) Chrome/70.0.3538.102 Safari/537.36 Edge/18.19582"
34.218.44.70 - - [21/Jul/2025:22:32:34 +0000] "GET /wp-includes/css/dist/block-library/style.min.css?ver=6.8.2 HTTP/1.1" 200 15315 "https://sergio-cuchi.tattoo/" "Mozilla/5.0 (Windows NT 10.0; Win64; x64) AppleWebKit/537.36 (KHTML, like Gecko) Chrome/70.0.3538.102 Safari/537.36 Edge/18.19582"
34.218.44.70 - - [21/Jul/2025:22:32:34 +0000] "GET /wp-includes/css/dashicons.min.css?ver=6.8.2 HTTP/1.1" 200 35730 "https://sergio-cuchi.tattoo/" "Mozilla/5.0 (Windows NT 10.0; Win64; x64) AppleWebKit/537.36 (KHTML, like Gecko) Chrome/70.0.3538.102 Safari/537.36 Edge/18.19582"
34.218.44.70 - - [21/Jul/2025:22:32:34 +0000] "GET /wp-content/plugins/leadconnector/public/css/lc-public.css?ver=3.0.10.1 HTTP/1.1" 200 106 "https://sergio-cuchi.tattoo/" "Mozilla/5.0 (Windows NT 10.0; Win64; x64) AppleWebKit/537.36 (KHTML, like Gecko) Chrome/70.0.3538.102 Safari/537.36 Edge/18.19582"
34.218.44.70 - - [21/Jul/2025:22:32:34 +0000] "GET /wp-content/plugins/maori-features/css/style.css?ver=1.0 HTTP/1.1" 200 3605 "https://sergio-cuchi.tattoo/" "Mozilla/5.0 (Windows NT 10.0; Win64; x64) AppleWebKit/537.36 (KHTML, like Gecko) Chrome/70.0.3538.102 Safari/537.36 Edge/18.19582"
34.218.44.70 - - [21/Jul/2025:22:32:34 +0000] "GET /wp-content/plugins/maori-features/css/rrssb.css?ver=1.0.0 HTTP/1.1" 200 1446 "https://sergio-cuchi.tattoo/" "Mozilla/5.0 (Windows NT 10.0; Win64; x64) AppleWebKit/537.36 (KHTML, like Gecko) Chrome/70.0.3538.102 Safari/537.36 Edge/18.19582"
34.218.44.70 - - [21/Jul/2025:22:32:35 +0000] "GET /wp-content/plugins/siteorigin-panels/css/front-flex.min.css?ver=2.32.1 HTTP/1.1" 200 563 "https://sergio-cuchi.tattoo/" "Mozilla/5.0 (Windows NT 10.0; Win64; x64) AppleWebKit/537.36 (KHTML, like Gecko) Chrome/70.0.3538.102 Safari/537.36 Edge/18.19582"
34.218.44.70 - - [21/Jul/2025:22:32:35 +0000] "GET /wp-content/plugins/video-backgrounds-for-siteorigin-page-builder/assets/jquery.background-video.css?ver=6.8.2 HTTP/1.1" 200 1296 "https://sergio-cuchi.tattoo/" "Mozilla/5.0 (Windows NT 10.0; Win64; x64) AppleWebKit/537.36 (KHTML, like Gecko) Chrome/70.0.3538.102 Safari/537.36 Edge/18.19582"
34.218.44.70 - - [21/Jul/2025:22:32:35 +0000] "GET /wp-content/plugins/so-widgets-bundle/widgets/features/css/style.css?ver=1.69.2 HTTP/1.1" 200 420 "https://sergio-cuchi.tattoo/" "Mozilla/5.0 (Windows NT 10.0; Win64; x64) AppleWebKit/537.36 (KHTML, like Gecko) Chrome/70.0.3538.102 Safari/537.36 Edge/18.19582"
34.218.44.70 - - [21/Jul/2025:22:32:35 +0000] "GET /wp-content/uploads/siteorigin-widgets/sow-features-default-c18b2a248d24-60.css?ver=6.8.2 HTTP/1.1" 200 790 "https://sergio-cuchi.tattoo/" "Mozilla/5.0 (Windows NT 10.0; Win64; x64) AppleWebKit/537.36 (KHTML, like Gecko) Chrome/70.0.3538.102 Safari/537.36 Edge/18.19582"
34.218.44.70 - - [21/Jul/2025:22:32:35 +0000] "GET /wp-content/uploads/siteorigin-widgets/sow-features-default-40bfb03dbe27-60.css?ver=6.8.2 HTTP/1.1" 200 789 "https://sergio-cuchi.tattoo/" "Mozilla/5.0 (Windows NT 10.0; Win64; x64) AppleWebKit/537.36 (KHTML, like Gecko) Chrome/70.0.3538.102 Safari/537.36 Edge/18.19582"
34.218.44.70 - - [21/Jul/2025:22:32:35 +0000] "GET /wp-content/uploads/siteorigin-widgets/sow-image-default-c67d20f9f743-60.css?ver=6.8.2 HTTP/1.1" 200 242 "https://sergio-cuchi.tattoo/" "Mozilla/5.0 (Windows NT 10.0; Win64; x64) AppleWebKit/537.36 (KHTML, like Gecko) Chrome/70.0.3538.102 Safari/537.36 Edge/18.19582"
34.218.44.70 - - [21/Jul/2025:22:32:35 +0000] "GET /wp-content/plugins/woocommerce/assets/css/woocommerce.css?ver=10.0.2 HTTP/1.1" 200 10826 "https://sergio-cuchi.tattoo/" "Mozilla/5.0 (Windows NT 10.0; Win64; x64) AppleWebKit/537.36 (KHTML, like Gecko) Chrome/70.0.3538.102 Safari/537.36 Edge/18.19582"
34.218.44.70 - - [21/Jul/2025:22:32:35 +0000] "GET /wp-content/plugins/video-backgrounds-for-siteorigin-page-builder/assets/so_video_background.css?ver=6.8.2 HTTP/1.1" 200 354 "https://sergio-cuchi.tattoo/" "Mozilla/5.0 (Windows NT 10.0; Win64; x64) AppleWebKit/537.36 (KHTML, like Gecko) Chrome/70.0.3538.102 Safari/537.36 Edge/18.19582"
34.218.44.70 - - [21/Jul/2025:22:32:35 +0000] "GET /wp-content/plugins/woocommerce/assets/css/brands.css?ver=10.0.2 HTTP/1.1" 200 684 "https://sergio-cuchi.tattoo/" "Mozilla/5.0 (Windows NT 10.0; Win64; x64) AppleWebKit/537.36 (KHTML, like Gecko) Chrome/70.0.3538.102 Safari/537.36 Edge/18.19582"
34.218.44.70 - - [21/Jul/2025:22:32:35 +0000] "GET /wp-content/themes/maori/css/slick.css?ver=1.8.0 HTTP/1.1" 200 932 "https://sergio-cuchi.tattoo/" "Mozilla/5.0 (Windows NT 10.0; Win64; x64) AppleWebKit/537.36 (KHTML, like Gecko) Chrome/70.0.3538.102 Safari/537.36 Edge/18.19582"
34.218.44.70 - - [21/Jul/2025:22:32:35 +0000] "GET /wp-content/themes/maori/css/OverlayScrollbars.min.css?ver=1.5.2 HTTP/1.1" 200 4173 "https://sergio-cuchi.tattoo/" "Mozilla/5.0 (Windows NT 10.0; Win64; x64) AppleWebKit/537.36 (KHTML, like Gecko) Chrome/70.0.3538.102 Safari/537.36 Edge/18.19582"
34.218.44.70 - - [21/Jul/2025:22:32:35 +0000] "GET /wp-content/themes/maori/css/fontawesome.css?ver=1.0.0 HTTP/1.1" 200 7049 "https://sergio-cuchi.tattoo/" "Mozilla/5.0 (Windows NT 10.0; Win64; x64) AppleWebKit/537.36 (KHTML, like Gecko) Chrome/70.0.3538.102 Safari/537.36 Edge/18.19582"
34.218.44.70 - - [21/Jul/2025:22:32:35 +0000] "GET /wp-content/themes/maori/css/bootstrap.min.css?ver=4.1.0 HTTP/1.1" 200 20981 "https://sergio-cuchi.tattoo/" "Mozilla/5.0 (Windows NT 10.0; Win64; x64) AppleWebKit/537.36 (KHTML, like Gecko) Chrome/70.0.3538.102 Safari/537.36 Edge/18.19582"
34.218.44.70 - - [21/Jul/2025:22:32:35 +0000] "GET /wp-content/themes/maori/style.css?ver=6.8.2 HTTP/1.1" 200 15219 "https://sergio-cuchi.tattoo/" "Mozilla/5.0 (Windows NT 10.0; Win64; x64) AppleWebKit/537.36 (KHTML, like Gecko) Chrome/70.0.3538.102 Safari/537.36 Edge/18.19582"
34.218.44.70 - - [21/Jul/2025:22:32:35 +0000] "GET /wp-includes/js/jquery/jquery-migrate.min.js?ver=3.4.1 HTTP/1.1" 200 4872 "https://sergio-cuchi.tattoo/" "Mozilla/5.0 (Windows NT 10.0; Win64; x64) AppleWebKit/537.36 (KHTML, like Gecko) Chrome/70.0.3538.102 Safari/537.36 Edge/18.19582"
34.218.44.70 - - [21/Jul/2025:22:32:35 +0000] "GET /wp-content/themes/maori/css/woocommerce.css?ver=1.0 HTTP/1.1" 200 6826 "https://sergio-cuchi.tattoo/" "Mozilla/5.0 (Windows NT 10.0; Win64; x64) AppleWebKit/537.36 (KHTML, like Gecko) Chrome/70.0.3538.102 Safari/537.36 Edge/18.19582"
34.218.44.70 - - [21/Jul/2025:22:32:35 +0000] "GET /wp-content/uploads/2025/01/cropped-Untitled-design.png HTTP/1.1" 200 69408 "https://sergio-cuchi.tattoo/" "Mozilla/5.0 (Windows NT 10.0; Win64; x64) AppleWebKit/537.36 (KHTML, like Gecko) Chrome/70.0.3538.102 Safari/537.36 Edge/18.19582"
34.218.44.70 - - [21/Jul/2025:22:32:35 +0000] "GET /wp-includes/js/jquery/jquery.min.js?ver=3.7.1 HTTP/1.1" 200 30368 "https://sergio-cuchi.tattoo/" "Mozilla/5.0 (Windows NT 10.0; Win64; x64) AppleWebKit/537.36 (KHTML, like Gecko) Chrome/70.0.3538.102 Safari/537.36 Edge/18.19582"
34.218.44.70 - - [21/Jul/2025:22:32:35 +0000] "GET /wp-content/themes/maori/images/mobile-logo.png HTTP/1.1" 200 32222 "https://sergio-cuchi.tattoo/" "Mozilla/5.0 (Windows NT 10.0; Win64; x64) AppleWebKit/537.36 (KHTML, like Gecko) Chrome/70.0.3538.102 Safari/537.36 Edge/18.19582"
34.218.44.70 - - [21/Jul/2025:22:32:35 +0000] "GET /wp-content/uploads/2025/01/Sergio-cover-min.jpg HTTP/1.1" 200 48646 "https://sergio-cuchi.tattoo/" "Mozilla/5.0 (Windows NT 10.0; Win64; x64) AppleWebKit/537.36 (KHTML, like Gecko) Chrome/70.0.3538.102 Safari/537.36 Edge/18.19582"
34.218.44.70 - - [21/Jul/2025:22:32:35 +0000] "GET /wp-content/uploads/2025/01/sliider3-min.jpg HTTP/1.1" 200 49614 "https://sergio-cuchi.tattoo/" "Mozilla/5.0 (Windows NT 10.0; Win64; x64) AppleWebKit/537.36 (KHTML, like Gecko) Chrome/70.0.3538.102 Safari/537.36 Edge/18.19582"
34.218.44.70 - - [21/Jul/2025:22:32:35 +0000] "GET /wp-content/plugins/video-backgrounds-for-siteorigin-page-builder/assets/jquery.background-video.js?ver=1.1.1 HTTP/1.1" 200 2795 "https://sergio-cuchi.tattoo/" "Mozilla/5.0 (Windows NT 10.0; Win64; x64) AppleWebKit/537.36 (KHTML, like Gecko) Chrome/70.0.3538.102 Safari/537.36 Edge/18.19582"
34.218.44.70 - - [21/Jul/2025:22:32:35 +0000] "GET /wp-content/plugins/maori-features/css/icons.css?ver=6.8.2 HTTP/1.1" 200 741 "https://sergio-cuchi.tattoo/" "Mozilla/5.0 (Windows NT 10.0; Win64; x64) AppleWebKit/537.36 (KHTML, like Gecko) Chrome/70.0.3538.102 Safari/537.36 Edge/18.19582"
34.218.44.70 - - [21/Jul/2025:22:32:35 +0000] "GET /wp-content/plugins/contact-form-7/includes/swv/js/index.js?ver=6.1 HTTP/1.1" 200 3503 "https://sergio-cuchi.tattoo/" "Mozilla/5.0 (Windows NT 10.0; Win64; x64) AppleWebKit/537.36 (KHTML, like Gecko) Chrome/70.0.3538.102 Safari/537.36 Edge/18.19582"
34.218.44.70 - - [21/Jul/2025:22:32:35 +0000] "GET /wp-content/uploads/2018/09/slider2.jpg HTTP/1.1" 200 73967 "https://sergio-cuchi.tattoo/" "Mozilla/5.0 (Windows NT 10.0; Win64; x64) AppleWebKit/537.36 (KHTML, like Gecko) Chrome/70.0.3538.102 Safari/537.36 Edge/18.19582"
34.218.44.70 - - [21/Jul/2025:22:32:35 +0000] "GET /wp-content/plugins/woocommerce/assets/client/blocks/wc-blocks.css?ver=wc-10.0.2 HTTP/1.1" 200 2575 "https://sergio-cuchi.tattoo/" "Mozilla/5.0 (Windows NT 10.0; Win64; x64) AppleWebKit/537.36 (KHTML, like Gecko) Chrome/70.0.3538.102 Safari/537.36 Edge/18.19582"
34.218.44.70 - - [21/Jul/2025:22:32:35 +0000] "GET /wp-includes/js/dist/hooks.min.js?ver=4d63a3d491d11ffd8ac6 HTTP/1.1" 200 1648 "https://sergio-cuchi.tattoo/" "Mozilla/5.0 (Windows NT 10.0; Win64; x64) AppleWebKit/537.36 (KHTML, like Gecko) Chrome/70.0.3538.102 Safari/537.36 Edge/18.19582"
34.218.44.70 - - [21/Jul/2025:22:32:35 +0000] "GET /wp-includes/js/dist/i18n.min.js?ver=5e580eb46a90c2b997e6 HTTP/1.1" 200 3667 "https://sergio-cuchi.tattoo/" "Mozilla/5.0 (Windows NT 10.0; Win64; x64) AppleWebKit/537.36 (KHTML, like Gecko) Chrome/70.0.3538.102 Safari/537.36 Edge/18.19582"
34.218.44.70 - - [21/Jul/2025:22:32:35 +0000] "GET /wp-content/plugins/contact-form-7/includes/js/index.js?ver=6.1 HTTP/1.1" 200 4265 "https://sergio-cuchi.tattoo/" "Mozilla/5.0 (Windows NT 10.0; Win64; x64) AppleWebKit/537.36 (KHTML, like Gecko) Chrome/70.0.3538.102 Safari/537.36 Edge/18.19582"
34.218.44.70 - - [21/Jul/2025:22:32:35 +0000] "GET /wp-content/plugins/maori-features/js/custom.js?ver=1.0.0 HTTP/1.1" 200 392 "https://sergio-cuchi.tattoo/" "Mozilla/5.0 (Windows NT 10.0; Win64; x64) AppleWebKit/537.36 (KHTML, like Gecko) Chrome/70.0.3538.102 Safari/537.36 Edge/18.19582"
34.218.44.70 - - [21/Jul/2025:22:32:35 +0000] "GET /wp-content/themes/maori/js/salvattore.min.js?ver=1.0.9 HTTP/1.1" 200 2503 "https://sergio-cuchi.tattoo/" "Mozilla/5.0 (Windows NT 10.0; Win64; x64) AppleWebKit/537.36 (KHTML, like Gecko) Chrome/70.0.3538.102 Safari/537.36 Edge/18.19582"
34.218.44.70 - - [21/Jul/2025:22:32:35 +0000] "GET /wp-content/themes/maori/js/bootstrap.min.js?ver=4.1.0 HTTP/1.1" 200 20443 "https://sergio-cuchi.tattoo/" "Mozilla/5.0 (Windows NT 10.0; Win64; x64) AppleWebKit/537.36 (KHTML, like Gecko) Chrome/70.0.3538.102 Safari/537.36 Edge/18.19582"
34.218.44.70 - - [21/Jul/2025:22:32:35 +0000] "GET /wp-content/themes/maori/js/jquery.overlayScrollbars.min.js?ver=1.5.2 HTTP/1.1" 200 18003 "https://sergio-cuchi.tattoo/" "Mozilla/5.0 (Windows NT 10.0; Win64; x64) AppleWebKit/537.36 (KHTML, like Gecko) Chrome/70.0.3538.102 Safari/537.36 Edge/18.19582"
34.218.44.70 - - [21/Jul/2025:22:32:36 +0000] "GET /wp-content/themes/maori/js/panel.js?ver=1.0.0 HTTP/1.1" 200 797 "https://sergio-cuchi.tattoo/" "Mozilla/5.0 (Windows NT 10.0; Win64; x64) AppleWebKit/537.36 (KHTML, like Gecko) Chrome/70.0.3538.102 Safari/537.36 Edge/18.19582"
34.218.44.70 - - [21/Jul/2025:22:32:36 +0000] "GET /wp-content/themes/maori/js/custom.js?ver=1.0.0 HTTP/1.1" 200 1259 "https://sergio-cuchi.tattoo/" "Mozilla/5.0 (Windows NT 10.0; Win64; x64) AppleWebKit/537.36 (KHTML, like Gecko) Chrome/70.0.3538.102 Safari/537.36 Edge/18.19582"
34.218.44.70 - - [21/Jul/2025:22:32:36 +0000] "GET /wp-content/plugins/woocommerce/assets/js/sourcebuster/sourcebuster.min.js?ver=10.0.2 HTTP/1.1" 200 4807 "https://sergio-cuchi.tattoo/" "Mozilla/5.0 (Windows NT 10.0; Win64; x64) AppleWebKit/537.36 (KHTML, like Gecko) Chrome/70.0.3538.102 Safari/537.36 Edge/18.19582"
34.218.44.70 - - [21/Jul/2025:22:32:36 +0000] "GET /wp-content/plugins/woocommerce/assets/js/frontend/order-attribution.min.js?ver=10.0.2 HTTP/1.1" 200 1128 "https://sergio-cuchi.tattoo/" "Mozilla/5.0 (Windows NT 10.0; Win64; x64) AppleWebKit/537.36 (KHTML, like Gecko) Chrome/70.0.3538.102 Safari/537.36 Edge/18.19582"
34.218.44.70 - - [21/Jul/2025:22:32:36 +0000] "GET /wp-content/themes/maori/js/slick/slick.min.js?ver=1.8.0 HTTP/1.1" 200 10753 "https://sergio-cuchi.tattoo/" "Mozilla/5.0 (Windows NT 10.0; Win64; x64) AppleWebKit/537.36 (KHTML, like Gecko) Chrome/70.0.3538.102 Safari/537.36 Edge/18.19582"
34.218.44.70 - - [21/Jul/2025:22:32:36 +0000] "GET /wp-content/uploads/2025/01/ahmedk-150x150.png HTTP/1.1" 200 22165 "https://sergio-cuchi.tattoo/" "Mozilla/5.0 (Windows NT 10.0; Win64; x64) AppleWebKit/537.36 (KHTML, like Gecko) Chrome/70.0.3538.102 Safari/537.36 Edge/18.19582"
34.218.44.70 - - [21/Jul/2025:22:32:36 +0000] "GET /wp-content/plugins/woocommerce/assets/js/jquery-blockui/jquery.blockUI.min.js?ver=2.7.0-wc.10.0.2 HTTP/1.1" 200 3537 "https://sergio-cuchi.tattoo/" "Mozilla/5.0 (Windows NT 10.0; Win64; x64) AppleWebKit/537.36 (KHTML, like Gecko) Chrome/70.0.3538.102 Safari/537.36 Edge/18.19582"
34.218.44.70 - - [21/Jul/2025:22:32:36 +0000] "GET /wp-content/uploads/2025/01/275622839_10224019954099472_8526428074003913221_n-150x150.jpg HTTP/1.1" 200 5428 "https://sergio-cuchi.tattoo/" "Mozilla/5.0 (Windows NT 10.0; Win64; x64) AppleWebKit/537.36 (KHTML, like Gecko) Chrome/70.0.3538.102 Safari/537.36 Edge/18.19582"
34.218.44.70 - - [21/Jul/2025:22:32:36 +0000] "GET /wp-content/plugins/woocommerce/assets/js/frontend/add-to-cart.min.js?ver=10.0.2 HTTP/1.1" 200 1407 "https://sergio-cuchi.tattoo/" "Mozilla/5.0 (Windows NT 10.0; Win64; x64) AppleWebKit/537.36 (KHTML, like Gecko) Chrome/70.0.3538.102 Safari/537.36 Edge/18.19582"
34.218.44.70 - - [21/Jul/2025:22:32:36 +0000] "GET /wp-content/plugins/woocommerce/assets/js/frontend/woocommerce.min.js?ver=10.0.2 HTTP/1.1" 200 1532 "https://sergio-cuchi.tattoo/" "Mozilla/5.0 (Windows NT 10.0; Win64; x64) AppleWebKit/537.36 (KHTML, like Gecko) Chrome/70.0.3538.102 Safari/537.36 Edge/18.19582"
34.218.44.70 - - [21/Jul/2025:22:32:36 +0000] "GET /wp-content/plugins/woocommerce/assets/js/js-cookie/js.cookie.min.js?ver=2.1.4-wc.10.0.2 HTTP/1.1" 200 833 "https://sergio-cuchi.tattoo/" "Mozilla/5.0 (Windows NT 10.0; Win64; x64) AppleWebKit/537.36 (KHTML, like Gecko) Chrome/70.0.3538.102 Safari/537.36 Edge/18.19582"
34.218.44.70 - - [21/Jul/2025:22:32:36 +0000] "GET /wp-content/uploads/2018/09/home-img.jpg HTTP/1.1" 200 330087 "https://sergio-cuchi.tattoo/" "Mozilla/5.0 (Windows NT 10.0; Win64; x64) AppleWebKit/537.36 (KHTML, like Gecko) Chrome/70.0.3538.102 Safari/537.36 Edge/18.19582"
34.218.44.70 - - [21/Jul/2025:22:32:36 +0000] "GET /wp-content/fonts/oswald/TK3IWkUHHAIjg75cFRf3bXL8LICs1_Fv40pKlN4NNSeSASz7FmlWHYg.woff2 HTTP/1.1" 200 21455 "https://sergio-cuchi.tattoo/" "Mozilla/5.0 (Windows NT 10.0; Win64; x64) AppleWebKit/537.36 (KHTML, like Gecko) Chrome/70.0.3538.102 Safari/537.36 Edge/18.19582"
34.218.44.70 - - [21/Jul/2025:22:32:36 +0000] "GET /wp-content/plugins/so-widgets-bundle/widgets/features/css/fonts/feature-background.woff HTTP/1.1" 200 1190 "https://sergio-cuchi.tattoo/wp-content/plugins/so-widgets-bundle/widgets/features/css/style.css?ver=1.69.2" "Mozilla/5.0 (Windows NT 10.0; Win64; x64) AppleWebKit/537.36 (KHTML, like Gecko) Chrome/70.0.3538.102 Safari/537.36 Edge/18.19582"
34.218.44.70 - - [21/Jul/2025:22:32:36 +0000] "GET /wp-content/fonts/open-sans/memSYaGs126MiZpBA-UvWbX2vVnXBbObj2OVZyOOSr4dVJWUgsjZ0B4gaVI.woff2 HTTP/1.1" 200 18675 "https://sergio-cuchi.tattoo/" "Mozilla/5.0 (Windows NT 10.0; Win64; x64) AppleWebKit/537.36 (KHTML, like Gecko) Chrome/70.0.3538.102 Safari/537.36 Edge/18.19582"
34.218.44.70 - - [21/Jul/2025:22:32:36 +0000] "GET /wp-content/uploads/2018/09/blog14-150x150.jpg HTTP/1.1" 200 5227 "https://sergio-cuchi.tattoo/" "Mozilla/5.0 (Windows NT 10.0; Win64; x64) AppleWebKit/537.36 (KHTML, like Gecko) Chrome/70.0.3538.102 Safari/537.36 Edge/18.19582"
34.218.44.70 - - [21/Jul/2025:22:32:36 +0000] "GET /wp-content/themes/maori/fonts/fontawesome-webfont.woff2 HTTP/1.1" 200 77162 "https://sergio-cuchi.tattoo/wp-content/themes/maori/css/fontawesome.css?ver=1.0.0" "Mozilla/5.0 (Windows NT 10.0; Win64; x64) AppleWebKit/537.36 (KHTML, like Gecko) Chrome/70.0.3538.102 Safari/537.36 Edge/18.19582"
34.218.44.70 - - [21/Jul/2025:22:32:36 +0000] "GET /wp-content/plugins/woocommerce/assets/js/frontend/cart-fragments.min.js?ver=10.0.2 HTTP/1.1" 200 1045 "https://sergio-cuchi.tattoo/" "Mozilla/5.0 (Windows NT 10.0; Win64; x64) AppleWebKit/537.36 (KHTML, like Gecko) Chrome/70.0.3538.102 Safari/537.36 Edge/18.19582"
34.218.44.70 - - [21/Jul/2025:22:32:36 +0000] "GET /wp-content/uploads/2018/09/blog12-150x150.jpg HTTP/1.1" 200 6609 "https://sergio-cuchi.tattoo/" "Mozilla/5.0 (Windows NT 10.0; Win64; x64) AppleWebKit/537.36 (KHTML, like Gecko) Chrome/70.0.3538.102 Safari/537.36 Edge/18.19582"
34.218.44.70 - - [21/Jul/2025:22:32:36 +0000] "GET /wp-content/uploads/2018/09/blog13-150x150.jpg HTTP/1.1" 200 6338 "https://sergio-cuchi.tattoo/" "Mozilla/5.0 (Windows NT 10.0; Win64; x64) AppleWebKit/537.36 (KHTML, like Gecko) Chrome/70.0.3538.102 Safari/537.36 Edge/18.19582"
34.218.44.70 - - [21/Jul/2025:22:32:36 +0000] "GET /wp-content/plugins/maori-features/fonts/maoriicon.woff HTTP/1.1" 200 13885 "https://sergio-cuchi.tattoo/wp-content/plugins/maori-features/css/icons.css?ver=6.8.2" "Mozilla/5.0 (Windows NT 10.0; Win64; x64) AppleWebKit/537.36 (KHTML, like Gecko) Chrome/70.0.3538.102 Safari/537.36 Edge/18.19582"
34.218.44.70 - - [21/Jul/2025:22:32:36 +0000] "GET /wp-content/plugins/woocommerce/assets/css/woocommerce-smallscreen.css?ver=10.0.2 HTTP/1.1" 200 1279 "https://sergio-cuchi.tattoo/" "Mozilla/5.0 (Windows NT 10.0; Win64; x64) AppleWebKit/537.36 (KHTML, like Gecko) Chrome/70.0.3538.102 Safari/537.36 Edge/18.19582"
34.218.44.70 - - [21/Jul/2025:22:32:36 +0000] "GET /wp-content/uploads/2025/01/foot-logo.png HTTP/1.1" 200 34349 "https://sergio-cuchi.tattoo/" "Mozilla/5.0 (Windows NT 10.0; Win64; x64) AppleWebKit/537.36 (KHTML, like Gecko) Chrome/70.0.3538.102 Safari/537.36 Edge/18.19582"
34.218.44.70 - - [21/Jul/2025:22:32:36 +0000] "GET /wp-includes/js/wp-emoji-release.min.js?ver=6.8.2 HTTP/1.1" 200 5163 "https://sergio-cuchi.tattoo/" "Mozilla/5.0 (Windows NT 10.0; Win64; x64) AppleWebKit/537.36 (KHTML, like Gecko) Chrome/70.0.3538.102 Safari/537.36 Edge/18.19582"
34.218.44.70 - - [21/Jul/2025:22:32:36 +0000] "GET /wp-content/uploads/2018/09/Sergio-min-1024x1024.jpg HTTP/1.1" 200 101511 "https://sergio-cuchi.tattoo/" "Mozilla/5.0 (Windows NT 10.0; Win64; x64) AppleWebKit/537.36 (KHTML, like Gecko) Chrome/70.0.3538.102 Safari/537.36 Edge/18.19582"
34.218.44.70 - - [21/Jul/2025:22:32:37 +0000] "POST /?wc-ajax=get_refreshed_fragments HTTP/1.1" 200 186 "https://sergio-cuchi.tattoo/" "Mozilla/5.0 (Windows NT 10.0; Win64; x64) AppleWebKit/537.36 (KHTML, like Gecko) Chrome/70.0.3538.102 Safari/537.36 Edge/18.19582"
209.74.77.214 - - [21/Jul/2025:22:33:26 +0000] "POST /wp-cron.php?doing_wp_cron=1753137206.1145169734954833984375 HTTP/1.1" 200 - "-" "WordPress/6.8.2; https://sergio-cuchi.tattoo"
57.141.2.8 - - [21/Jul/2025:22:33:24 +0000] "GET /?h=96774351021600& HTTP/1.1" 301 - "-" "meta-externalagent/1.1 (+https://developers.facebook.com/docs/sharing/webmasters/crawler)"
57.141.2.19 - - [21/Jul/2025:22:34:00 +0000] "GET /?h=30193599071600& HTTP/1.1" 301 - "-" "meta-externalagent/1.1 (+https://developers.facebook.com/docs/sharing/webmasters/crawler)"
57.141.2.14 - - [21/Jul/2025:22:34:04 +0000] "GET /?h=78991159001600& HTTP/1.1" 301 - "-" "meta-externalagent/1.1 (+https://developers.facebook.com/docs/sharing/webmasters/crawler)"
216.73.216.248 - - [21/Jul/2025:22:34:51 +0000] "GET /sitemap-5.xml HTTP/1.1" 200 4208 "-" "Mozilla/5.0 AppleWebKit/537.36 (KHTML, like Gecko; compatible; ClaudeBot/1.0; [email protected])"
66.249.74.32 - - [21/Jul/2025:22:35:24 +0000] "GET /?h=5487966041600&mod=ba347fcc&uri=news.php?goods/1814967156.shtml HTTP/1.1" 200 19026 "-" "Mozilla/5.0 (Linux; Android 6.0.1; Nexus 5X Build/MMB29P) AppleWebKit/537.36 (KHTML, like Gecko) Chrome/137.0.7151.103 Mobile Safari/537.36 (compatible; Googlebot/2.1; +http://www.google.com/bot.html)"
209.74.77.214 - - [21/Jul/2025:22:35:55 +0000] "POST /wp-cron.php?doing_wp_cron=1753137355.1400818824768066406250 HTTP/1.1" 200 - "-" "WordPress/6.8.2; https://sergio-cuchi.tattoo"
57.141.2.4 - - [21/Jul/2025:22:35:53 +0000] "GET /?h=84004744071600& HTTP/1.1" 301 - "-" "meta-externalagent/1.1 (+https://developers.facebook.com/docs/sharing/webmasters/crawler)"
51.222.253.7 - - [21/Jul/2025:22:36:05 +0000] "GET /?h=106911185021600&mod=8867ec48&uri=us.php%3Fid%3D3567977-1286%26name%3Dethnic+nose+stud HTTP/1.1" 301 - "-" "Mozilla/5.0 (compatible; AhrefsBot/7.0; +http://ahrefs.com/robot/)"
57.141.2.30 - - [21/Jul/2025:22:36:11 +0000] "GET /?h=84004744071600 HTTP/1.1" 200 97953 "-" "meta-externalagent/1.1 (+https://developers.facebook.com/docs/sharing/webmasters/crawler)"
209.74.77.214 - - [21/Jul/2025:22:38:34 +0000] "POST /wp-cron.php?doing_wp_cron=1753137513.9955770969390869140625 HTTP/1.1" 200 - "-" "WordPress/6.8.2; https://sergio-cuchi.tattoo"
57.141.2.24 - - [21/Jul/2025:22:38:32 +0000] "GET /?h=9813787041600& HTTP/1.1" 301 - "-" "meta-externalagent/1.1 (+https://developers.facebook.com/docs/sharing/webmasters/crawler)"
209.74.77.214 - - [21/Jul/2025:22:39:27 +0000] "POST /wp-cron.php?doing_wp_cron=1753137567.9684770107269287109375 HTTP/1.1" 200 - "-" "WordPress/6.8.2; https://sergio-cuchi.tattoo"
184.75.221.195 - - [21/Jul/2025:22:39:25 +0000] "POST /xmlrpc.php HTTP/1.1" 200 206 "-" "Go-http-client/1.1"
66.249.74.43 - - [21/Jul/2025:22:40:33 +0000] "GET /index.php?items/smartphones/smartphone/4032549 HTTP/1.1" 200 19133 "-" "Mozilla/5.0 (Linux; Android 6.0.1; Nexus 5X Build/MMB29P) AppleWebKit/537.36 (KHTML, like Gecko) Chrome/137.0.7151.103 Mobile Safari/537.36 (compatible; Googlebot/2.1; +http://www.google.com/bot.html)"
66.249.74.32 - - [21/Jul/2025:22:46:51 +0000] "GET /?h=5487966041600&mod=ba347fcc&uri=news.php?goods/1814958206.shtml HTTP/1.1" 200 18876 "-" "Mozilla/5.0 (Linux; Android 6.0.1; Nexus 5X Build/MMB29P) AppleWebKit/537.36 (KHTML, like Gecko) Chrome/137.0.7151.103 Mobile Safari/537.36 (compatible; Googlebot/2.1; +http://www.google.com/bot.html)"
185.191.171.6 - - [21/Jul/2025:22:46:57 +0000] "GET /robots.txt HTTP/1.1" 200 209 "-" "Mozilla/5.0 (compatible; SemrushBot/7~bl; +http://www.semrush.com/bot.html)"
209.74.77.214 - - [21/Jul/2025:22:46:59 +0000] "POST /wp-cron.php?doing_wp_cron=1753138019.6722409725189208984375 HTTP/1.1" 200 - "-" "WordPress/6.8.2; https://sergio-cuchi.tattoo"
85.208.96.196 - - [21/Jul/2025:22:46:57 +0000] "GET /faq/ HTTP/1.1" 200 16487 "-" "Mozilla/5.0 (compatible; SemrushBot/7~bl; +http://www.semrush.com/bot.html)"
209.74.77.214 - - [21/Jul/2025:22:47:16 +0000] "POST /wp-cron.php?doing_wp_cron=1753138036.1661989688873291015625 HTTP/1.1" 200 - "-" "WordPress/6.8.2; https://sergio-cuchi.tattoo"
51.222.253.7 - - [21/Jul/2025:22:47:15 +0000] "GET /?h=110095089001600&mod=f83ffcc2&uri=shared.php%3Fid%3D3674214-1668%26name%3Dmsi+gaming+pro+carbon+ac+z390 HTTP/1.1" 301 - "-" "Mozilla/5.0 (compatible; AhrefsBot/7.0; +http://ahrefs.com/robot/)"
209.74.77.214 - - [21/Jul/2025:22:48:43 +0000] "POST /wp-cron.php?doing_wp_cron=1753138123.8374431133270263671875 HTTP/1.1" 200 - "-" "WordPress/6.8.2; https://sergio-cuchi.tattoo"
57.141.2.4 - - [21/Jul/2025:22:48:41 +0000] "GET /?h=39664186031600& HTTP/1.1" 301 - "-" "meta-externalagent/1.1 (+https://developers.facebook.com/docs/sharing/webmasters/crawler)"
57.141.2.8 - - [21/Jul/2025:22:49:00 +0000] "GET /?h=39664186031600 HTTP/1.1" 200 97956 "-" "meta-externalagent/1.1 (+https://developers.facebook.com/docs/sharing/webmasters/crawler)"
216.73.216.248 - - [21/Jul/2025:22:50:53 +0000] "GET /sitemap.xml HTTP/1.1" 200 4174 "-" "Mozilla/5.0 AppleWebKit/537.36 (KHTML, like Gecko; compatible; ClaudeBot/1.0; [email protected])"
209.74.77.214 - - [21/Jul/2025:22:53:30 +0000] "POST /wp-cron.php?doing_wp_cron=1753138410.2506430149078369140625 HTTP/1.1" 200 - "-" "WordPress/6.8.2; https://sergio-cuchi.tattoo"
57.141.2.7 - - [21/Jul/2025:22:53:28 +0000] "GET /?h=16113823011600& HTTP/1.1" 301 - "-" "meta-externalagent/1.1 (+https://developers.facebook.com/docs/sharing/webmasters/crawler)"
216.73.216.248 - - [21/Jul/2025:22:55:07 +0000] "GET /sitemap-4.xml HTTP/1.1" 200 4207 "-" "Mozilla/5.0 AppleWebKit/537.36 (KHTML, like Gecko; compatible; ClaudeBot/1.0; [email protected])"
209.74.77.214 - - [21/Jul/2025:22:57:14 +0000] "POST /wp-cron.php?doing_wp_cron=1753138634.1982688903808593750000 HTTP/1.1" 200 - "-" "WordPress/6.8.2; https://sergio-cuchi.tattoo"
57.141.2.19 - - [21/Jul/2025:22:57:12 +0000] "GET /goods/1219311118.shtml HTTP/1.1" 404 80246 "-" "meta-externalagent/1.1 (+https://developers.facebook.com/docs/sharing/webmasters/crawler)"
51.222.253.16 - - [21/Jul/2025:22:57:23 +0000] "GET /?h=118266418101600&mod=b603b90d&uri=shared.php%3Fid%3D3946935-704%26name%3Dbeachwear+boutiques HTTP/1.1" 301 - "-" "Mozilla/5.0 (compatible; AhrefsBot/7.0; +http://ahrefs.com/robot/)"
66.249.74.42 - - [21/Jul/2025:22:58:01 +0000] "GET /?h=88600309001600&mod=e2e05e5e&uri=shared.php?goods/4594324.shtml HTTP/1.1" 200 19518 "-" "Mozilla/5.0 (Linux; Android 6.0.1; Nexus 5X Build/MMB29P) AppleWebKit/537.36 (KHTML, like Gecko) Chrome/137.0.7151.103 Mobile Safari/537.36 (compatible; Googlebot/2.1; +http://www.google.com/bot.html)"
66.249.74.42 - - [21/Jul/2025:22:58:05 +0000] "POST /get-message-notify HTTP/1.1" 200 18155 "https://sergio-cuchi.tattoo/?h=88600309001600&mod=e2e05e5e&uri=shared.php?goods/4594324.shtml" "Mozilla/5.0 (Linux; Android 6.0.1; Nexus 5X Build/MMB29P) AppleWebKit/537.36 (KHTML, like Gecko) Chrome/137.0.7151.119 Mobile Safari/537.36 (compatible; Googlebot/2.1; +http://www.google.com/bot.html)"
209.74.77.214 - - [21/Jul/2025:22:58:24 +0000] "POST /wp-cron.php?doing_wp_cron=1753138704.1997609138488769531250 HTTP/1.1" 200 - "-" "WordPress/6.8.2; https://sergio-cuchi.tattoo"
57.141.2.28 - - [21/Jul/2025:22:58:23 +0000] "GET /?h=72633925011600& HTTP/1.1" 301 - "-" "meta-externalagent/1.1 (+https://developers.facebook.com/docs/sharing/webmasters/crawler)"
57.141.2.16 - - [21/Jul/2025:22:58:37 +0000] "GET /?h=72633925011600 HTTP/1.1" 200 97950 "-" "meta-externalagent/1.1 (+https://developers.facebook.com/docs/sharing/webmasters/crawler)"
57.141.2.1 - - [21/Jul/2025:22:58:41 +0000] "GET /?h=42905142041600& HTTP/1.1" 301 - "-" "meta-externalagent/1.1 (+https://developers.facebook.com/docs/sharing/webmasters/crawler)"
216.73.216.248 - - [21/Jul/2025:22:59:01 +0000] "GET /sitemap-16.xml HTTP/1.1" 200 4213 "-" "Mozilla/5.0 AppleWebKit/537.36 (KHTML, like Gecko; compatible; ClaudeBot/1.0; [email protected])"
209.74.77.214 - - [21/Jul/2025:22:59:20 +0000] "POST /wp-cron.php?doing_wp_cron=1753138760.4805419445037841796875 HTTP/1.1" 200 - "-" "WordPress/6.8.2; https://sergio-cuchi.tattoo"
57.141.2.4 - - [21/Jul/2025:22:59:20 +0000] "GET /?h=7337149011600& HTTP/1.1" 301 - "-" "meta-externalagent/1.1 (+https://developers.facebook.com/docs/sharing/webmasters/crawler)"
216.73.216.248 - - [21/Jul/2025:23:01:19 +0000] "GET /sitemap-1.xml HTTP/1.1" 200 4209 "-" "Mozilla/5.0 AppleWebKit/537.36 (KHTML, like Gecko; compatible; ClaudeBot/1.0; [email protected])"
66.249.74.32 - - [21/Jul/2025:23:02:47 +0000] "GET /?h=88600309001600&mod=e2e05e5e&uri=shared.php?goods/5801100.shtml HTTP/1.1" 200 19521 "-" "Mozilla/5.0 (Linux; Android 6.0.1; Nexus 5X Build/MMB29P) AppleWebKit/537.36 (KHTML, like Gecko) Chrome/137.0.7151.103 Mobile Safari/537.36 (compatible; Googlebot/2.1; +http://www.google.com/bot.html)"
66.249.74.42 - - [21/Jul/2025:23:04:33 +0000] "GET /?h=88600309001600&mod=e2e05e5e&uri=shared.php?goods/4522062.shtml HTTP/1.1" 200 19427 "-" "Mozilla/5.0 (Linux; Android 6.0.1; Nexus 5X Build/MMB29P) AppleWebKit/537.36 (KHTML, like Gecko) Chrome/137.0.7151.103 Mobile Safari/537.36 (compatible; Googlebot/2.1; +http://www.google.com/bot.html)"
66.249.74.43 - - [21/Jul/2025:23:06:14 +0000] "GET /?h=88600309001600&mod=e2e05e5e&uri=shared.php?goods/38345948.shtml HTTP/1.1" 200 19320 "-" "Mozilla/5.0 (Linux; Android 6.0.1; Nexus 5X Build/MMB29P) AppleWebKit/537.36 (KHTML, like Gecko) Chrome/137.0.7151.103 Mobile Safari/537.36 (compatible; Googlebot/2.1; +http://www.google.com/bot.html)"
209.74.77.214 - - [21/Jul/2025:23:07:00 +0000] "POST /wp-cron.php?doing_wp_cron=1753139220.8054881095886230468750 HTTP/1.1" 200 - "-" "WordPress/6.8.2; https://sergio-cuchi.tattoo"
51.222.253.20 - - [21/Jul/2025:23:06:59 +0000] "GET /?h=11867902111600&mod=887b30fe&uri=shop.php%3Fid%3D396276-562%26name%3Dnike+pegasus+33+grey+running+shoes HTTP/1.1" 301 - "-" "Mozilla/5.0 (compatible; AhrefsBot/7.0; +http://ahrefs.com/robot/)"
66.249.74.42 - - [21/Jul/2025:23:07:33 +0000] "GET /?h=88600309001600&mod=e2e05e5e&uri=shared.php?goods/38374298.shtml HTTP/1.1" 200 19620 "-" "Mozilla/5.0 (Linux; Android 6.0.1; Nexus 5X Build/MMB29P) AppleWebKit/537.36 (KHTML, like Gecko) Chrome/137.0.7151.103 Mobile Safari/537.36 (compatible; Googlebot/2.1; +http://www.google.com/bot.html)"
66.249.74.43 - - [21/Jul/2025:23:07:37 +0000] "POST /get-message-notify HTTP/1.1" 200 18155 "https://sergio-cuchi.tattoo/?h=88600309001600&mod=e2e05e5e&uri=shared.php?goods/38374298.shtml" "Mozilla/5.0 (Linux; Android 6.0.1; Nexus 5X Build/MMB29P) AppleWebKit/537.36 (KHTML, like Gecko) Chrome/137.0.7151.119 Mobile Safari/537.36 (compatible; Googlebot/2.1; +http://www.google.com/bot.html)"
216.73.216.248 - - [21/Jul/2025:23:08:04 +0000] "GET /index.php/sitemap-15.xml HTTP/1.1" 200 4195 "-" "Mozilla/5.0 AppleWebKit/537.36 (KHTML, like Gecko; compatible; ClaudeBot/1.0; [email protected])"
209.74.77.214 - - [21/Jul/2025:23:08:16 +0000] "POST /wp-cron.php?doing_wp_cron=1753139296.6037130355834960937500 HTTP/1.1" 200 - "-" "WordPress/6.8.2; https://sergio-cuchi.tattoo"
