217.113.194.83 - - [21/Jul/2025:18:18:25 +0000] "GET /tag/aliqua/feed/ HTTP/1.1" 200 3199 "-" "Mozilla/5.0 (compatible; Barkrowler/0.9; +https://babbar.tech/crawler)"
217.113.194.85 - - [21/Jul/2025:18:18:41 +0000] "GET /tag/fabulas/feed/ HTTP/1.1" 200 3099 "-" "Mozilla/5.0 (compatible; Barkrowler/0.9; +https://babbar.tech/crawler)"
154.54.249.201 - - [21/Jul/2025:18:18:56 +0000] "GET /tag/nulla/feed/ HTTP/1.1" 200 3017 "-" "Mozilla/5.0 (compatible; Barkrowler/0.9; +https://babbar.tech/crawler)"
209.74.77.214 - - [21/Jul/2025:18:19:12 +0000] "POST /wp-cron.php?doing_wp_cron=1753121952.6522960662841796875000 HTTP/1.1" 200 - "-" "WordPress/6.8.2; https://sergio-cuchi.tattoo"
217.113.194.91 - - [21/Jul/2025:18:19:12 +0000] "GET /product-tag/rotary/ HTTP/1.1" 200 13939 "-" "Mozilla/5.0 (compatible; Barkrowler/0.9; +https://babbar.tech/crawler)"
217.113.194.89 - - [21/Jul/2025:18:19:28 +0000] "GET /product-tag/lamps/ HTTP/1.1" 200 13993 "-" "Mozilla/5.0 (compatible; Barkrowler/0.9; +https://babbar.tech/crawler)"
66.249.73.71 - - [21/Jul/2025:18:19:35 +0000] "GET /goods/162578416.shtml HTTP/1.1" 200 19262 "-" "Mozilla/5.0 (Linux; Android 6.0.1; Nexus 5X Build/MMB29P) AppleWebKit/537.36 (KHTML, like Gecko) Chrome/137.0.7151.103 Mobile Safari/537.36 (compatible; Googlebot/2.1; +http://www.google.com/bot.html)"
154.54.249.201 - - [21/Jul/2025:18:19:44 +0000] "GET /product-tag/green/ HTTP/1.1" 200 14130 "-" "Mozilla/5.0 (compatible; Barkrowler/0.9; +https://babbar.tech/crawler)"
154.54.249.201 - - [21/Jul/2025:18:20:00 +0000] "GET /product-tag/green/feed/ HTTP/1.1" 200 1783 "-" "Mozilla/5.0 (compatible; Barkrowler/0.9; +https://babbar.tech/crawler)"
209.74.77.214 - - [21/Jul/2025:18:20:16 +0000] "POST /wp-cron.php?doing_wp_cron=1753122016.5608439445495605468750 HTTP/1.1" 200 - "-" "WordPress/6.8.2; https://sergio-cuchi.tattoo"
217.113.194.87 - - [21/Jul/2025:18:20:16 +0000] "GET /product-tag/tattoo/ HTTP/1.1" 200 15341 "-" "Mozilla/5.0 (compatible; Barkrowler/0.9; +https://babbar.tech/crawler)"
217.113.194.87 - - [21/Jul/2025:18:20:32 +0000] "GET /product-tag/ink/feed/ HTTP/1.1" 200 2036 "-" "Mozilla/5.0 (compatible; Barkrowler/0.9; +https://babbar.tech/crawler)"
217.113.194.89 - - [21/Jul/2025:18:20:48 +0000] "GET /tag/vidisse/feed/ HTTP/1.1" 200 3106 "-" "Mozilla/5.0 (compatible; Barkrowler/0.9; +https://babbar.tech/crawler)"
154.54.249.201 - - [21/Jul/2025:18:21:03 +0000] "GET /author/sergio/page/2/ HTTP/1.1" 200 14517 "-" "Mozilla/5.0 (compatible; Barkrowler/0.9; +https://babbar.tech/crawler)"
209.74.77.214 - - [21/Jul/2025:18:21:20 +0000] "POST /wp-cron.php?doing_wp_cron=1753122080.1395978927612304687500 HTTP/1.1" 200 - "-" "WordPress/6.8.2; https://sergio-cuchi.tattoo"
217.113.194.87 - - [21/Jul/2025:18:21:19 +0000] "GET /category/lifestyle/feed/ HTTP/1.1" 200 2889 "-" "Mozilla/5.0 (compatible; Barkrowler/0.9; +https://babbar.tech/crawler)"
217.113.194.90 - - [21/Jul/2025:18:21:35 +0000] "GET /tag/offendit/feed/ HTTP/1.1" 200 3175 "-" "Mozilla/5.0 (compatible; Barkrowler/0.9; +https://babbar.tech/crawler)"
217.113.194.90 - - [21/Jul/2025:18:21:51 +0000] "GET /tag/litteris/feed/ HTTP/1.1" 200 3041 "-" "Mozilla/5.0 (compatible; Barkrowler/0.9; +https://babbar.tech/crawler)"
217.113.194.86 - - [21/Jul/2025:18:22:07 +0000] "GET /tag/ipsum/feed/ HTTP/1.1" 200 3168 "-" "Mozilla/5.0 (compatible; Barkrowler/0.9; +https://babbar.tech/crawler)"
209.74.77.214 - - [21/Jul/2025:18:22:22 +0000] "POST /wp-cron.php?doing_wp_cron=1753122142.9805281162261962890625 HTTP/1.1" 200 - "-" "WordPress/6.8.2; https://sergio-cuchi.tattoo"
217.113.194.87 - - [21/Jul/2025:18:22:22 +0000] "GET /product/traditional-set/ HTTP/1.1" 200 18136 "-" "Mozilla/5.0 (compatible; Barkrowler/0.9; +https://babbar.tech/crawler)"
217.113.194.86 - - [21/Jul/2025:18:22:38 +0000] "GET /product-tag/needles/feed/ HTTP/1.1" 200 1678 "-" "Mozilla/5.0 (compatible; Barkrowler/0.9; +https://babbar.tech/crawler)"
209.74.77.214 - - [21/Jul/2025:18:22:55 +0000] "POST /wp-cron.php?doing_wp_cron=1753122175.1541349887847900390625 HTTP/1.1" 200 - "-" "WordPress/6.8.2; https://sergio-cuchi.tattoo"
217.113.194.246 - - [21/Jul/2025:18:22:54 +0000] "GET /product-tag/rotary/feed/ HTTP/1.1" 200 1607 "-" "Mozilla/5.0 (compatible; Barkrowler/0.9; +https://babbar.tech/crawler)"
217.113.194.85 - - [21/Jul/2025:18:23:10 +0000] "GET /product-tag/lamps/feed/ HTTP/1.1" 200 1708 "-" "Mozilla/5.0 (compatible; Barkrowler/0.9; +https://babbar.tech/crawler)"
209.74.77.214 - - [21/Jul/2025:18:23:22 +0000] "POST /wp-cron.php?doing_wp_cron=1753122202.0496079921722412109375 HTTP/1.1" 200 - "-" "WordPress/6.8.2; https://sergio-cuchi.tattoo"
57.141.2.6 - - [21/Jul/2025:18:23:21 +0000] "GET /?h=52124214031600& HTTP/1.1" 301 - "-" "meta-externalagent/1.1 (+https://developers.facebook.com/docs/sharing/webmasters/crawler)"
217.113.194.88 - - [21/Jul/2025:18:23:26 +0000] "GET /product-tag/usa/feed/ HTTP/1.1" 200 1976 "-" "Mozilla/5.0 (compatible; Barkrowler/0.9; +https://babbar.tech/crawler)"
51.222.253.2 - - [21/Jul/2025:18:23:30 +0000] "GET /sitemap-1.xml HTTP/1.1" 200 4209 "-" "Mozilla/5.0 (compatible; AhrefsBot/7.0; +http://ahrefs.com/robot/)"
57.141.2.28 - - [21/Jul/2025:18:23:30 +0000] "GET /?h=52124214031600 HTTP/1.1" 200 97949 "-" "meta-externalagent/1.1 (+https://developers.facebook.com/docs/sharing/webmasters/crawler)"
217.113.194.85 - - [21/Jul/2025:18:23:41 +0000] "GET /product-tag/blue/feed/ HTTP/1.1" 200 1794 "-" "Mozilla/5.0 (compatible; Barkrowler/0.9; +https://babbar.tech/crawler)"
217.113.194.90 - - [21/Jul/2025:18:23:57 +0000] "GET /product-tag/carbon/feed/ HTTP/1.1" 200 1778 "-" "Mozilla/5.0 (compatible; Barkrowler/0.9; +https://babbar.tech/crawler)"
209.74.77.214 - - [21/Jul/2025:18:24:13 +0000] "POST /wp-cron.php?doing_wp_cron=1753122253.5092689990997314453125 HTTP/1.1" 200 - "-" "WordPress/6.8.2; https://sergio-cuchi.tattoo"
217.113.194.88 - - [21/Jul/2025:18:24:13 +0000] "GET /product-tag/tattoo/feed/ HTTP/1.1" 200 2824 "-" "Mozilla/5.0 (compatible; Barkrowler/0.9; +https://babbar.tech/crawler)"
170.106.140.110 - - [21/Jul/2025:18:24:16 +0000] "GET /my-account/ HTTP/1.1" 200 13562 "-" "Mozilla/5.0 (iPhone; CPU iPhone OS 13_2_3 like Mac OS X) AppleWebKit/605.1.15 (KHTML, like Gecko) Version/13.0.3 Mobile/15E148 Safari/604.1"
194.187.251.155 - - [21/Jul/2025:18:24:25 +0000] "POST /xmlrpc.php HTTP/1.1" 200 206 "-" "Go-http-client/1.1"
217.113.194.91 - - [21/Jul/2025:18:24:29 +0000] "GET /product-tag/equipment/feed/ HTTP/1.1" 200 2275 "-" "Mozilla/5.0 (compatible; Barkrowler/0.9; +https://babbar.tech/crawler)"
217.113.194.91 - - [21/Jul/2025:18:24:44 +0000] "GET /women-in-the-tattoo-world/ HTTP/1.1" 200 18347 "-" "Mozilla/5.0 (compatible; Barkrowler/0.9; +https://babbar.tech/crawler)"
217.113.194.91 - - [21/Jul/2025:18:25:00 +0000] "GET /product/rotary-super-stock/ HTTP/1.1" 200 17988 "-" "Mozilla/5.0 (compatible; Barkrowler/0.9; +https://babbar.tech/crawler)"
209.74.77.214 - - [21/Jul/2025:18:25:16 +0000] "POST /wp-cron.php?doing_wp_cron=1753122316.8672630786895751953125 HTTP/1.1" 200 - "-" "WordPress/6.8.2; https://sergio-cuchi.tattoo"
217.113.194.90 - - [21/Jul/2025:18:25:16 +0000] "GET /tag/occaecat/feed/ HTTP/1.1" 200 2979 "-" "Mozilla/5.0 (compatible; Barkrowler/0.9; +https://babbar.tech/crawler)"
217.113.194.82 - - [21/Jul/2025:18:25:32 +0000] "GET /tag/voluptate/feed/ HTTP/1.1" 200 3130 "-" "Mozilla/5.0 (compatible; Barkrowler/0.9; +https://babbar.tech/crawler)"
217.113.194.87 - - [21/Jul/2025:18:25:47 +0000] "GET /product/traditional-set/feed/ HTTP/1.1" 200 424 "-" "Mozilla/5.0 (compatible; Barkrowler/0.9; +https://babbar.tech/crawler)"
217.113.194.91 - - [21/Jul/2025:18:26:03 +0000] "GET /product-tag/power-suply/ HTTP/1.1" 200 13954 "-" "Mozilla/5.0 (compatible; Barkrowler/0.9; +https://babbar.tech/crawler)"
209.74.77.214 - - [21/Jul/2025:18:26:19 +0000] "POST /wp-cron.php?doing_wp_cron=1753122379.6787369251251220703125 HTTP/1.1" 200 - "-" "WordPress/6.8.2; https://sergio-cuchi.tattoo"
217.113.194.82 - - [21/Jul/2025:18:26:19 +0000] "GET /product-tag/tattoo-cables/ HTTP/1.1" 200 14135 "-" "Mozilla/5.0 (compatible; Barkrowler/0.9; +https://babbar.tech/crawler)"
217.113.194.86 - - [21/Jul/2025:18:26:35 +0000] "GET /tag/fugiat/feed/ HTTP/1.1" 200 3170 "-" "Mozilla/5.0 (compatible; Barkrowler/0.9; +https://babbar.tech/crawler)"
217.113.194.82 - - [21/Jul/2025:18:26:50 +0000] "GET /tattoofest-krakow/ HTTP/1.1" 200 18297 "-" "Mozilla/5.0 (compatible; Barkrowler/0.9; +https://babbar.tech/crawler)"
217.113.194.87 - - [21/Jul/2025:18:27:06 +0000] "GET /tattoo-model-michael-rea/feed/ HTTP/1.1" 200 1161 "-" "Mozilla/5.0 (compatible; Barkrowler/0.9; +https://babbar.tech/crawler)"
216.73.216.248 - - [21/Jul/2025:18:27:22 +0000] "GET /index.php/sitemap-10.xml HTTP/1.1" 200 4195 "-" "Mozilla/5.0 AppleWebKit/537.36 (KHTML, like Gecko; compatible; ClaudeBot/1.0; [email protected])"
209.74.77.214 - - [21/Jul/2025:18:27:22 +0000] "POST /wp-cron.php?doing_wp_cron=1753122442.8019640445709228515625 HTTP/1.1" 200 - "-" "WordPress/6.8.2; https://sergio-cuchi.tattoo"
217.113.194.90 - - [21/Jul/2025:18:27:22 +0000] "GET /product/sea-green-ink/feed/ HTTP/1.1" 200 426 "-" "Mozilla/5.0 (compatible; Barkrowler/0.9; +https://babbar.tech/crawler)"
57.141.2.4 - - [21/Jul/2025:18:27:38 +0000] "GET /?h=115102277061600& HTTP/1.1" 301 - "-" "meta-externalagent/1.1 (+https://developers.facebook.com/docs/sharing/webmasters/crawler)"
217.113.194.88 - - [21/Jul/2025:18:27:38 +0000] "GET /product/ink-mixer/feed/ HTTP/1.1" 200 627 "-" "Mozilla/5.0 (compatible; Barkrowler/0.9; +https://babbar.tech/crawler)"
217.113.194.84 - - [21/Jul/2025:18:27:54 +0000] "GET /product/tattoo-floor-lamp/feed/ HTTP/1.1" 200 619 "-" "Mozilla/5.0 (compatible; Barkrowler/0.9; +https://babbar.tech/crawler)"
217.113.194.83 - - [21/Jul/2025:18:28:10 +0000] "GET /product-tag/tattoo-cables/feed/ HTTP/1.1" 200 1613 "-" "Mozilla/5.0 (compatible; Barkrowler/0.9; +https://babbar.tech/crawler)"
209.74.77.214 - - [21/Jul/2025:18:28:26 +0000] "POST /wp-cron.php?doing_wp_cron=1753122506.0191819667816162109375 HTTP/1.1" 200 - "-" "WordPress/6.8.2; https://sergio-cuchi.tattoo"
217.113.194.85 - - [21/Jul/2025:18:28:25 +0000] "GET /oriental-and-japanese-tattoos/ HTTP/1.1" 200 18348 "-" "Mozilla/5.0 (compatible; Barkrowler/0.9; +https://babbar.tech/crawler)"
217.113.194.82 - - [21/Jul/2025:18:28:41 +0000] "GET /international-tattoo-convention/ HTTP/1.1" 200 18328 "-" "Mozilla/5.0 (compatible; Barkrowler/0.9; +https://babbar.tech/crawler)"
57.141.2.14 - - [21/Jul/2025:18:28:52 +0000] "GET /?h=38531654051600& HTTP/1.1" 301 - "-" "meta-externalagent/1.1 (+https://developers.facebook.com/docs/sharing/webmasters/crawler)"
217.113.194.246 - - [21/Jul/2025:18:28:57 +0000] "GET /tattoo-model-jane-doe/ HTTP/1.1" 200 18308 "-" "Mozilla/5.0 (compatible; Barkrowler/0.9; +https://babbar.tech/crawler)"
57.141.2.20 - - [21/Jul/2025:18:29:07 +0000] "GET /?h=38531654051600 HTTP/1.1" 200 97957 "-" "meta-externalagent/1.1 (+https://developers.facebook.com/docs/sharing/webmasters/crawler)"
209.74.77.214 - - [21/Jul/2025:18:29:14 +0000] "POST /wp-cron.php?doing_wp_cron=1753122554.0647780895233154296875 HTTP/1.1" 200 - "-" "WordPress/6.8.2; https://sergio-cuchi.tattoo"
217.113.194.86 - - [21/Jul/2025:18:29:13 +0000] "GET /tattoo-model-jane-doe/feed/ HTTP/1.1" 200 430 "-" "Mozilla/5.0 (compatible; Barkrowler/0.9; +https://babbar.tech/crawler)"
217.113.194.91 - - [21/Jul/2025:18:29:29 +0000] "GET /women-in-the-tattoo-world/feed/ HTTP/1.1" 200 429 "-" "Mozilla/5.0 (compatible; Barkrowler/0.9; +https://babbar.tech/crawler)"
217.113.194.91 - - [21/Jul/2025:18:29:45 +0000] "GET /product/rotary-super-stock/feed/ HTTP/1.1" 200 432 "-" "Mozilla/5.0 (compatible; Barkrowler/0.9; +https://babbar.tech/crawler)"
57.141.2.9 - - [21/Jul/2025:18:29:48 +0000] "GET /?h=25416100131600 HTTP/1.1" 200 97957 "-" "meta-externalagent/1.1 (+https://developers.facebook.com/docs/sharing/webmasters/crawler)"
217.113.194.86 - - [21/Jul/2025:18:30:00 +0000] "GET /product-category/tattoo-machines/feed/ HTTP/1.1" 200 1783 "-" "Mozilla/5.0 (compatible; Barkrowler/0.9; +https://babbar.tech/crawler)"
209.74.77.214 - - [21/Jul/2025:18:30:16 +0000] "POST /wp-cron.php?doing_wp_cron=1753122616.7156600952148437500000 HTTP/1.1" 200 - "-" "WordPress/6.8.2; https://sergio-cuchi.tattoo"
217.113.194.89 - - [21/Jul/2025:18:30:16 +0000] "GET /product-category/power-supply-electric/feed/ HTTP/1.1" 200 1757 "-" "Mozilla/5.0 (compatible; Barkrowler/0.9; +https://babbar.tech/crawler)"
217.113.194.83 - - [21/Jul/2025:18:30:32 +0000] "GET /product-category/power-supply-electric/ HTTP/1.1" 200 14379 "-" "Mozilla/5.0 (compatible; Barkrowler/0.9; +https://babbar.tech/crawler)"
217.113.194.84 - - [21/Jul/2025:18:30:48 +0000] "GET /product/x-tattoo-machine/ HTTP/1.1" 200 17980 "-" "Mozilla/5.0 (compatible; Barkrowler/0.9; +https://babbar.tech/crawler)"
57.141.2.25 - - [21/Jul/2025:18:30:52 +0000] "GET /?h=50315773021600& HTTP/1.1" 301 - "-" "meta-externalagent/1.1 (+https://developers.facebook.com/docs/sharing/webmasters/crawler)"
57.141.2.28 - - [21/Jul/2025:18:30:59 +0000] "GET /?h=50315773021600 HTTP/1.1" 200 97960 "-" "meta-externalagent/1.1 (+https://developers.facebook.com/docs/sharing/webmasters/crawler)"
217.113.194.85 - - [21/Jul/2025:18:31:03 +0000] "GET /product/x-tattoo-machine/feed/ HTTP/1.1" 200 426 "-" "Mozilla/5.0 (compatible; Barkrowler/0.9; +https://babbar.tech/crawler)"
209.74.77.214 - - [21/Jul/2025:18:31:19 +0000] "POST /wp-cron.php?doing_wp_cron=1753122679.7792489528656005859375 HTTP/1.1" 200 - "-" "WordPress/6.8.2; https://sergio-cuchi.tattoo"
217.113.194.90 - - [21/Jul/2025:18:31:19 +0000] "GET /product/limited-edition-tattoo-kit/ HTTP/1.1" 200 18262 "-" "Mozilla/5.0 (compatible; Barkrowler/0.9; +https://babbar.tech/crawler)"
217.113.194.88 - - [21/Jul/2025:18:31:36 +0000] "GET /product-tag/power-suply/feed/ HTTP/1.1" 200 1602 "-" "Mozilla/5.0 (compatible; Barkrowler/0.9; +https://babbar.tech/crawler)"
66.249.73.71 - - [21/Jul/2025:18:31:38 +0000] "GET /?pcmypage?callback=/product%2Fdetail%2FS1991379234 HTTP/1.1" 200 18149 "-" "Mozilla/5.0 (Linux; Android 6.0.1; Nexus 5X Build/MMB29P) AppleWebKit/537.36 (KHTML, like Gecko) Chrome/137.0.7151.103 Mobile Safari/537.36 (compatible; Googlebot/2.1; +http://www.google.com/bot.html)"
217.113.194.85 - - [21/Jul/2025:18:31:52 +0000] "GET /oriental-and-japanese-tattoos/feed/ HTTP/1.1" 200 433 "-" "Mozilla/5.0 (compatible; Barkrowler/0.9; +https://babbar.tech/crawler)"
217.113.194.87 - - [21/Jul/2025:18:32:07 +0000] "GET /international-tattoo-expo-2018/ HTTP/1.1" 200 18335 "-" "Mozilla/5.0 (compatible; Barkrowler/0.9; +https://babbar.tech/crawler)"
209.74.77.214 - - [21/Jul/2025:18:32:15 +0000] "POST /wp-cron.php?doing_wp_cron=1753122735.0478401184082031250000 HTTP/1.1" 200 - "-" "WordPress/6.8.2; https://sergio-cuchi.tattoo"
43.153.71.12 - - [21/Jul/2025:18:32:14 +0000] "GET /shop-2/ HTTP/1.1" 200 13051 "-" "Mozilla/5.0 (iPhone; CPU iPhone OS 13_2_3 like Mac OS X) AppleWebKit/605.1.15 (KHTML, like Gecko) Version/13.0.3 Mobile/15E148 Safari/604.1"
217.113.194.86 - - [21/Jul/2025:18:32:23 +0000] "GET /international-tattoo-convention/feed/ HTTP/1.1" 200 431 "-" "Mozilla/5.0 (compatible; Barkrowler/0.9; +https://babbar.tech/crawler)"
217.113.194.86 - - [21/Jul/2025:18:32:39 +0000] "GET /tattoofest-krakow/feed/ HTTP/1.1" 200 421 "-" "Mozilla/5.0 (compatible; Barkrowler/0.9; +https://babbar.tech/crawler)"
154.54.249.201 - - [21/Jul/2025:18:32:54 +0000] "GET /product-category/tattoo-equipment/feed/ HTTP/1.1" 200 2230 "-" "Mozilla/5.0 (compatible; Barkrowler/0.9; +https://babbar.tech/crawler)"
217.113.194.86 - - [21/Jul/2025:18:33:10 +0000] "GET /product/ink-cup-stand-blue/feed/ HTTP/1.1" 200 432 "-" "Mozilla/5.0 (compatible; Barkrowler/0.9; +https://babbar.tech/crawler)"
57.141.2.24 - - [21/Jul/2025:18:33:10 +0000] "GET /goods/1219158392.shtml HTTP/1.1" 404 80246 "-" "meta-externalagent/1.1 (+https://developers.facebook.com/docs/sharing/webmasters/crawler)"
209.74.77.214 - - [21/Jul/2025:18:33:26 +0000] "POST /wp-cron.php?doing_wp_cron=1753122806.4757509231567382812500 HTTP/1.1" 200 - "-" "WordPress/6.8.2; https://sergio-cuchi.tattoo"
217.113.194.87 - - [21/Jul/2025:18:33:26 +0000] "GET /product/ink-cup-stand-blue/ HTTP/1.1" 200 18232 "-" "Mozilla/5.0 (compatible; Barkrowler/0.9; +https://babbar.tech/crawler)"
57.141.2.3 - - [21/Jul/2025:18:33:39 +0000] "GET /goods/1219470712.shtml HTTP/1.1" 404 80246 "-" "meta-externalagent/1.1 (+https://developers.facebook.com/docs/sharing/webmasters/crawler)"
217.113.194.90 - - [21/Jul/2025:18:33:42 +0000] "GET /product-tag/rca-tattoo-cord/ HTTP/1.1" 200 14143 "-" "Mozilla/5.0 (compatible; Barkrowler/0.9; +https://babbar.tech/crawler)"
216.73.216.248 - - [21/Jul/2025:18:33:45 +0000] "GET /sitemap-4.xml HTTP/1.1" 200 4207 "-" "Mozilla/5.0 AppleWebKit/537.36 (KHTML, like Gecko; compatible; ClaudeBot/1.0; [email protected])"
217.113.194.89 - - [21/Jul/2025:18:33:57 +0000] "GET /product-tag/rca-tattoo-cord/feed/ HTTP/1.1" 200 1615 "-" "Mozilla/5.0 (compatible; Barkrowler/0.9; +https://babbar.tech/crawler)"
209.74.77.214 - - [21/Jul/2025:18:34:14 +0000] "POST /wp-cron.php?doing_wp_cron=1753122854.5804319381713867187500 HTTP/1.1" 200 - "-" "WordPress/6.8.2; https://sergio-cuchi.tattoo"
217.113.194.88 - - [21/Jul/2025:18:34:14 +0000] "GET /montreux-tattoo-convention/feed/ HTTP/1.1" 200 427 "-" "Mozilla/5.0 (compatible; Barkrowler/0.9; +https://babbar.tech/crawler)"
66.249.74.43 - - [21/Jul/2025:18:34:24 +0000] "GET /?h=88600309001600&mod=e2e05e5e&uri=shared.php?goods/4582188.shtml HTTP/1.1" 200 18402 "-" "Mozilla/5.0 (Linux; Android 6.0.1; Nexus 5X Build/MMB29P) AppleWebKit/537.36 (KHTML, like Gecko) Chrome/137.0.7151.103 Mobile Safari/537.36 (compatible; Googlebot/2.1; +http://www.google.com/bot.html)"
66.249.74.32 - - [21/Jul/2025:18:34:27 +0000] "POST /get-message-notify HTTP/1.1" 200 18155 "https://sergio-cuchi.tattoo/?h=88600309001600&mod=e2e05e5e&uri=shared.php?goods/4582188.shtml" "Mozilla/5.0 (Linux; Android 6.0.1; Nexus 5X Build/MMB29P) AppleWebKit/537.36 (KHTML, like Gecko) Chrome/137.0.7151.119 Mobile Safari/537.36 (compatible; Googlebot/2.1; +http://www.google.com/bot.html)"
217.113.194.85 - - [21/Jul/2025:18:34:30 +0000] "GET /amanda-white-wild-at-heart/ HTTP/1.1" 200 18365 "-" "Mozilla/5.0 (compatible; Barkrowler/0.9; +https://babbar.tech/crawler)"
57.141.2.6 - - [21/Jul/2025:18:34:39 +0000] "GET /goods/1219606554.shtml HTTP/1.1" 404 80246 "-" "meta-externalagent/1.1 (+https://developers.facebook.com/docs/sharing/webmasters/crawler)"
217.113.194.246 - - [21/Jul/2025:18:34:46 +0000] "GET /international-tattoo-expo-2018/feed/ HTTP/1.1" 200 431 "-" "Mozilla/5.0 (compatible; Barkrowler/0.9; +https://babbar.tech/crawler)"
66.249.74.42 - - [21/Jul/2025:18:34:50 +0000] "GET /?h=88600309001600&mod=e2e05e5e&uri=shared.php?goods/4561102.shtml HTTP/1.1" 200 19155 "-" "Mozilla/5.0 (Linux; Android 6.0.1; Nexus 5X Build/MMB29P) AppleWebKit/537.36 (KHTML, like Gecko) Chrome/137.0.7151.103 Mobile Safari/537.36 (compatible; Googlebot/2.1; +http://www.google.com/bot.html)"
217.113.194.85 - - [21/Jul/2025:18:35:01 +0000] "GET /monster-ink-tattoo-fest/feed/ HTTP/1.1" 200 431 "-" "Mozilla/5.0 (compatible; Barkrowler/0.9; +https://babbar.tech/crawler)"
57.141.2.2 - - [21/Jul/2025:18:35:06 +0000] "GET /?h=29095092001600& HTTP/1.1" 301 - "-" "meta-externalagent/1.1 (+https://developers.facebook.com/docs/sharing/webmasters/crawler)"
209.74.77.214 - - [21/Jul/2025:18:35:17 +0000] "POST /wp-cron.php?doing_wp_cron=1753122917.9791169166564941406250 HTTP/1.1" 200 - "-" "WordPress/6.8.2; https://sergio-cuchi.tattoo"
217.113.194.91 - - [21/Jul/2025:18:35:17 +0000] "GET /product/rca-straight-cable/feed/ HTTP/1.1" 200 626 "-" "Mozilla/5.0 (compatible; Barkrowler/0.9; +https://babbar.tech/crawler)"
57.141.2.11 - - [21/Jul/2025:18:35:26 +0000] "GET /?h=29095092001600 HTTP/1.1" 200 97949 "-" "meta-externalagent/1.1 (+https://developers.facebook.com/docs/sharing/webmasters/crawler)"
217.113.194.91 - - [21/Jul/2025:18:35:33 +0000] "GET /product/limited-edition-tattoo-kit/feed/ HTTP/1.1" 200 437 "-" "Mozilla/5.0 (compatible; Barkrowler/0.9; +https://babbar.tech/crawler)"
217.113.194.83 - - [21/Jul/2025:18:35:49 +0000] "GET /amanda-white-wild-at-heart/feed/ HTTP/1.1" 200 436 "-" "Mozilla/5.0 (compatible; Barkrowler/0.9; +https://babbar.tech/crawler)"
217.113.194.86 - - [21/Jul/2025:18:36:05 +0000] "GET /the-fluid-style-of-victor-stone/ HTTP/1.1" 200 18374 "-" "Mozilla/5.0 (compatible; Barkrowler/0.9; +https://babbar.tech/crawler)"
209.74.77.214 - - [21/Jul/2025:18:36:21 +0000] "POST /wp-cron.php?doing_wp_cron=1753122981.2965350151062011718750 HTTP/1.1" 200 - "-" "WordPress/6.8.2; https://sergio-cuchi.tattoo"
217.113.194.91 - - [21/Jul/2025:18:36:21 +0000] "GET /product-category/tattoo-ink/feed/ HTTP/1.1" 200 2045 "-" "Mozilla/5.0 (compatible; Barkrowler/0.9; +https://babbar.tech/crawler)"
217.113.194.86 - - [21/Jul/2025:18:36:36 +0000] "GET /product/cx1-g2-power-supply/feed/ HTTP/1.1" 200 435 "-" "Mozilla/5.0 (compatible; Barkrowler/0.9; +https://babbar.tech/crawler)"
217.113.194.86 - - [21/Jul/2025:18:36:52 +0000] "GET /authentic-tattoos-from-mexico-city/ HTTP/1.1" 200 18362 "-" "Mozilla/5.0 (compatible; Barkrowler/0.9; +https://babbar.tech/crawler)"
66.249.74.32 - - [21/Jul/2025:18:36:59 +0000] "GET /?h=88600309001600&mod=e2e05e5e&uri=shared.php?goods/36093286.shtml HTTP/1.1" 200 18943 "-" "Mozilla/5.0 (Linux; Android 6.0.1; Nexus 5X Build/MMB29P) AppleWebKit/537.36 (KHTML, like Gecko) Chrome/137.0.7151.103 Mobile Safari/537.36 (compatible; Googlebot/2.1; +http://www.google.com/bot.html)"
154.54.249.201 - - [21/Jul/2025:18:37:08 +0000] "GET /the-fluid-style-of-victor-stone/feed/ HTTP/1.1" 200 442 "-" "Mozilla/5.0 (compatible; Barkrowler/0.9; +https://babbar.tech/crawler)"
57.141.2.30 - - [21/Jul/2025:18:37:10 +0000] "GET /?h=73471434081600& HTTP/1.1" 301 - "-" "meta-externalagent/1.1 (+https://developers.facebook.com/docs/sharing/webmasters/crawler)"
217.113.194.88 - - [21/Jul/2025:18:37:24 +0000] "GET /authentic-tattoos-from-mexico-city/feed/ HTTP/1.1" 200 439 "-" "Mozilla/5.0 (compatible; Barkrowler/0.9; +https://babbar.tech/crawler)"
217.113.194.91 - - [21/Jul/2025:18:37:40 +0000] "GET /you-dont-succeed-if-you-never-fail/feed/ HTTP/1.1" 200 471 "-" "Mozilla/5.0 (compatible; Barkrowler/0.9; +https://babbar.tech/crawler)"
66.249.74.42 - - [21/Jul/2025:18:37:49 +0000] "GET /?h=88600309001600&mod=e2e05e5e&uri=shared.php?goods/4550058.shtml HTTP/1.1" 200 18683 "-" "Mozilla/5.0 (Linux; Android 6.0.1; Nexus 5X Build/MMB29P) AppleWebKit/537.36 (KHTML, like Gecko) Chrome/137.0.7151.103 Mobile Safari/537.36 (compatible; Googlebot/2.1; +http://www.google.com/bot.html)"
217.113.194.83 - - [21/Jul/2025:18:37:55 +0000] "GET /tribal-tattoos-a-voyage-through-space-and-time/ HTTP/1.1" 200 18385 "-" "Mozilla/5.0 (compatible; Barkrowler/0.9; +https://babbar.tech/crawler)"
217.113.194.91 - - [21/Jul/2025:18:38:11 +0000] "GET /tribal-tattoos-a-voyage-through-space-and-time/feed/ HTTP/1.1" 200 457 "-" "Mozilla/5.0 (compatible; Barkrowler/0.9; +https://babbar.tech/crawler)"
216.73.216.248 - - [21/Jul/2025:18:39:16 +0000] "GET /index.php/sitemap-6.xml HTTP/1.1" 200 4194 "-" "Mozilla/5.0 AppleWebKit/537.36 (KHTML, like Gecko; compatible; ClaudeBot/1.0; [email protected])"
45.227.253.15 - - [21/Jul/2025:18:40:30 +0000] "GET /index.php/jk HTTP/1.1" 200 59 "-" "Mozilla/5.0 (Macintosh; Intel Mac OS X 10.14; rv:103.0) Gecko/20100101 Firefox/103.0"
209.74.77.214 - - [21/Jul/2025:18:41:34 +0000] "POST /wp-cron.php?doing_wp_cron=1753123294.3232018947601318359375 HTTP/1.1" 200 - "-" "WordPress/6.8.2; https://sergio-cuchi.tattoo"
57.141.2.19 - - [21/Jul/2025:18:41:32 +0000] "GET /?h=86696401041600& HTTP/1.1" 301 - "-" "meta-externalagent/1.1 (+https://developers.facebook.com/docs/sharing/webmasters/crawler)"
57.141.2.20 - - [21/Jul/2025:18:41:41 +0000] "GET /?h=86696401041600 HTTP/1.1" 200 97945 "-" "meta-externalagent/1.1 (+https://developers.facebook.com/docs/sharing/webmasters/crawler)"
209.74.77.214 - - [21/Jul/2025:18:42:45 +0000] "POST /wp-cron.php?doing_wp_cron=1753123365.0345020294189453125000 HTTP/1.1" 200 - "-" "WordPress/6.8.2; https://sergio-cuchi.tattoo"
57.141.2.27 - - [21/Jul/2025:18:42:43 +0000] "GET /?h=2883758111600& HTTP/1.1" 301 - "-" "meta-externalagent/1.1 (+https://developers.facebook.com/docs/sharing/webmasters/crawler)"
209.74.77.214 - - [21/Jul/2025:18:44:06 +0000] "POST /wp-cron.php?doing_wp_cron=1753123446.8858559131622314453125 HTTP/1.1" 200 - "-" "WordPress/6.8.2; https://sergio-cuchi.tattoo"
43.153.19.83 - - [21/Jul/2025:18:44:05 +0000] "GET /hello-world/ HTTP/1.1" 200 17128 "-" "Mozilla/5.0 (iPhone; CPU iPhone OS 13_2_3 like Mac OS X) AppleWebKit/605.1.15 (KHTML, like Gecko) Version/13.0.3 Mobile/15E148 Safari/604.1"
66.249.73.72 - - [21/Jul/2025:18:44:40 +0000] "GET /?pcmypage?callback=product/review/S2855462113 HTTP/1.1" 200 19389 "-" "Mozilla/5.0 (Linux; Android 6.0.1; Nexus 5X Build/MMB29P) AppleWebKit/537.36 (KHTML, like Gecko) Chrome/137.0.7151.103 Mobile Safari/537.36 (compatible; Googlebot/2.1; +http://www.google.com/bot.html)"
209.74.77.214 - - [21/Jul/2025:18:44:42 +0000] "POST /wp-cron.php?doing_wp_cron=1753123482.1795229911804199218750 HTTP/1.1" 200 - "-" "WordPress/6.8.2; https://sergio-cuchi.tattoo"
57.141.2.9 - - [21/Jul/2025:18:44:40 +0000] "GET /?h=110735235001600& HTTP/1.1" 301 - "-" "meta-externalagent/1.1 (+https://developers.facebook.com/docs/sharing/webmasters/crawler)"
66.249.73.70 - - [21/Jul/2025:18:44:55 +0000] "POST /get-message-notify HTTP/1.1" 200 18165 "https://www.sergio-cuchi.tattoo/?pcmypage?callback=product/review/S2855462113" "Mozilla/5.0 (Linux; Android 6.0.1; Nexus 5X Build/MMB29P) AppleWebKit/537.36 (KHTML, like Gecko) Chrome/137.0.7151.119 Mobile Safari/537.36 (compatible; Googlebot/2.1; +http://www.google.com/bot.html)"
57.141.2.29 - - [21/Jul/2025:18:45:03 +0000] "GET /?h=8987233021600& HTTP/1.1" 301 - "-" "meta-externalagent/1.1 (+https://developers.facebook.com/docs/sharing/webmasters/crawler)"
66.249.73.72 - - [21/Jul/2025:18:47:03 +0000] "GET /pcmypage?callback=/product%2Fdetail%2FS286841002 HTTP/1.1" 200 18151 "-" "Mozilla/5.0 (Linux; Android 6.0.1; Nexus 5X Build/MMB29P) AppleWebKit/537.36 (KHTML, like Gecko) Chrome/137.0.7151.103 Mobile Safari/537.36 (compatible; Googlebot/2.1; +http://www.google.com/bot.html)"
66.249.73.72 - - [21/Jul/2025:18:47:03 +0000] "GET /pcmypage?callback=product%2Fdetail%2FS2648388886 HTTP/1.1" 200 18149 "-" "Mozilla/5.0 (Linux; Android 6.0.1; Nexus 5X Build/MMB29P) AppleWebKit/537.36 (KHTML, like Gecko) Chrome/137.0.7151.103 Mobile Safari/537.36 (compatible; Googlebot/2.1; +http://www.google.com/bot.html)"
66.249.73.70 - - [21/Jul/2025:18:47:03 +0000] "GET /pcmypage?callback=/product%2Fdetail%2FS1772038721 HTTP/1.1" 200 18153 "-" "Mozilla/5.0 (Linux; Android 6.0.1; Nexus 5X Build/MMB29P) AppleWebKit/537.36 (KHTML, like Gecko) Chrome/137.0.7151.103 Mobile Safari/537.36 (compatible; Googlebot/2.1; +http://www.google.com/bot.html)"
66.249.73.70 - - [21/Jul/2025:18:47:04 +0000] "GET /pcmypage?callback=/product%2Fdetail%2FS120519916 HTTP/1.1" 200 18149 "-" "Mozilla/5.0 (Linux; Android 6.0.1; Nexus 5X Build/MMB29P) AppleWebKit/537.36 (KHTML, like Gecko) Chrome/137.0.7151.103 Mobile Safari/537.36 (compatible; Googlebot/2.1; +http://www.google.com/bot.html)"
66.249.73.72 - - [21/Jul/2025:18:47:04 +0000] "GET /pcmypage?callback=product/review/S3917572720 HTTP/1.1" 200 19082 "-" "Mozilla/5.0 (Linux; Android 6.0.1; Nexus 5X Build/MMB29P) AppleWebKit/537.36 (KHTML, like Gecko) Chrome/137.0.7151.103 Mobile Safari/537.36 (compatible; Googlebot/2.1; +http://www.google.com/bot.html)"
66.249.73.72 - - [21/Jul/2025:18:47:04 +0000] "GET /pcmypage?callback=product%2Fdetail%2FS4094838276 HTTP/1.1" 200 18152 "-" "Mozilla/5.0 (Linux; Android 6.0.1; Nexus 5X Build/MMB29P) AppleWebKit/537.36 (KHTML, like Gecko) Chrome/137.0.7151.103 Mobile Safari/537.36 (compatible; Googlebot/2.1; +http://www.google.com/bot.html)"
66.249.73.71 - - [21/Jul/2025:18:47:04 +0000] "GET /pcmypage?callback=/product%2Fdetail%2FS3790844708 HTTP/1.1" 200 18152 "-" "Mozilla/5.0 (Linux; Android 6.0.1; Nexus 5X Build/MMB29P) AppleWebKit/537.36 (KHTML, like Gecko) Chrome/137.0.7151.103 Mobile Safari/537.36 (compatible; Googlebot/2.1; +http://www.google.com/bot.html)"
66.249.73.72 - - [21/Jul/2025:18:47:05 +0000] "GET /pcmypage?callback=product/review/S1772038721 HTTP/1.1" 200 19217 "-" "Mozilla/5.0 (Linux; Android 6.0.1; Nexus 5X Build/MMB29P) AppleWebKit/537.36 (KHTML, like Gecko) Chrome/137.0.7151.103 Mobile Safari/537.36 (compatible; Googlebot/2.1; +http://www.google.com/bot.html)"
66.249.73.71 - - [21/Jul/2025:18:47:05 +0000] "GET /pcmypage?callback=product/review/S1337736614 HTTP/1.1" 200 19110 "-" "Mozilla/5.0 (Linux; Android 6.0.1; Nexus 5X Build/MMB29P) AppleWebKit/537.36 (KHTML, like Gecko) Chrome/137.0.7151.103 Mobile Safari/537.36 (compatible; Googlebot/2.1; +http://www.google.com/bot.html)"
66.249.73.72 - - [21/Jul/2025:18:47:05 +0000] "GET /pcmypage?callback=product%2Fdetail%2FS3038394529 HTTP/1.1" 200 18150 "-" "Mozilla/5.0 (Linux; Android 6.0.1; Nexus 5X Build/MMB29P) AppleWebKit/537.36 (KHTML, like Gecko) Chrome/137.0.7151.103 Mobile Safari/537.36 (compatible; Googlebot/2.1; +http://www.google.com/bot.html)"
66.249.73.70 - - [21/Jul/2025:18:47:05 +0000] "GET /pcmypage?callback=product/review/S286841002 HTTP/1.1" 200 19169 "-" "Mozilla/5.0 (Linux; Android 6.0.1; Nexus 5X Build/MMB29P) AppleWebKit/537.36 (KHTML, like Gecko) Chrome/137.0.7151.103 Mobile Safari/537.36 (compatible; Googlebot/2.1; +http://www.google.com/bot.html)"
66.249.73.72 - - [21/Jul/2025:18:47:06 +0000] "GET /pcmypage?callback=product%2Fdetail%2FS2890857844 HTTP/1.1" 200 18151 "-" "Mozilla/5.0 (Linux; Android 6.0.1; Nexus 5X Build/MMB29P) AppleWebKit/537.36 (KHTML, like Gecko) Chrome/137.0.7151.103 Mobile Safari/537.36 (compatible; Googlebot/2.1; +http://www.google.com/bot.html)"
66.249.73.72 - - [21/Jul/2025:18:47:06 +0000] "GET /pcmypage?callback=product%2Fdetail%2FS789172279 HTTP/1.1" 200 18149 "-" "Mozilla/5.0 (Linux; Android 6.0.1; Nexus 5X Build/MMB29P) AppleWebKit/537.36 (KHTML, like Gecko) Chrome/137.0.7151.103 Mobile Safari/537.36 (compatible; Googlebot/2.1; +http://www.google.com/bot.html)"
66.249.73.70 - - [21/Jul/2025:18:47:06 +0000] "POST /get-message-notify HTTP/1.1" 200 18165 "https://www.sergio-cuchi.tattoo/pcmypage?callback=product%2Fdetail%2FS4094838276" "Mozilla/5.0 (Linux; Android 6.0.1; Nexus 5X Build/MMB29P) AppleWebKit/537.36 (KHTML, like Gecko) Chrome/137.0.7151.119 Mobile Safari/537.36 (compatible; Googlebot/2.1; +http://www.google.com/bot.html)"
66.249.73.71 - - [21/Jul/2025:18:47:06 +0000] "GET /pcmypage?callback=product/review/S1630287892 HTTP/1.1" 200 18245 "-" "Mozilla/5.0 (Linux; Android 6.0.1; Nexus 5X Build/MMB29P) AppleWebKit/537.36 (KHTML, like Gecko) Chrome/137.0.7151.103 Mobile Safari/537.36 (compatible; Googlebot/2.1; +http://www.google.com/bot.html)"
66.249.73.72 - - [21/Jul/2025:18:47:06 +0000] "POST /get-message-notify HTTP/1.1" 200 18165 "https://www.sergio-cuchi.tattoo/pcmypage?callback=product/review/S3917572720" "Mozilla/5.0 (Linux; Android 6.0.1; Nexus 5X Build/MMB29P) AppleWebKit/537.36 (KHTML, like Gecko) Chrome/137.0.7151.119 Mobile Safari/537.36 (compatible; Googlebot/2.1; +http://www.google.com/bot.html)"
66.249.73.71 - - [21/Jul/2025:18:47:07 +0000] "GET /pcmypage?callback=product%2Fdetail%2FS3790844708 HTTP/1.1" 200 18150 "-" "Mozilla/5.0 (Linux; Android 6.0.1; Nexus 5X Build/MMB29P) AppleWebKit/537.36 (KHTML, like Gecko) Chrome/137.0.7151.103 Mobile Safari/537.36 (compatible; Googlebot/2.1; +http://www.google.com/bot.html)"
66.249.73.70 - - [21/Jul/2025:18:47:07 +0000] "GET /pcmypage?callback=product%2Fdetail%2FS1096149770 HTTP/1.1" 200 18152 "-" "Mozilla/5.0 (Linux; Android 6.0.1; Nexus 5X Build/MMB29P) AppleWebKit/537.36 (KHTML, like Gecko) Chrome/137.0.7151.103 Mobile Safari/537.36 (compatible; Googlebot/2.1; +http://www.google.com/bot.html)"
66.249.73.70 - - [21/Jul/2025:18:47:08 +0000] "GET /pcmypage?callback=/product%2Fdetail%2FS3278185610 HTTP/1.1" 200 18153 "-" "Mozilla/5.0 (Linux; Android 6.0.1; Nexus 5X Build/MMB29P) AppleWebKit/537.36 (KHTML, like Gecko) Chrome/137.0.7151.103 Mobile Safari/537.36 (compatible; Googlebot/2.1; +http://www.google.com/bot.html)"
66.249.73.70 - - [21/Jul/2025:18:47:08 +0000] "GET /pcmypage?callback=product%2Fdetail%2FS537795042 HTTP/1.1" 200 18151 "-" "Mozilla/5.0 (Linux; Android 6.0.1; Nexus 5X Build/MMB29P) AppleWebKit/537.36 (KHTML, like Gecko) Chrome/137.0.7151.103 Mobile Safari/537.36 (compatible; Googlebot/2.1; +http://www.google.com/bot.html)"
66.249.73.70 - - [21/Jul/2025:18:47:09 +0000] "GET /pcmypage?callback=/product%2Fdetail%2FS789172279 HTTP/1.1" 200 18151 "-" "Mozilla/5.0 (Linux; Android 6.0.1; Nexus 5X Build/MMB29P) AppleWebKit/537.36 (KHTML, like Gecko) Chrome/137.0.7151.103 Mobile Safari/537.36 (compatible; Googlebot/2.1; +http://www.google.com/bot.html)"
66.249.73.71 - - [21/Jul/2025:18:47:09 +0000] "GET /pcmypage?callback=product/review/S3728058374 HTTP/1.1" 200 18952 "-" "Mozilla/5.0 (Linux; Android 6.0.1; Nexus 5X Build/MMB29P) AppleWebKit/537.36 (KHTML, like Gecko) Chrome/137.0.7151.103 Mobile Safari/537.36 (compatible; Googlebot/2.1; +http://www.google.com/bot.html)"
66.249.73.70 - - [21/Jul/2025:18:47:09 +0000] "POST /get-message-notify HTTP/1.1" 200 18165 "https://www.sergio-cuchi.tattoo/pcmypage?callback=product%2Fdetail%2FS789172279" "Mozilla/5.0 (Linux; Android 6.0.1; Nexus 5X Build/MMB29P) AppleWebKit/537.36 (KHTML, like Gecko) Chrome/137.0.7151.119 Mobile Safari/537.36 (compatible; Googlebot/2.1; +http://www.google.com/bot.html)"
66.249.73.71 - - [21/Jul/2025:18:47:09 +0000] "GET /pcmypage?callback=product%2Fdetail%2FS3917572720 HTTP/1.1" 200 18152 "-" "Mozilla/5.0 (Linux; Android 6.0.1; Nexus 5X Build/MMB29P) AppleWebKit/537.36 (KHTML, like Gecko) Chrome/137.0.7151.103 Mobile Safari/537.36 (compatible; Googlebot/2.1; +http://www.google.com/bot.html)"
66.249.73.70 - - [21/Jul/2025:18:47:09 +0000] "GET /pcmypage?callback=/product%2Fdetail%2FS2662809783 HTTP/1.1" 200 18155 "-" "Mozilla/5.0 (Linux; Android 6.0.1; Nexus 5X Build/MMB29P) AppleWebKit/537.36 (KHTML, like Gecko) Chrome/137.0.7151.103 Mobile Safari/537.36 (compatible; Googlebot/2.1; +http://www.google.com/bot.html)"
66.249.73.71 - - [21/Jul/2025:18:47:10 +0000] "GET /pcmypage?callback=product%2Fdetail%2FS1385963818 HTTP/1.1" 200 18149 "-" "Mozilla/5.0 (Linux; Android 6.0.1; Nexus 5X Build/MMB29P) AppleWebKit/537.36 (KHTML, like Gecko) Chrome/137.0.7151.103 Mobile Safari/537.36 (compatible; Googlebot/2.1; +http://www.google.com/bot.html)"
66.249.73.71 - - [21/Jul/2025:18:47:10 +0000] "GET /pcmypage?callback=/product%2Fdetail%2FS4094838276 HTTP/1.1" 200 18154 "-" "Mozilla/5.0 (Linux; Android 6.0.1; Nexus 5X Build/MMB29P) AppleWebKit/537.36 (KHTML, like Gecko) Chrome/137.0.7151.103 Mobile Safari/537.36 (compatible; Googlebot/2.1; +http://www.google.com/bot.html)"
66.249.73.70 - - [21/Jul/2025:18:47:10 +0000] "GET /pcmypage?callback=product%2Fdetail%2FS3728058374 HTTP/1.1" 200 18148 "-" "Mozilla/5.0 (Linux; Android 6.0.1; Nexus 5X Build/MMB29P) AppleWebKit/537.36 (KHTML, like Gecko) Chrome/137.0.7151.103 Mobile Safari/537.36 (compatible; Googlebot/2.1; +http://www.google.com/bot.html)"
66.249.73.70 - - [21/Jul/2025:18:47:10 +0000] "GET /pcmypage?callback=product/review/S3278185610 HTTP/1.1" 200 18921 "-" "Mozilla/5.0 (Linux; Android 6.0.1; Nexus 5X Build/MMB29P) AppleWebKit/537.36 (KHTML, like Gecko) Chrome/137.0.7151.103 Mobile Safari/537.36 (compatible; Googlebot/2.1; +http://www.google.com/bot.html)"
66.249.73.70 - - [21/Jul/2025:18:47:11 +0000] "GET /pcmypage?callback=product%2Fdetail%2FS1211163810 HTTP/1.1" 200 18151 "-" "Mozilla/5.0 (Linux; Android 6.0.1; Nexus 5X Build/MMB29P) AppleWebKit/537.36 (KHTML, like Gecko) Chrome/137.0.7151.103 Mobile Safari/537.36 (compatible; Googlebot/2.1; +http://www.google.com/bot.html)"
66.249.73.70 - - [21/Jul/2025:18:47:11 +0000] "GET /pcmypage?callback=/product%2Fdetail%2FS1096149770 HTTP/1.1" 200 18154 "-" "Mozilla/5.0 (Linux; Android 6.0.1; Nexus 5X Build/MMB29P) AppleWebKit/537.36 (KHTML, like Gecko) Chrome/137.0.7151.103 Mobile Safari/537.36 (compatible; Googlebot/2.1; +http://www.google.com/bot.html)"
66.249.73.71 - - [21/Jul/2025:18:47:11 +0000] "GET /pcmypage?callback=/product%2Fdetail%2FS1630287892 HTTP/1.1" 200 18153 "-" "Mozilla/5.0 (Linux; Android 6.0.1; Nexus 5X Build/MMB29P) AppleWebKit/537.36 (KHTML, like Gecko) Chrome/137.0.7151.103 Mobile Safari/537.36 (compatible; Googlebot/2.1; +http://www.google.com/bot.html)"
66.249.73.70 - - [21/Jul/2025:18:47:11 +0000] "GET /pcmypage?callback=product%2Fdetail%2FS1337736614 HTTP/1.1" 200 18148 "-" "Mozilla/5.0 (Linux; Android 6.0.1; Nexus 5X Build/MMB29P) AppleWebKit/537.36 (KHTML, like Gecko) Chrome/137.0.7151.103 Mobile Safari/537.36 (compatible; Googlebot/2.1; +http://www.google.com/bot.html)"
66.249.73.71 - - [21/Jul/2025:18:47:12 +0000] "GET /pcmypage?callback=product/review/S1096149770 HTTP/1.1" 200 19085 "-" "Mozilla/5.0 (Linux; Android 6.0.1; Nexus 5X Build/MMB29P) AppleWebKit/537.36 (KHTML, like Gecko) Chrome/137.0.7151.103 Mobile Safari/537.36 (compatible; Googlebot/2.1; +http://www.google.com/bot.html)"
66.249.73.70 - - [21/Jul/2025:18:47:12 +0000] "POST /get-message-notify HTTP/1.1" 200 18165 "https://www.sergio-cuchi.tattoo/pcmypage?callback=/product%2Fdetail%2FS3278185610" "Mozilla/5.0 (Linux; Android 6.0.1; Nexus 5X Build/MMB29P) AppleWebKit/537.36 (KHTML, like Gecko) Chrome/137.0.7151.119 Mobile Safari/537.36 (compatible; Googlebot/2.1; +http://www.google.com/bot.html)"
66.249.73.71 - - [21/Jul/2025:18:47:12 +0000] "GET /pcmypage?callback=product/review/S4094838276 HTTP/1.1" 200 18985 "-" "Mozilla/5.0 (Linux; Android 6.0.1; Nexus 5X Build/MMB29P) AppleWebKit/537.36 (KHTML, like Gecko) Chrome/137.0.7151.103 Mobile Safari/537.36 (compatible; Googlebot/2.1; +http://www.google.com/bot.html)"
66.249.73.70 - - [21/Jul/2025:18:47:12 +0000] "GET /pcmypage?callback=/product%2Fdetail%2FS1264876888 HTTP/1.1" 200 18152 "-" "Mozilla/5.0 (Linux; Android 6.0.1; Nexus 5X Build/MMB29P) AppleWebKit/537.36 (KHTML, like Gecko) Chrome/137.0.7151.103 Mobile Safari/537.36 (compatible; Googlebot/2.1; +http://www.google.com/bot.html)"
66.249.73.70 - - [21/Jul/2025:18:47:13 +0000] "GET /pcmypage?callback=product/review/S2439516239 HTTP/1.1" 200 18909 "-" "Mozilla/5.0 (Linux; Android 6.0.1; Nexus 5X Build/MMB29P) AppleWebKit/537.36 (KHTML, like Gecko) Chrome/137.0.7151.103 Mobile Safari/537.36 (compatible; Googlebot/2.1; +http://www.google.com/bot.html)"
66.249.73.70 - - [21/Jul/2025:18:47:13 +0000] "GET /pcmypage?callback=/product%2Fdetail%2FS743459764 HTTP/1.1" 200 18150 "-" "Mozilla/5.0 (Linux; Android 6.0.1; Nexus 5X Build/MMB29P) AppleWebKit/537.36 (KHTML, like Gecko) Chrome/137.0.7151.103 Mobile Safari/537.36 (compatible; Googlebot/2.1; +http://www.google.com/bot.html)"
66.249.73.70 - - [21/Jul/2025:18:47:13 +0000] "GET /pcmypage?callback=/product%2Fdetail%2FS1337736614 HTTP/1.1" 200 18150 "-" "Mozilla/5.0 (Linux; Android 6.0.1; Nexus 5X Build/MMB29P) AppleWebKit/537.36 (KHTML, like Gecko) Chrome/137.0.7151.103 Mobile Safari/537.36 (compatible; Googlebot/2.1; +http://www.google.com/bot.html)"
66.249.73.70 - - [21/Jul/2025:18:47:13 +0000] "GET /pcmypage?callback=product/review/S120519916 HTTP/1.1" 200 18571 "-" "Mozilla/5.0 (Linux; Android 6.0.1; Nexus 5X Build/MMB29P) AppleWebKit/537.36 (KHTML, like Gecko) Chrome/137.0.7151.103 Mobile Safari/537.36 (compatible; Googlebot/2.1; +http://www.google.com/bot.html)"
66.249.73.70 - - [21/Jul/2025:18:47:13 +0000] "POST /get-message-notify HTTP/1.1" 200 18165 "https://www.sergio-cuchi.tattoo/pcmypage?callback=product/review/S1630287892" "Mozilla/5.0 (Linux; Android 6.0.1; Nexus 5X Build/MMB29P) AppleWebKit/537.36 (KHTML, like Gecko) Chrome/137.0.7151.119 Mobile Safari/537.36 (compatible; Googlebot/2.1; +http://www.google.com/bot.html)"
66.249.73.71 - - [21/Jul/2025:18:47:13 +0000] "GET /pcmypage?callback=product%2Fdetail%2FS2662809783 HTTP/1.1" 200 18153 "-" "Mozilla/5.0 (Linux; Android 6.0.1; Nexus 5X Build/MMB29P) AppleWebKit/537.36 (KHTML, like Gecko) Chrome/137.0.7151.103 Mobile Safari/537.36 (compatible; Googlebot/2.1; +http://www.google.com/bot.html)"
66.249.73.70 - - [21/Jul/2025:18:47:13 +0000] "GET /pcmypage?callback=/product%2Fdetail%2FS1329278192 HTTP/1.1" 200 18152 "-" "Mozilla/5.0 (Linux; Android 6.0.1; Nexus 5X Build/MMB29P) AppleWebKit/537.36 (KHTML, like Gecko) Chrome/137.0.7151.103 Mobile Safari/537.36 (compatible; Googlebot/2.1; +http://www.google.com/bot.html)"
66.249.73.70 - - [21/Jul/2025:18:47:13 +0000] "POST /get-message-notify HTTP/1.1" 200 18165 "https://www.sergio-cuchi.tattoo/pcmypage?callback=product%2Fdetail%2FS1385963818" "Mozilla/5.0 (Linux; Android 6.0.1; Nexus 5X Build/MMB29P) AppleWebKit/537.36 (KHTML, like Gecko) Chrome/137.0.7151.119 Mobile Safari/537.36 (compatible; Googlebot/2.1; +http://www.google.com/bot.html)"
66.249.73.70 - - [21/Jul/2025:18:47:14 +0000] "GET /pcmypage?callback=/product%2Fdetail%2FS3785297322 HTTP/1.1" 200 18154 "-" "Mozilla/5.0 (Linux; Android 6.0.1; Nexus 5X Build/MMB29P) AppleWebKit/537.36 (KHTML, like Gecko) Chrome/137.0.7151.103 Mobile Safari/537.36 (compatible; Googlebot/2.1; +http://www.google.com/bot.html)"
66.249.73.71 - - [21/Jul/2025:18:47:14 +0000] "GET /pcmypage?callback=/product%2Fdetail%2FS3038394529 HTTP/1.1" 200 18152 "-" "Mozilla/5.0 (Linux; Android 6.0.1; Nexus 5X Build/MMB29P) AppleWebKit/537.36 (KHTML, like Gecko) Chrome/137.0.7151.103 Mobile Safari/537.36 (compatible; Googlebot/2.1; +http://www.google.com/bot.html)"
66.249.73.71 - - [21/Jul/2025:18:47:14 +0000] "GET /pcmypage?callback=product%2Fdetail%2FS120519916 HTTP/1.1" 200 18147 "-" "Mozilla/5.0 (Linux; Android 6.0.1; Nexus 5X Build/MMB29P) AppleWebKit/537.36 (KHTML, like Gecko) Chrome/137.0.7151.103 Mobile Safari/537.36 (compatible; Googlebot/2.1; +http://www.google.com/bot.html)"
66.249.73.70 - - [21/Jul/2025:18:47:15 +0000] "GET /pcmypage?callback=/product%2Fdetail%2FS3728058374 HTTP/1.1" 200 18150 "-" "Mozilla/5.0 (Linux; Android 6.0.1; Nexus 5X Build/MMB29P) AppleWebKit/537.36 (KHTML, like Gecko) Chrome/137.0.7151.103 Mobile Safari/537.36 (compatible; Googlebot/2.1; +http://www.google.com/bot.html)"
66.249.73.72 - - [21/Jul/2025:18:47:16 +0000] "GET /pcmypage?callback=/product%2Fdetail%2FS537795042 HTTP/1.1" 200 18152 "-" "Mozilla/5.0 (Linux; Android 6.0.1; Nexus 5X Build/MMB29P) AppleWebKit/537.36 (KHTML, like Gecko) Chrome/137.0.7151.103 Mobile Safari/537.36 (compatible; Googlebot/2.1; +http://www.google.com/bot.html)"
66.249.73.72 - - [21/Jul/2025:18:47:16 +0000] "GET /pcmypage?callback=product/review/S2890857844 HTTP/1.1" 200 18666 "-" "Mozilla/5.0 (Linux; Android 6.0.1; Nexus 5X Build/MMB29P) AppleWebKit/537.36 (KHTML, like Gecko) Chrome/137.0.7151.103 Mobile Safari/537.36 (compatible; Googlebot/2.1; +http://www.google.com/bot.html)"
66.249.73.71 - - [21/Jul/2025:18:47:16 +0000] "POST /get-message-notify HTTP/1.1" 200 18165 "https://www.sergio-cuchi.tattoo/pcmypage?callback=product/review/S120519916" "Mozilla/5.0 (Linux; Android 6.0.1; Nexus 5X Build/MMB29P) AppleWebKit/537.36 (KHTML, like Gecko) Chrome/137.0.7151.119 Mobile Safari/537.36 (compatible; Googlebot/2.1; +http://www.google.com/bot.html)"
66.249.73.71 - - [21/Jul/2025:18:47:16 +0000] "GET /pcmypage?callback=/product%2Fdetail%2FS1903080622 HTTP/1.1" 200 18154 "-" "Mozilla/5.0 (Linux; Android 6.0.1; Nexus 5X Build/MMB29P) AppleWebKit/537.36 (KHTML, like Gecko) Chrome/137.0.7151.103 Mobile Safari/537.36 (compatible; Googlebot/2.1; +http://www.google.com/bot.html)"
66.249.73.73 - - [21/Jul/2025:18:47:16 +0000] "GET /pcmypage?callback=product%2Fdetail%2FS1903080622 HTTP/1.1" 200 18152 "-" "Mozilla/5.0 (Linux; Android 6.0.1; Nexus 5X Build/MMB29P) AppleWebKit/537.36 (KHTML, like Gecko) Chrome/137.0.7151.103 Mobile Safari/537.36 (compatible; Googlebot/2.1; +http://www.google.com/bot.html)"
66.249.73.72 - - [21/Jul/2025:18:47:16 +0000] "GET /pcmypage?callback=product/review/S537795042 HTTP/1.1" 200 18144 "-" "Mozilla/5.0 (Linux; Android 6.0.1; Nexus 5X Build/MMB29P) AppleWebKit/537.36 (KHTML, like Gecko) Chrome/137.0.7151.103 Mobile Safari/537.36 (compatible; Googlebot/2.1; +http://www.google.com/bot.html)"
66.249.73.73 - - [21/Jul/2025:18:47:16 +0000] "GET /pcmypage?callback=/product%2Fdetail%2FS3917572720 HTTP/1.1" 200 18154 "-" "Mozilla/5.0 (Linux; Android 6.0.1; Nexus 5X Build/MMB29P) AppleWebKit/537.36 (KHTML, like Gecko) Chrome/137.0.7151.103 Mobile Safari/537.36 (compatible; Googlebot/2.1; +http://www.google.com/bot.html)"
66.249.73.70 - - [21/Jul/2025:18:47:16 +0000] "GET /pcmypage?callback=product%2Fdetail%2FS1772038721 HTTP/1.1" 200 18151 "-" "Mozilla/5.0 (Linux; Android 6.0.1; Nexus 5X Build/MMB29P) AppleWebKit/537.36 (KHTML, like Gecko) Chrome/137.0.7151.103 Mobile Safari/537.36 (compatible; Googlebot/2.1; +http://www.google.com/bot.html)"
66.249.73.73 - - [21/Jul/2025:18:47:16 +0000] "POST /get-message-notify HTTP/1.1" 200 18165 "https://www.sergio-cuchi.tattoo/pcmypage?callback=product/review/S3278185610" "Mozilla/5.0 (Linux; Android 6.0.1; Nexus 5X Build/MMB29P) AppleWebKit/537.36 (KHTML, like Gecko) Chrome/137.0.7151.119 Mobile Safari/537.36 (compatible; Googlebot/2.1; +http://www.google.com/bot.html)"
66.249.73.70 - - [21/Jul/2025:18:47:17 +0000] "GET /pcmypage?callback=product%2Fdetail%2FS3278185610 HTTP/1.1" 200 18151 "-" "Mozilla/5.0 (Linux; Android 6.0.1; Nexus 5X Build/MMB29P) AppleWebKit/537.36 (KHTML, like Gecko) Chrome/137.0.7151.103 Mobile Safari/537.36 (compatible; Googlebot/2.1; +http://www.google.com/bot.html)"
66.249.73.72 - - [21/Jul/2025:18:47:17 +0000] "GET /safe_search/config?return_url=%2Fproduct%2Fdetail%2FS789172279 HTTP/1.1" 200 18166 "-" "Mozilla/5.0 (Linux; Android 6.0.1; Nexus 5X Build/MMB29P) AppleWebKit/537.36 (KHTML, like Gecko) Chrome/137.0.7151.103 Mobile Safari/537.36 (compatible; Googlebot/2.1; +http://www.google.com/bot.html)"
66.249.73.71 - - [21/Jul/2025:18:47:17 +0000] "POST /get-message-notify HTTP/1.1" 200 18165 "https://www.sergio-cuchi.tattoo/pcmypage?callback=product%2Fdetail%2FS2648388886" "Mozilla/5.0 (Linux; Android 6.0.1; Nexus 5X Build/MMB29P) AppleWebKit/537.36 (KHTML, like Gecko) Chrome/137.0.7151.119 Mobile Safari/537.36 (compatible; Googlebot/2.1; +http://www.google.com/bot.html)"
66.249.73.71 - - [21/Jul/2025:18:47:17 +0000] "GET /goods/163750708.shtml HTTP/1.1" 200 18928 "-" "Mozilla/5.0 (Linux; Android 6.0.1; Nexus 5X Build/MMB29P) AppleWebKit/537.36 (KHTML, like Gecko) Chrome/137.0.7151.103 Mobile Safari/537.36 (compatible; Googlebot/2.1; +http://www.google.com/bot.html)"
66.249.73.70 - - [21/Jul/2025:18:47:17 +0000] "GET /goods/1014660998.shtml HTTP/1.1" 200 18800 "-" "Mozilla/5.0 (Linux; Android 6.0.1; Nexus 5X Build/MMB29P) AppleWebKit/537.36 (KHTML, like Gecko) Chrome/137.0.7151.103 Mobile Safari/537.36 (compatible; Googlebot/2.1; +http://www.google.com/bot.html)"
66.249.73.73 - - [21/Jul/2025:18:47:17 +0000] "POST /get-message-notify HTTP/1.1" 200 18165 "https://www.sergio-cuchi.tattoo/pcmypage?callback=/product%2Fdetail%2FS3038394529" "Mozilla/5.0 (Linux; Android 6.0.1; Nexus 5X Build/MMB29P) AppleWebKit/537.36 (KHTML, like Gecko) Chrome/137.0.7151.119 Mobile Safari/537.36 (compatible; Googlebot/2.1; +http://www.google.com/bot.html)"
66.249.73.70 - - [21/Jul/2025:18:47:18 +0000] "GET /goods/1014652650.shtml HTTP/1.1" 200 18626 "-" "Mozilla/5.0 (Linux; Android 6.0.1; Nexus 5X Build/MMB29P) AppleWebKit/537.36 (KHTML, like Gecko) Chrome/137.0.7151.103 Mobile Safari/537.36 (compatible; Googlebot/2.1; +http://www.google.com/bot.html)"
66.249.73.72 - - [21/Jul/2025:18:47:18 +0000] "GET /goods/1014682062.shtml HTTP/1.1" 200 19341 "-" "Mozilla/5.0 (Linux; Android 6.0.1; Nexus 5X Build/MMB29P) AppleWebKit/537.36 (KHTML, like Gecko) Chrome/137.0.7151.103 Mobile Safari/537.36 (compatible; Googlebot/2.1; +http://www.google.com/bot.html)"
66.249.73.73 - - [21/Jul/2025:18:47:18 +0000] "POST /get-message-notify HTTP/1.1" 200 18165 "https://www.sergio-cuchi.tattoo/pcmypage?callback=/product%2Fdetail%2FS286841002" "Mozilla/5.0 (Linux; Android 6.0.1; Nexus 5X Build/MMB29P) AppleWebKit/537.36 (KHTML, like Gecko) Chrome/137.0.7151.119 Mobile Safari/537.36 (compatible; Googlebot/2.1; +http://www.google.com/bot.html)"
66.249.73.71 - - [21/Jul/2025:18:47:18 +0000] "GET /goods/1014665878.shtml HTTP/1.1" 200 18348 "-" "Mozilla/5.0 (Linux; Android 6.0.1; Nexus 5X Build/MMB29P) AppleWebKit/537.36 (KHTML, like Gecko) Chrome/137.0.7151.103 Mobile Safari/537.36 (compatible; Googlebot/2.1; +http://www.google.com/bot.html)"
66.249.73.71 - - [21/Jul/2025:18:47:18 +0000] "GET /goods/164007040.shtml HTTP/1.1" 200 19134 "-" "Mozilla/5.0 (Linux; Android 6.0.1; Nexus 5X Build/MMB29P) AppleWebKit/537.36 (KHTML, like Gecko) Chrome/137.0.7151.103 Mobile Safari/537.36 (compatible; Googlebot/2.1; +http://www.google.com/bot.html)"
66.249.73.73 - - [21/Jul/2025:18:47:19 +0000] "POST /get-message-notify HTTP/1.1" 200 18165 "https://www.sergio-cuchi.tattoo/pcmypage?callback=product/review/S4094838276" "Mozilla/5.0 (Linux; Android 6.0.1; Nexus 5X Build/MMB29P) AppleWebKit/537.36 (KHTML, like Gecko) Chrome/137.0.7151.119 Mobile Safari/537.36 (compatible; Googlebot/2.1; +http://www.google.com/bot.html)"
66.249.73.73 - - [21/Jul/2025:18:47:19 +0000] "GET /goods/163756872.shtml HTTP/1.1" 200 19269 "-" "Mozilla/5.0 (Linux; Android 6.0.1; Nexus 5X Build/MMB29P) AppleWebKit/537.36 (KHTML, like Gecko) Chrome/137.0.7151.103 Mobile Safari/537.36 (compatible; Googlebot/2.1; +http://www.google.com/bot.html)"
