57.141.2.25 - - [21/Jul/2025:23:08:15 +0000] "GET /?h=23028588091600& HTTP/1.1" 301 - "-" "meta-externalagent/1.1 (+https://developers.facebook.com/docs/sharing/webmasters/crawler)"
57.141.2.8 - - [21/Jul/2025:23:08:21 +0000] "GET /?h=23028588091600 HTTP/1.1" 200 97949 "-" "meta-externalagent/1.1 (+https://developers.facebook.com/docs/sharing/webmasters/crawler)"
66.249.74.32 - - [21/Jul/2025:23:09:13 +0000] "GET /?h=88600309001600&mod=e2e05e5e&uri=shared.php?goods/36085774.shtml HTTP/1.1" 200 19422 "-" "Mozilla/5.0 (Linux; Android 6.0.1; Nexus 5X Build/MMB29P) AppleWebKit/537.36 (KHTML, like Gecko) Chrome/137.0.7151.103 Mobile Safari/537.36 (compatible; Googlebot/2.1; +http://www.google.com/bot.html)"
66.249.74.42 - - [21/Jul/2025:23:09:16 +0000] "POST /get-message-notify HTTP/1.1" 200 18155 "https://sergio-cuchi.tattoo/?h=88600309001600&mod=e2e05e5e&uri=shared.php?goods/36085774.shtml" "Mozilla/5.0 (Linux; Android 6.0.1; Nexus 5X Build/MMB29P) AppleWebKit/537.36 (KHTML, like Gecko) Chrome/137.0.7151.119 Mobile Safari/537.36 (compatible; Googlebot/2.1; +http://www.google.com/bot.html)"
209.74.77.214 - - [21/Jul/2025:23:10:04 +0000] "POST /wp-cron.php?doing_wp_cron=1753139404.5926480293273925781250 HTTP/1.1" 200 - "-" "WordPress/6.8.2; https://sergio-cuchi.tattoo"
57.141.2.10 - - [21/Jul/2025:23:10:01 +0000] "GET /?h=57478141131600& HTTP/1.1" 301 - "-" "meta-externalagent/1.1 (+https://developers.facebook.com/docs/sharing/webmasters/crawler)"
57.141.2.5 - - [21/Jul/2025:23:10:36 +0000] "GET /?h=57478141131600 HTTP/1.1" 200 97956 "-" "meta-externalagent/1.1 (+https://developers.facebook.com/docs/sharing/webmasters/crawler)"
66.249.74.32 - - [21/Jul/2025:23:10:50 +0000] "GET /?h=88600309001600&mod=e2e05e5e&uri=shared.php?goods/4577986.shtml HTTP/1.1" 200 19524 "-" "Mozilla/5.0 (Linux; Android 6.0.1; Nexus 5X Build/MMB29P) AppleWebKit/537.36 (KHTML, like Gecko) Chrome/137.0.7151.103 Mobile Safari/537.36 (compatible; Googlebot/2.1; +http://www.google.com/bot.html)"
173.252.87.10 - - [21/Jul/2025:23:11:38 +0000] "GET /robots.txt HTTP/1.1" 206 1903 "-" "facebookexternalhit/1.1 (+http://www.facebook.com/externalhit_uatext.php)"
66.249.74.32 - - [21/Jul/2025:23:12:50 +0000] "GET /?h=5121086001600&mod=22bb543b&uri=brands.php?goods/148334310.shtml HTTP/1.1" 200 19257 "-" "Mozilla/5.0 (Linux; Android 6.0.1; Nexus 5X Build/MMB29P) AppleWebKit/537.36 (KHTML, like Gecko) Chrome/137.0.7151.103 Mobile Safari/537.36 (compatible; Googlebot/2.1; +http://www.google.com/bot.html)"
66.249.74.43 - - [21/Jul/2025:23:12:53 +0000] "POST /get-message-notify HTTP/1.1" 200 18155 "https://sergio-cuchi.tattoo/?h=5121086001600&mod=22bb543b&uri=brands.php?goods/148334310.shtml" "Mozilla/5.0 (Linux; Android 6.0.1; Nexus 5X Build/MMB29P) AppleWebKit/537.36 (KHTML, like Gecko) Chrome/137.0.7151.119 Mobile Safari/537.36 (compatible; Googlebot/2.1; +http://www.google.com/bot.html)"
209.74.77.214 - - [21/Jul/2025:23:13:10 +0000] "POST /wp-cron.php?doing_wp_cron=1753139590.8835740089416503906250 HTTP/1.1" 200 - "-" "WordPress/6.8.2; https://sergio-cuchi.tattoo"
57.141.2.26 - - [21/Jul/2025:23:13:09 +0000] "GET /?h=75244669011600& HTTP/1.1" 301 - "-" "meta-externalagent/1.1 (+https://developers.facebook.com/docs/sharing/webmasters/crawler)"
69.63.189.27 - - [21/Jul/2025:23:13:19 +0000] "GET /robots.txt HTTP/1.1" 206 1903 "-" "facebookexternalhit/1.1 (+http://www.facebook.com/externalhit_uatext.php)"
209.74.77.214 - - [21/Jul/2025:23:13:22 +0000] "POST /wp-cron.php?doing_wp_cron=1753139602.1324241161346435546875 HTTP/1.1" 200 - "-" "WordPress/6.8.2; https://sergio-cuchi.tattoo"
57.141.2.11 - - [21/Jul/2025:23:13:21 +0000] "GET /?h=75244669011600 HTTP/1.1" 200 97956 "-" "meta-externalagent/1.1 (+https://developers.facebook.com/docs/sharing/webmasters/crawler)"
69.63.189.46 - - [21/Jul/2025:23:13:55 +0000] "GET /robots.txt HTTP/1.1" 206 1903 "-" "facebookexternalhit/1.1 (+http://www.facebook.com/externalhit_uatext.php)"
66.249.74.32 - - [21/Jul/2025:23:14:07 +0000] "GET /?h=55282454001600&mod=3dd420c4&uri=article.php?goods/3276984.shtml HTTP/1.1" 200 19405 "-" "Mozilla/5.0 (Linux; Android 6.0.1; Nexus 5X Build/MMB29P) AppleWebKit/537.36 (KHTML, like Gecko) Chrome/137.0.7151.103 Mobile Safari/537.36 (compatible; Googlebot/2.1; +http://www.google.com/bot.html)"
69.63.189.32 - - [21/Jul/2025:23:14:09 +0000] "GET /robots.txt HTTP/1.1" 206 1903 "-" "facebookexternalhit/1.1 (+http://www.facebook.com/externalhit_uatext.php)"
69.63.189.12 - - [21/Jul/2025:23:14:16 +0000] "GET /robots.txt HTTP/1.1" 206 1903 "-" "facebookexternalhit/1.1 (+http://www.facebook.com/externalhit_uatext.php)"
216.73.216.248 - - [21/Jul/2025:23:14:56 +0000] "GET /sitemap-7.xml HTTP/1.1" 200 4210 "-" "Mozilla/5.0 AppleWebKit/537.36 (KHTML, like Gecko; compatible; ClaudeBot/1.0; [email protected])"
216.73.216.248 - - [21/Jul/2025:23:14:57 +0000] "GET /index.php/sitemap-2.xml HTTP/1.1" 200 4194 "-" "Mozilla/5.0 AppleWebKit/537.36 (KHTML, like Gecko; compatible; ClaudeBot/1.0; [email protected])"
66.249.74.42 - - [21/Jul/2025:23:15:49 +0000] "GET /?h=88600309001600&mod=e2e05e5e&uri=shared.php?toreka/goods_menu.html HTTP/1.1" 200 19563 "-" "Mozilla/5.0 (Linux; Android 6.0.1; Nexus 5X Build/MMB29P) AppleWebKit/537.36 (KHTML, like Gecko) Chrome/137.0.7151.103 Mobile Safari/537.36 (compatible; Googlebot/2.1; +http://www.google.com/bot.html)"
209.74.77.214 - - [21/Jul/2025:23:16:38 +0000] "POST /wp-cron.php?doing_wp_cron=1753139798.1258959770202636718750 HTTP/1.1" 200 - "-" "WordPress/6.8.2; https://sergio-cuchi.tattoo"
57.141.2.16 - - [21/Jul/2025:23:16:36 +0000] "GET /?h=58096378061600& HTTP/1.1" 301 - "-" "meta-externalagent/1.1 (+https://developers.facebook.com/docs/sharing/webmasters/crawler)"
57.141.2.22 - - [21/Jul/2025:23:16:53 +0000] "GET /?h=58096378061600 HTTP/1.1" 200 97956 "-" "meta-externalagent/1.1 (+https://developers.facebook.com/docs/sharing/webmasters/crawler)"
66.249.74.42 - - [21/Jul/2025:23:17:20 +0000] "GET /?h=88600309001600&mod=e2e05e5e&uri=shared.php?boyslove.html HTTP/1.1" 200 19384 "-" "Mozilla/5.0 (Linux; Android 6.0.1; Nexus 5X Build/MMB29P) AppleWebKit/537.36 (KHTML, like Gecko) Chrome/137.0.7151.103 Mobile Safari/537.36 (compatible; Googlebot/2.1; +http://www.google.com/bot.html)"
216.73.216.248 - - [21/Jul/2025:23:17:33 +0000] "GET /index.php/sitemap-7.xml HTTP/1.1" 200 4196 "-" "Mozilla/5.0 AppleWebKit/537.36 (KHTML, like Gecko; compatible; ClaudeBot/1.0; [email protected])"
209.74.77.214 - - [21/Jul/2025:23:18:28 +0000] "POST /wp-cron.php?doing_wp_cron=1753139908.5682630538940429687500 HTTP/1.1" 200 - "-" "WordPress/6.8.2; https://sergio-cuchi.tattoo"
51.222.253.11 - - [21/Jul/2025:23:18:26 +0000] "GET /?h=32875931001600&mod=a921c196&uri=shop.php%3Fid%3D1097265-407%26name%3Dmens+khaki+sweatshirt HTTP/1.1" 301 - "-" "Mozilla/5.0 (compatible; AhrefsBot/7.0; +http://ahrefs.com/robot/)"
66.249.74.42 - - [21/Jul/2025:23:19:14 +0000] "GET /?h=5513974121600&mod=3dd420c4&uri=goods.php?goods/34787012.shtml HTTP/1.1" 200 18789 "-" "Mozilla/5.0 (Linux; Android 6.0.1; Nexus 5X Build/MMB29P) AppleWebKit/537.36 (KHTML, like Gecko) Chrome/137.0.7151.103 Mobile Safari/537.36 (compatible; Googlebot/2.1; +http://www.google.com/bot.html)"
209.74.77.214 - - [21/Jul/2025:23:19:34 +0000] "POST /wp-cron.php?doing_wp_cron=1753139974.7892498970031738281250 HTTP/1.1" 200 - "-" "WordPress/6.8.2; https://sergio-cuchi.tattoo"
57.141.2.7 - - [21/Jul/2025:23:19:32 +0000] "GET /?h=19554879111600& HTTP/1.1" 301 - "-" "meta-externalagent/1.1 (+https://developers.facebook.com/docs/sharing/webmasters/crawler)"
66.249.74.42 - - [21/Jul/2025:23:19:48 +0000] "POST /get-message-notify HTTP/1.1" 200 18155 "https://sergio-cuchi.tattoo/?h=5513974121600&mod=3dd420c4&uri=goods.php?goods/34787012.shtml" "Mozilla/5.0 (Linux; Android 6.0.1; Nexus 5X Build/MMB29P) AppleWebKit/537.36 (KHTML, like Gecko) Chrome/137.0.7151.119 Mobile Safari/537.36 (compatible; Googlebot/2.1; +http://www.google.com/bot.html)"
66.249.74.42 - - [21/Jul/2025:23:20:35 +0000] "GET /?h=47255312081600&mod=3dd420c4&uri=article.php?goods/5822518.shtml HTTP/1.1" 200 18296 "-" "Mozilla/5.0 (Linux; Android 6.0.1; Nexus 5X Build/MMB29P) AppleWebKit/537.36 (KHTML, like Gecko) Chrome/137.0.7151.103 Mobile Safari/537.36 (compatible; Googlebot/2.1; +http://www.google.com/bot.html)"
209.74.77.214 - - [21/Jul/2025:23:21:47 +0000] "POST /wp-cron.php?doing_wp_cron=1753140107.8606638908386230468750 HTTP/1.1" 200 - "-" "WordPress/6.8.2; https://sergio-cuchi.tattoo"
57.141.2.28 - - [21/Jul/2025:23:21:45 +0000] "GET /?h=22015600031600& HTTP/1.1" 301 - "-" "meta-externalagent/1.1 (+https://developers.facebook.com/docs/sharing/webmasters/crawler)"
216.73.216.248 - - [21/Jul/2025:23:21:58 +0000] "GET /index.php/sitemap.xml HTTP/1.1" 200 4187 "-" "Mozilla/5.0 AppleWebKit/537.36 (KHTML, like Gecko; compatible; ClaudeBot/1.0; [email protected])"
66.249.74.43 - - [21/Jul/2025:23:22:13 +0000] "GET /?h=47255312081600&mod=3dd420c4&uri=article.php?goods/5810728.shtml HTTP/1.1" 200 19242 "-" "Mozilla/5.0 (Linux; Android 6.0.1; Nexus 5X Build/MMB29P) AppleWebKit/537.36 (KHTML, like Gecko) Chrome/137.0.7151.103 Mobile Safari/537.36 (compatible; Googlebot/2.1; +http://www.google.com/bot.html)"
209.74.77.214 - - [21/Jul/2025:23:22:53 +0000] "POST /wp-cron.php?doing_wp_cron=1753140173.2709839344024658203125 HTTP/1.1" 200 - "-" "WordPress/6.8.2; https://sergio-cuchi.tattoo"
57.141.2.4 - - [21/Jul/2025:23:22:51 +0000] "GET /?h=16206711061600& HTTP/1.1" 301 - "-" "meta-externalagent/1.1 (+https://developers.facebook.com/docs/sharing/webmasters/crawler)"
209.74.77.214 - - [21/Jul/2025:23:23:16 +0000] "POST /wp-cron.php?doing_wp_cron=1753140196.8160510063171386718750 HTTP/1.1" 200 - "-" "WordPress/6.8.2; https://sergio-cuchi.tattoo"
57.141.2.14 - - [21/Jul/2025:23:23:16 +0000] "GET /?h=16206711061600 HTTP/1.1" 200 97948 "-" "meta-externalagent/1.1 (+https://developers.facebook.com/docs/sharing/webmasters/crawler)"
209.74.77.214 - - [21/Jul/2025:23:24:34 +0000] "POST /wp-cron.php?doing_wp_cron=1753140274.9463899135589599609375 HTTP/1.1" 200 - "-" "WordPress/6.8.2; https://sergio-cuchi.tattoo"
57.141.2.9 - - [21/Jul/2025:23:24:33 +0000] "GET /goods/1219166002.shtml HTTP/1.1" 404 80246 "-" "meta-externalagent/1.1 (+https://developers.facebook.com/docs/sharing/webmasters/crawler)"
209.74.77.214 - - [21/Jul/2025:23:27:07 +0000] "POST /wp-cron.php?doing_wp_cron=1753140427.0906159877777099609375 HTTP/1.1" 200 - "-" "WordPress/6.8.2; https://sergio-cuchi.tattoo"
57.141.2.27 - - [21/Jul/2025:23:27:05 +0000] "GET /?h=119224417091600& HTTP/1.1" 301 - "-" "meta-externalagent/1.1 (+https://developers.facebook.com/docs/sharing/webmasters/crawler)"
209.74.77.214 - - [21/Jul/2025:23:28:54 +0000] "POST /wp-cron.php?doing_wp_cron=1753140534.7155220508575439453125 HTTP/1.1" 200 - "-" "WordPress/6.8.2; https://sergio-cuchi.tattoo"
51.222.253.20 - - [21/Jul/2025:23:28:53 +0000] "GET /?h=39740873041600&mod=3f7dd2cd&uri=shared.php%3Fid%3D1326340-1141%26name%3Dinfantino+baby+carrier+in+instructions HTTP/1.1" 301 - "-" "Mozilla/5.0 (compatible; AhrefsBot/7.0; +http://ahrefs.com/robot/)"
209.74.77.214 - - [21/Jul/2025:23:30:33 +0000] "POST /wp-cron.php?doing_wp_cron=1753140632.9664950370788574218750 HTTP/1.1" 200 - "-" "WordPress/6.8.2; https://sergio-cuchi.tattoo"
57.141.2.15 - - [21/Jul/2025:23:30:31 +0000] "GET /?h=58106818051600& HTTP/1.1" 301 - "-" "meta-externalagent/1.1 (+https://developers.facebook.com/docs/sharing/webmasters/crawler)"
209.74.77.214 - - [21/Jul/2025:23:32:31 +0000] "POST /wp-cron.php?doing_wp_cron=1753140751.8938150405883789062500 HTTP/1.1" 200 - "-" "WordPress/6.8.2; https://sergio-cuchi.tattoo"
57.141.2.9 - - [21/Jul/2025:23:32:30 +0000] "GET /?h=71001883021600& HTTP/1.1" 301 - "-" "meta-externalagent/1.1 (+https://developers.facebook.com/docs/sharing/webmasters/crawler)"
216.73.216.248 - - [21/Jul/2025:23:32:38 +0000] "GET /robots.txt HTTP/1.1" 200 209 "-" "Mozilla/5.0 AppleWebKit/537.36 (KHTML, like Gecko; compatible; ClaudeBot/1.0; [email protected])"
216.73.216.248 - - [21/Jul/2025:23:32:38 +0000] "GET /sitemap-11.xml HTTP/1.1" 200 4213 "-" "Mozilla/5.0 AppleWebKit/537.36 (KHTML, like Gecko; compatible; ClaudeBot/1.0; [email protected])"
216.73.216.248 - - [21/Jul/2025:23:32:38 +0000] "GET /sitemap-12.xml HTTP/1.1" 200 4212 "-" "Mozilla/5.0 AppleWebKit/537.36 (KHTML, like Gecko; compatible; ClaudeBot/1.0; [email protected])"
57.141.2.6 - - [21/Jul/2025:23:32:42 +0000] "GET /?h=71001883021600 HTTP/1.1" 200 97956 "-" "meta-externalagent/1.1 (+https://developers.facebook.com/docs/sharing/webmasters/crawler)"
216.73.216.248 - - [21/Jul/2025:23:34:12 +0000] "GET /sitemap-15.xml HTTP/1.1" 200 4212 "-" "Mozilla/5.0 AppleWebKit/537.36 (KHTML, like Gecko; compatible; ClaudeBot/1.0; [email protected])"
57.141.2.28 - - [21/Jul/2025:23:34:25 +0000] "GET /?h=17938288061600& HTTP/1.1" 301 - "-" "meta-externalagent/1.1 (+https://developers.facebook.com/docs/sharing/webmasters/crawler)"
57.141.2.30 - - [21/Jul/2025:23:34:40 +0000] "GET /?h=17938288061600 HTTP/1.1" 200 97956 "-" "meta-externalagent/1.1 (+https://developers.facebook.com/docs/sharing/webmasters/crawler)"
216.73.216.248 - - [21/Jul/2025:23:35:35 +0000] "GET /index.php/sitemap-1.xml HTTP/1.1" 200 4194 "-" "Mozilla/5.0 AppleWebKit/537.36 (KHTML, like Gecko; compatible; ClaudeBot/1.0; [email protected])"
66.249.73.70 - - [21/Jul/2025:23:35:59 +0000] "GET /goods/162569142.shtml HTTP/1.1" 200 18398 "-" "Mozilla/5.0 (Linux; Android 6.0.1; Nexus 5X Build/MMB29P) AppleWebKit/537.36 (KHTML, like Gecko) Chrome/137.0.7151.103 Mobile Safari/537.36 (compatible; Googlebot/2.1; +http://www.google.com/bot.html)"
209.74.77.214 - - [21/Jul/2025:23:39:03 +0000] "POST /wp-cron.php?doing_wp_cron=1753141143.8185079097747802734375 HTTP/1.1" 200 - "-" "WordPress/6.8.2; https://sergio-cuchi.tattoo"
57.141.2.10 - - [21/Jul/2025:23:39:00 +0000] "GET /?h=66414856031600& HTTP/1.1" 301 - "-" "meta-externalagent/1.1 (+https://developers.facebook.com/docs/sharing/webmasters/crawler)"
209.74.77.214 - - [21/Jul/2025:23:39:18 +0000] "POST /wp-cron.php?doing_wp_cron=1753141158.2837569713592529296875 HTTP/1.1" 200 - "-" "WordPress/6.8.2; https://sergio-cuchi.tattoo"
51.222.253.1 - - [21/Jul/2025:23:39:18 +0000] "GET /?h=43167331091600&mod=d279b7b8&uri=itm.php%3Fid%3D1440650-316%26name%3Dtag+heuer+carrera+maenneruhr HTTP/1.1" 301 - "-" "Mozilla/5.0 (compatible; AhrefsBot/7.0; +http://ahrefs.com/robot/)"
209.74.77.214 - - [21/Jul/2025:23:41:26 +0000] "POST /wp-cron.php?doing_wp_cron=1753141285.9928240776062011718750 HTTP/1.1" 200 - "-" "WordPress/6.8.2; https://sergio-cuchi.tattoo"
57.141.2.18 - - [21/Jul/2025:23:41:23 +0000] "GET /?h=82227455051600& HTTP/1.1" 301 - "-" "meta-externalagent/1.1 (+https://developers.facebook.com/docs/sharing/webmasters/crawler)"
209.74.77.214 - - [21/Jul/2025:23:45:37 +0000] "POST /wp-cron.php?doing_wp_cron=1753141537.2276310920715332031250 HTTP/1.1" 200 - "-" "WordPress/6.8.2; https://sergio-cuchi.tattoo"
57.141.2.25 - - [21/Jul/2025:23:45:35 +0000] "GET /?h=32209378031600& HTTP/1.1" 301 - "-" "meta-externalagent/1.1 (+https://developers.facebook.com/docs/sharing/webmasters/crawler)"
57.141.2.30 - - [21/Jul/2025:23:45:42 +0000] "GET /?h=23957298001600& HTTP/1.1" 301 - "-" "meta-externalagent/1.1 (+https://developers.facebook.com/docs/sharing/webmasters/crawler)"
185.39.19.48 - - [21/Jul/2025:23:47:37 +0000] "GET / HTTP/1.0" 200 97957 "https://sergio-cuchi.tattoo/" "Mozilla/5.0 (Windows NT 10.0; Win64; x64) AppleWebKit/537.36 (KHTML, like Gecko) Chrome/129.0.0.0 Safari/537.36"
185.39.19.48 - - [21/Jul/2025:23:47:38 +0000] "GET /contact/ HTTP/1.0" 200 90069 "https://sergio-cuchi.tattoo/contact/" "Mozilla/5.0 (Windows NT 10.0; Win64; x64) AppleWebKit/537.36 (KHTML, like Gecko) Chrome/129.0.0.0 Safari/537.36"
185.39.19.48 - - [21/Jul/2025:23:47:40 +0000] "POST /contact/ HTTP/1.0" 200 90159 "https://sergio-cuchi.tattoo/contact/" "Mozilla/5.0 (Windows NT 10.0; Win64; x64) AppleWebKit/537.36 (KHTML, like Gecko) Chrome/129.0.0.0 Safari/537.36"
209.74.77.214 - - [21/Jul/2025:23:49:11 +0000] "POST /wp-cron.php?doing_wp_cron=1753141751.7796130180358886718750 HTTP/1.1" 200 - "-" "WordPress/6.8.2; https://sergio-cuchi.tattoo"
57.141.2.21 - - [21/Jul/2025:23:49:09 +0000] "GET /?h=14005826031600& HTTP/1.1" 301 - "-" "meta-externalagent/1.1 (+https://developers.facebook.com/docs/sharing/webmasters/crawler)"
216.73.216.248 - - [21/Jul/2025:23:49:20 +0000] "GET /index.php/sitemap-9.xml HTTP/1.1" 200 4196 "-" "Mozilla/5.0 AppleWebKit/537.36 (KHTML, like Gecko; compatible; ClaudeBot/1.0; [email protected])"
209.74.77.214 - - [21/Jul/2025:23:49:35 +0000] "POST /wp-cron.php?doing_wp_cron=1753141775.3030290603637695312500 HTTP/1.1" 200 - "-" "WordPress/6.8.2; https://sergio-cuchi.tattoo"
51.222.253.15 - - [21/Jul/2025:23:49:35 +0000] "GET /?h=56009836041600&mod=e49f07fd&uri=news.php%3Fid%3D1869083-1316%26name%3Dtraje+novio+granate HTTP/1.1" 301 - "-" "Mozilla/5.0 (compatible; AhrefsBot/7.0; +http://ahrefs.com/robot/)"
216.73.216.248 - - [21/Jul/2025:23:52:09 +0000] "GET /index.php/sitemap-4.xml HTTP/1.1" 200 4194 "-" "Mozilla/5.0 AppleWebKit/537.36 (KHTML, like Gecko; compatible; ClaudeBot/1.0; [email protected])"
216.73.216.248 - - [21/Jul/2025:23:54:55 +0000] "GET /sitemap-8.xml HTTP/1.1" 200 4210 "-" "Mozilla/5.0 AppleWebKit/537.36 (KHTML, like Gecko; compatible; ClaudeBot/1.0; [email protected])"
209.74.77.214 - - [21/Jul/2025:23:56:07 +0000] "POST /wp-cron.php?doing_wp_cron=1753142167.6808199882507324218750 HTTP/1.1" 200 - "-" "WordPress/6.8.2; https://sergio-cuchi.tattoo"
57.141.2.23 - - [21/Jul/2025:23:56:05 +0000] "GET /?h=87644192061600& HTTP/1.1" 301 - "-" "meta-externalagent/1.1 (+https://developers.facebook.com/docs/sharing/webmasters/crawler)"
209.74.77.214 - - [21/Jul/2025:23:56:33 +0000] "POST /wp-cron.php?doing_wp_cron=1753142193.7043199539184570312500 HTTP/1.1" 200 - "-" "WordPress/6.8.2; https://sergio-cuchi.tattoo"
57.141.2.5 - - [21/Jul/2025:23:56:33 +0000] "GET /?h=87644192061600 HTTP/1.1" 200 97956 "-" "meta-externalagent/1.1 (+https://developers.facebook.com/docs/sharing/webmasters/crawler)"
209.74.77.214 - - [21/Jul/2025:23:57:12 +0000] "POST /wp-cron.php?doing_wp_cron=1753142232.6570971012115478515625 HTTP/1.1" 200 - "-" "WordPress/6.8.2; https://sergio-cuchi.tattoo"
57.141.2.4 - - [21/Jul/2025:23:57:10 +0000] "GET /?h=107937713061600& HTTP/1.1" 301 - "-" "meta-externalagent/1.1 (+https://developers.facebook.com/docs/sharing/webmasters/crawler)"
209.74.77.214 - - [21/Jul/2025:23:59:09 +0000] "POST /wp-cron.php?doing_wp_cron=1753142349.5719709396362304687500 HTTP/1.1" 200 - "-" "WordPress/6.8.2; https://sergio-cuchi.tattoo"
57.141.2.14 - - [21/Jul/2025:23:59:07 +0000] "GET /?h=47888393031600& HTTP/1.1" 301 - "-" "meta-externalagent/1.1 (+https://developers.facebook.com/docs/sharing/webmasters/crawler)"
209.74.77.214 - - [21/Jul/2025:23:59:16 +0000] "POST /wp-cron.php?doing_wp_cron=1753142356.2295079231262207031250 HTTP/1.1" 200 - "-" "WordPress/6.8.2; https://sergio-cuchi.tattoo"
57.141.2.27 - - [21/Jul/2025:23:59:16 +0000] "GET /?h=47888393031600 HTTP/1.1" 200 97952 "-" "meta-externalagent/1.1 (+https://developers.facebook.com/docs/sharing/webmasters/crawler)"
57.141.2.2 - - [21/Jul/2025:23:59:19 +0000] "GET /?h=41027086041600& HTTP/1.1" 301 - "-" "meta-externalagent/1.1 (+https://developers.facebook.com/docs/sharing/webmasters/crawler)"
57.141.2.7 - - [21/Jul/2025:23:59:31 +0000] "GET /?h=41027086041600 HTTP/1.1" 200 97957 "-" "meta-externalagent/1.1 (+https://developers.facebook.com/docs/sharing/webmasters/crawler)"
57.141.2.16 - - [21/Jul/2025:23:59:54 +0000] "GET /?h=106785868001600& HTTP/1.1" 301 - "-" "meta-externalagent/1.1 (+https://developers.facebook.com/docs/sharing/webmasters/crawler)"
209.74.77.214 - - [22/Jul/2025:00:00:18 +0000] "POST /wp-cron.php?doing_wp_cron=1753142417.9777150154113769531250 HTTP/1.1" 200 - "-" "WordPress/6.8.2; https://sergio-cuchi.tattoo"
51.222.253.16 - - [22/Jul/2025:00:00:14 +0000] "GET /?h=85559062031600&mod=e18de917&uri=products.php%3Fid%3D2855246-1291%26name%3Dripley+zapatillas+reebok HTTP/1.1" 301 - "-" "Mozilla/5.0 (compatible; AhrefsBot/7.0; +http://ahrefs.com/robot/)"
209.74.77.214 - - [22/Jul/2025:00:02:17 +0000] "POST /wp-cron.php?doing_wp_cron=1753142537.5351641178131103515625 HTTP/1.1" 200 - "-" "WordPress/6.8.2; https://sergio-cuchi.tattoo"
209.74.77.214 - - [22/Jul/2025:00:02:17 +0000] "POST /wp-cron.php?doing_wp_cron=1753142537.5375690460205078125000 HTTP/1.1" 200 - "-" "WordPress/6.8.2; https://sergio-cuchi.tattoo"
216.73.216.248 - - [22/Jul/2025:00:02:15 +0000] "GET /goods/810014666.shtml HTTP/1.1" 404 12924 "-" "Mozilla/5.0 AppleWebKit/537.36 (KHTML, like Gecko; compatible; ClaudeBot/1.0; [email protected])"
216.73.216.248 - - [22/Jul/2025:00:02:14 +0000] "GET /goods/809647514.shtml HTTP/1.1" 404 12924 "-" "Mozilla/5.0 AppleWebKit/537.36 (KHTML, like Gecko; compatible; ClaudeBot/1.0; [email protected])"
216.73.216.248 - - [22/Jul/2025:00:02:15 +0000] "GET /goods/809736638.shtml HTTP/1.1" 404 12924 "-" "Mozilla/5.0 AppleWebKit/537.36 (KHTML, like Gecko; compatible; ClaudeBot/1.0; [email protected])"
216.73.216.248 - - [22/Jul/2025:00:02:14 +0000] "GET /goods/809492702.shtml HTTP/1.1" 404 12924 "-" "Mozilla/5.0 AppleWebKit/537.36 (KHTML, like Gecko; compatible; ClaudeBot/1.0; [email protected])"
216.73.216.248 - - [22/Jul/2025:00:02:15 +0000] "GET /goods/809867110.shtml HTTP/1.1" 404 12924 "-" "Mozilla/5.0 AppleWebKit/537.36 (KHTML, like Gecko; compatible; ClaudeBot/1.0; [email protected])"
216.73.216.248 - - [22/Jul/2025:00:02:18 +0000] "GET /goods/809765982.shtml HTTP/1.1" 404 12924 "-" "Mozilla/5.0 AppleWebKit/537.36 (KHTML, like Gecko; compatible; ClaudeBot/1.0; [email protected])"
216.73.216.248 - - [22/Jul/2025:00:02:18 +0000] "GET /goods/809660512.shtml HTTP/1.1" 404 12924 "-" "Mozilla/5.0 AppleWebKit/537.36 (KHTML, like Gecko; compatible; ClaudeBot/1.0; [email protected])"
216.73.216.248 - - [22/Jul/2025:00:02:18 +0000] "GET /goods/809750404.shtml HTTP/1.1" 404 12924 "-" "Mozilla/5.0 AppleWebKit/537.36 (KHTML, like Gecko; compatible; ClaudeBot/1.0; [email protected])"
216.73.216.248 - - [22/Jul/2025:00:02:18 +0000] "GET /goods/809965998.shtml HTTP/1.1" 404 12924 "-" "Mozilla/5.0 AppleWebKit/537.36 (KHTML, like Gecko; compatible; ClaudeBot/1.0; [email protected])"
216.73.216.248 - - [22/Jul/2025:00:02:18 +0000] "GET /goods/809989110.shtml HTTP/1.1" 404 12924 "-" "Mozilla/5.0 AppleWebKit/537.36 (KHTML, like Gecko; compatible; ClaudeBot/1.0; [email protected])"
216.73.216.248 - - [22/Jul/2025:00:02:19 +0000] "GET /goods/810001246.shtml HTTP/1.1" 404 12924 "-" "Mozilla/5.0 AppleWebKit/537.36 (KHTML, like Gecko; compatible; ClaudeBot/1.0; [email protected])"
216.73.216.248 - - [22/Jul/2025:00:02:20 +0000] "GET /goods/809602502.shtml HTTP/1.1" 404 12924 "-" "Mozilla/5.0 AppleWebKit/537.36 (KHTML, like Gecko; compatible; ClaudeBot/1.0; [email protected])"
216.73.216.248 - - [22/Jul/2025:00:02:20 +0000] "GET /goods/809966344.shtml HTTP/1.1" 404 12924 "-" "Mozilla/5.0 AppleWebKit/537.36 (KHTML, like Gecko; compatible; ClaudeBot/1.0; [email protected])"
216.73.216.248 - - [22/Jul/2025:00:02:20 +0000] "GET /goods/809746266.shtml HTTP/1.1" 404 12924 "-" "Mozilla/5.0 AppleWebKit/537.36 (KHTML, like Gecko; compatible; ClaudeBot/1.0; [email protected])"
216.73.216.248 - - [22/Jul/2025:00:02:20 +0000] "GET /goods/809780494.shtml HTTP/1.1" 404 12924 "-" "Mozilla/5.0 AppleWebKit/537.36 (KHTML, like Gecko; compatible; ClaudeBot/1.0; [email protected])"
216.73.216.248 - - [22/Jul/2025:00:02:20 +0000] "GET /goods/809679904.shtml HTTP/1.1" 404 12924 "-" "Mozilla/5.0 AppleWebKit/537.36 (KHTML, like Gecko; compatible; ClaudeBot/1.0; [email protected])"
216.73.216.248 - - [22/Jul/2025:00:02:21 +0000] "GET /goods/809616400.shtml HTTP/1.1" 404 12924 "-" "Mozilla/5.0 AppleWebKit/537.36 (KHTML, like Gecko; compatible; ClaudeBot/1.0; [email protected])"
216.73.216.248 - - [22/Jul/2025:00:02:21 +0000] "GET /goods/809747358.shtml HTTP/1.1" 404 12924 "-" "Mozilla/5.0 AppleWebKit/537.36 (KHTML, like Gecko; compatible; ClaudeBot/1.0; [email protected])"
216.73.216.248 - - [22/Jul/2025:00:02:21 +0000] "GET /goods/809700998.shtml HTTP/1.1" 404 12924 "-" "Mozilla/5.0 AppleWebKit/537.36 (KHTML, like Gecko; compatible; ClaudeBot/1.0; [email protected])"
216.73.216.248 - - [22/Jul/2025:00:02:21 +0000] "GET /goods/809848200.shtml HTTP/1.1" 404 12924 "-" "Mozilla/5.0 AppleWebKit/537.36 (KHTML, like Gecko; compatible; ClaudeBot/1.0; [email protected])"
216.73.216.248 - - [22/Jul/2025:00:02:22 +0000] "GET /goods/809969108.shtml HTTP/1.1" 404 12924 "-" "Mozilla/5.0 AppleWebKit/537.36 (KHTML, like Gecko; compatible; ClaudeBot/1.0; [email protected])"
216.73.216.248 - - [22/Jul/2025:00:02:22 +0000] "GET /goods/809717246.shtml HTTP/1.1" 404 12924 "-" "Mozilla/5.0 AppleWebKit/537.36 (KHTML, like Gecko; compatible; ClaudeBot/1.0; [email protected])"
216.73.216.248 - - [22/Jul/2025:00:02:22 +0000] "GET /goods/809886502.shtml HTTP/1.1" 404 12924 "-" "Mozilla/5.0 AppleWebKit/537.36 (KHTML, like Gecko; compatible; ClaudeBot/1.0; [email protected])"
216.73.216.248 - - [22/Jul/2025:00:02:22 +0000] "GET /goods/809767266.shtml HTTP/1.1" 404 12924 "-" "Mozilla/5.0 AppleWebKit/537.36 (KHTML, like Gecko; compatible; ClaudeBot/1.0; [email protected])"
216.73.216.248 - - [22/Jul/2025:00:02:22 +0000] "GET /goods/809737308.shtml HTTP/1.1" 404 12924 "-" "Mozilla/5.0 AppleWebKit/537.36 (KHTML, like Gecko; compatible; ClaudeBot/1.0; [email protected])"
216.73.216.248 - - [22/Jul/2025:00:02:22 +0000] "GET /goods/809693742.shtml HTTP/1.1" 404 12924 "-" "Mozilla/5.0 AppleWebKit/537.36 (KHTML, like Gecko; compatible; ClaudeBot/1.0; [email protected])"
216.73.216.248 - - [22/Jul/2025:00:02:23 +0000] "GET /goods/809743148.shtml HTTP/1.1" 404 12924 "-" "Mozilla/5.0 AppleWebKit/537.36 (KHTML, like Gecko; compatible; ClaudeBot/1.0; [email protected])"
216.73.216.248 - - [22/Jul/2025:00:02:23 +0000] "GET /goods/809968370.shtml HTTP/1.1" 404 12924 "-" "Mozilla/5.0 AppleWebKit/537.36 (KHTML, like Gecko; compatible; ClaudeBot/1.0; [email protected])"
216.73.216.248 - - [22/Jul/2025:00:03:30 +0000] "GET /goods/809904802.shtml HTTP/1.1" 404 12924 "-" "Mozilla/5.0 AppleWebKit/537.36 (KHTML, like Gecko; compatible; ClaudeBot/1.0; [email protected])"
209.74.77.214 - - [22/Jul/2025:00:03:31 +0000] "POST /wp-cron.php?doing_wp_cron=1753142611.5038759708404541015625 HTTP/1.1" 200 - "-" "WordPress/6.8.2; https://sergio-cuchi.tattoo"
216.73.216.248 - - [22/Jul/2025:00:03:30 +0000] "GET /goods/810000892.shtml HTTP/1.1" 404 12924 "-" "Mozilla/5.0 AppleWebKit/537.36 (KHTML, like Gecko; compatible; ClaudeBot/1.0; [email protected])"
216.73.216.248 - - [22/Jul/2025:00:03:30 +0000] "GET /goods/809559670.shtml HTTP/1.1" 404 12924 "-" "Mozilla/5.0 AppleWebKit/537.36 (KHTML, like Gecko; compatible; ClaudeBot/1.0; [email protected])"
216.73.216.248 - - [22/Jul/2025:00:03:30 +0000] "GET /goods/809719298.shtml HTTP/1.1" 404 12924 "-" "Mozilla/5.0 AppleWebKit/537.36 (KHTML, like Gecko; compatible; ClaudeBot/1.0; [email protected])"
216.73.216.248 - - [22/Jul/2025:00:03:30 +0000] "GET /goods/809946952.shtml HTTP/1.1" 404 12924 "-" "Mozilla/5.0 AppleWebKit/537.36 (KHTML, like Gecko; compatible; ClaudeBot/1.0; [email protected])"
216.73.216.248 - - [22/Jul/2025:00:03:29 +0000] "GET /goods/809980506.shtml HTTP/1.1" 404 12924 "-" "Mozilla/5.0 AppleWebKit/537.36 (KHTML, like Gecko; compatible; ClaudeBot/1.0; [email protected])"
216.73.216.248 - - [22/Jul/2025:00:03:31 +0000] "GET /goods/809712780.shtml HTTP/1.1" 404 12924 "-" "Mozilla/5.0 AppleWebKit/537.36 (KHTML, like Gecko; compatible; ClaudeBot/1.0; [email protected])"
216.73.216.248 - - [22/Jul/2025:00:03:31 +0000] "GET /goods/809733520.shtml HTTP/1.1" 404 12924 "-" "Mozilla/5.0 AppleWebKit/537.36 (KHTML, like Gecko; compatible; ClaudeBot/1.0; [email protected])"
216.73.216.248 - - [22/Jul/2025:00:03:32 +0000] "GET /goods/809984644.shtml HTTP/1.1" 404 12924 "-" "Mozilla/5.0 AppleWebKit/537.36 (KHTML, like Gecko; compatible; ClaudeBot/1.0; [email protected])"
216.73.216.248 - - [22/Jul/2025:00:03:32 +0000] "GET /sitemap-5.xml HTTP/1.1" 200 4208 "-" "Mozilla/5.0 AppleWebKit/537.36 (KHTML, like Gecko; compatible; ClaudeBot/1.0; [email protected])"
216.73.216.248 - - [22/Jul/2025:00:03:32 +0000] "GET /goods/809907912.shtml HTTP/1.1" 404 12924 "-" "Mozilla/5.0 AppleWebKit/537.36 (KHTML, like Gecko; compatible; ClaudeBot/1.0; [email protected])"
216.73.216.248 - - [22/Jul/2025:00:03:32 +0000] "GET /goods/809620802.shtml HTTP/1.1" 404 12924 "-" "Mozilla/5.0 AppleWebKit/537.36 (KHTML, like Gecko; compatible; ClaudeBot/1.0; [email protected])"
216.73.216.248 - - [22/Jul/2025:00:03:32 +0000] "GET /goods/809507816.shtml HTTP/1.1" 404 12924 "-" "Mozilla/5.0 AppleWebKit/537.36 (KHTML, like Gecko; compatible; ClaudeBot/1.0; [email protected])"
216.73.216.248 - - [22/Jul/2025:00:03:33 +0000] "GET /goods/809729318.shtml HTTP/1.1" 404 12924 "-" "Mozilla/5.0 AppleWebKit/537.36 (KHTML, like Gecko; compatible; ClaudeBot/1.0; [email protected])"
216.73.216.248 - - [22/Jul/2025:00:03:33 +0000] "GET /goods/809713390.shtml HTTP/1.1" 404 12924 "-" "Mozilla/5.0 AppleWebKit/537.36 (KHTML, like Gecko; compatible; ClaudeBot/1.0; [email protected])"
216.73.216.248 - - [22/Jul/2025:00:03:33 +0000] "GET /goods/809628792.shtml HTTP/1.1" 404 12924 "-" "Mozilla/5.0 AppleWebKit/537.36 (KHTML, like Gecko; compatible; ClaudeBot/1.0; [email protected])"
216.73.216.248 - - [22/Jul/2025:00:03:33 +0000] "GET /goods/809957326.shtml HTTP/1.1" 404 12924 "-" "Mozilla/5.0 AppleWebKit/537.36 (KHTML, like Gecko; compatible; ClaudeBot/1.0; [email protected])"
216.73.216.248 - - [22/Jul/2025:00:03:33 +0000] "GET /goods/809783604.shtml HTTP/1.1" 404 12924 "-" "Mozilla/5.0 AppleWebKit/537.36 (KHTML, like Gecko; compatible; ClaudeBot/1.0; [email protected])"
216.73.216.248 - - [22/Jul/2025:00:03:33 +0000] "GET /goods/809702414.shtml HTTP/1.1" 404 12924 "-" "Mozilla/5.0 AppleWebKit/537.36 (KHTML, like Gecko; compatible; ClaudeBot/1.0; [email protected])"
216.73.216.248 - - [22/Jul/2025:00:03:34 +0000] "GET /sitemap-10.xml HTTP/1.1" 200 4212 "-" "Mozilla/5.0 AppleWebKit/537.36 (KHTML, like Gecko; compatible; ClaudeBot/1.0; [email protected])"
216.73.216.248 - - [22/Jul/2025:00:03:34 +0000] "GET /goods/809538998.shtml HTTP/1.1" 404 12924 "-" "Mozilla/5.0 AppleWebKit/537.36 (KHTML, like Gecko; compatible; ClaudeBot/1.0; [email protected])"
216.73.216.248 - - [22/Jul/2025:00:03:34 +0000] "GET /goods/809735546.shtml HTTP/1.1" 404 12924 "-" "Mozilla/5.0 AppleWebKit/537.36 (KHTML, like Gecko; compatible; ClaudeBot/1.0; [email protected])"
216.73.216.248 - - [22/Jul/2025:00:03:34 +0000] "GET /goods/809715898.shtml HTTP/1.1" 404 12924 "-" "Mozilla/5.0 AppleWebKit/537.36 (KHTML, like Gecko; compatible; ClaudeBot/1.0; [email protected])"
216.73.216.248 - - [22/Jul/2025:00:03:34 +0000] "GET /goods/809626774.shtml HTTP/1.1" 404 12924 "-" "Mozilla/5.0 AppleWebKit/537.36 (KHTML, like Gecko; compatible; ClaudeBot/1.0; [email protected])"
216.73.216.248 - - [22/Jul/2025:00:03:34 +0000] "GET /goods/809764212.shtml HTTP/1.1" 404 12924 "-" "Mozilla/5.0 AppleWebKit/537.36 (KHTML, like Gecko; compatible; ClaudeBot/1.0; [email protected])"
216.73.216.248 - - [22/Jul/2025:00:03:34 +0000] "GET /goods/809628122.shtml HTTP/1.1" 404 12924 "-" "Mozilla/5.0 AppleWebKit/537.36 (KHTML, like Gecko; compatible; ClaudeBot/1.0; [email protected])"
216.73.216.248 - - [22/Jul/2025:00:03:34 +0000] "GET /goods/809595246.shtml HTTP/1.1" 404 12924 "-" "Mozilla/5.0 AppleWebKit/537.36 (KHTML, like Gecko; compatible; ClaudeBot/1.0; [email protected])"
216.73.216.248 - - [22/Jul/2025:00:03:35 +0000] "GET /goods/809671978.shtml HTTP/1.1" 404 12924 "-" "Mozilla/5.0 AppleWebKit/537.36 (KHTML, like Gecko; compatible; ClaudeBot/1.0; [email protected])"
209.74.77.214 - - [22/Jul/2025:00:04:56 +0000] "POST /wp-cron.php?doing_wp_cron=1753142696.1878581047058105468750 HTTP/1.1" 200 - "-" "WordPress/6.8.2; https://sergio-cuchi.tattoo"
216.73.216.248 - - [22/Jul/2025:00:04:55 +0000] "GET /goods/809757310.shtml HTTP/1.1" 404 12924 "-" "Mozilla/5.0 AppleWebKit/537.36 (KHTML, like Gecko; compatible; ClaudeBot/1.0; [email protected])"
216.73.216.248 - - [22/Jul/2025:00:04:55 +0000] "GET /goods/809585964.shtml HTTP/1.1" 404 12924 "-" "Mozilla/5.0 AppleWebKit/537.36 (KHTML, like Gecko; compatible; ClaudeBot/1.0; [email protected])"
216.73.216.248 - - [22/Jul/2025:00:04:53 +0000] "GET /goods/809723154.shtml HTTP/1.1" 404 12924 "-" "Mozilla/5.0 AppleWebKit/537.36 (KHTML, like Gecko; compatible; ClaudeBot/1.0; [email protected])"
216.73.216.248 - - [22/Jul/2025:00:04:55 +0000] "GET /goods/809624266.shtml HTTP/1.1" 404 12924 "-" "Mozilla/5.0 AppleWebKit/537.36 (KHTML, like Gecko; compatible; ClaudeBot/1.0; [email protected])"
216.73.216.248 - - [22/Jul/2025:00:04:54 +0000] "GET /goods/809551736.shtml HTTP/1.1" 404 12924 "-" "Mozilla/5.0 AppleWebKit/537.36 (KHTML, like Gecko; compatible; ClaudeBot/1.0; [email protected])"
216.73.216.248 - - [22/Jul/2025:00:04:52 +0000] "GET /goods/809777632.shtml HTTP/1.1" 404 12924 "-" "Mozilla/5.0 AppleWebKit/537.36 (KHTML, like Gecko; compatible; ClaudeBot/1.0; [email protected])"
216.73.216.248 - - [22/Jul/2025:00:04:55 +0000] "GET /goods/809562114.shtml HTTP/1.1" 404 12924 "-" "Mozilla/5.0 AppleWebKit/537.36 (KHTML, like Gecko; compatible; ClaudeBot/1.0; [email protected])"
216.73.216.248 - - [22/Jul/2025:00:04:55 +0000] "GET /goods/809944166.shtml HTTP/1.1" 404 12924 "-" "Mozilla/5.0 AppleWebKit/537.36 (KHTML, like Gecko; compatible; ClaudeBot/1.0; [email protected])"
216.73.216.248 - - [22/Jul/2025:00:04:57 +0000] "GET /goods/809728226.shtml HTTP/1.1" 404 12924 "-" "Mozilla/5.0 AppleWebKit/537.36 (KHTML, like Gecko; compatible; ClaudeBot/1.0; [email protected])"
216.73.216.248 - - [22/Jul/2025:00:04:57 +0000] "GET /goods/809479218.shtml HTTP/1.1" 404 12924 "-" "Mozilla/5.0 AppleWebKit/537.36 (KHTML, like Gecko; compatible; ClaudeBot/1.0; [email protected])"
216.73.216.248 - - [22/Jul/2025:00:04:57 +0000] "GET /goods/809920794.shtml HTTP/1.1" 404 12924 "-" "Mozilla/5.0 AppleWebKit/537.36 (KHTML, like Gecko; compatible; ClaudeBot/1.0; [email protected])"
216.73.216.248 - - [22/Jul/2025:00:04:57 +0000] "GET /goods/809657466.shtml HTTP/1.1" 404 12924 "-" "Mozilla/5.0 AppleWebKit/537.36 (KHTML, like Gecko; compatible; ClaudeBot/1.0; [email protected])"
216.73.216.248 - - [22/Jul/2025:00:04:57 +0000] "GET /goods/809727966.shtml HTTP/1.1" 404 12924 "-" "Mozilla/5.0 AppleWebKit/537.36 (KHTML, like Gecko; compatible; ClaudeBot/1.0; [email protected])"
216.73.216.248 - - [22/Jul/2025:00:04:57 +0000] "GET /goods/809726264.shtml HTTP/1.1" 404 12924 "-" "Mozilla/5.0 AppleWebKit/537.36 (KHTML, like Gecko; compatible; ClaudeBot/1.0; [email protected])"
216.73.216.248 - - [22/Jul/2025:00:04:57 +0000] "GET /goods/809768704.shtml HTTP/1.1" 404 12924 "-" "Mozilla/5.0 AppleWebKit/537.36 (KHTML, like Gecko; compatible; ClaudeBot/1.0; [email protected])"
216.73.216.248 - - [22/Jul/2025:00:04:57 +0000] "GET /goods/809742802.shtml HTTP/1.1" 404 12924 "-" "Mozilla/5.0 AppleWebKit/537.36 (KHTML, like Gecko; compatible; ClaudeBot/1.0; [email protected])"
216.73.216.248 - - [22/Jul/2025:00:04:57 +0000] "GET /goods/809690624.shtml HTTP/1.1" 404 12924 "-" "Mozilla/5.0 AppleWebKit/537.36 (KHTML, like Gecko; compatible; ClaudeBot/1.0; [email protected])"
216.73.216.248 - - [22/Jul/2025:00:04:57 +0000] "GET /goods/809493048.shtml HTTP/1.1" 404 12924 "-" "Mozilla/5.0 AppleWebKit/537.36 (KHTML, like Gecko; compatible; ClaudeBot/1.0; [email protected])"
216.73.216.248 - - [22/Jul/2025:00:04:57 +0000] "GET /sitemap-1.xml HTTP/1.1" 200 4209 "-" "Mozilla/5.0 AppleWebKit/537.36 (KHTML, like Gecko; compatible; ClaudeBot/1.0; [email protected])"
216.73.216.248 - - [22/Jul/2025:00:04:58 +0000] "GET /goods/809969462.shtml HTTP/1.1" 404 12924 "-" "Mozilla/5.0 AppleWebKit/537.36 (KHTML, like Gecko; compatible; ClaudeBot/1.0; [email protected])"
216.73.216.248 - - [22/Jul/2025:00:04:58 +0000] "GET /goods/809711364.shtml HTTP/1.1" 404 12924 "-" "Mozilla/5.0 AppleWebKit/537.36 (KHTML, like Gecko; compatible; ClaudeBot/1.0; [email protected])"
216.73.216.248 - - [22/Jul/2025:00:04:58 +0000] "GET /goods/809745912.shtml HTTP/1.1" 404 12924 "-" "Mozilla/5.0 AppleWebKit/537.36 (KHTML, like Gecko; compatible; ClaudeBot/1.0; [email protected])"
216.73.216.248 - - [22/Jul/2025:00:04:58 +0000] "GET /goods/809969786.shtml HTTP/1.1" 404 12924 "-" "Mozilla/5.0 AppleWebKit/537.36 (KHTML, like Gecko; compatible; ClaudeBot/1.0; [email protected])"
216.73.216.248 - - [22/Jul/2025:00:04:58 +0000] "GET /goods/809770730.shtml HTTP/1.1" 404 12924 "-" "Mozilla/5.0 AppleWebKit/537.36 (KHTML, like Gecko; compatible; ClaudeBot/1.0; [email protected])"
216.73.216.248 - - [22/Jul/2025:00:04:58 +0000] "GET /goods/809711688.shtml HTTP/1.1" 404 12924 "-" "Mozilla/5.0 AppleWebKit/537.36 (KHTML, like Gecko; compatible; ClaudeBot/1.0; [email protected])"
216.73.216.248 - - [22/Jul/2025:00:04:58 +0000] "GET /goods/809744564.shtml HTTP/1.1" 404 12924 "-" "Mozilla/5.0 AppleWebKit/537.36 (KHTML, like Gecko; compatible; ClaudeBot/1.0; [email protected])"
216.73.216.248 - - [22/Jul/2025:00:04:58 +0000] "GET /goods/809675442.shtml HTTP/1.1" 404 12924 "-" "Mozilla/5.0 AppleWebKit/537.36 (KHTML, like Gecko; compatible; ClaudeBot/1.0; [email protected])"
216.73.216.248 - - [22/Jul/2025:00:04:59 +0000] "GET /goods/809938002.shtml HTTP/1.1" 404 12924 "-" "Mozilla/5.0 AppleWebKit/537.36 (KHTML, like Gecko; compatible; ClaudeBot/1.0; [email protected])"
57.141.2.6 - - [22/Jul/2025:00:05:03 +0000] "GET /?h=21366267011600& HTTP/1.1" 301 - "-" "meta-externalagent/1.1 (+https://developers.facebook.com/docs/sharing/webmasters/crawler)"
57.141.2.14 - - [22/Jul/2025:00:05:06 +0000] "GET /?h=71489869021600& HTTP/1.1" 301 - "-" "meta-externalagent/1.1 (+https://developers.facebook.com/docs/sharing/webmasters/crawler)"
209.74.77.214 - - [22/Jul/2025:00:05:27 +0000] "POST /wp-cron.php?doing_wp_cron=1753142727.3740849494934082031250 HTTP/1.1" 200 - "-" "WordPress/6.8.2; https://sergio-cuchi.tattoo"
57.141.2.1 - - [22/Jul/2025:00:05:27 +0000] "GET /goods/1219664496.shtml HTTP/1.1" 404 80246 "-" "meta-externalagent/1.1 (+https://developers.facebook.com/docs/sharing/webmasters/crawler)"
209.74.77.214 - - [22/Jul/2025:00:06:34 +0000] "POST /wp-cron.php?doing_wp_cron=1753142794.6385169029235839843750 HTTP/1.1" 200 - "-" "WordPress/6.8.2; https://sergio-cuchi.tattoo"
216.73.216.248 - - [22/Jul/2025:00:06:34 +0000] "GET /goods/809822998.shtml HTTP/1.1" 404 12924 "-" "Mozilla/5.0 AppleWebKit/537.36 (KHTML, like Gecko; compatible; ClaudeBot/1.0; [email protected])"
216.73.216.248 - - [22/Jul/2025:00:06:33 +0000] "GET /goods/809642212.shtml HTTP/1.1" 404 12924 "-" "Mozilla/5.0 AppleWebKit/537.36 (KHTML, like Gecko; compatible; ClaudeBot/1.0; [email protected])"
216.73.216.248 - - [22/Jul/2025:00:06:34 +0000] "GET /goods/809728636.shtml HTTP/1.1" 404 12924 "-" "Mozilla/5.0 AppleWebKit/537.36 (KHTML, like Gecko; compatible; ClaudeBot/1.0; [email protected])"
216.73.216.248 - - [22/Jul/2025:00:06:34 +0000] "GET /goods/809694480.shtml HTTP/1.1" 404 12924 "-" "Mozilla/5.0 AppleWebKit/537.36 (KHTML, like Gecko; compatible; ClaudeBot/1.0; [email protected])"
216.73.216.248 - - [22/Jul/2025:00:06:33 +0000] "GET /goods/809854428.shtml HTTP/1.1" 404 12924 "-" "Mozilla/5.0 AppleWebKit/537.36 (KHTML, like Gecko; compatible; ClaudeBot/1.0; [email protected])"
216.73.216.248 - - [22/Jul/2025:00:06:34 +0000] "GET /goods/809625004.shtml HTTP/1.1" 404 12924 "-" "Mozilla/5.0 AppleWebKit/537.36 (KHTML, like Gecko; compatible; ClaudeBot/1.0; [email protected])"
216.73.216.248 - - [22/Jul/2025:00:06:34 +0000] "GET /goods/809764566.shtml HTTP/1.1" 404 12924 "-" "Mozilla/5.0 AppleWebKit/537.36 (KHTML, like Gecko; compatible; ClaudeBot/1.0; [email protected])"
216.73.216.248 - - [22/Jul/2025:00:06:34 +0000] "GET /goods/810007410.shtml HTTP/1.1" 404 12924 "-" "Mozilla/5.0 AppleWebKit/537.36 (KHTML, like Gecko; compatible; ClaudeBot/1.0; [email protected])"
216.73.216.248 - - [22/Jul/2025:00:06:35 +0000] "GET /goods/809735892.shtml HTTP/1.1" 404 12924 "-" "Mozilla/5.0 AppleWebKit/537.36 (KHTML, like Gecko; compatible; ClaudeBot/1.0; [email protected])"
216.73.216.248 - - [22/Jul/2025:00:06:35 +0000] "GET /goods/809504706.shtml HTTP/1.1" 404 12924 "-" "Mozilla/5.0 AppleWebKit/537.36 (KHTML, like Gecko; compatible; ClaudeBot/1.0; [email protected])"
216.73.216.248 - - [22/Jul/2025:00:06:35 +0000] "GET /goods/809654024.shtml HTTP/1.1" 404 12924 "-" "Mozilla/5.0 AppleWebKit/537.36 (KHTML, like Gecko; compatible; ClaudeBot/1.0; [email protected])"
216.73.216.248 - - [22/Jul/2025:00:06:35 +0000] "GET /goods/809898284.shtml HTTP/1.1" 404 12924 "-" "Mozilla/5.0 AppleWebKit/537.36 (KHTML, like Gecko; compatible; ClaudeBot/1.0; [email protected])"
216.73.216.248 - - [22/Jul/2025:00:06:35 +0000] "GET /goods/809879246.shtml HTTP/1.1" 404 12924 "-" "Mozilla/5.0 AppleWebKit/537.36 (KHTML, like Gecko; compatible; ClaudeBot/1.0; [email protected])"
216.73.216.248 - - [22/Jul/2025:00:06:35 +0000] "GET /goods/809936232.shtml HTTP/1.1" 404 12924 "-" "Mozilla/5.0 AppleWebKit/537.36 (KHTML, like Gecko; compatible; ClaudeBot/1.0; [email protected])"
216.73.216.248 - - [22/Jul/2025:00:06:35 +0000] "GET /goods/809899986.shtml HTTP/1.1" 404 12924 "-" "Mozilla/5.0 AppleWebKit/537.36 (KHTML, like Gecko; compatible; ClaudeBot/1.0; [email protected])"
216.73.216.248 - - [22/Jul/2025:00:06:35 +0000] "GET /goods/809639166.shtml HTTP/1.1" 404 12924 "-" "Mozilla/5.0 AppleWebKit/537.36 (KHTML, like Gecko; compatible; ClaudeBot/1.0; [email protected])"
216.73.216.248 - - [22/Jul/2025:00:06:35 +0000] "GET /goods/809826368.shtml HTTP/1.1" 404 12924 "-" "Mozilla/5.0 AppleWebKit/537.36 (KHTML, like Gecko; compatible; ClaudeBot/1.0; [email protected])"
216.73.216.248 - - [22/Jul/2025:00:06:36 +0000] "GET /goods/809535880.shtml HTTP/1.1" 404 12924 "-" "Mozilla/5.0 AppleWebKit/537.36 (KHTML, like Gecko; compatible; ClaudeBot/1.0; [email protected])"
216.73.216.248 - - [22/Jul/2025:00:06:36 +0000] "GET /goods/809948368.shtml HTTP/1.1" 404 12924 "-" "Mozilla/5.0 AppleWebKit/537.36 (KHTML, like Gecko; compatible; ClaudeBot/1.0; [email protected])"
216.73.216.248 - - [22/Jul/2025:00:06:36 +0000] "GET /goods/809600126.shtml HTTP/1.1" 404 12924 "-" "Mozilla/5.0 AppleWebKit/537.36 (KHTML, like Gecko; compatible; ClaudeBot/1.0; [email protected])"
216.73.216.248 - - [22/Jul/2025:00:06:37 +0000] "GET /goods/809660252.shtml HTTP/1.1" 404 12924 "-" "Mozilla/5.0 AppleWebKit/537.36 (KHTML, like Gecko; compatible; ClaudeBot/1.0; [email protected])"
216.73.216.248 - - [22/Jul/2025:00:06:37 +0000] "GET /goods/809916584.shtml HTTP/1.1" 404 12924 "-" "Mozilla/5.0 AppleWebKit/537.36 (KHTML, like Gecko; compatible; ClaudeBot/1.0; [email protected])"
216.73.216.248 - - [22/Jul/2025:00:06:37 +0000] "GET /goods/809639512.shtml HTTP/1.1" 404 12924 "-" "Mozilla/5.0 AppleWebKit/537.36 (KHTML, like Gecko; compatible; ClaudeBot/1.0; [email protected])"
216.73.216.248 - - [22/Jul/2025:00:06:38 +0000] "GET /goods/809646768.shtml HTTP/1.1" 404 12924 "-" "Mozilla/5.0 AppleWebKit/537.36 (KHTML, like Gecko; compatible; ClaudeBot/1.0; [email protected])"
216.73.216.248 - - [22/Jul/2025:00:06:38 +0000] "GET /goods/809765658.shtml HTTP/1.1" 404 12924 "-" "Mozilla/5.0 AppleWebKit/537.36 (KHTML, like Gecko; compatible; ClaudeBot/1.0; [email protected])"
216.73.216.248 - - [22/Jul/2025:00:06:38 +0000] "GET /goods/809748966.shtml HTTP/1.1" 404 12924 "-" "Mozilla/5.0 AppleWebKit/537.36 (KHTML, like Gecko; compatible; ClaudeBot/1.0; [email protected])"
216.73.216.248 - - [22/Jul/2025:00:06:38 +0000] "GET /goods/810010264.shtml HTTP/1.1" 404 12924 "-" "Mozilla/5.0 AppleWebKit/537.36 (KHTML, like Gecko; compatible; ClaudeBot/1.0; [email protected])"
216.73.216.248 - - [22/Jul/2025:00:06:38 +0000] "GET /goods/809605612.shtml HTTP/1.1" 404 12924 "-" "Mozilla/5.0 AppleWebKit/537.36 (KHTML, like Gecko; compatible; ClaudeBot/1.0; [email protected])"
209.74.77.214 - - [22/Jul/2025:00:08:04 +0000] "POST /wp-cron.php?doing_wp_cron=1753142884.5305531024932861328125 HTTP/1.1" 200 - "-" "WordPress/6.8.2; https://sergio-cuchi.tattoo"
216.73.216.248 - - [22/Jul/2025:00:08:03 +0000] "GET /goods/809721738.shtml HTTP/1.1" 404 12924 "-" "Mozilla/5.0 AppleWebKit/537.36 (KHTML, like Gecko; compatible; ClaudeBot/1.0; [email protected])"
216.73.216.248 - - [22/Jul/2025:00:08:02 +0000] "GET /goods/809985992.shtml HTTP/1.1" 404 12924 "-" "Mozilla/5.0 AppleWebKit/537.36 (KHTML, like Gecko; compatible; ClaudeBot/1.0; [email protected])"
216.73.216.248 - - [22/Jul/2025:00:08:04 +0000] "GET /goods/809497450.shtml HTTP/1.1" 404 12924 "-" "Mozilla/5.0 AppleWebKit/537.36 (KHTML, like Gecko; compatible; ClaudeBot/1.0; [email protected])"
216.73.216.248 - - [22/Jul/2025:00:08:04 +0000] "GET /goods/809556552.shtml HTTP/1.1" 404 12924 "-" "Mozilla/5.0 AppleWebKit/537.36 (KHTML, like Gecko; compatible; ClaudeBot/1.0; [email protected])"
216.73.216.248 - - [22/Jul/2025:00:08:04 +0000] "GET /goods/809618102.shtml HTTP/1.1" 404 12924 "-" "Mozilla/5.0 AppleWebKit/537.36 (KHTML, like Gecko; compatible; ClaudeBot/1.0; [email protected])"
216.73.216.248 - - [22/Jul/2025:00:08:04 +0000] "GET /goods/809601564.shtml HTTP/1.1" 404 12924 "-" "Mozilla/5.0 AppleWebKit/537.36 (KHTML, like Gecko; compatible; ClaudeBot/1.0; [email protected])"
216.73.216.248 - - [22/Jul/2025:00:08:04 +0000] "GET /goods/809757984.shtml HTTP/1.1" 404 12924 "-" "Mozilla/5.0 AppleWebKit/537.36 (KHTML, like Gecko; compatible; ClaudeBot/1.0; [email protected])"
216.73.216.248 - - [22/Jul/2025:00:08:04 +0000] "GET /goods/809761102.shtml HTTP/1.1" 404 12924 "-" "Mozilla/5.0 AppleWebKit/537.36 (KHTML, like Gecko; compatible; ClaudeBot/1.0; [email protected])"
216.73.216.248 - - [22/Jul/2025:00:08:04 +0000] "GET /goods/809796350.shtml HTTP/1.1" 404 12924 "-" "Mozilla/5.0 AppleWebKit/537.36 (KHTML, like Gecko; compatible; ClaudeBot/1.0; [email protected])"
216.73.216.248 - - [22/Jul/2025:00:08:04 +0000] "GET /goods/809696852.shtml HTTP/1.1" 404 12924 "-" "Mozilla/5.0 AppleWebKit/537.36 (KHTML, like Gecko; compatible; ClaudeBot/1.0; [email protected])"
216.73.216.248 - - [22/Jul/2025:00:08:04 +0000] "GET /goods/809723756.shtml HTTP/1.1" 404 12924 "-" "Mozilla/5.0 AppleWebKit/537.36 (KHTML, like Gecko; compatible; ClaudeBot/1.0; [email protected])"
216.73.216.248 - - [22/Jul/2025:00:08:05 +0000] "GET /goods/809670562.shtml HTTP/1.1" 404 12924 "-" "Mozilla/5.0 AppleWebKit/537.36 (KHTML, like Gecko; compatible; ClaudeBot/1.0; [email protected])"
216.73.216.248 - - [22/Jul/2025:00:08:05 +0000] "GET /goods/809595592.shtml HTTP/1.1" 404 12924 "-" "Mozilla/5.0 AppleWebKit/537.36 (KHTML, like Gecko; compatible; ClaudeBot/1.0; [email protected])"
216.73.216.248 - - [22/Jul/2025:00:08:05 +0000] "GET /goods/809710272.shtml HTTP/1.1" 404 12924 "-" "Mozilla/5.0 AppleWebKit/537.36 (KHTML, like Gecko; compatible; ClaudeBot/1.0; [email protected])"
216.73.216.248 - - [22/Jul/2025:00:08:05 +0000] "GET /goods/809716244.shtml HTTP/1.1" 404 12924 "-" "Mozilla/5.0 AppleWebKit/537.36 (KHTML, like Gecko; compatible; ClaudeBot/1.0; [email protected])"
216.73.216.248 - - [22/Jul/2025:00:08:05 +0000] "GET /goods/809807744.shtml HTTP/1.1" 404 12924 "-" "Mozilla/5.0 AppleWebKit/537.36 (KHTML, like Gecko; compatible; ClaudeBot/1.0; [email protected])"
216.73.216.248 - - [22/Jul/2025:00:08:05 +0000] "GET /goods/809914822.shtml HTTP/1.1" 404 12924 "-" "Mozilla/5.0 AppleWebKit/537.36 (KHTML, like Gecko; compatible; ClaudeBot/1.0; [email protected])"
216.73.216.248 - - [22/Jul/2025:00:08:05 +0000] "GET /goods/809984298.shtml HTTP/1.1" 404 12924 "-" "Mozilla/5.0 AppleWebKit/537.36 (KHTML, like Gecko; compatible; ClaudeBot/1.0; [email protected])"
216.73.216.248 - - [22/Jul/2025:00:08:06 +0000] "GET /goods/809482004.shtml HTTP/1.1" 404 12924 "-" "Mozilla/5.0 AppleWebKit/537.36 (KHTML, like Gecko; compatible; ClaudeBot/1.0; [email protected])"
216.73.216.248 - - [22/Jul/2025:00:08:06 +0000] "GET /goods/809940442.shtml HTTP/1.1" 404 12924 "-" "Mozilla/5.0 AppleWebKit/537.36 (KHTML, like Gecko; compatible; ClaudeBot/1.0; [email protected])"
216.73.216.248 - - [22/Jul/2025:00:08:07 +0000] "GET /goods/809965252.shtml HTTP/1.1" 404 12924 "-" "Mozilla/5.0 AppleWebKit/537.36 (KHTML, like Gecko; compatible; ClaudeBot/1.0; [email protected])"
216.73.216.248 - - [22/Jul/2025:00:08:07 +0000] "GET /goods/809489938.shtml HTTP/1.1" 404 12924 "-" "Mozilla/5.0 AppleWebKit/537.36 (KHTML, like Gecko; compatible; ClaudeBot/1.0; [email protected])"
216.73.216.248 - - [22/Jul/2025:00:08:07 +0000] "GET /goods/809768358.shtml HTTP/1.1" 404 12924 "-" "Mozilla/5.0 AppleWebKit/537.36 (KHTML, like Gecko; compatible; ClaudeBot/1.0; [email protected])"
216.73.216.248 - - [22/Jul/2025:00:08:07 +0000] "GET /goods/809718944.shtml HTTP/1.1" 404 12924 "-" "Mozilla/5.0 AppleWebKit/537.36 (KHTML, like Gecko; compatible; ClaudeBot/1.0; [email protected])"
216.73.216.248 - - [22/Jul/2025:00:08:07 +0000] "GET /goods/809749312.shtml HTTP/1.1" 404 12924 "-" "Mozilla/5.0 AppleWebKit/537.36 (KHTML, like Gecko; compatible; ClaudeBot/1.0; [email protected])"
216.73.216.248 - - [22/Jul/2025:00:08:07 +0000] "GET /goods/809889266.shtml HTTP/1.1" 404 12924 "-" "Mozilla/5.0 AppleWebKit/537.36 (KHTML, like Gecko; compatible; ClaudeBot/1.0; [email protected])"
216.73.216.248 - - [22/Jul/2025:00:08:07 +0000] "GET /goods/809941112.shtml HTTP/1.1" 404 12924 "-" "Mozilla/5.0 AppleWebKit/537.36 (KHTML, like Gecko; compatible; ClaudeBot/1.0; [email protected])"
216.73.216.248 - - [22/Jul/2025:00:08:07 +0000] "GET /goods/809634286.shtml HTTP/1.1" 404 12924 "-" "Mozilla/5.0 AppleWebKit/537.36 (KHTML, like Gecko; compatible; ClaudeBot/1.0; [email protected])"
