209.74.77.214 - - [21/Jul/2025:19:45:19 +0000] "POST /wp-cron.php?doing_wp_cron=1753127119.6830520629882812500000 HTTP/1.1" 200 - "-" "WordPress/6.8.2; https://sergio-cuchi.tattoo"
57.141.2.26 - - [21/Jul/2025:19:45:19 +0000] "GET /goods/1219163208.shtml HTTP/1.1" 404 80246 "-" "meta-externalagent/1.1 (+https://developers.facebook.com/docs/sharing/webmasters/crawler)"
41.10.46.43 - - [21/Jul/2025:19:45:22 +0000] "POST /xmlrpc.php HTTP/1.1" 200 403 "-" "Mozilla/5.0 (Windows NT 10.0; Win64; x64) AppleWebKit/537.36 (KHTML, like Gecko) Chrome/91.0.4472.124 Safari/537.36"
57.141.2.18 - - [21/Jul/2025:19:45:38 +0000] "GET /?h=63928326021600& HTTP/1.1" 301 - "-" "meta-externalagent/1.1 (+https://developers.facebook.com/docs/sharing/webmasters/crawler)"
57.141.2.28 - - [21/Jul/2025:19:45:39 +0000] "GET /goods/1219618882.shtml HTTP/1.1" 404 80246 "-" "meta-externalagent/1.1 (+https://developers.facebook.com/docs/sharing/webmasters/crawler)"
57.141.2.26 - - [21/Jul/2025:19:45:43 +0000] "GET /goods/1219510106.shtml HTTP/1.1" 404 80246 "-" "meta-externalagent/1.1 (+https://developers.facebook.com/docs/sharing/webmasters/crawler)"
209.74.77.214 - - [21/Jul/2025:19:46:18 +0000] "POST /wp-cron.php?doing_wp_cron=1753127178.0438299179077148437500 HTTP/1.1" 200 - "-" "WordPress/6.8.2; https://sergio-cuchi.tattoo"
57.141.2.2 - - [21/Jul/2025:19:46:16 +0000] "GET /goods/1219434726.shtml HTTP/1.1" 404 80246 "-" "meta-externalagent/1.1 (+https://developers.facebook.com/docs/sharing/webmasters/crawler)"
41.10.46.43 - - [21/Jul/2025:19:46:23 +0000] "POST /xmlrpc.php HTTP/1.1" 200 403 "-" "Mozilla/5.0 (Windows NT 10.0; Win64; x64) AppleWebKit/537.36 (KHTML, like Gecko) Chrome/91.0.4472.124 Safari/537.36"
185.169.4.152 - - [21/Jul/2025:19:46:26 +0000] "GET / HTTP/1.1" 200 16283 "-" "Mozilla/5.0 (Windows NT 10.0; Win64; x64) AppleWebKit/537.36 (KHTML, like Gecko) Chrome/138.0.7204.50 Safari/537.36"
57.141.2.17 - - [21/Jul/2025:19:46:55 +0000] "GET /goods/1219607156.shtml HTTP/1.1" 404 80246 "-" "meta-externalagent/1.1 (+https://developers.facebook.com/docs/sharing/webmasters/crawler)"
209.74.77.214 - - [21/Jul/2025:19:47:23 +0000] "POST /wp-cron.php?doing_wp_cron=1753127243.0707769393920898437500 HTTP/1.1" 200 - "-" "WordPress/6.8.2; https://sergio-cuchi.tattoo"
41.10.46.43 - - [21/Jul/2025:19:47:22 +0000] "POST /xmlrpc.php HTTP/1.1" 200 403 "-" "Mozilla/5.0 (Windows NT 10.0; Win64; x64) AppleWebKit/537.36 (KHTML, like Gecko) Chrome/91.0.4472.124 Safari/537.36"
216.73.216.248 - - [21/Jul/2025:19:48:10 +0000] "GET /index.php/sitemap-9.xml HTTP/1.1" 200 4196 "-" "Mozilla/5.0 AppleWebKit/537.36 (KHTML, like Gecko; compatible; ClaudeBot/1.0; [email protected])"
216.73.216.248 - - [21/Jul/2025:19:48:10 +0000] "GET /sitemap-7.xml HTTP/1.1" 200 4210 "-" "Mozilla/5.0 AppleWebKit/537.36 (KHTML, like Gecko; compatible; ClaudeBot/1.0; [email protected])"
216.73.216.248 - - [21/Jul/2025:19:48:10 +0000] "GET /index.php/sitemap-7.xml HTTP/1.1" 200 4196 "-" "Mozilla/5.0 AppleWebKit/537.36 (KHTML, like Gecko; compatible; ClaudeBot/1.0; [email protected])"
209.74.77.214 - - [21/Jul/2025:19:48:23 +0000] "POST /wp-cron.php?doing_wp_cron=1753127303.8512089252471923828125 HTTP/1.1" 200 - "-" "WordPress/6.8.2; https://sergio-cuchi.tattoo"
41.10.46.43 - - [21/Jul/2025:19:48:22 +0000] "POST /xmlrpc.php HTTP/1.1" 200 403 "-" "Mozilla/5.0 (Windows NT 10.0; Win64; x64) AppleWebKit/537.36 (KHTML, like Gecko) Chrome/91.0.4472.124 Safari/537.36"
57.141.2.1 - - [21/Jul/2025:19:48:35 +0000] "GET /?h=49183442041600& HTTP/1.1" 301 - "-" "meta-externalagent/1.1 (+https://developers.facebook.com/docs/sharing/webmasters/crawler)"
209.74.77.214 - - [21/Jul/2025:19:49:12 +0000] "POST /wp-cron.php?doing_wp_cron=1753127352.3265419006347656250000 HTTP/1.1" 200 - "-" "WordPress/6.8.2; https://sergio-cuchi.tattoo"
57.141.2.2 - - [21/Jul/2025:19:49:11 +0000] "GET /?h=112650486021600& HTTP/1.1" 301 - "-" "meta-externalagent/1.1 (+https://developers.facebook.com/docs/sharing/webmasters/crawler)"
41.10.46.43 - - [21/Jul/2025:19:49:23 +0000] "POST /xmlrpc.php HTTP/1.1" 200 403 "-" "Mozilla/5.0 (Windows NT 10.0; Win64; x64) AppleWebKit/537.36 (KHTML, like Gecko) Chrome/91.0.4472.124 Safari/537.36"
57.141.2.8 - - [21/Jul/2025:19:49:36 +0000] "GET /goods/1219538772.shtml HTTP/1.1" 404 80246 "-" "meta-externalagent/1.1 (+https://developers.facebook.com/docs/sharing/webmasters/crawler)"
216.73.216.248 - - [21/Jul/2025:19:50:05 +0000] "GET /sitemap-5.xml HTTP/1.1" 200 4208 "-" "Mozilla/5.0 AppleWebKit/537.36 (KHTML, like Gecko; compatible; ClaudeBot/1.0; [email protected])"
216.73.216.248 - - [21/Jul/2025:19:50:05 +0000] "GET /index.php/sitemap-15.xml HTTP/1.1" 200 4195 "-" "Mozilla/5.0 AppleWebKit/537.36 (KHTML, like Gecko; compatible; ClaudeBot/1.0; [email protected])"
209.74.77.214 - - [21/Jul/2025:19:50:22 +0000] "POST /wp-cron.php?doing_wp_cron=1753127422.2359840869903564453125 HTTP/1.1" 200 - "-" "WordPress/6.8.2; https://sergio-cuchi.tattoo"
41.10.46.43 - - [21/Jul/2025:19:50:22 +0000] "POST /xmlrpc.php HTTP/1.1" 200 403 "-" "Mozilla/5.0 (Windows NT 10.0; Win64; x64) AppleWebKit/537.36 (KHTML, like Gecko) Chrome/91.0.4472.124 Safari/537.36"
209.74.77.214 - - [21/Jul/2025:19:51:24 +0000] "POST /wp-cron.php?doing_wp_cron=1753127483.9707720279693603515625 HTTP/1.1" 200 - "-" "WordPress/6.8.2; https://sergio-cuchi.tattoo"
41.10.46.43 - - [21/Jul/2025:19:51:22 +0000] "POST /xmlrpc.php HTTP/1.1" 200 403 "-" "Mozilla/5.0 (Windows NT 10.0; Win64; x64) AppleWebKit/537.36 (KHTML, like Gecko) Chrome/91.0.4472.124 Safari/537.36"
216.73.216.248 - - [21/Jul/2025:19:52:06 +0000] "GET /index.php/sitemap-2.xml HTTP/1.1" 200 4194 "-" "Mozilla/5.0 AppleWebKit/537.36 (KHTML, like Gecko; compatible; ClaudeBot/1.0; [email protected])"
216.73.216.248 - - [21/Jul/2025:19:52:06 +0000] "GET /index.php/sitemap-3.xml HTTP/1.1" 200 4192 "-" "Mozilla/5.0 AppleWebKit/537.36 (KHTML, like Gecko; compatible; ClaudeBot/1.0; [email protected])"
209.74.77.214 - - [21/Jul/2025:19:52:25 +0000] "POST /wp-cron.php?doing_wp_cron=1753127545.9593670368194580078125 HTTP/1.1" 200 - "-" "WordPress/6.8.2; https://sergio-cuchi.tattoo"
41.10.46.43 - - [21/Jul/2025:19:52:25 +0000] "POST /xmlrpc.php HTTP/1.1" 200 403 "-" "Mozilla/5.0 (Windows NT 10.0; Win64; x64) AppleWebKit/537.36 (KHTML, like Gecko) Chrome/91.0.4472.124 Safari/537.36"
57.141.2.2 - - [21/Jul/2025:19:52:45 +0000] "GET /?h=101461601041600& HTTP/1.1" 301 - "-" "meta-externalagent/1.1 (+https://developers.facebook.com/docs/sharing/webmasters/crawler)"
209.74.77.214 - - [21/Jul/2025:19:53:21 +0000] "POST /wp-cron.php?doing_wp_cron=1753127601.7539119720458984375000 HTTP/1.1" 200 - "-" "WordPress/6.8.2; https://sergio-cuchi.tattoo"
41.10.46.43 - - [21/Jul/2025:19:53:21 +0000] "POST /xmlrpc.php HTTP/1.1" 200 403 "-" "Mozilla/5.0 (Windows NT 10.0; Win64; x64) AppleWebKit/537.36 (KHTML, like Gecko) Chrome/91.0.4472.124 Safari/537.36"
57.141.2.28 - - [21/Jul/2025:19:53:34 +0000] "GET /?h=102448031111600& HTTP/1.1" 301 - "-" "meta-externalagent/1.1 (+https://developers.facebook.com/docs/sharing/webmasters/crawler)"
209.74.77.214 - - [21/Jul/2025:19:54:23 +0000] "POST /wp-cron.php?doing_wp_cron=1753127663.4493150711059570312500 HTTP/1.1" 200 - "-" "WordPress/6.8.2; https://sergio-cuchi.tattoo"
41.10.46.43 - - [21/Jul/2025:19:54:21 +0000] "POST /xmlrpc.php HTTP/1.1" 200 403 "-" "Mozilla/5.0 (Windows NT 10.0; Win64; x64) AppleWebKit/537.36 (KHTML, like Gecko) Chrome/91.0.4472.124 Safari/537.36"
209.74.77.214 - - [21/Jul/2025:19:55:24 +0000] "POST /wp-cron.php?doing_wp_cron=1753127724.8202629089355468750000 HTTP/1.1" 200 - "-" "WordPress/6.8.2; https://sergio-cuchi.tattoo"
41.10.46.43 - - [21/Jul/2025:19:55:23 +0000] "POST /xmlrpc.php HTTP/1.1" 200 403 "-" "Mozilla/5.0 (Windows NT 10.0; Win64; x64) AppleWebKit/537.36 (KHTML, like Gecko) Chrome/91.0.4472.124 Safari/537.36"
216.73.216.248 - - [21/Jul/2025:19:55:46 +0000] "GET /index.php/sitemap-16.xml HTTP/1.1" 200 4196 "-" "Mozilla/5.0 AppleWebKit/537.36 (KHTML, like Gecko; compatible; ClaudeBot/1.0; [email protected])"
209.74.77.214 - - [21/Jul/2025:19:56:23 +0000] "POST /wp-cron.php?doing_wp_cron=1753127783.7538390159606933593750 HTTP/1.1" 200 - "-" "WordPress/6.8.2; https://sergio-cuchi.tattoo"
41.10.46.43 - - [21/Jul/2025:19:56:22 +0000] "POST /xmlrpc.php HTTP/1.1" 200 403 "-" "Mozilla/5.0 (Windows NT 10.0; Win64; x64) AppleWebKit/537.36 (KHTML, like Gecko) Chrome/91.0.4472.124 Safari/537.36"
209.74.77.214 - - [21/Jul/2025:19:57:24 +0000] "POST /wp-cron.php?doing_wp_cron=1753127844.3624510765075683593750 HTTP/1.1" 200 - "-" "WordPress/6.8.2; https://sergio-cuchi.tattoo"
41.10.46.43 - - [21/Jul/2025:19:57:22 +0000] "POST /xmlrpc.php HTTP/1.1" 200 403 "-" "Mozilla/5.0 (Windows NT 10.0; Win64; x64) AppleWebKit/537.36 (KHTML, like Gecko) Chrome/91.0.4472.124 Safari/537.36"
209.74.77.214 - - [21/Jul/2025:19:58:22 +0000] "POST /wp-cron.php?doing_wp_cron=1753127902.2245779037475585937500 HTTP/1.1" 200 - "-" "WordPress/6.8.2; https://sergio-cuchi.tattoo"
41.10.46.43 - - [21/Jul/2025:19:58:21 +0000] "POST /xmlrpc.php HTTP/1.1" 200 403 "-" "Mozilla/5.0 (Windows NT 10.0; Win64; x64) AppleWebKit/537.36 (KHTML, like Gecko) Chrome/91.0.4472.124 Safari/537.36"
216.73.216.248 - - [21/Jul/2025:19:58:23 +0000] "GET /sitemap-3.xml HTTP/1.1" 200 4207 "-" "Mozilla/5.0 AppleWebKit/537.36 (KHTML, like Gecko; compatible; ClaudeBot/1.0; [email protected])"
209.74.77.214 - - [21/Jul/2025:19:59:23 +0000] "POST /wp-cron.php?doing_wp_cron=1753127963.4237070083618164062500 HTTP/1.1" 200 - "-" "WordPress/6.8.2; https://sergio-cuchi.tattoo"
41.10.46.43 - - [21/Jul/2025:19:59:22 +0000] "POST /xmlrpc.php HTTP/1.1" 200 403 "-" "Mozilla/5.0 (Windows NT 10.0; Win64; x64) AppleWebKit/537.36 (KHTML, like Gecko) Chrome/91.0.4472.124 Safari/537.36"
216.73.216.248 - - [21/Jul/2025:20:00:17 +0000] "GET /sitemap-9.xml HTTP/1.1" 200 4212 "-" "Mozilla/5.0 AppleWebKit/537.36 (KHTML, like Gecko; compatible; ClaudeBot/1.0; [email protected])"
209.74.77.214 - - [21/Jul/2025:20:00:24 +0000] "POST /wp-cron.php?doing_wp_cron=1753128024.4679200649261474609375 HTTP/1.1" 200 - "-" "WordPress/6.8.2; https://sergio-cuchi.tattoo"
41.10.46.43 - - [21/Jul/2025:20:00:23 +0000] "POST /xmlrpc.php HTTP/1.1" 200 403 "-" "Mozilla/5.0 (Windows NT 10.0; Win64; x64) AppleWebKit/537.36 (KHTML, like Gecko) Chrome/91.0.4472.124 Safari/537.36"
66.249.74.43 - - [21/Jul/2025:20:00:44 +0000] "GET /?h=88600309001600&mod=e2e05e5e&uri=shared.php?goods/39640432.shtml HTTP/1.1" 200 19281 "-" "Mozilla/5.0 (Linux; Android 6.0.1; Nexus 5X Build/MMB29P) AppleWebKit/537.36 (KHTML, like Gecko) Chrome/137.0.7151.103 Mobile Safari/537.36 (compatible; Googlebot/2.1; +http://www.google.com/bot.html)"
66.249.74.42 - - [21/Jul/2025:20:00:47 +0000] "POST /get-message-notify HTTP/1.1" 200 18155 "https://sergio-cuchi.tattoo/?h=88600309001600&mod=e2e05e5e&uri=shared.php?goods/39640432.shtml" "Mozilla/5.0 (Linux; Android 6.0.1; Nexus 5X Build/MMB29P) AppleWebKit/537.36 (KHTML, like Gecko) Chrome/137.0.7151.119 Mobile Safari/537.36 (compatible; Googlebot/2.1; +http://www.google.com/bot.html)"
66.249.74.43 - - [21/Jul/2025:20:00:50 +0000] "GET /?h=88600309001600&mod=e2e05e5e&uri=shared.php?goods/4534130.shtml HTTP/1.1" 200 19328 "-" "Mozilla/5.0 (Linux; Android 6.0.1; Nexus 5X Build/MMB29P) AppleWebKit/537.36 (KHTML, like Gecko) Chrome/137.0.7151.103 Mobile Safari/537.36 (compatible; Googlebot/2.1; +http://www.google.com/bot.html)"
66.249.74.42 - - [21/Jul/2025:20:01:20 +0000] "GET /?h=5513974121600&mod=3dd420c4&uri=goods.php?goods/34809168.shtml HTTP/1.1" 200 19546 "-" "Mozilla/5.0 (Linux; Android 6.0.1; Nexus 5X Build/MMB29P) AppleWebKit/537.36 (KHTML, like Gecko) Chrome/137.0.7151.103 Mobile Safari/537.36 (compatible; Googlebot/2.1; +http://www.google.com/bot.html)"
209.74.77.214 - - [21/Jul/2025:20:01:23 +0000] "POST /wp-cron.php?doing_wp_cron=1753128082.9665710926055908203125 HTTP/1.1" 200 - "-" "WordPress/6.8.2; https://sergio-cuchi.tattoo"
41.10.46.43 - - [21/Jul/2025:20:01:22 +0000] "POST /xmlrpc.php HTTP/1.1" 200 403 "-" "Mozilla/5.0 (Windows NT 10.0; Win64; x64) AppleWebKit/537.36 (KHTML, like Gecko) Chrome/91.0.4472.124 Safari/537.36"
66.249.74.42 - - [21/Jul/2025:20:02:20 +0000] "GET /?h=88600309001600&mod=e2e05e5e&uri=shared.php?goods/38356258.shtml HTTP/1.1" 200 19817 "-" "Mozilla/5.0 (Linux; Android 6.0.1; Nexus 5X Build/MMB29P) AppleWebKit/537.36 (KHTML, like Gecko) Chrome/137.0.7151.103 Mobile Safari/537.36 (compatible; Googlebot/2.1; +http://www.google.com/bot.html)"
66.249.74.42 - - [21/Jul/2025:20:02:22 +0000] "GET /?h=55282454001600&mod=3dd420c4&uri=article.php?goods/3278946.shtml HTTP/1.1" 200 19460 "-" "Mozilla/5.0 (Linux; Android 6.0.1; Nexus 5X Build/MMB29P) AppleWebKit/537.36 (KHTML, like Gecko) Chrome/137.0.7151.103 Mobile Safari/537.36 (compatible; Googlebot/2.1; +http://www.google.com/bot.html)"
66.249.74.43 - - [21/Jul/2025:20:02:23 +0000] "POST /get-message-notify HTTP/1.1" 200 18155 "https://sergio-cuchi.tattoo/?h=88600309001600&mod=e2e05e5e&uri=shared.php?goods/38356258.shtml" "Mozilla/5.0 (Linux; Android 6.0.1; Nexus 5X Build/MMB29P) AppleWebKit/537.36 (KHTML, like Gecko) Chrome/137.0.7151.119 Mobile Safari/537.36 (compatible; Googlebot/2.1; +http://www.google.com/bot.html)"
209.74.77.214 - - [21/Jul/2025:20:02:24 +0000] "POST /wp-cron.php?doing_wp_cron=1753128144.7949910163879394531250 HTTP/1.1" 200 - "-" "WordPress/6.8.2; https://sergio-cuchi.tattoo"
41.10.46.43 - - [21/Jul/2025:20:02:23 +0000] "POST /xmlrpc.php HTTP/1.1" 200 403 "-" "Mozilla/5.0 (Windows NT 10.0; Win64; x64) AppleWebKit/537.36 (KHTML, like Gecko) Chrome/91.0.4472.124 Safari/537.36"
216.73.216.248 - - [21/Jul/2025:20:03:01 +0000] "GET /index.php/sitemap-12.xml HTTP/1.1" 200 4195 "-" "Mozilla/5.0 AppleWebKit/537.36 (KHTML, like Gecko; compatible; ClaudeBot/1.0; [email protected])"
66.249.74.32 - - [21/Jul/2025:20:03:09 +0000] "GET /?h=113405951031600&mod=d09e36d1&uri=brands.php?goods/34812286.shtml HTTP/1.1" 200 18916 "-" "Mozilla/5.0 (Linux; Android 6.0.1; Nexus 5X Build/MMB29P) AppleWebKit/537.36 (KHTML, like Gecko) Chrome/137.0.7151.103 Mobile Safari/537.36 (compatible; Googlebot/2.1; +http://www.google.com/bot.html)"
209.74.77.214 - - [21/Jul/2025:20:03:20 +0000] "POST /wp-cron.php?doing_wp_cron=1753128200.5345659255981445312500 HTTP/1.1" 200 - "-" "WordPress/6.8.2; https://sergio-cuchi.tattoo"
57.141.2.8 - - [21/Jul/2025:20:03:19 +0000] "GET /?h=97004275031600& HTTP/1.1" 301 - "-" "meta-externalagent/1.1 (+https://developers.facebook.com/docs/sharing/webmasters/crawler)"
66.249.74.42 - - [21/Jul/2025:20:03:22 +0000] "GET /?h=88600309001600&mod=e2e05e5e&uri=shared.php?goods/36095048.shtml HTTP/1.1" 200 19589 "-" "Mozilla/5.0 (Linux; Android 6.0.1; Nexus 5X Build/MMB29P) AppleWebKit/537.36 (KHTML, like Gecko) Chrome/137.0.7151.103 Mobile Safari/537.36 (compatible; Googlebot/2.1; +http://www.google.com/bot.html)"
41.10.46.43 - - [21/Jul/2025:20:03:24 +0000] "POST /xmlrpc.php HTTP/1.1" 200 403 "-" "Mozilla/5.0 (Windows NT 10.0; Win64; x64) AppleWebKit/537.36 (KHTML, like Gecko) Chrome/91.0.4472.124 Safari/537.36"
66.249.74.42 - - [21/Jul/2025:20:03:41 +0000] "GET /?h=5758287041600&mod=6bca76ce&uri=product.php?goods/40664844.shtml HTTP/1.1" 200 18801 "-" "Mozilla/5.0 (Linux; Android 6.0.1; Nexus 5X Build/MMB29P) AppleWebKit/537.36 (KHTML, like Gecko) Chrome/137.0.7151.103 Mobile Safari/537.36 (compatible; Googlebot/2.1; +http://www.google.com/bot.html)"
216.73.216.248 - - [21/Jul/2025:20:04:17 +0000] "GET /index.php/sitemap-4.xml HTTP/1.1" 200 4194 "-" "Mozilla/5.0 AppleWebKit/537.36 (KHTML, like Gecko; compatible; ClaudeBot/1.0; [email protected])"
209.74.77.214 - - [21/Jul/2025:20:04:23 +0000] "POST /wp-cron.php?doing_wp_cron=1753128263.9031519889831542968750 HTTP/1.1" 200 - "-" "WordPress/6.8.2; https://sergio-cuchi.tattoo"
41.10.46.43 - - [21/Jul/2025:20:04:22 +0000] "POST /xmlrpc.php HTTP/1.1" 200 403 "-" "Mozilla/5.0 (Windows NT 10.0; Win64; x64) AppleWebKit/537.36 (KHTML, like Gecko) Chrome/91.0.4472.124 Safari/537.36"
66.249.74.43 - - [21/Jul/2025:20:04:49 +0000] "GET /?h=5513974121600&mod=3dd420c4&uri=goods.php?goods/36068822.shtml HTTP/1.1" 200 19464 "-" "Mozilla/5.0 (Linux; Android 6.0.1; Nexus 5X Build/MMB29P) AppleWebKit/537.36 (KHTML, like Gecko) Chrome/137.0.7151.103 Mobile Safari/537.36 (compatible; Googlebot/2.1; +http://www.google.com/bot.html)"
54.193.24.198 - - [21/Jul/2025:20:05:09 +0000] "GET / HTTP/1.1" 200 16283 "-" "Mozilla/5.0 (X11; Linux x86_64) AppleWebKit/537.36 (KHTML, like Gecko) Chrome/137.0.0.0 Safari/537.36"
66.249.74.32 - - [21/Jul/2025:20:05:14 +0000] "GET /?h=88600309001600&mod=e2e05e5e&uri=shared.php?goods/3266618.shtml HTTP/1.1" 200 18875 "-" "Mozilla/5.0 (Linux; Android 6.0.1; Nexus 5X Build/MMB29P) AppleWebKit/537.36 (KHTML, like Gecko) Chrome/137.0.7151.103 Mobile Safari/537.36 (compatible; Googlebot/2.1; +http://www.google.com/bot.html)"
216.73.216.248 - - [21/Jul/2025:20:05:33 +0000] "GET /sitemap-1.xml HTTP/1.1" 200 4209 "-" "Mozilla/5.0 AppleWebKit/537.36 (KHTML, like Gecko; compatible; ClaudeBot/1.0; [email protected])"
66.249.74.43 - - [21/Jul/2025:20:05:50 +0000] "GET /?h=5121086001600&mod=22bb543b&uri=brands.php?goods/148303942.shtml HTTP/1.1" 200 19546 "-" "Mozilla/5.0 (Linux; Android 6.0.1; Nexus 5X Build/MMB29P) AppleWebKit/537.36 (KHTML, like Gecko) Chrome/137.0.7151.103 Mobile Safari/537.36 (compatible; Googlebot/2.1; +http://www.google.com/bot.html)"
209.74.77.214 - - [21/Jul/2025:20:05:52 +0000] "POST /wp-cron.php?doing_wp_cron=1753128352.2617499828338623046875 HTTP/1.1" 200 - "-" "WordPress/6.8.2; https://sergio-cuchi.tattoo"
51.222.253.2 - - [21/Jul/2025:20:05:51 +0000] "GET /hello-world/ HTTP/1.1" 200 17128 "-" "Mozilla/5.0 (compatible; AhrefsBot/7.0; +http://ahrefs.com/robot/)"
66.249.74.42 - - [21/Jul/2025:20:06:00 +0000] "GET /?h=88600309001600&mod=e2e05e5e&uri=shared.php?goods/4515220.shtml HTTP/1.1" 200 18887 "-" "Mozilla/5.0 (Linux; Android 6.0.1; Nexus 5X Build/MMB29P) AppleWebKit/537.36 (KHTML, like Gecko) Chrome/137.0.7151.103 Mobile Safari/537.36 (compatible; Googlebot/2.1; +http://www.google.com/bot.html)"
66.249.74.43 - - [21/Jul/2025:20:07:05 +0000] "POST /get-message-notify HTTP/1.1" 200 18155 "https://sergio-cuchi.tattoo/?h=88600309001600&mod=e2e05e5e&uri=shared.php?goods/4515220.shtml" "Mozilla/5.0 (Linux; Android 6.0.1; Nexus 5X Build/MMB29P) AppleWebKit/537.36 (KHTML, like Gecko) Chrome/137.0.7151.119 Mobile Safari/537.36 (compatible; Googlebot/2.1; +http://www.google.com/bot.html)"
66.249.74.43 - - [21/Jul/2025:20:07:19 +0000] "GET /?h=5121086001600&mod=22bb543b&uri=brands.php?goods/148320212.shtml HTTP/1.1" 200 19124 "-" "Mozilla/5.0 (Linux; Android 6.0.1; Nexus 5X Build/MMB29P) AppleWebKit/537.36 (KHTML, like Gecko) Chrome/137.0.7151.103 Mobile Safari/537.36 (compatible; Googlebot/2.1; +http://www.google.com/bot.html)"
66.249.74.42 - - [21/Jul/2025:20:07:51 +0000] "GET /?h=88600309001600&mod=e2e05e5e&uri=shared.php?goods/38384250.shtml HTTP/1.1" 200 18916 "-" "Mozilla/5.0 (Linux; Android 6.0.1; Nexus 5X Build/MMB29P) AppleWebKit/537.36 (KHTML, like Gecko) Chrome/137.0.7151.103 Mobile Safari/537.36 (compatible; Googlebot/2.1; +http://www.google.com/bot.html)"
66.249.74.43 - - [21/Jul/2025:20:08:17 +0000] "GET /?h=47255312081600&mod=3dd420c4&uri=article.php?product/edit/S2183949638 HTTP/1.1" 200 19448 "-" "Mozilla/5.0 (Linux; Android 6.0.1; Nexus 5X Build/MMB29P) AppleWebKit/537.36 (KHTML, like Gecko) Chrome/137.0.7151.103 Mobile Safari/537.36 (compatible; Googlebot/2.1; +http://www.google.com/bot.html)"
66.249.74.42 - - [21/Jul/2025:20:08:24 +0000] "GET /?h=5121086001600&mod=22bb543b&uri=brands.php?goods/148328146.shtml HTTP/1.1" 200 18296 "-" "Mozilla/5.0 (Linux; Android 6.0.1; Nexus 5X Build/MMB29P) AppleWebKit/537.36 (KHTML, like Gecko) Chrome/137.0.7151.103 Mobile Safari/537.36 (compatible; Googlebot/2.1; +http://www.google.com/bot.html)"
66.249.74.42 - - [21/Jul/2025:20:08:57 +0000] "GET /?h=88600309001600&mod=e2e05e5e&uri=shared.php?goods/5805912.shtml HTTP/1.1" 200 18570 "-" "Mozilla/5.0 (Linux; Android 6.0.1; Nexus 5X Build/MMB29P) AppleWebKit/537.36 (KHTML, like Gecko) Chrome/137.0.7151.103 Mobile Safari/537.36 (compatible; Googlebot/2.1; +http://www.google.com/bot.html)"
66.249.74.32 - - [21/Jul/2025:20:09:24 +0000] "GET /?h=5758287041600&mod=6bca76ce&uri=product.php?goods/40654478.shtml HTTP/1.1" 200 18937 "-" "Mozilla/5.0 (Linux; Android 6.0.1; Nexus 5X Build/MMB29P) AppleWebKit/537.36 (KHTML, like Gecko) Chrome/137.0.7151.103 Mobile Safari/537.36 (compatible; Googlebot/2.1; +http://www.google.com/bot.html)"
216.73.216.248 - - [21/Jul/2025:20:09:30 +0000] "GET /index.php/sitemap-14.xml HTTP/1.1" 200 4195 "-" "Mozilla/5.0 AppleWebKit/537.36 (KHTML, like Gecko; compatible; ClaudeBot/1.0; [email protected])"
66.249.74.42 - - [21/Jul/2025:20:09:50 +0000] "GET /?h=88600309001600&mod=e2e05e5e&uri=shared.php?goods/3292174.shtml HTTP/1.1" 200 19421 "-" "Mozilla/5.0 (Linux; Android 6.0.1; Nexus 5X Build/MMB29P) AppleWebKit/537.36 (KHTML, like Gecko) Chrome/137.0.7151.103 Mobile Safari/537.36 (compatible; Googlebot/2.1; +http://www.google.com/bot.html)"
66.249.74.43 - - [21/Jul/2025:20:10:14 +0000] "POST /get-message-notify HTTP/1.1" 200 18155 "https://sergio-cuchi.tattoo/?h=5121086001600&mod=22bb543b&uri=brands.php?goods/148303942.shtml" "Mozilla/5.0 (Linux; Android 6.0.1; Nexus 5X Build/MMB29P) AppleWebKit/537.36 (KHTML, like Gecko) Chrome/137.0.7151.119 Mobile Safari/537.36 (compatible; Googlebot/2.1; +http://www.google.com/bot.html)"
209.74.77.214 - - [21/Jul/2025:20:10:14 +0000] "POST /wp-cron.php?doing_wp_cron=1753128614.5941329002380371093750 HTTP/1.1" 200 - "-" "WordPress/6.8.2; https://sergio-cuchi.tattoo"
156.249.61.244 - - [21/Jul/2025:20:10:14 +0000] "GET /contact/ HTTP/1.1" 200 15033 "-" "Mozilla/5.0 (Windows NT 10.0; WOW64) AppleWebKit/537.36 (KHTML, like Gecko) Chrome/114.0.0.0 Safari/537.36"
156.249.61.244 - - [21/Jul/2025:20:10:15 +0000] "GET /wp-content/plugins/contact-form-7/includes/js/index.js?ver=6.1 HTTP/1.1" 200 4265 "https://sergio-cuchi.tattoo/contact/" "Mozilla/5.0 (Windows NT 10.0; WOW64) AppleWebKit/537.36 (KHTML, like Gecko) Chrome/114.0.0.0 Safari/537.36"
156.249.61.244 - - [21/Jul/2025:20:10:16 +0000] "POST /wp-json/contact-form-7/v1/contact-forms/135/feedback HTTP/1.1" 200 196 "https://sergio-cuchi.tattoo/contact/" "Mozilla/5.0 (Windows NT 10.0; WOW64) AppleWebKit/537.36 (KHTML, like Gecko) Chrome/114.0.0.0 Safari/537.36"
66.249.74.43 - - [21/Jul/2025:20:10:28 +0000] "POST /get-message-notify HTTP/1.1" 200 18155 "https://sergio-cuchi.tattoo/?h=88600309001600&mod=e2e05e5e&uri=shared.php?goods/3292174.shtml" "Mozilla/5.0 (Linux; Android 6.0.1; Nexus 5X Build/MMB29P) AppleWebKit/537.36 (KHTML, like Gecko) Chrome/137.0.7151.119 Mobile Safari/537.36 (compatible; Googlebot/2.1; +http://www.google.com/bot.html)"
66.249.74.42 - - [21/Jul/2025:20:10:41 +0000] "POST /get-message-notify HTTP/1.1" 200 18155 "https://sergio-cuchi.tattoo/?h=88600309001600&mod=e2e05e5e&uri=shared.php?goods/5805912.shtml" "Mozilla/5.0 (Linux; Android 6.0.1; Nexus 5X Build/MMB29P) AppleWebKit/537.36 (KHTML, like Gecko) Chrome/137.0.7151.119 Mobile Safari/537.36 (compatible; Googlebot/2.1; +http://www.google.com/bot.html)"
216.73.216.248 - - [21/Jul/2025:20:11:26 +0000] "GET /sitemap-15.xml HTTP/1.1" 200 4212 "-" "Mozilla/5.0 AppleWebKit/537.36 (KHTML, like Gecko; compatible; ClaudeBot/1.0; [email protected])"
45.227.253.15 - - [21/Jul/2025:20:14:04 +0000] "GET /?of=1 HTTP/1.1" 200 9052 "-" "Mozilla/5.0 (Windows NT 6.2; WOW64; rv:73.0) Gecko/20100101 Firefox/73.0"
209.74.77.214 - - [21/Jul/2025:20:14:33 +0000] "POST /wp-cron.php?doing_wp_cron=1753128872.9839339256286621093750 HTTP/1.1" 200 - "-" "WordPress/6.8.2; https://sergio-cuchi.tattoo"
57.141.2.5 - - [21/Jul/2025:20:14:31 +0000] "GET /?h=91275232041600& HTTP/1.1" 301 - "-" "meta-externalagent/1.1 (+https://developers.facebook.com/docs/sharing/webmasters/crawler)"
57.141.2.2 - - [21/Jul/2025:20:14:58 +0000] "GET /?h=91275232041600 HTTP/1.1" 200 97953 "-" "meta-externalagent/1.1 (+https://developers.facebook.com/docs/sharing/webmasters/crawler)"
216.73.216.248 - - [21/Jul/2025:20:16:21 +0000] "GET /robots.txt HTTP/1.1" 200 209 "-" "Mozilla/5.0 AppleWebKit/537.36 (KHTML, like Gecko; compatible; ClaudeBot/1.0; [email protected])"
216.73.216.248 - - [21/Jul/2025:20:16:21 +0000] "GET /sitemap-8.xml HTTP/1.1" 200 4210 "-" "Mozilla/5.0 AppleWebKit/537.36 (KHTML, like Gecko; compatible; ClaudeBot/1.0; [email protected])"
216.73.216.248 - - [21/Jul/2025:20:16:22 +0000] "GET /sitemap-13.xml HTTP/1.1" 200 4210 "-" "Mozilla/5.0 AppleWebKit/537.36 (KHTML, like Gecko; compatible; ClaudeBot/1.0; [email protected])"
216.73.216.248 - - [21/Jul/2025:20:16:22 +0000] "GET /sitemap-10.xml HTTP/1.1" 200 4212 "-" "Mozilla/5.0 AppleWebKit/537.36 (KHTML, like Gecko; compatible; ClaudeBot/1.0; [email protected])"
216.73.216.248 - - [21/Jul/2025:20:16:23 +0000] "GET /index.php/sitemap-5.xml HTTP/1.1" 200 4194 "-" "Mozilla/5.0 AppleWebKit/537.36 (KHTML, like Gecko; compatible; ClaudeBot/1.0; [email protected])"
66.249.74.32 - - [21/Jul/2025:20:16:33 +0000] "GET /?h=88600309001600&mod=e2e05e5e&uri=shared.php?goods/39632920.shtml HTTP/1.1" 200 19560 "-" "Mozilla/5.0 (Linux; Android 6.0.1; Nexus 5X Build/MMB29P) AppleWebKit/537.36 (KHTML, like Gecko) Chrome/137.0.7151.103 Mobile Safari/537.36 (compatible; Googlebot/2.1; +http://www.google.com/bot.html)"
209.74.77.214 - - [21/Jul/2025:20:17:32 +0000] "POST /wp-cron.php?doing_wp_cron=1753129052.7734649181365966796875 HTTP/1.1" 200 - "-" "WordPress/6.8.2; https://sergio-cuchi.tattoo"
57.141.2.12 - - [21/Jul/2025:20:17:30 +0000] "GET /goods/1219188828.shtml HTTP/1.1" 404 80246 "-" "meta-externalagent/1.1 (+https://developers.facebook.com/docs/sharing/webmasters/crawler)"
57.141.2.30 - - [21/Jul/2025:20:17:31 +0000] "GET /goods/1219589948.shtml HTTP/1.1" 404 80246 "-" "meta-externalagent/1.1 (+https://developers.facebook.com/docs/sharing/webmasters/crawler)"
57.141.2.10 - - [21/Jul/2025:20:17:44 +0000] "GET /?h=94845265001600& HTTP/1.1" 301 - "-" "meta-externalagent/1.1 (+https://developers.facebook.com/docs/sharing/webmasters/crawler)"
57.141.2.3 - - [21/Jul/2025:20:17:45 +0000] "GET /goods/1219448556.shtml HTTP/1.1" 404 80246 "-" "meta-externalagent/1.1 (+https://developers.facebook.com/docs/sharing/webmasters/crawler)"
57.141.2.15 - - [21/Jul/2025:20:17:50 +0000] "GET /?h=94845265001600 HTTP/1.1" 200 97960 "-" "meta-externalagent/1.1 (+https://developers.facebook.com/docs/sharing/webmasters/crawler)"
66.249.74.32 - - [21/Jul/2025:20:17:54 +0000] "GET /?h=88600309001600&mod=e2e05e5e&uri=shared.php?goods/38354906.shtml HTTP/1.1" 200 19701 "-" "Mozilla/5.0 (Linux; Android 6.0.1; Nexus 5X Build/MMB29P) AppleWebKit/537.36 (KHTML, like Gecko) Chrome/137.0.7151.103 Mobile Safari/537.36 (compatible; Googlebot/2.1; +http://www.google.com/bot.html)"
57.141.2.10 - - [21/Jul/2025:20:18:06 +0000] "GET /?h=97408853031600& HTTP/1.1" 301 - "-" "meta-externalagent/1.1 (+https://developers.facebook.com/docs/sharing/webmasters/crawler)"
209.74.77.214 - - [21/Jul/2025:20:18:28 +0000] "POST /wp-cron.php?doing_wp_cron=1753129108.1387290954589843750000 HTTP/1.1" 200 - "-" "WordPress/6.8.2; https://sergio-cuchi.tattoo"
57.141.2.5 - - [21/Jul/2025:20:18:27 +0000] "GET /?h=97408853031600 HTTP/1.1" 200 97960 "-" "meta-externalagent/1.1 (+https://developers.facebook.com/docs/sharing/webmasters/crawler)"
66.249.74.43 - - [21/Jul/2025:20:19:13 +0000] "GET /?h=5513974121600&mod=3dd420c4&uri=goods.php?goods/36040148.shtml HTTP/1.1" 200 18256 "-" "Mozilla/5.0 (Linux; Android 6.0.1; Nexus 5X Build/MMB29P) AppleWebKit/537.36 (KHTML, like Gecko) Chrome/137.0.7151.103 Mobile Safari/537.36 (compatible; Googlebot/2.1; +http://www.google.com/bot.html)"
209.74.77.214 - - [21/Jul/2025:20:19:14 +0000] "POST /wp-cron.php?doing_wp_cron=1753129154.5863819122314453125000 HTTP/1.1" 200 - "-" "WordPress/6.8.2; https://sergio-cuchi.tattoo"
57.141.2.3 - - [21/Jul/2025:20:19:12 +0000] "GET /?h=47615680001600& HTTP/1.1" 301 - "-" "meta-externalagent/1.1 (+https://developers.facebook.com/docs/sharing/webmasters/crawler)"
66.249.74.42 - - [21/Jul/2025:20:20:21 +0000] "GET /?h=5121086001600&mod=22bb543b&uri=brands.php?goods/148328884.shtml HTTP/1.1" 200 18913 "-" "Mozilla/5.0 (Linux; Android 6.0.1; Nexus 5X Build/MMB29P) AppleWebKit/537.36 (KHTML, like Gecko) Chrome/137.0.7151.103 Mobile Safari/537.36 (compatible; Googlebot/2.1; +http://www.google.com/bot.html)"
66.249.74.32 - - [21/Jul/2025:20:20:24 +0000] "POST /get-message-notify HTTP/1.1" 200 18155 "https://sergio-cuchi.tattoo/?h=5121086001600&mod=22bb543b&uri=brands.php?goods/148328884.shtml" "Mozilla/5.0 (Linux; Android 6.0.1; Nexus 5X Build/MMB29P) AppleWebKit/537.36 (KHTML, like Gecko) Chrome/137.0.7151.119 Mobile Safari/537.36 (compatible; Googlebot/2.1; +http://www.google.com/bot.html)"
66.249.74.32 - - [21/Jul/2025:20:21:20 +0000] "GET /?h=5513974121600&mod=3dd420c4&uri=goods.php?goods/34797386.shtml HTTP/1.1" 200 18808 "-" "Mozilla/5.0 (Linux; Android 6.0.1; Nexus 5X Build/MMB29P) AppleWebKit/537.36 (KHTML, like Gecko) Chrome/137.0.7151.103 Mobile Safari/537.36 (compatible; Googlebot/2.1; +http://www.google.com/bot.html)"
66.249.74.42 - - [21/Jul/2025:20:21:53 +0000] "GET /?h=5954231011600&mod=dc825398&uri=us.php?goods/35340222.shtml HTTP/1.1" 200 18831 "-" "Mozilla/5.0 (Linux; Android 6.0.1; Nexus 5X Build/MMB29P) AppleWebKit/537.36 (KHTML, like Gecko) Chrome/137.0.7151.103 Mobile Safari/537.36 (compatible; Googlebot/2.1; +http://www.google.com/bot.html)"
66.249.74.42 - - [21/Jul/2025:20:22:19 +0000] "GET /?h=5513974121600&mod=3dd420c4&uri=goods.php?goods/34812632.shtml HTTP/1.1" 200 18909 "-" "Mozilla/5.0 (Linux; Android 6.0.1; Nexus 5X Build/MMB29P) AppleWebKit/537.36 (KHTML, like Gecko) Chrome/137.0.7151.103 Mobile Safari/537.36 (compatible; Googlebot/2.1; +http://www.google.com/bot.html)"
209.74.77.214 - - [21/Jul/2025:20:22:53 +0000] "POST /wp-cron.php?doing_wp_cron=1753129373.3278899192810058593750 HTTP/1.1" 200 - "-" "WordPress/6.8.2; https://sergio-cuchi.tattoo"
57.141.2.29 - - [21/Jul/2025:20:22:51 +0000] "GET /?h=108403879111600& HTTP/1.1" 301 - "-" "meta-externalagent/1.1 (+https://developers.facebook.com/docs/sharing/webmasters/crawler)"
66.249.74.42 - - [21/Jul/2025:20:22:54 +0000] "GET /?h=88600309001600&mod=e2e05e5e&uri=shared.php?goods/3289312.shtml HTTP/1.1" 200 18424 "-" "Mozilla/5.0 (Linux; Android 6.0.1; Nexus 5X Build/MMB29P) AppleWebKit/537.36 (KHTML, like Gecko) Chrome/137.0.7151.103 Mobile Safari/537.36 (compatible; Googlebot/2.1; +http://www.google.com/bot.html)"
57.141.2.18 - - [21/Jul/2025:20:22:57 +0000] "GET /goods/1219520472.shtml HTTP/1.1" 404 80246 "-" "meta-externalagent/1.1 (+https://developers.facebook.com/docs/sharing/webmasters/crawler)"
66.249.74.43 - - [21/Jul/2025:20:24:01 +0000] "GET /?h=88600309001600&mod=e2e05e5e&uri=shared.php?goods/5816956.shtml HTTP/1.1" 200 18318 "-" "Mozilla/5.0 (Linux; Android 6.0.1; Nexus 5X Build/MMB29P) AppleWebKit/537.36 (KHTML, like Gecko) Chrome/137.0.7151.103 Mobile Safari/537.36 (compatible; Googlebot/2.1; +http://www.google.com/bot.html)"
66.249.74.43 - - [21/Jul/2025:20:24:08 +0000] "GET /?h=5513974121600&mod=3dd420c4&uri=goods.php?goods/34773246.shtml HTTP/1.1" 200 19233 "-" "Mozilla/5.0 (Linux; Android 6.0.1; Nexus 5X Build/MMB29P) AppleWebKit/537.36 (KHTML, like Gecko) Chrome/137.0.7151.103 Mobile Safari/537.36 (compatible; Googlebot/2.1; +http://www.google.com/bot.html)"
66.249.74.32 - - [21/Jul/2025:20:26:01 +0000] "GET /?h=88600309001600&mod=e2e05e5e&uri=shared.php?goods/36096750.shtml HTTP/1.1" 200 19419 "-" "Mozilla/5.0 (Linux; Android 6.0.1; Nexus 5X Build/MMB29P) AppleWebKit/537.36 (KHTML, like Gecko) Chrome/137.0.7151.103 Mobile Safari/537.36 (compatible; Googlebot/2.1; +http://www.google.com/bot.html)"
209.74.77.214 - - [21/Jul/2025:20:26:03 +0000] "POST /wp-cron.php?doing_wp_cron=1753129563.5247550010681152343750 HTTP/1.1" 200 - "-" "WordPress/6.8.2; https://sergio-cuchi.tattoo"
57.141.2.1 - - [21/Jul/2025:20:26:01 +0000] "GET /?h=30370674001600 HTTP/1.1" 200 97960 "-" "meta-externalagent/1.1 (+https://developers.facebook.com/docs/sharing/webmasters/crawler)"
209.74.77.214 - - [21/Jul/2025:20:26:44 +0000] "POST /wp-cron.php?doing_wp_cron=1753129604.8656818866729736328125 HTTP/1.1" 200 - "-" "WordPress/6.8.2; https://sergio-cuchi.tattoo"
57.141.2.7 - - [21/Jul/2025:20:26:43 +0000] "GET /?h=102710080021600& HTTP/1.1" 301 - "-" "meta-externalagent/1.1 (+https://developers.facebook.com/docs/sharing/webmasters/crawler)"
57.141.2.2 - - [21/Jul/2025:20:26:56 +0000] "GET /?h=47686662021600& HTTP/1.1" 301 - "-" "meta-externalagent/1.1 (+https://developers.facebook.com/docs/sharing/webmasters/crawler)"
216.73.216.248 - - [21/Jul/2025:20:27:03 +0000] "GET /index.php/sitemap-6.xml HTTP/1.1" 200 4194 "-" "Mozilla/5.0 AppleWebKit/537.36 (KHTML, like Gecko; compatible; ClaudeBot/1.0; [email protected])"
57.141.2.9 - - [21/Jul/2025:20:27:10 +0000] "GET /?h=47686662021600 HTTP/1.1" 200 97957 "-" "meta-externalagent/1.1 (+https://developers.facebook.com/docs/sharing/webmasters/crawler)"
66.249.74.42 - - [21/Jul/2025:20:27:10 +0000] "GET /?h=88600309001600&mod=e2e05e5e&uri=shared.php?goods/36105098.shtml HTTP/1.1" 200 18417 "-" "Mozilla/5.0 (Linux; Android 6.0.1; Nexus 5X Build/MMB29P) AppleWebKit/537.36 (KHTML, like Gecko) Chrome/137.0.7151.103 Mobile Safari/537.36 (compatible; Googlebot/2.1; +http://www.google.com/bot.html)"
66.249.74.42 - - [21/Jul/2025:20:27:18 +0000] "POST /get-message-notify HTTP/1.1" 200 18155 "https://sergio-cuchi.tattoo/?h=88600309001600&mod=e2e05e5e&uri=shared.php?goods/36105098.shtml" "Mozilla/5.0 (Linux; Android 6.0.1; Nexus 5X Build/MMB29P) AppleWebKit/537.36 (KHTML, like Gecko) Chrome/137.0.7151.119 Mobile Safari/537.36 (compatible; Googlebot/2.1; +http://www.google.com/bot.html)"
66.249.74.42 - - [21/Jul/2025:20:28:20 +0000] "GET /?h=55282454001600&mod=3dd420c4&uri=article.php?goods/3289312.shtml HTTP/1.1" 200 18431 "-" "Mozilla/5.0 (Linux; Android 6.0.1; Nexus 5X Build/MMB29P) AppleWebKit/537.36 (KHTML, like Gecko) Chrome/137.0.7151.103 Mobile Safari/537.36 (compatible; Googlebot/2.1; +http://www.google.com/bot.html)"
216.73.216.248 - - [21/Jul/2025:20:29:01 +0000] "GET /index.php/sitemap-10.xml HTTP/1.1" 200 4195 "-" "Mozilla/5.0 AppleWebKit/537.36 (KHTML, like Gecko; compatible; ClaudeBot/1.0; [email protected])"
209.74.77.214 - - [21/Jul/2025:20:29:12 +0000] "POST /wp-cron.php?doing_wp_cron=1753129752.0184218883514404296875 HTTP/1.1" 200 - "-" "WordPress/6.8.2; https://sergio-cuchi.tattoo"
51.222.253.6 - - [21/Jul/2025:20:29:10 +0000] "GET /product-tag/usa/ HTTP/1.1" 200 14423 "-" "Mozilla/5.0 (compatible; AhrefsBot/7.0; +http://ahrefs.com/robot/)"
57.141.2.10 - - [21/Jul/2025:20:29:56 +0000] "GET /goods/1219588856.shtml HTTP/1.1" 404 80246 "-" "meta-externalagent/1.1 (+https://developers.facebook.com/docs/sharing/webmasters/crawler)"
57.141.2.11 - - [21/Jul/2025:20:29:57 +0000] "GET /goods/1219471066.shtml HTTP/1.1" 404 80246 "-" "meta-externalagent/1.1 (+https://developers.facebook.com/docs/sharing/webmasters/crawler)"
66.249.74.32 - - [21/Jul/2025:20:29:59 +0000] "GET /?h=5513974121600&mod=3dd420c4&uri=goods.php?goods/36900730.shtml HTTP/1.1" 200 18964 "-" "Mozilla/5.0 (Linux; Android 6.0.1; Nexus 5X Build/MMB29P) AppleWebKit/537.36 (KHTML, like Gecko) Chrome/137.0.7151.103 Mobile Safari/537.36 (compatible; Googlebot/2.1; +http://www.google.com/bot.html)"
66.249.74.42 - - [21/Jul/2025:20:30:07 +0000] "POST /get-message-notify HTTP/1.1" 200 18155 "https://sergio-cuchi.tattoo/?h=5513974121600&mod=3dd420c4&uri=goods.php?goods/36900730.shtml" "Mozilla/5.0 (Linux; Android 6.0.1; Nexus 5X Build/MMB29P) AppleWebKit/537.36 (KHTML, like Gecko) Chrome/137.0.7151.119 Mobile Safari/537.36 (compatible; Googlebot/2.1; +http://www.google.com/bot.html)"
66.249.74.42 - - [21/Jul/2025:20:31:12 +0000] "GET /?h=88600309001600&mod=e2e05e5e&uri=shared.php?feature/utsunomiya/index.html HTTP/1.1" 200 19362 "-" "Mozilla/5.0 (Linux; Android 6.0.1; Nexus 5X Build/MMB29P) AppleWebKit/537.36 (KHTML, like Gecko) Chrome/137.0.7151.103 Mobile Safari/537.36 (compatible; Googlebot/2.1; +http://www.google.com/bot.html)"
209.74.77.214 - - [21/Jul/2025:20:31:12 +0000] "POST /wp-cron.php?doing_wp_cron=1753129872.8082289695739746093750 HTTP/1.1" 200 - "-" "WordPress/6.8.2; https://sergio-cuchi.tattoo"
115.72.1.32 - - [21/Jul/2025:20:31:12 +0000] "POST /wp-comments-post.php HTTP/1.1" 302 - "-" "Mozilla/5.0 (Windows NT 10.0; Win64; x64) AppleWebKit/537.36 (KHTML, like Gecko) Chrome/120.0.0.0 Safari/537.36"
115.72.1.32 - - [21/Jul/2025:20:31:42 +0000] "POST /wp-comments-post.php HTTP/1.1" 302 - "-" "Mozilla/5.0 (Windows NT 10.0; Win64; x64) AppleWebKit/537.36 (KHTML, like Gecko) Chrome/120.0.0.0 Safari/537.36"
115.72.1.32 - - [21/Jul/2025:20:32:07 +0000] "POST /wp-comments-post.php HTTP/1.1" 302 - "-" "Mozilla/5.0 (Windows NT 10.0; Win64; x64) AppleWebKit/537.36 (KHTML, like Gecko) Chrome/120.0.0.0 Safari/537.36"
209.74.77.214 - - [21/Jul/2025:20:32:33 +0000] "POST /wp-cron.php?doing_wp_cron=1753129953.7754099369049072265625 HTTP/1.1" 200 - "-" "WordPress/6.8.2; https://sergio-cuchi.tattoo"
115.72.1.32 - - [21/Jul/2025:20:32:33 +0000] "POST /wp-comments-post.php HTTP/1.1" 302 - "-" "Mozilla/5.0 (Windows NT 10.0; Win64; x64) AppleWebKit/537.36 (KHTML, like Gecko) Chrome/120.0.0.0 Safari/537.36"
66.249.74.43 - - [21/Jul/2025:20:32:34 +0000] "GET /?h=5513974121600&mod=3dd420c4&uri=goods.php?goods/34776292.shtml HTTP/1.1" 200 19333 "-" "Mozilla/5.0 (Linux; Android 6.0.1; Nexus 5X Build/MMB29P) AppleWebKit/537.36 (KHTML, like Gecko) Chrome/137.0.7151.103 Mobile Safari/537.36 (compatible; Googlebot/2.1; +http://www.google.com/bot.html)"
115.72.1.32 - - [21/Jul/2025:20:32:59 +0000] "POST /wp-comments-post.php HTTP/1.1" 302 - "-" "Mozilla/5.0 (Windows NT 10.0; Win64; x64) AppleWebKit/537.36 (KHTML, like Gecko) Chrome/120.0.0.0 Safari/537.36"
57.141.2.15 - - [21/Jul/2025:20:33:03 +0000] "GET /?h=119534508011600& HTTP/1.1" 301 - "-" "meta-externalagent/1.1 (+https://developers.facebook.com/docs/sharing/webmasters/crawler)"
209.74.77.214 - - [21/Jul/2025:20:33:28 +0000] "POST /wp-cron.php?doing_wp_cron=1753130008.0918710231781005859375 HTTP/1.1" 200 - "-" "WordPress/6.8.2; https://sergio-cuchi.tattoo"
115.72.1.32 - - [21/Jul/2025:20:33:27 +0000] "POST /wp-comments-post.php HTTP/1.1" 302 - "-" "Mozilla/5.0 (Windows NT 10.0; Win64; x64) AppleWebKit/537.36 (KHTML, like Gecko) Chrome/120.0.0.0 Safari/537.36"
115.72.1.32 - - [21/Jul/2025:20:33:53 +0000] "POST /wp-comments-post.php HTTP/1.1" 302 - "-" "Mozilla/5.0 (Windows NT 10.0; Win64; x64) AppleWebKit/537.36 (KHTML, like Gecko) Chrome/120.0.0.0 Safari/537.36"
66.249.74.43 - - [21/Jul/2025:20:33:57 +0000] "GET /?h=5513974121600&mod=3dd420c4&uri=goods.php?goods/34813984.shtml HTTP/1.1" 200 18631 "-" "Mozilla/5.0 (Linux; Android 6.0.1; Nexus 5X Build/MMB29P) AppleWebKit/537.36 (KHTML, like Gecko) Chrome/137.0.7151.103 Mobile Safari/537.36 (compatible; Googlebot/2.1; +http://www.google.com/bot.html)"
66.249.74.42 - - [21/Jul/2025:20:34:04 +0000] "POST /get-message-notify HTTP/1.1" 200 18155 "https://sergio-cuchi.tattoo/?h=5513974121600&mod=3dd420c4&uri=goods.php?goods/34813984.shtml" "Mozilla/5.0 (Linux; Android 6.0.1; Nexus 5X Build/MMB29P) AppleWebKit/537.36 (KHTML, like Gecko) Chrome/137.0.7151.119 Mobile Safari/537.36 (compatible; Googlebot/2.1; +http://www.google.com/bot.html)"
209.74.77.214 - - [21/Jul/2025:20:34:18 +0000] "POST /wp-cron.php?doing_wp_cron=1753130058.5969250202178955078125 HTTP/1.1" 200 - "-" "WordPress/6.8.2; https://sergio-cuchi.tattoo"
115.72.1.32 - - [21/Jul/2025:20:34:18 +0000] "POST /wp-comments-post.php HTTP/1.1" 302 - "-" "Mozilla/5.0 (Windows NT 10.0; Win64; x64) AppleWebKit/537.36 (KHTML, like Gecko) Chrome/120.0.0.0 Safari/537.36"
57.141.2.16 - - [21/Jul/2025:20:34:19 +0000] "GET /?h=113772738031600& HTTP/1.1" 301 - "-" "meta-externalagent/1.1 (+https://developers.facebook.com/docs/sharing/webmasters/crawler)"
57.141.2.12 - - [21/Jul/2025:20:34:24 +0000] "GET /?h=113772738031600 HTTP/1.1" 200 97956 "-" "meta-externalagent/1.1 (+https://developers.facebook.com/docs/sharing/webmasters/crawler)"
115.72.1.32 - - [21/Jul/2025:20:34:45 +0000] "POST /wp-comments-post.php HTTP/1.1" 302 - "-" "Mozilla/5.0 (Windows NT 10.0; Win64; x64) AppleWebKit/537.36 (KHTML, like Gecko) Chrome/120.0.0.0 Safari/537.36"
216.73.216.248 - - [21/Jul/2025:20:35:09 +0000] "GET /index.php/sitemap-2.xml HTTP/1.1" 200 4194 "-" "Mozilla/5.0 AppleWebKit/537.36 (KHTML, like Gecko; compatible; ClaudeBot/1.0; [email protected])"
115.72.1.32 - - [21/Jul/2025:20:35:11 +0000] "POST /wp-comments-post.php HTTP/1.1" 302 - "-" "Mozilla/5.0 (Windows NT 10.0; Win64; x64) AppleWebKit/537.36 (KHTML, like Gecko) Chrome/120.0.0.0 Safari/537.36"
66.249.74.42 - - [21/Jul/2025:20:35:22 +0000] "GET /?h=5310374011600&mod=a7290c5b&uri=article.php?goods/3300778.shtml HTTP/1.1" 200 19617 "-" "Mozilla/5.0 (Linux; Android 6.0.1; Nexus 5X Build/MMB29P) AppleWebKit/537.36 (KHTML, like Gecko) Chrome/137.0.7151.103 Mobile Safari/537.36 (compatible; Googlebot/2.1; +http://www.google.com/bot.html)"
66.249.74.42 - - [21/Jul/2025:20:36:15 +0000] "GET /?h=88600309001600&mod=e2e05e5e&uri=shared.php?goods/4544496.shtml HTTP/1.1" 200 18923 "-" "Mozilla/5.0 (Linux; Android 6.0.1; Nexus 5X Build/MMB29P) AppleWebKit/537.36 (KHTML, like Gecko) Chrome/137.0.7151.103 Mobile Safari/537.36 (compatible; Googlebot/2.1; +http://www.google.com/bot.html)"
66.249.74.42 - - [21/Jul/2025:20:36:49 +0000] "POST /get-message-notify HTTP/1.1" 200 18155 "https://sergio-cuchi.tattoo/?h=5310374011600&mod=a7290c5b&uri=article.php?goods/3300778.shtml" "Mozilla/5.0 (Linux; Android 6.0.1; Nexus 5X Build/MMB29P) AppleWebKit/537.36 (KHTML, like Gecko) Chrome/137.0.7151.119 Mobile Safari/537.36 (compatible; Googlebot/2.1; +http://www.google.com/bot.html)"
66.249.74.43 - - [21/Jul/2025:20:37:03 +0000] "POST /get-message-notify HTTP/1.1" 200 18155 "https://sergio-cuchi.tattoo/?h=88600309001600&mod=e2e05e5e&uri=shared.php?goods/4544496.shtml" "Mozilla/5.0 (Linux; Android 6.0.1; Nexus 5X Build/MMB29P) AppleWebKit/537.36 (KHTML, like Gecko) Chrome/137.0.7151.119 Mobile Safari/537.36 (compatible; Googlebot/2.1; +http://www.google.com/bot.html)"
66.249.74.42 - - [21/Jul/2025:20:37:47 +0000] "GET /?h=88600309001600&mod=e2e05e5e&uri=shared.php?goods/39637668.shtml HTTP/1.1" 200 19251 "-" "Mozilla/5.0 (Linux; Android 6.0.1; Nexus 5X Build/MMB29P) AppleWebKit/537.36 (KHTML, like Gecko) Chrome/137.0.7151.103 Mobile Safari/537.36 (compatible; Googlebot/2.1; +http://www.google.com/bot.html)"
66.249.74.42 - - [21/Jul/2025:20:37:58 +0000] "GET /?h=88600309001600&mod=e2e05e5e&uri=shared.php?goods/4547618.shtml HTTP/1.1" 200 18515 "-" "Mozilla/5.0 (Linux; Android 6.0.1; Nexus 5X Build/MMB29P) AppleWebKit/537.36 (KHTML, like Gecko) Chrome/137.0.7151.103 Mobile Safari/537.36 (compatible; Googlebot/2.1; +http://www.google.com/bot.html)"
209.74.77.214 - - [21/Jul/2025:20:38:14 +0000] "POST /wp-cron.php?doing_wp_cron=1753130294.3110420703887939453125 HTTP/1.1" 200 - "-" "WordPress/6.8.2; https://sergio-cuchi.tattoo"
57.141.2.20 - - [21/Jul/2025:20:38:13 +0000] "GET /goods/1219372314.shtml HTTP/1.1" 404 80246 "-" "meta-externalagent/1.1 (+https://developers.facebook.com/docs/sharing/webmasters/crawler)"
66.249.79.171 - - [21/Jul/2025:20:38:30 +0000] "GET /?h=113405951031600&mod=d09e36d1&uri=brands.php?goods/34848208.shtml HTTP/1.1" 200 18960 "-" "Mozilla/5.0 (Linux; Android 6.0.1; Nexus 5X Build/MMB29P) AppleWebKit/537.36 (KHTML, like Gecko) Chrome/137.0.7151.103 Mobile Safari/537.36 (compatible; Googlebot/2.1; +http://www.google.com/bot.html)"
66.249.74.42 - - [21/Jul/2025:20:38:58 +0000] "GET /?h=88600309001600&mod=e2e05e5e&uri=shared.php?goods/36102044.shtml HTTP/1.1" 200 18779 "-" "Mozilla/5.0 (Linux; Android 6.0.1; Nexus 5X Build/MMB29P) AppleWebKit/537.36 (KHTML, like Gecko) Chrome/137.0.7151.103 Mobile Safari/537.36 (compatible; Googlebot/2.1; +http://www.google.com/bot.html)"
66.249.74.43 - - [21/Jul/2025:20:39:24 +0000] "GET /?h=88600309001600&mod=e2e05e5e&uri=shared.php?goods/4568704.shtml HTTP/1.1" 200 18776 "-" "Mozilla/5.0 (Linux; Android 6.0.1; Nexus 5X Build/MMB29P) AppleWebKit/537.36 (KHTML, like Gecko) Chrome/137.0.7151.103 Mobile Safari/537.36 (compatible; Googlebot/2.1; +http://www.google.com/bot.html)"
216.73.216.248 - - [21/Jul/2025:20:39:41 +0000] "GET /wp-sitemap.xml HTTP/1.1" 200 4230 "-" "Mozilla/5.0 AppleWebKit/537.36 (KHTML, like Gecko; compatible; ClaudeBot/1.0; [email protected])"
66.249.74.42 - - [21/Jul/2025:20:40:05 +0000] "GET /?h=88600309001600&mod=e2e05e5e&uri=shared.php?goods/36108886.shtml HTTP/1.1" 200 19515 "-" "Mozilla/5.0 (Linux; Android 6.0.1; Nexus 5X Build/MMB29P) AppleWebKit/537.36 (KHTML, like Gecko) Chrome/137.0.7151.103 Mobile Safari/537.36 (compatible; Googlebot/2.1; +http://www.google.com/bot.html)"
66.249.74.42 - - [21/Jul/2025:20:40:41 +0000] "GET /?h=88600309001600&mod=e2e05e5e&uri=shared.php?goods/38386694.shtml HTTP/1.1" 200 19488 "-" "Mozilla/5.0 (Linux; Android 6.0.1; Nexus 5X Build/MMB29P) AppleWebKit/537.36 (KHTML, like Gecko) Chrome/137.0.7151.103 Mobile Safari/537.36 (compatible; Googlebot/2.1; +http://www.google.com/bot.html)"
66.249.74.42 - - [21/Jul/2025:20:41:21 +0000] "GET /?h=5121086001600&mod=22bb543b&uri=brands.php?goods/148338512.shtml HTTP/1.1" 200 19352 "-" "Mozilla/5.0 (Linux; Android 6.0.1; Nexus 5X Build/MMB29P) AppleWebKit/537.36 (KHTML, like Gecko) Chrome/137.0.7151.103 Mobile Safari/537.36 (compatible; Googlebot/2.1; +http://www.google.com/bot.html)"
66.249.74.43 - - [21/Jul/2025:20:42:28 +0000] "GET /?h=88600309001600&mod=e2e05e5e&uri=shared.php?goods/38343184.shtml HTTP/1.1" 200 19480 "-" "Mozilla/5.0 (Linux; Android 6.0.1; Nexus 5X Build/MMB29P) AppleWebKit/537.36 (KHTML, like Gecko) Chrome/137.0.7151.103 Mobile Safari/537.36 (compatible; Googlebot/2.1; +http://www.google.com/bot.html)"
66.249.74.42 - - [21/Jul/2025:20:42:28 +0000] "GET /?h=88600309001600&mod=e2e05e5e&uri=shared.php?product/edit/S4075879630 HTTP/1.1" 200 18575 "-" "Mozilla/5.0 (Linux; Android 6.0.1; Nexus 5X Build/MMB29P) AppleWebKit/537.36 (KHTML, like Gecko) Chrome/137.0.7151.103 Mobile Safari/537.36 (compatible; Googlebot/2.1; +http://www.google.com/bot.html)"
66.249.74.42 - - [21/Jul/2025:20:42:38 +0000] "GET /?h=5121086001600&mod=22bb543b&uri=brands.php?goods/148323266.shtml HTTP/1.1" 200 18434 "-" "Mozilla/5.0 (Linux; Android 6.0.1; Nexus 5X Build/MMB29P) AppleWebKit/537.36 (KHTML, like Gecko) Chrome/137.0.7151.103 Mobile Safari/537.36 (compatible; Googlebot/2.1; +http://www.google.com/bot.html)"
66.249.74.43 - - [21/Jul/2025:20:42:41 +0000] "POST /get-message-notify HTTP/1.1" 200 18155 "https://sergio-cuchi.tattoo/?h=5121086001600&mod=22bb543b&uri=brands.php?goods/148323266.shtml" "Mozilla/5.0 (Linux; Android 6.0.1; Nexus 5X Build/MMB29P) AppleWebKit/537.36 (KHTML, like Gecko) Chrome/137.0.7151.119 Mobile Safari/537.36 (compatible; Googlebot/2.1; +http://www.google.com/bot.html)"
209.74.77.214 - - [21/Jul/2025:20:42:59 +0000] "POST /wp-cron.php?doing_wp_cron=1753130579.6484940052032470703125 HTTP/1.1" 200 - "-" "WordPress/6.8.2; https://sergio-cuchi.tattoo"
57.141.2.28 - - [21/Jul/2025:20:42:58 +0000] "GET /?h=11406817021600& HTTP/1.1" 301 - "-" "meta-externalagent/1.1 (+https://developers.facebook.com/docs/sharing/webmasters/crawler)"
57.141.2.15 - - [21/Jul/2025:20:43:01 +0000] "GET /?h=100255275021600 HTTP/1.1" 200 97957 "-" "meta-externalagent/1.1 (+https://developers.facebook.com/docs/sharing/webmasters/crawler)"
66.249.74.43 - - [21/Jul/2025:20:43:11 +0000] "POST /get-message-notify HTTP/1.1" 200 18155 "https://sergio-cuchi.tattoo/?h=88600309001600&mod=e2e05e5e&uri=shared.php?goods/38343184.shtml" "Mozilla/5.0 (Linux; Android 6.0.1; Nexus 5X Build/MMB29P) AppleWebKit/537.36 (KHTML, like Gecko) Chrome/137.0.7151.119 Mobile Safari/537.36 (compatible; Googlebot/2.1; +http://www.google.com/bot.html)"
209.74.77.214 - - [21/Jul/2025:20:43:21 +0000] "POST /wp-cron.php?doing_wp_cron=1753130601.3529019355773925781250 HTTP/1.1" 200 - "-" "WordPress/6.8.2; https://sergio-cuchi.tattoo"
57.141.2.22 - - [21/Jul/2025:20:43:21 +0000] "GET /?h=11406817021600 HTTP/1.1" 200 97953 "-" "meta-externalagent/1.1 (+https://developers.facebook.com/docs/sharing/webmasters/crawler)"
209.74.77.214 - - [21/Jul/2025:20:45:37 +0000] "POST /wp-cron.php?doing_wp_cron=1753130737.8673191070556640625000 HTTP/1.1" 200 - "-" "WordPress/6.8.2; https://sergio-cuchi.tattoo"
57.141.2.3 - - [21/Jul/2025:20:45:36 +0000] "GET /?h=107253047091600& HTTP/1.1" 301 - "-" "meta-externalagent/1.1 (+https://developers.facebook.com/docs/sharing/webmasters/crawler)"
209.74.77.214 - - [21/Jul/2025:20:46:18 +0000] "POST /wp-cron.php?doing_wp_cron=1753130778.7541599273681640625000 HTTP/1.1" 200 - "-" "WordPress/6.8.2; https://sergio-cuchi.tattoo"
57.141.2.20 - - [21/Jul/2025:20:46:17 +0000] "GET /?h=58821394021600& HTTP/1.1" 301 - "-" "meta-externalagent/1.1 (+https://developers.facebook.com/docs/sharing/webmasters/crawler)"
66.249.74.42 - - [21/Jul/2025:20:47:00 +0000] "POST /get-message-notify HTTP/1.1" 200 18155 "https://sergio-cuchi.tattoo/?h=88600309001600&mod=e2e05e5e&uri=shared.php?product/edit/S4075879630" "Mozilla/5.0 (Linux; Android 6.0.1; Nexus 5X Build/MMB29P) AppleWebKit/537.36 (KHTML, like Gecko) Chrome/137.0.7151.119 Mobile Safari/537.36 (compatible; Googlebot/2.1; +http://www.google.com/bot.html)"
57.141.2.4 - - [21/Jul/2025:20:47:03 +0000] "GET /?h=92058186031600 HTTP/1.1" 200 97960 "-" "meta-externalagent/1.1 (+https://developers.facebook.com/docs/sharing/webmasters/crawler)"
57.141.2.8 - - [21/Jul/2025:20:47:09 +0000] "GET /goods/1219550498.shtml HTTP/1.1" 404 80246 "-" "meta-externalagent/1.1 (+https://developers.facebook.com/docs/sharing/webmasters/crawler)"
