40.77.167.61 - - [21/Jul/2025:13:53:09 +0000] "GET /detail/furry11041408.html HTTP/1.1" 404 10875 "-" "Mozilla/5.0 AppleWebKit/537.36 (KHTML, like Gecko; compatible; bingbot/2.0; +http://www.bing.com/bingbot.htm) Chrome/116.0.1938.76 Safari/537.36"
52.167.144.22 - - [21/Jul/2025:13:53:13 +0000] "GET /detail/decla22811369.html HTTP/1.1" 404 10874 "-" "Mozilla/5.0 AppleWebKit/537.36 (KHTML, like Gecko; compatible; bingbot/2.0; +http://www.bing.com/bingbot.htm) Chrome/116.0.1938.76 Safari/537.36"
209.74.77.214 - - [21/Jul/2025:13:54:41 +0000] "POST /wp-cron.php?doing_wp_cron=1753106081.0932400226593017578125 HTTP/1.1" 200 - "-" "WordPress/6.8.2; https://sixpacksecurity.services"
157.55.39.10 - - [21/Jul/2025:13:54:39 +0000] "GET /detail/soar42845923.html HTTP/1.1" 404 10874 "-" "Mozilla/5.0 AppleWebKit/537.36 (KHTML, like Gecko; compatible; bingbot/2.0; +http://www.bing.com/bingbot.htm) Chrome/116.0.1938.76 Safari/537.36"
209.74.77.214 - - [21/Jul/2025:13:56:14 +0000] "POST /wp-cron.php?doing_wp_cron=1753106174.1372630596160888671875 HTTP/1.1" 200 - "-" "WordPress/6.8.2; https://sixpacksecurity.services"
57.141.2.27 - - [21/Jul/2025:13:56:12 +0000] "GET /detail/coupo10115728.html HTTP/1.1" 404 50135 "-" "meta-externalagent/1.1 (+https://developers.facebook.com/docs/sharing/webmasters/crawler)"
209.74.77.214 - - [21/Jul/2025:13:59:31 +0000] "POST /wp-cron.php?doing_wp_cron=1753106371.2319750785827636718750 HTTP/1.1" 200 - "-" "WordPress/6.8.2; https://sixpacksecurity.services"
157.55.39.49 - - [21/Jul/2025:13:59:30 +0000] "GET /detail/adver32985170.html HTTP/1.1" 404 10874 "-" "Mozilla/5.0 AppleWebKit/537.36 (KHTML, like Gecko; compatible; bingbot/2.0; +http://www.bing.com/bingbot.htm) Chrome/116.0.1938.76 Safari/537.36"
40.77.167.131 - - [21/Jul/2025:13:59:40 +0000] "GET /detail/homel50797692.html HTTP/1.1" 404 10875 "-" "Mozilla/5.0 AppleWebKit/537.36 (KHTML, like Gecko; compatible; bingbot/2.0; +http://www.bing.com/bingbot.htm) Chrome/116.0.1938.76 Safari/537.36"
40.77.167.131 - - [21/Jul/2025:13:59:42 +0000] "GET /detail/leak52775476.html HTTP/1.1" 404 10875 "-" "Mozilla/5.0 AppleWebKit/537.36 (KHTML, like Gecko; compatible; bingbot/2.0; +http://www.bing.com/bingbot.htm) Chrome/116.0.1938.76 Safari/537.36"
209.74.77.214 - - [21/Jul/2025:14:02:41 +0000] "POST /wp-cron.php?doing_wp_cron=1753106561.2959270477294921875000 HTTP/1.1" 200 - "-" "WordPress/6.8.2; https://sixpacksecurity.services"
40.77.167.131 - - [21/Jul/2025:14:02:40 +0000] "GET /detail/paw31946778.html HTTP/1.1" 404 10873 "-" "Mozilla/5.0 AppleWebKit/537.36 (KHTML, like Gecko; compatible; bingbot/2.0; +http://www.bing.com/bingbot.htm) Chrome/116.0.1938.76 Safari/537.36"
209.74.77.214 - - [21/Jul/2025:14:02:44 +0000] "POST /wp-cron.php?doing_wp_cron=1753106564.5459890365600585937500 HTTP/1.1" 200 - "-" "WordPress/6.8.2; https://sixpacksecurity.services"
52.167.144.141 - - [21/Jul/2025:14:02:44 +0000] "GET /detail/god40209075.html HTTP/1.1" 404 10874 "-" "Mozilla/5.0 AppleWebKit/537.36 (KHTML, like Gecko; compatible; bingbot/2.0; +http://www.bing.com/bingbot.htm) Chrome/116.0.1938.76 Safari/537.36"
66.249.74.37 - - [21/Jul/2025:14:03:35 +0000] "GET /detail/gymna62298997.html HTTP/1.1" 200 40116 "-" "Mozilla/5.0 (compatible; Googlebot/2.1; +http://www.google.com/bot.html)"
209.74.77.214 - - [21/Jul/2025:14:04:52 +0000] "POST /wp-cron.php?doing_wp_cron=1753106692.0029249191284179687500 HTTP/1.1" 200 - "-" "WordPress/6.8.2; https://sixpacksecurity.services"
57.141.2.22 - - [21/Jul/2025:14:04:50 +0000] "GET /detail/naked41183379.html HTTP/1.1" 404 50135 "-" "meta-externalagent/1.1 (+https://developers.facebook.com/docs/sharing/webmasters/crawler)"
57.141.2.7 - - [21/Jul/2025:14:04:59 +0000] "GET /detail/defin20518137.html HTTP/1.1" 404 50135 "-" "meta-externalagent/1.1 (+https://developers.facebook.com/docs/sharing/webmasters/crawler)"
57.141.2.10 - - [21/Jul/2025:14:05:15 +0000] "GET /detail/displ31533658.html HTTP/1.1" 404 50135 "-" "meta-externalagent/1.1 (+https://developers.facebook.com/docs/sharing/webmasters/crawler)"
66.249.74.36 - - [21/Jul/2025:14:05:15 +0000] "GET /detail/lead10856800.html HTTP/1.1" 200 40461 "-" "Mozilla/5.0 (Linux; Android 6.0.1; Nexus 5X Build/MMB29P) AppleWebKit/537.36 (KHTML, like Gecko) Chrome/137.0.7151.103 Mobile Safari/537.36 (compatible; Googlebot/2.1; +http://www.google.com/bot.html)"
57.141.2.21 - - [21/Jul/2025:14:05:41 +0000] "GET /detail/staff80533447.html HTTP/1.1" 404 50135 "-" "meta-externalagent/1.1 (+https://developers.facebook.com/docs/sharing/webmasters/crawler)"
209.74.77.214 - - [21/Jul/2025:14:06:25 +0000] "POST /wp-cron.php?doing_wp_cron=1753106785.0221710205078125000000 HTTP/1.1" 200 - "-" "WordPress/6.8.2; https://sixpacksecurity.services"
52.167.144.141 - - [21/Jul/2025:14:06:23 +0000] "GET /detail/platf42967651.html HTTP/1.1" 404 10874 "-" "Mozilla/5.0 AppleWebKit/537.36 (KHTML, like Gecko; compatible; bingbot/2.0; +http://www.bing.com/bingbot.htm) Chrome/116.0.1938.76 Safari/537.36"
209.74.77.214 - - [21/Jul/2025:14:07:12 +0000] "POST /wp-cron.php?doing_wp_cron=1753106832.4761719703674316406250 HTTP/1.1" 200 - "-" "WordPress/6.8.2; https://sixpacksecurity.services"
157.55.39.49 - - [21/Jul/2025:14:07:11 +0000] "GET /detail/firm42105507.html HTTP/1.1" 404 10874 "-" "Mozilla/5.0 AppleWebKit/537.36 (KHTML, like Gecko; compatible; bingbot/2.0; +http://www.bing.com/bingbot.htm) Chrome/116.0.1938.76 Safari/537.36"
66.249.74.36 - - [21/Jul/2025:14:07:15 +0000] "GET /detail/ratio80430087.html HTTP/1.1" 200 40372 "-" "Mozilla/5.0 (compatible; Googlebot/2.1; +http://www.google.com/bot.html)"
52.167.144.141 - - [21/Jul/2025:14:07:23 +0000] "GET /detail/keybo50528252.html HTTP/1.1" 404 10874 "-" "Mozilla/5.0 AppleWebKit/537.36 (KHTML, like Gecko; compatible; bingbot/2.0; +http://www.bing.com/bingbot.htm) Chrome/116.0.1938.76 Safari/537.36"
57.141.2.25 - - [21/Jul/2025:14:07:26 +0000] "GET /detail/plan30581290.html HTTP/1.1" 404 50135 "-" "meta-externalagent/1.1 (+https://developers.facebook.com/docs/sharing/webmasters/crawler)"
209.74.77.214 - - [21/Jul/2025:14:07:56 +0000] "POST /wp-cron.php?doing_wp_cron=1753106876.9869430065155029296875 HTTP/1.1" 200 - "-" "WordPress/6.8.2; https://sixpacksecurity.services"
57.141.2.3 - - [21/Jul/2025:14:07:56 +0000] "GET /detail/bale%2012919824.html HTTP/1.1" 404 50135 "-" "meta-externalagent/1.1 (+https://developers.facebook.com/docs/sharing/webmasters/crawler)"
57.141.2.14 - - [21/Jul/2025:14:08:20 +0000] "GET /detail/liste82496943.html HTTP/1.1" 404 50135 "-" "meta-externalagent/1.1 (+https://developers.facebook.com/docs/sharing/webmasters/crawler)"
209.74.77.214 - - [21/Jul/2025:14:09:04 +0000] "POST /wp-cron.php?doing_wp_cron=1753106944.8257360458374023437500 HTTP/1.1" 200 - "-" "WordPress/6.8.2; https://sixpacksecurity.services"
57.141.2.5 - - [21/Jul/2025:14:09:03 +0000] "GET /detail/wande10827024.html HTTP/1.1" 404 50135 "-" "meta-externalagent/1.1 (+https://developers.facebook.com/docs/sharing/webmasters/crawler)"
66.249.74.38 - - [21/Jul/2025:14:09:35 +0000] "GET /detail/stati61928605.html HTTP/1.1" 200 40166 "-" "Mozilla/5.0 (Linux; Android 6.0.1; Nexus 5X Build/MMB29P) AppleWebKit/537.36 (KHTML, like Gecko) Chrome/137.0.7151.103 Mobile Safari/537.36 (compatible; Googlebot/2.1; +http://www.google.com/bot.html)"
66.249.74.36 - - [21/Jul/2025:14:09:35 +0000] "GET /detail/word22312905.html HTTP/1.1" 200 40043 "-" "Mozilla/5.0 (Linux; Android 6.0.1; Nexus 5X Build/MMB29P) AppleWebKit/537.36 (KHTML, like Gecko) Chrome/137.0.7151.103 Mobile Safari/537.36 (compatible; Googlebot/2.1; +http://www.google.com/bot.html)"
209.74.77.214 - - [21/Jul/2025:14:10:37 +0000] "POST /wp-cron.php?doing_wp_cron=1753107037.2793779373168945312500 HTTP/1.1" 200 - "-" "WordPress/6.8.2; https://sixpacksecurity.services"
57.141.2.19 - - [21/Jul/2025:14:10:36 +0000] "GET /detail/used82520359.html HTTP/1.1" 404 50135 "-" "meta-externalagent/1.1 (+https://developers.facebook.com/docs/sharing/webmasters/crawler)"
57.141.2.9 - - [21/Jul/2025:14:10:41 +0000] "GET /detail/drop62912613.html HTTP/1.1" 404 50135 "-" "meta-externalagent/1.1 (+https://developers.facebook.com/docs/sharing/webmasters/crawler)"
66.249.74.38 - - [21/Jul/2025:14:10:48 +0000] "GET /detail/lawye12638672.html HTTP/1.1" 200 41251 "-" "Mozilla/5.0 (Linux; Android 6.0.1; Nexus 5X Build/MMB29P) AppleWebKit/537.36 (KHTML, like Gecko) Chrome/137.0.7151.103 Mobile Safari/537.36 (compatible; Googlebot/2.1; +http://www.google.com/bot.html)"
209.74.77.214 - - [21/Jul/2025:14:11:51 +0000] "POST /wp-cron.php?doing_wp_cron=1753107111.2816450595855712890625 HTTP/1.1" 200 - "-" "WordPress/6.8.2; https://sixpacksecurity.services"
57.141.2.18 - - [21/Jul/2025:14:11:50 +0000] "GET /detail/grass72040518.html HTTP/1.1" 404 50135 "-" "meta-externalagent/1.1 (+https://developers.facebook.com/docs/sharing/webmasters/crawler)"
57.141.2.15 - - [21/Jul/2025:14:11:52 +0000] "GET /detail/torch62658885.html HTTP/1.1" 404 50135 "-" "meta-externalagent/1.1 (+https://developers.facebook.com/docs/sharing/webmasters/crawler)"
52.167.144.141 - - [21/Jul/2025:14:11:53 +0000] "GET /detail/synth80102071.html HTTP/1.1" 404 10874 "-" "Mozilla/5.0 AppleWebKit/537.36 (KHTML, like Gecko; compatible; bingbot/2.0; +http://www.bing.com/bingbot.htm) Chrome/116.0.1938.76 Safari/537.36"
209.74.77.214 - - [21/Jul/2025:14:12:54 +0000] "POST /wp-cron.php?doing_wp_cron=1753107174.2584450244903564453125 HTTP/1.1" 200 - "-" "WordPress/6.8.2; https://sixpacksecurity.services"
57.141.2.25 - - [21/Jul/2025:14:12:53 +0000] "GET /detail/porte80294151.html HTTP/1.1" 404 50135 "-" "meta-externalagent/1.1 (+https://developers.facebook.com/docs/sharing/webmasters/crawler)"
207.46.13.31 - - [21/Jul/2025:14:13:01 +0000] "GET /detail/choic82528143.html HTTP/1.1" 404 10874 "-" "Mozilla/5.0 AppleWebKit/537.36 (KHTML, like Gecko; compatible; bingbot/2.0; +http://www.bing.com/bingbot.htm) Chrome/116.0.1938.76 Safari/537.36"
66.249.74.37 - - [21/Jul/2025:14:13:09 +0000] "GET /detail/bosom60855421.html HTTP/1.1" 200 40196 "-" "Mozilla/5.0 (Linux; Android 6.0.1; Nexus 5X Build/MMB29P) AppleWebKit/537.36 (KHTML, like Gecko) Chrome/137.0.7151.103 Mobile Safari/537.36 (compatible; Googlebot/2.1; +http://www.google.com/bot.html)"
57.141.2.4 - - [21/Jul/2025:14:13:13 +0000] "GET /detail/latin10778800.html HTTP/1.1" 404 50135 "-" "meta-externalagent/1.1 (+https://developers.facebook.com/docs/sharing/webmasters/crawler)"
209.74.77.214 - - [21/Jul/2025:14:14:31 +0000] "POST /wp-cron.php?doing_wp_cron=1753107271.8741250038146972656250 HTTP/1.1" 200 - "-" "WordPress/6.8.2; https://sixpacksecurity.services"
57.141.2.13 - - [21/Jul/2025:14:14:30 +0000] "GET /detail/host11265488.html HTTP/1.1" 404 50135 "-" "meta-externalagent/1.1 (+https://developers.facebook.com/docs/sharing/webmasters/crawler)"
209.74.77.214 - - [21/Jul/2025:14:15:24 +0000] "POST /wp-cron.php?doing_wp_cron=1753107324.5732591152191162109375 HTTP/1.1" 200 - "-" "WordPress/6.8.2; https://sixpacksecurity.services"
57.141.2.1 - - [21/Jul/2025:14:15:23 +0000] "GET /detail/teach11605168.html HTTP/1.1" 404 50135 "-" "meta-externalagent/1.1 (+https://developers.facebook.com/docs/sharing/webmasters/crawler)"
209.74.77.214 - - [21/Jul/2025:14:15:59 +0000] "POST /wp-cron.php?doing_wp_cron=1753107359.4104559421539306640625 HTTP/1.1" 200 - "-" "WordPress/6.8.2; https://sixpacksecurity.services"
57.141.2.29 - - [21/Jul/2025:14:15:58 +0000] "GET /detail/less12361360.html HTTP/1.1" 404 50135 "-" "meta-externalagent/1.1 (+https://developers.facebook.com/docs/sharing/webmasters/crawler)"
66.249.74.38 - - [21/Jul/2025:14:20:16 +0000] "GET /detail/reali81901399.html HTTP/1.1" 200 40893 "-" "Mozilla/5.0 (compatible; Googlebot/2.1; +http://www.google.com/bot.html)"
209.74.77.214 - - [21/Jul/2025:14:20:45 +0000] "POST /wp-cron.php?doing_wp_cron=1753107645.9541399478912353515625 HTTP/1.1" 200 - "-" "WordPress/6.8.2; https://sixpacksecurity.services"
40.77.167.30 - - [21/Jul/2025:14:20:45 +0000] "GET /detail/silk80112439.html HTTP/1.1" 404 10875 "-" "Mozilla/5.0 AppleWebKit/537.36 (KHTML, like Gecko; compatible; bingbot/2.0; +http://www.bing.com/bingbot.htm) Chrome/116.0.1938.76 Safari/537.36"
209.74.77.214 - - [21/Jul/2025:14:24:13 +0000] "POST /wp-cron.php?doing_wp_cron=1753107853.2668828964233398437500 HTTP/1.1" 200 - "-" "WordPress/6.8.2; https://sixpacksecurity.services"
52.167.144.172 - - [21/Jul/2025:14:24:12 +0000] "GET /detail/asset62702309.html HTTP/1.1" 404 10874 "-" "Mozilla/5.0 AppleWebKit/537.36 (KHTML, like Gecko; compatible; bingbot/2.0; +http://www.bing.com/bingbot.htm) Chrome/116.0.1938.76 Safari/537.36"
209.74.77.214 - - [21/Jul/2025:14:25:27 +0000] "POST /wp-cron.php?doing_wp_cron=1753107927.5530879497528076171875 HTTP/1.1" 200 - "-" "WordPress/6.8.2; https://sixpacksecurity.services"
57.141.2.15 - - [21/Jul/2025:14:25:26 +0000] "GET /detail/bankr40930371.html HTTP/1.1" 404 50135 "-" "meta-externalagent/1.1 (+https://developers.facebook.com/docs/sharing/webmasters/crawler)"
209.74.77.214 - - [21/Jul/2025:14:26:36 +0000] "POST /wp-cron.php?doing_wp_cron=1753107996.8080010414123535156250 HTTP/1.1" 200 - "-" "WordPress/6.8.2; https://sixpacksecurity.services"
40.77.167.53 - - [21/Jul/2025:14:26:35 +0000] "GET /detail/see80653695.html HTTP/1.1" 404 10875 "-" "Mozilla/5.0 AppleWebKit/537.36 (KHTML, like Gecko; compatible; bingbot/2.0; +http://www.bing.com/bingbot.htm) Chrome/116.0.1938.76 Safari/537.36"
40.77.167.53 - - [21/Jul/2025:14:26:36 +0000] "GET /detail/fill41816427.html HTTP/1.1" 404 10875 "-" "Mozilla/5.0 AppleWebKit/537.36 (KHTML, like Gecko; compatible; bingbot/2.0; +http://www.bing.com/bingbot.htm) Chrome/116.0.1938.76 Safari/537.36"
66.249.74.38 - - [21/Jul/2025:14:28:28 +0000] "GET /detail/bronz70155510.html HTTP/1.1" 200 40070 "-" "Mozilla/5.0 (Linux; Android 6.0.1; Nexus 5X Build/MMB29P) AppleWebKit/537.36 (KHTML, like Gecko) Chrome/137.0.7151.103 Mobile Safari/537.36 (compatible; Googlebot/2.1; +http://www.google.com/bot.html)"
66.249.74.36 - - [21/Jul/2025:14:28:32 +0000] "POST /get-message-notify HTTP/1.1" 200 40166 "https://sixpacksecurity.services/detail/bronz70155510.html" "Mozilla/5.0 (Linux; Android 6.0.1; Nexus 5X Build/MMB29P) AppleWebKit/537.36 (KHTML, like Gecko) Chrome/137.0.7151.119 Mobile Safari/537.36 (compatible; Googlebot/2.1; +http://www.google.com/bot.html)"
209.74.77.214 - - [21/Jul/2025:14:28:40 +0000] "POST /wp-cron.php?doing_wp_cron=1753108120.2475590705871582031250 HTTP/1.1" 200 - "-" "WordPress/6.8.2; https://sixpacksecurity.services"
209.74.77.214 - - [21/Jul/2025:14:28:40 +0000] "POST /wp-cron.php?doing_wp_cron=1753108120.2475590705871582031250 HTTP/1.1" 200 - "-" "WordPress/6.8.2; https://sixpacksecurity.services"
64.233.173.170 - - [21/Jul/2025:14:28:39 +0000] "GET /.well-known/traffic-advice HTTP/1.1" 404 10875 "-" "Chrome Privacy Preserving Prefetch Proxy"
162.120.184.44 - - [21/Jul/2025:14:28:39 +0000] "GET /about/ HTTP/1.1" 200 17992 "https://www.google.com/" "Mozilla/5.0 (Windows NT 10.0; Win64; x64) AppleWebKit/537.36 (KHTML, like Gecko) Chrome/138.0.0.0 Safari/537.36"
193.186.4.155 - - [21/Jul/2025:14:28:42 +0000] "GET /faq/ HTTP/1.1" 200 15788 "https://www.google.com/" "Mozilla/5.0 (Windows NT 10.0; Win64; x64) AppleWebKit/537.36 (KHTML, like Gecko) Chrome/138.0.0.0 Safari/537.36"
216.73.216.180 - - [21/Jul/2025:14:29:26 +0000] "GET /robots.txt HTTP/1.1" 200 128 "-" "Mozilla/5.0 AppleWebKit/537.36 (KHTML, like Gecko; compatible; ClaudeBot/1.0; [email protected])"
209.74.77.214 - - [21/Jul/2025:14:29:27 +0000] "POST /wp-cron.php?doing_wp_cron=1753108167.8033480644226074218750 HTTP/1.1" 200 - "-" "WordPress/6.8.2; https://sixpacksecurity.services"
216.73.216.180 - - [21/Jul/2025:14:29:26 +0000] "GET /detail/small32940682.html HTTP/1.1" 404 10875 "-" "Mozilla/5.0 AppleWebKit/537.36 (KHTML, like Gecko; compatible; ClaudeBot/1.0; [email protected])"
216.73.216.180 - - [21/Jul/2025:14:29:29 +0000] "GET /detail/tale51800524.html HTTP/1.1" 404 10874 "-" "Mozilla/5.0 AppleWebKit/537.36 (KHTML, like Gecko; compatible; ClaudeBot/1.0; [email protected])"
216.73.216.180 - - [21/Jul/2025:14:29:32 +0000] "GET /detail/takeo40749907.html HTTP/1.1" 404 10875 "-" "Mozilla/5.0 AppleWebKit/537.36 (KHTML, like Gecko; compatible; ClaudeBot/1.0; [email protected])"
52.167.144.172 - - [21/Jul/2025:14:29:32 +0000] "GET /detail/ninet31976002.html HTTP/1.1" 404 10874 "-" "Mozilla/5.0 AppleWebKit/537.36 (KHTML, like Gecko; compatible; bingbot/2.0; +http://www.bing.com/bingbot.htm) Chrome/116.0.1938.76 Safari/537.36"
57.141.2.12 - - [21/Jul/2025:14:29:35 +0000] "GET /detail/novem31472490.html HTTP/1.1" 404 50135 "-" "meta-externalagent/1.1 (+https://developers.facebook.com/docs/sharing/webmasters/crawler)"
216.73.216.180 - - [21/Jul/2025:14:29:35 +0000] "GET /detail/profe10209616.html HTTP/1.1" 404 10874 "-" "Mozilla/5.0 AppleWebKit/537.36 (KHTML, like Gecko; compatible; ClaudeBot/1.0; [email protected])"
216.73.216.180 - - [21/Jul/2025:14:29:38 +0000] "GET /detail/scale12941928.html HTTP/1.1" 404 10875 "-" "Mozilla/5.0 AppleWebKit/537.36 (KHTML, like Gecko; compatible; ClaudeBot/1.0; [email protected])"
216.73.216.180 - - [21/Jul/2025:14:29:41 +0000] "GET /detail/diffe12656904.html HTTP/1.1" 404 10874 "-" "Mozilla/5.0 AppleWebKit/537.36 (KHTML, like Gecko; compatible; ClaudeBot/1.0; [email protected])"
209.74.77.214 - - [21/Jul/2025:14:29:44 +0000] "POST /wp-cron.php?doing_wp_cron=1753108184.7964570522308349609375 HTTP/1.1" 200 - "-" "WordPress/6.8.2; https://sixpacksecurity.services"
216.73.216.180 - - [21/Jul/2025:14:29:44 +0000] "GET /detail/push21248697.html HTTP/1.1" 404 10875 "-" "Mozilla/5.0 AppleWebKit/537.36 (KHTML, like Gecko; compatible; ClaudeBot/1.0; [email protected])"
216.73.216.180 - - [21/Jul/2025:14:29:47 +0000] "GET /detail/know22905769.html HTTP/1.1" 404 10875 "-" "Mozilla/5.0 AppleWebKit/537.36 (KHTML, like Gecko; compatible; ClaudeBot/1.0; [email protected])"
216.73.216.180 - - [21/Jul/2025:14:29:50 +0000] "GET /detail/abrup31406442.html HTTP/1.1" 404 10875 "-" "Mozilla/5.0 AppleWebKit/537.36 (KHTML, like Gecko; compatible; ClaudeBot/1.0; [email protected])"
216.73.216.180 - - [21/Jul/2025:14:29:54 +0000] "GET /detail/numer72606854.html HTTP/1.1" 404 10875 "-" "Mozilla/5.0 AppleWebKit/537.36 (KHTML, like Gecko; compatible; ClaudeBot/1.0; [email protected])"
216.73.216.180 - - [21/Jul/2025:14:29:56 +0000] "GET /detail/simpl20449305.html HTTP/1.1" 404 10875 "-" "Mozilla/5.0 AppleWebKit/537.36 (KHTML, like Gecko; compatible; ClaudeBot/1.0; [email protected])"
66.249.74.36 - - [21/Jul/2025:14:29:59 +0000] "GET /detail/landi22563137.html HTTP/1.1" 200 40432 "-" "Mozilla/5.0 (Linux; Android 6.0.1; Nexus 5X Build/MMB29P) AppleWebKit/537.36 (KHTML, like Gecko) Chrome/137.0.7151.103 Mobile Safari/537.36 (compatible; Googlebot/2.1; +http://www.google.com/bot.html)"
31.167.180.156 - - [21/Jul/2025:14:30:17 +0000] "POST /xmlrpc.php HTTP/1.1" 200 403 "-" "Mozilla/5.0 (Windows NT 10.0; Win64; x64) AppleWebKit/537.36 (KHTML, like Gecko) Chrome/91.0.4472.124 Safari/537.36"
209.74.77.214 - - [21/Jul/2025:14:30:43 +0000] "POST /wp-cron.php?doing_wp_cron=1753108243.5009620189666748046875 HTTP/1.1" 200 - "-" "WordPress/6.8.2; https://sixpacksecurity.services"
57.141.2.18 - - [21/Jul/2025:14:30:43 +0000] "GET /detail/step70316270.html HTTP/1.1" 404 50135 "-" "meta-externalagent/1.1 (+https://developers.facebook.com/docs/sharing/webmasters/crawler)"
216.73.216.180 - - [21/Jul/2025:14:30:52 +0000] "GET /detail/kingd22171265.html HTTP/1.1" 404 10874 "-" "Mozilla/5.0 AppleWebKit/537.36 (KHTML, like Gecko; compatible; ClaudeBot/1.0; [email protected])"
216.73.216.180 - - [21/Jul/2025:14:30:55 +0000] "GET /detail/miste52855356.html HTTP/1.1" 404 10875 "-" "Mozilla/5.0 AppleWebKit/537.36 (KHTML, like Gecko; compatible; ClaudeBot/1.0; [email protected])"
216.73.216.180 - - [21/Jul/2025:14:30:58 +0000] "GET /detail/peer71646390.html HTTP/1.1" 404 10875 "-" "Mozilla/5.0 AppleWebKit/537.36 (KHTML, like Gecko; compatible; ClaudeBot/1.0; [email protected])"
216.73.216.180 - - [21/Jul/2025:14:31:01 +0000] "GET /detail/capti40630875.html HTTP/1.1" 404 10874 "-" "Mozilla/5.0 AppleWebKit/537.36 (KHTML, like Gecko; compatible; ClaudeBot/1.0; [email protected])"
216.73.216.180 - - [21/Jul/2025:14:31:04 +0000] "GET /detail/miser82826247.html HTTP/1.1" 404 10874 "-" "Mozilla/5.0 AppleWebKit/537.36 (KHTML, like Gecko; compatible; ClaudeBot/1.0; [email protected])"
216.73.216.180 - - [21/Jul/2025:14:31:07 +0000] "GET /detail/glitt72030734.html HTTP/1.1" 404 10875 "-" "Mozilla/5.0 AppleWebKit/537.36 (KHTML, like Gecko; compatible; ClaudeBot/1.0; [email protected])"
216.73.216.180 - - [21/Jul/2025:14:31:10 +0000] "GET /detail/flow70654278.html HTTP/1.1" 404 10873 "-" "Mozilla/5.0 AppleWebKit/537.36 (KHTML, like Gecko; compatible; ClaudeBot/1.0; [email protected])"
216.73.216.180 - - [21/Jul/2025:14:31:13 +0000] "GET /detail/whisp21322873.html HTTP/1.1" 404 10874 "-" "Mozilla/5.0 AppleWebKit/537.36 (KHTML, like Gecko; compatible; ClaudeBot/1.0; [email protected])"
216.73.216.180 - - [21/Jul/2025:14:31:16 +0000] "GET /detail/seal20561737.html HTTP/1.1" 404 10875 "-" "Mozilla/5.0 AppleWebKit/537.36 (KHTML, like Gecko; compatible; ClaudeBot/1.0; [email protected])"
216.73.216.180 - - [21/Jul/2025:14:31:19 +0000] "GET /detail/disso20082617.html HTTP/1.1" 404 10874 "-" "Mozilla/5.0 AppleWebKit/537.36 (KHTML, like Gecko; compatible; ClaudeBot/1.0; [email protected])"
216.73.216.180 - - [21/Jul/2025:14:31:23 +0000] "GET /detail/featu20149785.html HTTP/1.1" 404 10874 "-" "Mozilla/5.0 AppleWebKit/537.36 (KHTML, like Gecko; compatible; ClaudeBot/1.0; [email protected])"
209.74.77.214 - - [21/Jul/2025:14:32:52 +0000] "POST /wp-cron.php?doing_wp_cron=1753108371.9930860996246337890625 HTTP/1.1" 200 - "-" "WordPress/6.8.2; https://sixpacksecurity.services"
216.73.216.180 - - [21/Jul/2025:14:32:50 +0000] "GET /detail/rock21985233.html HTTP/1.1" 404 10875 "-" "Mozilla/5.0 AppleWebKit/537.36 (KHTML, like Gecko; compatible; ClaudeBot/1.0; [email protected])"
52.167.144.184 - - [21/Jul/2025:14:32:53 +0000] "GET /detail/holy22958969.html HTTP/1.1" 404 10874 "-" "Mozilla/5.0 AppleWebKit/537.36 (KHTML, like Gecko; compatible; bingbot/2.0; +http://www.bing.com/bingbot.htm) Chrome/116.0.1938.76 Safari/537.36"
216.73.216.180 - - [21/Jul/2025:14:32:53 +0000] "GET /detail/coffe61556277.html HTTP/1.1" 404 10875 "-" "Mozilla/5.0 AppleWebKit/537.36 (KHTML, like Gecko; compatible; ClaudeBot/1.0; [email protected])"
216.73.216.180 - - [21/Jul/2025:14:32:56 +0000] "GET /detail/entra50239092.html HTTP/1.1" 404 10875 "-" "Mozilla/5.0 AppleWebKit/537.36 (KHTML, like Gecko; compatible; ClaudeBot/1.0; [email protected])"
57.141.2.23 - - [21/Jul/2025:14:32:57 +0000] "GET /detail/aircr12335408.html HTTP/1.1" 404 50135 "-" "meta-externalagent/1.1 (+https://developers.facebook.com/docs/sharing/webmasters/crawler)"
216.73.216.180 - - [21/Jul/2025:14:32:59 +0000] "GET /detail/findi42394611.html HTTP/1.1" 404 10875 "-" "Mozilla/5.0 AppleWebKit/537.36 (KHTML, like Gecko; compatible; ClaudeBot/1.0; [email protected])"
216.73.216.180 - - [21/Jul/2025:14:33:02 +0000] "GET /detail/spin11022624.html HTTP/1.1" 404 10875 "-" "Mozilla/5.0 AppleWebKit/537.36 (KHTML, like Gecko; compatible; ClaudeBot/1.0; [email protected])"
216.73.216.180 - - [21/Jul/2025:14:33:05 +0000] "GET /detail/bench42526459.html HTTP/1.1" 404 10874 "-" "Mozilla/5.0 AppleWebKit/537.36 (KHTML, like Gecko; compatible; ClaudeBot/1.0; [email protected])"
216.73.216.180 - - [21/Jul/2025:14:33:08 +0000] "GET /detail/augus60948205.html HTTP/1.1" 404 10875 "-" "Mozilla/5.0 AppleWebKit/537.36 (KHTML, like Gecko; compatible; ClaudeBot/1.0; [email protected])"
216.73.216.180 - - [21/Jul/2025:14:33:11 +0000] "GET /detail/stage22217449.html HTTP/1.1" 404 10874 "-" "Mozilla/5.0 AppleWebKit/537.36 (KHTML, like Gecko; compatible; ClaudeBot/1.0; [email protected])"
216.73.216.180 - - [21/Jul/2025:14:33:14 +0000] "GET /detail/funda50761956.html HTTP/1.1" 404 10875 "-" "Mozilla/5.0 AppleWebKit/537.36 (KHTML, like Gecko; compatible; ClaudeBot/1.0; [email protected])"
216.73.216.180 - - [21/Jul/2025:14:33:17 +0000] "GET /detail/next30696730.html HTTP/1.1" 404 10875 "-" "Mozilla/5.0 AppleWebKit/537.36 (KHTML, like Gecko; compatible; ClaudeBot/1.0; [email protected])"
216.73.216.180 - - [21/Jul/2025:14:33:20 +0000] "GET /detail/curta61650765.html HTTP/1.1" 404 10874 "-" "Mozilla/5.0 AppleWebKit/537.36 (KHTML, like Gecko; compatible; ClaudeBot/1.0; [email protected])"
209.74.77.214 - - [21/Jul/2025:14:34:45 +0000] "POST /wp-cron.php?doing_wp_cron=1753108485.1125619411468505859375 HTTP/1.1" 200 - "-" "WordPress/6.8.2; https://sixpacksecurity.services"
216.73.216.180 - - [21/Jul/2025:14:34:43 +0000] "GET /detail/rubbe12729152.html HTTP/1.1" 404 10875 "-" "Mozilla/5.0 AppleWebKit/537.36 (KHTML, like Gecko; compatible; ClaudeBot/1.0; [email protected])"
216.73.216.180 - - [21/Jul/2025:14:34:46 +0000] "GET /detail/gas70675230.html HTTP/1.1" 404 10875 "-" "Mozilla/5.0 AppleWebKit/537.36 (KHTML, like Gecko; compatible; ClaudeBot/1.0; [email protected])"
216.73.216.180 - - [21/Jul/2025:14:34:49 +0000] "GET /detail/dicti80212503.html HTTP/1.1" 404 10875 "-" "Mozilla/5.0 AppleWebKit/537.36 (KHTML, like Gecko; compatible; ClaudeBot/1.0; [email protected])"
216.73.216.180 - - [21/Jul/2025:14:34:52 +0000] "GET /detail/anyth10192088.html HTTP/1.1" 404 10874 "-" "Mozilla/5.0 AppleWebKit/537.36 (KHTML, like Gecko; compatible; ClaudeBot/1.0; [email protected])"
207.46.13.31 - - [21/Jul/2025:14:34:54 +0000] "GET /detail/funct50526028.html HTTP/1.1" 404 10875 "-" "Mozilla/5.0 AppleWebKit/537.36 (KHTML, like Gecko; compatible; bingbot/2.0; +http://www.bing.com/bingbot.htm) Chrome/116.0.1938.76 Safari/537.36"
216.73.216.180 - - [21/Jul/2025:14:34:55 +0000] "GET /detail/shut62345661.html HTTP/1.1" 404 10875 "-" "Mozilla/5.0 AppleWebKit/537.36 (KHTML, like Gecko; compatible; ClaudeBot/1.0; [email protected])"
216.73.216.180 - - [21/Jul/2025:14:34:58 +0000] "GET /detail/timbe10775808.html HTTP/1.1" 404 10875 "-" "Mozilla/5.0 AppleWebKit/537.36 (KHTML, like Gecko; compatible; ClaudeBot/1.0; [email protected])"
216.73.216.180 - - [21/Jul/2025:14:35:01 +0000] "GET /detail/anywh52036716.html HTTP/1.1" 404 10875 "-" "Mozilla/5.0 AppleWebKit/537.36 (KHTML, like Gecko; compatible; ClaudeBot/1.0; [email protected])"
216.73.216.180 - - [21/Jul/2025:14:35:04 +0000] "GET /detail/admir72610374.html HTTP/1.1" 404 10875 "-" "Mozilla/5.0 AppleWebKit/537.36 (KHTML, like Gecko; compatible; ClaudeBot/1.0; [email protected])"
216.73.216.180 - - [21/Jul/2025:14:35:07 +0000] "GET /detail/sat52551940.html HTTP/1.1" 404 10875 "-" "Mozilla/5.0 AppleWebKit/537.36 (KHTML, like Gecko; compatible; ClaudeBot/1.0; [email protected])"
216.73.216.180 - - [21/Jul/2025:14:35:10 +0000] "GET /detail/dude61515829.html HTTP/1.1" 404 10874 "-" "Mozilla/5.0 AppleWebKit/537.36 (KHTML, like Gecko; compatible; ClaudeBot/1.0; [email protected])"
216.73.216.180 - - [21/Jul/2025:14:35:13 +0000] "GET /detail/fancy20382385.html HTTP/1.1" 404 10874 "-" "Mozilla/5.0 AppleWebKit/537.36 (KHTML, like Gecko; compatible; ClaudeBot/1.0; [email protected])"
66.249.74.37 - - [21/Jul/2025:14:35:22 +0000] "GET /detail/conve22864089.html HTTP/1.1" 200 39989 "-" "Mozilla/5.0 (Linux; Android 6.0.1; Nexus 5X Build/MMB29P) AppleWebKit/537.36 (KHTML, like Gecko) Chrome/137.0.7151.103 Mobile Safari/537.36 (compatible; Googlebot/2.1; +http://www.google.com/bot.html)"
209.74.77.214 - - [21/Jul/2025:14:35:46 +0000] "POST /wp-cron.php?doing_wp_cron=1753108546.0764911174774169921875 HTTP/1.1" 200 - "-" "WordPress/6.8.2; https://sixpacksecurity.services"
52.167.144.187 - - [21/Jul/2025:14:35:46 +0000] "GET /detail/widow21815233.html HTTP/1.1" 404 10875 "-" "Mozilla/5.0 AppleWebKit/537.36 (KHTML, like Gecko; compatible; bingbot/2.0; +http://www.bing.com/bingbot.htm) Chrome/116.0.1938.76 Safari/537.36"
216.73.216.180 - - [21/Jul/2025:14:36:36 +0000] "GET /detail/autum71504630.html HTTP/1.1" 404 10874 "-" "Mozilla/5.0 AppleWebKit/537.36 (KHTML, like Gecko; compatible; ClaudeBot/1.0; [email protected])"
216.73.216.180 - - [21/Jul/2025:14:36:38 +0000] "GET /detail/hobby60996069.html HTTP/1.1" 404 10875 "-" "Mozilla/5.0 AppleWebKit/537.36 (KHTML, like Gecko; compatible; ClaudeBot/1.0; [email protected])"
216.73.216.180 - - [21/Jul/2025:14:36:41 +0000] "GET /detail/smart22192537.html HTTP/1.1" 404 10875 "-" "Mozilla/5.0 AppleWebKit/537.36 (KHTML, like Gecko; compatible; ClaudeBot/1.0; [email protected])"
209.74.77.214 - - [21/Jul/2025:14:36:44 +0000] "POST /wp-cron.php?doing_wp_cron=1753108604.9564249515533447265625 HTTP/1.1" 200 - "-" "WordPress/6.8.2; https://sixpacksecurity.services"
216.73.216.180 - - [21/Jul/2025:14:36:44 +0000] "GET /detail/chess42412563.html HTTP/1.1" 404 10875 "-" "Mozilla/5.0 AppleWebKit/537.36 (KHTML, like Gecko; compatible; ClaudeBot/1.0; [email protected])"
216.73.216.180 - - [21/Jul/2025:14:36:47 +0000] "GET /detail/read32277602.html HTTP/1.1" 404 10875 "-" "Mozilla/5.0 AppleWebKit/537.36 (KHTML, like Gecko; compatible; ClaudeBot/1.0; [email protected])"
216.73.216.180 - - [21/Jul/2025:14:36:50 +0000] "GET /detail/dropo70125910.html HTTP/1.1" 404 10874 "-" "Mozilla/5.0 AppleWebKit/537.36 (KHTML, like Gecko; compatible; ClaudeBot/1.0; [email protected])"
216.73.216.180 - - [21/Jul/2025:14:36:53 +0000] "GET /detail/unaff42222027.html HTTP/1.1" 404 10875 "-" "Mozilla/5.0 AppleWebKit/537.36 (KHTML, like Gecko; compatible; ClaudeBot/1.0; [email protected])"
216.73.216.180 - - [21/Jul/2025:14:36:56 +0000] "GET /detail/sweep32205570.html HTTP/1.1" 404 10875 "-" "Mozilla/5.0 AppleWebKit/537.36 (KHTML, like Gecko; compatible; ClaudeBot/1.0; [email protected])"
216.73.216.180 - - [21/Jul/2025:14:37:00 +0000] "GET /detail/radic52866252.html HTTP/1.1" 404 10875 "-" "Mozilla/5.0 AppleWebKit/537.36 (KHTML, like Gecko; compatible; ClaudeBot/1.0; [email protected])"
216.73.216.180 - - [21/Jul/2025:14:37:02 +0000] "GET /detail/candy82316551.html HTTP/1.1" 404 10875 "-" "Mozilla/5.0 AppleWebKit/537.36 (KHTML, like Gecko; compatible; ClaudeBot/1.0; [email protected])"
66.249.74.38 - - [21/Jul/2025:14:37:22 +0000] "GET /detail/how61396949.html HTTP/1.1" 200 40215 "-" "Mozilla/5.0 (Linux; Android 6.0.1; Nexus 5X Build/MMB29P) AppleWebKit/537.36 (KHTML, like Gecko) Chrome/137.0.7151.103 Mobile Safari/537.36 (compatible; Googlebot/2.1; +http://www.google.com/bot.html)"
66.249.74.36 - - [21/Jul/2025:14:37:27 +0000] "POST /get-message-notify HTTP/1.1" 200 40114 "https://sixpacksecurity.services/detail/how61396949.html" "Mozilla/5.0 (Linux; Android 6.0.1; Nexus 5X Build/MMB29P) AppleWebKit/537.36 (KHTML, like Gecko) Chrome/137.0.7151.119 Mobile Safari/537.36 (compatible; Googlebot/2.1; +http://www.google.com/bot.html)"
207.46.13.31 - - [21/Jul/2025:14:37:33 +0000] "GET /detail/bow30993738.html HTTP/1.1" 404 10874 "-" "Mozilla/5.0 AppleWebKit/537.36 (KHTML, like Gecko; compatible; bingbot/2.0; +http://www.bing.com/bingbot.htm) Chrome/116.0.1938.76 Safari/537.36"
209.74.77.214 - - [21/Jul/2025:14:38:23 +0000] "POST /wp-cron.php?doing_wp_cron=1753108703.6765398979187011718750 HTTP/1.1" 200 - "-" "WordPress/6.8.2; https://sixpacksecurity.services"
216.73.216.180 - - [21/Jul/2025:14:38:22 +0000] "GET /detail/grey82766831.html HTTP/1.1" 404 10874 "-" "Mozilla/5.0 AppleWebKit/537.36 (KHTML, like Gecko; compatible; ClaudeBot/1.0; [email protected])"
207.46.13.31 - - [21/Jul/2025:14:38:24 +0000] "GET /detail/diagn82535783.html HTTP/1.1" 404 10875 "-" "Mozilla/5.0 AppleWebKit/537.36 (KHTML, like Gecko; compatible; bingbot/2.0; +http://www.bing.com/bingbot.htm) Chrome/116.0.1938.76 Safari/537.36"
216.73.216.180 - - [21/Jul/2025:14:38:25 +0000] "GET /detail/direc70460046.html HTTP/1.1" 404 10875 "-" "Mozilla/5.0 AppleWebKit/537.36 (KHTML, like Gecko; compatible; ClaudeBot/1.0; [email protected])"
216.73.216.180 - - [21/Jul/2025:14:38:28 +0000] "GET /detail/eden72891966.html HTTP/1.1" 404 10875 "-" "Mozilla/5.0 AppleWebKit/537.36 (KHTML, like Gecko; compatible; ClaudeBot/1.0; [email protected])"
216.73.216.180 - - [21/Jul/2025:14:38:31 +0000] "GET /detail/chop70337470.html HTTP/1.1" 404 10873 "-" "Mozilla/5.0 AppleWebKit/537.36 (KHTML, like Gecko; compatible; ClaudeBot/1.0; [email protected])"
216.73.216.180 - - [21/Jul/2025:14:38:34 +0000] "GET /detail/sock31209434.html HTTP/1.1" 404 10874 "-" "Mozilla/5.0 AppleWebKit/537.36 (KHTML, like Gecko; compatible; ClaudeBot/1.0; [email protected])"
216.73.216.180 - - [21/Jul/2025:14:38:37 +0000] "GET /detail/span31307370.html HTTP/1.1" 404 10874 "-" "Mozilla/5.0 AppleWebKit/537.36 (KHTML, like Gecko; compatible; ClaudeBot/1.0; [email protected])"
216.73.216.180 - - [21/Jul/2025:14:38:40 +0000] "GET /detail/adjec51898660.html HTTP/1.1" 404 10875 "-" "Mozilla/5.0 AppleWebKit/537.36 (KHTML, like Gecko; compatible; ClaudeBot/1.0; [email protected])"
209.74.77.214 - - [21/Jul/2025:14:38:43 +0000] "POST /wp-cron.php?doing_wp_cron=1753108723.3367509841918945312500 HTTP/1.1" 200 - "-" "WordPress/6.8.2; https://sixpacksecurity.services"
216.73.216.180 - - [21/Jul/2025:14:38:43 +0000] "GET /detail/board52033172.html HTTP/1.1" 404 10874 "-" "Mozilla/5.0 AppleWebKit/537.36 (KHTML, like Gecko; compatible; ClaudeBot/1.0; [email protected])"
216.73.216.180 - - [21/Jul/2025:14:38:46 +0000] "GET /detail/typis52591132.html HTTP/1.1" 404 10875 "-" "Mozilla/5.0 AppleWebKit/537.36 (KHTML, like Gecko; compatible; ClaudeBot/1.0; [email protected])"
216.73.216.180 - - [21/Jul/2025:14:38:49 +0000] "GET /detail/puzzl22210105.html HTTP/1.1" 404 10875 "-" "Mozilla/5.0 AppleWebKit/537.36 (KHTML, like Gecko; compatible; ClaudeBot/1.0; [email protected])"
209.74.77.214 - - [21/Jul/2025:14:40:19 +0000] "POST /wp-cron.php?doing_wp_cron=1753108819.9576680660247802734375 HTTP/1.1" 200 - "-" "WordPress/6.8.2; https://sixpacksecurity.services"
57.141.2.5 - - [21/Jul/2025:14:40:18 +0000] "GET /detail/pupil12348120.html HTTP/1.1" 404 50135 "-" "meta-externalagent/1.1 (+https://developers.facebook.com/docs/sharing/webmasters/crawler)"
66.249.74.37 - - [21/Jul/2025:14:40:34 +0000] "GET /detail/brass80495223.html HTTP/1.1" 200 40237 "-" "Mozilla/5.0 (compatible; Googlebot/2.1; +http://www.google.com/bot.html)"
216.73.216.180 - - [21/Jul/2025:14:40:37 +0000] "GET /detail/girlf30481362.html HTTP/1.1" 404 10875 "-" "Mozilla/5.0 AppleWebKit/537.36 (KHTML, like Gecko; compatible; ClaudeBot/1.0; [email protected])"
57.141.2.14 - - [21/Jul/2025:14:40:37 +0000] "GET /detail/traff40848547.html HTTP/1.1" 404 50135 "-" "meta-externalagent/1.1 (+https://developers.facebook.com/docs/sharing/webmasters/crawler)"
216.73.216.180 - - [21/Jul/2025:14:40:39 +0000] "GET /detail/dread72735358.html HTTP/1.1" 404 10875 "-" "Mozilla/5.0 AppleWebKit/537.36 (KHTML, like Gecko; compatible; ClaudeBot/1.0; [email protected])"
216.73.216.180 - - [21/Jul/2025:14:40:42 +0000] "GET /detail/lest60679629.html HTTP/1.1" 404 10874 "-" "Mozilla/5.0 AppleWebKit/537.36 (KHTML, like Gecko; compatible; ClaudeBot/1.0; [email protected])"
209.74.77.214 - - [21/Jul/2025:14:40:45 +0000] "POST /wp-cron.php?doing_wp_cron=1753108845.9293510913848876953125 HTTP/1.1" 200 - "-" "WordPress/6.8.2; https://sixpacksecurity.services"
216.73.216.180 - - [21/Jul/2025:14:40:45 +0000] "GET /detail/xray82321551.html HTTP/1.1" 404 10875 "-" "Mozilla/5.0 AppleWebKit/537.36 (KHTML, like Gecko; compatible; ClaudeBot/1.0; [email protected])"
216.73.216.180 - - [21/Jul/2025:14:40:48 +0000] "GET /detail/widow20895233.html HTTP/1.1" 404 10875 "-" "Mozilla/5.0 AppleWebKit/537.36 (KHTML, like Gecko; compatible; ClaudeBot/1.0; [email protected])"
216.73.216.180 - - [21/Jul/2025:14:40:51 +0000] "GET /detail/junk30645450.html HTTP/1.1" 404 10875 "-" "Mozilla/5.0 AppleWebKit/537.36 (KHTML, like Gecko; compatible; ClaudeBot/1.0; [email protected])"
216.73.216.180 - - [21/Jul/2025:14:40:54 +0000] "GET /detail/are80649623.html HTTP/1.1" 404 10875 "-" "Mozilla/5.0 AppleWebKit/537.36 (KHTML, like Gecko; compatible; ClaudeBot/1.0; [email protected])"
216.73.216.180 - - [21/Jul/2025:14:40:57 +0000] "GET /detail/pace20471033.html HTTP/1.1" 404 10875 "-" "Mozilla/5.0 AppleWebKit/537.36 (KHTML, like Gecko; compatible; ClaudeBot/1.0; [email protected])"
216.73.216.180 - - [21/Jul/2025:14:41:00 +0000] "GET /detail/battl62202333.html HTTP/1.1" 404 10874 "-" "Mozilla/5.0 AppleWebKit/537.36 (KHTML, like Gecko; compatible; ClaudeBot/1.0; [email protected])"
216.73.216.180 - - [21/Jul/2025:14:41:03 +0000] "GET /detail/duck82584559.html HTTP/1.1" 404 10872 "-" "Mozilla/5.0 AppleWebKit/537.36 (KHTML, like Gecko; compatible; ClaudeBot/1.0; [email protected])"
52.167.144.187 - - [21/Jul/2025:14:41:07 +0000] "GET /detail/delet32842810.html HTTP/1.1" 404 10875 "-" "Mozilla/5.0 AppleWebKit/537.36 (KHTML, like Gecko; compatible; bingbot/2.0; +http://www.bing.com/bingbot.htm) Chrome/116.0.1938.76 Safari/537.36"
66.249.74.37 - - [21/Jul/2025:14:41:31 +0000] "POST /get-message-notify HTTP/1.1" 200 40116 "https://sixpacksecurity.services/detail/conve22864089.html" "Mozilla/5.0 (Linux; Android 6.0.1; Nexus 5X Build/MMB29P) AppleWebKit/537.36 (KHTML, like Gecko) Chrome/137.0.7151.119 Mobile Safari/537.36 (compatible; Googlebot/2.1; +http://www.google.com/bot.html)"
37.32.40.253 - - [21/Jul/2025:14:41:49 +0000] "POST /wp-comments-post.php HTTP/1.1" 302 - "-" "Mozilla/5.0 (Windows NT 10.0; Win64; x64) AppleWebKit/537.36 (KHTML, like Gecko) Chrome/120.0.0.0 Safari/537.36"
37.32.40.253 - - [21/Jul/2025:14:41:52 +0000] "POST /wp-comments-post.php HTTP/1.1" 429 1107 "-" "Mozilla/5.0 (Windows NT 10.0; Win64; x64) AppleWebKit/537.36 (KHTML, like Gecko) Chrome/120.0.0.0 Safari/537.36"
37.32.40.253 - - [21/Jul/2025:14:41:53 +0000] "POST /wp-comments-post.php HTTP/1.1" 429 1107 "-" "Mozilla/5.0 (Windows NT 10.0; Win64; x64) AppleWebKit/537.36 (KHTML, like Gecko) Chrome/120.0.0.0 Safari/537.36"
37.32.40.253 - - [21/Jul/2025:14:41:55 +0000] "POST /wp-comments-post.php HTTP/1.1" 429 1107 "-" "Mozilla/5.0 (Windows NT 10.0; Win64; x64) AppleWebKit/537.36 (KHTML, like Gecko) Chrome/120.0.0.0 Safari/537.36"
37.32.40.253 - - [21/Jul/2025:14:41:56 +0000] "POST /wp-comments-post.php HTTP/1.1" 429 1107 "-" "Mozilla/5.0 (Windows NT 10.0; Win64; x64) AppleWebKit/537.36 (KHTML, like Gecko) Chrome/120.0.0.0 Safari/537.36"
57.141.2.3 - - [21/Jul/2025:14:42:20 +0000] "GET /detail/firem72130782.html HTTP/1.1" 404 50135 "-" "meta-externalagent/1.1 (+https://developers.facebook.com/docs/sharing/webmasters/crawler)"
57.141.2.7 - - [21/Jul/2025:14:42:22 +0000] "GET /detail/tomat80324903.html HTTP/1.1" 404 50135 "-" "meta-externalagent/1.1 (+https://developers.facebook.com/docs/sharing/webmasters/crawler)"
57.141.2.13 - - [21/Jul/2025:14:42:27 +0000] "GET /detail/depar72865366.html HTTP/1.1" 404 50135 "-" "meta-externalagent/1.1 (+https://developers.facebook.com/docs/sharing/webmasters/crawler)"
216.73.216.180 - - [21/Jul/2025:14:42:34 +0000] "GET /detail/helpl40690971.html HTTP/1.1" 404 10875 "-" "Mozilla/5.0 AppleWebKit/537.36 (KHTML, like Gecko; compatible; ClaudeBot/1.0; [email protected])"
216.73.216.180 - - [21/Jul/2025:14:42:36 +0000] "GET /detail/aside70414750.html HTTP/1.1" 404 10875 "-" "Mozilla/5.0 AppleWebKit/537.36 (KHTML, like Gecko; compatible; ClaudeBot/1.0; [email protected])"
216.73.216.180 - - [21/Jul/2025:14:42:39 +0000] "GET /detail/subme72679486.html HTTP/1.1" 404 10875 "-" "Mozilla/5.0 AppleWebKit/537.36 (KHTML, like Gecko; compatible; ClaudeBot/1.0; [email protected])"
216.73.216.180 - - [21/Jul/2025:14:42:42 +0000] "GET /detail/inspi21086033.html HTTP/1.1" 404 10874 "-" "Mozilla/5.0 AppleWebKit/537.36 (KHTML, like Gecko; compatible; ClaudeBot/1.0; [email protected])"
209.74.77.214 - - [21/Jul/2025:14:42:45 +0000] "POST /wp-cron.php?doing_wp_cron=1753108965.7144529819488525390625 HTTP/1.1" 200 - "-" "WordPress/6.8.2; https://sixpacksecurity.services"
216.73.216.180 - - [21/Jul/2025:14:42:45 +0000] "GET /detail/blast60115437.html HTTP/1.1" 404 10875 "-" "Mozilla/5.0 AppleWebKit/537.36 (KHTML, like Gecko; compatible; ClaudeBot/1.0; [email protected])"
216.73.216.180 - - [21/Jul/2025:14:42:48 +0000] "GET /detail/corn80887535.html HTTP/1.1" 404 10875 "-" "Mozilla/5.0 AppleWebKit/537.36 (KHTML, like Gecko; compatible; ClaudeBot/1.0; [email protected])"
216.73.216.180 - - [21/Jul/2025:14:42:51 +0000] "GET /detail/octob70969126.html HTTP/1.1" 404 10874 "-" "Mozilla/5.0 AppleWebKit/537.36 (KHTML, like Gecko; compatible; ClaudeBot/1.0; [email protected])"
216.73.216.180 - - [21/Jul/2025:14:42:54 +0000] "GET /detail/synth82706071.html HTTP/1.1" 404 10875 "-" "Mozilla/5.0 AppleWebKit/537.36 (KHTML, like Gecko; compatible; ClaudeBot/1.0; [email protected])"
216.73.216.180 - - [21/Jul/2025:14:42:57 +0000] "GET /detail/fifte50868972.html HTTP/1.1" 404 10875 "-" "Mozilla/5.0 AppleWebKit/537.36 (KHTML, like Gecko; compatible; ClaudeBot/1.0; [email protected])"
216.73.216.180 - - [21/Jul/2025:14:43:00 +0000] "GET /detail/remar11566568.html HTTP/1.1" 404 10872 "-" "Mozilla/5.0 AppleWebKit/537.36 (KHTML, like Gecko; compatible; ClaudeBot/1.0; [email protected])"
57.141.2.21 - - [21/Jul/2025:14:43:24 +0000] "GET /detail/glad52636284.html HTTP/1.1" 404 50135 "-" "meta-externalagent/1.1 (+https://developers.facebook.com/docs/sharing/webmasters/crawler)"
57.141.2.30 - - [21/Jul/2025:14:43:33 +0000] "GET /detail/horro42283523.html HTTP/1.1" 404 50135 "-" "meta-externalagent/1.1 (+https://developers.facebook.com/docs/sharing/webmasters/crawler)"
209.74.77.214 - - [21/Jul/2025:14:43:44 +0000] "POST /wp-cron.php?doing_wp_cron=1753109024.0781960487365722656250 HTTP/1.1" 200 - "-" "WordPress/6.8.2; https://sixpacksecurity.services"
207.46.13.151 - - [21/Jul/2025:14:43:44 +0000] "GET /detail/sidew81046279.html HTTP/1.1" 404 10875 "-" "Mozilla/5.0 AppleWebKit/537.36 (KHTML, like Gecko; compatible; bingbot/2.0; +http://www.bing.com/bingbot.htm) Chrome/116.0.1938.76 Safari/537.36"
216.73.216.180 - - [21/Jul/2025:14:44:05 +0000] "GET /detail/tedio30822066.html HTTP/1.1" 404 10875 "-" "Mozilla/5.0 AppleWebKit/537.36 (KHTML, like Gecko; compatible; ClaudeBot/1.0; [email protected])"
216.73.216.180 - - [21/Jul/2025:14:44:07 +0000] "GET /detail/platf40211651.html HTTP/1.1" 404 10875 "-" "Mozilla/5.0 AppleWebKit/537.36 (KHTML, like Gecko; compatible; ClaudeBot/1.0; [email protected])"
216.73.216.180 - - [21/Jul/2025:14:44:10 +0000] "GET /detail/miste51287356.html HTTP/1.1" 404 10874 "-" "Mozilla/5.0 AppleWebKit/537.36 (KHTML, like Gecko; compatible; ClaudeBot/1.0; [email protected])"
216.73.216.180 - - [21/Jul/2025:14:44:13 +0000] "GET /detail/moder21092065.html HTTP/1.1" 404 10874 "-" "Mozilla/5.0 AppleWebKit/537.36 (KHTML, like Gecko; compatible; ClaudeBot/1.0; [email protected])"
216.73.216.180 - - [21/Jul/2025:14:44:16 +0000] "GET /detail/chops62985253.html HTTP/1.1" 404 10875 "-" "Mozilla/5.0 AppleWebKit/537.36 (KHTML, like Gecko; compatible; ClaudeBot/1.0; [email protected])"
216.73.216.180 - - [21/Jul/2025:14:44:19 +0000] "GET /detail/alcoh30833986.html HTTP/1.1" 404 10875 "-" "Mozilla/5.0 AppleWebKit/537.36 (KHTML, like Gecko; compatible; ClaudeBot/1.0; [email protected])"
216.73.216.180 - - [21/Jul/2025:14:44:22 +0000] "GET /detail/secti31770914.html HTTP/1.1" 404 10875 "-" "Mozilla/5.0 AppleWebKit/537.36 (KHTML, like Gecko; compatible; ClaudeBot/1.0; [email protected])"
216.73.216.180 - - [21/Jul/2025:14:44:25 +0000] "GET /detail/rap30971882.html HTTP/1.1" 404 10875 "-" "Mozilla/5.0 AppleWebKit/537.36 (KHTML, like Gecko; compatible; ClaudeBot/1.0; [email protected])"
216.73.216.180 - - [21/Jul/2025:14:44:28 +0000] "GET /detail/trim81695287.html HTTP/1.1" 404 10875 "-" "Mozilla/5.0 AppleWebKit/537.36 (KHTML, like Gecko; compatible; ClaudeBot/1.0; [email protected])"
216.73.216.180 - - [21/Jul/2025:14:44:31 +0000] "GET /detail/guest72444334.html HTTP/1.1" 404 10874 "-" "Mozilla/5.0 AppleWebKit/537.36 (KHTML, like Gecko; compatible; ClaudeBot/1.0; [email protected])"
209.74.77.214 - - [21/Jul/2025:14:45:58 +0000] "POST /wp-cron.php?doing_wp_cron=1753109158.6419339179992675781250 HTTP/1.1" 200 - "-" "WordPress/6.8.2; https://sixpacksecurity.services"
52.167.144.187 - - [21/Jul/2025:14:45:57 +0000] "GET /detail/plant81460071.html HTTP/1.1" 404 10875 "-" "Mozilla/5.0 AppleWebKit/537.36 (KHTML, like Gecko; compatible; bingbot/2.0; +http://www.bing.com/bingbot.htm) Chrome/116.0.1938.76 Safari/537.36"
216.73.216.180 - - [21/Jul/2025:14:46:22 +0000] "GET /sitemapb.xml HTTP/1.1" 200 12913 "-" "Mozilla/5.0 AppleWebKit/537.36 (KHTML, like Gecko; compatible; ClaudeBot/1.0; [email protected])"
216.73.216.180 - - [21/Jul/2025:14:46:24 +0000] "GET /sitemapd.xml HTTP/1.1" 200 18938 "-" "Mozilla/5.0 AppleWebKit/537.36 (KHTML, like Gecko; compatible; ClaudeBot/1.0; [email protected])"
216.73.216.180 - - [21/Jul/2025:14:46:27 +0000] "GET /detail/assig71786006.html HTTP/1.1" 404 10875 "-" "Mozilla/5.0 AppleWebKit/537.36 (KHTML, like Gecko; compatible; ClaudeBot/1.0; [email protected])"
216.73.216.180 - - [21/Jul/2025:14:46:31 +0000] "GET /detail/serb71295918.html HTTP/1.1" 404 10874 "-" "Mozilla/5.0 AppleWebKit/537.36 (KHTML, like Gecko; compatible; ClaudeBot/1.0; [email protected])"
216.73.216.180 - - [21/Jul/2025:14:46:33 +0000] "GET /detail/link10031584.html HTTP/1.1" 404 10875 "-" "Mozilla/5.0 AppleWebKit/537.36 (KHTML, like Gecko; compatible; ClaudeBot/1.0; [email protected])"
40.77.167.254 - - [21/Jul/2025:14:46:37 +0000] "GET /detail/poste41581563.html HTTP/1.1" 404 10875 "-" "Mozilla/5.0 AppleWebKit/537.36 (KHTML, like Gecko; compatible; bingbot/2.0; +http://www.bing.com/bingbot.htm) Chrome/116.0.1938.76 Safari/537.36"
216.73.216.180 - - [21/Jul/2025:14:46:37 +0000] "GET /detail/skyro80718183.html HTTP/1.1" 404 10875 "-" "Mozilla/5.0 AppleWebKit/537.36 (KHTML, like Gecko; compatible; ClaudeBot/1.0; [email protected])"
216.73.216.180 - - [21/Jul/2025:14:46:40 +0000] "GET /detail/rule20749009.html HTTP/1.1" 404 10874 "-" "Mozilla/5.0 AppleWebKit/537.36 (KHTML, like Gecko; compatible; ClaudeBot/1.0; [email protected])"
209.74.77.214 - - [21/Jul/2025:14:46:43 +0000] "POST /wp-cron.php?doing_wp_cron=1753109203.1609630584716796875000 HTTP/1.1" 200 - "-" "WordPress/6.8.2; https://sixpacksecurity.services"
216.73.216.180 - - [21/Jul/2025:14:46:43 +0000] "GET /detail/graci62778901.html HTTP/1.1" 404 10874 "-" "Mozilla/5.0 AppleWebKit/537.36 (KHTML, like Gecko; compatible; ClaudeBot/1.0; [email protected])"
216.73.216.180 - - [21/Jul/2025:14:46:46 +0000] "GET /detail/takeo40845907.html HTTP/1.1" 404 10873 "-" "Mozilla/5.0 AppleWebKit/537.36 (KHTML, like Gecko; compatible; ClaudeBot/1.0; [email protected])"
216.73.216.180 - - [21/Jul/2025:14:46:49 +0000] "GET /detail/stand11352104.html HTTP/1.1" 404 10875 "-" "Mozilla/5.0 AppleWebKit/537.36 (KHTML, like Gecko; compatible; ClaudeBot/1.0; [email protected])"
209.74.77.214 - - [21/Jul/2025:14:48:22 +0000] "POST /wp-cron.php?doing_wp_cron=1753109302.7933850288391113281250 HTTP/1.1" 200 - "-" "WordPress/6.8.2; https://sixpacksecurity.services"
216.73.216.180 - - [21/Jul/2025:14:48:21 +0000] "GET /detail/separ72660654.html HTTP/1.1" 404 10875 "-" "Mozilla/5.0 AppleWebKit/537.36 (KHTML, like Gecko; compatible; ClaudeBot/1.0; [email protected])"
216.73.216.180 - - [21/Jul/2025:14:48:24 +0000] "GET /detail/view70529630.html HTTP/1.1" 404 10875 "-" "Mozilla/5.0 AppleWebKit/537.36 (KHTML, like Gecko; compatible; ClaudeBot/1.0; [email protected])"
216.73.216.180 - - [21/Jul/2025:14:48:27 +0000] "GET /detail/augus62852205.html HTTP/1.1" 404 10875 "-" "Mozilla/5.0 AppleWebKit/537.36 (KHTML, like Gecko; compatible; ClaudeBot/1.0; [email protected])"
216.73.216.180 - - [21/Jul/2025:14:48:30 +0000] "GET /detail/anybo50885324.html HTTP/1.1" 404 10874 "-" "Mozilla/5.0 AppleWebKit/537.36 (KHTML, like Gecko; compatible; ClaudeBot/1.0; [email protected])"
216.73.216.180 - - [21/Jul/2025:14:48:33 +0000] "GET /detail/addic60338373.html HTTP/1.1" 404 10874 "-" "Mozilla/5.0 AppleWebKit/537.36 (KHTML, like Gecko; compatible; ClaudeBot/1.0; [email protected])"
216.73.216.180 - - [21/Jul/2025:14:48:36 +0000] "GET /detail/soak50835492.html HTTP/1.1" 404 10875 "-" "Mozilla/5.0 AppleWebKit/537.36 (KHTML, like Gecko; compatible; ClaudeBot/1.0; [email protected])"
216.73.216.180 - - [21/Jul/2025:14:48:39 +0000] "GET /detail/manag70464126.html HTTP/1.1" 404 10875 "-" "Mozilla/5.0 AppleWebKit/537.36 (KHTML, like Gecko; compatible; ClaudeBot/1.0; [email protected])"
216.73.216.180 - - [21/Jul/2025:14:48:42 +0000] "GET /detail/count32556218.html HTTP/1.1" 404 10874 "-" "Mozilla/5.0 AppleWebKit/537.36 (KHTML, like Gecko; compatible; ClaudeBot/1.0; [email protected])"
209.74.77.214 - - [21/Jul/2025:14:48:45 +0000] "POST /wp-cron.php?doing_wp_cron=1753109325.4873199462890625000000 HTTP/1.1" 200 - "-" "WordPress/6.8.2; https://sixpacksecurity.services"
216.73.216.180 - - [21/Jul/2025:14:48:45 +0000] "GET /detail/as22104305.html HTTP/1.1" 404 10874 "-" "Mozilla/5.0 AppleWebKit/537.36 (KHTML, like Gecko; compatible; ClaudeBot/1.0; [email protected])"
216.73.216.180 - - [21/Jul/2025:14:48:48 +0000] "GET /detail/cloak71451438.html HTTP/1.1" 404 10873 "-" "Mozilla/5.0 AppleWebKit/537.36 (KHTML, like Gecko; compatible; ClaudeBot/1.0; [email protected])"
216.73.216.180 - - [21/Jul/2025:14:48:51 +0000] "GET /category/cctv HTTP/1.1" 301 - "-" "Mozilla/5.0 AppleWebKit/537.36 (KHTML, like Gecko; compatible; ClaudeBot/1.0; [email protected])"
216.73.216.180 - - [21/Jul/2025:14:48:51 +0000] "GET /category/cctv/ HTTP/1.1" 200 13279 "https://sixpacksecurity.services/category/cctv" "Mozilla/5.0 AppleWebKit/537.36 (KHTML, like Gecko; compatible; ClaudeBot/1.0; [email protected])"
209.74.77.214 - - [21/Jul/2025:14:50:05 +0000] "POST /wp-cron.php?doing_wp_cron=1753109405.0802950859069824218750 HTTP/1.1" 200 - "-" "WordPress/6.8.2; https://sixpacksecurity.services"
