216.73.216.29 - - [21/Jul/2025:19:08:44 +0000] "GET /detail/stora42370683.html HTTP/1.1" 404 10875 "-" "Mozilla/5.0 AppleWebKit/537.36 (KHTML, like Gecko; compatible; ClaudeBot/1.0; [email protected])"
216.73.216.29 - - [21/Jul/2025:19:08:47 +0000] "GET /detail/symbo81336647.html HTTP/1.1" 404 10875 "-" "Mozilla/5.0 AppleWebKit/537.36 (KHTML, like Gecko; compatible; ClaudeBot/1.0; [email protected])"
216.73.216.29 - - [21/Jul/2025:19:08:50 +0000] "GET /detail/does42747827.html HTTP/1.1" 404 10874 "-" "Mozilla/5.0 AppleWebKit/537.36 (KHTML, like Gecko; compatible; ClaudeBot/1.0; [email protected])"
216.73.216.29 - - [21/Jul/2025:19:08:53 +0000] "GET /detail/head60212805.html HTTP/1.1" 404 10874 "-" "Mozilla/5.0 AppleWebKit/537.36 (KHTML, like Gecko; compatible; ClaudeBot/1.0; [email protected])"
216.73.216.29 - - [21/Jul/2025:19:08:56 +0000] "GET /detail/am11977688.html HTTP/1.1" 404 10875 "-" "Mozilla/5.0 AppleWebKit/537.36 (KHTML, like Gecko; compatible; ClaudeBot/1.0; [email protected])"
216.73.216.29 - - [21/Jul/2025:19:08:59 +0000] "GET /detail/chess41876563.html HTTP/1.1" 404 10875 "-" "Mozilla/5.0 AppleWebKit/537.36 (KHTML, like Gecko; compatible; ClaudeBot/1.0; [email protected])"
216.73.216.29 - - [21/Jul/2025:19:09:02 +0000] "GET /detail/insti62037829.html HTTP/1.1" 404 10874 "-" "Mozilla/5.0 AppleWebKit/537.36 (KHTML, like Gecko; compatible; ClaudeBot/1.0; [email protected])"
216.73.216.29 - - [21/Jul/2025:19:09:05 +0000] "GET /detail/prece72450502.html HTTP/1.1" 404 10875 "-" "Mozilla/5.0 AppleWebKit/537.36 (KHTML, like Gecko; compatible; ClaudeBot/1.0; [email protected])"
216.73.216.29 - - [21/Jul/2025:19:09:08 +0000] "GET /detail/zing51623916.html HTTP/1.1" 404 10875 "-" "Mozilla/5.0 AppleWebKit/537.36 (KHTML, like Gecko; compatible; ClaudeBot/1.0; [email protected])"
216.73.216.29 - - [21/Jul/2025:19:09:11 +0000] "GET /detail/dawn10975056.html HTTP/1.1" 404 10874 "-" "Mozilla/5.0 AppleWebKit/537.36 (KHTML, like Gecko; compatible; ClaudeBot/1.0; [email protected])"
216.73.216.29 - - [21/Jul/2025:19:09:14 +0000] "GET /detail/clock22400273.html HTTP/1.1" 404 10875 "-" "Mozilla/5.0 AppleWebKit/537.36 (KHTML, like Gecko; compatible; ClaudeBot/1.0; [email protected])"
216.73.216.29 - - [21/Jul/2025:19:09:17 +0000] "GET /detail/softw71563806.html HTTP/1.1" 404 10875 "-" "Mozilla/5.0 AppleWebKit/537.36 (KHTML, like Gecko; compatible; ClaudeBot/1.0; [email protected])"
216.73.216.29 - - [21/Jul/2025:19:09:20 +0000] "GET /detail/hate20880681.html HTTP/1.1" 404 10874 "-" "Mozilla/5.0 AppleWebKit/537.36 (KHTML, like Gecko; compatible; ClaudeBot/1.0; [email protected])"
216.73.216.29 - - [21/Jul/2025:19:09:23 +0000] "GET /detail/bond12302912.html HTTP/1.1" 404 10872 "-" "Mozilla/5.0 AppleWebKit/537.36 (KHTML, like Gecko; compatible; ClaudeBot/1.0; [email protected])"
216.73.216.29 - - [21/Jul/2025:19:09:26 +0000] "GET /detail/pipe82330519.html HTTP/1.1" 404 10875 "-" "Mozilla/5.0 AppleWebKit/537.36 (KHTML, like Gecko; compatible; ClaudeBot/1.0; [email protected])"
216.73.216.29 - - [21/Jul/2025:19:09:29 +0000] "GET /detail/scrat81181863.html HTTP/1.1" 404 10875 "-" "Mozilla/5.0 AppleWebKit/537.36 (KHTML, like Gecko; compatible; ClaudeBot/1.0; [email protected])"
216.73.216.29 - - [21/Jul/2025:19:09:32 +0000] "GET /detail/drawi52234644.html HTTP/1.1" 404 10875 "-" "Mozilla/5.0 AppleWebKit/537.36 (KHTML, like Gecko; compatible; ClaudeBot/1.0; [email protected])"
216.73.216.29 - - [21/Jul/2025:19:09:35 +0000] "GET /detail/toler32473834.html HTTP/1.1" 404 10875 "-" "Mozilla/5.0 AppleWebKit/537.36 (KHTML, like Gecko; compatible; ClaudeBot/1.0; [email protected])"
216.73.216.29 - - [21/Jul/2025:19:09:41 +0000] "GET /detail/matte61485349.html HTTP/1.1" 404 10874 "-" "Mozilla/5.0 AppleWebKit/537.36 (KHTML, like Gecko; compatible; ClaudeBot/1.0; [email protected])"
209.74.77.214 - - [21/Jul/2025:19:09:44 +0000] "POST /wp-cron.php?doing_wp_cron=1753124984.2670979499816894531250 HTTP/1.1" 200 - "-" "WordPress/6.8.2; https://sixpacksecurity.services"
216.73.216.29 - - [21/Jul/2025:19:09:44 +0000] "GET /detail/spin12138624.html HTTP/1.1" 404 10875 "-" "Mozilla/5.0 AppleWebKit/537.36 (KHTML, like Gecko; compatible; ClaudeBot/1.0; [email protected])"
216.73.216.29 - - [21/Jul/2025:19:09:47 +0000] "GET /detail/overh12627136.html HTTP/1.1" 404 10875 "-" "Mozilla/5.0 AppleWebKit/537.36 (KHTML, like Gecko; compatible; ClaudeBot/1.0; [email protected])"
216.73.216.29 - - [21/Jul/2025:19:09:50 +0000] "GET /detail/board50593172.html HTTP/1.1" 404 10875 "-" "Mozilla/5.0 AppleWebKit/537.36 (KHTML, like Gecko; compatible; ClaudeBot/1.0; [email protected])"
216.73.216.29 - - [21/Jul/2025:19:09:53 +0000] "GET /detail/sir50984516.html HTTP/1.1" 404 10874 "-" "Mozilla/5.0 AppleWebKit/537.36 (KHTML, like Gecko; compatible; ClaudeBot/1.0; [email protected])"
216.73.216.29 - - [21/Jul/2025:19:09:56 +0000] "GET /detail/turbi20186545.html HTTP/1.1" 404 10875 "-" "Mozilla/5.0 AppleWebKit/537.36 (KHTML, like Gecko; compatible; ClaudeBot/1.0; [email protected])"
216.73.216.29 - - [21/Jul/2025:19:09:59 +0000] "GET /detail/push20052697.html HTTP/1.1" 404 10875 "-" "Mozilla/5.0 AppleWebKit/537.36 (KHTML, like Gecko; compatible; ClaudeBot/1.0; [email protected])"
216.73.216.29 - - [21/Jul/2025:19:10:02 +0000] "GET /detail/bleed62194541.html HTTP/1.1" 404 10874 "-" "Mozilla/5.0 AppleWebKit/537.36 (KHTML, like Gecko; compatible; ClaudeBot/1.0; [email protected])"
216.73.216.29 - - [21/Jul/2025:19:10:05 +0000] "GET /detail/silve21093585.html HTTP/1.1" 404 10874 "-" "Mozilla/5.0 AppleWebKit/537.36 (KHTML, like Gecko; compatible; ClaudeBot/1.0; [email protected])"
216.73.216.29 - - [21/Jul/2025:19:10:08 +0000] "GET /detail/layer71383350.html HTTP/1.1" 404 10874 "-" "Mozilla/5.0 AppleWebKit/537.36 (KHTML, like Gecko; compatible; ClaudeBot/1.0; [email protected])"
216.73.216.29 - - [21/Jul/2025:19:10:11 +0000] "GET /detail/unaff40758027.html HTTP/1.1" 404 10873 "-" "Mozilla/5.0 AppleWebKit/537.36 (KHTML, like Gecko; compatible; ClaudeBot/1.0; [email protected])"
216.73.216.29 - - [21/Jul/2025:19:10:14 +0000] "GET /detail/inten62701285.html HTTP/1.1" 404 10874 "-" "Mozilla/5.0 AppleWebKit/537.36 (KHTML, like Gecko; compatible; ClaudeBot/1.0; [email protected])"
66.249.74.36 - - [21/Jul/2025:19:10:14 +0000] "GET /detail/stay61500741.html HTTP/1.1" 200 40094 "-" "Mozilla/5.0 (Linux; Android 6.0.1; Nexus 5X Build/MMB29P) AppleWebKit/537.36 (KHTML, like Gecko) Chrome/137.0.7151.103 Mobile Safari/537.36 (compatible; Googlebot/2.1; +http://www.google.com/bot.html)"
216.73.216.29 - - [21/Jul/2025:19:10:17 +0000] "GET /detail/worry60008925.html HTTP/1.1" 404 10874 "-" "Mozilla/5.0 AppleWebKit/537.36 (KHTML, like Gecko; compatible; ClaudeBot/1.0; [email protected])"
216.73.216.29 - - [21/Jul/2025:19:10:20 +0000] "GET /detail/refor60615037.html HTTP/1.1" 404 10874 "-" "Mozilla/5.0 AppleWebKit/537.36 (KHTML, like Gecko; compatible; ClaudeBot/1.0; [email protected])"
216.73.216.29 - - [21/Jul/2025:19:10:23 +0000] "GET /detail/prece71442502.html HTTP/1.1" 404 10873 "-" "Mozilla/5.0 AppleWebKit/537.36 (KHTML, like Gecko; compatible; ClaudeBot/1.0; [email protected])"
216.73.216.29 - - [21/Jul/2025:19:10:26 +0000] "GET /detail/conve22404089.html HTTP/1.1" 404 10874 "-" "Mozilla/5.0 AppleWebKit/537.36 (KHTML, like Gecko; compatible; ClaudeBot/1.0; [email protected])"
216.73.216.29 - - [21/Jul/2025:19:10:29 +0000] "GET /detail/solve82573767.html HTTP/1.1" 404 10874 "-" "Mozilla/5.0 AppleWebKit/537.36 (KHTML, like Gecko; compatible; ClaudeBot/1.0; [email protected])"
216.73.216.29 - - [21/Jul/2025:19:10:32 +0000] "GET /detail/dank32983834.html HTTP/1.1" 404 10873 "-" "Mozilla/5.0 AppleWebKit/537.36 (KHTML, like Gecko; compatible; ClaudeBot/1.0; [email protected])"
216.73.216.29 - - [21/Jul/2025:19:10:35 +0000] "GET /detail/least52904676.html HTTP/1.1" 404 10874 "-" "Mozilla/5.0 AppleWebKit/537.36 (KHTML, like Gecko; compatible; ClaudeBot/1.0; [email protected])"
216.73.216.29 - - [21/Jul/2025:19:10:38 +0000] "GET /detail/recog21454577.html HTTP/1.1" 404 10874 "-" "Mozilla/5.0 AppleWebKit/537.36 (KHTML, like Gecko; compatible; ClaudeBot/1.0; [email protected])"
209.74.77.214 - - [21/Jul/2025:19:10:43 +0000] "POST /wp-cron.php?doing_wp_cron=1753125043.4064540863037109375000 HTTP/1.1" 200 - "-" "WordPress/6.8.2; https://sixpacksecurity.services"
216.73.216.29 - - [21/Jul/2025:19:10:43 +0000] "GET /detail/captu80895271.html HTTP/1.1" 404 10873 "-" "Mozilla/5.0 AppleWebKit/537.36 (KHTML, like Gecko; compatible; ClaudeBot/1.0; [email protected])"
216.73.216.29 - - [21/Jul/2025:19:10:46 +0000] "GET /detail/thems22220929.html HTTP/1.1" 404 10874 "-" "Mozilla/5.0 AppleWebKit/537.36 (KHTML, like Gecko; compatible; ClaudeBot/1.0; [email protected])"
216.73.216.29 - - [21/Jul/2025:19:10:49 +0000] "GET /detail/confl41810259.html HTTP/1.1" 404 10874 "-" "Mozilla/5.0 AppleWebKit/537.36 (KHTML, like Gecko; compatible; ClaudeBot/1.0; [email protected])"
216.73.216.29 - - [21/Jul/2025:19:10:52 +0000] "GET /detail/widow21015233.html HTTP/1.1" 404 10874 "-" "Mozilla/5.0 AppleWebKit/537.36 (KHTML, like Gecko; compatible; ClaudeBot/1.0; [email protected])"
216.73.216.29 - - [21/Jul/2025:19:10:55 +0000] "GET /detail/bear82853279.html HTTP/1.1" 404 10874 "-" "Mozilla/5.0 AppleWebKit/537.36 (KHTML, like Gecko; compatible; ClaudeBot/1.0; [email protected])"
216.73.216.29 - - [21/Jul/2025:19:10:58 +0000] "GET /detail/picky60066285.html HTTP/1.1" 404 10874 "-" "Mozilla/5.0 AppleWebKit/537.36 (KHTML, like Gecko; compatible; ClaudeBot/1.0; [email protected])"
216.73.216.29 - - [21/Jul/2025:19:11:01 +0000] "GET /detail/toler30557834.html HTTP/1.1" 404 10873 "-" "Mozilla/5.0 AppleWebKit/537.36 (KHTML, like Gecko; compatible; ClaudeBot/1.0; [email protected])"
216.73.216.29 - - [21/Jul/2025:19:11:04 +0000] "GET /detail/port80459455.html HTTP/1.1" 404 10874 "-" "Mozilla/5.0 AppleWebKit/537.36 (KHTML, like Gecko; compatible; ClaudeBot/1.0; [email protected])"
216.73.216.29 - - [21/Jul/2025:19:11:07 +0000] "GET /detail/wait11873016.html HTTP/1.1" 404 10874 "-" "Mozilla/5.0 AppleWebKit/537.36 (KHTML, like Gecko; compatible; ClaudeBot/1.0; [email protected])"
216.73.216.29 - - [21/Jul/2025:19:11:10 +0000] "GET /detail/blast61291437.html HTTP/1.1" 404 10873 "-" "Mozilla/5.0 AppleWebKit/537.36 (KHTML, like Gecko; compatible; ClaudeBot/1.0; [email protected])"
216.73.216.29 - - [21/Jul/2025:19:11:13 +0000] "GET /detail/tomor11524816.html HTTP/1.1" 404 10873 "-" "Mozilla/5.0 AppleWebKit/537.36 (KHTML, like Gecko; compatible; ClaudeBot/1.0; [email protected])"
216.73.216.29 - - [21/Jul/2025:19:11:16 +0000] "GET /detail/adjus60415077.html HTTP/1.1" 404 10874 "-" "Mozilla/5.0 AppleWebKit/537.36 (KHTML, like Gecko; compatible; ClaudeBot/1.0; [email protected])"
216.73.216.29 - - [21/Jul/2025:19:11:19 +0000] "GET /detail/myste20001321.html HTTP/1.1" 404 10874 "-" "Mozilla/5.0 AppleWebKit/537.36 (KHTML, like Gecko; compatible; ClaudeBot/1.0; [email protected])"
216.73.216.29 - - [21/Jul/2025:19:11:22 +0000] "GET /detail/ward62223909.html HTTP/1.1" 404 10874 "-" "Mozilla/5.0 AppleWebKit/537.36 (KHTML, like Gecko; compatible; ClaudeBot/1.0; [email protected])"
40.77.167.30 - - [21/Jul/2025:19:11:22 +0000] "GET /detail/serb71079918.html HTTP/1.1" 404 10874 "-" "Mozilla/5.0 AppleWebKit/537.36 (KHTML, like Gecko; compatible; bingbot/2.0; +http://www.bing.com/bingbot.htm) Chrome/116.0.1938.76 Safari/537.36"
216.73.216.29 - - [21/Jul/2025:19:11:25 +0000] "GET /detail/thems21036929.html HTTP/1.1" 404 10874 "-" "Mozilla/5.0 AppleWebKit/537.36 (KHTML, like Gecko; compatible; ClaudeBot/1.0; [email protected])"
216.73.216.29 - - [21/Jul/2025:19:11:28 +0000] "GET /detail/squar61273141.html HTTP/1.1" 404 10874 "-" "Mozilla/5.0 AppleWebKit/537.36 (KHTML, like Gecko; compatible; ClaudeBot/1.0; [email protected])"
43.130.74.193 - - [21/Jul/2025:19:11:28 +0000] "GET / HTTP/1.1" 200 25252 "-" "Mozilla/5.0 (iPhone; CPU iPhone OS 13_2_3 like Mac OS X) AppleWebKit/605.1.15 (KHTML, like Gecko) Version/13.0.3 Mobile/15E148 Safari/604.1"
216.73.216.29 - - [21/Jul/2025:19:11:31 +0000] "GET /detail/stree10492520.html HTTP/1.1" 404 10873 "-" "Mozilla/5.0 AppleWebKit/537.36 (KHTML, like Gecko; compatible; ClaudeBot/1.0; [email protected])"
216.73.216.29 - - [21/Jul/2025:19:11:34 +0000] "GET /detail/selfi10194256.html HTTP/1.1" 404 10874 "-" "Mozilla/5.0 AppleWebKit/537.36 (KHTML, like Gecko; compatible; ClaudeBot/1.0; [email protected])"
216.73.216.29 - - [21/Jul/2025:19:11:37 +0000] "GET /detail/rotte80910767.html HTTP/1.1" 404 10875 "-" "Mozilla/5.0 AppleWebKit/537.36 (KHTML, like Gecko; compatible; ClaudeBot/1.0; [email protected])"
216.73.216.29 - - [21/Jul/2025:19:11:40 +0000] "GET /detail/wet72420062.html HTTP/1.1" 404 10874 "-" "Mozilla/5.0 AppleWebKit/537.36 (KHTML, like Gecko; compatible; ClaudeBot/1.0; [email protected])"
209.74.77.214 - - [21/Jul/2025:19:12:05 +0000] "POST /wp-cron.php?doing_wp_cron=1753125125.3946609497070312500000 HTTP/1.1" 200 - "-" "WordPress/6.8.2; https://sixpacksecurity.services"
216.73.216.29 - - [21/Jul/2025:19:12:05 +0000] "GET /detail/paw32918778.html HTTP/1.1" 404 10874 "-" "Mozilla/5.0 AppleWebKit/537.36 (KHTML, like Gecko; compatible; ClaudeBot/1.0; [email protected])"
216.73.216.29 - - [21/Jul/2025:19:12:08 +0000] "GET /detail/unabl51289396.html HTTP/1.1" 404 10874 "-" "Mozilla/5.0 AppleWebKit/537.36 (KHTML, like Gecko; compatible; ClaudeBot/1.0; [email protected])"
216.73.216.29 - - [21/Jul/2025:19:12:11 +0000] "GET /detail/dawn12131056.html HTTP/1.1" 404 10873 "-" "Mozilla/5.0 AppleWebKit/537.36 (KHTML, like Gecko; compatible; ClaudeBot/1.0; [email protected])"
216.73.216.29 - - [21/Jul/2025:19:12:14 +0000] "GET /detail/lovel81044527.html HTTP/1.1" 404 10874 "-" "Mozilla/5.0 AppleWebKit/537.36 (KHTML, like Gecko; compatible; ClaudeBot/1.0; [email protected])"
216.73.216.29 - - [21/Jul/2025:19:12:17 +0000] "GET /detail/cripp81307327.html HTTP/1.1" 404 10874 "-" "Mozilla/5.0 AppleWebKit/537.36 (KHTML, like Gecko; compatible; ClaudeBot/1.0; [email protected])"
216.73.216.29 - - [21/Jul/2025:19:12:20 +0000] "GET /detail/choke40705931.html HTTP/1.1" 404 10874 "-" "Mozilla/5.0 AppleWebKit/537.36 (KHTML, like Gecko; compatible; ClaudeBot/1.0; [email protected])"
216.73.216.29 - - [21/Jul/2025:19:12:23 +0000] "GET /detail/pleas40080075.html HTTP/1.1" 404 10873 "-" "Mozilla/5.0 AppleWebKit/537.36 (KHTML, like Gecko; compatible; ClaudeBot/1.0; [email protected])"
216.73.216.29 - - [21/Jul/2025:19:12:26 +0000] "GET /detail/squar61765141.html HTTP/1.1" 404 10874 "-" "Mozilla/5.0 AppleWebKit/537.36 (KHTML, like Gecko; compatible; ClaudeBot/1.0; [email protected])"
216.73.216.29 - - [21/Jul/2025:19:12:29 +0000] "GET /detail/impac32102450.html HTTP/1.1" 404 10874 "-" "Mozilla/5.0 AppleWebKit/537.36 (KHTML, like Gecko; compatible; ClaudeBot/1.0; [email protected])"
216.73.216.29 - - [21/Jul/2025:19:12:32 +0000] "GET /detail/pity50424764.html HTTP/1.1" 404 10874 "-" "Mozilla/5.0 AppleWebKit/537.36 (KHTML, like Gecko; compatible; ClaudeBot/1.0; [email protected])"
138.229.102.3 - - [21/Jul/2025:19:12:34 +0000] "GET /blog HTTP/1.1" 301 - "-" "Mozilla/5.0 (X11; Linux x86_64) AppleWebKit/537.36 (KHTML, like Gecko) Chrome/134.0.0.0 Safari/537.36"
138.229.102.3 - - [21/Jul/2025:19:12:34 +0000] "GET /blog/ HTTP/1.1" 200 13656 "-" "Mozilla/5.0 (X11; Linux x86_64) AppleWebKit/537.36 (KHTML, like Gecko) Chrome/134.0.0.0 Safari/537.36"
138.229.102.3 - - [21/Jul/2025:19:12:35 +0000] "GET /wp-content/plugins/contact-form-7/includes/css/styles.css?ver=6.1 HTTP/1.1" 200 1031 "https://sixpacksecurity.services/blog/" "Mozilla/5.0 (X11; Linux x86_64) AppleWebKit/537.36 (KHTML, like Gecko) Chrome/134.0.0.0 Safari/537.36"
216.73.216.29 - - [21/Jul/2025:19:12:35 +0000] "GET /detail/powde61698909.html HTTP/1.1" 404 10874 "-" "Mozilla/5.0 AppleWebKit/537.36 (KHTML, like Gecko; compatible; ClaudeBot/1.0; [email protected])"
138.229.102.3 - - [21/Jul/2025:19:12:35 +0000] "GET /wp-includes/css/dashicons.min.css?ver=6.8.2 HTTP/1.1" 200 35730 "https://sixpacksecurity.services/blog/" "Mozilla/5.0 (X11; Linux x86_64) AppleWebKit/537.36 (KHTML, like Gecko) Chrome/134.0.0.0 Safari/537.36"
138.229.102.3 - - [21/Jul/2025:19:12:35 +0000] "GET /wp-content/plugins/extendify/public/build/utility-minimum.css?ver=6.8.2 HTTP/1.1" 200 5890 "https://sixpacksecurity.services/blog/" "Mozilla/5.0 (X11; Linux x86_64) AppleWebKit/537.36 (KHTML, like Gecko) Chrome/134.0.0.0 Safari/537.36"
138.229.102.3 - - [21/Jul/2025:19:12:35 +0000] "GET /wp-content/plugins/leadconnector/public/css/lc-public.css?ver=3.0.10.1 HTTP/1.1" 200 106 "https://sixpacksecurity.services/blog/" "Mozilla/5.0 (X11; Linux x86_64) AppleWebKit/537.36 (KHTML, like Gecko) Chrome/134.0.0.0 Safari/537.36"
138.229.102.3 - - [21/Jul/2025:19:12:35 +0000] "GET /wp-content/themes/poket/venobox/venobox.css?ver=6.8.2 HTTP/1.1" 200 1357 "https://sixpacksecurity.services/blog/" "Mozilla/5.0 (X11; Linux x86_64) AppleWebKit/537.36 (KHTML, like Gecko) Chrome/134.0.0.0 Safari/537.36"
138.229.102.3 - - [21/Jul/2025:19:12:35 +0000] "GET /wp-content/themes/poket/assets/css/bootstrap.min.css?ver=6.8.2 HTTP/1.1" 200 21047 "https://sixpacksecurity.services/blog/" "Mozilla/5.0 (X11; Linux x86_64) AppleWebKit/537.36 (KHTML, like Gecko) Chrome/134.0.0.0 Safari/537.36"
138.229.102.3 - - [21/Jul/2025:19:12:35 +0000] "GET /wp-content/plugins/themex-ppro-elementor/assets/css/icofont.min.css?ver=6.8.2 HTTP/1.1" 200 16856 "https://sixpacksecurity.services/blog/" "Mozilla/5.0 (X11; Linux x86_64) AppleWebKit/537.36 (KHTML, like Gecko) Chrome/134.0.0.0 Safari/537.36"
138.229.102.3 - - [21/Jul/2025:19:12:35 +0000] "GET /wp-content/themes/poket/assets/css/slick.min.css?ver=6.8.2 HTTP/1.1" 200 504 "https://sixpacksecurity.services/blog/" "Mozilla/5.0 (X11; Linux x86_64) AppleWebKit/537.36 (KHTML, like Gecko) Chrome/134.0.0.0 Safari/537.36"
138.229.102.3 - - [21/Jul/2025:19:12:35 +0000] "GET /wp-content/themes/poket/assets/css/top_menu.css?ver=6.8.2 HTTP/1.1" 200 980 "https://sixpacksecurity.services/blog/" "Mozilla/5.0 (X11; Linux x86_64) AppleWebKit/537.36 (KHTML, like Gecko) Chrome/134.0.0.0 Safari/537.36"
138.229.102.3 - - [21/Jul/2025:19:12:35 +0000] "GET /wp-content/themes/poket/assets/css/main_style.min.css?ver=6.8.2 HTTP/1.1" 200 9992 "https://sixpacksecurity.services/blog/" "Mozilla/5.0 (X11; Linux x86_64) AppleWebKit/537.36 (KHTML, like Gecko) Chrome/134.0.0.0 Safari/537.36"
138.229.102.3 - - [21/Jul/2025:19:12:35 +0000] "GET /wp-content/themes/poket/assets/css/meanmenu.css?ver=6.8.2 HTTP/1.1" 200 953 "https://sixpacksecurity.services/blog/" "Mozilla/5.0 (X11; Linux x86_64) AppleWebKit/537.36 (KHTML, like Gecko) Chrome/134.0.0.0 Safari/537.36"
138.229.102.3 - - [21/Jul/2025:19:12:36 +0000] "GET /wp-content/themes/poket/style.css?ver=6.8.2 HTTP/1.1" 200 427 "https://sixpacksecurity.services/blog/" "Mozilla/5.0 (X11; Linux x86_64) AppleWebKit/537.36 (KHTML, like Gecko) Chrome/134.0.0.0 Safari/537.36"
138.229.102.3 - - [21/Jul/2025:19:12:36 +0000] "GET /wp-content/themes/poket/assets/css/twr_theme_color.min.css?ver=6.8.2 HTTP/1.1" 200 4432 "https://sixpacksecurity.services/blog/" "Mozilla/5.0 (X11; Linux x86_64) AppleWebKit/537.36 (KHTML, like Gecko) Chrome/134.0.0.0 Safari/537.36"
138.229.102.3 - - [21/Jul/2025:19:12:36 +0000] "GET /wp-content/themes/poket/assets/css/responsive.min.css?ver=6.8.2 HTTP/1.1" 200 2651 "https://sixpacksecurity.services/blog/" "Mozilla/5.0 (X11; Linux x86_64) AppleWebKit/537.36 (KHTML, like Gecko) Chrome/134.0.0.0 Safari/537.36"
138.229.102.3 - - [21/Jul/2025:19:12:36 +0000] "GET /wp-content/plugins/elementor/assets/lib/eicons/css/elementor-icons.min.css?ver=5.43.0 HTTP/1.1" 200 4349 "https://sixpacksecurity.services/blog/" "Mozilla/5.0 (X11; Linux x86_64) AppleWebKit/537.36 (KHTML, like Gecko) Chrome/134.0.0.0 Safari/537.36"
138.229.102.3 - - [21/Jul/2025:19:12:36 +0000] "GET /wp-content/plugins/elementor/assets/css/frontend.min.css?ver=3.30.2 HTTP/1.1" 200 7117 "https://sixpacksecurity.services/blog/" "Mozilla/5.0 (X11; Linux x86_64) AppleWebKit/537.36 (KHTML, like Gecko) Chrome/134.0.0.0 Safari/537.36"
138.229.102.3 - - [21/Jul/2025:19:12:36 +0000] "GET /wp-content/plugins/themex-ppro-elementor/assets/css/themify-icons.css?ver=6.8.2 HTTP/1.1" 200 2824 "https://sixpacksecurity.services/blog/" "Mozilla/5.0 (X11; Linux x86_64) AppleWebKit/537.36 (KHTML, like Gecko) Chrome/134.0.0.0 Safari/537.36"
138.229.102.3 - - [21/Jul/2025:19:12:36 +0000] "GET /wp-content/plugins/themex-ppro-elementor/assets/css/jqueryplugincss/animate.css?ver=6.8.2 HTTP/1.1" 200 2668 "https://sixpacksecurity.services/blog/" "Mozilla/5.0 (X11; Linux x86_64) AppleWebKit/537.36 (KHTML, like Gecko) Chrome/134.0.0.0 Safari/537.36"
138.229.102.3 - - [21/Jul/2025:19:12:36 +0000] "GET /wp-content/uploads/elementor/css/post-10.css?ver=1751947127 HTTP/1.1" 200 377 "https://sixpacksecurity.services/blog/" "Mozilla/5.0 (X11; Linux x86_64) AppleWebKit/537.36 (KHTML, like Gecko) Chrome/134.0.0.0 Safari/537.36"
138.229.102.3 - - [21/Jul/2025:19:12:36 +0000] "GET /wp-content/plugins/themex-ppro-elementor/assets/css/maincss/all_color.min.css?ver=6.8.2 HTTP/1.1" 200 7351 "https://sixpacksecurity.services/blog/" "Mozilla/5.0 (X11; Linux x86_64) AppleWebKit/537.36 (KHTML, like Gecko) Chrome/134.0.0.0 Safari/537.36"
138.229.102.3 - - [21/Jul/2025:19:12:36 +0000] "GET /wp-content/plugins/themex-ppro-elementor/assets/css/maincss/wblog.min.css?ver=6.8.2 HTTP/1.1" 200 2436 "https://sixpacksecurity.services/blog/" "Mozilla/5.0 (X11; Linux x86_64) AppleWebKit/537.36 (KHTML, like Gecko) Chrome/134.0.0.0 Safari/537.36"
138.229.102.3 - - [21/Jul/2025:19:12:36 +0000] "GET /wp-content/uploads/elementor/css/post-422.css?ver=1752007101 HTTP/1.1" 200 158 "https://sixpacksecurity.services/blog/" "Mozilla/5.0 (X11; Linux x86_64) AppleWebKit/537.36 (KHTML, like Gecko) Chrome/134.0.0.0 Safari/537.36"
138.229.102.3 - - [21/Jul/2025:19:12:36 +0000] "GET /wp-content/themes/poket/assets/css/em-breadcrumb.css?ver=6.8.2 HTTP/1.1" 200 - "https://sixpacksecurity.services/blog/" "Mozilla/5.0 (X11; Linux x86_64) AppleWebKit/537.36 (KHTML, like Gecko) Chrome/134.0.0.0 Safari/537.36"
138.229.102.3 - - [21/Jul/2025:19:12:36 +0000] "GET /wp-content/uploads/elementor/google-fonts/css/robotoslab.css?ver=1742290755 HTTP/1.1" 200 963 "https://sixpacksecurity.services/blog/" "Mozilla/5.0 (X11; Linux x86_64) AppleWebKit/537.36 (KHTML, like Gecko) Chrome/134.0.0.0 Safari/537.36"
138.229.102.3 - - [21/Jul/2025:19:12:36 +0000] "GET /wp-content/uploads/elementor/google-fonts/css/roboto.css?ver=1742290747 HTTP/1.1" 200 2874 "https://sixpacksecurity.services/blog/" "Mozilla/5.0 (X11; Linux x86_64) AppleWebKit/537.36 (KHTML, like Gecko) Chrome/134.0.0.0 Safari/537.36"
138.229.102.3 - - [21/Jul/2025:19:12:36 +0000] "GET /wp-includes/js/jquery/jquery-migrate.min.js?ver=3.4.1 HTTP/1.1" 200 4872 "https://sixpacksecurity.services/blog/" "Mozilla/5.0 (X11; Linux x86_64) AppleWebKit/537.36 (KHTML, like Gecko) Chrome/134.0.0.0 Safari/537.36"
138.229.102.3 - - [21/Jul/2025:19:12:36 +0000] "GET /wp-includes/js/jquery/jquery.min.js?ver=3.7.1 HTTP/1.1" 200 30368 "https://sixpacksecurity.services/blog/" "Mozilla/5.0 (X11; Linux x86_64) AppleWebKit/537.36 (KHTML, like Gecko) Chrome/134.0.0.0 Safari/537.36"
138.229.102.3 - - [21/Jul/2025:19:12:36 +0000] "GET /wp-content/plugins/themex-ppro-elementor/assets/css/maincss/style.plugin.css?ver=6.8.2 HTTP/1.1" 200 2739 "https://sixpacksecurity.services/blog/" "Mozilla/5.0 (X11; Linux x86_64) AppleWebKit/537.36 (KHTML, like Gecko) Chrome/134.0.0.0 Safari/537.36"
138.229.102.3 - - [21/Jul/2025:19:12:36 +0000] "GET /wp-content/plugins/themex-ppro-elementor/assets/js/direction.js?ver=1.0.0 HTTP/1.1" 200 599 "https://sixpacksecurity.services/blog/" "Mozilla/5.0 (X11; Linux x86_64) AppleWebKit/537.36 (KHTML, like Gecko) Chrome/134.0.0.0 Safari/537.36"
138.229.102.3 - - [21/Jul/2025:19:12:36 +0000] "GET /wp-content/plugins/themex-ppro-elementor/assets/js/scrollup.js?ver=1.0.0 HTTP/1.1" 200 931 "https://sixpacksecurity.services/blog/" "Mozilla/5.0 (X11; Linux x86_64) AppleWebKit/537.36 (KHTML, like Gecko) Chrome/134.0.0.0 Safari/537.36"
138.229.102.3 - - [21/Jul/2025:19:12:36 +0000] "GET /wp-content/plugins/themex-ppro-elementor/assets/js/wow.js?ver=1.0.0 HTTP/1.1" 200 2448 "https://sixpacksecurity.services/blog/" "Mozilla/5.0 (X11; Linux x86_64) AppleWebKit/537.36 (KHTML, like Gecko) Chrome/134.0.0.0 Safari/537.36"
138.229.102.3 - - [21/Jul/2025:19:12:36 +0000] "GET /wp-includes/js/dist/hooks.min.js?ver=4d63a3d491d11ffd8ac6 HTTP/1.1" 200 1648 "https://sixpacksecurity.services/blog/" "Mozilla/5.0 (X11; Linux x86_64) AppleWebKit/537.36 (KHTML, like Gecko) Chrome/134.0.0.0 Safari/537.36"
138.229.102.3 - - [21/Jul/2025:19:12:36 +0000] "GET /wp-includes/js/dist/i18n.min.js?ver=5e580eb46a90c2b997e6 HTTP/1.1" 200 3667 "https://sixpacksecurity.services/blog/" "Mozilla/5.0 (X11; Linux x86_64) AppleWebKit/537.36 (KHTML, like Gecko) Chrome/134.0.0.0 Safari/537.36"
138.229.102.3 - - [21/Jul/2025:19:12:36 +0000] "GET /wp-content/plugins/themex-ppro-elementor/assets/js/main.theme.js?ver=1.0.0 HTTP/1.1" 200 1054 "https://sixpacksecurity.services/blog/" "Mozilla/5.0 (X11; Linux x86_64) AppleWebKit/537.36 (KHTML, like Gecko) Chrome/134.0.0.0 Safari/537.36"
138.229.102.3 - - [21/Jul/2025:19:12:36 +0000] "GET /wp-content/plugins/themex-ppro-elementor/assets/js/pk-swiper-bundle.min.js?ver=1.0.0 HTTP/1.1" 200 37101 "https://sixpacksecurity.services/blog/" "Mozilla/5.0 (X11; Linux x86_64) AppleWebKit/537.36 (KHTML, like Gecko) Chrome/134.0.0.0 Safari/537.36"
138.229.102.3 - - [21/Jul/2025:19:12:36 +0000] "GET /wp-content/plugins/contact-form-7/includes/swv/js/index.js?ver=6.1 HTTP/1.1" 200 3503 "https://sixpacksecurity.services/blog/" "Mozilla/5.0 (X11; Linux x86_64) AppleWebKit/537.36 (KHTML, like Gecko) Chrome/134.0.0.0 Safari/537.36"
138.229.102.3 - - [21/Jul/2025:19:12:37 +0000] "GET /wp-content/plugins/contact-form-7/includes/js/index.js?ver=6.1 HTTP/1.1" 200 4265 "https://sixpacksecurity.services/blog/" "Mozilla/5.0 (X11; Linux x86_64) AppleWebKit/537.36 (KHTML, like Gecko) Chrome/134.0.0.0 Safari/537.36"
138.229.102.3 - - [21/Jul/2025:19:12:37 +0000] "GET /wp-content/themes/poket/assets/js/vendor/modernizr-3.11.2.min.js?ver=3.11.2 HTTP/1.1" 200 3588 "https://sixpacksecurity.services/blog/" "Mozilla/5.0 (X11; Linux x86_64) AppleWebKit/537.36 (KHTML, like Gecko) Chrome/134.0.0.0 Safari/537.36"
138.229.102.3 - - [21/Jul/2025:19:12:37 +0000] "GET /wp-content/themes/poket/assets/js/bootstrap.min.js?ver=3.3.5 HTTP/1.1" 200 14085 "https://sixpacksecurity.services/blog/" "Mozilla/5.0 (X11; Linux x86_64) AppleWebKit/537.36 (KHTML, like Gecko) Chrome/134.0.0.0 Safari/537.36"
138.229.102.3 - - [21/Jul/2025:19:12:37 +0000] "GET /wp-content/themes/poket/assets/js/jquery.meanmenu.min.js?ver=3.3.5 HTTP/1.1" 200 1422 "https://sixpacksecurity.services/blog/" "Mozilla/5.0 (X11; Linux x86_64) AppleWebKit/537.36 (KHTML, like Gecko) Chrome/134.0.0.0 Safari/537.36"
138.229.102.3 - - [21/Jul/2025:19:12:37 +0000] "GET /wp-content/themes/poket/assets/js/theme-pluginjs.js?ver=3.2.4 HTTP/1.1" 200 12458 "https://sixpacksecurity.services/blog/" "Mozilla/5.0 (X11; Linux x86_64) AppleWebKit/537.36 (KHTML, like Gecko) Chrome/134.0.0.0 Safari/537.36"
138.229.102.3 - - [21/Jul/2025:19:12:37 +0000] "GET /wp-content/plugins/themex-ppro-elementor/assets/fonts/icofont.woff2 HTTP/1.1" 200 536848 "https://sixpacksecurity.services/wp-content/plugins/themex-ppro-elementor/assets/css/icofont.min.css?ver=6.8.2" "Mozilla/5.0 (X11; Linux x86_64) AppleWebKit/537.36 (KHTML, like Gecko) Chrome/134.0.0.0 Safari/537.36"
138.229.102.3 - - [21/Jul/2025:19:12:37 +0000] "GET /wp-content/themes/poket/venobox/venobox.min.js?ver=3.2.4 HTTP/1.1" 200 3447 "https://sixpacksecurity.services/blog/" "Mozilla/5.0 (X11; Linux x86_64) AppleWebKit/537.36 (KHTML, like Gecko) Chrome/134.0.0.0 Safari/537.36"
138.229.102.3 - - [21/Jul/2025:19:12:37 +0000] "GET /wp-includes/js/imagesloaded.min.js?ver=5.0.0 HTTP/1.1" 200 1803 "https://sixpacksecurity.services/blog/" "Mozilla/5.0 (X11; Linux x86_64) AppleWebKit/537.36 (KHTML, like Gecko) Chrome/134.0.0.0 Safari/537.36"
138.229.102.3 - - [21/Jul/2025:19:12:37 +0000] "GET /wp-content/plugins/themex-ppro-elementor/assets/js/slick.min.js?ver=1.0.0 HTTP/1.1" 200 10442 "https://sixpacksecurity.services/blog/" "Mozilla/5.0 (X11; Linux x86_64) AppleWebKit/537.36 (KHTML, like Gecko) Chrome/134.0.0.0 Safari/537.36"
138.229.102.3 - - [21/Jul/2025:19:12:37 +0000] "GET /wp-content/themes/poket/assets/js/theme.js?ver=3.2.4 HTTP/1.1" 200 1538 "https://sixpacksecurity.services/blog/" "Mozilla/5.0 (X11; Linux x86_64) AppleWebKit/537.36 (KHTML, like Gecko) Chrome/134.0.0.0 Safari/537.36"
138.229.102.3 - - [21/Jul/2025:19:12:37 +0000] "GET /wp-includes/js/dist/vendor/wp-polyfill.min.js?ver=3.15.0 HTTP/1.1" 200 14471 "https://sixpacksecurity.services/blog/" "Mozilla/5.0 (X11; Linux x86_64) AppleWebKit/537.36 (KHTML, like Gecko) Chrome/134.0.0.0 Safari/537.36"
138.229.102.3 - - [21/Jul/2025:19:12:37 +0000] "GET /wp-content/plugins/contact-form-7/modules/recaptcha/index.js?ver=6.1 HTTP/1.1" 200 483 "https://sixpacksecurity.services/blog/" "Mozilla/5.0 (X11; Linux x86_64) AppleWebKit/537.36 (KHTML, like Gecko) Chrome/134.0.0.0 Safari/537.36"
138.229.102.3 - - [21/Jul/2025:19:12:37 +0000] "GET /wp-content/plugins/elementor/assets/js/webpack.runtime.min.js?ver=3.30.2 HTTP/1.1" 200 2516 "https://sixpacksecurity.services/blog/" "Mozilla/5.0 (X11; Linux x86_64) AppleWebKit/537.36 (KHTML, like Gecko) Chrome/134.0.0.0 Safari/537.36"
138.229.102.3 - - [21/Jul/2025:19:12:37 +0000] "GET /wp-content/plugins/elementor/assets/js/frontend-modules.min.js?ver=3.30.2 HTTP/1.1" 200 14815 "https://sixpacksecurity.services/blog/" "Mozilla/5.0 (X11; Linux x86_64) AppleWebKit/537.36 (KHTML, like Gecko) Chrome/134.0.0.0 Safari/537.36"
138.229.102.3 - - [21/Jul/2025:19:12:37 +0000] "GET /wp-includes/js/jquery/ui/core.min.js?ver=1.13.3 HTTP/1.1" 200 7106 "https://sixpacksecurity.services/blog/" "Mozilla/5.0 (X11; Linux x86_64) AppleWebKit/537.36 (KHTML, like Gecko) Chrome/134.0.0.0 Safari/537.36"
138.229.102.3 - - [21/Jul/2025:19:12:37 +0000] "GET /wp-content/plugins/elementor/assets/js/frontend.min.js?ver=3.30.2 HTTP/1.1" 200 10595 "https://sixpacksecurity.services/blog/" "Mozilla/5.0 (X11; Linux x86_64) AppleWebKit/537.36 (KHTML, like Gecko) Chrome/134.0.0.0 Safari/537.36"
138.229.102.3 - - [21/Jul/2025:19:12:37 +0000] "GET /wp-content/plugins/mailchimp-for-wp/assets/js/forms.js?ver=4.10.5 HTTP/1.1" 200 2591 "https://sixpacksecurity.services/blog/" "Mozilla/5.0 (X11; Linux x86_64) AppleWebKit/537.36 (KHTML, like Gecko) Chrome/134.0.0.0 Safari/537.36"
138.229.102.3 - - [21/Jul/2025:19:12:37 +0000] "GET /wp-includes/js/wp-emoji-release.min.js?ver=6.8.2 HTTP/1.1" 200 5163 "https://sixpacksecurity.services/blog/" "Mozilla/5.0 (X11; Linux x86_64) AppleWebKit/537.36 (KHTML, like Gecko) Chrome/134.0.0.0 Safari/537.36"
138.229.102.3 - - [21/Jul/2025:19:12:37 +0000] "GET /wp-content/plugins/elementor/assets/js/shared-frontend-handlers.30dc2f9c080845a413a6.bundle.min.js HTTP/1.1" 200 2682 "https://sixpacksecurity.services/blog/" "Mozilla/5.0 (X11; Linux x86_64) AppleWebKit/537.36 (KHTML, like Gecko) Chrome/134.0.0.0 Safari/537.36"
138.229.102.3 - - [21/Jul/2025:19:12:37 +0000] "GET /wp-content/plugins/elementor/assets/js/section-frontend-handlers.d85ab872da118940910d.bundle.min.js HTTP/1.1" 200 297 "https://sixpacksecurity.services/blog/" "Mozilla/5.0 (X11; Linux x86_64) AppleWebKit/537.36 (KHTML, like Gecko) Chrome/134.0.0.0 Safari/537.36"
216.73.216.29 - - [21/Jul/2025:19:12:38 +0000] "GET /detail/borde20953601.html HTTP/1.1" 404 10874 "-" "Mozilla/5.0 AppleWebKit/537.36 (KHTML, like Gecko; compatible; ClaudeBot/1.0; [email protected])"
216.73.216.29 - - [21/Jul/2025:19:12:41 +0000] "GET /detail/misgu60058149.html HTTP/1.1" 404 10873 "-" "Mozilla/5.0 AppleWebKit/537.36 (KHTML, like Gecko; compatible; ClaudeBot/1.0; [email protected])"
138.229.102.3 - - [21/Jul/2025:19:12:42 +0000] "GET /wp-content/uploads/2023/06/cropped-android-chrome-512x512-2-32x32.png HTTP/1.1" 200 692 "https://sixpacksecurity.services/blog/" "Mozilla/5.0 (X11; Linux x86_64) AppleWebKit/537.36 (KHTML, like Gecko) Chrome/134.0.0.0 Safari/537.36"
209.74.77.214 - - [21/Jul/2025:19:12:44 +0000] "POST /wp-cron.php?doing_wp_cron=1753125164.3357439041137695312500 HTTP/1.1" 200 - "-" "WordPress/6.8.2; https://sixpacksecurity.services"
216.73.216.29 - - [21/Jul/2025:19:12:44 +0000] "GET /detail/mushr42690635.html HTTP/1.1" 404 10874 "-" "Mozilla/5.0 AppleWebKit/537.36 (KHTML, like Gecko; compatible; ClaudeBot/1.0; [email protected])"
216.73.216.29 - - [21/Jul/2025:19:12:47 +0000] "GET /detail/at31988042.html HTTP/1.1" 404 10875 "-" "Mozilla/5.0 AppleWebKit/537.36 (KHTML, like Gecko; compatible; ClaudeBot/1.0; [email protected])"
216.73.216.29 - - [21/Jul/2025:19:12:50 +0000] "GET /detail/nest70350486.html HTTP/1.1" 404 10873 "-" "Mozilla/5.0 AppleWebKit/537.36 (KHTML, like Gecko; compatible; ClaudeBot/1.0; [email protected])"
216.73.216.29 - - [21/Jul/2025:19:12:53 +0000] "GET /detail/packa30984802.html HTTP/1.1" 404 10874 "-" "Mozilla/5.0 AppleWebKit/537.36 (KHTML, like Gecko; compatible; ClaudeBot/1.0; [email protected])"
216.73.216.29 - - [21/Jul/2025:19:12:56 +0000] "GET /detail/mill22290281.html HTTP/1.1" 404 10874 "-" "Mozilla/5.0 AppleWebKit/537.36 (KHTML, like Gecko; compatible; ClaudeBot/1.0; [email protected])"
216.73.216.29 - - [21/Jul/2025:19:12:59 +0000] "GET /detail/drift21774649.html HTTP/1.1" 404 10874 "-" "Mozilla/5.0 AppleWebKit/537.36 (KHTML, like Gecko; compatible; ClaudeBot/1.0; [email protected])"
52.167.144.177 - - [21/Jul/2025:19:12:59 +0000] "GET /detail/arise81994855.html HTTP/1.1" 404 10874 "-" "Mozilla/5.0 AppleWebKit/537.36 (KHTML, like Gecko; compatible; bingbot/2.0; +http://www.bing.com/bingbot.htm) Chrome/116.0.1938.76 Safari/537.36"
216.73.216.29 - - [21/Jul/2025:19:13:02 +0000] "GET /detail/dull50869612.html HTTP/1.1" 404 10873 "-" "Mozilla/5.0 AppleWebKit/537.36 (KHTML, like Gecko; compatible; ClaudeBot/1.0; [email protected])"
216.73.216.29 - - [21/Jul/2025:19:13:05 +0000] "GET /detail/devil40735307.html HTTP/1.1" 404 10873 "-" "Mozilla/5.0 AppleWebKit/537.36 (KHTML, like Gecko; compatible; ClaudeBot/1.0; [email protected])"
216.73.216.29 - - [21/Jul/2025:19:13:08 +0000] "GET /detail/crowd11981712.html HTTP/1.1" 404 10873 "-" "Mozilla/5.0 AppleWebKit/537.36 (KHTML, like Gecko; compatible; ClaudeBot/1.0; [email protected])"
216.73.216.29 - - [21/Jul/2025:19:13:11 +0000] "GET /detail/unusu40845763.html HTTP/1.1" 404 10872 "-" "Mozilla/5.0 AppleWebKit/537.36 (KHTML, like Gecko; compatible; ClaudeBot/1.0; [email protected])"
216.73.216.29 - - [21/Jul/2025:19:13:14 +0000] "GET /detail/lush51743852.html HTTP/1.1" 404 10872 "-" "Mozilla/5.0 AppleWebKit/537.36 (KHTML, like Gecko; compatible; ClaudeBot/1.0; [email protected])"
216.73.216.29 - - [21/Jul/2025:19:13:17 +0000] "GET /detail/drunk40658923.html HTTP/1.1" 404 10873 "-" "Mozilla/5.0 AppleWebKit/537.36 (KHTML, like Gecko; compatible; ClaudeBot/1.0; [email protected])"
216.73.216.29 - - [21/Jul/2025:19:13:20 +0000] "GET /detail/retel32572130.html HTTP/1.1" 404 10873 "-" "Mozilla/5.0 AppleWebKit/537.36 (KHTML, like Gecko; compatible; ClaudeBot/1.0; [email protected])"
216.73.216.29 - - [21/Jul/2025:19:13:23 +0000] "GET /detail/laud41707851.html HTTP/1.1" 404 10872 "-" "Mozilla/5.0 AppleWebKit/537.36 (KHTML, like Gecko; compatible; ClaudeBot/1.0; [email protected])"
216.73.216.29 - - [21/Jul/2025:19:13:26 +0000] "GET /detail/nothi31484898.html HTTP/1.1" 404 10873 "-" "Mozilla/5.0 AppleWebKit/537.36 (KHTML, like Gecko; compatible; ClaudeBot/1.0; [email protected])"
216.73.216.29 - - [21/Jul/2025:19:13:29 +0000] "GET /detail/rever42677971.html HTTP/1.1" 404 10873 "-" "Mozilla/5.0 AppleWebKit/537.36 (KHTML, like Gecko; compatible; ClaudeBot/1.0; [email protected])"
216.73.216.29 - - [21/Jul/2025:19:13:32 +0000] "GET /detail/dread70691358.html HTTP/1.1" 404 10873 "-" "Mozilla/5.0 AppleWebKit/537.36 (KHTML, like Gecko; compatible; ClaudeBot/1.0; [email protected])"
216.73.216.29 - - [21/Jul/2025:19:13:35 +0000] "GET /detail/buse80227919.html HTTP/1.1" 404 10873 "-" "Mozilla/5.0 AppleWebKit/537.36 (KHTML, like Gecko; compatible; ClaudeBot/1.0; [email protected])"
216.73.216.29 - - [21/Jul/2025:19:13:38 +0000] "GET /detail/weakn20035025.html HTTP/1.1" 404 10873 "-" "Mozilla/5.0 AppleWebKit/537.36 (KHTML, like Gecko; compatible; ClaudeBot/1.0; [email protected])"
216.73.216.29 - - [21/Jul/2025:19:13:41 +0000] "GET /detail/illus52174268.html HTTP/1.1" 404 10872 "-" "Mozilla/5.0 AppleWebKit/537.36 (KHTML, like Gecko; compatible; ClaudeBot/1.0; [email protected])"
209.74.77.214 - - [21/Jul/2025:19:13:44 +0000] "POST /wp-cron.php?doing_wp_cron=1753125224.3834249973297119140625 HTTP/1.1" 200 - "-" "WordPress/6.8.2; https://sixpacksecurity.services"
216.73.216.29 - - [21/Jul/2025:19:13:44 +0000] "GET /detail/aural40386563.html HTTP/1.1" 404 10873 "-" "Mozilla/5.0 AppleWebKit/537.36 (KHTML, like Gecko; compatible; ClaudeBot/1.0; [email protected])"
216.73.216.29 - - [21/Jul/2025:19:13:47 +0000] "GET /detail/slam81563111.html HTTP/1.1" 404 10873 "-" "Mozilla/5.0 AppleWebKit/537.36 (KHTML, like Gecko; compatible; ClaudeBot/1.0; [email protected])"
216.73.216.29 - - [21/Jul/2025:19:13:50 +0000] "GET /detail/luck41044579.html HTTP/1.1" 404 10872 "-" "Mozilla/5.0 AppleWebKit/537.36 (KHTML, like Gecko; compatible; ClaudeBot/1.0; [email protected])"
216.73.216.29 - - [21/Jul/2025:19:13:53 +0000] "GET /detail/admis51694044.html HTTP/1.1" 404 10873 "-" "Mozilla/5.0 AppleWebKit/537.36 (KHTML, like Gecko; compatible; ClaudeBot/1.0; [email protected])"
216.73.216.29 - - [21/Jul/2025:19:13:56 +0000] "GET /detail/nitro42099627.html HTTP/1.1" 404 10873 "-" "Mozilla/5.0 AppleWebKit/537.36 (KHTML, like Gecko; compatible; ClaudeBot/1.0; [email protected])"
216.73.216.29 - - [21/Jul/2025:19:13:59 +0000] "GET /detail/bulk72402454.html HTTP/1.1" 404 10873 "-" "Mozilla/5.0 AppleWebKit/537.36 (KHTML, like Gecko; compatible; ClaudeBot/1.0; [email protected])"
216.73.216.29 - - [21/Jul/2025:19:14:02 +0000] "GET /detail/secon82760615.html HTTP/1.1" 404 10874 "-" "Mozilla/5.0 AppleWebKit/537.36 (KHTML, like Gecko; compatible; ClaudeBot/1.0; [email protected])"
216.73.216.29 - - [21/Jul/2025:19:14:05 +0000] "GET /detail/targe21495761.html HTTP/1.1" 404 10874 "-" "Mozilla/5.0 AppleWebKit/537.36 (KHTML, like Gecko; compatible; ClaudeBot/1.0; [email protected])"
216.73.216.29 - - [21/Jul/2025:19:14:12 +0000] "GET /detail/veloc60987637.html HTTP/1.1" 404 10874 "-" "Mozilla/5.0 AppleWebKit/537.36 (KHTML, like Gecko; compatible; ClaudeBot/1.0; [email protected])"
216.73.216.29 - - [21/Jul/2025:19:14:15 +0000] "GET /detail/alter82549815.html HTTP/1.1" 404 10874 "-" "Mozilla/5.0 AppleWebKit/537.36 (KHTML, like Gecko; compatible; ClaudeBot/1.0; [email protected])"
216.73.216.29 - - [21/Jul/2025:19:14:18 +0000] "GET /detail/outco81510359.html HTTP/1.1" 404 10874 "-" "Mozilla/5.0 AppleWebKit/537.36 (KHTML, like Gecko; compatible; ClaudeBot/1.0; [email protected])"
216.73.216.29 - - [21/Jul/2025:19:14:21 +0000] "GET /detail/ever50005084.html HTTP/1.1" 404 10873 "-" "Mozilla/5.0 AppleWebKit/537.36 (KHTML, like Gecko; compatible; ClaudeBot/1.0; [email protected])"
216.73.216.29 - - [21/Jul/2025:19:14:24 +0000] "GET /detail/won42971939.html HTTP/1.1" 404 10874 "-" "Mozilla/5.0 AppleWebKit/537.36 (KHTML, like Gecko; compatible; ClaudeBot/1.0; [email protected])"
216.73.216.29 - - [21/Jul/2025:19:14:27 +0000] "GET /detail/lack30490842.html HTTP/1.1" 404 10874 "-" "Mozilla/5.0 AppleWebKit/537.36 (KHTML, like Gecko; compatible; ClaudeBot/1.0; [email protected])"
52.167.144.177 - - [21/Jul/2025:19:14:30 +0000] "GET /detail/engag51045900.html HTTP/1.1" 404 10873 "-" "Mozilla/5.0 AppleWebKit/537.36 (KHTML, like Gecko; compatible; bingbot/2.0; +http://www.bing.com/bingbot.htm) Chrome/116.0.1938.76 Safari/537.36"
216.73.216.29 - - [21/Jul/2025:19:14:30 +0000] "GET /detail/stiff62374821.html HTTP/1.1" 404 10873 "-" "Mozilla/5.0 AppleWebKit/537.36 (KHTML, like Gecko; compatible; ClaudeBot/1.0; [email protected])"
216.73.216.29 - - [21/Jul/2025:19:14:33 +0000] "GET /detail/mirac11246840.html HTTP/1.1" 404 10874 "-" "Mozilla/5.0 AppleWebKit/537.36 (KHTML, like Gecko; compatible; ClaudeBot/1.0; [email protected])"
216.73.216.29 - - [21/Jul/2025:19:14:36 +0000] "GET /detail/infec80939151.html HTTP/1.1" 404 10874 "-" "Mozilla/5.0 AppleWebKit/537.36 (KHTML, like Gecko; compatible; ClaudeBot/1.0; [email protected])"
216.73.216.29 - - [21/Jul/2025:19:14:39 +0000] "GET /detail/hydro41522891.html HTTP/1.1" 404 10874 "-" "Mozilla/5.0 AppleWebKit/537.36 (KHTML, like Gecko; compatible; ClaudeBot/1.0; [email protected])"
216.73.216.29 - - [21/Jul/2025:19:14:42 +0000] "GET /detail/candi30041994.html HTTP/1.1" 404 10874 "-" "Mozilla/5.0 AppleWebKit/537.36 (KHTML, like Gecko; compatible; ClaudeBot/1.0; [email protected])"
209.74.77.214 - - [21/Jul/2025:19:14:45 +0000] "POST /wp-cron.php?doing_wp_cron=1753125285.3719129562377929687500 HTTP/1.1" 200 - "-" "WordPress/6.8.2; https://sixpacksecurity.services"
216.73.216.29 - - [21/Jul/2025:19:14:45 +0000] "GET /detail/rock21265233.html HTTP/1.1" 404 10874 "-" "Mozilla/5.0 AppleWebKit/537.36 (KHTML, like Gecko; compatible; ClaudeBot/1.0; [email protected])"
216.73.216.29 - - [21/Jul/2025:19:14:48 +0000] "GET /detail/snake50284452.html HTTP/1.1" 404 10875 "-" "Mozilla/5.0 AppleWebKit/537.36 (KHTML, like Gecko; compatible; ClaudeBot/1.0; [email protected])"
216.73.216.29 - - [21/Jul/2025:19:14:51 +0000] "GET /detail/choke42001931.html HTTP/1.1" 404 10873 "-" "Mozilla/5.0 AppleWebKit/537.36 (KHTML, like Gecko; compatible; ClaudeBot/1.0; [email protected])"
216.73.216.29 - - [21/Jul/2025:19:14:54 +0000] "GET /detail/cost80997807.html HTTP/1.1" 404 10874 "-" "Mozilla/5.0 AppleWebKit/537.36 (KHTML, like Gecko; compatible; ClaudeBot/1.0; [email protected])"
216.73.216.29 - - [21/Jul/2025:19:14:57 +0000] "GET /detail/faste50159620.html HTTP/1.1" 404 10875 "-" "Mozilla/5.0 AppleWebKit/537.36 (KHTML, like Gecko; compatible; ClaudeBot/1.0; [email protected])"
216.73.216.29 - - [21/Jul/2025:19:15:00 +0000] "GET /detail/inspe82642199.html HTTP/1.1" 404 10874 "-" "Mozilla/5.0 AppleWebKit/537.36 (KHTML, like Gecko; compatible; ClaudeBot/1.0; [email protected])"
216.73.216.29 - - [21/Jul/2025:19:15:03 +0000] "GET /detail/kite42008907.html HTTP/1.1" 404 10873 "-" "Mozilla/5.0 AppleWebKit/537.36 (KHTML, like Gecko; compatible; ClaudeBot/1.0; [email protected])"
216.73.216.29 - - [21/Jul/2025:19:15:06 +0000] "GET /detail/curta61130765.html HTTP/1.1" 404 10874 "-" "Mozilla/5.0 AppleWebKit/537.36 (KHTML, like Gecko; compatible; ClaudeBot/1.0; [email protected])"
216.73.216.29 - - [21/Jul/2025:19:15:13 +0000] "GET /detail/silve22733585.html HTTP/1.1" 404 10872 "-" "Mozilla/5.0 AppleWebKit/537.36 (KHTML, like Gecko; compatible; ClaudeBot/1.0; [email protected])"
216.73.216.29 - - [21/Jul/2025:19:15:16 +0000] "GET /detail/indus41149163.html HTTP/1.1" 404 10873 "-" "Mozilla/5.0 AppleWebKit/537.36 (KHTML, like Gecko; compatible; ClaudeBot/1.0; [email protected])"
216.73.216.29 - - [21/Jul/2025:19:15:19 +0000] "GET /detail/lean62107333.html HTTP/1.1" 404 10873 "-" "Mozilla/5.0 AppleWebKit/537.36 (KHTML, like Gecko; compatible; ClaudeBot/1.0; [email protected])"
216.73.216.29 - - [21/Jul/2025:19:15:22 +0000] "GET /detail/massi21069985.html HTTP/1.1" 404 10874 "-" "Mozilla/5.0 AppleWebKit/537.36 (KHTML, like Gecko; compatible; ClaudeBot/1.0; [email protected])"
216.73.216.29 - - [21/Jul/2025:19:15:25 +0000] "GET /detail/liner42166619.html HTTP/1.1" 404 10874 "-" "Mozilla/5.0 AppleWebKit/537.36 (KHTML, like Gecko; compatible; ClaudeBot/1.0; [email protected])"
216.73.216.29 - - [21/Jul/2025:19:15:28 +0000] "GET /detail/spell21345545.html HTTP/1.1" 404 10874 "-" "Mozilla/5.0 AppleWebKit/537.36 (KHTML, like Gecko; compatible; ClaudeBot/1.0; [email protected])"
216.73.216.29 - - [21/Jul/2025:19:15:31 +0000] "GET /detail/infer31774754.html HTTP/1.1" 404 10874 "-" "Mozilla/5.0 AppleWebKit/537.36 (KHTML, like Gecko; compatible; ClaudeBot/1.0; [email protected])"
216.73.216.29 - - [21/Jul/2025:19:15:34 +0000] "GET /detail/enclo21423505.html HTTP/1.1" 404 10874 "-" "Mozilla/5.0 AppleWebKit/537.36 (KHTML, like Gecko; compatible; ClaudeBot/1.0; [email protected])"
216.73.216.29 - - [21/Jul/2025:19:15:37 +0000] "GET /detail/cemen60642989.html HTTP/1.1" 404 10875 "-" "Mozilla/5.0 AppleWebKit/537.36 (KHTML, like Gecko; compatible; ClaudeBot/1.0; [email protected])"
216.73.216.29 - - [21/Jul/2025:19:15:40 +0000] "GET /detail/enhan60194189.html HTTP/1.1" 404 10874 "-" "Mozilla/5.0 AppleWebKit/537.36 (KHTML, like Gecko; compatible; ClaudeBot/1.0; [email protected])"
209.74.77.214 - - [21/Jul/2025:19:15:43 +0000] "POST /wp-cron.php?doing_wp_cron=1753125343.5767319202423095703125 HTTP/1.1" 200 - "-" "WordPress/6.8.2; https://sixpacksecurity.services"
216.73.216.29 - - [21/Jul/2025:19:15:43 +0000] "GET /detail/corn81175535.html HTTP/1.1" 404 10874 "-" "Mozilla/5.0 AppleWebKit/537.36 (KHTML, like Gecko; compatible; ClaudeBot/1.0; [email protected])"
216.73.216.29 - - [21/Jul/2025:19:15:46 +0000] "GET /detail/recha62382237.html HTTP/1.1" 404 10874 "-" "Mozilla/5.0 AppleWebKit/537.36 (KHTML, like Gecko; compatible; ClaudeBot/1.0; [email protected])"
216.73.216.29 - - [21/Jul/2025:19:15:49 +0000] "GET /detail/knob50443244.html HTTP/1.1" 404 10875 "-" "Mozilla/5.0 AppleWebKit/537.36 (KHTML, like Gecko; compatible; ClaudeBot/1.0; [email protected])"
216.73.216.29 - - [21/Jul/2025:19:15:52 +0000] "GET /detail/assig72018006.html HTTP/1.1" 404 10875 "-" "Mozilla/5.0 AppleWebKit/537.36 (KHTML, like Gecko; compatible; ClaudeBot/1.0; [email protected])"
216.73.216.29 - - [21/Jul/2025:19:15:55 +0000] "GET /detail/eamon62611997.html HTTP/1.1" 404 10874 "-" "Mozilla/5.0 AppleWebKit/537.36 (KHTML, like Gecko; compatible; ClaudeBot/1.0; [email protected])"
57.141.2.21 - - [21/Jul/2025:19:15:58 +0000] "GET /detail/anybo52193324.html HTTP/1.1" 404 50135 "-" "meta-externalagent/1.1 (+https://developers.facebook.com/docs/sharing/webmasters/crawler)"
216.73.216.29 - - [21/Jul/2025:19:15:58 +0000] "GET /detail/comfo61632589.html HTTP/1.1" 404 10875 "-" "Mozilla/5.0 AppleWebKit/537.36 (KHTML, like Gecko; compatible; ClaudeBot/1.0; [email protected])"
216.73.216.29 - - [21/Jul/2025:19:16:01 +0000] "GET /detail/this51344812.html HTTP/1.1" 404 10873 "-" "Mozilla/5.0 AppleWebKit/537.36 (KHTML, like Gecko; compatible; ClaudeBot/1.0; [email protected])"
216.73.216.29 - - [21/Jul/2025:19:16:04 +0000] "GET /detail/surpr20833065.html HTTP/1.1" 404 10874 "-" "Mozilla/5.0 AppleWebKit/537.36 (KHTML, like Gecko; compatible; ClaudeBot/1.0; [email protected])"
57.141.2.12 - - [21/Jul/2025:19:16:06 +0000] "GET /detail/dial32703130.html HTTP/1.1" 404 50135 "-" "meta-externalagent/1.1 (+https://developers.facebook.com/docs/sharing/webmasters/crawler)"
216.73.216.29 - - [21/Jul/2025:19:16:07 +0000] "GET /detail/bacon62843789.html HTTP/1.1" 404 10874 "-" "Mozilla/5.0 AppleWebKit/537.36 (KHTML, like Gecko; compatible; ClaudeBot/1.0; [email protected])"
216.73.216.29 - - [21/Jul/2025:19:16:10 +0000] "GET /detail/beard70057526.html HTTP/1.1" 404 10873 "-" "Mozilla/5.0 AppleWebKit/537.36 (KHTML, like Gecko; compatible; ClaudeBot/1.0; [email protected])"
57.141.2.18 - - [21/Jul/2025:19:16:10 +0000] "GET /detail/pin42134763.html HTTP/1.1" 404 50135 "-" "meta-externalagent/1.1 (+https://developers.facebook.com/docs/sharing/webmasters/crawler)"
216.73.216.29 - - [21/Jul/2025:19:16:13 +0000] "GET /detail/morta81163559.html HTTP/1.1" 404 10874 "-" "Mozilla/5.0 AppleWebKit/537.36 (KHTML, like Gecko; compatible; ClaudeBot/1.0; [email protected])"
216.73.216.29 - - [21/Jul/2025:19:16:16 +0000] "GET /detail/enoug10125104.html HTTP/1.1" 404 10873 "-" "Mozilla/5.0 AppleWebKit/537.36 (KHTML, like Gecko; compatible; ClaudeBot/1.0; [email protected])"
57.141.2.4 - - [21/Jul/2025:19:16:33 +0000] "GET /detail/aroun10005192.html HTTP/1.1" 404 50135 "-" "meta-externalagent/1.1 (+https://developers.facebook.com/docs/sharing/webmasters/crawler)"
216.73.216.29 - - [21/Jul/2025:19:16:34 +0000] "GET /detail/towar81809535.html HTTP/1.1" 404 10874 "-" "Mozilla/5.0 AppleWebKit/537.36 (KHTML, like Gecko; compatible; ClaudeBot/1.0; [email protected])"
57.141.2.14 - - [21/Jul/2025:19:16:36 +0000] "GET /detail/welfa32378202.html HTTP/1.1" 404 50135 "-" "meta-externalagent/1.1 (+https://developers.facebook.com/docs/sharing/webmasters/crawler)"
216.73.216.29 - - [21/Jul/2025:19:16:37 +0000] "GET /detail/indee61830733.html HTTP/1.1" 404 10875 "-" "Mozilla/5.0 AppleWebKit/537.36 (KHTML, like Gecko; compatible; ClaudeBot/1.0; [email protected])"
216.73.216.29 - - [21/Jul/2025:19:16:40 +0000] "GET /detail/custo60905461.html HTTP/1.1" 404 10874 "-" "Mozilla/5.0 AppleWebKit/537.36 (KHTML, like Gecko; compatible; ClaudeBot/1.0; [email protected])"
209.74.77.214 - - [21/Jul/2025:19:16:43 +0000] "POST /wp-cron.php?doing_wp_cron=1753125403.4230580329895019531250 HTTP/1.1" 200 - "-" "WordPress/6.8.2; https://sixpacksecurity.services"
216.73.216.29 - - [21/Jul/2025:19:16:43 +0000] "GET /detail/surfa82484735.html HTTP/1.1" 404 10874 "-" "Mozilla/5.0 AppleWebKit/537.36 (KHTML, like Gecko; compatible; ClaudeBot/1.0; [email protected])"
57.141.2.6 - - [21/Jul/2025:19:16:45 +0000] "GET /detail/appea21732233.html HTTP/1.1" 404 50135 "-" "meta-externalagent/1.1 (+https://developers.facebook.com/docs/sharing/webmasters/crawler)"
66.249.74.36 - - [21/Jul/2025:19:16:44 +0000] "GET /sitemapm.xml HTTP/1.1" 200 15418 "-" "Mozilla/5.0 (compatible; Googlebot/2.1; +http://www.google.com/bot.html)"
216.73.216.29 - - [21/Jul/2025:19:16:46 +0000] "GET /detail/imagi71636454.html HTTP/1.1" 404 10874 "-" "Mozilla/5.0 AppleWebKit/537.36 (KHTML, like Gecko; compatible; ClaudeBot/1.0; [email protected])"
