57.141.2.23 - - [21/Jul/2025:15:31:03 +0000] "GET /detail/how61808949.html HTTP/1.1" 404 50135 "-" "meta-externalagent/1.1 (+https://developers.facebook.com/docs/sharing/webmasters/crawler)"
216.73.216.180 - - [21/Jul/2025:15:31:03 +0000] "GET /detail/many31253522.html HTTP/1.1" 404 10872 "-" "Mozilla/5.0 AppleWebKit/537.36 (KHTML, like Gecko; compatible; ClaudeBot/1.0; [email protected])"
216.73.216.180 - - [21/Jul/2025:15:31:06 +0000] "GET /detail/get31601786.html HTTP/1.1" 404 10874 "-" "Mozilla/5.0 AppleWebKit/537.36 (KHTML, like Gecko; compatible; ClaudeBot/1.0; [email protected])"
216.73.216.180 - - [21/Jul/2025:15:31:09 +0000] "GET /detail/enabl32229962.html HTTP/1.1" 404 10875 "-" "Mozilla/5.0 AppleWebKit/537.36 (KHTML, like Gecko; compatible; ClaudeBot/1.0; [email protected])"
57.141.2.11 - - [21/Jul/2025:15:31:10 +0000] "GET /detail/coppe81871135.html HTTP/1.1" 404 50135 "-" "meta-externalagent/1.1 (+https://developers.facebook.com/docs/sharing/webmasters/crawler)"
216.73.216.180 - - [21/Jul/2025:15:31:12 +0000] "GET /detail/disas82283375.html HTTP/1.1" 404 10875 "-" "Mozilla/5.0 AppleWebKit/537.36 (KHTML, like Gecko; compatible; ClaudeBot/1.0; [email protected])"
216.73.216.180 - - [21/Jul/2025:15:31:15 +0000] "GET /detail/hambu11253128.html HTTP/1.1" 404 10875 "-" "Mozilla/5.0 AppleWebKit/537.36 (KHTML, like Gecko; compatible; ClaudeBot/1.0; [email protected])"
216.73.216.180 - - [21/Jul/2025:15:31:18 +0000] "GET /detail/whene10172640.html HTTP/1.1" 404 10875 "-" "Mozilla/5.0 AppleWebKit/537.36 (KHTML, like Gecko; compatible; ClaudeBot/1.0; [email protected])"
57.141.2.24 - - [21/Jul/2025:15:31:18 +0000] "GET /detail/emit60669869.html HTTP/1.1" 404 50135 "-" "meta-externalagent/1.1 (+https://developers.facebook.com/docs/sharing/webmasters/crawler)"
216.73.216.180 - - [21/Jul/2025:15:31:21 +0000] "GET /detail/expre32120066.html HTTP/1.1" 404 10874 "-" "Mozilla/5.0 AppleWebKit/537.36 (KHTML, like Gecko; compatible; ClaudeBot/1.0; [email protected])"
216.73.216.180 - - [21/Jul/2025:15:31:24 +0000] "GET /detail/graci62958901.html HTTP/1.1" 404 10875 "-" "Mozilla/5.0 AppleWebKit/537.36 (KHTML, like Gecko; compatible; ClaudeBot/1.0; [email protected])"
57.141.2.30 - - [21/Jul/2025:15:31:26 +0000] "GET /detail/wase62235925.html HTTP/1.1" 404 50135 "-" "meta-externalagent/1.1 (+https://developers.facebook.com/docs/sharing/webmasters/crawler)"
216.73.216.180 - - [21/Jul/2025:15:31:27 +0000] "GET /detail/as20716305.html HTTP/1.1" 404 10875 "-" "Mozilla/5.0 AppleWebKit/537.36 (KHTML, like Gecko; compatible; ClaudeBot/1.0; [email protected])"
216.73.216.180 - - [21/Jul/2025:15:31:30 +0000] "GET /detail/sandw12668232.html HTTP/1.1" 404 10874 "-" "Mozilla/5.0 AppleWebKit/537.36 (KHTML, like Gecko; compatible; ClaudeBot/1.0; [email protected])"
216.73.216.180 - - [21/Jul/2025:15:31:34 +0000] "GET /detail/alert82422031.html HTTP/1.1" 404 10875 "-" "Mozilla/5.0 AppleWebKit/537.36 (KHTML, like Gecko; compatible; ClaudeBot/1.0; [email protected])"
57.141.2.30 - - [21/Jul/2025:15:31:34 +0000] "GET /detail/ameri11632016.html HTTP/1.1" 404 50135 "-" "meta-externalagent/1.1 (+https://developers.facebook.com/docs/sharing/webmasters/crawler)"
216.73.216.180 - - [21/Jul/2025:15:31:36 +0000] "GET /detail/deepe82294447.html HTTP/1.1" 404 10875 "-" "Mozilla/5.0 AppleWebKit/537.36 (KHTML, like Gecko; compatible; ClaudeBot/1.0; [email protected])"
216.73.216.180 - - [21/Jul/2025:15:31:39 +0000] "GET /detail/assoc52893516.html HTTP/1.1" 404 10875 "-" "Mozilla/5.0 AppleWebKit/537.36 (KHTML, like Gecko; compatible; ClaudeBot/1.0; [email protected])"
57.141.2.5 - - [21/Jul/2025:15:31:41 +0000] "GET /detail/he61440045.html HTTP/1.1" 404 50135 "-" "meta-externalagent/1.1 (+https://developers.facebook.com/docs/sharing/webmasters/crawler)"
216.73.216.180 - - [21/Jul/2025:15:31:42 +0000] "GET /detail/slave82957903.html HTTP/1.1" 404 10875 "-" "Mozilla/5.0 AppleWebKit/537.36 (KHTML, like Gecko; compatible; ClaudeBot/1.0; [email protected])"
209.74.77.214 - - [21/Jul/2025:15:31:45 +0000] "POST /wp-cron.php?doing_wp_cron=1753111905.9432969093322753906250 HTTP/1.1" 200 - "-" "WordPress/6.8.2; https://sixpacksecurity.services"
216.73.216.180 - - [21/Jul/2025:15:31:45 +0000] "GET /detail/upbri72033846.html HTTP/1.1" 404 10874 "-" "Mozilla/5.0 AppleWebKit/537.36 (KHTML, like Gecko; compatible; ClaudeBot/1.0; [email protected])"
216.73.216.180 - - [21/Jul/2025:15:31:48 +0000] "GET /detail/none32272610.html HTTP/1.1" 404 10875 "-" "Mozilla/5.0 AppleWebKit/537.36 (KHTML, like Gecko; compatible; ClaudeBot/1.0; [email protected])"
216.73.216.180 - - [21/Jul/2025:15:31:53 +0000] "GET /detail/slap22751737.html HTTP/1.1" 404 10874 "-" "Mozilla/5.0 AppleWebKit/537.36 (KHTML, like Gecko; compatible; ClaudeBot/1.0; [email protected])"
216.73.216.180 - - [21/Jul/2025:15:31:56 +0000] "GET /detail/hub71682446.html HTTP/1.1" 404 10874 "-" "Mozilla/5.0 AppleWebKit/537.36 (KHTML, like Gecko; compatible; ClaudeBot/1.0; [email protected])"
216.73.216.180 - - [21/Jul/2025:15:31:59 +0000] "GET /detail/foreh50795564.html HTTP/1.1" 404 10875 "-" "Mozilla/5.0 AppleWebKit/537.36 (KHTML, like Gecko; compatible; ClaudeBot/1.0; [email protected])"
216.73.216.180 - - [21/Jul/2025:15:32:02 +0000] "GET /detail/homog10287784.html HTTP/1.1" 404 10874 "-" "Mozilla/5.0 AppleWebKit/537.36 (KHTML, like Gecko; compatible; ClaudeBot/1.0; [email protected])"
216.73.216.180 - - [21/Jul/2025:15:32:05 +0000] "GET /detail/urgen30499138.html HTTP/1.1" 404 10875 "-" "Mozilla/5.0 AppleWebKit/537.36 (KHTML, like Gecko; compatible; ClaudeBot/1.0; [email protected])"
216.73.216.180 - - [21/Jul/2025:15:32:08 +0000] "GET /detail/bed71013198.html HTTP/1.1" 404 10875 "-" "Mozilla/5.0 AppleWebKit/537.36 (KHTML, like Gecko; compatible; ClaudeBot/1.0; [email protected])"
216.73.216.180 - - [21/Jul/2025:15:32:11 +0000] "GET /detail/budge31810026.html HTTP/1.1" 404 10874 "-" "Mozilla/5.0 AppleWebKit/537.36 (KHTML, like Gecko; compatible; ClaudeBot/1.0; [email protected])"
216.73.216.180 - - [21/Jul/2025:15:32:14 +0000] "GET /detail/guara60938405.html HTTP/1.1" 404 10874 "-" "Mozilla/5.0 AppleWebKit/537.36 (KHTML, like Gecko; compatible; ClaudeBot/1.0; [email protected])"
157.55.39.8 - - [21/Jul/2025:15:32:15 +0000] "GET /detail/bruis21550689.html HTTP/1.1" 404 10874 "-" "Mozilla/5.0 AppleWebKit/537.36 (KHTML, like Gecko; compatible; bingbot/2.0; +http://www.bing.com/bingbot.htm) Chrome/116.0.1938.76 Safari/537.36"
216.73.216.180 - - [21/Jul/2025:15:32:17 +0000] "GET /detail/pigeo40574723.html HTTP/1.1" 404 10875 "-" "Mozilla/5.0 AppleWebKit/537.36 (KHTML, like Gecko; compatible; ClaudeBot/1.0; [email protected])"
157.55.39.8 - - [21/Jul/2025:15:32:18 +0000] "GET /detail/barre12214776.html HTTP/1.1" 404 10875 "-" "Mozilla/5.0 AppleWebKit/537.36 (KHTML, like Gecko; compatible; bingbot/2.0; +http://www.bing.com/bingbot.htm) Chrome/116.0.1938.76 Safari/537.36"
57.141.2.11 - - [21/Jul/2025:15:32:18 +0000] "GET /detail/april12668784.html HTTP/1.1" 404 50135 "-" "meta-externalagent/1.1 (+https://developers.facebook.com/docs/sharing/webmasters/crawler)"
216.73.216.180 - - [21/Jul/2025:15:32:20 +0000] "GET /detail/one21256297.html HTTP/1.1" 404 10874 "-" "Mozilla/5.0 AppleWebKit/537.36 (KHTML, like Gecko; compatible; ClaudeBot/1.0; [email protected])"
52.167.144.176 - - [21/Jul/2025:15:32:20 +0000] "GET /detail/farm40317051.html HTTP/1.1" 404 10874 "-" "Mozilla/5.0 AppleWebKit/537.36 (KHTML, like Gecko; compatible; bingbot/2.0; +http://www.bing.com/bingbot.htm) Chrome/116.0.1938.76 Safari/537.36"
216.73.216.180 - - [21/Jul/2025:15:32:23 +0000] "GET /detail/perfo21469337.html HTTP/1.1" 404 10874 "-" "Mozilla/5.0 AppleWebKit/537.36 (KHTML, like Gecko; compatible; ClaudeBot/1.0; [email protected])"
216.73.216.180 - - [21/Jul/2025:15:32:27 +0000] "GET /detail/ameri11596016.html HTTP/1.1" 404 10875 "-" "Mozilla/5.0 AppleWebKit/537.36 (KHTML, like Gecko; compatible; ClaudeBot/1.0; [email protected])"
216.73.216.180 - - [21/Jul/2025:15:32:29 +0000] "GET /detail/athle52106908.html HTTP/1.1" 404 10875 "-" "Mozilla/5.0 AppleWebKit/537.36 (KHTML, like Gecko; compatible; ClaudeBot/1.0; [email protected])"
216.73.216.180 - - [21/Jul/2025:15:32:32 +0000] "GET /detail/freed71270638.html HTTP/1.1" 404 10874 "-" "Mozilla/5.0 AppleWebKit/537.36 (KHTML, like Gecko; compatible; ClaudeBot/1.0; [email protected])"
216.73.216.180 - - [21/Jul/2025:15:32:35 +0000] "GET /detail/crude82706551.html HTTP/1.1" 404 10875 "-" "Mozilla/5.0 AppleWebKit/537.36 (KHTML, like Gecko; compatible; ClaudeBot/1.0; [email protected])"
216.73.216.180 - - [21/Jul/2025:15:32:38 +0000] "GET /detail/right12136760.html HTTP/1.1" 404 10875 "-" "Mozilla/5.0 AppleWebKit/537.36 (KHTML, like Gecko; compatible; ClaudeBot/1.0; [email protected])"
57.141.2.8 - - [21/Jul/2025:15:32:38 +0000] "GET /detail/plent71628566.html HTTP/1.1" 404 50135 "-" "meta-externalagent/1.1 (+https://developers.facebook.com/docs/sharing/webmasters/crawler)"
216.73.216.180 - - [21/Jul/2025:15:32:41 +0000] "GET /detail/naval10966480.html HTTP/1.1" 404 10874 "-" "Mozilla/5.0 AppleWebKit/537.36 (KHTML, like Gecko; compatible; ClaudeBot/1.0; [email protected])"
66.249.74.38 - - [21/Jul/2025:15:32:41 +0000] "GET /detail/basin62978941.html HTTP/1.1" 200 39955 "-" "Mozilla/5.0 (Linux; Android 6.0.1; Nexus 5X Build/MMB29P) AppleWebKit/537.36 (KHTML, like Gecko) Chrome/137.0.7151.103 Mobile Safari/537.36 (compatible; Googlebot/2.1; +http://www.google.com/bot.html)"
209.74.77.214 - - [21/Jul/2025:15:32:44 +0000] "POST /wp-cron.php?doing_wp_cron=1753111964.6455540657043457031250 HTTP/1.1" 200 - "-" "WordPress/6.8.2; https://sixpacksecurity.services"
216.73.216.180 - - [21/Jul/2025:15:32:44 +0000] "GET /detail/curb61294109.html HTTP/1.1" 404 10875 "-" "Mozilla/5.0 AppleWebKit/537.36 (KHTML, like Gecko; compatible; ClaudeBot/1.0; [email protected])"
57.141.2.3 - - [21/Jul/2025:15:32:46 +0000] "GET /detail/downw21678481.html HTTP/1.1" 404 50135 "-" "meta-externalagent/1.1 (+https://developers.facebook.com/docs/sharing/webmasters/crawler)"
216.73.216.180 - - [21/Jul/2025:15:32:47 +0000] "GET /detail/ridic22859201.html HTTP/1.1" 404 10875 "-" "Mozilla/5.0 AppleWebKit/537.36 (KHTML, like Gecko; compatible; ClaudeBot/1.0; [email protected])"
216.73.216.180 - - [21/Jul/2025:15:32:50 +0000] "GET /detail/limp70475814.html HTTP/1.1" 404 10874 "-" "Mozilla/5.0 AppleWebKit/537.36 (KHTML, like Gecko; compatible; ClaudeBot/1.0; [email protected])"
216.73.216.180 - - [21/Jul/2025:15:32:53 +0000] "GET /detail/artic42892475.html HTTP/1.1" 404 10874 "-" "Mozilla/5.0 AppleWebKit/537.36 (KHTML, like Gecko; compatible; ClaudeBot/1.0; [email protected])"
57.141.2.24 - - [21/Jul/2025:15:32:54 +0000] "GET /detail/pillo60019597.html HTTP/1.1" 404 50135 "-" "meta-externalagent/1.1 (+https://developers.facebook.com/docs/sharing/webmasters/crawler)"
216.73.216.180 - - [21/Jul/2025:15:32:56 +0000] "GET /detail/conde71482606.html HTTP/1.1" 404 10875 "-" "Mozilla/5.0 AppleWebKit/537.36 (KHTML, like Gecko; compatible; ClaudeBot/1.0; [email protected])"
216.73.216.180 - - [21/Jul/2025:15:32:59 +0000] "GET /detail/heter31843690.html HTTP/1.1" 404 10875 "-" "Mozilla/5.0 AppleWebKit/537.36 (KHTML, like Gecko; compatible; ClaudeBot/1.0; [email protected])"
57.141.2.9 - - [21/Jul/2025:15:33:01 +0000] "GET /detail/grate51982500.html HTTP/1.1" 404 50135 "-" "meta-externalagent/1.1 (+https://developers.facebook.com/docs/sharing/webmasters/crawler)"
216.73.216.180 - - [21/Jul/2025:15:33:02 +0000] "GET /detail/unkno42483331.html HTTP/1.1" 404 10875 "-" "Mozilla/5.0 AppleWebKit/537.36 (KHTML, like Gecko; compatible; ClaudeBot/1.0; [email protected])"
216.73.216.180 - - [21/Jul/2025:15:33:05 +0000] "GET /detail/bored20569577.html HTTP/1.1" 404 10875 "-" "Mozilla/5.0 AppleWebKit/537.36 (KHTML, like Gecko; compatible; ClaudeBot/1.0; [email protected])"
216.73.216.180 - - [21/Jul/2025:15:33:08 +0000] "GET /detail/daily11476712.html HTTP/1.1" 404 10875 "-" "Mozilla/5.0 AppleWebKit/537.36 (KHTML, like Gecko; compatible; ClaudeBot/1.0; [email protected])"
57.141.2.14 - - [21/Jul/2025:15:33:09 +0000] "GET /detail/regio10751384.html HTTP/1.1" 404 50135 "-" "meta-externalagent/1.1 (+https://developers.facebook.com/docs/sharing/webmasters/crawler)"
216.73.216.180 - - [21/Jul/2025:15:33:11 +0000] "GET /detail/brass82883223.html HTTP/1.1" 404 10874 "-" "Mozilla/5.0 AppleWebKit/537.36 (KHTML, like Gecko; compatible; ClaudeBot/1.0; [email protected])"
216.73.216.180 - - [21/Jul/2025:15:33:14 +0000] "GET /detail/candi30469994.html HTTP/1.1" 404 10875 "-" "Mozilla/5.0 AppleWebKit/537.36 (KHTML, like Gecko; compatible; ClaudeBot/1.0; [email protected])"
216.73.216.180 - - [21/Jul/2025:15:33:17 +0000] "GET /detail/statu61902085.html HTTP/1.1" 404 10875 "-" "Mozilla/5.0 AppleWebKit/537.36 (KHTML, like Gecko; compatible; ClaudeBot/1.0; [email protected])"
216.73.216.180 - - [21/Jul/2025:15:33:20 +0000] "GET /detail/giraf31288026.html HTTP/1.1" 404 10874 "-" "Mozilla/5.0 AppleWebKit/537.36 (KHTML, like Gecko; compatible; ClaudeBot/1.0; [email protected])"
216.73.216.180 - - [21/Jul/2025:15:33:23 +0000] "GET /detail/engli50576228.html HTTP/1.1" 404 10873 "-" "Mozilla/5.0 AppleWebKit/537.36 (KHTML, like Gecko; compatible; ClaudeBot/1.0; [email protected])"
216.73.216.180 - - [21/Jul/2025:15:33:26 +0000] "GET /detail/garba30891578.html HTTP/1.1" 404 10874 "-" "Mozilla/5.0 AppleWebKit/537.36 (KHTML, like Gecko; compatible; ClaudeBot/1.0; [email protected])"
216.73.216.180 - - [21/Jul/2025:15:33:29 +0000] "GET /detail/griev52994996.html HTTP/1.1" 404 10874 "-" "Mozilla/5.0 AppleWebKit/537.36 (KHTML, like Gecko; compatible; ClaudeBot/1.0; [email protected])"
216.73.216.180 - - [21/Jul/2025:15:33:32 +0000] "GET /detail/waite42681451.html HTTP/1.1" 404 10874 "-" "Mozilla/5.0 AppleWebKit/537.36 (KHTML, like Gecko; compatible; ClaudeBot/1.0; [email protected])"
216.73.216.180 - - [21/Jul/2025:15:33:35 +0000] "GET /detail/sope51375884.html HTTP/1.1" 404 10874 "-" "Mozilla/5.0 AppleWebKit/537.36 (KHTML, like Gecko; compatible; ClaudeBot/1.0; [email protected])"
216.73.216.180 - - [21/Jul/2025:15:33:38 +0000] "GET /detail/surf82717687.html HTTP/1.1" 404 10875 "-" "Mozilla/5.0 AppleWebKit/537.36 (KHTML, like Gecko; compatible; ClaudeBot/1.0; [email protected])"
216.73.216.180 - - [21/Jul/2025:15:33:41 +0000] "GET /detail/kilom10541248.html HTTP/1.1" 404 10873 "-" "Mozilla/5.0 AppleWebKit/537.36 (KHTML, like Gecko; compatible; ClaudeBot/1.0; [email protected])"
209.74.77.214 - - [21/Jul/2025:15:33:44 +0000] "POST /wp-cron.php?doing_wp_cron=1753112024.6266250610351562500000 HTTP/1.1" 200 - "-" "WordPress/6.8.2; https://sixpacksecurity.services"
180.163.220.125 - - [21/Jul/2025:15:33:44 +0000] "GET / HTTP/1.1" 301 - "-" "Mozilla/5.0 (Macintosh; Intel Mac OS X 10_15_7) AppleWebKit/537.36 (KHTML, like Gecko) Chrome/120.0.0.0 Safari/537.36 Edg/120.0.0.0"
216.73.216.180 - - [21/Jul/2025:15:33:44 +0000] "GET /detail/follo30501178.html HTTP/1.1" 404 10874 "-" "Mozilla/5.0 AppleWebKit/537.36 (KHTML, like Gecko; compatible; ClaudeBot/1.0; [email protected])"
216.73.216.180 - - [21/Jul/2025:15:33:47 +0000] "GET /detail/withs70267174.html HTTP/1.1" 404 10875 "-" "Mozilla/5.0 AppleWebKit/537.36 (KHTML, like Gecko; compatible; ClaudeBot/1.0; [email protected])"
216.73.216.180 - - [21/Jul/2025:15:33:50 +0000] "GET /detail/briti52303300.html HTTP/1.1" 404 10874 "-" "Mozilla/5.0 AppleWebKit/537.36 (KHTML, like Gecko; compatible; ClaudeBot/1.0; [email protected])"
216.73.216.180 - - [21/Jul/2025:15:33:53 +0000] "GET /detail/perfe20740953.html HTTP/1.1" 404 10874 "-" "Mozilla/5.0 AppleWebKit/537.36 (KHTML, like Gecko; compatible; ClaudeBot/1.0; [email protected])"
180.163.220.96 - - [21/Jul/2025:15:33:55 +0000] "GET /favicon.ico HTTP/1.1" 302 - "-" "Mozilla/5.0 (Macintosh; Intel Mac OS X 10_7_0) AppleWebKit/535.11 (KHTML, like Gecko) Chrome/17.0.963.56 Safari/535.11"
216.73.216.180 - - [21/Jul/2025:15:33:58 +0000] "GET /detail/partn61417701.html HTTP/1.1" 404 10875 "-" "Mozilla/5.0 AppleWebKit/537.36 (KHTML, like Gecko; compatible; ClaudeBot/1.0; [email protected])"
180.163.220.47 - - [21/Jul/2025:15:34:01 +0000] "GET /wp-content/uploads/2023/06/cropped-android-chrome-512x512-2-32x32.png HTTP/1.1" 200 692 "https://www.sixpacksecurity.services/favicon.ico" "Mozilla/5.0 (Macintosh; Intel Mac OS X 10_7_0) AppleWebKit/535.11 (KHTML, like Gecko) Chrome/17.0.963.56 Safari/535.11"
216.73.216.180 - - [21/Jul/2025:15:34:01 +0000] "GET /detail/afte72603998.html HTTP/1.1" 404 10873 "-" "Mozilla/5.0 AppleWebKit/537.36 (KHTML, like Gecko; compatible; ClaudeBot/1.0; [email protected])"
216.73.216.180 - - [21/Jul/2025:15:34:04 +0000] "GET /detail/ant31901162.html HTTP/1.1" 404 10874 "-" "Mozilla/5.0 AppleWebKit/537.36 (KHTML, like Gecko; compatible; ClaudeBot/1.0; [email protected])"
180.163.220.45 - - [21/Jul/2025:15:34:05 +0000] "GET /robots.txt HTTP/1.1" 200 128 "-" "Mozilla/5.0 (Macintosh; Intel Mac OS X 10_7_0) AppleWebKit/535.11 (KHTML, like Gecko) Chrome/17.0.963.56 Safari/535.11"
216.73.216.180 - - [21/Jul/2025:15:34:07 +0000] "GET /detail/in51748748.html HTTP/1.1" 404 10875 "-" "Mozilla/5.0 AppleWebKit/537.36 (KHTML, like Gecko; compatible; ClaudeBot/1.0; [email protected])"
180.163.220.45 - - [21/Jul/2025:15:34:12 +0000] "GET /sitemap.xml HTTP/1.1" 200 206 "-" "Mozilla/5.0 (Macintosh; Intel Mac OS X 10_7_0) AppleWebKit/535.11 (KHTML, like Gecko) Chrome/17.0.963.56 Safari/535.11"
216.73.216.180 - - [21/Jul/2025:15:34:12 +0000] "GET /detail/unres82485839.html HTTP/1.1" 404 10874 "-" "Mozilla/5.0 AppleWebKit/537.36 (KHTML, like Gecko; compatible; ClaudeBot/1.0; [email protected])"
216.73.216.180 - - [21/Jul/2025:15:34:13 +0000] "GET /detail/sear62131885.html HTTP/1.1" 404 10874 "-" "Mozilla/5.0 AppleWebKit/537.36 (KHTML, like Gecko; compatible; ClaudeBot/1.0; [email protected])"
216.73.216.180 - - [21/Jul/2025:15:34:16 +0000] "GET /detail/icky50027844.html HTTP/1.1" 404 10874 "-" "Mozilla/5.0 AppleWebKit/537.36 (KHTML, like Gecko; compatible; ClaudeBot/1.0; [email protected])"
216.73.216.180 - - [21/Jul/2025:15:34:19 +0000] "GET /detail/helic70365622.html HTTP/1.1" 404 10874 "-" "Mozilla/5.0 AppleWebKit/537.36 (KHTML, like Gecko; compatible; ClaudeBot/1.0; [email protected])"
216.73.216.180 - - [21/Jul/2025:15:34:22 +0000] "GET /detail/diagn80615783.html HTTP/1.1" 404 10874 "-" "Mozilla/5.0 AppleWebKit/537.36 (KHTML, like Gecko; compatible; ClaudeBot/1.0; [email protected])"
216.73.216.180 - - [21/Jul/2025:15:34:25 +0000] "GET /detail/comed41713491.html HTTP/1.1" 404 10874 "-" "Mozilla/5.0 AppleWebKit/537.36 (KHTML, like Gecko; compatible; ClaudeBot/1.0; [email protected])"
66.249.74.37 - - [21/Jul/2025:15:34:27 +0000] "GET /detail/arm31072298.html HTTP/1.1" 200 40592 "-" "Mozilla/5.0 (Linux; Android 6.0.1; Nexus 5X Build/MMB29P) AppleWebKit/537.36 (KHTML, like Gecko) Chrome/137.0.7151.103 Mobile Safari/537.36 (compatible; Googlebot/2.1; +http://www.google.com/bot.html)"
216.73.216.180 - - [21/Jul/2025:15:34:28 +0000] "GET /detail/solic10539680.html HTTP/1.1" 404 10875 "-" "Mozilla/5.0 AppleWebKit/537.36 (KHTML, like Gecko; compatible; ClaudeBot/1.0; [email protected])"
216.73.216.180 - - [21/Jul/2025:15:34:32 +0000] "GET /detail/hat61289189.html HTTP/1.1" 404 10875 "-" "Mozilla/5.0 AppleWebKit/537.36 (KHTML, like Gecko; compatible; ClaudeBot/1.0; [email protected])"
216.73.216.180 - - [21/Jul/2025:15:34:34 +0000] "GET /detail/spur62323469.html HTTP/1.1" 404 10873 "-" "Mozilla/5.0 AppleWebKit/537.36 (KHTML, like Gecko; compatible; ClaudeBot/1.0; [email protected])"
216.73.216.180 - - [21/Jul/2025:15:34:37 +0000] "GET /detail/of32325090.html HTTP/1.1" 404 10875 "-" "Mozilla/5.0 AppleWebKit/537.36 (KHTML, like Gecko; compatible; ClaudeBot/1.0; [email protected])"
66.249.74.36 - - [21/Jul/2025:15:34:37 +0000] "GET /detail/prote11392840.html HTTP/1.1" 200 40304 "-" "Mozilla/5.0 (Linux; Android 6.0.1; Nexus 5X Build/MMB29P) AppleWebKit/537.36 (KHTML, like Gecko) Chrome/137.0.7151.103 Mobile Safari/537.36 (compatible; Googlebot/2.1; +http://www.google.com/bot.html)"
216.73.216.180 - - [21/Jul/2025:15:34:40 +0000] "GET /detail/remov21641897.html HTTP/1.1" 404 10874 "-" "Mozilla/5.0 AppleWebKit/537.36 (KHTML, like Gecko; compatible; ClaudeBot/1.0; [email protected])"
209.74.77.214 - - [21/Jul/2025:15:34:43 +0000] "POST /wp-cron.php?doing_wp_cron=1753112083.5306360721588134765625 HTTP/1.1" 200 - "-" "WordPress/6.8.2; https://sixpacksecurity.services"
216.73.216.180 - - [21/Jul/2025:15:34:43 +0000] "GET /detail/sigh72387790.html HTTP/1.1" 404 10874 "-" "Mozilla/5.0 AppleWebKit/537.36 (KHTML, like Gecko; compatible; ClaudeBot/1.0; [email protected])"
216.73.216.180 - - [21/Jul/2025:15:34:46 +0000] "GET /detail/vent10507904.html HTTP/1.1" 404 10875 "-" "Mozilla/5.0 AppleWebKit/537.36 (KHTML, like Gecko; compatible; ClaudeBot/1.0; [email protected])"
216.73.216.180 - - [21/Jul/2025:15:34:49 +0000] "GET /detail/adjec50618660.html HTTP/1.1" 404 10875 "-" "Mozilla/5.0 AppleWebKit/537.36 (KHTML, like Gecko; compatible; ClaudeBot/1.0; [email protected])"
216.73.216.180 - - [21/Jul/2025:15:34:52 +0000] "GET /detail/whip11855240.html HTTP/1.1" 404 10874 "-" "Mozilla/5.0 AppleWebKit/537.36 (KHTML, like Gecko; compatible; ClaudeBot/1.0; [email protected])"
216.73.216.180 - - [21/Jul/2025:15:34:56 +0000] "GET /detail/disad31113706.html HTTP/1.1" 404 10875 "-" "Mozilla/5.0 AppleWebKit/537.36 (KHTML, like Gecko; compatible; ClaudeBot/1.0; [email protected])"
216.73.216.180 - - [21/Jul/2025:15:34:58 +0000] "GET /detail/enthu20502473.html HTTP/1.1" 404 10875 "-" "Mozilla/5.0 AppleWebKit/537.36 (KHTML, like Gecko; compatible; ClaudeBot/1.0; [email protected])"
216.73.216.180 - - [21/Jul/2025:15:35:01 +0000] "GET /detail/yolk21931913.html HTTP/1.1" 404 10873 "-" "Mozilla/5.0 AppleWebKit/537.36 (KHTML, like Gecko; compatible; ClaudeBot/1.0; [email protected])"
216.73.216.180 - - [21/Jul/2025:15:35:04 +0000] "GET /detail/engla61064237.html HTTP/1.1" 404 10874 "-" "Mozilla/5.0 AppleWebKit/537.36 (KHTML, like Gecko; compatible; ClaudeBot/1.0; [email protected])"
216.73.216.180 - - [21/Jul/2025:15:35:07 +0000] "GET /detail/forty40448155.html HTTP/1.1" 404 10875 "-" "Mozilla/5.0 AppleWebKit/537.36 (KHTML, like Gecko; compatible; ClaudeBot/1.0; [email protected])"
216.73.216.180 - - [21/Jul/2025:15:35:10 +0000] "GET /detail/rolle32818882.html HTTP/1.1" 404 10874 "-" "Mozilla/5.0 AppleWebKit/537.36 (KHTML, like Gecko; compatible; ClaudeBot/1.0; [email protected])"
216.73.216.180 - - [21/Jul/2025:15:35:13 +0000] "GET /detail/actio71589286.html HTTP/1.1" 404 10873 "-" "Mozilla/5.0 AppleWebKit/537.36 (KHTML, like Gecko; compatible; ClaudeBot/1.0; [email protected])"
216.73.216.180 - - [21/Jul/2025:15:35:16 +0000] "GET /detail/gende81974095.html HTTP/1.1" 404 10874 "-" "Mozilla/5.0 AppleWebKit/537.36 (KHTML, like Gecko; compatible; ClaudeBot/1.0; [email protected])"
216.73.216.180 - - [21/Jul/2025:15:35:19 +0000] "GET /detail/gown32534794.html HTTP/1.1" 404 10874 "-" "Mozilla/5.0 AppleWebKit/537.36 (KHTML, like Gecko; compatible; ClaudeBot/1.0; [email protected])"
216.73.216.180 - - [21/Jul/2025:15:35:22 +0000] "GET /detail/spade12275624.html HTTP/1.1" 404 10874 "-" "Mozilla/5.0 AppleWebKit/537.36 (KHTML, like Gecko; compatible; ClaudeBot/1.0; [email protected])"
216.73.216.180 - - [21/Jul/2025:15:35:25 +0000] "GET /detail/arm31880298.html HTTP/1.1" 404 10874 "-" "Mozilla/5.0 AppleWebKit/537.36 (KHTML, like Gecko; compatible; ClaudeBot/1.0; [email protected])"
216.73.216.180 - - [21/Jul/2025:15:35:28 +0000] "GET /detail/bark30975522.html HTTP/1.1" 404 10874 "-" "Mozilla/5.0 AppleWebKit/537.36 (KHTML, like Gecko; compatible; ClaudeBot/1.0; [email protected])"
216.73.216.180 - - [21/Jul/2025:15:35:32 +0000] "GET /detail/glare42234987.html HTTP/1.1" 404 10874 "-" "Mozilla/5.0 AppleWebKit/537.36 (KHTML, like Gecko; compatible; ClaudeBot/1.0; [email protected])"
216.73.216.180 - - [21/Jul/2025:15:35:35 +0000] "GET /detail/supre22570761.html HTTP/1.1" 404 10874 "-" "Mozilla/5.0 AppleWebKit/537.36 (KHTML, like Gecko; compatible; ClaudeBot/1.0; [email protected])"
216.73.216.180 - - [21/Jul/2025:15:35:38 +0000] "GET /detail/favou30346586.html HTTP/1.1" 404 10875 "-" "Mozilla/5.0 AppleWebKit/537.36 (KHTML, like Gecko; compatible; ClaudeBot/1.0; [email protected])"
216.73.216.180 - - [21/Jul/2025:15:35:41 +0000] "GET /detail/negat42957795.html HTTP/1.1" 404 10874 "-" "Mozilla/5.0 AppleWebKit/537.36 (KHTML, like Gecko; compatible; ClaudeBot/1.0; [email protected])"
209.74.77.214 - - [21/Jul/2025:15:35:44 +0000] "POST /wp-cron.php?doing_wp_cron=1753112144.9279160499572753906250 HTTP/1.1" 200 - "-" "WordPress/6.8.2; https://sixpacksecurity.services"
216.73.216.180 - - [21/Jul/2025:15:35:44 +0000] "GET /detail/sting51162484.html HTTP/1.1" 404 10874 "-" "Mozilla/5.0 AppleWebKit/537.36 (KHTML, like Gecko; compatible; ClaudeBot/1.0; [email protected])"
216.73.216.180 - - [21/Jul/2025:15:35:47 +0000] "GET /detail/drink80093719.html HTTP/1.1" 404 10875 "-" "Mozilla/5.0 AppleWebKit/537.36 (KHTML, like Gecko; compatible; ClaudeBot/1.0; [email protected])"
216.73.216.180 - - [21/Jul/2025:15:35:50 +0000] "GET /detail/pack40725379.html HTTP/1.1" 404 10873 "-" "Mozilla/5.0 AppleWebKit/537.36 (KHTML, like Gecko; compatible; ClaudeBot/1.0; [email protected])"
216.73.216.180 - - [21/Jul/2025:15:35:53 +0000] "GET /detail/chief80211599.html HTTP/1.1" 404 10874 "-" "Mozilla/5.0 AppleWebKit/537.36 (KHTML, like Gecko; compatible; ClaudeBot/1.0; [email protected])"
216.73.216.180 - - [21/Jul/2025:15:35:56 +0000] "GET /detail/pop32585386.html HTTP/1.1" 404 10874 "-" "Mozilla/5.0 AppleWebKit/537.36 (KHTML, like Gecko; compatible; ClaudeBot/1.0; [email protected])"
66.249.74.36 - - [21/Jul/2025:15:35:57 +0000] "GET /detail/pray10027328.html HTTP/1.1" 200 40443 "-" "Mozilla/5.0 (Linux; Android 6.0.1; Nexus 5X Build/MMB29P) AppleWebKit/537.36 (KHTML, like Gecko) Chrome/137.0.7151.103 Mobile Safari/537.36 (compatible; Googlebot/2.1; +http://www.google.com/bot.html)"
216.73.216.180 - - [21/Jul/2025:15:35:59 +0000] "GET /detail/depos31158954.html HTTP/1.1" 404 10874 "-" "Mozilla/5.0 AppleWebKit/537.36 (KHTML, like Gecko; compatible; ClaudeBot/1.0; [email protected])"
216.73.216.180 - - [21/Jul/2025:15:36:02 +0000] "GET /detail/their62724061.html HTTP/1.1" 404 10872 "-" "Mozilla/5.0 AppleWebKit/537.36 (KHTML, like Gecko; compatible; ClaudeBot/1.0; [email protected])"
216.73.216.180 - - [21/Jul/2025:15:36:05 +0000] "GET /detail/aircr12059408.html HTTP/1.1" 404 10874 "-" "Mozilla/5.0 AppleWebKit/537.36 (KHTML, like Gecko; compatible; ClaudeBot/1.0; [email protected])"
216.73.216.180 - - [21/Jul/2025:15:36:08 +0000] "GET /detail/rarel72210598.html HTTP/1.1" 404 10875 "-" "Mozilla/5.0 AppleWebKit/537.36 (KHTML, like Gecko; compatible; ClaudeBot/1.0; [email protected])"
216.73.216.180 - - [21/Jul/2025:15:36:11 +0000] "GET /detail/debat42355563.html HTTP/1.1" 404 10874 "-" "Mozilla/5.0 AppleWebKit/537.36 (KHTML, like Gecko; compatible; ClaudeBot/1.0; [email protected])"
216.73.216.180 - - [21/Jul/2025:15:36:14 +0000] "GET /detail/sidew80594279.html HTTP/1.1" 404 10873 "-" "Mozilla/5.0 AppleWebKit/537.36 (KHTML, like Gecko; compatible; ClaudeBot/1.0; [email protected])"
216.73.216.180 - - [21/Jul/2025:15:36:17 +0000] "GET /detail/clerk60577741.html HTTP/1.1" 404 10875 "-" "Mozilla/5.0 AppleWebKit/537.36 (KHTML, like Gecko; compatible; ClaudeBot/1.0; [email protected])"
66.249.74.37 - - [21/Jul/2025:15:36:19 +0000] "GET /detail/brain10240608.html HTTP/1.1" 200 39887 "-" "Mozilla/5.0 (compatible; Googlebot/2.1; +http://www.google.com/bot.html)"
216.73.216.180 - - [21/Jul/2025:15:36:21 +0000] "GET /detail/shark22557593.html HTTP/1.1" 404 10873 "-" "Mozilla/5.0 AppleWebKit/537.36 (KHTML, like Gecko; compatible; ClaudeBot/1.0; [email protected])"
216.73.216.180 - - [21/Jul/2025:15:36:24 +0000] "GET /detail/ours41688947.html HTTP/1.1" 404 10874 "-" "Mozilla/5.0 AppleWebKit/537.36 (KHTML, like Gecko; compatible; ClaudeBot/1.0; [email protected])"
216.73.216.180 - - [21/Jul/2025:15:36:26 +0000] "GET /detail/vile32739906.html HTTP/1.1" 404 10875 "-" "Mozilla/5.0 AppleWebKit/537.36 (KHTML, like Gecko; compatible; ClaudeBot/1.0; [email protected])"
216.73.216.180 - - [21/Jul/2025:15:36:29 +0000] "GET /detail/tiro31675898.html HTTP/1.1" 404 10874 "-" "Mozilla/5.0 AppleWebKit/537.36 (KHTML, like Gecko; compatible; ClaudeBot/1.0; [email protected])"
216.73.216.180 - - [21/Jul/2025:15:36:32 +0000] "GET /detail/tissu30714746.html HTTP/1.1" 404 10874 "-" "Mozilla/5.0 AppleWebKit/537.36 (KHTML, like Gecko; compatible; ClaudeBot/1.0; [email protected])"
216.73.216.180 - - [21/Jul/2025:15:36:35 +0000] "GET /detail/lick22811465.html HTTP/1.1" 404 10873 "-" "Mozilla/5.0 AppleWebKit/537.36 (KHTML, like Gecko; compatible; ClaudeBot/1.0; [email protected])"
216.73.216.180 - - [21/Jul/2025:15:36:38 +0000] "GET /detail/tram72023926.html HTTP/1.1" 404 10875 "-" "Mozilla/5.0 AppleWebKit/537.36 (KHTML, like Gecko; compatible; ClaudeBot/1.0; [email protected])"
216.73.216.180 - - [21/Jul/2025:15:36:41 +0000] "GET /detail/honey71797774.html HTTP/1.1" 404 10874 "-" "Mozilla/5.0 AppleWebKit/537.36 (KHTML, like Gecko; compatible; ClaudeBot/1.0; [email protected])"
209.74.77.214 - - [21/Jul/2025:15:36:44 +0000] "POST /wp-cron.php?doing_wp_cron=1753112204.9446170330047607421875 HTTP/1.1" 200 - "-" "WordPress/6.8.2; https://sixpacksecurity.services"
216.73.216.180 - - [21/Jul/2025:15:36:44 +0000] "GET /detail/pensi41282427.html HTTP/1.1" 404 10874 "-" "Mozilla/5.0 AppleWebKit/537.36 (KHTML, like Gecko; compatible; ClaudeBot/1.0; [email protected])"
216.73.216.180 - - [21/Jul/2025:15:36:47 +0000] "GET /detail/sent62727917.html HTTP/1.1" 404 10875 "-" "Mozilla/5.0 AppleWebKit/537.36 (KHTML, like Gecko; compatible; ClaudeBot/1.0; [email protected])"
216.73.216.180 - - [21/Jul/2025:15:36:50 +0000] "GET /detail/steer60114037.html HTTP/1.1" 404 10873 "-" "Mozilla/5.0 AppleWebKit/537.36 (KHTML, like Gecko; compatible; ClaudeBot/1.0; [email protected])"
216.73.216.180 - - [21/Jul/2025:15:36:53 +0000] "GET /detail/cargo51435204.html HTTP/1.1" 404 10874 "-" "Mozilla/5.0 AppleWebKit/537.36 (KHTML, like Gecko; compatible; ClaudeBot/1.0; [email protected])"
132.232.144.200 - - [21/Jul/2025:15:36:53 +0000] "GET / HTTP/1.1" 200 25252 "http://sixpacksecurity.services" "Mozilla/5.0 (iPhone; CPU iPhone OS 13_2_3 like Mac OS X) AppleWebKit/605.1.15 (KHTML, like Gecko) Version/13.0.3 Mobile/15E148 Safari/604.1"
216.73.216.180 - - [21/Jul/2025:15:36:56 +0000] "GET /detail/domes60670229.html HTTP/1.1" 404 10875 "-" "Mozilla/5.0 AppleWebKit/537.36 (KHTML, like Gecko; compatible; ClaudeBot/1.0; [email protected])"
216.73.216.180 - - [21/Jul/2025:15:36:59 +0000] "GET /detail/act72316350.html HTTP/1.1" 404 10875 "-" "Mozilla/5.0 AppleWebKit/537.36 (KHTML, like Gecko; compatible; ClaudeBot/1.0; [email protected])"
216.73.216.180 - - [21/Jul/2025:15:37:02 +0000] "GET /detail/pill72339630.html HTTP/1.1" 404 10874 "-" "Mozilla/5.0 AppleWebKit/537.36 (KHTML, like Gecko; compatible; ClaudeBot/1.0; [email protected])"
216.73.216.180 - - [21/Jul/2025:15:37:06 +0000] "GET /detail/cance40200011.html HTTP/1.1" 404 10874 "-" "Mozilla/5.0 AppleWebKit/537.36 (KHTML, like Gecko; compatible; ClaudeBot/1.0; [email protected])"
216.73.216.180 - - [21/Jul/2025:15:37:08 +0000] "GET /detail/goal72400502.html HTTP/1.1" 404 10875 "-" "Mozilla/5.0 AppleWebKit/537.36 (KHTML, like Gecko; compatible; ClaudeBot/1.0; [email protected])"
216.73.216.180 - - [21/Jul/2025:15:37:12 +0000] "GET /detail/brisk20082929.html HTTP/1.1" 404 10874 "-" "Mozilla/5.0 AppleWebKit/537.36 (KHTML, like Gecko; compatible; ClaudeBot/1.0; [email protected])"
216.73.216.180 - - [21/Jul/2025:15:37:15 +0000] "GET /detail/clasp62554565.html HTTP/1.1" 404 10874 "-" "Mozilla/5.0 AppleWebKit/537.36 (KHTML, like Gecko; compatible; ClaudeBot/1.0; [email protected])"
216.73.216.180 - - [21/Jul/2025:15:37:21 +0000] "GET /sitemapb.xml HTTP/1.1" 200 10826 "-" "Mozilla/5.0 AppleWebKit/537.36 (KHTML, like Gecko; compatible; ClaudeBot/1.0; [email protected])"
216.73.216.180 - - [21/Jul/2025:15:37:24 +0000] "GET /sitemapa.xml HTTP/1.1" 200 11828 "-" "Mozilla/5.0 AppleWebKit/537.36 (KHTML, like Gecko; compatible; ClaudeBot/1.0; [email protected])"
216.73.216.180 - - [21/Jul/2025:15:37:27 +0000] "GET /detail/beer81131215.html HTTP/1.1" 404 10875 "-" "Mozilla/5.0 AppleWebKit/537.36 (KHTML, like Gecko; compatible; ClaudeBot/1.0; [email protected])"
216.73.216.180 - - [21/Jul/2025:15:37:30 +0000] "GET /detail/balco40971723.html HTTP/1.1" 404 10874 "-" "Mozilla/5.0 AppleWebKit/537.36 (KHTML, like Gecko; compatible; ClaudeBot/1.0; [email protected])"
216.73.216.180 - - [21/Jul/2025:15:37:33 +0000] "GET /detail/ceili52548820.html HTTP/1.1" 404 10874 "-" "Mozilla/5.0 AppleWebKit/537.36 (KHTML, like Gecko; compatible; ClaudeBot/1.0; [email protected])"
216.73.216.180 - - [21/Jul/2025:15:37:36 +0000] "GET /detail/lunch62968765.html HTTP/1.1" 404 10875 "-" "Mozilla/5.0 AppleWebKit/537.36 (KHTML, like Gecko; compatible; ClaudeBot/1.0; [email protected])"
57.141.2.25 - - [21/Jul/2025:15:37:38 +0000] "GET /detail/harmo82150367.html HTTP/1.1" 404 50135 "-" "meta-externalagent/1.1 (+https://developers.facebook.com/docs/sharing/webmasters/crawler)"
216.73.216.180 - - [21/Jul/2025:15:37:39 +0000] "GET /detail/befor31552306.html HTTP/1.1" 404 10874 "-" "Mozilla/5.0 AppleWebKit/537.36 (KHTML, like Gecko; compatible; ClaudeBot/1.0; [email protected])"
216.73.216.180 - - [21/Jul/2025:15:37:42 +0000] "GET /detail/being21483273.html HTTP/1.1" 404 10875 "-" "Mozilla/5.0 AppleWebKit/537.36 (KHTML, like Gecko; compatible; ClaudeBot/1.0; [email protected])"
209.74.77.214 - - [21/Jul/2025:15:37:46 +0000] "POST /wp-cron.php?doing_wp_cron=1753112266.0262660980224609375000 HTTP/1.1" 200 - "-" "WordPress/6.8.2; https://sixpacksecurity.services"
216.73.216.180 - - [21/Jul/2025:15:37:45 +0000] "GET /detail/fair52469068.html HTTP/1.1" 404 10875 "-" "Mozilla/5.0 AppleWebKit/537.36 (KHTML, like Gecko; compatible; ClaudeBot/1.0; [email protected])"
216.73.216.180 - - [21/Jul/2025:15:37:48 +0000] "GET /detail/actio70953286.html HTTP/1.1" 404 10875 "-" "Mozilla/5.0 AppleWebKit/537.36 (KHTML, like Gecko; compatible; ClaudeBot/1.0; [email protected])"
216.73.216.180 - - [21/Jul/2025:15:37:51 +0000] "GET /detail/ignor52989860.html HTTP/1.1" 404 10874 "-" "Mozilla/5.0 AppleWebKit/537.36 (KHTML, like Gecko; compatible; ClaudeBot/1.0; [email protected])"
216.73.216.180 - - [21/Jul/2025:15:37:54 +0000] "GET /detail/eager22254753.html HTTP/1.1" 404 10875 "-" "Mozilla/5.0 AppleWebKit/537.36 (KHTML, like Gecko; compatible; ClaudeBot/1.0; [email protected])"
216.73.216.180 - - [21/Jul/2025:15:37:57 +0000] "GET /detail/then40088595.html HTTP/1.1" 404 10875 "-" "Mozilla/5.0 AppleWebKit/537.36 (KHTML, like Gecko; compatible; ClaudeBot/1.0; [email protected])"
216.73.216.180 - - [21/Jul/2025:15:38:00 +0000] "GET /detail/whale60261157.html HTTP/1.1" 404 10874 "-" "Mozilla/5.0 AppleWebKit/537.36 (KHTML, like Gecko; compatible; ClaudeBot/1.0; [email protected])"
216.73.216.180 - - [21/Jul/2025:15:38:03 +0000] "GET /detail/headi31115298.html HTTP/1.1" 404 10874 "-" "Mozilla/5.0 AppleWebKit/537.36 (KHTML, like Gecko; compatible; ClaudeBot/1.0; [email protected])"
216.73.216.180 - - [21/Jul/2025:15:38:06 +0000] "GET /detail/sprin62309013.html HTTP/1.1" 404 10875 "-" "Mozilla/5.0 AppleWebKit/537.36 (KHTML, like Gecko; compatible; ClaudeBot/1.0; [email protected])"
216.73.216.180 - - [21/Jul/2025:15:38:09 +0000] "GET /detail/deaf81876591.html HTTP/1.1" 404 10875 "-" "Mozilla/5.0 AppleWebKit/537.36 (KHTML, like Gecko; compatible; ClaudeBot/1.0; [email protected])"
216.73.216.180 - - [21/Jul/2025:15:38:12 +0000] "GET /detail/oxyge12119712.html HTTP/1.1" 404 10874 "-" "Mozilla/5.0 AppleWebKit/537.36 (KHTML, like Gecko; compatible; ClaudeBot/1.0; [email protected])"
216.73.216.180 - - [21/Jul/2025:15:38:15 +0000] "GET /detail/carro40293555.html HTTP/1.1" 404 10875 "-" "Mozilla/5.0 AppleWebKit/537.36 (KHTML, like Gecko; compatible; ClaudeBot/1.0; [email protected])"
216.73.216.180 - - [21/Jul/2025:15:38:18 +0000] "GET /detail/guara61062405.html HTTP/1.1" 404 10875 "-" "Mozilla/5.0 AppleWebKit/537.36 (KHTML, like Gecko; compatible; ClaudeBot/1.0; [email protected])"
216.73.216.180 - - [21/Jul/2025:15:38:21 +0000] "GET /detail/indef31770786.html HTTP/1.1" 404 10874 "-" "Mozilla/5.0 AppleWebKit/537.36 (KHTML, like Gecko; compatible; ClaudeBot/1.0; [email protected])"
216.73.216.180 - - [21/Jul/2025:15:38:25 +0000] "GET /detail/mista62057581.html HTTP/1.1" 404 10874 "-" "Mozilla/5.0 AppleWebKit/537.36 (KHTML, like Gecko; compatible; ClaudeBot/1.0; [email protected])"
216.73.216.180 - - [21/Jul/2025:15:38:27 +0000] "GET /detail/nephe50882596.html HTTP/1.1" 404 10875 "-" "Mozilla/5.0 AppleWebKit/537.36 (KHTML, like Gecko; compatible; ClaudeBot/1.0; [email protected])"
216.73.216.180 - - [21/Jul/2025:15:38:30 +0000] "GET /detail/opini61553541.html HTTP/1.1" 404 10874 "-" "Mozilla/5.0 AppleWebKit/537.36 (KHTML, like Gecko; compatible; ClaudeBot/1.0; [email protected])"
216.73.216.180 - - [21/Jul/2025:15:38:33 +0000] "GET /detail/leap30815634.html HTTP/1.1" 404 10874 "-" "Mozilla/5.0 AppleWebKit/537.36 (KHTML, like Gecko; compatible; ClaudeBot/1.0; [email protected])"
216.73.216.180 - - [21/Jul/2025:15:38:36 +0000] "GET /detail/luck42692579.html HTTP/1.1" 404 10875 "-" "Mozilla/5.0 AppleWebKit/537.36 (KHTML, like Gecko; compatible; ClaudeBot/1.0; [email protected])"
216.73.216.180 - - [21/Jul/2025:15:38:39 +0000] "GET /detail/mood21506097.html HTTP/1.1" 404 10875 "-" "Mozilla/5.0 AppleWebKit/537.36 (KHTML, like Gecko; compatible; ClaudeBot/1.0; [email protected])"
216.73.216.180 - - [21/Jul/2025:15:38:42 +0000] "GET /detail/rose40464419.html HTTP/1.1" 404 10875 "-" "Mozilla/5.0 AppleWebKit/537.36 (KHTML, like Gecko; compatible; ClaudeBot/1.0; [email protected])"
209.74.77.214 - - [21/Jul/2025:15:38:45 +0000] "POST /wp-cron.php?doing_wp_cron=1753112325.8143761157989501953125 HTTP/1.1" 200 - "-" "WordPress/6.8.2; https://sixpacksecurity.services"
216.73.216.180 - - [21/Jul/2025:15:38:45 +0000] "GET /detail/mop42323947.html HTTP/1.1" 404 10875 "-" "Mozilla/5.0 AppleWebKit/537.36 (KHTML, like Gecko; compatible; ClaudeBot/1.0; [email protected])"
216.73.216.180 - - [21/Jul/2025:15:38:49 +0000] "GET /detail/void51719900.html HTTP/1.1" 404 10874 "-" "Mozilla/5.0 AppleWebKit/537.36 (KHTML, like Gecko; compatible; ClaudeBot/1.0; [email protected])"
216.73.216.180 - - [21/Jul/2025:15:38:51 +0000] "GET /detail/elabo42150931.html HTTP/1.1" 404 10874 "-" "Mozilla/5.0 AppleWebKit/537.36 (KHTML, like Gecko; compatible; ClaudeBot/1.0; [email protected])"
216.73.216.180 - - [21/Jul/2025:15:38:56 +0000] "GET /detail/pare80259879.html HTTP/1.1" 404 10874 "-" "Mozilla/5.0 AppleWebKit/537.36 (KHTML, like Gecko; compatible; ClaudeBot/1.0; [email protected])"
216.73.216.180 - - [21/Jul/2025:15:38:57 +0000] "GET /detail/heter32851690.html HTTP/1.1" 404 10875 "-" "Mozilla/5.0 AppleWebKit/537.36 (KHTML, like Gecko; compatible; ClaudeBot/1.0; [email protected])"
216.73.216.180 - - [21/Jul/2025:15:39:00 +0000] "GET /detail/pet71785174.html HTTP/1.1" 404 10874 "-" "Mozilla/5.0 AppleWebKit/537.36 (KHTML, like Gecko; compatible; ClaudeBot/1.0; [email protected])"
216.73.216.180 - - [21/Jul/2025:15:39:03 +0000] "GET /detail/homet82324103.html HTTP/1.1" 404 10875 "-" "Mozilla/5.0 AppleWebKit/537.36 (KHTML, like Gecko; compatible; ClaudeBot/1.0; [email protected])"
216.73.216.180 - - [21/Jul/2025:15:39:10 +0000] "GET /detail/mug82390719.html HTTP/1.1" 404 10874 "-" "Mozilla/5.0 AppleWebKit/537.36 (KHTML, like Gecko; compatible; ClaudeBot/1.0; [email protected])"
216.73.216.180 - - [21/Jul/2025:15:39:13 +0000] "GET /detail/caree41307067.html HTTP/1.1" 404 10874 "-" "Mozilla/5.0 AppleWebKit/537.36 (KHTML, like Gecko; compatible; ClaudeBot/1.0; [email protected])"
216.73.216.180 - - [21/Jul/2025:15:39:16 +0000] "GET /detail/chalk30300930.html HTTP/1.1" 404 10875 "-" "Mozilla/5.0 AppleWebKit/537.36 (KHTML, like Gecko; compatible; ClaudeBot/1.0; [email protected])"
216.73.216.180 - - [21/Jul/2025:15:39:19 +0000] "GET /detail/fate50958036.html HTTP/1.1" 404 10875 "-" "Mozilla/5.0 AppleWebKit/537.36 (KHTML, like Gecko; compatible; ClaudeBot/1.0; [email protected])"
216.73.216.180 - - [21/Jul/2025:15:39:22 +0000] "GET /detail/sophi60537853.html HTTP/1.1" 404 10875 "-" "Mozilla/5.0 AppleWebKit/537.36 (KHTML, like Gecko; compatible; ClaudeBot/1.0; [email protected])"
216.73.216.180 - - [21/Jul/2025:15:39:26 +0000] "GET /detail/coat20284609.html HTTP/1.1" 404 10875 "-" "Mozilla/5.0 AppleWebKit/537.36 (KHTML, like Gecko; compatible; ClaudeBot/1.0; [email protected])"
216.73.216.180 - - [21/Jul/2025:15:39:28 +0000] "GET /detail/effec82522399.html HTTP/1.1" 404 10875 "-" "Mozilla/5.0 AppleWebKit/537.36 (KHTML, like Gecko; compatible; ClaudeBot/1.0; [email protected])"
216.73.216.180 - - [21/Jul/2025:15:39:31 +0000] "GET /detail/every42412283.html HTTP/1.1" 404 10873 "-" "Mozilla/5.0 AppleWebKit/537.36 (KHTML, like Gecko; compatible; ClaudeBot/1.0; [email protected])"
216.73.216.180 - - [21/Jul/2025:15:39:34 +0000] "GET /detail/targe20507761.html HTTP/1.1" 404 10873 "-" "Mozilla/5.0 AppleWebKit/537.36 (KHTML, like Gecko; compatible; ClaudeBot/1.0; [email protected])"
216.73.216.180 - - [21/Jul/2025:15:39:37 +0000] "GET /detail/discl32387282.html HTTP/1.1" 404 10874 "-" "Mozilla/5.0 AppleWebKit/537.36 (KHTML, like Gecko; compatible; ClaudeBot/1.0; [email protected])"
57.141.2.17 - - [21/Jul/2025:15:39:40 +0000] "GET /detail/darn51719956.html HTTP/1.1" 404 50135 "-" "meta-externalagent/1.1 (+https://developers.facebook.com/docs/sharing/webmasters/crawler)"
216.73.216.180 - - [21/Jul/2025:15:39:40 +0000] "GET /detail/aver41519819.html HTTP/1.1" 404 10875 "-" "Mozilla/5.0 AppleWebKit/537.36 (KHTML, like Gecko; compatible; ClaudeBot/1.0; [email protected])"
209.74.77.214 - - [21/Jul/2025:15:39:43 +0000] "POST /wp-cron.php?doing_wp_cron=1753112383.2331359386444091796875 HTTP/1.1" 200 - "-" "WordPress/6.8.2; https://sixpacksecurity.services"
216.73.216.180 - - [21/Jul/2025:15:39:43 +0000] "GET /detail/becau70608742.html HTTP/1.1" 404 10874 "-" "Mozilla/5.0 AppleWebKit/537.36 (KHTML, like Gecko; compatible; ClaudeBot/1.0; [email protected])"
216.73.216.180 - - [21/Jul/2025:15:39:46 +0000] "GET /detail/patie71288902.html HTTP/1.1" 404 10875 "-" "Mozilla/5.0 AppleWebKit/537.36 (KHTML, like Gecko; compatible; ClaudeBot/1.0; [email protected])"
57.141.2.17 - - [21/Jul/2025:15:39:47 +0000] "GET /detail/ham51936588.html HTTP/1.1" 404 50135 "-" "meta-externalagent/1.1 (+https://developers.facebook.com/docs/sharing/webmasters/crawler)"
216.73.216.180 - - [21/Jul/2025:15:39:49 +0000] "GET /detail/pollu80269319.html HTTP/1.1" 404 10875 "-" "Mozilla/5.0 AppleWebKit/537.36 (KHTML, like Gecko; compatible; ClaudeBot/1.0; [email protected])"
216.73.216.180 - - [21/Jul/2025:15:39:52 +0000] "GET /detail/invar41682323.html HTTP/1.1" 404 10874 "-" "Mozilla/5.0 AppleWebKit/537.36 (KHTML, like Gecko; compatible; ClaudeBot/1.0; [email protected])"
57.141.2.6 - - [21/Jul/2025:15:39:55 +0000] "GET /detail/irrat32474322.html HTTP/1.1" 404 50135 "-" "meta-externalagent/1.1 (+https://developers.facebook.com/docs/sharing/webmasters/crawler)"
216.73.216.180 - - [21/Jul/2025:15:39:55 +0000] "GET /detail/then41776595.html HTTP/1.1" 404 10875 "-" "Mozilla/5.0 AppleWebKit/537.36 (KHTML, like Gecko; compatible; ClaudeBot/1.0; [email protected])"
216.73.216.180 - - [21/Jul/2025:15:39:58 +0000] "GET /detail/spoke42413371.html HTTP/1.1" 404 10875 "-" "Mozilla/5.0 AppleWebKit/537.36 (KHTML, like Gecko; compatible; ClaudeBot/1.0; [email protected])"
216.73.216.180 - - [21/Jul/2025:15:40:01 +0000] "GET /detail/sound31932722.html HTTP/1.1" 404 10873 "-" "Mozilla/5.0 AppleWebKit/537.36 (KHTML, like Gecko; compatible; ClaudeBot/1.0; [email protected])"
57.141.2.30 - - [21/Jul/2025:15:40:02 +0000] "GET /detail/ourse62404461.html HTTP/1.1" 404 50135 "-" "meta-externalagent/1.1 (+https://developers.facebook.com/docs/sharing/webmasters/crawler)"
216.73.216.180 - - [21/Jul/2025:15:40:04 +0000] "GET /detail/biscu52736788.html HTTP/1.1" 404 10874 "-" "Mozilla/5.0 AppleWebKit/537.36 (KHTML, like Gecko; compatible; ClaudeBot/1.0; [email protected])"
216.73.216.180 - - [21/Jul/2025:15:40:07 +0000] "GET /detail/deepe80566447.html HTTP/1.1" 404 10875 "-" "Mozilla/5.0 AppleWebKit/537.36 (KHTML, like Gecko; compatible; ClaudeBot/1.0; [email protected])"
216.73.216.180 - - [21/Jul/2025:15:40:10 +0000] "GET /detail/choos31489578.html HTTP/1.1" 404 10874 "-" "Mozilla/5.0 AppleWebKit/537.36 (KHTML, like Gecko; compatible; ClaudeBot/1.0; [email protected])"
57.141.2.5 - - [21/Jul/2025:15:40:11 +0000] "GET /detail/impac31394450.html HTTP/1.1" 404 50135 "-" "meta-externalagent/1.1 (+https://developers.facebook.com/docs/sharing/webmasters/crawler)"
216.73.216.180 - - [21/Jul/2025:15:40:13 +0000] "GET /detail/undou70262326.html HTTP/1.1" 404 10873 "-" "Mozilla/5.0 AppleWebKit/537.36 (KHTML, like Gecko; compatible; ClaudeBot/1.0; [email protected])"
216.73.216.180 - - [21/Jul/2025:15:40:16 +0000] "GET /detail/excur31351386.html HTTP/1.1" 404 10874 "-" "Mozilla/5.0 AppleWebKit/537.36 (KHTML, like Gecko; compatible; ClaudeBot/1.0; [email protected])"
57.141.2.2 - - [21/Jul/2025:15:40:18 +0000] "GET /detail/ignor52733860.html HTTP/1.1" 404 50135 "-" "meta-externalagent/1.1 (+https://developers.facebook.com/docs/sharing/webmasters/crawler)"
66.249.74.36 - - [21/Jul/2025:15:40:18 +0000] "GET /detail/panic51078140.html HTTP/1.1" 200 40004 "-" "Mozilla/5.0 (compatible; Googlebot/2.1; +http://www.google.com/bot.html)"
216.73.216.180 - - [21/Jul/2025:15:40:19 +0000] "GET /detail/cola61653773.html HTTP/1.1" 404 10874 "-" "Mozilla/5.0 AppleWebKit/537.36 (KHTML, like Gecko; compatible; ClaudeBot/1.0; [email protected])"
216.73.216.180 - - [21/Jul/2025:15:40:22 +0000] "GET /detail/seem30208618.html HTTP/1.1" 404 10874 "-" "Mozilla/5.0 AppleWebKit/537.36 (KHTML, like Gecko; compatible; ClaudeBot/1.0; [email protected])"
216.73.216.180 - - [21/Jul/2025:15:40:25 +0000] "GET /detail/respo50494188.html HTTP/1.1" 404 10874 "-" "Mozilla/5.0 AppleWebKit/537.36 (KHTML, like Gecko; compatible; ClaudeBot/1.0; [email protected])"
57.141.2.2 - - [21/Jul/2025:15:40:25 +0000] "GET /detail/net12389600.html HTTP/1.1" 404 50135 "-" "meta-externalagent/1.1 (+https://developers.facebook.com/docs/sharing/webmasters/crawler)"
216.73.216.180 - - [21/Jul/2025:15:40:28 +0000] "GET /detail/baske22692265.html HTTP/1.1" 404 10874 "-" "Mozilla/5.0 AppleWebKit/537.36 (KHTML, like Gecko; compatible; ClaudeBot/1.0; [email protected])"
216.73.216.180 - - [21/Jul/2025:15:40:31 +0000] "GET /detail/mask51218180.html HTTP/1.1" 404 10873 "-" "Mozilla/5.0 AppleWebKit/537.36 (KHTML, like Gecko; compatible; ClaudeBot/1.0; [email protected])"
216.73.216.180 - - [21/Jul/2025:15:40:34 +0000] "GET /detail/build70804462.html HTTP/1.1" 404 10874 "-" "Mozilla/5.0 AppleWebKit/537.36 (KHTML, like Gecko; compatible; ClaudeBot/1.0; [email protected])"
57.141.2.10 - - [21/Jul/2025:15:40:34 +0000] "GET /detail/reinf42682211.html HTTP/1.1" 404 50135 "-" "meta-externalagent/1.1 (+https://developers.facebook.com/docs/sharing/webmasters/crawler)"
216.73.216.180 - - [21/Jul/2025:15:40:37 +0000] "GET /detail/acqui51822412.html HTTP/1.1" 404 10875 "-" "Mozilla/5.0 AppleWebKit/537.36 (KHTML, like Gecko; compatible; ClaudeBot/1.0; [email protected])"
216.73.216.180 - - [21/Jul/2025:15:40:40 +0000] "GET /detail/memor82484463.html HTTP/1.1" 404 10873 "-" "Mozilla/5.0 AppleWebKit/537.36 (KHTML, like Gecko; compatible; ClaudeBot/1.0; [email protected])"
57.141.2.21 - - [21/Jul/2025:15:40:41 +0000] "GET /detail/cable42583019.html HTTP/1.1" 404 50135 "-" "meta-externalagent/1.1 (+https://developers.facebook.com/docs/sharing/webmasters/crawler)"
209.74.77.214 - - [21/Jul/2025:15:40:43 +0000] "POST /wp-cron.php?doing_wp_cron=1753112443.2402210235595703125000 HTTP/1.1" 200 - "-" "WordPress/6.8.2; https://sixpacksecurity.services"
216.73.216.180 - - [21/Jul/2025:15:40:43 +0000] "GET /detail/pride52864348.html HTTP/1.1" 404 10874 "-" "Mozilla/5.0 AppleWebKit/537.36 (KHTML, like Gecko; compatible; ClaudeBot/1.0; [email protected])"
216.73.216.180 - - [21/Jul/2025:15:40:46 +0000] "GET /detail/heada20897681.html HTTP/1.1" 404 10874 "-" "Mozilla/5.0 AppleWebKit/537.36 (KHTML, like Gecko; compatible; ClaudeBot/1.0; [email protected])"
216.73.216.180 - - [21/Jul/2025:15:40:49 +0000] "GET /detail/minut80565063.html HTTP/1.1" 404 10875 "-" "Mozilla/5.0 AppleWebKit/537.36 (KHTML, like Gecko; compatible; ClaudeBot/1.0; [email protected])"
57.141.2.26 - - [21/Jul/2025:15:40:49 +0000] "GET /detail/borro82512207.html HTTP/1.1" 404 50135 "-" "meta-externalagent/1.1 (+https://developers.facebook.com/docs/sharing/webmasters/crawler)"
216.73.216.180 - - [21/Jul/2025:15:40:52 +0000] "GET /detail/real12552848.html HTTP/1.1" 404 10875 "-" "Mozilla/5.0 AppleWebKit/537.36 (KHTML, like Gecko; compatible; ClaudeBot/1.0; [email protected])"
216.73.216.180 - - [21/Jul/2025:15:40:55 +0000] "GET /detail/surpr21653065.html HTTP/1.1" 404 10874 "-" "Mozilla/5.0 AppleWebKit/537.36 (KHTML, like Gecko; compatible; ClaudeBot/1.0; [email protected])"
57.141.2.28 - - [21/Jul/2025:15:40:57 +0000] "GET /detail/curl11323080.html HTTP/1.1" 404 50135 "-" "meta-externalagent/1.1 (+https://developers.facebook.com/docs/sharing/webmasters/crawler)"
216.73.216.180 - - [21/Jul/2025:15:40:58 +0000] "GET /detail/enfor51306948.html HTTP/1.1" 404 10875 "-" "Mozilla/5.0 AppleWebKit/537.36 (KHTML, like Gecko; compatible; ClaudeBot/1.0; [email protected])"
216.73.216.180 - - [21/Jul/2025:15:41:01 +0000] "GET /detail/ribbo52854468.html HTTP/1.1" 404 10873 "-" "Mozilla/5.0 AppleWebKit/537.36 (KHTML, like Gecko; compatible; ClaudeBot/1.0; [email protected])"
