57.141.2.10 - - [21/Jul/2025:19:38:11 +0000] "GET /detail/farme40057291.html HTTP/1.1" 404 50135 "-" "meta-externalagent/1.1 (+https://developers.facebook.com/docs/sharing/webmasters/crawler)"
216.73.216.29 - - [21/Jul/2025:19:38:11 +0000] "GET /detail/gram21135753.html HTTP/1.1" 404 10874 "-" "Mozilla/5.0 AppleWebKit/537.36 (KHTML, like Gecko; compatible; ClaudeBot/1.0; [email protected])"
57.141.2.25 - - [21/Jul/2025:19:38:11 +0000] "GET /detail/minor21990249.html HTTP/1.1" 404 50135 "-" "meta-externalagent/1.1 (+https://developers.facebook.com/docs/sharing/webmasters/crawler)"
216.73.216.29 - - [21/Jul/2025:19:38:14 +0000] "GET /detail/disti51922092.html HTTP/1.1" 404 10875 "-" "Mozilla/5.0 AppleWebKit/537.36 (KHTML, like Gecko; compatible; ClaudeBot/1.0; [email protected])"
57.141.2.14 - - [21/Jul/2025:19:38:22 +0000] "GET /detail/gunpo60783117.html HTTP/1.1" 404 50135 "-" "meta-externalagent/1.1 (+https://developers.facebook.com/docs/sharing/webmasters/crawler)"
57.141.2.7 - - [21/Jul/2025:19:38:22 +0000] "GET /detail/mine80544295.html HTTP/1.1" 404 50135 "-" "meta-externalagent/1.1 (+https://developers.facebook.com/docs/sharing/webmasters/crawler)"
216.73.216.29 - - [21/Jul/2025:19:38:22 +0000] "GET /detail/sell51233788.html HTTP/1.1" 404 10875 "-" "Mozilla/5.0 AppleWebKit/537.36 (KHTML, like Gecko; compatible; ClaudeBot/1.0; [email protected])"
216.73.216.29 - - [21/Jul/2025:19:38:24 +0000] "GET /detail/adult41989443.html HTTP/1.1" 404 10875 "-" "Mozilla/5.0 AppleWebKit/537.36 (KHTML, like Gecko; compatible; ClaudeBot/1.0; [email protected])"
57.141.2.11 - - [21/Jul/2025:19:38:26 +0000] "GET /detail/cooki50793468.html HTTP/1.1" 404 50135 "-" "meta-externalagent/1.1 (+https://developers.facebook.com/docs/sharing/webmasters/crawler)"
216.73.216.29 - - [21/Jul/2025:19:38:27 +0000] "GET /detail/asian71868790.html HTTP/1.1" 404 10875 "-" "Mozilla/5.0 AppleWebKit/537.36 (KHTML, like Gecko; compatible; ClaudeBot/1.0; [email protected])"
57.141.2.1 - - [21/Jul/2025:19:38:29 +0000] "GET /detail/finan20058369.html HTTP/1.1" 404 50135 "-" "meta-externalagent/1.1 (+https://developers.facebook.com/docs/sharing/webmasters/crawler)"
216.73.216.29 - - [21/Jul/2025:19:38:30 +0000] "GET /detail/woman51717348.html HTTP/1.1" 404 10874 "-" "Mozilla/5.0 AppleWebKit/537.36 (KHTML, like Gecko; compatible; ClaudeBot/1.0; [email protected])"
216.73.216.29 - - [21/Jul/2025:19:38:33 +0000] "GET /detail/gay51494796.html HTTP/1.1" 404 10874 "-" "Mozilla/5.0 AppleWebKit/537.36 (KHTML, like Gecko; compatible; ClaudeBot/1.0; [email protected])"
216.73.216.29 - - [21/Jul/2025:19:38:36 +0000] "GET /detail/male70363334.html HTTP/1.1" 404 10875 "-" "Mozilla/5.0 AppleWebKit/537.36 (KHTML, like Gecko; compatible; ClaudeBot/1.0; [email protected])"
216.73.216.29 - - [21/Jul/2025:19:38:39 +0000] "GET /detail/hair10872936.html HTTP/1.1" 404 10875 "-" "Mozilla/5.0 AppleWebKit/537.36 (KHTML, like Gecko; compatible; ClaudeBot/1.0; [email protected])"
216.73.216.29 - - [21/Jul/2025:19:38:42 +0000] "GET /detail/celeb42292971.html HTTP/1.1" 404 10875 "-" "Mozilla/5.0 AppleWebKit/537.36 (KHTML, like Gecko; compatible; ClaudeBot/1.0; [email protected])"
209.74.77.214 - - [21/Jul/2025:19:38:44 +0000] "POST /wp-cron.php?doing_wp_cron=1753126724.0953540802001953125000 HTTP/1.1" 200 - "-" "WordPress/6.8.2; https://sixpacksecurity.services"
57.141.2.23 - - [21/Jul/2025:19:38:44 +0000] "GET /detail/send82209799.html HTTP/1.1" 404 50135 "-" "meta-externalagent/1.1 (+https://developers.facebook.com/docs/sharing/webmasters/crawler)"
216.73.216.29 - - [21/Jul/2025:19:38:45 +0000] "GET /detail/trump11858520.html HTTP/1.1" 404 10875 "-" "Mozilla/5.0 AppleWebKit/537.36 (KHTML, like Gecko; compatible; ClaudeBot/1.0; [email protected])"
216.73.216.29 - - [21/Jul/2025:19:38:48 +0000] "GET /detail/coope12630264.html HTTP/1.1" 404 10875 "-" "Mozilla/5.0 AppleWebKit/537.36 (KHTML, like Gecko; compatible; ClaudeBot/1.0; [email protected])"
57.141.2.15 - - [21/Jul/2025:19:38:49 +0000] "GET /detail/mom22957625.html HTTP/1.1" 404 50135 "-" "meta-externalagent/1.1 (+https://developers.facebook.com/docs/sharing/webmasters/crawler)"
216.73.216.29 - - [21/Jul/2025:19:38:51 +0000] "GET /detail/soldi31389298.html HTTP/1.1" 404 10874 "-" "Mozilla/5.0 AppleWebKit/537.36 (KHTML, like Gecko; compatible; ClaudeBot/1.0; [email protected])"
216.73.216.29 - - [21/Jul/2025:19:38:54 +0000] "GET /detail/teen50749412.html HTTP/1.1" 404 10875 "-" "Mozilla/5.0 AppleWebKit/537.36 (KHTML, like Gecko; compatible; ClaudeBot/1.0; [email protected])"
216.73.216.29 - - [21/Jul/2025:19:38:57 +0000] "GET /detail/outsi81688255.html HTTP/1.1" 404 10875 "-" "Mozilla/5.0 AppleWebKit/537.36 (KHTML, like Gecko; compatible; ClaudeBot/1.0; [email protected])"
216.73.216.29 - - [21/Jul/2025:19:39:00 +0000] "GET /detail/slit70622878.html HTTP/1.1" 404 10874 "-" "Mozilla/5.0 AppleWebKit/537.36 (KHTML, like Gecko; compatible; ClaudeBot/1.0; [email protected])"
66.249.74.38 - - [21/Jul/2025:19:39:02 +0000] "GET /detail/plea70463878.html HTTP/1.1" 200 40038 "-" "Mozilla/5.0 (Linux; Android 6.0.1; Nexus 5X Build/MMB29P) AppleWebKit/537.36 (KHTML, like Gecko) Chrome/137.0.7151.103 Mobile Safari/537.36 (compatible; GoogleOther)"
216.73.216.29 - - [21/Jul/2025:19:39:03 +0000] "GET /detail/woman51629348.html HTTP/1.1" 404 10874 "-" "Mozilla/5.0 AppleWebKit/537.36 (KHTML, like Gecko; compatible; ClaudeBot/1.0; [email protected])"
66.249.74.36 - - [21/Jul/2025:19:39:05 +0000] "POST /get-message-notify HTTP/1.1" 200 40164 "https://sixpacksecurity.services/detail/plea70463878.html" "Mozilla/5.0 (Linux; Android 6.0.1; Nexus 5X Build/MMB29P) AppleWebKit/537.36 (KHTML, like Gecko) Chrome/137.0.7151.119 Mobile Safari/537.36 (compatible; Googlebot/2.1; +http://www.google.com/bot.html)"
216.73.216.29 - - [21/Jul/2025:19:39:06 +0000] "GET /detail/organ52833804.html HTTP/1.1" 404 10875 "-" "Mozilla/5.0 AppleWebKit/537.36 (KHTML, like Gecko; compatible; ClaudeBot/1.0; [email protected])"
57.141.2.30 - - [21/Jul/2025:19:39:07 +0000] "GET /detail/house82484167.html HTTP/1.1" 404 50135 "-" "meta-externalagent/1.1 (+https://developers.facebook.com/docs/sharing/webmasters/crawler)"
216.73.216.29 - - [21/Jul/2025:19:39:09 +0000] "GET /detail/nail31891418.html HTTP/1.1" 404 10875 "-" "Mozilla/5.0 AppleWebKit/537.36 (KHTML, like Gecko; compatible; ClaudeBot/1.0; [email protected])"
216.73.216.29 - - [21/Jul/2025:19:39:12 +0000] "GET /detail/stock41818075.html HTTP/1.1" 404 10875 "-" "Mozilla/5.0 AppleWebKit/537.36 (KHTML, like Gecko; compatible; ClaudeBot/1.0; [email protected])"
216.73.216.29 - - [21/Jul/2025:19:39:15 +0000] "GET /detail/zeal40307915.html HTTP/1.1" 404 10875 "-" "Mozilla/5.0 AppleWebKit/537.36 (KHTML, like Gecko; compatible; ClaudeBot/1.0; [email protected])"
216.73.216.29 - - [21/Jul/2025:19:39:18 +0000] "GET /detail/shop51112060.html HTTP/1.1" 404 10875 "-" "Mozilla/5.0 AppleWebKit/537.36 (KHTML, like Gecko; compatible; ClaudeBot/1.0; [email protected])"
57.141.2.1 - - [21/Jul/2025:19:39:18 +0000] "GET /detail/decid32973138.html HTTP/1.1" 404 50135 "-" "meta-externalagent/1.1 (+https://developers.facebook.com/docs/sharing/webmasters/crawler)"
216.73.216.29 - - [21/Jul/2025:19:39:21 +0000] "GET /detail/poet12491616.html HTTP/1.1" 404 10874 "-" "Mozilla/5.0 AppleWebKit/537.36 (KHTML, like Gecko; compatible; ClaudeBot/1.0; [email protected])"
216.73.216.29 - - [21/Jul/2025:19:39:26 +0000] "GET /detail/appli80226007.html HTTP/1.1" 404 10875 "-" "Mozilla/5.0 AppleWebKit/537.36 (KHTML, like Gecko; compatible; ClaudeBot/1.0; [email protected])"
57.141.2.16 - - [21/Jul/2025:19:39:26 +0000] "GET /detail/kinde72843774.html HTTP/1.1" 404 50135 "-" "meta-externalagent/1.1 (+https://developers.facebook.com/docs/sharing/webmasters/crawler)"
216.73.216.29 - - [21/Jul/2025:19:39:29 +0000] "GET /detail/cooki51277468.html HTTP/1.1" 404 10875 "-" "Mozilla/5.0 AppleWebKit/537.36 (KHTML, like Gecko; compatible; ClaudeBot/1.0; [email protected])"
57.141.2.14 - - [21/Jul/2025:19:39:29 +0000] "GET /detail/stop21325177.html HTTP/1.1" 404 50135 "-" "meta-externalagent/1.1 (+https://developers.facebook.com/docs/sharing/webmasters/crawler)"
216.73.216.29 - - [21/Jul/2025:19:39:32 +0000] "GET /detail/democ41937979.html HTTP/1.1" 404 10875 "-" "Mozilla/5.0 AppleWebKit/537.36 (KHTML, like Gecko; compatible; ClaudeBot/1.0; [email protected])"
216.73.216.29 - - [21/Jul/2025:19:39:34 +0000] "GET /detail/accum32906386.html HTTP/1.1" 404 10875 "-" "Mozilla/5.0 AppleWebKit/537.36 (KHTML, like Gecko; compatible; ClaudeBot/1.0; [email protected])"
216.73.216.29 - - [21/Jul/2025:19:39:37 +0000] "GET /detail/surro60347293.html HTTP/1.1" 404 10875 "-" "Mozilla/5.0 AppleWebKit/537.36 (KHTML, like Gecko; compatible; ClaudeBot/1.0; [email protected])"
216.73.216.29 - - [21/Jul/2025:19:39:40 +0000] "GET /detail/segme52711756.html HTTP/1.1" 404 10874 "-" "Mozilla/5.0 AppleWebKit/537.36 (KHTML, like Gecko; compatible; ClaudeBot/1.0; [email protected])"
209.74.77.214 - - [21/Jul/2025:19:39:44 +0000] "POST /wp-cron.php?doing_wp_cron=1753126784.1688470840454101562500 HTTP/1.1" 200 - "-" "WordPress/6.8.2; https://sixpacksecurity.services"
216.73.216.29 - - [21/Jul/2025:19:39:44 +0000] "GET /detail/figur61406221.html HTTP/1.1" 404 10875 "-" "Mozilla/5.0 AppleWebKit/537.36 (KHTML, like Gecko; compatible; ClaudeBot/1.0; [email protected])"
216.73.216.29 - - [21/Jul/2025:19:39:47 +0000] "GET /detail/vile30735906.html HTTP/1.1" 404 10875 "-" "Mozilla/5.0 AppleWebKit/537.36 (KHTML, like Gecko; compatible; ClaudeBot/1.0; [email protected])"
57.141.2.16 - - [21/Jul/2025:19:39:47 +0000] "GET /detail/panca71352934.html HTTP/1.1" 404 50135 "-" "meta-externalagent/1.1 (+https://developers.facebook.com/docs/sharing/webmasters/crawler)"
216.73.216.29 - - [21/Jul/2025:19:39:50 +0000] "GET /detail/ladde70770566.html HTTP/1.1" 404 10875 "-" "Mozilla/5.0 AppleWebKit/537.36 (KHTML, like Gecko; compatible; ClaudeBot/1.0; [email protected])"
57.141.2.8 - - [21/Jul/2025:19:39:51 +0000] "GET /detail/disor62962117.html HTTP/1.1" 404 50135 "-" "meta-externalagent/1.1 (+https://developers.facebook.com/docs/sharing/webmasters/crawler)"
216.73.216.29 - - [21/Jul/2025:19:39:53 +0000] "GET /detail/annou12685720.html HTTP/1.1" 404 10874 "-" "Mozilla/5.0 AppleWebKit/537.36 (KHTML, like Gecko; compatible; ClaudeBot/1.0; [email protected])"
216.73.216.29 - - [21/Jul/2025:19:39:56 +0000] "GET /detail/bored21765577.html HTTP/1.1" 404 10875 "-" "Mozilla/5.0 AppleWebKit/537.36 (KHTML, like Gecko; compatible; ClaudeBot/1.0; [email protected])"
216.73.216.29 - - [21/Jul/2025:19:39:59 +0000] "GET /detail/primi70870134.html HTTP/1.1" 404 10875 "-" "Mozilla/5.0 AppleWebKit/537.36 (KHTML, like Gecko; compatible; ClaudeBot/1.0; [email protected])"
57.141.2.20 - - [21/Jul/2025:19:39:59 +0000] "GET /detail/grief70458070.html HTTP/1.1" 404 50135 "-" "meta-externalagent/1.1 (+https://developers.facebook.com/docs/sharing/webmasters/crawler)"
216.73.216.29 - - [21/Jul/2025:19:40:02 +0000] "GET /detail/men11903944.html HTTP/1.1" 404 10874 "-" "Mozilla/5.0 AppleWebKit/537.36 (KHTML, like Gecko; compatible; ClaudeBot/1.0; [email protected])"
216.73.216.29 - - [21/Jul/2025:19:40:05 +0000] "GET /detail/augus62636205.html HTTP/1.1" 404 10874 "-" "Mozilla/5.0 AppleWebKit/537.36 (KHTML, like Gecko; compatible; ClaudeBot/1.0; [email protected])"
57.141.2.16 - - [21/Jul/2025:19:40:05 +0000] "GET /detail/key62440261.html HTTP/1.1" 404 50135 "-" "meta-externalagent/1.1 (+https://developers.facebook.com/docs/sharing/webmasters/crawler)"
216.73.216.29 - - [21/Jul/2025:19:40:08 +0000] "GET /detail/show10576272.html HTTP/1.1" 404 10875 "-" "Mozilla/5.0 AppleWebKit/537.36 (KHTML, like Gecko; compatible; ClaudeBot/1.0; [email protected])"
216.73.216.29 - - [21/Jul/2025:19:40:11 +0000] "GET /detail/boot50031388.html HTTP/1.1" 404 10873 "-" "Mozilla/5.0 AppleWebKit/537.36 (KHTML, like Gecko; compatible; ClaudeBot/1.0; [email protected])"
216.73.216.29 - - [21/Jul/2025:19:40:14 +0000] "GET /detail/vast72079158.html HTTP/1.1" 404 10874 "-" "Mozilla/5.0 AppleWebKit/537.36 (KHTML, like Gecko; compatible; ClaudeBot/1.0; [email protected])"
57.141.2.5 - - [21/Jul/2025:19:40:16 +0000] "GET /detail/darn52047956.html HTTP/1.1" 404 50135 "-" "meta-externalagent/1.1 (+https://developers.facebook.com/docs/sharing/webmasters/crawler)"
216.73.216.29 - - [21/Jul/2025:19:40:17 +0000] "GET /detail/ice52988668.html HTTP/1.1" 404 10875 "-" "Mozilla/5.0 AppleWebKit/537.36 (KHTML, like Gecko; compatible; ClaudeBot/1.0; [email protected])"
57.141.2.28 - - [21/Jul/2025:19:40:19 +0000] "GET /detail/tale50540524.html HTTP/1.1" 404 50135 "-" "meta-externalagent/1.1 (+https://developers.facebook.com/docs/sharing/webmasters/crawler)"
216.73.216.29 - - [21/Jul/2025:19:40:20 +0000] "GET /detail/till40368523.html HTTP/1.1" 404 10875 "-" "Mozilla/5.0 AppleWebKit/537.36 (KHTML, like Gecko; compatible; ClaudeBot/1.0; [email protected])"
216.73.216.29 - - [21/Jul/2025:19:40:26 +0000] "GET /detail/suffi31170290.html HTTP/1.1" 404 10874 "-" "Mozilla/5.0 AppleWebKit/537.36 (KHTML, like Gecko; compatible; ClaudeBot/1.0; [email protected])"
216.73.216.29 - - [21/Jul/2025:19:40:29 +0000] "GET /detail/liqui71826702.html HTTP/1.1" 404 10875 "-" "Mozilla/5.0 AppleWebKit/537.36 (KHTML, like Gecko; compatible; ClaudeBot/1.0; [email protected])"
216.73.216.29 - - [21/Jul/2025:19:40:32 +0000] "GET /detail/fit81364631.html HTTP/1.1" 404 10874 "-" "Mozilla/5.0 AppleWebKit/537.36 (KHTML, like Gecko; compatible; ClaudeBot/1.0; [email protected])"
57.141.2.16 - - [21/Jul/2025:19:40:32 +0000] "GET /detail/three11745120.html HTTP/1.1" 404 50135 "-" "meta-externalagent/1.1 (+https://developers.facebook.com/docs/sharing/webmasters/crawler)"
216.73.216.29 - - [21/Jul/2025:19:40:35 +0000] "GET /detail/attor51999796.html HTTP/1.1" 404 10875 "-" "Mozilla/5.0 AppleWebKit/537.36 (KHTML, like Gecko; compatible; ClaudeBot/1.0; [email protected])"
216.73.216.29 - - [21/Jul/2025:19:40:38 +0000] "GET /detail/nouri60023709.html HTTP/1.1" 404 10875 "-" "Mozilla/5.0 AppleWebKit/537.36 (KHTML, like Gecko; compatible; ClaudeBot/1.0; [email protected])"
57.141.2.3 - - [21/Jul/2025:19:40:40 +0000] "GET /detail/germ32826594.html HTTP/1.1" 404 50135 "-" "meta-externalagent/1.1 (+https://developers.facebook.com/docs/sharing/webmasters/crawler)"
216.73.216.29 - - [21/Jul/2025:19:40:41 +0000] "GET /detail/magne30018962.html HTTP/1.1" 404 10874 "-" "Mozilla/5.0 AppleWebKit/537.36 (KHTML, like Gecko; compatible; ClaudeBot/1.0; [email protected])"
209.74.77.214 - - [21/Jul/2025:19:40:44 +0000] "POST /wp-cron.php?doing_wp_cron=1753126844.4633820056915283203125 HTTP/1.1" 200 - "-" "WordPress/6.8.2; https://sixpacksecurity.services"
216.73.216.29 - - [21/Jul/2025:19:40:44 +0000] "GET /detail/dare32825018.html HTTP/1.1" 404 10875 "-" "Mozilla/5.0 AppleWebKit/537.36 (KHTML, like Gecko; compatible; ClaudeBot/1.0; [email protected])"
57.141.2.23 - - [21/Jul/2025:19:40:46 +0000] "GET /detail/servi50701148.html HTTP/1.1" 404 50135 "-" "meta-externalagent/1.1 (+https://developers.facebook.com/docs/sharing/webmasters/crawler)"
216.73.216.29 - - [21/Jul/2025:19:40:47 +0000] "GET /detail/sung30631890.html HTTP/1.1" 404 10875 "-" "Mozilla/5.0 AppleWebKit/537.36 (KHTML, like Gecko; compatible; ClaudeBot/1.0; [email protected])"
216.73.216.29 - - [21/Jul/2025:19:40:50 +0000] "GET /detail/hunge82953527.html HTTP/1.1" 404 10874 "-" "Mozilla/5.0 AppleWebKit/537.36 (KHTML, like Gecko; compatible; ClaudeBot/1.0; [email protected])"
216.73.216.29 - - [21/Jul/2025:19:40:53 +0000] "GET /detail/moral11094008.html HTTP/1.1" 404 10874 "-" "Mozilla/5.0 AppleWebKit/537.36 (KHTML, like Gecko; compatible; ClaudeBot/1.0; [email protected])"
216.73.216.29 - - [21/Jul/2025:19:40:56 +0000] "GET /detail/costu30133714.html HTTP/1.1" 404 10875 "-" "Mozilla/5.0 AppleWebKit/537.36 (KHTML, like Gecko; compatible; ClaudeBot/1.0; [email protected])"
57.141.2.6 - - [21/Jul/2025:19:40:57 +0000] "GET /detail/recov22974113.html HTTP/1.1" 404 50135 "-" "meta-externalagent/1.1 (+https://developers.facebook.com/docs/sharing/webmasters/crawler)"
216.73.216.29 - - [21/Jul/2025:19:40:59 +0000] "GET /detail/case21613649.html HTTP/1.1" 404 10875 "-" "Mozilla/5.0 AppleWebKit/537.36 (KHTML, like Gecko; compatible; ClaudeBot/1.0; [email protected])"
216.73.216.29 - - [21/Jul/2025:19:41:02 +0000] "GET /detail/spur60323469.html HTTP/1.1" 404 10875 "-" "Mozilla/5.0 AppleWebKit/537.36 (KHTML, like Gecko; compatible; ClaudeBot/1.0; [email protected])"
216.73.216.29 - - [21/Jul/2025:19:41:05 +0000] "GET /detail/major71921430.html HTTP/1.1" 404 10874 "-" "Mozilla/5.0 AppleWebKit/537.36 (KHTML, like Gecko; compatible; ClaudeBot/1.0; [email protected])"
57.141.2.20 - - [21/Jul/2025:19:41:07 +0000] "GET /detail/thank72593070.html HTTP/1.1" 404 50135 "-" "meta-externalagent/1.1 (+https://developers.facebook.com/docs/sharing/webmasters/crawler)"
216.73.216.29 - - [21/Jul/2025:19:41:08 +0000] "GET /detail/feel42285483.html HTTP/1.1" 404 10875 "-" "Mozilla/5.0 AppleWebKit/537.36 (KHTML, like Gecko; compatible; ClaudeBot/1.0; [email protected])"
216.73.216.29 - - [21/Jul/2025:19:41:11 +0000] "GET /detail/furry10117408.html HTTP/1.1" 404 10874 "-" "Mozilla/5.0 AppleWebKit/537.36 (KHTML, like Gecko; compatible; ClaudeBot/1.0; [email protected])"
216.73.216.29 - - [21/Jul/2025:19:41:14 +0000] "GET /detail/staff82685447.html HTTP/1.1" 404 10875 "-" "Mozilla/5.0 AppleWebKit/537.36 (KHTML, like Gecko; compatible; ClaudeBot/1.0; [email protected])"
216.73.216.29 - - [21/Jul/2025:19:41:17 +0000] "GET /detail/beyon60572621.html HTTP/1.1" 404 10875 "-" "Mozilla/5.0 AppleWebKit/537.36 (KHTML, like Gecko; compatible; ClaudeBot/1.0; [email protected])"
216.73.216.29 - - [21/Jul/2025:19:41:20 +0000] "GET /detail/dare32741018.html HTTP/1.1" 404 10874 "-" "Mozilla/5.0 AppleWebKit/537.36 (KHTML, like Gecko; compatible; ClaudeBot/1.0; [email protected])"
216.73.216.29 - - [21/Jul/2025:19:41:23 +0000] "GET /detail/avera12382320.html HTTP/1.1" 404 10874 "-" "Mozilla/5.0 AppleWebKit/537.36 (KHTML, like Gecko; compatible; ClaudeBot/1.0; [email protected])"
216.73.216.29 - - [21/Jul/2025:19:41:26 +0000] "GET /detail/job42080899.html HTTP/1.1" 404 10875 "-" "Mozilla/5.0 AppleWebKit/537.36 (KHTML, like Gecko; compatible; ClaudeBot/1.0; [email protected])"
57.141.2.26 - - [21/Jul/2025:19:41:27 +0000] "GET /detail/adult41121443.html HTTP/1.1" 404 50135 "-" "meta-externalagent/1.1 (+https://developers.facebook.com/docs/sharing/webmasters/crawler)"
216.73.216.29 - - [21/Jul/2025:19:41:29 +0000] "GET /detail/crow50823260.html HTTP/1.1" 404 10875 "-" "Mozilla/5.0 AppleWebKit/537.36 (KHTML, like Gecko; compatible; ClaudeBot/1.0; [email protected])"
157.55.39.200 - - [21/Jul/2025:19:41:32 +0000] "GET /detail/exist82010919.html HTTP/1.1" 404 10873 "-" "Mozilla/5.0 AppleWebKit/537.36 (KHTML, like Gecko; compatible; bingbot/2.0; +http://www.bing.com/bingbot.htm) Chrome/116.0.1938.76 Safari/537.36"
57.141.2.1 - - [21/Jul/2025:19:41:33 +0000] "GET /detail/gate81768159.html HTTP/1.1" 404 50135 "-" "meta-externalagent/1.1 (+https://developers.facebook.com/docs/sharing/webmasters/crawler)"
57.141.2.22 - - [21/Jul/2025:19:41:35 +0000] "GET /detail/panic52974140.html HTTP/1.1" 404 50135 "-" "meta-externalagent/1.1 (+https://developers.facebook.com/docs/sharing/webmasters/crawler)"
57.141.2.14 - - [21/Jul/2025:19:41:39 +0000] "GET /detail/rainb82979303.html HTTP/1.1" 404 50135 "-" "meta-externalagent/1.1 (+https://developers.facebook.com/docs/sharing/webmasters/crawler)"
57.141.2.21 - - [21/Jul/2025:19:41:40 +0000] "GET /detail/tiny70316774.html HTTP/1.1" 404 50135 "-" "meta-externalagent/1.1 (+https://developers.facebook.com/docs/sharing/webmasters/crawler)"
52.167.144.208 - - [21/Jul/2025:19:41:42 +0000] "GET /detail/lag22274681.html HTTP/1.1" 404 10875 "-" "Mozilla/5.0 AppleWebKit/537.36 (KHTML, like Gecko; compatible; bingbot/2.0; +http://www.bing.com/bingbot.htm) Chrome/116.0.1938.76 Safari/537.36"
216.73.216.29 - - [21/Jul/2025:19:41:42 +0000] "GET /detail/light62445245.html HTTP/1.1" 404 10875 "-" "Mozilla/5.0 AppleWebKit/537.36 (KHTML, like Gecko; compatible; ClaudeBot/1.0; [email protected])"
209.74.77.214 - - [21/Jul/2025:19:41:45 +0000] "POST /wp-cron.php?doing_wp_cron=1753126905.6111309528350830078125 HTTP/1.1" 200 - "-" "WordPress/6.8.2; https://sixpacksecurity.services"
216.73.216.29 - - [21/Jul/2025:19:41:45 +0000] "GET /detail/scien61664685.html HTTP/1.1" 404 10874 "-" "Mozilla/5.0 AppleWebKit/537.36 (KHTML, like Gecko; compatible; ClaudeBot/1.0; [email protected])"
216.73.216.29 - - [21/Jul/2025:19:41:48 +0000] "GET /detail/techn22668473.html HTTP/1.1" 404 10875 "-" "Mozilla/5.0 AppleWebKit/537.36 (KHTML, like Gecko; compatible; ClaudeBot/1.0; [email protected])"
57.141.2.6 - - [21/Jul/2025:19:41:51 +0000] "GET /detail/canno40419603.html HTTP/1.1" 404 50135 "-" "meta-externalagent/1.1 (+https://developers.facebook.com/docs/sharing/webmasters/crawler)"
216.73.216.29 - - [21/Jul/2025:19:41:51 +0000] "GET /detail/eithe81632455.html HTTP/1.1" 404 10874 "-" "Mozilla/5.0 AppleWebKit/537.36 (KHTML, like Gecko; compatible; ClaudeBot/1.0; [email protected])"
216.73.216.29 - - [21/Jul/2025:19:41:54 +0000] "GET /detail/float50643076.html HTTP/1.1" 404 10874 "-" "Mozilla/5.0 AppleWebKit/537.36 (KHTML, like Gecko; compatible; ClaudeBot/1.0; [email protected])"
216.73.216.29 - - [21/Jul/2025:19:41:57 +0000] "GET /detail/harmf11505864.html HTTP/1.1" 404 10875 "-" "Mozilla/5.0 AppleWebKit/537.36 (KHTML, like Gecko; compatible; ClaudeBot/1.0; [email protected])"
216.73.216.29 - - [21/Jul/2025:19:42:00 +0000] "GET /detail/curve40743643.html HTTP/1.1" 404 10875 "-" "Mozilla/5.0 AppleWebKit/537.36 (KHTML, like Gecko; compatible; ClaudeBot/1.0; [email protected])"
57.141.2.6 - - [21/Jul/2025:19:42:01 +0000] "GET /detail/monk51527924.html HTTP/1.1" 404 50135 "-" "meta-externalagent/1.1 (+https://developers.facebook.com/docs/sharing/webmasters/crawler)"
216.73.216.29 - - [21/Jul/2025:19:42:03 +0000] "GET /detail/awkwa20239145.html HTTP/1.1" 404 10874 "-" "Mozilla/5.0 AppleWebKit/537.36 (KHTML, like Gecko; compatible; ClaudeBot/1.0; [email protected])"
216.73.216.29 - - [21/Jul/2025:19:42:06 +0000] "GET /detail/rust72687382.html HTTP/1.1" 404 10874 "-" "Mozilla/5.0 AppleWebKit/537.36 (KHTML, like Gecko; compatible; ClaudeBot/1.0; [email protected])"
216.73.216.29 - - [21/Jul/2025:19:42:09 +0000] "GET /detail/loop71567318.html HTTP/1.1" 404 10875 "-" "Mozilla/5.0 AppleWebKit/537.36 (KHTML, like Gecko; compatible; ClaudeBot/1.0; [email protected])"
216.73.216.29 - - [21/Jul/2025:19:42:13 +0000] "GET /detail/tail82448007.html HTTP/1.1" 404 10874 "-" "Mozilla/5.0 AppleWebKit/537.36 (KHTML, like Gecko; compatible; ClaudeBot/1.0; [email protected])"
216.73.216.29 - - [21/Jul/2025:19:42:15 +0000] "GET /detail/queue81637791.html HTTP/1.1" 404 10874 "-" "Mozilla/5.0 AppleWebKit/537.36 (KHTML, like Gecko; compatible; ClaudeBot/1.0; [email protected])"
57.141.2.2 - - [21/Jul/2025:19:42:17 +0000] "GET /detail/imply71022222.html HTTP/1.1" 404 50135 "-" "meta-externalagent/1.1 (+https://developers.facebook.com/docs/sharing/webmasters/crawler)"
216.73.216.29 - - [21/Jul/2025:19:42:18 +0000] "GET /detail/unive62488581.html HTTP/1.1" 404 10875 "-" "Mozilla/5.0 AppleWebKit/537.36 (KHTML, like Gecko; compatible; ClaudeBot/1.0; [email protected])"
57.141.2.14 - - [21/Jul/2025:19:42:19 +0000] "GET /detail/cushi30186978.html HTTP/1.1" 404 50135 "-" "meta-externalagent/1.1 (+https://developers.facebook.com/docs/sharing/webmasters/crawler)"
57.141.2.3 - - [21/Jul/2025:19:42:20 +0000] "GET /detail/heal42434803.html HTTP/1.1" 404 50135 "-" "meta-externalagent/1.1 (+https://developers.facebook.com/docs/sharing/webmasters/crawler)"
216.73.216.29 - - [21/Jul/2025:19:42:21 +0000] "GET /detail/bind20131177.html HTTP/1.1" 404 10874 "-" "Mozilla/5.0 AppleWebKit/537.36 (KHTML, like Gecko; compatible; ClaudeBot/1.0; [email protected])"
216.73.216.29 - - [21/Jul/2025:19:42:24 +0000] "GET /detail/logic22157825.html HTTP/1.1" 404 10874 "-" "Mozilla/5.0 AppleWebKit/537.36 (KHTML, like Gecko; compatible; ClaudeBot/1.0; [email protected])"
216.73.216.29 - - [21/Jul/2025:19:42:27 +0000] "GET /detail/spark60698749.html HTTP/1.1" 404 10875 "-" "Mozilla/5.0 AppleWebKit/537.36 (KHTML, like Gecko; compatible; ClaudeBot/1.0; [email protected])"
216.73.216.29 - - [21/Jul/2025:19:42:30 +0000] "GET /detail/tool80860999.html HTTP/1.1" 404 10874 "-" "Mozilla/5.0 AppleWebKit/537.36 (KHTML, like Gecko; compatible; ClaudeBot/1.0; [email protected])"
216.73.216.29 - - [21/Jul/2025:19:42:33 +0000] "GET /detail/toy30888978.html HTTP/1.1" 404 10874 "-" "Mozilla/5.0 AppleWebKit/537.36 (KHTML, like Gecko; compatible; ClaudeBot/1.0; [email protected])"
216.73.216.29 - - [21/Jul/2025:19:42:36 +0000] "GET /detail/eithe82656455.html HTTP/1.1" 404 10875 "-" "Mozilla/5.0 AppleWebKit/537.36 (KHTML, like Gecko; compatible; ClaudeBot/1.0; [email protected])"
57.141.2.21 - - [21/Jul/2025:19:42:39 +0000] "GET /detail/spont21158441.html HTTP/1.1" 404 50135 "-" "meta-externalagent/1.1 (+https://developers.facebook.com/docs/sharing/webmasters/crawler)"
216.73.216.29 - - [21/Jul/2025:19:42:39 +0000] "GET /detail/drain52806652.html HTTP/1.1" 404 10875 "-" "Mozilla/5.0 AppleWebKit/537.36 (KHTML, like Gecko; compatible; ClaudeBot/1.0; [email protected])"
57.141.2.27 - - [21/Jul/2025:19:42:41 +0000] "GET /detail/ridge72851014.html HTTP/1.1" 404 50135 "-" "meta-externalagent/1.1 (+https://developers.facebook.com/docs/sharing/webmasters/crawler)"
216.73.216.29 - - [21/Jul/2025:19:42:42 +0000] "GET /detail/tidy12160568.html HTTP/1.1" 404 10874 "-" "Mozilla/5.0 AppleWebKit/537.36 (KHTML, like Gecko; compatible; ClaudeBot/1.0; [email protected])"
209.74.77.214 - - [21/Jul/2025:19:42:45 +0000] "POST /wp-cron.php?doing_wp_cron=1753126965.7257480621337890625000 HTTP/1.1" 200 - "-" "WordPress/6.8.2; https://sixpacksecurity.services"
216.73.216.29 - - [21/Jul/2025:19:42:45 +0000] "GET /detail/grape82297159.html HTTP/1.1" 404 10875 "-" "Mozilla/5.0 AppleWebKit/537.36 (KHTML, like Gecko; compatible; ClaudeBot/1.0; [email protected])"
216.73.216.29 - - [21/Jul/2025:19:42:48 +0000] "GET /detail/lit12843936.html HTTP/1.1" 404 10875 "-" "Mozilla/5.0 AppleWebKit/537.36 (KHTML, like Gecko; compatible; ClaudeBot/1.0; [email protected])"
216.73.216.29 - - [21/Jul/2025:19:42:51 +0000] "GET /detail/intel60857861.html HTTP/1.1" 404 10874 "-" "Mozilla/5.0 AppleWebKit/537.36 (KHTML, like Gecko; compatible; ClaudeBot/1.0; [email protected])"
216.73.216.29 - - [21/Jul/2025:19:42:54 +0000] "GET /detail/robot62156645.html HTTP/1.1" 404 10875 "-" "Mozilla/5.0 AppleWebKit/537.36 (KHTML, like Gecko; compatible; ClaudeBot/1.0; [email protected])"
216.73.216.29 - - [21/Jul/2025:19:42:57 +0000] "GET /detail/class20888401.html HTTP/1.1" 404 10875 "-" "Mozilla/5.0 AppleWebKit/537.36 (KHTML, like Gecko; compatible; ClaudeBot/1.0; [email protected])"
216.73.216.29 - - [21/Jul/2025:19:43:00 +0000] "GET /detail/forth50170900.html HTTP/1.1" 404 10872 "-" "Mozilla/5.0 AppleWebKit/537.36 (KHTML, like Gecko; compatible; ClaudeBot/1.0; [email protected])"
57.141.2.25 - - [21/Jul/2025:19:43:01 +0000] "GET /detail/aunt50756220.html HTTP/1.1" 404 50135 "-" "meta-externalagent/1.1 (+https://developers.facebook.com/docs/sharing/webmasters/crawler)"
216.73.216.29 - - [21/Jul/2025:19:43:03 +0000] "GET /detail/excep40924299.html HTTP/1.1" 404 10874 "-" "Mozilla/5.0 AppleWebKit/537.36 (KHTML, like Gecko; compatible; ClaudeBot/1.0; [email protected])"
57.141.2.29 - - [21/Jul/2025:19:43:06 +0000] "GET /detail/be82280015.html HTTP/1.1" 404 50135 "-" "meta-externalagent/1.1 (+https://developers.facebook.com/docs/sharing/webmasters/crawler)"
216.73.216.29 - - [21/Jul/2025:19:43:07 +0000] "GET /detail/tool82116999.html HTTP/1.1" 404 10875 "-" "Mozilla/5.0 AppleWebKit/537.36 (KHTML, like Gecko; compatible; ClaudeBot/1.0; [email protected])"
216.73.216.29 - - [21/Jul/2025:19:43:10 +0000] "GET /detail/grape81273159.html HTTP/1.1" 404 10874 "-" "Mozilla/5.0 AppleWebKit/537.36 (KHTML, like Gecko; compatible; ClaudeBot/1.0; [email protected])"
52.167.144.208 - - [21/Jul/2025:19:43:12 +0000] "GET /detail/awry72807822.html HTTP/1.1" 404 10874 "-" "Mozilla/5.0 AppleWebKit/537.36 (KHTML, like Gecko; compatible; bingbot/2.0; +http://www.bing.com/bingbot.htm) Chrome/116.0.1938.76 Safari/537.36"
216.73.216.29 - - [21/Jul/2025:19:43:13 +0000] "GET /detail/chew50557436.html HTTP/1.1" 404 10874 "-" "Mozilla/5.0 AppleWebKit/537.36 (KHTML, like Gecko; compatible; ClaudeBot/1.0; [email protected])"
216.73.216.29 - - [21/Jul/2025:19:43:16 +0000] "GET /detail/unive62848581.html HTTP/1.1" 404 10875 "-" "Mozilla/5.0 AppleWebKit/537.36 (KHTML, like Gecko; compatible; ClaudeBot/1.0; [email protected])"
57.141.2.25 - - [21/Jul/2025:19:43:18 +0000] "GET /detail/ally10099760.html HTTP/1.1" 404 50135 "-" "meta-externalagent/1.1 (+https://developers.facebook.com/docs/sharing/webmasters/crawler)"
216.73.216.29 - - [21/Jul/2025:19:43:19 +0000] "GET /detail/task40701171.html HTTP/1.1" 404 10875 "-" "Mozilla/5.0 AppleWebKit/537.36 (KHTML, like Gecko; compatible; ClaudeBot/1.0; [email protected])"
66.249.74.38 - - [21/Jul/2025:19:43:19 +0000] "GET /detail/cheek61229845.html HTTP/1.1" 200 40022 "-" "Mozilla/5.0 (compatible; Googlebot/2.1; +http://www.google.com/bot.html)"
57.141.2.16 - - [21/Jul/2025:19:43:22 +0000] "GET /detail/since72137046.html HTTP/1.1" 404 50135 "-" "meta-externalagent/1.1 (+https://developers.facebook.com/docs/sharing/webmasters/crawler)"
216.73.216.29 - - [21/Jul/2025:19:43:23 +0000] "GET /detail/logic20645825.html HTTP/1.1" 404 10874 "-" "Mozilla/5.0 AppleWebKit/537.36 (KHTML, like Gecko; compatible; ClaudeBot/1.0; [email protected])"
216.73.216.29 - - [21/Jul/2025:19:43:25 +0000] "GET /detail/curl10559080.html HTTP/1.1" 404 10874 "-" "Mozilla/5.0 AppleWebKit/537.36 (KHTML, like Gecko; compatible; ClaudeBot/1.0; [email protected])"
216.73.216.29 - - [21/Jul/2025:19:43:28 +0000] "GET /detail/helpf20601001.html HTTP/1.1" 404 10875 "-" "Mozilla/5.0 AppleWebKit/537.36 (KHTML, like Gecko; compatible; ClaudeBot/1.0; [email protected])"
216.73.216.29 - - [21/Jul/2025:19:43:31 +0000] "GET /detail/quick61112021.html HTTP/1.1" 404 10874 "-" "Mozilla/5.0 AppleWebKit/537.36 (KHTML, like Gecko; compatible; ClaudeBot/1.0; [email protected])"
57.141.2.20 - - [21/Jul/2025:19:43:35 +0000] "GET /detail/beer81871215.html HTTP/1.1" 404 50135 "-" "meta-externalagent/1.1 (+https://developers.facebook.com/docs/sharing/webmasters/crawler)"
57.141.2.25 - - [21/Jul/2025:19:43:35 +0000] "GET /detail/confo52602236.html HTTP/1.1" 404 50135 "-" "meta-externalagent/1.1 (+https://developers.facebook.com/docs/sharing/webmasters/crawler)"
216.73.216.29 - - [21/Jul/2025:19:43:35 +0000] "GET /detail/scien61996685.html HTTP/1.1" 404 10874 "-" "Mozilla/5.0 AppleWebKit/537.36 (KHTML, like Gecko; compatible; ClaudeBot/1.0; [email protected])"
216.73.216.29 - - [21/Jul/2025:19:43:37 +0000] "GET /detail/autom72501822.html HTTP/1.1" 404 10875 "-" "Mozilla/5.0 AppleWebKit/537.36 (KHTML, like Gecko; compatible; ClaudeBot/1.0; [email protected])"
216.73.216.29 - - [21/Jul/2025:19:43:40 +0000] "GET /detail/autom71429822.html HTTP/1.1" 404 10874 "-" "Mozilla/5.0 AppleWebKit/537.36 (KHTML, like Gecko; compatible; ClaudeBot/1.0; [email protected])"
57.141.2.4 - - [21/Jul/2025:19:43:42 +0000] "GET /detail/type41021779.html HTTP/1.1" 404 50135 "-" "meta-externalagent/1.1 (+https://developers.facebook.com/docs/sharing/webmasters/crawler)"
209.74.77.214 - - [21/Jul/2025:19:43:43 +0000] "POST /wp-cron.php?doing_wp_cron=1753127023.7778999805450439453125 HTTP/1.1" 200 - "-" "WordPress/6.8.2; https://sixpacksecurity.services"
216.73.216.29 - - [21/Jul/2025:19:43:43 +0000] "GET /detail/mess32253498.html HTTP/1.1" 404 10872 "-" "Mozilla/5.0 AppleWebKit/537.36 (KHTML, like Gecko; compatible; ClaudeBot/1.0; [email protected])"
216.73.216.29 - - [21/Jul/2025:19:43:46 +0000] "GET /detail/tool82248999.html HTTP/1.1" 404 10873 "-" "Mozilla/5.0 AppleWebKit/537.36 (KHTML, like Gecko; compatible; ClaudeBot/1.0; [email protected])"
216.73.216.29 - - [21/Jul/2025:19:43:49 +0000] "GET /detail/hook10514576.html HTTP/1.1" 404 10873 "-" "Mozilla/5.0 AppleWebKit/537.36 (KHTML, like Gecko; compatible; ClaudeBot/1.0; [email protected])"
216.73.216.29 - - [21/Jul/2025:19:43:52 +0000] "GET /detail/myth30458434.html HTTP/1.1" 404 10874 "-" "Mozilla/5.0 AppleWebKit/537.36 (KHTML, like Gecko; compatible; ClaudeBot/1.0; [email protected])"
51.222.253.17 - - [21/Jul/2025:19:43:53 +0000] "GET /robots.txt HTTP/1.1" 200 128 "-" "Mozilla/5.0 (compatible; AhrefsBot/7.0; +http://ahrefs.com/robot/)"
216.73.216.29 - - [21/Jul/2025:19:43:55 +0000] "GET /detail/class21228401.html HTTP/1.1" 404 10875 "-" "Mozilla/5.0 AppleWebKit/537.36 (KHTML, like Gecko; compatible; ClaudeBot/1.0; [email protected])"
51.222.253.20 - - [21/Jul/2025:19:43:57 +0000] "GET / HTTP/1.1" 200 25253 "-" "Mozilla/5.0 (compatible; AhrefsBot/7.0; +http://ahrefs.com/robot/)"
57.141.2.14 - - [21/Jul/2025:19:43:57 +0000] "GET /detail/in50548748.html HTTP/1.1" 404 50135 "-" "meta-externalagent/1.1 (+https://developers.facebook.com/docs/sharing/webmasters/crawler)"
57.141.2.19 - - [21/Jul/2025:19:43:57 +0000] "GET /detail/damag11695376.html HTTP/1.1" 404 50135 "-" "meta-externalagent/1.1 (+https://developers.facebook.com/docs/sharing/webmasters/crawler)"
216.73.216.29 - - [21/Jul/2025:19:43:58 +0000] "GET /detail/impli10534184.html HTTP/1.1" 404 10875 "-" "Mozilla/5.0 AppleWebKit/537.36 (KHTML, like Gecko; compatible; ClaudeBot/1.0; [email protected])"
202.8.41.169 - - [21/Jul/2025:19:44:00 +0000] "GET /wp-content/plugins/leadconnector/public/css/lc-public.css?ver=3.0.10.1 HTTP/1.1" 200 106 "https://sixpacksecurity.services/" "Mozilla/5.0 (compatible; AhrefsBot/7.0; +http://ahrefs.com/robot/)"
202.8.41.169 - - [21/Jul/2025:19:44:00 +0000] "GET /wp-content/plugins/extendify/public/build/utility-minimum.css?ver=6.8.2 HTTP/1.1" 200 5890 "https://sixpacksecurity.services/" "Mozilla/5.0 (compatible; AhrefsBot/7.0; +http://ahrefs.com/robot/)"
202.8.41.169 - - [21/Jul/2025:19:44:00 +0000] "GET /wp-content/plugins/contact-form-7/includes/css/styles.css?ver=6.1 HTTP/1.1" 200 1031 "https://sixpacksecurity.services/" "Mozilla/5.0 (compatible; AhrefsBot/7.0; +http://ahrefs.com/robot/)"
202.8.41.169 - - [21/Jul/2025:19:44:00 +0000] "GET /wp-includes/css/dashicons.min.css?ver=6.8.2 HTTP/1.1" 200 35730 "https://sixpacksecurity.services/" "Mozilla/5.0 (compatible; AhrefsBot/7.0; +http://ahrefs.com/robot/)"
202.8.41.169 - - [21/Jul/2025:19:44:00 +0000] "GET /wp-content/plugins/themex-ppro-elementor/assets/css/icofont.min.css?ver=6.8.2 HTTP/1.1" 200 16856 "https://sixpacksecurity.services/" "Mozilla/5.0 (compatible; AhrefsBot/7.0; +http://ahrefs.com/robot/)"
202.8.41.169 - - [21/Jul/2025:19:44:00 +0000] "GET /wp-content/themes/poket/assets/css/bootstrap.min.css?ver=6.8.2 HTTP/1.1" 200 21047 "https://sixpacksecurity.services/" "Mozilla/5.0 (compatible; AhrefsBot/7.0; +http://ahrefs.com/robot/)"
202.8.41.169 - - [21/Jul/2025:19:44:00 +0000] "GET /wp-content/themes/poket/assets/css/slick.min.css?ver=6.8.2 HTTP/1.1" 200 504 "https://sixpacksecurity.services/" "Mozilla/5.0 (compatible; AhrefsBot/7.0; +http://ahrefs.com/robot/)"
202.8.41.169 - - [21/Jul/2025:19:44:00 +0000] "GET /wp-content/themes/poket/venobox/venobox.css?ver=6.8.2 HTTP/1.1" 200 1357 "https://sixpacksecurity.services/" "Mozilla/5.0 (compatible; AhrefsBot/7.0; +http://ahrefs.com/robot/)"
202.8.41.169 - - [21/Jul/2025:19:44:00 +0000] "GET /wp-content/themes/poket/assets/css/top_menu.css?ver=6.8.2 HTTP/1.1" 200 980 "https://sixpacksecurity.services/" "Mozilla/5.0 (compatible; AhrefsBot/7.0; +http://ahrefs.com/robot/)"
202.8.41.169 - - [21/Jul/2025:19:44:00 +0000] "GET /wp-content/themes/poket/assets/css/meanmenu.css?ver=6.8.2 HTTP/1.1" 200 953 "https://sixpacksecurity.services/" "Mozilla/5.0 (compatible; AhrefsBot/7.0; +http://ahrefs.com/robot/)"
202.8.41.169 - - [21/Jul/2025:19:44:00 +0000] "GET /wp-content/themes/poket/style.css?ver=6.8.2 HTTP/1.1" 200 427 "https://sixpacksecurity.services/" "Mozilla/5.0 (compatible; AhrefsBot/7.0; +http://ahrefs.com/robot/)"
202.8.41.169 - - [21/Jul/2025:19:44:00 +0000] "GET /wp-content/themes/poket/assets/css/twr_theme_color.min.css?ver=6.8.2 HTTP/1.1" 200 4432 "https://sixpacksecurity.services/" "Mozilla/5.0 (compatible; AhrefsBot/7.0; +http://ahrefs.com/robot/)"
202.8.41.169 - - [21/Jul/2025:19:44:00 +0000] "GET /wp-content/themes/poket/assets/css/responsive.min.css?ver=6.8.2 HTTP/1.1" 200 2651 "https://sixpacksecurity.services/" "Mozilla/5.0 (compatible; AhrefsBot/7.0; +http://ahrefs.com/robot/)"
202.8.41.169 - - [21/Jul/2025:19:44:00 +0000] "GET /wp-content/themes/poket/assets/css/main_style.min.css?ver=6.8.2 HTTP/1.1" 200 9992 "https://sixpacksecurity.services/" "Mozilla/5.0 (compatible; AhrefsBot/7.0; +http://ahrefs.com/robot/)"
202.8.41.169 - - [21/Jul/2025:19:44:00 +0000] "GET /wp-content/plugins/elementor/assets/lib/eicons/css/elementor-icons.min.css?ver=5.43.0 HTTP/1.1" 200 4349 "https://sixpacksecurity.services/" "Mozilla/5.0 (compatible; AhrefsBot/7.0; +http://ahrefs.com/robot/)"
202.8.41.169 - - [21/Jul/2025:19:44:01 +0000] "GET /wp-content/plugins/elementor/assets/css/frontend.min.css?ver=3.30.2 HTTP/1.1" 200 7117 "https://sixpacksecurity.services/" "Mozilla/5.0 (compatible; AhrefsBot/7.0; +http://ahrefs.com/robot/)"
202.8.41.169 - - [21/Jul/2025:19:44:01 +0000] "GET /wp-content/uploads/elementor/css/post-10.css?ver=1751947127 HTTP/1.1" 200 377 "https://sixpacksecurity.services/" "Mozilla/5.0 (compatible; AhrefsBot/7.0; +http://ahrefs.com/robot/)"
202.8.41.169 - - [21/Jul/2025:19:44:01 +0000] "GET /wp-content/plugins/themex-ppro-elementor/assets/css/themify-icons.css?ver=6.8.2 HTTP/1.1" 200 2824 "https://sixpacksecurity.services/" "Mozilla/5.0 (compatible; AhrefsBot/7.0; +http://ahrefs.com/robot/)"
202.8.41.169 - - [21/Jul/2025:19:44:01 +0000] "GET /wp-content/plugins/themex-ppro-elementor/assets/css/maincss/all_color.min.css?ver=6.8.2 HTTP/1.1" 200 7351 "https://sixpacksecurity.services/" "Mozilla/5.0 (compatible; AhrefsBot/7.0; +http://ahrefs.com/robot/)"
202.8.41.169 - - [21/Jul/2025:19:44:01 +0000] "GET /wp-content/plugins/themex-ppro-elementor/assets/css/jqueryplugincss/animate.css?ver=6.8.2 HTTP/1.1" 200 2668 "https://sixpacksecurity.services/" "Mozilla/5.0 (compatible; AhrefsBot/7.0; +http://ahrefs.com/robot/)"
202.8.41.169 - - [21/Jul/2025:19:44:01 +0000] "GET /wp-content/plugins/themex-ppro-elementor/assets/css/maincss/wsslick.min.css?ver=6.8.2 HTTP/1.1" 200 1271 "https://sixpacksecurity.services/" "Mozilla/5.0 (compatible; AhrefsBot/7.0; +http://ahrefs.com/robot/)"
202.8.41.169 - - [21/Jul/2025:19:44:01 +0000] "GET /wp-content/plugins/themex-ppro-elementor/assets/css/maincss/wbtn.min.css?ver=6.8.2 HTTP/1.1" 200 817 "https://sixpacksecurity.services/" "Mozilla/5.0 (compatible; AhrefsBot/7.0; +http://ahrefs.com/robot/)"
202.8.41.169 - - [21/Jul/2025:19:44:01 +0000] "GET /wp-content/plugins/elementor/assets/lib/swiper/v8/css/swiper.min.css?ver=8.4.5 HTTP/1.1" 200 4583 "https://sixpacksecurity.services/" "Mozilla/5.0 (compatible; AhrefsBot/7.0; +http://ahrefs.com/robot/)"
202.8.41.169 - - [21/Jul/2025:19:44:01 +0000] "GET /wp-content/plugins/elementor/assets/css/conditionals/e-swiper.min.css?ver=3.30.2 HTTP/1.1" 200 799 "https://sixpacksecurity.services/" "Mozilla/5.0 (compatible; AhrefsBot/7.0; +http://ahrefs.com/robot/)"
202.8.41.169 - - [21/Jul/2025:19:44:01 +0000] "GET /wp-content/plugins/themex-ppro-elementor/assets/css/maincss/wtitle.min.css?ver=6.8.2 HTTP/1.1" 200 1013 "https://sixpacksecurity.services/" "Mozilla/5.0 (compatible; AhrefsBot/7.0; +http://ahrefs.com/robot/)"
202.8.41.169 - - [21/Jul/2025:19:44:01 +0000] "GET /wp-content/plugins/themex-ppro-elementor/assets/css/maincss/wfeature.min.css?ver=6.8.2 HTTP/1.1" 200 3445 "https://sixpacksecurity.services/" "Mozilla/5.0 (compatible; AhrefsBot/7.0; +http://ahrefs.com/robot/)"
202.8.41.169 - - [21/Jul/2025:19:44:01 +0000] "GET /wp-content/plugins/elementor/assets/css/widget-icon-list.min.css?ver=3.30.2 HTTP/1.1" 200 1069 "https://sixpacksecurity.services/" "Mozilla/5.0 (compatible; AhrefsBot/7.0; +http://ahrefs.com/robot/)"
202.8.41.169 - - [21/Jul/2025:19:44:01 +0000] "GET /wp-content/plugins/elementor/assets/css/widget-heading.min.css?ver=3.30.2 HTTP/1.1" 200 188 "https://sixpacksecurity.services/" "Mozilla/5.0 (compatible; AhrefsBot/7.0; +http://ahrefs.com/robot/)"
202.8.41.169 - - [21/Jul/2025:19:44:01 +0000] "GET /wp-content/plugins/elementor/assets/css/widget-image.min.css?ver=3.30.2 HTTP/1.1" 200 164 "https://sixpacksecurity.services/" "Mozilla/5.0 (compatible; AhrefsBot/7.0; +http://ahrefs.com/robot/)"
202.8.41.169 - - [21/Jul/2025:19:44:01 +0000] "GET /wp-content/plugins/themex-ppro-elementor/assets/css/maincss/wimagecl.min.css?ver=6.8.2 HTTP/1.1" 200 445 "https://sixpacksecurity.services/" "Mozilla/5.0 (compatible; AhrefsBot/7.0; +http://ahrefs.com/robot/)"
202.8.41.169 - - [21/Jul/2025:19:44:01 +0000] "GET /wp-content/plugins/themex-ppro-elementor/assets/css/maincss/wvideo.min.css?ver=6.8.2 HTTP/1.1" 200 569 "https://sixpacksecurity.services/" "Mozilla/5.0 (compatible; AhrefsBot/7.0; +http://ahrefs.com/robot/)"
202.8.41.169 - - [21/Jul/2025:19:44:01 +0000] "GET /wp-content/plugins/themex-ppro-elementor/assets/css/maincss/wportfoliocl.min.css?ver=6.8.2 HTTP/1.1" 200 870 "https://sixpacksecurity.services/" "Mozilla/5.0 (compatible; AhrefsBot/7.0; +http://ahrefs.com/robot/)"
202.8.41.169 - - [21/Jul/2025:19:44:01 +0000] "GET /wp-content/plugins/themex-ppro-elementor/assets/css/maincss/wservice.min.css?ver=6.8.2 HTTP/1.1" 200 3823 "https://sixpacksecurity.services/" "Mozilla/5.0 (compatible; AhrefsBot/7.0; +http://ahrefs.com/robot/)"
202.8.41.169 - - [21/Jul/2025:19:44:01 +0000] "GET /wp-content/plugins/themex-ppro-elementor/assets/css/maincss/wteam.min.css?ver=6.8.2 HTTP/1.1" 200 3463 "https://sixpacksecurity.services/" "Mozilla/5.0 (compatible; AhrefsBot/7.0; +http://ahrefs.com/robot/)"
202.8.41.169 - - [21/Jul/2025:19:44:01 +0000] "GET /wp-content/plugins/themex-ppro-elementor/assets/css/maincss/wcreativetab.min.css?ver=6.8.2 HTTP/1.1" 200 443 "https://sixpacksecurity.services/" "Mozilla/5.0 (compatible; AhrefsBot/7.0; +http://ahrefs.com/robot/)"
202.8.41.169 - - [21/Jul/2025:19:44:01 +0000] "GET /wp-content/plugins/themex-ppro-elementor/assets/css/maincss/wtestimonialpost.min.css?ver=6.8.2 HTTP/1.1" 200 2144 "https://sixpacksecurity.services/" "Mozilla/5.0 (compatible; AhrefsBot/7.0; +http://ahrefs.com/robot/)"
202.8.41.169 - - [21/Jul/2025:19:44:01 +0000] "GET /wp-content/plugins/themex-ppro-elementor/assets/css/maincss/wcounter.min.css?ver=6.8.2 HTTP/1.1" 200 788 "https://sixpacksecurity.services/" "Mozilla/5.0 (compatible; AhrefsBot/7.0; +http://ahrefs.com/robot/)"
202.8.41.169 - - [21/Jul/2025:19:44:01 +0000] "GET /wp-content/plugins/themex-ppro-elementor/assets/css/maincss/wcontact.min.css?ver=6.8.2 HTTP/1.1" 200 473 "https://sixpacksecurity.services/" "Mozilla/5.0 (compatible; AhrefsBot/7.0; +http://ahrefs.com/robot/)"
202.8.41.169 - - [21/Jul/2025:19:44:01 +0000] "GET /wp-content/uploads/elementor/css/post-1717.css?ver=1751947128 HTTP/1.1" 200 5236 "https://sixpacksecurity.services/" "Mozilla/5.0 (compatible; AhrefsBot/7.0; +http://ahrefs.com/robot/)"
202.8.41.169 - - [21/Jul/2025:19:44:01 +0000] "GET /wp-content/themes/poket/assets/css/em-breadcrumb.css?ver=6.8.2 HTTP/1.1" 200 - "https://sixpacksecurity.services/" "Mozilla/5.0 (compatible; AhrefsBot/7.0; +http://ahrefs.com/robot/)"
202.8.41.169 - - [21/Jul/2025:19:44:01 +0000] "GET /wp-content/plugins/themex-ppro-elementor/assets/css/maincss/wblog.min.css?ver=6.8.2 HTTP/1.1" 200 2436 "https://sixpacksecurity.services/" "Mozilla/5.0 (compatible; AhrefsBot/7.0; +http://ahrefs.com/robot/)"
202.8.41.169 - - [21/Jul/2025:19:44:01 +0000] "GET /wp-content/uploads/elementor/google-fonts/css/roboto.css?ver=1742290747 HTTP/1.1" 200 2874 "https://sixpacksecurity.services/" "Mozilla/5.0 (compatible; AhrefsBot/7.0; +http://ahrefs.com/robot/)"
202.8.41.169 - - [21/Jul/2025:19:44:01 +0000] "GET /wp-content/uploads/elementor/google-fonts/css/robotoslab.css?ver=1742290755 HTTP/1.1" 200 963 "https://sixpacksecurity.services/" "Mozilla/5.0 (compatible; AhrefsBot/7.0; +http://ahrefs.com/robot/)"
202.8.41.169 - - [21/Jul/2025:19:44:01 +0000] "GET /wp-content/uploads/elementor/google-fonts/css/montserratalternates.css?ver=1742300061 HTTP/1.1" 200 1296 "https://sixpacksecurity.services/" "Mozilla/5.0 (compatible; AhrefsBot/7.0; +http://ahrefs.com/robot/)"
202.8.41.169 - - [21/Jul/2025:19:44:01 +0000] "GET /wp-content/uploads/elementor/google-fonts/css/mulish.css?ver=1742290767 HTTP/1.1" 200 1031 "https://sixpacksecurity.services/" "Mozilla/5.0 (compatible; AhrefsBot/7.0; +http://ahrefs.com/robot/)"
202.8.41.169 - - [21/Jul/2025:19:44:01 +0000] "GET /wp-content/plugins/themex-ppro-elementor/assets/css/icofont.min.css?ver=1.0.0 HTTP/1.1" 200 16856 "https://sixpacksecurity.services/" "Mozilla/5.0 (compatible; AhrefsBot/7.0; +http://ahrefs.com/robot/)"
202.8.41.169 - - [21/Jul/2025:19:44:01 +0000] "GET /wp-content/plugins/elementor/assets/lib/font-awesome/css/solid.min.css?ver=5.15.3 HTTP/1.1" 200 309 "https://sixpacksecurity.services/" "Mozilla/5.0 (compatible; AhrefsBot/7.0; +http://ahrefs.com/robot/)"
202.8.41.169 - - [21/Jul/2025:19:44:01 +0000] "GET /wp-content/plugins/elementor/assets/lib/font-awesome/css/fontawesome.min.css?ver=5.15.3 HTTP/1.1" 200 12617 "https://sixpacksecurity.services/" "Mozilla/5.0 (compatible; AhrefsBot/7.0; +http://ahrefs.com/robot/)"
202.8.41.169 - - [21/Jul/2025:19:44:01 +0000] "GET /wp-content/plugins/themex-ppro-elementor/assets/css/flaticon.css?ver=1.0.0 HTTP/1.1" 200 1850 "https://sixpacksecurity.services/" "Mozilla/5.0 (compatible; AhrefsBot/7.0; +http://ahrefs.com/robot/)"
202.8.41.169 - - [21/Jul/2025:19:44:01 +0000] "GET /wp-content/plugins/themex-ppro-elementor/assets/css/themify-icons.css?ver=1.0.0 HTTP/1.1" 200 2824 "https://sixpacksecurity.services/" "Mozilla/5.0 (compatible; AhrefsBot/7.0; +http://ahrefs.com/robot/)"
202.8.41.169 - - [21/Jul/2025:19:44:01 +0000] "GET /wp-includes/js/jquery/jquery.min.js?ver=3.7.1 HTTP/1.1" 200 30368 "https://sixpacksecurity.services/" "Mozilla/5.0 (compatible; AhrefsBot/7.0; +http://ahrefs.com/robot/)"
202.8.41.169 - - [21/Jul/2025:19:44:01 +0000] "GET /wp-includes/js/jquery/jquery-migrate.min.js?ver=3.4.1 HTTP/1.1" 200 4872 "https://sixpacksecurity.services/" "Mozilla/5.0 (compatible; AhrefsBot/7.0; +http://ahrefs.com/robot/)"
202.8.41.169 - - [21/Jul/2025:19:44:01 +0000] "GET /wp-content/uploads/elementor/css/post-3023.css?ver=1751947128 HTTP/1.1" 200 661 "https://sixpacksecurity.services/" "Mozilla/5.0 (compatible; AhrefsBot/7.0; +http://ahrefs.com/robot/)"
202.8.41.169 - - [21/Jul/2025:19:44:01 +0000] "GET /wp-content/uploads/elementor/css/post-14306.css?ver=1751947128 HTTP/1.1" 200 786 "https://sixpacksecurity.services/" "Mozilla/5.0 (compatible; AhrefsBot/7.0; +http://ahrefs.com/robot/)"
216.73.216.29 - - [21/Jul/2025:19:44:01 +0000] "GET /detail/hook11998576.html HTTP/1.1" 404 10874 "-" "Mozilla/5.0 AppleWebKit/537.36 (KHTML, like Gecko; compatible; ClaudeBot/1.0; [email protected])"
216.73.216.29 - - [21/Jul/2025:19:44:04 +0000] "GET /detail/revis50418276.html HTTP/1.1" 404 10874 "-" "Mozilla/5.0 AppleWebKit/537.36 (KHTML, like Gecko; compatible; ClaudeBot/1.0; [email protected])"
216.73.216.29 - - [21/Jul/2025:19:44:07 +0000] "GET /detail/man10357480.html HTTP/1.1" 404 10875 "-" "Mozilla/5.0 AppleWebKit/537.36 (KHTML, like Gecko; compatible; ClaudeBot/1.0; [email protected])"
216.73.216.29 - - [21/Jul/2025:19:44:10 +0000] "GET /detail/float51927076.html HTTP/1.1" 404 10874 "-" "Mozilla/5.0 AppleWebKit/537.36 (KHTML, like Gecko; compatible; ClaudeBot/1.0; [email protected])"
216.73.216.29 - - [21/Jul/2025:19:44:13 +0000] "GET /detail/issue50505884.html HTTP/1.1" 404 10874 "-" "Mozilla/5.0 AppleWebKit/537.36 (KHTML, like Gecko; compatible; ClaudeBot/1.0; [email protected])"
216.73.216.29 - - [21/Jul/2025:19:44:18 +0000] "GET /detail/activ70720374.html HTTP/1.1" 404 10875 "-" "Mozilla/5.0 AppleWebKit/537.36 (KHTML, like Gecko; compatible; ClaudeBot/1.0; [email protected])"
216.73.216.29 - - [21/Jul/2025:19:44:21 +0000] "GET /detail/same62376405.html HTTP/1.1" 404 10874 "-" "Mozilla/5.0 AppleWebKit/537.36 (KHTML, like Gecko; compatible; ClaudeBot/1.0; [email protected])"
57.141.2.25 - - [21/Jul/2025:19:44:22 +0000] "GET /detail/chair52248236.html HTTP/1.1" 404 50135 "-" "meta-externalagent/1.1 (+https://developers.facebook.com/docs/sharing/webmasters/crawler)"
216.73.216.29 - - [21/Jul/2025:19:44:24 +0000] "GET /detail/try61300829.html HTTP/1.1" 404 10874 "-" "Mozilla/5.0 AppleWebKit/537.36 (KHTML, like Gecko; compatible; ClaudeBot/1.0; [email protected])"
40.77.167.230 - - [21/Jul/2025:19:44:25 +0000] "GET /detail/blue60104037.html HTTP/1.1" 404 10874 "-" "Mozilla/5.0 AppleWebKit/537.36 (KHTML, like Gecko; compatible; bingbot/2.0; +http://www.bing.com/bingbot.htm) Chrome/116.0.1938.76 Safari/537.36"
57.141.2.11 - - [21/Jul/2025:19:44:27 +0000] "GET /detail/youth81946479.html HTTP/1.1" 404 50135 "-" "meta-externalagent/1.1 (+https://developers.facebook.com/docs/sharing/webmasters/crawler)"
216.73.216.29 - - [21/Jul/2025:19:44:27 +0000] "GET /detail/choco21800977.html HTTP/1.1" 404 10875 "-" "Mozilla/5.0 AppleWebKit/537.36 (KHTML, like Gecko; compatible; ClaudeBot/1.0; [email protected])"
216.73.216.29 - - [21/Jul/2025:19:44:30 +0000] "GET /detail/cry62664101.html HTTP/1.1" 404 10874 "-" "Mozilla/5.0 AppleWebKit/537.36 (KHTML, like Gecko; compatible; ClaudeBot/1.0; [email protected])"
57.141.2.8 - - [21/Jul/2025:19:44:31 +0000] "GET /detail/techn21740473.html HTTP/1.1" 404 50135 "-" "meta-externalagent/1.1 (+https://developers.facebook.com/docs/sharing/webmasters/crawler)"
