66.249.73.226 - - [21/Jul/2025:16:30:05 +0000] "GET /entity/2405812 HTTP/1.1" 200 19005 "-" "Mozilla/5.0 (Linux; Android 6.0.1; Nexus 5X Build/MMB29P) AppleWebKit/537.36 (KHTML, like Gecko) Chrome/137.0.7151.103 Mobile Safari/537.36 (compatible; Googlebot/2.1; +http://www.google.com/bot.html)"
66.249.73.227 - - [21/Jul/2025:16:30:05 +0000] "GET /entity/15893652 HTTP/1.1" 200 19097 "-" "Mozilla/5.0 (Linux; Android 6.0.1; Nexus 5X Build/MMB29P) AppleWebKit/537.36 (KHTML, like Gecko) Chrome/137.0.7151.103 Mobile Safari/537.36 (compatible; Googlebot/2.1; +http://www.google.com/bot.html)"
66.249.73.225 - - [21/Jul/2025:16:30:06 +0000] "POST /get-message-notify HTTP/1.1" 200 18726 "https://teamhachem.com/item/3880560/teamhachem.com/avsoft.html" "Mozilla/5.0 (Linux; Android 6.0.1; Nexus 5X Build/MMB29P) AppleWebKit/537.36 (KHTML, like Gecko) Chrome/137.0.7151.119 Mobile Safari/537.36 (compatible; Googlebot/2.1; +http://www.google.com/bot.html)"
66.249.73.226 - - [21/Jul/2025:16:30:06 +0000] "GET /entity/604812528 HTTP/1.1" 200 21834 "-" "Mozilla/5.0 (Linux; Android 6.0.1; Nexus 5X Build/MMB29P) AppleWebKit/537.36 (KHTML, like Gecko) Chrome/137.0.7151.103 Mobile Safari/537.36 (compatible; Googlebot/2.1; +http://www.google.com/bot.html)"
66.249.73.226 - - [21/Jul/2025:16:30:06 +0000] "GET /entity/98697016 HTTP/1.1" 200 20212 "-" "Mozilla/5.0 (Linux; Android 6.0.1; Nexus 5X Build/MMB29P) AppleWebKit/537.36 (KHTML, like Gecko) Chrome/137.0.7151.103 Mobile Safari/537.36 (compatible; Googlebot/2.1; +http://www.google.com/bot.html)"
216.73.216.79 - - [21/Jul/2025:16:30:06 +0000] "GET /entity/415831772 HTTP/1.1" 500 - "-" "Mozilla/5.0 AppleWebKit/537.36 (KHTML, like Gecko; compatible; ClaudeBot/1.0; [email protected])"
66.249.73.225 - - [21/Jul/2025:16:30:06 +0000] "GET /entity/99145244 HTTP/1.1" 200 18541 "-" "Mozilla/5.0 (Linux; Android 6.0.1; Nexus 5X Build/MMB29P) AppleWebKit/537.36 (KHTML, like Gecko) Chrome/137.0.7151.103 Mobile Safari/537.36 (compatible; Googlebot/2.1; +http://www.google.com/bot.html)"
66.249.73.225 - - [21/Jul/2025:16:30:07 +0000] "GET /entity/1148094 HTTP/1.1" 200 18149 "-" "Mozilla/5.0 (Linux; Android 6.0.1; Nexus 5X Build/MMB29P) AppleWebKit/537.36 (KHTML, like Gecko) Chrome/137.0.7151.103 Mobile Safari/537.36 (compatible; Googlebot/2.1; +http://www.google.com/bot.html)"
66.249.73.226 - - [21/Jul/2025:16:30:07 +0000] "GET /entity/1158035 HTTP/1.1" 200 18955 "-" "Mozilla/5.0 (Linux; Android 6.0.1; Nexus 5X Build/MMB29P) AppleWebKit/537.36 (KHTML, like Gecko) Chrome/137.0.7151.103 Mobile Safari/537.36 (compatible; Googlebot/2.1; +http://www.google.com/bot.html)"
66.249.73.226 - - [21/Jul/2025:16:30:07 +0000] "GET /entity/1155175 HTTP/1.1" 200 19687 "-" "Mozilla/5.0 (Linux; Android 6.0.1; Nexus 5X Build/MMB29P) AppleWebKit/537.36 (KHTML, like Gecko) Chrome/137.0.7151.103 Mobile Safari/537.36 (compatible; Googlebot/2.1; +http://www.google.com/bot.html)"
66.249.73.226 - - [21/Jul/2025:16:30:08 +0000] "GET /item/4751625/teamhachem.com/text/terms HTTP/1.1" 200 18075 "-" "Mozilla/5.0 (Linux; Android 6.0.1; Nexus 5X Build/MMB29P) AppleWebKit/537.36 (KHTML, like Gecko) Chrome/137.0.7151.103 Mobile Safari/537.36 (compatible; Googlebot/2.1; +http://www.google.com/bot.html)"
66.249.73.226 - - [21/Jul/2025:16:30:08 +0000] "GET /entity/902427 HTTP/1.1" 200 18203 "-" "Mozilla/5.0 (Linux; Android 6.0.1; Nexus 5X Build/MMB29P) AppleWebKit/537.36 (KHTML, like Gecko) Chrome/137.0.7151.103 Mobile Safari/537.36 (compatible; Googlebot/2.1; +http://www.google.com/bot.html)"
66.249.73.226 - - [21/Jul/2025:16:30:08 +0000] "GET /item/1890490/feature/idol/gradol.html HTTP/1.1" 200 18472 "-" "Mozilla/5.0 (Linux; Android 6.0.1; Nexus 5X Build/MMB29P) AppleWebKit/537.36 (KHTML, like Gecko) Chrome/137.0.7151.103 Mobile Safari/537.36 (compatible; Googlebot/2.1; +http://www.google.com/bot.html)"
66.249.73.225 - - [21/Jul/2025:16:30:08 +0000] "GET /item/5095712/teamhachem.com/oreka/plamodel_menu.html HTTP/1.1" 200 18562 "-" "Mozilla/5.0 (Linux; Android 6.0.1; Nexus 5X Build/MMB29P) AppleWebKit/537.36 (KHTML, like Gecko) Chrome/137.0.7151.103 Mobile Safari/537.36 (compatible; Googlebot/2.1; +http://www.google.com/bot.html)"
66.249.73.225 - - [21/Jul/2025:16:30:09 +0000] "GET /item/4201147/teamhachem.com/man/customer_guide HTTP/1.1" 200 18379 "-" "Mozilla/5.0 (Linux; Android 6.0.1; Nexus 5X Build/MMB29P) AppleWebKit/537.36 (KHTML, like Gecko) Chrome/137.0.7151.103 Mobile Safari/537.36 (compatible; Googlebot/2.1; +http://www.google.com/bot.html)"
66.249.73.226 - - [21/Jul/2025:16:30:09 +0000] "GET /item/4549240/teamhachem.com/kaitori/kantan.html HTTP/1.1" 200 18180 "-" "Mozilla/5.0 (Linux; Android 6.0.1; Nexus 5X Build/MMB29P) AppleWebKit/537.36 (KHTML, like Gecko) Chrome/137.0.7151.103 Mobile Safari/537.36 (compatible; Googlebot/2.1; +http://www.google.com/bot.html)"
66.249.73.225 - - [21/Jul/2025:16:30:09 +0000] "GET /item/5096132/teamhachem.com/kaitori/ansin.html HTTP/1.1" 200 18394 "-" "Mozilla/5.0 (Linux; Android 6.0.1; Nexus 5X Build/MMB29P) AppleWebKit/537.36 (KHTML, like Gecko) Chrome/137.0.7151.103 Mobile Safari/537.36 (compatible; Googlebot/2.1; +http://www.google.com/bot.html)"
66.249.73.226 - - [21/Jul/2025:16:30:10 +0000] "POST /get-message-notify HTTP/1.1" 200 18726 "https://teamhachem.com/entity/1148094" "Mozilla/5.0 (Linux; Android 6.0.1; Nexus 5X Build/MMB29P) AppleWebKit/537.36 (KHTML, like Gecko) Chrome/137.0.7151.119 Mobile Safari/537.36 (compatible; Googlebot/2.1; +http://www.google.com/bot.html)"
66.249.73.226 - - [21/Jul/2025:16:30:10 +0000] "GET /product/edit/teamhachem.com/kaitori/ansin.html HTTP/1.1" 200 19452 "-" "Mozilla/5.0 (Linux; Android 6.0.1; Nexus 5X Build/MMB29P) AppleWebKit/537.36 (KHTML, like Gecko) Chrome/137.0.7151.103 Mobile Safari/537.36 (compatible; Googlebot/2.1; +http://www.google.com/bot.html)"
66.249.73.226 - - [21/Jul/2025:16:30:10 +0000] "POST /get-message-notify HTTP/1.1" 200 18726 "https://teamhachem.com/item/1890490/teamhachem.com/affiliate" "Mozilla/5.0 (Linux; Android 6.0.1; Nexus 5X Build/MMB29P) AppleWebKit/537.36 (KHTML, like Gecko) Chrome/137.0.7151.119 Mobile Safari/537.36 (compatible; Googlebot/2.1; +http://www.google.com/bot.html)"
66.249.73.225 - - [21/Jul/2025:16:30:10 +0000] "GET /item/2894179/teamhachem.com/kaitori/ansin.html HTTP/1.1" 200 18434 "-" "Mozilla/5.0 (Linux; Android 6.0.1; Nexus 5X Build/MMB29P) AppleWebKit/537.36 (KHTML, like Gecko) Chrome/137.0.7151.103 Mobile Safari/537.36 (compatible; Googlebot/2.1; +http://www.google.com/bot.html)"
66.249.73.227 - - [21/Jul/2025:16:30:10 +0000] "GET /item/4791012/ HTTP/1.1" 200 19750 "-" "Mozilla/5.0 (Linux; Android 6.0.1; Nexus 5X Build/MMB29P) AppleWebKit/537.36 (KHTML, like Gecko) Chrome/137.0.7151.103 Mobile Safari/537.36 (compatible; Googlebot/2.1; +http://www.google.com/bot.html)"
66.249.73.227 - - [21/Jul/2025:16:30:10 +0000] "GET /entity/238825 HTTP/1.1" 200 18108 "-" "Mozilla/5.0 (Linux; Android 6.0.1; Nexus 5X Build/MMB29P) AppleWebKit/537.36 (KHTML, like Gecko) Chrome/137.0.7151.103 Mobile Safari/537.36 (compatible; Googlebot/2.1; +http://www.google.com/bot.html)"
66.249.73.227 - - [21/Jul/2025:16:30:11 +0000] "GET /item/4324842/teamhachem.com/kaitori/kaitoritop.html HTTP/1.1" 200 20820 "-" "Mozilla/5.0 (Linux; Android 6.0.1; Nexus 5X Build/MMB29P) AppleWebKit/537.36 (KHTML, like Gecko) Chrome/137.0.7151.103 Mobile Safari/537.36 (compatible; Googlebot/2.1; +http://www.google.com/bot.html)"
66.249.73.227 - - [21/Jul/2025:16:30:11 +0000] "GET /entity/216137 HTTP/1.1" 200 18401 "-" "Mozilla/5.0 (Linux; Android 6.0.1; Nexus 5X Build/MMB29P) AppleWebKit/537.36 (KHTML, like Gecko) Chrome/137.0.7151.103 Mobile Safari/537.36 (compatible; Googlebot/2.1; +http://www.google.com/bot.html)"
66.249.73.225 - - [21/Jul/2025:16:30:11 +0000] "GET /entity/210230 HTTP/1.1" 200 18505 "-" "Mozilla/5.0 (Linux; Android 6.0.1; Nexus 5X Build/MMB29P) AppleWebKit/537.36 (KHTML, like Gecko) Chrome/137.0.7151.103 Mobile Safari/537.36 (compatible; Googlebot/2.1; +http://www.google.com/bot.html)"
216.73.216.79 - - [21/Jul/2025:16:30:11 +0000] "GET /sitemap-2.xml HTTP/1.1" 200 4277 "-" "Mozilla/5.0 AppleWebKit/537.36 (KHTML, like Gecko; compatible; ClaudeBot/1.0; [email protected])"
66.249.73.225 - - [21/Jul/2025:16:30:11 +0000] "POST /get-message-notify HTTP/1.1" 200 18726 "https://teamhachem.com/entity/2405812" "Mozilla/5.0 (Linux; Android 6.0.1; Nexus 5X Build/MMB29P) AppleWebKit/537.36 (KHTML, like Gecko) Chrome/137.0.7151.119 Mobile Safari/537.36 (compatible; Googlebot/2.1; +http://www.google.com/bot.html)"
66.249.73.226 - - [21/Jul/2025:16:30:11 +0000] "GET /entity/152848 HTTP/1.1" 200 18107 "-" "Mozilla/5.0 (Linux; Android 6.0.1; Nexus 5X Build/MMB29P) AppleWebKit/537.36 (KHTML, like Gecko) Chrome/137.0.7151.103 Mobile Safari/537.36 (compatible; Googlebot/2.1; +http://www.google.com/bot.html)"
66.249.73.227 - - [21/Jul/2025:16:30:12 +0000] "GET /item/2478958/teamhachem.com/feature/index.html HTTP/1.1" 200 17931 "-" "Mozilla/5.0 (Linux; Android 6.0.1; Nexus 5X Build/MMB29P) AppleWebKit/537.36 (KHTML, like Gecko) Chrome/137.0.7151.103 Mobile Safari/537.36 (compatible; Googlebot/2.1; +http://www.google.com/bot.html)"
66.249.73.225 - - [21/Jul/2025:16:30:12 +0000] "POST /get-message-notify HTTP/1.1" 200 18726 "https://teamhachem.com/item/4429139/" "Mozilla/5.0 (Linux; Android 6.0.1; Nexus 5X Build/MMB29P) AppleWebKit/537.36 (KHTML, like Gecko) Chrome/137.0.7151.119 Mobile Safari/537.36 (compatible; Googlebot/2.1; +http://www.google.com/bot.html)"
66.249.73.225 - - [21/Jul/2025:16:30:12 +0000] "GET /item/2571863/teamhachem.com/kaitori/kaitoritop.html HTTP/1.1" 200 18289 "-" "Mozilla/5.0 (Linux; Android 6.0.1; Nexus 5X Build/MMB29P) AppleWebKit/537.36 (KHTML, like Gecko) Chrome/137.0.7151.103 Mobile Safari/537.36 (compatible; Googlebot/2.1; +http://www.google.com/bot.html)"
66.249.73.226 - - [21/Jul/2025:16:30:12 +0000] "POST /get-message-notify HTTP/1.1" 200 18726 "https://teamhachem.com/item/4549240/teamhachem.com/pcmypage?callback=product%2Fdetail%2F22830796" "Mozilla/5.0 (Linux; Android 6.0.1; Nexus 5X Build/MMB29P) AppleWebKit/537.36 (KHTML, like Gecko) Chrome/137.0.7151.119 Mobile Safari/537.36 (compatible; Googlebot/2.1; +http://www.google.com/bot.html)"
66.249.73.227 - - [21/Jul/2025:16:30:12 +0000] "GET /entity/204791 HTTP/1.1" 200 19485 "-" "Mozilla/5.0 (Linux; Android 6.0.1; Nexus 5X Build/MMB29P) AppleWebKit/537.36 (KHTML, like Gecko) Chrome/137.0.7151.103 Mobile Safari/537.36 (compatible; Googlebot/2.1; +http://www.google.com/bot.html)"
66.249.73.225 - - [21/Jul/2025:16:30:13 +0000] "GET /entity/238279 HTTP/1.1" 200 19176 "-" "Mozilla/5.0 (Linux; Android 6.0.1; Nexus 5X Build/MMB29P) AppleWebKit/537.36 (KHTML, like Gecko) Chrome/137.0.7151.103 Mobile Safari/537.36 (compatible; Googlebot/2.1; +http://www.google.com/bot.html)"
66.249.73.225 - - [21/Jul/2025:16:30:13 +0000] "GET /entity/183773 HTTP/1.1" 200 19344 "-" "Mozilla/5.0 (Linux; Android 6.0.1; Nexus 5X Build/MMB29P) AppleWebKit/537.36 (KHTML, like Gecko) Chrome/137.0.7151.103 Mobile Safari/537.36 (compatible; Googlebot/2.1; +http://www.google.com/bot.html)"
66.249.73.225 - - [21/Jul/2025:16:30:13 +0000] "GET /entity/241751 HTTP/1.1" 200 18542 "-" "Mozilla/5.0 (Linux; Android 6.0.1; Nexus 5X Build/MMB29P) AppleWebKit/537.36 (KHTML, like Gecko) Chrome/137.0.7151.103 Mobile Safari/537.36 (compatible; Googlebot/2.1; +http://www.google.com/bot.html)"
66.249.73.227 - - [21/Jul/2025:16:30:13 +0000] "GET /item/3880560/teamhachem.com/feature/index.html HTTP/1.1" 200 17865 "-" "Mozilla/5.0 (Linux; Android 6.0.1; Nexus 5X Build/MMB29P) AppleWebKit/537.36 (KHTML, like Gecko) Chrome/137.0.7151.103 Mobile Safari/537.36 (compatible; Googlebot/2.1; +http://www.google.com/bot.html)"
66.249.73.227 - - [21/Jul/2025:16:30:14 +0000] "GET /entity/84618 HTTP/1.1" 200 18340 "-" "Mozilla/5.0 (Linux; Android 6.0.1; Nexus 5X Build/MMB29P) AppleWebKit/537.36 (KHTML, like Gecko) Chrome/137.0.7151.103 Mobile Safari/537.36 (compatible; Googlebot/2.1; +http://www.google.com/bot.html)"
66.249.73.226 - - [21/Jul/2025:16:30:14 +0000] "POST /get-message-notify HTTP/1.1" 200 18726 "https://teamhachem.com/entity/152848" "Mozilla/5.0 (Linux; Android 6.0.1; Nexus 5X Build/MMB29P) AppleWebKit/537.36 (KHTML, like Gecko) Chrome/137.0.7151.119 Mobile Safari/537.36 (compatible; Googlebot/2.1; +http://www.google.com/bot.html)"
66.249.73.227 - - [21/Jul/2025:16:30:14 +0000] "GET /entity/235184 HTTP/1.1" 200 18331 "-" "Mozilla/5.0 (Linux; Android 6.0.1; Nexus 5X Build/MMB29P) AppleWebKit/537.36 (KHTML, like Gecko) Chrome/137.0.7151.103 Mobile Safari/537.36 (compatible; Googlebot/2.1; +http://www.google.com/bot.html)"
66.249.73.226 - - [21/Jul/2025:16:30:14 +0000] "GET /entity/77509 HTTP/1.1" 200 19766 "-" "Mozilla/5.0 (Linux; Android 6.0.1; Nexus 5X Build/MMB29P) AppleWebKit/537.36 (KHTML, like Gecko) Chrome/137.0.7151.103 Mobile Safari/537.36 (compatible; Googlebot/2.1; +http://www.google.com/bot.html)"
66.249.73.227 - - [21/Jul/2025:16:30:14 +0000] "GET /entity/592835204 HTTP/1.1" 200 20269 "-" "Mozilla/5.0 (Linux; Android 6.0.1; Nexus 5X Build/MMB29P) AppleWebKit/537.36 (KHTML, like Gecko) Chrome/137.0.7151.103 Mobile Safari/537.36 (compatible; Googlebot/2.1; +http://www.google.com/bot.html)"
66.249.73.228 - - [21/Jul/2025:16:30:15 +0000] "GET /entity/96897077 HTTP/1.1" 200 19283 "-" "Mozilla/5.0 (Linux; Android 6.0.1; Nexus 5X Build/MMB29P) AppleWebKit/537.36 (KHTML, like Gecko) Chrome/137.0.7151.103 Mobile Safari/537.36 (compatible; Googlebot/2.1; +http://www.google.com/bot.html)"
66.249.73.225 - - [21/Jul/2025:16:30:15 +0000] "GET /item/3101732/ HTTP/1.1" 200 18147 "-" "Mozilla/5.0 (Linux; Android 6.0.1; Nexus 5X Build/MMB29P) AppleWebKit/537.36 (KHTML, like Gecko) Chrome/137.0.7151.103 Mobile Safari/537.36 (compatible; Googlebot/2.1; +http://www.google.com/bot.html)"
66.249.73.227 - - [21/Jul/2025:16:30:16 +0000] "GET /item/2162860/ HTTP/1.1" 200 18190 "-" "Mozilla/5.0 (Linux; Android 6.0.1; Nexus 5X Build/MMB29P) AppleWebKit/537.36 (KHTML, like Gecko) Chrome/137.0.7151.103 Mobile Safari/537.36 (compatible; Googlebot/2.1; +http://www.google.com/bot.html)"
66.249.73.226 - - [21/Jul/2025:16:30:16 +0000] "POST /get-message-notify HTTP/1.1" 200 18726 "https://teamhachem.com/entity/238279" "Mozilla/5.0 (Linux; Android 6.0.1; Nexus 5X Build/MMB29P) AppleWebKit/537.36 (KHTML, like Gecko) Chrome/137.0.7151.119 Mobile Safari/537.36 (compatible; Googlebot/2.1; +http://www.google.com/bot.html)"
216.73.216.79 - - [21/Jul/2025:16:30:16 +0000] "GET /entity/372093334 HTTP/1.1" 500 - "-" "Mozilla/5.0 AppleWebKit/537.36 (KHTML, like Gecko; compatible; ClaudeBot/1.0; [email protected])"
66.249.73.226 - - [21/Jul/2025:16:30:17 +0000] "GET /item/5096132 HTTP/1.1" 200 18349 "-" "Mozilla/5.0 (Linux; Android 6.0.1; Nexus 5X Build/MMB29P) AppleWebKit/537.36 (KHTML, like Gecko) Chrome/137.0.7151.103 Mobile Safari/537.36 (compatible; Googlebot/2.1; +http://www.google.com/bot.html)"
66.249.73.226 - - [21/Jul/2025:16:30:17 +0000] "GET /entity/97020010 HTTP/1.1" 200 18406 "-" "Mozilla/5.0 (Linux; Android 6.0.1; Nexus 5X Build/MMB29P) AppleWebKit/537.36 (KHTML, like Gecko) Chrome/137.0.7151.103 Mobile Safari/537.36 (compatible; Googlebot/2.1; +http://www.google.com/bot.html)"
66.249.73.227 - - [21/Jul/2025:16:30:17 +0000] "GET /entity/96959832 HTTP/1.1" 200 18304 "-" "Mozilla/5.0 (Linux; Android 6.0.1; Nexus 5X Build/MMB29P) AppleWebKit/537.36 (KHTML, like Gecko) Chrome/137.0.7151.103 Mobile Safari/537.36 (compatible; Googlebot/2.1; +http://www.google.com/bot.html)"
66.249.73.228 - - [21/Jul/2025:16:30:17 +0000] "GET /entity/96998199 HTTP/1.1" 200 18453 "-" "Mozilla/5.0 (Linux; Android 6.0.1; Nexus 5X Build/MMB29P) AppleWebKit/537.36 (KHTML, like Gecko) Chrome/137.0.7151.103 Mobile Safari/537.36 (compatible; Googlebot/2.1; +http://www.google.com/bot.html)"
66.249.73.225 - - [21/Jul/2025:16:30:18 +0000] "POST /get-message-notify HTTP/1.1" 200 18726 "https://teamhachem.com/item/2162860/" "Mozilla/5.0 (Linux; Android 6.0.1; Nexus 5X Build/MMB29P) AppleWebKit/537.36 (KHTML, like Gecko) Chrome/137.0.7151.119 Mobile Safari/537.36 (compatible; Googlebot/2.1; +http://www.google.com/bot.html)"
66.249.73.227 - - [21/Jul/2025:16:30:18 +0000] "GET /entity/13180241 HTTP/1.1" 200 18757 "-" "Mozilla/5.0 (Linux; Android 6.0.1; Nexus 5X Build/MMB29P) AppleWebKit/537.36 (KHTML, like Gecko) Chrome/137.0.7151.103 Mobile Safari/537.36 (compatible; Googlebot/2.1; +http://www.google.com/bot.html)"
66.249.73.227 - - [21/Jul/2025:16:30:18 +0000] "GET /entity/1678975 HTTP/1.1" 200 18391 "-" "Mozilla/5.0 (Linux; Android 6.0.1; Nexus 5X Build/MMB29P) AppleWebKit/537.36 (KHTML, like Gecko) Chrome/137.0.7151.103 Mobile Safari/537.36 (compatible; Googlebot/2.1; +http://www.google.com/bot.html)"
66.249.73.228 - - [21/Jul/2025:16:30:19 +0000] "GET /entity/97745213 HTTP/1.1" 200 18733 "-" "Mozilla/5.0 (Linux; Android 6.0.1; Nexus 5X Build/MMB29P) AppleWebKit/537.36 (KHTML, like Gecko) Chrome/137.0.7151.103 Mobile Safari/537.36 (compatible; Googlebot/2.1; +http://www.google.com/bot.html)"
66.249.73.225 - - [21/Jul/2025:16:30:19 +0000] "GET /entity/545077082 HTTP/1.1" 200 22820 "-" "Mozilla/5.0 (Linux; Android 6.0.1; Nexus 5X Build/MMB29P) AppleWebKit/537.36 (KHTML, like Gecko) Chrome/137.0.7151.103 Mobile Safari/537.36 (compatible; Googlebot/2.1; +http://www.google.com/bot.html)"
66.249.73.226 - - [21/Jul/2025:16:30:19 +0000] "POST /get-message-notify HTTP/1.1" 200 18726 "https://teamhachem.com/entity/604805154" "Mozilla/5.0 (Linux; Android 6.0.1; Nexus 5X Build/MMB29P) AppleWebKit/537.36 (KHTML, like Gecko) Chrome/137.0.7151.119 Mobile Safari/537.36 (compatible; Googlebot/2.1; +http://www.google.com/bot.html)"
66.249.73.225 - - [21/Jul/2025:16:30:20 +0000] "GET /teamhachem.com/vintagegame.html HTTP/1.1" 200 18638 "-" "Mozilla/5.0 (Linux; Android 6.0.1; Nexus 5X Build/MMB29P) AppleWebKit/537.36 (KHTML, like Gecko) Chrome/137.0.7151.103 Mobile Safari/537.36 (compatible; Googlebot/2.1; +http://www.google.com/bot.html)"
66.249.73.225 - - [21/Jul/2025:16:30:20 +0000] "POST /get-message-notify HTTP/1.1" 200 18726 "https://teamhachem.com/contacts/teamhachem.com/feature/index.html" "Mozilla/5.0 (Linux; Android 6.0.1; Nexus 5X Build/MMB29P) AppleWebKit/537.36 (KHTML, like Gecko) Chrome/137.0.7151.119 Mobile Safari/537.36 (compatible; Googlebot/2.1; +http://www.google.com/bot.html)"
66.249.73.228 - - [21/Jul/2025:16:30:20 +0000] "GET /entity/97625006 HTTP/1.1" 200 19420 "-" "Mozilla/5.0 (Linux; Android 6.0.1; Nexus 5X Build/MMB29P) AppleWebKit/537.36 (KHTML, like Gecko) Chrome/137.0.7151.103 Mobile Safari/537.36 (compatible; Googlebot/2.1; +http://www.google.com/bot.html)"
66.249.73.228 - - [21/Jul/2025:16:30:21 +0000] "POST /get-message-notify HTTP/1.1" 200 18726 "https://teamhachem.com/entity/183773" "Mozilla/5.0 (Linux; Android 6.0.1; Nexus 5X Build/MMB29P) AppleWebKit/537.36 (KHTML, like Gecko) Chrome/137.0.7151.119 Mobile Safari/537.36 (compatible; Googlebot/2.1; +http://www.google.com/bot.html)"
216.73.216.79 - - [21/Jul/2025:16:30:21 +0000] "GET /entity/372024891 HTTP/1.1" 500 - "-" "Mozilla/5.0 AppleWebKit/537.36 (KHTML, like Gecko; compatible; ClaudeBot/1.0; [email protected])"
52.167.144.215 - - [21/Jul/2025:16:30:23 +0000] "GET /item/5079042/ HTTP/1.1" 200 18740 "-" "Mozilla/5.0 AppleWebKit/537.36 (KHTML, like Gecko; compatible; bingbot/2.0; +http://www.bing.com/bingbot.htm) Chrome/116.0.1938.76 Safari/537.36"
52.167.144.215 - - [21/Jul/2025:16:30:23 +0000] "GET /item/4443933/ HTTP/1.1" 200 18904 "-" "Mozilla/5.0 AppleWebKit/537.36 (KHTML, like Gecko; compatible; bingbot/2.0; +http://www.bing.com/bingbot.htm) Chrome/116.0.1938.76 Safari/537.36"
52.167.144.215 - - [21/Jul/2025:16:30:24 +0000] "GET /item/1750640/ HTTP/1.1" 200 18586 "-" "Mozilla/5.0 AppleWebKit/537.36 (KHTML, like Gecko; compatible; bingbot/2.0; +http://www.bing.com/bingbot.htm) Chrome/116.0.1938.76 Safari/537.36"
52.167.144.215 - - [21/Jul/2025:16:30:24 +0000] "GET /item/3260274/ HTTP/1.1" 200 18066 "-" "Mozilla/5.0 AppleWebKit/537.36 (KHTML, like Gecko; compatible; bingbot/2.0; +http://www.bing.com/bingbot.htm) Chrome/116.0.1938.76 Safari/537.36"
66.249.73.225 - - [21/Jul/2025:16:30:24 +0000] "POST /get-message-notify HTTP/1.1" 200 18726 "https://teamhachem.com/entity/238825" "Mozilla/5.0 (Linux; Android 6.0.1; Nexus 5X Build/MMB29P) AppleWebKit/537.36 (KHTML, like Gecko) Chrome/137.0.7151.119 Mobile Safari/537.36 (compatible; Googlebot/2.1; +http://www.google.com/bot.html)"
66.249.73.225 - - [21/Jul/2025:16:30:26 +0000] "GET /item/4776723/ HTTP/1.1" 200 19587 "-" "Mozilla/5.0 (Linux; Android 6.0.1; Nexus 5X Build/MMB29P) AppleWebKit/537.36 (KHTML, like Gecko) Chrome/137.0.7151.103 Mobile Safari/537.36 (compatible; Googlebot/2.1; +http://www.google.com/bot.html)"
216.73.216.79 - - [21/Jul/2025:16:30:26 +0000] "GET /entity/415884345 HTTP/1.1" 500 - "-" "Mozilla/5.0 AppleWebKit/537.36 (KHTML, like Gecko; compatible; ClaudeBot/1.0; [email protected])"
66.249.73.229 - - [21/Jul/2025:16:30:26 +0000] "POST /get-message-notify HTTP/1.1" 200 18726 "https://teamhachem.com/entity/97745213" "Mozilla/5.0 (Linux; Android 6.0.1; Nexus 5X Build/MMB29P) AppleWebKit/537.36 (KHTML, like Gecko) Chrome/137.0.7151.119 Mobile Safari/537.36 (compatible; Googlebot/2.1; +http://www.google.com/bot.html)"
66.249.73.228 - - [21/Jul/2025:16:30:28 +0000] "POST /get-message-notify HTTP/1.1" 200 18726 "https://teamhachem.com/entity/545077082" "Mozilla/5.0 (Linux; Android 6.0.1; Nexus 5X Build/MMB29P) AppleWebKit/537.36 (KHTML, like Gecko) Chrome/137.0.7151.119 Mobile Safari/537.36 (compatible; Googlebot/2.1; +http://www.google.com/bot.html)"
57.141.2.4 - - [21/Jul/2025:16:30:29 +0000] "GET /item/2837642/ HTTP/1.1" 500 - "-" "meta-externalagent/1.1 (+https://developers.facebook.com/docs/sharing/webmasters/crawler)"
66.249.73.226 - - [21/Jul/2025:16:30:29 +0000] "GET /item/1500638/ HTTP/1.1" 200 18145 "-" "Mozilla/5.0 (Linux; Android 6.0.1; Nexus 5X Build/MMB29P) AppleWebKit/537.36 (KHTML, like Gecko) Chrome/137.0.7151.103 Mobile Safari/537.36 (compatible; Googlebot/2.1; +http://www.google.com/bot.html)"
216.73.216.79 - - [21/Jul/2025:16:30:31 +0000] "GET /entity/415930863 HTTP/1.1" 500 - "-" "Mozilla/5.0 AppleWebKit/537.36 (KHTML, like Gecko; compatible; ClaudeBot/1.0; [email protected])"
52.167.144.215 - - [21/Jul/2025:16:30:31 +0000] "GET /item/2200735/ HTTP/1.1" 200 18314 "-" "Mozilla/5.0 AppleWebKit/537.36 (KHTML, like Gecko; compatible; bingbot/2.0; +http://www.bing.com/bingbot.htm) Chrome/116.0.1938.76 Safari/537.36"
66.249.73.226 - - [21/Jul/2025:16:30:33 +0000] "GET /item/5233860/ HTTP/1.1" 200 18377 "-" "Mozilla/5.0 (Linux; Android 6.0.1; Nexus 5X Build/MMB29P) AppleWebKit/537.36 (KHTML, like Gecko) Chrome/137.0.7151.103 Mobile Safari/537.36 (compatible; Googlebot/2.1; +http://www.google.com/bot.html)"
66.249.73.230 - - [21/Jul/2025:16:30:33 +0000] "GET /entity/98809203 HTTP/1.1" 200 18667 "-" "Mozilla/5.0 (Linux; Android 6.0.1; Nexus 5X Build/MMB29P) AppleWebKit/537.36 (KHTML, like Gecko) Chrome/137.0.7151.103 Mobile Safari/537.36 (compatible; Googlebot/2.1; +http://www.google.com/bot.html)"
66.249.73.230 - - [21/Jul/2025:16:30:34 +0000] "GET /item/1415696/teamhachem.com/pcmypage?callback=/product%2Fdetail%2F56983151 HTTP/1.1" 200 18391 "-" "Mozilla/5.0 (Linux; Android 6.0.1; Nexus 5X Build/MMB29P) AppleWebKit/537.36 (KHTML, like Gecko) Chrome/137.0.7151.103 Mobile Safari/537.36 (compatible; Googlebot/2.1; +http://www.google.com/bot.html)"
66.249.73.229 - - [21/Jul/2025:16:30:35 +0000] "POST /get-message-notify HTTP/1.1" 200 18726 "https://teamhachem.com/item/5095712/teamhachem.com/oreka/plamodel_menu.html" "Mozilla/5.0 (Linux; Android 6.0.1; Nexus 5X Build/MMB29P) AppleWebKit/537.36 (KHTML, like Gecko) Chrome/137.0.7151.119 Mobile Safari/537.36 (compatible; Googlebot/2.1; +http://www.google.com/bot.html)"
66.249.73.226 - - [21/Jul/2025:16:30:35 +0000] "POST /get-message-notify HTTP/1.1" 200 18726 "https://teamhachem.com/item/4751625/teamhachem.com/affiliate" "Mozilla/5.0 (Linux; Android 6.0.1; Nexus 5X Build/MMB29P) AppleWebKit/537.36 (KHTML, like Gecko) Chrome/137.0.7151.119 Mobile Safari/537.36 (compatible; Googlebot/2.1; +http://www.google.com/bot.html)"
66.249.73.226 - - [21/Jul/2025:16:30:35 +0000] "POST /get-message-notify HTTP/1.1" 200 18726 "https://teamhachem.com/item/1898616/" "Mozilla/5.0 (Linux; Android 6.0.1; Nexus 5X Build/MMB29P) AppleWebKit/537.36 (KHTML, like Gecko) Chrome/137.0.7151.119 Mobile Safari/537.36 (compatible; Googlebot/2.1; +http://www.google.com/bot.html)"
216.73.216.79 - - [21/Jul/2025:16:30:36 +0000] "GET /entity/415852511 HTTP/1.1" 500 - "-" "Mozilla/5.0 AppleWebKit/537.36 (KHTML, like Gecko; compatible; ClaudeBot/1.0; [email protected])"
66.249.73.227 - - [21/Jul/2025:16:30:37 +0000] "GET /entity/14770528 HTTP/1.1" 200 18772 "-" "Mozilla/5.0 (Linux; Android 6.0.1; Nexus 5X Build/MMB29P) AppleWebKit/537.36 (KHTML, like Gecko) Chrome/137.0.7151.103 Mobile Safari/537.36 (compatible; Googlebot/2.1; +http://www.google.com/bot.html)"
66.249.73.230 - - [21/Jul/2025:16:30:37 +0000] "GET /entity/99531775 HTTP/1.1" 200 18605 "-" "Mozilla/5.0 (Linux; Android 6.0.1; Nexus 5X Build/MMB29P) AppleWebKit/537.36 (KHTML, like Gecko) Chrome/137.0.7151.103 Mobile Safari/537.36 (compatible; Googlebot/2.1; +http://www.google.com/bot.html)"
66.249.73.225 - - [21/Jul/2025:16:30:38 +0000] "GET /entity/98009901 HTTP/1.1" 200 20048 "-" "Mozilla/5.0 (Linux; Android 6.0.1; Nexus 5X Build/MMB29P) AppleWebKit/537.36 (KHTML, like Gecko) Chrome/137.0.7151.103 Mobile Safari/537.36 (compatible; Googlebot/2.1; +http://www.google.com/bot.html)"
52.167.144.176 - - [21/Jul/2025:16:30:38 +0000] "GET /item/3642471/ HTTP/1.1" 200 18562 "-" "Mozilla/5.0 AppleWebKit/537.36 (KHTML, like Gecko; compatible; bingbot/2.0; +http://www.bing.com/bingbot.htm) Chrome/116.0.1938.76 Safari/537.36"
66.249.73.231 - - [21/Jul/2025:16:30:38 +0000] "GET /product/edit/T3473531499 HTTP/1.1" 200 18605 "-" "Mozilla/5.0 (Linux; Android 6.0.1; Nexus 5X Build/MMB29P) AppleWebKit/537.36 (KHTML, like Gecko) Chrome/137.0.7151.103 Mobile Safari/537.36 (compatible; Googlebot/2.1; +http://www.google.com/bot.html)"
52.167.144.176 - - [21/Jul/2025:16:30:38 +0000] "GET /item/1958415/ HTTP/1.1" 200 18951 "-" "Mozilla/5.0 AppleWebKit/537.36 (KHTML, like Gecko; compatible; bingbot/2.0; +http://www.bing.com/bingbot.htm) Chrome/116.0.1938.76 Safari/537.36"
66.249.73.225 - - [21/Jul/2025:16:30:40 +0000] "GET /item/5083064/teamhachem.com/product_archives HTTP/1.1" 200 20180 "-" "Mozilla/5.0 (Linux; Android 6.0.1; Nexus 5X Build/MMB29P) AppleWebKit/537.36 (KHTML, like Gecko) Chrome/137.0.7151.103 Mobile Safari/537.36 (compatible; Googlebot/2.1; +http://www.google.com/bot.html)"
66.249.73.225 - - [21/Jul/2025:16:30:41 +0000] "GET /item/2478958/teamhachem.com/pcmypage?callback=product%2Fdetail%2F30543543 HTTP/1.1" 200 17953 "-" "Mozilla/5.0 (Linux; Android 6.0.1; Nexus 5X Build/MMB29P) AppleWebKit/537.36 (KHTML, like Gecko) Chrome/137.0.7151.103 Mobile Safari/537.36 (compatible; Googlebot/2.1; +http://www.google.com/bot.html)"
216.73.216.79 - - [21/Jul/2025:16:30:41 +0000] "GET /entity/372053018 HTTP/1.1" 500 - "-" "Mozilla/5.0 AppleWebKit/537.36 (KHTML, like Gecko; compatible; ClaudeBot/1.0; [email protected])"
66.249.73.229 - - [21/Jul/2025:16:30:44 +0000] "GET /product/edit/T2913679075 HTTP/1.1" 200 21476 "-" "Mozilla/5.0 (Linux; Android 6.0.1; Nexus 5X Build/MMB29P) AppleWebKit/537.36 (KHTML, like Gecko) Chrome/137.0.7151.103 Mobile Safari/537.36 (compatible; Googlebot/2.1; +http://www.google.com/bot.html)"
66.249.73.230 - - [21/Jul/2025:16:30:45 +0000] "POST /get-message-notify HTTP/1.1" 200 18726 "https://teamhachem.com/entity/14770528" "Mozilla/5.0 (Linux; Android 6.0.1; Nexus 5X Build/MMB29P) AppleWebKit/537.36 (KHTML, like Gecko) Chrome/137.0.7151.119 Mobile Safari/537.36 (compatible; Googlebot/2.1; +http://www.google.com/bot.html)"
216.73.216.79 - - [21/Jul/2025:16:30:46 +0000] "GET /entity/415929488 HTTP/1.1" 500 - "-" "Mozilla/5.0 AppleWebKit/537.36 (KHTML, like Gecko; compatible; ClaudeBot/1.0; [email protected])"
66.249.73.230 - - [21/Jul/2025:16:30:47 +0000] "GET /item/1615527/teamhachem.com/feature/osu_main/index.html HTTP/1.1" 200 17974 "-" "Mozilla/5.0 (Linux; Android 6.0.1; Nexus 5X Build/MMB29P) AppleWebKit/537.36 (KHTML, like Gecko) Chrome/137.0.7151.103 Mobile Safari/537.36 (compatible; Googlebot/2.1; +http://www.google.com/bot.html)"
66.249.73.231 - - [21/Jul/2025:16:30:48 +0000] "GET /item/4043026/teamhachem.com/feature/akihabara_main/index.html HTTP/1.1" 200 18110 "-" "Mozilla/5.0 (Linux; Android 6.0.1; Nexus 5X Build/MMB29P) AppleWebKit/537.36 (KHTML, like Gecko) Chrome/137.0.7151.103 Mobile Safari/537.36 (compatible; Googlebot/2.1; +http://www.google.com/bot.html)"
66.249.73.227 - - [21/Jul/2025:16:30:48 +0000] "GET /item/4687704/teamhachem.com/feature/sapporo/index.html HTTP/1.1" 200 18244 "-" "Mozilla/5.0 (Linux; Android 6.0.1; Nexus 5X Build/MMB29P) AppleWebKit/537.36 (KHTML, like Gecko) Chrome/137.0.7151.103 Mobile Safari/537.36 (compatible; Googlebot/2.1; +http://www.google.com/bot.html)"
66.249.73.231 - - [21/Jul/2025:16:30:49 +0000] "GET /item/4324842/teamhachem.com/hobby/nuigurumi/nuigurumi.html HTTP/1.1" 200 20825 "-" "Mozilla/5.0 (Linux; Android 6.0.1; Nexus 5X Build/MMB29P) AppleWebKit/537.36 (KHTML, like Gecko) Chrome/137.0.7151.103 Mobile Safari/537.36 (compatible; Googlebot/2.1; +http://www.google.com/bot.html)"
66.249.73.228 - - [21/Jul/2025:16:30:49 +0000] "GET /item/2460095//man/kaitori/kaitoritop.html HTTP/1.1" 200 18042 "-" "Mozilla/5.0 (Linux; Android 6.0.1; Nexus 5X Build/MMB29P) AppleWebKit/537.36 (KHTML, like Gecko) Chrome/137.0.7151.103 Mobile Safari/537.36 (compatible; Googlebot/2.1; +http://www.google.com/bot.html)"
66.249.73.231 - - [21/Jul/2025:16:30:50 +0000] "GET /item/4687704/teamhachem.com/kaitori/kantan.html HTTP/1.1" 200 18245 "-" "Mozilla/5.0 (Linux; Android 6.0.1; Nexus 5X Build/MMB29P) AppleWebKit/537.36 (KHTML, like Gecko) Chrome/137.0.7151.103 Mobile Safari/537.36 (compatible; Googlebot/2.1; +http://www.google.com/bot.html)"
66.249.73.226 - - [21/Jul/2025:16:30:50 +0000] "GET /item/2162725/teamhachem.com/oreka/plamodel_menu.html HTTP/1.1" 200 18223 "-" "Mozilla/5.0 (Linux; Android 6.0.1; Nexus 5X Build/MMB29P) AppleWebKit/537.36 (KHTML, like Gecko) Chrome/137.0.7151.103 Mobile Safari/537.36 (compatible; Googlebot/2.1; +http://www.google.com/bot.html)"
20.15.133.163 - - [21/Jul/2025:16:30:50 +0000] "GET /item/2338543/ HTTP/1.1" 200 18477 "-" "Mozilla/5.0 AppleWebKit/537.36 (KHTML, like Gecko; compatible; bingbot/2.0; +http://www.bing.com/bingbot.htm) Chrome/116.0.1938.76 Safari/537.36"
66.249.73.226 - - [21/Jul/2025:16:30:51 +0000] "GET /item/3241370/teamhachem.com/toreka/toreka_menu.html HTTP/1.1" 200 18058 "-" "Mozilla/5.0 (Linux; Android 6.0.1; Nexus 5X Build/MMB29P) AppleWebKit/537.36 (KHTML, like Gecko) Chrome/137.0.7151.103 Mobile Safari/537.36 (compatible; Googlebot/2.1; +http://www.google.com/bot.html)"
66.249.73.227 - - [21/Jul/2025:16:30:51 +0000] "GET /entity/2406063 HTTP/1.1" 200 18640 "-" "Mozilla/5.0 (Linux; Android 6.0.1; Nexus 5X Build/MMB29P) AppleWebKit/537.36 (KHTML, like Gecko) Chrome/137.0.7151.103 Mobile Safari/537.36 (compatible; Googlebot/2.1; +http://www.google.com/bot.html)"
216.73.216.79 - - [21/Jul/2025:16:30:51 +0000] "GET /entity/372016871 HTTP/1.1" 500 - "-" "Mozilla/5.0 AppleWebKit/537.36 (KHTML, like Gecko; compatible; ClaudeBot/1.0; [email protected])"
66.249.73.226 - - [21/Jul/2025:16:30:51 +0000] "GET /entity/97656840 HTTP/1.1" 200 19863 "-" "Mozilla/5.0 (Linux; Android 6.0.1; Nexus 5X Build/MMB29P) AppleWebKit/537.36 (KHTML, like Gecko) Chrome/137.0.7151.103 Mobile Safari/537.36 (compatible; Googlebot/2.1; +http://www.google.com/bot.html)"
66.249.73.225 - - [21/Jul/2025:16:30:51 +0000] "GET /entity/220121 HTTP/1.1" 200 19735 "-" "Mozilla/5.0 (Linux; Android 6.0.1; Nexus 5X Build/MMB29P) AppleWebKit/537.36 (KHTML, like Gecko) Chrome/137.0.7151.103 Mobile Safari/537.36 (compatible; Googlebot/2.1; +http://www.google.com/bot.html)"
66.249.73.230 - - [21/Jul/2025:16:30:53 +0000] "POST /get-message-notify HTTP/1.1" 200 18726 "https://teamhachem.com/entity/241751" "Mozilla/5.0 (Linux; Android 6.0.1; Nexus 5X Build/MMB29P) AppleWebKit/537.36 (KHTML, like Gecko) Chrome/137.0.7151.119 Mobile Safari/537.36 (compatible; Googlebot/2.1; +http://www.google.com/bot.html)"
66.249.73.229 - - [21/Jul/2025:16:30:53 +0000] "GET /entity/96891967 HTTP/1.1" 200 18682 "-" "Mozilla/5.0 (Linux; Android 6.0.1; Nexus 5X Build/MMB29P) AppleWebKit/537.36 (KHTML, like Gecko) Chrome/137.0.7151.103 Mobile Safari/537.36 (compatible; Googlebot/2.1; +http://www.google.com/bot.html)"
66.249.73.229 - - [21/Jul/2025:16:30:53 +0000] "GET /entity/96928000 HTTP/1.1" 200 18297 "-" "Mozilla/5.0 (Linux; Android 6.0.1; Nexus 5X Build/MMB29P) AppleWebKit/537.36 (KHTML, like Gecko) Chrome/137.0.7151.103 Mobile Safari/537.36 (compatible; Googlebot/2.1; +http://www.google.com/bot.html)"
66.249.73.231 - - [21/Jul/2025:16:30:55 +0000] "POST /get-message-notify HTTP/1.1" 200 18726 "https://teamhachem.com/entity/96959832" "Mozilla/5.0 (Linux; Android 6.0.1; Nexus 5X Build/MMB29P) AppleWebKit/537.36 (KHTML, like Gecko) Chrome/137.0.7151.119 Mobile Safari/537.36 (compatible; Googlebot/2.1; +http://www.google.com/bot.html)"
216.73.216.79 - - [21/Jul/2025:16:30:56 +0000] "GET /entity/371998731 HTTP/1.1" 500 - "-" "Mozilla/5.0 AppleWebKit/537.36 (KHTML, like Gecko; compatible; ClaudeBot/1.0; [email protected])"
66.249.73.229 - - [21/Jul/2025:16:30:56 +0000] "GET /entity/97285888 HTTP/1.1" 200 18311 "-" "Mozilla/5.0 (Linux; Android 6.0.1; Nexus 5X Build/MMB29P) AppleWebKit/537.36 (KHTML, like Gecko) Chrome/137.0.7151.103 Mobile Safari/537.36 (compatible; Googlebot/2.1; +http://www.google.com/bot.html)"
66.249.73.226 - - [21/Jul/2025:16:30:57 +0000] "GET /product/edit/T898246700 HTTP/1.1" 200 18783 "-" "Mozilla/5.0 (Linux; Android 6.0.1; Nexus 5X Build/MMB29P) AppleWebKit/537.36 (KHTML, like Gecko) Chrome/137.0.7151.103 Mobile Safari/537.36 (compatible; Googlebot/2.1; +http://www.google.com/bot.html)"
66.249.73.227 - - [21/Jul/2025:16:30:57 +0000] "GET /product/edit/T1087771168 HTTP/1.1" 200 19942 "-" "Mozilla/5.0 (Linux; Android 6.0.1; Nexus 5X Build/MMB29P) AppleWebKit/537.36 (KHTML, like Gecko) Chrome/137.0.7151.103 Mobile Safari/537.36 (compatible; Googlebot/2.1; +http://www.google.com/bot.html)"
66.249.73.226 - - [21/Jul/2025:16:30:57 +0000] "GET /product/edit/T1229839891 HTTP/1.1" 200 18237 "-" "Mozilla/5.0 (Linux; Android 6.0.1; Nexus 5X Build/MMB29P) AppleWebKit/537.36 (KHTML, like Gecko) Chrome/137.0.7151.103 Mobile Safari/537.36 (compatible; Googlebot/2.1; +http://www.google.com/bot.html)"
66.249.73.230 - - [21/Jul/2025:16:30:58 +0000] "GET /entity/889893 HTTP/1.1" 200 18514 "-" "Mozilla/5.0 (Linux; Android 6.0.1; Nexus 5X Build/MMB29P) AppleWebKit/537.36 (KHTML, like Gecko) Chrome/137.0.7151.103 Mobile Safari/537.36 (compatible; Googlebot/2.1; +http://www.google.com/bot.html)"
66.249.73.230 - - [21/Jul/2025:16:30:58 +0000] "GET /entity/695998958 HTTP/1.1" 200 20203 "-" "Mozilla/5.0 (Linux; Android 6.0.1; Nexus 5X Build/MMB29P) AppleWebKit/537.36 (KHTML, like Gecko) Chrome/137.0.7151.103 Mobile Safari/537.36 (compatible; Googlebot/2.1; +http://www.google.com/bot.html)"
66.249.73.230 - - [21/Jul/2025:16:30:58 +0000] "GET /entity/1207431 HTTP/1.1" 200 18217 "-" "Mozilla/5.0 (Linux; Android 6.0.1; Nexus 5X Build/MMB29P) AppleWebKit/537.36 (KHTML, like Gecko) Chrome/137.0.7151.103 Mobile Safari/537.36 (compatible; Googlebot/2.1; +http://www.google.com/bot.html)"
66.249.73.229 - - [21/Jul/2025:16:30:59 +0000] "GET /item/3389880/ HTTP/1.1" 200 17978 "-" "Mozilla/5.0 (Linux; Android 6.0.1; Nexus 5X Build/MMB29P) AppleWebKit/537.36 (KHTML, like Gecko) Chrome/137.0.7151.103 Mobile Safari/537.36 (compatible; Googlebot/2.1; +http://www.google.com/bot.html)"
66.249.73.231 - - [21/Jul/2025:16:30:59 +0000] "GET /item/4684049/ HTTP/1.1" 200 17882 "-" "Mozilla/5.0 (Linux; Android 6.0.1; Nexus 5X Build/MMB29P) AppleWebKit/537.36 (KHTML, like Gecko) Chrome/137.0.7151.103 Mobile Safari/537.36 (compatible; Googlebot/2.1; +http://www.google.com/bot.html)"
66.249.73.225 - - [21/Jul/2025:16:30:59 +0000] "GET /item/3518198/ HTTP/1.1" 200 19692 "-" "Mozilla/5.0 (Linux; Android 6.0.1; Nexus 5X Build/MMB29P) AppleWebKit/537.36 (KHTML, like Gecko) Chrome/137.0.7151.103 Mobile Safari/537.36 (compatible; Googlebot/2.1; +http://www.google.com/bot.html)"
66.249.73.225 - - [21/Jul/2025:16:31:00 +0000] "POST /get-message-notify HTTP/1.1" 200 18726 "https://teamhachem.com/entity/96928000" "Mozilla/5.0 (Linux; Android 6.0.1; Nexus 5X Build/MMB29P) AppleWebKit/537.36 (KHTML, like Gecko) Chrome/137.0.7151.119 Mobile Safari/537.36 (compatible; Googlebot/2.1; +http://www.google.com/bot.html)"
66.249.73.229 - - [21/Jul/2025:16:31:00 +0000] "POST /get-message-notify HTTP/1.1" 200 18726 "https://teamhachem.com/product/edit/T898246700" "Mozilla/5.0 (Linux; Android 6.0.1; Nexus 5X Build/MMB29P) AppleWebKit/537.36 (KHTML, like Gecko) Chrome/137.0.7151.119 Mobile Safari/537.36 (compatible; Googlebot/2.1; +http://www.google.com/bot.html)"
66.249.73.228 - - [21/Jul/2025:16:31:01 +0000] "POST /get-message-notify HTTP/1.1" 200 18726 "https://teamhachem.com/entity/695998958" "Mozilla/5.0 (Linux; Android 6.0.1; Nexus 5X Build/MMB29P) AppleWebKit/537.36 (KHTML, like Gecko) Chrome/137.0.7151.119 Mobile Safari/537.36 (compatible; Googlebot/2.1; +http://www.google.com/bot.html)"
216.73.216.79 - - [21/Jul/2025:16:31:01 +0000] "GET /entity/416014953 HTTP/1.1" 500 - "-" "Mozilla/5.0 AppleWebKit/537.36 (KHTML, like Gecko; compatible; ClaudeBot/1.0; [email protected])"
66.249.73.225 - - [21/Jul/2025:16:31:02 +0000] "GET /item/4587856/ HTTP/1.1" 200 18297 "-" "Mozilla/5.0 (Linux; Android 6.0.1; Nexus 5X Build/MMB29P) AppleWebKit/537.36 (KHTML, like Gecko) Chrome/137.0.7151.103 Mobile Safari/537.36 (compatible; Googlebot/2.1; +http://www.google.com/bot.html)"
52.167.144.215 - - [21/Jul/2025:16:31:04 +0000] "GET /item/3850204/ HTTP/1.1" 200 19281 "-" "Mozilla/5.0 AppleWebKit/537.36 (KHTML, like Gecko; compatible; bingbot/2.0; +http://www.bing.com/bingbot.htm) Chrome/116.0.1938.76 Safari/537.36"
66.249.73.228 - - [21/Jul/2025:16:31:05 +0000] "POST /get-message-notify HTTP/1.1" 200 18726 "https://teamhachem.com/entity/96891967" "Mozilla/5.0 (Linux; Android 6.0.1; Nexus 5X Build/MMB29P) AppleWebKit/537.36 (KHTML, like Gecko) Chrome/137.0.7151.119 Mobile Safari/537.36 (compatible; Googlebot/2.1; +http://www.google.com/bot.html)"
216.73.216.79 - - [21/Jul/2025:16:31:06 +0000] "GET /entity/371930003 HTTP/1.1" 500 - "-" "Mozilla/5.0 AppleWebKit/537.36 (KHTML, like Gecko; compatible; ClaudeBot/1.0; [email protected])"
66.249.73.227 - - [21/Jul/2025:16:31:07 +0000] "GET /item/4799100/teamhachem.com/toiawase HTTP/1.1" 200 20615 "-" "Mozilla/5.0 (Linux; Android 6.0.1; Nexus 5X Build/MMB29P) AppleWebKit/537.36 (KHTML, like Gecko) Chrome/137.0.7151.103 Mobile Safari/537.36 (compatible; Googlebot/2.1; +http://www.google.com/bot.html)"
66.249.73.227 - - [21/Jul/2025:16:31:07 +0000] "GET /product/edit/T2084955459 HTTP/1.1" 200 20728 "-" "Mozilla/5.0 (Linux; Android 6.0.1; Nexus 5X Build/MMB29P) AppleWebKit/537.36 (KHTML, like Gecko) Chrome/137.0.7151.103 Mobile Safari/537.36 (compatible; Googlebot/2.1; +http://www.google.com/bot.html)"
52.167.144.21 - - [21/Jul/2025:16:31:08 +0000] "GET /item/3454814/ HTTP/1.1" 200 18009 "-" "Mozilla/5.0 AppleWebKit/537.36 (KHTML, like Gecko; compatible; bingbot/2.0; +http://www.bing.com/bingbot.htm) Chrome/116.0.1938.76 Safari/537.36"
66.249.73.227 - - [21/Jul/2025:16:31:09 +0000] "POST /get-message-notify HTTP/1.1" 200 18726 "https://teamhachem.com/product/edit/T2084955459" "Mozilla/5.0 (Linux; Android 6.0.1; Nexus 5X Build/MMB29P) AppleWebKit/537.36 (KHTML, like Gecko) Chrome/137.0.7151.119 Mobile Safari/537.36 (compatible; Googlebot/2.1; +http://www.google.com/bot.html)"
66.249.73.226 - - [21/Jul/2025:16:31:09 +0000] "GET /item/3007233/teamhachem.com/kaitori/kaitoritop.html HTTP/1.1" 200 18779 "-" "Mozilla/5.0 (Linux; Android 6.0.1; Nexus 5X Build/MMB29P) AppleWebKit/537.36 (KHTML, like Gecko) Chrome/137.0.7151.103 Mobile Safari/537.36 (compatible; Googlebot/2.1; +http://www.google.com/bot.html)"
66.249.73.225 - - [21/Jul/2025:16:31:11 +0000] "POST /get-message-notify HTTP/1.1" 200 18726 "https://teamhachem.com/entity/889893" "Mozilla/5.0 (Linux; Android 6.0.1; Nexus 5X Build/MMB29P) AppleWebKit/537.36 (KHTML, like Gecko) Chrome/137.0.7151.119 Mobile Safari/537.36 (compatible; Googlebot/2.1; +http://www.google.com/bot.html)"
216.73.216.79 - - [21/Jul/2025:16:31:11 +0000] "GET /entity/415967293 HTTP/1.1" 500 - "-" "Mozilla/5.0 AppleWebKit/537.36 (KHTML, like Gecko; compatible; ClaudeBot/1.0; [email protected])"
66.249.73.225 - - [21/Jul/2025:16:31:12 +0000] "GET /item/3278301/ HTTP/1.1" 200 19626 "-" "Mozilla/5.0 (Linux; Android 6.0.1; Nexus 5X Build/MMB29P) AppleWebKit/537.36 (KHTML, like Gecko) Chrome/137.0.7151.103 Mobile Safari/537.36 (compatible; Googlebot/2.1; +http://www.google.com/bot.html)"
66.249.73.225 - - [21/Jul/2025:16:31:13 +0000] "POST /get-message-notify HTTP/1.1" 200 18726 "https://teamhachem.com/item/4799100/teamhachem.com/toiawase" "Mozilla/5.0 (Linux; Android 6.0.1; Nexus 5X Build/MMB29P) AppleWebKit/537.36 (KHTML, like Gecko) Chrome/137.0.7151.119 Mobile Safari/537.36 (compatible; Googlebot/2.1; +http://www.google.com/bot.html)"
66.249.73.226 - - [21/Jul/2025:16:31:14 +0000] "GET /item/3718935//man/kaitori/kaitoritop.html HTTP/1.1" 200 20281 "-" "Mozilla/5.0 (Linux; Android 6.0.1; Nexus 5X Build/MMB29P) AppleWebKit/537.36 (KHTML, like Gecko) Chrome/137.0.7151.103 Mobile Safari/537.36 (compatible; Googlebot/2.1; +http://www.google.com/bot.html)"
66.249.73.227 - - [21/Jul/2025:16:31:14 +0000] "GET /item/5049556/teamhachem.com/feature/akihabara_main/index.html HTTP/1.1" 200 19293 "-" "Mozilla/5.0 (Linux; Android 6.0.1; Nexus 5X Build/MMB29P) AppleWebKit/537.36 (KHTML, like Gecko) Chrome/137.0.7151.103 Mobile Safari/537.36 (compatible; Googlebot/2.1; +http://www.google.com/bot.html)"
66.249.73.225 - - [21/Jul/2025:16:31:15 +0000] "POST /get-message-notify HTTP/1.1" 200 18726 "https://teamhachem.com/product/edit/T1229839891" "Mozilla/5.0 (Linux; Android 6.0.1; Nexus 5X Build/MMB29P) AppleWebKit/537.36 (KHTML, like Gecko) Chrome/137.0.7151.119 Mobile Safari/537.36 (compatible; Googlebot/2.1; +http://www.google.com/bot.html)"
66.249.73.225 - - [21/Jul/2025:16:31:15 +0000] "GET /item/2019668/teamhachem.com/feature/shoplist/index.html HTTP/1.1" 200 17844 "-" "Mozilla/5.0 (Linux; Android 6.0.1; Nexus 5X Build/MMB29P) AppleWebKit/537.36 (KHTML, like Gecko) Chrome/137.0.7151.103 Mobile Safari/537.36 (compatible; Googlebot/2.1; +http://www.google.com/bot.html)"
66.249.73.227 - - [21/Jul/2025:16:31:15 +0000] "POST /get-message-notify HTTP/1.1" 200 18726 "https://teamhachem.com/product/edit/T1087771168" "Mozilla/5.0 (Linux; Android 6.0.1; Nexus 5X Build/MMB29P) AppleWebKit/537.36 (KHTML, like Gecko) Chrome/137.0.7151.119 Mobile Safari/537.36 (compatible; Googlebot/2.1; +http://www.google.com/bot.html)"
216.73.216.79 - - [21/Jul/2025:16:31:16 +0000] "GET /entity/696738100 HTTP/1.1" 500 - "-" "Mozilla/5.0 AppleWebKit/537.36 (KHTML, like Gecko; compatible; ClaudeBot/1.0; [email protected])"
52.167.144.176 - - [21/Jul/2025:16:31:18 +0000] "GET /item/3134076/ HTTP/1.1" 200 19344 "-" "Mozilla/5.0 AppleWebKit/537.36 (KHTML, like Gecko; compatible; bingbot/2.0; +http://www.bing.com/bingbot.htm) Chrome/116.0.1938.76 Safari/537.36"
216.73.216.79 - - [21/Jul/2025:16:31:21 +0000] "GET /entity/696668746 HTTP/1.1" 500 - "-" "Mozilla/5.0 AppleWebKit/537.36 (KHTML, like Gecko; compatible; ClaudeBot/1.0; [email protected])"
52.167.144.215 - - [21/Jul/2025:16:31:23 +0000] "GET /item/4838312/ HTTP/1.1" 200 18621 "-" "Mozilla/5.0 AppleWebKit/537.36 (KHTML, like Gecko; compatible; bingbot/2.0; +http://www.bing.com/bingbot.htm) Chrome/116.0.1938.76 Safari/537.36"
66.249.73.225 - - [21/Jul/2025:16:31:24 +0000] "GET /item/3701342/ HTTP/1.1" 200 18599 "-" "Mozilla/5.0 (Linux; Android 6.0.1; Nexus 5X Build/MMB29P) AppleWebKit/537.36 (KHTML, like Gecko) Chrome/137.0.7151.103 Mobile Safari/537.36 (compatible; Googlebot/2.1; +http://www.google.com/bot.html)"
66.249.73.226 - - [21/Jul/2025:16:31:24 +0000] "GET /item/5180094/ HTTP/1.1" 200 18598 "-" "Mozilla/5.0 (Linux; Android 6.0.1; Nexus 5X Build/MMB29P) AppleWebKit/537.36 (KHTML, like Gecko) Chrome/137.0.7151.103 Mobile Safari/537.36 (compatible; Googlebot/2.1; +http://www.google.com/bot.html)"
66.249.73.226 - - [21/Jul/2025:16:31:25 +0000] "GET /item/5013592/teamhachem.com/kaitori/ansin.html HTTP/1.1" 200 18472 "-" "Mozilla/5.0 (Linux; Android 6.0.1; Nexus 5X Build/MMB29P) AppleWebKit/537.36 (KHTML, like Gecko) Chrome/137.0.7151.103 Mobile Safari/537.36 (compatible; Googlebot/2.1; +http://www.google.com/bot.html)"
216.73.216.79 - - [21/Jul/2025:16:31:26 +0000] "GET /entity/696641809 HTTP/1.1" 500 - "-" "Mozilla/5.0 AppleWebKit/537.36 (KHTML, like Gecko; compatible; ClaudeBot/1.0; [email protected])"
52.167.144.21 - - [21/Jul/2025:16:31:28 +0000] "GET /item/3357726/ HTTP/1.1" 200 19474 "-" "Mozilla/5.0 AppleWebKit/537.36 (KHTML, like Gecko; compatible; bingbot/2.0; +http://www.bing.com/bingbot.htm) Chrome/116.0.1938.76 Safari/537.36"
216.73.216.79 - - [21/Jul/2025:16:31:31 +0000] "GET /entity/696810483 HTTP/1.1" 500 - "-" "Mozilla/5.0 AppleWebKit/537.36 (KHTML, like Gecko; compatible; ClaudeBot/1.0; [email protected])"
57.141.2.25 - - [21/Jul/2025:16:31:35 +0000] "GET /item/2002286/ HTTP/1.1" 500 - "-" "meta-externalagent/1.1 (+https://developers.facebook.com/docs/sharing/webmasters/crawler)"
216.73.216.79 - - [21/Jul/2025:16:31:36 +0000] "GET /entity/415961850 HTTP/1.1" 500 - "-" "Mozilla/5.0 AppleWebKit/537.36 (KHTML, like Gecko; compatible; ClaudeBot/1.0; [email protected])"
216.73.216.79 - - [21/Jul/2025:16:31:41 +0000] "GET /entity/372021780 HTTP/1.1" 500 - "-" "Mozilla/5.0 AppleWebKit/537.36 (KHTML, like Gecko; compatible; ClaudeBot/1.0; [email protected])"
52.167.144.215 - - [21/Jul/2025:16:31:41 +0000] "GET /item/3559237/ HTTP/1.1" 200 18220 "-" "Mozilla/5.0 AppleWebKit/537.36 (KHTML, like Gecko; compatible; bingbot/2.0; +http://www.bing.com/bingbot.htm) Chrome/116.0.1938.76 Safari/537.36"
52.167.144.215 - - [21/Jul/2025:16:31:43 +0000] "GET /item/4141926/ HTTP/1.1" 200 17777 "-" "Mozilla/5.0 AppleWebKit/537.36 (KHTML, like Gecko; compatible; bingbot/2.0; +http://www.bing.com/bingbot.htm) Chrome/116.0.1938.76 Safari/537.36"
216.73.216.79 - - [21/Jul/2025:16:31:46 +0000] "GET /entity/371911829 HTTP/1.1" 500 - "-" "Mozilla/5.0 AppleWebKit/537.36 (KHTML, like Gecko; compatible; ClaudeBot/1.0; [email protected])"
66.249.73.225 - - [21/Jul/2025:16:31:49 +0000] "POST /get-message-notify HTTP/1.1" 200 18726 "https://teamhachem.com/item/3241370/teamhachem.com/toreka/toreka_menu.html" "Mozilla/5.0 (Linux; Android 6.0.1; Nexus 5X Build/MMB29P) AppleWebKit/537.36 (KHTML, like Gecko) Chrome/137.0.7151.119 Mobile Safari/537.36 (compatible; Googlebot/2.1; +http://www.google.com/bot.html)"
66.249.73.226 - - [21/Jul/2025:16:31:51 +0000] "POST /get-message-notify HTTP/1.1" 200 18726 "https://teamhachem.com/item/3278301/" "Mozilla/5.0 (Linux; Android 6.0.1; Nexus 5X Build/MMB29P) AppleWebKit/537.36 (KHTML, like Gecko) Chrome/137.0.7151.119 Mobile Safari/537.36 (compatible; Googlebot/2.1; +http://www.google.com/bot.html)"
216.73.216.79 - - [21/Jul/2025:16:31:52 +0000] "GET /entity/371923769 HTTP/1.1" 500 - "-" "Mozilla/5.0 AppleWebKit/537.36 (KHTML, like Gecko; compatible; ClaudeBot/1.0; [email protected])"
216.73.216.79 - - [21/Jul/2025:16:31:56 +0000] "GET /entity/696819563 HTTP/1.1" 500 - "-" "Mozilla/5.0 AppleWebKit/537.36 (KHTML, like Gecko; compatible; ClaudeBot/1.0; [email protected])"
20.15.133.163 - - [21/Jul/2025:16:32:00 +0000] "GET /item/4870417/ HTTP/1.1" 200 18546 "-" "Mozilla/5.0 AppleWebKit/537.36 (KHTML, like Gecko; compatible; bingbot/2.0; +http://www.bing.com/bingbot.htm) Chrome/116.0.1938.76 Safari/537.36"
216.73.216.79 - - [21/Jul/2025:16:32:01 +0000] "GET /entity/696802497 HTTP/1.1" 500 - "-" "Mozilla/5.0 AppleWebKit/537.36 (KHTML, like Gecko; compatible; ClaudeBot/1.0; [email protected])"
216.73.216.79 - - [21/Jul/2025:16:32:06 +0000] "GET /entity/372107757 HTTP/1.1" 500 - "-" "Mozilla/5.0 AppleWebKit/537.36 (KHTML, like Gecko; compatible; ClaudeBot/1.0; [email protected])"
216.73.216.79 - - [21/Jul/2025:16:32:11 +0000] "GET /entity/415858185 HTTP/1.1" 500 - "-" "Mozilla/5.0 AppleWebKit/537.36 (KHTML, like Gecko; compatible; ClaudeBot/1.0; [email protected])"
216.73.216.79 - - [21/Jul/2025:16:32:16 +0000] "GET /entity/371949865 HTTP/1.1" 500 - "-" "Mozilla/5.0 AppleWebKit/537.36 (KHTML, like Gecko; compatible; ClaudeBot/1.0; [email protected])"
216.73.216.79 - - [21/Jul/2025:16:32:21 +0000] "GET /entity/372043065 HTTP/1.1" 500 - "-" "Mozilla/5.0 AppleWebKit/537.36 (KHTML, like Gecko; compatible; ClaudeBot/1.0; [email protected])"
52.167.144.215 - - [21/Jul/2025:16:32:22 +0000] "GET /item/3889318/ HTTP/1.1" 200 19722 "-" "Mozilla/5.0 AppleWebKit/537.36 (KHTML, like Gecko; compatible; bingbot/2.0; +http://www.bing.com/bingbot.htm) Chrome/116.0.1938.76 Safari/537.36"
216.73.216.79 - - [21/Jul/2025:16:32:26 +0000] "GET /entity/696768710 HTTP/1.1" 500 - "-" "Mozilla/5.0 AppleWebKit/537.36 (KHTML, like Gecko; compatible; ClaudeBot/1.0; [email protected])"
216.73.216.79 - - [21/Jul/2025:16:32:31 +0000] "GET /entity/696639260 HTTP/1.1" 500 - "-" "Mozilla/5.0 AppleWebKit/537.36 (KHTML, like Gecko; compatible; ClaudeBot/1.0; [email protected])"
52.167.144.21 - - [21/Jul/2025:16:32:33 +0000] "GET /item/2727589/ HTTP/1.1" 200 18106 "-" "Mozilla/5.0 AppleWebKit/537.36 (KHTML, like Gecko; compatible; bingbot/2.0; +http://www.bing.com/bingbot.htm) Chrome/116.0.1938.76 Safari/537.36"
