216.73.216.79 - - [21/Jul/2025:16:32:37 +0000] "GET /entity/371982871 HTTP/1.1" 500 - "-" "Mozilla/5.0 AppleWebKit/537.36 (KHTML, like Gecko; compatible; ClaudeBot/1.0; [email protected])"
40.77.167.50 - - [21/Jul/2025:16:32:39 +0000] "GET /item/2248268/ HTTP/1.1" 200 18540 "-" "Mozilla/5.0 AppleWebKit/537.36 (KHTML, like Gecko; compatible; bingbot/2.0; +http://www.bing.com/bingbot.htm) Chrome/116.0.1938.76 Safari/537.36"
40.77.167.50 - - [21/Jul/2025:16:32:39 +0000] "GET /item/3435649/ HTTP/1.1" 200 18467 "-" "Mozilla/5.0 AppleWebKit/537.36 (KHTML, like Gecko; compatible; bingbot/2.0; +http://www.bing.com/bingbot.htm) Chrome/116.0.1938.76 Safari/537.36"
20.15.133.163 - - [21/Jul/2025:16:32:40 +0000] "GET /item/3415672/ HTTP/1.1" 200 18582 "-" "Mozilla/5.0 AppleWebKit/537.36 (KHTML, like Gecko; compatible; bingbot/2.0; +http://www.bing.com/bingbot.htm) Chrome/116.0.1938.76 Safari/537.36"
216.73.216.79 - - [21/Jul/2025:16:32:42 +0000] "GET /entity/372105804 HTTP/1.1" 500 - "-" "Mozilla/5.0 AppleWebKit/537.36 (KHTML, like Gecko; compatible; ClaudeBot/1.0; [email protected])"
52.167.144.215 - - [21/Jul/2025:16:32:43 +0000] "GET /item/2529727/ HTTP/1.1" 200 19489 "-" "Mozilla/5.0 AppleWebKit/537.36 (KHTML, like Gecko; compatible; bingbot/2.0; +http://www.bing.com/bingbot.htm) Chrome/116.0.1938.76 Safari/537.36"
52.167.144.215 - - [21/Jul/2025:16:32:44 +0000] "GET /item/4503905/ HTTP/1.1" 200 18356 "-" "Mozilla/5.0 AppleWebKit/537.36 (KHTML, like Gecko; compatible; bingbot/2.0; +http://www.bing.com/bingbot.htm) Chrome/116.0.1938.76 Safari/537.36"
52.167.144.215 - - [21/Jul/2025:16:32:45 +0000] "GET /item/3654506/ HTTP/1.1" 200 18249 "-" "Mozilla/5.0 AppleWebKit/537.36 (KHTML, like Gecko; compatible; bingbot/2.0; +http://www.bing.com/bingbot.htm) Chrome/116.0.1938.76 Safari/537.36"
216.73.216.79 - - [21/Jul/2025:16:32:47 +0000] "GET /entity/372078867 HTTP/1.1" 500 - "-" "Mozilla/5.0 AppleWebKit/537.36 (KHTML, like Gecko; compatible; ClaudeBot/1.0; [email protected])"
52.167.144.21 - - [21/Jul/2025:16:32:48 +0000] "GET /item/5238063/ HTTP/1.1" 200 20643 "-" "Mozilla/5.0 AppleWebKit/537.36 (KHTML, like Gecko; compatible; bingbot/2.0; +http://www.bing.com/bingbot.htm) Chrome/116.0.1938.76 Safari/537.36"
57.141.2.26 - - [21/Jul/2025:16:32:49 +0000] "GET /item/2895218/ HTTP/1.1" 500 - "-" "meta-externalagent/1.1 (+https://developers.facebook.com/docs/sharing/webmasters/crawler)"
216.73.216.79 - - [21/Jul/2025:16:32:52 +0000] "GET /entity/371908686 HTTP/1.1" 500 - "-" "Mozilla/5.0 AppleWebKit/537.36 (KHTML, like Gecko; compatible; ClaudeBot/1.0; [email protected])"
216.73.216.79 - - [21/Jul/2025:16:32:57 +0000] "GET /entity/372079708 HTTP/1.1" 500 - "-" "Mozilla/5.0 AppleWebKit/537.36 (KHTML, like Gecko; compatible; ClaudeBot/1.0; [email protected])"
52.167.144.215 - - [21/Jul/2025:16:33:01 +0000] "GET /item/2085018/ HTTP/1.1" 200 20602 "-" "Mozilla/5.0 AppleWebKit/537.36 (KHTML, like Gecko; compatible; bingbot/2.0; +http://www.bing.com/bingbot.htm) Chrome/116.0.1938.76 Safari/537.36"
216.73.216.79 - - [21/Jul/2025:16:33:02 +0000] "GET /entity/415868403 HTTP/1.1" 500 - "-" "Mozilla/5.0 AppleWebKit/537.36 (KHTML, like Gecko; compatible; ClaudeBot/1.0; [email protected])"
216.73.216.79 - - [21/Jul/2025:16:33:07 +0000] "GET /entity/415868120 HTTP/1.1" 500 - "-" "Mozilla/5.0 AppleWebKit/537.36 (KHTML, like Gecko; compatible; ClaudeBot/1.0; [email protected])"
40.77.167.50 - - [21/Jul/2025:16:33:08 +0000] "GET /item/4700944/ HTTP/1.1" 200 18590 "-" "Mozilla/5.0 AppleWebKit/537.36 (KHTML, like Gecko; compatible; bingbot/2.0; +http://www.bing.com/bingbot.htm) Chrome/116.0.1938.76 Safari/537.36"
40.77.167.50 - - [21/Jul/2025:16:33:09 +0000] "GET /item/2956580/ HTTP/1.1" 200 20078 "-" "Mozilla/5.0 AppleWebKit/537.36 (KHTML, like Gecko; compatible; bingbot/2.0; +http://www.bing.com/bingbot.htm) Chrome/116.0.1938.76 Safari/537.36"
40.77.167.50 - - [21/Jul/2025:16:33:10 +0000] "GET /item/3071186/ HTTP/1.1" 200 18666 "-" "Mozilla/5.0 AppleWebKit/537.36 (KHTML, like Gecko; compatible; bingbot/2.0; +http://www.bing.com/bingbot.htm) Chrome/116.0.1938.76 Safari/537.36"
40.77.167.50 - - [21/Jul/2025:16:33:11 +0000] "GET /item/2354569/ HTTP/1.1" 200 18364 "-" "Mozilla/5.0 AppleWebKit/537.36 (KHTML, like Gecko; compatible; bingbot/2.0; +http://www.bing.com/bingbot.htm) Chrome/116.0.1938.76 Safari/537.36"
40.77.167.50 - - [21/Jul/2025:16:33:11 +0000] "GET /item/2345465/ HTTP/1.1" 200 18917 "-" "Mozilla/5.0 AppleWebKit/537.36 (KHTML, like Gecko; compatible; bingbot/2.0; +http://www.bing.com/bingbot.htm) Chrome/116.0.1938.76 Safari/537.36"
216.73.216.79 - - [21/Jul/2025:16:33:12 +0000] "GET /entity/415881152 HTTP/1.1" 500 - "-" "Mozilla/5.0 AppleWebKit/537.36 (KHTML, like Gecko; compatible; ClaudeBot/1.0; [email protected])"
52.167.144.215 - - [21/Jul/2025:16:33:12 +0000] "GET /item/2475962/ HTTP/1.1" 200 17892 "-" "Mozilla/5.0 AppleWebKit/537.36 (KHTML, like Gecko; compatible; bingbot/2.0; +http://www.bing.com/bingbot.htm) Chrome/116.0.1938.76 Safari/537.36"
52.167.144.215 - - [21/Jul/2025:16:33:14 +0000] "GET /item/3724096/ HTTP/1.1" 200 20174 "-" "Mozilla/5.0 AppleWebKit/537.36 (KHTML, like Gecko; compatible; bingbot/2.0; +http://www.bing.com/bingbot.htm) Chrome/116.0.1938.76 Safari/537.36"
216.73.216.79 - - [21/Jul/2025:16:33:17 +0000] "GET /entity/696695189 HTTP/1.1" 500 - "-" "Mozilla/5.0 AppleWebKit/537.36 (KHTML, like Gecko; compatible; ClaudeBot/1.0; [email protected])"
216.73.216.79 - - [21/Jul/2025:16:33:22 +0000] "GET /entity/372109788 HTTP/1.1" 500 - "-" "Mozilla/5.0 AppleWebKit/537.36 (KHTML, like Gecko; compatible; ClaudeBot/1.0; [email protected])"
216.73.216.79 - - [21/Jul/2025:16:33:27 +0000] "GET /entity/372005559 HTTP/1.1" 500 - "-" "Mozilla/5.0 AppleWebKit/537.36 (KHTML, like Gecko; compatible; ClaudeBot/1.0; [email protected])"
216.73.216.79 - - [21/Jul/2025:16:33:32 +0000] "GET /entity/372036482 HTTP/1.1" 500 - "-" "Mozilla/5.0 AppleWebKit/537.36 (KHTML, like Gecko; compatible; ClaudeBot/1.0; [email protected])"
52.167.144.215 - - [21/Jul/2025:16:33:32 +0000] "GET /item/1977687/ HTTP/1.1" 200 18715 "-" "Mozilla/5.0 AppleWebKit/537.36 (KHTML, like Gecko; compatible; bingbot/2.0; +http://www.bing.com/bingbot.htm) Chrome/116.0.1938.76 Safari/537.36"
52.167.144.215 - - [21/Jul/2025:16:33:33 +0000] "GET /item/2425228/ HTTP/1.1" 200 18130 "-" "Mozilla/5.0 AppleWebKit/537.36 (KHTML, like Gecko; compatible; bingbot/2.0; +http://www.bing.com/bingbot.htm) Chrome/116.0.1938.76 Safari/537.36"
66.249.73.227 - - [21/Jul/2025:16:33:35 +0000] "GET /item/1960244/ HTTP/1.1" 200 18742 "-" "Mozilla/5.0 (Linux; Android 6.0.1; Nexus 5X Build/MMB29P) AppleWebKit/537.36 (KHTML, like Gecko) Chrome/137.0.7151.103 Mobile Safari/537.36 (compatible; Googlebot/2.1; +http://www.google.com/bot.html)"
216.73.216.79 - - [21/Jul/2025:16:33:37 +0000] "GET /entity/696752272 HTTP/1.1" 500 - "-" "Mozilla/5.0 AppleWebKit/537.36 (KHTML, like Gecko; compatible; ClaudeBot/1.0; [email protected])"
40.77.167.50 - - [21/Jul/2025:16:33:39 +0000] "GET /item/2807642/ HTTP/1.1" 200 19409 "-" "Mozilla/5.0 AppleWebKit/537.36 (KHTML, like Gecko; compatible; bingbot/2.0; +http://www.bing.com/bingbot.htm) Chrome/116.0.1938.76 Safari/537.36"
216.73.216.79 - - [21/Jul/2025:16:33:42 +0000] "GET /entity/415887436 HTTP/1.1" 500 - "-" "Mozilla/5.0 AppleWebKit/537.36 (KHTML, like Gecko; compatible; ClaudeBot/1.0; [email protected])"
216.73.216.79 - - [21/Jul/2025:16:33:47 +0000] "GET /entity/415821225 HTTP/1.1" 500 - "-" "Mozilla/5.0 AppleWebKit/537.36 (KHTML, like Gecko; compatible; ClaudeBot/1.0; [email protected])"
40.77.167.50 - - [21/Jul/2025:16:33:49 +0000] "GET /item/3108370/ HTTP/1.1" 200 18502 "-" "Mozilla/5.0 AppleWebKit/537.36 (KHTML, like Gecko; compatible; bingbot/2.0; +http://www.bing.com/bingbot.htm) Chrome/116.0.1938.76 Safari/537.36"
216.73.216.79 - - [21/Jul/2025:16:33:52 +0000] "GET /entity/372105192 HTTP/1.1" 500 - "-" "Mozilla/5.0 AppleWebKit/537.36 (KHTML, like Gecko; compatible; ClaudeBot/1.0; [email protected])"
66.249.73.226 - - [21/Jul/2025:16:33:56 +0000] "GET /item/4622298/feature/idol/gradol.html HTTP/1.1" 200 17950 "-" "Mozilla/5.0 (Linux; Android 6.0.1; Nexus 5X Build/MMB29P) AppleWebKit/537.36 (KHTML, like Gecko) Chrome/137.0.7151.103 Mobile Safari/537.36 (compatible; Googlebot/2.1; +http://www.google.com/bot.html)"
216.73.216.79 - - [21/Jul/2025:16:33:57 +0000] "GET /entity/415912438 HTTP/1.1" 500 - "-" "Mozilla/5.0 AppleWebKit/537.36 (KHTML, like Gecko; compatible; ClaudeBot/1.0; [email protected])"
20.15.133.163 - - [21/Jul/2025:16:34:00 +0000] "GET /item/4803645/ HTTP/1.1" 200 18351 "-" "Mozilla/5.0 AppleWebKit/537.36 (KHTML, like Gecko; compatible; bingbot/2.0; +http://www.bing.com/bingbot.htm) Chrome/116.0.1938.76 Safari/537.36"
216.73.216.79 - - [21/Jul/2025:16:34:02 +0000] "GET /entity/415969543 HTTP/1.1" 500 - "-" "Mozilla/5.0 AppleWebKit/537.36 (KHTML, like Gecko; compatible; ClaudeBot/1.0; [email protected])"
57.141.2.20 - - [21/Jul/2025:16:34:06 +0000] "GET /item/2742711/ HTTP/1.1" 500 - "-" "meta-externalagent/1.1 (+https://developers.facebook.com/docs/sharing/webmasters/crawler)"
216.73.216.79 - - [21/Jul/2025:16:34:07 +0000] "GET /entity/372019137 HTTP/1.1" 500 - "-" "Mozilla/5.0 AppleWebKit/537.36 (KHTML, like Gecko; compatible; ClaudeBot/1.0; [email protected])"
216.73.216.79 - - [21/Jul/2025:16:34:12 +0000] "GET /entity/415832089 HTTP/1.1" 500 - "-" "Mozilla/5.0 AppleWebKit/537.36 (KHTML, like Gecko; compatible; ClaudeBot/1.0; [email protected])"
216.73.216.79 - - [21/Jul/2025:16:34:17 +0000] "GET /entity/372025170 HTTP/1.1" 500 - "-" "Mozilla/5.0 AppleWebKit/537.36 (KHTML, like Gecko; compatible; ClaudeBot/1.0; [email protected])"
216.73.216.79 - - [21/Jul/2025:16:34:22 +0000] "GET /entity/415894216 HTTP/1.1" 500 - "-" "Mozilla/5.0 AppleWebKit/537.36 (KHTML, like Gecko; compatible; ClaudeBot/1.0; [email protected])"
216.73.216.79 - - [21/Jul/2025:16:34:27 +0000] "GET /entity/415829508 HTTP/1.1" 500 - "-" "Mozilla/5.0 AppleWebKit/537.36 (KHTML, like Gecko; compatible; ClaudeBot/1.0; [email protected])"
40.77.167.50 - - [21/Jul/2025:16:34:28 +0000] "GET /item/4840873/ HTTP/1.1" 200 18361 "-" "Mozilla/5.0 AppleWebKit/537.36 (KHTML, like Gecko; compatible; bingbot/2.0; +http://www.bing.com/bingbot.htm) Chrome/116.0.1938.76 Safari/537.36"
216.73.216.79 - - [21/Jul/2025:16:34:32 +0000] "GET /entity/415894499 HTTP/1.1" 500 - "-" "Mozilla/5.0 AppleWebKit/537.36 (KHTML, like Gecko; compatible; ClaudeBot/1.0; [email protected])"
52.167.144.215 - - [21/Jul/2025:16:34:33 +0000] "GET /item/1825885/ HTTP/1.1" 200 17817 "-" "Mozilla/5.0 AppleWebKit/537.36 (KHTML, like Gecko; compatible; bingbot/2.0; +http://www.bing.com/bingbot.htm) Chrome/116.0.1938.76 Safari/537.36"
216.73.216.79 - - [21/Jul/2025:16:34:37 +0000] "GET /entity/371939362 HTTP/1.1" 500 - "-" "Mozilla/5.0 AppleWebKit/537.36 (KHTML, like Gecko; compatible; ClaudeBot/1.0; [email protected])"
52.167.144.21 - - [21/Jul/2025:16:34:38 +0000] "GET /item/3148688/ HTTP/1.1" 200 17960 "-" "Mozilla/5.0 AppleWebKit/537.36 (KHTML, like Gecko; compatible; bingbot/2.0; +http://www.bing.com/bingbot.htm) Chrome/116.0.1938.76 Safari/537.36"
66.249.73.226 - - [21/Jul/2025:16:34:39 +0000] "GET /item/3073021/ HTTP/1.1" 200 19215 "-" "Mozilla/5.0 (Linux; Android 6.0.1; Nexus 5X Build/MMB29P) AppleWebKit/537.36 (KHTML, like Gecko) Chrome/137.0.7151.103 Mobile Safari/537.36 (compatible; Googlebot/2.1; +http://www.google.com/bot.html)"
66.249.73.226 - - [21/Jul/2025:16:34:39 +0000] "GET /item/3508334/ HTTP/1.1" 200 17963 "-" "Mozilla/5.0 (Linux; Android 6.0.1; Nexus 5X Build/MMB29P) AppleWebKit/537.36 (KHTML, like Gecko) Chrome/137.0.7151.103 Mobile Safari/537.36 (compatible; Googlebot/2.1; +http://www.google.com/bot.html)"
216.73.216.79 - - [21/Jul/2025:16:34:42 +0000] "GET /entity/371920062 HTTP/1.1" 500 - "-" "Mozilla/5.0 AppleWebKit/537.36 (KHTML, like Gecko; compatible; ClaudeBot/1.0; [email protected])"
52.167.144.215 - - [21/Jul/2025:16:34:43 +0000] "GET /item/4536051/ HTTP/1.1" 200 18028 "-" "Mozilla/5.0 AppleWebKit/537.36 (KHTML, like Gecko; compatible; bingbot/2.0; +http://www.bing.com/bingbot.htm) Chrome/116.0.1938.76 Safari/537.36"
216.73.216.79 - - [21/Jul/2025:16:34:47 +0000] "GET /entity/371977992 HTTP/1.1" 500 - "-" "Mozilla/5.0 AppleWebKit/537.36 (KHTML, like Gecko; compatible; ClaudeBot/1.0; [email protected])"
40.77.167.50 - - [21/Jul/2025:16:34:49 +0000] "GET /item/4898220/ HTTP/1.1" 200 18000 "-" "Mozilla/5.0 AppleWebKit/537.36 (KHTML, like Gecko; compatible; bingbot/2.0; +http://www.bing.com/bingbot.htm) Chrome/116.0.1938.76 Safari/537.36"
216.73.216.79 - - [21/Jul/2025:16:34:52 +0000] "GET /entity/371985071 HTTP/1.1" 500 - "-" "Mozilla/5.0 AppleWebKit/537.36 (KHTML, like Gecko; compatible; ClaudeBot/1.0; [email protected])"
57.141.2.21 - - [21/Jul/2025:16:34:53 +0000] "GET /item/4146050/ HTTP/1.1" 500 - "-" "meta-externalagent/1.1 (+https://developers.facebook.com/docs/sharing/webmasters/crawler)"
216.73.216.79 - - [21/Jul/2025:16:34:57 +0000] "GET /entity/416009281 HTTP/1.1" 500 - "-" "Mozilla/5.0 AppleWebKit/537.36 (KHTML, like Gecko; compatible; ClaudeBot/1.0; [email protected])"
52.167.144.21 - - [21/Jul/2025:16:34:57 +0000] "GET /item/1561561/ HTTP/1.1" 200 19473 "-" "Mozilla/5.0 AppleWebKit/537.36 (KHTML, like Gecko; compatible; bingbot/2.0; +http://www.bing.com/bingbot.htm) Chrome/116.0.1938.76 Safari/537.36"
66.249.73.225 - - [21/Jul/2025:16:34:59 +0000] "POST /get-message-notify HTTP/1.1" 200 18726 "https://teamhachem.com/item/3508334/" "Mozilla/5.0 (Linux; Android 6.0.1; Nexus 5X Build/MMB29P) AppleWebKit/537.36 (KHTML, like Gecko) Chrome/137.0.7151.119 Mobile Safari/537.36 (compatible; Googlebot/2.1; +http://www.google.com/bot.html)"
66.249.73.226 - - [21/Jul/2025:16:35:00 +0000] "GET /item/3649228/ HTTP/1.1" 200 18610 "-" "Mozilla/5.0 (Linux; Android 6.0.1; Nexus 5X Build/MMB29P) AppleWebKit/537.36 (KHTML, like Gecko) Chrome/137.0.7151.103 Mobile Safari/537.36 (compatible; Googlebot/2.1; +http://www.google.com/bot.html)"
216.73.216.79 - - [21/Jul/2025:16:35:02 +0000] "GET /entity/416007561 HTTP/1.1" 500 - "-" "Mozilla/5.0 AppleWebKit/537.36 (KHTML, like Gecko; compatible; ClaudeBot/1.0; [email protected])"
52.167.144.215 - - [21/Jul/2025:16:35:03 +0000] "GET /item/2611751/ HTTP/1.1" 200 18419 "-" "Mozilla/5.0 AppleWebKit/537.36 (KHTML, like Gecko; compatible; bingbot/2.0; +http://www.bing.com/bingbot.htm) Chrome/116.0.1938.76 Safari/537.36"
216.73.216.79 - - [21/Jul/2025:16:35:07 +0000] "GET /good.php/sitemap-1.xml HTTP/1.1" 200 19141 "-" "Mozilla/5.0 AppleWebKit/537.36 (KHTML, like Gecko; compatible; ClaudeBot/1.0; [email protected])"
40.77.167.50 - - [21/Jul/2025:16:35:09 +0000] "GET /item/2950345/ HTTP/1.1" 200 17895 "-" "Mozilla/5.0 AppleWebKit/537.36 (KHTML, like Gecko; compatible; bingbot/2.0; +http://www.bing.com/bingbot.htm) Chrome/116.0.1938.76 Safari/537.36"
216.73.216.79 - - [21/Jul/2025:16:35:12 +0000] "GET /entity/415867809 HTTP/1.1" 500 - "-" "Mozilla/5.0 AppleWebKit/537.36 (KHTML, like Gecko; compatible; ClaudeBot/1.0; [email protected])"
52.167.144.215 - - [21/Jul/2025:16:35:13 +0000] "GET /item/3227767/ HTTP/1.1" 200 18723 "-" "Mozilla/5.0 AppleWebKit/537.36 (KHTML, like Gecko; compatible; bingbot/2.0; +http://www.bing.com/bingbot.htm) Chrome/116.0.1938.76 Safari/537.36"
216.73.216.79 - - [21/Jul/2025:16:35:17 +0000] "GET /entity/371913517 HTTP/1.1" 500 - "-" "Mozilla/5.0 AppleWebKit/537.36 (KHTML, like Gecko; compatible; ClaudeBot/1.0; [email protected])"
52.167.144.21 - - [21/Jul/2025:16:35:18 +0000] "GET /item/3473976/ HTTP/1.1" 200 18715 "-" "Mozilla/5.0 AppleWebKit/537.36 (KHTML, like Gecko; compatible; bingbot/2.0; +http://www.bing.com/bingbot.htm) Chrome/116.0.1938.76 Safari/537.36"
52.167.144.21 - - [21/Jul/2025:16:35:19 +0000] "GET /item/5131707/ HTTP/1.1" 200 17904 "-" "Mozilla/5.0 AppleWebKit/537.36 (KHTML, like Gecko; compatible; bingbot/2.0; +http://www.bing.com/bingbot.htm) Chrome/116.0.1938.76 Safari/537.36"
52.167.144.21 - - [21/Jul/2025:16:35:20 +0000] "GET /item/4044701/ HTTP/1.1" 200 18441 "-" "Mozilla/5.0 AppleWebKit/537.36 (KHTML, like Gecko; compatible; bingbot/2.0; +http://www.bing.com/bingbot.htm) Chrome/116.0.1938.76 Safari/537.36"
216.73.216.79 - - [21/Jul/2025:16:35:22 +0000] "GET /entity/696820966 HTTP/1.1" 500 - "-" "Mozilla/5.0 AppleWebKit/537.36 (KHTML, like Gecko; compatible; ClaudeBot/1.0; [email protected])"
216.73.216.79 - - [21/Jul/2025:16:35:27 +0000] "GET /entity/415826929 HTTP/1.1" 500 - "-" "Mozilla/5.0 AppleWebKit/537.36 (KHTML, like Gecko; compatible; ClaudeBot/1.0; [email protected])"
66.249.73.225 - - [21/Jul/2025:16:35:29 +0000] "POST /get-message-notify HTTP/1.1" 200 18726 "https://teamhachem.com/item/4549240/teamhachem.com/kaitori/kantan.html" "Mozilla/5.0 (Linux; Android 6.0.1; Nexus 5X Build/MMB29P) AppleWebKit/537.36 (KHTML, like Gecko) Chrome/137.0.7151.119 Mobile Safari/537.36 (compatible; Googlebot/2.1; +http://www.google.com/bot.html)"
216.73.216.79 - - [21/Jul/2025:16:35:32 +0000] "GET /entity/696680405 HTTP/1.1" 500 - "-" "Mozilla/5.0 AppleWebKit/537.36 (KHTML, like Gecko; compatible; ClaudeBot/1.0; [email protected])"
52.167.144.215 - - [21/Jul/2025:16:35:32 +0000] "GET /item/2156829/ HTTP/1.1" 200 19332 "-" "Mozilla/5.0 AppleWebKit/537.36 (KHTML, like Gecko; compatible; bingbot/2.0; +http://www.bing.com/bingbot.htm) Chrome/116.0.1938.76 Safari/537.36"
216.73.216.79 - - [21/Jul/2025:16:35:37 +0000] "GET /entity/696717082 HTTP/1.1" 500 - "-" "Mozilla/5.0 AppleWebKit/537.36 (KHTML, like Gecko; compatible; ClaudeBot/1.0; [email protected])"
40.77.167.50 - - [21/Jul/2025:16:35:39 +0000] "GET /item/2027212/ HTTP/1.1" 200 19051 "-" "Mozilla/5.0 AppleWebKit/537.36 (KHTML, like Gecko; compatible; bingbot/2.0; +http://www.bing.com/bingbot.htm) Chrome/116.0.1938.76 Safari/537.36"
216.73.216.79 - - [21/Jul/2025:16:35:42 +0000] "GET /entity/416004450 HTTP/1.1" 500 - "-" "Mozilla/5.0 AppleWebKit/537.36 (KHTML, like Gecko; compatible; ClaudeBot/1.0; [email protected])"
216.73.216.79 - - [21/Jul/2025:16:35:47 +0000] "GET /entity/371951862 HTTP/1.1" 500 - "-" "Mozilla/5.0 AppleWebKit/537.36 (KHTML, like Gecko; compatible; ClaudeBot/1.0; [email protected])"
216.73.216.79 - - [21/Jul/2025:16:35:53 +0000] "GET /entity/371941397 HTTP/1.1" 500 - "-" "Mozilla/5.0 AppleWebKit/537.36 (KHTML, like Gecko; compatible; ClaudeBot/1.0; [email protected])"
216.73.216.79 - - [21/Jul/2025:16:35:58 +0000] "GET /entity/696646570 HTTP/1.1" 500 - "-" "Mozilla/5.0 AppleWebKit/537.36 (KHTML, like Gecko; compatible; ClaudeBot/1.0; [email protected])"
216.73.216.79 - - [21/Jul/2025:16:36:03 +0000] "GET /entity/696750006 HTTP/1.1" 500 - "-" "Mozilla/5.0 AppleWebKit/537.36 (KHTML, like Gecko; compatible; ClaudeBot/1.0; [email protected])"
52.167.144.21 - - [21/Jul/2025:16:36:04 +0000] "GET /item/1731751/ HTTP/1.1" 200 18513 "-" "Mozilla/5.0 AppleWebKit/537.36 (KHTML, like Gecko; compatible; bingbot/2.0; +http://www.bing.com/bingbot.htm) Chrome/116.0.1938.76 Safari/537.36"
52.167.144.21 - - [21/Jul/2025:16:36:05 +0000] "GET /item/1751486/ HTTP/1.1" 200 17873 "-" "Mozilla/5.0 AppleWebKit/537.36 (KHTML, like Gecko; compatible; bingbot/2.0; +http://www.bing.com/bingbot.htm) Chrome/116.0.1938.76 Safari/537.36"
52.167.144.21 - - [21/Jul/2025:16:36:07 +0000] "GET /item/2316420/ HTTP/1.1" 200 19278 "-" "Mozilla/5.0 AppleWebKit/537.36 (KHTML, like Gecko; compatible; bingbot/2.0; +http://www.bing.com/bingbot.htm) Chrome/116.0.1938.76 Safari/537.36"
216.73.216.79 - - [21/Jul/2025:16:36:08 +0000] "GET /entity/372007825 HTTP/1.1" 500 - "-" "Mozilla/5.0 AppleWebKit/537.36 (KHTML, like Gecko; compatible; ClaudeBot/1.0; [email protected])"
40.77.167.50 - - [21/Jul/2025:16:36:09 +0000] "GET /item/1781241/ HTTP/1.1" 200 19768 "-" "Mozilla/5.0 AppleWebKit/537.36 (KHTML, like Gecko; compatible; bingbot/2.0; +http://www.bing.com/bingbot.htm) Chrome/116.0.1938.76 Safari/537.36"
40.77.167.50 - - [21/Jul/2025:16:36:09 +0000] "GET /item/3018847/ HTTP/1.1" 200 19013 "-" "Mozilla/5.0 AppleWebKit/537.36 (KHTML, like Gecko; compatible; bingbot/2.0; +http://www.bing.com/bingbot.htm) Chrome/116.0.1938.76 Safari/537.36"
40.77.167.50 - - [21/Jul/2025:16:36:10 +0000] "GET /item/2501111/ HTTP/1.1" 200 19654 "-" "Mozilla/5.0 AppleWebKit/537.36 (KHTML, like Gecko; compatible; bingbot/2.0; +http://www.bing.com/bingbot.htm) Chrome/116.0.1938.76 Safari/537.36"
40.77.167.50 - - [21/Jul/2025:16:36:12 +0000] "GET /item/4389662/ HTTP/1.1" 200 18322 "-" "Mozilla/5.0 AppleWebKit/537.36 (KHTML, like Gecko; compatible; bingbot/2.0; +http://www.bing.com/bingbot.htm) Chrome/116.0.1938.76 Safari/537.36"
216.73.216.79 - - [21/Jul/2025:16:36:13 +0000] "GET /entity/371929174 HTTP/1.1" 500 - "-" "Mozilla/5.0 AppleWebKit/537.36 (KHTML, like Gecko; compatible; ClaudeBot/1.0; [email protected])"
40.77.167.50 - - [21/Jul/2025:16:36:13 +0000] "GET /item/1861675/ HTTP/1.1" 200 17997 "-" "Mozilla/5.0 AppleWebKit/537.36 (KHTML, like Gecko; compatible; bingbot/2.0; +http://www.bing.com/bingbot.htm) Chrome/116.0.1938.76 Safari/537.36"
52.167.144.21 - - [21/Jul/2025:16:36:13 +0000] "GET /item/1433003/ HTTP/1.1" 200 19187 "-" "Mozilla/5.0 AppleWebKit/537.36 (KHTML, like Gecko; compatible; bingbot/2.0; +http://www.bing.com/bingbot.htm) Chrome/116.0.1938.76 Safari/537.36"
57.141.2.14 - - [21/Jul/2025:16:36:15 +0000] "GET /item/4115101/ HTTP/1.1" 500 - "-" "meta-externalagent/1.1 (+https://developers.facebook.com/docs/sharing/webmasters/crawler)"
216.73.216.79 - - [21/Jul/2025:16:36:18 +0000] "GET /entity/415916392 HTTP/1.1" 500 - "-" "Mozilla/5.0 AppleWebKit/537.36 (KHTML, like Gecko; compatible; ClaudeBot/1.0; [email protected])"
216.73.216.79 - - [21/Jul/2025:16:36:23 +0000] "GET /entity/696688640 HTTP/1.1" 500 - "-" "Mozilla/5.0 AppleWebKit/537.36 (KHTML, like Gecko; compatible; ClaudeBot/1.0; [email protected])"
52.167.144.166 - - [21/Jul/2025:16:36:23 +0000] "GET /item/3378009/ HTTP/1.1" 200 20567 "-" "Mozilla/5.0 AppleWebKit/537.36 (KHTML, like Gecko; compatible; bingbot/2.0; +http://www.bing.com/bingbot.htm) Chrome/116.0.1938.76 Safari/537.36"
52.167.144.166 - - [21/Jul/2025:16:36:24 +0000] "GET /item/2812811/ HTTP/1.1" 200 20736 "-" "Mozilla/5.0 AppleWebKit/537.36 (KHTML, like Gecko; compatible; bingbot/2.0; +http://www.bing.com/bingbot.htm) Chrome/116.0.1938.76 Safari/537.36"
52.167.144.21 - - [21/Jul/2025:16:36:27 +0000] "GET /item/3150568/ HTTP/1.1" 200 18953 "-" "Mozilla/5.0 AppleWebKit/537.36 (KHTML, like Gecko; compatible; bingbot/2.0; +http://www.bing.com/bingbot.htm) Chrome/116.0.1938.76 Safari/537.36"
216.73.216.79 - - [21/Jul/2025:16:36:28 +0000] "GET /entity/372073954 HTTP/1.1" 500 - "-" "Mozilla/5.0 AppleWebKit/537.36 (KHTML, like Gecko; compatible; ClaudeBot/1.0; [email protected])"
52.167.144.21 - - [21/Jul/2025:16:36:29 +0000] "GET /item/2911764/ HTTP/1.1" 200 19035 "-" "Mozilla/5.0 AppleWebKit/537.36 (KHTML, like Gecko; compatible; bingbot/2.0; +http://www.bing.com/bingbot.htm) Chrome/116.0.1938.76 Safari/537.36"
52.167.144.21 - - [21/Jul/2025:16:36:30 +0000] "GET /item/4572591/ HTTP/1.1" 200 17827 "-" "Mozilla/5.0 AppleWebKit/537.36 (KHTML, like Gecko; compatible; bingbot/2.0; +http://www.bing.com/bingbot.htm) Chrome/116.0.1938.76 Safari/537.36"
40.77.167.50 - - [21/Jul/2025:16:36:32 +0000] "GET /item/2130987/ HTTP/1.1" 200 21553 "-" "Mozilla/5.0 AppleWebKit/537.36 (KHTML, like Gecko; compatible; bingbot/2.0; +http://www.bing.com/bingbot.htm) Chrome/116.0.1938.76 Safari/537.36"
216.73.216.79 - - [21/Jul/2025:16:36:33 +0000] "GET /entity/371956410 HTTP/1.1" 500 - "-" "Mozilla/5.0 AppleWebKit/537.36 (KHTML, like Gecko; compatible; ClaudeBot/1.0; [email protected])"
66.249.73.227 - - [21/Jul/2025:16:36:33 +0000] "GET /item/1525579/ HTTP/1.1" 200 18291 "-" "Mozilla/5.0 (Linux; Android 6.0.1; Nexus 5X Build/MMB29P) AppleWebKit/537.36 (KHTML, like Gecko) Chrome/137.0.7151.103 Mobile Safari/537.36 (compatible; Googlebot/2.1; +http://www.google.com/bot.html)"
40.77.167.50 - - [21/Jul/2025:16:36:34 +0000] "GET /item/2352376/ HTTP/1.1" 200 17910 "-" "Mozilla/5.0 AppleWebKit/537.36 (KHTML, like Gecko; compatible; bingbot/2.0; +http://www.bing.com/bingbot.htm) Chrome/116.0.1938.76 Safari/537.36"
216.73.216.79 - - [21/Jul/2025:16:36:38 +0000] "GET /entity/372006402 HTTP/1.1" 500 - "-" "Mozilla/5.0 AppleWebKit/537.36 (KHTML, like Gecko; compatible; ClaudeBot/1.0; [email protected])"
52.167.144.166 - - [21/Jul/2025:16:36:42 +0000] "GET /item/2644552/ HTTP/1.1" 200 18743 "-" "Mozilla/5.0 AppleWebKit/537.36 (KHTML, like Gecko; compatible; bingbot/2.0; +http://www.bing.com/bingbot.htm) Chrome/116.0.1938.76 Safari/537.36"
216.73.216.79 - - [21/Jul/2025:16:36:43 +0000] "GET /entity/696787795 HTTP/1.1" 500 - "-" "Mozilla/5.0 AppleWebKit/537.36 (KHTML, like Gecko; compatible; ClaudeBot/1.0; [email protected])"
216.73.216.79 - - [21/Jul/2025:16:36:48 +0000] "GET /entity/415974882 HTTP/1.1" 500 - "-" "Mozilla/5.0 AppleWebKit/537.36 (KHTML, like Gecko; compatible; ClaudeBot/1.0; [email protected])"
20.171.207.143 - - [21/Jul/2025:16:36:52 +0000] "GET /good.php/p/EUSMB7160.html HTTP/1.1" 200 - "-" "Mozilla/5.0 AppleWebKit/537.36 (KHTML, like Gecko; compatible; GPTBot/1.2; +https://openai.com/gptbot)"
216.73.216.79 - - [21/Jul/2025:16:36:53 +0000] "GET /entity/371993653 HTTP/1.1" 500 - "-" "Mozilla/5.0 AppleWebKit/537.36 (KHTML, like Gecko; compatible; ClaudeBot/1.0; [email protected])"
52.167.144.21 - - [21/Jul/2025:16:36:54 +0000] "GET /item/4256942/ HTTP/1.1" 200 19440 "-" "Mozilla/5.0 AppleWebKit/537.36 (KHTML, like Gecko; compatible; bingbot/2.0; +http://www.bing.com/bingbot.htm) Chrome/116.0.1938.76 Safari/537.36"
66.249.73.225 - - [21/Jul/2025:16:36:55 +0000] "GET /item/3760486/ HTTP/1.1" 200 19517 "-" "Mozilla/5.0 (Linux; Android 6.0.1; Nexus 5X Build/MMB29P) AppleWebKit/537.36 (KHTML, like Gecko) Chrome/137.0.7151.103 Mobile Safari/537.36 (compatible; Googlebot/2.1; +http://www.google.com/bot.html)"
52.167.144.21 - - [21/Jul/2025:16:36:56 +0000] "GET /item/3089894/ HTTP/1.1" 200 18019 "-" "Mozilla/5.0 AppleWebKit/537.36 (KHTML, like Gecko; compatible; bingbot/2.0; +http://www.bing.com/bingbot.htm) Chrome/116.0.1938.76 Safari/537.36"
216.73.216.79 - - [21/Jul/2025:16:36:58 +0000] "GET /entity/696820687 HTTP/1.1" 500 - "-" "Mozilla/5.0 AppleWebKit/537.36 (KHTML, like Gecko; compatible; ClaudeBot/1.0; [email protected])"
40.77.167.50 - - [21/Jul/2025:16:36:59 +0000] "GET /item/3061215/ HTTP/1.1" 200 17978 "-" "Mozilla/5.0 AppleWebKit/537.36 (KHTML, like Gecko; compatible; bingbot/2.0; +http://www.bing.com/bingbot.htm) Chrome/116.0.1938.76 Safari/537.36"
40.77.167.50 - - [21/Jul/2025:16:36:59 +0000] "GET /item/4894647/ HTTP/1.1" 200 18467 "-" "Mozilla/5.0 AppleWebKit/537.36 (KHTML, like Gecko; compatible; bingbot/2.0; +http://www.bing.com/bingbot.htm) Chrome/116.0.1938.76 Safari/537.36"
216.73.216.79 - - [21/Jul/2025:16:37:03 +0000] "GET /entity/415965852 HTTP/1.1" 500 - "-" "Mozilla/5.0 AppleWebKit/537.36 (KHTML, like Gecko; compatible; ClaudeBot/1.0; [email protected])"
216.73.216.79 - - [21/Jul/2025:16:37:08 +0000] "GET /entity/415897142 HTTP/1.1" 500 - "-" "Mozilla/5.0 AppleWebKit/537.36 (KHTML, like Gecko; compatible; ClaudeBot/1.0; [email protected])"
40.77.167.50 - - [21/Jul/2025:16:37:09 +0000] "GET /item/4440133/ HTTP/1.1" 200 18383 "-" "Mozilla/5.0 AppleWebKit/537.36 (KHTML, like Gecko; compatible; bingbot/2.0; +http://www.bing.com/bingbot.htm) Chrome/116.0.1938.76 Safari/537.36"
216.73.216.79 - - [21/Jul/2025:16:37:13 +0000] "GET /entity/372012668 HTTP/1.1" 500 - "-" "Mozilla/5.0 AppleWebKit/537.36 (KHTML, like Gecko; compatible; ClaudeBot/1.0; [email protected])"
52.167.144.166 - - [21/Jul/2025:16:37:13 +0000] "GET /item/1433689/ HTTP/1.1" 200 18455 "-" "Mozilla/5.0 AppleWebKit/537.36 (KHTML, like Gecko; compatible; bingbot/2.0; +http://www.bing.com/bingbot.htm) Chrome/116.0.1938.76 Safari/537.36"
52.167.144.166 - - [21/Jul/2025:16:37:14 +0000] "GET /item/2026524/ HTTP/1.1" 200 18298 "-" "Mozilla/5.0 AppleWebKit/537.36 (KHTML, like Gecko; compatible; bingbot/2.0; +http://www.bing.com/bingbot.htm) Chrome/116.0.1938.76 Safari/537.36"
57.141.2.14 - - [21/Jul/2025:16:37:14 +0000] "GET /item/1328947/ HTTP/1.1" 500 - "-" "meta-externalagent/1.1 (+https://developers.facebook.com/docs/sharing/webmasters/crawler)"
52.167.144.166 - - [21/Jul/2025:16:37:14 +0000] "GET /item/2363312/ HTTP/1.1" 200 19096 "-" "Mozilla/5.0 AppleWebKit/537.36 (KHTML, like Gecko; compatible; bingbot/2.0; +http://www.bing.com/bingbot.htm) Chrome/116.0.1938.76 Safari/537.36"
216.73.216.79 - - [21/Jul/2025:16:37:18 +0000] "GET /entity/372041624 HTTP/1.1" 500 - "-" "Mozilla/5.0 AppleWebKit/537.36 (KHTML, like Gecko; compatible; ClaudeBot/1.0; [email protected])"
52.167.144.21 - - [21/Jul/2025:16:37:18 +0000] "GET /item/2554351/ HTTP/1.1" 200 19370 "-" "Mozilla/5.0 AppleWebKit/537.36 (KHTML, like Gecko; compatible; bingbot/2.0; +http://www.bing.com/bingbot.htm) Chrome/116.0.1938.76 Safari/537.36"
216.73.216.79 - - [21/Jul/2025:16:37:23 +0000] "GET /sitemap-7.xml HTTP/1.1" 200 4280 "-" "Mozilla/5.0 AppleWebKit/537.36 (KHTML, like Gecko; compatible; ClaudeBot/1.0; [email protected])"
40.77.167.50 - - [21/Jul/2025:16:37:23 +0000] "GET /item/4960601/ HTTP/1.1" 200 19337 "-" "Mozilla/5.0 AppleWebKit/537.36 (KHTML, like Gecko; compatible; bingbot/2.0; +http://www.bing.com/bingbot.htm) Chrome/116.0.1938.76 Safari/537.36"
216.73.216.79 - - [21/Jul/2025:16:37:28 +0000] "GET /sitemap-10.xml HTTP/1.1" 200 4281 "-" "Mozilla/5.0 AppleWebKit/537.36 (KHTML, like Gecko; compatible; ClaudeBot/1.0; [email protected])"
66.249.73.226 - - [21/Jul/2025:16:37:32 +0000] "GET /item/1476310//man/kaitori/kaitoritop.html HTTP/1.1" 200 19515 "-" "Mozilla/5.0 (Linux; Android 6.0.1; Nexus 5X Build/MMB29P) AppleWebKit/537.36 (KHTML, like Gecko) Chrome/137.0.7151.103 Mobile Safari/537.36 (compatible; Googlebot/2.1; +http://www.google.com/bot.html)"
216.73.216.79 - - [21/Jul/2025:16:37:33 +0000] "GET /sitemap-12.xml HTTP/1.1" 200 4279 "-" "Mozilla/5.0 AppleWebKit/537.36 (KHTML, like Gecko; compatible; ClaudeBot/1.0; [email protected])"
216.73.216.79 - - [21/Jul/2025:16:37:38 +0000] "GET /sitemap.xml HTTP/1.1" 200 4277 "-" "Mozilla/5.0 AppleWebKit/537.36 (KHTML, like Gecko; compatible; ClaudeBot/1.0; [email protected])"
40.77.167.50 - - [21/Jul/2025:16:37:40 +0000] "GET /item/3980249/ HTTP/1.1" 200 19153 "-" "Mozilla/5.0 AppleWebKit/537.36 (KHTML, like Gecko; compatible; bingbot/2.0; +http://www.bing.com/bingbot.htm) Chrome/116.0.1938.76 Safari/537.36"
40.77.167.50 - - [21/Jul/2025:16:37:41 +0000] "GET /item/3207040/ HTTP/1.1" 200 18263 "-" "Mozilla/5.0 AppleWebKit/537.36 (KHTML, like Gecko; compatible; bingbot/2.0; +http://www.bing.com/bingbot.htm) Chrome/116.0.1938.76 Safari/537.36"
216.73.216.79 - - [21/Jul/2025:16:37:43 +0000] "GET /sitemap-2.xml HTTP/1.1" 200 4277 "-" "Mozilla/5.0 AppleWebKit/537.36 (KHTML, like Gecko; compatible; ClaudeBot/1.0; [email protected])"
52.167.144.166 - - [21/Jul/2025:16:37:45 +0000] "GET /item/1914803/ HTTP/1.1" 200 18539 "-" "Mozilla/5.0 AppleWebKit/537.36 (KHTML, like Gecko; compatible; bingbot/2.0; +http://www.bing.com/bingbot.htm) Chrome/116.0.1938.76 Safari/537.36"
216.73.216.79 - - [21/Jul/2025:16:37:48 +0000] "GET /wp-sitemap.xml HTTP/1.1" 200 4277 "-" "Mozilla/5.0 AppleWebKit/537.36 (KHTML, like Gecko; compatible; ClaudeBot/1.0; [email protected])"
40.77.167.50 - - [21/Jul/2025:16:37:59 +0000] "GET /item/4154366/ HTTP/1.1" 200 20731 "-" "Mozilla/5.0 AppleWebKit/537.36 (KHTML, like Gecko; compatible; bingbot/2.0; +http://www.bing.com/bingbot.htm) Chrome/116.0.1938.76 Safari/537.36"
52.167.144.21 - - [21/Jul/2025:16:38:05 +0000] "GET /item/4094393/ HTTP/1.1" 200 18755 "-" "Mozilla/5.0 AppleWebKit/537.36 (KHTML, like Gecko; compatible; bingbot/2.0; +http://www.bing.com/bingbot.htm) Chrome/116.0.1938.76 Safari/537.36"
52.167.144.21 - - [21/Jul/2025:16:38:15 +0000] "GET /item/2525928/ HTTP/1.1" 200 18221 "-" "Mozilla/5.0 AppleWebKit/537.36 (KHTML, like Gecko; compatible; bingbot/2.0; +http://www.bing.com/bingbot.htm) Chrome/116.0.1938.76 Safari/537.36"
40.77.167.50 - - [21/Jul/2025:16:38:20 +0000] "GET /item/3499806/ HTTP/1.1" 200 18311 "-" "Mozilla/5.0 AppleWebKit/537.36 (KHTML, like Gecko; compatible; bingbot/2.0; +http://www.bing.com/bingbot.htm) Chrome/116.0.1938.76 Safari/537.36"
66.249.73.226 - - [21/Jul/2025:16:38:26 +0000] "GET /item/4875523/ HTTP/1.1" 200 18582 "-" "Mozilla/5.0 (Linux; Android 6.0.1; Nexus 5X Build/MMB29P) AppleWebKit/537.36 (KHTML, like Gecko) Chrome/137.0.7151.103 Mobile Safari/537.36 (compatible; Googlebot/2.1; +http://www.google.com/bot.html)"
66.249.73.226 - - [21/Jul/2025:16:38:27 +0000] "GET /item/4766086/ HTTP/1.1" 200 18604 "-" "Mozilla/5.0 (Linux; Android 6.0.1; Nexus 5X Build/MMB29P) AppleWebKit/537.36 (KHTML, like Gecko) Chrome/137.0.7151.103 Mobile Safari/537.36 (compatible; Googlebot/2.1; +http://www.google.com/bot.html)"
57.141.2.27 - - [21/Jul/2025:16:38:28 +0000] "GET /item/2614062/ HTTP/1.1" 500 - "-" "meta-externalagent/1.1 (+https://developers.facebook.com/docs/sharing/webmasters/crawler)"
52.167.144.21 - - [21/Jul/2025:16:38:35 +0000] "GET /item/2411020/ HTTP/1.1" 200 18743 "-" "Mozilla/5.0 AppleWebKit/537.36 (KHTML, like Gecko; compatible; bingbot/2.0; +http://www.bing.com/bingbot.htm) Chrome/116.0.1938.76 Safari/537.36"
52.167.144.21 - - [21/Jul/2025:16:38:36 +0000] "GET /item/3830873/ HTTP/1.1" 200 18342 "-" "Mozilla/5.0 AppleWebKit/537.36 (KHTML, like Gecko; compatible; bingbot/2.0; +http://www.bing.com/bingbot.htm) Chrome/116.0.1938.76 Safari/537.36"
52.167.144.21 - - [21/Jul/2025:16:38:37 +0000] "GET /item/5046856/ HTTP/1.1" 200 17723 "-" "Mozilla/5.0 AppleWebKit/537.36 (KHTML, like Gecko; compatible; bingbot/2.0; +http://www.bing.com/bingbot.htm) Chrome/116.0.1938.76 Safari/537.36"
40.77.167.50 - - [21/Jul/2025:16:38:39 +0000] "GET /item/1588351/ HTTP/1.1" 200 18351 "-" "Mozilla/5.0 AppleWebKit/537.36 (KHTML, like Gecko; compatible; bingbot/2.0; +http://www.bing.com/bingbot.htm) Chrome/116.0.1938.76 Safari/537.36"
40.77.167.50 - - [21/Jul/2025:16:38:40 +0000] "GET /item/4132336/ HTTP/1.1" 200 18293 "-" "Mozilla/5.0 AppleWebKit/537.36 (KHTML, like Gecko; compatible; bingbot/2.0; +http://www.bing.com/bingbot.htm) Chrome/116.0.1938.76 Safari/537.36"
216.73.216.79 - - [21/Jul/2025:16:38:42 +0000] "GET /sitemap-13.xml HTTP/1.1" 200 4279 "-" "Mozilla/5.0 AppleWebKit/537.36 (KHTML, like Gecko; compatible; ClaudeBot/1.0; [email protected])"
66.249.73.226 - - [21/Jul/2025:16:38:46 +0000] "POST /get-message-notify HTTP/1.1" 200 18726 "https://teamhachem.com/item/4766086/" "Mozilla/5.0 (Linux; Android 6.0.1; Nexus 5X Build/MMB29P) AppleWebKit/537.36 (KHTML, like Gecko) Chrome/137.0.7151.119 Mobile Safari/537.36 (compatible; Googlebot/2.1; +http://www.google.com/bot.html)"
216.73.216.79 - - [21/Jul/2025:16:38:47 +0000] "GET /sitemap-18.xml HTTP/1.1" 200 4279 "-" "Mozilla/5.0 AppleWebKit/537.36 (KHTML, like Gecko; compatible; ClaudeBot/1.0; [email protected])"
40.77.167.50 - - [21/Jul/2025:16:38:50 +0000] "GET /item/1321938/ HTTP/1.1" 200 19580 "-" "Mozilla/5.0 AppleWebKit/537.36 (KHTML, like Gecko; compatible; bingbot/2.0; +http://www.bing.com/bingbot.htm) Chrome/116.0.1938.76 Safari/537.36"
216.73.216.79 - - [21/Jul/2025:16:38:52 +0000] "GET /sitemap-6.xml HTTP/1.1" 200 4279 "-" "Mozilla/5.0 AppleWebKit/537.36 (KHTML, like Gecko; compatible; ClaudeBot/1.0; [email protected])"
52.167.144.166 - - [21/Jul/2025:16:38:55 +0000] "GET /item/4689219/ HTTP/1.1" 200 18424 "-" "Mozilla/5.0 AppleWebKit/537.36 (KHTML, like Gecko; compatible; bingbot/2.0; +http://www.bing.com/bingbot.htm) Chrome/116.0.1938.76 Safari/537.36"
216.73.216.79 - - [21/Jul/2025:16:38:57 +0000] "GET /sitemap-20.xml HTTP/1.1" 200 4281 "-" "Mozilla/5.0 AppleWebKit/537.36 (KHTML, like Gecko; compatible; ClaudeBot/1.0; [email protected])"
40.77.167.50 - - [21/Jul/2025:16:39:00 +0000] "GET /item/2078323/ HTTP/1.1" 200 18143 "-" "Mozilla/5.0 AppleWebKit/537.36 (KHTML, like Gecko; compatible; bingbot/2.0; +http://www.bing.com/bingbot.htm) Chrome/116.0.1938.76 Safari/537.36"
216.73.216.79 - - [21/Jul/2025:16:39:02 +0000] "GET /sitemap-5.xml HTTP/1.1" 200 4279 "-" "Mozilla/5.0 AppleWebKit/537.36 (KHTML, like Gecko; compatible; ClaudeBot/1.0; [email protected])"
52.167.144.21 - - [21/Jul/2025:16:39:05 +0000] "GET /item/2494192/ HTTP/1.1" 200 19353 "-" "Mozilla/5.0 AppleWebKit/537.36 (KHTML, like Gecko; compatible; bingbot/2.0; +http://www.bing.com/bingbot.htm) Chrome/116.0.1938.76 Safari/537.36"
52.167.144.21 - - [21/Jul/2025:16:39:05 +0000] "GET /item/4321686/ HTTP/1.1" 200 18208 "-" "Mozilla/5.0 AppleWebKit/537.36 (KHTML, like Gecko; compatible; bingbot/2.0; +http://www.bing.com/bingbot.htm) Chrome/116.0.1938.76 Safari/537.36"
216.73.216.79 - - [21/Jul/2025:16:39:07 +0000] "GET /sitemap-11.xml HTTP/1.1" 200 4280 "-" "Mozilla/5.0 AppleWebKit/537.36 (KHTML, like Gecko; compatible; ClaudeBot/1.0; [email protected])"
52.167.144.166 - - [21/Jul/2025:16:39:11 +0000] "GET /item/4739360/ HTTP/1.1" 200 18420 "-" "Mozilla/5.0 AppleWebKit/537.36 (KHTML, like Gecko; compatible; bingbot/2.0; +http://www.bing.com/bingbot.htm) Chrome/116.0.1938.76 Safari/537.36"
40.77.167.50 - - [21/Jul/2025:16:39:19 +0000] "GET /item/2416785/ HTTP/1.1" 200 17906 "-" "Mozilla/5.0 AppleWebKit/537.36 (KHTML, like Gecko; compatible; bingbot/2.0; +http://www.bing.com/bingbot.htm) Chrome/116.0.1938.76 Safari/537.36"
57.141.2.21 - - [21/Jul/2025:16:39:25 +0000] "GET /item/5231316/ HTTP/1.1" 500 - "-" "meta-externalagent/1.1 (+https://developers.facebook.com/docs/sharing/webmasters/crawler)"
52.167.144.21 - - [21/Jul/2025:16:39:25 +0000] "GET /item/2756661/ HTTP/1.1" 200 19464 "-" "Mozilla/5.0 AppleWebKit/537.36 (KHTML, like Gecko; compatible; bingbot/2.0; +http://www.bing.com/bingbot.htm) Chrome/116.0.1938.76 Safari/537.36"
52.167.144.21 - - [21/Jul/2025:16:39:26 +0000] "GET /item/4746508/ HTTP/1.1" 200 21081 "-" "Mozilla/5.0 AppleWebKit/537.36 (KHTML, like Gecko; compatible; bingbot/2.0; +http://www.bing.com/bingbot.htm) Chrome/116.0.1938.76 Safari/537.36"
52.167.144.166 - - [21/Jul/2025:16:39:33 +0000] "GET /item/4745097/ HTTP/1.1" 200 18118 "-" "Mozilla/5.0 AppleWebKit/537.36 (KHTML, like Gecko; compatible; bingbot/2.0; +http://www.bing.com/bingbot.htm) Chrome/116.0.1938.76 Safari/537.36"
52.167.144.166 - - [21/Jul/2025:16:39:33 +0000] "GET /item/2758027/ HTTP/1.1" 200 18146 "-" "Mozilla/5.0 AppleWebKit/537.36 (KHTML, like Gecko; compatible; bingbot/2.0; +http://www.bing.com/bingbot.htm) Chrome/116.0.1938.76 Safari/537.36"
52.167.144.166 - - [21/Jul/2025:16:39:35 +0000] "GET /item/3715666/ HTTP/1.1" 200 19245 "-" "Mozilla/5.0 AppleWebKit/537.36 (KHTML, like Gecko; compatible; bingbot/2.0; +http://www.bing.com/bingbot.htm) Chrome/116.0.1938.76 Safari/537.36"
52.167.144.166 - - [21/Jul/2025:16:39:36 +0000] "GET /item/5059908/ HTTP/1.1" 200 19183 "-" "Mozilla/5.0 AppleWebKit/537.36 (KHTML, like Gecko; compatible; bingbot/2.0; +http://www.bing.com/bingbot.htm) Chrome/116.0.1938.76 Safari/537.36"
216.73.216.79 - - [21/Jul/2025:16:39:37 +0000] "GET /entity/696667903 HTTP/1.1" 500 - "-" "Mozilla/5.0 AppleWebKit/537.36 (KHTML, like Gecko; compatible; ClaudeBot/1.0; [email protected])"
216.73.216.79 - - [21/Jul/2025:16:39:42 +0000] "GET /entity/696691434 HTTP/1.1" 500 - "-" "Mozilla/5.0 AppleWebKit/537.36 (KHTML, like Gecko; compatible; ClaudeBot/1.0; [email protected])"
52.167.144.166 - - [21/Jul/2025:16:39:43 +0000] "GET /item/3259490/ HTTP/1.1" 200 17930 "-" "Mozilla/5.0 AppleWebKit/537.36 (KHTML, like Gecko; compatible; bingbot/2.0; +http://www.bing.com/bingbot.htm) Chrome/116.0.1938.76 Safari/537.36"
216.73.216.79 - - [21/Jul/2025:16:39:47 +0000] "GET /entity/696780120 HTTP/1.1" 500 - "-" "Mozilla/5.0 AppleWebKit/537.36 (KHTML, like Gecko; compatible; ClaudeBot/1.0; [email protected])"
66.249.73.225 - - [21/Jul/2025:16:39:48 +0000] "GET /item/2122109/ HTTP/1.1" 200 19531 "-" "Mozilla/5.0 (Linux; Android 6.0.1; Nexus 5X Build/MMB29P) AppleWebKit/537.36 (KHTML, like Gecko) Chrome/137.0.7151.103 Mobile Safari/537.36 (compatible; Googlebot/2.1; +http://www.google.com/bot.html)"
216.73.216.79 - - [21/Jul/2025:16:39:52 +0000] "GET /entity/696656527 HTTP/1.1" 500 - "-" "Mozilla/5.0 AppleWebKit/537.36 (KHTML, like Gecko; compatible; ClaudeBot/1.0; [email protected])"
52.167.144.21 - - [21/Jul/2025:16:39:55 +0000] "GET /item/2958233/ HTTP/1.1" 200 18320 "-" "Mozilla/5.0 AppleWebKit/537.36 (KHTML, like Gecko; compatible; bingbot/2.0; +http://www.bing.com/bingbot.htm) Chrome/116.0.1938.76 Safari/537.36"
216.73.216.79 - - [21/Jul/2025:16:39:57 +0000] "GET /entity/696696544 HTTP/1.1" 500 - "-" "Mozilla/5.0 AppleWebKit/537.36 (KHTML, like Gecko; compatible; ClaudeBot/1.0; [email protected])"
40.77.167.50 - - [21/Jul/2025:16:40:00 +0000] "GET /item/4473650/ HTTP/1.1" 200 17896 "-" "Mozilla/5.0 AppleWebKit/537.36 (KHTML, like Gecko; compatible; bingbot/2.0; +http://www.bing.com/bingbot.htm) Chrome/116.0.1938.76 Safari/537.36"
216.73.216.79 - - [21/Jul/2025:16:40:02 +0000] "GET /sitemap-17.xml HTTP/1.1" 200 4282 "-" "Mozilla/5.0 AppleWebKit/537.36 (KHTML, like Gecko; compatible; ClaudeBot/1.0; [email protected])"
66.249.73.226 - - [21/Jul/2025:16:40:09 +0000] "GET /item/1656299/ HTTP/1.1" 200 18487 "-" "Mozilla/5.0 (Linux; Android 6.0.1; Nexus 5X Build/MMB29P) AppleWebKit/537.36 (KHTML, like Gecko) Chrome/137.0.7151.103 Mobile Safari/537.36 (compatible; Googlebot/2.1; +http://www.google.com/bot.html)"
52.167.144.21 - - [21/Jul/2025:16:40:15 +0000] "GET /item/2243007/ HTTP/1.1" 200 19391 "-" "Mozilla/5.0 AppleWebKit/537.36 (KHTML, like Gecko; compatible; bingbot/2.0; +http://www.bing.com/bingbot.htm) Chrome/116.0.1938.76 Safari/537.36"
40.77.167.50 - - [21/Jul/2025:16:40:20 +0000] "GET /item/5132224/ HTTP/1.1" 200 18249 "-" "Mozilla/5.0 AppleWebKit/537.36 (KHTML, like Gecko; compatible; bingbot/2.0; +http://www.bing.com/bingbot.htm) Chrome/116.0.1938.76 Safari/537.36"
66.249.73.226 - - [21/Jul/2025:16:40:23 +0000] "POST /get-message-notify HTTP/1.1" 200 18726 "https://teamhachem.com/item/1656299/" "Mozilla/5.0 (Linux; Android 6.0.1; Nexus 5X Build/MMB29P) AppleWebKit/537.36 (KHTML, like Gecko) Chrome/137.0.7151.119 Mobile Safari/537.36 (compatible; Googlebot/2.1; +http://www.google.com/bot.html)"
66.249.73.226 - - [21/Jul/2025:16:40:25 +0000] "GET /item/1636327/ HTTP/1.1" 200 18193 "-" "Mozilla/5.0 (Linux; Android 6.0.1; Nexus 5X Build/MMB29P) AppleWebKit/537.36 (KHTML, like Gecko) Chrome/137.0.7151.103 Mobile Safari/537.36 (compatible; Googlebot/2.1; +http://www.google.com/bot.html)"
52.167.144.166 - - [21/Jul/2025:16:40:25 +0000] "GET /item/4925597/ HTTP/1.1" 200 18274 "-" "Mozilla/5.0 AppleWebKit/537.36 (KHTML, like Gecko; compatible; bingbot/2.0; +http://www.bing.com/bingbot.htm) Chrome/116.0.1938.76 Safari/537.36"
52.167.144.166 - - [21/Jul/2025:16:40:26 +0000] "GET /item/1632421/ HTTP/1.1" 200 18271 "-" "Mozilla/5.0 AppleWebKit/537.36 (KHTML, like Gecko; compatible; bingbot/2.0; +http://www.bing.com/bingbot.htm) Chrome/116.0.1938.76 Safari/537.36"
57.141.2.17 - - [21/Jul/2025:16:40:29 +0000] "GET /item/3991758/ HTTP/1.1" 500 - "-" "meta-externalagent/1.1 (+https://developers.facebook.com/docs/sharing/webmasters/crawler)"
216.73.216.79 - - [21/Jul/2025:16:40:29 +0000] "GET /good.php/sitemap-1.xml HTTP/1.1" 200 19100 "-" "Mozilla/5.0 AppleWebKit/537.36 (KHTML, like Gecko; compatible; ClaudeBot/1.0; [email protected])"
40.77.167.50 - - [21/Jul/2025:16:40:30 +0000] "GET /item/2730119/ HTTP/1.1" 200 18923 "-" "Mozilla/5.0 AppleWebKit/537.36 (KHTML, like Gecko; compatible; bingbot/2.0; +http://www.bing.com/bingbot.htm) Chrome/116.0.1938.76 Safari/537.36"
216.73.216.79 - - [21/Jul/2025:16:40:34 +0000] "GET /entity/696805058 HTTP/1.1" 500 - "-" "Mozilla/5.0 AppleWebKit/537.36 (KHTML, like Gecko; compatible; ClaudeBot/1.0; [email protected])"
52.167.144.166 - - [21/Jul/2025:16:40:35 +0000] "GET /item/3722326/ HTTP/1.1" 200 17972 "-" "Mozilla/5.0 AppleWebKit/537.36 (KHTML, like Gecko; compatible; bingbot/2.0; +http://www.bing.com/bingbot.htm) Chrome/116.0.1938.76 Safari/537.36"
216.73.216.79 - - [21/Jul/2025:16:40:39 +0000] "GET /entity/696649414 HTTP/1.1" 500 - "-" "Mozilla/5.0 AppleWebKit/537.36 (KHTML, like Gecko; compatible; ClaudeBot/1.0; [email protected])"
216.73.216.79 - - [21/Jul/2025:16:40:44 +0000] "GET /entity/696783793 HTTP/1.1" 500 - "-" "Mozilla/5.0 AppleWebKit/537.36 (KHTML, like Gecko; compatible; ClaudeBot/1.0; [email protected])"
216.73.216.79 - - [21/Jul/2025:16:40:49 +0000] "GET /entity/696805670 HTTP/1.1" 500 - "-" "Mozilla/5.0 AppleWebKit/537.36 (KHTML, like Gecko; compatible; ClaudeBot/1.0; [email protected])"
52.167.144.166 - - [21/Jul/2025:16:40:53 +0000] "GET /item/4903161/ HTTP/1.1" 200 18661 "-" "Mozilla/5.0 AppleWebKit/537.36 (KHTML, like Gecko; compatible; bingbot/2.0; +http://www.bing.com/bingbot.htm) Chrome/116.0.1938.76 Safari/537.36"
216.73.216.79 - - [21/Jul/2025:16:40:54 +0000] "GET /entity/696665950 HTTP/1.1" 500 - "-" "Mozilla/5.0 AppleWebKit/537.36 (KHTML, like Gecko; compatible; ClaudeBot/1.0; [email protected])"
20.125.163.81 - - [21/Jul/2025:16:40:59 +0000] "GET /item/1869203/ HTTP/1.1" 200 17968 "-" "Mozilla/5.0 AppleWebKit/537.36 (KHTML, like Gecko; compatible; bingbot/2.0; +http://www.bing.com/bingbot.htm) Chrome/116.0.1938.76 Safari/537.36"
52.167.144.169 - - [21/Jul/2025:16:41:05 +0000] "GET /item/3316223/ HTTP/1.1" 200 20046 "-" "Mozilla/5.0 AppleWebKit/537.36 (KHTML, like Gecko; compatible; bingbot/2.0; +http://www.bing.com/bingbot.htm) Chrome/116.0.1938.76 Safari/537.36"
52.167.144.169 - - [21/Jul/2025:16:41:06 +0000] "GET /item/1478991/ HTTP/1.1" 200 19009 "-" "Mozilla/5.0 AppleWebKit/537.36 (KHTML, like Gecko; compatible; bingbot/2.0; +http://www.bing.com/bingbot.htm) Chrome/116.0.1938.76 Safari/537.36"
52.167.144.169 - - [21/Jul/2025:16:41:14 +0000] "GET /item/3634256/ HTTP/1.1" 200 18359 "-" "Mozilla/5.0 AppleWebKit/537.36 (KHTML, like Gecko; compatible; bingbot/2.0; +http://www.bing.com/bingbot.htm) Chrome/116.0.1938.76 Safari/537.36"
40.77.167.50 - - [21/Jul/2025:16:41:29 +0000] "GET /item/3915648/ HTTP/1.1" 200 19685 "-" "Mozilla/5.0 AppleWebKit/537.36 (KHTML, like Gecko; compatible; bingbot/2.0; +http://www.bing.com/bingbot.htm) Chrome/116.0.1938.76 Safari/537.36"
40.77.167.50 - - [21/Jul/2025:16:41:29 +0000] "GET /item/1359817/ HTTP/1.1" 200 18089 "-" "Mozilla/5.0 AppleWebKit/537.36 (KHTML, like Gecko; compatible; bingbot/2.0; +http://www.bing.com/bingbot.htm) Chrome/116.0.1938.76 Safari/537.36"
57.141.2.25 - - [21/Jul/2025:16:41:34 +0000] "GET /item/2869972/ HTTP/1.1" 500 - "-" "meta-externalagent/1.1 (+https://developers.facebook.com/docs/sharing/webmasters/crawler)"
52.167.144.169 - - [21/Jul/2025:16:41:35 +0000] "GET /item/3832842/ HTTP/1.1" 200 17957 "-" "Mozilla/5.0 AppleWebKit/537.36 (KHTML, like Gecko; compatible; bingbot/2.0; +http://www.bing.com/bingbot.htm) Chrome/116.0.1938.76 Safari/537.36"
216.73.216.79 - - [21/Jul/2025:16:41:38 +0000] "GET /entity/696671060 HTTP/1.1" 500 - "-" "Mozilla/5.0 AppleWebKit/537.36 (KHTML, like Gecko; compatible; ClaudeBot/1.0; [email protected])"
40.77.167.50 - - [21/Jul/2025:16:41:40 +0000] "GET /item/4120968/ HTTP/1.1" 200 18381 "-" "Mozilla/5.0 AppleWebKit/537.36 (KHTML, like Gecko; compatible; bingbot/2.0; +http://www.bing.com/bingbot.htm) Chrome/116.0.1938.76 Safari/537.36"
216.73.216.79 - - [21/Jul/2025:16:41:44 +0000] "GET /entity/696655997 HTTP/1.1" 500 - "-" "Mozilla/5.0 AppleWebKit/537.36 (KHTML, like Gecko; compatible; ClaudeBot/1.0; [email protected])"
52.167.144.166 - - [21/Jul/2025:16:41:45 +0000] "GET /item/2140324/ HTTP/1.1" 200 19303 "-" "Mozilla/5.0 AppleWebKit/537.36 (KHTML, like Gecko; compatible; bingbot/2.0; +http://www.bing.com/bingbot.htm) Chrome/116.0.1938.76 Safari/537.36"
52.167.144.166 - - [21/Jul/2025:16:41:47 +0000] "GET /item/2141038/ HTTP/1.1" 200 17932 "-" "Mozilla/5.0 AppleWebKit/537.36 (KHTML, like Gecko; compatible; bingbot/2.0; +http://www.bing.com/bingbot.htm) Chrome/116.0.1938.76 Safari/537.36"
216.73.216.79 - - [21/Jul/2025:16:41:48 +0000] "GET /entity/696774382 HTTP/1.1" 500 - "-" "Mozilla/5.0 AppleWebKit/537.36 (KHTML, like Gecko; compatible; ClaudeBot/1.0; [email protected])"
216.73.216.79 - - [21/Jul/2025:16:41:53 +0000] "GET /entity/696636382 HTTP/1.1" 500 - "-" "Mozilla/5.0 AppleWebKit/537.36 (KHTML, like Gecko; compatible; ClaudeBot/1.0; [email protected])"
52.167.144.169 - - [21/Jul/2025:16:41:56 +0000] "GET /item/1909479/ HTTP/1.1" 200 18460 "-" "Mozilla/5.0 AppleWebKit/537.36 (KHTML, like Gecko; compatible; bingbot/2.0; +http://www.bing.com/bingbot.htm) Chrome/116.0.1938.76 Safari/537.36"
216.73.216.79 - - [21/Jul/2025:16:41:58 +0000] "GET /entity/696649731 HTTP/1.1" 500 - "-" "Mozilla/5.0 AppleWebKit/537.36 (KHTML, like Gecko; compatible; ClaudeBot/1.0; [email protected])"
216.73.216.79 - - [21/Jul/2025:16:42:03 +0000] "GET /entity/696698826 HTTP/1.1" 500 - "-" "Mozilla/5.0 AppleWebKit/537.36 (KHTML, like Gecko; compatible; ClaudeBot/1.0; [email protected])"
52.167.144.169 - - [21/Jul/2025:16:42:05 +0000] "GET /item/1384906/ HTTP/1.1" 200 18392 "-" "Mozilla/5.0 AppleWebKit/537.36 (KHTML, like Gecko; compatible; bingbot/2.0; +http://www.bing.com/bingbot.htm) Chrome/116.0.1938.76 Safari/537.36"
52.167.144.169 - - [21/Jul/2025:16:42:07 +0000] "GET /item/2101340/ HTTP/1.1" 200 18761 "-" "Mozilla/5.0 AppleWebKit/537.36 (KHTML, like Gecko; compatible; bingbot/2.0; +http://www.bing.com/bingbot.htm) Chrome/116.0.1938.76 Safari/537.36"
40.77.167.50 - - [21/Jul/2025:16:42:20 +0000] "GET /item/3756040/ HTTP/1.1" 200 19310 "-" "Mozilla/5.0 AppleWebKit/537.36 (KHTML, like Gecko; compatible; bingbot/2.0; +http://www.bing.com/bingbot.htm) Chrome/116.0.1938.76 Safari/537.36"
52.167.144.166 - - [21/Jul/2025:16:42:33 +0000] "GET /item/1970713/ HTTP/1.1" 200 18239 "-" "Mozilla/5.0 AppleWebKit/537.36 (KHTML, like Gecko; compatible; bingbot/2.0; +http://www.bing.com/bingbot.htm) Chrome/116.0.1938.76 Safari/537.36"
