216.73.216.93 - - [21/Jul/2025:17:11:17 +0000] "GET /special/1553432472.phtml HTTP/1.1" 404 13248 "-" "Mozilla/5.0 AppleWebKit/537.36 (KHTML, like Gecko; compatible; ClaudeBot/1.0; [email protected])"
216.73.216.93 - - [21/Jul/2025:17:11:20 +0000] "GET /special/1553274826.phtml HTTP/1.1" 404 13248 "-" "Mozilla/5.0 AppleWebKit/537.36 (KHTML, like Gecko; compatible; ClaudeBot/1.0; [email protected])"
216.73.216.93 - - [21/Jul/2025:17:11:23 +0000] "GET /special/1553198332.phtml HTTP/1.1" 404 13248 "-" "Mozilla/5.0 AppleWebKit/537.36 (KHTML, like Gecko; compatible; ClaudeBot/1.0; [email protected])"
216.73.216.93 - - [21/Jul/2025:17:11:26 +0000] "GET /special/1553301416.phtml HTTP/1.1" 404 13248 "-" "Mozilla/5.0 AppleWebKit/537.36 (KHTML, like Gecko; compatible; ClaudeBot/1.0; [email protected])"
216.73.216.93 - - [21/Jul/2025:17:11:29 +0000] "GET /special/1553655742.phtml HTTP/1.1" 404 13248 "-" "Mozilla/5.0 AppleWebKit/537.36 (KHTML, like Gecko; compatible; ClaudeBot/1.0; [email protected])"
216.73.216.93 - - [21/Jul/2025:17:11:32 +0000] "GET /special/1553471574.phtml HTTP/1.1" 404 13248 "-" "Mozilla/5.0 AppleWebKit/537.36 (KHTML, like Gecko; compatible; ClaudeBot/1.0; [email protected])"
216.73.216.93 - - [21/Jul/2025:17:11:35 +0000] "GET /special/1553194386.phtml HTTP/1.1" 404 13248 "-" "Mozilla/5.0 AppleWebKit/537.36 (KHTML, like Gecko; compatible; ClaudeBot/1.0; [email protected])"
216.73.216.93 - - [21/Jul/2025:17:11:38 +0000] "GET /special/1553665558.phtml HTTP/1.1" 404 13248 "-" "Mozilla/5.0 AppleWebKit/537.36 (KHTML, like Gecko; compatible; ClaudeBot/1.0; [email protected])"
216.73.216.93 - - [21/Jul/2025:17:11:41 +0000] "GET /special/1553895662.phtml HTTP/1.1" 404 13248 "-" "Mozilla/5.0 AppleWebKit/537.36 (KHTML, like Gecko; compatible; ClaudeBot/1.0; [email protected])"
207.46.13.52 - - [21/Jul/2025:17:11:41 +0000] "GET /special/508188692.phtml HTTP/1.1" 200 18018 "-" "Mozilla/5.0 AppleWebKit/537.36 (KHTML, like Gecko; compatible; bingbot/2.0; +http://www.bing.com/bingbot.htm) Chrome/116.0.1938.76 Safari/537.36"
216.73.216.93 - - [21/Jul/2025:17:11:44 +0000] "GET /special/1553825640.phtml HTTP/1.1" 404 13248 "-" "Mozilla/5.0 AppleWebKit/537.36 (KHTML, like Gecko; compatible; ClaudeBot/1.0; [email protected])"
216.73.216.93 - - [21/Jul/2025:17:11:47 +0000] "GET /special/1553325506.phtml HTTP/1.1" 404 13248 "-" "Mozilla/5.0 AppleWebKit/537.36 (KHTML, like Gecko; compatible; ClaudeBot/1.0; [email protected])"
216.73.216.93 - - [21/Jul/2025:17:11:50 +0000] "GET /special/1553849986.phtml HTTP/1.1" 404 13248 "-" "Mozilla/5.0 AppleWebKit/537.36 (KHTML, like Gecko; compatible; ClaudeBot/1.0; [email protected])"
216.73.216.93 - - [21/Jul/2025:17:11:53 +0000] "GET /special/1553365726.phtml HTTP/1.1" 404 13248 "-" "Mozilla/5.0 AppleWebKit/537.36 (KHTML, like Gecko; compatible; ClaudeBot/1.0; [email protected])"
216.73.216.93 - - [21/Jul/2025:17:11:56 +0000] "GET /special/1553694844.phtml HTTP/1.1" 404 13248 "-" "Mozilla/5.0 AppleWebKit/537.36 (KHTML, like Gecko; compatible; ClaudeBot/1.0; [email protected])"
207.46.13.9 - - [21/Jul/2025:17:12:02 +0000] "GET /special/726468546.phtml HTTP/1.1" 200 21243 "-" "Mozilla/5.0 AppleWebKit/537.36 (KHTML, like Gecko; compatible; bingbot/2.0; +http://www.bing.com/bingbot.htm) Chrome/116.0.1938.76 Safari/537.36"
216.73.216.93 - - [21/Jul/2025:17:12:02 +0000] "GET /special/1553678454.phtml HTTP/1.1" 404 13248 "-" "Mozilla/5.0 AppleWebKit/537.36 (KHTML, like Gecko; compatible; ClaudeBot/1.0; [email protected])"
20.15.133.162 - - [21/Jul/2025:17:12:04 +0000] "GET /special/1614443792.phtml HTTP/1.1" 200 18103 "-" "Mozilla/5.0 AppleWebKit/537.36 (KHTML, like Gecko; compatible; bingbot/2.0; +http://www.bing.com/bingbot.htm) Chrome/116.0.1938.76 Safari/537.36"
216.73.216.93 - - [21/Jul/2025:17:12:05 +0000] "GET /special/1553828592.phtml HTTP/1.1" 404 13248 "-" "Mozilla/5.0 AppleWebKit/537.36 (KHTML, like Gecko; compatible; ClaudeBot/1.0; [email protected])"
216.73.216.93 - - [21/Jul/2025:17:12:08 +0000] "GET /special/1553405754.phtml HTTP/1.1" 404 13248 "-" "Mozilla/5.0 AppleWebKit/537.36 (KHTML, like Gecko; compatible; ClaudeBot/1.0; [email protected])"
216.73.216.93 - - [21/Jul/2025:17:12:11 +0000] "GET /special/1553627774.phtml HTTP/1.1" 404 13248 "-" "Mozilla/5.0 AppleWebKit/537.36 (KHTML, like Gecko; compatible; ClaudeBot/1.0; [email protected])"
216.73.216.93 - - [21/Jul/2025:17:12:14 +0000] "GET /special/1553886712.phtml HTTP/1.1" 404 13248 "-" "Mozilla/5.0 AppleWebKit/537.36 (KHTML, like Gecko; compatible; ClaudeBot/1.0; [email protected])"
216.73.216.93 - - [21/Jul/2025:17:12:17 +0000] "GET /special/1553801746.phtml HTTP/1.1" 404 13248 "-" "Mozilla/5.0 AppleWebKit/537.36 (KHTML, like Gecko; compatible; ClaudeBot/1.0; [email protected])"
216.73.216.93 - - [21/Jul/2025:17:12:20 +0000] "GET /special/1553819710.phtml HTTP/1.1" 404 13248 "-" "Mozilla/5.0 AppleWebKit/537.36 (KHTML, like Gecko; compatible; ClaudeBot/1.0; [email protected])"
216.73.216.93 - - [21/Jul/2025:17:12:23 +0000] "GET /special/1553600062.phtml HTTP/1.1" 404 13248 "-" "Mozilla/5.0 AppleWebKit/537.36 (KHTML, like Gecko; compatible; ClaudeBot/1.0; [email protected])"
216.73.216.93 - - [21/Jul/2025:17:12:26 +0000] "GET /special/1553634284.phtml HTTP/1.1" 404 13248 "-" "Mozilla/5.0 AppleWebKit/537.36 (KHTML, like Gecko; compatible; ClaudeBot/1.0; [email protected])"
216.73.216.93 - - [21/Jul/2025:17:12:29 +0000] "GET /special/1553794306.phtml HTTP/1.1" 404 13248 "-" "Mozilla/5.0 AppleWebKit/537.36 (KHTML, like Gecko; compatible; ClaudeBot/1.0; [email protected])"
216.73.216.93 - - [21/Jul/2025:17:12:32 +0000] "GET /special/1553914168.phtml HTTP/1.1" 404 13248 "-" "Mozilla/5.0 AppleWebKit/537.36 (KHTML, like Gecko; compatible; ClaudeBot/1.0; [email protected])"
216.73.216.93 - - [21/Jul/2025:17:12:35 +0000] "GET /special/1553541942.phtml HTTP/1.1" 404 13248 "-" "Mozilla/5.0 AppleWebKit/537.36 (KHTML, like Gecko; compatible; ClaudeBot/1.0; [email protected])"
216.73.216.93 - - [21/Jul/2025:17:12:38 +0000] "GET /special/1553317806.phtml HTTP/1.1" 404 13248 "-" "Mozilla/5.0 AppleWebKit/537.36 (KHTML, like Gecko; compatible; ClaudeBot/1.0; [email protected])"
216.73.216.93 - - [21/Jul/2025:17:12:41 +0000] "GET /special/1553470708.phtml HTTP/1.1" 404 13248 "-" "Mozilla/5.0 AppleWebKit/537.36 (KHTML, like Gecko; compatible; ClaudeBot/1.0; [email protected])"
216.73.216.93 - - [21/Jul/2025:17:12:44 +0000] "GET /special/1553692404.phtml HTTP/1.1" 404 13248 "-" "Mozilla/5.0 AppleWebKit/537.36 (KHTML, like Gecko; compatible; ClaudeBot/1.0; [email protected])"
216.73.216.93 - - [21/Jul/2025:17:12:47 +0000] "GET /special/1553696222.phtml HTTP/1.1" 404 13248 "-" "Mozilla/5.0 AppleWebKit/537.36 (KHTML, like Gecko; compatible; ClaudeBot/1.0; [email protected])"
216.73.216.93 - - [21/Jul/2025:17:12:50 +0000] "GET /special/1553434046.phtml HTTP/1.1" 404 13248 "-" "Mozilla/5.0 AppleWebKit/537.36 (KHTML, like Gecko; compatible; ClaudeBot/1.0; [email protected])"
216.73.216.93 - - [21/Jul/2025:17:12:55 +0000] "GET /special/1553363354.phtml HTTP/1.1" 404 13248 "-" "Mozilla/5.0 AppleWebKit/537.36 (KHTML, like Gecko; compatible; ClaudeBot/1.0; [email protected])"
216.73.216.93 - - [21/Jul/2025:17:12:58 +0000] "GET /special/1553198874.phtml HTTP/1.1" 404 13248 "-" "Mozilla/5.0 AppleWebKit/537.36 (KHTML, like Gecko; compatible; ClaudeBot/1.0; [email protected])"
216.73.216.93 - - [21/Jul/2025:17:13:01 +0000] "GET /special/1553734134.phtml HTTP/1.1" 404 13248 "-" "Mozilla/5.0 AppleWebKit/537.36 (KHTML, like Gecko; compatible; ClaudeBot/1.0; [email protected])"
216.73.216.93 - - [21/Jul/2025:17:13:04 +0000] "GET /special/1553499542.phtml HTTP/1.1" 404 13248 "-" "Mozilla/5.0 AppleWebKit/537.36 (KHTML, like Gecko; compatible; ClaudeBot/1.0; [email protected])"
216.73.216.93 - - [21/Jul/2025:17:13:07 +0000] "GET /special/1553582422.phtml HTTP/1.1" 404 13248 "-" "Mozilla/5.0 AppleWebKit/537.36 (KHTML, like Gecko; compatible; ClaudeBot/1.0; [email protected])"
216.73.216.93 - - [21/Jul/2025:17:13:10 +0000] "GET /special/1553373298.phtml HTTP/1.1" 404 13248 "-" "Mozilla/5.0 AppleWebKit/537.36 (KHTML, like Gecko; compatible; ClaudeBot/1.0; [email protected])"
216.73.216.93 - - [21/Jul/2025:17:13:13 +0000] "GET /special/1553895338.phtml HTTP/1.1" 404 13248 "-" "Mozilla/5.0 AppleWebKit/537.36 (KHTML, like Gecko; compatible; ClaudeBot/1.0; [email protected])"
216.73.216.93 - - [21/Jul/2025:17:13:16 +0000] "GET /special/1553352962.phtml HTTP/1.1" 404 13248 "-" "Mozilla/5.0 AppleWebKit/537.36 (KHTML, like Gecko; compatible; ClaudeBot/1.0; [email protected])"
216.73.216.93 - - [21/Jul/2025:17:13:19 +0000] "GET /special/1553265944.phtml HTTP/1.1" 404 13248 "-" "Mozilla/5.0 AppleWebKit/537.36 (KHTML, like Gecko; compatible; ClaudeBot/1.0; [email protected])"
216.73.216.93 - - [21/Jul/2025:17:13:22 +0000] "GET /special/1553867370.phtml HTTP/1.1" 404 13248 "-" "Mozilla/5.0 AppleWebKit/537.36 (KHTML, like Gecko; compatible; ClaudeBot/1.0; [email protected])"
216.73.216.93 - - [21/Jul/2025:17:13:25 +0000] "GET /special/1553651540.phtml HTTP/1.1" 404 13248 "-" "Mozilla/5.0 AppleWebKit/537.36 (KHTML, like Gecko; compatible; ClaudeBot/1.0; [email protected])"
216.73.216.93 - - [21/Jul/2025:17:13:28 +0000] "GET /special/1553438470.phtml HTTP/1.1" 404 13248 "-" "Mozilla/5.0 AppleWebKit/537.36 (KHTML, like Gecko; compatible; ClaudeBot/1.0; [email protected])"
216.73.216.93 - - [21/Jul/2025:17:13:31 +0000] "GET /special/1553388694.phtml HTTP/1.1" 404 13248 "-" "Mozilla/5.0 AppleWebKit/537.36 (KHTML, like Gecko; compatible; ClaudeBot/1.0; [email protected])"
216.73.216.93 - - [21/Jul/2025:17:13:34 +0000] "GET /special/1553928442.phtml HTTP/1.1" 404 13248 "-" "Mozilla/5.0 AppleWebKit/537.36 (KHTML, like Gecko; compatible; ClaudeBot/1.0; [email protected])"
216.73.216.93 - - [21/Jul/2025:17:13:37 +0000] "GET /special/1553346964.phtml HTTP/1.1" 404 13248 "-" "Mozilla/5.0 AppleWebKit/537.36 (KHTML, like Gecko; compatible; ClaudeBot/1.0; [email protected])"
216.73.216.93 - - [21/Jul/2025:17:13:40 +0000] "GET /special/1553797258.phtml HTTP/1.1" 404 13248 "-" "Mozilla/5.0 AppleWebKit/537.36 (KHTML, like Gecko; compatible; ClaudeBot/1.0; [email protected])"
216.73.216.93 - - [21/Jul/2025:17:13:43 +0000] "GET /special/1553859866.phtml HTTP/1.1" 404 13248 "-" "Mozilla/5.0 AppleWebKit/537.36 (KHTML, like Gecko; compatible; ClaudeBot/1.0; [email protected])"
216.73.216.93 - - [21/Jul/2025:17:13:46 +0000] "GET /special/1553215328.phtml HTTP/1.1" 404 13248 "-" "Mozilla/5.0 AppleWebKit/537.36 (KHTML, like Gecko; compatible; ClaudeBot/1.0; [email protected])"
216.73.216.93 - - [21/Jul/2025:17:13:49 +0000] "GET /special/1553481706.phtml HTTP/1.1" 404 13248 "-" "Mozilla/5.0 AppleWebKit/537.36 (KHTML, like Gecko; compatible; ClaudeBot/1.0; [email protected])"
216.73.216.93 - - [21/Jul/2025:17:13:52 +0000] "GET /special/1553850980.phtml HTTP/1.1" 404 13248 "-" "Mozilla/5.0 AppleWebKit/537.36 (KHTML, like Gecko; compatible; ClaudeBot/1.0; [email protected])"
20.15.133.162 - - [21/Jul/2025:17:13:54 +0000] "GET /pcmypage?callback=product/review/T3682075347 HTTP/1.1" 200 18501 "-" "Mozilla/5.0 AppleWebKit/537.36 (KHTML, like Gecko; compatible; bingbot/2.0; +http://www.bing.com/bingbot.htm) Chrome/116.0.1938.76 Safari/537.36"
216.73.216.93 - - [21/Jul/2025:17:13:56 +0000] "GET /special/1553329128.phtml HTTP/1.1" 404 13248 "-" "Mozilla/5.0 AppleWebKit/537.36 (KHTML, like Gecko; compatible; ClaudeBot/1.0; [email protected])"
20.15.133.162 - - [21/Jul/2025:17:13:58 +0000] "GET /special/2159018442.phtml HTTP/1.1" 200 22288 "-" "Mozilla/5.0 AppleWebKit/537.36 (KHTML, like Gecko; compatible; bingbot/2.0; +http://www.bing.com/bingbot.htm) Chrome/116.0.1938.76 Safari/537.36"
216.73.216.93 - - [21/Jul/2025:17:13:59 +0000] "GET /special/1553487964.phtml HTTP/1.1" 404 13248 "-" "Mozilla/5.0 AppleWebKit/537.36 (KHTML, like Gecko; compatible; ClaudeBot/1.0; [email protected])"
216.73.216.93 - - [21/Jul/2025:17:14:02 +0000] "GET /special/1553559842.phtml HTTP/1.1" 404 13248 "-" "Mozilla/5.0 AppleWebKit/537.36 (KHTML, like Gecko; compatible; ClaudeBot/1.0; [email protected])"
216.73.216.93 - - [21/Jul/2025:17:14:05 +0000] "GET /special/1553372974.phtml HTTP/1.1" 404 13248 "-" "Mozilla/5.0 AppleWebKit/537.36 (KHTML, like Gecko; compatible; ClaudeBot/1.0; [email protected])"
216.73.216.93 - - [21/Jul/2025:17:14:09 +0000] "GET /special/1553514554.phtml HTTP/1.1" 404 13248 "-" "Mozilla/5.0 AppleWebKit/537.36 (KHTML, like Gecko; compatible; ClaudeBot/1.0; [email protected])"
216.73.216.93 - - [21/Jul/2025:17:14:11 +0000] "GET /special/1553472824.phtml HTTP/1.1" 404 13248 "-" "Mozilla/5.0 AppleWebKit/537.36 (KHTML, like Gecko; compatible; ClaudeBot/1.0; [email protected])"
216.73.216.93 - - [21/Jul/2025:17:14:14 +0000] "GET /special/1553214658.phtml HTTP/1.1" 404 13248 "-" "Mozilla/5.0 AppleWebKit/537.36 (KHTML, like Gecko; compatible; ClaudeBot/1.0; [email protected])"
216.73.216.93 - - [21/Jul/2025:17:14:17 +0000] "GET /special/1553230724.phtml HTTP/1.1" 404 13248 "-" "Mozilla/5.0 AppleWebKit/537.36 (KHTML, like Gecko; compatible; ClaudeBot/1.0; [email protected])"
216.73.216.93 - - [21/Jul/2025:17:14:20 +0000] "GET /special/1553578604.phtml HTTP/1.1" 404 13248 "-" "Mozilla/5.0 AppleWebKit/537.36 (KHTML, like Gecko; compatible; ClaudeBot/1.0; [email protected])"
216.73.216.93 - - [21/Jul/2025:17:14:23 +0000] "GET /special/1553748152.phtml HTTP/1.1" 404 13248 "-" "Mozilla/5.0 AppleWebKit/537.36 (KHTML, like Gecko; compatible; ClaudeBot/1.0; [email protected])"
216.73.216.93 - - [21/Jul/2025:17:14:26 +0000] "GET /special/1553919428.phtml HTTP/1.1" 404 13248 "-" "Mozilla/5.0 AppleWebKit/537.36 (KHTML, like Gecko; compatible; ClaudeBot/1.0; [email protected])"
216.73.216.93 - - [21/Jul/2025:17:14:29 +0000] "GET /special/1553677460.phtml HTTP/1.1" 404 13248 "-" "Mozilla/5.0 AppleWebKit/537.36 (KHTML, like Gecko; compatible; ClaudeBot/1.0; [email protected])"
216.73.216.93 - - [21/Jul/2025:17:14:32 +0000] "GET /special/1553455184.phtml HTTP/1.1" 404 13248 "-" "Mozilla/5.0 AppleWebKit/537.36 (KHTML, like Gecko; compatible; ClaudeBot/1.0; [email protected])"
216.73.216.93 - - [21/Jul/2025:17:14:35 +0000] "GET /special/1553565166.phtml HTTP/1.1" 404 13248 "-" "Mozilla/5.0 AppleWebKit/537.36 (KHTML, like Gecko; compatible; ClaudeBot/1.0; [email protected])"
216.73.216.93 - - [21/Jul/2025:17:14:38 +0000] "GET /special/1553501914.phtml HTTP/1.1" 404 13248 "-" "Mozilla/5.0 AppleWebKit/537.36 (KHTML, like Gecko; compatible; ClaudeBot/1.0; [email protected])"
216.73.216.93 - - [21/Jul/2025:17:14:41 +0000] "GET /special/1553749018.phtml HTTP/1.1" 404 13248 "-" "Mozilla/5.0 AppleWebKit/537.36 (KHTML, like Gecko; compatible; ClaudeBot/1.0; [email protected])"
52.167.144.177 - - [21/Jul/2025:17:14:42 +0000] "GET /special/2238762566.phtml HTTP/1.1" 200 19936 "-" "Mozilla/5.0 AppleWebKit/537.36 (KHTML, like Gecko; compatible; bingbot/2.0; +http://www.bing.com/bingbot.htm) Chrome/116.0.1938.76 Safari/537.36"
216.73.216.93 - - [21/Jul/2025:17:14:44 +0000] "GET /special/1553852426.phtml HTTP/1.1" 404 13248 "-" "Mozilla/5.0 AppleWebKit/537.36 (KHTML, like Gecko; compatible; ClaudeBot/1.0; [email protected])"
216.73.216.93 - - [21/Jul/2025:17:14:47 +0000] "GET /special/1553765472.phtml HTTP/1.1" 404 13248 "-" "Mozilla/5.0 AppleWebKit/537.36 (KHTML, like Gecko; compatible; ClaudeBot/1.0; [email protected])"
216.73.216.93 - - [21/Jul/2025:17:14:50 +0000] "GET /special/1553891716.phtml HTTP/1.1" 404 13248 "-" "Mozilla/5.0 AppleWebKit/537.36 (KHTML, like Gecko; compatible; ClaudeBot/1.0; [email protected])"
216.73.216.93 - - [21/Jul/2025:17:14:54 +0000] "GET /special/1553699848.phtml HTTP/1.1" 404 13248 "-" "Mozilla/5.0 AppleWebKit/537.36 (KHTML, like Gecko; compatible; ClaudeBot/1.0; [email protected])"
216.73.216.93 - - [21/Jul/2025:17:14:56 +0000] "GET /special/1553731762.phtml HTTP/1.1" 404 13248 "-" "Mozilla/5.0 AppleWebKit/537.36 (KHTML, like Gecko; compatible; ClaudeBot/1.0; [email protected])"
216.73.216.93 - - [21/Jul/2025:17:14:59 +0000] "GET /special/1553425032.phtml HTTP/1.1" 404 13248 "-" "Mozilla/5.0 AppleWebKit/537.36 (KHTML, like Gecko; compatible; ClaudeBot/1.0; [email protected])"
52.167.144.171 - - [21/Jul/2025:17:15:02 +0000] "GET /special/1771440018.phtml HTTP/1.1" 200 20967 "-" "Mozilla/5.0 AppleWebKit/537.36 (KHTML, like Gecko; compatible; bingbot/2.0; +http://www.bing.com/bingbot.htm) Chrome/116.0.1938.76 Safari/537.36"
216.73.216.93 - - [21/Jul/2025:17:15:03 +0000] "GET /special/1553521930.phtml HTTP/1.1" 404 13248 "-" "Mozilla/5.0 AppleWebKit/537.36 (KHTML, like Gecko; compatible; ClaudeBot/1.0; [email protected])"
20.15.133.162 - - [21/Jul/2025:17:15:04 +0000] "GET /special/1614446744.phtml HTTP/1.1" 200 18504 "-" "Mozilla/5.0 AppleWebKit/537.36 (KHTML, like Gecko; compatible; bingbot/2.0; +http://www.bing.com/bingbot.htm) Chrome/116.0.1938.76 Safari/537.36"
216.73.216.93 - - [21/Jul/2025:17:15:06 +0000] "GET /special/1553787728.phtml HTTP/1.1" 404 13248 "-" "Mozilla/5.0 AppleWebKit/537.36 (KHTML, like Gecko; compatible; ClaudeBot/1.0; [email protected])"
216.73.216.93 - - [21/Jul/2025:17:15:09 +0000] "GET /special/1553606896.phtml HTTP/1.1" 404 13248 "-" "Mozilla/5.0 AppleWebKit/537.36 (KHTML, like Gecko; compatible; ClaudeBot/1.0; [email protected])"
216.73.216.93 - - [21/Jul/2025:17:15:12 +0000] "GET /special/1553379164.phtml HTTP/1.1" 404 13248 "-" "Mozilla/5.0 AppleWebKit/537.36 (KHTML, like Gecko; compatible; ClaudeBot/1.0; [email protected])"
216.73.216.93 - - [21/Jul/2025:17:15:15 +0000] "GET /special/1553743950.phtml HTTP/1.1" 404 13248 "-" "Mozilla/5.0 AppleWebKit/537.36 (KHTML, like Gecko; compatible; ClaudeBot/1.0; [email protected])"
216.73.216.93 - - [21/Jul/2025:17:15:18 +0000] "GET /special/1553349336.phtml HTTP/1.1" 404 13248 "-" "Mozilla/5.0 AppleWebKit/537.36 (KHTML, like Gecko; compatible; ClaudeBot/1.0; [email protected])"
216.73.216.93 - - [21/Jul/2025:17:15:21 +0000] "GET /special/1553714792.phtml HTTP/1.1" 404 13248 "-" "Mozilla/5.0 AppleWebKit/537.36 (KHTML, like Gecko; compatible; ClaudeBot/1.0; [email protected])"
216.73.216.93 - - [21/Jul/2025:17:15:24 +0000] "GET /special/1553920678.phtml HTTP/1.1" 404 13248 "-" "Mozilla/5.0 AppleWebKit/537.36 (KHTML, like Gecko; compatible; ClaudeBot/1.0; [email protected])"
216.73.216.93 - - [21/Jul/2025:17:15:27 +0000] "GET /special/1553219726.phtml HTTP/1.1" 404 13248 "-" "Mozilla/5.0 AppleWebKit/537.36 (KHTML, like Gecko; compatible; ClaudeBot/1.0; [email protected])"
216.73.216.93 - - [21/Jul/2025:17:15:30 +0000] "GET /special/1553586044.phtml HTTP/1.1" 404 13248 "-" "Mozilla/5.0 AppleWebKit/537.36 (KHTML, like Gecko; compatible; ClaudeBot/1.0; [email protected])"
216.73.216.93 - - [21/Jul/2025:17:15:33 +0000] "GET /special/1553848608.phtml HTTP/1.1" 404 13248 "-" "Mozilla/5.0 AppleWebKit/537.36 (KHTML, like Gecko; compatible; ClaudeBot/1.0; [email protected])"
216.73.216.93 - - [21/Jul/2025:17:15:36 +0000] "GET /special/1553771338.phtml HTTP/1.1" 404 13248 "-" "Mozilla/5.0 AppleWebKit/537.36 (KHTML, like Gecko; compatible; ClaudeBot/1.0; [email protected])"
216.73.216.93 - - [21/Jul/2025:17:15:39 +0000] "GET /special/1553335062.phtml HTTP/1.1" 404 13248 "-" "Mozilla/5.0 AppleWebKit/537.36 (KHTML, like Gecko; compatible; ClaudeBot/1.0; [email protected])"
216.73.216.93 - - [21/Jul/2025:17:15:42 +0000] "GET /special/1553322618.phtml HTTP/1.1" 404 13248 "-" "Mozilla/5.0 AppleWebKit/537.36 (KHTML, like Gecko; compatible; ClaudeBot/1.0; [email protected])"
20.15.133.162 - - [21/Jul/2025:17:15:44 +0000] "GET /special/2664813354.phtml HTTP/1.1" 200 22234 "-" "Mozilla/5.0 AppleWebKit/537.36 (KHTML, like Gecko; compatible; bingbot/2.0; +http://www.bing.com/bingbot.htm) Chrome/116.0.1938.76 Safari/537.36"
216.73.216.93 - - [21/Jul/2025:17:15:45 +0000] "GET /special/1553558332.phtml HTTP/1.1" 404 13248 "-" "Mozilla/5.0 AppleWebKit/537.36 (KHTML, like Gecko; compatible; ClaudeBot/1.0; [email protected])"
216.73.216.93 - - [21/Jul/2025:17:15:48 +0000] "GET /special/1553273448.phtml HTTP/1.1" 404 13248 "-" "Mozilla/5.0 AppleWebKit/537.36 (KHTML, like Gecko; compatible; ClaudeBot/1.0; [email protected])"
216.73.216.93 - - [21/Jul/2025:17:15:51 +0000] "GET /special/1553583672.phtml HTTP/1.1" 404 13248 "-" "Mozilla/5.0 AppleWebKit/537.36 (KHTML, like Gecko; compatible; ClaudeBot/1.0; [email protected])"
157.55.39.200 - - [21/Jul/2025:17:15:52 +0000] "GET /special/777113832.phtml HTTP/1.1" 200 19732 "-" "Mozilla/5.0 AppleWebKit/537.36 (KHTML, like Gecko; compatible; bingbot/2.0; +http://www.bing.com/bingbot.htm) Chrome/116.0.1938.76 Safari/537.36"
216.73.216.93 - - [21/Jul/2025:17:15:54 +0000] "GET /special/1553814642.phtml HTTP/1.1" 404 13248 "-" "Mozilla/5.0 AppleWebKit/537.36 (KHTML, like Gecko; compatible; ClaudeBot/1.0; [email protected])"
216.73.216.93 - - [21/Jul/2025:17:15:57 +0000] "GET /special/1553224214.phtml HTTP/1.1" 404 13248 "-" "Mozilla/5.0 AppleWebKit/537.36 (KHTML, like Gecko; compatible; ClaudeBot/1.0; [email protected])"
216.73.216.93 - - [21/Jul/2025:17:16:00 +0000] "GET /special/1553581556.phtml HTTP/1.1" 404 13248 "-" "Mozilla/5.0 AppleWebKit/537.36 (KHTML, like Gecko; compatible; ClaudeBot/1.0; [email protected])"
216.73.216.93 - - [21/Jul/2025:17:16:03 +0000] "GET /special/1553524882.phtml HTTP/1.1" 404 13248 "-" "Mozilla/5.0 AppleWebKit/537.36 (KHTML, like Gecko; compatible; ClaudeBot/1.0; [email protected])"
216.73.216.93 - - [21/Jul/2025:17:16:06 +0000] "GET /special/1553213148.phtml HTTP/1.1" 404 13248 "-" "Mozilla/5.0 AppleWebKit/537.36 (KHTML, like Gecko; compatible; ClaudeBot/1.0; [email protected])"
216.73.216.93 - - [21/Jul/2025:17:16:09 +0000] "GET /special/1553549642.phtml HTTP/1.1" 404 13248 "-" "Mozilla/5.0 AppleWebKit/537.36 (KHTML, like Gecko; compatible; ClaudeBot/1.0; [email protected])"
216.73.216.93 - - [21/Jul/2025:17:16:12 +0000] "GET /special/1553713798.phtml HTTP/1.1" 404 13248 "-" "Mozilla/5.0 AppleWebKit/537.36 (KHTML, like Gecko; compatible; ClaudeBot/1.0; [email protected])"
216.73.216.93 - - [21/Jul/2025:17:16:15 +0000] "GET /special/1553750524.phtml HTTP/1.1" 404 13248 "-" "Mozilla/5.0 AppleWebKit/537.36 (KHTML, like Gecko; compatible; ClaudeBot/1.0; [email protected])"
209.74.77.214 - - [21/Jul/2025:17:16:18 +0000] "POST /wp-cron.php?doing_wp_cron=1753118178.5124840736389160156250 HTTP/1.1" 200 - "-" "WordPress/6.8.2; https://time2cut.com"
216.73.216.93 - - [21/Jul/2025:17:16:18 +0000] "GET /special/1553369352.phtml HTTP/1.1" 404 13248 "-" "Mozilla/5.0 AppleWebKit/537.36 (KHTML, like Gecko; compatible; ClaudeBot/1.0; [email protected])"
216.73.216.93 - - [21/Jul/2025:17:16:21 +0000] "GET /special/1553345518.phtml HTTP/1.1" 404 13248 "-" "Mozilla/5.0 AppleWebKit/537.36 (KHTML, like Gecko; compatible; ClaudeBot/1.0; [email protected])"
216.73.216.93 - - [21/Jul/2025:17:16:24 +0000] "GET /special/1553591372.phtml HTTP/1.1" 404 13248 "-" "Mozilla/5.0 AppleWebKit/537.36 (KHTML, like Gecko; compatible; ClaudeBot/1.0; [email protected])"
216.73.216.93 - - [21/Jul/2025:17:16:27 +0000] "GET /special/1553707288.phtml HTTP/1.1" 404 13248 "-" "Mozilla/5.0 AppleWebKit/537.36 (KHTML, like Gecko; compatible; ClaudeBot/1.0; [email protected])"
216.73.216.93 - - [21/Jul/2025:17:16:30 +0000] "GET /special/1553710304.phtml HTTP/1.1" 404 13248 "-" "Mozilla/5.0 AppleWebKit/537.36 (KHTML, like Gecko; compatible; ClaudeBot/1.0; [email protected])"
216.73.216.93 - - [21/Jul/2025:17:16:33 +0000] "GET /special/1553847422.phtml HTTP/1.1" 404 13248 "-" "Mozilla/5.0 AppleWebKit/537.36 (KHTML, like Gecko; compatible; ClaudeBot/1.0; [email protected])"
216.73.216.93 - - [21/Jul/2025:17:16:36 +0000] "GET /special/1553447484.phtml HTTP/1.1" 404 13248 "-" "Mozilla/5.0 AppleWebKit/537.36 (KHTML, like Gecko; compatible; ClaudeBot/1.0; [email protected])"
216.73.216.93 - - [21/Jul/2025:17:16:39 +0000] "GET /special/1553400016.phtml HTTP/1.1" 404 13248 "-" "Mozilla/5.0 AppleWebKit/537.36 (KHTML, like Gecko; compatible; ClaudeBot/1.0; [email protected])"
216.73.216.93 - - [21/Jul/2025:17:16:42 +0000] "GET /special/1553799630.phtml HTTP/1.1" 404 13248 "-" "Mozilla/5.0 AppleWebKit/537.36 (KHTML, like Gecko; compatible; ClaudeBot/1.0; [email protected])"
52.167.144.171 - - [21/Jul/2025:17:16:43 +0000] "GET /special/1613330390.phtml HTTP/1.1" 200 18217 "-" "Mozilla/5.0 AppleWebKit/537.36 (KHTML, like Gecko; compatible; bingbot/2.0; +http://www.bing.com/bingbot.htm) Chrome/116.0.1938.76 Safari/537.36"
216.73.216.93 - - [21/Jul/2025:17:16:45 +0000] "GET /special/1553568660.phtml HTTP/1.1" 404 13248 "-" "Mozilla/5.0 AppleWebKit/537.36 (KHTML, like Gecko; compatible; ClaudeBot/1.0; [email protected])"
52.167.144.171 - - [21/Jul/2025:17:16:45 +0000] "GET /special/2238246106.phtml HTTP/1.1" 200 20377 "-" "Mozilla/5.0 AppleWebKit/537.36 (KHTML, like Gecko; compatible; bingbot/2.0; +http://www.bing.com/bingbot.htm) Chrome/116.0.1938.76 Safari/537.36"
216.73.216.93 - - [21/Jul/2025:17:16:48 +0000] "GET /special/1553340518.phtml HTTP/1.1" 404 13248 "-" "Mozilla/5.0 AppleWebKit/537.36 (KHTML, like Gecko; compatible; ClaudeBot/1.0; [email protected])"
216.73.216.93 - - [21/Jul/2025:17:16:51 +0000] "GET /special/1553318130.phtml HTTP/1.1" 404 13248 "-" "Mozilla/5.0 AppleWebKit/537.36 (KHTML, like Gecko; compatible; ClaudeBot/1.0; [email protected])"
216.73.216.93 - - [21/Jul/2025:17:16:54 +0000] "GET /special/1553165552.phtml HTTP/1.1" 404 13248 "-" "Mozilla/5.0 AppleWebKit/537.36 (KHTML, like Gecko; compatible; ClaudeBot/1.0; [email protected])"
216.73.216.93 - - [21/Jul/2025:17:16:57 +0000] "GET /special/1553835968.phtml HTTP/1.1" 404 13248 "-" "Mozilla/5.0 AppleWebKit/537.36 (KHTML, like Gecko; compatible; ClaudeBot/1.0; [email protected])"
216.73.216.93 - - [21/Jul/2025:17:17:00 +0000] "GET /special/1553433466.phtml HTTP/1.1" 404 13248 "-" "Mozilla/5.0 AppleWebKit/537.36 (KHTML, like Gecko; compatible; ClaudeBot/1.0; [email protected])"
216.73.216.93 - - [21/Jul/2025:17:17:03 +0000] "GET /special/1553525876.phtml HTTP/1.1" 404 13248 "-" "Mozilla/5.0 AppleWebKit/537.36 (KHTML, like Gecko; compatible; ClaudeBot/1.0; [email protected])"
216.73.216.93 - - [21/Jul/2025:17:17:06 +0000] "GET /special/1553260876.phtml HTTP/1.1" 404 13248 "-" "Mozilla/5.0 AppleWebKit/537.36 (KHTML, like Gecko; compatible; ClaudeBot/1.0; [email protected])"
216.73.216.93 - - [21/Jul/2025:17:17:09 +0000] "GET /special/1553923050.phtml HTTP/1.1" 404 13248 "-" "Mozilla/5.0 AppleWebKit/537.36 (KHTML, like Gecko; compatible; ClaudeBot/1.0; [email protected])"
216.73.216.93 - - [21/Jul/2025:17:17:12 +0000] "GET /special/1553329196.phtml HTTP/1.1" 404 13248 "-" "Mozilla/5.0 AppleWebKit/537.36 (KHTML, like Gecko; compatible; ClaudeBot/1.0; [email protected])"
20.15.133.162 - - [21/Jul/2025:17:17:13 +0000] "GET /special/1001805524.phtml HTTP/1.1" 200 18458 "-" "Mozilla/5.0 AppleWebKit/537.36 (KHTML, like Gecko; compatible; bingbot/2.0; +http://www.bing.com/bingbot.htm) Chrome/116.0.1938.76 Safari/537.36"
216.73.216.93 - - [21/Jul/2025:17:17:15 +0000] "GET /special/1553195380.phtml HTTP/1.1" 404 13248 "-" "Mozilla/5.0 AppleWebKit/537.36 (KHTML, like Gecko; compatible; ClaudeBot/1.0; [email protected])"
216.73.216.93 - - [21/Jul/2025:17:17:18 +0000] "GET /special/1553467756.phtml HTTP/1.1" 404 13248 "-" "Mozilla/5.0 AppleWebKit/537.36 (KHTML, like Gecko; compatible; ClaudeBot/1.0; [email protected])"
216.73.216.93 - - [21/Jul/2025:17:17:21 +0000] "GET /special/1553339524.phtml HTTP/1.1" 404 13248 "-" "Mozilla/5.0 AppleWebKit/537.36 (KHTML, like Gecko; compatible; ClaudeBot/1.0; [email protected])"
216.73.216.93 - - [21/Jul/2025:17:17:24 +0000] "GET /special/1553585050.phtml HTTP/1.1" 404 13248 "-" "Mozilla/5.0 AppleWebKit/537.36 (KHTML, like Gecko; compatible; ClaudeBot/1.0; [email protected])"
216.73.216.93 - - [21/Jul/2025:17:17:27 +0000] "GET /special/1553400686.phtml HTTP/1.1" 404 13248 "-" "Mozilla/5.0 AppleWebKit/537.36 (KHTML, like Gecko; compatible; ClaudeBot/1.0; [email protected])"
216.73.216.93 - - [21/Jul/2025:17:17:30 +0000] "GET /special/1553834526.phtml HTTP/1.1" 404 13248 "-" "Mozilla/5.0 AppleWebKit/537.36 (KHTML, like Gecko; compatible; ClaudeBot/1.0; [email protected])"
216.73.216.93 - - [21/Jul/2025:17:17:33 +0000] "GET /special/1553737760.phtml HTTP/1.1" 404 13248 "-" "Mozilla/5.0 AppleWebKit/537.36 (KHTML, like Gecko; compatible; ClaudeBot/1.0; [email protected])"
216.73.216.93 - - [21/Jul/2025:17:17:36 +0000] "GET /special/1553495724.phtml HTTP/1.1" 404 13248 "-" "Mozilla/5.0 AppleWebKit/537.36 (KHTML, like Gecko; compatible; ClaudeBot/1.0; [email protected])"
216.73.216.93 - - [21/Jul/2025:17:17:39 +0000] "GET /special/1553820508.phtml HTTP/1.1" 404 13248 "-" "Mozilla/5.0 AppleWebKit/537.36 (KHTML, like Gecko; compatible; ClaudeBot/1.0; [email protected])"
216.73.216.93 - - [21/Jul/2025:17:17:42 +0000] "GET /special/1553736250.phtml HTTP/1.1" 404 13248 "-" "Mozilla/5.0 AppleWebKit/537.36 (KHTML, like Gecko; compatible; ClaudeBot/1.0; [email protected])"
216.73.216.93 - - [21/Jul/2025:17:17:45 +0000] "GET /special/1553836036.phtml HTTP/1.1" 404 13248 "-" "Mozilla/5.0 AppleWebKit/537.36 (KHTML, like Gecko; compatible; ClaudeBot/1.0; [email protected])"
216.73.216.93 - - [21/Jul/2025:17:17:48 +0000] "GET /special/1553498164.phtml HTTP/1.1" 404 13248 "-" "Mozilla/5.0 AppleWebKit/537.36 (KHTML, like Gecko; compatible; ClaudeBot/1.0; [email protected])"
216.73.216.93 - - [21/Jul/2025:17:17:55 +0000] "GET /special/2593990568.phtml HTTP/1.1" 404 13248 "-" "Mozilla/5.0 AppleWebKit/537.36 (KHTML, like Gecko; compatible; ClaudeBot/1.0; [email protected])"
216.73.216.93 - - [21/Jul/2025:17:17:58 +0000] "GET /special/2593745904.phtml HTTP/1.1" 404 13248 "-" "Mozilla/5.0 AppleWebKit/537.36 (KHTML, like Gecko; compatible; ClaudeBot/1.0; [email protected])"
216.73.216.93 - - [21/Jul/2025:17:18:01 +0000] "GET /special/2593459578.phtml HTTP/1.1" 404 13248 "-" "Mozilla/5.0 AppleWebKit/537.36 (KHTML, like Gecko; compatible; ClaudeBot/1.0; [email protected])"
157.55.39.200 - - [21/Jul/2025:17:18:03 +0000] "GET /special/777513446.phtml HTTP/1.1" 200 19478 "-" "Mozilla/5.0 AppleWebKit/537.36 (KHTML, like Gecko; compatible; bingbot/2.0; +http://www.bing.com/bingbot.htm) Chrome/116.0.1938.76 Safari/537.36"
216.73.216.93 - - [21/Jul/2025:17:18:04 +0000] "GET /special/2593468204.phtml HTTP/1.1" 404 13248 "-" "Mozilla/5.0 AppleWebKit/537.36 (KHTML, like Gecko; compatible; ClaudeBot/1.0; [email protected])"
216.73.216.93 - - [21/Jul/2025:17:18:07 +0000] "GET /special/2593408834.phtml HTTP/1.1" 404 13248 "-" "Mozilla/5.0 AppleWebKit/537.36 (KHTML, like Gecko; compatible; ClaudeBot/1.0; [email protected])"
216.73.216.93 - - [21/Jul/2025:17:18:10 +0000] "GET /special/2593751232.phtml HTTP/1.1" 404 13248 "-" "Mozilla/5.0 AppleWebKit/537.36 (KHTML, like Gecko; compatible; ClaudeBot/1.0; [email protected])"
216.73.216.93 - - [21/Jul/2025:17:18:13 +0000] "GET /special/2594078840.phtml HTTP/1.1" 404 13248 "-" "Mozilla/5.0 AppleWebKit/537.36 (KHTML, like Gecko; compatible; ClaudeBot/1.0; [email protected])"
216.73.216.93 - - [21/Jul/2025:17:18:16 +0000] "GET /special/1553155028.phtml HTTP/1.1" 404 13248 "-" "Mozilla/5.0 AppleWebKit/537.36 (KHTML, like Gecko; compatible; ClaudeBot/1.0; [email protected])"
216.73.216.93 - - [21/Jul/2025:17:18:19 +0000] "GET /special/2593753348.phtml HTTP/1.1" 404 13248 "-" "Mozilla/5.0 AppleWebKit/537.36 (KHTML, like Gecko; compatible; ClaudeBot/1.0; [email protected])"
216.73.216.93 - - [21/Jul/2025:17:18:22 +0000] "GET /special/1553204006.phtml HTTP/1.1" 404 13248 "-" "Mozilla/5.0 AppleWebKit/537.36 (KHTML, like Gecko; compatible; ClaudeBot/1.0; [email protected])"
20.15.133.162 - - [21/Jul/2025:17:18:24 +0000] "GET /special/1162169600.phtml HTTP/1.1" 200 19986 "-" "Mozilla/5.0 AppleWebKit/537.36 (KHTML, like Gecko; compatible; bingbot/2.0; +http://www.bing.com/bingbot.htm) Chrome/116.0.1938.76 Safari/537.36"
216.73.216.93 - - [21/Jul/2025:17:18:25 +0000] "GET /special/2593841808.phtml HTTP/1.1" 404 13248 "-" "Mozilla/5.0 AppleWebKit/537.36 (KHTML, like Gecko; compatible; ClaudeBot/1.0; [email protected])"
216.73.216.93 - - [21/Jul/2025:17:18:28 +0000] "GET /special/1242302852.phtml HTTP/1.1" 404 13248 "-" "Mozilla/5.0 AppleWebKit/537.36 (KHTML, like Gecko; compatible; ClaudeBot/1.0; [email protected])"
216.73.216.93 - - [21/Jul/2025:17:18:31 +0000] "GET /special/2593778688.phtml HTTP/1.1" 404 13248 "-" "Mozilla/5.0 AppleWebKit/537.36 (KHTML, like Gecko; compatible; ClaudeBot/1.0; [email protected])"
216.73.216.93 - - [21/Jul/2025:17:18:34 +0000] "GET /special/2593806400.phtml HTTP/1.1" 404 13248 "-" "Mozilla/5.0 AppleWebKit/537.36 (KHTML, like Gecko; compatible; ClaudeBot/1.0; [email protected])"
216.73.216.93 - - [21/Jul/2025:17:18:37 +0000] "GET /special/2593755720.phtml HTTP/1.1" 404 13248 "-" "Mozilla/5.0 AppleWebKit/537.36 (KHTML, like Gecko; compatible; ClaudeBot/1.0; [email protected])"
216.73.216.93 - - [21/Jul/2025:17:18:40 +0000] "GET /special/1553451366.phtml HTTP/1.1" 404 13248 "-" "Mozilla/5.0 AppleWebKit/537.36 (KHTML, like Gecko; compatible; ClaudeBot/1.0; [email protected])"
216.73.216.93 - - [21/Jul/2025:17:18:43 +0000] "GET /special/1553417076.phtml HTTP/1.1" 404 13248 "-" "Mozilla/5.0 AppleWebKit/537.36 (KHTML, like Gecko; compatible; ClaudeBot/1.0; [email protected])"
216.73.216.93 - - [21/Jul/2025:17:18:54 +0000] "GET /special/1553830708.phtml HTTP/1.1" 404 13248 "-" "Mozilla/5.0 AppleWebKit/537.36 (KHTML, like Gecko; compatible; ClaudeBot/1.0; [email protected])"
216.73.216.93 - - [21/Jul/2025:17:18:57 +0000] "GET /special/1553863748.phtml HTTP/1.1" 404 13248 "-" "Mozilla/5.0 AppleWebKit/537.36 (KHTML, like Gecko; compatible; ClaudeBot/1.0; [email protected])"
216.73.216.93 - - [21/Jul/2025:17:19:00 +0000] "GET /special/1553421538.phtml HTTP/1.1" 404 13248 "-" "Mozilla/5.0 AppleWebKit/537.36 (KHTML, like Gecko; compatible; ClaudeBot/1.0; [email protected])"
216.73.216.93 - - [21/Jul/2025:17:19:03 +0000] "GET /special/1553509162.phtml HTTP/1.1" 404 13248 "-" "Mozilla/5.0 AppleWebKit/537.36 (KHTML, like Gecko; compatible; ClaudeBot/1.0; [email protected])"
216.73.216.93 - - [21/Jul/2025:17:19:06 +0000] "GET /special/1553437928.phtml HTTP/1.1" 404 13248 "-" "Mozilla/5.0 AppleWebKit/537.36 (KHTML, like Gecko; compatible; ClaudeBot/1.0; [email protected])"
216.73.216.93 - - [21/Jul/2025:17:19:09 +0000] "GET /special/1553878948.phtml HTTP/1.1" 404 13248 "-" "Mozilla/5.0 AppleWebKit/537.36 (KHTML, like Gecko; compatible; ClaudeBot/1.0; [email protected])"
216.73.216.93 - - [21/Jul/2025:17:19:12 +0000] "GET /special/1553797928.phtml HTTP/1.1" 404 13248 "-" "Mozilla/5.0 AppleWebKit/537.36 (KHTML, like Gecko; compatible; ClaudeBot/1.0; [email protected])"
20.15.133.162 - - [21/Jul/2025:17:19:15 +0000] "GET /special/1252333966.phtml HTTP/1.1" 200 19382 "-" "Mozilla/5.0 AppleWebKit/537.36 (KHTML, like Gecko; compatible; bingbot/2.0; +http://www.bing.com/bingbot.htm) Chrome/116.0.1938.76 Safari/537.36"
216.73.216.93 - - [21/Jul/2025:17:19:15 +0000] "GET /special/1553681948.phtml HTTP/1.1" 404 13248 "-" "Mozilla/5.0 AppleWebKit/537.36 (KHTML, like Gecko; compatible; ClaudeBot/1.0; [email protected])"
216.73.216.93 - - [21/Jul/2025:17:19:18 +0000] "GET /special/1553372304.phtml HTTP/1.1" 404 13248 "-" "Mozilla/5.0 AppleWebKit/537.36 (KHTML, like Gecko; compatible; ClaudeBot/1.0; [email protected])"
216.73.216.93 - - [21/Jul/2025:17:19:21 +0000] "GET /special/1553371724.phtml HTTP/1.1" 404 13248 "-" "Mozilla/5.0 AppleWebKit/537.36 (KHTML, like Gecko; compatible; ClaudeBot/1.0; [email protected])"
216.73.216.93 - - [21/Jul/2025:17:19:24 +0000] "GET /special/1553420028.phtml HTTP/1.1" 404 13248 "-" "Mozilla/5.0 AppleWebKit/537.36 (KHTML, like Gecko; compatible; ClaudeBot/1.0; [email protected])"
216.73.216.93 - - [21/Jul/2025:17:19:27 +0000] "GET /special/1553793440.phtml HTTP/1.1" 404 13248 "-" "Mozilla/5.0 AppleWebKit/537.36 (KHTML, like Gecko; compatible; ClaudeBot/1.0; [email protected])"
216.73.216.93 - - [21/Jul/2025:17:19:30 +0000] "GET /special/1553547202.phtml HTTP/1.1" 404 13248 "-" "Mozilla/5.0 AppleWebKit/537.36 (KHTML, like Gecko; compatible; ClaudeBot/1.0; [email protected])"
52.167.144.137 - - [21/Jul/2025:17:19:32 +0000] "GET /special/422506018.phtml HTTP/1.1" 200 18394 "-" "Mozilla/5.0 AppleWebKit/537.36 (KHTML, like Gecko; compatible; bingbot/2.0; +http://www.bing.com/bingbot.htm) Chrome/116.0.1938.76 Safari/537.36"
216.73.216.93 - - [21/Jul/2025:17:19:33 +0000] "GET /special/1553228096.phtml HTTP/1.1" 404 13248 "-" "Mozilla/5.0 AppleWebKit/537.36 (KHTML, like Gecko; compatible; ClaudeBot/1.0; [email protected])"
216.73.216.93 - - [21/Jul/2025:17:19:36 +0000] "GET /special/1553323198.phtml HTTP/1.1" 404 13248 "-" "Mozilla/5.0 AppleWebKit/537.36 (KHTML, like Gecko; compatible; ClaudeBot/1.0; [email protected])"
216.73.216.93 - - [21/Jul/2025:17:19:39 +0000] "GET /special/1553586560.phtml HTTP/1.1" 404 13248 "-" "Mozilla/5.0 AppleWebKit/537.36 (KHTML, like Gecko; compatible; ClaudeBot/1.0; [email protected])"
216.73.216.93 - - [21/Jul/2025:17:19:42 +0000] "GET /special/1553890206.phtml HTTP/1.1" 404 13248 "-" "Mozilla/5.0 AppleWebKit/537.36 (KHTML, like Gecko; compatible; ClaudeBot/1.0; [email protected])"
216.73.216.93 - - [21/Jul/2025:17:20:10 +0000] "GET /special/1553601572.phtml HTTP/1.1" 404 13248 "-" "Mozilla/5.0 AppleWebKit/537.36 (KHTML, like Gecko; compatible; ClaudeBot/1.0; [email protected])"
216.73.216.93 - - [21/Jul/2025:17:20:12 +0000] "GET /special/1553688458.phtml HTTP/1.1" 404 13248 "-" "Mozilla/5.0 AppleWebKit/537.36 (KHTML, like Gecko; compatible; ClaudeBot/1.0; [email protected])"
216.73.216.93 - - [21/Jul/2025:17:20:15 +0000] "GET /special/1553193008.phtml HTTP/1.1" 404 13248 "-" "Mozilla/5.0 AppleWebKit/537.36 (KHTML, like Gecko; compatible; ClaudeBot/1.0; [email protected])"
216.73.216.93 - - [21/Jul/2025:17:20:18 +0000] "GET /special/1553625402.phtml HTTP/1.1" 404 13248 "-" "Mozilla/5.0 AppleWebKit/537.36 (KHTML, like Gecko; compatible; ClaudeBot/1.0; [email protected])"
216.73.216.93 - - [21/Jul/2025:17:20:21 +0000] "GET /special/1553921544.phtml HTTP/1.1" 404 13248 "-" "Mozilla/5.0 AppleWebKit/537.36 (KHTML, like Gecko; compatible; ClaudeBot/1.0; [email protected])"
182.69.181.143 - - [21/Jul/2025:17:20:22 +0000] "GET /contact-us HTTP/1.1" 301 - "-" "Mozilla/5.0 (Windows NT 10.0; Win64; x64) AppleWebKit/537.36 (KHTML, like Gecko) Chrome/114.0.0.0 Safari/537.36 OPR/89.0.4447.51"
182.69.181.143 - - [21/Jul/2025:17:20:23 +0000] "GET /contact-us/ HTTP/1.1" 200 15740 "https://time2cut.com/contact-us" "Mozilla/5.0 (Windows NT 10.0; Win64; x64) AppleWebKit/537.36 (KHTML, like Gecko) Chrome/114.0.0.0 Safari/537.36 OPR/89.0.4447.51"
216.73.216.93 - - [21/Jul/2025:17:20:24 +0000] "GET /special/1553743626.phtml HTTP/1.1" 404 13248 "-" "Mozilla/5.0 AppleWebKit/537.36 (KHTML, like Gecko; compatible; ClaudeBot/1.0; [email protected])"
20.15.133.162 - - [21/Jul/2025:17:20:24 +0000] "GET /special/746365496.phtml HTTP/1.1" 200 19451 "-" "Mozilla/5.0 AppleWebKit/537.36 (KHTML, like Gecko; compatible; bingbot/2.0; +http://www.bing.com/bingbot.htm) Chrome/116.0.1938.76 Safari/537.36"
182.69.181.143 - - [21/Jul/2025:17:20:25 +0000] "GET /services/ HTTP/1.1" 200 19105 "https://time2cut.com/contact-us/" "Mozilla/5.0 (Windows NT 10.0; Win64; x64) AppleWebKit/537.36 (KHTML, like Gecko) Chrome/114.0.0.0 Safari/537.36 OPR/89.0.4447.51"
216.73.216.93 - - [21/Jul/2025:17:20:27 +0000] "GET /special/1553530880.phtml HTTP/1.1" 404 13248 "-" "Mozilla/5.0 AppleWebKit/537.36 (KHTML, like Gecko; compatible; ClaudeBot/1.0; [email protected])"
182.69.181.143 - - [21/Jul/2025:17:20:28 +0000] "GET /?jkit-ajax-request=jkit_elements HTTP/1.1" 200 - "https://time2cut.com/contact-us/" "Mozilla/5.0 (Windows NT 10.0; Win64; x64) AppleWebKit/537.36 (KHTML, like Gecko) Chrome/114.0.0.0 Safari/537.36 OPR/89.0.4447.51"
182.69.181.143 - - [21/Jul/2025:17:20:29 +0000] "GET /quote/ HTTP/1.1" 200 13800 "https://time2cut.com/contact-us/" "Mozilla/5.0 (Windows NT 10.0; Win64; x64) AppleWebKit/537.36 (KHTML, like Gecko) Chrome/114.0.0.0 Safari/537.36 OPR/89.0.4447.51"
216.73.216.93 - - [21/Jul/2025:17:20:30 +0000] "GET /special/1553857426.phtml HTTP/1.1" 404 13248 "-" "Mozilla/5.0 AppleWebKit/537.36 (KHTML, like Gecko; compatible; ClaudeBot/1.0; [email protected])"
182.69.181.143 - - [21/Jul/2025:17:20:33 +0000] "GET /?p=117 HTTP/1.1" 301 - "https://time2cut.com/contact-us/" "Mozilla/5.0 (Windows NT 10.0; Win64; x64) AppleWebKit/537.36 (KHTML, like Gecko) Chrome/114.0.0.0 Safari/537.36 OPR/89.0.4447.51"
216.73.216.93 - - [21/Jul/2025:17:20:33 +0000] "GET /special/1553445368.phtml HTTP/1.1" 404 13248 "-" "Mozilla/5.0 AppleWebKit/537.36 (KHTML, like Gecko; compatible; ClaudeBot/1.0; [email protected])"
182.69.181.143 - - [21/Jul/2025:17:20:34 +0000] "GET /contact-us/ HTTP/1.1" 200 15740 "https://time2cut.com/?p=117" "Mozilla/5.0 (Windows NT 10.0; Win64; x64) AppleWebKit/537.36 (KHTML, like Gecko) Chrome/114.0.0.0 Safari/537.36 OPR/89.0.4447.51"
20.15.133.162 - - [21/Jul/2025:17:20:34 +0000] "GET /special/2545142384.phtml HTTP/1.1" 200 22745 "-" "Mozilla/5.0 AppleWebKit/537.36 (KHTML, like Gecko; compatible; bingbot/2.0; +http://www.bing.com/bingbot.htm) Chrome/116.0.1938.76 Safari/537.36"
182.69.181.143 - - [21/Jul/2025:17:20:35 +0000] "GET / HTTP/1.1" 200 25965 "https://time2cut.com/contact-us/" "Mozilla/5.0 (Windows NT 10.0; Win64; x64) AppleWebKit/537.36 (KHTML, like Gecko) Chrome/114.0.0.0 Safari/537.36 OPR/89.0.4447.51"
216.73.216.93 - - [21/Jul/2025:17:20:36 +0000] "GET /special/1553654492.phtml HTTP/1.1" 404 13248 "-" "Mozilla/5.0 AppleWebKit/537.36 (KHTML, like Gecko; compatible; ClaudeBot/1.0; [email protected])"
182.69.181.143 - - [21/Jul/2025:17:20:39 +0000] "GET /comments/feed/ HTTP/1.1" 200 404 "https://time2cut.com/contact-us/" "Mozilla/5.0 (Windows NT 10.0; Win64; x64) AppleWebKit/537.36 (KHTML, like Gecko) Chrome/114.0.0.0 Safari/537.36 OPR/89.0.4447.51"
216.73.216.93 - - [21/Jul/2025:17:20:39 +0000] "GET /special/1553397064.phtml HTTP/1.1" 404 13248 "-" "Mozilla/5.0 AppleWebKit/537.36 (KHTML, like Gecko; compatible; ClaudeBot/1.0; [email protected])"
182.69.181.143 - - [21/Jul/2025:17:20:41 +0000] "GET /about-us/ HTTP/1.1" 200 18574 "https://time2cut.com/contact-us/" "Mozilla/5.0 (Windows NT 10.0; Win64; x64) AppleWebKit/537.36 (KHTML, like Gecko) Chrome/114.0.0.0 Safari/537.36 OPR/89.0.4447.51"
216.73.216.93 - - [21/Jul/2025:17:20:42 +0000] "GET /special/1553727236.phtml HTTP/1.1" 404 13248 "-" "Mozilla/5.0 AppleWebKit/537.36 (KHTML, like Gecko; compatible; ClaudeBot/1.0; [email protected])"
182.69.181.143 - - [21/Jul/2025:17:20:43 +0000] "GET /contact-us HTTP/1.1" 301 - "https://time2cut.com/contact-us" "Mozilla/5.0 (Windows NT 10.0; Win64; x64) AppleWebKit/537.36 (KHTML, like Gecko) Chrome/114.0.0.0 Safari/537.36 OPR/89.0.4447.51"
182.69.181.143 - - [21/Jul/2025:17:20:44 +0000] "GET /contact-us/ HTTP/1.1" 200 15740 "https://time2cut.com/contact-us" "Mozilla/5.0 (Windows NT 10.0; Win64; x64) AppleWebKit/537.36 (KHTML, like Gecko) Chrome/114.0.0.0 Safari/537.36 OPR/89.0.4447.51"
216.73.216.93 - - [21/Jul/2025:17:20:45 +0000] "GET /special/1553384296.phtml HTTP/1.1" 404 13248 "-" "Mozilla/5.0 AppleWebKit/537.36 (KHTML, like Gecko; compatible; ClaudeBot/1.0; [email protected])"
182.69.181.143 - - [21/Jul/2025:17:20:46 +0000] "GET / HTTP/1.1" 200 25965 "-" "Mozilla/5.0 (Windows NT 10.0; Win64; x64) AppleWebKit/537.36 (KHTML, like Gecko) Chrome/114.0.0.0 Safari/537.36 OPR/89.0.4447.51"
182.69.181.143 - - [21/Jul/2025:17:20:48 +0000] "GET /services/ HTTP/1.1" 200 19105 "https://time2cut.com/" "Mozilla/5.0 (Windows NT 10.0; Win64; x64) AppleWebKit/537.36 (KHTML, like Gecko) Chrome/114.0.0.0 Safari/537.36 OPR/89.0.4447.51"
216.73.216.93 - - [21/Jul/2025:17:20:48 +0000] "GET /special/1553824970.phtml HTTP/1.1" 404 13248 "-" "Mozilla/5.0 AppleWebKit/537.36 (KHTML, like Gecko; compatible; ClaudeBot/1.0; [email protected])"
216.73.216.93 - - [21/Jul/2025:17:20:51 +0000] "GET /special/1553340194.phtml HTTP/1.1" 404 13248 "-" "Mozilla/5.0 AppleWebKit/537.36 (KHTML, like Gecko; compatible; ClaudeBot/1.0; [email protected])"
182.69.181.143 - - [21/Jul/2025:17:20:52 +0000] "GET /?jkit-ajax-request=jkit_elements HTTP/1.1" 200 - "https://time2cut.com/" "Mozilla/5.0 (Windows NT 10.0; Win64; x64) AppleWebKit/537.36 (KHTML, like Gecko) Chrome/114.0.0.0 Safari/537.36 OPR/89.0.4447.51"
182.69.181.143 - - [21/Jul/2025:17:20:53 +0000] "GET /quote/ HTTP/1.1" 200 13800 "https://time2cut.com/" "Mozilla/5.0 (Windows NT 10.0; Win64; x64) AppleWebKit/537.36 (KHTML, like Gecko) Chrome/114.0.0.0 Safari/537.36 OPR/89.0.4447.51"
216.73.216.93 - - [21/Jul/2025:17:20:54 +0000] "GET /special/1553519814.phtml HTTP/1.1" 404 13248 "-" "Mozilla/5.0 AppleWebKit/537.36 (KHTML, like Gecko; compatible; ClaudeBot/1.0; [email protected])"
182.69.181.143 - - [21/Jul/2025:17:20:57 +0000] "GET /comments/feed/ HTTP/1.1" 200 404 "https://time2cut.com/" "Mozilla/5.0 (Windows NT 10.0; Win64; x64) AppleWebKit/537.36 (KHTML, like Gecko) Chrome/114.0.0.0 Safari/537.36 OPR/89.0.4447.51"
216.73.216.93 - - [21/Jul/2025:17:20:58 +0000] "GET /special/1553426026.phtml HTTP/1.1" 404 13248 "-" "Mozilla/5.0 AppleWebKit/537.36 (KHTML, like Gecko; compatible; ClaudeBot/1.0; [email protected])"
182.69.181.143 - - [21/Jul/2025:17:20:58 +0000] "GET / HTTP/1.1" 200 25966 "https://time2cut.com/" "Mozilla/5.0 (Windows NT 10.0; Win64; x64) AppleWebKit/537.36 (KHTML, like Gecko) Chrome/114.0.0.0 Safari/537.36 OPR/89.0.4447.51"
216.73.216.93 - - [21/Jul/2025:17:21:00 +0000] "GET /special/1553882766.phtml HTTP/1.1" 404 13248 "-" "Mozilla/5.0 AppleWebKit/537.36 (KHTML, like Gecko; compatible; ClaudeBot/1.0; [email protected])"
182.69.181.143 - - [21/Jul/2025:17:21:01 +0000] "GET /feed/ HTTP/1.1" 200 513 "https://time2cut.com/" "Mozilla/5.0 (Windows NT 10.0; Win64; x64) AppleWebKit/537.36 (KHTML, like Gecko) Chrome/114.0.0.0 Safari/537.36 OPR/89.0.4447.51"
182.69.181.143 - - [21/Jul/2025:17:21:02 +0000] "GET / HTTP/1.1" 200 25965 "https://time2cut.com/" "Mozilla/5.0 (Windows NT 10.0; Win64; x64) AppleWebKit/537.36 (KHTML, like Gecko) Chrome/114.0.0.0 Safari/537.36 OPR/89.0.4447.51"
157.55.39.200 - - [21/Jul/2025:17:21:04 +0000] "GET /special/726532728.phtml HTTP/1.1" 200 20719 "-" "Mozilla/5.0 AppleWebKit/537.36 (KHTML, like Gecko; compatible; bingbot/2.0; +http://www.bing.com/bingbot.htm) Chrome/116.0.1938.76 Safari/537.36"
216.73.216.93 - - [21/Jul/2025:17:21:06 +0000] "GET /special/1553375926.phtml HTTP/1.1" 404 13248 "-" "Mozilla/5.0 AppleWebKit/537.36 (KHTML, like Gecko; compatible; ClaudeBot/1.0; [email protected])"
216.73.216.93 - - [21/Jul/2025:17:21:08 +0000] "GET /special/1553271076.phtml HTTP/1.1" 404 13248 "-" "Mozilla/5.0 AppleWebKit/537.36 (KHTML, like Gecko; compatible; ClaudeBot/1.0; [email protected])"
182.69.181.143 - - [21/Jul/2025:17:21:09 +0000] "GET /wp-json/ HTTP/1.1" 200 17975 "https://time2cut.com/" "Mozilla/5.0 (Windows NT 10.0; Win64; x64) AppleWebKit/537.36 (KHTML, like Gecko) Chrome/114.0.0.0 Safari/537.36 OPR/89.0.4447.51"
182.69.181.143 - - [21/Jul/2025:17:21:10 +0000] "GET /about-us/ HTTP/1.1" 200 18574 "https://time2cut.com/" "Mozilla/5.0 (Windows NT 10.0; Win64; x64) AppleWebKit/537.36 (KHTML, like Gecko) Chrome/114.0.0.0 Safari/537.36 OPR/89.0.4447.51"
216.73.216.93 - - [21/Jul/2025:17:21:11 +0000] "GET /special/1553483152.phtml HTTP/1.1" 404 13248 "-" "Mozilla/5.0 AppleWebKit/537.36 (KHTML, like Gecko; compatible; ClaudeBot/1.0; [email protected])"
182.69.181.143 - - [21/Jul/2025:17:21:12 +0000] "GET /contact-us HTTP/1.1" 301 - "https://time2cut.com/contact-us" "Mozilla/5.0 (Windows NT 10.0; Win64; x64) AppleWebKit/537.36 (KHTML, like Gecko) Chrome/114.0.0.0 Safari/537.36 OPR/89.0.4447.51"
182.69.181.143 - - [21/Jul/2025:17:21:13 +0000] "GET /contact-us/ HTTP/1.1" 200 15740 "https://time2cut.com/contact-us" "Mozilla/5.0 (Windows NT 10.0; Win64; x64) AppleWebKit/537.36 (KHTML, like Gecko) Chrome/114.0.0.0 Safari/537.36 OPR/89.0.4447.51"
216.73.216.93 - - [21/Jul/2025:17:21:14 +0000] "GET /special/1553732560.phtml HTTP/1.1" 404 13248 "-" "Mozilla/5.0 AppleWebKit/537.36 (KHTML, like Gecko; compatible; ClaudeBot/1.0; [email protected])"
216.73.216.93 - - [21/Jul/2025:17:21:17 +0000] "GET /special/1553892710.phtml HTTP/1.1" 404 13248 "-" "Mozilla/5.0 AppleWebKit/537.36 (KHTML, like Gecko; compatible; ClaudeBot/1.0; [email protected])"
216.73.216.93 - - [21/Jul/2025:17:21:20 +0000] "GET /special/1553530876.phtml HTTP/1.1" 404 13248 "-" "Mozilla/5.0 AppleWebKit/537.36 (KHTML, like Gecko; compatible; ClaudeBot/1.0; [email protected])"
216.73.216.93 - - [21/Jul/2025:17:21:23 +0000] "GET /special/1553466762.phtml HTTP/1.1" 404 13248 "-" "Mozilla/5.0 AppleWebKit/537.36 (KHTML, like Gecko; compatible; ClaudeBot/1.0; [email protected])"
216.73.216.93 - - [21/Jul/2025:17:21:26 +0000] "GET /special/1553617894.phtml HTTP/1.1" 404 13248 "-" "Mozilla/5.0 AppleWebKit/537.36 (KHTML, like Gecko; compatible; ClaudeBot/1.0; [email protected])"
216.73.216.93 - - [21/Jul/2025:17:21:29 +0000] "GET /special/1553923916.phtml HTTP/1.1" 404 13248 "-" "Mozilla/5.0 AppleWebKit/537.36 (KHTML, like Gecko; compatible; ClaudeBot/1.0; [email protected])"
216.73.216.93 - - [21/Jul/2025:17:21:32 +0000] "GET /special/1553323996.phtml HTTP/1.1" 404 13248 "-" "Mozilla/5.0 AppleWebKit/537.36 (KHTML, like Gecko; compatible; ClaudeBot/1.0; [email protected])"
216.73.216.93 - - [21/Jul/2025:17:21:35 +0000] "GET /special/1553469134.phtml HTTP/1.1" 404 13248 "-" "Mozilla/5.0 AppleWebKit/537.36 (KHTML, like Gecko; compatible; ClaudeBot/1.0; [email protected])"
216.73.216.93 - - [21/Jul/2025:17:21:38 +0000] "GET /special/1553312738.phtml HTTP/1.1" 404 13248 "-" "Mozilla/5.0 AppleWebKit/537.36 (KHTML, like Gecko; compatible; ClaudeBot/1.0; [email protected])"
216.73.216.93 - - [21/Jul/2025:17:21:41 +0000] "GET /special/1553907526.phtml HTTP/1.1" 404 13248 "-" "Mozilla/5.0 AppleWebKit/537.36 (KHTML, like Gecko; compatible; ClaudeBot/1.0; [email protected])"
