Current File : /home/kelaby89/access-logs/topflowroofingplumbing.com.au.sixpack.studio
143.198.156.145 - - [21/Jul/2025:12:14:30 +0000] "GET /geju.php HTTP/1.1" 404 11698 "-" "Mozlila/5.0 (Linux; Android 7.0; SM-G892A Build/NRD90M; wv) AppleWebKit/537.36 (KHTML, like Gecko) Version/4.0 Chrome/60.0.3112.107 Mobile Safari/537.36"
143.198.156.145 - - [21/Jul/2025:12:14:31 +0000] "GET /wp-content/plugins/about.php HTTP/1.1" 404 11698 "-" "Mozlila/5.0 (Linux; Android 7.0; SM-G892A Build/NRD90M; wv) AppleWebKit/537.36 (KHTML, like Gecko) Version/4.0 Chrome/60.0.3112.107 Mobile Safari/537.36"
143.198.156.145 - - [21/Jul/2025:12:14:35 +0000] "GET /wp.php HTTP/1.1" 404 11698 "-" "Mozlila/5.0 (Linux; Android 7.0; SM-G892A Build/NRD90M; wv) AppleWebKit/537.36 (KHTML, like Gecko) Version/4.0 Chrome/60.0.3112.107 Mobile Safari/537.36"
66.249.73.100 - - [21/Jul/2025:12:24:15 +0000] "GET /robots.txt HTTP/1.1" 304 - "-" "Mozilla/5.0 (compatible; Googlebot/2.1; +http://www.google.com/bot.html)"
66.249.73.101 - - [21/Jul/2025:12:24:15 +0000] "GET /pcmypage?callback=product/review/webike-rb-20921747 HTTP/1.1" 200 85052 "-" "Mozilla/5.0 (Linux; Android 6.0.1; Nexus 5X Build/MMB29P) AppleWebKit/537.36 (KHTML, like Gecko) Chrome/137.0.7151.103 Mobile Safari/537.36 (compatible; Googlebot/2.1; +http://www.google.com/bot.html)"
45.131.177.75 - - [21/Jul/2025:12:27:06 +0000] "POST /?s=captcha HTTP/1.1" 200 11794 "-" "Mozilla/4.0 (compatible; MSIE 8.0; Windows NT 5.1; Trident/4.0)"
45.131.177.75 - - [21/Jul/2025:12:27:12 +0000] "POST /?s=captcha HTTP/1.1" 200 11794 "-" "python-requests/2.32.3"
45.131.177.75 - - [21/Jul/2025:12:27:19 +0000] "POST /?s=captcha HTTP/1.1" 200 11794 "-" "python-requests/2.32.3"
45.131.177.75 - - [21/Jul/2025:12:27:25 +0000] "POST /?s=captcha HTTP/1.1" 200 11794 "-" "python-requests/2.32.3"
45.131.177.75 - - [21/Jul/2025:12:27:36 +0000] "POST /?s=captcha HTTP/1.1" 200 11794 "-" "python-requests/2.32.3"
66.249.73.100 - - [21/Jul/2025:12:28:04 +0000] "GET /investigation/v11?pid=600 HTTP/1.1" 200 85498 "-" "Mozilla/5.0 (Linux; Android 6.0.1; Nexus 5X Build/MMB29P) AppleWebKit/537.36 (KHTML, like Gecko) Chrome/137.0.7151.103 Mobile Safari/537.36 (compatible; Googlebot/2.1; +http://www.google.com/bot.html)"
66.249.73.100 - - [21/Jul/2025:12:31:21 +0000] "GET /product/edit/webike-rb-20921747 HTTP/1.1" 200 85770 "-" "Mozilla/5.0 (Linux; Android 6.0.1; Nexus 5X Build/MMB29P) AppleWebKit/537.36 (KHTML, like Gecko) Chrome/137.0.7151.103 Mobile Safari/537.36 (compatible; Googlebot/2.1; +http://www.google.com/bot.html)"
209.74.77.214 - - [21/Jul/2025:12:37:17 +0000] "POST /wp-cron.php?doing_wp_cron=1753101437.1998369693756103515625 HTTP/1.1" 403 33 "-" "WordPress/6.8.2; https://topflowroofingplumbing.com.au"
2a06:98c0:3600::103 - - [21/Jul/2025:12:37:16 +0000] "GET /wordpress/wp-admin/setup-config.php HTTP/1.1" 404 11698 "-" "Mozilla/5.0 (Windows NT 10.0; Win64; x64) AppleWebKit/537.36 (KHTML, like Gecko) Chrome/137.0.0.0 Safari/537.36"
2a06:98c0:3600::103 - - [21/Jul/2025:12:40:03 +0000] "GET /wp-admin/setup-config.php HTTP/1.1" 404 11698 "-" "Mozilla/5.0 (Windows NT 10.0; Win64; x64) AppleWebKit/537.36 (KHTML, like Gecko) Chrome/137.0.0.0 Safari/537.36"
209.74.77.214 - - [21/Jul/2025:12:53:55 +0000] "POST /wp-cron.php?doing_wp_cron=1753102435.8249890804290771484375 HTTP/1.1" 403 33 "-" "WordPress/6.8.2; https://topflowroofingplumbing.com.au"
43.153.79.218 - - [21/Jul/2025:12:53:55 +0000] "GET / HTTP/1.1" 301 - "-" "Mozilla/5.0 (iPhone; CPU iPhone OS 13_2_3 like Mac OS X) AppleWebKit/605.1.15 (KHTML, like Gecko) Version/13.0.3 Mobile/15E148 Safari/604.1"
66.249.65.98 - - [21/Jul/2025:13:07:17 +0000] "GET /index.phpshopdetail/330880652 HTTP/1.1" 200 86002 "-" "Mozilla/5.0 (Linux; Android 6.0.1; Nexus 5X Build/MMB29P) AppleWebKit/537.36 (KHTML, like Gecko) Chrome/137.0.7151.103 Mobile Safari/537.36 (compatible; Googlebot/2.1; +http://www.google.com/bot.html)"
66.249.65.97 - - [21/Jul/2025:13:08:34 +0000] "GET /index.phpshopdetail/18408252 HTTP/1.1" 200 86737 "-" "Mozilla/5.0 (Linux; Android 6.0.1; Nexus 5X Build/MMB29P) AppleWebKit/537.36 (KHTML, like Gecko) Chrome/137.0.7151.103 Mobile Safari/537.36 (compatible; Googlebot/2.1; +http://www.google.com/bot.html)"
199.182.234.68 - - [21/Jul/2025:15:27:42 +0000] "GET /wp-includes/ HTTP/1.1" 200 11928 "-" "Mozilla/5.0 (Windows NT 10.0; Win64; x64) AppleWebKit/537.36 (KHTML, like Gecko) Chrome/137.0.0.0 Safari/537.36"
199.182.234.68 - - [21/Jul/2025:15:27:45 +0000] "GET /favicon.ico HTTP/1.1" 200 207 "http://topflowroofingplumbing.com.au/wp-includes/" "Mozilla/5.0 (Windows NT 10.0; Win64; x64) AppleWebKit/537.36 (KHTML, like Gecko) Chrome/137.0.0.0 Safari/537.36"
199.182.234.68 - - [21/Jul/2025:15:29:07 +0000] "GET /admin.php HTTP/1.1" 404 11698 "-" "Mozilla/5.0 (Windows NT 10.0; Win64; x64) AppleWebKit/537.36 (KHTML, like Gecko) Chrome/137.0.0.0 Safari/537.36"
199.182.234.68 - - [21/Jul/2025:15:29:08 +0000] "GET /wp-includes/css/dist/block-library/style.min.css?ver=6.8.2 HTTP/1.1" 200 15315 "http://topflowroofingplumbing.com.au/admin.php" "Mozilla/5.0 (Windows NT 10.0; Win64; x64) AppleWebKit/537.36 (KHTML, like Gecko) Chrome/137.0.0.0 Safari/537.36"
199.182.234.68 - - [21/Jul/2025:15:29:08 +0000] "GET /wp-content/plugins/contact-form-7/includes/css/styles.css?ver=6.1 HTTP/1.1" 200 1031 "http://topflowroofingplumbing.com.au/admin.php" "Mozilla/5.0 (Windows NT 10.0; Win64; x64) AppleWebKit/537.36 (KHTML, like Gecko) Chrome/137.0.0.0 Safari/537.36"
199.182.234.68 - - [21/Jul/2025:15:29:08 +0000] "GET /wp-includes/css/dashicons.min.css?ver=6.8.2 HTTP/1.1" 200 35730 "http://topflowroofingplumbing.com.au/admin.php" "Mozilla/5.0 (Windows NT 10.0; Win64; x64) AppleWebKit/537.36 (KHTML, like Gecko) Chrome/137.0.0.0 Safari/537.36"
199.182.234.68 - - [21/Jul/2025:15:29:08 +0000] "GET /wp-content/themes/homlane/style.css?ver=6.8.2 HTTP/1.1" 200 1121 "http://topflowroofingplumbing.com.au/admin.php" "Mozilla/5.0 (Windows NT 10.0; Win64; x64) AppleWebKit/537.36 (KHTML, like Gecko) Chrome/137.0.0.0 Safari/537.36"
199.182.234.68 - - [21/Jul/2025:15:29:08 +0000] "GET /wp-content/plugins/leadconnector/public/css/lc-public.css?ver=3.0.10.1 HTTP/1.1" 200 106 "http://topflowroofingplumbing.com.au/admin.php" "Mozilla/5.0 (Windows NT 10.0; Win64; x64) AppleWebKit/537.36 (KHTML, like Gecko) Chrome/137.0.0.0 Safari/537.36"
199.182.234.68 - - [21/Jul/2025:15:29:08 +0000] "GET /wp-content/themes/homlane/assets/css/aos.css?ver=6.8.2 HTTP/1.1" 200 2236 "http://topflowroofingplumbing.com.au/admin.php" "Mozilla/5.0 (Windows NT 10.0; Win64; x64) AppleWebKit/537.36 (KHTML, like Gecko) Chrome/137.0.0.0 Safari/537.36"
199.182.234.68 - - [21/Jul/2025:15:29:08 +0000] "GET /wp-content/themes/homlane/assets/css/bootstrap.min.css?ver=6.8.2 HTTP/1.1" 200 22985 "http://topflowroofingplumbing.com.au/admin.php" "Mozilla/5.0 (Windows NT 10.0; Win64; x64) AppleWebKit/537.36 (KHTML, like Gecko) Chrome/137.0.0.0 Safari/537.36"
199.182.234.68 - - [21/Jul/2025:15:29:08 +0000] "GET /wp-content/themes/homlane/assets/css/imp.css?ver=6.8.2 HTTP/1.1" 200 2418 "http://topflowroofingplumbing.com.au/admin.php" "Mozilla/5.0 (Windows NT 10.0; Win64; x64) AppleWebKit/537.36 (KHTML, like Gecko) Chrome/137.0.0.0 Safari/537.36"
199.182.234.68 - - [21/Jul/2025:15:29:08 +0000] "GET /wp-content/themes/homlane/assets/css/custom-animate.css?ver=6.8.2 HTTP/1.1" 200 1619 "http://topflowroofingplumbing.com.au/admin.php" "Mozilla/5.0 (Windows NT 10.0; Win64; x64) AppleWebKit/537.36 (KHTML, like Gecko) Chrome/137.0.0.0 Safari/537.36"
199.182.234.68 - - [21/Jul/2025:15:29:08 +0000] "GET /wp-content/themes/homlane/assets/css/flaticon.css?ver=6.8.2 HTTP/1.1" 200 1092 "http://topflowroofingplumbing.com.au/admin.php" "Mozilla/5.0 (Windows NT 10.0; Win64; x64) AppleWebKit/537.36 (KHTML, like Gecko) Chrome/137.0.0.0 Safari/537.36"
199.182.234.68 - - [21/Jul/2025:15:29:09 +0000] "GET /wp-content/themes/homlane/assets/css/flaticon-2.css?ver=6.8.2 HTTP/1.1" 200 1431 "http://topflowroofingplumbing.com.au/admin.php" "Mozilla/5.0 (Windows NT 10.0; Win64; x64) AppleWebKit/537.36 (KHTML, like Gecko) Chrome/137.0.0.0 Safari/537.36"
199.182.234.68 - - [21/Jul/2025:15:29:09 +0000] "GET /wp-content/themes/homlane/assets/css/fontawesome-all.css?ver=6.8.2 HTTP/1.1" 200 6500 "http://topflowroofingplumbing.com.au/admin.php" "Mozilla/5.0 (Windows NT 10.0; Win64; x64) AppleWebKit/537.36 (KHTML, like Gecko) Chrome/137.0.0.0 Safari/537.36"
199.182.234.68 - - [21/Jul/2025:15:29:09 +0000] "GET /wp-content/themes/homlane/assets/css/owl.css?ver=6.8.2 HTTP/1.1" 200 1392 "http://topflowroofingplumbing.com.au/admin.php" "Mozilla/5.0 (Windows NT 10.0; Win64; x64) AppleWebKit/537.36 (KHTML, like Gecko) Chrome/137.0.0.0 Safari/537.36"
199.182.234.68 - - [21/Jul/2025:15:29:09 +0000] "GET /wp-content/themes/homlane/assets/css/magnific-popup.css?ver=6.8.2 HTTP/1.1" 200 1874 "http://topflowroofingplumbing.com.au/admin.php" "Mozilla/5.0 (Windows NT 10.0; Win64; x64) AppleWebKit/537.36 (KHTML, like Gecko) Chrome/137.0.0.0 Safari/537.36"
199.182.234.68 - - [21/Jul/2025:15:29:09 +0000] "GET /wp-content/themes/homlane/assets/css/scrollbar.css?ver=6.8.2 HTTP/1.1" 200 3977 "http://topflowroofingplumbing.com.au/admin.php" "Mozilla/5.0 (Windows NT 10.0; Win64; x64) AppleWebKit/537.36 (KHTML, like Gecko) Chrome/137.0.0.0 Safari/537.36"
199.182.234.68 - - [21/Jul/2025:15:29:09 +0000] "GET /wp-content/themes/homlane/assets/css/hiddenbar.css?ver=6.8.2 HTTP/1.1" 200 916 "http://topflowroofingplumbing.com.au/admin.php" "Mozilla/5.0 (Windows NT 10.0; Win64; x64) AppleWebKit/537.36 (KHTML, like Gecko) Chrome/137.0.0.0 Safari/537.36"
199.182.234.68 - - [21/Jul/2025:15:29:09 +0000] "GET /wp-content/themes/homlane/assets/css/animate.css?ver=6.8.2 HTTP/1.1" 200 4681 "http://topflowroofingplumbing.com.au/admin.php" "Mozilla/5.0 (Windows NT 10.0; Win64; x64) AppleWebKit/537.36 (KHTML, like Gecko) Chrome/137.0.0.0 Safari/537.36"
199.182.234.68 - - [21/Jul/2025:15:29:09 +0000] "GET /wp-content/themes/homlane/assets/css/bootstrap-select.min.css?ver=6.8.2 HTTP/1.1" 200 2001 "http://topflowroofingplumbing.com.au/admin.php" "Mozilla/5.0 (Windows NT 10.0; Win64; x64) AppleWebKit/537.36 (KHTML, like Gecko) Chrome/137.0.0.0 Safari/537.36"
199.182.234.68 - - [21/Jul/2025:15:29:09 +0000] "GET /wp-content/themes/homlane/assets/css/jquery.bootstrap-touchspin.css?ver=6.8.2 HTTP/1.1" 200 306 "http://topflowroofingplumbing.com.au/admin.php" "Mozilla/5.0 (Windows NT 10.0; Win64; x64) AppleWebKit/537.36 (KHTML, like Gecko) Chrome/137.0.0.0 Safari/537.36"
199.182.234.68 - - [21/Jul/2025:15:29:09 +0000] "GET /wp-content/themes/homlane/assets/css/icomoon.css?ver=6.8.2 HTTP/1.1" 200 1023 "http://topflowroofingplumbing.com.au/admin.php" "Mozilla/5.0 (Windows NT 10.0; Win64; x64) AppleWebKit/537.36 (KHTML, like Gecko) Chrome/137.0.0.0 Safari/537.36"
199.182.234.68 - - [21/Jul/2025:15:29:09 +0000] "GET /wp-content/themes/homlane/assets/css/jquery.fancybox.min.css?ver=6.8.2 HTTP/1.1" 200 3155 "http://topflowroofingplumbing.com.au/admin.php" "Mozilla/5.0 (Windows NT 10.0; Win64; x64) AppleWebKit/537.36 (KHTML, like Gecko) Chrome/137.0.0.0 Safari/537.36"
199.182.234.68 - - [21/Jul/2025:15:29:09 +0000] "GET /wp-content/themes/homlane/assets/css/nouislider.css?ver=6.8.2 HTTP/1.1" 200 1004 "http://topflowroofingplumbing.com.au/admin.php" "Mozilla/5.0 (Windows NT 10.0; Win64; x64) AppleWebKit/537.36 (KHTML, like Gecko) Chrome/137.0.0.0 Safari/537.36"
199.182.234.68 - - [21/Jul/2025:15:29:09 +0000] "GET /wp-content/themes/homlane/assets/css/nouislider.pips.css?ver=6.8.2 HTTP/1.1" 200 454 "http://topflowroofingplumbing.com.au/admin.php" "Mozilla/5.0 (Windows NT 10.0; Win64; x64) AppleWebKit/537.36 (KHTML, like Gecko) Chrome/137.0.0.0 Safari/537.36"
199.182.234.68 - - [21/Jul/2025:15:29:09 +0000] "GET /wp-content/themes/homlane/assets/css/jquery.mCustomScrollbar.min.css?ver=6.8.2 HTTP/1.1" 200 3977 "http://topflowroofingplumbing.com.au/admin.php" "Mozilla/5.0 (Windows NT 10.0; Win64; x64) AppleWebKit/537.36 (KHTML, like Gecko) Chrome/137.0.0.0 Safari/537.36"
199.182.234.68 - - [21/Jul/2025:15:29:10 +0000] "GET /wp-content/themes/homlane/assets/css/timePicker.css?ver=6.8.2 HTTP/1.1" 200 1080 "http://topflowroofingplumbing.com.au/admin.php" "Mozilla/5.0 (Windows NT 10.0; Win64; x64) AppleWebKit/537.36 (KHTML, like Gecko) Chrome/137.0.0.0 Safari/537.36"
199.182.234.68 - - [21/Jul/2025:15:29:10 +0000] "GET /wp-content/themes/homlane/assets/css/slick.css?ver=6.8.2 HTTP/1.1" 200 577 "http://topflowroofingplumbing.com.au/admin.php" "Mozilla/5.0 (Windows NT 10.0; Win64; x64) AppleWebKit/537.36 (KHTML, like Gecko) Chrome/137.0.0.0 Safari/537.36"
199.182.234.68 - - [21/Jul/2025:15:29:10 +0000] "GET /wp-content/themes/homlane/assets/css/jquery.bxslider.css?ver=6.8.2 HTTP/1.1" 200 1207 "http://topflowroofingplumbing.com.au/admin.php" "Mozilla/5.0 (Windows NT 10.0; Win64; x64) AppleWebKit/537.36 (KHTML, like Gecko) Chrome/137.0.0.0 Safari/537.36"
199.182.234.68 - - [21/Jul/2025:15:29:10 +0000] "GET /wp-content/themes/homlane/assets/css/tinyscrollbar.css?ver=6.8.2 HTTP/1.1" 200 - "http://topflowroofingplumbing.com.au/admin.php" "Mozilla/5.0 (Windows NT 10.0; Win64; x64) AppleWebKit/537.36 (KHTML, like Gecko) Chrome/137.0.0.0 Safari/537.36"
199.182.234.68 - - [21/Jul/2025:15:29:10 +0000] "GET /wp-content/themes/homlane/assets/css/jquery-ui.css?ver=6.8.2 HTTP/1.1" 200 8461 "http://topflowroofingplumbing.com.au/admin.php" "Mozilla/5.0 (Windows NT 10.0; Win64; x64) AppleWebKit/537.36 (KHTML, like Gecko) Chrome/137.0.0.0 Safari/537.36"
199.182.234.68 - - [21/Jul/2025:15:29:10 +0000] "GET /wp-content/themes/homlane/assets/css/twentytwenty.css?ver=6.8.2 HTTP/1.1" 200 1077 "http://topflowroofingplumbing.com.au/admin.php" "Mozilla/5.0 (Windows NT 10.0; Win64; x64) AppleWebKit/537.36 (KHTML, like Gecko) Chrome/137.0.0.0 Safari/537.36"
199.182.234.68 - - [21/Jul/2025:15:29:10 +0000] "GET /wp-content/themes/homlane/assets/css/color.css?ver=6.8.2 HTTP/1.1" 200 - "http://topflowroofingplumbing.com.au/admin.php" "Mozilla/5.0 (Windows NT 10.0; Win64; x64) AppleWebKit/537.36 (KHTML, like Gecko) Chrome/137.0.0.0 Safari/537.36"
199.182.234.68 - - [21/Jul/2025:15:29:10 +0000] "GET /wp-content/themes/homlane-child/style.css?ver=6.8.2 HTTP/1.1" 200 180 "http://topflowroofingplumbing.com.au/admin.php" "Mozilla/5.0 (Windows NT 10.0; Win64; x64) AppleWebKit/537.36 (KHTML, like Gecko) Chrome/137.0.0.0 Safari/537.36"
199.182.234.68 - - [21/Jul/2025:15:29:10 +0000] "GET /wp-content/themes/homlane/assets/css/color-2.css?ver=6.8.2 HTTP/1.1" 200 3972 "http://topflowroofingplumbing.com.au/admin.php" "Mozilla/5.0 (Windows NT 10.0; Win64; x64) AppleWebKit/537.36 (KHTML, like Gecko) Chrome/137.0.0.0 Safari/537.36"
199.182.234.68 - - [21/Jul/2025:15:29:10 +0000] "GET /wp-content/themes/homlane/assets/css/color/theme-color.css?ver=6.8.2 HTTP/1.1" 200 16 "http://topflowroofingplumbing.com.au/admin.php" "Mozilla/5.0 (Windows NT 10.0; Win64; x64) AppleWebKit/537.36 (KHTML, like Gecko) Chrome/137.0.0.0 Safari/537.36"
199.182.234.68 - - [21/Jul/2025:15:29:10 +0000] "GET /wp-content/themes/homlane/assets/css/rtl.css?ver=6.8.2 HTTP/1.1" 200 290 "http://topflowroofingplumbing.com.au/admin.php" "Mozilla/5.0 (Windows NT 10.0; Win64; x64) AppleWebKit/537.36 (KHTML, like Gecko) Chrome/137.0.0.0 Safari/537.36"
199.182.234.68 - - [21/Jul/2025:15:29:10 +0000] "GET /wp-content/themes/homlane/assets/css/style.css?ver=6.8.2 HTTP/1.1" 200 23029 "http://topflowroofingplumbing.com.au/admin.php" "Mozilla/5.0 (Windows NT 10.0; Win64; x64) AppleWebKit/537.36 (KHTML, like Gecko) Chrome/137.0.0.0 Safari/537.36"
199.182.234.68 - - [21/Jul/2025:15:29:10 +0000] "GET /wp-content/themes/homlane/assets/css/style-2.css?ver=6.8.2 HTTP/1.1" 200 49588 "http://topflowroofingplumbing.com.au/admin.php" "Mozilla/5.0 (Windows NT 10.0; Win64; x64) AppleWebKit/537.36 (KHTML, like Gecko) Chrome/137.0.0.0 Safari/537.36"
199.182.234.68 - - [21/Jul/2025:15:29:10 +0000] "GET /wp-content/themes/homlane/assets/css/custom.css?ver=6.8.2 HTTP/1.1" 200 4312 "http://topflowroofingplumbing.com.au/admin.php" "Mozilla/5.0 (Windows NT 10.0; Win64; x64) AppleWebKit/537.36 (KHTML, like Gecko) Chrome/137.0.0.0 Safari/537.36"
199.182.234.68 - - [21/Jul/2025:15:29:11 +0000] "GET /wp-content/themes/homlane/assets/css/responsive.css?ver=6.8.2 HTTP/1.1" 200 3279 "http://topflowroofingplumbing.com.au/admin.php" "Mozilla/5.0 (Windows NT 10.0; Win64; x64) AppleWebKit/537.36 (KHTML, like Gecko) Chrome/137.0.0.0 Safari/537.36"
199.182.234.68 - - [21/Jul/2025:15:29:11 +0000] "GET /wp-includes/js/jquery/jquery.min.js?ver=3.7.1 HTTP/1.1" 200 30368 "http://topflowroofingplumbing.com.au/admin.php" "Mozilla/5.0 (Windows NT 10.0; Win64; x64) AppleWebKit/537.36 (KHTML, like Gecko) Chrome/137.0.0.0 Safari/537.36"
199.182.234.68 - - [21/Jul/2025:15:29:11 +0000] "GET /wp-includes/js/jquery/jquery-migrate.min.js?ver=3.4.1 HTTP/1.1" 200 4872 "http://topflowroofingplumbing.com.au/admin.php" "Mozilla/5.0 (Windows NT 10.0; Win64; x64) AppleWebKit/537.36 (KHTML, like Gecko) Chrome/137.0.0.0 Safari/537.36"
199.182.234.68 - - [21/Jul/2025:15:29:11 +0000] "GET /wp-content/themes/homlane/assets/images-2/icons/icon-80.png HTTP/1.1" 200 1490 "http://topflowroofingplumbing.com.au/admin.php" "Mozilla/5.0 (Windows NT 10.0; Win64; x64) AppleWebKit/537.36 (KHTML, like Gecko) Chrome/137.0.0.0 Safari/537.36"
199.182.234.68 - - [21/Jul/2025:15:29:11 +0000] "GET /wp-content/plugins/leadconnector/public/js/lc-public.js?ver=3.0.10.1 HTTP/1.1" 200 1322 "http://topflowroofingplumbing.com.au/admin.php" "Mozilla/5.0 (Windows NT 10.0; Win64; x64) AppleWebKit/537.36 (KHTML, like Gecko) Chrome/137.0.0.0 Safari/537.36"
199.182.234.68 - - [21/Jul/2025:15:29:11 +0000] "GET /wp-content/themes/homlane/assets/images-2/icons/icon-81.png HTTP/1.1" 200 1529 "http://topflowroofingplumbing.com.au/admin.php" "Mozilla/5.0 (Windows NT 10.0; Win64; x64) AppleWebKit/537.36 (KHTML, like Gecko) Chrome/137.0.0.0 Safari/537.36"
199.182.234.68 - - [21/Jul/2025:15:29:11 +0000] "GET /wp-includes/js/dist/hooks.min.js?ver=4d63a3d491d11ffd8ac6 HTTP/1.1" 200 1648 "http://topflowroofingplumbing.com.au/admin.php" "Mozilla/5.0 (Windows NT 10.0; Win64; x64) AppleWebKit/537.36 (KHTML, like Gecko) Chrome/137.0.0.0 Safari/537.36"
199.182.234.68 - - [21/Jul/2025:15:29:12 +0000] "GET /wp-includes/js/dist/i18n.min.js?ver=5e580eb46a90c2b997e6 HTTP/1.1" 200 3667 "http://topflowroofingplumbing.com.au/admin.php" "Mozilla/5.0 (Windows NT 10.0; Win64; x64) AppleWebKit/537.36 (KHTML, like Gecko) Chrome/137.0.0.0 Safari/537.36"
199.182.234.68 - - [21/Jul/2025:15:29:12 +0000] "GET /wp-content/plugins/contact-form-7/includes/swv/js/index.js?ver=6.1 HTTP/1.1" 200 3503 "http://topflowroofingplumbing.com.au/admin.php" "Mozilla/5.0 (Windows NT 10.0; Win64; x64) AppleWebKit/537.36 (KHTML, like Gecko) Chrome/137.0.0.0 Safari/537.36"
199.182.234.68 - - [21/Jul/2025:15:29:12 +0000] "GET /wp-content/plugins/contact-form-7/includes/js/index.js?ver=6.1 HTTP/1.1" 200 4265 "http://topflowroofingplumbing.com.au/admin.php" "Mozilla/5.0 (Windows NT 10.0; Win64; x64) AppleWebKit/537.36 (KHTML, like Gecko) Chrome/137.0.0.0 Safari/537.36"
199.182.234.68 - - [21/Jul/2025:15:29:12 +0000] "GET /wp-content/themes/homlane/assets/js/aos.js?ver=2.1.2 HTTP/1.1" 200 4503 "http://topflowroofingplumbing.com.au/admin.php" "Mozilla/5.0 (Windows NT 10.0; Win64; x64) AppleWebKit/537.36 (KHTML, like Gecko) Chrome/137.0.0.0 Safari/537.36"
199.182.234.68 - - [21/Jul/2025:15:29:12 +0000] "GET /wp-includes/js/jquery/ui/core.min.js?ver=1.13.3 HTTP/1.1" 200 7106 "http://topflowroofingplumbing.com.au/admin.php" "Mozilla/5.0 (Windows NT 10.0; Win64; x64) AppleWebKit/537.36 (KHTML, like Gecko) Chrome/137.0.0.0 Safari/537.36"
199.182.234.68 - - [21/Jul/2025:15:29:13 +0000] "GET /wp-content/themes/homlane/assets/js/appear.js?ver=2.1.2 HTTP/1.1" 200 1359 "http://topflowroofingplumbing.com.au/admin.php" "Mozilla/5.0 (Windows NT 10.0; Win64; x64) AppleWebKit/537.36 (KHTML, like Gecko) Chrome/137.0.0.0 Safari/537.36"
199.182.234.68 - - [21/Jul/2025:15:29:13 +0000] "GET /wp-content/themes/homlane/assets/js/bootstrap.bundle.min.js?ver=2.1.2 HTTP/1.1" 200 21413 "http://topflowroofingplumbing.com.au/admin.php" "Mozilla/5.0 (Windows NT 10.0; Win64; x64) AppleWebKit/537.36 (KHTML, like Gecko) Chrome/137.0.0.0 Safari/537.36"
199.182.234.68 - - [21/Jul/2025:15:29:13 +0000] "GET /wp-content/themes/homlane/assets/js/bootstrap-select.min.js?ver=2.1.2 HTTP/1.1" 200 13731 "http://topflowroofingplumbing.com.au/admin.php" "Mozilla/5.0 (Windows NT 10.0; Win64; x64) AppleWebKit/537.36 (KHTML, like Gecko) Chrome/137.0.0.0 Safari/537.36"
199.182.234.68 - - [21/Jul/2025:15:29:13 +0000] "GET /wp-content/themes/homlane/assets/js/isotope.js?ver=2.1.2 HTTP/1.1" 200 10182 "http://topflowroofingplumbing.com.au/admin.php" "Mozilla/5.0 (Windows NT 10.0; Win64; x64) AppleWebKit/537.36 (KHTML, like Gecko) Chrome/137.0.0.0 Safari/537.36"
199.182.234.68 - - [21/Jul/2025:15:29:14 +0000] "GET /wp-content/themes/homlane/assets/js/jquery.bootstrap-touchspin.js?ver=2.1.2 HTTP/1.1" 200 3342 "http://topflowroofingplumbing.com.au/admin.php" "Mozilla/5.0 (Windows NT 10.0; Win64; x64) AppleWebKit/537.36 (KHTML, like Gecko) Chrome/137.0.0.0 Safari/537.36"
199.182.234.68 - - [21/Jul/2025:15:29:14 +0000] "GET /wp-content/themes/homlane/assets/js/jquery.countdown.min.js?ver=2.1.2 HTTP/1.1" 200 2307 "http://topflowroofingplumbing.com.au/admin.php" "Mozilla/5.0 (Windows NT 10.0; Win64; x64) AppleWebKit/537.36 (KHTML, like Gecko) Chrome/137.0.0.0 Safari/537.36"
199.182.234.68 - - [21/Jul/2025:15:29:14 +0000] "GET /wp-content/themes/homlane/assets/js/jquery.countTo.js?ver=2.1.2 HTTP/1.1" 200 1027 "http://topflowroofingplumbing.com.au/admin.php" "Mozilla/5.0 (Windows NT 10.0; Win64; x64) AppleWebKit/537.36 (KHTML, like Gecko) Chrome/137.0.0.0 Safari/537.36"
199.182.234.68 - - [21/Jul/2025:15:29:14 +0000] "GET /wp-content/themes/homlane/assets/js/jquery.easing.min.js?ver=2.1.2 HTTP/1.1" 200 1859 "http://topflowroofingplumbing.com.au/admin.php" "Mozilla/5.0 (Windows NT 10.0; Win64; x64) AppleWebKit/537.36 (KHTML, like Gecko) Chrome/137.0.0.0 Safari/537.36"
199.182.234.68 - - [21/Jul/2025:15:29:15 +0000] "GET /wp-content/themes/homlane/assets/js/jquery.enllax.min.js?ver=2.1.2 HTTP/1.1" 200 549 "http://topflowroofingplumbing.com.au/admin.php" "Mozilla/5.0 (Windows NT 10.0; Win64; x64) AppleWebKit/537.36 (KHTML, like Gecko) Chrome/137.0.0.0 Safari/537.36"
199.182.234.68 - - [21/Jul/2025:15:29:15 +0000] "GET /wp-content/themes/homlane/assets/js/jquery.fancybox.js?ver=2.1.2 HTTP/1.1" 304 - "http://topflowroofingplumbing.com.au/admin.php" "Mozilla/5.0 (Windows NT 10.0; Win64; x64) AppleWebKit/537.36 (KHTML, like Gecko) Chrome/137.0.0.0 Safari/537.36"
199.182.234.68 - - [21/Jul/2025:15:29:15 +0000] "GET /wp-content/themes/homlane/assets/js/jquery.mixitup.min.js?ver=2.1.2 HTTP/1.1" 200 8232 "http://topflowroofingplumbing.com.au/admin.php" "Mozilla/5.0 (Windows NT 10.0; Win64; x64) AppleWebKit/537.36 (KHTML, like Gecko) Chrome/137.0.0.0 Safari/537.36"
199.182.234.68 - - [21/Jul/2025:15:29:15 +0000] "GET /wp-content/themes/homlane/assets/js/jquery.paroller.min.js?ver=2.1.2 HTTP/1.1" 200 919 "http://topflowroofingplumbing.com.au/admin.php" "Mozilla/5.0 (Windows NT 10.0; Win64; x64) AppleWebKit/537.36 (KHTML, like Gecko) Chrome/137.0.0.0 Safari/537.36"
199.182.234.68 - - [21/Jul/2025:15:29:15 +0000] "GET /wp-content/themes/homlane/assets/js/nouislider.js?ver=2.1.2 HTTP/1.1" 200 5312 "http://topflowroofingplumbing.com.au/admin.php" "Mozilla/5.0 (Windows NT 10.0; Win64; x64) AppleWebKit/537.36 (KHTML, like Gecko) Chrome/137.0.0.0 Safari/537.36"
199.182.234.68 - - [21/Jul/2025:15:29:16 +0000] "GET /wp-content/themes/homlane/assets/js/timePicker.js?ver=2.1.2 HTTP/1.1" 200 5322 "http://topflowroofingplumbing.com.au/admin.php" "Mozilla/5.0 (Windows NT 10.0; Win64; x64) AppleWebKit/537.36 (KHTML, like Gecko) Chrome/137.0.0.0 Safari/537.36"
199.182.234.68 - - [21/Jul/2025:15:29:16 +0000] "GET /wp-content/themes/homlane/assets/js/jquery.twentytwenty.js?ver=2.1.2 HTTP/1.1" 200 1425 "http://topflowroofingplumbing.com.au/admin.php" "Mozilla/5.0 (Windows NT 10.0; Win64; x64) AppleWebKit/537.36 (KHTML, like Gecko) Chrome/137.0.0.0 Safari/537.36"
199.182.234.68 - - [21/Jul/2025:15:29:16 +0000] "GET /wp-content/themes/homlane/assets/js/wow.js?ver=2.1.2 HTTP/1.1" 200 2209 "http://topflowroofingplumbing.com.au/admin.php" "Mozilla/5.0 (Windows NT 10.0; Win64; x64) AppleWebKit/537.36 (KHTML, like Gecko) Chrome/137.0.0.0 Safari/537.36"
199.182.234.68 - - [21/Jul/2025:15:29:16 +0000] "GET /wp-content/themes/homlane/assets/js/owl.js?ver=2.1.2 HTTP/1.1" 200 20223 "http://topflowroofingplumbing.com.au/admin.php" "Mozilla/5.0 (Windows NT 10.0; Win64; x64) AppleWebKit/537.36 (KHTML, like Gecko) Chrome/137.0.0.0 Safari/537.36"
199.182.234.68 - - [21/Jul/2025:15:29:16 +0000] "GET /wp-content/themes/homlane/assets/images-2/icons/cross-out.png HTTP/1.1" 200 413 "http://topflowroofingplumbing.com.au/wp-content/themes/homlane/assets/css/style-2.css?ver=6.8.2" "Mozilla/5.0 (Windows NT 10.0; Win64; x64) AppleWebKit/537.36 (KHTML, like Gecko) Chrome/137.0.0.0 Safari/537.36"
199.182.234.68 - - [21/Jul/2025:15:29:16 +0000] "GET /wp-content/themes/homlane/assets/fonts/fontawesome-webfont.woff2?v=4.5.0 HTTP/1.1" 200 66625 "http://topflowroofingplumbing.com.au/wp-content/themes/homlane/assets/css/fontawesome-all.css?ver=6.8.2" "Mozilla/5.0 (Windows NT 10.0; Win64; x64) AppleWebKit/537.36 (KHTML, like Gecko) Chrome/137.0.0.0 Safari/537.36"
199.182.234.68 - - [21/Jul/2025:15:29:16 +0000] "GET /wp-content/themes/homlane/assets/fonts/flaticon-2.ttf?1c57aadc5b8e691f54763fb661da45e2 HTTP/1.1" 304 - "http://topflowroofingplumbing.com.au/wp-content/themes/homlane/assets/css/flaticon-2.css?ver=6.8.2" "Mozilla/5.0 (Windows NT 10.0; Win64; x64) AppleWebKit/537.36 (KHTML, like Gecko) Chrome/137.0.0.0 Safari/537.36"
199.182.234.68 - - [21/Jul/2025:15:29:16 +0000] "GET /wp-content/themes/homlane/assets/fonts/icomoon.ttf?vdw2jk HTTP/1.1" 200 23748 "http://topflowroofingplumbing.com.au/wp-content/themes/homlane/assets/css/icomoon.css?ver=6.8.2" "Mozilla/5.0 (Windows NT 10.0; Win64; x64) AppleWebKit/537.36 (KHTML, like Gecko) Chrome/137.0.0.0 Safari/537.36"
199.182.234.68 - - [21/Jul/2025:15:29:16 +0000] "GET /wp-content/themes/homlane/assets/images/shape/header-top-bg.jpg HTTP/1.1" 200 70092 "http://topflowroofingplumbing.com.au/admin.php" "Mozilla/5.0 (Windows NT 10.0; Win64; x64) AppleWebKit/537.36 (KHTML, like Gecko) Chrome/137.0.0.0 Safari/537.36"
199.182.234.68 - - [21/Jul/2025:15:29:16 +0000] "GET /wp-content/themes/homlane/assets/images-2/shape/shape-52.png HTTP/1.1" 200 2669 "http://topflowroofingplumbing.com.au/wp-content/themes/homlane/assets/css/style.css?ver=6.8.2" "Mozilla/5.0 (Windows NT 10.0; Win64; x64) AppleWebKit/537.36 (KHTML, like Gecko) Chrome/137.0.0.0 Safari/537.36"
199.182.234.68 - - [21/Jul/2025:15:29:16 +0000] "GET /wp-content/themes/homlane/assets/images-2/icons/icon-74.png HTTP/1.1" 200 1285 "http://topflowroofingplumbing.com.au/admin.php" "Mozilla/5.0 (Windows NT 10.0; Win64; x64) AppleWebKit/537.36 (KHTML, like Gecko) Chrome/137.0.0.0 Safari/537.36"
199.182.234.68 - - [21/Jul/2025:15:29:17 +0000] "GET /wp-content/themes/homlane/assets/js/owl-vertical.js?ver=2.1.2 HTTP/1.1" 200 17771 "http://topflowroofingplumbing.com.au/admin.php" "Mozilla/5.0 (Windows NT 10.0; Win64; x64) AppleWebKit/537.36 (KHTML, like Gecko) Chrome/137.0.0.0 Safari/537.36"
199.182.234.68 - - [21/Jul/2025:15:29:17 +0000] "GET /wp-content/themes/homlane/assets/js/validation.js?ver=2.1.2 HTTP/1.1" 200 12092 "http://topflowroofingplumbing.com.au/admin.php" "Mozilla/5.0 (Windows NT 10.0; Win64; x64) AppleWebKit/537.36 (KHTML, like Gecko) Chrome/137.0.0.0 Safari/537.36"
199.182.234.68 - - [21/Jul/2025:15:29:17 +0000] "GET /wp-content/themes/homlane/assets/js/jquery.magnific-popup.min.js?ver=2.1.2 HTTP/1.1" 200 7346 "http://topflowroofingplumbing.com.au/admin.php" "Mozilla/5.0 (Windows NT 10.0; Win64; x64) AppleWebKit/537.36 (KHTML, like Gecko) Chrome/137.0.0.0 Safari/537.36"
199.182.234.68 - - [21/Jul/2025:15:29:17 +0000] "GET /wp-content/themes/homlane/assets/js/slick.js?ver=2.1.2 HTTP/1.1" 200 14372 "http://topflowroofingplumbing.com.au/admin.php" "Mozilla/5.0 (Windows NT 10.0; Win64; x64) AppleWebKit/537.36 (KHTML, like Gecko) Chrome/137.0.0.0 Safari/537.36"
199.182.234.68 - - [21/Jul/2025:15:29:17 +0000] "GET /wp-content/themes/homlane/assets/js/knob.js?ver=2.1.2 HTTP/1.1" 200 6027 "http://topflowroofingplumbing.com.au/admin.php" "Mozilla/5.0 (Windows NT 10.0; Win64; x64) AppleWebKit/537.36 (KHTML, like Gecko) Chrome/137.0.0.0 Safari/537.36"
199.182.234.68 - - [21/Jul/2025:15:29:17 +0000] "GET /wp-content/themes/homlane/assets/js/lazyload.js?ver=2.1.2 HTTP/1.1" 200 3633 "http://topflowroofingplumbing.com.au/admin.php" "Mozilla/5.0 (Windows NT 10.0; Win64; x64) AppleWebKit/537.36 (KHTML, like Gecko) Chrome/137.0.0.0 Safari/537.36"
199.182.234.68 - - [21/Jul/2025:15:29:17 +0000] "GET /wp-content/themes/homlane/assets/js/scrollbar.js?ver=2.1.2 HTTP/1.1" 200 12288 "http://topflowroofingplumbing.com.au/admin.php" "Mozilla/5.0 (Windows NT 10.0; Win64; x64) AppleWebKit/537.36 (KHTML, like Gecko) Chrome/137.0.0.0 Safari/537.36"
199.182.234.68 - - [21/Jul/2025:15:29:17 +0000] "GET /wp-content/themes/homlane/assets/js/tilt.jquery.js?ver=2.1.2 HTTP/1.1" 200 2893 "http://topflowroofingplumbing.com.au/admin.php" "Mozilla/5.0 (Windows NT 10.0; Win64; x64) AppleWebKit/537.36 (KHTML, like Gecko) Chrome/137.0.0.0 Safari/537.36"
199.182.234.68 - - [21/Jul/2025:15:29:17 +0000] "GET /wp-content/themes/homlane/assets/js/jquery.bxslider.min.js?ver=2.1.2 HTTP/1.1" 200 5162 "http://topflowroofingplumbing.com.au/admin.php" "Mozilla/5.0 (Windows NT 10.0; Win64; x64) AppleWebKit/537.36 (KHTML, like Gecko) Chrome/137.0.0.0 Safari/537.36"
199.182.234.68 - - [21/Jul/2025:15:29:17 +0000] "GET /wp-content/themes/homlane/assets/js/parallax.min.js?ver=2.1.2 HTTP/1.1" 200 5261 "http://topflowroofingplumbing.com.au/admin.php" "Mozilla/5.0 (Windows NT 10.0; Win64; x64) AppleWebKit/537.36 (KHTML, like Gecko) Chrome/137.0.0.0 Safari/537.36"
199.182.234.68 - - [21/Jul/2025:15:29:17 +0000] "GET /wp-content/themes/homlane/assets/js/jquery.tinyscrollbar.js?ver=2.1.2 HTTP/1.1" 200 2866 "http://topflowroofingplumbing.com.au/admin.php" "Mozilla/5.0 (Windows NT 10.0; Win64; x64) AppleWebKit/537.36 (KHTML, like Gecko) Chrome/137.0.0.0 Safari/537.36"
199.182.234.68 - - [21/Jul/2025:15:29:17 +0000] "GET /wp-content/themes/homlane/assets/js/jQuery.style.switcher.min.js?ver=2.1.2 HTTP/1.1" 200 1138 "http://topflowroofingplumbing.com.au/admin.php" "Mozilla/5.0 (Windows NT 10.0; Win64; x64) AppleWebKit/537.36 (KHTML, like Gecko) Chrome/137.0.0.0 Safari/537.36"
199.182.234.68 - - [21/Jul/2025:15:29:17 +0000] "GET /wp-content/themes/homlane/assets/js/pagenav.js?ver=2.1.2 HTTP/1.1" 200 1834 "http://topflowroofingplumbing.com.au/admin.php" "Mozilla/5.0 (Windows NT 10.0; Win64; x64) AppleWebKit/537.36 (KHTML, like Gecko) Chrome/137.0.0.0 Safari/537.36"
199.182.234.68 - - [21/Jul/2025:15:29:17 +0000] "GET /wp-content/themes/homlane/assets/js/jquery-ui.js?ver=2.1.2 HTTP/1.1" 200 125176 "http://topflowroofingplumbing.com.au/admin.php" "Mozilla/5.0 (Windows NT 10.0; Win64; x64) AppleWebKit/537.36 (KHTML, like Gecko) Chrome/137.0.0.0 Safari/537.36"
199.182.234.68 - - [21/Jul/2025:15:29:18 +0000] "GET /wp-content/themes/homlane/assets/js/dobpicker.js?ver=2.1.2 HTTP/1.1" 200 838 "http://topflowroofingplumbing.com.au/admin.php" "Mozilla/5.0 (Windows NT 10.0; Win64; x64) AppleWebKit/537.36 (KHTML, like Gecko) Chrome/137.0.0.0 Safari/537.36"
199.182.234.68 - - [21/Jul/2025:15:29:18 +0000] "GET /wp-content/themes/homlane/assets/js/TweenMax.min.js?ver=2.1.2 HTTP/1.1" 200 39642 "http://topflowroofingplumbing.com.au/admin.php" "Mozilla/5.0 (Windows NT 10.0; Win64; x64) AppleWebKit/537.36 (KHTML, like Gecko) Chrome/137.0.0.0 Safari/537.36"
199.182.234.68 - - [21/Jul/2025:15:29:18 +0000] "GET /wp-content/themes/homlane/assets/js/nav-tool.js?ver=2.1.2 HTTP/1.1" 200 394 "http://topflowroofingplumbing.com.au/admin.php" "Mozilla/5.0 (Windows NT 10.0; Win64; x64) AppleWebKit/537.36 (KHTML, like Gecko) Chrome/137.0.0.0 Safari/537.36"
199.182.234.68 - - [21/Jul/2025:15:29:18 +0000] "GET /wp-content/themes/homlane/assets/js/custom.js?ver=6.8.2 HTTP/1.1" 200 6473 "http://topflowroofingplumbing.com.au/admin.php" "Mozilla/5.0 (Windows NT 10.0; Win64; x64) AppleWebKit/537.36 (KHTML, like Gecko) Chrome/137.0.0.0 Safari/537.36"
199.182.234.68 - - [21/Jul/2025:15:29:18 +0000] "GET /wp-content/themes/homlane/assets/images-2/icons/icon-76.png HTTP/1.1" 200 1867 "http://topflowroofingplumbing.com.au/admin.php" "Mozilla/5.0 (Windows NT 10.0; Win64; x64) AppleWebKit/537.36 (KHTML, like Gecko) Chrome/137.0.0.0 Safari/537.36"
199.182.234.68 - - [21/Jul/2025:15:29:18 +0000] "GET /wp-content/themes/homlane/assets/images-2/icons/icon-77.png HTTP/1.1" 200 1523 "http://topflowroofingplumbing.com.au/admin.php" "Mozilla/5.0 (Windows NT 10.0; Win64; x64) AppleWebKit/537.36 (KHTML, like Gecko) Chrome/137.0.0.0 Safari/537.36"
199.182.234.68 - - [21/Jul/2025:15:29:18 +0000] "GET /wp-content/themes/homlane/assets/images-2/icons/icon-78.png HTTP/1.1" 200 1729 "http://topflowroofingplumbing.com.au/admin.php" "Mozilla/5.0 (Windows NT 10.0; Win64; x64) AppleWebKit/537.36 (KHTML, like Gecko) Chrome/137.0.0.0 Safari/537.36"
199.182.234.68 - - [21/Jul/2025:15:29:18 +0000] "GET /wp-content/themes/homlane/assets/images-2/icons/icon-14.png HTTP/1.1" 200 1326 "http://topflowroofingplumbing.com.au/wp-content/themes/homlane/assets/css/style-2.css?ver=6.8.2" "Mozilla/5.0 (Windows NT 10.0; Win64; x64) AppleWebKit/537.36 (KHTML, like Gecko) Chrome/137.0.0.0 Safari/537.36"
199.182.234.68 - - [21/Jul/2025:15:29:18 +0000] "GET /wp-includes/js/wp-emoji-release.min.js?ver=6.8.2 HTTP/1.1" 200 5163 "http://topflowroofingplumbing.com.au/admin.php" "Mozilla/5.0 (Windows NT 10.0; Win64; x64) AppleWebKit/537.36 (KHTML, like Gecko) Chrome/137.0.0.0 Safari/537.36"
66.249.65.98 - - [21/Jul/2025:15:50:20 +0000] "GET /robots.txt HTTP/1.1" 304 - "-" "Mozilla/5.0 (compatible; Googlebot/2.1; +http://www.google.com/bot.html)"
66.249.65.97 - - [21/Jul/2025:15:50:20 +0000] "GET /feature/sapporo/index.html HTTP/1.1" 200 86241 "-" "Mozilla/5.0 (Linux; Android 6.0.1; Nexus 5X Build/MMB29P) AppleWebKit/537.36 (KHTML, like Gecko) Chrome/137.0.7151.103 Mobile Safari/537.36 (compatible; Googlebot/2.1; +http://www.google.com/bot.html)"
209.74.77.214 - - [21/Jul/2025:16:39:50 +0000] "POST /wp-cron.php?doing_wp_cron=1753115990.7027819156646728515625 HTTP/1.1" 403 33 "-" "WordPress/6.8.2; https://topflowroofingplumbing.com.au"
185.51.167.161 - - [21/Jul/2025:16:39:49 +0000] "GET /Public/admin/lib/webuploader/0.1.5/server/fileupload.php HTTP/1.1" 404 11698 "-" "Mozilla/5.0 (Windows NT 10.0; WOW64; rv:48.0) Gecko/20100101 Firefox/48.0"
2a06:98c0:3600::103 - - [21/Jul/2025:17:14:44 +0000] "GET /wordpress/wp-admin/setup-config.php HTTP/1.1" 404 11698 "-" "Mozilla/5.0 (Windows NT 10.0; Win64; x64) AppleWebKit/537.36 (KHTML, like Gecko) Chrome/137.0.0.0 Safari/537.36"
209.74.77.214 - - [21/Jul/2025:17:15:32 +0000] "POST /wp-cron.php?doing_wp_cron=1753118132.6991729736328125000000 HTTP/1.1" 403 33 "-" "WordPress/6.8.2; https://topflowroofingplumbing.com.au"
124.156.205.78 - - [21/Jul/2025:17:15:32 +0000] "GET /wp-aa.php HTTP/1.1" 404 11698 "-" "Mozilla/5.0 (Windows NT 10.0; Win64; x64; rv:77.0) Gecko/20100101 Firefox/77.0"
124.156.205.78 - - [21/Jul/2025:17:15:33 +0000] "GET /wp-content/plugins/wp-automatic/inc/csv.php HTTP/1.1" 404 11698 "-" "Mozilla/5.0 (Windows NT 10.0; Win64; x64; rv:77.0) Gecko/20100101 Firefox/77.0"
2a06:98c0:3600::103 - - [21/Jul/2025:17:16:25 +0000] "GET /wp-admin/setup-config.php HTTP/1.1" 404 11698 "-" "Mozilla/5.0 (Windows NT 10.0; Win64; x64) AppleWebKit/537.36 (KHTML, like Gecko) Chrome/137.0.0.0 Safari/537.36"
66.249.65.96 - - [21/Jul/2025:17:22:16 +0000] "GET /097001519.htm HTTP/1.1" 200 86184 "-" "Mozilla/5.0 (Linux; Android 6.0.1; Nexus 5X Build/MMB29P) AppleWebKit/537.36 (KHTML, like Gecko) Chrome/137.0.7151.103 Mobile Safari/537.36 (compatible; Googlebot/2.1; +http://www.google.com/bot.html)"
209.74.77.214 - - [21/Jul/2025:17:27:26 +0000] "POST /wp-cron.php?doing_wp_cron=1753118846.2523140907287597656250 HTTP/1.1" 403 33 "-" "WordPress/6.8.2; https://topflowroofingplumbing.com.au"
43.128.104.203 - - [21/Jul/2025:17:27:25 +0000] "GET /wp-aa.php HTTP/1.1" 404 11698 "-" "Mozilla/5.0 (Windows NT 10.0; Win64; x64; rv:77.0) Gecko/20100101 Firefox/77.0"
43.128.104.203 - - [21/Jul/2025:17:27:26 +0000] "GET /wp-content/plugins/wp-automatic/inc/csv.php HTTP/1.1" 404 11698 "-" "Mozilla/5.0 (Windows NT 10.0; Win64; x64; rv:77.0) Gecko/20100101 Firefox/77.0"
209.74.77.214 - - [21/Jul/2025:17:36:00 +0000] "POST /wp-cron.php?doing_wp_cron=1753119360.2350070476531982421875 HTTP/1.1" 403 33 "-" "WordPress/6.8.2; https://topflowroofingplumbing.com.au"
54.219.88.123 - - [21/Jul/2025:17:36:00 +0000] "GET / HTTP/1.1" 301 - "-" "Mozilla/5.0 (X11; Linux x86_64) AppleWebKit/537.36 (KHTML, like Gecko) Chrome/137.0.0.0 Safari/537.36"
43.134.124.153 - - [21/Jul/2025:18:24:50 +0000] "GET /memberfuns.php HTTP/1.1" 404 11698 "-" "Mozlila/5.0 (Linux; Android 7.0; SM-G892A Bulid/NRD90M; wv) AppleWebKit/537.36 (KHTML, like Gecko) Version/4.0 Chrome/60.0.3112.107 Moblie Safari/537.36"
43.134.124.153 - - [21/Jul/2025:18:24:52 +0000] "GET /wp-content/memberfuns.php HTTP/1.1" 404 11698 "-" "Mozlila/5.0 (Linux; Android 7.0; SM-G892A Bulid/NRD90M; wv) AppleWebKit/537.36 (KHTML, like Gecko) Version/4.0 Chrome/60.0.3112.107 Moblie Safari/537.36"
43.134.124.153 - - [21/Jul/2025:18:24:54 +0000] "GET /wp-admin/memberfuns.php HTTP/1.1" 404 11698 "-" "Mozlila/5.0 (Linux; Android 7.0; SM-G892A Bulid/NRD90M; wv) AppleWebKit/537.36 (KHTML, like Gecko) Version/4.0 Chrome/60.0.3112.107 Moblie Safari/537.36"
43.134.124.153 - - [21/Jul/2025:18:24:55 +0000] "GET /delpaths.php HTTP/1.1" 404 11698 "-" "Mozlila/5.0 (Linux; Android 7.0; SM-G892A Bulid/NRD90M; wv) AppleWebKit/537.36 (KHTML, like Gecko) Version/4.0 Chrome/60.0.3112.107 Moblie Safari/537.36"
43.134.124.153 - - [21/Jul/2025:18:24:59 +0000] "GET /gdftps.php HTTP/1.1" 404 11698 "-" "Mozlila/5.0 (Linux; Android 7.0; SM-G892A Bulid/NRD90M; wv) AppleWebKit/537.36 (KHTML, like Gecko) Version/4.0 Chrome/60.0.3112.107 Moblie Safari/537.36"
43.134.124.153 - - [21/Jul/2025:18:25:00 +0000] "GET /inputs.php HTTP/1.1" 404 11698 "-" "Mozlila/5.0 (Linux; Android 7.0; SM-G892A Bulid/NRD90M; wv) AppleWebKit/537.36 (KHTML, like Gecko) Version/4.0 Chrome/60.0.3112.107 Moblie Safari/537.36"
43.134.124.153 - - [21/Jul/2025:18:25:02 +0000] "GET /adminfuns.php HTTP/1.1" 404 11698 "-" "Mozlila/5.0 (Linux; Android 7.0; SM-G892A Bulid/NRD90M; wv) AppleWebKit/537.36 (KHTML, like Gecko) Version/4.0 Chrome/60.0.3112.107 Moblie Safari/537.36"
43.134.124.153 - - [21/Jul/2025:18:25:03 +0000] "GET /classfuns.php HTTP/1.1" 404 11698 "-" "Mozlila/5.0 (Linux; Android 7.0; SM-G892A Bulid/NRD90M; wv) AppleWebKit/537.36 (KHTML, like Gecko) Version/4.0 Chrome/60.0.3112.107 Moblie Safari/537.36"
43.134.124.153 - - [21/Jul/2025:18:25:05 +0000] "GET /thoms.php HTTP/1.1" 404 11698 "-" "Mozlila/5.0 (Linux; Android 7.0; SM-G892A Bulid/NRD90M; wv) AppleWebKit/537.36 (KHTML, like Gecko) Version/4.0 Chrome/60.0.3112.107 Moblie Safari/537.36"
43.134.124.153 - - [21/Jul/2025:18:25:07 +0000] "GET /filefuns.php HTTP/1.1" 404 11698 "-" "Mozlila/5.0 (Linux; Android 7.0; SM-G892A Bulid/NRD90M; wv) AppleWebKit/537.36 (KHTML, like Gecko) Version/4.0 Chrome/60.0.3112.107 Moblie Safari/537.36"
43.134.124.153 - - [21/Jul/2025:18:25:09 +0000] "GET /tempfuns.php HTTP/1.1" 404 11698 "-" "Mozlila/5.0 (Linux; Android 7.0; SM-G892A Bulid/NRD90M; wv) AppleWebKit/537.36 (KHTML, like Gecko) Version/4.0 Chrome/60.0.3112.107 Moblie Safari/537.36"
43.134.124.153 - - [21/Jul/2025:18:25:10 +0000] "GET /termps.php HTTP/1.1" 404 11698 "-" "Mozlila/5.0 (Linux; Android 7.0; SM-G892A Bulid/NRD90M; wv) AppleWebKit/537.36 (KHTML, like Gecko) Version/4.0 Chrome/60.0.3112.107 Moblie Safari/537.36"
43.134.124.153 - - [21/Jul/2025:18:25:12 +0000] "GET /hplfuns.php HTTP/1.1" 404 11698 "-" "Mozlila/5.0 (Linux; Android 7.0; SM-G892A Bulid/NRD90M; wv) AppleWebKit/537.36 (KHTML, like Gecko) Version/4.0 Chrome/60.0.3112.107 Moblie Safari/537.36"
43.134.124.153 - - [21/Jul/2025:18:25:13 +0000] "GET /wp-content/hplfuns.php HTTP/1.1" 404 11698 "-" "Mozlila/5.0 (Linux; Android 7.0; SM-G892A Bulid/NRD90M; wv) AppleWebKit/537.36 (KHTML, like Gecko) Version/4.0 Chrome/60.0.3112.107 Moblie Safari/537.36"
43.134.124.153 - - [21/Jul/2025:18:25:15 +0000] "GET /wp-admin/userfuns.php HTTP/1.1" 404 11698 "-" "Mozlila/5.0 (Linux; Android 7.0; SM-G892A Bulid/NRD90M; wv) AppleWebKit/537.36 (KHTML, like Gecko) Version/4.0 Chrome/60.0.3112.107 Moblie Safari/537.36"
54.36.148.36 - - [21/Jul/2025:19:16:54 +0000] "GET /robots.txt HTTP/1.1" 200 140 "-" "Mozilla/5.0 (compatible; AhrefsBot/7.0; +http://ahrefs.com/robot/)"
54.36.148.156 - - [21/Jul/2025:19:16:57 +0000] "GET / HTTP/1.1" 301 - "-" "Mozilla/5.0 (compatible; AhrefsBot/7.0; +http://ahrefs.com/robot/)"
66.249.73.101 - - [21/Jul/2025:19:36:18 +0000] "GET /robots.txt HTTP/1.1" 304 - "-" "Mozilla/5.0 (compatible; Googlebot/2.1; +http://www.google.com/bot.html)"
66.249.73.103 - - [21/Jul/2025:19:36:19 +0000] "GET /search?category=50001&search_word= HTTP/1.1" 200 85962 "-" "Mozilla/5.0 (Linux; Android 6.0.1; Nexus 5X Build/MMB29P) AppleWebKit/537.36 (KHTML, like Gecko) Chrome/137.0.7151.103 Mobile Safari/537.36 (compatible; Googlebot/2.1; +http://www.google.com/bot.html)"
209.74.77.214 - - [21/Jul/2025:19:57:39 +0000] "POST /wp-cron.php?doing_wp_cron=1753127859.5018780231475830078125 HTTP/1.1" 403 33 "-" "WordPress/6.8.2; https://topflowroofingplumbing.com.au"
162.62.213.165 - - [21/Jul/2025:19:57:38 +0000] "GET / HTTP/1.1" 301 - "-" "Mozilla/5.0 (iPhone; CPU iPhone OS 13_2_3 like Mac OS X) AppleWebKit/605.1.15 (KHTML, like Gecko) Version/13.0.3 Mobile/15E148 Safari/604.1"
66.249.73.99 - - [21/Jul/2025:20:17:52 +0000] "GET /search?category=65201&search_word= HTTP/1.1" 200 85429 "-" "Mozilla/5.0 (Linux; Android 6.0.1; Nexus 5X Build/MMB29P) AppleWebKit/537.36 (KHTML, like Gecko) Chrome/137.0.7151.103 Mobile Safari/537.36 (compatible; Googlebot/2.1; +http://www.google.com/bot.html)"
209.74.77.214 - - [21/Jul/2025:20:31:08 +0000] "POST /wp-cron.php?doing_wp_cron=1753129868.6115710735321044921875 HTTP/1.1" 403 33 "-" "WordPress/6.8.2; https://topflowroofingplumbing.com.au"
185.51.167.161 - - [21/Jul/2025:20:31:07 +0000] "GET /public/static/lib/webuploader/0.1.5/server/fileupload.php HTTP/1.1" 404 11698 "-" "Mozilla/5.0 (Windows NT 10.0; WOW64; rv:48.0) Gecko/20100101 Firefox/48.0"
66.249.73.100 - - [21/Jul/2025:20:40:12 +0000] "GET /man/customer_guide HTTP/1.1" 200 85435 "-" "Mozilla/5.0 (Linux; Android 6.0.1; Nexus 5X Build/MMB29P) AppleWebKit/537.36 (KHTML, like Gecko) Chrome/137.0.7151.103 Mobile Safari/537.36 (compatible; Googlebot/2.1; +http://www.google.com/bot.html)"
66.249.73.101 - - [21/Jul/2025:21:04:37 +0000] "GET /search.php HTTP/1.1" 200 86780 "-" "Mozilla/5.0 (Linux; Android 6.0.1; Nexus 5X Build/MMB29P) AppleWebKit/537.36 (KHTML, like Gecko) Chrome/137.0.7151.103 Mobile Safari/537.36 (compatible; Googlebot/2.1; +http://www.google.com/bot.html)"
66.249.73.102 - - [21/Jul/2025:21:09:35 +0000] "GET /index.php HTTP/1.1" 200 85610 "-" "Mozilla/5.0 (Linux; Android 6.0.1; Nexus 5X Build/MMB29P) AppleWebKit/537.36 (KHTML, like Gecko) Chrome/137.0.7151.103 Mobile Safari/537.36 (compatible; Googlebot/2.1; +http://www.google.com/bot.html)"
66.249.65.96 - - [21/Jul/2025:21:17:13 +0000] "GET /robots.txt HTTP/1.1" 304 - "-" "Mozilla/5.0 (compatible; Googlebot/2.1; +http://www.google.com/bot.html)"
66.249.65.96 - - [21/Jul/2025:21:17:13 +0000] "GET /pcmypage?callback=product/review/jyusetsupro-4042446 HTTP/1.1" 200 86262 "-" "Mozilla/5.0 (Linux; Android 6.0.1; Nexus 5X Build/MMB29P) AppleWebKit/537.36 (KHTML, like Gecko) Chrome/137.0.7151.103 Mobile Safari/537.36 (compatible; Googlebot/2.1; +http://www.google.com/bot.html)"
209.74.77.214 - - [21/Jul/2025:23:11:14 +0000] "POST /wp-cron.php?doing_wp_cron=1753139473.9987940788269042968750 HTTP/1.1" 403 33 "-" "WordPress/6.8.2; https://topflowroofingplumbing.com.au"
45.138.16.130 - - [21/Jul/2025:23:11:12 +0000] "GET /style.php HTTP/1.1" 404 11698 "-" "Mozilla/5.0 (Linux; Android 7.0; SM-G892A Build/NRD90M; wv) AppleWebKit/537.36 (KHTML, like Gecko) Version/4.0 Chrome/60.0.3112.107 Mobile Safari/537.36"
157.230.42.149 - - [22/Jul/2025:00:17:51 +0000] "GET /wp-includes/wlwmanifest.xml HTTP/1.1" 404 11698 "-" "python-requests/2.27.1"
157.230.42.149 - - [22/Jul/2025:00:17:52 +0000] "GET /administrator/index.php HTTP/1.1" 301 - "-" "python-requests/2.27.1"
157.230.42.149 - - [22/Jul/2025:00:17:52 +0000] "GET /administrator/ HTTP/1.1" 404 11698 "-" "python-requests/2.27.1"
157.230.42.149 - - [22/Jul/2025:00:17:53 +0000] "GET /view-source: HTTP/1.1" 404 11698 "-" "python-requests/2.27.1"
157.230.42.149 - - [22/Jul/2025:00:17:53 +0000] "GET /misc/ajax.js HTTP/1.1" 404 11698 "-" "python-requests/2.27.1"
66.249.65.98 - - [22/Jul/2025:00:25:42 +0000] "GET /076001460.htm HTTP/1.1" 200 86100 "-" "Mozilla/5.0 (Linux; Android 6.0.1; Nexus 5X Build/MMB29P) AppleWebKit/537.36 (KHTML, like Gecko) Chrome/137.0.7151.103 Mobile Safari/537.36 (compatible; Googlebot/2.1; +http://www.google.com/bot.html)"
13.74.85.151 - - [22/Jul/2025:00:32:35 +0000] "GET /wp-includes/images/crystal/ HTTP/1.1" 200 559 "-" "-"
13.74.85.151 - - [22/Jul/2025:00:32:35 +0000] "GET /wp-mail.php HTTP/1.1" 404 11698 "-" "-"
13.74.85.151 - - [22/Jul/2025:00:32:35 +0000] "GET /wp-admin/css/colors/coffee/cloud.php HTTP/1.1" 404 11698 "-" "-"
13.74.85.151 - - [22/Jul/2025:00:32:36 +0000] "GET /WSOEnigma.php HTTP/1.1" 404 11698 "-" "-"
13.74.85.151 - - [22/Jul/2025:00:32:36 +0000] "GET /adminfuns.php7 HTTP/1.1" 404 11698 "-" "-"
13.74.85.151 - - [22/Jul/2025:00:32:36 +0000] "GET /wp-includes/sitemaps/providers/ HTTP/1.1" 200 323 "-" "-"
13.74.85.151 - - [22/Jul/2025:00:32:37 +0000] "GET /ini.php HTTP/1.1" 404 11698 "-" "-"
13.74.85.151 - - [22/Jul/2025:00:32:37 +0000] "GET /wp-includes/js/tinymce/ HTTP/1.1" 200 536 "-" "-"
13.74.85.151 - - [22/Jul/2025:00:32:37 +0000] "GET /wp-content/blogs.dir/about.php HTTP/1.1" 404 11698 "-" "-"
13.74.85.151 - - [22/Jul/2025:00:32:37 +0000] "GET /wp-includes/customize/about.php HTTP/1.1" 404 11698 "-" "-"
13.74.85.151 - - [22/Jul/2025:00:32:38 +0000] "GET /upfile.php HTTP/1.1" 404 11698 "-" "-"
13.74.85.151 - - [22/Jul/2025:00:32:38 +0000] "GET /wp-admin/images/about.php HTTP/1.1" 404 11698 "-" "-"
13.74.85.151 - - [22/Jul/2025:00:32:39 +0000] "GET /wp-includes/ HTTP/1.1" 200 11929 "-" "-"
149.154.161.244 - - [22/Jul/2025:00:32:54 +0000] "GET /wp-includes/ HTTP/1.1" 200 11928 "-" "TelegramBot (like TwitterBot)"
54.236.1.11 - - [22/Jul/2025:00:42:12 +0000] "GET /robots.txt HTTP/1.1" 200 140 "-" "Mozilla/5.0 (compatible; Pinterestbot/1.0; +http://www.pinterest.com/bot.html)"
66.249.65.98 - - [22/Jul/2025:00:42:16 +0000] "GET /feature/sapporo/index.html HTTP/1.1" 200 85962 "-" "Mozilla/5.0 (Linux; Android 6.0.1; Nexus 5X Build/MMB29P) AppleWebKit/537.36 (KHTML, like Gecko) Chrome/137.0.7151.103 Mobile Safari/537.36 (compatible; Googlebot/2.1; +http://www.google.com/bot.html)"
2a03:2880:21ff:70:: - - [22/Jul/2025:00:42:18 +0000] "GET / HTTP/1.1" 301 - "-" "facebookexternalhit/1.1 (+http://www.facebook.com/externalhit_uatext.php)"
209.74.77.214 - - [22/Jul/2025:00:42:18 +0000] "POST /wp-cron.php?doing_wp_cron=1753144938.4144461154937744140625 HTTP/1.1" 403 33 "-" "WordPress/6.8.2; https://topflowroofingplumbing.com.au"
2a03:2880:21ff:6:: - - [22/Jul/2025:00:42:18 +0000] "GET / HTTP/1.1" 301 - "-" "facebookexternalhit/1.1 (+http://www.facebook.com/externalhit_uatext.php)"
2a03:2880:21ff:49:: - - [22/Jul/2025:00:42:18 +0000] "GET / HTTP/1.1" 301 - "-" "facebookexternalhit/1.1 (+http://www.facebook.com/externalhit_uatext.php)"
2a03:2880:21ff:8:: - - [22/Jul/2025:00:42:18 +0000] "GET / HTTP/1.1" 301 - "-" "facebookexternalhit/1.1 (+http://www.facebook.com/externalhit_uatext.php)"
209.74.77.214 - - [22/Jul/2025:00:43:18 +0000] "POST /wp-cron.php?doing_wp_cron=1753144998.5485279560089111328125 HTTP/1.1" 403 33 "-" "WordPress/6.8.2; https://topflowroofingplumbing.com.au"
2a03:2880:10ff:6:: - - [22/Jul/2025:00:43:18 +0000] "GET /?fbclid=IwZXh0bgNhZW0CMTEAAR7BAieyAe3YLoBEAKjECiqezV0YloWwLkE95YDUHdEwFmH4U8M3dC04SQc10A_aem_7HV3gK_gjzdCBk2FnxWYLg HTTP/1.1" 301 - "-" "Mozilla/5.0 (Windows NT 10.0; Win64; x64) AppleWebKit/537.36 (KHTML, like Gecko) Chrome/138.0.0.0 Safari/537.36"
185.51.167.161 - - [22/Jul/2025:01:14:10 +0000] "GET /public/static/h-ui/lib/webuploader/0.1.5/webuploader.js HTTP/1.1" 404 11698 "-" "Mozilla/5.0 (Windows NT 10.0; WOW64; rv:48.0) Gecko/20100101 Firefox/48.0"
Hello World !