2a03:2880:f800:15:: - - [21/Jul/2025:15:17:32 +0000] "GET /shopbrand/193953492 HTTP/1.1" 404 11694 "-" "meta-externalagent/1.1 (+https://developers.facebook.com/docs/sharing/webmasters/crawler)"
20.171.207.187 - - [21/Jul/2025:15:17:57 +0000] "GET /search.php?product/edit/hirochishop-2-sty16shsus-tn HTTP/1.1" 200 86914 "-" "Mozilla/5.0 AppleWebKit/537.36 (KHTML, like Gecko; compatible; GPTBot/1.2; +https://openai.com/gptbot)"
20.171.207.187 - - [21/Jul/2025:15:18:59 +0000] "GET /search.php?leap187000564.html HTTP/1.1" 200 87047 "-" "Mozilla/5.0 AppleWebKit/537.36 (KHTML, like Gecko; compatible; GPTBot/1.2; +https://openai.com/gptbot)"
209.74.77.214 - - [21/Jul/2025:15:19:13 +0000] "POST /wp-cron.php?doing_wp_cron=1753111153.1317501068115234375000 HTTP/1.1" 403 33 "-" "WordPress/6.8.2; https://topflowroofingplumbing.com.au"
2a03:2880:f800:10:: - - [21/Jul/2025:15:19:12 +0000] "GET /shopbrand/67918077 HTTP/1.1" 404 11694 "-" "meta-externalagent/1.1 (+https://developers.facebook.com/docs/sharing/webmasters/crawler)"
20.171.207.187 - - [21/Jul/2025:15:20:04 +0000] "GET /search.php?port234011137.html HTTP/1.1" 200 86379 "-" "Mozilla/5.0 AppleWebKit/537.36 (KHTML, like Gecko; compatible; GPTBot/1.2; +https://openai.com/gptbot)"
20.171.207.187 - - [21/Jul/2025:15:21:08 +0000] "GET /search.php?product/edit/ganbariya-707-8005 HTTP/1.1" 200 86370 "-" "Mozilla/5.0 AppleWebKit/537.36 (KHTML, like Gecko; compatible; GPTBot/1.2; +https://openai.com/gptbot)"
20.171.207.187 - - [21/Jul/2025:15:22:10 +0000] "GET /search.php?city022000489.html HTTP/1.1" 200 86893 "-" "Mozilla/5.0 AppleWebKit/537.36 (KHTML, like Gecko; compatible; GPTBot/1.2; +https://openai.com/gptbot)"
209.74.77.214 - - [21/Jul/2025:15:23:10 +0000] "POST /wp-cron.php?doing_wp_cron=1753111390.7910330295562744140625 HTTP/1.1" 403 33 "-" "WordPress/6.8.2; https://topflowroofingplumbing.com.au"
2a03:2880:f800:1c:: - - [21/Jul/2025:15:23:09 +0000] "GET /shopdetail/549177352 HTTP/1.1" 404 11694 "-" "meta-externalagent/1.1 (+https://developers.facebook.com/docs/sharing/webmasters/crawler)"
20.171.207.187 - - [21/Jul/2025:15:23:15 +0000] "GET /search.php?product/edit/kitcut-ps-517773 HTTP/1.1" 200 86873 "-" "Mozilla/5.0 AppleWebKit/537.36 (KHTML, like Gecko; compatible; GPTBot/1.2; +https://openai.com/gptbot)"
20.171.207.187 - - [21/Jul/2025:15:24:17 +0000] "GET /search.php?hike060005149.html HTTP/1.1" 200 87548 "-" "Mozilla/5.0 AppleWebKit/537.36 (KHTML, like Gecko; compatible; GPTBot/1.2; +https://openai.com/gptbot)"
20.171.207.187 - - [21/Jul/2025:15:25:17 +0000] "GET /search.php?wall286000619.html HTTP/1.1" 200 88253 "-" "Mozilla/5.0 AppleWebKit/537.36 (KHTML, like Gecko; compatible; GPTBot/1.2; +https://openai.com/gptbot)"
66.249.73.103 - - [21/Jul/2025:15:26:12 +0000] "GET /sit/l84?pid=595 HTTP/1.1" 200 85319 "-" "Mozilla/5.0 (Linux; Android 6.0.1; Nexus 5X Build/MMB29P) AppleWebKit/537.36 (KHTML, like Gecko) Chrome/137.0.7151.103 Mobile Safari/537.36 (compatible; Googlebot/2.1; +http://www.google.com/bot.html)"
20.171.207.187 - - [21/Jul/2025:15:26:17 +0000] "GET /search.php?heat200046785.html HTTP/1.1" 200 86808 "-" "Mozilla/5.0 AppleWebKit/537.36 (KHTML, like Gecko; compatible; GPTBot/1.2; +https://openai.com/gptbot)"
66.249.65.97 - - [21/Jul/2025:15:27:13 +0000] "GET /pcmypage?callback=product%2Fdetail%2Ffeliju-yd15lm-0008 HTTP/1.1" 200 85882 "-" "Mozilla/5.0 (Linux; Android 6.0.1; Nexus 5X Build/MMB29P) AppleWebKit/537.36 (KHTML, like Gecko) Chrome/137.0.7151.103 Mobile Safari/537.36 (compatible; Googlebot/2.1; +http://www.google.com/bot.html)"
66.249.65.99 - - [21/Jul/2025:15:27:13 +0000] "GET /?search?category=410&search_word= HTTP/1.1" 200 85925 "-" "Mozilla/5.0 (Linux; Android 6.0.1; Nexus 5X Build/MMB29P) AppleWebKit/537.36 (KHTML, like Gecko) Chrome/137.0.7151.103 Mobile Safari/537.36 (compatible; Googlebot/2.1; +http://www.google.com/bot.html)"
20.171.207.187 - - [21/Jul/2025:15:27:19 +0000] "GET /search.php?m181041187%3Fsrsltid=AfmBOouvURSrNXHaq0O3XA_58uSItGfLp_hP9Azn8b-P-EOW91uM1X HTTP/1.1" 200 86875 "-" "Mozilla/5.0 AppleWebKit/537.36 (KHTML, like Gecko; compatible; GPTBot/1.2; +https://openai.com/gptbot)"
209.74.77.214 - - [21/Jul/2025:15:28:19 +0000] "POST /wp-cron.php?doing_wp_cron=1753111699.2683749198913574218750 HTTP/1.1" 403 33 "-" "WordPress/6.8.2; https://topflowroofingplumbing.com.au"
2a03:2880:f800:4:: - - [21/Jul/2025:15:28:17 +0000] "GET /shopbrand/261470284 HTTP/1.1" 404 11694 "-" "meta-externalagent/1.1 (+https://developers.facebook.com/docs/sharing/webmasters/crawler)"
2a03:2880:f800:8:: - - [21/Jul/2025:15:28:19 +0000] "GET /shopdetail/548830652 HTTP/1.1" 404 11694 "-" "meta-externalagent/1.1 (+https://developers.facebook.com/docs/sharing/webmasters/crawler)"
20.171.207.187 - - [21/Jul/2025:15:28:21 +0000] "GET /search.php?each187000564.html HTTP/1.1" 200 86493 "-" "Mozilla/5.0 AppleWebKit/537.36 (KHTML, like Gecko; compatible; GPTBot/1.2; +https://openai.com/gptbot)"
2a03:2880:f800:1c:: - - [21/Jul/2025:15:28:43 +0000] "GET /shopdetail/495009352 HTTP/1.1" 404 11694 "-" "meta-externalagent/1.1 (+https://developers.facebook.com/docs/sharing/webmasters/crawler)"
2a03:2880:f800:a:: - - [21/Jul/2025:15:28:47 +0000] "GET /shopbrand/261487452 HTTP/1.1" 404 11694 "-" "meta-externalagent/1.1 (+https://developers.facebook.com/docs/sharing/webmasters/crawler)"
2a03:2880:f800:19:: - - [21/Jul/2025:15:28:51 +0000] "GET /shopbrand/193930302 HTTP/1.1" 404 11694 "-" "meta-externalagent/1.1 (+https://developers.facebook.com/docs/sharing/webmasters/crawler)"
199.182.234.68 - - [21/Jul/2025:15:29:09 +0000] "GET /wp-content/uploads/2024/11/TOPFL-dW.png HTTP/1.1" 200 6524 "http://topflowroofingplumbing.com.au/" "Mozilla/5.0 (Windows NT 10.0; Win64; x64) AppleWebKit/537.36 (KHTML, like Gecko) Chrome/137.0.0.0 Safari/537.36"
199.182.234.68 - - [21/Jul/2025:15:29:19 +0000] "GET /wp-content/uploads/2024/11/cropped-TF-Logo-32x32.png HTTP/1.1" 200 687 "http://topflowroofingplumbing.com.au/" "Mozilla/5.0 (Windows NT 10.0; Win64; x64) AppleWebKit/537.36 (KHTML, like Gecko) Chrome/137.0.0.0 Safari/537.36"
20.171.207.187 - - [21/Jul/2025:15:29:26 +0000] "GET /search.php?product/edit/tuzukiya-d13-5875 HTTP/1.1" 200 87010 "-" "Mozilla/5.0 AppleWebKit/537.36 (KHTML, like Gecko; compatible; GPTBot/1.2; +https://openai.com/gptbot)"
20.171.207.187 - - [21/Jul/2025:15:30:26 +0000] "GET /search.php?rope195000186.html HTTP/1.1" 200 87181 "-" "Mozilla/5.0 AppleWebKit/537.36 (KHTML, like Gecko; compatible; GPTBot/1.2; +https://openai.com/gptbot)"
20.171.207.187 - - [21/Jul/2025:15:31:30 +0000] "GET /search.php?club030004639.html HTTP/1.1" 200 86750 "-" "Mozilla/5.0 AppleWebKit/537.36 (KHTML, like Gecko; compatible; GPTBot/1.2; +https://openai.com/gptbot)"
66.249.65.97 - - [21/Jul/2025:15:32:32 +0000] "GET /045048895.htm HTTP/1.1" 200 85731 "-" "Mozilla/5.0 (Linux; Android 6.0.1; Nexus 5X Build/MMB29P) AppleWebKit/537.36 (KHTML, like Gecko) Chrome/137.0.7151.103 Mobile Safari/537.36 (compatible; Googlebot/2.1; +http://www.google.com/bot.html)"
20.171.207.187 - - [21/Jul/2025:15:32:33 +0000] "GET /search.php?core062000173.html HTTP/1.1" 200 86417 "-" "Mozilla/5.0 AppleWebKit/537.36 (KHTML, like Gecko; compatible; GPTBot/1.2; +https://openai.com/gptbot)"
173.208.153.154 - - [21/Jul/2025:15:33:25 +0000] "GET /wp-includes/wp-configs.php HTTP/1.1" 200 26 "https://topflowroofingplumbing.com.au/wp-includes/wp-configs.php" "Mozilla/5.0 (Macintosh; U; Intel Mac OS X 10_5_6; ja-jp) AppleWebKit/525.27.1 (KHTML, like Gecko) Version/3.2.1 Safari/525.27.1"
20.171.207.187 - - [21/Jul/2025:15:33:37 +0000] "GET /search.php?wash256044457.html HTTP/1.1" 200 87235 "-" "Mozilla/5.0 AppleWebKit/537.36 (KHTML, like Gecko; compatible; GPTBot/1.2; +https://openai.com/gptbot)"
209.74.77.214 - - [21/Jul/2025:15:34:25 +0000] "POST /wp-cron.php?doing_wp_cron=1753112064.9420690536499023437500 HTTP/1.1" 403 33 "-" "WordPress/6.8.2; https://topflowroofingplumbing.com.au"
2a03:2880:f800:12:: - - [21/Jul/2025:15:34:23 +0000] "GET /shopdetail/481473752 HTTP/1.1" 404 11694 "-" "meta-externalagent/1.1 (+https://developers.facebook.com/docs/sharing/webmasters/crawler)"
173.208.153.154 - - [21/Jul/2025:15:33:05 +0000] "GET /wp-includes/wp-configs.php HTTP/1.1" 200 - "https://topflowroofingplumbing.com.au/wp-includes/wp-configs.php" "Mozilla/5.0 (Macintosh; U; PPC Mac OS X; ja-jp) AppleWebKit/523.10.6 (KHTML, like Gecko) Version/3.0.4 Safari/523.10.6"
20.171.207.187 - - [21/Jul/2025:15:34:41 +0000] "GET /search.php?ride172000311.html HTTP/1.1" 200 86722 "-" "Mozilla/5.0 AppleWebKit/537.36 (KHTML, like Gecko; compatible; GPTBot/1.2; +https://openai.com/gptbot)"
2a03:2880:f800:15:: - - [21/Jul/2025:15:35:07 +0000] "GET /shopbrand/347437161 HTTP/1.1" 404 11694 "-" "meta-externalagent/1.1 (+https://developers.facebook.com/docs/sharing/webmasters/crawler)"
66.249.65.98 - - [21/Jul/2025:15:35:34 +0000] "GET /076000998.htm HTTP/1.1" 200 86170 "-" "Mozilla/5.0 (Linux; Android 6.0.1; Nexus 5X Build/MMB29P) AppleWebKit/537.36 (KHTML, like Gecko) Chrome/137.0.7151.103 Mobile Safari/537.36 (compatible; Googlebot/2.1; +http://www.google.com/bot.html)"
66.249.73.97 - - [21/Jul/2025:15:35:34 +0000] "GET /product/edit/hcvalor-eshop-trusco-5087286 HTTP/1.1" 200 87213 "-" "Mozilla/5.0 (Linux; Android 6.0.1; Nexus 5X Build/MMB29P) AppleWebKit/537.36 (KHTML, like Gecko) Chrome/137.0.7151.103 Mobile Safari/537.36 (compatible; Googlebot/2.1; +http://www.google.com/bot.html)"
20.171.207.187 - - [21/Jul/2025:15:35:42 +0000] "GET /search.php?coat030001549.html HTTP/1.1" 200 87310 "-" "Mozilla/5.0 AppleWebKit/537.36 (KHTML, like Gecko; compatible; GPTBot/1.2; +https://openai.com/gptbot)"
209.74.77.214 - - [21/Jul/2025:15:35:45 +0000] "POST /wp-cron.php?doing_wp_cron=1753112145.0681140422821044921875 HTTP/1.1" 403 33 "-" "WordPress/6.8.2; https://topflowroofingplumbing.com.au"
2a03:2880:f800:14:: - - [21/Jul/2025:15:35:44 +0000] "GET /shopbrand/88314219 HTTP/1.1" 404 11694 "-" "meta-externalagent/1.1 (+https://developers.facebook.com/docs/sharing/webmasters/crawler)"
66.249.65.97 - - [21/Jul/2025:15:36:35 +0000] "GET /090031050.htm HTTP/1.1" 200 85918 "-" "Mozilla/5.0 (Linux; Android 6.0.1; Nexus 5X Build/MMB29P) AppleWebKit/537.36 (KHTML, like Gecko) Chrome/137.0.7151.103 Mobile Safari/537.36 (compatible; Googlebot/2.1; +http://www.google.com/bot.html)"
20.171.207.187 - - [21/Jul/2025:15:36:44 +0000] "GET /search.php?ball289000618.html HTTP/1.1" 200 86521 "-" "Mozilla/5.0 AppleWebKit/537.36 (KHTML, like Gecko; compatible; GPTBot/1.2; +https://openai.com/gptbot)"
209.74.77.214 - - [21/Jul/2025:15:37:04 +0000] "POST /wp-cron.php?doing_wp_cron=1753112224.2107510566711425781250 HTTP/1.1" 403 33 "-" "WordPress/6.8.2; https://topflowroofingplumbing.com.au"
2a03:2880:f800:11:: - - [21/Jul/2025:15:37:03 +0000] "GET /shopbrand/193874288 HTTP/1.1" 404 11694 "-" "meta-externalagent/1.1 (+https://developers.facebook.com/docs/sharing/webmasters/crawler)"
20.171.207.187 - - [21/Jul/2025:15:37:45 +0000] "GET /search.php?items%2F099000380.html%3Fsrsltid=AfmBOordlYUAvGziadgODIZeHMIDYpBnjl8sgASXb55cnetypxd0 HTTP/1.1" 200 86111 "-" "Mozilla/5.0 AppleWebKit/537.36 (KHTML, like Gecko; compatible; GPTBot/1.2; +https://openai.com/gptbot)"
20.171.207.187 - - [21/Jul/2025:15:38:50 +0000] "GET /search.php?read258043555.html HTTP/1.1" 200 86606 "-" "Mozilla/5.0 AppleWebKit/537.36 (KHTML, like Gecko; compatible; GPTBot/1.2; +https://openai.com/gptbot)"
20.171.207.187 - - [21/Jul/2025:15:39:52 +0000] "GET /search.php?tour040009233.html HTTP/1.1" 200 87138 "-" "Mozilla/5.0 AppleWebKit/537.36 (KHTML, like Gecko; compatible; GPTBot/1.2; +https://openai.com/gptbot)"
20.171.207.187 - - [21/Jul/2025:15:40:56 +0000] "GET /search.php?song010002509.html HTTP/1.1" 200 87003 "-" "Mozilla/5.0 AppleWebKit/537.36 (KHTML, like Gecko; compatible; GPTBot/1.2; +https://openai.com/gptbot)"
66.249.65.105 - - [21/Jul/2025:15:41:54 +0000] "GET /pcmypage?callback=/product%2Fdetail%2greedkobe-191907y-084802 HTTP/1.1" 200 86702 "-" "Mozilla/5.0 (Linux; Android 6.0.1; Nexus 5X Build/MMB29P) AppleWebKit/537.36 (KHTML, like Gecko) Chrome/137.0.7151.103 Mobile Safari/537.36 (compatible; Googlebot/2.1; +http://www.google.com/bot.html)"
20.171.207.187 - - [21/Jul/2025:15:42:01 +0000] "GET /search.php?rock190003811.html HTTP/1.1" 200 86993 "-" "Mozilla/5.0 AppleWebKit/537.36 (KHTML, like Gecko; compatible; GPTBot/1.2; +https://openai.com/gptbot)"
4.227.36.86 - - [21/Jul/2025:15:42:03 +0000] "GET /robots.txt HTTP/1.1" 304 - "-" "Mozilla/5.0 AppleWebKit/537.36 (KHTML, like Gecko; compatible; GPTBot/1.2; +https://openai.com/gptbot)"
209.74.77.214 - - [21/Jul/2025:15:42:49 +0000] "POST /wp-cron.php?doing_wp_cron=1753112569.5813980102539062500000 HTTP/1.1" 403 33 "-" "WordPress/6.8.2; https://topflowroofingplumbing.com.au"
2a03:2880:f800:7:: - - [21/Jul/2025:15:42:48 +0000] "GET /shopbrand/347460093 HTTP/1.1" 404 11694 "-" "meta-externalagent/1.1 (+https://developers.facebook.com/docs/sharing/webmasters/crawler)"
20.171.207.187 - - [21/Jul/2025:15:43:05 +0000] "GET /search.php?core062000173.html HTTP/1.1" 200 86448 "-" "Mozilla/5.0 AppleWebKit/537.36 (KHTML, like Gecko; compatible; GPTBot/1.2; +https://openai.com/gptbot)"
2a03:2880:f800:2:: - - [21/Jul/2025:15:43:27 +0000] "GET /shopbrand/180787280 HTTP/1.1" 404 11694 "-" "meta-externalagent/1.1 (+https://developers.facebook.com/docs/sharing/webmasters/crawler)"
2a03:2880:f800:b:: - - [21/Jul/2025:15:43:49 +0000] "GET /shopdetail/591443552 HTTP/1.1" 404 11694 "-" "meta-externalagent/1.1 (+https://developers.facebook.com/docs/sharing/webmasters/crawler)"
20.171.207.187 - - [21/Jul/2025:15:44:11 +0000] "GET /search.php?lift056000771.html HTTP/1.1" 200 87128 "-" "Mozilla/5.0 AppleWebKit/537.36 (KHTML, like Gecko; compatible; GPTBot/1.2; +https://openai.com/gptbot)"
209.74.77.214 - - [21/Jul/2025:15:45:00 +0000] "POST /wp-cron.php?doing_wp_cron=1753112700.8576340675354003906250 HTTP/1.1" 403 33 "-" "WordPress/6.8.2; https://topflowroofingplumbing.com.au"
2a03:2880:f800:1a:: - - [21/Jul/2025:15:44:59 +0000] "GET /shopdetail/458532152 HTTP/1.1" 404 11694 "-" "meta-externalagent/1.1 (+https://developers.facebook.com/docs/sharing/webmasters/crawler)"
20.171.207.187 - - [21/Jul/2025:15:45:15 +0000] "GET /search.php?skip110008287.html HTTP/1.1" 200 86875 "-" "Mozilla/5.0 AppleWebKit/537.36 (KHTML, like Gecko; compatible; GPTBot/1.2; +https://openai.com/gptbot)"
20.171.207.187 - - [21/Jul/2025:15:46:19 +0000] "GET /search.php?harm143000756.html HTTP/1.1" 200 87297 "-" "Mozilla/5.0 AppleWebKit/537.36 (KHTML, like Gecko; compatible; GPTBot/1.2; +https://openai.com/gptbot)"
209.74.77.214 - - [21/Jul/2025:15:46:47 +0000] "POST /wp-cron.php?doing_wp_cron=1753112807.7486701011657714843750 HTTP/1.1" 403 33 "-" "WordPress/6.8.2; https://topflowroofingplumbing.com.au"
2a03:2880:f800:19:: - - [21/Jul/2025:15:46:46 +0000] "GET /shopbrand/193863055 HTTP/1.1" 404 11694 "-" "meta-externalagent/1.1 (+https://developers.facebook.com/docs/sharing/webmasters/crawler)"
2a03:2880:f800:c:: - - [21/Jul/2025:15:46:59 +0000] "GET /shopbrand/67997027 HTTP/1.1" 404 11694 "-" "meta-externalagent/1.1 (+https://developers.facebook.com/docs/sharing/webmasters/crawler)"
20.171.207.187 - - [21/Jul/2025:15:47:22 +0000] "GET /search.php?dose153000332.html HTTP/1.1" 200 85897 "-" "Mozilla/5.0 AppleWebKit/537.36 (KHTML, like Gecko; compatible; GPTBot/1.2; +https://openai.com/gptbot)"
20.171.207.187 - - [21/Jul/2025:15:48:25 +0000] "GET /search.php?slow190009369.html HTTP/1.1" 200 88619 "-" "Mozilla/5.0 AppleWebKit/537.36 (KHTML, like Gecko; compatible; GPTBot/1.2; +https://openai.com/gptbot)"
20.171.207.187 - - [21/Jul/2025:15:49:31 +0000] "GET /search.php?lamp278046333.html HTTP/1.1" 200 87222 "-" "Mozilla/5.0 AppleWebKit/537.36 (KHTML, like Gecko; compatible; GPTBot/1.2; +https://openai.com/gptbot)"
66.249.73.97 - - [21/Jul/2025:15:50:18 +0000] "GET /front/m60?pid=585 HTTP/1.1" 200 86486 "-" "Mozilla/5.0 (Linux; Android 6.0.1; Nexus 5X Build/MMB29P) AppleWebKit/537.36 (KHTML, like Gecko) Chrome/137.0.7151.103 Mobile Safari/537.36 (compatible; Googlebot/2.1; +http://www.google.com/bot.html)"
66.249.65.98 - - [21/Jul/2025:15:50:19 +0000] "GET /090030964.htm HTTP/1.1" 200 86922 "-" "Mozilla/5.0 (Linux; Android 6.0.1; Nexus 5X Build/MMB29P) AppleWebKit/537.36 (KHTML, like Gecko) Chrome/137.0.7151.103 Mobile Safari/537.36 (compatible; Googlebot/2.1; +http://www.google.com/bot.html)"
20.171.207.187 - - [21/Jul/2025:15:50:31 +0000] "GET /search.php?product/edit/rcmd-tm-2311512 HTTP/1.1" 200 87182 "-" "Mozilla/5.0 AppleWebKit/537.36 (KHTML, like Gecko; compatible; GPTBot/1.2; +https://openai.com/gptbot)"
209.74.77.214 - - [21/Jul/2025:15:50:41 +0000] "POST /wp-cron.php?doing_wp_cron=1753113041.2208230495452880859375 HTTP/1.1" 403 33 "-" "WordPress/6.8.2; https://topflowroofingplumbing.com.au"
2a03:2880:f800:10:: - - [21/Jul/2025:15:50:40 +0000] "GET /shopbrand/180805252 HTTP/1.1" 404 11694 "-" "meta-externalagent/1.1 (+https://developers.facebook.com/docs/sharing/webmasters/crawler)"
66.249.73.96 - - [21/Jul/2025:15:51:21 +0000] "GET /consumption/l25?pid=694 HTTP/1.1" 200 86239 "-" "Mozilla/5.0 (Linux; Android 6.0.1; Nexus 5X Build/MMB29P) AppleWebKit/537.36 (KHTML, like Gecko) Chrome/137.0.7151.103 Mobile Safari/537.36 (compatible; Googlebot/2.1; +http://www.google.com/bot.html)"
20.171.207.187 - - [21/Jul/2025:15:51:36 +0000] "GET /search.php?four118011197.html HTTP/1.1" 200 87698 "-" "Mozilla/5.0 AppleWebKit/537.36 (KHTML, like Gecko; compatible; GPTBot/1.2; +https://openai.com/gptbot)"
20.171.207.187 - - [21/Jul/2025:15:52:40 +0000] "GET /search.php?myth271004888.html HTTP/1.1" 200 87612 "-" "Mozilla/5.0 AppleWebKit/537.36 (KHTML, like Gecko; compatible; GPTBot/1.2; +https://openai.com/gptbot)"
20.171.207.187 - - [21/Jul/2025:15:53:42 +0000] "GET /search.php?hike243000348.html HTTP/1.1" 200 87265 "-" "Mozilla/5.0 AppleWebKit/537.36 (KHTML, like Gecko; compatible; GPTBot/1.2; +https://openai.com/gptbot)"
20.171.207.187 - - [21/Jul/2025:15:54:44 +0000] "GET /search.php?rank027000248.html HTTP/1.1" 200 88190 "-" "Mozilla/5.0 AppleWebKit/537.36 (KHTML, like Gecko; compatible; GPTBot/1.2; +https://openai.com/gptbot)"
20.171.207.187 - - [21/Jul/2025:15:55:50 +0000] "GET /search.php?zhHant%2Fproduct%2Fsurugaya%2Fg-bike-1408863-2757099%3Fcampaign_uid=f64d716db5e979ed2f947dbaf4296895b951ae7f HTTP/1.1" 200 87727 "-" "Mozilla/5.0 AppleWebKit/537.36 (KHTML, like Gecko; compatible; GPTBot/1.2; +https://openai.com/gptbot)"
209.74.77.214 - - [21/Jul/2025:15:55:53 +0000] "POST /wp-cron.php?doing_wp_cron=1753113353.0582768917083740234375 HTTP/1.1" 403 33 "-" "WordPress/6.8.2; https://topflowroofingplumbing.com.au"
2a03:2880:f800:4:: - - [21/Jul/2025:15:55:52 +0000] "GET /shopdetail/55009152 HTTP/1.1" 404 11694 "-" "meta-externalagent/1.1 (+https://developers.facebook.com/docs/sharing/webmasters/crawler)"
20.171.207.187 - - [21/Jul/2025:15:56:52 +0000] "GET /search.php?pine270005735.html HTTP/1.1" 200 87216 "-" "Mozilla/5.0 AppleWebKit/537.36 (KHTML, like Gecko; compatible; GPTBot/1.2; +https://openai.com/gptbot)"
20.171.207.187 - - [21/Jul/2025:15:57:52 +0000] "GET /search.php?safe_search%2Fconfig%3Freturn_url=%2Fproduct%2Fdetail%2Fq-uoli-9m2knc-a200n HTTP/1.1" 200 87783 "-" "Mozilla/5.0 AppleWebKit/537.36 (KHTML, like Gecko; compatible; GPTBot/1.2; +https://openai.com/gptbot)"
209.74.77.214 - - [21/Jul/2025:15:58:17 +0000] "POST /wp-cron.php?doing_wp_cron=1753113497.1956820487976074218750 HTTP/1.1" 403 33 "-" "WordPress/6.8.2; https://topflowroofingplumbing.com.au"
2a03:2880:f800:11:: - - [21/Jul/2025:15:58:16 +0000] "GET /shopbrand/68018413 HTTP/1.1" 404 11694 "-" "meta-externalagent/1.1 (+https://developers.facebook.com/docs/sharing/webmasters/crawler)"
20.171.207.187 - - [21/Jul/2025:15:58:55 +0000] "GET /search.php?m002000474%3Fsrsltid=AfmBOoCmcRHZPwZATj1aR2_JRwmNUYD6s_2pCjzSuV-X-hXLmISf5Q HTTP/1.1" 200 86720 "-" "Mozilla/5.0 AppleWebKit/537.36 (KHTML, like Gecko; compatible; GPTBot/1.2; +https://openai.com/gptbot)"
66.249.73.103 - - [21/Jul/2025:15:59:22 +0000] "GET /think/k22?pid=119 HTTP/1.1" 200 86842 "-" "Mozilla/5.0 (Linux; Android 6.0.1; Nexus 5X Build/MMB29P) AppleWebKit/537.36 (KHTML, like Gecko) Chrome/137.0.7151.103 Mobile Safari/537.36 (compatible; Googlebot/2.1; +http://www.google.com/bot.html)"
20.171.207.187 - - [21/Jul/2025:15:59:59 +0000] "GET /search.php?items%2F266025001.html%3Fsrsltid=AfmBOothpjRJLKWahIAk5NYLKJqGfscxgtY7IOcA7wSqGrW1waUc HTTP/1.1" 200 86723 "-" "Mozilla/5.0 AppleWebKit/537.36 (KHTML, like Gecko; compatible; GPTBot/1.2; +https://openai.com/gptbot)"
66.249.65.99 - - [21/Jul/2025:16:00:23 +0000] "GET /009000747.htm HTTP/1.1" 200 85599 "-" "Mozilla/5.0 (Linux; Android 6.0.1; Nexus 5X Build/MMB29P) AppleWebKit/537.36 (KHTML, like Gecko) Chrome/137.0.7151.103 Mobile Safari/537.36 (compatible; Googlebot/2.1; +http://www.google.com/bot.html)"
66.249.73.103 - - [21/Jul/2025:16:00:23 +0000] "GET /training/m54?pid=865 HTTP/1.1" 200 86791 "-" "Mozilla/5.0 (Linux; Android 6.0.1; Nexus 5X Build/MMB29P) AppleWebKit/537.36 (KHTML, like Gecko) Chrome/137.0.7151.103 Mobile Safari/537.36 (compatible; Googlebot/2.1; +http://www.google.com/bot.html)"
66.249.73.96 - - [21/Jul/2025:16:00:24 +0000] "GET /United/h50?pid=967 HTTP/1.1" 200 85915 "-" "Mozilla/5.0 (Linux; Android 6.0.1; Nexus 5X Build/MMB29P) AppleWebKit/537.36 (KHTML, like Gecko) Chrome/137.0.7151.103 Mobile Safari/537.36 (compatible; Googlebot/2.1; +http://www.google.com/bot.html)"
20.171.207.187 - - [21/Jul/2025:16:01:02 +0000] "GET /search.php?port260004765.html HTTP/1.1" 200 87823 "-" "Mozilla/5.0 AppleWebKit/537.36 (KHTML, like Gecko; compatible; GPTBot/1.2; +https://openai.com/gptbot)"
20.171.207.187 - - [21/Jul/2025:16:02:03 +0000] "GET /search.php?product/edit/powerstone-lulu-u20368 HTTP/1.1" 200 88167 "-" "Mozilla/5.0 AppleWebKit/537.36 (KHTML, like Gecko; compatible; GPTBot/1.2; +https://openai.com/gptbot)"
20.171.207.187 - - [21/Jul/2025:16:03:06 +0000] "GET /search.php?hurt292033367.html HTTP/1.1" 200 88792 "-" "Mozilla/5.0 AppleWebKit/537.36 (KHTML, like Gecko; compatible; GPTBot/1.2; +https://openai.com/gptbot)"
66.249.65.98 - - [21/Jul/2025:16:03:25 +0000] "GET /shopbrand/10399275 HTTP/1.1" 200 85708 "-" "Mozilla/5.0 (Linux; Android 6.0.1; Nexus 5X Build/MMB29P) AppleWebKit/537.36 (KHTML, like Gecko) Chrome/137.0.7151.103 Mobile Safari/537.36 (compatible; Googlebot/2.1; +http://www.google.com/bot.html)"
66.249.65.98 - - [21/Jul/2025:16:03:25 +0000] "GET /kaden.html HTTP/1.1" 200 86462 "-" "Mozilla/5.0 (Linux; Android 6.0.1; Nexus 5X Build/MMB29P) AppleWebKit/537.36 (KHTML, like Gecko) Chrome/137.0.7151.103 Mobile Safari/537.36 (compatible; Googlebot/2.1; +http://www.google.com/bot.html)"
66.249.65.99 - - [21/Jul/2025:16:03:25 +0000] "GET /296030890.htm HTTP/1.1" 200 87373 "-" "Mozilla/5.0 (Linux; Android 6.0.1; Nexus 5X Build/MMB29P) AppleWebKit/537.36 (KHTML, like Gecko) Chrome/137.0.7151.103 Mobile Safari/537.36 (compatible; Googlebot/2.1; +http://www.google.com/bot.html)"
20.171.207.187 - - [21/Jul/2025:16:04:08 +0000] "GET /search.php?cell300025841.html HTTP/1.1" 200 87281 "-" "Mozilla/5.0 AppleWebKit/537.36 (KHTML, like Gecko; compatible; GPTBot/1.2; +https://openai.com/gptbot)"
20.171.207.187 - - [21/Jul/2025:16:05:11 +0000] "GET /search.php?sigh178009991.html HTTP/1.1" 200 87711 "-" "Mozilla/5.0 AppleWebKit/537.36 (KHTML, like Gecko; compatible; GPTBot/1.2; +https://openai.com/gptbot)"
20.171.207.187 - - [21/Jul/2025:16:06:14 +0000] "GET /search.php?odds018000789.html HTTP/1.1" 200 87557 "-" "Mozilla/5.0 AppleWebKit/537.36 (KHTML, like Gecko; compatible; GPTBot/1.2; +https://openai.com/gptbot)"
209.74.77.214 - - [21/Jul/2025:16:07:12 +0000] "POST /wp-cron.php?doing_wp_cron=1753114032.2363610267639160156250 HTTP/1.1" 403 33 "-" "WordPress/6.8.2; https://topflowroofingplumbing.com.au"
2a03:2880:f800:1b:: - - [21/Jul/2025:16:07:10 +0000] "GET /shopdetail/73301052 HTTP/1.1" 404 11694 "-" "meta-externalagent/1.1 (+https://developers.facebook.com/docs/sharing/webmasters/crawler)"
20.171.207.187 - - [21/Jul/2025:16:07:18 +0000] "GET /search.php?limb098000515.html HTTP/1.1" 200 86521 "-" "Mozilla/5.0 AppleWebKit/537.36 (KHTML, like Gecko; compatible; GPTBot/1.2; +https://openai.com/gptbot)"
66.249.65.99 - - [21/Jul/2025:16:07:44 +0000] "GET /pcmypage?callback=product%2Fdetail%2Fakibaoo-r-hm001085665 HTTP/1.1" 200 86271 "-" "Mozilla/5.0 (Linux; Android 6.0.1; Nexus 5X Build/MMB29P) AppleWebKit/537.36 (KHTML, like Gecko) Chrome/137.0.7151.103 Mobile Safari/537.36 (compatible; Googlebot/2.1; +http://www.google.com/bot.html)"
20.171.207.187 - - [21/Jul/2025:16:08:20 +0000] "GET /search.php?much132000157.html HTTP/1.1" 200 87453 "-" "Mozilla/5.0 AppleWebKit/537.36 (KHTML, like Gecko; compatible; GPTBot/1.2; +https://openai.com/gptbot)"
20.171.207.187 - - [21/Jul/2025:16:09:25 +0000] "GET /search.php?items%2F075000570.html%3Fsrsltid=AfmBOomtmOBlFwWOPgBmIYwRFpWJACsoH2Qs5oXG0iyEwC4TZjKT HTTP/1.1" 200 86690 "-" "Mozilla/5.0 AppleWebKit/537.36 (KHTML, like Gecko; compatible; GPTBot/1.2; +https://openai.com/gptbot)"
66.249.73.103 - - [21/Jul/2025:16:09:29 +0000] "GET /pcmypage?callback=product/review/global-z-market-d-10156 HTTP/1.1" 200 86194 "-" "Mozilla/5.0 (Linux; Android 6.0.1; Nexus 5X Build/MMB29P) AppleWebKit/537.36 (KHTML, like Gecko) Chrome/137.0.7151.103 Mobile Safari/537.36 (compatible; Googlebot/2.1; +http://www.google.com/bot.html)"
209.74.77.214 - - [21/Jul/2025:16:09:45 +0000] "POST /wp-cron.php?doing_wp_cron=1753114184.9837899208068847656250 HTTP/1.1" 403 33 "-" "WordPress/6.8.2; https://topflowroofingplumbing.com.au"
2a03:2880:f800:17:: - - [21/Jul/2025:16:09:43 +0000] "GET /shopdetail/13273952 HTTP/1.1" 404 11694 "-" "meta-externalagent/1.1 (+https://developers.facebook.com/docs/sharing/webmasters/crawler)"
185.51.167.161 - - [21/Jul/2025:16:10:20 +0000] "GET /templates/main/lib/webuploader/0.1.5/webuploader.js HTTP/1.1" 404 11694 "-" "Mozilla/5.0 (Windows NT 10.0; WOW64; rv:48.0) Gecko/20100101 Firefox/48.0"
2a03:2880:f800:4:: - - [21/Jul/2025:16:10:23 +0000] "GET /shopbrand/88323993 HTTP/1.1" 404 11694 "-" "meta-externalagent/1.1 (+https://developers.facebook.com/docs/sharing/webmasters/crawler)"
20.171.207.187 - - [21/Jul/2025:16:10:29 +0000] "GET /search.php?text111023540.html HTTP/1.1" 200 87142 "-" "Mozilla/5.0 AppleWebKit/537.36 (KHTML, like Gecko; compatible; GPTBot/1.2; +https://openai.com/gptbot)"
209.74.77.214 - - [21/Jul/2025:16:11:09 +0000] "POST /wp-cron.php?doing_wp_cron=1753114269.7441339492797851562500 HTTP/1.1" 403 33 "-" "WordPress/6.8.2; https://topflowroofingplumbing.com.au"
2a03:2880:f800:f:: - - [21/Jul/2025:16:11:08 +0000] "GET /shopbrand/88356479 HTTP/1.1" 404 11694 "-" "meta-externalagent/1.1 (+https://developers.facebook.com/docs/sharing/webmasters/crawler)"
20.171.207.187 - - [21/Jul/2025:16:11:34 +0000] "GET /search.php?pcmypage%3Fcallback=product%2Freview%2Faoi-depart-238zak132 HTTP/1.1" 200 87619 "-" "Mozilla/5.0 AppleWebKit/537.36 (KHTML, like Gecko; compatible; GPTBot/1.2; +https://openai.com/gptbot)"
209.74.77.214 - - [21/Jul/2025:16:12:17 +0000] "POST /wp-cron.php?doing_wp_cron=1753114337.0869579315185546875000 HTTP/1.1" 403 33 "-" "WordPress/6.8.2; https://topflowroofingplumbing.com.au"
2a03:2880:f800:9:: - - [21/Jul/2025:16:12:15 +0000] "GET /shopbrand/261509096 HTTP/1.1" 404 11694 "-" "meta-externalagent/1.1 (+https://developers.facebook.com/docs/sharing/webmasters/crawler)"
20.171.207.187 - - [21/Jul/2025:16:12:36 +0000] "GET /search.php?dirt222002817.html HTTP/1.1" 200 87104 "-" "Mozilla/5.0 AppleWebKit/537.36 (KHTML, like Gecko; compatible; GPTBot/1.2; +https://openai.com/gptbot)"
20.171.207.187 - - [21/Jul/2025:16:13:37 +0000] "GET /search.php?rank111045814.html HTTP/1.1" 200 86928 "-" "Mozilla/5.0 AppleWebKit/537.36 (KHTML, like Gecko; compatible; GPTBot/1.2; +https://openai.com/gptbot)"
20.171.207.187 - - [21/Jul/2025:16:14:41 +0000] "GET /search.php?m064000180%3Fsrsltid=AfmBOoINokdsUTbZ7Plq2p_O9IlCFOMYt_O60wV435-U-teSvomRRU HTTP/1.1" 200 86420 "-" "Mozilla/5.0 AppleWebKit/537.36 (KHTML, like Gecko; compatible; GPTBot/1.2; +https://openai.com/gptbot)"
209.74.77.214 - - [21/Jul/2025:16:15:24 +0000] "POST /wp-cron.php?doing_wp_cron=1753114524.5726768970489501953125 HTTP/1.1" 403 33 "-" "WordPress/6.8.2; https://topflowroofingplumbing.com.au"
2a03:2880:f800:c:: - - [21/Jul/2025:16:15:23 +0000] "GET /shopdetail/290643052 HTTP/1.1" 404 11694 "-" "meta-externalagent/1.1 (+https://developers.facebook.com/docs/sharing/webmasters/crawler)"
20.171.207.187 - - [21/Jul/2025:16:15:46 +0000] "GET /search.php?dirt090001751.html HTTP/1.1" 200 86813 "-" "Mozilla/5.0 AppleWebKit/537.36 (KHTML, like Gecko; compatible; GPTBot/1.2; +https://openai.com/gptbot)"
45.227.253.15 - - [21/Jul/2025:16:15:52 +0000] "GET /index.php/jk HTTP/1.1" 301 - "-" "Mozilla/5.0 (Windows NT 6.2; WOW64) AppleWebKit/535.24 (KHTML, like Gecko) Chrome/83.0.1055.1 Safari/535.24"
45.227.253.15 - - [21/Jul/2025:16:15:53 +0000] "GET /jk HTTP/1.1" 200 209 "https://topflowroofingplumbing.com.au/index.php/jk" "Mozilla/5.0 (Windows NT 6.2; WOW64) AppleWebKit/535.24 (KHTML, like Gecko) Chrome/83.0.1055.1 Safari/535.24"
20.171.207.187 - - [21/Jul/2025:16:16:51 +0000] "GET /search.php?drop032044777.html HTTP/1.1" 200 87296 "-" "Mozilla/5.0 AppleWebKit/537.36 (KHTML, like Gecko; compatible; GPTBot/1.2; +https://openai.com/gptbot)"
209.74.77.214 - - [21/Jul/2025:16:17:09 +0000] "POST /wp-cron.php?doing_wp_cron=1753114629.1492741107940673828125 HTTP/1.1" 403 33 "-" "WordPress/6.8.2; https://topflowroofingplumbing.com.au"
2a03:2880:f800:13:: - - [21/Jul/2025:16:17:08 +0000] "GET /shopdetail/588789852 HTTP/1.1" 404 11694 "-" "meta-externalagent/1.1 (+https://developers.facebook.com/docs/sharing/webmasters/crawler)"
20.171.207.187 - - [21/Jul/2025:16:17:56 +0000] "GET /search.php?bell071025556.html HTTP/1.1" 200 86276 "-" "Mozilla/5.0 AppleWebKit/537.36 (KHTML, like Gecko; compatible; GPTBot/1.2; +https://openai.com/gptbot)"
2a03:2880:27ff:9:: - - [21/Jul/2025:16:18:53 +0000] "GET /robots.txt HTTP/1.1" 304 - "-" "facebookexternalhit/1.1 (+http://www.facebook.com/externalhit_uatext.php)"
209.74.77.214 - - [21/Jul/2025:16:18:54 +0000] "POST /wp-cron.php?doing_wp_cron=1753114734.4694209098815917968750 HTTP/1.1" 403 33 "-" "WordPress/6.8.2; https://topflowroofingplumbing.com.au"
2a03:2880:27ff:5:: - - [21/Jul/2025:16:18:53 +0000] "GET / HTTP/1.1" 301 - "-" "facebookexternalhit/1.1 (+http://www.facebook.com/externalhit_uatext.php)"
2a03:2880:27ff:1:: - - [21/Jul/2025:16:18:55 +0000] "GET / HTTP/1.1" 200 17489 "-" "facebookexternalhit/1.1 (+http://www.facebook.com/externalhit_uatext.php)"
20.171.207.187 - - [21/Jul/2025:16:18:59 +0000] "GET /search.php?book005000782.html HTTP/1.1" 200 87700 "-" "Mozilla/5.0 AppleWebKit/537.36 (KHTML, like Gecko; compatible; GPTBot/1.2; +https://openai.com/gptbot)"
209.74.77.214 - - [21/Jul/2025:16:19:56 +0000] "POST /wp-cron.php?doing_wp_cron=1753114796.6975710391998291015625 HTTP/1.1" 403 33 "-" "WordPress/6.8.2; https://topflowroofingplumbing.com.au"
2a03:2880:f800:1a:: - - [21/Jul/2025:16:19:55 +0000] "GET /shopbrand/193967924 HTTP/1.1" 404 11694 "-" "meta-externalagent/1.1 (+https://developers.facebook.com/docs/sharing/webmasters/crawler)"
20.171.207.187 - - [21/Jul/2025:16:20:04 +0000] "GET /search.php?safe260004709.html HTTP/1.1" 200 87133 "-" "Mozilla/5.0 AppleWebKit/537.36 (KHTML, like Gecko; compatible; GPTBot/1.2; +https://openai.com/gptbot)"
2a03:2880:f800:: - - [21/Jul/2025:16:20:36 +0000] "GET /shopbrand/352080033 HTTP/1.1" 404 11694 "-" "meta-externalagent/1.1 (+https://developers.facebook.com/docs/sharing/webmasters/crawler)"
2a03:2880:f800:16:: - - [21/Jul/2025:16:20:40 +0000] "GET /shopbrand/347509923 HTTP/1.1" 404 11694 "-" "meta-externalagent/1.1 (+https://developers.facebook.com/docs/sharing/webmasters/crawler)"
209.74.77.214 - - [21/Jul/2025:16:21:08 +0000] "POST /wp-cron.php?doing_wp_cron=1753114868.2466309070587158203125 HTTP/1.1" 403 33 "-" "WordPress/6.8.2; https://topflowroofingplumbing.com.au"
20.171.207.187 - - [21/Jul/2025:16:21:08 +0000] "GET /?_bd_prev_page=https%3A%2F%2Ftopflowroofingplumbing.com.au%2Fsuper.php%3Fitems%2F056000635.html%3Fsrsltid%3DAfmBOogxdTSVheRMNrMeh6w2VHzEfsDfLPkX8wY9721XVI6KWoXT&_bdsid=gj9gbu.n%7EXKZYM.173731041.175731817&_gz=2.190550713.194459015.171265578-867736498.163300847 HTTP/1.1" 301 - "-" "Mozilla/5.0 AppleWebKit/537.36 (KHTML, like Gecko; compatible; GPTBot/1.2; +https://openai.com/gptbot)"
20.171.207.187 - - [21/Jul/2025:16:21:08 +0000] "GET /?_bd_prev_page=https%3A%2F%2Ftopflowroofingplumbing.com.au%2Fsuper.php%3Fitems%2F056000635.html%3Fsrsltid%3DAfmBOogxdTSVheRMNrMeh6w2VHzEfsDfLPkX8wY9721XVI6KWoXT&_bdsid=gj9gbu.n~XKZYM.173731041.175731817&_gz=2.190550713.194459015.171265578-867736498.163300847 HTTP/1.1" 200 17676 "-" "Mozilla/5.0 AppleWebKit/537.36 (KHTML, like Gecko; compatible; GPTBot/1.2; +https://openai.com/gptbot)"
66.249.73.103 - - [21/Jul/2025:16:22:12 +0000] "GET /059000055.htm HTTP/1.1" 200 86053 "-" "Mozilla/5.0 (Linux; Android 6.0.1; Nexus 5X Build/MMB29P) AppleWebKit/537.36 (KHTML, like Gecko) Chrome/137.0.7151.103 Mobile Safari/537.36 (compatible; Googlebot/2.1; +http://www.google.com/bot.html)"
20.171.207.187 - - [21/Jul/2025:16:22:13 +0000] "GET /search.php?aunt088000327.html HTTP/1.1" 200 86988 "-" "Mozilla/5.0 AppleWebKit/537.36 (KHTML, like Gecko; compatible; GPTBot/1.2; +https://openai.com/gptbot)"
20.171.207.187 - - [21/Jul/2025:16:23:15 +0000] "GET /search.php?m054000296%3Fsrsltid=AfmBOoTfvxEBpFfoi8gCvw_HlfEKDMinj_YJ6szAkc-L-4XjHB7eLU HTTP/1.1" 200 87387 "-" "Mozilla/5.0 AppleWebKit/537.36 (KHTML, like Gecko; compatible; GPTBot/1.2; +https://openai.com/gptbot)"
20.171.207.187 - - [21/Jul/2025:16:24:20 +0000] "GET /search.php?data133042666.html HTTP/1.1" 200 87120 "-" "Mozilla/5.0 AppleWebKit/537.36 (KHTML, like Gecko; compatible; GPTBot/1.2; +https://openai.com/gptbot)"
20.171.207.187 - - [21/Jul/2025:16:25:24 +0000] "GET /search.php?items%2F291039894.html%3Fsrsltid=AfmBOolubWTxtqungidFCzlXFowpTOmqEzMB1AStbR7EaAPysOmn HTTP/1.1" 200 86650 "-" "Mozilla/5.0 AppleWebKit/537.36 (KHTML, like Gecko; compatible; GPTBot/1.2; +https://openai.com/gptbot)"
66.249.65.98 - - [21/Jul/2025:16:26:14 +0000] "GET /296031340.htm HTTP/1.1" 200 86729 "-" "Mozilla/5.0 (Linux; Android 6.0.1; Nexus 5X Build/MMB29P) AppleWebKit/537.36 (KHTML, like Gecko) Chrome/137.0.7151.103 Mobile Safari/537.36 (compatible; Googlebot/2.1; +http://www.google.com/bot.html)"
20.171.207.187 - - [21/Jul/2025:16:26:24 +0000] "GET /search.php?iron111011572.html HTTP/1.1" 200 86926 "-" "Mozilla/5.0 AppleWebKit/537.36 (KHTML, like Gecko; compatible; GPTBot/1.2; +https://openai.com/gptbot)"
20.171.207.187 - - [21/Jul/2025:16:27:27 +0000] "GET /search.php?items%2F237025418.html%3Fsrsltid=AfmBOoeussWpZWuerIpv1AXoCdRiHNcTNw3WqDwdHLcWNve84sXc HTTP/1.1" 200 87306 "-" "Mozilla/5.0 AppleWebKit/537.36 (KHTML, like Gecko; compatible; GPTBot/1.2; +https://openai.com/gptbot)"
20.171.207.187 - - [21/Jul/2025:16:28:30 +0000] "GET /search.php?zhHant%2Fproduct%2Fsurugaya%2Forangetool-2100063%3Fcampaign_uid=f64d716db5e979ed2f947dbaf4296895b951ae7f HTTP/1.1" 200 86904 "-" "Mozilla/5.0 AppleWebKit/537.36 (KHTML, like Gecko; compatible; GPTBot/1.2; +https://openai.com/gptbot)"
66.249.65.98 - - [21/Jul/2025:16:28:32 +0000] "GET /053000783.htm HTTP/1.1" 200 85945 "-" "Mozilla/5.0 (Linux; Android 6.0.1; Nexus 5X Build/MMB29P) AppleWebKit/537.36 (KHTML, like Gecko) Chrome/137.0.7151.103 Mobile Safari/537.36 (compatible; Googlebot/2.1; +http://www.google.com/bot.html)"
66.249.73.96 - - [21/Jul/2025:16:29:12 +0000] "GET /product/edit/egaos-ckeg5881 HTTP/1.1" 200 85648 "-" "Mozilla/5.0 (Linux; Android 6.0.1; Nexus 5X Build/MMB29P) AppleWebKit/537.36 (KHTML, like Gecko) Chrome/137.0.7151.103 Mobile Safari/537.36 (compatible; Googlebot/2.1; +http://www.google.com/bot.html)"
20.171.207.187 - - [21/Jul/2025:16:29:31 +0000] "GET /search.php?product/edit/tuzukiya-s819-0617 HTTP/1.1" 200 87170 "-" "Mozilla/5.0 AppleWebKit/537.36 (KHTML, like Gecko; compatible; GPTBot/1.2; +https://openai.com/gptbot)"
20.171.207.187 - - [21/Jul/2025:16:30:36 +0000] "GET /search.php?neck098000923.html HTTP/1.1" 200 87239 "-" "Mozilla/5.0 AppleWebKit/537.36 (KHTML, like Gecko; compatible; GPTBot/1.2; +https://openai.com/gptbot)"
66.249.65.98 - - [21/Jul/2025:16:30:51 +0000] "GET /pcmypage?callback=product%2Fdetail%2Fguubeat-moto-plr2122 HTTP/1.1" 200 85558 "-" "Mozilla/5.0 (Linux; Android 6.0.1; Nexus 5X Build/MMB29P) AppleWebKit/537.36 (KHTML, like Gecko) Chrome/137.0.7151.103 Mobile Safari/537.36 (compatible; Googlebot/2.1; +http://www.google.com/bot.html)"
20.171.207.187 - - [21/Jul/2025:16:31:41 +0000] "GET /search.php?test187000564.html HTTP/1.1" 200 87555 "-" "Mozilla/5.0 AppleWebKit/537.36 (KHTML, like Gecko; compatible; GPTBot/1.2; +https://openai.com/gptbot)"
20.171.207.187 - - [21/Jul/2025:16:32:44 +0000] "GET /search.php?pray098022267.html HTTP/1.1" 200 87148 "-" "Mozilla/5.0 AppleWebKit/537.36 (KHTML, like Gecko; compatible; GPTBot/1.2; +https://openai.com/gptbot)"
20.171.207.187 - - [21/Jul/2025:16:33:49 +0000] "GET /search.php?hire190009573.html HTTP/1.1" 200 87019 "-" "Mozilla/5.0 AppleWebKit/537.36 (KHTML, like Gecko; compatible; GPTBot/1.2; +https://openai.com/gptbot)"
20.171.207.187 - - [21/Jul/2025:16:34:49 +0000] "GET /search.php?foot216021115.html HTTP/1.1" 200 86764 "-" "Mozilla/5.0 AppleWebKit/537.36 (KHTML, like Gecko; compatible; GPTBot/1.2; +https://openai.com/gptbot)"
20.171.207.187 - - [21/Jul/2025:16:35:50 +0000] "GET /search.php?m071006729%3Fsrsltid=AfmBOoRwXiRKAaxupsXGA6_OTWScoWZJB_nVsDAVK8-V-0DcGZPynK HTTP/1.1" 200 87830 "-" "Mozilla/5.0 AppleWebKit/537.36 (KHTML, like Gecko; compatible; GPTBot/1.2; +https://openai.com/gptbot)"
209.74.77.214 - - [21/Jul/2025:16:36:28 +0000] "POST /wp-cron.php?doing_wp_cron=1753115788.4928588867187500000000 HTTP/1.1" 403 33 "-" "WordPress/6.8.2; https://topflowroofingplumbing.com.au"
2a03:2880:f800:10:: - - [21/Jul/2025:16:36:26 +0000] "GET /shopbrand/352167394 HTTP/1.1" 404 11694 "-" "meta-externalagent/1.1 (+https://developers.facebook.com/docs/sharing/webmasters/crawler)"
20.171.207.187 - - [21/Jul/2025:16:36:54 +0000] "GET /search.php?items%2F002000169.html%3Fsrsltid=AfmBOohqwcaanyWcKafCTCZsVBPuHxEt59XfK0f6LWK0LCYGYcOK HTTP/1.1" 200 87670 "-" "Mozilla/5.0 AppleWebKit/537.36 (KHTML, like Gecko; compatible; GPTBot/1.2; +https://openai.com/gptbot)"
20.171.207.187 - - [21/Jul/2025:16:37:55 +0000] "GET /search.php?m211037133%3Fsrsltid=AfmBOojPymJCeYvjOvRr3G_jXquFI69WY_QnD4A6Nb-N-b9XTzRVya HTTP/1.1" 200 87272 "-" "Mozilla/5.0 AppleWebKit/537.36 (KHTML, like Gecko; compatible; GPTBot/1.2; +https://openai.com/gptbot)"
209.74.77.214 - - [21/Jul/2025:16:38:10 +0000] "POST /wp-cron.php?doing_wp_cron=1753115890.7035169601440429687500 HTTP/1.1" 403 33 "-" "WordPress/6.8.2; https://topflowroofingplumbing.com.au"
2a03:2880:f800:9:: - - [21/Jul/2025:16:38:09 +0000] "GET /shopbrand/261461871 HTTP/1.1" 404 11694 "-" "meta-externalagent/1.1 (+https://developers.facebook.com/docs/sharing/webmasters/crawler)"
20.171.207.187 - - [21/Jul/2025:16:38:59 +0000] "GET /search.php?product/edit/l-plus-i231741 HTTP/1.1" 200 87302 "-" "Mozilla/5.0 AppleWebKit/537.36 (KHTML, like Gecko; compatible; GPTBot/1.2; +https://openai.com/gptbot)"
66.249.65.97 - - [21/Jul/2025:16:39:34 +0000] "GET /?search?category=406&search_word= HTTP/1.1" 200 86184 "-" "Mozilla/5.0 (Linux; Android 6.0.1; Nexus 5X Build/MMB29P) AppleWebKit/537.36 (KHTML, like Gecko) Chrome/137.0.7151.103 Mobile Safari/537.36 (compatible; Googlebot/2.1; +http://www.google.com/bot.html)"
20.171.207.187 - - [21/Jul/2025:16:40:04 +0000] "GET /search.php?pcmypage%3Fcallback=product%2Freview%2Ffirst34-trusco-4920315 HTTP/1.1" 200 86902 "-" "Mozilla/5.0 AppleWebKit/537.36 (KHTML, like Gecko; compatible; GPTBot/1.2; +https://openai.com/gptbot)"
20.171.207.187 - - [21/Jul/2025:16:41:07 +0000] "GET /search.php?bush167042000.html HTTP/1.1" 200 86985 "-" "Mozilla/5.0 AppleWebKit/537.36 (KHTML, like Gecko; compatible; GPTBot/1.2; +https://openai.com/gptbot)"
209.74.77.214 - - [21/Jul/2025:16:41:45 +0000] "POST /wp-cron.php?doing_wp_cron=1753116105.0936160087585449218750 HTTP/1.1" 403 33 "-" "WordPress/6.8.2; https://topflowroofingplumbing.com.au"
2a03:2880:f800:6:: - - [21/Jul/2025:16:41:43 +0000] "GET /shopbrand/261529374 HTTP/1.1" 404 11694 "-" "meta-externalagent/1.1 (+https://developers.facebook.com/docs/sharing/webmasters/crawler)"
2a03:2880:f800:: - - [21/Jul/2025:16:41:46 +0000] "GET /shopbrand/352082358 HTTP/1.1" 404 11694 "-" "meta-externalagent/1.1 (+https://developers.facebook.com/docs/sharing/webmasters/crawler)"
20.171.207.187 - - [21/Jul/2025:16:42:08 +0000] "GET /search.php?product/edit/tuzukiya-y02-1111 HTTP/1.1" 200 86499 "-" "Mozilla/5.0 AppleWebKit/537.36 (KHTML, like Gecko; compatible; GPTBot/1.2; +https://openai.com/gptbot)"
20.171.207.187 - - [21/Jul/2025:16:43:13 +0000] "GET /search.php?will193012220.html HTTP/1.1" 200 88133 "-" "Mozilla/5.0 AppleWebKit/537.36 (KHTML, like Gecko; compatible; GPTBot/1.2; +https://openai.com/gptbot)"
173.208.153.154 - - [21/Jul/2025:16:43:26 +0000] "GET /wp-includes/wp-configs.php HTTP/1.1" 200 26 "https://topflowroofingplumbing.com.au/wp-includes/wp-configs.php" "Mozilla/5.0 (compatible; MSIE 9.0; Windows NT 6.1; WOW64; Trident/5.0)"
209.74.77.214 - - [21/Jul/2025:16:43:48 +0000] "POST /wp-cron.php?doing_wp_cron=1753116228.7349541187286376953125 HTTP/1.1" 403 33 "-" "WordPress/6.8.2; https://topflowroofingplumbing.com.au"
2a03:2880:f800:14:: - - [21/Jul/2025:16:43:47 +0000] "GET /shopbrand/67912843 HTTP/1.1" 404 11694 "-" "meta-externalagent/1.1 (+https://developers.facebook.com/docs/sharing/webmasters/crawler)"
2a03:2880:f800:a:: - - [21/Jul/2025:16:44:04 +0000] "GET /shopbrand/180818476 HTTP/1.1" 404 11694 "-" "meta-externalagent/1.1 (+https://developers.facebook.com/docs/sharing/webmasters/crawler)"
20.171.207.187 - - [21/Jul/2025:16:44:18 +0000] "GET /search.php?wrap294000171.html HTTP/1.1" 200 87406 "-" "Mozilla/5.0 AppleWebKit/537.36 (KHTML, like Gecko; compatible; GPTBot/1.2; +https://openai.com/gptbot)"
20.171.207.187 - - [21/Jul/2025:16:45:21 +0000] "GET /search.php?hers187000564.html HTTP/1.1" 200 87394 "-" "Mozilla/5.0 AppleWebKit/537.36 (KHTML, like Gecko; compatible; GPTBot/1.2; +https://openai.com/gptbot)"
20.171.207.187 - - [21/Jul/2025:16:46:25 +0000] "GET /search.php?army076000219.html HTTP/1.1" 200 86293 "-" "Mozilla/5.0 AppleWebKit/537.36 (KHTML, like Gecko; compatible; GPTBot/1.2; +https://openai.com/gptbot)"
66.249.65.105 - - [21/Jul/2025:16:47:19 +0000] "GET /pcmypage?callback=/product%2Fdetail%2mostprice-terzo-arb-sient-1 HTTP/1.1" 200 87240 "-" "Mozilla/5.0 (Linux; Android 6.0.1; Nexus 5X Build/MMB29P) AppleWebKit/537.36 (KHTML, like Gecko) Chrome/137.0.7151.103 Mobile Safari/537.36 (compatible; Googlebot/2.1; +http://www.google.com/bot.html)"
20.171.207.187 - - [21/Jul/2025:16:47:29 +0000] "GET /search.php?goat103000182.html HTTP/1.1" 200 86979 "-" "Mozilla/5.0 AppleWebKit/537.36 (KHTML, like Gecko; compatible; GPTBot/1.2; +https://openai.com/gptbot)"
209.74.77.214 - - [21/Jul/2025:16:47:37 +0000] "POST /wp-cron.php?doing_wp_cron=1753116457.6947970390319824218750 HTTP/1.1" 403 33 "-" "WordPress/6.8.2; https://topflowroofingplumbing.com.au"
17.241.219.177 - - [21/Jul/2025:16:47:36 +0000] "GET /category/blog-construction/ HTTP/1.1" 200 11988 "-" "Mozilla/5.0 (Macintosh; Intel Mac OS X 10_15_7) AppleWebKit/605.1.15 (KHTML, like Gecko) Version/17.4 Safari/605.1.15 (Applebot/0.1; +http://www.apple.com/go/applebot)"
20.171.207.187 - - [21/Jul/2025:16:48:30 +0000] "GET /search.php?ally239038444.html HTTP/1.1" 200 86920 "-" "Mozilla/5.0 AppleWebKit/537.36 (KHTML, like Gecko; compatible; GPTBot/1.2; +https://openai.com/gptbot)"
209.74.77.214 - - [21/Jul/2025:16:49:24 +0000] "POST /wp-cron.php?doing_wp_cron=1753116564.4590098857879638671875 HTTP/1.1" 403 33 "-" "WordPress/6.8.2; https://topflowroofingplumbing.com.au"
2a03:2880:f800:3:: - - [21/Jul/2025:16:49:23 +0000] "GET /shopdetail/130022252 HTTP/1.1" 404 11694 "-" "meta-externalagent/1.1 (+https://developers.facebook.com/docs/sharing/webmasters/crawler)"
20.171.207.187 - - [21/Jul/2025:16:49:32 +0000] "GET /search.php?glad142028111.html HTTP/1.1" 200 86534 "-" "Mozilla/5.0 AppleWebKit/537.36 (KHTML, like Gecko; compatible; GPTBot/1.2; +https://openai.com/gptbot)"
45.227.253.15 - - [21/Jul/2025:16:49:56 +0000] "GET /cgi-bin/cgi-bin/cgi-bin/cgi-bin/index.php?ARRAY=7o2230223n313735333132303330362p2231223n22687474703n5p2s5p2s7n7334383376313373752r746s6566612r626p6s675p2s3s6p633q78696164616r5s72616r645s7061746826743q313735333131363730362q3931333166306665346433356465313733653565396362643530656162613638222p2232223n226564663330333439343432363661613439376461616166316666393135303038222p2233223n223934356438666134663530376639383361656238376163666666646565326364222p2262696r675s70617373223n2232322q33372q35392q36352q37362q38372q3237227q HTTP/1.1" 200 452 "-" "Mozilla/5.0 (Windows NT 10.0; Win64; x64) AppleWebKit/537.36 (KHTML, like Gecko) Chrome/75.0.3780 Safari/537.36 Edg/75.0.139"
20.171.207.187 - - [21/Jul/2025:16:50:34 +0000] "GET /search.php?leap278046333.html HTTP/1.1" 200 87096 "-" "Mozilla/5.0 AppleWebKit/537.36 (KHTML, like Gecko; compatible; GPTBot/1.2; +https://openai.com/gptbot)"
66.249.65.96 - - [21/Jul/2025:16:51:21 +0000] "GET /pcmypage?callback=product%2Fdetail%2Fasty-shop-x0-1uck10pyu6-10eb HTTP/1.1" 200 87058 "-" "Mozilla/5.0 (Linux; Android 6.0.1; Nexus 5X Build/MMB29P) AppleWebKit/537.36 (KHTML, like Gecko) Chrome/137.0.7151.103 Mobile Safari/537.36 (compatible; Googlebot/2.1; +http://www.google.com/bot.html)"
20.171.207.187 - - [21/Jul/2025:16:51:37 +0000] "GET /search.php?atop222037905.html HTTP/1.1" 200 86474 "-" "Mozilla/5.0 AppleWebKit/537.36 (KHTML, like Gecko; compatible; GPTBot/1.2; +https://openai.com/gptbot)"
20.171.207.187 - - [21/Jul/2025:16:52:41 +0000] "GET /search.php?code111042008.html HTTP/1.1" 200 87169 "-" "Mozilla/5.0 AppleWebKit/537.36 (KHTML, like Gecko; compatible; GPTBot/1.2; +https://openai.com/gptbot)"
209.74.77.214 - - [21/Jul/2025:16:52:54 +0000] "POST /wp-cron.php?doing_wp_cron=1753116774.4052278995513916015625 HTTP/1.1" 403 33 "-" "WordPress/6.8.2; https://topflowroofingplumbing.com.au"
2a03:2880:f800:d:: - - [21/Jul/2025:16:52:53 +0000] "GET /shopdetail/258860052 HTTP/1.1" 404 11694 "-" "meta-externalagent/1.1 (+https://developers.facebook.com/docs/sharing/webmasters/crawler)"
2a03:2880:f800:7:: - - [21/Jul/2025:16:53:21 +0000] "GET /shopdetail/555434152 HTTP/1.1" 404 11694 "-" "meta-externalagent/1.1 (+https://developers.facebook.com/docs/sharing/webmasters/crawler)"
2a03:2880:f800:19:: - - [21/Jul/2025:16:53:23 +0000] "GET /shopdetail/531423252 HTTP/1.1" 404 11694 "-" "meta-externalagent/1.1 (+https://developers.facebook.com/docs/sharing/webmasters/crawler)"
2a03:2880:f800:8:: - - [21/Jul/2025:16:53:41 +0000] "GET /shopdetail/108860352 HTTP/1.1" 404 11694 "-" "meta-externalagent/1.1 (+https://developers.facebook.com/docs/sharing/webmasters/crawler)"
20.171.207.187 - - [21/Jul/2025:16:53:45 +0000] "GET /search.php?plan296000653.html HTTP/1.1" 200 87064 "-" "Mozilla/5.0 AppleWebKit/537.36 (KHTML, like Gecko; compatible; GPTBot/1.2; +https://openai.com/gptbot)"
209.74.77.214 - - [21/Jul/2025:16:53:59 +0000] "POST /wp-cron.php?doing_wp_cron=1753116839.4112050533294677734375 HTTP/1.1" 403 33 "-" "WordPress/6.8.2; https://topflowroofingplumbing.com.au"
2a03:2880:f800:8:: - - [21/Jul/2025:16:53:59 +0000] "GET /shopbrand/347440612 HTTP/1.1" 404 11694 "-" "meta-externalagent/1.1 (+https://developers.facebook.com/docs/sharing/webmasters/crawler)"
2a03:2880:f800:1:: - - [21/Jul/2025:16:54:02 +0000] "GET /shopbrand/67929095 HTTP/1.1" 404 11694 "-" "meta-externalagent/1.1 (+https://developers.facebook.com/docs/sharing/webmasters/crawler)"
2a03:2880:f800:6:: - - [21/Jul/2025:16:54:04 +0000] "GET /shopbrand/88227192 HTTP/1.1" 404 11694 "-" "meta-externalagent/1.1 (+https://developers.facebook.com/docs/sharing/webmasters/crawler)"
66.249.73.96 - - [21/Jul/2025:16:54:22 +0000] "GET /product/edit/re-vida-y1-14224489jr HTTP/1.1" 200 85910 "-" "Mozilla/5.0 (Linux; Android 6.0.1; Nexus 5X Build/MMB29P) AppleWebKit/537.36 (KHTML, like Gecko) Chrome/137.0.7151.103 Mobile Safari/537.36 (compatible; Googlebot/2.1; +http://www.google.com/bot.html)"
20.171.207.187 - - [21/Jul/2025:16:54:49 +0000] "GET /search.php?next050002651.html HTTP/1.1" 200 87557 "-" "Mozilla/5.0 AppleWebKit/537.36 (KHTML, like Gecko; compatible; GPTBot/1.2; +https://openai.com/gptbot)"
20.171.207.187 - - [21/Jul/2025:16:55:53 +0000] "GET /search.php?product/edit/kys-tr-7626967 HTTP/1.1" 200 87674 "-" "Mozilla/5.0 AppleWebKit/537.36 (KHTML, like Gecko; compatible; GPTBot/1.2; +https://openai.com/gptbot)"
20.171.207.187 - - [21/Jul/2025:16:56:55 +0000] "GET /search.php?disc146000211.html HTTP/1.1" 200 87160 "-" "Mozilla/5.0 AppleWebKit/537.36 (KHTML, like Gecko; compatible; GPTBot/1.2; +https://openai.com/gptbot)"
66.249.73.103 - - [21/Jul/2025:16:57:23 +0000] "GET /pcmypage?callback=/product%2Fdetail%2hatoya-cr4560385183041 HTTP/1.1" 200 85946 "-" "Mozilla/5.0 (Linux; Android 6.0.1; Nexus 5X Build/MMB29P) AppleWebKit/537.36 (KHTML, like Gecko) Chrome/137.0.7151.103 Mobile Safari/537.36 (compatible; Googlebot/2.1; +http://www.google.com/bot.html)"
66.249.65.97 - - [21/Jul/2025:16:57:24 +0000] "GET /298017706.htm HTTP/1.1" 200 85947 "-" "Mozilla/5.0 (Linux; Android 6.0.1; Nexus 5X Build/MMB29P) AppleWebKit/537.36 (KHTML, like Gecko) Chrome/137.0.7151.103 Mobile Safari/537.36 (compatible; Googlebot/2.1; +http://www.google.com/bot.html)"
66.249.73.103 - - [21/Jul/2025:16:57:24 +0000] "GET /consequently/o32?pid=123 HTTP/1.1" 200 85606 "-" "Mozilla/5.0 (Linux; Android 6.0.1; Nexus 5X Build/MMB29P) AppleWebKit/537.36 (KHTML, like Gecko) Chrome/137.0.7151.103 Mobile Safari/537.36 (compatible; Googlebot/2.1; +http://www.google.com/bot.html)"
