66.249.65.105 - - [22/Jul/2025:00:25:59 +0000] "GET /225009893.htm HTTP/1.1" 200 85898 "-" "Mozilla/5.0 (Linux; Android 6.0.1; Nexus 5X Build/MMB29P) AppleWebKit/537.36 (KHTML, like Gecko) Chrome/137.0.7151.103 Mobile Safari/537.36 (compatible; Googlebot/2.1; +http://www.google.com/bot.html)"
66.249.65.105 - - [22/Jul/2025:00:26:22 +0000] "GET /236042686.htm HTTP/1.1" 200 86205 "-" "Mozilla/5.0 (Linux; Android 6.0.1; Nexus 5X Build/MMB29P) AppleWebKit/537.36 (KHTML, like Gecko) Chrome/137.0.7151.103 Mobile Safari/537.36 (compatible; Googlebot/2.1; +http://www.google.com/bot.html)"
66.249.73.96 - - [22/Jul/2025:00:26:23 +0000] "GET /pcmypage?callback=product/review/pastelplanning-cxnk-i70-ljmr-1 HTTP/1.1" 200 85440 "-" "Mozilla/5.0 (compatible; Googlebot/2.1; +http://www.google.com/bot.html)"
20.171.207.187 - - [22/Jul/2025:00:26:27 +0000] "GET /search.php?items%2F207041524.html%3Fsrsltid=AfmBOoiokSPbYhIjacdQiqnLZcXxSrTYW3gCuUYhFpgv07xOBOqq HTTP/1.1" 200 86388 "-" "Mozilla/5.0 AppleWebKit/537.36 (KHTML, like Gecko; compatible; GPTBot/1.2; +https://openai.com/gptbot)"
66.249.65.105 - - [22/Jul/2025:00:26:51 +0000] "GET /001001135.htm HTTP/1.1" 200 85745 "-" "Mozilla/5.0 (Linux; Android 6.0.1; Nexus 5X Build/MMB29P) AppleWebKit/537.36 (KHTML, like Gecko) Chrome/137.0.7151.103 Mobile Safari/537.36 (compatible; Googlebot/2.1; +http://www.google.com/bot.html)"
66.249.73.103 - - [22/Jul/2025:00:26:52 +0000] "GET /appeal/e34?pid=113 HTTP/1.1" 200 85292 "-" "Mozilla/5.0 (Linux; Android 6.0.1; Nexus 5X Build/MMB29P) AppleWebKit/537.36 (KHTML, like Gecko) Chrome/137.0.7151.103 Mobile Safari/537.36 (compatible; Googlebot/2.1; +http://www.google.com/bot.html)"
66.249.65.105 - - [22/Jul/2025:00:27:06 +0000] "GET /158014490.htm HTTP/1.1" 200 85628 "-" "Mozilla/5.0 (Linux; Android 6.0.1; Nexus 5X Build/MMB29P) AppleWebKit/537.36 (KHTML, like Gecko) Chrome/137.0.7151.103 Mobile Safari/537.36 (compatible; Googlebot/2.1; +http://www.google.com/bot.html)"
20.171.207.187 - - [22/Jul/2025:00:27:27 +0000] "GET /search.php?items%2F186032423.html%3Fsrsltid=AfmBOoeaxZGHgfaoHBZojCUWJPkrWhiav7wBw73awPpzTjqBOJZV HTTP/1.1" 200 86925 "-" "Mozilla/5.0 AppleWebKit/537.36 (KHTML, like Gecko; compatible; GPTBot/1.2; +https://openai.com/gptbot)"
66.249.65.105 - - [22/Jul/2025:00:27:28 +0000] "GET /pcmypage?callback=product%2Fdetail%2Fmeicho2-set-exp-37234-652 HTTP/1.1" 200 87283 "-" "Mozilla/5.0 (Linux; Android 6.0.1; Nexus 5X Build/MMB29P) AppleWebKit/537.36 (KHTML, like Gecko) Chrome/137.0.7151.103 Mobile Safari/537.36 (compatible; Googlebot/2.1; +http://www.google.com/bot.html)"
66.249.73.96 - - [22/Jul/2025:00:27:29 +0000] "GET /category/108_273/1/listing HTTP/1.1" 200 86802 "-" "Mozilla/5.0 (Linux; Android 6.0.1; Nexus 5X Build/MMB29P) AppleWebKit/537.36 (KHTML, like Gecko) Chrome/137.0.7151.103 Mobile Safari/537.36 (compatible; Googlebot/2.1; +http://www.google.com/bot.html)"
66.249.65.105 - - [22/Jul/2025:00:27:50 +0000] "GET /pcmypage?callback=product/review/re-vida-71-299818-navy HTTP/1.1" 200 85713 "-" "Mozilla/5.0 (Linux; Android 6.0.1; Nexus 5X Build/MMB29P) AppleWebKit/537.36 (KHTML, like Gecko) Chrome/137.0.7151.103 Mobile Safari/537.36 (compatible; Googlebot/2.1; +http://www.google.com/bot.html)"
66.249.65.97 - - [22/Jul/2025:00:28:12 +0000] "GET /036033326.htm HTTP/1.1" 200 85944 "-" "Mozilla/5.0 (Linux; Android 6.0.1; Nexus 5X Build/MMB29P) AppleWebKit/537.36 (KHTML, like Gecko) Chrome/137.0.7151.103 Mobile Safari/537.36 (compatible; Googlebot/2.1; +http://www.google.com/bot.html)"
20.171.207.187 - - [22/Jul/2025:00:28:28 +0000] "GET /search.php?items%2F036037867.html%3Fsrsltid=AfmBOomcnBLBLTybpgKtEz0DIayRjftZodWVfOCBXttWQA0qvS1u HTTP/1.1" 200 86931 "-" "Mozilla/5.0 AppleWebKit/537.36 (KHTML, like Gecko; compatible; GPTBot/1.2; +https://openai.com/gptbot)"
66.249.65.105 - - [22/Jul/2025:00:28:34 +0000] "GET /055026583.htm HTTP/1.1" 200 85668 "-" "Mozilla/5.0 (Linux; Android 6.0.1; Nexus 5X Build/MMB29P) AppleWebKit/537.36 (KHTML, like Gecko) Chrome/137.0.7151.103 Mobile Safari/537.36 (compatible; Googlebot/2.1; +http://www.google.com/bot.html)"
66.249.65.105 - - [22/Jul/2025:00:28:56 +0000] "GET /pcmypage?callback=product/review/akarica-ed596476 HTTP/1.1" 200 86514 "-" "Mozilla/5.0 (Linux; Android 6.0.1; Nexus 5X Build/MMB29P) AppleWebKit/537.36 (KHTML, like Gecko) Chrome/137.0.7151.103 Mobile Safari/537.36 (compatible; Googlebot/2.1; +http://www.google.com/bot.html)"
66.249.65.96 - - [22/Jul/2025:00:29:23 +0000] "GET /pcmypage?callback=product%2Fdetail%2Fakarica-ed596476 HTTP/1.1" 200 86101 "-" "Mozilla/5.0 (Linux; Android 6.0.1; Nexus 5X Build/MMB29P) AppleWebKit/537.36 (KHTML, like Gecko) Chrome/137.0.7151.103 Mobile Safari/537.36 (compatible; Googlebot/2.1; +http://www.google.com/bot.html)"
66.249.73.97 - - [22/Jul/2025:00:29:23 +0000] "GET /product/edit/egaos-ckeg5881 HTTP/1.1" 200 85937 "-" "Mozilla/5.0 (Linux; Android 6.0.1; Nexus 5X Build/MMB29P) AppleWebKit/537.36 (KHTML, like Gecko) Chrome/137.0.7151.103 Mobile Safari/537.36 (compatible; Googlebot/2.1; +http://www.google.com/bot.html)"
20.171.207.187 - - [22/Jul/2025:00:29:31 +0000] "GET /search.php?items%2F132043679.html%3Fsrsltid=AfmBOouxvxuVpuzAcPIJ3CEHIpARSTCbFdeFXoZRTcx4y8EmHKKp HTTP/1.1" 200 87856 "-" "Mozilla/5.0 AppleWebKit/537.36 (KHTML, like Gecko; compatible; GPTBot/1.2; +https://openai.com/gptbot)"
66.249.65.105 - - [22/Jul/2025:00:29:40 +0000] "GET /pcmypage?callback=/product%2Fdetail%2Carplus-81212302005-qq-3c HTTP/1.1" 200 85917 "-" "Mozilla/5.0 (Linux; Android 6.0.1; Nexus 5X Build/MMB29P) AppleWebKit/537.36 (KHTML, like Gecko) Chrome/137.0.7151.103 Mobile Safari/537.36 (compatible; Googlebot/2.1; +http://www.google.com/bot.html)"
66.249.65.105 - - [22/Jul/2025:00:30:13 +0000] "GET /077025271.htm HTTP/1.1" 200 87520 "-" "Mozilla/5.0 (Linux; Android 6.0.1; Nexus 5X Build/MMB29P) AppleWebKit/537.36 (KHTML, like Gecko) Chrome/137.0.7151.103 Mobile Safari/537.36 (compatible; Googlebot/2.1; +http://www.google.com/bot.html)"
209.74.77.214 - - [22/Jul/2025:00:30:24 +0000] "POST /wp-cron.php?doing_wp_cron=1753144224.6782250404357910156250 HTTP/1.1" 403 33 "-" "WordPress/6.8.2; https://topflowroofingplumbing.com.au"
2a03:2880:f800:1b:: - - [22/Jul/2025:00:30:20 +0000] "GET /shopbrand/261551785 HTTP/1.1" 404 11694 "-" "meta-externalagent/1.1 (+https://developers.facebook.com/docs/sharing/webmasters/crawler)"
2a03:2880:f800:d:: - - [22/Jul/2025:00:30:27 +0000] "GET /shopdetail/540975352 HTTP/1.1" 404 11694 "-" "meta-externalagent/1.1 (+https://developers.facebook.com/docs/sharing/webmasters/crawler)"
66.249.65.96 - - [22/Jul/2025:00:30:30 +0000] "GET /pcmypage?callback=product/review/shop-easu-ds-1860072 HTTP/1.1" 200 86193 "-" "Mozilla/5.0 (Linux; Android 6.0.1; Nexus 5X Build/MMB29P) AppleWebKit/537.36 (KHTML, like Gecko) Chrome/137.0.7151.103 Mobile Safari/537.36 (compatible; Googlebot/2.1; +http://www.google.com/bot.html)"
66.249.65.96 - - [22/Jul/2025:00:30:30 +0000] "GET /001001125.htm HTTP/1.1" 200 86024 "-" "Mozilla/5.0 (Linux; Android 6.0.1; Nexus 5X Build/MMB29P) AppleWebKit/537.36 (KHTML, like Gecko) Chrome/137.0.7151.103 Mobile Safari/537.36 (compatible; Googlebot/2.1; +http://www.google.com/bot.html)"
20.171.207.187 - - [22/Jul/2025:00:30:32 +0000] "GET /search.php?items%2F068001029.html%3Fsrsltid=AfmBOodvfsDJvqBxeBHMbmdBEfKzVJznnSnW7zM7eqaFtBmAGZr4 HTTP/1.1" 200 87967 "-" "Mozilla/5.0 AppleWebKit/537.36 (KHTML, like Gecko; compatible; GPTBot/1.2; +https://openai.com/gptbot)"
66.249.65.105 - - [22/Jul/2025:00:30:47 +0000] "GET /southern/e65?pid=118 HTTP/1.1" 200 86286 "-" "Mozilla/5.0 (Linux; Android 6.0.1; Nexus 5X Build/MMB29P) AppleWebKit/537.36 (KHTML, like Gecko) Chrome/137.0.7151.103 Mobile Safari/537.36 (compatible; Googlebot/2.1; +http://www.google.com/bot.html)"
66.249.65.105 - - [22/Jul/2025:00:30:47 +0000] "GET /008000334.htm HTTP/1.1" 200 89107 "-" "Mozilla/5.0 (Linux; Android 6.0.1; Nexus 5X Build/MMB29P) AppleWebKit/537.36 (KHTML, like Gecko) Chrome/137.0.7151.103 Mobile Safari/537.36 (compatible; Googlebot/2.1; +http://www.google.com/bot.html)"
66.249.73.97 - - [22/Jul/2025:00:31:03 +0000] "GET /training/m54?pid=865 HTTP/1.1" 200 86701 "-" "Mozilla/5.0 (Linux; Android 6.0.1; Nexus 5X Build/MMB29P) AppleWebKit/537.36 (KHTML, like Gecko) Chrome/137.0.7151.103 Mobile Safari/537.36 (compatible; Googlebot/2.1; +http://www.google.com/bot.html)"
209.85.238.33 - - [22/Jul/2025:00:31:08 +0000] "GET /.well-known/apple-app-site-association HTTP/1.1" 200 33 "-" "Mozilla/5.0 (Linux; Android 6.0.1; Nexus 5X Build/MMB29P) AppleWebKit/537.36 (KHTML, like Gecko) Chrome/137.0.7151.103 Mobile Safari/537.36 (compatible; AdsBot-Google-Mobile; +http://www.google.com/mobile/adsbot.html)"
66.249.65.97 - - [22/Jul/2025:00:31:08 +0000] "GET /pcmypage?callback=product/review/ballclub-ckm1800s-1 HTTP/1.1" 200 85624 "-" "Mozilla/5.0 (Linux; Android 6.0.1; Nexus 5X Build/MMB29P) AppleWebKit/537.36 (KHTML, like Gecko) Chrome/137.0.7151.103 Mobile Safari/537.36 (compatible; Googlebot/2.1; +http://www.google.com/bot.html)"
66.249.65.96 - - [22/Jul/2025:00:31:30 +0000] "GET /pcmypage?callback=/product%2Fdetail%2Akibaoo-r-hm002006252 HTTP/1.1" 200 87050 "-" "Mozilla/5.0 (Linux; Android 6.0.1; Nexus 5X Build/MMB29P) AppleWebKit/537.36 (KHTML, like Gecko) Chrome/137.0.7151.103 Mobile Safari/537.36 (compatible; Googlebot/2.1; +http://www.google.com/bot.html)"
20.171.207.187 - - [22/Jul/2025:00:31:36 +0000] "GET /search.php?items%2F059023186.html%3Fsrsltid=AfmBOozjzPYaIhgoZaoVAIiSRmsFIxgInBGd2iNuw1wpEXI6gbmz HTTP/1.1" 200 87666 "-" "Mozilla/5.0 AppleWebKit/537.36 (KHTML, like Gecko; compatible; GPTBot/1.2; +https://openai.com/gptbot)"
66.249.65.105 - - [22/Jul/2025:00:32:06 +0000] "GET /081016913.htm HTTP/1.1" 200 85438 "-" "Mozilla/5.0 (Linux; Android 6.0.1; Nexus 5X Build/MMB29P) AppleWebKit/537.36 (KHTML, like Gecko) Chrome/137.0.7151.103 Mobile Safari/537.36 (compatible; Googlebot/2.1; +http://www.google.com/bot.html)"
66.249.65.105 - - [22/Jul/2025:00:32:23 +0000] "GET /pcmypage?callback=product/review/golfdo-official-21271017201185450024 HTTP/1.1" 200 86403 "-" "Mozilla/5.0 (Linux; Android 6.0.1; Nexus 5X Build/MMB29P) AppleWebKit/537.36 (KHTML, like Gecko) Chrome/137.0.7151.103 Mobile Safari/537.36 (compatible; Googlebot/2.1; +http://www.google.com/bot.html)"
209.74.77.214 - - [22/Jul/2025:00:32:31 +0000] "POST /wp-cron.php?doing_wp_cron=1753144350.9939351081848144531250 HTTP/1.1" 403 33 "-" "WordPress/6.8.2; https://topflowroofingplumbing.com.au"
2a03:2880:f800:c:: - - [22/Jul/2025:00:32:30 +0000] "GET /shopbrand/193944741 HTTP/1.1" 404 11694 "-" "meta-externalagent/1.1 (+https://developers.facebook.com/docs/sharing/webmasters/crawler)"
2a03:2880:f800:18:: - - [22/Jul/2025:00:32:34 +0000] "GET /shopdetail/419946452 HTTP/1.1" 404 11694 "-" "meta-externalagent/1.1 (+https://developers.facebook.com/docs/sharing/webmasters/crawler)"
66.249.65.105 - - [22/Jul/2025:00:32:39 +0000] "GET /131040301.htm HTTP/1.1" 200 85984 "-" "Mozilla/5.0 (Linux; Android 6.0.1; Nexus 5X Build/MMB29P) AppleWebKit/537.36 (KHTML, like Gecko) Chrome/137.0.7151.103 Mobile Safari/537.36 (compatible; Googlebot/2.1; +http://www.google.com/bot.html)"
20.171.207.187 - - [22/Jul/2025:00:32:41 +0000] "GET /search.php?items%2F087028548.html%3Fsrsltid=AfmBOonriucthAtSEknlvoMUKjZItzeEJh8VEH7kZaqNCaGfNGW8 HTTP/1.1" 200 86701 "-" "Mozilla/5.0 AppleWebKit/537.36 (KHTML, like Gecko; compatible; GPTBot/1.2; +https://openai.com/gptbot)"
2a03:2880:f800:3:: - - [22/Jul/2025:00:32:59 +0000] "GET /shopbrand/88298597 HTTP/1.1" 404 11694 "-" "meta-externalagent/1.1 (+https://developers.facebook.com/docs/sharing/webmasters/crawler)"
209.85.238.33 - - [22/Jul/2025:00:33:09 +0000] "GET /apple-app-site-association HTTP/1.1" 200 33 "-" "Mozilla/5.0 (Linux; Android 6.0.1; Nexus 5X Build/MMB29P) AppleWebKit/537.36 (KHTML, like Gecko) Chrome/137.0.7151.103 Mobile Safari/537.36 (compatible; AdsBot-Google-Mobile; +http://www.google.com/mobile/adsbot.html)"
66.249.65.99 - - [22/Jul/2025:00:33:11 +0000] "GET /008007344.htm HTTP/1.1" 200 85856 "-" "Mozilla/5.0 (Linux; Android 6.0.1; Nexus 5X Build/MMB29P) AppleWebKit/537.36 (KHTML, like Gecko) Chrome/137.0.7151.103 Mobile Safari/537.36 (compatible; Googlebot/2.1; +http://www.google.com/bot.html)"
66.249.65.97 - - [22/Jul/2025:00:33:28 +0000] "GET /pcmypage?callback=product%2Fdetail%2Fcarplus-81212302005-qq-3c HTTP/1.1" 200 85586 "-" "Mozilla/5.0 (Linux; Android 6.0.1; Nexus 5X Build/MMB29P) AppleWebKit/537.36 (KHTML, like Gecko) Chrome/137.0.7151.103 Mobile Safari/537.36 (compatible; Googlebot/2.1; +http://www.google.com/bot.html)"
20.171.207.187 - - [22/Jul/2025:00:33:43 +0000] "GET /search.php?items%2F235044268.html%3Fsrsltid=AfmBOoktamqmYIKxyNFr3D3iMeJGoHyudGfFCLlVSMVIeci8XUtU HTTP/1.1" 200 90294 "-" "Mozilla/5.0 AppleWebKit/537.36 (KHTML, like Gecko; compatible; GPTBot/1.2; +https://openai.com/gptbot)"
66.249.65.97 - - [22/Jul/2025:00:33:44 +0000] "GET /166010884.htm HTTP/1.1" 200 85976 "-" "Mozilla/5.0 (Linux; Android 6.0.1; Nexus 5X Build/MMB29P) AppleWebKit/537.36 (KHTML, like Gecko) Chrome/137.0.7151.103 Mobile Safari/537.36 (compatible; Googlebot/2.1; +http://www.google.com/bot.html)"
66.249.65.98 - - [22/Jul/2025:00:34:16 +0000] "GET /bean/a32?pid=805 HTTP/1.1" 200 85577 "-" "Mozilla/5.0 (Linux; Android 6.0.1; Nexus 5X Build/MMB29P) AppleWebKit/537.36 (KHTML, like Gecko) Chrome/137.0.7151.103 Mobile Safari/537.36 (compatible; Googlebot/2.1; +http://www.google.com/bot.html)"
66.249.65.99 - - [22/Jul/2025:00:34:17 +0000] "GET /pcmypage?callback=/product%2Fdetail%2Ballclub-ckm1800s-1 HTTP/1.1" 200 85444 "-" "Mozilla/5.0 (Linux; Android 6.0.1; Nexus 5X Build/MMB29P) AppleWebKit/537.36 (KHTML, like Gecko) Chrome/137.0.7151.103 Mobile Safari/537.36 (compatible; Googlebot/2.1; +http://www.google.com/bot.html)"
66.249.65.99 - - [22/Jul/2025:00:34:16 +0000] "GET /054002502.htm HTTP/1.1" 200 86537 "-" "Mozilla/5.0 (Linux; Android 6.0.1; Nexus 5X Build/MMB29P) AppleWebKit/537.36 (KHTML, like Gecko) Chrome/137.0.7151.103 Mobile Safari/537.36 (compatible; Googlebot/2.1; +http://www.google.com/bot.html)"
66.249.65.98 - - [22/Jul/2025:00:34:17 +0000] "GET /244045600.htm HTTP/1.1" 200 86214 "-" "Mozilla/5.0 (Linux; Android 6.0.1; Nexus 5X Build/MMB29P) AppleWebKit/537.36 (KHTML, like Gecko) Chrome/137.0.7151.103 Mobile Safari/537.36 (compatible; Googlebot/2.1; +http://www.google.com/bot.html)"
66.249.65.98 - - [22/Jul/2025:00:34:27 +0000] "GET /047001053.htm HTTP/1.1" 200 85591 "-" "Mozilla/5.0 (Linux; Android 6.0.1; Nexus 5X Build/MMB29P) AppleWebKit/537.36 (KHTML, like Gecko) Chrome/137.0.7151.103 Mobile Safari/537.36 (compatible; Googlebot/2.1; +http://www.google.com/bot.html)"
2001:4860:7:501::fc - - [22/Jul/2025:00:34:38 +0000] "GET /view-all-services/faucet-leak-repairs/ HTTP/1.1" 200 207 "https://www.google.com/" "Mozilla/5.0 (Windows NT 10.0; Win64; x64) AppleWebKit/537.36 (KHTML, like Gecko) Chrome/138.0.0.0 Safari/537.36"
209.74.77.214 - - [22/Jul/2025:00:34:39 +0000] "POST /wp-cron.php?doing_wp_cron=1753144479.7547509670257568359375 HTTP/1.1" 403 33 "-" "WordPress/6.8.2; https://topflowroofingplumbing.com.au"
64.233.173.197 - - [22/Jul/2025:00:34:38 +0000] "GET /.well-known/traffic-advice HTTP/1.1" 404 11694 "-" "Chrome Privacy Preserving Prefetch Proxy"
20.171.207.187 - - [22/Jul/2025:00:34:46 +0000] "GET /search.php?safe_search%2Fconfig%3Freturn_url=%2Fproduct%2Fdetail%2Fplayful-k-147149 HTTP/1.1" 200 87721 "-" "Mozilla/5.0 AppleWebKit/537.36 (KHTML, like Gecko; compatible; GPTBot/1.2; +https://openai.com/gptbot)"
66.249.65.97 - - [22/Jul/2025:00:34:48 +0000] "GET /pcmypage?callback=product/review/akibaoo-r-hm002006252 HTTP/1.1" 200 87787 "-" "Mozilla/5.0 (Linux; Android 6.0.1; Nexus 5X Build/MMB29P) AppleWebKit/537.36 (KHTML, like Gecko) Chrome/137.0.7151.103 Mobile Safari/537.36 (compatible; Googlebot/2.1; +http://www.google.com/bot.html)"
66.249.65.98 - - [22/Jul/2025:00:34:53 +0000] "GET /050000360.htm HTTP/1.1" 200 85414 "-" "Mozilla/5.0 (Linux; Android 6.0.1; Nexus 5X Build/MMB29P) AppleWebKit/537.36 (KHTML, like Gecko) Chrome/137.0.7151.103 Mobile Safari/537.36 (compatible; Googlebot/2.1; +http://www.google.com/bot.html)"
66.249.65.98 - - [22/Jul/2025:00:35:10 +0000] "GET /pcmypage?callback=product%2Fdetail%2Fakibaoo-r-hm002006252 HTTP/1.1" 200 88435 "-" "Mozilla/5.0 (Linux; Android 6.0.1; Nexus 5X Build/MMB29P) AppleWebKit/537.36 (KHTML, like Gecko) Chrome/137.0.7151.103 Mobile Safari/537.36 (compatible; Googlebot/2.1; +http://www.google.com/bot.html)"
66.249.65.98 - - [22/Jul/2025:00:35:33 +0000] "GET /pcmypage?callback=product/review/miraiippootakaraclub-wdnmltfiovra7mjjnjxkjvwa3a-oks-1 HTTP/1.1" 200 86118 "-" "Mozilla/5.0 (Linux; Android 6.0.1; Nexus 5X Build/MMB29P) AppleWebKit/537.36 (KHTML, like Gecko) Chrome/137.0.7151.103 Mobile Safari/537.36 (compatible; Googlebot/2.1; +http://www.google.com/bot.html)"
209.74.77.214 - - [22/Jul/2025:00:35:44 +0000] "POST /wp-cron.php?doing_wp_cron=1753144544.7258439064025878906250 HTTP/1.1" 403 33 "-" "WordPress/6.8.2; https://topflowroofingplumbing.com.au"
2a03:2880:f800:c:: - - [22/Jul/2025:00:35:44 +0000] "GET /shopbrand/67921445 HTTP/1.1" 404 11694 "-" "meta-externalagent/1.1 (+https://developers.facebook.com/docs/sharing/webmasters/crawler)"
20.171.207.187 - - [22/Jul/2025:00:35:48 +0000] "GET /search.php?items%2F014022605.html%3Fsrsltid=AfmBOonaoxMaFuzmdQhDsgZCNgIxFXeJZdVc3WBwNXa4lYAkc4wm HTTP/1.1" 200 86612 "-" "Mozilla/5.0 AppleWebKit/537.36 (KHTML, like Gecko; compatible; GPTBot/1.2; +https://openai.com/gptbot)"
66.249.65.97 - - [22/Jul/2025:00:35:54 +0000] "GET /pcmypage?callback=/product%2Fdetail%2Bunguaru-e24-182162 HTTP/1.1" 200 85776 "-" "Mozilla/5.0 (Linux; Android 6.0.1; Nexus 5X Build/MMB29P) AppleWebKit/537.36 (KHTML, like Gecko) Chrome/137.0.7151.103 Mobile Safari/537.36 (compatible; Googlebot/2.1; +http://www.google.com/bot.html)"
2a03:2880:f800:1c:: - - [22/Jul/2025:00:36:07 +0000] "GET /shopbrand/193879273 HTTP/1.1" 404 11694 "-" "meta-externalagent/1.1 (+https://developers.facebook.com/docs/sharing/webmasters/crawler)"
66.249.65.98 - - [22/Jul/2025:00:36:19 +0000] "GET /029020299.htm HTTP/1.1" 200 85859 "-" "Mozilla/5.0 (Linux; Android 6.0.1; Nexus 5X Build/MMB29P) AppleWebKit/537.36 (KHTML, like Gecko) Chrome/137.0.7151.103 Mobile Safari/537.36 (compatible; Googlebot/2.1; +http://www.google.com/bot.html)"
20.171.207.187 - - [22/Jul/2025:00:36:51 +0000] "GET /search.php?items%2F063024482.html%3Fsrsltid=AfmBOocbizEvjbHpeEhdReyaQesiTakLPjGmhH1UMVBsN6dcR7BT HTTP/1.1" 200 88308 "-" "Mozilla/5.0 AppleWebKit/537.36 (KHTML, like Gecko; compatible; GPTBot/1.2; +https://openai.com/gptbot)"
66.249.65.98 - - [22/Jul/2025:00:36:51 +0000] "GET /225008665.htm HTTP/1.1" 200 86323 "-" "Mozilla/5.0 (Linux; Android 6.0.1; Nexus 5X Build/MMB29P) AppleWebKit/537.36 (KHTML, like Gecko) Chrome/137.0.7151.103 Mobile Safari/537.36 (compatible; Googlebot/2.1; +http://www.google.com/bot.html)"
66.249.65.97 - - [22/Jul/2025:00:36:52 +0000] "GET /pcmypage?callback=/product%2Fdetail%2hcvalor-eshop-trusco-4202897 HTTP/1.1" 200 86048 "-" "Mozilla/5.0 (Linux; Android 6.0.1; Nexus 5X Build/MMB29P) AppleWebKit/537.36 (KHTML, like Gecko) Chrome/137.0.7151.103 Mobile Safari/537.36 (compatible; Googlebot/2.1; +http://www.google.com/bot.html)"
209.74.77.214 - - [22/Jul/2025:00:36:59 +0000] "POST /wp-cron.php?doing_wp_cron=1753144619.6424570083618164062500 HTTP/1.1" 403 33 "-" "WordPress/6.8.2; https://topflowroofingplumbing.com.au"
2a03:2880:f800:2:: - - [22/Jul/2025:00:36:58 +0000] "GET /shopbrand/68003195 HTTP/1.1" 404 11694 "-" "meta-externalagent/1.1 (+https://developers.facebook.com/docs/sharing/webmasters/crawler)"
66.249.65.99 - - [22/Jul/2025:00:37:08 +0000] "GET /237033255.htm HTTP/1.1" 200 85417 "-" "Mozilla/5.0 (Linux; Android 6.0.1; Nexus 5X Build/MMB29P) AppleWebKit/537.36 (KHTML, like Gecko) Chrome/137.0.7151.103 Mobile Safari/537.36 (compatible; Googlebot/2.1; +http://www.google.com/bot.html)"
66.249.65.98 - - [22/Jul/2025:00:37:25 +0000] "GET /004029960.htm HTTP/1.1" 200 86092 "-" "Mozilla/5.0 (Linux; Android 6.0.1; Nexus 5X Build/MMB29P) AppleWebKit/537.36 (KHTML, like Gecko) Chrome/137.0.7151.103 Mobile Safari/537.36 (compatible; Googlebot/2.1; +http://www.google.com/bot.html)"
20.171.207.187 - - [22/Jul/2025:00:37:56 +0000] "GET /search.php?items%2F097046812.html%3Fsrsltid=AfmBOoqsxkDbyTQxjwInrM7fHnKFmTgAGgcWGjMxf5gyzhVndN2a HTTP/1.1" 200 87187 "-" "Mozilla/5.0 AppleWebKit/537.36 (KHTML, like Gecko; compatible; GPTBot/1.2; +https://openai.com/gptbot)"
66.249.65.97 - - [22/Jul/2025:00:37:57 +0000] "GET /031025023.htm HTTP/1.1" 200 86165 "-" "Mozilla/5.0 (Linux; Android 6.0.1; Nexus 5X Build/MMB29P) AppleWebKit/537.36 (KHTML, like Gecko) Chrome/137.0.7151.103 Mobile Safari/537.36 (compatible; Googlebot/2.1; +http://www.google.com/bot.html)"
66.249.65.96 - - [22/Jul/2025:00:38:13 +0000] "GET /262021188.htm HTTP/1.1" 200 85826 "-" "Mozilla/5.0 (Linux; Android 6.0.1; Nexus 5X Build/MMB29P) AppleWebKit/537.36 (KHTML, like Gecko) Chrome/137.0.7151.103 Mobile Safari/537.36 (compatible; Googlebot/2.1; +http://www.google.com/bot.html)"
66.249.65.96 - - [22/Jul/2025:00:38:29 +0000] "GET /001001763.htm HTTP/1.1" 200 85553 "-" "Mozilla/5.0 (Linux; Android 6.0.1; Nexus 5X Build/MMB29P) AppleWebKit/537.36 (KHTML, like Gecko) Chrome/137.0.7151.103 Mobile Safari/537.36 (compatible; Googlebot/2.1; +http://www.google.com/bot.html)"
66.249.73.97 - - [22/Jul/2025:00:38:30 +0000] "GET /legislative/t81?pid=902 HTTP/1.1" 200 85714 "-" "Mozilla/5.0 (Linux; Android 6.0.1; Nexus 5X Build/MMB29P) AppleWebKit/537.36 (KHTML, like Gecko) Chrome/137.0.7151.103 Mobile Safari/537.36 (compatible; Googlebot/2.1; +http://www.google.com/bot.html)"
66.249.65.105 - - [22/Jul/2025:00:38:30 +0000] "GET /pcmypage?callback=/product%2Fdetail%2moto-occ-d21984 HTTP/1.1" 200 86061 "-" "Mozilla/5.0 (Linux; Android 6.0.1; Nexus 5X Build/MMB29P) AppleWebKit/537.36 (KHTML, like Gecko) Chrome/137.0.7151.103 Mobile Safari/537.36 (compatible; Googlebot/2.1; +http://www.google.com/bot.html)"
66.249.73.96 - - [22/Jul/2025:00:38:30 +0000] "GET /song/o9?pid=720 HTTP/1.1" 200 85764 "-" "Mozilla/5.0 (Linux; Android 6.0.1; Nexus 5X Build/MMB29P) AppleWebKit/537.36 (KHTML, like Gecko) Chrome/137.0.7151.103 Mobile Safari/537.36 (compatible; Googlebot/2.1; +http://www.google.com/bot.html)"
66.249.65.105 - - [22/Jul/2025:00:38:51 +0000] "GET /pcmypage?callback=/product%2Fdetail%2Akarica-ed596476 HTTP/1.1" 200 86942 "-" "Mozilla/5.0 (Linux; Android 6.0.1; Nexus 5X Build/MMB29P) AppleWebKit/537.36 (KHTML, like Gecko) Chrome/137.0.7151.103 Mobile Safari/537.36 (compatible; Googlebot/2.1; +http://www.google.com/bot.html)"
20.171.207.187 - - [22/Jul/2025:00:39:01 +0000] "GET /search.php?items%2F088031865.html%3Fsrsltid=AfmBOoqieSOCUzVwKesB1wWtSmgkPeUorrRfmkqIu6ZwSxlZ3ITm HTTP/1.1" 200 86045 "-" "Mozilla/5.0 AppleWebKit/537.36 (KHTML, like Gecko; compatible; GPTBot/1.2; +https://openai.com/gptbot)"
66.249.65.96 - - [22/Jul/2025:00:39:13 +0000] "GET /pcmypage?callback=product%2Fdetail%2Fasty-shop-68-14b0h1c1kz-0b85 HTTP/1.1" 200 86086 "-" "Mozilla/5.0 (Linux; Android 6.0.1; Nexus 5X Build/MMB29P) AppleWebKit/537.36 (KHTML, like Gecko) Chrome/137.0.7151.103 Mobile Safari/537.36 (compatible; Googlebot/2.1; +http://www.google.com/bot.html)"
66.249.65.96 - - [22/Jul/2025:00:39:35 +0000] "GET /202009912.htm HTTP/1.1" 200 87723 "-" "Mozilla/5.0 (Linux; Android 6.0.1; Nexus 5X Build/MMB29P) AppleWebKit/537.36 (KHTML, like Gecko) Chrome/137.0.7151.103 Mobile Safari/537.36 (compatible; Googlebot/2.1; +http://www.google.com/bot.html)"
66.249.65.105 - - [22/Jul/2025:00:39:57 +0000] "GET /pcmypage?callback=/product%2Fdetail%2Asty-shop-k0-1kkfcxwix0-e1bg HTTP/1.1" 200 86402 "-" "Mozilla/5.0 (Linux; Android 6.0.1; Nexus 5X Build/MMB29P) AppleWebKit/537.36 (KHTML, like Gecko) Chrome/137.0.7151.103 Mobile Safari/537.36 (compatible; Googlebot/2.1; +http://www.google.com/bot.html)"
20.171.207.187 - - [22/Jul/2025:00:40:05 +0000] "GET /search.php?items%2F160034371.html%3Fsrsltid=AfmBOowzkyZZIWmZDBUIRSdsBVwOdhPgOLrsyw97iiJHTkzJS8Jh HTTP/1.1" 200 86732 "-" "Mozilla/5.0 AppleWebKit/537.36 (KHTML, like Gecko; compatible; GPTBot/1.2; +https://openai.com/gptbot)"
66.249.65.105 - - [22/Jul/2025:00:40:19 +0000] "GET /023008423.htm HTTP/1.1" 200 86018 "-" "Mozilla/5.0 (Linux; Android 6.0.1; Nexus 5X Build/MMB29P) AppleWebKit/537.36 (KHTML, like Gecko) Chrome/137.0.7151.103 Mobile Safari/537.36 (compatible; Googlebot/2.1; +http://www.google.com/bot.html)"
203.168.217.201 - - [22/Jul/2025:00:40:30 +0000] "GET / HTTP/1.1" 200 209 "https://www.google.com/" "Mozilla/5.0 (Windows NT 10.0; Win64; x64) AppleWebKit/537.36 (KHTML, like Gecko) Chrome/138.0.0.0 Safari/537.36"
66.249.65.96 - - [22/Jul/2025:00:40:41 +0000] "GET /205045717.htm HTTP/1.1" 200 87237 "-" "Mozilla/5.0 (Linux; Android 6.0.1; Nexus 5X Build/MMB29P) AppleWebKit/537.36 (KHTML, like Gecko) Chrome/137.0.7151.103 Mobile Safari/537.36 (compatible; Googlebot/2.1; +http://www.google.com/bot.html)"
66.249.65.97 - - [22/Jul/2025:00:41:03 +0000] "GET /135024519.htm HTTP/1.1" 200 86053 "-" "Mozilla/5.0 (Linux; Android 6.0.1; Nexus 5X Build/MMB29P) AppleWebKit/537.36 (KHTML, like Gecko) Chrome/137.0.7151.103 Mobile Safari/537.36 (compatible; Googlebot/2.1; +http://www.google.com/bot.html)"
20.171.207.187 - - [22/Jul/2025:00:41:04 +0000] "GET /search.php?items%2F086003911.html%3Fsrsltid=AfmBOoxxgfcDQyaJguFNAFzsOWPwEuAD4TzDljUeBUqJ0h9TJdDy HTTP/1.1" 200 89520 "-" "Mozilla/5.0 AppleWebKit/537.36 (KHTML, like Gecko; compatible; GPTBot/1.2; +https://openai.com/gptbot)"
209.74.77.214 - - [22/Jul/2025:00:41:07 +0000] "POST /wp-cron.php?doing_wp_cron=1753144867.4369170665740966796875 HTTP/1.1" 403 33 "-" "WordPress/6.8.2; https://topflowroofingplumbing.com.au"
2a03:2880:f800:b:: - - [22/Jul/2025:00:41:06 +0000] "GET /shopbrand/88318163 HTTP/1.1" 404 11694 "-" "meta-externalagent/1.1 (+https://developers.facebook.com/docs/sharing/webmasters/crawler)"
66.249.65.96 - - [22/Jul/2025:00:41:28 +0000] "GET /pcmypage?callback=product%2Fdetail%2Fasty-shop-k0-1kkfcxwix0-e1bg HTTP/1.1" 200 86240 "-" "Mozilla/5.0 (Linux; Android 6.0.1; Nexus 5X Build/MMB29P) AppleWebKit/537.36 (KHTML, like Gecko) Chrome/137.0.7151.103 Mobile Safari/537.36 (compatible; Googlebot/2.1; +http://www.google.com/bot.html)"
2a03:2880:f800:14:: - - [22/Jul/2025:00:41:32 +0000] "GET /shopdetail/193677452 HTTP/1.1" 404 11694 "-" "meta-externalagent/1.1 (+https://developers.facebook.com/docs/sharing/webmasters/crawler)"
2a03:2880:f800:8:: - - [22/Jul/2025:00:41:42 +0000] "GET /shopbrand/352086201 HTTP/1.1" 404 11694 "-" "meta-externalagent/1.1 (+https://developers.facebook.com/docs/sharing/webmasters/crawler)"
2a03:2880:f800:14:: - - [22/Jul/2025:00:41:49 +0000] "GET /shopbrand/352038972 HTTP/1.1" 404 11694 "-" "meta-externalagent/1.1 (+https://developers.facebook.com/docs/sharing/webmasters/crawler)"
66.249.65.105 - - [22/Jul/2025:00:42:00 +0000] "GET /263022765.htm HTTP/1.1" 200 86064 "-" "Mozilla/5.0 (Linux; Android 6.0.1; Nexus 5X Build/MMB29P) AppleWebKit/537.36 (KHTML, like Gecko) Chrome/137.0.7151.103 Mobile Safari/537.36 (compatible; Googlebot/2.1; +http://www.google.com/bot.html)"
20.171.207.187 - - [22/Jul/2025:00:42:08 +0000] "GET /search.php?items%2F194011377.html%3Fsrsltid=AfmBOobueWCPEPPDZIkRqxfzAZhhmAcxk9HlrQgKMQp3MsX7robY HTTP/1.1" 200 85920 "-" "Mozilla/5.0 AppleWebKit/537.36 (KHTML, like Gecko; compatible; GPTBot/1.2; +https://openai.com/gptbot)"
66.249.65.105 - - [22/Jul/2025:00:42:16 +0000] "GET /243000801.htm HTTP/1.1" 200 85369 "-" "Mozilla/5.0 (Linux; Android 6.0.1; Nexus 5X Build/MMB29P) AppleWebKit/537.36 (KHTML, like Gecko) Chrome/137.0.7151.103 Mobile Safari/537.36 (compatible; Googlebot/2.1; +http://www.google.com/bot.html)"
66.249.65.105 - - [22/Jul/2025:00:42:16 +0000] "GET /044045484.htm HTTP/1.1" 200 85266 "-" "Mozilla/5.0 (Linux; Android 6.0.1; Nexus 5X Build/MMB29P) AppleWebKit/537.36 (KHTML, like Gecko) Chrome/137.0.7151.103 Mobile Safari/537.36 (compatible; Googlebot/2.1; +http://www.google.com/bot.html)"
2a03:2880:f800:4:: - - [22/Jul/2025:00:42:18 +0000] "GET /shopdetail/381401152 HTTP/1.1" 404 11694 "-" "meta-externalagent/1.1 (+https://developers.facebook.com/docs/sharing/webmasters/crawler)"
2a03:2880:21ff:56:: - - [22/Jul/2025:00:42:18 +0000] "GET / HTTP/1.1" 200 17489 "-" "facebookexternalhit/1.1 (+http://www.facebook.com/externalhit_uatext.php)"
2a03:2880:21ff:55:: - - [22/Jul/2025:00:42:19 +0000] "GET / HTTP/1.1" 200 17489 "-" "facebookexternalhit/1.1 (+http://www.facebook.com/externalhit_uatext.php)"
2a03:2880:21ff:47:: - - [22/Jul/2025:00:42:19 +0000] "GET / HTTP/1.1" 200 17489 "-" "facebookexternalhit/1.1 (+http://www.facebook.com/externalhit_uatext.php)"
2a03:2880:21ff:5f:: - - [22/Jul/2025:00:42:20 +0000] "GET /wp-content/themes/homlane/assets/js/wow.js?ver=2.1.2 HTTP/1.1" 200 2209 "-" "facebookexternalhit/1.1 (+http://www.facebook.com/externalhit_uatext.php)"
2a03:2880:21ff:56:: - - [22/Jul/2025:00:42:20 +0000] "GET /wp-content/themes/homlane/assets/js/jquery.paroller.min.js?ver=2.1.2 HTTP/1.1" 200 919 "-" "facebookexternalhit/1.1 (+http://www.facebook.com/externalhit_uatext.php)"
2a03:2880:21ff:3:: - - [22/Jul/2025:00:42:20 +0000] "GET /wp-content/themes/homlane/assets/js/jquery.bxslider.min.js?ver=2.1.2 HTTP/1.1" 200 5162 "-" "facebookexternalhit/1.1 (+http://www.facebook.com/externalhit_uatext.php)"
2a03:2880:21ff:4b:: - - [22/Jul/2025:00:42:20 +0000] "GET /wp-content/plugins/elementor/assets/js/webpack.runtime.min.js?ver=3.30.2 HTTP/1.1" 200 2516 "-" "facebookexternalhit/1.1 (+http://www.facebook.com/externalhit_uatext.php)"
2a03:2880:21ff:5f:: - - [22/Jul/2025:00:42:20 +0000] "GET /wp-content/themes/homlane/assets/js/owl.js?ver=2.1.2 HTTP/1.1" 200 20223 "-" "facebookexternalhit/1.1 (+http://www.facebook.com/externalhit_uatext.php)"
2a03:2880:21ff:9:: - - [22/Jul/2025:00:42:20 +0000] "GET /wp-content/themes/homlane/assets/js/jquery.fancybox.js?ver=2.1.2 HTTP/1.1" 304 - "-" "facebookexternalhit/1.1 (+http://www.facebook.com/externalhit_uatext.php)"
2a03:2880:21ff:43:: - - [22/Jul/2025:00:42:20 +0000] "GET /wp-content/themes/homlane/assets/js/jquery.enllax.min.js?ver=2.1.2 HTTP/1.1" 304 - "-" "facebookexternalhit/1.1 (+http://www.facebook.com/externalhit_uatext.php)"
2a03:2880:21ff:43:: - - [22/Jul/2025:00:42:20 +0000] "GET /wp-content/themes/homlane/assets/js/lazyload.js?ver=2.1.2 HTTP/1.1" 304 - "-" "facebookexternalhit/1.1 (+http://www.facebook.com/externalhit_uatext.php)"
2a03:2880:21ff:2:: - - [22/Jul/2025:00:42:20 +0000] "GET /wp-content/themes/homlane/assets/js/parallax.min.js?ver=2.1.2 HTTP/1.1" 304 - "-" "facebookexternalhit/1.1 (+http://www.facebook.com/externalhit_uatext.php)"
2a03:2880:21ff:42:: - - [22/Jul/2025:00:42:20 +0000] "GET /wp-content/themes/homlane/assets/js/custom.js?ver=6.8.2 HTTP/1.1" 200 6473 "-" "facebookexternalhit/1.1 (+http://www.facebook.com/externalhit_uatext.php)"
2a03:2880:21ff:4b:: - - [22/Jul/2025:00:42:20 +0000] "GET /wp-content/themes/homlane/assets/js/nav-tool.js?ver=2.1.2 HTTP/1.1" 200 394 "-" "facebookexternalhit/1.1 (+http://www.facebook.com/externalhit_uatext.php)"
2a03:2880:21ff:71:: - - [22/Jul/2025:00:42:20 +0000] "GET /wp-content/themes/homlane/assets/js/jquery.twentytwenty.js?ver=2.1.2 HTTP/1.1" 304 - "-" "facebookexternalhit/1.1 (+http://www.facebook.com/externalhit_uatext.php)"
2a03:2880:21ff:: - - [22/Jul/2025:00:42:20 +0000] "GET /wp-content/themes/homlane/assets/js/jQuery.style.switcher.min.js?ver=2.1.2 HTTP/1.1" 200 1138 "-" "facebookexternalhit/1.1 (+http://www.facebook.com/externalhit_uatext.php)"
2a03:2880:21ff:71:: - - [22/Jul/2025:00:42:20 +0000] "GET /wp-content/themes/homlane/assets/js/tilt.jquery.js?ver=2.1.2 HTTP/1.1" 304 - "-" "facebookexternalhit/1.1 (+http://www.facebook.com/externalhit_uatext.php)"
2a03:2880:21ff:1:: - - [22/Jul/2025:00:42:20 +0000] "GET /wp-content/themes/homlane/assets/js/jquery.countTo.js?ver=2.1.2 HTTP/1.1" 304 - "-" "facebookexternalhit/1.1 (+http://www.facebook.com/externalhit_uatext.php)"
2a03:2880:21ff:6:: - - [22/Jul/2025:00:42:20 +0000] "GET /wp-includes/js/jquery/jquery.min.js?ver=3.7.1 HTTP/1.1" 200 30368 "-" "facebookexternalhit/1.1 (+http://www.facebook.com/externalhit_uatext.php)"
2a03:2880:21ff:7c:: - - [22/Jul/2025:00:42:20 +0000] "GET /wp-content/themes/homlane/assets/js/appear.js?ver=2.1.2 HTTP/1.1" 304 - "-" "facebookexternalhit/1.1 (+http://www.facebook.com/externalhit_uatext.php)"
2a03:2880:21ff:6:: - - [22/Jul/2025:00:42:19 +0000] "GET / HTTP/1.1" 200 17489 "-" "facebookexternalhit/1.1 (+http://www.facebook.com/externalhit_uatext.php)"
2a03:2880:21ff:41:: - - [22/Jul/2025:00:42:20 +0000] "GET /wp-content/themes/homlane/assets/js/isotope.js?ver=2.1.2 HTTP/1.1" 304 - "-" "facebookexternalhit/1.1 (+http://www.facebook.com/externalhit_uatext.php)"
2a03:2880:21ff:8:: - - [22/Jul/2025:00:42:20 +0000] "GET /wp-includes/js/dist/hooks.min.js?ver=4d63a3d491d11ffd8ac6 HTTP/1.1" 200 1648 "-" "facebookexternalhit/1.1 (+http://www.facebook.com/externalhit_uatext.php)"
2a03:2880:21ff:6:: - - [22/Jul/2025:00:42:20 +0000] "GET /wp-content/themes/homlane/assets/js/scrollbar.js?ver=2.1.2 HTTP/1.1" 304 - "-" "facebookexternalhit/1.1 (+http://www.facebook.com/externalhit_uatext.php)"
2a03:2880:21ff:e:: - - [22/Jul/2025:00:42:20 +0000] "GET /wp-content/themes/homlane/assets/js/jquery.magnific-popup.min.js?ver=2.1.2 HTTP/1.1" 304 - "-" "facebookexternalhit/1.1 (+http://www.facebook.com/externalhit_uatext.php)"
2a03:2880:21ff:55:: - - [22/Jul/2025:00:42:20 +0000] "GET /wp-content/themes/homlane/assets/js/jquery.bootstrap-touchspin.js?ver=2.1.2 HTTP/1.1" 304 - "-" "facebookexternalhit/1.1 (+http://www.facebook.com/externalhit_uatext.php)"
2a03:2880:21ff:2:: - - [22/Jul/2025:00:42:20 +0000] "GET /wp-content/themes/homlane/assets/js/timePicker.js?ver=2.1.2 HTTP/1.1" 304 - "-" "facebookexternalhit/1.1 (+http://www.facebook.com/externalhit_uatext.php)"
2a03:2880:21ff:: - - [22/Jul/2025:00:42:20 +0000] "GET /wp-content/plugins/elementor/assets/js/frontend.min.js?ver=3.30.2 HTTP/1.1" 304 - "-" "facebookexternalhit/1.1 (+http://www.facebook.com/externalhit_uatext.php)"
2a03:2880:21ff:1:: - - [22/Jul/2025:00:42:20 +0000] "GET /wp-includes/js/dist/i18n.min.js?ver=5e580eb46a90c2b997e6 HTTP/1.1" 304 - "-" "facebookexternalhit/1.1 (+http://www.facebook.com/externalhit_uatext.php)"
2a03:2880:21ff:8:: - - [22/Jul/2025:00:42:20 +0000] "GET /wp-content/plugins/contact-form-7/includes/js/index.js?ver=6.1 HTTP/1.1" 304 - "-" "facebookexternalhit/1.1 (+http://www.facebook.com/externalhit_uatext.php)"
2a03:2880:21ff:5f:: - - [22/Jul/2025:00:42:20 +0000] "GET /wp-content/themes/homlane/assets/js/pagenav.js?ver=2.1.2 HTTP/1.1" 304 - "-" "facebookexternalhit/1.1 (+http://www.facebook.com/externalhit_uatext.php)"
2a03:2880:21ff:1:: - - [22/Jul/2025:00:42:20 +0000] "GET /wp-includes/js/jquery/jquery-migrate.min.js?ver=3.4.1 HTTP/1.1" 304 - "-" "facebookexternalhit/1.1 (+http://www.facebook.com/externalhit_uatext.php)"
2a03:2880:21ff:4a:: - - [22/Jul/2025:00:42:20 +0000] "GET /wp-content/themes/homlane/assets/js/jquery.tinyscrollbar.js?ver=2.1.2 HTTP/1.1" 304 - "-" "facebookexternalhit/1.1 (+http://www.facebook.com/externalhit_uatext.php)"
2a03:2880:21ff:6:: - - [22/Jul/2025:00:42:20 +0000] "GET /wp-content/themes/homlane/assets/js/owl-vertical.js?ver=2.1.2 HTTP/1.1" 304 - "-" "facebookexternalhit/1.1 (+http://www.facebook.com/externalhit_uatext.php)"
2a03:2880:21ff:9:: - - [22/Jul/2025:00:42:20 +0000] "GET /wp-content/themes/homlane/assets/js/jquery-ui.js?ver=2.1.2 HTTP/1.1" 304 - "-" "facebookexternalhit/1.1 (+http://www.facebook.com/externalhit_uatext.php)"
2a03:2880:21ff:4b:: - - [22/Jul/2025:00:42:20 +0000] "GET /wp-content/plugins/leadconnector/public/js/lc-public.js?ver=3.0.10.1 HTTP/1.1" 304 - "-" "facebookexternalhit/1.1 (+http://www.facebook.com/externalhit_uatext.php)"
2a03:2880:21ff:41:: - - [22/Jul/2025:00:42:20 +0000] "GET /wp-content/themes/homlane/assets/js/bootstrap-select.min.js?ver=2.1.2 HTTP/1.1" 304 - "-" "facebookexternalhit/1.1 (+http://www.facebook.com/externalhit_uatext.php)"
2a03:2880:21ff:8:: - - [22/Jul/2025:00:42:20 +0000] "GET /wp-content/plugins/contact-form-7/includes/swv/js/index.js?ver=6.1 HTTP/1.1" 304 - "-" "facebookexternalhit/1.1 (+http://www.facebook.com/externalhit_uatext.php)"
2a03:2880:21ff:3:: - - [22/Jul/2025:00:42:20 +0000] "GET /wp-includes/js/jquery/ui/core.min.js?ver=1.13.3 HTTP/1.1" 304 - "-" "facebookexternalhit/1.1 (+http://www.facebook.com/externalhit_uatext.php)"
2a03:2880:21ff:45:: - - [22/Jul/2025:00:42:20 +0000] "GET /wp-content/themes/homlane/assets/js/bootstrap.bundle.min.js?ver=2.1.2 HTTP/1.1" 304 - "-" "facebookexternalhit/1.1 (+http://www.facebook.com/externalhit_uatext.php)"
2a03:2880:21ff:e:: - - [22/Jul/2025:00:42:20 +0000] "GET /wp-content/themes/homlane/assets/js/jquery.countdown.min.js?ver=2.1.2 HTTP/1.1" 304 - "-" "facebookexternalhit/1.1 (+http://www.facebook.com/externalhit_uatext.php)"
2a03:2880:21ff:e:: - - [22/Jul/2025:00:42:20 +0000] "GET /wp-content/themes/homlane/assets/js/TweenMax.min.js?ver=2.1.2 HTTP/1.1" 304 - "-" "facebookexternalhit/1.1 (+http://www.facebook.com/externalhit_uatext.php)"
2a03:2880:21ff:8:: - - [22/Jul/2025:00:42:20 +0000] "GET /wp-content/themes/homlane/assets/js/aos.js?ver=2.1.2 HTTP/1.1" 200 4503 "-" "facebookexternalhit/1.1 (+http://www.facebook.com/externalhit_uatext.php)"
2a03:2880:21ff:1:: - - [22/Jul/2025:00:42:20 +0000] "GET /wp-content/themes/homlane/assets/js/nav-tool.js?ver=2.1.2 HTTP/1.1" 304 - "-" "facebookexternalhit/1.1 (+http://www.facebook.com/externalhit_uatext.php)"
2a03:2880:21ff:8:: - - [22/Jul/2025:00:42:20 +0000] "GET /wp-content/themes/homlane/assets/js/aos.js?ver=2.1.2 HTTP/1.1" 304 - "-" "facebookexternalhit/1.1 (+http://www.facebook.com/externalhit_uatext.php)"
2a03:2880:21ff:9:: - - [22/Jul/2025:00:42:20 +0000] "GET /wp-content/themes/homlane/assets/js/jquery.countTo.js?ver=2.1.2 HTTP/1.1" 200 1027 "-" "facebookexternalhit/1.1 (+http://www.facebook.com/externalhit_uatext.php)"
2a03:2880:21ff:45:: - - [22/Jul/2025:00:42:20 +0000] "GET /wp-content/themes/homlane/assets/js/nouislider.js?ver=2.1.2 HTTP/1.1" 304 - "-" "facebookexternalhit/1.1 (+http://www.facebook.com/externalhit_uatext.php)"
2a03:2880:21ff:70:: - - [22/Jul/2025:00:42:20 +0000] "GET /wp-content/themes/homlane/assets/js/dobpicker.js?ver=2.1.2 HTTP/1.1" 200 838 "-" "facebookexternalhit/1.1 (+http://www.facebook.com/externalhit_uatext.php)"
2a03:2880:21ff:6:: - - [22/Jul/2025:00:42:20 +0000] "GET /wp-content/plugins/elementor-pro/assets/js/webpack-pro.runtime.min.js?ver=3.26.1 HTTP/1.1" 200 2859 "-" "facebookexternalhit/1.1 (+http://www.facebook.com/externalhit_uatext.php)"
2a03:2880:21ff:73:: - - [22/Jul/2025:00:42:20 +0000] "GET /wp-content/themes/homlane/assets/js/jquery.mixitup.min.js?ver=2.1.2 HTTP/1.1" 304 - "-" "facebookexternalhit/1.1 (+http://www.facebook.com/externalhit_uatext.php)"
2a03:2880:21ff:9:: - - [22/Jul/2025:00:42:20 +0000] "GET /wp-content/plugins/elementor-pro/assets/js/elements-handlers.min.js?ver=3.26.1 HTTP/1.1" 200 10654 "-" "facebookexternalhit/1.1 (+http://www.facebook.com/externalhit_uatext.php)"
2a03:2880:21ff:71:: - - [22/Jul/2025:00:42:20 +0000] "GET /wp-content/themes/homlane/assets/js/jquery.tinyscrollbar.js?ver=2.1.2 HTTP/1.1" 200 2866 "-" "facebookexternalhit/1.1 (+http://www.facebook.com/externalhit_uatext.php)"
2a03:2880:21ff:41:: - - [22/Jul/2025:00:42:20 +0000] "GET /wp-content/themes/homlane/assets/js/jquery.easing.min.js?ver=2.1.2 HTTP/1.1" 200 1859 "-" "facebookexternalhit/1.1 (+http://www.facebook.com/externalhit_uatext.php)"
2a03:2880:21ff:4d:: - - [22/Jul/2025:00:42:20 +0000] "GET /wp-content/plugins/elementor-pro/assets/js/frontend.min.js?ver=3.26.1 HTTP/1.1" 200 6510 "-" "facebookexternalhit/1.1 (+http://www.facebook.com/externalhit_uatext.php)"
2a03:2880:21ff:5f:: - - [22/Jul/2025:00:42:20 +0000] "GET /wp-content/themes/homlane/assets/js/jquery.countdown.min.js?ver=2.1.2 HTTP/1.1" 200 2307 "-" "facebookexternalhit/1.1 (+http://www.facebook.com/externalhit_uatext.php)"
2a03:2880:21ff:56:: - - [22/Jul/2025:00:42:20 +0000] "GET /wp-content/themes/homlane/assets/js/nouislider.js?ver=2.1.2 HTTP/1.1" 200 5312 "-" "facebookexternalhit/1.1 (+http://www.facebook.com/externalhit_uatext.php)"
2a03:2880:21ff:5f:: - - [22/Jul/2025:00:42:20 +0000] "GET /wp-content/themes/homlane/assets/js/isotope.js?ver=2.1.2 HTTP/1.1" 200 10182 "-" "facebookexternalhit/1.1 (+http://www.facebook.com/externalhit_uatext.php)"
2a03:2880:21ff:46:: - - [22/Jul/2025:00:42:20 +0000] "GET /wp-content/themes/homlane/assets/js/slick.js?ver=2.1.2 HTTP/1.1" 200 14372 "-" "facebookexternalhit/1.1 (+http://www.facebook.com/externalhit_uatext.php)"
2a03:2880:21ff:41:: - - [22/Jul/2025:00:42:20 +0000] "GET /wp-content/themes/homlane/assets/js/jQuery.style.switcher.min.js?ver=2.1.2 HTTP/1.1" 304 - "-" "facebookexternalhit/1.1 (+http://www.facebook.com/externalhit_uatext.php)"
2a03:2880:21ff:47:: - - [22/Jul/2025:00:42:20 +0000] "GET /wp-content/plugins/contact-form-7/includes/swv/js/index.js?ver=6.1 HTTP/1.1" 200 3503 "-" "facebookexternalhit/1.1 (+http://www.facebook.com/externalhit_uatext.php)"
2a03:2880:21ff:: - - [22/Jul/2025:00:42:20 +0000] "GET /wp-content/themes/homlane/assets/js/jquery.easing.min.js?ver=2.1.2 HTTP/1.1" 304 - "-" "facebookexternalhit/1.1 (+http://www.facebook.com/externalhit_uatext.php)"
2a03:2880:21ff:6:: - - [22/Jul/2025:00:42:20 +0000] "GET /wp-content/themes/homlane/assets/js/slick.js?ver=2.1.2 HTTP/1.1" 304 - "-" "facebookexternalhit/1.1 (+http://www.facebook.com/externalhit_uatext.php)"
2a03:2880:21ff:72:: - - [22/Jul/2025:00:42:20 +0000] "GET /wp-content/themes/homlane/assets/js/validation.js?ver=2.1.2 HTTP/1.1" 200 12092 "-" "facebookexternalhit/1.1 (+http://www.facebook.com/externalhit_uatext.php)"
2a03:2880:21ff:8:: - - [22/Jul/2025:00:42:20 +0000] "GET /wp-content/themes/homlane/assets/js/custom.js?ver=6.8.2 HTTP/1.1" 304 - "-" "facebookexternalhit/1.1 (+http://www.facebook.com/externalhit_uatext.php)"
2a03:2880:21ff:56:: - - [22/Jul/2025:00:42:20 +0000] "GET /wp-includes/js/comment-reply.min.js?ver=6.8.2 HTTP/1.1" 304 - "-" "facebookexternalhit/1.1 (+http://www.facebook.com/externalhit_uatext.php)"
2a03:2880:21ff:45:: - - [22/Jul/2025:00:42:20 +0000] "GET /wp-content/themes/homlane/assets/js/knob.js?ver=2.1.2 HTTP/1.1" 304 - "-" "facebookexternalhit/1.1 (+http://www.facebook.com/externalhit_uatext.php)"
2a03:2880:21ff:45:: - - [22/Jul/2025:00:42:20 +0000] "GET /wp-content/themes/homlane/assets/js/TweenMax.min.js?ver=2.1.2 HTTP/1.1" 304 - "-" "facebookexternalhit/1.1 (+http://www.facebook.com/externalhit_uatext.php)"
2a03:2880:21ff:a:: - - [22/Jul/2025:00:42:20 +0000] "GET /wp-content/themes/homlane/assets/js/validation.js?ver=2.1.2 HTTP/1.1" 304 - "-" "facebookexternalhit/1.1 (+http://www.facebook.com/externalhit_uatext.php)"
2a03:2880:21ff:4d:: - - [22/Jul/2025:00:42:20 +0000] "GET /wp-content/themes/homlane/assets/js/dobpicker.js?ver=2.1.2 HTTP/1.1" 304 - "-" "facebookexternalhit/1.1 (+http://www.facebook.com/externalhit_uatext.php)"
2a03:2880:21ff:55:: - - [22/Jul/2025:00:42:20 +0000] "GET /wp-content/plugins/elementor/assets/js/frontend-modules.min.js?ver=3.30.2 HTTP/1.1" 304 - "-" "facebookexternalhit/1.1 (+http://www.facebook.com/externalhit_uatext.php)"
2a03:2880:21ff:41:: - - [22/Jul/2025:00:42:20 +0000] "GET /wp-content/plugins/elementor/assets/js/frontend-modules.min.js?ver=3.30.2 HTTP/1.1" 200 14815 "-" "facebookexternalhit/1.1 (+http://www.facebook.com/externalhit_uatext.php)"
2a03:2880:21ff:5:: - - [22/Jul/2025:00:42:20 +0000] "GET /wp-content/plugins/elementor-pro/assets/js/elements-handlers.min.js?ver=3.26.1 HTTP/1.1" 304 - "-" "facebookexternalhit/1.1 (+http://www.facebook.com/externalhit_uatext.php)"
2a03:2880:21ff:7:: - - [22/Jul/2025:00:42:20 +0000] "GET /wp-content/plugins/elementor-pro/assets/js/frontend.min.js?ver=3.26.1 HTTP/1.1" 304 - "-" "facebookexternalhit/1.1 (+http://www.facebook.com/externalhit_uatext.php)"
2a03:2880:21ff:7:: - - [22/Jul/2025:00:42:20 +0000] "GET /wp-content/themes/homlane/assets/js/jquery.mixitup.min.js?ver=2.1.2 HTTP/1.1" 304 - "-" "facebookexternalhit/1.1 (+http://www.facebook.com/externalhit_uatext.php)"
2a03:2880:21ff:4d:: - - [22/Jul/2025:00:42:20 +0000] "GET /wp-content/themes/homlane/assets/js/jquery.mixitup.min.js?ver=2.1.2 HTTP/1.1" 200 8232 "-" "facebookexternalhit/1.1 (+http://www.facebook.com/externalhit_uatext.php)"
2a03:2880:21ff:47:: - - [22/Jul/2025:00:42:20 +0000] "GET /wp-includes/js/comment-reply.min.js?ver=6.8.2 HTTP/1.1" 304 - "-" "facebookexternalhit/1.1 (+http://www.facebook.com/externalhit_uatext.php)"
2a03:2880:21ff:72:: - - [22/Jul/2025:00:42:20 +0000] "GET /wp-content/themes/homlane/assets/js/knob.js?ver=2.1.2 HTTP/1.1" 200 6027 "-" "facebookexternalhit/1.1 (+http://www.facebook.com/externalhit_uatext.php)"
2a03:2880:21ff:d:: - - [22/Jul/2025:00:42:20 +0000] "GET /wp-content/themes/homlane/assets/js/knob.js?ver=2.1.2 HTTP/1.1" 304 - "-" "facebookexternalhit/1.1 (+http://www.facebook.com/externalhit_uatext.php)"
2a03:2880:21ff:e:: - - [22/Jul/2025:00:42:20 +0000] "GET /wp-includes/js/jquery/jquery.min.js?ver=3.7.1 HTTP/1.1" 304 - "-" "facebookexternalhit/1.1 (+http://www.facebook.com/externalhit_uatext.php)"
66.249.65.105 - - [22/Jul/2025:00:42:40 +0000] "GET /044006604.htm HTTP/1.1" 200 85533 "-" "Mozilla/5.0 (Linux; Android 6.0.1; Nexus 5X Build/MMB29P) AppleWebKit/537.36 (KHTML, like Gecko) Chrome/137.0.7151.103 Mobile Safari/537.36 (compatible; Googlebot/2.1; +http://www.google.com/bot.html)"
66.249.65.96 - - [22/Jul/2025:00:42:40 +0000] "GET /071041577.htm HTTP/1.1" 200 86255 "-" "Mozilla/5.0 (Linux; Android 6.0.1; Nexus 5X Build/MMB29P) AppleWebKit/537.36 (KHTML, like Gecko) Chrome/137.0.7151.103 Mobile Safari/537.36 (compatible; Googlebot/2.1; +http://www.google.com/bot.html)"
66.249.65.105 - - [22/Jul/2025:00:42:41 +0000] "GET /pcmypage?callback=product%2Fdetail%2Fmoto-occ-d21984 HTTP/1.1" 200 86064 "-" "Mozilla/5.0 (Linux; Android 6.0.1; Nexus 5X Build/MMB29P) AppleWebKit/537.36 (KHTML, like Gecko) Chrome/137.0.7151.103 Mobile Safari/537.36 (compatible; Googlebot/2.1; +http://www.google.com/bot.html)"
66.249.65.96 - - [22/Jul/2025:00:42:53 +0000] "GET /244008366.htm HTTP/1.1" 200 85875 "-" "Mozilla/5.0 (Linux; Android 6.0.1; Nexus 5X Build/MMB29P) AppleWebKit/537.36 (KHTML, like Gecko) Chrome/137.0.7151.103 Mobile Safari/537.36 (compatible; Googlebot/2.1; +http://www.google.com/bot.html)"
20.171.207.187 - - [22/Jul/2025:00:43:13 +0000] "GET /search.php?items%2F034033685.html%3Fsrsltid=AfmBOoqcyeuGuvNOmNrg6feTANmCPwCTTHDAawnX6fysWPgdG1wO HTTP/1.1" 200 87009 "-" "Mozilla/5.0 AppleWebKit/537.36 (KHTML, like Gecko; compatible; GPTBot/1.2; +https://openai.com/gptbot)"
66.249.65.99 - - [22/Jul/2025:00:43:15 +0000] "GET /037040955.htm HTTP/1.1" 200 86288 "-" "Mozilla/5.0 (Linux; Android 6.0.1; Nexus 5X Build/MMB29P) AppleWebKit/537.36 (KHTML, like Gecko) Chrome/137.0.7151.103 Mobile Safari/537.36 (compatible; Googlebot/2.1; +http://www.google.com/bot.html)"
2a03:2880:f800:a:: - - [22/Jul/2025:00:43:17 +0000] "GET /shopbrand/180837448 HTTP/1.1" 404 11694 "-" "meta-externalagent/1.1 (+https://developers.facebook.com/docs/sharing/webmasters/crawler)"
66.249.65.97 - - [22/Jul/2025:00:43:37 +0000] "GET /091046723.htm HTTP/1.1" 200 86002 "-" "Mozilla/5.0 (Linux; Android 6.0.1; Nexus 5X Build/MMB29P) AppleWebKit/537.36 (KHTML, like Gecko) Chrome/137.0.7151.103 Mobile Safari/537.36 (compatible; Googlebot/2.1; +http://www.google.com/bot.html)"
66.249.65.97 - - [22/Jul/2025:00:43:59 +0000] "GET /032002072.htm HTTP/1.1" 200 86151 "-" "Mozilla/5.0 (Linux; Android 6.0.1; Nexus 5X Build/MMB29P) AppleWebKit/537.36 (KHTML, like Gecko) Chrome/137.0.7151.103 Mobile Safari/537.36 (compatible; Googlebot/2.1; +http://www.google.com/bot.html)"
66.249.65.97 - - [22/Jul/2025:00:44:13 +0000] "GET /opposed/n266?pid=13 HTTP/1.1" 200 85953 "-" "Mozilla/5.0 (Linux; Android 6.0.1; Nexus 5X Build/MMB29P) AppleWebKit/537.36 (KHTML, like Gecko) Chrome/137.0.7151.103 Mobile Safari/537.36 (compatible; Googlebot/2.1; +http://www.google.com/bot.html)"
20.171.207.187 - - [22/Jul/2025:00:44:18 +0000] "GET /search.php?items%2F197030538.html%3Fsrsltid=AfmBOoilxxUEjDVnbqfXwhW1BKvRPOfpDAxCwptdTGQxMXjX76TM HTTP/1.1" 200 87579 "-" "Mozilla/5.0 AppleWebKit/537.36 (KHTML, like Gecko; compatible; GPTBot/1.2; +https://openai.com/gptbot)"
66.249.65.97 - - [22/Jul/2025:00:44:21 +0000] "GET /pcmypage?callback=/product%2Fdetail%2Asty-shop-68-14b0h1c1kz-0b85 HTTP/1.1" 200 86836 "-" "Mozilla/5.0 (Linux; Android 6.0.1; Nexus 5X Build/MMB29P) AppleWebKit/537.36 (KHTML, like Gecko) Chrome/137.0.7151.103 Mobile Safari/537.36 (compatible; Googlebot/2.1; +http://www.google.com/bot.html)"
173.208.153.154 - - [22/Jul/2025:00:44:29 +0000] "GET /wp-includes/wp-configs.php HTTP/1.1" 200 26 "https://topflowroofingplumbing.com.au/wp-includes/wp-configs.php" "Mozilla/4.0 (compatible; MSIE 6.0; X11; Linux i686; ja) Opera 10.10"
66.249.65.97 - - [22/Jul/2025:00:44:43 +0000] "GET /004029970.htm HTTP/1.1" 200 85939 "-" "Mozilla/5.0 (Linux; Android 6.0.1; Nexus 5X Build/MMB29P) AppleWebKit/537.36 (KHTML, like Gecko) Chrome/137.0.7151.103 Mobile Safari/537.36 (compatible; Googlebot/2.1; +http://www.google.com/bot.html)"
66.249.65.99 - - [22/Jul/2025:00:45:05 +0000] "GET /109016959.htm HTTP/1.1" 200 85546 "-" "Mozilla/5.0 (Linux; Android 6.0.1; Nexus 5X Build/MMB29P) AppleWebKit/537.36 (KHTML, like Gecko) Chrome/137.0.7151.103 Mobile Safari/537.36 (compatible; Googlebot/2.1; +http://www.google.com/bot.html)"
20.171.207.187 - - [22/Jul/2025:00:45:23 +0000] "GET /search.php?items%2F009027628.html%3Fsrsltid=AfmBOoojqMWHzaGiWhVhUUwGOhbXpmFKBxwkbLbsBqEK11WQ5BZD HTTP/1.1" 200 86639 "-" "Mozilla/5.0 AppleWebKit/537.36 (KHTML, like Gecko; compatible; GPTBot/1.2; +https://openai.com/gptbot)"
