66.249.65.96 - - [21/Jul/2025:23:56:43 +0000] "GET /pcmypage?callback=product/review/tkonline-2010660 HTTP/1.1" 200 86177 "-" "Mozilla/5.0 (Linux; Android 6.0.1; Nexus 5X Build/MMB29P) AppleWebKit/537.36 (KHTML, like Gecko) Chrome/137.0.7151.103 Mobile Safari/537.36 (compatible; Googlebot/2.1; +http://www.google.com/bot.html)"
66.249.65.105 - - [21/Jul/2025:23:56:59 +0000] "GET /059007679.htm HTTP/1.1" 200 86099 "-" "Mozilla/5.0 (Linux; Android 6.0.1; Nexus 5X Build/MMB29P) AppleWebKit/537.36 (KHTML, like Gecko) Chrome/137.0.7151.103 Mobile Safari/537.36 (compatible; Googlebot/2.1; +http://www.google.com/bot.html)"
66.249.65.105 - - [21/Jul/2025:23:57:00 +0000] "GET /094035196.htm HTTP/1.1" 200 86138 "-" "Mozilla/5.0 (Linux; Android 6.0.1; Nexus 5X Build/MMB29P) AppleWebKit/537.36 (KHTML, like Gecko) Chrome/137.0.7151.103 Mobile Safari/537.36 (compatible; Googlebot/2.1; +http://www.google.com/bot.html)"
20.171.207.187 - - [21/Jul/2025:23:57:10 +0000] "GET /search.php?items%2F085001310.html%3Fsrsltid=AfmBOozpqiqtvYhVoJPiNT1GXDdrMHmxD6IPxIec1IQzlNMBczay HTTP/1.1" 200 86465 "-" "Mozilla/5.0 AppleWebKit/537.36 (KHTML, like Gecko; compatible; GPTBot/1.2; +https://openai.com/gptbot)"
209.74.77.214 - - [21/Jul/2025:23:57:25 +0000] "POST /wp-cron.php?doing_wp_cron=1753142245.4688320159912109375000 HTTP/1.1" 403 33 "-" "WordPress/6.8.2; https://topflowroofingplumbing.com.au"
2a03:2880:f800:a:: - - [21/Jul/2025:23:57:24 +0000] "GET /shopbrand/352132085 HTTP/1.1" 404 11694 "-" "meta-externalagent/1.1 (+https://developers.facebook.com/docs/sharing/webmasters/crawler)"
66.249.65.105 - - [21/Jul/2025:23:57:32 +0000] "GET /091000415.htm HTTP/1.1" 200 86016 "-" "Mozilla/5.0 (Linux; Android 6.0.1; Nexus 5X Build/MMB29P) AppleWebKit/537.36 (KHTML, like Gecko) Chrome/137.0.7151.103 Mobile Safari/537.36 (compatible; Googlebot/2.1; +http://www.google.com/bot.html)"
2a03:2880:f800:4:: - - [21/Jul/2025:23:57:33 +0000] "GET /shopbrand/352141621 HTTP/1.1" 404 11694 "-" "meta-externalagent/1.1 (+https://developers.facebook.com/docs/sharing/webmasters/crawler)"
66.249.65.105 - - [21/Jul/2025:23:57:33 +0000] "GET /036029170.htm HTTP/1.1" 200 86636 "-" "Mozilla/5.0 (Linux; Android 6.0.1; Nexus 5X Build/MMB29P) AppleWebKit/537.36 (KHTML, like Gecko) Chrome/137.0.7151.103 Mobile Safari/537.36 (compatible; Googlebot/2.1; +http://www.google.com/bot.html)"
66.249.65.105 - - [21/Jul/2025:23:57:49 +0000] "GET /pcmypage?callback=product/review/murauchi-denki-4582345183823 HTTP/1.1" 200 86060 "-" "Mozilla/5.0 (Linux; Android 6.0.1; Nexus 5X Build/MMB29P) AppleWebKit/537.36 (KHTML, like Gecko) Chrome/137.0.7151.103 Mobile Safari/537.36 (compatible; Googlebot/2.1; +http://www.google.com/bot.html)"
66.249.65.96 - - [21/Jul/2025:23:57:50 +0000] "GET /thrive/h10?pid=397 HTTP/1.1" 200 86839 "-" "Mozilla/5.0 (Linux; Android 6.0.1; Nexus 5X Build/MMB29P) AppleWebKit/537.36 (KHTML, like Gecko) Chrome/137.0.7151.103 Mobile Safari/537.36 (compatible; Googlebot/2.1; +http://www.google.com/bot.html)"
66.249.65.97 - - [21/Jul/2025:23:58:04 +0000] "GET /074000662.htm HTTP/1.1" 200 86388 "-" "Mozilla/5.0 (Linux; Android 6.0.1; Nexus 5X Build/MMB29P) AppleWebKit/537.36 (KHTML, like Gecko) Chrome/137.0.7151.103 Mobile Safari/537.36 (compatible; Googlebot/2.1; +http://www.google.com/bot.html)"
20.171.207.187 - - [21/Jul/2025:23:58:13 +0000] "GET /search.php?items%2F212037941.html%3Fsrsltid=AfmBOoqxyHVOOxvmvHBtkwAkKbrMHMeRcIGKWV4AUTfA2aE5gjBM HTTP/1.1" 200 87318 "-" "Mozilla/5.0 AppleWebKit/537.36 (KHTML, like Gecko; compatible; GPTBot/1.2; +https://openai.com/gptbot)"
66.249.65.96 - - [21/Jul/2025:23:58:36 +0000] "GET /pcmypage?callback=product/review/atom-style-0013a01310-1 HTTP/1.1" 200 86221 "-" "Mozilla/5.0 (Linux; Android 6.0.1; Nexus 5X Build/MMB29P) AppleWebKit/537.36 (KHTML, like Gecko) Chrome/137.0.7151.103 Mobile Safari/537.36 (compatible; Googlebot/2.1; +http://www.google.com/bot.html)"
66.249.65.105 - - [21/Jul/2025:23:58:53 +0000] "GET /112007898.htm HTTP/1.1" 200 87212 "-" "Mozilla/5.0 (Linux; Android 6.0.1; Nexus 5X Build/MMB29P) AppleWebKit/537.36 (KHTML, like Gecko) Chrome/137.0.7151.103 Mobile Safari/537.36 (compatible; Googlebot/2.1; +http://www.google.com/bot.html)"
66.249.73.103 - - [21/Jul/2025:23:58:53 +0000] "GET /sick/k26?pid=739 HTTP/1.1" 200 85649 "-" "Mozilla/5.0 (Linux; Android 6.0.1; Nexus 5X Build/MMB29P) AppleWebKit/537.36 (KHTML, like Gecko) Chrome/137.0.7151.103 Mobile Safari/537.36 (compatible; Googlebot/2.1; +http://www.google.com/bot.html)"
209.74.77.214 - - [21/Jul/2025:23:59:07 +0000] "POST /wp-cron.php?doing_wp_cron=1753142347.4284539222717285156250 HTTP/1.1" 403 33 "-" "WordPress/6.8.2; https://topflowroofingplumbing.com.au"
2a03:2880:f800:17:: - - [21/Jul/2025:23:59:07 +0000] "GET /shopdetail/89019252 HTTP/1.1" 404 11694 "-" "meta-externalagent/1.1 (+https://developers.facebook.com/docs/sharing/webmasters/crawler)"
66.249.65.97 - - [21/Jul/2025:23:59:11 +0000] "GET /091000403.htm HTTP/1.1" 200 86228 "-" "Mozilla/5.0 (Linux; Android 6.0.1; Nexus 5X Build/MMB29P) AppleWebKit/537.36 (KHTML, like Gecko) Chrome/137.0.7151.103 Mobile Safari/537.36 (compatible; Googlebot/2.1; +http://www.google.com/bot.html)"
66.249.65.105 - - [21/Jul/2025:23:59:13 +0000] "GET /pcmypage?callback=product/review/skymarketplus-b00008cm6b HTTP/1.1" 200 87218 "-" "Mozilla/5.0 (Linux; Android 6.0.1; Nexus 5X Build/MMB29P) AppleWebKit/537.36 (KHTML, like Gecko) Chrome/137.0.7151.103 Mobile Safari/537.36 (compatible; Googlebot/2.1; +http://www.google.com/bot.html)"
66.249.65.97 - - [21/Jul/2025:23:59:14 +0000] "GET /129039675.htm HTTP/1.1" 200 86470 "-" "Mozilla/5.0 (Linux; Android 6.0.1; Nexus 5X Build/MMB29P) AppleWebKit/537.36 (KHTML, like Gecko) Chrome/137.0.7151.103 Mobile Safari/537.36 (compatible; Googlebot/2.1; +http://www.google.com/bot.html)"
20.171.207.187 - - [21/Jul/2025:23:59:16 +0000] "GET /search.php?items%2F106030539.html%3Fsrsltid=AfmBOoxexmrSGRrWzUgao1bSLGEoZTrxa3T6DrDdVnrgZCAyXyAU HTTP/1.1" 200 87562 "-" "Mozilla/5.0 AppleWebKit/537.36 (KHTML, like Gecko; compatible; GPTBot/1.2; +https://openai.com/gptbot)"
66.249.65.96 - - [21/Jul/2025:23:59:45 +0000] "GET /219003549.htm HTTP/1.1" 200 85717 "-" "Mozilla/5.0 (Linux; Android 6.0.1; Nexus 5X Build/MMB29P) AppleWebKit/537.36 (KHTML, like Gecko) Chrome/137.0.7151.103 Mobile Safari/537.36 (compatible; Googlebot/2.1; +http://www.google.com/bot.html)"
66.249.65.105 - - [22/Jul/2025:00:00:02 +0000] "GET /pcmypage?callback=product%2Fdetail%2Fatom-style-0013a01310-1 HTTP/1.1" 200 85600 "-" "Mozilla/5.0 (Linux; Android 6.0.1; Nexus 5X Build/MMB29P) AppleWebKit/537.36 (KHTML, like Gecko) Chrome/137.0.7151.103 Mobile Safari/537.36 (compatible; Googlebot/2.1; +http://www.google.com/bot.html)"
20.171.207.187 - - [22/Jul/2025:00:00:16 +0000] "GET /search.php?items%2F167037338.html%3Fsrsltid=AfmBOosdxtsePQcHKJcBuNb6SSkwUxQwQlhBSuVBn0uEDbIPJek3 HTTP/1.1" 200 86993 "-" "Mozilla/5.0 AppleWebKit/537.36 (KHTML, like Gecko; compatible; GPTBot/1.2; +https://openai.com/gptbot)"
66.249.65.96 - - [22/Jul/2025:00:00:19 +0000] "GET /050049716.htm HTTP/1.1" 200 86822 "-" "Mozilla/5.0 (Linux; Android 6.0.1; Nexus 5X Build/MMB29P) AppleWebKit/537.36 (KHTML, like Gecko) Chrome/137.0.7151.103 Mobile Safari/537.36 (compatible; Googlebot/2.1; +http://www.google.com/bot.html)"
66.249.65.105 - - [22/Jul/2025:00:00:51 +0000] "GET /098038826.htm HTTP/1.1" 200 87120 "-" "Mozilla/5.0 (Linux; Android 6.0.1; Nexus 5X Build/MMB29P) AppleWebKit/537.36 (KHTML, like Gecko) Chrome/137.0.7151.103 Mobile Safari/537.36 (compatible; Googlebot/2.1; +http://www.google.com/bot.html)"
66.249.65.97 - - [22/Jul/2025:00:01:07 +0000] "GET /pcmypage?callback=/product%2Fdetail%2Atom-style-0013a01310-1 HTTP/1.1" 200 85599 "-" "Mozilla/5.0 (Linux; Android 6.0.1; Nexus 5X Build/MMB29P) AppleWebKit/537.36 (KHTML, like Gecko) Chrome/137.0.7151.103 Mobile Safari/537.36 (compatible; Googlebot/2.1; +http://www.google.com/bot.html)"
66.249.73.97 - - [22/Jul/2025:00:01:18 +0000] "GET /015019337.htm HTTP/1.1" 200 85751 "-" "Mozilla/5.0 (compatible; Googlebot/2.1; +http://www.google.com/bot.html)"
20.171.207.187 - - [22/Jul/2025:00:01:19 +0000] "GET /search.php?pcmypage%3Fcallback=product%2Freview%2Falllight-xh48382y_koizumi HTTP/1.1" 200 87440 "-" "Mozilla/5.0 AppleWebKit/537.36 (KHTML, like Gecko; compatible; GPTBot/1.2; +https://openai.com/gptbot)"
66.249.65.96 - - [22/Jul/2025:00:01:24 +0000] "GET /074000548.htm HTTP/1.1" 200 86637 "-" "Mozilla/5.0 (Linux; Android 6.0.1; Nexus 5X Build/MMB29P) AppleWebKit/537.36 (KHTML, like Gecko) Chrome/137.0.7151.103 Mobile Safari/537.36 (compatible; Googlebot/2.1; +http://www.google.com/bot.html)"
209.74.77.214 - - [22/Jul/2025:00:01:35 +0000] "POST /wp-cron.php?doing_wp_cron=1753142495.4976229667663574218750 HTTP/1.1" 403 33 "-" "WordPress/6.8.2; https://topflowroofingplumbing.com.au"
2a03:2880:f800:: - - [22/Jul/2025:00:01:33 +0000] "GET /shopbrand/88278568 HTTP/1.1" 404 11694 "-" "meta-externalagent/1.1 (+https://developers.facebook.com/docs/sharing/webmasters/crawler)"
66.249.65.97 - - [22/Jul/2025:00:01:56 +0000] "GET /074000552.htm HTTP/1.1" 200 85791 "-" "Mozilla/5.0 (Linux; Android 6.0.1; Nexus 5X Build/MMB29P) AppleWebKit/537.36 (KHTML, like Gecko) Chrome/137.0.7151.103 Mobile Safari/537.36 (compatible; Googlebot/2.1; +http://www.google.com/bot.html)"
66.249.65.99 - - [22/Jul/2025:00:02:12 +0000] "GET /049003337.htm HTTP/1.1" 200 85890 "-" "Mozilla/5.0 (Linux; Android 6.0.1; Nexus 5X Build/MMB29P) AppleWebKit/537.36 (KHTML, like Gecko) Chrome/137.0.7151.103 Mobile Safari/537.36 (compatible; Googlebot/2.1; +http://www.google.com/bot.html)"
66.249.65.97 - - [22/Jul/2025:00:02:13 +0000] "GET /harassment/a78?pid=371 HTTP/1.1" 200 86881 "-" "Mozilla/5.0 (Linux; Android 6.0.1; Nexus 5X Build/MMB29P) AppleWebKit/537.36 (KHTML, like Gecko) Chrome/137.0.7151.103 Mobile Safari/537.36 (compatible; Googlebot/2.1; +http://www.google.com/bot.html)"
20.171.207.187 - - [22/Jul/2025:00:02:22 +0000] "GET /search.php?pcmypage%3Fcallback=product%2Freview%2Fcarplus-81170901016-qq-2c HTTP/1.1" 200 86465 "-" "Mozilla/5.0 AppleWebKit/537.36 (KHTML, like Gecko; compatible; GPTBot/1.2; +https://openai.com/gptbot)"
66.249.73.97 - - [22/Jul/2025:00:02:30 +0000] "GET /champion/i7?pid=782 HTTP/1.1" 200 86697 "-" "Mozilla/5.0 (Linux; Android 6.0.1; Nexus 5X Build/MMB29P) AppleWebKit/537.36 (KHTML, like Gecko) Chrome/137.0.7151.103 Mobile Safari/537.36 (compatible; Googlebot/2.1; +http://www.google.com/bot.html)"
66.249.65.97 - - [22/Jul/2025:00:02:30 +0000] "GET /111046795.htm HTTP/1.1" 200 86222 "-" "Mozilla/5.0 (Linux; Android 6.0.1; Nexus 5X Build/MMB29P) AppleWebKit/537.36 (KHTML, like Gecko) Chrome/137.0.7151.103 Mobile Safari/537.36 (compatible; Googlebot/2.1; +http://www.google.com/bot.html)"
66.249.65.97 - - [22/Jul/2025:00:03:02 +0000] "GET /041001713.htm HTTP/1.1" 200 86432 "-" "Mozilla/5.0 (Linux; Android 6.0.1; Nexus 5X Build/MMB29P) AppleWebKit/537.36 (KHTML, like Gecko) Chrome/137.0.7151.103 Mobile Safari/537.36 (compatible; Googlebot/2.1; +http://www.google.com/bot.html)"
66.249.65.97 - - [22/Jul/2025:00:03:19 +0000] "GET /pcmypage?callback=product/review/s-darts-tad6675 HTTP/1.1" 200 86190 "-" "Mozilla/5.0 (Linux; Android 6.0.1; Nexus 5X Build/MMB29P) AppleWebKit/537.36 (KHTML, like Gecko) Chrome/137.0.7151.103 Mobile Safari/537.36 (compatible; Googlebot/2.1; +http://www.google.com/bot.html)"
66.249.65.97 - - [22/Jul/2025:00:03:19 +0000] "GET /pcmypage?callback=product/review/courage-store-fbbb6e3b8db5d7f-gi HTTP/1.1" 200 85820 "-" "Mozilla/5.0 (Linux; Android 6.0.1; Nexus 5X Build/MMB29P) AppleWebKit/537.36 (KHTML, like Gecko) Chrome/137.0.7151.103 Mobile Safari/537.36 (compatible; Googlebot/2.1; +http://www.google.com/bot.html)"
20.171.207.187 - - [22/Jul/2025:00:03:22 +0000] "GET /search.php?zhHant%2Fproduct%2Fsurugaya%2Fhatoya-2-cr4548664070657%3Fcampaign_uid=f64d716db5e979ed2f947dbaf4296895b951ae7f HTTP/1.1" 200 88065 "-" "Mozilla/5.0 AppleWebKit/537.36 (KHTML, like Gecko; compatible; GPTBot/1.2; +https://openai.com/gptbot)"
66.249.65.97 - - [22/Jul/2025:00:03:35 +0000] "GET /213008513.htm HTTP/1.1" 200 86051 "-" "Mozilla/5.0 (Linux; Android 6.0.1; Nexus 5X Build/MMB29P) AppleWebKit/537.36 (KHTML, like Gecko) Chrome/137.0.7151.103 Mobile Safari/537.36 (compatible; Googlebot/2.1; +http://www.google.com/bot.html)"
209.74.77.214 - - [22/Jul/2025:00:03:46 +0000] "POST /wp-cron.php?doing_wp_cron=1753142626.6690669059753417968750 HTTP/1.1" 403 33 "-" "WordPress/6.8.2; https://topflowroofingplumbing.com.au"
2a03:2880:f800:19:: - - [22/Jul/2025:00:03:45 +0000] "GET /shopbrand/347439641 HTTP/1.1" 404 11694 "-" "meta-externalagent/1.1 (+https://developers.facebook.com/docs/sharing/webmasters/crawler)"
66.249.73.97 - - [22/Jul/2025:00:03:52 +0000] "GET /start/f33?pid=200 HTTP/1.1" 200 85969 "-" "Mozilla/5.0 (Linux; Android 6.0.1; Nexus 5X Build/MMB29P) AppleWebKit/537.36 (KHTML, like Gecko) Chrome/137.0.7151.103 Mobile Safari/537.36 (compatible; Googlebot/2.1; +http://www.google.com/bot.html)"
66.249.65.97 - - [22/Jul/2025:00:04:08 +0000] "GET /017000999.htm HTTP/1.1" 200 85230 "-" "Mozilla/5.0 (Linux; Android 6.0.1; Nexus 5X Build/MMB29P) AppleWebKit/537.36 (KHTML, like Gecko) Chrome/137.0.7151.103 Mobile Safari/537.36 (compatible; Googlebot/2.1; +http://www.google.com/bot.html)"
20.171.207.187 - - [22/Jul/2025:00:04:23 +0000] "GET /search.php?items%2F081047432.html%3Fsrsltid=AfmBOooeehWNzaJVuJPIDkmKZjUfuyfNKgashPKEpQ5SLi2yQO1V HTTP/1.1" 200 86492 "-" "Mozilla/5.0 AppleWebKit/537.36 (KHTML, like Gecko; compatible; GPTBot/1.2; +https://openai.com/gptbot)"
66.249.65.97 - - [22/Jul/2025:00:04:25 +0000] "GET /pcmypage?callback=product/review/zaccaru-1-ds-2592237 HTTP/1.1" 200 86045 "-" "Mozilla/5.0 (Linux; Android 6.0.1; Nexus 5X Build/MMB29P) AppleWebKit/537.36 (KHTML, like Gecko) Chrome/137.0.7151.103 Mobile Safari/537.36 (compatible; Googlebot/2.1; +http://www.google.com/bot.html)"
2a03:2880:f800:4:: - - [22/Jul/2025:00:04:37 +0000] "GET /shopbrand/193853092 HTTP/1.1" 404 11694 "-" "meta-externalagent/1.1 (+https://developers.facebook.com/docs/sharing/webmasters/crawler)"
66.249.65.97 - - [22/Jul/2025:00:04:41 +0000] "GET /pcmypage?callback=product/review/0101marui-ce016853560101 HTTP/1.1" 200 85404 "-" "Mozilla/5.0 (Linux; Android 6.0.1; Nexus 5X Build/MMB29P) AppleWebKit/537.36 (KHTML, like Gecko) Chrome/137.0.7151.103 Mobile Safari/537.36 (compatible; Googlebot/2.1; +http://www.google.com/bot.html)"
66.249.65.99 - - [22/Jul/2025:00:05:13 +0000] "GET /081020627.htm HTTP/1.1" 200 86862 "-" "Mozilla/5.0 (Linux; Android 6.0.1; Nexus 5X Build/MMB29P) AppleWebKit/537.36 (KHTML, like Gecko) Chrome/137.0.7151.103 Mobile Safari/537.36 (compatible; Googlebot/2.1; +http://www.google.com/bot.html)"
20.171.207.187 - - [22/Jul/2025:00:05:28 +0000] "GET /search.php?items%2F280040179.html%3Fsrsltid=AfmBOoexmrAANyMDTztXBkhtUwFzKMuTXC4UymajoXFUb6g7NHZp HTTP/1.1" 200 87072 "-" "Mozilla/5.0 AppleWebKit/537.36 (KHTML, like Gecko; compatible; GPTBot/1.2; +https://openai.com/gptbot)"
66.249.65.97 - - [22/Jul/2025:00:05:30 +0000] "GET /009000469.htm HTTP/1.1" 200 85913 "-" "Mozilla/5.0 (Linux; Android 6.0.1; Nexus 5X Build/MMB29P) AppleWebKit/537.36 (KHTML, like Gecko) Chrome/137.0.7151.103 Mobile Safari/537.36 (compatible; Googlebot/2.1; +http://www.google.com/bot.html)"
66.249.65.98 - - [22/Jul/2025:00:05:31 +0000] "GET /pcmypage?callback=product%2Fdetail%2Fgreen0501-00028507 HTTP/1.1" 200 87694 "-" "Mozilla/5.0 (Linux; Android 6.0.1; Nexus 5X Build/MMB29P) AppleWebKit/537.36 (KHTML, like Gecko) Chrome/137.0.7151.103 Mobile Safari/537.36 (compatible; Googlebot/2.1; +http://www.google.com/bot.html)"
66.249.65.97 - - [22/Jul/2025:00:05:47 +0000] "GET /121018295.htm HTTP/1.1" 200 86453 "-" "Mozilla/5.0 (Linux; Android 6.0.1; Nexus 5X Build/MMB29P) AppleWebKit/537.36 (KHTML, like Gecko) Chrome/137.0.7151.103 Mobile Safari/537.36 (compatible; Googlebot/2.1; +http://www.google.com/bot.html)"
66.249.65.97 - - [22/Jul/2025:00:05:47 +0000] "GET /pcmypage?callback=/product%2Fdetail%2zaccaru-1-ds-2592237 HTTP/1.1" 200 85831 "-" "Mozilla/5.0 (Linux; Android 6.0.1; Nexus 5X Build/MMB29P) AppleWebKit/537.36 (KHTML, like Gecko) Chrome/137.0.7151.103 Mobile Safari/537.36 (compatible; Googlebot/2.1; +http://www.google.com/bot.html)"
66.249.65.99 - - [22/Jul/2025:00:06:09 +0000] "GET /pcmypage?callback=product/review/tuzukiya-y19-12878 HTTP/1.1" 200 86365 "-" "Mozilla/5.0 (Linux; Android 6.0.1; Nexus 5X Build/MMB29P) AppleWebKit/537.36 (KHTML, like Gecko) Chrome/137.0.7151.103 Mobile Safari/537.36 (compatible; Googlebot/2.1; +http://www.google.com/bot.html)"
20.171.207.187 - - [22/Jul/2025:00:06:30 +0000] "GET /search.php?m054000000%3Fsrsltid=AfmBOoNcqXXZxBskcU1c6k_3Ek1luHys7_bRqKhWJs-P-HynTBb74q HTTP/1.1" 200 86860 "-" "Mozilla/5.0 AppleWebKit/537.36 (KHTML, like Gecko; compatible; GPTBot/1.2; +https://openai.com/gptbot)"
66.249.65.97 - - [22/Jul/2025:00:06:31 +0000] "GET /135034131.htm HTTP/1.1" 200 86032 "-" "Mozilla/5.0 (Linux; Android 6.0.1; Nexus 5X Build/MMB29P) AppleWebKit/537.36 (KHTML, like Gecko) Chrome/137.0.7151.103 Mobile Safari/537.36 (compatible; Googlebot/2.1; +http://www.google.com/bot.html)"
66.249.65.99 - - [22/Jul/2025:00:07:06 +0000] "GET /pcmypage?callback=product/review/ichibankanshop-ds-2569173 HTTP/1.1" 200 85673 "-" "Mozilla/5.0 (Linux; Android 6.0.1; Nexus 5X Build/MMB29P) AppleWebKit/537.36 (KHTML, like Gecko) Chrome/137.0.7151.103 Mobile Safari/537.36 (compatible; Googlebot/2.1; +http://www.google.com/bot.html)"
209.74.77.214 - - [22/Jul/2025:00:07:12 +0000] "POST /wp-cron.php?doing_wp_cron=1753142831.9693191051483154296875 HTTP/1.1" 403 33 "-" "WordPress/6.8.2; https://topflowroofingplumbing.com.au"
2a03:2880:f800:d:: - - [22/Jul/2025:00:07:10 +0000] "GET /shopdetail/473760852 HTTP/1.1" 404 11694 "-" "meta-externalagent/1.1 (+https://developers.facebook.com/docs/sharing/webmasters/crawler)"
66.249.65.97 - - [22/Jul/2025:00:07:24 +0000] "GET /243000399.htm HTTP/1.1" 200 86017 "-" "Mozilla/5.0 (Linux; Android 6.0.1; Nexus 5X Build/MMB29P) AppleWebKit/537.36 (KHTML, like Gecko) Chrome/137.0.7151.103 Mobile Safari/537.36 (compatible; Googlebot/2.1; +http://www.google.com/bot.html)"
20.171.207.187 - - [22/Jul/2025:00:07:33 +0000] "GET /search.php?items%2F016036969.html%3Fsrsltid=AfmBOopsiqyZXxzTOcbtDcxDRLjuYQKmNYbsChBI23TRn4yYCHiJ HTTP/1.1" 200 87061 "-" "Mozilla/5.0 AppleWebKit/537.36 (KHTML, like Gecko; compatible; GPTBot/1.2; +https://openai.com/gptbot)"
2a03:2880:f800:d:: - - [22/Jul/2025:00:07:35 +0000] "GET /shopbrand/347425209 HTTP/1.1" 404 11694 "-" "meta-externalagent/1.1 (+https://developers.facebook.com/docs/sharing/webmasters/crawler)"
66.249.65.97 - - [22/Jul/2025:00:07:40 +0000] "GET /050038044.htm HTTP/1.1" 200 87259 "-" "Mozilla/5.0 (Linux; Android 6.0.1; Nexus 5X Build/MMB29P) AppleWebKit/537.36 (KHTML, like Gecko) Chrome/137.0.7151.103 Mobile Safari/537.36 (compatible; Googlebot/2.1; +http://www.google.com/bot.html)"
66.249.65.99 - - [22/Jul/2025:00:08:12 +0000] "GET /077002833.htm HTTP/1.1" 200 85741 "-" "Mozilla/5.0 (Linux; Android 6.0.1; Nexus 5X Build/MMB29P) AppleWebKit/537.36 (KHTML, like Gecko) Chrome/137.0.7151.103 Mobile Safari/537.36 (compatible; Googlebot/2.1; +http://www.google.com/bot.html)"
66.249.65.97 - - [22/Jul/2025:00:08:12 +0000] "GET /092045016.htm HTTP/1.1" 200 86078 "-" "Mozilla/5.0 (Linux; Android 6.0.1; Nexus 5X Build/MMB29P) AppleWebKit/537.36 (KHTML, like Gecko) Chrome/137.0.7151.103 Mobile Safari/537.36 (compatible; Googlebot/2.1; +http://www.google.com/bot.html)"
66.249.65.98 - - [22/Jul/2025:00:08:29 +0000] "GET /pcmypage?callback=product%2Fdetail%2Ftuzukiya-y19-12878 HTTP/1.1" 200 85383 "-" "Mozilla/5.0 (Linux; Android 6.0.1; Nexus 5X Build/MMB29P) AppleWebKit/537.36 (KHTML, like Gecko) Chrome/137.0.7151.103 Mobile Safari/537.36 (compatible; Googlebot/2.1; +http://www.google.com/bot.html)"
66.249.65.97 - - [22/Jul/2025:00:08:46 +0000] "GET /261007033.htm HTTP/1.1" 200 86929 "-" "Mozilla/5.0 (Linux; Android 6.0.1; Nexus 5X Build/MMB29P) AppleWebKit/537.36 (KHTML, like Gecko) Chrome/137.0.7151.103 Mobile Safari/537.36 (compatible; Googlebot/2.1; +http://www.google.com/bot.html)"
66.249.65.97 - - [22/Jul/2025:00:09:17 +0000] "GET /001001759.htm HTTP/1.1" 200 86263 "-" "Mozilla/5.0 (Linux; Android 6.0.1; Nexus 5X Build/MMB29P) AppleWebKit/537.36 (KHTML, like Gecko) Chrome/137.0.7151.103 Mobile Safari/537.36 (compatible; Googlebot/2.1; +http://www.google.com/bot.html)"
66.249.65.98 - - [22/Jul/2025:00:09:34 +0000] "GET /174013674.htm HTTP/1.1" 200 86059 "-" "Mozilla/5.0 (Linux; Android 6.0.1; Nexus 5X Build/MMB29P) AppleWebKit/537.36 (KHTML, like Gecko) Chrome/137.0.7151.103 Mobile Safari/537.36 (compatible; Googlebot/2.1; +http://www.google.com/bot.html)"
20.171.207.187 - - [22/Jul/2025:00:09:38 +0000] "GET /search.php?items%2F087036332.html%3Fsrsltid=AfmBOoyguCasraxtXIjHlF0MOFwVOMzYgvyjxs4c9hBjrxcSAafN HTTP/1.1" 200 86666 "-" "Mozilla/5.0 AppleWebKit/537.36 (KHTML, like Gecko; compatible; GPTBot/1.2; +https://openai.com/gptbot)"
66.249.65.97 - - [22/Jul/2025:00:09:51 +0000] "GET /009000471.htm HTTP/1.1" 200 86392 "-" "Mozilla/5.0 (Linux; Android 6.0.1; Nexus 5X Build/MMB29P) AppleWebKit/537.36 (KHTML, like Gecko) Chrome/137.0.7151.103 Mobile Safari/537.36 (compatible; Googlebot/2.1; +http://www.google.com/bot.html)"
66.249.65.99 - - [22/Jul/2025:00:10:23 +0000] "GET /169021513.htm HTTP/1.1" 200 85608 "-" "Mozilla/5.0 (Linux; Android 6.0.1; Nexus 5X Build/MMB29P) AppleWebKit/537.36 (KHTML, like Gecko) Chrome/137.0.7151.103 Mobile Safari/537.36 (compatible; Googlebot/2.1; +http://www.google.com/bot.html)"
66.249.65.97 - - [22/Jul/2025:00:10:39 +0000] "GET /009000481.htm HTTP/1.1" 200 85926 "-" "Mozilla/5.0 (Linux; Android 6.0.1; Nexus 5X Build/MMB29P) AppleWebKit/537.36 (KHTML, like Gecko) Chrome/137.0.7151.103 Mobile Safari/537.36 (compatible; Googlebot/2.1; +http://www.google.com/bot.html)"
20.171.207.187 - - [22/Jul/2025:00:10:44 +0000] "GET /search.php?items%2F138044583.html%3Fsrsltid=AfmBOoyncHPzSIzojRDF2ANAJlRhcKrZXedwTFKEsOUSCv0PNKq7 HTTP/1.1" 200 87279 "-" "Mozilla/5.0 AppleWebKit/537.36 (KHTML, like Gecko; compatible; GPTBot/1.2; +https://openai.com/gptbot)"
209.74.77.214 - - [22/Jul/2025:00:11:04 +0000] "POST /wp-cron.php?doing_wp_cron=1753143064.5106110572814941406250 HTTP/1.1" 403 33 "-" "WordPress/6.8.2; https://topflowroofingplumbing.com.au"
2a03:2880:f800:c:: - - [22/Jul/2025:00:11:03 +0000] "GET /shopbrand/193927977 HTTP/1.1" 404 11694 "-" "meta-externalagent/1.1 (+https://developers.facebook.com/docs/sharing/webmasters/crawler)"
185.51.167.161 - - [22/Jul/2025:00:11:10 +0000] "GET /static/lib/webuploader/0.1.5/server/fileupload.php HTTP/1.1" 404 11694 "-" "Mozilla/5.0 (Windows NT 10.0; WOW64; rv:48.0) Gecko/20100101 Firefox/48.0"
66.249.65.99 - - [22/Jul/2025:00:11:11 +0000] "GET /001043431.htm HTTP/1.1" 200 86654 "-" "Mozilla/5.0 (Linux; Android 6.0.1; Nexus 5X Build/MMB29P) AppleWebKit/537.36 (KHTML, like Gecko) Chrome/137.0.7151.103 Mobile Safari/537.36 (compatible; Googlebot/2.1; +http://www.google.com/bot.html)"
66.249.65.97 - - [22/Jul/2025:00:11:28 +0000] "GET /278006888.htm HTTP/1.1" 200 85381 "-" "Mozilla/5.0 (Linux; Android 6.0.1; Nexus 5X Build/MMB29P) AppleWebKit/537.36 (KHTML, like Gecko) Chrome/137.0.7151.103 Mobile Safari/537.36 (compatible; Googlebot/2.1; +http://www.google.com/bot.html)"
20.171.207.187 - - [22/Jul/2025:00:11:44 +0000] "GET /search.php?items%2F287028386.html%3Fsrsltid=AfmBOoqkseXPzOzrzGOlB5eZFgPgdgyPknCWXH5IKerkurQh1lvS HTTP/1.1" 200 86867 "-" "Mozilla/5.0 AppleWebKit/537.36 (KHTML, like Gecko; compatible; GPTBot/1.2; +https://openai.com/gptbot)"
66.249.65.97 - - [22/Jul/2025:00:11:45 +0000] "GET /pcmypage?callback=product%2Fdetail%2Fzaccaru-1-ds-2592237 HTTP/1.1" 200 85900 "-" "Mozilla/5.0 (Linux; Android 6.0.1; Nexus 5X Build/MMB29P) AppleWebKit/537.36 (KHTML, like Gecko) Chrome/137.0.7151.103 Mobile Safari/537.36 (compatible; Googlebot/2.1; +http://www.google.com/bot.html)"
66.249.65.97 - - [22/Jul/2025:00:11:45 +0000] "GET /220024904.htm HTTP/1.1" 200 86296 "-" "Mozilla/5.0 (Linux; Android 6.0.1; Nexus 5X Build/MMB29P) AppleWebKit/537.36 (KHTML, like Gecko) Chrome/137.0.7151.103 Mobile Safari/537.36 (compatible; Googlebot/2.1; +http://www.google.com/bot.html)"
2a03:2880:f800:a:: - - [22/Jul/2025:00:11:50 +0000] "GET /shopdetail/521161152 HTTP/1.1" 404 11694 "-" "meta-externalagent/1.1 (+https://developers.facebook.com/docs/sharing/webmasters/crawler)"
209.74.77.214 - - [22/Jul/2025:00:12:09 +0000] "POST /wp-cron.php?doing_wp_cron=1753143129.6339070796966552734375 HTTP/1.1" 403 33 "-" "WordPress/6.8.2; https://topflowroofingplumbing.com.au"
2a03:2880:f800:a:: - - [22/Jul/2025:00:12:09 +0000] "GET /shopdetail/409549152 HTTP/1.1" 404 11694 "-" "meta-externalagent/1.1 (+https://developers.facebook.com/docs/sharing/webmasters/crawler)"
66.249.65.98 - - [22/Jul/2025:00:12:17 +0000] "GET /090001246.htm HTTP/1.1" 200 86054 "-" "Mozilla/5.0 (Linux; Android 6.0.1; Nexus 5X Build/MMB29P) AppleWebKit/537.36 (KHTML, like Gecko) Chrome/137.0.7151.103 Mobile Safari/537.36 (compatible; Googlebot/2.1; +http://www.google.com/bot.html)"
66.249.65.97 - - [22/Jul/2025:00:12:34 +0000] "GET /pcmypage?callback=/product%2Fdetail%2Dcmonline-1097302 HTTP/1.1" 200 86592 "-" "Mozilla/5.0 (Linux; Android 6.0.1; Nexus 5X Build/MMB29P) AppleWebKit/537.36 (KHTML, like Gecko) Chrome/137.0.7151.103 Mobile Safari/537.36 (compatible; Googlebot/2.1; +http://www.google.com/bot.html)"
66.249.73.96 - - [22/Jul/2025:00:12:34 +0000] "GET /grade/q15?pid=310 HTTP/1.1" 200 86132 "-" "Mozilla/5.0 (Linux; Android 6.0.1; Nexus 5X Build/MMB29P) AppleWebKit/537.36 (KHTML, like Gecko) Chrome/137.0.7151.103 Mobile Safari/537.36 (compatible; Googlebot/2.1; +http://www.google.com/bot.html)"
66.249.65.97 - - [22/Jul/2025:00:12:34 +0000] "GET /040002976.htm HTTP/1.1" 200 85888 "-" "Mozilla/5.0 (Linux; Android 6.0.1; Nexus 5X Build/MMB29P) AppleWebKit/537.36 (KHTML, like Gecko) Chrome/137.0.7151.103 Mobile Safari/537.36 (compatible; Googlebot/2.1; +http://www.google.com/bot.html)"
66.249.65.97 - - [22/Jul/2025:00:12:34 +0000] "GET /272018624.htm HTTP/1.1" 200 86359 "-" "Mozilla/5.0 (Linux; Android 6.0.1; Nexus 5X Build/MMB29P) AppleWebKit/537.36 (KHTML, like Gecko) Chrome/137.0.7151.103 Mobile Safari/537.36 (compatible; Googlebot/2.1; +http://www.google.com/bot.html)"
66.249.65.97 - - [22/Jul/2025:00:12:35 +0000] "GET /135012203.htm HTTP/1.1" 200 85477 "-" "Mozilla/5.0 (Linux; Android 6.0.1; Nexus 5X Build/MMB29P) AppleWebKit/537.36 (KHTML, like Gecko) Chrome/137.0.7151.103 Mobile Safari/537.36 (compatible; Googlebot/2.1; +http://www.google.com/bot.html)"
20.171.207.187 - - [22/Jul/2025:00:12:49 +0000] "GET /search.php?items%2F057011040.html%3Fsrsltid=AfmBOovfiMPGtsMfXlJOyIGiLjdDzVwZ5lJHjIryOzXIvFlJe94P HTTP/1.1" 200 87084 "-" "Mozilla/5.0 AppleWebKit/537.36 (KHTML, like Gecko; compatible; GPTBot/1.2; +https://openai.com/gptbot)"
66.249.65.98 - - [22/Jul/2025:00:12:51 +0000] "GET /029020659.htm HTTP/1.1" 200 85490 "-" "Mozilla/5.0 (Linux; Android 6.0.1; Nexus 5X Build/MMB29P) AppleWebKit/537.36 (KHTML, like Gecko) Chrome/137.0.7151.103 Mobile Safari/537.36 (compatible; Googlebot/2.1; +http://www.google.com/bot.html)"
66.249.65.98 - - [22/Jul/2025:00:12:52 +0000] "GET /161021831.htm HTTP/1.1" 200 86506 "-" "Mozilla/5.0 (Linux; Android 6.0.1; Nexus 5X Build/MMB29P) AppleWebKit/537.36 (KHTML, like Gecko) Chrome/137.0.7151.103 Mobile Safari/537.36 (compatible; Googlebot/2.1; +http://www.google.com/bot.html)"
66.249.73.96 - - [22/Jul/2025:00:12:52 +0000] "GET /zhHant/product/surugaya/haikanshop-nt-1419757?campaign_uid=f64d716db5e979ed2f947dbaf4296895b951ae7f HTTP/1.1" 200 86158 "-" "Mozilla/5.0 (Linux; Android 6.0.1; Nexus 5X Build/MMB29P) AppleWebKit/537.36 (KHTML, like Gecko) Chrome/137.0.7151.103 Mobile Safari/537.36 (compatible; Googlebot/2.1; +http://www.google.com/bot.html)"
66.249.65.97 - - [22/Jul/2025:00:13:09 +0000] "GET /pcmypage?callback=product/review/thrsparkle-b08zy5b1j6 HTTP/1.1" 200 85569 "-" "Mozilla/5.0 (Linux; Android 6.0.1; Nexus 5X Build/MMB29P) AppleWebKit/537.36 (KHTML, like Gecko) Chrome/137.0.7151.103 Mobile Safari/537.36 (compatible; Googlebot/2.1; +http://www.google.com/bot.html)"
66.249.65.97 - - [22/Jul/2025:00:13:41 +0000] "GET /166020494.htm HTTP/1.1" 200 85991 "-" "Mozilla/5.0 (Linux; Android 6.0.1; Nexus 5X Build/MMB29P) AppleWebKit/537.36 (KHTML, like Gecko) Chrome/137.0.7151.103 Mobile Safari/537.36 (compatible; Googlebot/2.1; +http://www.google.com/bot.html)"
20.171.207.187 - - [22/Jul/2025:00:13:51 +0000] "GET /search.php?items%2F018006137.html%3Fsrsltid=AfmBOoktwyhPLDaUVHLxDM7FVPXOlWUPkQbfcytkmQCGtuR47JsI HTTP/1.1" 200 87565 "-" "Mozilla/5.0 AppleWebKit/537.36 (KHTML, like Gecko; compatible; GPTBot/1.2; +https://openai.com/gptbot)"
66.249.65.97 - - [22/Jul/2025:00:13:58 +0000] "GET /069045061.htm HTTP/1.1" 200 86182 "-" "Mozilla/5.0 (Linux; Android 6.0.1; Nexus 5X Build/MMB29P) AppleWebKit/537.36 (KHTML, like Gecko) Chrome/137.0.7151.103 Mobile Safari/537.36 (compatible; Googlebot/2.1; +http://www.google.com/bot.html)"
66.249.65.97 - - [22/Jul/2025:00:13:58 +0000] "GET /009000473.htm HTTP/1.1" 200 86049 "-" "Mozilla/5.0 (Linux; Android 6.0.1; Nexus 5X Build/MMB29P) AppleWebKit/537.36 (KHTML, like Gecko) Chrome/137.0.7151.103 Mobile Safari/537.36 (compatible; Googlebot/2.1; +http://www.google.com/bot.html)"
66.249.65.97 - - [22/Jul/2025:00:14:15 +0000] "GET /pcmypage?callback=product%2Fdetail%2Fdcmonline-1097302 HTTP/1.1" 200 85536 "-" "Mozilla/5.0 (Linux; Android 6.0.1; Nexus 5X Build/MMB29P) AppleWebKit/537.36 (KHTML, like Gecko) Chrome/137.0.7151.103 Mobile Safari/537.36 (compatible; Googlebot/2.1; +http://www.google.com/bot.html)"
66.249.65.99 - - [22/Jul/2025:00:14:15 +0000] "GET /orientation/k6?pid=207 HTTP/1.1" 200 87075 "-" "Mozilla/5.0 (Linux; Android 6.0.1; Nexus 5X Build/MMB29P) AppleWebKit/537.36 (KHTML, like Gecko) Chrome/137.0.7151.103 Mobile Safari/537.36 (compatible; Googlebot/2.1; +http://www.google.com/bot.html)"
209.74.77.214 - - [22/Jul/2025:00:14:28 +0000] "POST /wp-cron.php?doing_wp_cron=1753143268.6662039756774902343750 HTTP/1.1" 403 33 "-" "WordPress/6.8.2; https://topflowroofingplumbing.com.au"
2a03:2880:f800:: - - [22/Jul/2025:00:14:27 +0000] "GET /shopbrand/193856083 HTTP/1.1" 404 11694 "-" "meta-externalagent/1.1 (+https://developers.facebook.com/docs/sharing/webmasters/crawler)"
66.249.65.98 - - [22/Jul/2025:00:14:47 +0000] "GET /229040253.htm HTTP/1.1" 200 86014 "-" "Mozilla/5.0 (Linux; Android 6.0.1; Nexus 5X Build/MMB29P) AppleWebKit/537.36 (KHTML, like Gecko) Chrome/137.0.7151.103 Mobile Safari/537.36 (compatible; Googlebot/2.1; +http://www.google.com/bot.html)"
66.249.65.97 - - [22/Jul/2025:00:14:47 +0000] "GET /pcmypage?callback=/product%2Fdetail%20101marui-ce016853560101 HTTP/1.1" 200 85497 "-" "Mozilla/5.0 (Linux; Android 6.0.1; Nexus 5X Build/MMB29P) AppleWebKit/537.36 (KHTML, like Gecko) Chrome/137.0.7151.103 Mobile Safari/537.36 (compatible; Googlebot/2.1; +http://www.google.com/bot.html)"
66.249.65.98 - - [22/Jul/2025:00:14:48 +0000] "GET /pcmypage?callback=product%2Fdetail%2Fauc-raipara-r-blt-clc40tpl HTTP/1.1" 200 85853 "-" "Mozilla/5.0 (Linux; Android 6.0.1; Nexus 5X Build/MMB29P) AppleWebKit/537.36 (KHTML, like Gecko) Chrome/137.0.7151.103 Mobile Safari/537.36 (compatible; Googlebot/2.1; +http://www.google.com/bot.html)"
66.249.65.98 - - [22/Jul/2025:00:14:47 +0000] "GET /102009350.htm HTTP/1.1" 200 85727 "-" "Mozilla/5.0 (Linux; Android 6.0.1; Nexus 5X Build/MMB29P) AppleWebKit/537.36 (KHTML, like Gecko) Chrome/137.0.7151.103 Mobile Safari/537.36 (compatible; Googlebot/2.1; +http://www.google.com/bot.html)"
20.171.207.187 - - [22/Jul/2025:00:14:55 +0000] "GET /search.php?items%2F099005726.html%3Fsrsltid=AfmBOoaahtBBoFiTnNwBoVcYSnfTzctVvg2ZIFsgzIp4bfh3NNjb HTTP/1.1" 200 87346 "-" "Mozilla/5.0 AppleWebKit/537.36 (KHTML, like Gecko; compatible; GPTBot/1.2; +https://openai.com/gptbot)"
66.249.65.98 - - [22/Jul/2025:00:15:05 +0000] "GET /pcmypage?callback=product%2Fdetail%2Feagleeyeshopping-top1-ds-2592237 HTTP/1.1" 200 86603 "-" "Mozilla/5.0 (Linux; Android 6.0.1; Nexus 5X Build/MMB29P) AppleWebKit/537.36 (KHTML, like Gecko) Chrome/137.0.7151.103 Mobile Safari/537.36 (compatible; Googlebot/2.1; +http://www.google.com/bot.html)"
66.249.65.98 - - [22/Jul/2025:00:15:22 +0000] "GET /130037738.htm HTTP/1.1" 200 86318 "-" "Mozilla/5.0 (Linux; Android 6.0.1; Nexus 5X Build/MMB29P) AppleWebKit/537.36 (KHTML, like Gecko) Chrome/137.0.7151.103 Mobile Safari/537.36 (compatible; Googlebot/2.1; +http://www.google.com/bot.html)"
66.249.65.98 - - [22/Jul/2025:00:15:22 +0000] "GET /001001755.htm HTTP/1.1" 200 86341 "-" "Mozilla/5.0 (Linux; Android 6.0.1; Nexus 5X Build/MMB29P) AppleWebKit/537.36 (KHTML, like Gecko) Chrome/137.0.7151.103 Mobile Safari/537.36 (compatible; Googlebot/2.1; +http://www.google.com/bot.html)"
66.249.65.97 - - [22/Jul/2025:00:15:42 +0000] "GET /pcmypage?callback=/product%2Fdetail%2tuzukiya-y19-12878 HTTP/1.1" 200 85993 "-" "Mozilla/5.0 (Linux; Android 6.0.1; Nexus 5X Build/MMB29P) AppleWebKit/537.36 (KHTML, like Gecko) Chrome/137.0.7151.103 Mobile Safari/537.36 (compatible; Googlebot/2.1; +http://www.google.com/bot.html)"
20.171.207.187 - - [22/Jul/2025:00:15:57 +0000] "GET /search.php?items%2F183032128.html%3Fsrsltid=AfmBOodptlqMOCrlsWbkTVvzDLidvyMJO7azReM0T6JxPbkHdTjH HTTP/1.1" 200 87592 "-" "Mozilla/5.0 AppleWebKit/537.36 (KHTML, like Gecko; compatible; GPTBot/1.2; +https://openai.com/gptbot)"
66.249.65.98 - - [22/Jul/2025:00:16:19 +0000] "GET /pcmypage?callback=/product%2Fdetail%2Eagleeyeshopping-top1-ds-2592237 HTTP/1.1" 200 86168 "-" "Mozilla/5.0 (Linux; Android 6.0.1; Nexus 5X Build/MMB29P) AppleWebKit/537.36 (KHTML, like Gecko) Chrome/137.0.7151.103 Mobile Safari/537.36 (compatible; Googlebot/2.1; +http://www.google.com/bot.html)"
66.249.65.98 - - [22/Jul/2025:00:16:35 +0000] "GET /171031265.htm HTTP/1.1" 200 88098 "-" "Mozilla/5.0 (Linux; Android 6.0.1; Nexus 5X Build/MMB29P) AppleWebKit/537.36 (KHTML, like Gecko) Chrome/137.0.7151.103 Mobile Safari/537.36 (compatible; Googlebot/2.1; +http://www.google.com/bot.html)"
66.249.73.103 - - [22/Jul/2025:00:16:36 +0000] "GET /steer/e218?pid=927 HTTP/1.1" 200 85694 "-" "Mozilla/5.0 (Linux; Android 6.0.1; Nexus 5X Build/MMB29P) AppleWebKit/537.36 (KHTML, like Gecko) Chrome/137.0.7151.103 Mobile Safari/537.36 (compatible; Googlebot/2.1; +http://www.google.com/bot.html)"
66.249.65.97 - - [22/Jul/2025:00:16:52 +0000] "GET /009000475.htm HTTP/1.1" 200 86243 "-" "Mozilla/5.0 (Linux; Android 6.0.1; Nexus 5X Build/MMB29P) AppleWebKit/537.36 (KHTML, like Gecko) Chrome/137.0.7151.103 Mobile Safari/537.36 (compatible; Googlebot/2.1; +http://www.google.com/bot.html)"
20.171.207.187 - - [22/Jul/2025:00:16:59 +0000] "GET /search.php?items%2F147038874.html%3Fsrsltid=AfmBOoemtazGxNXgDQAIRgAdGDzLSNZKLyUPzD7oOCyt6HRXe4Qs HTTP/1.1" 200 87148 "-" "Mozilla/5.0 AppleWebKit/537.36 (KHTML, like Gecko; compatible; GPTBot/1.2; +https://openai.com/gptbot)"
66.249.65.97 - - [22/Jul/2025:00:17:15 +0000] "GET /pcmypage?callback=product%2Fdetail%2Fgoodlifestore-b00391yeu4 HTTP/1.1" 200 85650 "-" "Mozilla/5.0 (Linux; Android 6.0.1; Nexus 5X Build/MMB29P) AppleWebKit/537.36 (KHTML, like Gecko) Chrome/137.0.7151.103 Mobile Safari/537.36 (compatible; Googlebot/2.1; +http://www.google.com/bot.html)"
209.74.77.214 - - [22/Jul/2025:00:17:24 +0000] "POST /wp-cron.php?doing_wp_cron=1753143444.4834220409393310546875 HTTP/1.1" 403 33 "-" "WordPress/6.8.2; https://topflowroofingplumbing.com.au"
2a03:2880:f800:13:: - - [22/Jul/2025:00:17:23 +0000] "GET /shopbrand/261563902 HTTP/1.1" 404 11694 "-" "meta-externalagent/1.1 (+https://developers.facebook.com/docs/sharing/webmasters/crawler)"
66.249.65.96 - - [22/Jul/2025:00:17:32 +0000] "GET /066000196.htm HTTP/1.1" 200 85704 "-" "Mozilla/5.0 (Linux; Android 6.0.1; Nexus 5X Build/MMB29P) AppleWebKit/537.36 (KHTML, like Gecko) Chrome/137.0.7151.103 Mobile Safari/537.36 (compatible; Googlebot/2.1; +http://www.google.com/bot.html)"
66.249.73.97 - - [22/Jul/2025:00:17:48 +0000] "GET /search?category=202&search_word= HTTP/1.1" 200 85153 "-" "Mozilla/5.0 (Linux; Android 6.0.1; Nexus 5X Build/MMB29P) AppleWebKit/537.36 (KHTML, like Gecko) Chrome/137.0.7151.103 Mobile Safari/537.36 (compatible; Googlebot/2.1; +http://www.google.com/bot.html)"
66.249.65.105 - - [22/Jul/2025:00:17:49 +0000] "GET /horizon/n4?pid=455 HTTP/1.1" 200 88285 "-" "Mozilla/5.0 (Linux; Android 6.0.1; Nexus 5X Build/MMB29P) AppleWebKit/537.36 (KHTML, like Gecko) Chrome/137.0.7151.103 Mobile Safari/537.36 (compatible; Googlebot/2.1; +http://www.google.com/bot.html)"
66.249.65.105 - - [22/Jul/2025:00:17:59 +0000] "GET /046027334.htm HTTP/1.1" 200 87308 "-" "Mozilla/5.0 (Linux; Android 6.0.1; Nexus 5X Build/MMB29P) AppleWebKit/537.36 (KHTML, like Gecko) Chrome/137.0.7151.103 Mobile Safari/537.36 (compatible; Googlebot/2.1; +http://www.google.com/bot.html)"
20.171.207.187 - - [22/Jul/2025:00:18:02 +0000] "GET /search.php?items%2F197007030.html%3Fsrsltid=AfmBOoccbIDEGwtALiYAUVUAJFnjozTct3mTzoszF1uNBKq8ynuD HTTP/1.1" 200 86935 "-" "Mozilla/5.0 AppleWebKit/537.36 (KHTML, like Gecko; compatible; GPTBot/1.2; +https://openai.com/gptbot)"
66.249.65.105 - - [22/Jul/2025:00:18:17 +0000] "GET /078008584.htm HTTP/1.1" 200 86353 "-" "Mozilla/5.0 (Linux; Android 6.0.1; Nexus 5X Build/MMB29P) AppleWebKit/537.36 (KHTML, like Gecko) Chrome/137.0.7151.103 Mobile Safari/537.36 (compatible; Googlebot/2.1; +http://www.google.com/bot.html)"
66.249.65.105 - - [22/Jul/2025:00:18:39 +0000] "GET /pcmypage?callback=/product%2Fdetail%2F162027-takaoka-56161320 HTTP/1.1" 200 86350 "-" "Mozilla/5.0 (Linux; Android 6.0.1; Nexus 5X Build/MMB29P) AppleWebKit/537.36 (KHTML, like Gecko) Chrome/137.0.7151.103 Mobile Safari/537.36 (compatible; Googlebot/2.1; +http://www.google.com/bot.html)"
209.74.77.214 - - [22/Jul/2025:00:18:51 +0000] "POST /wp-cron.php?doing_wp_cron=1753143531.6817829608917236328125 HTTP/1.1" 403 33 "-" "WordPress/6.8.2; https://topflowroofingplumbing.com.au"
2a03:2880:f800:2:: - - [22/Jul/2025:00:18:51 +0000] "GET /shopbrand/261465726 HTTP/1.1" 404 11694 "-" "meta-externalagent/1.1 (+https://developers.facebook.com/docs/sharing/webmasters/crawler)"
66.249.65.97 - - [22/Jul/2025:00:19:01 +0000] "GET /210048644.htm HTTP/1.1" 200 85616 "-" "Mozilla/5.0 (Linux; Android 6.0.1; Nexus 5X Build/MMB29P) AppleWebKit/537.36 (KHTML, like Gecko) Chrome/137.0.7151.103 Mobile Safari/537.36 (compatible; Googlebot/2.1; +http://www.google.com/bot.html)"
20.171.207.187 - - [22/Jul/2025:00:19:03 +0000] "GET /search.php?items%2F124023647.html%3Fsrsltid=AfmBOouyzjtNQGRqhWTQiv8jDPZTLIlAE0sVdhVwdgkN9YwCcjsm HTTP/1.1" 200 86494 "-" "Mozilla/5.0 AppleWebKit/537.36 (KHTML, like Gecko; compatible; GPTBot/1.2; +https://openai.com/gptbot)"
66.249.65.96 - - [22/Jul/2025:00:19:23 +0000] "GET /259021335.htm HTTP/1.1" 200 86332 "-" "Mozilla/5.0 (Linux; Android 6.0.1; Nexus 5X Build/MMB29P) AppleWebKit/537.36 (KHTML, like Gecko) Chrome/137.0.7151.103 Mobile Safari/537.36 (compatible; Googlebot/2.1; +http://www.google.com/bot.html)"
2a03:2880:f800:9:: - - [22/Jul/2025:00:19:31 +0000] "GET /shopbrand/347394150 HTTP/1.1" 404 11694 "-" "meta-externalagent/1.1 (+https://developers.facebook.com/docs/sharing/webmasters/crawler)"
66.249.65.105 - - [22/Jul/2025:00:19:45 +0000] "GET /pcmypage?callback=product%2Fdetail%2Ff162027-takaoka-56161320 HTTP/1.1" 200 86044 "-" "Mozilla/5.0 (Linux; Android 6.0.1; Nexus 5X Build/MMB29P) AppleWebKit/537.36 (KHTML, like Gecko) Chrome/137.0.7151.103 Mobile Safari/537.36 (compatible; Googlebot/2.1; +http://www.google.com/bot.html)"
20.171.207.187 - - [22/Jul/2025:00:20:07 +0000] "GET /search.php?items%2F038001897.html%3Fsrsltid=AfmBOoivleiwwYLjMvXnfcFgZnHwgSITreOSWXaVoEDTce445Pnu HTTP/1.1" 200 86599 "-" "Mozilla/5.0 AppleWebKit/537.36 (KHTML, like Gecko; compatible; GPTBot/1.2; +https://openai.com/gptbot)"
66.249.65.105 - - [22/Jul/2025:00:20:16 +0000] "GET /134035626.htm HTTP/1.1" 200 85450 "-" "Mozilla/5.0 (Linux; Android 6.0.1; Nexus 5X Build/MMB29P) AppleWebKit/537.36 (KHTML, like Gecko) Chrome/137.0.7151.103 Mobile Safari/537.36 (compatible; Googlebot/2.1; +http://www.google.com/bot.html)"
66.249.73.97 - - [22/Jul/2025:00:20:17 +0000] "GET /vital/w127?pid=41130 HTTP/1.1" 200 85635 "-" "Mozilla/5.0 (Linux; Android 6.0.1; Nexus 5X Build/MMB29P) AppleWebKit/537.36 (KHTML, like Gecko) Chrome/137.0.7151.103 Mobile Safari/537.36 (compatible; Googlebot/2.1; +http://www.google.com/bot.html)"
66.249.65.96 - - [22/Jul/2025:00:20:34 +0000] "GET /236012236.htm HTTP/1.1" 200 86004 "-" "Mozilla/5.0 (Linux; Android 6.0.1; Nexus 5X Build/MMB29P) AppleWebKit/537.36 (KHTML, like Gecko) Chrome/137.0.7151.103 Mobile Safari/537.36 (compatible; Googlebot/2.1; +http://www.google.com/bot.html)"
66.249.65.97 - - [22/Jul/2025:00:21:06 +0000] "GET /198004508.htm HTTP/1.1" 200 85402 "-" "Mozilla/5.0 (Linux; Android 6.0.1; Nexus 5X Build/MMB29P) AppleWebKit/537.36 (KHTML, like Gecko) Chrome/137.0.7151.103 Mobile Safari/537.36 (compatible; Googlebot/2.1; +http://www.google.com/bot.html)"
20.171.207.187 - - [22/Jul/2025:00:21:10 +0000] "GET /search.php?items%2F047001960.html%3Fsrsltid=AfmBOoftgZztCzoGpCBhKPAYJBwfzqBNOhyDxlf0QPvFhRzuAf48 HTTP/1.1" 200 87035 "-" "Mozilla/5.0 AppleWebKit/537.36 (KHTML, like Gecko; compatible; GPTBot/1.2; +https://openai.com/gptbot)"
209.74.77.214 - - [22/Jul/2025:00:21:18 +0000] "POST /wp-cron.php?doing_wp_cron=1753143678.8094859123229980468750 HTTP/1.1" 403 33 "-" "WordPress/6.8.2; https://topflowroofingplumbing.com.au"
2a03:2880:f800:16:: - - [22/Jul/2025:00:21:17 +0000] "GET /shopbrand/67960613 HTTP/1.1" 404 11694 "-" "meta-externalagent/1.1 (+https://developers.facebook.com/docs/sharing/webmasters/crawler)"
66.249.65.105 - - [22/Jul/2025:00:21:23 +0000] "GET /pcmypage?callback=product/review/tukishimado-kt462829 HTTP/1.1" 200 85949 "-" "Mozilla/5.0 (Linux; Android 6.0.1; Nexus 5X Build/MMB29P) AppleWebKit/537.36 (KHTML, like Gecko) Chrome/137.0.7151.103 Mobile Safari/537.36 (compatible; Googlebot/2.1; +http://www.google.com/bot.html)"
66.249.73.103 - - [22/Jul/2025:00:21:24 +0000] "GET /performer/j267?pid=644 HTTP/1.1" 200 85611 "-" "Mozilla/5.0 (Linux; Android 6.0.1; Nexus 5X Build/MMB29P) AppleWebKit/537.36 (KHTML, like Gecko) Chrome/137.0.7151.103 Mobile Safari/537.36 (compatible; Googlebot/2.1; +http://www.google.com/bot.html)"
2a03:2880:f800:16:: - - [22/Jul/2025:00:21:30 +0000] "GET /shopbrand/180823865 HTTP/1.1" 404 11694 "-" "meta-externalagent/1.1 (+https://developers.facebook.com/docs/sharing/webmasters/crawler)"
66.249.65.105 - - [22/Jul/2025:00:21:35 +0000] "GET /053020231.htm HTTP/1.1" 200 85681 "-" "Mozilla/5.0 (Linux; Android 6.0.1; Nexus 5X Build/MMB29P) AppleWebKit/537.36 (KHTML, like Gecko) Chrome/137.0.7151.103 Mobile Safari/537.36 (compatible; Googlebot/2.1; +http://www.google.com/bot.html)"
66.249.65.97 - - [22/Jul/2025:00:22:07 +0000] "GET /020040456.htm HTTP/1.1" 200 85939 "-" "Mozilla/5.0 (Linux; Android 6.0.1; Nexus 5X Build/MMB29P) AppleWebKit/537.36 (KHTML, like Gecko) Chrome/137.0.7151.103 Mobile Safari/537.36 (compatible; Googlebot/2.1; +http://www.google.com/bot.html)"
20.171.207.187 - - [22/Jul/2025:00:22:11 +0000] "GET /search.php?items%2F086029207.html%3Fsrsltid=AfmBOowtsmvNiPAJlibyTd5cAxPWoRxnrBcDDW0THqjTV0dBNzWh HTTP/1.1" 200 86643 "-" "Mozilla/5.0 AppleWebKit/537.36 (KHTML, like Gecko; compatible; GPTBot/1.2; +https://openai.com/gptbot)"
66.249.65.105 - - [22/Jul/2025:00:22:24 +0000] "GET /218023574.htm HTTP/1.1" 200 85758 "-" "Mozilla/5.0 (Linux; Android 6.0.1; Nexus 5X Build/MMB29P) AppleWebKit/537.36 (KHTML, like Gecko) Chrome/137.0.7151.103 Mobile Safari/537.36 (compatible; Googlebot/2.1; +http://www.google.com/bot.html)"
66.249.73.96 - - [22/Jul/2025:00:22:25 +0000] "GET /integrate/z55?pid=96 HTTP/1.1" 200 85422 "-" "Mozilla/5.0 (Linux; Android 6.0.1; Nexus 5X Build/MMB29P) AppleWebKit/537.36 (KHTML, like Gecko) Chrome/137.0.7151.103 Mobile Safari/537.36 (compatible; Googlebot/2.1; +http://www.google.com/bot.html)"
66.249.65.105 - - [22/Jul/2025:00:22:41 +0000] "GET /pcmypage?callback=/product%2Fdetail%2green0501-00028507 HTTP/1.1" 200 86853 "-" "Mozilla/5.0 (Linux; Android 6.0.1; Nexus 5X Build/MMB29P) AppleWebKit/537.36 (KHTML, like Gecko) Chrome/137.0.7151.103 Mobile Safari/537.36 (compatible; Googlebot/2.1; +http://www.google.com/bot.html)"
66.249.65.97 - - [22/Jul/2025:00:23:09 +0000] "GET /064000816.htm HTTP/1.1" 200 86199 "-" "Mozilla/5.0 (Linux; Android 6.0.1; Nexus 5X Build/MMB29P) AppleWebKit/537.36 (KHTML, like Gecko) Chrome/137.0.7151.103 Mobile Safari/537.36 (compatible; Googlebot/2.1; +http://www.google.com/bot.html)"
66.249.73.97 - - [22/Jul/2025:00:23:09 +0000] "GET /painting/w17?pid=396 HTTP/1.1" 200 85509 "-" "Mozilla/5.0 (Linux; Android 6.0.1; Nexus 5X Build/MMB29P) AppleWebKit/537.36 (KHTML, like Gecko) Chrome/137.0.7151.103 Mobile Safari/537.36 (compatible; Googlebot/2.1; +http://www.google.com/bot.html)"
209.74.77.214 - - [22/Jul/2025:00:23:15 +0000] "POST /wp-cron.php?doing_wp_cron=1753143795.1742479801177978515625 HTTP/1.1" 403 33 "-" "WordPress/6.8.2; https://topflowroofingplumbing.com.au"
2a03:2880:f800:1c:: - - [22/Jul/2025:00:23:14 +0000] "GET /shopbrand/180886086 HTTP/1.1" 404 11694 "-" "meta-externalagent/1.1 (+https://developers.facebook.com/docs/sharing/webmasters/crawler)"
20.171.207.187 - - [22/Jul/2025:00:23:17 +0000] "GET /search.php?items%2F066024929.html%3Fsrsltid=AfmBOosgnozqSjKReVhdsKtPKZeqycRVzNxwomFCs0m47uitGGek HTTP/1.1" 200 86964 "-" "Mozilla/5.0 AppleWebKit/537.36 (KHTML, like Gecko; compatible; GPTBot/1.2; +https://openai.com/gptbot)"
66.249.65.96 - - [22/Jul/2025:00:23:28 +0000] "GET /249021297.htm HTTP/1.1" 200 86810 "-" "Mozilla/5.0 (Linux; Android 6.0.1; Nexus 5X Build/MMB29P) AppleWebKit/537.36 (KHTML, like Gecko) Chrome/137.0.7151.103 Mobile Safari/537.36 (compatible; Googlebot/2.1; +http://www.google.com/bot.html)"
66.249.73.103 - - [22/Jul/2025:00:23:44 +0000] "GET /minimum/e54?pid=93 HTTP/1.1" 200 86298 "-" "Mozilla/5.0 (Linux; Android 6.0.1; Nexus 5X Build/MMB29P) AppleWebKit/537.36 (KHTML, like Gecko) Chrome/137.0.7151.103 Mobile Safari/537.36 (compatible; Googlebot/2.1; +http://www.google.com/bot.html)"
66.249.65.105 - - [22/Jul/2025:00:23:47 +0000] "GET /202049026.htm HTTP/1.1" 200 86807 "-" "Mozilla/5.0 (Linux; Android 6.0.1; Nexus 5X Build/MMB29P) AppleWebKit/537.36 (KHTML, like Gecko) Chrome/137.0.7151.103 Mobile Safari/537.36 (compatible; Googlebot/2.1; +http://www.google.com/bot.html)"
66.249.73.103 - - [22/Jul/2025:00:23:52 +0000] "GET /097021705.htm HTTP/1.1" 200 86223 "-" "Mozilla/5.0 (Linux; Android 6.0.1; Nexus 5X Build/MMB29P) AppleWebKit/537.36 (KHTML, like Gecko) Chrome/137.0.7151.103 Mobile Safari/537.36 (compatible; Googlebot/2.1; +http://www.google.com/bot.html)"
2a03:2880:f800:14:: - - [22/Jul/2025:00:24:07 +0000] "GET /shopbrand/347416643 HTTP/1.1" 404 11694 "-" "meta-externalagent/1.1 (+https://developers.facebook.com/docs/sharing/webmasters/crawler)"
66.249.65.105 - - [22/Jul/2025:00:24:20 +0000] "GET /102009158.htm HTTP/1.1" 200 86015 "-" "Mozilla/5.0 (Linux; Android 6.0.1; Nexus 5X Build/MMB29P) AppleWebKit/537.36 (KHTML, like Gecko) Chrome/137.0.7151.103 Mobile Safari/537.36 (compatible; Googlebot/2.1; +http://www.google.com/bot.html)"
20.171.207.187 - - [22/Jul/2025:00:24:21 +0000] "GET /search.php?items%2F220041467.html%3Fsrsltid=AfmBOozvjyHNcldAlDVL8kBPWiIuMIQFpfFuNUFMaKgiRcpEk2e6 HTTP/1.1" 200 87258 "-" "Mozilla/5.0 AppleWebKit/537.36 (KHTML, like Gecko; compatible; GPTBot/1.2; +https://openai.com/gptbot)"
66.249.65.105 - - [22/Jul/2025:00:24:36 +0000] "GET /pcmypage?callback=product/review/egaos-sakae-esucd4 HTTP/1.1" 200 85704 "-" "Mozilla/5.0 (Linux; Android 6.0.1; Nexus 5X Build/MMB29P) AppleWebKit/537.36 (KHTML, like Gecko) Chrome/137.0.7151.103 Mobile Safari/537.36 (compatible; Googlebot/2.1; +http://www.google.com/bot.html)"
66.249.65.96 - - [22/Jul/2025:00:25:08 +0000] "GET /228006028.htm HTTP/1.1" 200 86032 "-" "Mozilla/5.0 (Linux; Android 6.0.1; Nexus 5X Build/MMB29P) AppleWebKit/537.36 (KHTML, like Gecko) Chrome/137.0.7151.103 Mobile Safari/537.36 (compatible; Googlebot/2.1; +http://www.google.com/bot.html)"
209.74.77.214 - - [22/Jul/2025:00:25:12 +0000] "POST /wp-cron.php?doing_wp_cron=1753143912.7035520076751708984375 HTTP/1.1" 403 33 "-" "WordPress/6.8.2; https://topflowroofingplumbing.com.au"
2a03:2880:f800:e:: - - [22/Jul/2025:00:25:11 +0000] "GET /shopdetail/220633052 HTTP/1.1" 404 11694 "-" "meta-externalagent/1.1 (+https://developers.facebook.com/docs/sharing/webmasters/crawler)"
20.171.207.187 - - [22/Jul/2025:00:25:22 +0000] "GET /search.php?items%2F271022966.html%3Fsrsltid=AfmBOoqxioBmBZSsuAfxgclGIKhsPAuoCYJrQkdElbcQoP5Z7F7H HTTP/1.1" 200 86718 "-" "Mozilla/5.0 AppleWebKit/537.36 (KHTML, like Gecko; compatible; GPTBot/1.2; +https://openai.com/gptbot)"
2a03:2880:f800:1c:: - - [22/Jul/2025:00:25:25 +0000] "GET /shopbrand/180792621 HTTP/1.1" 404 11694 "-" "meta-externalagent/1.1 (+https://developers.facebook.com/docs/sharing/webmasters/crawler)"
66.249.65.96 - - [22/Jul/2025:00:25:25 +0000] "GET /228006050.htm HTTP/1.1" 200 85770 "-" "Mozilla/5.0 (Linux; Android 6.0.1; Nexus 5X Build/MMB29P) AppleWebKit/537.36 (KHTML, like Gecko) Chrome/137.0.7151.103 Mobile Safari/537.36 (compatible; Googlebot/2.1; +http://www.google.com/bot.html)"
66.249.65.105 - - [22/Jul/2025:00:25:42 +0000] "GET /102009154.htm HTTP/1.1" 200 86032 "-" "Mozilla/5.0 (Linux; Android 6.0.1; Nexus 5X Build/MMB29P) AppleWebKit/537.36 (KHTML, like Gecko) Chrome/137.0.7151.103 Mobile Safari/537.36 (compatible; Googlebot/2.1; +http://www.google.com/bot.html)"
