45.195.56.246 - - [22/Jul/2025:01:00:16 +0000] "GET /wp-content/themes/homlane/assets/images/shape/header-top-bg.jpg HTTP/1.1" 200 70092 "https://topflowroofingplumbing.com.au/autoload_classmap.php" "Mozilla/5.0 (Windows NT 10.0; Win64; x64) AppleWebKit/537.36 (KHTML, like Gecko) Chrome/109.0.0.0 Safari/537.36"
45.195.56.246 - - [22/Jul/2025:01:00:16 +0000] "GET /wp-content/themes/homlane/assets/images-2/icons/icon-74.png HTTP/1.1" 200 1285 "https://topflowroofingplumbing.com.au/autoload_classmap.php" "Mozilla/5.0 (Windows NT 10.0; Win64; x64) AppleWebKit/537.36 (KHTML, like Gecko) Chrome/109.0.0.0 Safari/537.36"
45.195.56.246 - - [22/Jul/2025:01:00:16 +0000] "GET /wp-content/themes/homlane/assets/js/lazyload.js?ver=2.1.2 HTTP/1.1" 200 3633 "https://topflowroofingplumbing.com.au/autoload_classmap.php" "Mozilla/5.0 (Windows NT 10.0; Win64; x64) AppleWebKit/537.36 (KHTML, like Gecko) Chrome/109.0.0.0 Safari/537.36"
45.195.56.246 - - [22/Jul/2025:01:00:16 +0000] "GET /wp-content/themes/homlane/assets/images-2/shape/shape-52.png HTTP/1.1" 200 2669 "https://topflowroofingplumbing.com.au/wp-content/themes/homlane/assets/css/style.css?ver=6.8.2" "Mozilla/5.0 (Windows NT 10.0; Win64; x64) AppleWebKit/537.36 (KHTML, like Gecko) Chrome/109.0.0.0 Safari/537.36"
45.195.56.246 - - [22/Jul/2025:01:00:16 +0000] "GET /wp-content/themes/homlane/assets/js/pagenav.js?ver=2.1.2 HTTP/1.1" 200 1834 "https://topflowroofingplumbing.com.au/autoload_classmap.php" "Mozilla/5.0 (Windows NT 10.0; Win64; x64) AppleWebKit/537.36 (KHTML, like Gecko) Chrome/109.0.0.0 Safari/537.36"
45.195.56.246 - - [22/Jul/2025:01:00:16 +0000] "GET /wp-content/themes/homlane/assets/js/knob.js?ver=2.1.2 HTTP/1.1" 200 6027 "https://topflowroofingplumbing.com.au/autoload_classmap.php" "Mozilla/5.0 (Windows NT 10.0; Win64; x64) AppleWebKit/537.36 (KHTML, like Gecko) Chrome/109.0.0.0 Safari/537.36"
45.195.56.246 - - [22/Jul/2025:01:00:16 +0000] "GET /wp-content/themes/homlane/assets/js/TweenMax.min.js?ver=2.1.2 HTTP/1.1" 200 39642 "https://topflowroofingplumbing.com.au/autoload_classmap.php" "Mozilla/5.0 (Windows NT 10.0; Win64; x64) AppleWebKit/537.36 (KHTML, like Gecko) Chrome/109.0.0.0 Safari/537.36"
45.195.56.246 - - [22/Jul/2025:01:00:16 +0000] "GET /wp-content/themes/homlane/assets/js/parallax.min.js?ver=2.1.2 HTTP/1.1" 200 5261 "https://topflowroofingplumbing.com.au/autoload_classmap.php" "Mozilla/5.0 (Windows NT 10.0; Win64; x64) AppleWebKit/537.36 (KHTML, like Gecko) Chrome/109.0.0.0 Safari/537.36"
45.195.56.246 - - [22/Jul/2025:01:00:16 +0000] "GET /wp-content/themes/homlane/assets/images-2/icons/cross-out.png HTTP/1.1" 200 413 "https://topflowroofingplumbing.com.au/wp-content/themes/homlane/assets/css/style-2.css?ver=6.8.2" "Mozilla/5.0 (Windows NT 10.0; Win64; x64) AppleWebKit/537.36 (KHTML, like Gecko) Chrome/109.0.0.0 Safari/537.36"
45.195.56.246 - - [22/Jul/2025:01:00:16 +0000] "GET /wp-content/themes/homlane/assets/js/jquery.bxslider.min.js?ver=2.1.2 HTTP/1.1" 200 5162 "https://topflowroofingplumbing.com.au/autoload_classmap.php" "Mozilla/5.0 (Windows NT 10.0; Win64; x64) AppleWebKit/537.36 (KHTML, like Gecko) Chrome/109.0.0.0 Safari/537.36"
45.195.56.246 - - [22/Jul/2025:01:00:16 +0000] "GET /wp-content/themes/homlane/assets/js/jquery.tinyscrollbar.js?ver=2.1.2 HTTP/1.1" 200 2866 "https://topflowroofingplumbing.com.au/autoload_classmap.php" "Mozilla/5.0 (Windows NT 10.0; Win64; x64) AppleWebKit/537.36 (KHTML, like Gecko) Chrome/109.0.0.0 Safari/537.36"
45.195.56.246 - - [22/Jul/2025:01:00:16 +0000] "GET /wp-content/themes/homlane/assets/images-2/icons/icon-80.png HTTP/1.1" 200 1490 "https://topflowroofingplumbing.com.au/autoload_classmap.php" "Mozilla/5.0 (Windows NT 10.0; Win64; x64) AppleWebKit/537.36 (KHTML, like Gecko) Chrome/109.0.0.0 Safari/537.36"
45.195.56.246 - - [22/Jul/2025:01:00:16 +0000] "GET /wp-content/themes/homlane/assets/js/tilt.jquery.js?ver=2.1.2 HTTP/1.1" 200 2893 "https://topflowroofingplumbing.com.au/autoload_classmap.php" "Mozilla/5.0 (Windows NT 10.0; Win64; x64) AppleWebKit/537.36 (KHTML, like Gecko) Chrome/109.0.0.0 Safari/537.36"
45.195.56.246 - - [22/Jul/2025:01:00:16 +0000] "GET /wp-content/themes/homlane/assets/js/dobpicker.js?ver=2.1.2 HTTP/1.1" 200 838 "https://topflowroofingplumbing.com.au/autoload_classmap.php" "Mozilla/5.0 (Windows NT 10.0; Win64; x64) AppleWebKit/537.36 (KHTML, like Gecko) Chrome/109.0.0.0 Safari/537.36"
45.195.56.246 - - [22/Jul/2025:01:00:16 +0000] "GET /wp-content/themes/homlane/assets/images-2/icons/icon-14.png HTTP/1.1" 200 1326 "https://topflowroofingplumbing.com.au/wp-content/themes/homlane/assets/css/style-2.css?ver=6.8.2" "Mozilla/5.0 (Windows NT 10.0; Win64; x64) AppleWebKit/537.36 (KHTML, like Gecko) Chrome/109.0.0.0 Safari/537.36"
45.195.56.246 - - [22/Jul/2025:01:00:16 +0000] "GET /wp-content/themes/homlane/assets/js/slick.js?ver=2.1.2 HTTP/1.1" 200 14372 "https://topflowroofingplumbing.com.au/autoload_classmap.php" "Mozilla/5.0 (Windows NT 10.0; Win64; x64) AppleWebKit/537.36 (KHTML, like Gecko) Chrome/109.0.0.0 Safari/537.36"
45.195.56.246 - - [22/Jul/2025:01:00:16 +0000] "GET /wp-content/themes/homlane/assets/images-2/icons/icon-77.png HTTP/1.1" 200 1523 "https://topflowroofingplumbing.com.au/autoload_classmap.php" "Mozilla/5.0 (Windows NT 10.0; Win64; x64) AppleWebKit/537.36 (KHTML, like Gecko) Chrome/109.0.0.0 Safari/537.36"
45.195.56.246 - - [22/Jul/2025:01:00:16 +0000] "GET /wp-content/themes/homlane/assets/js/nav-tool.js?ver=2.1.2 HTTP/1.1" 200 394 "https://topflowroofingplumbing.com.au/autoload_classmap.php" "Mozilla/5.0 (Windows NT 10.0; Win64; x64) AppleWebKit/537.36 (KHTML, like Gecko) Chrome/109.0.0.0 Safari/537.36"
45.195.56.246 - - [22/Jul/2025:01:00:16 +0000] "GET /wp-content/themes/homlane/assets/images-2/icons/icon-81.png HTTP/1.1" 200 1529 "https://topflowroofingplumbing.com.au/autoload_classmap.php" "Mozilla/5.0 (Windows NT 10.0; Win64; x64) AppleWebKit/537.36 (KHTML, like Gecko) Chrome/109.0.0.0 Safari/537.36"
45.195.56.246 - - [22/Jul/2025:01:00:16 +0000] "GET /wp-content/uploads/2024/11/TOPFL-dW.png HTTP/1.1" 304 - "https://topflowroofingplumbing.com.au/autoload_classmap.php" "Mozilla/5.0 (Windows NT 10.0; Win64; x64) AppleWebKit/537.36 (KHTML, like Gecko) Chrome/109.0.0.0 Safari/537.36"
45.195.56.246 - - [22/Jul/2025:01:00:16 +0000] "GET /wp-content/themes/homlane/assets/fonts/fontawesome-webfont.woff2?v=4.5.0 HTTP/1.1" 200 66625 "https://topflowroofingplumbing.com.au/wp-content/themes/homlane/assets/css/fontawesome-all.css?ver=6.8.2" "Mozilla/5.0 (Windows NT 10.0; Win64; x64) AppleWebKit/537.36 (KHTML, like Gecko) Chrome/109.0.0.0 Safari/537.36"
45.195.56.246 - - [22/Jul/2025:01:00:16 +0000] "GET /wp-content/themes/homlane/assets/images-2/icons/icon-78.png HTTP/1.1" 200 1729 "https://topflowroofingplumbing.com.au/autoload_classmap.php" "Mozilla/5.0 (Windows NT 10.0; Win64; x64) AppleWebKit/537.36 (KHTML, like Gecko) Chrome/109.0.0.0 Safari/537.36"
45.195.56.246 - - [22/Jul/2025:01:00:16 +0000] "GET /wp-content/themes/homlane/assets/js/jQuery.style.switcher.min.js?ver=2.1.2 HTTP/1.1" 200 1138 "https://topflowroofingplumbing.com.au/autoload_classmap.php" "Mozilla/5.0 (Windows NT 10.0; Win64; x64) AppleWebKit/537.36 (KHTML, like Gecko) Chrome/109.0.0.0 Safari/537.36"
45.195.56.246 - - [22/Jul/2025:01:00:17 +0000] "GET /wp-content/themes/homlane/assets/js/custom.js?ver=6.8.2 HTTP/1.1" 200 6473 "https://topflowroofingplumbing.com.au/autoload_classmap.php" "Mozilla/5.0 (Windows NT 10.0; Win64; x64) AppleWebKit/537.36 (KHTML, like Gecko) Chrome/109.0.0.0 Safari/537.36"
45.195.56.246 - - [22/Jul/2025:01:00:17 +0000] "GET /wp-content/themes/homlane/assets/fonts/icomoon.ttf?vdw2jk HTTP/1.1" 200 23748 "https://topflowroofingplumbing.com.au/wp-content/themes/homlane/assets/css/icomoon.css?ver=6.8.2" "Mozilla/5.0 (Windows NT 10.0; Win64; x64) AppleWebKit/537.36 (KHTML, like Gecko) Chrome/109.0.0.0 Safari/537.36"
45.195.56.246 - - [22/Jul/2025:01:00:16 +0000] "GET /wp-content/themes/homlane/assets/js/jquery-ui.js?ver=2.1.2 HTTP/1.1" 200 125176 "https://topflowroofingplumbing.com.au/autoload_classmap.php" "Mozilla/5.0 (Windows NT 10.0; Win64; x64) AppleWebKit/537.36 (KHTML, like Gecko) Chrome/109.0.0.0 Safari/537.36"
45.195.56.246 - - [22/Jul/2025:01:00:17 +0000] "GET /wp-content/themes/homlane/assets/images-2/icons/icon-76.png HTTP/1.1" 200 1867 "https://topflowroofingplumbing.com.au/autoload_classmap.php" "Mozilla/5.0 (Windows NT 10.0; Win64; x64) AppleWebKit/537.36 (KHTML, like Gecko) Chrome/109.0.0.0 Safari/537.36"
45.195.56.246 - - [22/Jul/2025:01:00:16 +0000] "GET /autoload_classmap.php HTTP/1.1" 403 208 "https://topflowroofingplumbing.com.au/autoload_classmap.php" "Mozilla/5.0 (Windows NT 10.0; Win64; x64) AppleWebKit/537.36 (KHTML, like Gecko) Chrome/109.0.0.0 Safari/537.36"
66.249.65.96 - - [22/Jul/2025:01:00:31 +0000] "GET /202029430.htm HTTP/1.1" 200 85575 "-" "Mozilla/5.0 (Linux; Android 6.0.1; Nexus 5X Build/MMB29P) AppleWebKit/537.36 (KHTML, like Gecko) Chrome/137.0.7151.103 Mobile Safari/537.36 (compatible; Googlebot/2.1; +http://www.google.com/bot.html)"
66.249.65.105 - - [22/Jul/2025:01:00:53 +0000] "GET /267040023.htm HTTP/1.1" 200 86146 "-" "Mozilla/5.0 (Linux; Android 6.0.1; Nexus 5X Build/MMB29P) AppleWebKit/537.36 (KHTML, like Gecko) Chrome/137.0.7151.103 Mobile Safari/537.36 (compatible; Googlebot/2.1; +http://www.google.com/bot.html)"
20.171.207.187 - - [22/Jul/2025:01:01:01 +0000] "GET /search.php?items%2F283006502.html%3Fsrsltid=AfmBOowcxsduuJuHterhIxQ0KRuRUfgqeDh3H5ZKUGJoibchVnWh HTTP/1.1" 200 86850 "-" "Mozilla/5.0 AppleWebKit/537.36 (KHTML, like Gecko; compatible; GPTBot/1.2; +https://openai.com/gptbot)"
66.249.65.105 - - [22/Jul/2025:01:01:15 +0000] "GET /pcmypage?callback=/product%2Fdetail%2Ecjungle-216-0409614-001 HTTP/1.1" 200 86235 "-" "Mozilla/5.0 (Linux; Android 6.0.1; Nexus 5X Build/MMB29P) AppleWebKit/537.36 (KHTML, like Gecko) Chrome/137.0.7151.103 Mobile Safari/537.36 (compatible; Googlebot/2.1; +http://www.google.com/bot.html)"
209.74.77.214 - - [22/Jul/2025:01:01:17 +0000] "POST /wp-cron.php?doing_wp_cron=1753146077.1661438941955566406250 HTTP/1.1" 403 33 "-" "WordPress/6.8.2; https://topflowroofingplumbing.com.au"
2a03:2880:f800:1:: - - [22/Jul/2025:01:01:16 +0000] "GET /shopbrand/67991517 HTTP/1.1" 404 11694 "-" "meta-externalagent/1.1 (+https://developers.facebook.com/docs/sharing/webmasters/crawler)"
45.195.56.246 - - [22/Jul/2025:01:01:24 +0000] "GET /wp-includes/js/wp-emoji-release.min.js?ver=6.8.2 HTTP/1.1" 200 5163 "https://topflowroofingplumbing.com.au/autoload_classmap.php" "Mozilla/5.0 (Windows NT 10.0; Win64; x64) AppleWebKit/537.36 (KHTML, like Gecko) Chrome/109.0.0.0 Safari/537.36"
45.195.56.246 - - [22/Jul/2025:01:01:25 +0000] "GET /wp-content/uploads/2024/11/cropped-TF-Logo-32x32.png HTTP/1.1" 304 - "https://topflowroofingplumbing.com.au/autoload_classmap.php" "Mozilla/5.0 (Windows NT 10.0; Win64; x64) AppleWebKit/537.36 (KHTML, like Gecko) Chrome/109.0.0.0 Safari/537.36"
2a03:2880:f800:1d:: - - [22/Jul/2025:01:01:52 +0000] "GET /shopbrand/193864923 HTTP/1.1" 404 11694 "-" "meta-externalagent/1.1 (+https://developers.facebook.com/docs/sharing/webmasters/crawler)"
20.171.207.187 - - [22/Jul/2025:01:02:04 +0000] "GET /search.php?items%2F012028729.html%3Fsrsltid=AfmBOoocdYPkJgJSDGbPtomDCjFjdhqKdoVAdaw5M6VPIM4qUHsq HTTP/1.1" 200 87015 "-" "Mozilla/5.0 AppleWebKit/537.36 (KHTML, like Gecko; compatible; GPTBot/1.2; +https://openai.com/gptbot)"
209.74.77.214 - - [22/Jul/2025:01:02:20 +0000] "POST /wp-cron.php?doing_wp_cron=1753146140.1048839092254638671875 HTTP/1.1" 403 33 "-" "WordPress/6.8.2; https://topflowroofingplumbing.com.au"
2a03:2880:f800:19:: - - [22/Jul/2025:01:02:17 +0000] "GET /shopbrand/193878677 HTTP/1.1" 404 11694 "-" "meta-externalagent/1.1 (+https://developers.facebook.com/docs/sharing/webmasters/crawler)"
66.249.65.96 - - [22/Jul/2025:01:02:22 +0000] "GET /pcmypage?callback=/product%2Fdetail%2First34-trusco-2224392 HTTP/1.1" 200 85614 "-" "Mozilla/5.0 (Linux; Android 6.0.1; Nexus 5X Build/MMB29P) AppleWebKit/537.36 (KHTML, like Gecko) Chrome/137.0.7151.103 Mobile Safari/537.36 (compatible; Googlebot/2.1; +http://www.google.com/bot.html)"
66.249.65.105 - - [22/Jul/2025:01:02:39 +0000] "GET /pcmypage?callback=/product%2Fdetail%2First23-trusco-8557744 HTTP/1.1" 200 85835 "-" "Mozilla/5.0 (Linux; Android 6.0.1; Nexus 5X Build/MMB29P) AppleWebKit/537.36 (KHTML, like Gecko) Chrome/137.0.7151.103 Mobile Safari/537.36 (compatible; Googlebot/2.1; +http://www.google.com/bot.html)"
66.249.65.105 - - [22/Jul/2025:01:02:39 +0000] "GET /297024293.htm HTTP/1.1" 200 86417 "-" "Mozilla/5.0 (Linux; Android 6.0.1; Nexus 5X Build/MMB29P) AppleWebKit/537.36 (KHTML, like Gecko) Chrome/137.0.7151.103 Mobile Safari/537.36 (compatible; Googlebot/2.1; +http://www.google.com/bot.html)"
2a03:2880:f800:13:: - - [22/Jul/2025:01:02:47 +0000] "GET /shopdetail/391044352 HTTP/1.1" 404 11694 "-" "meta-externalagent/1.1 (+https://developers.facebook.com/docs/sharing/webmasters/crawler)"
66.249.65.105 - - [22/Jul/2025:01:02:55 +0000] "GET /pcmypage?callback=product/review/yumenokoya-c02-ds-2289373 HTTP/1.1" 200 85712 "-" "Mozilla/5.0 (Linux; Android 6.0.1; Nexus 5X Build/MMB29P) AppleWebKit/537.36 (KHTML, like Gecko) Chrome/137.0.7151.103 Mobile Safari/537.36 (compatible; Googlebot/2.1; +http://www.google.com/bot.html)"
66.249.65.105 - - [22/Jul/2025:01:02:56 +0000] "GET /004029952.htm HTTP/1.1" 200 85858 "-" "Mozilla/5.0 (Linux; Android 6.0.1; Nexus 5X Build/MMB29P) AppleWebKit/537.36 (KHTML, like Gecko) Chrome/137.0.7151.103 Mobile Safari/537.36 (compatible; Googlebot/2.1; +http://www.google.com/bot.html)"
20.171.207.187 - - [22/Jul/2025:01:03:05 +0000] "GET /search.php?items%2F050001041.html%3Fsrsltid=AfmBOojifcZkItIiklpbBUSGGWNWqSnmZyCKx6X1XiqxfqIVKGr9 HTTP/1.1" 200 86220 "-" "Mozilla/5.0 AppleWebKit/537.36 (KHTML, like Gecko; compatible; GPTBot/1.2; +https://openai.com/gptbot)"
66.249.65.96 - - [22/Jul/2025:01:03:06 +0000] "GET /056000928.htm HTTP/1.1" 200 85947 "-" "Mozilla/5.0 (Linux; Android 6.0.1; Nexus 5X Build/MMB29P) AppleWebKit/537.36 (KHTML, like Gecko) Chrome/137.0.7151.103 Mobile Safari/537.36 (compatible; Googlebot/2.1; +http://www.google.com/bot.html)"
66.249.65.105 - - [22/Jul/2025:01:03:17 +0000] "GET /001043173.htm HTTP/1.1" 200 85885 "-" "Mozilla/5.0 (Linux; Android 6.0.1; Nexus 5X Build/MMB29P) AppleWebKit/537.36 (KHTML, like Gecko) Chrome/137.0.7151.103 Mobile Safari/537.36 (compatible; Googlebot/2.1; +http://www.google.com/bot.html)"
66.249.65.105 - - [22/Jul/2025:01:03:28 +0000] "GET /pcmypage?callback=product/review/ecjungle-216-0409614-001 HTTP/1.1" 200 86247 "-" "Mozilla/5.0 (Linux; Android 6.0.1; Nexus 5X Build/MMB29P) AppleWebKit/537.36 (KHTML, like Gecko) Chrome/137.0.7151.103 Mobile Safari/537.36 (compatible; Googlebot/2.1; +http://www.google.com/bot.html)"
209.74.77.214 - - [22/Jul/2025:01:03:34 +0000] "POST /wp-cron.php?doing_wp_cron=1753146214.0587499141693115234375 HTTP/1.1" 403 33 "-" "WordPress/6.8.2; https://topflowroofingplumbing.com.au"
2a03:2880:f800:1b:: - - [22/Jul/2025:01:03:33 +0000] "GET /shopbrand/88282701 HTTP/1.1" 404 11694 "-" "meta-externalagent/1.1 (+https://developers.facebook.com/docs/sharing/webmasters/crawler)"
66.249.65.105 - - [22/Jul/2025:01:03:50 +0000] "GET /126011136.htm HTTP/1.1" 200 86287 "-" "Mozilla/5.0 (Linux; Android 6.0.1; Nexus 5X Build/MMB29P) AppleWebKit/537.36 (KHTML, like Gecko) Chrome/137.0.7151.103 Mobile Safari/537.36 (compatible; Googlebot/2.1; +http://www.google.com/bot.html)"
2a03:2880:f800:2:: - - [22/Jul/2025:01:04:02 +0000] "GET /shopbrand/193879355 HTTP/1.1" 404 11694 "-" "meta-externalagent/1.1 (+https://developers.facebook.com/docs/sharing/webmasters/crawler)"
20.171.207.187 - - [22/Jul/2025:01:04:05 +0000] "GET /search.php?items%2F041001970.html%3Fsrsltid=AfmBOoqadyLSIwXekSGR0qN7YAkszVrnzWDaskCVbmN4xDRldrVo HTTP/1.1" 200 87319 "-" "Mozilla/5.0 AppleWebKit/537.36 (KHTML, like Gecko; compatible; GPTBot/1.2; +https://openai.com/gptbot)"
66.249.65.105 - - [22/Jul/2025:01:04:12 +0000] "GET /072023672.htm HTTP/1.1" 200 85956 "-" "Mozilla/5.0 (Linux; Android 6.0.1; Nexus 5X Build/MMB29P) AppleWebKit/537.36 (KHTML, like Gecko) Chrome/137.0.7151.103 Mobile Safari/537.36 (compatible; Googlebot/2.1; +http://www.google.com/bot.html)"
66.249.65.105 - - [22/Jul/2025:01:04:34 +0000] "GET /061000387.htm HTTP/1.1" 200 85801 "-" "Mozilla/5.0 (Linux; Android 6.0.1; Nexus 5X Build/MMB29P) AppleWebKit/537.36 (KHTML, like Gecko) Chrome/137.0.7151.103 Mobile Safari/537.36 (compatible; Googlebot/2.1; +http://www.google.com/bot.html)"
66.249.65.105 - - [22/Jul/2025:01:04:56 +0000] "GET /126022838.htm HTTP/1.1" 200 85835 "-" "Mozilla/5.0 (Linux; Android 6.0.1; Nexus 5X Build/MMB29P) AppleWebKit/537.36 (KHTML, like Gecko) Chrome/137.0.7151.103 Mobile Safari/537.36 (compatible; Googlebot/2.1; +http://www.google.com/bot.html)"
209.74.77.214 - - [22/Jul/2025:01:05:10 +0000] "POST /wp-cron.php?doing_wp_cron=1753146310.6785669326782226562500 HTTP/1.1" 403 33 "-" "WordPress/6.8.2; https://topflowroofingplumbing.com.au"
2a03:2880:f800:19:: - - [22/Jul/2025:01:05:10 +0000] "GET /shopbrand/88255723 HTTP/1.1" 404 11694 "-" "meta-externalagent/1.1 (+https://developers.facebook.com/docs/sharing/webmasters/crawler)"
20.171.207.187 - - [22/Jul/2025:01:05:10 +0000] "GET /search.php?items%2F040041983.html%3Fsrsltid=AfmBOotdiotxpYRDSQshbnkdSXPBmfLrKq7rfNTvBMFEr0AuKw0J HTTP/1.1" 200 86119 "-" "Mozilla/5.0 AppleWebKit/537.36 (KHTML, like Gecko; compatible; GPTBot/1.2; +https://openai.com/gptbot)"
66.249.65.97 - - [22/Jul/2025:01:05:18 +0000] "GET /pcmypage?callback=product%2Fdetail%2Ffirst23-trusco-8557744 HTTP/1.1" 200 85724 "-" "Mozilla/5.0 (Linux; Android 6.0.1; Nexus 5X Build/MMB29P) AppleWebKit/537.36 (KHTML, like Gecko) Chrome/137.0.7151.103 Mobile Safari/537.36 (compatible; Googlebot/2.1; +http://www.google.com/bot.html)"
66.249.65.105 - - [22/Jul/2025:01:05:40 +0000] "GET /001043163.htm HTTP/1.1" 200 86105 "-" "Mozilla/5.0 (Linux; Android 6.0.1; Nexus 5X Build/MMB29P) AppleWebKit/537.36 (KHTML, like Gecko) Chrome/137.0.7151.103 Mobile Safari/537.36 (compatible; Googlebot/2.1; +http://www.google.com/bot.html)"
66.249.65.105 - - [22/Jul/2025:01:05:53 +0000] "GET /094043376.htm HTTP/1.1" 200 85908 "-" "Mozilla/5.0 (Linux; Android 6.0.1; Nexus 5X Build/MMB29P) AppleWebKit/537.36 (KHTML, like Gecko) Chrome/137.0.7151.103 Mobile Safari/537.36 (compatible; Googlebot/2.1; +http://www.google.com/bot.html)"
66.249.65.97 - - [22/Jul/2025:01:06:02 +0000] "GET /pcmypage?callback=product/review/first34-trusco-2224392 HTTP/1.1" 200 86407 "-" "Mozilla/5.0 (Linux; Android 6.0.1; Nexus 5X Build/MMB29P) AppleWebKit/537.36 (KHTML, like Gecko) Chrome/137.0.7151.103 Mobile Safari/537.36 (compatible; Googlebot/2.1; +http://www.google.com/bot.html)"
209.74.77.214 - - [22/Jul/2025:01:06:14 +0000] "POST /wp-cron.php?doing_wp_cron=1753146373.8714148998260498046875 HTTP/1.1" 403 33 "-" "WordPress/6.8.2; https://topflowroofingplumbing.com.au"
2a03:2880:f800:1c:: - - [22/Jul/2025:01:06:13 +0000] "GET /shopbrand/193927911 HTTP/1.1" 404 11694 "-" "meta-externalagent/1.1 (+https://developers.facebook.com/docs/sharing/webmasters/crawler)"
20.171.207.187 - - [22/Jul/2025:01:06:14 +0000] "GET /search.php?items%2F150024883.html%3Fsrsltid=AfmBOozzvZvLhDzXNOhch7gYBkwcIVMkhxO1V2lhVFihqZMtVXQv HTTP/1.1" 200 86875 "-" "Mozilla/5.0 AppleWebKit/537.36 (KHTML, like Gecko; compatible; GPTBot/1.2; +https://openai.com/gptbot)"
66.249.65.96 - - [22/Jul/2025:01:06:24 +0000] "GET /145039533.htm HTTP/1.1" 200 85831 "-" "Mozilla/5.0 (Linux; Android 6.0.1; Nexus 5X Build/MMB29P) AppleWebKit/537.36 (KHTML, like Gecko) Chrome/137.0.7151.103 Mobile Safari/537.36 (compatible; Googlebot/2.1; +http://www.google.com/bot.html)"
66.249.65.105 - - [22/Jul/2025:01:06:35 +0000] "GET /084012786.htm HTTP/1.1" 200 86034 "-" "Mozilla/5.0 (Linux; Android 6.0.1; Nexus 5X Build/MMB29P) AppleWebKit/537.36 (KHTML, like Gecko) Chrome/137.0.7151.103 Mobile Safari/537.36 (compatible; Googlebot/2.1; +http://www.google.com/bot.html)"
66.249.65.105 - - [22/Jul/2025:01:06:46 +0000] "GET /pcmypage?callback=product/review/hirochishop-ea472aa-56a HTTP/1.1" 200 86051 "-" "Mozilla/5.0 (Linux; Android 6.0.1; Nexus 5X Build/MMB29P) AppleWebKit/537.36 (KHTML, like Gecko) Chrome/137.0.7151.103 Mobile Safari/537.36 (compatible; Googlebot/2.1; +http://www.google.com/bot.html)"
66.249.65.105 - - [22/Jul/2025:01:07:08 +0000] "GET /026007898.htm HTTP/1.1" 200 85827 "-" "Mozilla/5.0 (Linux; Android 6.0.1; Nexus 5X Build/MMB29P) AppleWebKit/537.36 (KHTML, like Gecko) Chrome/137.0.7151.103 Mobile Safari/537.36 (compatible; Googlebot/2.1; +http://www.google.com/bot.html)"
20.171.207.187 - - [22/Jul/2025:01:07:14 +0000] "GET /search.php?m084000664%3Fsrsltid=AfmBOoCUlYyDcKgaz7iIPB_JO29qGejag_QOpiSXYL-C-kwv9K31S8 HTTP/1.1" 200 88130 "-" "Mozilla/5.0 AppleWebKit/537.36 (KHTML, like Gecko; compatible; GPTBot/1.2; +https://openai.com/gptbot)"
66.249.65.96 - - [22/Jul/2025:01:07:30 +0000] "GET /073049927.htm HTTP/1.1" 200 86224 "-" "Mozilla/5.0 (Linux; Android 6.0.1; Nexus 5X Build/MMB29P) AppleWebKit/537.36 (KHTML, like Gecko) Chrome/137.0.7151.103 Mobile Safari/537.36 (compatible; Googlebot/2.1; +http://www.google.com/bot.html)"
66.249.65.105 - - [22/Jul/2025:01:07:52 +0000] "GET /063009553.htm HTTP/1.1" 200 85699 "-" "Mozilla/5.0 (Linux; Android 6.0.1; Nexus 5X Build/MMB29P) AppleWebKit/537.36 (KHTML, like Gecko) Chrome/137.0.7151.103 Mobile Safari/537.36 (compatible; Googlebot/2.1; +http://www.google.com/bot.html)"
66.249.65.105 - - [22/Jul/2025:01:07:54 +0000] "GET /207003561.htm HTTP/1.1" 200 86103 "-" "Mozilla/5.0 (Linux; Android 6.0.1; Nexus 5X Build/MMB29P) AppleWebKit/537.36 (KHTML, like Gecko) Chrome/137.0.7151.103 Mobile Safari/537.36 (compatible; Googlebot/2.1; +http://www.google.com/bot.html)"
209.74.77.214 - - [22/Jul/2025:01:08:05 +0000] "POST /wp-cron.php?doing_wp_cron=1753146485.0888249874114990234375 HTTP/1.1" 403 33 "-" "WordPress/6.8.2; https://topflowroofingplumbing.com.au"
2a03:2880:f800:c:: - - [22/Jul/2025:01:08:03 +0000] "GET /shopbrand/261535311 HTTP/1.1" 404 11694 "-" "meta-externalagent/1.1 (+https://developers.facebook.com/docs/sharing/webmasters/crawler)"
20.171.207.187 - - [22/Jul/2025:01:08:17 +0000] "GET /search.php?m032024146%3Fsrsltid=AfmBOoxUjsayjZXYxFgPvV_uXxNyr66Io_pfx2CGGH-X-rYv22lalj HTTP/1.1" 200 88325 "-" "Mozilla/5.0 AppleWebKit/537.36 (KHTML, like Gecko; compatible; GPTBot/1.2; +https://openai.com/gptbot)"
66.249.65.97 - - [22/Jul/2025:01:08:30 +0000] "GET /pcmypage?callback=/product%2Fdetail%2Auc-raipara-r-blt-clc40tpl HTTP/1.1" 200 85540 "-" "Mozilla/5.0 (Linux; Android 6.0.1; Nexus 5X Build/MMB29P) AppleWebKit/537.36 (KHTML, like Gecko) Chrome/137.0.7151.103 Mobile Safari/537.36 (compatible; Googlebot/2.1; +http://www.google.com/bot.html)"
66.249.65.96 - - [22/Jul/2025:01:08:41 +0000] "GET /243033201.htm HTTP/1.1" 200 86014 "-" "Mozilla/5.0 (Linux; Android 6.0.1; Nexus 5X Build/MMB29P) AppleWebKit/537.36 (KHTML, like Gecko) Chrome/137.0.7151.103 Mobile Safari/537.36 (compatible; Googlebot/2.1; +http://www.google.com/bot.html)"
2002:2dc3:38f6::2dc3:38f6 - - [22/Jul/2025:01:08:53 +0000] "GET /autoload_classmap.php HTTP/1.1" 404 11694 "-" "Mozilla/5.0 (Windows NT 10.0; Win64; x64) AppleWebKit/537.36 (KHTML, like Gecko) Chrome/109.0.0.0 Safari/537.36"
2002:2dc3:38f6::2dc3:38f6 - - [22/Jul/2025:01:08:54 +0000] "GET /autoload_classmap.php HTTP/1.1" 403 208 "https://topflowroofingplumbing.com.au/autoload_classmap.php" "Mozilla/5.0 (Windows NT 10.0; Win64; x64) AppleWebKit/537.36 (KHTML, like Gecko) Chrome/109.0.0.0 Safari/537.36"
66.249.65.105 - - [22/Jul/2025:01:08:58 +0000] "GET /pcmypage?callback=/product%2Fdetail%2hirochishop-ea472aa-56a HTTP/1.1" 200 85890 "-" "Mozilla/5.0 (Linux; Android 6.0.1; Nexus 5X Build/MMB29P) AppleWebKit/537.36 (KHTML, like Gecko) Chrome/137.0.7151.103 Mobile Safari/537.36 (compatible; Googlebot/2.1; +http://www.google.com/bot.html)"
66.249.73.97 - - [22/Jul/2025:01:09:04 +0000] "GET /category/79_80_95_96/1/listing HTTP/1.1" 200 85529 "-" "Mozilla/5.0 (Linux; Android 6.0.1; Nexus 5X Build/MMB29P) AppleWebKit/537.36 (KHTML, like Gecko) Chrome/137.0.7151.103 Mobile Safari/537.36 (compatible; Googlebot/2.1; +http://www.google.com/bot.html)"
209.74.77.214 - - [22/Jul/2025:01:09:08 +0000] "POST /wp-cron.php?doing_wp_cron=1753146548.2286560535430908203125 HTTP/1.1" 403 33 "-" "WordPress/6.8.2; https://topflowroofingplumbing.com.au"
2a03:2880:f800:19:: - - [22/Jul/2025:01:09:08 +0000] "GET /shopdetail/213863952 HTTP/1.1" 404 11694 "-" "meta-externalagent/1.1 (+https://developers.facebook.com/docs/sharing/webmasters/crawler)"
2002:2dc3:38f6::2dc3:38f6 - - [22/Jul/2025:01:09:12 +0000] "GET /wp-includes/index.php HTTP/1.1" 200 11926 "-" "Mozilla/5.0 (Windows NT 10.0; Win64; x64) AppleWebKit/537.36 (KHTML, like Gecko) Chrome/109.0.0.0 Safari/537.36"
45.195.56.246 - - [22/Jul/2025:01:09:14 +0000] "GET /favicon.ico HTTP/1.1" 200 206 "https://topflowroofingplumbing.com.au/wp-includes/index.php" "Mozilla/5.0 (Windows NT 10.0; Win64; x64) AppleWebKit/537.36 (KHTML, like Gecko) Chrome/109.0.0.0 Safari/537.36"
2a03:2880:f800:7:: - - [22/Jul/2025:01:09:16 +0000] "GET /shopbrand/261452842 HTTP/1.1" 404 11694 "-" "meta-externalagent/1.1 (+https://developers.facebook.com/docs/sharing/webmasters/crawler)"
2a03:2880:f800:17:: - - [22/Jul/2025:01:09:19 +0000] "GET /shopbrand/68024921 HTTP/1.1" 404 11694 "-" "meta-externalagent/1.1 (+https://developers.facebook.com/docs/sharing/webmasters/crawler)"
20.171.207.187 - - [22/Jul/2025:01:09:21 +0000] "GET /search.php?items%2F265024182.html%3Fsrsltid=AfmBOogtjnJzGmIqIWSNnEycEDEpIpBzDWMJEyL3xP4bzAAYu8Br HTTP/1.1" 200 86154 "-" "Mozilla/5.0 AppleWebKit/537.36 (KHTML, like Gecko; compatible; GPTBot/1.2; +https://openai.com/gptbot)"
66.249.65.97 - - [22/Jul/2025:01:09:36 +0000] "GET /115015617.htm HTTP/1.1" 200 86570 "-" "Mozilla/5.0 (Linux; Android 6.0.1; Nexus 5X Build/MMB29P) AppleWebKit/537.36 (KHTML, like Gecko) Chrome/137.0.7151.103 Mobile Safari/537.36 (compatible; Googlebot/2.1; +http://www.google.com/bot.html)"
66.249.65.96 - - [22/Jul/2025:01:09:47 +0000] "GET /pcmypage?callback=product%2Fdetail%2Fshichikai-skjiji55364-1 HTTP/1.1" 200 87368 "-" "Mozilla/5.0 (Linux; Android 6.0.1; Nexus 5X Build/MMB29P) AppleWebKit/537.36 (KHTML, like Gecko) Chrome/137.0.7151.103 Mobile Safari/537.36 (compatible; Googlebot/2.1; +http://www.google.com/bot.html)"
2a03:2880:f800:9:: - - [22/Jul/2025:01:10:03 +0000] "GET /pages.php?sitemap490.xml HTTP/1.1" 200 33 "-" "meta-externalagent/1.1 (+https://developers.facebook.com/docs/sharing/webmasters/crawler)"
209.74.77.214 - - [22/Jul/2025:01:10:14 +0000] "POST /wp-cron.php?doing_wp_cron=1753146614.8948369026184082031250 HTTP/1.1" 403 33 "-" "WordPress/6.8.2; https://topflowroofingplumbing.com.au"
2a03:2880:f800:1d:: - - [22/Jul/2025:01:10:14 +0000] "GET /shopbrand/352157517 HTTP/1.1" 404 11694 "-" "meta-externalagent/1.1 (+https://developers.facebook.com/docs/sharing/webmasters/crawler)"
66.249.65.105 - - [22/Jul/2025:01:10:20 +0000] "GET /064000788.htm HTTP/1.1" 200 85896 "-" "Mozilla/5.0 (Linux; Android 6.0.1; Nexus 5X Build/MMB29P) AppleWebKit/537.36 (KHTML, like Gecko) Chrome/137.0.7151.103 Mobile Safari/537.36 (compatible; Googlebot/2.1; +http://www.google.com/bot.html)"
20.171.207.187 - - [22/Jul/2025:01:10:26 +0000] "GET /search.php?items%2F145040372.html%3Fsrsltid=AfmBOoamflnySxTcjlwdq8eGZiHaLAQIQQqHpyl5N1mSaaMvjXFH HTTP/1.1" 200 86661 "-" "Mozilla/5.0 AppleWebKit/537.36 (KHTML, like Gecko; compatible; GPTBot/1.2; +https://openai.com/gptbot)"
66.249.65.96 - - [22/Jul/2025:01:10:31 +0000] "GET /199022779.htm HTTP/1.1" 200 87325 "-" "Mozilla/5.0 (Linux; Android 6.0.1; Nexus 5X Build/MMB29P) AppleWebKit/537.36 (KHTML, like Gecko) Chrome/137.0.7151.103 Mobile Safari/537.36 (compatible; Googlebot/2.1; +http://www.google.com/bot.html)"
66.249.65.105 - - [22/Jul/2025:01:11:20 +0000] "GET /064000784.htm HTTP/1.1" 200 86692 "-" "Mozilla/5.0 (Linux; Android 6.0.1; Nexus 5X Build/MMB29P) AppleWebKit/537.36 (KHTML, like Gecko) Chrome/137.0.7151.103 Mobile Safari/537.36 (compatible; Googlebot/2.1; +http://www.google.com/bot.html)"
66.249.65.105 - - [22/Jul/2025:01:11:31 +0000] "GET /136031794.htm HTTP/1.1" 200 87942 "-" "Mozilla/5.0 (Linux; Android 6.0.1; Nexus 5X Build/MMB29P) AppleWebKit/537.36 (KHTML, like Gecko) Chrome/137.0.7151.103 Mobile Safari/537.36 (compatible; Googlebot/2.1; +http://www.google.com/bot.html)"
20.171.207.187 - - [22/Jul/2025:01:11:32 +0000] "GET /search.php?items%2F072040801.html%3Fsrsltid=AfmBOobmvKMDtwDQJVjgc8NcUZJYCsfWtpbiEK2gerf5oUYGQmBy HTTP/1.1" 200 86911 "-" "Mozilla/5.0 AppleWebKit/537.36 (KHTML, like Gecko; compatible; GPTBot/1.2; +https://openai.com/gptbot)"
66.249.65.105 - - [22/Jul/2025:01:11:35 +0000] "GET /144010914.htm HTTP/1.1" 200 85594 "-" "Mozilla/5.0 (Linux; Android 6.0.1; Nexus 5X Build/MMB29P) AppleWebKit/537.36 (KHTML, like Gecko) Chrome/137.0.7151.103 Mobile Safari/537.36 (compatible; Googlebot/2.1; +http://www.google.com/bot.html)"
66.249.73.96 - - [22/Jul/2025:01:11:40 +0000] "GET /academic/b72?pid=443 HTTP/1.1" 200 85786 "-" "Mozilla/5.0 (Linux; Android 6.0.1; Nexus 5X Build/MMB29P) AppleWebKit/537.36 (KHTML, like Gecko) Chrome/137.0.7151.103 Mobile Safari/537.36 (compatible; Googlebot/2.1; +http://www.google.com/bot.html)"
66.249.65.105 - - [22/Jul/2025:01:11:42 +0000] "GET /154041670.htm HTTP/1.1" 200 87918 "-" "Mozilla/5.0 (Linux; Android 6.0.1; Nexus 5X Build/MMB29P) AppleWebKit/537.36 (KHTML, like Gecko) Chrome/137.0.7151.103 Mobile Safari/537.36 (compatible; Googlebot/2.1; +http://www.google.com/bot.html)"
66.249.73.96 - - [22/Jul/2025:01:11:44 +0000] "GET /inherent/c43?pid=322 HTTP/1.1" 200 85682 "-" "Mozilla/5.0 (Linux; Android 6.0.1; Nexus 5X Build/MMB29P) AppleWebKit/537.36 (KHTML, like Gecko) Chrome/137.0.7151.103 Mobile Safari/537.36 (compatible; Googlebot/2.1; +http://www.google.com/bot.html)"
66.249.65.96 - - [22/Jul/2025:01:11:54 +0000] "GET /017000667.htm HTTP/1.1" 200 87733 "-" "Mozilla/5.0 (Linux; Android 6.0.1; Nexus 5X Build/MMB29P) AppleWebKit/537.36 (KHTML, like Gecko) Chrome/137.0.7151.103 Mobile Safari/537.36 (compatible; Googlebot/2.1; +http://www.google.com/bot.html)"
66.249.65.97 - - [22/Jul/2025:01:12:32 +0000] "GET /085036965.htm HTTP/1.1" 200 86874 "-" "Mozilla/5.0 (Linux; Android 6.0.1; Nexus 5X Build/MMB29P) AppleWebKit/537.36 (KHTML, like Gecko) Chrome/137.0.7151.103 Mobile Safari/537.36 (compatible; Googlebot/2.1; +http://www.google.com/bot.html)"
66.249.65.96 - - [22/Jul/2025:01:12:34 +0000] "GET /Catholic/b53?pid=24994 HTTP/1.1" 200 86305 "-" "Mozilla/5.0 (Linux; Android 6.0.1; Nexus 5X Build/MMB29P) AppleWebKit/537.36 (KHTML, like Gecko) Chrome/137.0.7151.103 Mobile Safari/537.36 (compatible; Googlebot/2.1; +http://www.google.com/bot.html)"
66.249.65.97 - - [22/Jul/2025:01:12:34 +0000] "GET /pcmypage?callback=/product%2Fdetail%2shichikai-skjiji55364-1 HTTP/1.1" 200 85202 "-" "Mozilla/5.0 (Linux; Android 6.0.1; Nexus 5X Build/MMB29P) AppleWebKit/537.36 (KHTML, like Gecko) Chrome/137.0.7151.103 Mobile Safari/537.36 (compatible; Googlebot/2.1; +http://www.google.com/bot.html)"
20.171.207.187 - - [22/Jul/2025:01:12:35 +0000] "GET /search.php?items%2F042000737.html%3Fsrsltid=AfmBOoqfvjdfNkofWKFUerhSEkUTyJbMC8Xi7kHNQ0FKcdSCZ4hX HTTP/1.1" 200 86647 "-" "Mozilla/5.0 AppleWebKit/537.36 (KHTML, like Gecko; compatible; GPTBot/1.2; +https://openai.com/gptbot)"
66.249.65.96 - - [22/Jul/2025:01:13:00 +0000] "GET /031004375.htm HTTP/1.1" 200 85541 "-" "Mozilla/5.0 (Linux; Android 6.0.1; Nexus 5X Build/MMB29P) AppleWebKit/537.36 (KHTML, like Gecko) Chrome/137.0.7151.103 Mobile Safari/537.36 (compatible; Googlebot/2.1; +http://www.google.com/bot.html)"
66.249.65.96 - - [22/Jul/2025:01:13:11 +0000] "GET /pcmypage?callback=product%2Fdetail%2Fasty-shop-k0-25yps6yvgd-vwfn HTTP/1.1" 200 86313 "-" "Mozilla/5.0 (Linux; Android 6.0.1; Nexus 5X Build/MMB29P) AppleWebKit/537.36 (KHTML, like Gecko) Chrome/137.0.7151.103 Mobile Safari/537.36 (compatible; Googlebot/2.1; +http://www.google.com/bot.html)"
66.249.65.105 - - [22/Jul/2025:01:13:38 +0000] "GET /224046202.htm HTTP/1.1" 200 85978 "-" "Mozilla/5.0 (Linux; Android 6.0.1; Nexus 5X Build/MMB29P) AppleWebKit/537.36 (KHTML, like Gecko) Chrome/137.0.7151.103 Mobile Safari/537.36 (compatible; Googlebot/2.1; +http://www.google.com/bot.html)"
20.171.207.187 - - [22/Jul/2025:01:13:39 +0000] "GET /search.php?items%2F025016178.html%3Fsrsltid=AfmBOoinmhnKoKgQgLWnGaFJOjGtBtQP1MhXwdehYais8yul6RlR HTTP/1.1" 200 87424 "-" "Mozilla/5.0 AppleWebKit/537.36 (KHTML, like Gecko; compatible; GPTBot/1.2; +https://openai.com/gptbot)"
66.249.65.105 - - [22/Jul/2025:01:13:45 +0000] "GET /pcmypage?callback=product%2Fdetail%2Fyour-dining-213220 HTTP/1.1" 200 86299 "-" "Mozilla/5.0 (Linux; Android 6.0.1; Nexus 5X Build/MMB29P) AppleWebKit/537.36 (KHTML, like Gecko) Chrome/137.0.7151.103 Mobile Safari/537.36 (compatible; Googlebot/2.1; +http://www.google.com/bot.html)"
66.249.65.96 - - [22/Jul/2025:01:13:49 +0000] "GET /290001394.htm HTTP/1.1" 200 86301 "-" "Mozilla/5.0 (Linux; Android 6.0.1; Nexus 5X Build/MMB29P) AppleWebKit/537.36 (KHTML, like Gecko) Chrome/137.0.7151.103 Mobile Safari/537.36 (compatible; Googlebot/2.1; +http://www.google.com/bot.html)"
66.249.65.99 - - [22/Jul/2025:01:14:07 +0000] "GET /pcmypage?callback=product%2Fdetail%2Fecjungle-216-0409614-001 HTTP/1.1" 200 87185 "-" "Mozilla/5.0 (Linux; Android 6.0.1; Nexus 5X Build/MMB29P) AppleWebKit/537.36 (KHTML, like Gecko) Chrome/137.0.7151.103 Mobile Safari/537.36 (compatible; Googlebot/2.1; +http://www.google.com/bot.html)"
209.74.77.214 - - [22/Jul/2025:01:14:09 +0000] "POST /wp-cron.php?doing_wp_cron=1753146848.8261950016021728515625 HTTP/1.1" 403 33 "-" "WordPress/6.8.2; https://topflowroofingplumbing.com.au"
2a03:2880:f800:3:: - - [22/Jul/2025:01:14:05 +0000] "GET /shopbrand/193926936 HTTP/1.1" 404 11694 "-" "meta-externalagent/1.1 (+https://developers.facebook.com/docs/sharing/webmasters/crawler)"
66.249.65.97 - - [22/Jul/2025:01:14:13 +0000] "GET /175002033.htm HTTP/1.1" 200 85838 "-" "Mozilla/5.0 (Linux; Android 6.0.1; Nexus 5X Build/MMB29P) AppleWebKit/537.36 (KHTML, like Gecko) Chrome/137.0.7151.103 Mobile Safari/537.36 (compatible; Googlebot/2.1; +http://www.google.com/bot.html)"
66.249.65.97 - - [22/Jul/2025:01:14:29 +0000] "GET /pcmypage?callback=product%2Fdetail%2Fhirochishop-ea472aa-56a HTTP/1.1" 200 86293 "-" "Mozilla/5.0 (Linux; Android 6.0.1; Nexus 5X Build/MMB29P) AppleWebKit/537.36 (KHTML, like Gecko) Chrome/137.0.7151.103 Mobile Safari/537.36 (compatible; Googlebot/2.1; +http://www.google.com/bot.html)"
2a03:2880:f800:7:: - - [22/Jul/2025:01:14:41 +0000] "GET /shopbrand/180891560 HTTP/1.1" 404 11694 "-" "meta-externalagent/1.1 (+https://developers.facebook.com/docs/sharing/webmasters/crawler)"