20.171.207.187 - - [21/Jul/2025:16:57:59 +0000] "GET /search.php?deem148046669.html HTTP/1.1" 200 87231 "-" "Mozilla/5.0 AppleWebKit/537.36 (KHTML, like Gecko; compatible; GPTBot/1.2; +https://openai.com/gptbot)"
20.171.207.187 - - [21/Jul/2025:16:59:03 +0000] "GET /search.php?tank039000662.html HTTP/1.1" 200 87486 "-" "Mozilla/5.0 AppleWebKit/537.36 (KHTML, like Gecko; compatible; GPTBot/1.2; +https://openai.com/gptbot)"
209.74.77.214 - - [21/Jul/2025:16:59:05 +0000] "POST /wp-cron.php?doing_wp_cron=1753117145.0669488906860351562500 HTTP/1.1" 403 33 "-" "WordPress/6.8.2; https://topflowroofingplumbing.com.au"
2a03:2880:f800:15:: - - [21/Jul/2025:16:59:03 +0000] "GET /shopbrand/193897238 HTTP/1.1" 404 11694 "-" "meta-externalagent/1.1 (+https://developers.facebook.com/docs/sharing/webmasters/crawler)"
2a03:2880:f800:8:: - - [21/Jul/2025:16:59:43 +0000] "GET /shopbrand/88334141 HTTP/1.1" 404 11694 "-" "meta-externalagent/1.1 (+https://developers.facebook.com/docs/sharing/webmasters/crawler)"
20.171.207.187 - - [21/Jul/2025:17:00:05 +0000] "GET /search.php?product/edit/tuzukiya-h79-0606 HTTP/1.1" 200 88074 "-" "Mozilla/5.0 AppleWebKit/537.36 (KHTML, like Gecko; compatible; GPTBot/1.2; +https://openai.com/gptbot)"
20.171.207.187 - - [21/Jul/2025:17:01:05 +0000] "GET /search.php?they222047939.html HTTP/1.1" 200 87260 "-" "Mozilla/5.0 AppleWebKit/537.36 (KHTML, like Gecko; compatible; GPTBot/1.2; +https://openai.com/gptbot)"
209.74.77.214 - - [21/Jul/2025:17:01:36 +0000] "POST /wp-cron.php?doing_wp_cron=1753117296.0857050418853759765625 HTTP/1.1" 403 33 "-" "WordPress/6.8.2; https://topflowroofingplumbing.com.au"
2a03:2880:f800:14:: - - [21/Jul/2025:17:01:34 +0000] "GET /shopbrand/193865279 HTTP/1.1" 404 11694 "-" "meta-externalagent/1.1 (+https://developers.facebook.com/docs/sharing/webmasters/crawler)"
2a03:2880:f800:8:: - - [21/Jul/2025:17:01:36 +0000] "GET /shopbrand/88346605 HTTP/1.1" 404 11694 "-" "meta-externalagent/1.1 (+https://developers.facebook.com/docs/sharing/webmasters/crawler)"
20.171.207.187 - - [21/Jul/2025:17:02:08 +0000] "GET /search.php?items%2F102022553.html%3Fsrsltid=AfmBOoxdsjIGAqhkoDjfSeALOBfWqDHcT4jAdiGRUjDEavbsT683 HTTP/1.1" 200 88166 "-" "Mozilla/5.0 AppleWebKit/537.36 (KHTML, like Gecko; compatible; GPTBot/1.2; +https://openai.com/gptbot)"
209.74.77.214 - - [21/Jul/2025:17:03:05 +0000] "POST /wp-cron.php?doing_wp_cron=1753117385.8692860603332519531250 HTTP/1.1" 403 33 "-" "WordPress/6.8.2; https://topflowroofingplumbing.com.au"
2a03:2880:f800:18:: - - [21/Jul/2025:17:03:04 +0000] "GET /shopdetail/351552752 HTTP/1.1" 404 11694 "-" "meta-externalagent/1.1 (+https://developers.facebook.com/docs/sharing/webmasters/crawler)"
20.171.207.187 - - [21/Jul/2025:17:03:09 +0000] "GET /search.php?sock300017027.html HTTP/1.1" 200 86823 "-" "Mozilla/5.0 AppleWebKit/537.36 (KHTML, like Gecko; compatible; GPTBot/1.2; +https://openai.com/gptbot)"
66.249.65.99 - - [21/Jul/2025:17:03:25 +0000] "GET /090000128.htm HTTP/1.1" 200 85726 "-" "Mozilla/5.0 (Linux; Android 6.0.1; Nexus 5X Build/MMB29P) AppleWebKit/537.36 (KHTML, like Gecko) Chrome/137.0.7151.103 Mobile Safari/537.36 (compatible; Googlebot/2.1; +http://www.google.com/bot.html)"
20.171.207.187 - - [21/Jul/2025:17:04:12 +0000] "GET /search.php?disc020007625.html HTTP/1.1" 200 87304 "-" "Mozilla/5.0 AppleWebKit/537.36 (KHTML, like Gecko; compatible; GPTBot/1.2; +https://openai.com/gptbot)"
209.74.77.214 - - [21/Jul/2025:17:04:37 +0000] "POST /wp-cron.php?doing_wp_cron=1753117477.3930430412292480468750 HTTP/1.1" 403 33 "-" "WordPress/6.8.2; https://topflowroofingplumbing.com.au"
2a03:2880:f800:1c:: - - [21/Jul/2025:17:04:36 +0000] "GET /shopbrand/88331049 HTTP/1.1" 404 11694 "-" "meta-externalagent/1.1 (+https://developers.facebook.com/docs/sharing/webmasters/crawler)"
209.74.77.214 - - [21/Jul/2025:17:06:12 +0000] "POST /wp-cron.php?doing_wp_cron=1753117572.5462920665740966796875 HTTP/1.1" 403 33 "-" "WordPress/6.8.2; https://topflowroofingplumbing.com.au"
2a03:2880:22ff:2:: - - [21/Jul/2025:17:06:11 +0000] "GET /about-us HTTP/1.1" 301 - "-" "facebookexternalhit/1.1 (+http://www.facebook.com/externalhit_uatext.php)"
2a03:2880:22ff:9:: - - [21/Jul/2025:17:06:13 +0000] "GET /about-us/ HTTP/1.1" 200 15125 "-" "facebookexternalhit/1.1 (+http://www.facebook.com/externalhit_uatext.php)"
20.171.207.187 - - [21/Jul/2025:17:06:15 +0000] "GET /?_bd_prev_page=https%3A%2F%2Ftopflowroofingplumbing.com.au%2Fsuper.php%3Fm001000337%3Fsrsltid%3DAfmBOoPQaNAgrwHyYQOknN_G0k2O62kIk_8QkhgkQK-W-VKsVlalbS&_bdsid=gj9gbu.n%7EXKZYM.173731041.175731817&_gz=2.190550713.194459015.171265578-867736498.163300847 HTTP/1.1" 301 - "-" "Mozilla/5.0 AppleWebKit/537.36 (KHTML, like Gecko; compatible; GPTBot/1.2; +https://openai.com/gptbot)"
20.171.207.187 - - [21/Jul/2025:17:06:15 +0000] "GET /?_bd_prev_page=https%3A%2F%2Ftopflowroofingplumbing.com.au%2Fsuper.php%3Fm001000337%3Fsrsltid%3DAfmBOoPQaNAgrwHyYQOknN_G0k2O62kIk_8QkhgkQK-W-VKsVlalbS&_bdsid=gj9gbu.n~XKZYM.173731041.175731817&_gz=2.190550713.194459015.171265578-867736498.163300847 HTTP/1.1" 200 17670 "-" "Mozilla/5.0 AppleWebKit/537.36 (KHTML, like Gecko; compatible; GPTBot/1.2; +https://openai.com/gptbot)"
20.171.207.187 - - [21/Jul/2025:17:07:19 +0000] "GET /search.php?items%2F072000561.html%3Fsrsltid=AfmBOoamaGbjBFDCniJsFPtITrbhavGMjvJ5JLrO3YTD2fYyRgGH HTTP/1.1" 200 86561 "-" "Mozilla/5.0 AppleWebKit/537.36 (KHTML, like Gecko; compatible; GPTBot/1.2; +https://openai.com/gptbot)"
20.171.207.187 - - [21/Jul/2025:17:08:21 +0000] "GET /search.php?wide088000331.html HTTP/1.1" 200 86961 "-" "Mozilla/5.0 AppleWebKit/537.36 (KHTML, like Gecko; compatible; GPTBot/1.2; +https://openai.com/gptbot)"
66.249.65.97 - - [21/Jul/2025:17:08:26 +0000] "GET /162024884.htm HTTP/1.1" 200 85380 "-" "Mozilla/5.0 (Linux; Android 6.0.1; Nexus 5X Build/MMB29P) AppleWebKit/537.36 (KHTML, like Gecko) Chrome/137.0.7151.103 Mobile Safari/537.36 (compatible; Googlebot/2.1; +http://www.google.com/bot.html)"
209.74.77.214 - - [21/Jul/2025:17:09:08 +0000] "POST /wp-cron.php?doing_wp_cron=1753117748.6954290866851806640625 HTTP/1.1" 403 33 "-" "WordPress/6.8.2; https://topflowroofingplumbing.com.au"
2a03:2880:f800:6:: - - [21/Jul/2025:17:09:07 +0000] "GET /shopbrand/193928756 HTTP/1.1" 404 11694 "-" "meta-externalagent/1.1 (+https://developers.facebook.com/docs/sharing/webmasters/crawler)"
20.171.207.187 - - [21/Jul/2025:17:09:22 +0000] "GET /search.php?product/edit/jeugia-10025368 HTTP/1.1" 200 87249 "-" "Mozilla/5.0 AppleWebKit/537.36 (KHTML, like Gecko; compatible; GPTBot/1.2; +https://openai.com/gptbot)"
2a03:2880:f800:f:: - - [21/Jul/2025:17:09:57 +0000] "GET /shopdetail/63424952 HTTP/1.1" 404 11694 "-" "meta-externalagent/1.1 (+https://developers.facebook.com/docs/sharing/webmasters/crawler)"
20.171.207.187 - - [21/Jul/2025:17:10:26 +0000] "GET /search.php?m169030117%3Fsrsltid=AfmBOoBgzgArAxjtjbYiRf_nIic83JxrW_EefYx7OL-Z-rIvTC3dWh HTTP/1.1" 200 86689 "-" "Mozilla/5.0 AppleWebKit/537.36 (KHTML, like Gecko; compatible; GPTBot/1.2; +https://openai.com/gptbot)"
20.171.207.187 - - [21/Jul/2025:17:11:27 +0000] "GET /search.php?cope248046555.html HTTP/1.1" 200 87320 "-" "Mozilla/5.0 AppleWebKit/537.36 (KHTML, like Gecko; compatible; GPTBot/1.2; +https://openai.com/gptbot)"
209.74.77.214 - - [21/Jul/2025:17:12:18 +0000] "POST /wp-cron.php?doing_wp_cron=1753117938.3374090194702148437500 HTTP/1.1" 403 33 "-" "WordPress/6.8.2; https://topflowroofingplumbing.com.au"
2a03:2880:f800:13:: - - [21/Jul/2025:17:12:16 +0000] "GET /shopbrand/347476007 HTTP/1.1" 404 11694 "-" "meta-externalagent/1.1 (+https://developers.facebook.com/docs/sharing/webmasters/crawler)"
20.171.207.187 - - [21/Jul/2025:17:12:30 +0000] "GET /search.php?such274000329.html HTTP/1.1" 200 87379 "-" "Mozilla/5.0 AppleWebKit/537.36 (KHTML, like Gecko; compatible; GPTBot/1.2; +https://openai.com/gptbot)"
2a06:98c0:3600::103 - - [21/Jul/2025:17:12:53 +0000] "GET /wordpress/wp-admin/setup-config.php HTTP/1.1" 404 11694 "-" "Mozilla/5.0 (Windows NT 10.0; Win64; x64) AppleWebKit/537.36 (KHTML, like Gecko) Chrome/137.0.0.0 Safari/537.36"
20.171.207.187 - - [21/Jul/2025:17:13:33 +0000] "GET /search.php?bowl010016999.html HTTP/1.1" 200 87388 "-" "Mozilla/5.0 AppleWebKit/537.36 (KHTML, like Gecko; compatible; GPTBot/1.2; +https://openai.com/gptbot)"
209.74.77.214 - - [21/Jul/2025:17:14:25 +0000] "POST /wp-cron.php?doing_wp_cron=1753118065.8508439064025878906250 HTTP/1.1" 403 33 "-" "WordPress/6.8.2; https://topflowroofingplumbing.com.au"
2a03:2880:f800:1a:: - - [21/Jul/2025:17:14:24 +0000] "GET /shopbrand/347510279 HTTP/1.1" 404 11694 "-" "meta-externalagent/1.1 (+https://developers.facebook.com/docs/sharing/webmasters/crawler)"
20.171.207.187 - - [21/Jul/2025:17:14:34 +0000] "GET /search.php?note040003417.html HTTP/1.1" 200 86902 "-" "Mozilla/5.0 AppleWebKit/537.36 (KHTML, like Gecko; compatible; GPTBot/1.2; +https://openai.com/gptbot)"
2a06:98c0:3600::103 - - [21/Jul/2025:17:14:40 +0000] "GET /wp-admin/setup-config.php HTTP/1.1" 404 11694 "-" "Mozilla/5.0 (Windows NT 10.0; Win64; x64) AppleWebKit/537.36 (KHTML, like Gecko) Chrome/137.0.0.0 Safari/537.36"
66.249.73.103 - - [21/Jul/2025:17:15:14 +0000] "GET / HTTP/1.1" 200 85989 "-" "Mozilla/5.0 (compatible; Googlebot/2.1; +http://www.google.com/bot.html)"
66.249.73.97 - - [21/Jul/2025:17:15:15 +0000] "GET / HTTP/1.1" 200 86078 "-" "Mozilla/5.0 (Linux; Android 6.0.1; Nexus 5X Build/MMB29P) AppleWebKit/537.36 (KHTML, like Gecko) Chrome/137.0.7151.103 Mobile Safari/537.36 (compatible; Googlebot/2.1; +http://www.google.com/bot.html)"
66.249.65.105 - - [21/Jul/2025:17:15:27 +0000] "GET /?search?category=&search_word=&restrict[]=person_id(int)=ZSYK HTTP/1.1" 200 85518 "-" "Mozilla/5.0 (Linux; Android 6.0.1; Nexus 5X Build/MMB29P) AppleWebKit/537.36 (KHTML, like Gecko) Chrome/137.0.7151.103 Mobile Safari/537.36 (compatible; Googlebot/2.1; +http://www.google.com/bot.html)"
20.171.207.187 - - [21/Jul/2025:17:15:39 +0000] "GET /search.php?lend230004201.html HTTP/1.1" 200 88775 "-" "Mozilla/5.0 AppleWebKit/537.36 (KHTML, like Gecko; compatible; GPTBot/1.2; +https://openai.com/gptbot)"
209.74.77.214 - - [21/Jul/2025:17:16:40 +0000] "POST /wp-cron.php?doing_wp_cron=1753118200.1498839855194091796875 HTTP/1.1" 403 33 "-" "WordPress/6.8.2; https://topflowroofingplumbing.com.au"
2a03:2880:f800:5:: - - [21/Jul/2025:17:16:40 +0000] "GET /shopdetail/36696952 HTTP/1.1" 404 11694 "-" "meta-externalagent/1.1 (+https://developers.facebook.com/docs/sharing/webmasters/crawler)"
20.171.207.187 - - [21/Jul/2025:17:16:40 +0000] "GET /search.php?wrap057018884.html HTTP/1.1" 200 89120 "-" "Mozilla/5.0 AppleWebKit/537.36 (KHTML, like Gecko; compatible; GPTBot/1.2; +https://openai.com/gptbot)"
2a03:2880:f800:17:: - - [21/Jul/2025:17:16:44 +0000] "GET /shopbrand/261521724 HTTP/1.1" 404 11694 "-" "meta-externalagent/1.1 (+https://developers.facebook.com/docs/sharing/webmasters/crawler)"
2a03:2880:f800:13:: - - [21/Jul/2025:17:17:04 +0000] "GET /shopdetail/83867452 HTTP/1.1" 404 11694 "-" "meta-externalagent/1.1 (+https://developers.facebook.com/docs/sharing/webmasters/crawler)"
2a03:2880:f800:13:: - - [21/Jul/2025:17:17:17 +0000] "GET /shopbrand/88295332 HTTP/1.1" 404 11694 "-" "meta-externalagent/1.1 (+https://developers.facebook.com/docs/sharing/webmasters/crawler)"
2a03:2880:f800:b:: - - [21/Jul/2025:17:17:18 +0000] "GET /shopbrand/180872588 HTTP/1.1" 404 11694 "-" "meta-externalagent/1.1 (+https://developers.facebook.com/docs/sharing/webmasters/crawler)"
2a03:2880:f800:1a:: - - [21/Jul/2025:17:17:22 +0000] "GET /shopbrand/180858834 HTTP/1.1" 404 11694 "-" "meta-externalagent/1.1 (+https://developers.facebook.com/docs/sharing/webmasters/crawler)"
2a03:2880:f800:7:: - - [21/Jul/2025:17:17:28 +0000] "GET /shopbrand/180796750 HTTP/1.1" 404 11694 "-" "meta-externalagent/1.1 (+https://developers.facebook.com/docs/sharing/webmasters/crawler)"
20.171.207.187 - - [21/Jul/2025:17:17:41 +0000] "GET /search.php?product/edit/cyberbay-ds-2214598 HTTP/1.1" 200 86578 "-" "Mozilla/5.0 AppleWebKit/537.36 (KHTML, like Gecko; compatible; GPTBot/1.2; +https://openai.com/gptbot)"
66.249.73.97 - - [21/Jul/2025:17:18:12 +0000] "GET /base/s90?pid=949 HTTP/1.1" 200 86181 "-" "Mozilla/5.0 (Linux; Android 6.0.1; Nexus 5X Build/MMB29P) AppleWebKit/537.36 (KHTML, like Gecko) Chrome/137.0.7151.103 Mobile Safari/537.36 (compatible; Googlebot/2.1; +http://www.google.com/bot.html)"
66.249.73.96 - - [21/Jul/2025:17:18:13 +0000] "GET /desert/q67?pid=258 HTTP/1.1" 200 86259 "-" "Mozilla/5.0 (Linux; Android 6.0.1; Nexus 5X Build/MMB29P) AppleWebKit/537.36 (KHTML, like Gecko) Chrome/137.0.7151.103 Mobile Safari/537.36 (compatible; Googlebot/2.1; +http://www.google.com/bot.html)"
66.249.65.97 - - [21/Jul/2025:17:18:13 +0000] "GET /beside/z76?pid=381 HTTP/1.1" 200 86308 "-" "Mozilla/5.0 (Linux; Android 6.0.1; Nexus 5X Build/MMB29P) AppleWebKit/537.36 (KHTML, like Gecko) Chrome/137.0.7151.103 Mobile Safari/537.36 (compatible; Googlebot/2.1; +http://www.google.com/bot.html)"
66.249.73.97 - - [21/Jul/2025:17:18:14 +0000] "GET /product/edit/hcvalor-eshop-trusco-4899515 HTTP/1.1" 200 86297 "-" "Mozilla/5.0 (Linux; Android 6.0.1; Nexus 5X Build/MMB29P) AppleWebKit/537.36 (KHTML, like Gecko) Chrome/137.0.7151.103 Mobile Safari/537.36 (compatible; Googlebot/2.1; +http://www.google.com/bot.html)"
20.171.207.187 - - [21/Jul/2025:17:18:43 +0000] "GET /search.php?product/edit/ganbariya-351-1057 HTTP/1.1" 200 87605 "-" "Mozilla/5.0 AppleWebKit/537.36 (KHTML, like Gecko; compatible; GPTBot/1.2; +https://openai.com/gptbot)"
66.249.65.105 - - [21/Jul/2025:17:19:15 +0000] "GET /062001340.htm HTTP/1.1" 200 85481 "-" "Mozilla/5.0 (Linux; Android 6.0.1; Nexus 5X Build/MMB29P) AppleWebKit/537.36 (KHTML, like Gecko) Chrome/137.0.7151.103 Mobile Safari/537.36 (compatible; Googlebot/2.1; +http://www.google.com/bot.html)"
66.249.73.96 - - [21/Jul/2025:17:19:15 +0000] "GET /zhHant/product/surugaya/naturum-3062806?campaign_uid=f64d716db5e979ed2f947dbaf4296895b951ae7f HTTP/1.1" 200 86205 "-" "Mozilla/5.0 (Linux; Android 6.0.1; Nexus 5X Build/MMB29P) AppleWebKit/537.36 (KHTML, like Gecko) Chrome/137.0.7151.103 Mobile Safari/537.36 (compatible; Googlebot/2.1; +http://www.google.com/bot.html)"
66.249.73.96 - - [21/Jul/2025:17:19:16 +0000] "GET /291035643.htm HTTP/1.1" 200 85216 "-" "Mozilla/5.0 (Linux; Android 6.0.1; Nexus 5X Build/MMB29P) AppleWebKit/537.36 (KHTML, like Gecko) Chrome/137.0.7151.103 Mobile Safari/537.36 (compatible; Googlebot/2.1; +http://www.google.com/bot.html)"
209.74.77.214 - - [21/Jul/2025:17:19:46 +0000] "POST /wp-cron.php?doing_wp_cron=1753118386.1473689079284667968750 HTTP/1.1" 403 33 "-" "WordPress/6.8.2; https://topflowroofingplumbing.com.au"
2a03:2880:f800:: - - [21/Jul/2025:17:19:46 +0000] "GET /shopbrand/352129772 HTTP/1.1" 404 11694 "-" "meta-externalagent/1.1 (+https://developers.facebook.com/docs/sharing/webmasters/crawler)"
20.171.207.187 - - [21/Jul/2025:17:19:46 +0000] "GET /search.php?copy192000239.html HTTP/1.1" 200 87736 "-" "Mozilla/5.0 AppleWebKit/537.36 (KHTML, like Gecko; compatible; GPTBot/1.2; +https://openai.com/gptbot)"
209.74.77.214 - - [21/Jul/2025:17:20:48 +0000] "POST /wp-cron.php?doing_wp_cron=1753118448.5741820335388183593750 HTTP/1.1" 403 33 "-" "WordPress/6.8.2; https://topflowroofingplumbing.com.au"
2a03:2880:f800:14:: - - [21/Jul/2025:17:20:47 +0000] "GET /shopbrand/88271512 HTTP/1.1" 404 11694 "-" "meta-externalagent/1.1 (+https://developers.facebook.com/docs/sharing/webmasters/crawler)"
20.171.207.187 - - [21/Jul/2025:17:20:52 +0000] "GET /search.php?much250038111.html HTTP/1.1" 200 86857 "-" "Mozilla/5.0 AppleWebKit/537.36 (KHTML, like Gecko; compatible; GPTBot/1.2; +https://openai.com/gptbot)"
20.171.207.187 - - [21/Jul/2025:17:21:57 +0000] "GET /search.php?m068000138%3Fsrsltid=AfmBOoMgTNfJdkKR28rEEG_aJ22t9Pm2v_V66pM4Y6-R-GHeixGdVR HTTP/1.1" 200 86971 "-" "Mozilla/5.0 AppleWebKit/537.36 (KHTML, like Gecko; compatible; GPTBot/1.2; +https://openai.com/gptbot)"
209.74.77.214 - - [21/Jul/2025:17:22:23 +0000] "POST /wp-cron.php?doing_wp_cron=1753118543.2019131183624267578125 HTTP/1.1" 403 33 "-" "WordPress/6.8.2; https://topflowroofingplumbing.com.au"
2a03:2880:f800:11:: - - [21/Jul/2025:17:22:22 +0000] "GET /shopbrand/193921195 HTTP/1.1" 404 11694 "-" "meta-externalagent/1.1 (+https://developers.facebook.com/docs/sharing/webmasters/crawler)"
20.171.207.187 - - [21/Jul/2025:17:22:58 +0000] "GET /search.php?they167022204.html HTTP/1.1" 200 88672 "-" "Mozilla/5.0 AppleWebKit/537.36 (KHTML, like Gecko; compatible; GPTBot/1.2; +https://openai.com/gptbot)"
20.171.207.187 - - [21/Jul/2025:17:24:01 +0000] "GET /search.php?wine170007911.html HTTP/1.1" 200 86607 "-" "Mozilla/5.0 AppleWebKit/537.36 (KHTML, like Gecko; compatible; GPTBot/1.2; +https://openai.com/gptbot)"
209.74.77.214 - - [21/Jul/2025:17:24:37 +0000] "POST /wp-cron.php?doing_wp_cron=1753118677.5829670429229736328125 HTTP/1.1" 403 33 "-" "WordPress/6.8.2; https://topflowroofingplumbing.com.au"
2a03:2880:f800:b:: - - [21/Jul/2025:17:24:36 +0000] "GET /shopbrand/261564516 HTTP/1.1" 404 11694 "-" "meta-externalagent/1.1 (+https://developers.facebook.com/docs/sharing/webmasters/crawler)"
20.171.207.187 - - [21/Jul/2025:17:25:06 +0000] "GET /search.php?mood050004147.html HTTP/1.1" 200 86357 "-" "Mozilla/5.0 AppleWebKit/537.36 (KHTML, like Gecko; compatible; GPTBot/1.2; +https://openai.com/gptbot)"
2a03:2880:f800:14:: - - [21/Jul/2025:17:25:10 +0000] "GET /shopdetail/298027352 HTTP/1.1" 404 11694 "-" "meta-externalagent/1.1 (+https://developers.facebook.com/docs/sharing/webmasters/crawler)"
209.74.77.214 - - [21/Jul/2025:17:25:47 +0000] "POST /wp-cron.php?doing_wp_cron=1753118747.6447229385375976562500 HTTP/1.1" 403 33 "-" "WordPress/6.8.2; https://topflowroofingplumbing.com.au"
209.74.77.214 - - [21/Jul/2025:17:25:47 +0000] "POST /wp-cron.php?doing_wp_cron=1753118747.6447110176086425781250 HTTP/1.1" 403 33 "-" "WordPress/6.8.2; https://topflowroofingplumbing.com.au"
2a03:2880:f800:b:: - - [21/Jul/2025:17:25:47 +0000] "GET /shopbrand/261461259 HTTP/1.1" 404 11694 "-" "meta-externalagent/1.1 (+https://developers.facebook.com/docs/sharing/webmasters/crawler)"
2a03:2880:f800:15:: - - [21/Jul/2025:17:25:46 +0000] "GET /shopdetail/562152652 HTTP/1.1" 404 11694 "-" "meta-externalagent/1.1 (+https://developers.facebook.com/docs/sharing/webmasters/crawler)"
20.171.207.187 - - [21/Jul/2025:17:26:08 +0000] "GET /search.php?pose230005893.html HTTP/1.1" 200 86655 "-" "Mozilla/5.0 AppleWebKit/537.36 (KHTML, like Gecko; compatible; GPTBot/1.2; +https://openai.com/gptbot)"
2a03:2880:f800:d:: - - [21/Jul/2025:17:26:25 +0000] "GET /shopbrand/88244723 HTTP/1.1" 404 11694 "-" "meta-externalagent/1.1 (+https://developers.facebook.com/docs/sharing/webmasters/crawler)"
20.171.207.187 - - [21/Jul/2025:17:27:14 +0000] "GET /search.php?mild010003517.html HTTP/1.1" 200 86560 "-" "Mozilla/5.0 AppleWebKit/537.36 (KHTML, like Gecko; compatible; GPTBot/1.2; +https://openai.com/gptbot)"
20.171.207.187 - - [21/Jul/2025:17:28:14 +0000] "GET /search.php?bone146011181.html HTTP/1.1" 200 87025 "-" "Mozilla/5.0 AppleWebKit/537.36 (KHTML, like Gecko; compatible; GPTBot/1.2; +https://openai.com/gptbot)"
20.171.207.187 - - [21/Jul/2025:17:29:14 +0000] "GET /search.php?gold031000950.html HTTP/1.1" 200 87582 "-" "Mozilla/5.0 AppleWebKit/537.36 (KHTML, like Gecko; compatible; GPTBot/1.2; +https://openai.com/gptbot)"
209.74.77.214 - - [21/Jul/2025:17:29:20 +0000] "POST /wp-cron.php?doing_wp_cron=1753118960.4273419380187988281250 HTTP/1.1" 403 33 "-" "WordPress/6.8.2; https://topflowroofingplumbing.com.au"
2a03:2880:f800:13:: - - [21/Jul/2025:17:29:19 +0000] "GET /shopbrand/180879982 HTTP/1.1" 404 11694 "-" "meta-externalagent/1.1 (+https://developers.facebook.com/docs/sharing/webmasters/crawler)"
20.171.207.187 - - [21/Jul/2025:17:30:19 +0000] "GET /search.php?once087000182.html HTTP/1.1" 200 86601 "-" "Mozilla/5.0 AppleWebKit/537.36 (KHTML, like Gecko; compatible; GPTBot/1.2; +https://openai.com/gptbot)"
66.249.73.97 - - [21/Jul/2025:17:31:17 +0000] "GET /makeup/o79?pid=650 HTTP/1.1" 200 85899 "-" "Mozilla/5.0 (Linux; Android 6.0.1; Nexus 5X Build/MMB29P) AppleWebKit/537.36 (KHTML, like Gecko) Chrome/137.0.7151.103 Mobile Safari/537.36 (compatible; Googlebot/2.1; +http://www.google.com/bot.html)"
20.171.207.187 - - [21/Jul/2025:17:31:20 +0000] "GET /search.php?bean016035333.html HTTP/1.1" 200 86620 "-" "Mozilla/5.0 AppleWebKit/537.36 (KHTML, like Gecko; compatible; GPTBot/1.2; +https://openai.com/gptbot)"
66.249.65.105 - - [21/Jul/2025:17:32:18 +0000] "GET /235034301.htm HTTP/1.1" 200 85671 "-" "Mozilla/5.0 (Linux; Android 6.0.1; Nexus 5X Build/MMB29P) AppleWebKit/537.36 (KHTML, like Gecko) Chrome/137.0.7151.103 Mobile Safari/537.36 (compatible; Googlebot/2.1; +http://www.google.com/bot.html)"
209.74.77.214 - - [21/Jul/2025:17:32:19 +0000] "POST /wp-cron.php?doing_wp_cron=1753119139.4636359214782714843750 HTTP/1.1" 403 33 "-" "WordPress/6.8.2; https://topflowroofingplumbing.com.au"
2a03:2880:f800:13:: - - [21/Jul/2025:17:32:17 +0000] "GET /shopdetail/304162152 HTTP/1.1" 404 11694 "-" "meta-externalagent/1.1 (+https://developers.facebook.com/docs/sharing/webmasters/crawler)"
20.171.207.187 - - [21/Jul/2025:17:32:23 +0000] "GET /search.php?pour214000251.html HTTP/1.1" 200 88666 "-" "Mozilla/5.0 AppleWebKit/537.36 (KHTML, like Gecko; compatible; GPTBot/1.2; +https://openai.com/gptbot)"
20.171.207.187 - - [21/Jul/2025:17:33:27 +0000] "GET /search.php?pork222044355.html HTTP/1.1" 200 86497 "-" "Mozilla/5.0 AppleWebKit/537.36 (KHTML, like Gecko; compatible; GPTBot/1.2; +https://openai.com/gptbot)"
209.74.77.214 - - [21/Jul/2025:17:34:17 +0000] "POST /wp-cron.php?doing_wp_cron=1753119257.7092459201812744140625 HTTP/1.1" 403 33 "-" "WordPress/6.8.2; https://topflowroofingplumbing.com.au"
2a03:2880:f800:14:: - - [21/Jul/2025:17:34:16 +0000] "GET /shopbrand/67937490 HTTP/1.1" 404 11694 "-" "meta-externalagent/1.1 (+https://developers.facebook.com/docs/sharing/webmasters/crawler)"
66.249.73.96 - - [21/Jul/2025:17:34:19 +0000] "GET /097000335.htm HTTP/1.1" 200 85346 "-" "Mozilla/5.0 (Linux; Android 6.0.1; Nexus 5X Build/MMB29P) AppleWebKit/537.36 (KHTML, like Gecko) Chrome/137.0.7151.103 Mobile Safari/537.36 (compatible; Googlebot/2.1; +http://www.google.com/bot.html)"
2a03:2880:f800:17:: - - [21/Jul/2025:17:34:30 +0000] "GET /shopbrand/67957263 HTTP/1.1" 404 11694 "-" "meta-externalagent/1.1 (+https://developers.facebook.com/docs/sharing/webmasters/crawler)"
20.171.207.187 - - [21/Jul/2025:17:34:30 +0000] "GET /search.php?milk070006631.html HTTP/1.1" 200 87404 "-" "Mozilla/5.0 AppleWebKit/537.36 (KHTML, like Gecko; compatible; GPTBot/1.2; +https://openai.com/gptbot)"
2a03:2880:f800:3:: - - [21/Jul/2025:17:34:46 +0000] "GET /shopbrand/352095671 HTTP/1.1" 404 11694 "-" "meta-externalagent/1.1 (+https://developers.facebook.com/docs/sharing/webmasters/crawler)"
45.227.253.15 - - [21/Jul/2025:17:35:07 +0000] "GET /wp-content/plugins/elementor/vendor_prefixed/twig/twig/twig/src/Profiler/Profiler/index.php?ARRAY=7o2230223n313735333132333031362p2231223n22687474703n5p2s5p2s7n7334383376313373752r746s6566612r626p6s675p2s3s6p633q7068705s636s64655s6n6326743q313735333131393431362q6661366666303063363765626439633361616336373835663436323665313530222p2232223n226439346338646338313338663463633466633637353337316437346338373834222p2233223n226166643066333032373064613330303536656335306131613039343336613433222p2262696r675s70617373223n2231372q33322q35322q36342q37372q38352q3235227q HTTP/1.1" 200 102 "-" "Mozilla/5.0 (Macintosh; Intel Mac OS X 10.13; rv:103.0) Gecko/20100101 Firefox/102.0"
2a03:2880:f800:15:: - - [21/Jul/2025:17:35:12 +0000] "GET /shopbrand/347502778 HTTP/1.1" 404 11694 "-" "meta-externalagent/1.1 (+https://developers.facebook.com/docs/sharing/webmasters/crawler)"
20.171.207.187 - - [21/Jul/2025:17:35:32 +0000] "GET /search.php?tent290006215.html HTTP/1.1" 200 87098 "-" "Mozilla/5.0 AppleWebKit/537.36 (KHTML, like Gecko; compatible; GPTBot/1.2; +https://openai.com/gptbot)"
54.219.88.123 - - [21/Jul/2025:17:36:00 +0000] "GET / HTTP/1.1" 200 17489 "-" "Mozilla/5.0 (X11; Linux x86_64) AppleWebKit/537.36 (KHTML, like Gecko) Chrome/137.0.0.0 Safari/537.36"
20.171.207.187 - - [21/Jul/2025:17:36:32 +0000] "GET /search.php?bomb090006775.html HTTP/1.1" 200 86674 "-" "Mozilla/5.0 AppleWebKit/537.36 (KHTML, like Gecko; compatible; GPTBot/1.2; +https://openai.com/gptbot)"
20.171.207.187 - - [21/Jul/2025:17:37:36 +0000] "GET /search.php?pork200047929.html HTTP/1.1" 200 87183 "-" "Mozilla/5.0 AppleWebKit/537.36 (KHTML, like Gecko; compatible; GPTBot/1.2; +https://openai.com/gptbot)"
209.74.77.214 - - [21/Jul/2025:17:37:50 +0000] "POST /wp-cron.php?doing_wp_cron=1753119470.5068080425262451171875 HTTP/1.1" 403 33 "-" "WordPress/6.8.2; https://topflowroofingplumbing.com.au"
2a03:2880:f800:f:: - - [21/Jul/2025:17:37:49 +0000] "GET /shopbrand/347457001 HTTP/1.1" 404 11694 "-" "meta-externalagent/1.1 (+https://developers.facebook.com/docs/sharing/webmasters/crawler)"
205.185.118.101 - - [21/Jul/2025:17:38:04 +0000] "GET /wp-login.php HTTP/1.1" 302 - "-" "Mozilla/5.0 (Windows NT 6.1; WOW64; Trident/7.0; rv:11.0) like Gecko"
205.185.118.101 - - [21/Jul/2025:17:38:04 +0000] "GET /wp-login.php HTTP/1.1" 302 - "-" "Mozilla/5.0 (Windows NT 6.1; WOW64; Trident/7.0; rv:11.0) like Gecko"
205.185.118.101 - - [21/Jul/2025:17:38:04 +0000] "GET /wp-login.php HTTP/1.1" 302 - "-" "Mozilla/5.0 (Windows NT 6.1; WOW64; Trident/7.0; rv:11.0) like Gecko"
205.185.118.101 - - [21/Jul/2025:17:38:05 +0000] "GET /wp-login.php HTTP/1.1" 302 - "-" "Mozilla/5.0 (Windows NT 6.1; WOW64; Trident/7.0; rv:11.0) like Gecko"
205.185.118.101 - - [21/Jul/2025:17:38:05 +0000] "GET /wp-login.php HTTP/1.1" 302 - "-" "Mozilla/5.0 (Windows NT 6.1; WOW64; Trident/7.0; rv:11.0) like Gecko"
205.185.118.101 - - [21/Jul/2025:17:38:05 +0000] "GET /wp-login.php HTTP/1.1" 302 - "-" "Mozilla/5.0 (Windows NT 6.1; WOW64; Trident/7.0; rv:11.0) like Gecko"
205.185.118.101 - - [21/Jul/2025:17:38:06 +0000] "GET /wp-login.php HTTP/1.1" 302 - "-" "Mozilla/5.0 (Windows NT 6.1; WOW64; Trident/7.0; rv:11.0) like Gecko"
205.185.118.101 - - [21/Jul/2025:17:38:06 +0000] "GET /wp-login.php HTTP/1.1" 302 - "-" "Mozilla/5.0 (Windows NT 6.1; WOW64; Trident/7.0; rv:11.0) like Gecko"
205.185.118.101 - - [21/Jul/2025:17:38:06 +0000] "GET /wp-login.php HTTP/1.1" 302 - "-" "Mozilla/5.0 (Windows NT 6.1; WOW64; Trident/7.0; rv:11.0) like Gecko"
205.185.118.101 - - [21/Jul/2025:17:38:07 +0000] "GET /wp-login.php HTTP/1.1" 302 - "-" "Mozilla/5.0 (Windows NT 6.1; WOW64; Trident/7.0; rv:11.0) like Gecko"
205.185.118.101 - - [21/Jul/2025:17:38:07 +0000] "GET /wp-login.php HTTP/1.1" 302 - "-" "Mozilla/5.0 (Windows NT 6.1; WOW64; Trident/7.0; rv:11.0) like Gecko"
205.185.118.101 - - [21/Jul/2025:17:38:07 +0000] "GET /wp-login.php HTTP/1.1" 302 - "-" "Mozilla/5.0 (Windows NT 6.1; WOW64; Trident/7.0; rv:11.0) like Gecko"
205.185.118.101 - - [21/Jul/2025:17:38:08 +0000] "GET /wp-login.php HTTP/1.1" 302 - "-" "Mozilla/5.0 (Windows NT 6.1; WOW64; Trident/7.0; rv:11.0) like Gecko"
205.185.118.101 - - [21/Jul/2025:17:38:08 +0000] "GET /wp-login.php HTTP/1.1" 302 - "-" "Mozilla/5.0 (Windows NT 6.1; WOW64; Trident/7.0; rv:11.0) like Gecko"
205.185.118.101 - - [21/Jul/2025:17:38:08 +0000] "GET /wp-login.php HTTP/1.1" 302 - "-" "Mozilla/5.0 (Windows NT 6.1; WOW64; Trident/7.0; rv:11.0) like Gecko"
205.185.118.101 - - [21/Jul/2025:17:38:08 +0000] "GET /wp-login.php HTTP/1.1" 302 - "-" "Mozilla/5.0 (Windows NT 6.1; WOW64; Trident/7.0; rv:11.0) like Gecko"
205.185.118.101 - - [21/Jul/2025:17:38:09 +0000] "GET /wp-login.php HTTP/1.1" 302 - "-" "Mozilla/5.0 (Windows NT 6.1; WOW64; Trident/7.0; rv:11.0) like Gecko"
205.185.118.101 - - [21/Jul/2025:17:38:09 +0000] "GET /wp-login.php HTTP/1.1" 302 - "-" "Mozilla/5.0 (Windows NT 6.1; WOW64; Trident/7.0; rv:11.0) like Gecko"
205.185.118.101 - - [21/Jul/2025:17:38:09 +0000] "GET /wp-login.php HTTP/1.1" 302 - "-" "Mozilla/5.0 (Windows NT 6.1; WOW64; Trident/7.0; rv:11.0) like Gecko"
205.185.118.101 - - [21/Jul/2025:17:38:10 +0000] "GET /wp-login.php HTTP/1.1" 302 - "-" "Mozilla/5.0 (Windows NT 6.1; WOW64; Trident/7.0; rv:11.0) like Gecko"
205.185.118.101 - - [21/Jul/2025:17:38:10 +0000] "GET /wp-login.php HTTP/1.1" 302 - "-" "Mozilla/5.0 (Windows NT 6.1; WOW64; Trident/7.0; rv:11.0) like Gecko"
205.185.118.101 - - [21/Jul/2025:17:38:11 +0000] "GET /wp-login.php HTTP/1.1" 302 - "-" "Mozilla/5.0 (Windows NT 6.1; WOW64; Trident/7.0; rv:11.0) like Gecko"
205.185.118.101 - - [21/Jul/2025:17:38:11 +0000] "GET /wp-login.php HTTP/1.1" 302 - "-" "Mozilla/5.0 (Windows NT 6.1; WOW64; Trident/7.0; rv:11.0) like Gecko"
205.185.118.101 - - [21/Jul/2025:17:38:11 +0000] "GET /wp-login.php HTTP/1.1" 302 - "-" "Mozilla/5.0 (Windows NT 6.1; WOW64; Trident/7.0; rv:11.0) like Gecko"
205.185.118.101 - - [21/Jul/2025:17:38:12 +0000] "GET /wp-login.php HTTP/1.1" 302 - "-" "Mozilla/5.0 (Windows NT 6.1; WOW64; Trident/7.0; rv:11.0) like Gecko"
205.185.118.101 - - [21/Jul/2025:17:38:12 +0000] "GET /wp-login.php HTTP/1.1" 302 - "-" "Mozilla/5.0 (Windows NT 6.1; WOW64; Trident/7.0; rv:11.0) like Gecko"
205.185.118.101 - - [21/Jul/2025:17:38:12 +0000] "GET /wp-login.php HTTP/1.1" 302 - "-" "Mozilla/5.0 (Windows NT 6.1; WOW64; Trident/7.0; rv:11.0) like Gecko"
205.185.118.101 - - [21/Jul/2025:17:38:13 +0000] "GET /wp-login.php HTTP/1.1" 302 - "-" "Mozilla/5.0 (Windows NT 6.1; WOW64; Trident/7.0; rv:11.0) like Gecko"
205.185.118.101 - - [21/Jul/2025:17:38:13 +0000] "GET /wp-login.php HTTP/1.1" 302 - "-" "Mozilla/5.0 (Windows NT 6.1; WOW64; Trident/7.0; rv:11.0) like Gecko"
205.185.118.101 - - [21/Jul/2025:17:38:13 +0000] "GET /wp-login.php HTTP/1.1" 302 - "-" "Mozilla/5.0 (Windows NT 6.1; WOW64; Trident/7.0; rv:11.0) like Gecko"
2a03:2880:f800:16:: - - [21/Jul/2025:17:38:13 +0000] "GET /shopbrand/347384511 HTTP/1.1" 404 11694 "-" "meta-externalagent/1.1 (+https://developers.facebook.com/docs/sharing/webmasters/crawler)"
205.185.118.101 - - [21/Jul/2025:17:38:14 +0000] "GET /wp-login.php HTTP/1.1" 302 - "-" "Mozilla/5.0 (Windows NT 6.1; WOW64; Trident/7.0; rv:11.0) like Gecko"
66.249.73.103 - - [21/Jul/2025:17:38:21 +0000] "GET /protest/i68?pid=743 HTTP/1.1" 200 85850 "-" "Mozilla/5.0 (Linux; Android 6.0.1; Nexus 5X Build/MMB29P) AppleWebKit/537.36 (KHTML, like Gecko) Chrome/137.0.7151.103 Mobile Safari/537.36 (compatible; Googlebot/2.1; +http://www.google.com/bot.html)"
20.171.207.187 - - [21/Jul/2025:17:38:37 +0000] "GET /search.php?items%2F041017178.html%3Fsrsltid=AfmBOozvvnhAWHGxWkiuc3LPNQnKvQUIphwRdvVtBWFaZnL3R14k HTTP/1.1" 200 86467 "-" "Mozilla/5.0 AppleWebKit/537.36 (KHTML, like Gecko; compatible; GPTBot/1.2; +https://openai.com/gptbot)"
66.249.73.96 - - [21/Jul/2025:17:39:21 +0000] "GET /rise/a97?pid=564 HTTP/1.1" 200 85523 "-" "Mozilla/5.0 (Linux; Android 6.0.1; Nexus 5X Build/MMB29P) AppleWebKit/537.36 (KHTML, like Gecko) Chrome/137.0.7151.103 Mobile Safari/537.36 (compatible; Googlebot/2.1; +http://www.google.com/bot.html)"
20.171.207.187 - - [21/Jul/2025:17:39:42 +0000] "GET /search.php?m275029351%3Fsrsltid=AfmBOolgqNvqsLmA0VOWWB_pMCCviUm9e_l66PmWqk-U-3TwekRfud HTTP/1.1" 200 87179 "-" "Mozilla/5.0 AppleWebKit/537.36 (KHTML, like Gecko; compatible; GPTBot/1.2; +https://openai.com/gptbot)"
66.249.73.96 - - [21/Jul/2025:17:40:23 +0000] "GET /product/edit/first34-trusco-2737419 HTTP/1.1" 200 86642 "-" "Mozilla/5.0 (Linux; Android 6.0.1; Nexus 5X Build/MMB29P) AppleWebKit/537.36 (KHTML, like Gecko) Chrome/137.0.7151.103 Mobile Safari/537.36 (compatible; Googlebot/2.1; +http://www.google.com/bot.html)"
20.171.207.187 - - [21/Jul/2025:17:40:45 +0000] "GET /search.php?lose300028509.html HTTP/1.1" 200 86644 "-" "Mozilla/5.0 AppleWebKit/537.36 (KHTML, like Gecko; compatible; GPTBot/1.2; +https://openai.com/gptbot)"
20.171.207.187 - - [21/Jul/2025:17:41:50 +0000] "GET /search.php?show260001169.html HTTP/1.1" 200 87009 "-" "Mozilla/5.0 AppleWebKit/537.36 (KHTML, like Gecko; compatible; GPTBot/1.2; +https://openai.com/gptbot)"
66.249.65.105 - - [21/Jul/2025:17:42:24 +0000] "GET /makeup/z267?pid=572 HTTP/1.1" 200 85769 "-" "Mozilla/5.0 (Linux; Android 6.0.1; Nexus 5X Build/MMB29P) AppleWebKit/537.36 (KHTML, like Gecko) Chrome/137.0.7151.103 Mobile Safari/537.36 (compatible; Googlebot/2.1; +http://www.google.com/bot.html)"
20.171.207.187 - - [21/Jul/2025:17:42:56 +0000] "GET /search.php?soil050009439.html HTTP/1.1" 200 88107 "-" "Mozilla/5.0 AppleWebKit/537.36 (KHTML, like Gecko; compatible; GPTBot/1.2; +https://openai.com/gptbot)"
209.74.77.214 - - [21/Jul/2025:17:43:12 +0000] "POST /wp-cron.php?doing_wp_cron=1753119792.6269590854644775390625 HTTP/1.1" 403 33 "-" "WordPress/6.8.2; https://topflowroofingplumbing.com.au"
2a03:2880:f800:e:: - - [21/Jul/2025:17:43:10 +0000] "GET /shopdetail/369024952 HTTP/1.1" 404 11694 "-" "meta-externalagent/1.1 (+https://developers.facebook.com/docs/sharing/webmasters/crawler)"
2a03:2880:f800:d:: - - [21/Jul/2025:17:43:19 +0000] "GET /shopbrand/352151075 HTTP/1.1" 404 11694 "-" "meta-externalagent/1.1 (+https://developers.facebook.com/docs/sharing/webmasters/crawler)"
66.249.65.97 - - [21/Jul/2025:17:43:25 +0000] "GET /064000624.htm HTTP/1.1" 200 86347 "-" "Mozilla/5.0 (Linux; Android 6.0.1; Nexus 5X Build/MMB29P) AppleWebKit/537.36 (KHTML, like Gecko) Chrome/137.0.7151.103 Mobile Safari/537.36 (compatible; Googlebot/2.1; +http://www.google.com/bot.html)"
2a03:2880:f800:7:: - - [21/Jul/2025:17:43:51 +0000] "GET /shopbrand/180918965 HTTP/1.1" 404 11694 "-" "meta-externalagent/1.1 (+https://developers.facebook.com/docs/sharing/webmasters/crawler)"
20.171.207.187 - - [21/Jul/2025:17:44:01 +0000] "GET /search.php?items%2F095000310.html%3Fsrsltid=AfmBOobxvUNtBoFYASeS6MCWGZVFmfWo7PVIXTSM6ceNRt1wJXBG HTTP/1.1" 200 87304 "-" "Mozilla/5.0 AppleWebKit/537.36 (KHTML, like Gecko; compatible; GPTBot/1.2; +https://openai.com/gptbot)"
2a03:2880:f800:d:: - - [21/Jul/2025:17:44:03 +0000] "GET /shopbrand/88304850 HTTP/1.1" 404 11694 "-" "meta-externalagent/1.1 (+https://developers.facebook.com/docs/sharing/webmasters/crawler)"
209.74.77.214 - - [21/Jul/2025:17:44:25 +0000] "POST /wp-cron.php?doing_wp_cron=1753119865.5884959697723388671875 HTTP/1.1" 403 33 "-" "WordPress/6.8.2; https://topflowroofingplumbing.com.au"
2a03:2880:f800:14:: - - [21/Jul/2025:17:44:25 +0000] "GET /shopbrand/261465114 HTTP/1.1" 404 11694 "-" "meta-externalagent/1.1 (+https://developers.facebook.com/docs/sharing/webmasters/crawler)"
20.171.207.187 - - [21/Jul/2025:17:45:02 +0000] "GET /search.php?exit110006271.html HTTP/1.1" 200 86818 "-" "Mozilla/5.0 AppleWebKit/537.36 (KHTML, like Gecko; compatible; GPTBot/1.2; +https://openai.com/gptbot)"
20.171.207.187 - - [21/Jul/2025:17:46:06 +0000] "GET /search.php?snap290002617.html HTTP/1.1" 200 87579 "-" "Mozilla/5.0 AppleWebKit/537.36 (KHTML, like Gecko; compatible; GPTBot/1.2; +https://openai.com/gptbot)"
209.74.77.214 - - [21/Jul/2025:17:46:06 +0000] "POST /wp-cron.php?doing_wp_cron=1753119966.4822471141815185546875 HTTP/1.1" 403 33 "-" "WordPress/6.8.2; https://topflowroofingplumbing.com.au"
2a03:2880:f800:: - - [21/Jul/2025:17:46:05 +0000] "GET /shopbrand/347491629 HTTP/1.1" 404 11694 "-" "meta-externalagent/1.1 (+https://developers.facebook.com/docs/sharing/webmasters/crawler)"
2a03:2880:f800:15:: - - [21/Jul/2025:17:46:11 +0000] "GET /shopbrand/88306247 HTTP/1.1" 404 11694 "-" "meta-externalagent/1.1 (+https://developers.facebook.com/docs/sharing/webmasters/crawler)"
66.249.73.103 - - [21/Jul/2025:17:46:26 +0000] "GET /pcmypage?callback=/product%2Fdetail%2publichouse-shuron-ronsir-outlet-1 HTTP/1.1" 200 85957 "-" "Mozilla/5.0 (Linux; Android 6.0.1; Nexus 5X Build/MMB29P) AppleWebKit/537.36 (KHTML, like Gecko) Chrome/137.0.7151.103 Mobile Safari/537.36 (compatible; Googlebot/2.1; +http://www.google.com/bot.html)"
20.171.207.187 - - [21/Jul/2025:17:47:09 +0000] "GET /search.php?fact100049057.html HTTP/1.1" 200 86370 "-" "Mozilla/5.0 AppleWebKit/537.36 (KHTML, like Gecko; compatible; GPTBot/1.2; +https://openai.com/gptbot)"
209.74.77.214 - - [21/Jul/2025:17:47:20 +0000] "POST /wp-cron.php?doing_wp_cron=1753120040.5157370567321777343750 HTTP/1.1" 403 33 "-" "WordPress/6.8.2; https://topflowroofingplumbing.com.au"
2a03:2880:f800:16:: - - [21/Jul/2025:17:47:19 +0000] "GET /shopbrand/352169022 HTTP/1.1" 404 11694 "-" "meta-externalagent/1.1 (+https://developers.facebook.com/docs/sharing/webmasters/crawler)"
2a03:2880:f800:16:: - - [21/Jul/2025:17:47:25 +0000] "GET /shopdetail/474647552 HTTP/1.1" 404 11694 "-" "meta-externalagent/1.1 (+https://developers.facebook.com/docs/sharing/webmasters/crawler)"
2a03:2880:f800:e:: - - [21/Jul/2025:17:47:35 +0000] "GET /shopbrand/193948870 HTTP/1.1" 404 11694 "-" "meta-externalagent/1.1 (+https://developers.facebook.com/docs/sharing/webmasters/crawler)"
20.171.207.187 - - [21/Jul/2025:17:48:11 +0000] "GET /search.php?dish092000185.html HTTP/1.1" 200 86521 "-" "Mozilla/5.0 AppleWebKit/537.36 (KHTML, like Gecko; compatible; GPTBot/1.2; +https://openai.com/gptbot)"
66.249.73.96 - - [21/Jul/2025:17:48:12 +0000] "GET /004000700.htm HTTP/1.1" 200 85690 "-" "Mozilla/5.0 (Linux; Android 6.0.1; Nexus 5X Build/MMB29P) AppleWebKit/537.36 (KHTML, like Gecko) Chrome/137.0.7151.103 Mobile Safari/537.36 (compatible; Googlebot/2.1; +http://www.google.com/bot.html)"
20.171.207.187 - - [21/Jul/2025:17:49:11 +0000] "GET /search.php?aunt030008121.html HTTP/1.1" 200 87843 "-" "Mozilla/5.0 AppleWebKit/537.36 (KHTML, like Gecko; compatible; GPTBot/1.2; +https://openai.com/gptbot)"
66.249.73.97 - - [21/Jul/2025:17:49:13 +0000] "GET /shopbrand/9415876 HTTP/1.1" 200 85776 "-" "Mozilla/5.0 (Linux; Android 6.0.1; Nexus 5X Build/MMB29P) AppleWebKit/537.36 (KHTML, like Gecko) Chrome/137.0.7151.103 Mobile Safari/537.36 (compatible; Googlebot/2.1; +http://www.google.com/bot.html)"
66.249.65.97 - - [21/Jul/2025:17:49:13 +0000] "GET /pcmypage?callback=/product%2Fdetail%2prost-2-pg80-renault-nnp-2-500g HTTP/1.1" 200 87280 "-" "Mozilla/5.0 (Linux; Android 6.0.1; Nexus 5X Build/MMB29P) AppleWebKit/537.36 (KHTML, like Gecko) Chrome/137.0.7151.103 Mobile Safari/537.36 (compatible; Googlebot/2.1; +http://www.google.com/bot.html)"
209.74.77.214 - - [21/Jul/2025:17:49:21 +0000] "POST /wp-cron.php?doing_wp_cron=1753120161.6073379516601562500000 HTTP/1.1" 403 33 "-" "WordPress/6.8.2; https://topflowroofingplumbing.com.au"
209.74.77.214 - - [21/Jul/2025:17:49:21 +0000] "POST /wp-cron.php?doing_wp_cron=1753120161.6073389053344726562500 HTTP/1.1" 403 33 "-" "WordPress/6.8.2; https://topflowroofingplumbing.com.au"
51.89.3.212 - - [21/Jul/2025:17:49:20 +0000] "GET /files.php HTTP/1.1" 404 11694 "-" "Mozilla/5.0 (Windows NT 10.0; Win64; x64) AppleWebKit/537.36 (KHTML, like Gecko) Chrome/127.0.0.0 Safari/537.36"
51.89.3.212 - - [21/Jul/2025:17:49:20 +0000] "GET /wp-content/themes/classwithtostring.php HTTP/1.1" 404 11694 "-" "Mozilla/5.0 (Windows NT 10.0; Win64; x64) AppleWebKit/537.36 (KHTML, like Gecko) Chrome/127.0.0.0 Safari/537.36"
20.171.207.187 - - [21/Jul/2025:17:50:12 +0000] "GET /search.php?dawn100015591.html HTTP/1.1" 200 86636 "-" "Mozilla/5.0 AppleWebKit/537.36 (KHTML, like Gecko; compatible; GPTBot/1.2; +https://openai.com/gptbot)"
20.171.207.187 - - [21/Jul/2025:17:51:16 +0000] "GET /search.php?corn100032107.html HTTP/1.1" 200 86502 "-" "Mozilla/5.0 AppleWebKit/537.36 (KHTML, like Gecko; compatible; GPTBot/1.2; +https://openai.com/gptbot)"
209.74.77.214 - - [21/Jul/2025:17:51:39 +0000] "POST /wp-cron.php?doing_wp_cron=1753120299.1524689197540283203125 HTTP/1.1" 403 33 "-" "WordPress/6.8.2; https://topflowroofingplumbing.com.au"
2a03:2880:f800:1b:: - - [21/Jul/2025:17:51:37 +0000] "GET /shopdetail/340571852 HTTP/1.1" 404 11694 "-" "meta-externalagent/1.1 (+https://developers.facebook.com/docs/sharing/webmasters/crawler)"
2a03:2880:f800:3:: - - [21/Jul/2025:17:51:44 +0000] "GET /shopbrand/68014974 HTTP/1.1" 404 11694 "-" "meta-externalagent/1.1 (+https://developers.facebook.com/docs/sharing/webmasters/crawler)"
2a03:2880:f800:7:: - - [21/Jul/2025:17:51:58 +0000] "GET /shopbrand/352170641 HTTP/1.1" 404 11694 "-" "meta-externalagent/1.1 (+https://developers.facebook.com/docs/sharing/webmasters/crawler)"
20.171.207.187 - - [21/Jul/2025:17:52:20 +0000] "GET /search.php?shot300016417.html HTTP/1.1" 200 87263 "-" "Mozilla/5.0 AppleWebKit/537.36 (KHTML, like Gecko; compatible; GPTBot/1.2; +https://openai.com/gptbot)"
2a03:2880:f800:1:: - - [21/Jul/2025:17:52:26 +0000] "GET /shopbrand/68014195 HTTP/1.1" 404 11694 "-" "meta-externalagent/1.1 (+https://developers.facebook.com/docs/sharing/webmasters/crawler)"
20.171.207.187 - - [21/Jul/2025:17:53:24 +0000] "GET /search.php?deer210009831.html HTTP/1.1" 200 86855 "-" "Mozilla/5.0 AppleWebKit/537.36 (KHTML, like Gecko; compatible; GPTBot/1.2; +https://openai.com/gptbot)"
66.249.65.98 - - [21/Jul/2025:17:54:15 +0000] "GET /pcmypage?callback=product%2Fdetail%2Fcyberbay-ds-2540623 HTTP/1.1" 200 86698 "-" "Mozilla/5.0 (Linux; Android 6.0.1; Nexus 5X Build/MMB29P) AppleWebKit/537.36 (KHTML, like Gecko) Chrome/137.0.7151.103 Mobile Safari/537.36 (compatible; Googlebot/2.1; +http://www.google.com/bot.html)"
209.74.77.214 - - [21/Jul/2025:17:54:25 +0000] "POST /wp-cron.php?doing_wp_cron=1753120464.9316151142120361328125 HTTP/1.1" 403 33 "-" "WordPress/6.8.2; https://topflowroofingplumbing.com.au"
34.173.5.120 - - [21/Jul/2025:17:54:23 +0000] "GET /.git/config HTTP/1.1" 404 11694 "-" "-"
20.171.207.187 - - [21/Jul/2025:17:54:28 +0000] "GET /?_bd_prev_page=https%3A%2F%2Ftopflowroofingplumbing.com.au%2Fsuper.php%3Fm033000339%3Fsrsltid%3DAfmBOosJyyqBBwQeZFB7Bt_PFwFQWUYq2_VYV48nkI-Z-zKbZycAeC&_bdsid=gj9gbu.n%7EXKZYM.173731041.175731817&_gz=2.190550713.194459015.171265578-867736498.163300847 HTTP/1.1" 301 - "-" "Mozilla/5.0 AppleWebKit/537.36 (KHTML, like Gecko; compatible; GPTBot/1.2; +https://openai.com/gptbot)"
20.171.207.187 - - [21/Jul/2025:17:54:29 +0000] "GET /?_bd_prev_page=https%3A%2F%2Ftopflowroofingplumbing.com.au%2Fsuper.php%3Fm033000339%3Fsrsltid%3DAfmBOosJyyqBBwQeZFB7Bt_PFwFQWUYq2_VYV48nkI-Z-zKbZycAeC&_bdsid=gj9gbu.n~XKZYM.173731041.175731817&_gz=2.190550713.194459015.171265578-867736498.163300847 HTTP/1.1" 200 17671 "-" "Mozilla/5.0 AppleWebKit/537.36 (KHTML, like Gecko; compatible; GPTBot/1.2; +https://openai.com/gptbot)"
173.208.153.154 - - [21/Jul/2025:17:54:36 +0000] "GET /wp-includes/wp-configs.php HTTP/1.1" 200 26 "https://topflowroofingplumbing.com.au/wp-includes/wp-configs.php" "Mozilla/4.0 (compatible; MSIE 7.0; Windows NT 5.1; SV1; .NET CLR 1.1.4322; .NET CLR 2.0.50727; InfoPath.1)"
20.171.207.187 - - [21/Jul/2025:17:55:31 +0000] "GET /search.php?bias197000102.html HTTP/1.1" 200 86865 "-" "Mozilla/5.0 AppleWebKit/537.36 (KHTML, like Gecko; compatible; GPTBot/1.2; +https://openai.com/gptbot)"
66.249.65.97 - - [21/Jul/2025:17:56:18 +0000] "GET /229041009.htm HTTP/1.1" 200 85647 "-" "Mozilla/5.0 (Linux; Android 6.0.1; Nexus 5X Build/MMB29P) AppleWebKit/537.36 (KHTML, like Gecko) Chrome/137.0.7151.103 Mobile Safari/537.36 (compatible; Googlebot/2.1; +http://www.google.com/bot.html)"
209.74.77.214 - - [21/Jul/2025:17:56:26 +0000] "POST /wp-cron.php?doing_wp_cron=1753120586.7807879447937011718750 HTTP/1.1" 403 33 "-" "WordPress/6.8.2; https://topflowroofingplumbing.com.au"
2a03:2880:f800:5:: - - [21/Jul/2025:17:56:25 +0000] "GET /shopbrand/352105529 HTTP/1.1" 404 11694 "-" "meta-externalagent/1.1 (+https://developers.facebook.com/docs/sharing/webmasters/crawler)"
20.171.207.187 - - [21/Jul/2025:17:56:33 +0000] "GET /search.php?noon074000143.html HTTP/1.1" 200 86724 "-" "Mozilla/5.0 AppleWebKit/537.36 (KHTML, like Gecko; compatible; GPTBot/1.2; +https://openai.com/gptbot)"
2a03:2880:f800:c:: - - [21/Jul/2025:17:57:17 +0000] "GET /shopdetail/139739152 HTTP/1.1" 404 11694 "-" "meta-externalagent/1.1 (+https://developers.facebook.com/docs/sharing/webmasters/crawler)"
20.171.207.187 - - [21/Jul/2025:17:57:36 +0000] "GET /search.php?beat073000948.html HTTP/1.1" 200 87106 "-" "Mozilla/5.0 AppleWebKit/537.36 (KHTML, like Gecko; compatible; GPTBot/1.2; +https://openai.com/gptbot)"
20.171.207.187 - - [21/Jul/2025:17:58:41 +0000] "GET /search.php?amid222004503.html HTTP/1.1" 200 86515 "-" "Mozilla/5.0 AppleWebKit/537.36 (KHTML, like Gecko; compatible; GPTBot/1.2; +https://openai.com/gptbot)"
66.249.65.105 - - [21/Jul/2025:17:59:19 +0000] "GET /blue/t18?pid=87 HTTP/1.1" 200 85750 "-" "Mozilla/5.0 (Linux; Android 6.0.1; Nexus 5X Build/MMB29P) AppleWebKit/537.36 (KHTML, like Gecko) Chrome/137.0.7151.103 Mobile Safari/537.36 (compatible; Googlebot/2.1; +http://www.google.com/bot.html)"
209.74.77.214 - - [21/Jul/2025:17:59:38 +0000] "POST /wp-cron.php?doing_wp_cron=1753120778.2572569847106933593750 HTTP/1.1" 403 33 "-" "WordPress/6.8.2; https://topflowroofingplumbing.com.au"
2a03:2880:f800:13:: - - [21/Jul/2025:17:59:37 +0000] "GET /shopbrand/347426262 HTTP/1.1" 404 11694 "-" "meta-externalagent/1.1 (+https://developers.facebook.com/docs/sharing/webmasters/crawler)"
2a03:2880:f800:17:: - - [21/Jul/2025:17:59:42 +0000] "GET /shopbrand/88284058 HTTP/1.1" 404 11694 "-" "meta-externalagent/1.1 (+https://developers.facebook.com/docs/sharing/webmasters/crawler)"
20.171.207.187 - - [21/Jul/2025:17:59:44 +0000] "GET /search.php?pole064028555.html HTTP/1.1" 200 87444 "-" "Mozilla/5.0 AppleWebKit/537.36 (KHTML, like Gecko; compatible; GPTBot/1.2; +https://openai.com/gptbot)"
2a03:2880:f800:d:: - - [21/Jul/2025:18:00:17 +0000] "GET /shopdetail/319962952 HTTP/1.1" 404 11694 "-" "meta-externalagent/1.1 (+https://developers.facebook.com/docs/sharing/webmasters/crawler)"
66.249.65.105 - - [21/Jul/2025:18:00:20 +0000] "GET /search?category=309&search_word= HTTP/1.1" 200 86240 "-" "Mozilla/5.0 (Linux; Android 6.0.1; Nexus 5X Build/MMB29P) AppleWebKit/537.36 (KHTML, like Gecko) Chrome/137.0.7151.103 Mobile Safari/537.36 (compatible; Googlebot/2.1; +http://www.google.com/bot.html)"
66.249.73.97 - - [21/Jul/2025:18:00:20 +0000] "GET /067000591.htm HTTP/1.1" 200 87568 "-" "Mozilla/5.0 (Linux; Android 6.0.1; Nexus 5X Build/MMB29P) AppleWebKit/537.36 (KHTML, like Gecko) Chrome/137.0.7151.103 Mobile Safari/537.36 (compatible; Googlebot/2.1; +http://www.google.com/bot.html)"
66.249.65.96 - - [21/Jul/2025:18:00:21 +0000] "GET /product/edit/first34-trusco-4951036 HTTP/1.1" 200 86303 "-" "Mozilla/5.0 (Linux; Android 6.0.1; Nexus 5X Build/MMB29P) AppleWebKit/537.36 (KHTML, like Gecko) Chrome/137.0.7151.103 Mobile Safari/537.36 (compatible; Googlebot/2.1; +http://www.google.com/bot.html)"
20.171.207.187 - - [21/Jul/2025:18:00:45 +0000] "GET /search.php?wave160008887.html HTTP/1.1" 200 86497 "-" "Mozilla/5.0 AppleWebKit/537.36 (KHTML, like Gecko; compatible; GPTBot/1.2; +https://openai.com/gptbot)"
20.171.207.187 - - [21/Jul/2025:18:01:47 +0000] "GET /search.php?what100044329.html HTTP/1.1" 200 86413 "-" "Mozilla/5.0 AppleWebKit/537.36 (KHTML, like Gecko; compatible; GPTBot/1.2; +https://openai.com/gptbot)"
209.74.77.214 - - [21/Jul/2025:18:02:02 +0000] "POST /wp-cron.php?doing_wp_cron=1753120921.9816648960113525390625 HTTP/1.1" 403 33 "-" "WordPress/6.8.2; https://topflowroofingplumbing.com.au"
2a03:2880:f800:b:: - - [21/Jul/2025:18:01:58 +0000] "GET /shopbrand/352078414 HTTP/1.1" 404 11694 "-" "meta-externalagent/1.1 (+https://developers.facebook.com/docs/sharing/webmasters/crawler)"
66.249.65.97 - - [21/Jul/2025:18:02:22 +0000] "GET /handful/y96?pid=195 HTTP/1.1" 200 86245 "-" "Mozilla/5.0 (Linux; Android 6.0.1; Nexus 5X Build/MMB29P) AppleWebKit/537.36 (KHTML, like Gecko) Chrome/137.0.7151.103 Mobile Safari/537.36 (compatible; Googlebot/2.1; +http://www.google.com/bot.html)"
66.249.73.103 - - [21/Jul/2025:18:02:22 +0000] "GET /038000958.htm HTTP/1.1" 200 85660 "-" "Mozilla/5.0 (Linux; Android 6.0.1; Nexus 5X Build/MMB29P) AppleWebKit/537.36 (KHTML, like Gecko) Chrome/137.0.7151.103 Mobile Safari/537.36 (compatible; Googlebot/2.1; +http://www.google.com/bot.html)"
66.249.65.96 - - [21/Jul/2025:18:02:23 +0000] "GET /081001017.htm HTTP/1.1" 200 86127 "-" "Mozilla/5.0 (Linux; Android 6.0.1; Nexus 5X Build/MMB29P) AppleWebKit/537.36 (KHTML, like Gecko) Chrome/137.0.7151.103 Mobile Safari/537.36 (compatible; Googlebot/2.1; +http://www.google.com/bot.html)"
20.171.207.187 - - [21/Jul/2025:18:02:50 +0000] "GET /search.php?toss096012555.html HTTP/1.1" 200 86513 "-" "Mozilla/5.0 AppleWebKit/537.36 (KHTML, like Gecko; compatible; GPTBot/1.2; +https://openai.com/gptbot)"
209.74.77.214 - - [21/Jul/2025:18:03:17 +0000] "POST /wp-cron.php?doing_wp_cron=1753120997.1832230091094970703125 HTTP/1.1" 403 33 "-" "WordPress/6.8.2; https://topflowroofingplumbing.com.au"
2a03:2880:f800:b:: - - [21/Jul/2025:18:03:17 +0000] "GET /shopbrand/261442883 HTTP/1.1" 404 11694 "-" "meta-externalagent/1.1 (+https://developers.facebook.com/docs/sharing/webmasters/crawler)"
66.249.73.103 - - [21/Jul/2025:18:03:24 +0000] "GET /zhHant/product/surugaya/jyusetsupro-4041088?campaign_uid=f64d716db5e979ed2f947dbaf4296895b951ae7f HTTP/1.1" 200 85867 "-" "Mozilla/5.0 (Linux; Android 6.0.1; Nexus 5X Build/MMB29P) AppleWebKit/537.36 (KHTML, like Gecko) Chrome/137.0.7151.103 Mobile Safari/537.36 (compatible; Googlebot/2.1; +http://www.google.com/bot.html)"
66.249.73.103 - - [21/Jul/2025:18:03:24 +0000] "GET /publish/c72?pid=109 HTTP/1.1" 200 86312 "-" "Mozilla/5.0 (Linux; Android 6.0.1; Nexus 5X Build/MMB29P) AppleWebKit/537.36 (KHTML, like Gecko) Chrome/137.0.7151.103 Mobile Safari/537.36 (compatible; Googlebot/2.1; +http://www.google.com/bot.html)"
20.171.207.187 - - [21/Jul/2025:18:03:52 +0000] "GET /search.php?disc039005554.html HTTP/1.1" 200 86957 "-" "Mozilla/5.0 AppleWebKit/537.36 (KHTML, like Gecko; compatible; GPTBot/1.2; +https://openai.com/gptbot)"
209.74.77.214 - - [21/Jul/2025:18:04:18 +0000] "POST /wp-cron.php?doing_wp_cron=1753121057.8522160053253173828125 HTTP/1.1" 403 33 "-" "WordPress/6.8.2; https://topflowroofingplumbing.com.au"
