66.249.65.97 - - [21/Jul/2025:20:35:48 +0000] "GET /179004841.htm HTTP/1.1" 200 86324 "-" "Mozilla/5.0 (Linux; Android 6.0.1; Nexus 5X Build/MMB29P) AppleWebKit/537.36 (KHTML, like Gecko) Chrome/137.0.7151.103 Mobile Safari/537.36 (compatible; Googlebot/2.1; +http://www.google.com/bot.html)"
66.249.73.103 - - [21/Jul/2025:20:35:48 +0000] "GET /?_ga=2.199189511.1954421695.1725708137-376132548.1699369668&_bdsid=8cssaw.n~OPVSL.1732686885578.1733864804&_bd_prev_page=https://topflowroofingplumbing.com.au/detail.html?jet/s26?pid=301 HTTP/1.1" 200 86664 "-" "Mozilla/5.0 (Linux; Android 6.0.1; Nexus 5X Build/MMB29P) AppleWebKit/537.36 (KHTML, like Gecko) Chrome/137.0.7151.103 Mobile Safari/537.36 (compatible; Googlebot/2.1; +http://www.google.com/bot.html)"
66.249.65.97 - - [21/Jul/2025:20:36:25 +0000] "GET /060000334.htm HTTP/1.1" 200 85665 "-" "Mozilla/5.0 (Linux; Android 6.0.1; Nexus 5X Build/MMB29P) AppleWebKit/537.36 (KHTML, like Gecko) Chrome/137.0.7151.103 Mobile Safari/537.36 (compatible; Googlebot/2.1; +http://www.google.com/bot.html)"
20.171.207.187 - - [21/Jul/2025:20:36:42 +0000] "GET /search.php?gain277028882.html HTTP/1.1" 200 86926 "-" "Mozilla/5.0 AppleWebKit/537.36 (KHTML, like Gecko; compatible; GPTBot/1.2; +https://openai.com/gptbot)"
66.249.65.99 - - [21/Jul/2025:20:37:39 +0000] "GET /060000324.htm HTTP/1.1" 200 85318 "-" "Mozilla/5.0 (Linux; Android 6.0.1; Nexus 5X Build/MMB29P) AppleWebKit/537.36 (KHTML, like Gecko) Chrome/137.0.7151.103 Mobile Safari/537.36 (compatible; Googlebot/2.1; +http://www.google.com/bot.html)"
66.249.65.98 - - [21/Jul/2025:20:37:41 +0000] "GET /rhetoric/c33?pid=232 HTTP/1.1" 200 85590 "-" "Mozilla/5.0 (Linux; Android 6.0.1; Nexus 5X Build/MMB29P) AppleWebKit/537.36 (KHTML, like Gecko) Chrome/137.0.7151.103 Mobile Safari/537.36 (compatible; Googlebot/2.1; +http://www.google.com/bot.html)"
20.171.207.187 - - [21/Jul/2025:20:37:47 +0000] "GET /search.php?skin247022292.html HTTP/1.1" 200 89244 "-" "Mozilla/5.0 AppleWebKit/537.36 (KHTML, like Gecko; compatible; GPTBot/1.2; +https://openai.com/gptbot)"
66.249.65.97 - - [21/Jul/2025:20:38:18 +0000] "GET /medal/d19?pid=150 HTTP/1.1" 200 86358 "-" "Mozilla/5.0 (Linux; Android 6.0.1; Nexus 5X Build/MMB29P) AppleWebKit/537.36 (KHTML, like Gecko) Chrome/137.0.7151.103 Mobile Safari/537.36 (compatible; Googlebot/2.1; +http://www.google.com/bot.html)"
20.171.207.187 - - [21/Jul/2025:20:38:52 +0000] "GET /search.php?cope300032875.html HTTP/1.1" 200 86697 "-" "Mozilla/5.0 AppleWebKit/537.36 (KHTML, like Gecko; compatible; GPTBot/1.2; +https://openai.com/gptbot)"
66.249.65.97 - - [21/Jul/2025:20:38:55 +0000] "GET /pcmypage?callback=product%2Fdetail%2Fedenki-ed732325 HTTP/1.1" 200 86654 "-" "Mozilla/5.0 (Linux; Android 6.0.1; Nexus 5X Build/MMB29P) AppleWebKit/537.36 (KHTML, like Gecko) Chrome/137.0.7151.103 Mobile Safari/537.36 (compatible; Googlebot/2.1; +http://www.google.com/bot.html)"
66.249.73.96 - - [21/Jul/2025:20:39:33 +0000] "GET /?_ga=2.199189511.1954421695.1725708137-376132548.1699369668&_bdsid=8cssaw.n~OPVSL.1732686885578.1733864804&_bd_prev_page=https://topflowroofingplumbing.com.au/detail.html?everybody/y48?pid=501 HTTP/1.1" 200 85713 "-" "Mozilla/5.0 (Linux; Android 6.0.1; Nexus 5X Build/MMB29P) AppleWebKit/537.36 (KHTML, like Gecko) Chrome/137.0.7151.103 Mobile Safari/537.36 (compatible; Googlebot/2.1; +http://www.google.com/bot.html)"
66.249.65.97 - - [21/Jul/2025:20:39:32 +0000] "GET /060000318.htm HTTP/1.1" 200 85830 "-" "Mozilla/5.0 (Linux; Android 6.0.1; Nexus 5X Build/MMB29P) AppleWebKit/537.36 (KHTML, like Gecko) Chrome/137.0.7151.103 Mobile Safari/537.36 (compatible; Googlebot/2.1; +http://www.google.com/bot.html)"
66.249.73.103 - - [21/Jul/2025:20:39:33 +0000] "GET /ultimately/y22?pid=53 HTTP/1.1" 200 87128 "-" "Mozilla/5.0 (Linux; Android 6.0.1; Nexus 5X Build/MMB29P) AppleWebKit/537.36 (KHTML, like Gecko) Chrome/137.0.7151.103 Mobile Safari/537.36 (compatible; Googlebot/2.1; +http://www.google.com/bot.html)"
66.249.65.98 - - [21/Jul/2025:20:39:34 +0000] "GET /plead/v96?pid=573 HTTP/1.1" 200 86428 "-" "Mozilla/5.0 (Linux; Android 6.0.1; Nexus 5X Build/MMB29P) AppleWebKit/537.36 (KHTML, like Gecko) Chrome/137.0.7151.103 Mobile Safari/537.36 (compatible; Googlebot/2.1; +http://www.google.com/bot.html)"
20.171.207.187 - - [21/Jul/2025:20:39:53 +0000] "GET /search.php?file077000824.html HTTP/1.1" 200 87358 "-" "Mozilla/5.0 AppleWebKit/537.36 (KHTML, like Gecko; compatible; GPTBot/1.2; +https://openai.com/gptbot)"
66.249.73.97 - - [21/Jul/2025:20:40:12 +0000] "GET /lap/a22?pid=91 HTTP/1.1" 200 86857 "-" "Mozilla/5.0 (Linux; Android 6.0.1; Nexus 5X Build/MMB29P) AppleWebKit/537.36 (KHTML, like Gecko) Chrome/137.0.7151.103 Mobile Safari/537.36 (compatible; Googlebot/2.1; +http://www.google.com/bot.html)"
209.74.77.214 - - [21/Jul/2025:20:40:28 +0000] "POST /wp-cron.php?doing_wp_cron=1753130427.9505391120910644531250 HTTP/1.1" 403 33 "-" "WordPress/6.8.2; https://topflowroofingplumbing.com.au"
2a03:2880:f800:1c:: - - [21/Jul/2025:20:40:25 +0000] "GET /shopdetail/462017052 HTTP/1.1" 404 11694 "-" "meta-externalagent/1.1 (+https://developers.facebook.com/docs/sharing/webmasters/crawler)"
66.249.65.99 - - [21/Jul/2025:20:40:50 +0000] "GET /153003697.htm HTTP/1.1" 200 86017 "-" "Mozilla/5.0 (Linux; Android 6.0.1; Nexus 5X Build/MMB29P) AppleWebKit/537.36 (KHTML, like Gecko) Chrome/137.0.7151.103 Mobile Safari/537.36 (compatible; Googlebot/2.1; +http://www.google.com/bot.html)"
20.171.207.187 - - [21/Jul/2025:20:40:56 +0000] "GET /search.php?main200010949.html HTTP/1.1" 200 86661 "-" "Mozilla/5.0 AppleWebKit/537.36 (KHTML, like Gecko; compatible; GPTBot/1.2; +https://openai.com/gptbot)"
209.74.77.214 - - [21/Jul/2025:20:41:57 +0000] "POST /wp-cron.php?doing_wp_cron=1753130517.5146698951721191406250 HTTP/1.1" 403 33 "-" "WordPress/6.8.2; https://topflowroofingplumbing.com.au"
2a03:2880:f800:c:: - - [21/Jul/2025:20:41:55 +0000] "GET /shopdetail/294686952 HTTP/1.1" 404 11694 "-" "meta-externalagent/1.1 (+https://developers.facebook.com/docs/sharing/webmasters/crawler)"
20.171.207.187 - - [21/Jul/2025:20:42:02 +0000] "GET /search.php?scan138025333.html HTTP/1.1" 200 89874 "-" "Mozilla/5.0 AppleWebKit/537.36 (KHTML, like Gecko; compatible; GPTBot/1.2; +https://openai.com/gptbot)"
66.249.65.97 - - [21/Jul/2025:20:42:04 +0000] "GET /229040265.htm HTTP/1.1" 200 86253 "-" "Mozilla/5.0 (Linux; Android 6.0.1; Nexus 5X Build/MMB29P) AppleWebKit/537.36 (KHTML, like Gecko) Chrome/137.0.7151.103 Mobile Safari/537.36 (compatible; Googlebot/2.1; +http://www.google.com/bot.html)"
2a03:2880:f800:14:: - - [21/Jul/2025:20:42:46 +0000] "GET /shopbrand/193975218 HTTP/1.1" 404 11694 "-" "meta-externalagent/1.1 (+https://developers.facebook.com/docs/sharing/webmasters/crawler)"
20.171.207.187 - - [21/Jul/2025:20:43:08 +0000] "GET /search.php?boat214022213.html HTTP/1.1" 200 86472 "-" "Mozilla/5.0 AppleWebKit/537.36 (KHTML, like Gecko; compatible; GPTBot/1.2; +https://openai.com/gptbot)"
66.249.65.97 - - [21/Jul/2025:20:43:18 +0000] "GET /229040257.htm HTTP/1.1" 200 86001 "-" "Mozilla/5.0 (Linux; Android 6.0.1; Nexus 5X Build/MMB29P) AppleWebKit/537.36 (KHTML, like Gecko) Chrome/137.0.7151.103 Mobile Safari/537.36 (compatible; Googlebot/2.1; +http://www.google.com/bot.html)"
66.249.73.96 - - [21/Jul/2025:20:43:19 +0000] "GET /050000894.htm HTTP/1.1" 200 86106 "-" "Mozilla/5.0 (Linux; Android 6.0.1; Nexus 5X Build/MMB29P) AppleWebKit/537.36 (KHTML, like Gecko) Chrome/137.0.7151.103 Mobile Safari/537.36 (compatible; Googlebot/2.1; +http://www.google.com/bot.html)"
209.74.77.214 - - [21/Jul/2025:20:43:22 +0000] "POST /wp-cron.php?doing_wp_cron=1753130602.7312500476837158203125 HTTP/1.1" 403 33 "-" "WordPress/6.8.2; https://topflowroofingplumbing.com.au"
2a03:2880:f800:6:: - - [21/Jul/2025:20:43:22 +0000] "GET /shopbrand/180862355 HTTP/1.1" 404 11694 "-" "meta-externalagent/1.1 (+https://developers.facebook.com/docs/sharing/webmasters/crawler)"
2a03:2880:f800:1b:: - - [21/Jul/2025:20:43:39 +0000] "GET /shopbrand/347455044 HTTP/1.1" 404 11694 "-" "meta-externalagent/1.1 (+https://developers.facebook.com/docs/sharing/webmasters/crawler)"
66.249.65.96 - - [21/Jul/2025:20:43:50 +0000] "GET /001043039.htm HTTP/1.1" 200 87779 "-" "Mozilla/5.0 (Linux; Android 6.0.1; Nexus 5X Build/MMB29P) AppleWebKit/537.36 (KHTML, like Gecko) Chrome/137.0.7151.103 Mobile Safari/537.36 (compatible; Googlebot/2.1; +http://www.google.com/bot.html)"
2a03:2880:f800:10:: - - [21/Jul/2025:20:43:59 +0000] "GET /shopbrand/347418952 HTTP/1.1" 404 11694 "-" "meta-externalagent/1.1 (+https://developers.facebook.com/docs/sharing/webmasters/crawler)"
20.171.207.187 - - [21/Jul/2025:20:44:13 +0000] "GET /search.php?seek283000664.html HTTP/1.1" 200 87329 "-" "Mozilla/5.0 AppleWebKit/537.36 (KHTML, like Gecko; compatible; GPTBot/1.2; +https://openai.com/gptbot)"
66.249.65.96 - - [21/Jul/2025:20:44:36 +0000] "GET /shopbrand/9739861 HTTP/1.1" 200 87175 "-" "Mozilla/5.0 (compatible; Googlebot/2.1; +http://www.google.com/bot.html)"
66.249.73.96 - - [21/Jul/2025:20:45:12 +0000] "GET /category/1_2_2705_2706_2707/1/listing HTTP/1.1" 200 85647 "-" "Mozilla/5.0 (Linux; Android 6.0.1; Nexus 5X Build/MMB29P) AppleWebKit/537.36 (KHTML, like Gecko) Chrome/137.0.7151.103 Mobile Safari/537.36 (compatible; Googlebot/2.1; +http://www.google.com/bot.html)"
66.249.65.97 - - [21/Jul/2025:20:45:12 +0000] "GET /114048028.htm HTTP/1.1" 200 86814 "-" "Mozilla/5.0 (Linux; Android 6.0.1; Nexus 5X Build/MMB29P) AppleWebKit/537.36 (KHTML, like Gecko) Chrome/137.0.7151.103 Mobile Safari/537.36 (compatible; Googlebot/2.1; +http://www.google.com/bot.html)"
20.171.207.187 - - [21/Jul/2025:20:45:13 +0000] "GET /search.php?over267017222.html HTTP/1.1" 200 87516 "-" "Mozilla/5.0 AppleWebKit/537.36 (KHTML, like Gecko; compatible; GPTBot/1.2; +https://openai.com/gptbot)"
66.249.73.97 - - [21/Jul/2025:20:45:13 +0000] "GET /banker/k58?pid=155 HTTP/1.1" 200 85709 "-" "Mozilla/5.0 (Linux; Android 6.0.1; Nexus 5X Build/MMB29P) AppleWebKit/537.36 (KHTML, like Gecko) Chrome/137.0.7151.103 Mobile Safari/537.36 (compatible; Googlebot/2.1; +http://www.google.com/bot.html)"
20.171.207.187 - - [21/Jul/2025:20:46:18 +0000] "GET /search.php?flee173000748.html HTTP/1.1" 200 87133 "-" "Mozilla/5.0 AppleWebKit/537.36 (KHTML, like Gecko; compatible; GPTBot/1.2; +https://openai.com/gptbot)"
66.249.65.105 - - [21/Jul/2025:20:46:22 +0000] "GET /059009045.htm HTTP/1.1" 200 85468 "-" "Mozilla/5.0 (Linux; Android 6.0.1; Nexus 5X Build/MMB29P) AppleWebKit/537.36 (KHTML, like Gecko) Chrome/137.0.7151.103 Mobile Safari/537.36 (compatible; Googlebot/2.1; +http://www.google.com/bot.html)"
66.249.73.97 - - [21/Jul/2025:20:46:22 +0000] "GET /cd.html HTTP/1.1" 200 85736 "-" "Mozilla/5.0 (Linux; Android 6.0.1; Nexus 5X Build/MMB29P) AppleWebKit/537.36 (KHTML, like Gecko) Chrome/137.0.7151.103 Mobile Safari/537.36 (compatible; Googlebot/2.1; +http://www.google.com/bot.html)"
209.74.77.214 - - [21/Jul/2025:20:46:48 +0000] "POST /wp-cron.php?doing_wp_cron=1753130808.4473509788513183593750 HTTP/1.1" 403 33 "-" "WordPress/6.8.2; https://topflowroofingplumbing.com.au"
2a03:2880:f800:12:: - - [21/Jul/2025:20:46:47 +0000] "GET /shopbrand/261531267 HTTP/1.1" 404 11694 "-" "meta-externalagent/1.1 (+https://developers.facebook.com/docs/sharing/webmasters/crawler)"
66.249.73.103 - - [21/Jul/2025:20:47:00 +0000] "GET /028000168.htm HTTP/1.1" 200 86082 "-" "Mozilla/5.0 (Linux; Android 6.0.1; Nexus 5X Build/MMB29P) AppleWebKit/537.36 (KHTML, like Gecko) Chrome/137.0.7151.103 Mobile Safari/537.36 (compatible; Googlebot/2.1; +http://www.google.com/bot.html)"
66.249.65.97 - - [21/Jul/2025:20:47:01 +0000] "GET /046005806.htm HTTP/1.1" 200 85729 "-" "Mozilla/5.0 (Linux; Android 6.0.1; Nexus 5X Build/MMB29P) AppleWebKit/537.36 (KHTML, like Gecko) Chrome/137.0.7151.103 Mobile Safari/537.36 (compatible; Googlebot/2.1; +http://www.google.com/bot.html)"
20.171.207.187 - - [21/Jul/2025:20:47:21 +0000] "GET /search.php?items%2F078000859.html%3Fsrsltid=AfmBOoejmxPGIIDiayeXDoTDQccYTrum7OC8zt4lFwDQJInJfqIQ HTTP/1.1" 200 86654 "-" "Mozilla/5.0 AppleWebKit/537.36 (KHTML, like Gecko; compatible; GPTBot/1.2; +https://openai.com/gptbot)"
66.249.73.96 - - [21/Jul/2025:20:47:49 +0000] "GET /081000133.htm HTTP/1.1" 200 85776 "-" "Mozilla/5.0 (Linux; Android 6.0.1; Nexus 5X Build/MMB29P) AppleWebKit/537.36 (KHTML, like Gecko) Chrome/137.0.7151.103 Mobile Safari/537.36 (compatible; Googlebot/2.1; +http://www.google.com/bot.html)"
20.171.207.187 - - [21/Jul/2025:20:48:26 +0000] "GET /search.php?product/edit/honkeya-ds-2238925 HTTP/1.1" 200 87117 "-" "Mozilla/5.0 AppleWebKit/537.36 (KHTML, like Gecko; compatible; GPTBot/1.2; +https://openai.com/gptbot)"
66.249.65.97 - - [21/Jul/2025:20:48:26 +0000] "GET /027000363.htm HTTP/1.1" 200 86116 "-" "Mozilla/5.0 (Linux; Android 6.0.1; Nexus 5X Build/MMB29P) AppleWebKit/537.36 (KHTML, like Gecko) Chrome/137.0.7151.103 Mobile Safari/537.36 (compatible; Googlebot/2.1; +http://www.google.com/bot.html)"
209.74.77.214 - - [21/Jul/2025:20:49:16 +0000] "POST /wp-cron.php?doing_wp_cron=1753130956.5946528911590576171875 HTTP/1.1" 403 33 "-" "WordPress/6.8.2; https://topflowroofingplumbing.com.au"
209.74.77.214 - - [21/Jul/2025:20:49:16 +0000] "POST /wp-cron.php?doing_wp_cron=1753130956.5946528911590576171875 HTTP/1.1" 403 33 "-" "WordPress/6.8.2; https://topflowroofingplumbing.com.au"
2a03:2880:f800:14:: - - [21/Jul/2025:20:49:15 +0000] "GET /shopdetail/261912852 HTTP/1.1" 404 11694 "-" "meta-externalagent/1.1 (+https://developers.facebook.com/docs/sharing/webmasters/crawler)"
2a03:2880:f800:: - - [21/Jul/2025:20:49:15 +0000] "GET /shopbrand/193886238 HTTP/1.1" 404 11694 "-" "meta-externalagent/1.1 (+https://developers.facebook.com/docs/sharing/webmasters/crawler)"
20.171.207.187 - - [21/Jul/2025:20:49:29 +0000] "GET /search.php?product/edit/baby-sies-6400031 HTTP/1.1" 200 86295 "-" "Mozilla/5.0 AppleWebKit/537.36 (KHTML, like Gecko; compatible; GPTBot/1.2; +https://openai.com/gptbot)"
66.249.73.103 - - [21/Jul/2025:20:49:41 +0000] "GET /category/355/1/listing HTTP/1.1" 200 87929 "-" "Mozilla/5.0 (Linux; Android 6.0.1; Nexus 5X Build/MMB29P) AppleWebKit/537.36 (KHTML, like Gecko) Chrome/137.0.7151.103 Mobile Safari/537.36 (compatible; Googlebot/2.1; +http://www.google.com/bot.html)"
66.249.65.96 - - [21/Jul/2025:20:49:41 +0000] "GET /search?category=408&search_word= HTTP/1.1" 200 85436 "-" "Mozilla/5.0 (Linux; Android 6.0.1; Nexus 5X Build/MMB29P) AppleWebKit/537.36 (KHTML, like Gecko) Chrome/137.0.7151.103 Mobile Safari/537.36 (compatible; Googlebot/2.1; +http://www.google.com/bot.html)"
2a03:2880:f800:8:: - - [21/Jul/2025:20:49:48 +0000] "GET /shopbrand/88284670 HTTP/1.1" 404 11694 "-" "meta-externalagent/1.1 (+https://developers.facebook.com/docs/sharing/webmasters/crawler)"
2a03:2880:f800:16:: - - [21/Jul/2025:20:50:13 +0000] "GET /shopbrand/261487881 HTTP/1.1" 404 11694 "-" "meta-externalagent/1.1 (+https://developers.facebook.com/docs/sharing/webmasters/crawler)"
66.249.65.105 - - [21/Jul/2025:20:50:18 +0000] "GET /096001012.htm HTTP/1.1" 200 86069 "-" "Mozilla/5.0 (Linux; Android 6.0.1; Nexus 5X Build/MMB29P) AppleWebKit/537.36 (KHTML, like Gecko) Chrome/137.0.7151.103 Mobile Safari/537.36 (compatible; Googlebot/2.1; +http://www.google.com/bot.html)"
66.249.73.96 - - [21/Jul/2025:20:50:18 +0000] "GET /042000570.htm HTTP/1.1" 200 85779 "-" "Mozilla/5.0 (Linux; Android 6.0.1; Nexus 5X Build/MMB29P) AppleWebKit/537.36 (KHTML, like Gecko) Chrome/137.0.7151.103 Mobile Safari/537.36 (compatible; Googlebot/2.1; +http://www.google.com/bot.html)"
20.171.207.187 - - [21/Jul/2025:20:50:35 +0000] "GET /search.php?cord210008601.html HTTP/1.1" 200 86819 "-" "Mozilla/5.0 AppleWebKit/537.36 (KHTML, like Gecko; compatible; GPTBot/1.2; +https://openai.com/gptbot)"
209.74.77.214 - - [21/Jul/2025:20:50:41 +0000] "POST /wp-cron.php?doing_wp_cron=1753131041.6428179740905761718750 HTTP/1.1" 403 33 "-" "WordPress/6.8.2; https://topflowroofingplumbing.com.au"
2a03:2880:f800:3:: - - [21/Jul/2025:20:50:41 +0000] "GET /shopbrand/193943974 HTTP/1.1" 404 11694 "-" "meta-externalagent/1.1 (+https://developers.facebook.com/docs/sharing/webmasters/crawler)"
2a03:2880:f800:15:: - - [21/Jul/2025:20:50:48 +0000] "GET /shopdetail/421787352 HTTP/1.1" 404 11694 "-" "meta-externalagent/1.1 (+https://developers.facebook.com/docs/sharing/webmasters/crawler)"
2a03:2880:f800:1c:: - - [21/Jul/2025:20:50:55 +0000] "GET /shopbrand/193877809 HTTP/1.1" 404 11694 "-" "meta-externalagent/1.1 (+https://developers.facebook.com/docs/sharing/webmasters/crawler)"
2a03:2880:f800:a:: - - [21/Jul/2025:20:51:02 +0000] "GET /shopdetail/238969252 HTTP/1.1" 404 11694 "-" "meta-externalagent/1.1 (+https://developers.facebook.com/docs/sharing/webmasters/crawler)"
66.249.65.105 - - [21/Jul/2025:20:51:32 +0000] "GET /099010879.htm HTTP/1.1" 200 86194 "-" "Mozilla/5.0 (Linux; Android 6.0.1; Nexus 5X Build/MMB29P) AppleWebKit/537.36 (KHTML, like Gecko) Chrome/137.0.7151.103 Mobile Safari/537.36 (compatible; Googlebot/2.1; +http://www.google.com/bot.html)"
20.171.207.187 - - [21/Jul/2025:20:51:36 +0000] "GET /search.php?fist031000934.html HTTP/1.1" 200 86215 "-" "Mozilla/5.0 AppleWebKit/537.36 (KHTML, like Gecko; compatible; GPTBot/1.2; +https://openai.com/gptbot)"
66.249.65.96 - - [21/Jul/2025:20:52:21 +0000] "GET /pcmypage?callback=product/review/first34-trusco-5195360 HTTP/1.1" 200 86051 "-" "Mozilla/5.0 (compatible; Googlebot/2.1; +http://www.google.com/bot.html)"
20.171.207.187 - - [21/Jul/2025:20:52:36 +0000] "GET /search.php?jury040004677.html HTTP/1.1" 200 86893 "-" "Mozilla/5.0 AppleWebKit/537.36 (KHTML, like Gecko; compatible; GPTBot/1.2; +https://openai.com/gptbot)"
66.249.65.105 - - [21/Jul/2025:20:52:45 +0000] "GET /032049412.htm HTTP/1.1" 200 85719 "-" "Mozilla/5.0 (Linux; Android 6.0.1; Nexus 5X Build/MMB29P) AppleWebKit/537.36 (KHTML, like Gecko) Chrome/137.0.7151.103 Mobile Safari/537.36 (compatible; Googlebot/2.1; +http://www.google.com/bot.html)"
66.249.73.97 - - [21/Jul/2025:20:53:18 +0000] "GET /pcmypage?callback=product%2Fdetail%2Ffirst34-trusco-5177955 HTTP/1.1" 200 85784 "-" "Mozilla/5.0 (compatible; Googlebot/2.1; +http://www.google.com/bot.html)"
66.249.65.96 - - [21/Jul/2025:20:53:23 +0000] "GET / HTTP/1.1" 200 85773 "-" "Mozilla/5.0 (Linux; Android 6.0.1; Nexus 5X Build/MMB29P) AppleWebKit/537.36 (KHTML, like Gecko) Chrome/137.0.7151.103 Mobile Safari/537.36 (compatible; Googlebot/2.1; +http://www.google.com/bot.html)"
20.171.207.187 - - [21/Jul/2025:20:53:40 +0000] "GET /search.php?nice222028483.html HTTP/1.1" 200 86179 "-" "Mozilla/5.0 AppleWebKit/537.36 (KHTML, like Gecko; compatible; GPTBot/1.2; +https://openai.com/gptbot)"
66.249.65.96 - - [21/Jul/2025:20:54:00 +0000] "GET /096001004.htm HTTP/1.1" 200 86073 "-" "Mozilla/5.0 (Linux; Android 6.0.1; Nexus 5X Build/MMB29P) AppleWebKit/537.36 (KHTML, like Gecko) Chrome/137.0.7151.103 Mobile Safari/537.36 (compatible; Googlebot/2.1; +http://www.google.com/bot.html)"
66.249.65.96 - - [21/Jul/2025:20:54:38 +0000] "GET /096001010.htm HTTP/1.1" 200 85855 "-" "Mozilla/5.0 (Linux; Android 6.0.1; Nexus 5X Build/MMB29P) AppleWebKit/537.36 (KHTML, like Gecko) Chrome/137.0.7151.103 Mobile Safari/537.36 (compatible; Googlebot/2.1; +http://www.google.com/bot.html)"
20.171.207.187 - - [21/Jul/2025:20:54:45 +0000] "GET /search.php?grab026000595.html HTTP/1.1" 200 86287 "-" "Mozilla/5.0 AppleWebKit/537.36 (KHTML, like Gecko; compatible; GPTBot/1.2; +https://openai.com/gptbot)"
20.171.207.187 - - [21/Jul/2025:20:55:50 +0000] "GET /search.php?tell164000583.html HTTP/1.1" 200 87226 "-" "Mozilla/5.0 AppleWebKit/537.36 (KHTML, like Gecko; compatible; GPTBot/1.2; +https://openai.com/gptbot)"
66.249.73.103 - - [21/Jul/2025:20:55:52 +0000] "GET /category/2355_11527/1/listing HTTP/1.1" 200 86819 "-" "Mozilla/5.0 (Linux; Android 6.0.1; Nexus 5X Build/MMB29P) AppleWebKit/537.36 (KHTML, like Gecko) Chrome/137.0.7151.103 Mobile Safari/537.36 (compatible; Googlebot/2.1; +http://www.google.com/bot.html)"
66.249.65.105 - - [21/Jul/2025:20:55:52 +0000] "GET /017000829.htm HTTP/1.1" 200 86212 "-" "Mozilla/5.0 (Linux; Android 6.0.1; Nexus 5X Build/MMB29P) AppleWebKit/537.36 (KHTML, like Gecko) Chrome/137.0.7151.103 Mobile Safari/537.36 (compatible; Googlebot/2.1; +http://www.google.com/bot.html)"
66.249.73.96 - - [21/Jul/2025:20:56:30 +0000] "GET /011000887.htm HTTP/1.1" 200 85875 "-" "Mozilla/5.0 (Linux; Android 6.0.1; Nexus 5X Build/MMB29P) AppleWebKit/537.36 (KHTML, like Gecko) Chrome/137.0.7151.103 Mobile Safari/537.36 (compatible; Googlebot/2.1; +http://www.google.com/bot.html)"
66.249.73.97 - - [21/Jul/2025:20:56:31 +0000] "GET /035000273.htm HTTP/1.1" 200 86219 "-" "Mozilla/5.0 (Linux; Android 6.0.1; Nexus 5X Build/MMB29P) AppleWebKit/537.36 (KHTML, like Gecko) Chrome/137.0.7151.103 Mobile Safari/537.36 (compatible; Googlebot/2.1; +http://www.google.com/bot.html)"
20.171.207.187 - - [21/Jul/2025:20:56:55 +0000] "GET /search.php?grow058000859.html HTTP/1.1" 200 87774 "-" "Mozilla/5.0 AppleWebKit/537.36 (KHTML, like Gecko; compatible; GPTBot/1.2; +https://openai.com/gptbot)"
66.249.65.97 - - [21/Jul/2025:20:57:08 +0000] "GET /pcmypage?callback=product%2Fdetail%2Fkrote-interior-a32113-1 HTTP/1.1" 200 87387 "-" "Mozilla/5.0 (Linux; Android 6.0.1; Nexus 5X Build/MMB29P) AppleWebKit/537.36 (KHTML, like Gecko) Chrome/137.0.7151.103 Mobile Safari/537.36 (compatible; Googlebot/2.1; +http://www.google.com/bot.html)"
66.249.65.96 - - [21/Jul/2025:20:57:46 +0000] "GET /017000823.htm HTTP/1.1" 200 86518 "-" "Mozilla/5.0 (Linux; Android 6.0.1; Nexus 5X Build/MMB29P) AppleWebKit/537.36 (KHTML, like Gecko) Chrome/137.0.7151.103 Mobile Safari/537.36 (compatible; Googlebot/2.1; +http://www.google.com/bot.html)"
20.171.207.187 - - [21/Jul/2025:20:57:58 +0000] "GET /search.php?product/edit/honkeya-ds-2270417 HTTP/1.1" 200 87090 "-" "Mozilla/5.0 AppleWebKit/537.36 (KHTML, like Gecko; compatible; GPTBot/1.2; +https://openai.com/gptbot)"
209.74.77.214 - - [21/Jul/2025:20:58:07 +0000] "POST /wp-cron.php?doing_wp_cron=1753131487.1950469017028808593750 HTTP/1.1" 403 33 "-" "WordPress/6.8.2; https://topflowroofingplumbing.com.au"
2a03:2880:f800:7:: - - [21/Jul/2025:20:58:06 +0000] "GET /shopbrand/347478654 HTTP/1.1" 404 11694 "-" "meta-externalagent/1.1 (+https://developers.facebook.com/docs/sharing/webmasters/crawler)"
66.249.65.97 - - [21/Jul/2025:20:59:00 +0000] "GET /pcmypage?callback=/product%2Fdetail%2krote-interior-a32113-1 HTTP/1.1" 200 87361 "-" "Mozilla/5.0 (Linux; Android 6.0.1; Nexus 5X Build/MMB29P) AppleWebKit/537.36 (KHTML, like Gecko) Chrome/137.0.7151.103 Mobile Safari/537.36 (compatible; Googlebot/2.1; +http://www.google.com/bot.html)"
20.171.207.187 - - [21/Jul/2025:20:59:01 +0000] "GET /search.php?product/edit/egaos-2737531 HTTP/1.1" 200 87793 "-" "Mozilla/5.0 AppleWebKit/537.36 (KHTML, like Gecko; compatible; GPTBot/1.2; +https://openai.com/gptbot)"
209.74.77.214 - - [21/Jul/2025:20:59:19 +0000] "POST /wp-cron.php?doing_wp_cron=1753131559.7972879409790039062500 HTTP/1.1" 403 33 "-" "WordPress/6.8.2; https://topflowroofingplumbing.com.au"
2a03:2880:f800:5:: - - [21/Jul/2025:20:59:18 +0000] "GET /shopbrand/193971868 HTTP/1.1" 404 11694 "-" "meta-externalagent/1.1 (+https://developers.facebook.com/docs/sharing/webmasters/crawler)"
66.249.65.97 - - [21/Jul/2025:20:59:38 +0000] "GET /025000021.htm HTTP/1.1" 200 86038 "-" "Mozilla/5.0 (Linux; Android 6.0.1; Nexus 5X Build/MMB29P) AppleWebKit/537.36 (KHTML, like Gecko) Chrome/137.0.7151.103 Mobile Safari/537.36 (compatible; Googlebot/2.1; +http://www.google.com/bot.html)"
66.249.65.97 - - [21/Jul/2025:20:59:38 +0000] "GET /009000645.htm HTTP/1.1" 200 86042 "-" "Mozilla/5.0 (Linux; Android 6.0.1; Nexus 5X Build/MMB29P) AppleWebKit/537.36 (KHTML, like Gecko) Chrome/137.0.7151.103 Mobile Safari/537.36 (compatible; Googlebot/2.1; +http://www.google.com/bot.html)"
20.171.207.187 - - [21/Jul/2025:21:00:04 +0000] "GET /search.php?kill130008361.html HTTP/1.1" 200 86627 "-" "Mozilla/5.0 AppleWebKit/537.36 (KHTML, like Gecko; compatible; GPTBot/1.2; +https://openai.com/gptbot)"
66.249.65.97 - - [21/Jul/2025:21:00:16 +0000] "GET /065025473.htm HTTP/1.1" 200 85569 "-" "Mozilla/5.0 (Linux; Android 6.0.1; Nexus 5X Build/MMB29P) AppleWebKit/537.36 (KHTML, like Gecko) Chrome/137.0.7151.103 Mobile Safari/537.36 (compatible; Googlebot/2.1; +http://www.google.com/bot.html)"
66.249.73.96 - - [21/Jul/2025:21:00:17 +0000] "GET /category/89_128_1779_1780/1/listing HTTP/1.1" 200 86279 "-" "Mozilla/5.0 (Linux; Android 6.0.1; Nexus 5X Build/MMB29P) AppleWebKit/537.36 (KHTML, like Gecko) Chrome/137.0.7151.103 Mobile Safari/537.36 (compatible; Googlebot/2.1; +http://www.google.com/bot.html)"
209.74.77.214 - - [21/Jul/2025:21:00:22 +0000] "POST /wp-cron.php?doing_wp_cron=1753131622.0035889148712158203125 HTTP/1.1" 403 33 "-" "WordPress/6.8.2; https://topflowroofingplumbing.com.au"
2a03:2880:f800:: - - [21/Jul/2025:21:00:21 +0000] "GET /shopbrand/261461088 HTTP/1.1" 404 11694 "-" "meta-externalagent/1.1 (+https://developers.facebook.com/docs/sharing/webmasters/crawler)"
20.171.207.187 - - [21/Jul/2025:21:01:08 +0000] "GET /search.php?want128000161.html HTTP/1.1" 200 87499 "-" "Mozilla/5.0 AppleWebKit/537.36 (KHTML, like Gecko; compatible; GPTBot/1.2; +https://openai.com/gptbot)"
66.249.65.97 - - [21/Jul/2025:21:01:30 +0000] "GET /223018069.htm HTTP/1.1" 200 86394 "-" "Mozilla/5.0 (Linux; Android 6.0.1; Nexus 5X Build/MMB29P) AppleWebKit/537.36 (KHTML, like Gecko) Chrome/137.0.7151.103 Mobile Safari/537.36 (compatible; Googlebot/2.1; +http://www.google.com/bot.html)"
66.249.73.103 - - [21/Jul/2025:21:01:31 +0000] "GET /pcmypage?callback=/product%2Fdetail%2Autobacs-ec-4511969261686 HTTP/1.1" 200 85583 "-" "Mozilla/5.0 (Linux; Android 6.0.1; Nexus 5X Build/MMB29P) AppleWebKit/537.36 (KHTML, like Gecko) Chrome/137.0.7151.103 Mobile Safari/537.36 (compatible; Googlebot/2.1; +http://www.google.com/bot.html)"
66.249.65.98 - - [21/Jul/2025:21:02:09 +0000] "GET /pcmypage?callback=/product%2Fdetail%2r-mu-style-004-an3051b-29 HTTP/1.1" 200 85597 "-" "Mozilla/5.0 (Linux; Android 6.0.1; Nexus 5X Build/MMB29P) AppleWebKit/537.36 (KHTML, like Gecko) Chrome/137.0.7151.103 Mobile Safari/537.36 (compatible; Googlebot/2.1; +http://www.google.com/bot.html)"
20.171.207.187 - - [21/Jul/2025:21:02:12 +0000] "GET /search.php?hang282000699.html HTTP/1.1" 200 86837 "-" "Mozilla/5.0 AppleWebKit/537.36 (KHTML, like Gecko; compatible; GPTBot/1.2; +https://openai.com/gptbot)"
209.74.77.214 - - [21/Jul/2025:21:02:35 +0000] "POST /wp-cron.php?doing_wp_cron=1753131755.6734149456024169921875 HTTP/1.1" 403 33 "-" "WordPress/6.8.2; https://topflowroofingplumbing.com.au"
2a03:2880:f800:d:: - - [21/Jul/2025:21:02:34 +0000] "GET /shopbrand/347399624 HTTP/1.1" 404 11694 "-" "meta-externalagent/1.1 (+https://developers.facebook.com/docs/sharing/webmasters/crawler)"
20.171.207.187 - - [21/Jul/2025:21:03:18 +0000] "GET /search.php?bush111033206.html HTTP/1.1" 200 87012 "-" "Mozilla/5.0 AppleWebKit/537.36 (KHTML, like Gecko; compatible; GPTBot/1.2; +https://openai.com/gptbot)"
66.249.65.98 - - [21/Jul/2025:21:03:23 +0000] "GET /pcmypage?callback=product/review/r-mu-style-004-an3051b-29 HTTP/1.1" 200 85702 "-" "Mozilla/5.0 (Linux; Android 6.0.1; Nexus 5X Build/MMB29P) AppleWebKit/537.36 (KHTML, like Gecko) Chrome/137.0.7151.103 Mobile Safari/537.36 (compatible; Googlebot/2.1; +http://www.google.com/bot.html)"
209.74.77.214 - - [21/Jul/2025:21:03:43 +0000] "POST /wp-cron.php?doing_wp_cron=1753131823.4865269660949707031250 HTTP/1.1" 403 33 "-" "WordPress/6.8.2; https://topflowroofingplumbing.com.au"
2a03:2880:f800:9:: - - [21/Jul/2025:21:03:41 +0000] "GET /shopbrand/67987740 HTTP/1.1" 404 11694 "-" "meta-externalagent/1.1 (+https://developers.facebook.com/docs/sharing/webmasters/crawler)"
2a03:2880:f800:d:: - - [21/Jul/2025:21:04:00 +0000] "GET /shopbrand/88351841 HTTP/1.1" 404 11694 "-" "meta-externalagent/1.1 (+https://developers.facebook.com/docs/sharing/webmasters/crawler)"
20.171.207.187 - - [21/Jul/2025:21:04:20 +0000] "GET /search.php?once028000879.html HTTP/1.1" 200 86986 "-" "Mozilla/5.0 AppleWebKit/537.36 (KHTML, like Gecko; compatible; GPTBot/1.2; +https://openai.com/gptbot)"
66.249.65.98 - - [21/Jul/2025:21:04:37 +0000] "GET /219029581.htm HTTP/1.1" 200 86063 "-" "Mozilla/5.0 (Linux; Android 6.0.1; Nexus 5X Build/MMB29P) AppleWebKit/537.36 (KHTML, like Gecko) Chrome/137.0.7151.103 Mobile Safari/537.36 (compatible; Googlebot/2.1; +http://www.google.com/bot.html)"
66.249.65.97 - - [21/Jul/2025:21:04:37 +0000] "GET /229040255.htm HTTP/1.1" 200 86041 "-" "Mozilla/5.0 (Linux; Android 6.0.1; Nexus 5X Build/MMB29P) AppleWebKit/537.36 (KHTML, like Gecko) Chrome/137.0.7151.103 Mobile Safari/537.36 (compatible; Googlebot/2.1; +http://www.google.com/bot.html)"
66.249.73.97 - - [21/Jul/2025:21:05:15 +0000] "GET /advice/e30?pid=713 HTTP/1.1" 200 87301 "-" "Mozilla/5.0 (Linux; Android 6.0.1; Nexus 5X Build/MMB29P) AppleWebKit/537.36 (KHTML, like Gecko) Chrome/137.0.7151.103 Mobile Safari/537.36 (compatible; Googlebot/2.1; +http://www.google.com/bot.html)"
66.249.65.97 - - [21/Jul/2025:21:05:15 +0000] "GET /135027255.htm HTTP/1.1" 200 86436 "-" "Mozilla/5.0 (Linux; Android 6.0.1; Nexus 5X Build/MMB29P) AppleWebKit/537.36 (KHTML, like Gecko) Chrome/137.0.7151.103 Mobile Safari/537.36 (compatible; Googlebot/2.1; +http://www.google.com/bot.html)"
20.171.207.187 - - [21/Jul/2025:21:05:20 +0000] "GET /search.php?will300034989.html HTTP/1.1" 200 87065 "-" "Mozilla/5.0 AppleWebKit/537.36 (KHTML, like Gecko; compatible; GPTBot/1.2; +https://openai.com/gptbot)"
209.74.77.214 - - [21/Jul/2025:21:05:38 +0000] "POST /wp-cron.php?doing_wp_cron=1753131938.0317571163177490234375 HTTP/1.1" 403 33 "-" "WordPress/6.8.2; https://topflowroofingplumbing.com.au"
2a03:2880:f800:1b:: - - [21/Jul/2025:21:05:37 +0000] "GET /shopbrand/67990412 HTTP/1.1" 404 11694 "-" "meta-externalagent/1.1 (+https://developers.facebook.com/docs/sharing/webmasters/crawler)"
2a03:2880:f800:1d:: - - [21/Jul/2025:21:05:44 +0000] "GET /shopbrand/352148826 HTTP/1.1" 404 11694 "-" "meta-externalagent/1.1 (+https://developers.facebook.com/docs/sharing/webmasters/crawler)"
2a03:2880:f800:b:: - - [21/Jul/2025:21:05:45 +0000] "GET /shopbrand/261447165 HTTP/1.1" 404 11694 "-" "meta-externalagent/1.1 (+https://developers.facebook.com/docs/sharing/webmasters/crawler)"
2a03:2880:f800:11:: - - [21/Jul/2025:21:06:08 +0000] "GET /shopbrand/67989633 HTTP/1.1" 404 11694 "-" "meta-externalagent/1.1 (+https://developers.facebook.com/docs/sharing/webmasters/crawler)"
2a03:2880:f800:13:: - - [21/Jul/2025:21:06:19 +0000] "GET /shopbrand/347417148 HTTP/1.1" 404 11694 "-" "meta-externalagent/1.1 (+https://developers.facebook.com/docs/sharing/webmasters/crawler)"
2a03:2880:f800:13:: - - [21/Jul/2025:21:06:25 +0000] "GET /shopbrand/88348576 HTTP/1.1" 404 11694 "-" "meta-externalagent/1.1 (+https://developers.facebook.com/docs/sharing/webmasters/crawler)"
20.171.207.187 - - [21/Jul/2025:21:06:25 +0000] "GET /search.php?m026000920%3Fsrsltid=AfmBOoIQCFxeaTssxzuOJZ_gcvtXEW8E9_ra7JEg6E-K-CbfEBfXPE HTTP/1.1" 200 87650 "-" "Mozilla/5.0 AppleWebKit/537.36 (KHTML, like Gecko; compatible; GPTBot/1.2; +https://openai.com/gptbot)"
66.249.65.97 - - [21/Jul/2025:21:06:29 +0000] "GET /pcmypage?callback=product%2Fdetail%2Fr-mu-style-004-an3051b-29 HTTP/1.1" 200 86321 "-" "Mozilla/5.0 (Linux; Android 6.0.1; Nexus 5X Build/MMB29P) AppleWebKit/537.36 (KHTML, like Gecko) Chrome/137.0.7151.103 Mobile Safari/537.36 (compatible; Googlebot/2.1; +http://www.google.com/bot.html)"
209.74.77.214 - - [21/Jul/2025:21:07:08 +0000] "POST /wp-cron.php?doing_wp_cron=1753132028.6169381141662597656250 HTTP/1.1" 403 33 "-" "WordPress/6.8.2; https://topflowroofingplumbing.com.au"
2a03:2880:f800:7:: - - [21/Jul/2025:21:07:07 +0000] "GET /shopbrand/193958817 HTTP/1.1" 404 11694 "-" "meta-externalagent/1.1 (+https://developers.facebook.com/docs/sharing/webmasters/crawler)"
20.171.207.187 - - [21/Jul/2025:21:07:31 +0000] "GET /search.php?rent036000915.html HTTP/1.1" 200 87044 "-" "Mozilla/5.0 AppleWebKit/537.36 (KHTML, like Gecko; compatible; GPTBot/1.2; +https://openai.com/gptbot)"
66.249.65.97 - - [21/Jul/2025:21:07:43 +0000] "GET /pcmypage?callback=/product%2Fdetail%20250ya-h023-k-fhs-149 HTTP/1.1" 200 86643 "-" "Mozilla/5.0 (Linux; Android 6.0.1; Nexus 5X Build/MMB29P) AppleWebKit/537.36 (KHTML, like Gecko) Chrome/137.0.7151.103 Mobile Safari/537.36 (compatible; Googlebot/2.1; +http://www.google.com/bot.html)"
66.249.73.97 - - [21/Jul/2025:21:07:43 +0000] "GET /pcmypage?callback=product%2Fdetail%2Firyosyoku-alpharice-shiro50 HTTP/1.1" 200 86403 "-" "Mozilla/5.0 (Linux; Android 6.0.1; Nexus 5X Build/MMB29P) AppleWebKit/537.36 (KHTML, like Gecko) Chrome/137.0.7151.103 Mobile Safari/537.36 (compatible; Googlebot/2.1; +http://www.google.com/bot.html)"
20.171.207.187 - - [21/Jul/2025:21:08:33 +0000] "GET /search.php?mass253046668.html HTTP/1.1" 200 86998 "-" "Mozilla/5.0 AppleWebKit/537.36 (KHTML, like Gecko; compatible; GPTBot/1.2; +https://openai.com/gptbot)"
209.74.77.214 - - [21/Jul/2025:21:08:43 +0000] "POST /wp-cron.php?doing_wp_cron=1753132123.0334670543670654296875 HTTP/1.1" 403 33 "-" "WordPress/6.8.2; https://topflowroofingplumbing.com.au"
2a03:2880:f800:16:: - - [21/Jul/2025:21:08:42 +0000] "GET /shopbrand/180887002 HTTP/1.1" 404 11694 "-" "meta-externalagent/1.1 (+https://developers.facebook.com/docs/sharing/webmasters/crawler)"
66.249.65.99 - - [21/Jul/2025:21:08:57 +0000] "GET /079000119.htm HTTP/1.1" 200 85737 "-" "Mozilla/5.0 (Linux; Android 6.0.1; Nexus 5X Build/MMB29P) AppleWebKit/537.36 (KHTML, like Gecko) Chrome/137.0.7151.103 Mobile Safari/537.36 (compatible; Googlebot/2.1; +http://www.google.com/bot.html)"
66.249.65.99 - - [21/Jul/2025:21:08:57 +0000] "GET /pcmypage?callback=product%2Fdetail%2Ffullahead-yugi-08-gs06-jp002 HTTP/1.1" 200 85682 "-" "Mozilla/5.0 (Linux; Android 6.0.1; Nexus 5X Build/MMB29P) AppleWebKit/537.36 (KHTML, like Gecko) Chrome/137.0.7151.103 Mobile Safari/537.36 (compatible; Googlebot/2.1; +http://www.google.com/bot.html)"
2a03:2880:f800:4:: - - [21/Jul/2025:21:09:00 +0000] "GET /shopbrand/347451064 HTTP/1.1" 404 11694 "-" "meta-externalagent/1.1 (+https://developers.facebook.com/docs/sharing/webmasters/crawler)"
2a03:2880:25ff:4a:: - - [21/Jul/2025:21:09:18 +0000] "GET /robots.txt HTTP/1.1" 304 - "-" "facebookexternalhit/1.1 (+http://www.facebook.com/externalhit_uatext.php)"
66.249.65.97 - - [21/Jul/2025:21:09:35 +0000] "GET /pcmypage?callback=/product%2Fdetail%2Fullahead-yugi-08-gs06-jp002 HTTP/1.1" 200 85905 "-" "Mozilla/5.0 (Linux; Android 6.0.1; Nexus 5X Build/MMB29P) AppleWebKit/537.36 (KHTML, like Gecko) Chrome/137.0.7151.103 Mobile Safari/537.36 (compatible; Googlebot/2.1; +http://www.google.com/bot.html)"
20.171.207.187 - - [21/Jul/2025:21:09:34 +0000] "GET /search.php?next222003285.html HTTP/1.1" 200 87140 "-" "Mozilla/5.0 AppleWebKit/537.36 (KHTML, like Gecko; compatible; GPTBot/1.2; +https://openai.com/gptbot)"
66.249.65.97 - - [21/Jul/2025:21:09:35 +0000] "GET /pcmypage?callback=/product%2Fdetail%2Atorieerina-hb07npttw6l HTTP/1.1" 200 86025 "-" "Mozilla/5.0 (Linux; Android 6.0.1; Nexus 5X Build/MMB29P) AppleWebKit/537.36 (KHTML, like Gecko) Chrome/137.0.7151.103 Mobile Safari/537.36 (compatible; Googlebot/2.1; +http://www.google.com/bot.html)"
66.249.65.97 - - [21/Jul/2025:21:09:36 +0000] "GET /139032453.htm HTTP/1.1" 200 86132 "-" "Mozilla/5.0 (Linux; Android 6.0.1; Nexus 5X Build/MMB29P) AppleWebKit/537.36 (KHTML, like Gecko) Chrome/137.0.7151.103 Mobile Safari/537.36 (compatible; Googlebot/2.1; +http://www.google.com/bot.html)"
66.249.73.96 - - [21/Jul/2025:21:09:35 +0000] "GET /045000031.htm HTTP/1.1" 200 86300 "-" "Mozilla/5.0 (Linux; Android 6.0.1; Nexus 5X Build/MMB29P) AppleWebKit/537.36 (KHTML, like Gecko) Chrome/137.0.7151.103 Mobile Safari/537.36 (compatible; Googlebot/2.1; +http://www.google.com/bot.html)"
209.74.77.214 - - [21/Jul/2025:21:10:07 +0000] "POST /wp-cron.php?doing_wp_cron=1753132207.0739500522613525390625 HTTP/1.1" 403 33 "-" "WordPress/6.8.2; https://topflowroofingplumbing.com.au"
66.249.90.39 - - [21/Jul/2025:21:10:06 +0000] "GET /pcmypage/ HTTP/1.1" 404 11694 "-" "Mozilla/5.0 (X11; Linux x86_64) AppleWebKit/537.36 (KHTML, like Gecko) Chrome/137.0.7151.119 Safari/537.36"
66.249.90.33 - - [21/Jul/2025:21:10:07 +0000] "GET /wp-content/plugins/leadconnector/public/css/lc-public.css?ver=3.0.10.1 HTTP/1.1" 304 - "https://topflowroofingplumbing.com.au/pcmypage/" "Mozilla/5.0 (X11; Linux x86_64) AppleWebKit/537.36 (KHTML, like Gecko) Chrome/137.0.7151.119 Safari/537.36"
66.249.90.39 - - [21/Jul/2025:21:10:07 +0000] "GET /wp-includes/css/dashicons.min.css?ver=6.8.2 HTTP/1.1" 304 - "https://topflowroofingplumbing.com.au/pcmypage/" "Mozilla/5.0 (X11; Linux x86_64) AppleWebKit/537.36 (KHTML, like Gecko) Chrome/137.0.7151.119 Safari/537.36"
66.249.90.39 - - [21/Jul/2025:21:10:08 +0000] "GET /wp-content/themes/homlane/style.css?ver=6.8.2 HTTP/1.1" 304 - "https://topflowroofingplumbing.com.au/pcmypage/" "Mozilla/5.0 (X11; Linux x86_64) AppleWebKit/537.36 (KHTML, like Gecko) Chrome/137.0.7151.119 Safari/537.36"
66.249.90.33 - - [21/Jul/2025:21:10:08 +0000] "GET /wp-includes/css/dist/block-library/style.min.css?ver=6.8.2 HTTP/1.1" 304 - "https://topflowroofingplumbing.com.au/pcmypage/" "Mozilla/5.0 (X11; Linux x86_64) AppleWebKit/537.36 (KHTML, like Gecko) Chrome/137.0.7151.119 Safari/537.36"
66.249.90.39 - - [21/Jul/2025:21:10:08 +0000] "GET /wp-content/themes/homlane/assets/css/aos.css?ver=6.8.2 HTTP/1.1" 304 - "https://topflowroofingplumbing.com.au/pcmypage/" "Mozilla/5.0 (X11; Linux x86_64) AppleWebKit/537.36 (KHTML, like Gecko) Chrome/137.0.7151.119 Safari/537.36"
66.249.90.32 - - [21/Jul/2025:21:10:08 +0000] "GET /wp-content/themes/homlane/assets/css/bootstrap.min.css?ver=6.8.2 HTTP/1.1" 304 - "https://topflowroofingplumbing.com.au/pcmypage/" "Mozilla/5.0 (X11; Linux x86_64) AppleWebKit/537.36 (KHTML, like Gecko) Chrome/137.0.7151.119 Safari/537.36"
66.249.90.32 - - [21/Jul/2025:21:10:08 +0000] "GET /wp-content/themes/homlane/assets/css/custom-animate.css?ver=6.8.2 HTTP/1.1" 304 - "https://topflowroofingplumbing.com.au/pcmypage/" "Mozilla/5.0 (X11; Linux x86_64) AppleWebKit/537.36 (KHTML, like Gecko) Chrome/137.0.7151.119 Safari/537.36"
66.249.90.39 - - [21/Jul/2025:21:10:08 +0000] "GET /wp-content/themes/homlane/assets/css/imp.css?ver=6.8.2 HTTP/1.1" 304 - "https://topflowroofingplumbing.com.au/pcmypage/" "Mozilla/5.0 (X11; Linux x86_64) AppleWebKit/537.36 (KHTML, like Gecko) Chrome/137.0.7151.119 Safari/537.36"
66.249.90.32 - - [21/Jul/2025:21:10:09 +0000] "GET /wp-content/themes/homlane/assets/css/flaticon.css?ver=6.8.2 HTTP/1.1" 304 - "https://topflowroofingplumbing.com.au/pcmypage/" "Mozilla/5.0 (X11; Linux x86_64) AppleWebKit/537.36 (KHTML, like Gecko) Chrome/137.0.7151.119 Safari/537.36"
66.249.90.33 - - [21/Jul/2025:21:10:09 +0000] "GET /wp-content/themes/homlane/assets/css/fontawesome-all.css?ver=6.8.2 HTTP/1.1" 304 - "https://topflowroofingplumbing.com.au/pcmypage/" "Mozilla/5.0 (X11; Linux x86_64) AppleWebKit/537.36 (KHTML, like Gecko) Chrome/137.0.7151.119 Safari/537.36"
66.249.90.32 - - [21/Jul/2025:21:10:09 +0000] "GET /wp-content/themes/homlane/assets/css/scrollbar.css?ver=6.8.2 HTTP/1.1" 304 - "https://topflowroofingplumbing.com.au/pcmypage/" "Mozilla/5.0 (X11; Linux x86_64) AppleWebKit/537.36 (KHTML, like Gecko) Chrome/137.0.7151.119 Safari/537.36"
66.249.90.39 - - [21/Jul/2025:21:10:10 +0000] "GET /wp-content/themes/homlane/assets/css/animate.css?ver=6.8.2 HTTP/1.1" 304 - "https://topflowroofingplumbing.com.au/pcmypage/" "Mozilla/5.0 (X11; Linux x86_64) AppleWebKit/537.36 (KHTML, like Gecko) Chrome/137.0.7151.119 Safari/537.36"
66.249.90.39 - - [21/Jul/2025:21:10:10 +0000] "GET /wp-content/themes/homlane/assets/css/owl.css?ver=6.8.2 HTTP/1.1" 304 - "https://topflowroofingplumbing.com.au/pcmypage/" "Mozilla/5.0 (X11; Linux x86_64) AppleWebKit/537.36 (KHTML, like Gecko) Chrome/137.0.7151.119 Safari/537.36"
66.249.90.39 - - [21/Jul/2025:21:10:10 +0000] "GET /wp-content/themes/homlane/assets/css/nouislider.css?ver=6.8.2 HTTP/1.1" 304 - "https://topflowroofingplumbing.com.au/pcmypage/" "Mozilla/5.0 (X11; Linux x86_64) AppleWebKit/537.36 (KHTML, like Gecko) Chrome/137.0.7151.119 Safari/537.36"
66.249.90.39 - - [21/Jul/2025:21:10:10 +0000] "GET /wp-content/themes/homlane/assets/css/nouislider.pips.css?ver=6.8.2 HTTP/1.1" 304 - "https://topflowroofingplumbing.com.au/pcmypage/" "Mozilla/5.0 (X11; Linux x86_64) AppleWebKit/537.36 (KHTML, like Gecko) Chrome/137.0.7151.119 Safari/537.36"
66.249.90.32 - - [21/Jul/2025:21:10:11 +0000] "GET /wp-content/themes/homlane/assets/css/timePicker.css?ver=6.8.2 HTTP/1.1" 304 - "https://topflowroofingplumbing.com.au/pcmypage/" "Mozilla/5.0 (X11; Linux x86_64) AppleWebKit/537.36 (KHTML, like Gecko) Chrome/137.0.7151.119 Safari/537.36"
66.249.90.32 - - [21/Jul/2025:21:10:11 +0000] "GET /wp-content/themes/homlane/assets/css/bootstrap-select.min.css?ver=6.8.2 HTTP/1.1" 304 - "https://topflowroofingplumbing.com.au/pcmypage/" "Mozilla/5.0 (X11; Linux x86_64) AppleWebKit/537.36 (KHTML, like Gecko) Chrome/137.0.7151.119 Safari/537.36"
66.249.90.39 - - [21/Jul/2025:21:10:11 +0000] "GET /wp-content/themes/homlane/assets/css/jquery.bxslider.css?ver=6.8.2 HTTP/1.1" 304 - "https://topflowroofingplumbing.com.au/pcmypage/" "Mozilla/5.0 (X11; Linux x86_64) AppleWebKit/537.36 (KHTML, like Gecko) Chrome/137.0.7151.119 Safari/537.36"
66.249.90.32 - - [21/Jul/2025:21:10:11 +0000] "GET /wp-content/themes/homlane/assets/css/hiddenbar.css?ver=6.8.2 HTTP/1.1" 304 - "https://topflowroofingplumbing.com.au/pcmypage/" "Mozilla/5.0 (X11; Linux x86_64) AppleWebKit/537.36 (KHTML, like Gecko) Chrome/137.0.7151.119 Safari/537.36"
66.249.90.32 - - [21/Jul/2025:21:10:12 +0000] "GET /wp-content/themes/homlane/assets/css/icomoon.css?ver=6.8.2 HTTP/1.1" 304 - "https://topflowroofingplumbing.com.au/pcmypage/" "Mozilla/5.0 (X11; Linux x86_64) AppleWebKit/537.36 (KHTML, like Gecko) Chrome/137.0.7151.119 Safari/537.36"
66.249.90.32 - - [21/Jul/2025:21:10:12 +0000] "GET /wp-content/themes/homlane/assets/css/jquery.mCustomScrollbar.min.css?ver=6.8.2 HTTP/1.1" 304 - "https://topflowroofingplumbing.com.au/pcmypage/" "Mozilla/5.0 (X11; Linux x86_64) AppleWebKit/537.36 (KHTML, like Gecko) Chrome/137.0.7151.119 Safari/537.36"
66.249.90.39 - - [21/Jul/2025:21:10:12 +0000] "GET /wp-content/themes/homlane/assets/css/tinyscrollbar.css?ver=6.8.2 HTTP/1.1" 304 - "https://topflowroofingplumbing.com.au/pcmypage/" "Mozilla/5.0 (X11; Linux x86_64) AppleWebKit/537.36 (KHTML, like Gecko) Chrome/137.0.7151.119 Safari/537.36"
66.249.90.39 - - [21/Jul/2025:21:10:12 +0000] "GET /wp-content/themes/homlane/assets/css/slick.css?ver=6.8.2 HTTP/1.1" 304 - "https://topflowroofingplumbing.com.au/pcmypage/" "Mozilla/5.0 (X11; Linux x86_64) AppleWebKit/537.36 (KHTML, like Gecko) Chrome/137.0.7151.119 Safari/537.36"
66.249.90.39 - - [21/Jul/2025:21:10:13 +0000] "GET /wp-content/themes/homlane/assets/css/twentytwenty.css?ver=6.8.2 HTTP/1.1" 304 - "https://topflowroofingplumbing.com.au/pcmypage/" "Mozilla/5.0 (X11; Linux x86_64) AppleWebKit/537.36 (KHTML, like Gecko) Chrome/137.0.7151.119 Safari/537.36"
2a03:2880:f800:6:: - - [21/Jul/2025:21:10:12 +0000] "GET /shopdetail/425188052 HTTP/1.1" 404 11694 "-" "meta-externalagent/1.1 (+https://developers.facebook.com/docs/sharing/webmasters/crawler)"
66.249.90.39 - - [21/Jul/2025:21:10:13 +0000] "GET /wp-content/themes/homlane-child/style.css?ver=6.8.2 HTTP/1.1" 304 - "https://topflowroofingplumbing.com.au/pcmypage/" "Mozilla/5.0 (X11; Linux x86_64) AppleWebKit/537.36 (KHTML, like Gecko) Chrome/137.0.7151.119 Safari/537.36"
66.249.90.32 - - [21/Jul/2025:21:10:13 +0000] "GET /wp-content/themes/homlane/assets/css/jquery.fancybox.min.css?ver=6.8.2 HTTP/1.1" 304 - "https://topflowroofingplumbing.com.au/pcmypage/" "Mozilla/5.0 (X11; Linux x86_64) AppleWebKit/537.36 (KHTML, like Gecko) Chrome/137.0.7151.119 Safari/537.36"
66.249.90.39 - - [21/Jul/2025:21:10:14 +0000] "GET /wp-content/themes/homlane/assets/css/jquery.bootstrap-touchspin.css?ver=6.8.2 HTTP/1.1" 304 - "https://topflowroofingplumbing.com.au/pcmypage/" "Mozilla/5.0 (X11; Linux x86_64) AppleWebKit/537.36 (KHTML, like Gecko) Chrome/137.0.7151.119 Safari/537.36"
66.249.90.39 - - [21/Jul/2025:21:10:14 +0000] "GET /wp-content/themes/homlane/assets/css/color/theme-color.css?ver=6.8.2 HTTP/1.1" 304 - "https://topflowroofingplumbing.com.au/pcmypage/" "Mozilla/5.0 (X11; Linux x86_64) AppleWebKit/537.36 (KHTML, like Gecko) Chrome/137.0.7151.119 Safari/537.36"
66.249.73.103 - - [21/Jul/2025:21:10:13 +0000] "GET /evening/m91?pid=310 HTTP/1.1" 200 86442 "-" "Mozilla/5.0 (Linux; Android 6.0.1; Nexus 5X Build/MMB29P) AppleWebKit/537.36 (KHTML, like Gecko) Chrome/137.0.7151.103 Mobile Safari/537.36 (compatible; Googlebot/2.1; +http://www.google.com/bot.html)"
66.249.90.39 - - [21/Jul/2025:21:10:14 +0000] "GET /wp-content/themes/homlane/assets/css/custom.css?ver=6.8.2 HTTP/1.1" 304 - "https://topflowroofingplumbing.com.au/pcmypage/" "Mozilla/5.0 (X11; Linux x86_64) AppleWebKit/537.36 (KHTML, like Gecko) Chrome/137.0.7151.119 Safari/537.36"
66.249.90.39 - - [21/Jul/2025:21:10:14 +0000] "GET /wp-content/themes/homlane/assets/css/style.css?ver=6.8.2 HTTP/1.1" 304 - "https://topflowroofingplumbing.com.au/pcmypage/" "Mozilla/5.0 (X11; Linux x86_64) AppleWebKit/537.36 (KHTML, like Gecko) Chrome/137.0.7151.119 Safari/537.36"
66.249.90.39 - - [21/Jul/2025:21:10:15 +0000] "GET /wp-content/themes/homlane/assets/css/style-2.css?ver=6.8.2 HTTP/1.1" 304 - "https://topflowroofingplumbing.com.au/pcmypage/" "Mozilla/5.0 (X11; Linux x86_64) AppleWebKit/537.36 (KHTML, like Gecko) Chrome/137.0.7151.119 Safari/537.36"
66.249.90.39 - - [21/Jul/2025:21:10:15 +0000] "GET /wp-content/plugins/leadconnector/public/js/lc-public.js?ver=3.0.10.1 HTTP/1.1" 304 - "https://topflowroofingplumbing.com.au/pcmypage/" "Mozilla/5.0 (X11; Linux x86_64) AppleWebKit/537.36 (KHTML, like Gecko) Chrome/137.0.7151.119 Safari/537.36"
66.249.90.39 - - [21/Jul/2025:21:10:15 +0000] "GET /wp-content/uploads/2024/11/TOPFL-dW.png HTTP/1.1" 304 - "https://topflowroofingplumbing.com.au/pcmypage/" "Mozilla/5.0 (X11; Linux x86_64) AppleWebKit/537.36 (KHTML, like Gecko) Chrome/137.0.7151.119 Safari/537.36"
66.249.90.39 - - [21/Jul/2025:21:10:15 +0000] "GET /wp-includes/js/jquery/jquery-migrate.min.js?ver=3.4.1 HTTP/1.1" 304 - "https://topflowroofingplumbing.com.au/pcmypage/" "Mozilla/5.0 (X11; Linux x86_64) AppleWebKit/537.36 (KHTML, like Gecko) Chrome/137.0.7151.119 Safari/537.36"
66.249.90.39 - - [21/Jul/2025:21:10:15 +0000] "GET /wp-content/themes/homlane/assets/css/color.css?ver=6.8.2 HTTP/1.1" 304 - "https://topflowroofingplumbing.com.au/pcmypage/" "Mozilla/5.0 (X11; Linux x86_64) AppleWebKit/537.36 (KHTML, like Gecko) Chrome/137.0.7151.119 Safari/537.36"
66.249.90.39 - - [21/Jul/2025:21:10:16 +0000] "GET /wp-content/themes/homlane/assets/images-2/icons/icon-80.png HTTP/1.1" 304 - "https://topflowroofingplumbing.com.au/pcmypage/" "Mozilla/5.0 (X11; Linux x86_64) AppleWebKit/537.36 (KHTML, like Gecko) Chrome/137.0.7151.119 Safari/537.36"
66.249.90.39 - - [21/Jul/2025:21:10:16 +0000] "GET /wp-content/themes/homlane/assets/css/rtl.css?ver=6.8.2 HTTP/1.1" 304 - "https://topflowroofingplumbing.com.au/pcmypage/" "Mozilla/5.0 (X11; Linux x86_64) AppleWebKit/537.36 (KHTML, like Gecko) Chrome/137.0.7151.119 Safari/537.36"
66.249.90.39 - - [21/Jul/2025:21:10:16 +0000] "GET /wp-includes/js/jquery/jquery.min.js?ver=3.7.1 HTTP/1.1" 304 - "https://topflowroofingplumbing.com.au/pcmypage/" "Mozilla/5.0 (X11; Linux x86_64) AppleWebKit/537.36 (KHTML, like Gecko) Chrome/137.0.7151.119 Safari/537.36"
66.249.90.39 - - [21/Jul/2025:21:10:16 +0000] "GET /wp-content/themes/homlane/assets/css/color-2.css?ver=6.8.2 HTTP/1.1" 304 - "https://topflowroofingplumbing.com.au/pcmypage/" "Mozilla/5.0 (X11; Linux x86_64) AppleWebKit/537.36 (KHTML, like Gecko) Chrome/137.0.7151.119 Safari/537.36"
66.249.90.39 - - [21/Jul/2025:21:10:17 +0000] "GET /wp-content/themes/homlane/assets/css/jquery-ui.css?ver=6.8.2 HTTP/1.1" 304 - "https://topflowroofingplumbing.com.au/pcmypage/" "Mozilla/5.0 (X11; Linux x86_64) AppleWebKit/537.36 (KHTML, like Gecko) Chrome/137.0.7151.119 Safari/537.36"
66.249.90.39 - - [21/Jul/2025:21:10:17 +0000] "GET /wp-content/themes/homlane/assets/css/magnific-popup.css?ver=6.8.2 HTTP/1.1" 304 - "https://topflowroofingplumbing.com.au/pcmypage/" "Mozilla/5.0 (X11; Linux x86_64) AppleWebKit/537.36 (KHTML, like Gecko) Chrome/137.0.7151.119 Safari/537.36"
66.249.90.39 - - [21/Jul/2025:21:10:17 +0000] "GET /wp-content/plugins/contact-form-7/includes/css/styles.css?ver=6.1 HTTP/1.1" 304 - "https://topflowroofingplumbing.com.au/pcmypage/" "Mozilla/5.0 (X11; Linux x86_64) AppleWebKit/537.36 (KHTML, like Gecko) Chrome/137.0.7151.119 Safari/537.36"
66.249.90.39 - - [21/Jul/2025:21:10:17 +0000] "GET /wp-content/themes/homlane/assets/css/responsive.css?ver=6.8.2 HTTP/1.1" 304 - "https://topflowroofingplumbing.com.au/pcmypage/" "Mozilla/5.0 (X11; Linux x86_64) AppleWebKit/537.36 (KHTML, like Gecko) Chrome/137.0.7151.119 Safari/537.36"
66.249.90.39 - - [21/Jul/2025:21:10:17 +0000] "GET /wp-content/themes/homlane/assets/css/flaticon-2.css?ver=6.8.2 HTTP/1.1" 304 - "https://topflowroofingplumbing.com.au/pcmypage/" "Mozilla/5.0 (X11; Linux x86_64) AppleWebKit/537.36 (KHTML, like Gecko) Chrome/137.0.7151.119 Safari/537.36"
66.249.90.32 - - [21/Jul/2025:21:10:18 +0000] "GET /wp-content/themes/homlane/assets/images-2/icons/icon-81.png HTTP/1.1" 304 - "https://topflowroofingplumbing.com.au/pcmypage/" "Mozilla/5.0 (X11; Linux x86_64) AppleWebKit/537.36 (KHTML, like Gecko) Chrome/137.0.7151.119 Safari/537.36"
