209.141.50.27 - - [21/Jul/2025:23:29:17 +0000] "GET /wp-login.php HTTP/1.1" 302 - "-" "Mozilla/5.0 (Macintosh; Intel Mac OS X 10.9; rv:31.0) Gecko/20100101 Firefox/31.0"
209.141.50.27 - - [21/Jul/2025:23:29:17 +0000] "GET /wp-login.php HTTP/1.1" 302 - "-" "Mozilla/5.0 (Macintosh; Intel Mac OS X 10.9; rv:31.0) Gecko/20100101 Firefox/31.0"
209.141.50.27 - - [21/Jul/2025:23:29:17 +0000] "GET /wp-login.php HTTP/1.1" 302 - "-" "Mozilla/5.0 (Macintosh; Intel Mac OS X 10.9; rv:31.0) Gecko/20100101 Firefox/31.0"
209.141.50.27 - - [21/Jul/2025:23:29:17 +0000] "GET /wp-login.php HTTP/1.1" 302 - "-" "Mozilla/5.0 (Macintosh; Intel Mac OS X 10.9; rv:31.0) Gecko/20100101 Firefox/31.0"
209.141.50.27 - - [21/Jul/2025:23:29:17 +0000] "GET /wp-login.php HTTP/1.1" 302 - "-" "Mozilla/5.0 (Macintosh; Intel Mac OS X 10.9; rv:31.0) Gecko/20100101 Firefox/31.0"
209.141.50.27 - - [21/Jul/2025:23:29:17 +0000] "GET /wp-login.php HTTP/1.1" 302 - "-" "Mozilla/5.0 (Macintosh; Intel Mac OS X 10.9; rv:31.0) Gecko/20100101 Firefox/31.0"
209.141.50.27 - - [21/Jul/2025:23:29:17 +0000] "GET /wp-login.php HTTP/1.1" 302 - "-" "Mozilla/5.0 (Macintosh; Intel Mac OS X 10.9; rv:31.0) Gecko/20100101 Firefox/31.0"
209.141.50.27 - - [21/Jul/2025:23:29:18 +0000] "GET /wp-login.php HTTP/1.1" 302 - "-" "Mozilla/5.0 (Macintosh; Intel Mac OS X 10.9; rv:31.0) Gecko/20100101 Firefox/31.0"
209.141.50.27 - - [21/Jul/2025:23:29:18 +0000] "GET /wp-login.php HTTP/1.1" 302 - "-" "Mozilla/5.0 (Macintosh; Intel Mac OS X 10.9; rv:31.0) Gecko/20100101 Firefox/31.0"
209.141.50.27 - - [21/Jul/2025:23:29:18 +0000] "GET /wp-login.php HTTP/1.1" 302 - "-" "Mozilla/5.0 (Macintosh; Intel Mac OS X 10.9; rv:31.0) Gecko/20100101 Firefox/31.0"
209.141.50.27 - - [21/Jul/2025:23:29:18 +0000] "GET /wp-login.php HTTP/1.1" 302 - "-" "Mozilla/5.0 (Macintosh; Intel Mac OS X 10.9; rv:31.0) Gecko/20100101 Firefox/31.0"
209.141.50.27 - - [21/Jul/2025:23:29:18 +0000] "GET /wp-login.php HTTP/1.1" 302 - "-" "Mozilla/5.0 (Macintosh; Intel Mac OS X 10.9; rv:31.0) Gecko/20100101 Firefox/31.0"
209.141.50.27 - - [21/Jul/2025:23:29:18 +0000] "GET /wp-login.php HTTP/1.1" 302 - "-" "Mozilla/5.0 (Macintosh; Intel Mac OS X 10.9; rv:31.0) Gecko/20100101 Firefox/31.0"
209.141.50.27 - - [21/Jul/2025:23:29:19 +0000] "GET /wp-login.php HTTP/1.1" 302 - "-" "Mozilla/5.0 (Macintosh; Intel Mac OS X 10.9; rv:31.0) Gecko/20100101 Firefox/31.0"
209.141.50.27 - - [21/Jul/2025:23:29:19 +0000] "GET /wp-login.php HTTP/1.1" 302 - "-" "Mozilla/5.0 (Macintosh; Intel Mac OS X 10.9; rv:31.0) Gecko/20100101 Firefox/31.0"
209.141.50.27 - - [21/Jul/2025:23:29:19 +0000] "GET /wp-login.php HTTP/1.1" 302 - "-" "Mozilla/5.0 (Macintosh; Intel Mac OS X 10.9; rv:31.0) Gecko/20100101 Firefox/31.0"
209.141.50.27 - - [21/Jul/2025:23:29:19 +0000] "GET /wp-login.php HTTP/1.1" 302 - "-" "Mozilla/5.0 (Macintosh; Intel Mac OS X 10.9; rv:31.0) Gecko/20100101 Firefox/31.0"
209.141.50.27 - - [21/Jul/2025:23:29:19 +0000] "GET /wp-login.php HTTP/1.1" 302 - "-" "Mozilla/5.0 (Macintosh; Intel Mac OS X 10.9; rv:31.0) Gecko/20100101 Firefox/31.0"
209.141.50.27 - - [21/Jul/2025:23:29:19 +0000] "GET /wp-login.php HTTP/1.1" 302 - "-" "Mozilla/5.0 (Macintosh; Intel Mac OS X 10.9; rv:31.0) Gecko/20100101 Firefox/31.0"
66.249.65.98 - - [21/Jul/2025:23:29:23 +0000] "GET /pcmypage?callback=product%2Fdetail%2Fhaikanshop-yn-6546803 HTTP/1.1" 200 85801 "-" "Mozilla/5.0 (Linux; Android 6.0.1; Nexus 5X Build/MMB29P) AppleWebKit/537.36 (KHTML, like Gecko) Chrome/137.0.7151.103 Mobile Safari/537.36 (compatible; Googlebot/2.1; +http://www.google.com/bot.html)"
66.249.65.98 - - [21/Jul/2025:23:29:23 +0000] "GET /pcmypage?callback=product/review/sayaka-r-210420-2-17167-k10-1 HTTP/1.1" 200 85436 "-" "Mozilla/5.0 (Linux; Android 6.0.1; Nexus 5X Build/MMB29P) AppleWebKit/537.36 (KHTML, like Gecko) Chrome/137.0.7151.103 Mobile Safari/537.36 (compatible; Googlebot/2.1; +http://www.google.com/bot.html)"
66.249.65.97 - - [21/Jul/2025:23:29:39 +0000] "GET /pcmypage?callback=/product%2Fdetail%2ohmiya-sports-501-dv4339-800-1 HTTP/1.1" 200 86701 "-" "Mozilla/5.0 (Linux; Android 6.0.1; Nexus 5X Build/MMB29P) AppleWebKit/537.36 (KHTML, like Gecko) Chrome/137.0.7151.103 Mobile Safari/537.36 (compatible; Googlebot/2.1; +http://www.google.com/bot.html)"
2a03:2880:f800:e:: - - [21/Jul/2025:23:29:47 +0000] "GET /shopbrand/347505639 HTTP/1.1" 404 11694 "-" "meta-externalagent/1.1 (+https://developers.facebook.com/docs/sharing/webmasters/crawler)"
66.249.65.97 - - [21/Jul/2025:23:29:55 +0000] "GET /299044891.htm HTTP/1.1" 200 85782 "-" "Mozilla/5.0 (Linux; Android 6.0.1; Nexus 5X Build/MMB29P) AppleWebKit/537.36 (KHTML, like Gecko) Chrome/137.0.7151.103 Mobile Safari/537.36 (compatible; Googlebot/2.1; +http://www.google.com/bot.html)"
20.171.207.187 - - [21/Jul/2025:23:29:57 +0000] "GET /search.php?pcmypage%3Fcallback=product%2Freview%2Flivingut-352450 HTTP/1.1" 200 87449 "-" "Mozilla/5.0 AppleWebKit/537.36 (KHTML, like Gecko; compatible; GPTBot/1.2; +https://openai.com/gptbot)"
66.249.65.97 - - [21/Jul/2025:23:30:12 +0000] "GET /080049538.htm HTTP/1.1" 200 86138 "-" "Mozilla/5.0 (Linux; Android 6.0.1; Nexus 5X Build/MMB29P) AppleWebKit/537.36 (KHTML, like Gecko) Chrome/137.0.7151.103 Mobile Safari/537.36 (compatible; Googlebot/2.1; +http://www.google.com/bot.html)"
209.74.77.214 - - [21/Jul/2025:23:30:37 +0000] "POST /wp-cron.php?doing_wp_cron=1753140637.6371319293975830078125 HTTP/1.1" 403 33 "-" "WordPress/6.8.2; https://topflowroofingplumbing.com.au"
2a03:2880:f800:1c:: - - [21/Jul/2025:23:30:37 +0000] "GET /shopbrand/352132866 HTTP/1.1" 404 11694 "-" "meta-externalagent/1.1 (+https://developers.facebook.com/docs/sharing/webmasters/crawler)"
66.249.65.98 - - [21/Jul/2025:23:30:44 +0000] "GET /156016110.htm HTTP/1.1" 200 86297 "-" "Mozilla/5.0 (Linux; Android 6.0.1; Nexus 5X Build/MMB29P) AppleWebKit/537.36 (KHTML, like Gecko) Chrome/137.0.7151.103 Mobile Safari/537.36 (compatible; Googlebot/2.1; +http://www.google.com/bot.html)"
20.171.207.187 - - [21/Jul/2025:23:30:59 +0000] "GET /search.php?pcmypage%3Fcallback=product%2Fdetail%2Fikeshibu-743410 HTTP/1.1" 200 86739 "-" "Mozilla/5.0 AppleWebKit/537.36 (KHTML, like Gecko; compatible; GPTBot/1.2; +https://openai.com/gptbot)"
66.249.65.97 - - [21/Jul/2025:23:31:00 +0000] "GET /289000317.htm HTTP/1.1" 200 86373 "-" "Mozilla/5.0 (Linux; Android 6.0.1; Nexus 5X Build/MMB29P) AppleWebKit/537.36 (KHTML, like Gecko) Chrome/137.0.7151.103 Mobile Safari/537.36 (compatible; Googlebot/2.1; +http://www.google.com/bot.html)"
66.249.65.98 - - [21/Jul/2025:23:31:16 +0000] "GET /034033522.htm HTTP/1.1" 200 85696 "-" "Mozilla/5.0 (Linux; Android 6.0.1; Nexus 5X Build/MMB29P) AppleWebKit/537.36 (KHTML, like Gecko) Chrome/137.0.7151.103 Mobile Safari/537.36 (compatible; Googlebot/2.1; +http://www.google.com/bot.html)"
66.249.65.98 - - [21/Jul/2025:23:31:17 +0000] "GET /pcmypage?callback=product/review/clothoid-20151031-22 HTTP/1.1" 200 86737 "-" "Mozilla/5.0 (Linux; Android 6.0.1; Nexus 5X Build/MMB29P) AppleWebKit/537.36 (KHTML, like Gecko) Chrome/137.0.7151.103 Mobile Safari/537.36 (compatible; Googlebot/2.1; +http://www.google.com/bot.html)"
66.249.65.97 - - [21/Jul/2025:23:31:48 +0000] "GET /077002831.htm HTTP/1.1" 200 85854 "-" "Mozilla/5.0 (Linux; Android 6.0.1; Nexus 5X Build/MMB29P) AppleWebKit/537.36 (KHTML, like Gecko) Chrome/137.0.7151.103 Mobile Safari/537.36 (compatible; Googlebot/2.1; +http://www.google.com/bot.html)"
20.171.207.187 - - [21/Jul/2025:23:32:03 +0000] "GET /search.php?m178029042%3Fsrsltid=AfmBOoIFWfAfmjdDSsDTEQ_8tT7b59l2M_NBieJ350-P-4ErK83ltL HTTP/1.1" 200 86791 "-" "Mozilla/5.0 AppleWebKit/537.36 (KHTML, like Gecko; compatible; GPTBot/1.2; +https://openai.com/gptbot)"
66.249.65.97 - - [21/Jul/2025:23:32:05 +0000] "GET /077002867.htm HTTP/1.1" 200 85726 "-" "Mozilla/5.0 (Linux; Android 6.0.1; Nexus 5X Build/MMB29P) AppleWebKit/537.36 (KHTML, like Gecko) Chrome/137.0.7151.103 Mobile Safari/537.36 (compatible; Googlebot/2.1; +http://www.google.com/bot.html)"
66.249.65.98 - - [21/Jul/2025:23:32:22 +0000] "GET /155028315.htm HTTP/1.1" 200 85682 "-" "Mozilla/5.0 (Linux; Android 6.0.1; Nexus 5X Build/MMB29P) AppleWebKit/537.36 (KHTML, like Gecko) Chrome/137.0.7151.103 Mobile Safari/537.36 (compatible; Googlebot/2.1; +http://www.google.com/bot.html)"
66.249.73.103 - - [21/Jul/2025:23:32:38 +0000] "GET /tips-for-leakage-fixing-in-kitchen-pipe HTTP/1.1" 200 86989 "-" "Mozilla/5.0 (Linux; Android 6.0.1; Nexus 5X Build/MMB29P) AppleWebKit/537.36 (KHTML, like Gecko) Chrome/137.0.7151.103 Mobile Safari/537.36 (compatible; Googlebot/2.1; +http://www.google.com/bot.html)"
66.249.65.97 - - [21/Jul/2025:23:32:54 +0000] "GET /pcmypage?callback=product/review/prolabshop-8-572-01 HTTP/1.1" 200 86003 "-" "Mozilla/5.0 (Linux; Android 6.0.1; Nexus 5X Build/MMB29P) AppleWebKit/537.36 (KHTML, like Gecko) Chrome/137.0.7151.103 Mobile Safari/537.36 (compatible; Googlebot/2.1; +http://www.google.com/bot.html)"
20.171.207.187 - - [21/Jul/2025:23:33:04 +0000] "GET /search.php?m210042886%3Fsrsltid=AfmBOoahCpEDMIpwQ4XiNn_intG21HwiJ_NYPdoxnw-L-v9hNMe2J3 HTTP/1.1" 200 86979 "-" "Mozilla/5.0 AppleWebKit/537.36 (KHTML, like Gecko; compatible; GPTBot/1.2; +https://openai.com/gptbot)"
209.74.77.214 - - [21/Jul/2025:23:33:08 +0000] "POST /wp-cron.php?doing_wp_cron=1753140787.9342579841613769531250 HTTP/1.1" 403 33 "-" "WordPress/6.8.2; https://topflowroofingplumbing.com.au"
2a03:2880:f800:b:: - - [21/Jul/2025:23:33:06 +0000] "GET /shopdetail/22792252 HTTP/1.1" 404 11694 "-" "meta-externalagent/1.1 (+https://developers.facebook.com/docs/sharing/webmasters/crawler)"
66.249.65.99 - - [21/Jul/2025:23:33:11 +0000] "GET /044000068.htm HTTP/1.1" 200 87352 "-" "Mozilla/5.0 (Linux; Android 6.0.1; Nexus 5X Build/MMB29P) AppleWebKit/537.36 (KHTML, like Gecko) Chrome/137.0.7151.103 Mobile Safari/537.36 (compatible; Googlebot/2.1; +http://www.google.com/bot.html)"
2a03:2880:f800:4:: - - [21/Jul/2025:23:33:23 +0000] "GET /shopbrand/193898279 HTTP/1.1" 404 11694 "-" "meta-externalagent/1.1 (+https://developers.facebook.com/docs/sharing/webmasters/crawler)"
66.249.65.97 - - [21/Jul/2025:23:33:43 +0000] "GET /048025652.htm HTTP/1.1" 200 85785 "-" "Mozilla/5.0 (Linux; Android 6.0.1; Nexus 5X Build/MMB29P) AppleWebKit/537.36 (KHTML, like Gecko) Chrome/137.0.7151.103 Mobile Safari/537.36 (compatible; Googlebot/2.1; +http://www.google.com/bot.html)"
66.249.65.97 - - [21/Jul/2025:23:33:59 +0000] "GET /200028446.htm HTTP/1.1" 200 85256 "-" "Mozilla/5.0 (Linux; Android 6.0.1; Nexus 5X Build/MMB29P) AppleWebKit/537.36 (KHTML, like Gecko) Chrome/137.0.7151.103 Mobile Safari/537.36 (compatible; Googlebot/2.1; +http://www.google.com/bot.html)"
66.249.65.97 - - [21/Jul/2025:23:33:59 +0000] "GET /048025654.htm HTTP/1.1" 200 85917 "-" "Mozilla/5.0 (Linux; Android 6.0.1; Nexus 5X Build/MMB29P) AppleWebKit/537.36 (KHTML, like Gecko) Chrome/137.0.7151.103 Mobile Safari/537.36 (compatible; Googlebot/2.1; +http://www.google.com/bot.html)"
20.171.207.187 - - [21/Jul/2025:23:34:09 +0000] "GET /search.php?items%2F114038049.html%3Fsrsltid=AfmBOonomkRoisZLOpmOcJoVUhdVEaPM8ye7AMpYjnk9LHAizEnL HTTP/1.1" 200 87618 "-" "Mozilla/5.0 AppleWebKit/537.36 (KHTML, like Gecko; compatible; GPTBot/1.2; +https://openai.com/gptbot)"
66.249.65.97 - - [21/Jul/2025:23:34:16 +0000] "GET /217030093.htm HTTP/1.1" 200 86104 "-" "Mozilla/5.0 (Linux; Android 6.0.1; Nexus 5X Build/MMB29P) AppleWebKit/537.36 (KHTML, like Gecko) Chrome/137.0.7151.103 Mobile Safari/537.36 (compatible; Googlebot/2.1; +http://www.google.com/bot.html)"
66.249.65.97 - - [21/Jul/2025:23:34:48 +0000] "GET /186029894.htm HTTP/1.1" 200 86269 "-" "Mozilla/5.0 (Linux; Android 6.0.1; Nexus 5X Build/MMB29P) AppleWebKit/537.36 (KHTML, like Gecko) Chrome/137.0.7151.103 Mobile Safari/537.36 (compatible; Googlebot/2.1; +http://www.google.com/bot.html)"
66.249.73.97 - - [21/Jul/2025:23:34:57 +0000] "GET /faith/z48?pid=269 HTTP/1.1" 200 85472 "-" "Mozilla/5.0 (compatible; Googlebot/2.1; +http://www.google.com/bot.html)"
66.249.65.97 - - [21/Jul/2025:23:35:05 +0000] "GET /293017831.htm HTTP/1.1" 200 85877 "-" "Mozilla/5.0 (Linux; Android 6.0.1; Nexus 5X Build/MMB29P) AppleWebKit/537.36 (KHTML, like Gecko) Chrome/137.0.7151.103 Mobile Safari/537.36 (compatible; Googlebot/2.1; +http://www.google.com/bot.html)"
66.249.65.99 - - [21/Jul/2025:23:35:05 +0000] "GET /pcmypage?callback=product%2Fdetail%2Fskymarketplus-b07c2n677j HTTP/1.1" 200 85648 "-" "Mozilla/5.0 (Linux; Android 6.0.1; Nexus 5X Build/MMB29P) AppleWebKit/537.36 (KHTML, like Gecko) Chrome/137.0.7151.103 Mobile Safari/537.36 (compatible; Googlebot/2.1; +http://www.google.com/bot.html)"
20.171.207.187 - - [21/Jul/2025:23:35:15 +0000] "GET /search.php?items%2F273005120.html%3Fsrsltid=AfmBOowmkJQMkofHXLfKm7BwMzxkiIHkszPj3rVwsQxYeKSmge3r HTTP/1.1" 200 86911 "-" "Mozilla/5.0 AppleWebKit/537.36 (KHTML, like Gecko; compatible; GPTBot/1.2; +https://openai.com/gptbot)"
66.249.65.98 - - [21/Jul/2025:23:35:21 +0000] "GET /071015689.htm HTTP/1.1" 200 85629 "-" "Mozilla/5.0 (Linux; Android 6.0.1; Nexus 5X Build/MMB29P) AppleWebKit/537.36 (KHTML, like Gecko) Chrome/137.0.7151.103 Mobile Safari/537.36 (compatible; Googlebot/2.1; +http://www.google.com/bot.html)"
66.249.65.97 - - [21/Jul/2025:23:35:53 +0000] "GET /pcmypage?callback=/product%2Fdetail%2skymarketplus-b07c2n677j HTTP/1.1" 200 86510 "-" "Mozilla/5.0 (Linux; Android 6.0.1; Nexus 5X Build/MMB29P) AppleWebKit/537.36 (KHTML, like Gecko) Chrome/137.0.7151.103 Mobile Safari/537.36 (compatible; Googlebot/2.1; +http://www.google.com/bot.html)"
66.249.65.98 - - [21/Jul/2025:23:36:10 +0000] "GET /pcmypage?callback=product/review/alllight-ah92039l_ae49446l_koizumi HTTP/1.1" 200 86479 "-" "Mozilla/5.0 (Linux; Android 6.0.1; Nexus 5X Build/MMB29P) AppleWebKit/537.36 (KHTML, like Gecko) Chrome/137.0.7151.103 Mobile Safari/537.36 (compatible; Googlebot/2.1; +http://www.google.com/bot.html)"
20.171.207.187 - - [21/Jul/2025:23:36:15 +0000] "GET /search.php?product/edit/bike-mainte-g16-28835129-000195 HTTP/1.1" 200 86162 "-" "Mozilla/5.0 AppleWebKit/537.36 (KHTML, like Gecko; compatible; GPTBot/1.2; +https://openai.com/gptbot)"
66.249.65.98 - - [21/Jul/2025:23:36:26 +0000] "GET /255048799.htm HTTP/1.1" 200 85941 "-" "Mozilla/5.0 (Linux; Android 6.0.1; Nexus 5X Build/MMB29P) AppleWebKit/537.36 (KHTML, like Gecko) Chrome/137.0.7151.103 Mobile Safari/537.36 (compatible; Googlebot/2.1; +http://www.google.com/bot.html)"
173.208.153.154 - - [21/Jul/2025:23:36:45 +0000] "GET /wp-includes/wp-configs.php HTTP/1.1" 200 26 "https://topflowroofingplumbing.com.au/wp-includes/wp-configs.php" "Mozilla/5.0 (compatible; MSIE 9.0; Windows NT 6.0; Trident/5.0)"
66.249.65.97 - - [21/Jul/2025:23:36:59 +0000] "GET /pcmypage?callback=/product%2Fdetail%2Akibaoo-r-hm001085665 HTTP/1.1" 200 86185 "-" "Mozilla/5.0 (Linux; Android 6.0.1; Nexus 5X Build/MMB29P) AppleWebKit/537.36 (KHTML, like Gecko) Chrome/137.0.7151.103 Mobile Safari/537.36 (compatible; Googlebot/2.1; +http://www.google.com/bot.html)"
66.249.65.97 - - [21/Jul/2025:23:37:15 +0000] "GET /pcmypage?callback=product/review/akibaoo-r-hm001085665 HTTP/1.1" 200 86276 "-" "Mozilla/5.0 (Linux; Android 6.0.1; Nexus 5X Build/MMB29P) AppleWebKit/537.36 (KHTML, like Gecko) Chrome/137.0.7151.103 Mobile Safari/537.36 (compatible; Googlebot/2.1; +http://www.google.com/bot.html)"
66.249.65.99 - - [21/Jul/2025:23:37:15 +0000] "GET /005001355.htm HTTP/1.1" 200 85958 "-" "Mozilla/5.0 (Linux; Android 6.0.1; Nexus 5X Build/MMB29P) AppleWebKit/537.36 (KHTML, like Gecko) Chrome/137.0.7151.103 Mobile Safari/537.36 (compatible; Googlebot/2.1; +http://www.google.com/bot.html)"
209.74.77.214 - - [21/Jul/2025:23:37:20 +0000] "POST /wp-cron.php?doing_wp_cron=1753141040.8106710910797119140625 HTTP/1.1" 403 33 "-" "WordPress/6.8.2; https://topflowroofingplumbing.com.au"
2a03:2880:f800:8:: - - [21/Jul/2025:23:37:19 +0000] "GET /shopdetail/112336152 HTTP/1.1" 404 11694 "-" "meta-externalagent/1.1 (+https://developers.facebook.com/docs/sharing/webmasters/crawler)"
20.171.207.187 - - [21/Jul/2025:23:37:20 +0000] "GET /search.php?items%2F215027266.html%3Fsrsltid=AfmBOoueyvVRYxCVzHhJAYefQDIvLqRPC8voD8NaVUqOVxiXRA5x HTTP/1.1" 200 87035 "-" "Mozilla/5.0 AppleWebKit/537.36 (KHTML, like Gecko; compatible; GPTBot/1.2; +https://openai.com/gptbot)"
66.249.65.98 - - [21/Jul/2025:23:37:32 +0000] "GET /154020294.htm HTTP/1.1" 200 85842 "-" "Mozilla/5.0 (Linux; Android 6.0.1; Nexus 5X Build/MMB29P) AppleWebKit/537.36 (KHTML, like Gecko) Chrome/137.0.7151.103 Mobile Safari/537.36 (compatible; Googlebot/2.1; +http://www.google.com/bot.html)"
2a03:2880:f800:2:: - - [21/Jul/2025:23:37:42 +0000] "GET /shopdetail/525482252 HTTP/1.1" 404 11694 "-" "meta-externalagent/1.1 (+https://developers.facebook.com/docs/sharing/webmasters/crawler)"
66.249.65.97 - - [21/Jul/2025:23:38:04 +0000] "GET /095008693.htm HTTP/1.1" 200 86064 "-" "Mozilla/5.0 (Linux; Android 6.0.1; Nexus 5X Build/MMB29P) AppleWebKit/537.36 (KHTML, like Gecko) Chrome/137.0.7151.103 Mobile Safari/537.36 (compatible; Googlebot/2.1; +http://www.google.com/bot.html)"
66.249.65.98 - - [21/Jul/2025:23:38:20 +0000] "GET /207006053.htm HTTP/1.1" 200 85839 "-" "Mozilla/5.0 (Linux; Android 6.0.1; Nexus 5X Build/MMB29P) AppleWebKit/537.36 (KHTML, like Gecko) Chrome/137.0.7151.103 Mobile Safari/537.36 (compatible; Googlebot/2.1; +http://www.google.com/bot.html)"
66.249.73.97 - - [21/Jul/2025:23:38:20 +0000] "GET /pcmypage?callback=/product%2Fdetail%2vie-up-ds-2483719 HTTP/1.1" 200 85285 "-" "Mozilla/5.0 (Linux; Android 6.0.1; Nexus 5X Build/MMB29P) AppleWebKit/537.36 (KHTML, like Gecko) Chrome/137.0.7151.103 Mobile Safari/537.36 (compatible; Googlebot/2.1; +http://www.google.com/bot.html)"
20.171.207.187 - - [21/Jul/2025:23:38:23 +0000] "GET /search.php?items%2F026004015.html%3Fsrsltid=AfmBOorflncoDByeWQVb8cLGLLFPEpSWvVuCFTJfAd8u3jEophyc HTTP/1.1" 200 86321 "-" "Mozilla/5.0 AppleWebKit/537.36 (KHTML, like Gecko; compatible; GPTBot/1.2; +https://openai.com/gptbot)"
209.74.77.214 - - [21/Jul/2025:23:38:29 +0000] "POST /wp-cron.php?doing_wp_cron=1753141108.9509229660034179687500 HTTP/1.1" 403 33 "-" "WordPress/6.8.2; https://topflowroofingplumbing.com.au"
2a03:2880:f800:19:: - - [21/Jul/2025:23:38:28 +0000] "GET /shopdetail/536606652 HTTP/1.1" 404 11694 "-" "meta-externalagent/1.1 (+https://developers.facebook.com/docs/sharing/webmasters/crawler)"
66.249.65.97 - - [21/Jul/2025:23:38:37 +0000] "GET /298036560.htm HTTP/1.1" 200 85706 "-" "Mozilla/5.0 (Linux; Android 6.0.1; Nexus 5X Build/MMB29P) AppleWebKit/537.36 (KHTML, like Gecko) Chrome/137.0.7151.103 Mobile Safari/537.36 (compatible; Googlebot/2.1; +http://www.google.com/bot.html)"
66.249.65.97 - - [21/Jul/2025:23:38:37 +0000] "GET /counter/a60?pid=13 HTTP/1.1" 200 85579 "-" "Mozilla/5.0 (Linux; Android 6.0.1; Nexus 5X Build/MMB29P) AppleWebKit/537.36 (KHTML, like Gecko) Chrome/137.0.7151.103 Mobile Safari/537.36 (compatible; Googlebot/2.1; +http://www.google.com/bot.html)"
66.249.65.97 - - [21/Jul/2025:23:38:40 +0000] "GET /product/edit/first34-trusco-5176190 HTTP/1.1" 200 85750 "-" "Mozilla/5.0 (Linux; Android 6.0.1; Nexus 5X Build/MMB29P) AppleWebKit/537.36 (KHTML, like Gecko) Chrome/137.0.7151.103 Mobile Safari/537.36 (compatible; Googlebot/2.1; +http://www.google.com/bot.html)"
2a03:2880:f800:4:: - - [21/Jul/2025:23:38:50 +0000] "GET /shopbrand/67949698 HTTP/1.1" 404 11694 "-" "meta-externalagent/1.1 (+https://developers.facebook.com/docs/sharing/webmasters/crawler)"
66.249.65.97 - - [21/Jul/2025:23:39:09 +0000] "GET /salmon/e8?pid=167 HTTP/1.1" 200 86969 "-" "Mozilla/5.0 (Linux; Android 6.0.1; Nexus 5X Build/MMB29P) AppleWebKit/537.36 (KHTML, like Gecko) Chrome/137.0.7151.103 Mobile Safari/537.36 (compatible; Googlebot/2.1; +http://www.google.com/bot.html)"
20.171.207.187 - - [21/Jul/2025:23:39:24 +0000] "GET /search.php?items%2F149024306.html%3Fsrsltid=AfmBOonjhNEbgFCkoFsqRANOGlJGKyJC9DwEohhrdVQRaW1ypV4k HTTP/1.1" 200 86877 "-" "Mozilla/5.0 AppleWebKit/537.36 (KHTML, like Gecko; compatible; GPTBot/1.2; +https://openai.com/gptbot)"
66.249.65.98 - - [21/Jul/2025:23:39:25 +0000] "GET /expect/c8?pid=173 HTTP/1.1" 200 85973 "-" "Mozilla/5.0 (Linux; Android 6.0.1; Nexus 5X Build/MMB29P) AppleWebKit/537.36 (KHTML, like Gecko) Chrome/137.0.7151.103 Mobile Safari/537.36 (compatible; Googlebot/2.1; +http://www.google.com/bot.html)"
66.249.65.97 - - [21/Jul/2025:23:39:41 +0000] "GET /length/x64?pid=567 HTTP/1.1" 200 85919 "-" "Mozilla/5.0 (Linux; Android 6.0.1; Nexus 5X Build/MMB29P) AppleWebKit/537.36 (KHTML, like Gecko) Chrome/137.0.7151.103 Mobile Safari/537.36 (compatible; Googlebot/2.1; +http://www.google.com/bot.html)"
66.249.65.97 - - [21/Jul/2025:23:39:58 +0000] "GET /walk/q71?pid=708 HTTP/1.1" 200 85719 "-" "Mozilla/5.0 (Linux; Android 6.0.1; Nexus 5X Build/MMB29P) AppleWebKit/537.36 (KHTML, like Gecko) Chrome/137.0.7151.103 Mobile Safari/537.36 (compatible; Googlebot/2.1; +http://www.google.com/bot.html)"
66.249.65.99 - - [21/Jul/2025:23:40:14 +0000] "GET /091011125.htm HTTP/1.1" 200 85946 "-" "Mozilla/5.0 (Linux; Android 6.0.1; Nexus 5X Build/MMB29P) AppleWebKit/537.36 (KHTML, like Gecko) Chrome/137.0.7151.103 Mobile Safari/537.36 (compatible; Googlebot/2.1; +http://www.google.com/bot.html)"
66.249.65.99 - - [21/Jul/2025:23:40:14 +0000] "GET /alien/i71?pid=718 HTTP/1.1" 200 85620 "-" "Mozilla/5.0 (Linux; Android 6.0.1; Nexus 5X Build/MMB29P) AppleWebKit/537.36 (KHTML, like Gecko) Chrome/137.0.7151.103 Mobile Safari/537.36 (compatible; Googlebot/2.1; +http://www.google.com/bot.html)"
209.74.77.214 - - [21/Jul/2025:23:40:21 +0000] "POST /wp-cron.php?doing_wp_cron=1753141221.3896501064300537109375 HTTP/1.1" 403 33 "-" "WordPress/6.8.2; https://topflowroofingplumbing.com.au"
2a03:2880:f800:1b:: - - [21/Jul/2025:23:40:21 +0000] "GET /shopbrand/352145565 HTTP/1.1" 404 11694 "-" "meta-externalagent/1.1 (+https://developers.facebook.com/docs/sharing/webmasters/crawler)"
20.171.207.187 - - [21/Jul/2025:23:40:28 +0000] "GET /search.php?items%2F199029922.html%3Fsrsltid=AfmBOoygapvEWCqgbddmW3NUQBKuljAAZY4mmpiD1donuxeUWWCc HTTP/1.1" 200 87088 "-" "Mozilla/5.0 AppleWebKit/537.36 (KHTML, like Gecko; compatible; GPTBot/1.2; +https://openai.com/gptbot)"
66.249.65.97 - - [21/Jul/2025:23:40:30 +0000] "GET /argument/q71?pid=708 HTTP/1.1" 200 85644 "-" "Mozilla/5.0 (Linux; Android 6.0.1; Nexus 5X Build/MMB29P) AppleWebKit/537.36 (KHTML, like Gecko) Chrome/137.0.7151.103 Mobile Safari/537.36 (compatible; Googlebot/2.1; +http://www.google.com/bot.html)"
66.249.65.97 - - [21/Jul/2025:23:40:47 +0000] "GET /shopbrand/10714250 HTTP/1.1" 200 85654 "-" "Mozilla/5.0 (Linux; Android 6.0.1; Nexus 5X Build/MMB29P) AppleWebKit/537.36 (KHTML, like Gecko) Chrome/137.0.7151.103 Mobile Safari/537.36 (compatible; Googlebot/2.1; +http://www.google.com/bot.html)"
66.249.73.103 - - [21/Jul/2025:23:40:47 +0000] "GET /greet/l65?pid=326 HTTP/1.1" 200 85583 "-" "Mozilla/5.0 (Linux; Android 6.0.1; Nexus 5X Build/MMB29P) AppleWebKit/537.36 (KHTML, like Gecko) Chrome/137.0.7151.103 Mobile Safari/537.36 (compatible; Googlebot/2.1; +http://www.google.com/bot.html)"
66.249.65.97 - - [21/Jul/2025:23:40:48 +0000] "GET /pcmypage?callback=product/review/first34-trusco-3875288 HTTP/1.1" 200 85582 "-" "Mozilla/5.0 (Linux; Android 6.0.1; Nexus 5X Build/MMB29P) AppleWebKit/537.36 (KHTML, like Gecko) Chrome/137.0.7151.103 Mobile Safari/537.36 (compatible; Googlebot/2.1; +http://www.google.com/bot.html)"
66.249.65.97 - - [21/Jul/2025:23:40:48 +0000] "GET /safe_search/config?return_url=%2Fproduct%2Fdetail%2Fssk-1-asve-192509_06- HTTP/1.1" 200 87754 "-" "Mozilla/5.0 (Linux; Android 6.0.1; Nexus 5X Build/MMB29P) AppleWebKit/537.36 (KHTML, like Gecko) Chrome/137.0.7151.103 Mobile Safari/537.36 (compatible; Googlebot/2.1; +http://www.google.com/bot.html)"
66.249.65.96 - - [21/Jul/2025:23:41:13 +0000] "GET /shopbrand/10945314 HTTP/1.1" 200 86247 "-" "Mozilla/5.0 (Linux; Android 6.0.1; Nexus 5X Build/MMB29P) AppleWebKit/537.36 (KHTML, like Gecko) Chrome/137.0.7151.103 Mobile Safari/537.36 (compatible; Googlebot/2.1; +http://www.google.com/bot.html)"
66.249.65.96 - - [21/Jul/2025:23:41:20 +0000] "GET /229043449.htm HTTP/1.1" 200 85874 "-" "Mozilla/5.0 (Linux; Android 6.0.1; Nexus 5X Build/MMB29P) AppleWebKit/537.36 (KHTML, like Gecko) Chrome/137.0.7151.103 Mobile Safari/537.36 (compatible; Googlebot/2.1; +http://www.google.com/bot.html)"
66.249.65.105 - - [21/Jul/2025:23:41:21 +0000] "GET /rage/h17?pid=862 HTTP/1.1" 200 86359 "-" "Mozilla/5.0 (Linux; Android 6.0.1; Nexus 5X Build/MMB29P) AppleWebKit/537.36 (KHTML, like Gecko) Chrome/137.0.7151.103 Mobile Safari/537.36 (compatible; Googlebot/2.1; +http://www.google.com/bot.html)"
209.74.77.214 - - [21/Jul/2025:23:41:22 +0000] "POST /wp-cron.php?doing_wp_cron=1753141282.0937430858612060546875 HTTP/1.1" 403 33 "-" "WordPress/6.8.2; https://topflowroofingplumbing.com.au"
2a03:2880:f800:7:: - - [21/Jul/2025:23:41:21 +0000] "GET /shopbrand/193939845 HTTP/1.1" 404 11694 "-" "meta-externalagent/1.1 (+https://developers.facebook.com/docs/sharing/webmasters/crawler)"
66.249.65.105 - - [21/Jul/2025:23:41:33 +0000] "GET /flexible/i64?pid=747 HTTP/1.1" 200 86159 "-" "Mozilla/5.0 (Linux; Android 6.0.1; Nexus 5X Build/MMB29P) AppleWebKit/537.36 (KHTML, like Gecko) Chrome/137.0.7151.103 Mobile Safari/537.36 (compatible; Googlebot/2.1; +http://www.google.com/bot.html)"
20.171.207.187 - - [21/Jul/2025:23:41:33 +0000] "GET /search.php?items%2F043036250.html%3Fsrsltid=AfmBOoqgsMyDlMDvMQmr0XxnXyNPBNESNkOp1rpwxQtXkvMUdCa5 HTTP/1.1" 200 86585 "-" "Mozilla/5.0 AppleWebKit/537.36 (KHTML, like Gecko; compatible; GPTBot/1.2; +https://openai.com/gptbot)"
2a03:2880:f800:8:: - - [21/Jul/2025:23:41:37 +0000] "GET /shopbrand/261560214 HTTP/1.1" 404 11694 "-" "meta-externalagent/1.1 (+https://developers.facebook.com/docs/sharing/webmasters/crawler)"
66.249.65.105 - - [21/Jul/2025:23:41:55 +0000] "GET /merely/j64?pid=745 HTTP/1.1" 200 86331 "-" "Mozilla/5.0 (Linux; Android 6.0.1; Nexus 5X Build/MMB29P) AppleWebKit/537.36 (KHTML, like Gecko) Chrome/137.0.7151.103 Mobile Safari/537.36 (compatible; Googlebot/2.1; +http://www.google.com/bot.html)"
66.249.65.96 - - [21/Jul/2025:23:42:17 +0000] "GET /jury/y6?pid=203 HTTP/1.1" 200 86688 "-" "Mozilla/5.0 (Linux; Android 6.0.1; Nexus 5X Build/MMB29P) AppleWebKit/537.36 (KHTML, like Gecko) Chrome/137.0.7151.103 Mobile Safari/537.36 (compatible; Googlebot/2.1; +http://www.google.com/bot.html)"
66.249.65.96 - - [21/Jul/2025:23:42:40 +0000] "GET /deliver/f60?pid=327 HTTP/1.1" 200 86228 "-" "Mozilla/5.0 (Linux; Android 6.0.1; Nexus 5X Build/MMB29P) AppleWebKit/537.36 (KHTML, like Gecko) Chrome/137.0.7151.103 Mobile Safari/537.36 (compatible; Googlebot/2.1; +http://www.google.com/bot.html)"
20.171.207.187 - - [21/Jul/2025:23:43:06 +0000] "GET /search.php?items%2F088028475.html%3Fsrsltid=AfmBOoufdMqYkfDfpPDioGrdPRaxarFxhmbSP6bRcEi4nojYt2kz HTTP/1.1" 200 86464 "-" "Mozilla/5.0 AppleWebKit/537.36 (KHTML, like Gecko; compatible; GPTBot/1.2; +https://openai.com/gptbot)"
209.74.77.214 - - [21/Jul/2025:23:43:11 +0000] "POST /wp-cron.php?doing_wp_cron=1753141391.4108839035034179687500 HTTP/1.1" 403 33 "-" "WordPress/6.8.2; https://topflowroofingplumbing.com.au"
2a03:2880:f800:16:: - - [21/Jul/2025:23:43:10 +0000] "GET /shopbrand/193899195 HTTP/1.1" 404 11694 "-" "meta-externalagent/1.1 (+https://developers.facebook.com/docs/sharing/webmasters/crawler)"
66.249.65.97 - - [21/Jul/2025:23:43:12 +0000] "GET /given/j17?pid=264 HTTP/1.1" 200 85439 "-" "Mozilla/5.0 (Linux; Android 6.0.1; Nexus 5X Build/MMB29P) AppleWebKit/537.36 (KHTML, like Gecko) Chrome/137.0.7151.103 Mobile Safari/537.36 (compatible; Googlebot/2.1; +http://www.google.com/bot.html)"
66.249.65.97 - - [21/Jul/2025:23:43:12 +0000] "GET /brother/a244?pid=787 HTTP/1.1" 200 85962 "-" "Mozilla/5.0 (Linux; Android 6.0.1; Nexus 5X Build/MMB29P) AppleWebKit/537.36 (KHTML, like Gecko) Chrome/137.0.7151.103 Mobile Safari/537.36 (compatible; Googlebot/2.1; +http://www.google.com/bot.html)"
66.249.65.96 - - [21/Jul/2025:23:43:30 +0000] "GET /push/y8?pid=283 HTTP/1.1" 200 86462 "-" "Mozilla/5.0 (Linux; Android 6.0.1; Nexus 5X Build/MMB29P) AppleWebKit/537.36 (KHTML, like Gecko) Chrome/137.0.7151.103 Mobile Safari/537.36 (compatible; Googlebot/2.1; +http://www.google.com/bot.html)"
20.171.207.187 - - [21/Jul/2025:23:43:36 +0000] "GET /search.php?items%2F133026142.html%3Fsrsltid=AfmBOorgbtxHhHegHzbXdXMfDbIuzIgkyETk6WcWNa8WKxVSBub8 HTTP/1.1" 200 87205 "-" "Mozilla/5.0 AppleWebKit/537.36 (KHTML, like Gecko; compatible; GPTBot/1.2; +https://openai.com/gptbot)"
66.249.65.105 - - [21/Jul/2025:23:43:47 +0000] "GET /exclusively/j8?pid=281 HTTP/1.1" 200 86420 "-" "Mozilla/5.0 (Linux; Android 6.0.1; Nexus 5X Build/MMB29P) AppleWebKit/537.36 (KHTML, like Gecko) Chrome/137.0.7151.103 Mobile Safari/537.36 (compatible; Googlebot/2.1; +http://www.google.com/bot.html)"
66.249.65.96 - - [21/Jul/2025:23:44:19 +0000] "GET /exercise/s8?pid=285 HTTP/1.1" 200 86488 "-" "Mozilla/5.0 (Linux; Android 6.0.1; Nexus 5X Build/MMB29P) AppleWebKit/537.36 (KHTML, like Gecko) Chrome/137.0.7151.103 Mobile Safari/537.36 (compatible; Googlebot/2.1; +http://www.google.com/bot.html)"
66.249.65.105 - - [21/Jul/2025:23:44:18 +0000] "GET /003002941.htm HTTP/1.1" 200 86301 "-" "Mozilla/5.0 (Linux; Android 6.0.1; Nexus 5X Build/MMB29P) AppleWebKit/537.36 (KHTML, like Gecko) Chrome/137.0.7151.103 Mobile Safari/537.36 (compatible; Googlebot/2.1; +http://www.google.com/bot.html)"
66.249.65.96 - - [21/Jul/2025:23:44:19 +0000] "GET /199003709.htm HTTP/1.1" 200 85270 "-" "Mozilla/5.0 (Linux; Android 6.0.1; Nexus 5X Build/MMB29P) AppleWebKit/537.36 (KHTML, like Gecko) Chrome/137.0.7151.103 Mobile Safari/537.36 (compatible; Googlebot/2.1; +http://www.google.com/bot.html)"
66.249.65.105 - - [21/Jul/2025:23:44:35 +0000] "GET /gate/a64?pid=569 HTTP/1.1" 200 86689 "-" "Mozilla/5.0 (Linux; Android 6.0.1; Nexus 5X Build/MMB29P) AppleWebKit/537.36 (KHTML, like Gecko) Chrome/137.0.7151.103 Mobile Safari/537.36 (compatible; Googlebot/2.1; +http://www.google.com/bot.html)"
20.171.207.187 - - [21/Jul/2025:23:44:39 +0000] "GET /search.php?m291047447%3Fsrsltid=AfmBOoKcIYcDxAXxn0p5CE_NFkyrenYEp_CpFh9o6T-X-jEFrK5Bne HTTP/1.1" 200 86593 "-" "Mozilla/5.0 AppleWebKit/537.36 (KHTML, like Gecko; compatible; GPTBot/1.2; +https://openai.com/gptbot)"
209.74.77.214 - - [21/Jul/2025:23:44:52 +0000] "POST /wp-cron.php?doing_wp_cron=1753141491.9029450416564941406250 HTTP/1.1" 403 33 "-" "WordPress/6.8.2; https://topflowroofingplumbing.com.au"
2a03:2880:f800:5:: - - [21/Jul/2025:23:44:51 +0000] "GET /shopbrand/352129349 HTTP/1.1" 404 11694 "-" "meta-externalagent/1.1 (+https://developers.facebook.com/docs/sharing/webmasters/crawler)"
66.249.65.96 - - [21/Jul/2025:23:44:52 +0000] "GET /concept/w64?pid=573 HTTP/1.1" 200 85772 "-" "Mozilla/5.0 (Linux; Android 6.0.1; Nexus 5X Build/MMB29P) AppleWebKit/537.36 (KHTML, like Gecko) Chrome/137.0.7151.103 Mobile Safari/537.36 (compatible; Googlebot/2.1; +http://www.google.com/bot.html)"
66.249.73.97 - - [21/Jul/2025:23:44:53 +0000] "GET /shopdetail/229975052 HTTP/1.1" 200 85745 "-" "Mozilla/5.0 (Linux; Android 6.0.1; Nexus 5X Build/MMB29P) AppleWebKit/537.36 (KHTML, like Gecko) Chrome/137.0.7151.103 Mobile Safari/537.36 (compatible; Googlebot/2.1; +http://www.google.com/bot.html)"
66.249.65.96 - - [21/Jul/2025:23:45:02 +0000] "GET /pcmypage?callback=product/review/eagleeyeshopping-top1-ds-2592237 HTTP/1.1" 200 86018 "-" "Mozilla/5.0 (Linux; Android 6.0.1; Nexus 5X Build/MMB29P) AppleWebKit/537.36 (KHTML, like Gecko) Chrome/137.0.7151.103 Mobile Safari/537.36 (compatible; Googlebot/2.1; +http://www.google.com/bot.html)"
66.249.65.105 - - [21/Jul/2025:23:45:13 +0000] "GET /Israeli/d228?pid=7019 HTTP/1.1" 200 85699 "-" "Mozilla/5.0 (Linux; Android 6.0.1; Nexus 5X Build/MMB29P) AppleWebKit/537.36 (KHTML, like Gecko) Chrome/137.0.7151.103 Mobile Safari/537.36 (compatible; Googlebot/2.1; +http://www.google.com/bot.html)"
66.249.73.103 - - [21/Jul/2025:23:45:34 +0000] "GET /226036154.htm HTTP/1.1" 200 85577 "-" "Mozilla/5.0 (Linux; Android 6.0.1; Nexus 5X Build/MMB29P) AppleWebKit/537.36 (KHTML, like Gecko) Chrome/137.0.7151.103 Mobile Safari/537.36 (compatible; Googlebot/2.1; +http://www.google.com/bot.html)"
66.249.65.105 - - [21/Jul/2025:23:45:35 +0000] "GET /example/q15?pid=146 HTTP/1.1" 200 85680 "-" "Mozilla/5.0 (Linux; Android 6.0.1; Nexus 5X Build/MMB29P) AppleWebKit/537.36 (KHTML, like Gecko) Chrome/137.0.7151.103 Mobile Safari/537.36 (compatible; Googlebot/2.1; +http://www.google.com/bot.html)"
20.171.207.187 - - [21/Jul/2025:23:45:45 +0000] "GET /search.php?items%2F099012884.html%3Fsrsltid=AfmBOohzjFXfCIMaoDqc3EDAIJZgPSHoNpsS1KBpMRZhhUmo5CJI HTTP/1.1" 200 86913 "-" "Mozilla/5.0 AppleWebKit/537.36 (KHTML, like Gecko; compatible; GPTBot/1.2; +https://openai.com/gptbot)"
66.249.65.105 - - [21/Jul/2025:23:45:57 +0000] "GET /decorate/x15?pid=148 HTTP/1.1" 200 85541 "-" "Mozilla/5.0 (Linux; Android 6.0.1; Nexus 5X Build/MMB29P) AppleWebKit/537.36 (KHTML, like Gecko) Chrome/137.0.7151.103 Mobile Safari/537.36 (compatible; Googlebot/2.1; +http://www.google.com/bot.html)"
66.249.65.99 - - [21/Jul/2025:23:46:19 +0000] "GET /dismiss/g9?pid=654 HTTP/1.1" 200 86391 "-" "Mozilla/5.0 (Linux; Android 6.0.1; Nexus 5X Build/MMB29P) AppleWebKit/537.36 (KHTML, like Gecko) Chrome/137.0.7151.103 Mobile Safari/537.36 (compatible; Googlebot/2.1; +http://www.google.com/bot.html)"
66.249.65.97 - - [21/Jul/2025:23:46:41 +0000] "GET /poor/f41?pid=718 HTTP/1.1" 200 86064 "-" "Mozilla/5.0 (Linux; Android 6.0.1; Nexus 5X Build/MMB29P) AppleWebKit/537.36 (KHTML, like Gecko) Chrome/137.0.7151.103 Mobile Safari/537.36 (compatible; Googlebot/2.1; +http://www.google.com/bot.html)"
209.74.77.214 - - [21/Jul/2025:23:46:44 +0000] "POST /wp-cron.php?doing_wp_cron=1753141604.4400599002838134765625 HTTP/1.1" 403 33 "-" "WordPress/6.8.2; https://topflowroofingplumbing.com.au"
185.51.167.161 - - [21/Jul/2025:23:46:43 +0000] "GET /Public/webuploader/0.1.5/server/fileupload.php HTTP/1.1" 404 11694 "-" "Mozilla/5.0 (Windows NT 10.0; WOW64; rv:48.0) Gecko/20100101 Firefox/48.0"
20.171.207.187 - - [21/Jul/2025:23:46:53 +0000] "GET /search.php?items%2F177013420.html%3Fsrsltid=AfmBOovkevuzekSKTYmIsDDqTZGITghADZOyOydqcJ7sfmt82rKK HTTP/1.1" 200 86642 "-" "Mozilla/5.0 AppleWebKit/537.36 (KHTML, like Gecko; compatible; GPTBot/1.2; +https://openai.com/gptbot)"
66.249.65.97 - - [21/Jul/2025:23:47:04 +0000] "GET /trauma/n41?pid=544 HTTP/1.1" 200 86223 "-" "Mozilla/5.0 (Linux; Android 6.0.1; Nexus 5X Build/MMB29P) AppleWebKit/537.36 (KHTML, like Gecko) Chrome/137.0.7151.103 Mobile Safari/537.36 (compatible; Googlebot/2.1; +http://www.google.com/bot.html)"
66.249.65.98 - - [21/Jul/2025:23:47:31 +0000] "GET /curious/w127?pid=68 HTTP/1.1" 200 85951 "-" "Mozilla/5.0 (Linux; Android 6.0.1; Nexus 5X Build/MMB29P) AppleWebKit/537.36 (KHTML, like Gecko) Chrome/137.0.7151.103 Mobile Safari/537.36 (compatible; Googlebot/2.1; +http://www.google.com/bot.html)"
66.249.73.103 - - [21/Jul/2025:23:47:32 +0000] "GET /090000552.htm HTTP/1.1" 200 85758 "-" "Mozilla/5.0 (Linux; Android 6.0.1; Nexus 5X Build/MMB29P) AppleWebKit/537.36 (KHTML, like Gecko) Chrome/137.0.7151.103 Mobile Safari/537.36 (compatible; Googlebot/2.1; +http://www.google.com/bot.html)"
66.249.65.97 - - [21/Jul/2025:23:47:48 +0000] "GET /defendant/a19?pid=332 HTTP/1.1" 200 86059 "-" "Mozilla/5.0 (Linux; Android 6.0.1; Nexus 5X Build/MMB29P) AppleWebKit/537.36 (KHTML, like Gecko) Chrome/137.0.7151.103 Mobile Safari/537.36 (compatible; Googlebot/2.1; +http://www.google.com/bot.html)"
209.74.77.214 - - [21/Jul/2025:23:47:52 +0000] "POST /wp-cron.php?doing_wp_cron=1753141672.3614439964294433593750 HTTP/1.1" 403 33 "-" "WordPress/6.8.2; https://topflowroofingplumbing.com.au"
2a03:2880:f800:16:: - - [21/Jul/2025:23:47:51 +0000] "GET /shopdetail/503054652 HTTP/1.1" 404 11694 "-" "meta-externalagent/1.1 (+https://developers.facebook.com/docs/sharing/webmasters/crawler)"
20.171.207.187 - - [21/Jul/2025:23:47:55 +0000] "GET /search.php?items%2F137045208.html%3Fsrsltid=AfmBOooubQVEhexLTxdM6jcdZIiDCKDxuuGJKRKjHZiBf8uMGGl9 HTTP/1.1" 200 87637 "-" "Mozilla/5.0 AppleWebKit/537.36 (KHTML, like Gecko; compatible; GPTBot/1.2; +https://openai.com/gptbot)"
66.249.65.98 - - [21/Jul/2025:23:48:20 +0000] "GET /warehouse/d19?pid=340 HTTP/1.1" 200 87427 "-" "Mozilla/5.0 (Linux; Android 6.0.1; Nexus 5X Build/MMB29P) AppleWebKit/537.36 (KHTML, like Gecko) Chrome/137.0.7151.103 Mobile Safari/537.36 (compatible; Googlebot/2.1; +http://www.google.com/bot.html)"
66.249.65.98 - - [21/Jul/2025:23:48:20 +0000] "GET /091022799.htm HTTP/1.1" 200 85809 "-" "Mozilla/5.0 (Linux; Android 6.0.1; Nexus 5X Build/MMB29P) AppleWebKit/537.36 (KHTML, like Gecko) Chrome/137.0.7151.103 Mobile Safari/537.36 (compatible; Googlebot/2.1; +http://www.google.com/bot.html)"
2a03:2880:f800:5:: - - [21/Jul/2025:23:48:33 +0000] "GET /shopdetail/131671552 HTTP/1.1" 404 11694 "-" "meta-externalagent/1.1 (+https://developers.facebook.com/docs/sharing/webmasters/crawler)"
2a03:2880:f800:19:: - - [21/Jul/2025:23:48:37 +0000] "GET /shopbrand/347453224 HTTP/1.1" 404 11694 "-" "meta-externalagent/1.1 (+https://developers.facebook.com/docs/sharing/webmasters/crawler)"
66.249.65.98 - - [21/Jul/2025:23:48:37 +0000] "GET /conflict/e19?pid=334 HTTP/1.1" 200 86213 "-" "Mozilla/5.0 (Linux; Android 6.0.1; Nexus 5X Build/MMB29P) AppleWebKit/537.36 (KHTML, like Gecko) Chrome/137.0.7151.103 Mobile Safari/537.36 (compatible; Googlebot/2.1; +http://www.google.com/bot.html)"
20.171.207.187 - - [21/Jul/2025:23:48:48 +0000] "GET /search.php?items%2F043002698.html%3Fsrsltid=AfmBOofyaMnENEaynJnejSjJJjwPmvevHD3rHOjvab8Qd3UfHxdC HTTP/1.1" 200 87507 "-" "Mozilla/5.0 AppleWebKit/537.36 (KHTML, like Gecko; compatible; GPTBot/1.2; +https://openai.com/gptbot)"
66.249.65.98 - - [21/Jul/2025:23:49:09 +0000] "GET /trap/l64?pid=659 HTTP/1.1" 200 85836 "-" "Mozilla/5.0 (Linux; Android 6.0.1; Nexus 5X Build/MMB29P) AppleWebKit/537.36 (KHTML, like Gecko) Chrome/137.0.7151.103 Mobile Safari/537.36 (compatible; Googlebot/2.1; +http://www.google.com/bot.html)"
209.74.77.214 - - [21/Jul/2025:23:49:15 +0000] "POST /wp-cron.php?doing_wp_cron=1753141755.5896220207214355468750 HTTP/1.1" 403 33 "-" "WordPress/6.8.2; https://topflowroofingplumbing.com.au"
2a03:2880:f800:17:: - - [21/Jul/2025:23:49:15 +0000] "GET /shopdetail/498234852 HTTP/1.1" 404 11694 "-" "meta-externalagent/1.1 (+https://developers.facebook.com/docs/sharing/webmasters/crawler)"
66.249.65.97 - - [21/Jul/2025:23:49:27 +0000] "GET /medal/t17?pid=834 HTTP/1.1" 200 86443 "-" "Mozilla/5.0 (Linux; Android 6.0.1; Nexus 5X Build/MMB29P) AppleWebKit/537.36 (KHTML, like Gecko) Chrome/137.0.7151.103 Mobile Safari/537.36 (compatible; Googlebot/2.1; +http://www.google.com/bot.html)"
66.249.65.97 - - [21/Jul/2025:23:49:43 +0000] "GET /lake/h17?pid=862 HTTP/1.1" 200 85960 "-" "Mozilla/5.0 (Linux; Android 6.0.1; Nexus 5X Build/MMB29P) AppleWebKit/537.36 (KHTML, like Gecko) Chrome/137.0.7151.103 Mobile Safari/537.36 (compatible; Googlebot/2.1; +http://www.google.com/bot.html)"
20.171.207.187 - - [21/Jul/2025:23:49:53 +0000] "GET /search.php?items%2F194047455.html%3Fsrsltid=AfmBOopzdHOSByyrNKcT9WqqRWeeHlcmZMTXJiUBdJ3Zj7RfIpNU HTTP/1.1" 200 87317 "-" "Mozilla/5.0 AppleWebKit/537.36 (KHTML, like Gecko; compatible; GPTBot/1.2; +https://openai.com/gptbot)"
66.249.65.97 - - [21/Jul/2025:23:49:59 +0000] "GET /category/79_80_95_13127/1 HTTP/1.1" 200 85613 "-" "Mozilla/5.0 (Linux; Android 6.0.1; Nexus 5X Build/MMB29P) AppleWebKit/537.36 (KHTML, like Gecko) Chrome/137.0.7151.103 Mobile Safari/537.36 (compatible; Googlebot/2.1; +http://www.google.com/bot.html)"
66.249.65.97 - - [21/Jul/2025:23:50:00 +0000] "GET /outer/p9?pid=936 HTTP/1.1" 200 85946 "-" "Mozilla/5.0 (Linux; Android 6.0.1; Nexus 5X Build/MMB29P) AppleWebKit/537.36 (KHTML, like Gecko) Chrome/137.0.7151.103 Mobile Safari/537.36 (compatible; Googlebot/2.1; +http://www.google.com/bot.html)"
66.249.73.96 - - [21/Jul/2025:23:50:01 +0000] "GET /cancel/i35?pid=670 HTTP/1.1" 200 86142 "-" "Mozilla/5.0 (Linux; Android 6.0.1; Nexus 5X Build/MMB29P) AppleWebKit/537.36 (KHTML, like Gecko) Chrome/137.0.7151.103 Mobile Safari/537.36 (compatible; Googlebot/2.1; +http://www.google.com/bot.html)"
209.74.77.214 - - [21/Jul/2025:23:50:20 +0000] "POST /wp-cron.php?doing_wp_cron=1753141820.1150860786437988281250 HTTP/1.1" 403 33 "-" "WordPress/6.8.2; https://topflowroofingplumbing.com.au"
2a03:2880:f800:a:: - - [21/Jul/2025:23:50:19 +0000] "GET /shopbrand/352079622 HTTP/1.1" 404 11694 "-" "meta-externalagent/1.1 (+https://developers.facebook.com/docs/sharing/webmasters/crawler)"
2a03:2880:f800:10:: - - [21/Jul/2025:23:50:26 +0000] "GET /shopdetail/505984652 HTTP/1.1" 404 11694 "-" "meta-externalagent/1.1 (+https://developers.facebook.com/docs/sharing/webmasters/crawler)"
66.249.65.97 - - [21/Jul/2025:23:50:33 +0000] "GET /those/e9?pid=938 HTTP/1.1" 200 87221 "-" "Mozilla/5.0 (Linux; Android 6.0.1; Nexus 5X Build/MMB29P) AppleWebKit/537.36 (KHTML, like Gecko) Chrome/137.0.7151.103 Mobile Safari/537.36 (compatible; Googlebot/2.1; +http://www.google.com/bot.html)"
66.249.65.97 - - [21/Jul/2025:23:50:33 +0000] "GET /interpret/o9?pid=738 HTTP/1.1" 200 86153 "-" "Mozilla/5.0 (Linux; Android 6.0.1; Nexus 5X Build/MMB29P) AppleWebKit/537.36 (KHTML, like Gecko) Chrome/137.0.7151.103 Mobile Safari/537.36 (compatible; Googlebot/2.1; +http://www.google.com/bot.html)"
66.249.65.98 - - [21/Jul/2025:23:50:49 +0000] "GET /burden/j9?pid=940 HTTP/1.1" 200 85622 "-" "Mozilla/5.0 (Linux; Android 6.0.1; Nexus 5X Build/MMB29P) AppleWebKit/537.36 (KHTML, like Gecko) Chrome/137.0.7151.103 Mobile Safari/537.36 (compatible; Googlebot/2.1; +http://www.google.com/bot.html)"
20.171.207.187 - - [21/Jul/2025:23:51:03 +0000] "GET /search.php?items%2F046020043.html%3Fsrsltid=AfmBOorbnWNKoHCkWAOmJNyjEjxLDmMA8mgrqAc8AhG0QAqCqTYm HTTP/1.1" 200 86588 "-" "Mozilla/5.0 AppleWebKit/537.36 (KHTML, like Gecko; compatible; GPTBot/1.2; +https://openai.com/gptbot)"
2a03:2880:f800:11:: - - [21/Jul/2025:23:51:08 +0000] "GET /shopdetail/508425552 HTTP/1.1" 404 11694 "-" "meta-externalagent/1.1 (+https://developers.facebook.com/docs/sharing/webmasters/crawler)"
66.249.65.97 - - [21/Jul/2025:23:51:21 +0000] "GET /merely/z32?pid=811 HTTP/1.1" 200 85745 "-" "Mozilla/5.0 (Linux; Android 6.0.1; Nexus 5X Build/MMB29P) AppleWebKit/537.36 (KHTML, like Gecko) Chrome/137.0.7151.103 Mobile Safari/537.36 (compatible; Googlebot/2.1; +http://www.google.com/bot.html)"
66.249.65.105 - - [21/Jul/2025:23:51:38 +0000] "GET /poetry/f32?pid=827 HTTP/1.1" 200 85673 "-" "Mozilla/5.0 (Linux; Android 6.0.1; Nexus 5X Build/MMB29P) AppleWebKit/537.36 (KHTML, like Gecko) Chrome/137.0.7151.103 Mobile Safari/537.36 (compatible; Googlebot/2.1; +http://www.google.com/bot.html)"
66.249.65.105 - - [21/Jul/2025:23:51:54 +0000] "GET /shed/y69?pid=466 HTTP/1.1" 200 86417 "-" "Mozilla/5.0 (Linux; Android 6.0.1; Nexus 5X Build/MMB29P) AppleWebKit/537.36 (KHTML, like Gecko) Chrome/137.0.7151.103 Mobile Safari/537.36 (compatible; Googlebot/2.1; +http://www.google.com/bot.html)"
20.171.207.187 - - [21/Jul/2025:23:51:56 +0000] "GET /search.php?items%2F280047727.html%3Fsrsltid=AfmBOowpnqpgmRmzOrdX8oDqDDvDLgsYtpLpf0zLWQmsKpQR2wjF HTTP/1.1" 200 86850 "-" "Mozilla/5.0 AppleWebKit/537.36 (KHTML, like Gecko; compatible; GPTBot/1.2; +https://openai.com/gptbot)"
66.249.65.97 - - [21/Jul/2025:23:52:26 +0000] "GET /diamond/w69?pid=470 HTTP/1.1" 200 85484 "-" "Mozilla/5.0 (Linux; Android 6.0.1; Nexus 5X Build/MMB29P) AppleWebKit/537.36 (KHTML, like Gecko) Chrome/137.0.7151.103 Mobile Safari/537.36 (compatible; Googlebot/2.1; +http://www.google.com/bot.html)"
66.249.65.105 - - [21/Jul/2025:23:52:42 +0000] "GET /terror/n17?pid=262 HTTP/1.1" 200 85703 "-" "Mozilla/5.0 (Linux; Android 6.0.1; Nexus 5X Build/MMB29P) AppleWebKit/537.36 (KHTML, like Gecko) Chrome/137.0.7151.103 Mobile Safari/537.36 (compatible; Googlebot/2.1; +http://www.google.com/bot.html)"
20.171.207.187 - - [21/Jul/2025:23:52:58 +0000] "GET /search.php?items%2F065017668.html%3Fsrsltid=AfmBOoofrcWkCXjtOcpSCWxiNGUlcTiDbvxvrr3SBfWmNNWv25Fe HTTP/1.1" 200 88162 "-" "Mozilla/5.0 AppleWebKit/537.36 (KHTML, like Gecko; compatible; GPTBot/1.2; +https://openai.com/gptbot)"
66.249.65.105 - - [21/Jul/2025:23:52:58 +0000] "GET /duck/w17?pid=266 HTTP/1.1" 200 85294 "-" "Mozilla/5.0 (Linux; Android 6.0.1; Nexus 5X Build/MMB29P) AppleWebKit/537.36 (KHTML, like Gecko) Chrome/137.0.7151.103 Mobile Safari/537.36 (compatible; Googlebot/2.1; +http://www.google.com/bot.html)"
66.249.65.105 - - [21/Jul/2025:23:53:30 +0000] "GET /academic/p23?pid=94 HTTP/1.1" 200 85872 "-" "Mozilla/5.0 (Linux; Android 6.0.1; Nexus 5X Build/MMB29P) AppleWebKit/537.36 (KHTML, like Gecko) Chrome/137.0.7151.103 Mobile Safari/537.36 (compatible; Googlebot/2.1; +http://www.google.com/bot.html)"
66.249.65.96 - - [21/Jul/2025:23:53:30 +0000] "GET /290045760.htm HTTP/1.1" 200 85832 "-" "Mozilla/5.0 (Linux; Android 6.0.1; Nexus 5X Build/MMB29P) AppleWebKit/537.36 (KHTML, like Gecko) Chrome/137.0.7151.103 Mobile Safari/537.36 (compatible; Googlebot/2.1; +http://www.google.com/bot.html)"
66.249.65.96 - - [21/Jul/2025:23:53:41 +0000] "GET /emphasize/w23?pid=46 HTTP/1.1" 200 86824 "-" "Mozilla/5.0 (Linux; Android 6.0.1; Nexus 5X Build/MMB29P) AppleWebKit/537.36 (KHTML, like Gecko) Chrome/137.0.7151.103 Mobile Safari/537.36 (compatible; Googlebot/2.1; +http://www.google.com/bot.html)"
209.74.77.214 - - [21/Jul/2025:23:53:44 +0000] "POST /wp-cron.php?doing_wp_cron=1753142024.5104639530181884765625 HTTP/1.1" 403 33 "-" "WordPress/6.8.2; https://topflowroofingplumbing.com.au"
2a03:2880:f800:16:: - - [21/Jul/2025:23:53:43 +0000] "GET /shopbrand/180854705 HTTP/1.1" 404 11694 "-" "meta-externalagent/1.1 (+https://developers.facebook.com/docs/sharing/webmasters/crawler)"
20.171.207.187 - - [21/Jul/2025:23:54:05 +0000] "GET /search.php?items%2F055000862.html%3Fsrsltid=AfmBOookmkMZoFlrTAtKAI9XXVSloRnhDDdsYGV8TVRfLUlznuKJ HTTP/1.1" 200 87333 "-" "Mozilla/5.0 AppleWebKit/537.36 (KHTML, like Gecko; compatible; GPTBot/1.2; +https://openai.com/gptbot)"
66.249.65.97 - - [21/Jul/2025:23:54:16 +0000] "GET /needle/x10?pid=407 HTTP/1.1" 200 87561 "-" "Mozilla/5.0 (Linux; Android 6.0.1; Nexus 5X Build/MMB29P) AppleWebKit/537.36 (KHTML, like Gecko) Chrome/137.0.7151.103 Mobile Safari/537.36 (compatible; Googlebot/2.1; +http://www.google.com/bot.html)"
66.249.65.105 - - [21/Jul/2025:23:54:33 +0000] "GET /chemical/z10?pid=399 HTTP/1.1" 200 92010 "-" "Mozilla/5.0 (Linux; Android 6.0.1; Nexus 5X Build/MMB29P) AppleWebKit/537.36 (KHTML, like Gecko) Chrome/137.0.7151.103 Mobile Safari/537.36 (compatible; Googlebot/2.1; +http://www.google.com/bot.html)"
66.249.65.105 - - [21/Jul/2025:23:54:49 +0000] "GET /prize/g10?pid=405 HTTP/1.1" 200 86932 "-" "Mozilla/5.0 (Linux; Android 6.0.1; Nexus 5X Build/MMB29P) AppleWebKit/537.36 (KHTML, like Gecko) Chrome/137.0.7151.103 Mobile Safari/537.36 (compatible; Googlebot/2.1; +http://www.google.com/bot.html)"
20.171.207.187 - - [21/Jul/2025:23:55:03 +0000] "GET /search.php?items%2F242033625.html%3Fsrsltid=AfmBOownaeloQtnjBolcn42DCocfLMun6EuRMJqWKmhSyBlchjQS HTTP/1.1" 200 87355 "-" "Mozilla/5.0 AppleWebKit/537.36 (KHTML, like Gecko; compatible; GPTBot/1.2; +https://openai.com/gptbot)"
66.249.65.105 - - [21/Jul/2025:23:55:21 +0000] "GET /set/t10?pid=409 HTTP/1.1" 200 86050 "-" "Mozilla/5.0 (Linux; Android 6.0.1; Nexus 5X Build/MMB29P) AppleWebKit/537.36 (KHTML, like Gecko) Chrome/137.0.7151.103 Mobile Safari/537.36 (compatible; Googlebot/2.1; +http://www.google.com/bot.html)"
66.249.65.96 - - [21/Jul/2025:23:55:37 +0000] "GET /shark/k47?pid=166 HTTP/1.1" 200 86288 "-" "Mozilla/5.0 (Linux; Android 6.0.1; Nexus 5X Build/MMB29P) AppleWebKit/537.36 (KHTML, like Gecko) Chrome/137.0.7151.103 Mobile Safari/537.36 (compatible; Googlebot/2.1; +http://www.google.com/bot.html)"
66.249.65.105 - - [21/Jul/2025:23:55:53 +0000] "GET /024042292.htm HTTP/1.1" 200 86806 "-" "Mozilla/5.0 (Linux; Android 6.0.1; Nexus 5X Build/MMB29P) AppleWebKit/537.36 (KHTML, like Gecko) Chrome/137.0.7151.103 Mobile Safari/537.36 (compatible; Googlebot/2.1; +http://www.google.com/bot.html)"
66.249.65.105 - - [21/Jul/2025:23:55:54 +0000] "GET /institution/b258?pid=801 HTTP/1.1" 200 86127 "-" "Mozilla/5.0 (Linux; Android 6.0.1; Nexus 5X Build/MMB29P) AppleWebKit/537.36 (KHTML, like Gecko) Chrome/137.0.7151.103 Mobile Safari/537.36 (compatible; Googlebot/2.1; +http://www.google.com/bot.html)"
20.171.207.187 - - [21/Jul/2025:23:56:09 +0000] "GET /search.php?items%2F001002330.html%3Fsrsltid=AfmBOolqwMXnpvIwAHbauST6AeCgEQZqcftW1mPyurblpjHhZ0pC HTTP/1.1" 200 86914 "-" "Mozilla/5.0 AppleWebKit/537.36 (KHTML, like Gecko; compatible; GPTBot/1.2; +https://openai.com/gptbot)"
66.249.65.97 - - [21/Jul/2025:23:56:26 +0000] "GET /293038313.htm HTTP/1.1" 200 86502 "-" "Mozilla/5.0 (Linux; Android 6.0.1; Nexus 5X Build/MMB29P) AppleWebKit/537.36 (KHTML, like Gecko) Chrome/137.0.7151.103 Mobile Safari/537.36 (compatible; Googlebot/2.1; +http://www.google.com/bot.html)"
66.249.65.97 - - [21/Jul/2025:23:56:26 +0000] "GET /090030380.htm HTTP/1.1" 200 85529 "-" "Mozilla/5.0 (Linux; Android 6.0.1; Nexus 5X Build/MMB29P) AppleWebKit/537.36 (KHTML, like Gecko) Chrome/137.0.7151.103 Mobile Safari/537.36 (compatible; Googlebot/2.1; +http://www.google.com/bot.html)"
66.249.65.105 - - [21/Jul/2025:23:56:26 +0000] "GET /pcmypage?callback=product%2Fdetail%2Fpartsdirect-27735190 HTTP/1.1" 200 86397 "-" "Mozilla/5.0 (Linux; Android 6.0.1; Nexus 5X Build/MMB29P) AppleWebKit/537.36 (KHTML, like Gecko) Chrome/137.0.7151.103 Mobile Safari/537.36 (compatible; Googlebot/2.1; +http://www.google.com/bot.html)"
66.249.65.105 - - [21/Jul/2025:23:56:27 +0000] "GET /swimming/t15?pid=926 HTTP/1.1" 200 85460 "-" "Mozilla/5.0 (Linux; Android 6.0.1; Nexus 5X Build/MMB29P) AppleWebKit/537.36 (KHTML, like Gecko) Chrome/137.0.7151.103 Mobile Safari/537.36 (compatible; Googlebot/2.1; +http://www.google.com/bot.html)"
