2a03:2880:f800:16:: - - [21/Jul/2025:18:57:42 +0000] "GET /shopbrand/347492481 HTTP/1.1" 404 11694 "-" "meta-externalagent/1.1 (+https://developers.facebook.com/docs/sharing/webmasters/crawler)"
2a03:2880:f800:d:: - - [21/Jul/2025:18:57:54 +0000] "GET /shopbrand/67966866 HTTP/1.1" 404 11694 "-" "meta-externalagent/1.1 (+https://developers.facebook.com/docs/sharing/webmasters/crawler)"
199.195.249.170 - - [21/Jul/2025:18:58:04 +0000] "GET /wp-login.php HTTP/1.1" 302 - "-" "Mozilla/5.0 (Macintosh; Intel Mac OS X 10_7_5) AppleWebKit/537.36 (KHTML, like Gecko) Chrome/36.0.1985.125 Safari/537.36"
20.171.207.187 - - [21/Jul/2025:18:58:14 +0000] "GET /search.php?items%2F082000729.html%3Fsrsltid=AfmBOoittXXRUHtauahnm70FZlDcofoyx9W67zxoV0Kf1eQO9tQX HTTP/1.1" 200 86681 "-" "Mozilla/5.0 AppleWebKit/537.36 (KHTML, like Gecko; compatible; GPTBot/1.2; +https://openai.com/gptbot)"
66.249.73.96 - - [21/Jul/2025:18:58:17 +0000] "GET /TV/v26?pid=44763 HTTP/1.1" 200 85680 "-" "Mozilla/5.0 (Linux; Android 6.0.1; Nexus 5X Build/MMB29P) AppleWebKit/537.36 (KHTML, like Gecko) Chrome/137.0.7151.103 Mobile Safari/537.36 (compatible; Googlebot/2.1; +http://www.google.com/bot.html)"
209.74.77.214 - - [21/Jul/2025:18:58:46 +0000] "POST /wp-cron.php?doing_wp_cron=1753124326.5189900398254394531250 HTTP/1.1" 403 33 "-" "WordPress/6.8.2; https://topflowroofingplumbing.com.au"
199.195.249.170 - - [21/Jul/2025:18:58:46 +0000] "GET /wp-login.php HTTP/1.1" 302 - "-" "Mozilla/5.0 (Macintosh; Intel Mac OS X 10_7_5) AppleWebKit/537.36 (KHTML, like Gecko) Chrome/36.0.1985.125 Safari/537.36"
2a03:2880:f800:8:: - - [21/Jul/2025:18:58:47 +0000] "GET /shopbrand/67971951 HTTP/1.1" 404 11694 "-" "meta-externalagent/1.1 (+https://developers.facebook.com/docs/sharing/webmasters/crawler)"
2a03:2880:f800:11:: - - [21/Jul/2025:18:58:55 +0000] "GET /shopbrand/261446738 HTTP/1.1" 404 11694 "-" "meta-externalagent/1.1 (+https://developers.facebook.com/docs/sharing/webmasters/crawler)"
2a03:2880:f800:: - - [21/Jul/2025:18:59:03 +0000] "GET /shopbrand/180862540 HTTP/1.1" 404 11694 "-" "meta-externalagent/1.1 (+https://developers.facebook.com/docs/sharing/webmasters/crawler)"
2a03:2880:f800:: - - [21/Jul/2025:18:59:14 +0000] "GET /shopbrand/261445619 HTTP/1.1" 404 11694 "-" "meta-externalagent/1.1 (+https://developers.facebook.com/docs/sharing/webmasters/crawler)"
20.171.207.187 - - [21/Jul/2025:18:59:15 +0000] "GET /search.php?product/edit/tuzukiya-k09-5470 HTTP/1.1" 200 87355 "-" "Mozilla/5.0 AppleWebKit/537.36 (KHTML, like Gecko; compatible; GPTBot/1.2; +https://openai.com/gptbot)"
199.195.249.170 - - [21/Jul/2025:18:59:28 +0000] "GET /wp-login.php HTTP/1.1" 302 - "-" "Mozilla/5.0 (Macintosh; Intel Mac OS X 10_7_5) AppleWebKit/537.36 (KHTML, like Gecko) Chrome/36.0.1985.125 Safari/537.36"
209.74.77.214 - - [21/Jul/2025:19:00:11 +0000] "POST /wp-cron.php?doing_wp_cron=1753124410.9445168972015380859375 HTTP/1.1" 403 33 "-" "WordPress/6.8.2; https://topflowroofingplumbing.com.au"
2a03:2880:f800:5:: - - [21/Jul/2025:19:00:09 +0000] "GET /shopbrand/347403839 HTTP/1.1" 404 11694 "-" "meta-externalagent/1.1 (+https://developers.facebook.com/docs/sharing/webmasters/crawler)"
199.195.249.170 - - [21/Jul/2025:19:00:16 +0000] "GET /wp-login.php HTTP/1.1" 302 - "-" "Mozilla/5.0 (Macintosh; Intel Mac OS X 10_7_5) AppleWebKit/537.36 (KHTML, like Gecko) Chrome/36.0.1985.125 Safari/537.36"
20.171.207.187 - - [21/Jul/2025:19:00:20 +0000] "GET /search.php?tent183000556.html HTTP/1.1" 200 87254 "-" "Mozilla/5.0 AppleWebKit/537.36 (KHTML, like Gecko; compatible; GPTBot/1.2; +https://openai.com/gptbot)"
2a03:2880:f800:10:: - - [21/Jul/2025:19:00:32 +0000] "GET /shopbrand/352071616 HTTP/1.1" 404 11694 "-" "meta-externalagent/1.1 (+https://developers.facebook.com/docs/sharing/webmasters/crawler)"
199.195.249.170 - - [21/Jul/2025:19:00:52 +0000] "GET /wp-login.php HTTP/1.1" 302 - "-" "Mozilla/5.0 (Macintosh; Intel Mac OS X 10_7_5) AppleWebKit/537.36 (KHTML, like Gecko) Chrome/36.0.1985.125 Safari/537.36"
20.171.207.187 - - [21/Jul/2025:19:01:21 +0000] "GET /search.php?bird300031939.html HTTP/1.1" 200 86093 "-" "Mozilla/5.0 AppleWebKit/537.36 (KHTML, like Gecko; compatible; GPTBot/1.2; +https://openai.com/gptbot)"
209.74.77.214 - - [21/Jul/2025:19:01:35 +0000] "POST /wp-cron.php?doing_wp_cron=1753124494.9362909793853759765625 HTTP/1.1" 403 33 "-" "WordPress/6.8.2; https://topflowroofingplumbing.com.au"
199.195.249.170 - - [21/Jul/2025:19:01:34 +0000] "GET /wp-login.php HTTP/1.1" 302 - "-" "Mozilla/5.0 (Macintosh; Intel Mac OS X 10_7_5) AppleWebKit/537.36 (KHTML, like Gecko) Chrome/36.0.1985.125 Safari/537.36"
2a03:2880:f800:7:: - - [21/Jul/2025:19:02:03 +0000] "GET /shopbrand/180862184 HTTP/1.1" 404 11694 "-" "meta-externalagent/1.1 (+https://developers.facebook.com/docs/sharing/webmasters/crawler)"
66.249.73.96 - - [21/Jul/2025:19:02:18 +0000] "GET /017000003.htm HTTP/1.1" 200 85983 "-" "Mozilla/5.0 (Linux; Android 6.0.1; Nexus 5X Build/MMB29P) AppleWebKit/537.36 (KHTML, like Gecko) Chrome/137.0.7151.103 Mobile Safari/537.36 (compatible; Googlebot/2.1; +http://www.google.com/bot.html)"
66.249.65.98 - - [21/Jul/2025:19:02:19 +0000] "GET /pcmypage?callback=product%2Fdetail%2Fkys-tr-1376840 HTTP/1.1" 200 85704 "-" "Mozilla/5.0 (Linux; Android 6.0.1; Nexus 5X Build/MMB29P) AppleWebKit/537.36 (KHTML, like Gecko) Chrome/137.0.7151.103 Mobile Safari/537.36 (compatible; Googlebot/2.1; +http://www.google.com/bot.html)"
66.249.65.97 - - [21/Jul/2025:19:02:19 +0000] "GET /027001653.htm HTTP/1.1" 200 85316 "-" "Mozilla/5.0 (Linux; Android 6.0.1; Nexus 5X Build/MMB29P) AppleWebKit/537.36 (KHTML, like Gecko) Chrome/137.0.7151.103 Mobile Safari/537.36 (compatible; Googlebot/2.1; +http://www.google.com/bot.html)"
66.249.65.99 - - [21/Jul/2025:19:02:20 +0000] "GET /shopbrand/9471874 HTTP/1.1" 200 86109 "-" "Mozilla/5.0 (Linux; Android 6.0.1; Nexus 5X Build/MMB29P) AppleWebKit/537.36 (KHTML, like Gecko) Chrome/137.0.7151.103 Mobile Safari/537.36 (compatible; Googlebot/2.1; +http://www.google.com/bot.html)"
66.249.73.96 - - [21/Jul/2025:19:02:20 +0000] "GET /product/edit/kimuraya-7154847017 HTTP/1.1" 200 85693 "-" "Mozilla/5.0 (Linux; Android 6.0.1; Nexus 5X Build/MMB29P) AppleWebKit/537.36 (KHTML, like Gecko) Chrome/137.0.7151.103 Mobile Safari/537.36 (compatible; Googlebot/2.1; +http://www.google.com/bot.html)"
199.195.249.170 - - [21/Jul/2025:19:02:24 +0000] "GET /wp-login.php HTTP/1.1" 302 - "-" "Mozilla/5.0 (Macintosh; Intel Mac OS X 10_7_5) AppleWebKit/537.36 (KHTML, like Gecko) Chrome/36.0.1985.125 Safari/537.36"
20.171.207.187 - - [21/Jul/2025:19:02:25 +0000] "GET /search.php?dead035000148.html HTTP/1.1" 200 87068 "-" "Mozilla/5.0 AppleWebKit/537.36 (KHTML, like Gecko; compatible; GPTBot/1.2; +https://openai.com/gptbot)"
209.74.77.214 - - [21/Jul/2025:19:02:59 +0000] "POST /wp-cron.php?doing_wp_cron=1753124579.7241990566253662109375 HTTP/1.1" 403 33 "-" "WordPress/6.8.2; https://topflowroofingplumbing.com.au"
2a03:2880:f800:5:: - - [21/Jul/2025:19:02:58 +0000] "GET /shopbrand/67921783 HTTP/1.1" 404 11694 "-" "meta-externalagent/1.1 (+https://developers.facebook.com/docs/sharing/webmasters/crawler)"
199.195.249.170 - - [21/Jul/2025:19:03:03 +0000] "GET /wp-login.php HTTP/1.1" 302 - "-" "Mozilla/5.0 (Macintosh; Intel Mac OS X 10_7_5) AppleWebKit/537.36 (KHTML, like Gecko) Chrome/36.0.1985.125 Safari/537.36"
20.171.207.187 - - [21/Jul/2025:19:03:27 +0000] "GET /search.php?rice219043444.html HTTP/1.1" 200 86213 "-" "Mozilla/5.0 AppleWebKit/537.36 (KHTML, like Gecko; compatible; GPTBot/1.2; +https://openai.com/gptbot)"
199.195.249.170 - - [21/Jul/2025:19:03:38 +0000] "GET /wp-login.php HTTP/1.1" 302 - "-" "Mozilla/5.0 (Macintosh; Intel Mac OS X 10_7_5) AppleWebKit/537.36 (KHTML, like Gecko) Chrome/36.0.1985.125 Safari/537.36"
209.74.77.214 - - [21/Jul/2025:19:04:18 +0000] "POST /wp-cron.php?doing_wp_cron=1753124658.6227550506591796875000 HTTP/1.1" 403 33 "-" "WordPress/6.8.2; https://topflowroofingplumbing.com.au"
199.195.249.170 - - [21/Jul/2025:19:04:18 +0000] "GET /wp-login.php HTTP/1.1" 302 - "-" "Mozilla/5.0 (Macintosh; Intel Mac OS X 10_7_5) AppleWebKit/537.36 (KHTML, like Gecko) Chrome/36.0.1985.125 Safari/537.36"
2a03:2880:f800:12:: - - [21/Jul/2025:19:04:24 +0000] "GET /shopbrand/88247817 HTTP/1.1" 404 11694 "-" "meta-externalagent/1.1 (+https://developers.facebook.com/docs/sharing/webmasters/crawler)"
173.208.153.154 - - [21/Jul/2025:19:04:29 +0000] "GET /wp-includes/wp-configs.php HTTP/1.1" 200 26 "https://topflowroofingplumbing.com.au/wp-includes/wp-configs.php" "Mozilla/5.0 (compatible; MSIE 9.0; Windows NT 6.1; WOW64; Trident/5.0; Sleipnir/2.9.8)"
20.171.207.187 - - [21/Jul/2025:19:04:28 +0000] "GET /search.php?tiny101036660.html HTTP/1.1" 200 87618 "-" "Mozilla/5.0 AppleWebKit/537.36 (KHTML, like Gecko; compatible; GPTBot/1.2; +https://openai.com/gptbot)"
2a03:2880:f800:1d:: - - [21/Jul/2025:19:04:36 +0000] "GET /shopbrand/68001412 HTTP/1.1" 404 11694 "-" "meta-externalagent/1.1 (+https://developers.facebook.com/docs/sharing/webmasters/crawler)"
2a03:2880:f800:3:: - - [21/Jul/2025:19:04:52 +0000] "GET /shopbrand/88288805 HTTP/1.1" 404 11694 "-" "meta-externalagent/1.1 (+https://developers.facebook.com/docs/sharing/webmasters/crawler)"
199.195.249.170 - - [21/Jul/2025:19:05:03 +0000] "GET /wp-login.php HTTP/1.1" 302 - "-" "Mozilla/5.0 (Macintosh; Intel Mac OS X 10_7_5) AppleWebKit/537.36 (KHTML, like Gecko) Chrome/36.0.1985.125 Safari/537.36"
20.171.207.187 - - [21/Jul/2025:19:05:29 +0000] "GET /search.php?m022000856%3Fsrsltid=AfmBOoODmmbnnIIrvb1TW9_JTRUyesTTI_PYwLJGPP-U-N8UfbbOX5 HTTP/1.1" 200 86819 "-" "Mozilla/5.0 AppleWebKit/537.36 (KHTML, like Gecko; compatible; GPTBot/1.2; +https://openai.com/gptbot)"
173.208.153.154 - - [21/Jul/2025:19:04:09 +0000] "GET /wp-includes/wp-configs.php HTTP/1.1" 200 - "https://topflowroofingplumbing.com.au/wp-includes/wp-configs.php" "Mozilla/4.0 (compatible; MSIE 8.0; Windows NT 5.1; Trident/4.0; .NET CLR 2.0.50727; .NET CLR 3.0.04506.30; .NET CLR 3.0.04506.648)"
209.74.77.214 - - [21/Jul/2025:19:05:51 +0000] "POST /wp-cron.php?doing_wp_cron=1753124750.9110150337219238281250 HTTP/1.1" 403 33 "-" "WordPress/6.8.2; https://topflowroofingplumbing.com.au"
199.195.249.170 - - [21/Jul/2025:19:05:50 +0000] "GET /wp-login.php HTTP/1.1" 302 - "-" "Mozilla/5.0 (Macintosh; Intel Mac OS X 10_7_5) AppleWebKit/537.36 (KHTML, like Gecko) Chrome/36.0.1985.125 Safari/537.36"
2a03:2880:f800:e:: - - [21/Jul/2025:19:06:22 +0000] "GET /shopdetail/77394252 HTTP/1.1" 404 11694 "-" "meta-externalagent/1.1 (+https://developers.facebook.com/docs/sharing/webmasters/crawler)"
199.195.249.170 - - [21/Jul/2025:19:06:30 +0000] "GET /wp-login.php HTTP/1.1" 302 - "-" "Mozilla/5.0 (Macintosh; Intel Mac OS X 10_7_5) AppleWebKit/537.36 (KHTML, like Gecko) Chrome/36.0.1985.125 Safari/537.36"
20.171.207.187 - - [21/Jul/2025:19:06:30 +0000] "GET /search.php?goal152026555.html HTTP/1.1" 200 87341 "-" "Mozilla/5.0 AppleWebKit/537.36 (KHTML, like Gecko; compatible; GPTBot/1.2; +https://openai.com/gptbot)"
209.74.77.214 - - [21/Jul/2025:19:07:09 +0000] "POST /wp-cron.php?doing_wp_cron=1753124829.2895689010620117187500 HTTP/1.1" 403 33 "-" "WordPress/6.8.2; https://topflowroofingplumbing.com.au"
199.195.249.170 - - [21/Jul/2025:19:07:07 +0000] "GET /wp-login.php HTTP/1.1" 302 - "-" "Mozilla/5.0 (Macintosh; Intel Mac OS X 10_7_5) AppleWebKit/537.36 (KHTML, like Gecko) Chrome/36.0.1985.125 Safari/537.36"
20.171.207.187 - - [21/Jul/2025:19:07:31 +0000] "GET /search.php?product/edit/partsdirect-spk030r HTTP/1.1" 200 88281 "-" "Mozilla/5.0 AppleWebKit/537.36 (KHTML, like Gecko; compatible; GPTBot/1.2; +https://openai.com/gptbot)"
199.195.249.170 - - [21/Jul/2025:19:07:44 +0000] "GET /wp-login.php HTTP/1.1" 302 - "-" "Mozilla/5.0 (Macintosh; Intel Mac OS X 10_7_5) AppleWebKit/537.36 (KHTML, like Gecko) Chrome/36.0.1985.125 Safari/537.36"
209.74.77.214 - - [21/Jul/2025:19:08:14 +0000] "POST /wp-cron.php?doing_wp_cron=1753124894.6556999683380126953125 HTTP/1.1" 403 33 "-" "WordPress/6.8.2; https://topflowroofingplumbing.com.au"
199.195.249.170 - - [21/Jul/2025:19:08:14 +0000] "GET /wp-login.php HTTP/1.1" 302 - "-" "Mozilla/5.0 (Macintosh; Intel Mac OS X 10_7_5) AppleWebKit/537.36 (KHTML, like Gecko) Chrome/36.0.1985.125 Safari/537.36"
66.249.65.99 - - [21/Jul/2025:19:08:21 +0000] "GET /pcmypage?callback=product/review/edenki-ed5041075 HTTP/1.1" 200 86152 "-" "Mozilla/5.0 (Linux; Android 6.0.1; Nexus 5X Build/MMB29P) AppleWebKit/537.36 (KHTML, like Gecko) Chrome/137.0.7151.103 Mobile Safari/537.36 (compatible; Googlebot/2.1; +http://www.google.com/bot.html)"
2a03:2880:f800:f:: - - [21/Jul/2025:19:08:24 +0000] "GET /shopbrand/347390615 HTTP/1.1" 404 11694 "-" "meta-externalagent/1.1 (+https://developers.facebook.com/docs/sharing/webmasters/crawler)"
20.171.207.187 - - [21/Jul/2025:19:08:36 +0000] "GET /search.php?part300026857.html HTTP/1.1" 200 87336 "-" "Mozilla/5.0 AppleWebKit/537.36 (KHTML, like Gecko; compatible; GPTBot/1.2; +https://openai.com/gptbot)"
199.195.249.170 - - [21/Jul/2025:19:08:37 +0000] "GET /wp-login.php HTTP/1.1" 302 - "-" "Mozilla/5.0 (Macintosh; Intel Mac OS X 10_7_5) AppleWebKit/537.36 (KHTML, like Gecko) Chrome/36.0.1985.125 Safari/537.36"
2a03:2880:f800:8:: - - [21/Jul/2025:19:08:38 +0000] "GET /shopbrand/193917756 HTTP/1.1" 404 11694 "-" "meta-externalagent/1.1 (+https://developers.facebook.com/docs/sharing/webmasters/crawler)"
66.249.73.97 - - [21/Jul/2025:19:09:21 +0000] "GET /pcmypage?callback=product/review/snowwear-ino-bbsho02005-1 HTTP/1.1" 200 85505 "-" "Mozilla/5.0 (Linux; Android 6.0.1; Nexus 5X Build/MMB29P) AppleWebKit/537.36 (KHTML, like Gecko) Chrome/137.0.7151.103 Mobile Safari/537.36 (compatible; Googlebot/2.1; +http://www.google.com/bot.html)"
66.249.65.99 - - [21/Jul/2025:19:09:22 +0000] "GET /product/edit/golfpartner-2100370182486 HTTP/1.1" 200 86039 "-" "Mozilla/5.0 (Linux; Android 6.0.1; Nexus 5X Build/MMB29P) AppleWebKit/537.36 (KHTML, like Gecko) Chrome/137.0.7151.103 Mobile Safari/537.36 (compatible; Googlebot/2.1; +http://www.google.com/bot.html)"
20.171.207.187 - - [21/Jul/2025:19:09:36 +0000] "GET /search.php?mass190004275.html HTTP/1.1" 200 86710 "-" "Mozilla/5.0 AppleWebKit/537.36 (KHTML, like Gecko; compatible; GPTBot/1.2; +https://openai.com/gptbot)"
20.171.207.187 - - [21/Jul/2025:19:10:36 +0000] "GET /search.php?poet147025552.html HTTP/1.1" 200 87017 "-" "Mozilla/5.0 AppleWebKit/537.36 (KHTML, like Gecko; compatible; GPTBot/1.2; +https://openai.com/gptbot)"
209.74.77.214 - - [21/Jul/2025:19:11:34 +0000] "POST /wp-cron.php?doing_wp_cron=1753125094.4745900630950927734375 HTTP/1.1" 403 33 "-" "WordPress/6.8.2; https://topflowroofingplumbing.com.au"
2a03:2880:f800:14:: - - [21/Jul/2025:19:11:33 +0000] "GET /shopbrand/180901523 HTTP/1.1" 404 11694 "-" "meta-externalagent/1.1 (+https://developers.facebook.com/docs/sharing/webmasters/crawler)"
20.171.207.187 - - [21/Jul/2025:19:11:42 +0000] "GET /search.php?yell160005223.html HTTP/1.1" 200 86980 "-" "Mozilla/5.0 AppleWebKit/537.36 (KHTML, like Gecko; compatible; GPTBot/1.2; +https://openai.com/gptbot)"
2a03:2880:f800:f:: - - [21/Jul/2025:19:12:14 +0000] "GET /shopdetail/33212852 HTTP/1.1" 404 11694 "-" "meta-externalagent/1.1 (+https://developers.facebook.com/docs/sharing/webmasters/crawler)"
2a03:2880:f800:4:: - - [21/Jul/2025:19:12:23 +0000] "GET /shopbrand/67943509 HTTP/1.1" 404 11694 "-" "meta-externalagent/1.1 (+https://developers.facebook.com/docs/sharing/webmasters/crawler)"
20.171.207.187 - - [21/Jul/2025:19:12:45 +0000] "GET /search.php?atop238000341.html HTTP/1.1" 200 86381 "-" "Mozilla/5.0 AppleWebKit/537.36 (KHTML, like Gecko; compatible; GPTBot/1.2; +https://openai.com/gptbot)"
209.74.77.214 - - [21/Jul/2025:19:12:54 +0000] "POST /wp-cron.php?doing_wp_cron=1753125173.9095699787139892578125 HTTP/1.1" 403 33 "-" "WordPress/6.8.2; https://topflowroofingplumbing.com.au"
2a03:2880:f800:e:: - - [21/Jul/2025:19:12:53 +0000] "GET /shopdetail/228160452 HTTP/1.1" 404 11694 "-" "meta-externalagent/1.1 (+https://developers.facebook.com/docs/sharing/webmasters/crawler)"
199.195.252.145 - - [21/Jul/2025:19:13:02 +0000] "GET /wp-login.php HTTP/1.1" 302 - "-" "Mozilla/5.0 (Macintosh; Intel Mac OS X 10_9_0) AppleWebKit/537.36 (KHTML, like Gecko) Chrome/36.0.1985.125 Safari/537.36"
199.195.252.145 - - [21/Jul/2025:19:13:02 +0000] "GET /wp-login.php HTTP/1.1" 302 - "-" "Mozilla/5.0 (Macintosh; Intel Mac OS X 10_9_0) AppleWebKit/537.36 (KHTML, like Gecko) Chrome/36.0.1985.125 Safari/537.36"
199.195.252.145 - - [21/Jul/2025:19:13:03 +0000] "GET /wp-login.php HTTP/1.1" 302 - "-" "Mozilla/5.0 (Macintosh; Intel Mac OS X 10_9_0) AppleWebKit/537.36 (KHTML, like Gecko) Chrome/36.0.1985.125 Safari/537.36"
199.195.252.145 - - [21/Jul/2025:19:13:03 +0000] "GET /wp-login.php HTTP/1.1" 302 - "-" "Mozilla/5.0 (Macintosh; Intel Mac OS X 10_9_0) AppleWebKit/537.36 (KHTML, like Gecko) Chrome/36.0.1985.125 Safari/537.36"
199.195.252.145 - - [21/Jul/2025:19:13:03 +0000] "GET /wp-login.php HTTP/1.1" 302 - "-" "Mozilla/5.0 (Macintosh; Intel Mac OS X 10_9_0) AppleWebKit/537.36 (KHTML, like Gecko) Chrome/36.0.1985.125 Safari/537.36"
199.195.252.145 - - [21/Jul/2025:19:13:04 +0000] "GET /wp-login.php HTTP/1.1" 302 - "-" "Mozilla/5.0 (Macintosh; Intel Mac OS X 10_9_0) AppleWebKit/537.36 (KHTML, like Gecko) Chrome/36.0.1985.125 Safari/537.36"
199.195.252.145 - - [21/Jul/2025:19:13:04 +0000] "GET /wp-login.php HTTP/1.1" 302 - "-" "Mozilla/5.0 (Macintosh; Intel Mac OS X 10_9_0) AppleWebKit/537.36 (KHTML, like Gecko) Chrome/36.0.1985.125 Safari/537.36"
199.195.252.145 - - [21/Jul/2025:19:13:04 +0000] "GET /wp-login.php HTTP/1.1" 302 - "-" "Mozilla/5.0 (Macintosh; Intel Mac OS X 10_9_0) AppleWebKit/537.36 (KHTML, like Gecko) Chrome/36.0.1985.125 Safari/537.36"
199.195.252.145 - - [21/Jul/2025:19:13:04 +0000] "GET /wp-login.php HTTP/1.1" 302 - "-" "Mozilla/5.0 (Macintosh; Intel Mac OS X 10_9_0) AppleWebKit/537.36 (KHTML, like Gecko) Chrome/36.0.1985.125 Safari/537.36"
199.195.252.145 - - [21/Jul/2025:19:13:04 +0000] "GET /wp-login.php HTTP/1.1" 302 - "-" "Mozilla/5.0 (Macintosh; Intel Mac OS X 10_9_0) AppleWebKit/537.36 (KHTML, like Gecko) Chrome/36.0.1985.125 Safari/537.36"
199.195.252.145 - - [21/Jul/2025:19:13:05 +0000] "GET /wp-login.php HTTP/1.1" 302 - "-" "Mozilla/5.0 (Macintosh; Intel Mac OS X 10_9_0) AppleWebKit/537.36 (KHTML, like Gecko) Chrome/36.0.1985.125 Safari/537.36"
199.195.252.145 - - [21/Jul/2025:19:13:05 +0000] "GET /wp-login.php HTTP/1.1" 302 - "-" "Mozilla/5.0 (Macintosh; Intel Mac OS X 10_9_0) AppleWebKit/537.36 (KHTML, like Gecko) Chrome/36.0.1985.125 Safari/537.36"
199.195.252.145 - - [21/Jul/2025:19:13:05 +0000] "GET /wp-login.php HTTP/1.1" 302 - "-" "Mozilla/5.0 (Macintosh; Intel Mac OS X 10_9_0) AppleWebKit/537.36 (KHTML, like Gecko) Chrome/36.0.1985.125 Safari/537.36"
199.195.252.145 - - [21/Jul/2025:19:13:06 +0000] "GET /wp-login.php HTTP/1.1" 302 - "-" "Mozilla/5.0 (Macintosh; Intel Mac OS X 10_9_0) AppleWebKit/537.36 (KHTML, like Gecko) Chrome/36.0.1985.125 Safari/537.36"
199.195.252.145 - - [21/Jul/2025:19:13:06 +0000] "GET /wp-login.php HTTP/1.1" 302 - "-" "Mozilla/5.0 (Macintosh; Intel Mac OS X 10_9_0) AppleWebKit/537.36 (KHTML, like Gecko) Chrome/36.0.1985.125 Safari/537.36"
199.195.252.145 - - [21/Jul/2025:19:13:07 +0000] "GET /wp-login.php HTTP/1.1" 302 - "-" "Mozilla/5.0 (Macintosh; Intel Mac OS X 10_9_0) AppleWebKit/537.36 (KHTML, like Gecko) Chrome/36.0.1985.125 Safari/537.36"
199.195.252.145 - - [21/Jul/2025:19:13:08 +0000] "GET /wp-login.php HTTP/1.1" 302 - "-" "Mozilla/5.0 (Macintosh; Intel Mac OS X 10_9_0) AppleWebKit/537.36 (KHTML, like Gecko) Chrome/36.0.1985.125 Safari/537.36"
199.195.252.145 - - [21/Jul/2025:19:13:08 +0000] "GET /wp-login.php HTTP/1.1" 302 - "-" "Mozilla/5.0 (Macintosh; Intel Mac OS X 10_9_0) AppleWebKit/537.36 (KHTML, like Gecko) Chrome/36.0.1985.125 Safari/537.36"
199.195.252.145 - - [21/Jul/2025:19:13:08 +0000] "GET /wp-login.php HTTP/1.1" 302 - "-" "Mozilla/5.0 (Macintosh; Intel Mac OS X 10_9_0) AppleWebKit/537.36 (KHTML, like Gecko) Chrome/36.0.1985.125 Safari/537.36"
199.195.252.145 - - [21/Jul/2025:19:13:08 +0000] "GET /wp-login.php HTTP/1.1" 302 - "-" "Mozilla/5.0 (Macintosh; Intel Mac OS X 10_9_0) AppleWebKit/537.36 (KHTML, like Gecko) Chrome/36.0.1985.125 Safari/537.36"
199.195.252.145 - - [21/Jul/2025:19:13:09 +0000] "GET /wp-login.php HTTP/1.1" 302 - "-" "Mozilla/5.0 (Macintosh; Intel Mac OS X 10_9_0) AppleWebKit/537.36 (KHTML, like Gecko) Chrome/36.0.1985.125 Safari/537.36"
199.195.252.145 - - [21/Jul/2025:19:13:09 +0000] "GET /wp-login.php HTTP/1.1" 302 - "-" "Mozilla/5.0 (Macintosh; Intel Mac OS X 10_9_0) AppleWebKit/537.36 (KHTML, like Gecko) Chrome/36.0.1985.125 Safari/537.36"
199.195.252.145 - - [21/Jul/2025:19:13:09 +0000] "GET /wp-login.php HTTP/1.1" 302 - "-" "Mozilla/5.0 (Macintosh; Intel Mac OS X 10_9_0) AppleWebKit/537.36 (KHTML, like Gecko) Chrome/36.0.1985.125 Safari/537.36"
199.195.252.145 - - [21/Jul/2025:19:13:09 +0000] "GET /wp-login.php HTTP/1.1" 302 - "-" "Mozilla/5.0 (Macintosh; Intel Mac OS X 10_9_0) AppleWebKit/537.36 (KHTML, like Gecko) Chrome/36.0.1985.125 Safari/537.36"
199.195.252.145 - - [21/Jul/2025:19:13:10 +0000] "GET /wp-login.php HTTP/1.1" 302 - "-" "Mozilla/5.0 (Macintosh; Intel Mac OS X 10_9_0) AppleWebKit/537.36 (KHTML, like Gecko) Chrome/36.0.1985.125 Safari/537.36"
199.195.252.145 - - [21/Jul/2025:19:13:10 +0000] "GET /wp-login.php HTTP/1.1" 302 - "-" "Mozilla/5.0 (Macintosh; Intel Mac OS X 10_9_0) AppleWebKit/537.36 (KHTML, like Gecko) Chrome/36.0.1985.125 Safari/537.36"
199.195.252.145 - - [21/Jul/2025:19:13:10 +0000] "GET /wp-login.php HTTP/1.1" 302 - "-" "Mozilla/5.0 (Macintosh; Intel Mac OS X 10_9_0) AppleWebKit/537.36 (KHTML, like Gecko) Chrome/36.0.1985.125 Safari/537.36"
199.195.252.145 - - [21/Jul/2025:19:13:11 +0000] "GET /wp-login.php HTTP/1.1" 302 - "-" "Mozilla/5.0 (Macintosh; Intel Mac OS X 10_9_0) AppleWebKit/537.36 (KHTML, like Gecko) Chrome/36.0.1985.125 Safari/537.36"
199.195.252.145 - - [21/Jul/2025:19:13:11 +0000] "GET /wp-login.php HTTP/1.1" 302 - "-" "Mozilla/5.0 (Macintosh; Intel Mac OS X 10_9_0) AppleWebKit/537.36 (KHTML, like Gecko) Chrome/36.0.1985.125 Safari/537.36"
199.195.252.145 - - [21/Jul/2025:19:13:11 +0000] "GET /wp-login.php HTTP/1.1" 302 - "-" "Mozilla/5.0 (Macintosh; Intel Mac OS X 10_9_0) AppleWebKit/537.36 (KHTML, like Gecko) Chrome/36.0.1985.125 Safari/537.36"
199.195.252.145 - - [21/Jul/2025:19:13:11 +0000] "GET /wp-login.php HTTP/1.1" 302 - "-" "Mozilla/5.0 (Macintosh; Intel Mac OS X 10_9_0) AppleWebKit/537.36 (KHTML, like Gecko) Chrome/36.0.1985.125 Safari/537.36"
20.171.207.187 - - [21/Jul/2025:19:13:46 +0000] "GET /search.php?wall111047668.html HTTP/1.1" 200 86615 "-" "Mozilla/5.0 AppleWebKit/537.36 (KHTML, like Gecko; compatible; GPTBot/1.2; +https://openai.com/gptbot)"
66.249.65.98 - - [21/Jul/2025:19:14:23 +0000] "GET /pcmypage?callback=product/review/e-cle-3310220100-001063292260600 HTTP/1.1" 200 86042 "-" "Mozilla/5.0 (Linux; Android 6.0.1; Nexus 5X Build/MMB29P) AppleWebKit/537.36 (KHTML, like Gecko) Chrome/137.0.7151.103 Mobile Safari/537.36 (compatible; Googlebot/2.1; +http://www.google.com/bot.html)"
20.171.207.187 - - [21/Jul/2025:19:14:49 +0000] "GET /search.php?else132000489.html HTTP/1.1" 200 87300 "-" "Mozilla/5.0 AppleWebKit/537.36 (KHTML, like Gecko; compatible; GPTBot/1.2; +https://openai.com/gptbot)"
66.249.65.97 - - [21/Jul/2025:19:15:25 +0000] "GET /shopbrand/9465329 HTTP/1.1" 200 86304 "-" "Mozilla/5.0 (Linux; Android 6.0.1; Nexus 5X Build/MMB29P) AppleWebKit/537.36 (KHTML, like Gecko) Chrome/137.0.7151.103 Mobile Safari/537.36 (compatible; Googlebot/2.1; +http://www.google.com/bot.html)"
20.171.207.187 - - [21/Jul/2025:19:15:50 +0000] "GET /search.php?hold279022254.html HTTP/1.1" 200 87710 "-" "Mozilla/5.0 AppleWebKit/537.36 (KHTML, like Gecko; compatible; GPTBot/1.2; +https://openai.com/gptbot)"
209.74.77.214 - - [21/Jul/2025:19:16:11 +0000] "POST /wp-cron.php?doing_wp_cron=1753125370.8911619186401367187500 HTTP/1.1" 403 33 "-" "WordPress/6.8.2; https://topflowroofingplumbing.com.au"
2a03:2880:f800:1b:: - - [21/Jul/2025:19:16:09 +0000] "GET /shopdetail/233819052 HTTP/1.1" 404 11694 "-" "meta-externalagent/1.1 (+https://developers.facebook.com/docs/sharing/webmasters/crawler)"
2a03:2880:f800:18:: - - [21/Jul/2025:19:16:49 +0000] "GET /shopbrand/261532368 HTTP/1.1" 404 11694 "-" "meta-externalagent/1.1 (+https://developers.facebook.com/docs/sharing/webmasters/crawler)"
20.171.207.187 - - [21/Jul/2025:19:16:56 +0000] "GET /search.php?items%2F083003586.html%3Fsrsltid=AfmBOozddLLwRmammjREZVXwLTzXzzZTRGRWZwp46FlbYUr4Ih4Y HTTP/1.1" 200 87037 "-" "Mozilla/5.0 AppleWebKit/537.36 (KHTML, like Gecko; compatible; GPTBot/1.2; +https://openai.com/gptbot)"
2a03:2880:f800:12:: - - [21/Jul/2025:19:17:04 +0000] "GET /shopbrand/88355696 HTTP/1.1" 404 11694 "-" "meta-externalagent/1.1 (+https://developers.facebook.com/docs/sharing/webmasters/crawler)"
66.249.65.99 - - [21/Jul/2025:19:17:13 +0000] "GET /display/b9?pid=646 HTTP/1.1" 200 85780 "-" "Mozilla/5.0 (Linux; Android 6.0.1; Nexus 5X Build/MMB29P) AppleWebKit/537.36 (KHTML, like Gecko) Chrome/137.0.7151.103 Mobile Safari/537.36 (compatible; Googlebot/2.1; +http://www.google.com/bot.html)"
66.249.73.96 - - [21/Jul/2025:19:17:13 +0000] "GET /law/k96?pid=889 HTTP/1.1" 200 85605 "-" "Mozilla/5.0 (Linux; Android 6.0.1; Nexus 5X Build/MMB29P) AppleWebKit/537.36 (KHTML, like Gecko) Chrome/137.0.7151.103 Mobile Safari/537.36 (compatible; Googlebot/2.1; +http://www.google.com/bot.html)"
66.249.65.97 - - [21/Jul/2025:19:17:13 +0000] "GET /298018756.htm HTTP/1.1" 200 86283 "-" "Mozilla/5.0 (Linux; Android 6.0.1; Nexus 5X Build/MMB29P) AppleWebKit/537.36 (KHTML, like Gecko) Chrome/137.0.7151.103 Mobile Safari/537.36 (compatible; Googlebot/2.1; +http://www.google.com/bot.html)"
209.74.77.214 - - [21/Jul/2025:19:17:48 +0000] "POST /wp-cron.php?doing_wp_cron=1753125468.3017790317535400390625 HTTP/1.1" 403 33 "-" "WordPress/6.8.2; https://topflowroofingplumbing.com.au"
209.74.77.214 - - [21/Jul/2025:19:17:48 +0000] "POST /wp-cron.php?doing_wp_cron=1753125468.3017790317535400390625 HTTP/1.1" 403 33 "-" "WordPress/6.8.2; https://topflowroofingplumbing.com.au"
2a03:2880:f800:a:: - - [21/Jul/2025:19:17:47 +0000] "GET /shopbrand/180800100 HTTP/1.1" 404 11694 "-" "meta-externalagent/1.1 (+https://developers.facebook.com/docs/sharing/webmasters/crawler)"
2a03:2880:f800:8:: - - [21/Jul/2025:19:17:47 +0000] "GET /shopbrand/180899399 HTTP/1.1" 404 11694 "-" "meta-externalagent/1.1 (+https://developers.facebook.com/docs/sharing/webmasters/crawler)"
2a03:2880:f800:6:: - - [21/Jul/2025:19:17:52 +0000] "GET /shopbrand/261525942 HTTP/1.1" 404 11694 "-" "meta-externalagent/1.1 (+https://developers.facebook.com/docs/sharing/webmasters/crawler)"
20.171.207.187 - - [21/Jul/2025:19:18:02 +0000] "GET /search.php?exit222042757.html HTTP/1.1" 200 87835 "-" "Mozilla/5.0 AppleWebKit/537.36 (KHTML, like Gecko; compatible; GPTBot/1.2; +https://openai.com/gptbot)"
2a03:2880:f800:15:: - - [21/Jul/2025:19:18:16 +0000] "GET /shopbrand/352139801 HTTP/1.1" 404 11694 "-" "meta-externalagent/1.1 (+https://developers.facebook.com/docs/sharing/webmasters/crawler)"
2a03:2880:f800:1a:: - - [21/Jul/2025:19:18:44 +0000] "GET /shopbrand/88292660 HTTP/1.1" 404 11694 "-" "meta-externalagent/1.1 (+https://developers.facebook.com/docs/sharing/webmasters/crawler)"
20.171.207.187 - - [21/Jul/2025:19:19:05 +0000] "GET /search.php?edit277000510.html HTTP/1.1" 200 86228 "-" "Mozilla/5.0 AppleWebKit/537.36 (KHTML, like Gecko; compatible; GPTBot/1.2; +https://openai.com/gptbot)"
66.249.73.97 - - [21/Jul/2025:19:19:26 +0000] "GET /detect/t18?pid=715 HTTP/1.1" 200 85734 "-" "Mozilla/5.0 (Linux; Android 6.0.1; Nexus 5X Build/MMB29P) AppleWebKit/537.36 (KHTML, like Gecko) Chrome/137.0.7151.103 Mobile Safari/537.36 (compatible; Googlebot/2.1; +http://www.google.com/bot.html)"
209.74.77.214 - - [21/Jul/2025:19:19:44 +0000] "POST /wp-cron.php?doing_wp_cron=1753125584.4047861099243164062500 HTTP/1.1" 403 33 "-" "WordPress/6.8.2; https://topflowroofingplumbing.com.au"
2a03:2880:f800:6:: - - [21/Jul/2025:19:19:44 +0000] "GET /shopbrand/88329163 HTTP/1.1" 404 11694 "-" "meta-externalagent/1.1 (+https://developers.facebook.com/docs/sharing/webmasters/crawler)"
20.171.207.187 - - [21/Jul/2025:19:20:09 +0000] "GET /search.php?product/edit/rcmd-tm-2311532 HTTP/1.1" 200 86543 "-" "Mozilla/5.0 AppleWebKit/537.36 (KHTML, like Gecko; compatible; GPTBot/1.2; +https://openai.com/gptbot)"
20.171.207.187 - - [21/Jul/2025:19:21:13 +0000] "GET /search.php?than300029673.html HTTP/1.1" 200 86433 "-" "Mozilla/5.0 AppleWebKit/537.36 (KHTML, like Gecko; compatible; GPTBot/1.2; +https://openai.com/gptbot)"
20.171.207.187 - - [21/Jul/2025:19:22:17 +0000] "GET /search.php?army079000462.html HTTP/1.1" 200 87239 "-" "Mozilla/5.0 AppleWebKit/537.36 (KHTML, like Gecko; compatible; GPTBot/1.2; +https://openai.com/gptbot)"
20.171.207.187 - - [21/Jul/2025:19:23:21 +0000] "GET /search.php?whom179035000.html HTTP/1.1" 200 87337 "-" "Mozilla/5.0 AppleWebKit/537.36 (KHTML, like Gecko; compatible; GPTBot/1.2; +https://openai.com/gptbot)"
209.74.77.214 - - [21/Jul/2025:19:23:48 +0000] "POST /wp-cron.php?doing_wp_cron=1753125828.3798620700836181640625 HTTP/1.1" 403 33 "-" "WordPress/6.8.2; https://topflowroofingplumbing.com.au"
2a03:2880:f800:17:: - - [21/Jul/2025:19:23:47 +0000] "GET /shopbrand/261557460 HTTP/1.1" 404 11694 "-" "meta-externalagent/1.1 (+https://developers.facebook.com/docs/sharing/webmasters/crawler)"
2a03:2880:f800:: - - [21/Jul/2025:19:24:17 +0000] "GET /shopbrand/193918882 HTTP/1.1" 404 11694 "-" "meta-externalagent/1.1 (+https://developers.facebook.com/docs/sharing/webmasters/crawler)"
20.171.207.187 - - [21/Jul/2025:19:24:24 +0000] "GET /search.php?m008001076%3Fsrsltid=AfmBOoSPXIEtJiuNJ62dMx_paof6PfCxY_uipFZpXG-O-w5PwUelk7 HTTP/1.1" 200 87183 "-" "Mozilla/5.0 AppleWebKit/537.36 (KHTML, like Gecko; compatible; GPTBot/1.2; +https://openai.com/gptbot)"
209.74.77.214 - - [21/Jul/2025:19:25:15 +0000] "POST /wp-cron.php?doing_wp_cron=1753125915.6990399360656738281250 HTTP/1.1" 403 33 "-" "WordPress/6.8.2; https://topflowroofingplumbing.com.au"
2a03:2880:f800:10:: - - [21/Jul/2025:19:25:12 +0000] "GET /shopdetail/174401952 HTTP/1.1" 404 11694 "-" "meta-externalagent/1.1 (+https://developers.facebook.com/docs/sharing/webmasters/crawler)"
20.171.207.187 - - [21/Jul/2025:19:25:26 +0000] "GET /search.php?best038000627.html HTTP/1.1" 200 86612 "-" "Mozilla/5.0 AppleWebKit/537.36 (KHTML, like Gecko; compatible; GPTBot/1.2; +https://openai.com/gptbot)"
2a03:2880:f800:10:: - - [21/Jul/2025:19:26:11 +0000] "GET /shopbrand/352168161 HTTP/1.1" 404 11694 "-" "meta-externalagent/1.1 (+https://developers.facebook.com/docs/sharing/webmasters/crawler)"
2a03:2880:f800:14:: - - [21/Jul/2025:19:26:10 +0000] "GET /shopdetail/471818852 HTTP/1.1" 404 11694 "-" "meta-externalagent/1.1 (+https://developers.facebook.com/docs/sharing/webmasters/crawler)"
20.171.207.187 - - [21/Jul/2025:19:26:29 +0000] "GET /search.php?thus222010937.html HTTP/1.1" 200 87454 "-" "Mozilla/5.0 AppleWebKit/537.36 (KHTML, like Gecko; compatible; GPTBot/1.2; +https://openai.com/gptbot)"
209.74.77.214 - - [21/Jul/2025:19:26:42 +0000] "POST /wp-cron.php?doing_wp_cron=1753126002.5784900188446044921875 HTTP/1.1" 403 33 "-" "WordPress/6.8.2; https://topflowroofingplumbing.com.au"
209.74.77.214 - - [21/Jul/2025:19:26:42 +0000] "POST /wp-cron.php?doing_wp_cron=1753126002.6481680870056152343750 HTTP/1.1" 403 33 "-" "WordPress/6.8.2; https://topflowroofingplumbing.com.au"
2a03:2880:f800:1b:: - - [21/Jul/2025:19:26:42 +0000] "GET /shopdetail/525370852 HTTP/1.1" 404 11694 "-" "meta-externalagent/1.1 (+https://developers.facebook.com/docs/sharing/webmasters/crawler)"
2a03:2880:f800:13:: - - [21/Jul/2025:19:26:42 +0000] "GET /shopbrand/347394917 HTTP/1.1" 404 11694 "-" "meta-externalagent/1.1 (+https://developers.facebook.com/docs/sharing/webmasters/crawler)"
20.171.207.187 - - [21/Jul/2025:19:27:31 +0000] "GET /search.php?tent170007349.html HTTP/1.1" 200 86617 "-" "Mozilla/5.0 AppleWebKit/537.36 (KHTML, like Gecko; compatible; GPTBot/1.2; +https://openai.com/gptbot)"
20.171.207.187 - - [21/Jul/2025:19:28:31 +0000] "GET /search.php?product/edit/oasisu-721609 HTTP/1.1" 200 86569 "-" "Mozilla/5.0 AppleWebKit/537.36 (KHTML, like Gecko; compatible; GPTBot/1.2; +https://openai.com/gptbot)"
66.249.73.96 - - [21/Jul/2025:19:29:14 +0000] "GET /diagnose/g34?pid=939 HTTP/1.1" 200 85366 "-" "Mozilla/5.0 (Linux; Android 6.0.1; Nexus 5X Build/MMB29P) AppleWebKit/537.36 (KHTML, like Gecko) Chrome/137.0.7151.103 Mobile Safari/537.36 (compatible; Googlebot/2.1; +http://www.google.com/bot.html)"
20.171.207.187 - - [21/Jul/2025:19:29:33 +0000] "GET /search.php?rich160006847.html HTTP/1.1" 200 87150 "-" "Mozilla/5.0 AppleWebKit/537.36 (KHTML, like Gecko; compatible; GPTBot/1.2; +https://openai.com/gptbot)"
66.249.73.96 - - [21/Jul/2025:19:29:47 +0000] "GET /055000127.htm HTTP/1.1" 200 85888 "-" "Mozilla/5.0 (Linux; Android 6.0.1; Nexus 5X Build/MMB29P) AppleWebKit/537.36 (KHTML, like Gecko) Chrome/137.0.7151.103 Mobile Safari/537.36 (compatible; Googlebot/2.1; +http://www.google.com/bot.html)"
66.249.65.97 - - [21/Jul/2025:19:30:16 +0000] "GET /text/terms HTTP/1.1" 200 85690 "-" "Mozilla/5.0 (Linux; Android 6.0.1; Nexus 5X Build/MMB29P) AppleWebKit/537.36 (KHTML, like Gecko) Chrome/137.0.7151.103 Mobile Safari/537.36 (compatible; Googlebot/2.1; +http://www.google.com/bot.html)"
66.249.65.98 - - [21/Jul/2025:19:30:16 +0000] "GET /001003453.htm HTTP/1.1" 200 85805 "-" "Mozilla/5.0 (Linux; Android 6.0.1; Nexus 5X Build/MMB29P) AppleWebKit/537.36 (KHTML, like Gecko) Chrome/137.0.7151.103 Mobile Safari/537.36 (compatible; Googlebot/2.1; +http://www.google.com/bot.html)"
209.74.77.214 - - [21/Jul/2025:19:30:30 +0000] "POST /wp-cron.php?doing_wp_cron=1753126230.2544150352478027343750 HTTP/1.1" 403 33 "-" "WordPress/6.8.2; https://topflowroofingplumbing.com.au"
2a03:2880:f800:11:: - - [21/Jul/2025:19:30:28 +0000] "GET /shopbrand/67910783 HTTP/1.1" 404 11694 "-" "meta-externalagent/1.1 (+https://developers.facebook.com/docs/sharing/webmasters/crawler)"
20.171.207.187 - - [21/Jul/2025:19:30:36 +0000] "GET /search.php?items%2F058000007.html%3Fsrsltid=AfmBOoqcwzOFJTOCJkVx9zDXWXBkpXMIxNq5pJvvWy6G3TmXT1dl HTTP/1.1" 200 86642 "-" "Mozilla/5.0 AppleWebKit/537.36 (KHTML, like Gecko; compatible; GPTBot/1.2; +https://openai.com/gptbot)"
2a03:2880:f800:17:: - - [21/Jul/2025:19:30:49 +0000] "GET /shopdetail/451096952 HTTP/1.1" 404 11694 "-" "meta-externalagent/1.1 (+https://developers.facebook.com/docs/sharing/webmasters/crawler)"
2a03:2880:f800:17:: - - [21/Jul/2025:19:31:23 +0000] "GET /shopbrand/193880986 HTTP/1.1" 404 11694 "-" "meta-externalagent/1.1 (+https://developers.facebook.com/docs/sharing/webmasters/crawler)"
20.171.207.187 - - [21/Jul/2025:19:31:41 +0000] "GET /search.php?glad111013780.html HTTP/1.1" 200 87526 "-" "Mozilla/5.0 AppleWebKit/537.36 (KHTML, like Gecko; compatible; GPTBot/1.2; +https://openai.com/gptbot)"
209.74.77.214 - - [21/Jul/2025:19:31:59 +0000] "POST /wp-cron.php?doing_wp_cron=1753126319.6192979812622070312500 HTTP/1.1" 403 33 "-" "WordPress/6.8.2; https://topflowroofingplumbing.com.au"
2a03:2880:f800:1c:: - - [21/Jul/2025:19:31:59 +0000] "GET /shopbrand/88307437 HTTP/1.1" 404 11694 "-" "meta-externalagent/1.1 (+https://developers.facebook.com/docs/sharing/webmasters/crawler)"
20.171.207.187 - - [21/Jul/2025:19:32:44 +0000] "GET /search.php?well218000461.html HTTP/1.1" 200 88045 "-" "Mozilla/5.0 AppleWebKit/537.36 (KHTML, like Gecko; compatible; GPTBot/1.2; +https://openai.com/gptbot)"
2a03:2880:f800:5:: - - [21/Jul/2025:19:32:58 +0000] "GET /shopbrand/261443662 HTTP/1.1" 404 11694 "-" "meta-externalagent/1.1 (+https://developers.facebook.com/docs/sharing/webmasters/crawler)"
20.171.207.187 - - [21/Jul/2025:19:33:44 +0000] "GET /search.php?main072000187.html HTTP/1.1" 200 87522 "-" "Mozilla/5.0 AppleWebKit/537.36 (KHTML, like Gecko; compatible; GPTBot/1.2; +https://openai.com/gptbot)"
66.249.65.98 - - [21/Jul/2025:19:33:45 +0000] "GET /068000474.htm HTTP/1.1" 200 85975 "-" "Mozilla/5.0 (compatible; Googlebot/2.1; +http://www.google.com/bot.html)"
209.74.77.214 - - [21/Jul/2025:19:33:57 +0000] "POST /wp-cron.php?doing_wp_cron=1753126437.1501519680023193359375 HTTP/1.1" 403 33 "-" "WordPress/6.8.2; https://topflowroofingplumbing.com.au"
2a03:2880:f800:9:: - - [21/Jul/2025:19:33:56 +0000] "GET /shopbrand/352158369 HTTP/1.1" 404 11694 "-" "meta-externalagent/1.1 (+https://developers.facebook.com/docs/sharing/webmasters/crawler)"
2a03:2880:f800:5:: - - [21/Jul/2025:19:34:20 +0000] "GET /shopbrand/261549472 HTTP/1.1" 404 11694 "-" "meta-externalagent/1.1 (+https://developers.facebook.com/docs/sharing/webmasters/crawler)"
20.171.207.187 - - [21/Jul/2025:19:34:45 +0000] "GET /search.php?item092000647.html HTTP/1.1" 200 86720 "-" "Mozilla/5.0 AppleWebKit/537.36 (KHTML, like Gecko; compatible; GPTBot/1.2; +https://openai.com/gptbot)"
209.74.77.214 - - [21/Jul/2025:19:35:41 +0000] "POST /wp-cron.php?doing_wp_cron=1753126540.9992740154266357421875 HTTP/1.1" 403 33 "-" "WordPress/6.8.2; https://topflowroofingplumbing.com.au"
2a03:2880:f800:1b:: - - [21/Jul/2025:19:35:39 +0000] "GET /shopbrand/352168940 HTTP/1.1" 404 11694 "-" "meta-externalagent/1.1 (+https://developers.facebook.com/docs/sharing/webmasters/crawler)"
20.171.207.187 - - [21/Jul/2025:19:35:49 +0000] "GET /search.php?wage092000823.html HTTP/1.1" 200 86498 "-" "Mozilla/5.0 AppleWebKit/537.36 (KHTML, like Gecko; compatible; GPTBot/1.2; +https://openai.com/gptbot)"
66.249.65.105 - - [21/Jul/2025:19:36:18 +0000] "GET /recruit HTTP/1.1" 200 85435 "-" "Mozilla/5.0 (Linux; Android 6.0.1; Nexus 5X Build/MMB29P) AppleWebKit/537.36 (KHTML, like Gecko) Chrome/137.0.7151.103 Mobile Safari/537.36 (compatible; Googlebot/2.1; +http://www.google.com/bot.html)"
66.249.65.97 - - [21/Jul/2025:19:36:19 +0000] "GET /060001644.htm HTTP/1.1" 200 85810 "-" "Mozilla/5.0 (Linux; Android 6.0.1; Nexus 5X Build/MMB29P) AppleWebKit/537.36 (KHTML, like Gecko) Chrome/137.0.7151.103 Mobile Safari/537.36 (compatible; Googlebot/2.1; +http://www.google.com/bot.html)"
66.249.73.103 - - [21/Jul/2025:19:36:19 +0000] "GET /speed/l84?pid=595 HTTP/1.1" 200 85325 "-" "Mozilla/5.0 (Linux; Android 6.0.1; Nexus 5X Build/MMB29P) AppleWebKit/537.36 (KHTML, like Gecko) Chrome/137.0.7151.103 Mobile Safari/537.36 (compatible; Googlebot/2.1; +http://www.google.com/bot.html)"
20.171.207.187 - - [21/Jul/2025:19:36:51 +0000] "GET /search.php?gang060006125.html HTTP/1.1" 200 85750 "-" "Mozilla/5.0 AppleWebKit/537.36 (KHTML, like Gecko; compatible; GPTBot/1.2; +https://openai.com/gptbot)"
209.74.77.214 - - [21/Jul/2025:19:37:17 +0000] "POST /wp-cron.php?doing_wp_cron=1753126637.0733559131622314453125 HTTP/1.1" 403 33 "-" "WordPress/6.8.2; https://topflowroofingplumbing.com.au"
2a03:2880:f800:1b:: - - [21/Jul/2025:19:37:16 +0000] "GET /shopbrand/261513569 HTTP/1.1" 404 11694 "-" "meta-externalagent/1.1 (+https://developers.facebook.com/docs/sharing/webmasters/crawler)"
66.249.65.105 - - [21/Jul/2025:19:37:20 +0000] "GET /190039084.htm HTTP/1.1" 200 86280 "-" "Mozilla/5.0 (Linux; Android 6.0.1; Nexus 5X Build/MMB29P) AppleWebKit/537.36 (KHTML, like Gecko) Chrome/137.0.7151.103 Mobile Safari/537.36 (compatible; Googlebot/2.1; +http://www.google.com/bot.html)"
66.249.73.96 - - [21/Jul/2025:19:37:21 +0000] "GET /common/z78?pid=635 HTTP/1.1" 200 85833 "-" "Mozilla/5.0 (Linux; Android 6.0.1; Nexus 5X Build/MMB29P) AppleWebKit/537.36 (KHTML, like Gecko) Chrome/137.0.7151.103 Mobile Safari/537.36 (compatible; Googlebot/2.1; +http://www.google.com/bot.html)"
66.249.73.103 - - [21/Jul/2025:19:37:21 +0000] "GET /095008985.htm HTTP/1.1" 200 85591 "-" "Mozilla/5.0 (Linux; Android 6.0.1; Nexus 5X Build/MMB29P) AppleWebKit/537.36 (KHTML, like Gecko) Chrome/137.0.7151.103 Mobile Safari/537.36 (compatible; Googlebot/2.1; +http://www.google.com/bot.html)"
20.171.207.187 - - [21/Jul/2025:19:37:52 +0000] "GET /search.php?soil172033373.html HTTP/1.1" 200 87710 "-" "Mozilla/5.0 AppleWebKit/537.36 (KHTML, like Gecko; compatible; GPTBot/1.2; +https://openai.com/gptbot)"
209.74.77.214 - - [21/Jul/2025:19:38:26 +0000] "POST /wp-cron.php?doing_wp_cron=1753126706.3034889698028564453125 HTTP/1.1" 403 33 "-" "WordPress/6.8.2; https://topflowroofingplumbing.com.au"
185.51.167.161 - - [21/Jul/2025:19:38:24 +0000] "GET /Public/Home/lib/webuploader/0.1.5/webuploader.js HTTP/1.1" 404 11694 "-" "Mozilla/5.0 (Windows NT 10.0; WOW64; rv:48.0) Gecko/20100101 Firefox/48.0"
20.171.207.187 - - [21/Jul/2025:19:38:54 +0000] "GET /search.php?m015000713%3Fsrsltid=AfmBOoJIuJWfVfeWfgLy4G_pF7EuOzKP0_9JTQ7YXx-T-xk5w7rosu HTTP/1.1" 200 87760 "-" "Mozilla/5.0 AppleWebKit/537.36 (KHTML, like Gecko; compatible; GPTBot/1.2; +https://openai.com/gptbot)"
20.171.207.187 - - [21/Jul/2025:19:39:57 +0000] "GET /search.php?duty161011198.html HTTP/1.1" 200 86509 "-" "Mozilla/5.0 AppleWebKit/537.36 (KHTML, like Gecko; compatible; GPTBot/1.2; +https://openai.com/gptbot)"
209.74.77.214 - - [21/Jul/2025:19:40:50 +0000] "POST /wp-cron.php?doing_wp_cron=1753126849.9262859821319580078125 HTTP/1.1" 403 33 "-" "WordPress/6.8.2; https://topflowroofingplumbing.com.au"
2a03:2880:f800:2:: - - [21/Jul/2025:19:40:48 +0000] "GET /shopdetail/168149052 HTTP/1.1" 404 11694 "-" "meta-externalagent/1.1 (+https://developers.facebook.com/docs/sharing/webmasters/crawler)"
20.171.207.187 - - [21/Jul/2025:19:41:02 +0000] "GET /search.php?call278046333.html HTTP/1.1" 200 87228 "-" "Mozilla/5.0 AppleWebKit/537.36 (KHTML, like Gecko; compatible; GPTBot/1.2; +https://openai.com/gptbot)"
66.249.73.96 - - [21/Jul/2025:19:41:23 +0000] "GET /013000209.htm HTTP/1.1" 200 85683 "-" "Mozilla/5.0 (Linux; Android 6.0.1; Nexus 5X Build/MMB29P) AppleWebKit/537.36 (KHTML, like Gecko) Chrome/137.0.7151.103 Mobile Safari/537.36 (compatible; Googlebot/2.1; +http://www.google.com/bot.html)"
20.171.207.187 - - [21/Jul/2025:19:42:03 +0000] "GET /search.php?items%2F179029202.html%3Fsrsltid=AfmBOojnuMVlvXiBxoelQWhUZWueZKmqaN1LXva2gtloRJUfjyjj HTTP/1.1" 200 86885 "-" "Mozilla/5.0 AppleWebKit/537.36 (KHTML, like Gecko; compatible; GPTBot/1.2; +https://openai.com/gptbot)"
209.74.77.214 - - [21/Jul/2025:19:42:36 +0000] "POST /wp-cron.php?doing_wp_cron=1753126956.5056478977203369140625 HTTP/1.1" 403 33 "-" "WordPress/6.8.2; https://topflowroofingplumbing.com.au"
2a03:2880:f800:15:: - - [21/Jul/2025:19:42:35 +0000] "GET /shopdetail/270315452 HTTP/1.1" 404 11694 "-" "meta-externalagent/1.1 (+https://developers.facebook.com/docs/sharing/webmasters/crawler)"
20.171.207.187 - - [21/Jul/2025:19:43:04 +0000] "GET /search.php?best062000397.html HTTP/1.1" 200 87781 "-" "Mozilla/5.0 AppleWebKit/537.36 (KHTML, like Gecko; compatible; GPTBot/1.2; +https://openai.com/gptbot)"
2a03:2880:f800:12:: - - [21/Jul/2025:19:43:21 +0000] "GET /?sitemap40.xml HTTP/1.1" 200 33 "-" "meta-externalagent/1.1 (+https://developers.facebook.com/docs/sharing/webmasters/crawler)"
2a03:2880:f800:6:: - - [21/Jul/2025:19:43:26 +0000] "GET /shopbrand/261575687 HTTP/1.1" 404 11694 "-" "meta-externalagent/1.1 (+https://developers.facebook.com/docs/sharing/webmasters/crawler)"
20.171.207.187 - - [21/Jul/2025:19:44:05 +0000] "GET /search.php?wall200017153.html HTTP/1.1" 200 87243 "-" "Mozilla/5.0 AppleWebKit/537.36 (KHTML, like Gecko; compatible; GPTBot/1.2; +https://openai.com/gptbot)"
209.74.77.214 - - [21/Jul/2025:19:45:12 +0000] "POST /wp-cron.php?doing_wp_cron=1753127112.1737489700317382812500 HTTP/1.1" 403 33 "-" "WordPress/6.8.2; https://topflowroofingplumbing.com.au"
20.171.207.187 - - [21/Jul/2025:19:45:11 +0000] "GET /?_bd_prev_page=https%3A%2F%2Ftopflowroofingplumbing.com.au%2Fsuper.php%3Fitems%2F021001972.html%3Fsrsltid%3DAfmBOozbyJDMFOtznesBFC4FILcIzKBrTdYkDakZGgpk9sAOlvRE&_bdsid=gj9gbu.n%7EXKZYM.173731041.175731817&_gz=2.190550713.194459015.171265578-867736498.163300847 HTTP/1.1" 301 - "-" "Mozilla/5.0 AppleWebKit/537.36 (KHTML, like Gecko; compatible; GPTBot/1.2; +https://openai.com/gptbot)"
20.171.207.187 - - [21/Jul/2025:19:45:12 +0000] "GET /?_bd_prev_page=https%3A%2F%2Ftopflowroofingplumbing.com.au%2Fsuper.php%3Fitems%2F021001972.html%3Fsrsltid%3DAfmBOozbyJDMFOtznesBFC4FILcIzKBrTdYkDakZGgpk9sAOlvRE&_bdsid=gj9gbu.n~XKZYM.173731041.175731817&_gz=2.190550713.194459015.171265578-867736498.163300847 HTTP/1.1" 200 17677 "-" "Mozilla/5.0 AppleWebKit/537.36 (KHTML, like Gecko; compatible; GPTBot/1.2; +https://openai.com/gptbot)"
66.249.73.97 - - [21/Jul/2025:19:45:24 +0000] "GET /world/f58?pid=175 HTTP/1.1" 200 85738 "-" "Mozilla/5.0 (Linux; Android 6.0.1; Nexus 5X Build/MMB29P) AppleWebKit/537.36 (KHTML, like Gecko) Chrome/137.0.7151.103 Mobile Safari/537.36 (compatible; Googlebot/2.1; +http://www.google.com/bot.html)"
20.171.207.187 - - [21/Jul/2025:19:46:12 +0000] "GET /search.php?hint144000819.html HTTP/1.1" 200 86699 "-" "Mozilla/5.0 AppleWebKit/537.36 (KHTML, like Gecko; compatible; GPTBot/1.2; +https://openai.com/gptbot)"
20.171.207.187 - - [21/Jul/2025:19:47:14 +0000] "GET /search.php?coin096000619.html HTTP/1.1" 200 88465 "-" "Mozilla/5.0 AppleWebKit/537.36 (KHTML, like Gecko; compatible; GPTBot/1.2; +https://openai.com/gptbot)"
66.249.65.105 - - [21/Jul/2025:19:47:16 +0000] "GET /006000804.htm HTTP/1.1" 200 86842 "-" "Mozilla/5.0 (Linux; Android 6.0.1; Nexus 5X Build/MMB29P) AppleWebKit/537.36 (KHTML, like Gecko) Chrome/137.0.7151.103 Mobile Safari/537.36 (compatible; Googlebot/2.1; +http://www.google.com/bot.html)"
66.249.73.103 - - [21/Jul/2025:19:47:16 +0000] "GET /currently/v62?pid=707 HTTP/1.1" 200 85772 "-" "Mozilla/5.0 (Linux; Android 6.0.1; Nexus 5X Build/MMB29P) AppleWebKit/537.36 (KHTML, like Gecko) Chrome/137.0.7151.103 Mobile Safari/537.36 (compatible; Googlebot/2.1; +http://www.google.com/bot.html)"
209.74.77.214 - - [21/Jul/2025:19:47:40 +0000] "POST /wp-cron.php?doing_wp_cron=1753127260.7565679550170898437500 HTTP/1.1" 403 33 "-" "WordPress/6.8.2; https://topflowroofingplumbing.com.au"
2a03:2880:f800:13:: - - [21/Jul/2025:19:47:39 +0000] "GET /shopbrand/347518589 HTTP/1.1" 404 11694 "-" "meta-externalagent/1.1 (+https://developers.facebook.com/docs/sharing/webmasters/crawler)"
20.171.207.187 - - [21/Jul/2025:19:48:17 +0000] "GET /search.php?pant270006137.html HTTP/1.1" 200 87365 "-" "Mozilla/5.0 AppleWebKit/537.36 (KHTML, like Gecko; compatible; GPTBot/1.2; +https://openai.com/gptbot)"
20.171.207.187 - - [21/Jul/2025:19:49:23 +0000] "GET /search.php?product/edit/auc-kkac-tr492 HTTP/1.1" 200 86579 "-" "Mozilla/5.0 AppleWebKit/537.36 (KHTML, like Gecko; compatible; GPTBot/1.2; +https://openai.com/gptbot)"
20.171.207.187 - - [21/Jul/2025:19:50:27 +0000] "GET /search.php?back250011103.html HTTP/1.1" 200 87978 "-" "Mozilla/5.0 AppleWebKit/537.36 (KHTML, like Gecko; compatible; GPTBot/1.2; +https://openai.com/gptbot)"
209.74.77.214 - - [21/Jul/2025:19:50:39 +0000] "POST /wp-cron.php?doing_wp_cron=1753127439.1667950153350830078125 HTTP/1.1" 403 33 "-" "WordPress/6.8.2; https://topflowroofingplumbing.com.au"
2a03:2880:f800:1c:: - - [21/Jul/2025:19:50:38 +0000] "GET /shopdetail/21770952 HTTP/1.1" 404 11694 "-" "meta-externalagent/1.1 (+https://developers.facebook.com/docs/sharing/webmasters/crawler)"
2a03:2880:f800:d:: - - [21/Jul/2025:19:50:46 +0000] "GET /shopbrand/180870683 HTTP/1.1" 404 11694 "-" "meta-externalagent/1.1 (+https://developers.facebook.com/docs/sharing/webmasters/crawler)"
2a03:2880:f800:c:: - - [21/Jul/2025:19:51:17 +0000] "GET /shopbrand/352101686 HTTP/1.1" 404 11694 "-" "meta-externalagent/1.1 (+https://developers.facebook.com/docs/sharing/webmasters/crawler)"
66.249.73.96 - - [21/Jul/2025:19:51:17 +0000] "GET /hormone/q54?pid=11 HTTP/1.1" 200 85400 "-" "Mozilla/5.0 (Linux; Android 6.0.1; Nexus 5X Build/MMB29P) AppleWebKit/537.36 (KHTML, like Gecko) Chrome/137.0.7151.103 Mobile Safari/537.36 (compatible; Googlebot/2.1; +http://www.google.com/bot.html)"
66.249.73.103 - - [21/Jul/2025:19:51:18 +0000] "GET /060000622.htm HTTP/1.1" 200 85947 "-" "Mozilla/5.0 (Linux; Android 6.0.1; Nexus 5X Build/MMB29P) AppleWebKit/537.36 (KHTML, like Gecko) Chrome/137.0.7151.103 Mobile Safari/537.36 (compatible; Googlebot/2.1; +http://www.google.com/bot.html)"
66.249.73.103 - - [21/Jul/2025:19:51:18 +0000] "GET /search?category=703&search_word= HTTP/1.1" 200 85866 "-" "Mozilla/5.0 (Linux; Android 6.0.1; Nexus 5X Build/MMB29P) AppleWebKit/537.36 (KHTML, like Gecko) Chrome/137.0.7151.103 Mobile Safari/537.36 (compatible; Googlebot/2.1; +http://www.google.com/bot.html)"
66.249.73.97 - - [21/Jul/2025:19:51:18 +0000] "GET /009037703.htm HTTP/1.1" 200 86571 "-" "Mozilla/5.0 (Linux; Android 6.0.1; Nexus 5X Build/MMB29P) AppleWebKit/537.36 (KHTML, like Gecko) Chrome/137.0.7151.103 Mobile Safari/537.36 (compatible; Googlebot/2.1; +http://www.google.com/bot.html)"
66.249.65.97 - - [21/Jul/2025:19:51:18 +0000] "GET /zhHant/product/surugaya/g-bike-258910-964210?campaign_uid=f64d716db5e979ed2f947dbaf4296895b951ae7f HTTP/1.1" 200 86092 "-" "Mozilla/5.0 (Linux; Android 6.0.1; Nexus 5X Build/MMB29P) AppleWebKit/537.36 (KHTML, like Gecko) Chrome/137.0.7151.103 Mobile Safari/537.36 (compatible; Googlebot/2.1; +http://www.google.com/bot.html)"
20.171.207.187 - - [21/Jul/2025:19:51:31 +0000] "GET /search.php?home199023444.html HTTP/1.1" 200 87620 "-" "Mozilla/5.0 AppleWebKit/537.36 (KHTML, like Gecko; compatible; GPTBot/1.2; +https://openai.com/gptbot)"
2a03:2880:f800:: - - [21/Jul/2025:19:51:35 +0000] "GET /shopbrand/347506911 HTTP/1.1" 404 11694 "-" "meta-externalagent/1.1 (+https://developers.facebook.com/docs/sharing/webmasters/crawler)"
66.249.73.103 - - [21/Jul/2025:19:51:56 +0000] "GET /search?category=65205&search_word= HTTP/1.1" 200 86334 "-" "Mozilla/5.0 (Linux; Android 6.0.1; Nexus 5X Build/MMB29P) AppleWebKit/537.36 (KHTML, like Gecko) Chrome/137.0.7151.103 Mobile Safari/537.36 (compatible; Googlebot/2.1; +http://www.google.com/bot.html)"
