66.249.65.97 - - [21/Jul/2025:14:43:49 +0000] "GET /121001767.htm HTTP/1.1" 200 85855 "-" "Mozilla/5.0 (Linux; Android 6.0.1; Nexus 5X Build/MMB29P) AppleWebKit/537.36 (KHTML, like Gecko) Chrome/137.0.7151.103 Mobile Safari/537.36 (compatible; Googlebot/2.1; +http://www.google.com/bot.html)"
20.171.207.187 - - [21/Jul/2025:14:44:17 +0000] "GET /search.php?product/edit/westhouse-lashell018 HTTP/1.1" 200 86690 "-" "Mozilla/5.0 AppleWebKit/537.36 (KHTML, like Gecko; compatible; GPTBot/1.2; +https://openai.com/gptbot)"
20.171.207.187 - - [21/Jul/2025:14:45:22 +0000] "GET /search.php?product/edit/suzukimotors-stoo026 HTTP/1.1" 200 87499 "-" "Mozilla/5.0 AppleWebKit/537.36 (KHTML, like Gecko; compatible; GPTBot/1.2; +https://openai.com/gptbot)"
20.171.207.187 - - [21/Jul/2025:14:46:27 +0000] "GET /search.php?product/edit/tradedesign-tmpd008b HTTP/1.1" 200 86700 "-" "Mozilla/5.0 AppleWebKit/537.36 (KHTML, like Gecko; compatible; GPTBot/1.2; +https://openai.com/gptbot)"
20.171.207.187 - - [21/Jul/2025:14:47:29 +0000] "GET /search.php?product/edit/atorieerina-b00cy6rcju HTTP/1.1" 200 86796 "-" "Mozilla/5.0 AppleWebKit/537.36 (KHTML, like Gecko; compatible; GPTBot/1.2; +https://openai.com/gptbot)"
20.171.207.187 - - [21/Jul/2025:14:48:32 +0000] "GET /search.php?product/edit/suzukimotors-uter037 HTTP/1.1" 200 87303 "-" "Mozilla/5.0 AppleWebKit/537.36 (KHTML, like Gecko; compatible; GPTBot/1.2; +https://openai.com/gptbot)"
209.74.77.214 - - [21/Jul/2025:14:48:48 +0000] "POST /wp-cron.php?doing_wp_cron=1753109328.5333230495452880859375 HTTP/1.1" 403 33 "-" "WordPress/6.8.2; https://topflowroofingplumbing.com.au"
2a03:2880:f800:11:: - - [21/Jul/2025:14:48:47 +0000] "GET /shopdetail/501102752 HTTP/1.1" 404 11694 "-" "meta-externalagent/1.1 (+https://developers.facebook.com/docs/sharing/webmasters/crawler)"
20.171.207.187 - - [21/Jul/2025:14:49:34 +0000] "GET /search.php?items%2F018000033.html%3Fsrsltid=AfmBOokcgXjNMewyVYrBTsGwHXZxBskocU1c6kelgiJWcvO6DdsK HTTP/1.1" 200 86624 "-" "Mozilla/5.0 AppleWebKit/537.36 (KHTML, like Gecko; compatible; GPTBot/1.2; +https://openai.com/gptbot)"
66.249.73.96 - - [21/Jul/2025:14:50:10 +0000] "GET /inevitably/i89?pid=386 HTTP/1.1" 200 85844 "-" "Mozilla/5.0 (Linux; Android 6.0.1; Nexus 5X Build/MMB29P) AppleWebKit/537.36 (KHTML, like Gecko) Chrome/137.0.7151.103 Mobile Safari/537.36 (compatible; Googlebot/2.1; +http://www.google.com/bot.html)"
20.171.207.187 - - [21/Jul/2025:14:50:38 +0000] "GET /search.php?product/edit/suzukimotors-ipre100 HTTP/1.1" 200 86435 "-" "Mozilla/5.0 AppleWebKit/537.36 (KHTML, like Gecko; compatible; GPTBot/1.2; +https://openai.com/gptbot)"
66.249.73.97 - - [21/Jul/2025:14:51:12 +0000] "GET /search?category=65201&search_word= HTTP/1.1" 200 85217 "-" "Mozilla/5.0 (Linux; Android 6.0.1; Nexus 5X Build/MMB29P) AppleWebKit/537.36 (KHTML, like Gecko) Chrome/137.0.7151.103 Mobile Safari/537.36 (compatible; Googlebot/2.1; +http://www.google.com/bot.html)"
66.249.65.97 - - [21/Jul/2025:14:51:13 +0000] "GET /pcmypage?callback=product/review/ts-parts-22315436 HTTP/1.1" 200 85708 "-" "Mozilla/5.0 (Linux; Android 6.0.1; Nexus 5X Build/MMB29P) AppleWebKit/537.36 (KHTML, like Gecko) Chrome/137.0.7151.103 Mobile Safari/537.36 (compatible; Googlebot/2.1; +http://www.google.com/bot.html)"
20.171.207.187 - - [21/Jul/2025:14:51:41 +0000] "GET /search.php?product/edit/suzukimotors-arsp006 HTTP/1.1" 200 86321 "-" "Mozilla/5.0 AppleWebKit/537.36 (KHTML, like Gecko; compatible; GPTBot/1.2; +https://openai.com/gptbot)"
20.171.207.187 - - [21/Jul/2025:14:52:45 +0000] "GET /search.php?product/edit/suzukimotors-upto010 HTTP/1.1" 200 87135 "-" "Mozilla/5.0 AppleWebKit/537.36 (KHTML, like Gecko; compatible; GPTBot/1.2; +https://openai.com/gptbot)"
20.171.207.187 - - [21/Jul/2025:14:53:49 +0000] "GET /search.php?product/edit/cocohouse-sb07vgps3bs HTTP/1.1" 200 87169 "-" "Mozilla/5.0 AppleWebKit/537.36 (KHTML, like Gecko; compatible; GPTBot/1.2; +https://openai.com/gptbot)"
20.171.207.187 - - [21/Jul/2025:14:54:50 +0000] "GET /search.php?product/edit/cyberbay-ds-1913281 HTTP/1.1" 200 86559 "-" "Mozilla/5.0 AppleWebKit/537.36 (KHTML, like Gecko; compatible; GPTBot/1.2; +https://openai.com/gptbot)"
54.36.148.212 - - [21/Jul/2025:14:55:00 +0000] "GET /robots.txt HTTP/1.1" 304 - "-" "Mozilla/5.0 (compatible; AhrefsBot/7.0; +http://ahrefs.com/robot/)"
51.222.253.12 - - [21/Jul/2025:14:55:01 +0000] "GET /?sitemap278.xml HTTP/1.1" 200 33 "-" "Mozilla/5.0 (compatible; AhrefsBot/7.0; +http://ahrefs.com/robot/)"
20.171.207.187 - - [21/Jul/2025:14:55:55 +0000] "GET /search.php?product/edit/cometostore-sb00tpg9icq HTTP/1.1" 200 86640 "-" "Mozilla/5.0 AppleWebKit/537.36 (KHTML, like Gecko; compatible; GPTBot/1.2; +https://openai.com/gptbot)"
20.171.207.187 - - [21/Jul/2025:14:57:00 +0000] "GET /search.php?product/edit/theclockhouse-sbsa217 HTTP/1.1" 200 87327 "-" "Mozilla/5.0 AppleWebKit/537.36 (KHTML, like Gecko; compatible; GPTBot/1.2; +https://openai.com/gptbot)"
17.241.219.25 - - [21/Jul/2025:14:57:38 +0000] "GET /wp-content/plugins/leadconnector/public/css/lc-public.css?ver=3.0.10.1 HTTP/1.1" 200 106 "https://topflowroofingplumbing.com.au/home-rtl/" "Mozilla/5.0 (Macintosh; Intel Mac OS X 10_15_7) AppleWebKit/605.1.15 (KHTML, like Gecko) Version/17.4 Safari/605.1.15 (Applebot/0.1; +http://www.apple.com/go/applebot)"
17.241.219.136 - - [21/Jul/2025:14:57:38 +0000] "GET /wp-content/plugins/contact-form-7/includes/css/styles.css?ver=6.1 HTTP/1.1" 200 1031 "https://topflowroofingplumbing.com.au/home-rtl/" "Mozilla/5.0 (Macintosh; Intel Mac OS X 10_15_7) AppleWebKit/605.1.15 (KHTML, like Gecko) Version/17.4 Safari/605.1.15 (Applebot/0.1; +http://www.apple.com/go/applebot)"
17.241.219.25 - - [21/Jul/2025:14:57:39 +0000] "GET /wp-content/themes/homlane/assets/css/aos.css?ver=6.8.2 HTTP/1.1" 200 2236 "https://topflowroofingplumbing.com.au/home-rtl/" "Mozilla/5.0 (Macintosh; Intel Mac OS X 10_15_7) AppleWebKit/605.1.15 (KHTML, like Gecko) Version/17.4 Safari/605.1.15 (Applebot/0.1; +http://www.apple.com/go/applebot)"
17.241.227.104 - - [21/Jul/2025:14:57:39 +0000] "GET /wp-content/themes/homlane/assets/css/bootstrap.min.css?ver=6.8.2 HTTP/1.1" 200 22985 "https://topflowroofingplumbing.com.au/home-rtl/" "Mozilla/5.0 (Macintosh; Intel Mac OS X 10_15_7) AppleWebKit/605.1.15 (KHTML, like Gecko) Version/17.4 Safari/605.1.15 (Applebot/0.1; +http://www.apple.com/go/applebot)"
17.241.219.136 - - [21/Jul/2025:14:57:39 +0000] "GET /wp-includes/css/dashicons.min.css?ver=6.8.2 HTTP/1.1" 200 35730 "https://topflowroofingplumbing.com.au/home-rtl/" "Mozilla/5.0 (Macintosh; Intel Mac OS X 10_15_7) AppleWebKit/605.1.15 (KHTML, like Gecko) Version/17.4 Safari/605.1.15 (Applebot/0.1; +http://www.apple.com/go/applebot)"
17.241.219.25 - - [21/Jul/2025:14:57:39 +0000] "GET /wp-content/themes/homlane/assets/css/imp.css?ver=6.8.2 HTTP/1.1" 200 2418 "https://topflowroofingplumbing.com.au/home-rtl/" "Mozilla/5.0 (Macintosh; Intel Mac OS X 10_15_7) AppleWebKit/605.1.15 (KHTML, like Gecko) Version/17.4 Safari/605.1.15 (Applebot/0.1; +http://www.apple.com/go/applebot)"
17.241.219.49 - - [21/Jul/2025:14:57:40 +0000] "GET /wp-content/themes/homlane/style.css?ver=6.8.2 HTTP/1.1" 200 1121 "https://topflowroofingplumbing.com.au/home-rtl/" "Mozilla/5.0 (Macintosh; Intel Mac OS X 10_15_7) AppleWebKit/605.1.15 (KHTML, like Gecko) Version/17.4 Safari/605.1.15 (Applebot/0.1; +http://www.apple.com/go/applebot)"
17.241.75.100 - - [21/Jul/2025:14:57:40 +0000] "GET /wp-content/themes/homlane/assets/css/custom-animate.css?ver=6.8.2 HTTP/1.1" 200 1619 "https://topflowroofingplumbing.com.au/home-rtl/" "Mozilla/5.0 (Macintosh; Intel Mac OS X 10_15_7) AppleWebKit/605.1.15 (KHTML, like Gecko) Version/17.4 Safari/605.1.15 (Applebot/0.1; +http://www.apple.com/go/applebot)"
17.241.219.136 - - [21/Jul/2025:14:57:40 +0000] "GET /wp-content/themes/homlane/assets/css/flaticon.css?ver=6.8.2 HTTP/1.1" 200 1092 "https://topflowroofingplumbing.com.au/home-rtl/" "Mozilla/5.0 (Macintosh; Intel Mac OS X 10_15_7) AppleWebKit/605.1.15 (KHTML, like Gecko) Version/17.4 Safari/605.1.15 (Applebot/0.1; +http://www.apple.com/go/applebot)"
17.241.75.247 - - [21/Jul/2025:14:57:40 +0000] "GET /wp-content/themes/homlane/assets/css/magnific-popup.css?ver=6.8.2 HTTP/1.1" 200 1874 "https://topflowroofingplumbing.com.au/home-rtl/" "Mozilla/5.0 (Macintosh; Intel Mac OS X 10_15_7) AppleWebKit/605.1.15 (KHTML, like Gecko) Version/17.4 Safari/605.1.15 (Applebot/0.1; +http://www.apple.com/go/applebot)"
17.241.219.173 - - [21/Jul/2025:14:57:41 +0000] "GET /wp-content/themes/homlane/assets/css/flaticon-2.css?ver=6.8.2 HTTP/1.1" 200 1431 "https://topflowroofingplumbing.com.au/home-rtl/" "Mozilla/5.0 (Macintosh; Intel Mac OS X 10_15_7) AppleWebKit/605.1.15 (KHTML, like Gecko) Version/17.4 Safari/605.1.15 (Applebot/0.1; +http://www.apple.com/go/applebot)"
17.241.227.22 - - [21/Jul/2025:14:57:41 +0000] "GET /wp-content/themes/homlane/assets/css/scrollbar.css?ver=6.8.2 HTTP/1.1" 200 3977 "https://topflowroofingplumbing.com.au/home-rtl/" "Mozilla/5.0 (Macintosh; Intel Mac OS X 10_15_7) AppleWebKit/605.1.15 (KHTML, like Gecko) Version/17.4 Safari/605.1.15 (Applebot/0.1; +http://www.apple.com/go/applebot)"
17.241.219.136 - - [21/Jul/2025:14:57:41 +0000] "GET /wp-content/themes/homlane/assets/css/owl.css?ver=6.8.2 HTTP/1.1" 200 1392 "https://topflowroofingplumbing.com.au/home-rtl/" "Mozilla/5.0 (Macintosh; Intel Mac OS X 10_15_7) AppleWebKit/605.1.15 (KHTML, like Gecko) Version/17.4 Safari/605.1.15 (Applebot/0.1; +http://www.apple.com/go/applebot)"
17.241.75.247 - - [21/Jul/2025:14:57:41 +0000] "GET /wp-content/themes/homlane/assets/css/animate.css?ver=6.8.2 HTTP/1.1" 200 4681 "https://topflowroofingplumbing.com.au/home-rtl/" "Mozilla/5.0 (Macintosh; Intel Mac OS X 10_15_7) AppleWebKit/605.1.15 (KHTML, like Gecko) Version/17.4 Safari/605.1.15 (Applebot/0.1; +http://www.apple.com/go/applebot)"
17.241.227.22 - - [21/Jul/2025:14:57:42 +0000] "GET /wp-content/themes/homlane/assets/css/bootstrap-select.min.css?ver=6.8.2 HTTP/1.1" 200 2001 "https://topflowroofingplumbing.com.au/home-rtl/" "Mozilla/5.0 (Macintosh; Intel Mac OS X 10_15_7) AppleWebKit/605.1.15 (KHTML, like Gecko) Version/17.4 Safari/605.1.15 (Applebot/0.1; +http://www.apple.com/go/applebot)"
17.241.75.24 - - [21/Jul/2025:14:57:42 +0000] "GET /wp-content/themes/homlane/assets/css/fontawesome-all.css?ver=6.8.2 HTTP/1.1" 200 6500 "https://topflowroofingplumbing.com.au/home-rtl/" "Mozilla/5.0 (Macintosh; Intel Mac OS X 10_15_7) AppleWebKit/605.1.15 (KHTML, like Gecko) Version/17.4 Safari/605.1.15 (Applebot/0.1; +http://www.apple.com/go/applebot)"
17.241.219.25 - - [21/Jul/2025:14:57:42 +0000] "GET /wp-content/themes/homlane/assets/css/icomoon.css?ver=6.8.2 HTTP/1.1" 200 1023 "https://topflowroofingplumbing.com.au/home-rtl/" "Mozilla/5.0 (Macintosh; Intel Mac OS X 10_15_7) AppleWebKit/605.1.15 (KHTML, like Gecko) Version/17.4 Safari/605.1.15 (Applebot/0.1; +http://www.apple.com/go/applebot)"
17.241.75.70 - - [21/Jul/2025:14:57:42 +0000] "GET /wp-content/themes/homlane/assets/css/hiddenbar.css?ver=6.8.2 HTTP/1.1" 200 916 "https://topflowroofingplumbing.com.au/home-rtl/" "Mozilla/5.0 (Macintosh; Intel Mac OS X 10_15_7) AppleWebKit/605.1.15 (KHTML, like Gecko) Version/17.4 Safari/605.1.15 (Applebot/0.1; +http://www.apple.com/go/applebot)"
17.241.219.136 - - [21/Jul/2025:14:57:43 +0000] "GET /wp-content/themes/homlane/assets/css/jquery.bootstrap-touchspin.css?ver=6.8.2 HTTP/1.1" 200 306 "https://topflowroofingplumbing.com.au/home-rtl/" "Mozilla/5.0 (Macintosh; Intel Mac OS X 10_15_7) AppleWebKit/605.1.15 (KHTML, like Gecko) Version/17.4 Safari/605.1.15 (Applebot/0.1; +http://www.apple.com/go/applebot)"
17.241.219.167 - - [21/Jul/2025:14:57:43 +0000] "GET /wp-content/themes/homlane/assets/css/jquery.fancybox.min.css?ver=6.8.2 HTTP/1.1" 200 3155 "https://topflowroofingplumbing.com.au/home-rtl/" "Mozilla/5.0 (Macintosh; Intel Mac OS X 10_15_7) AppleWebKit/605.1.15 (KHTML, like Gecko) Version/17.4 Safari/605.1.15 (Applebot/0.1; +http://www.apple.com/go/applebot)"
17.241.227.22 - - [21/Jul/2025:14:57:43 +0000] "GET /wp-content/themes/homlane/assets/css/jquery.mCustomScrollbar.min.css?ver=6.8.2 HTTP/1.1" 200 3977 "https://topflowroofingplumbing.com.au/home-rtl/" "Mozilla/5.0 (Macintosh; Intel Mac OS X 10_15_7) AppleWebKit/605.1.15 (KHTML, like Gecko) Version/17.4 Safari/605.1.15 (Applebot/0.1; +http://www.apple.com/go/applebot)"
17.241.75.159 - - [21/Jul/2025:14:57:44 +0000] "GET /wp-content/themes/homlane/assets/css/nouislider.css?ver=6.8.2 HTTP/1.1" 200 1004 "https://topflowroofingplumbing.com.au/home-rtl/" "Mozilla/5.0 (Macintosh; Intel Mac OS X 10_15_7) AppleWebKit/605.1.15 (KHTML, like Gecko) Version/17.4 Safari/605.1.15 (Applebot/0.1; +http://www.apple.com/go/applebot)"
17.241.75.70 - - [21/Jul/2025:14:57:44 +0000] "GET /wp-content/themes/homlane/assets/css/timePicker.css?ver=6.8.2 HTTP/1.1" 200 1080 "https://topflowroofingplumbing.com.au/home-rtl/" "Mozilla/5.0 (Macintosh; Intel Mac OS X 10_15_7) AppleWebKit/605.1.15 (KHTML, like Gecko) Version/17.4 Safari/605.1.15 (Applebot/0.1; +http://www.apple.com/go/applebot)"
17.241.219.49 - - [21/Jul/2025:14:57:44 +0000] "GET /wp-content/themes/homlane/assets/css/nouislider.pips.css?ver=6.8.2 HTTP/1.1" 200 454 "https://topflowroofingplumbing.com.au/home-rtl/" "Mozilla/5.0 (Macintosh; Intel Mac OS X 10_15_7) AppleWebKit/605.1.15 (KHTML, like Gecko) Version/17.4 Safari/605.1.15 (Applebot/0.1; +http://www.apple.com/go/applebot)"
17.241.219.136 - - [21/Jul/2025:14:57:44 +0000] "GET /wp-content/themes/homlane/assets/css/slick.css?ver=6.8.2 HTTP/1.1" 200 577 "https://topflowroofingplumbing.com.au/home-rtl/" "Mozilla/5.0 (Macintosh; Intel Mac OS X 10_15_7) AppleWebKit/605.1.15 (KHTML, like Gecko) Version/17.4 Safari/605.1.15 (Applebot/0.1; +http://www.apple.com/go/applebot)"
17.241.75.159 - - [21/Jul/2025:14:57:44 +0000] "GET /wp-content/themes/homlane/assets/css/tinyscrollbar.css?ver=6.8.2 HTTP/1.1" 200 - "https://topflowroofingplumbing.com.au/home-rtl/" "Mozilla/5.0 (Macintosh; Intel Mac OS X 10_15_7) AppleWebKit/605.1.15 (KHTML, like Gecko) Version/17.4 Safari/605.1.15 (Applebot/0.1; +http://www.apple.com/go/applebot)"
17.241.219.25 - - [21/Jul/2025:14:57:45 +0000] "GET /wp-content/themes/homlane/assets/css/jquery.bxslider.css?ver=6.8.2 HTTP/1.1" 200 1207 "https://topflowroofingplumbing.com.au/home-rtl/" "Mozilla/5.0 (Macintosh; Intel Mac OS X 10_15_7) AppleWebKit/605.1.15 (KHTML, like Gecko) Version/17.4 Safari/605.1.15 (Applebot/0.1; +http://www.apple.com/go/applebot)"
17.241.219.136 - - [21/Jul/2025:14:57:45 +0000] "GET /wp-content/themes/homlane/assets/css/color-2.css?ver=6.8.2 HTTP/1.1" 200 3972 "https://topflowroofingplumbing.com.au/home-rtl/" "Mozilla/5.0 (Macintosh; Intel Mac OS X 10_15_7) AppleWebKit/605.1.15 (KHTML, like Gecko) Version/17.4 Safari/605.1.15 (Applebot/0.1; +http://www.apple.com/go/applebot)"
17.241.219.69 - - [21/Jul/2025:14:57:45 +0000] "GET /wp-content/themes/homlane/assets/css/jquery-ui.css?ver=6.8.2 HTTP/1.1" 200 8461 "https://topflowroofingplumbing.com.au/home-rtl/" "Mozilla/5.0 (Macintosh; Intel Mac OS X 10_15_7) AppleWebKit/605.1.15 (KHTML, like Gecko) Version/17.4 Safari/605.1.15 (Applebot/0.1; +http://www.apple.com/go/applebot)"
17.241.219.49 - - [21/Jul/2025:14:57:46 +0000] "GET /wp-content/themes/homlane-child/style.css?ver=6.8.2 HTTP/1.1" 200 180 "https://topflowroofingplumbing.com.au/home-rtl/" "Mozilla/5.0 (Macintosh; Intel Mac OS X 10_15_7) AppleWebKit/605.1.15 (KHTML, like Gecko) Version/17.4 Safari/605.1.15 (Applebot/0.1; +http://www.apple.com/go/applebot)"
17.241.219.25 - - [21/Jul/2025:14:57:46 +0000] "GET /wp-content/themes/homlane/assets/css/style.css?ver=6.8.2 HTTP/1.1" 200 23029 "https://topflowroofingplumbing.com.au/home-rtl/" "Mozilla/5.0 (Macintosh; Intel Mac OS X 10_15_7) AppleWebKit/605.1.15 (KHTML, like Gecko) Version/17.4 Safari/605.1.15 (Applebot/0.1; +http://www.apple.com/go/applebot)"
17.241.219.49 - - [21/Jul/2025:14:57:46 +0000] "GET /wp-content/themes/homlane/assets/css/style-2.css?ver=6.8.2 HTTP/1.1" 200 49588 "https://topflowroofingplumbing.com.au/home-rtl/" "Mozilla/5.0 (Macintosh; Intel Mac OS X 10_15_7) AppleWebKit/605.1.15 (KHTML, like Gecko) Version/17.4 Safari/605.1.15 (Applebot/0.1; +http://www.apple.com/go/applebot)"
17.241.227.127 - - [21/Jul/2025:14:57:46 +0000] "GET /wp-content/themes/homlane/assets/css/twentytwenty.css?ver=6.8.2 HTTP/1.1" 200 1077 "https://topflowroofingplumbing.com.au/home-rtl/" "Mozilla/5.0 (Macintosh; Intel Mac OS X 10_15_7) AppleWebKit/605.1.15 (KHTML, like Gecko) Version/17.4 Safari/605.1.15 (Applebot/0.1; +http://www.apple.com/go/applebot)"
17.241.227.22 - - [21/Jul/2025:14:57:47 +0000] "GET /wp-content/themes/homlane/assets/css/color.css?ver=6.8.2 HTTP/1.1" 200 - "https://topflowroofingplumbing.com.au/home-rtl/" "Mozilla/5.0 (Macintosh; Intel Mac OS X 10_15_7) AppleWebKit/605.1.15 (KHTML, like Gecko) Version/17.4 Safari/605.1.15 (Applebot/0.1; +http://www.apple.com/go/applebot)"
17.241.219.69 - - [21/Jul/2025:14:57:47 +0000] "GET /wp-content/uploads/elementor/css/post-10.css?ver=1752206319 HTTP/1.1" 200 405 "https://topflowroofingplumbing.com.au/home-rtl/" "Mozilla/5.0 (Macintosh; Intel Mac OS X 10_15_7) AppleWebKit/605.1.15 (KHTML, like Gecko) Version/17.4 Safari/605.1.15 (Applebot/0.1; +http://www.apple.com/go/applebot)"
17.241.75.159 - - [21/Jul/2025:14:57:47 +0000] "GET /wp-content/themes/homlane/assets/css/color/theme-color.css?ver=6.8.2 HTTP/1.1" 200 16 "https://topflowroofingplumbing.com.au/home-rtl/" "Mozilla/5.0 (Macintosh; Intel Mac OS X 10_15_7) AppleWebKit/605.1.15 (KHTML, like Gecko) Version/17.4 Safari/605.1.15 (Applebot/0.1; +http://www.apple.com/go/applebot)"
17.241.75.159 - - [21/Jul/2025:14:57:48 +0000] "GET /wp-content/uploads/elementor/google-fonts/css/robotoslab.css?ver=1742256542 HTTP/1.1" 200 966 "https://topflowroofingplumbing.com.au/home-rtl/" "Mozilla/5.0 (Macintosh; Intel Mac OS X 10_15_7) AppleWebKit/605.1.15 (KHTML, like Gecko) Version/17.4 Safari/605.1.15 (Applebot/0.1; +http://www.apple.com/go/applebot)"
17.241.75.24 - - [21/Jul/2025:14:57:48 +0000] "GET /wp-content/themes/homlane/assets/css/rtl.css?ver=6.8.2 HTTP/1.1" 200 290 "https://topflowroofingplumbing.com.au/home-rtl/" "Mozilla/5.0 (Macintosh; Intel Mac OS X 10_15_7) AppleWebKit/605.1.15 (KHTML, like Gecko) Version/17.4 Safari/605.1.15 (Applebot/0.1; +http://www.apple.com/go/applebot)"
17.241.219.25 - - [21/Jul/2025:14:57:48 +0000] "GET /wp-content/themes/homlane/assets/css/custom.css?ver=6.8.2 HTTP/1.1" 200 4312 "https://topflowroofingplumbing.com.au/home-rtl/" "Mozilla/5.0 (Macintosh; Intel Mac OS X 10_15_7) AppleWebKit/605.1.15 (KHTML, like Gecko) Version/17.4 Safari/605.1.15 (Applebot/0.1; +http://www.apple.com/go/applebot)"
17.241.219.136 - - [21/Jul/2025:14:57:49 +0000] "GET /wp-content/plugins/leadconnector/public/js/lc-public.js?ver=3.0.10.1 HTTP/1.1" 200 1322 "https://topflowroofingplumbing.com.au/home-rtl/" "Mozilla/5.0 (Macintosh; Intel Mac OS X 10_15_7) AppleWebKit/605.1.15 (KHTML, like Gecko) Version/17.4 Safari/605.1.15 (Applebot/0.1; +http://www.apple.com/go/applebot)"
17.241.227.127 - - [21/Jul/2025:14:57:49 +0000] "GET /wp-content/themes/homlane/assets/css/responsive.css?ver=6.8.2 HTTP/1.1" 200 3279 "https://topflowroofingplumbing.com.au/home-rtl/" "Mozilla/5.0 (Macintosh; Intel Mac OS X 10_15_7) AppleWebKit/605.1.15 (KHTML, like Gecko) Version/17.4 Safari/605.1.15 (Applebot/0.1; +http://www.apple.com/go/applebot)"
17.241.75.174 - - [21/Jul/2025:14:57:49 +0000] "GET /wp-content/plugins/elementor/assets/css/frontend.min.css?ver=3.30.2 HTTP/1.1" 200 7117 "https://topflowroofingplumbing.com.au/home-rtl/" "Mozilla/5.0 (Macintosh; Intel Mac OS X 10_15_7) AppleWebKit/605.1.15 (KHTML, like Gecko) Version/17.4 Safari/605.1.15 (Applebot/0.1; +http://www.apple.com/go/applebot)"
17.241.227.64 - - [21/Jul/2025:14:57:50 +0000] "GET /wp-includes/js/dist/hooks.min.js?ver=4d63a3d491d11ffd8ac6 HTTP/1.1" 200 1648 "https://topflowroofingplumbing.com.au/home-rtl/" "Mozilla/5.0 (Macintosh; Intel Mac OS X 10_15_7) AppleWebKit/605.1.15 (KHTML, like Gecko) Version/17.4 Safari/605.1.15 (Applebot/0.1; +http://www.apple.com/go/applebot)"
17.241.219.69 - - [21/Jul/2025:14:57:50 +0000] "GET /wp-content/uploads/elementor/google-fonts/css/roboto.css?ver=1742256524 HTTP/1.1" 200 2877 "https://topflowroofingplumbing.com.au/home-rtl/" "Mozilla/5.0 (Macintosh; Intel Mac OS X 10_15_7) AppleWebKit/605.1.15 (KHTML, like Gecko) Version/17.4 Safari/605.1.15 (Applebot/0.1; +http://www.apple.com/go/applebot)"
17.241.219.39 - - [21/Jul/2025:14:57:50 +0000] "GET /wp-content/plugins/contact-form-7/includes/js/index.js?ver=6.1 HTTP/1.1" 200 4265 "https://topflowroofingplumbing.com.au/home-rtl/" "Mozilla/5.0 (Macintosh; Intel Mac OS X 10_15_7) AppleWebKit/605.1.15 (KHTML, like Gecko) Version/17.4 Safari/605.1.15 (Applebot/0.1; +http://www.apple.com/go/applebot)"
17.241.75.159 - - [21/Jul/2025:14:57:50 +0000] "GET /wp-includes/js/jquery/jquery.min.js?ver=3.7.1 HTTP/1.1" 200 30368 "https://topflowroofingplumbing.com.au/home-rtl/" "Mozilla/5.0 (Macintosh; Intel Mac OS X 10_15_7) AppleWebKit/605.1.15 (KHTML, like Gecko) Version/17.4 Safari/605.1.15 (Applebot/0.1; +http://www.apple.com/go/applebot)"
17.241.219.39 - - [21/Jul/2025:14:57:51 +0000] "GET /wp-content/themes/homlane/assets/js/aos.js?ver=2.1.2 HTTP/1.1" 200 4503 "https://topflowroofingplumbing.com.au/home-rtl/" "Mozilla/5.0 (Macintosh; Intel Mac OS X 10_15_7) AppleWebKit/605.1.15 (KHTML, like Gecko) Version/17.4 Safari/605.1.15 (Applebot/0.1; +http://www.apple.com/go/applebot)"
17.241.75.24 - - [21/Jul/2025:14:57:51 +0000] "GET /wp-includes/js/jquery/jquery-migrate.min.js?ver=3.4.1 HTTP/1.1" 200 4872 "https://topflowroofingplumbing.com.au/home-rtl/" "Mozilla/5.0 (Macintosh; Intel Mac OS X 10_15_7) AppleWebKit/605.1.15 (KHTML, like Gecko) Version/17.4 Safari/605.1.15 (Applebot/0.1; +http://www.apple.com/go/applebot)"
17.241.75.159 - - [21/Jul/2025:14:57:51 +0000] "GET /wp-content/themes/homlane/assets/js/appear.js?ver=2.1.2 HTTP/1.1" 200 1359 "https://topflowroofingplumbing.com.au/home-rtl/" "Mozilla/5.0 (Macintosh; Intel Mac OS X 10_15_7) AppleWebKit/605.1.15 (KHTML, like Gecko) Version/17.4 Safari/605.1.15 (Applebot/0.1; +http://www.apple.com/go/applebot)"
17.241.219.136 - - [21/Jul/2025:14:57:51 +0000] "GET /wp-includes/js/dist/i18n.min.js?ver=5e580eb46a90c2b997e6 HTTP/1.1" 200 3667 "https://topflowroofingplumbing.com.au/home-rtl/" "Mozilla/5.0 (Macintosh; Intel Mac OS X 10_15_7) AppleWebKit/605.1.15 (KHTML, like Gecko) Version/17.4 Safari/605.1.15 (Applebot/0.1; +http://www.apple.com/go/applebot)"
17.241.219.110 - - [21/Jul/2025:14:57:52 +0000] "GET /wp-content/themes/homlane/assets/js/bootstrap.bundle.min.js?ver=2.1.2 HTTP/1.1" 200 21413 "https://topflowroofingplumbing.com.au/home-rtl/" "Mozilla/5.0 (Macintosh; Intel Mac OS X 10_15_7) AppleWebKit/605.1.15 (KHTML, like Gecko) Version/17.4 Safari/605.1.15 (Applebot/0.1; +http://www.apple.com/go/applebot)"
17.241.219.195 - - [21/Jul/2025:14:57:52 +0000] "GET /wp-content/plugins/contact-form-7/includes/swv/js/index.js?ver=6.1 HTTP/1.1" 200 3503 "https://topflowroofingplumbing.com.au/home-rtl/" "Mozilla/5.0 (Macintosh; Intel Mac OS X 10_15_7) AppleWebKit/605.1.15 (KHTML, like Gecko) Version/17.4 Safari/605.1.15 (Applebot/0.1; +http://www.apple.com/go/applebot)"
17.241.75.100 - - [21/Jul/2025:14:57:52 +0000] "GET /wp-content/themes/homlane/assets/js/bootstrap-select.min.js?ver=2.1.2 HTTP/1.1" 200 13731 "https://topflowroofingplumbing.com.au/home-rtl/" "Mozilla/5.0 (Macintosh; Intel Mac OS X 10_15_7) AppleWebKit/605.1.15 (KHTML, like Gecko) Version/17.4 Safari/605.1.15 (Applebot/0.1; +http://www.apple.com/go/applebot)"
17.241.219.69 - - [21/Jul/2025:14:57:52 +0000] "GET /wp-includes/js/jquery/ui/core.min.js?ver=1.13.3 HTTP/1.1" 200 7106 "https://topflowroofingplumbing.com.au/home-rtl/" "Mozilla/5.0 (Macintosh; Intel Mac OS X 10_15_7) AppleWebKit/605.1.15 (KHTML, like Gecko) Version/17.4 Safari/605.1.15 (Applebot/0.1; +http://www.apple.com/go/applebot)"
17.241.219.110 - - [21/Jul/2025:14:57:53 +0000] "GET /wp-content/themes/homlane/assets/js/jquery.countdown.min.js?ver=2.1.2 HTTP/1.1" 200 2307 "https://topflowroofingplumbing.com.au/home-rtl/" "Mozilla/5.0 (Macintosh; Intel Mac OS X 10_15_7) AppleWebKit/605.1.15 (KHTML, like Gecko) Version/17.4 Safari/605.1.15 (Applebot/0.1; +http://www.apple.com/go/applebot)"
17.241.219.39 - - [21/Jul/2025:14:57:53 +0000] "GET /wp-content/themes/homlane/assets/js/isotope.js?ver=2.1.2 HTTP/1.1" 200 10182 "https://topflowroofingplumbing.com.au/home-rtl/" "Mozilla/5.0 (Macintosh; Intel Mac OS X 10_15_7) AppleWebKit/605.1.15 (KHTML, like Gecko) Version/17.4 Safari/605.1.15 (Applebot/0.1; +http://www.apple.com/go/applebot)"
17.241.219.69 - - [21/Jul/2025:14:57:53 +0000] "GET /wp-content/themes/homlane/assets/js/jquery.enllax.min.js?ver=2.1.2 HTTP/1.1" 200 549 "https://topflowroofingplumbing.com.au/home-rtl/" "Mozilla/5.0 (Macintosh; Intel Mac OS X 10_15_7) AppleWebKit/605.1.15 (KHTML, like Gecko) Version/17.4 Safari/605.1.15 (Applebot/0.1; +http://www.apple.com/go/applebot)"
17.241.219.136 - - [21/Jul/2025:14:57:53 +0000] "GET /wp-content/themes/homlane/assets/js/jquery.bootstrap-touchspin.js?ver=2.1.2 HTTP/1.1" 200 3342 "https://topflowroofingplumbing.com.au/home-rtl/" "Mozilla/5.0 (Macintosh; Intel Mac OS X 10_15_7) AppleWebKit/605.1.15 (KHTML, like Gecko) Version/17.4 Safari/605.1.15 (Applebot/0.1; +http://www.apple.com/go/applebot)"
17.241.227.64 - - [21/Jul/2025:14:57:54 +0000] "GET /wp-content/themes/homlane/assets/js/jquery.fancybox.js?ver=2.1.2 HTTP/1.1" 200 36180 "https://topflowroofingplumbing.com.au/home-rtl/" "Mozilla/5.0 (Macintosh; Intel Mac OS X 10_15_7) AppleWebKit/605.1.15 (KHTML, like Gecko) Version/17.4 Safari/605.1.15 (Applebot/0.1; +http://www.apple.com/go/applebot)"
17.241.75.67 - - [21/Jul/2025:14:57:54 +0000] "GET /wp-content/themes/homlane/assets/js/jquery.countTo.js?ver=2.1.2 HTTP/1.1" 200 1027 "https://topflowroofingplumbing.com.au/home-rtl/" "Mozilla/5.0 (Macintosh; Intel Mac OS X 10_15_7) AppleWebKit/605.1.15 (KHTML, like Gecko) Version/17.4 Safari/605.1.15 (Applebot/0.1; +http://www.apple.com/go/applebot)"
17.241.75.22 - - [21/Jul/2025:14:57:54 +0000] "GET /wp-content/themes/homlane/assets/js/owl.js?ver=2.1.2 HTTP/1.1" 200 20223 "https://topflowroofingplumbing.com.au/home-rtl/" "Mozilla/5.0 (Macintosh; Intel Mac OS X 10_15_7) AppleWebKit/605.1.15 (KHTML, like Gecko) Version/17.4 Safari/605.1.15 (Applebot/0.1; +http://www.apple.com/go/applebot)"
17.241.75.100 - - [21/Jul/2025:14:57:54 +0000] "GET /wp-content/themes/homlane/assets/js/jquery.easing.min.js?ver=2.1.2 HTTP/1.1" 200 1859 "https://topflowroofingplumbing.com.au/home-rtl/" "Mozilla/5.0 (Macintosh; Intel Mac OS X 10_15_7) AppleWebKit/605.1.15 (KHTML, like Gecko) Version/17.4 Safari/605.1.15 (Applebot/0.1; +http://www.apple.com/go/applebot)"
17.241.219.69 - - [21/Jul/2025:14:57:55 +0000] "GET /wp-content/themes/homlane/assets/js/jquery.twentytwenty.js?ver=2.1.2 HTTP/1.1" 200 1425 "https://topflowroofingplumbing.com.au/home-rtl/" "Mozilla/5.0 (Macintosh; Intel Mac OS X 10_15_7) AppleWebKit/605.1.15 (KHTML, like Gecko) Version/17.4 Safari/605.1.15 (Applebot/0.1; +http://www.apple.com/go/applebot)"
17.241.219.110 - - [21/Jul/2025:14:57:55 +0000] "GET /wp-content/themes/homlane/assets/js/jquery.mixitup.min.js?ver=2.1.2 HTTP/1.1" 200 8232 "https://topflowroofingplumbing.com.au/home-rtl/" "Mozilla/5.0 (Macintosh; Intel Mac OS X 10_15_7) AppleWebKit/605.1.15 (KHTML, like Gecko) Version/17.4 Safari/605.1.15 (Applebot/0.1; +http://www.apple.com/go/applebot)"
17.241.75.100 - - [21/Jul/2025:14:57:55 +0000] "GET /wp-content/themes/homlane/assets/js/wow.js?ver=2.1.2 HTTP/1.1" 200 2209 "https://topflowroofingplumbing.com.au/home-rtl/" "Mozilla/5.0 (Macintosh; Intel Mac OS X 10_15_7) AppleWebKit/605.1.15 (KHTML, like Gecko) Version/17.4 Safari/605.1.15 (Applebot/0.1; +http://www.apple.com/go/applebot)"
17.241.219.253 - - [21/Jul/2025:14:57:55 +0000] "GET /wp-content/themes/homlane/assets/js/jquery.paroller.min.js?ver=2.1.2 HTTP/1.1" 200 919 "https://topflowroofingplumbing.com.au/home-rtl/" "Mozilla/5.0 (Macintosh; Intel Mac OS X 10_15_7) AppleWebKit/605.1.15 (KHTML, like Gecko) Version/17.4 Safari/605.1.15 (Applebot/0.1; +http://www.apple.com/go/applebot)"
17.241.75.22 - - [21/Jul/2025:14:57:56 +0000] "GET /wp-content/themes/homlane/assets/js/owl-vertical.js?ver=2.1.2 HTTP/1.1" 200 17771 "https://topflowroofingplumbing.com.au/home-rtl/" "Mozilla/5.0 (Macintosh; Intel Mac OS X 10_15_7) AppleWebKit/605.1.15 (KHTML, like Gecko) Version/17.4 Safari/605.1.15 (Applebot/0.1; +http://www.apple.com/go/applebot)"
17.241.75.121 - - [21/Jul/2025:14:57:56 +0000] "GET /wp-content/themes/homlane/assets/js/nouislider.js?ver=2.1.2 HTTP/1.1" 200 5312 "https://topflowroofingplumbing.com.au/home-rtl/" "Mozilla/5.0 (Macintosh; Intel Mac OS X 10_15_7) AppleWebKit/605.1.15 (KHTML, like Gecko) Version/17.4 Safari/605.1.15 (Applebot/0.1; +http://www.apple.com/go/applebot)"
17.241.219.25 - - [21/Jul/2025:14:57:56 +0000] "GET /wp-content/themes/homlane/assets/js/jquery.magnific-popup.min.js?ver=2.1.2 HTTP/1.1" 200 7346 "https://topflowroofingplumbing.com.au/home-rtl/" "Mozilla/5.0 (Macintosh; Intel Mac OS X 10_15_7) AppleWebKit/605.1.15 (KHTML, like Gecko) Version/17.4 Safari/605.1.15 (Applebot/0.1; +http://www.apple.com/go/applebot)"
17.241.75.67 - - [21/Jul/2025:14:57:56 +0000] "GET /wp-content/themes/homlane/assets/js/timePicker.js?ver=2.1.2 HTTP/1.1" 200 5322 "https://topflowroofingplumbing.com.au/home-rtl/" "Mozilla/5.0 (Macintosh; Intel Mac OS X 10_15_7) AppleWebKit/605.1.15 (KHTML, like Gecko) Version/17.4 Safari/605.1.15 (Applebot/0.1; +http://www.apple.com/go/applebot)"
17.241.75.22 - - [21/Jul/2025:14:57:57 +0000] "GET /wp-content/themes/homlane/assets/js/knob.js?ver=2.1.2 HTTP/1.1" 200 6027 "https://topflowroofingplumbing.com.au/home-rtl/" "Mozilla/5.0 (Macintosh; Intel Mac OS X 10_15_7) AppleWebKit/605.1.15 (KHTML, like Gecko) Version/17.4 Safari/605.1.15 (Applebot/0.1; +http://www.apple.com/go/applebot)"
17.241.75.24 - - [21/Jul/2025:14:57:57 +0000] "GET /wp-content/themes/homlane/assets/js/validation.js?ver=2.1.2 HTTP/1.1" 200 12092 "https://topflowroofingplumbing.com.au/home-rtl/" "Mozilla/5.0 (Macintosh; Intel Mac OS X 10_15_7) AppleWebKit/605.1.15 (KHTML, like Gecko) Version/17.4 Safari/605.1.15 (Applebot/0.1; +http://www.apple.com/go/applebot)"
17.241.75.67 - - [21/Jul/2025:14:57:57 +0000] "GET /wp-content/themes/homlane/assets/js/tilt.jquery.js?ver=2.1.2 HTTP/1.1" 200 2893 "https://topflowroofingplumbing.com.au/home-rtl/" "Mozilla/5.0 (Macintosh; Intel Mac OS X 10_15_7) AppleWebKit/605.1.15 (KHTML, like Gecko) Version/17.4 Safari/605.1.15 (Applebot/0.1; +http://www.apple.com/go/applebot)"
17.241.219.253 - - [21/Jul/2025:14:57:57 +0000] "GET /wp-content/themes/homlane/assets/js/slick.js?ver=2.1.2 HTTP/1.1" 200 14372 "https://topflowroofingplumbing.com.au/home-rtl/" "Mozilla/5.0 (Macintosh; Intel Mac OS X 10_15_7) AppleWebKit/605.1.15 (KHTML, like Gecko) Version/17.4 Safari/605.1.15 (Applebot/0.1; +http://www.apple.com/go/applebot)"
17.241.75.67 - - [21/Jul/2025:14:57:58 +0000] "GET /wp-content/themes/homlane/assets/js/parallax.min.js?ver=2.1.2 HTTP/1.1" 200 5261 "https://topflowroofingplumbing.com.au/home-rtl/" "Mozilla/5.0 (Macintosh; Intel Mac OS X 10_15_7) AppleWebKit/605.1.15 (KHTML, like Gecko) Version/17.4 Safari/605.1.15 (Applebot/0.1; +http://www.apple.com/go/applebot)"
17.241.75.121 - - [21/Jul/2025:14:57:58 +0000] "GET /wp-content/themes/homlane/assets/js/lazyload.js?ver=2.1.2 HTTP/1.1" 200 3633 "https://topflowroofingplumbing.com.au/home-rtl/" "Mozilla/5.0 (Macintosh; Intel Mac OS X 10_15_7) AppleWebKit/605.1.15 (KHTML, like Gecko) Version/17.4 Safari/605.1.15 (Applebot/0.1; +http://www.apple.com/go/applebot)"
17.241.75.80 - - [21/Jul/2025:14:57:58 +0000] "GET /wp-content/themes/homlane/assets/js/jQuery.style.switcher.min.js?ver=2.1.2 HTTP/1.1" 200 1138 "https://topflowroofingplumbing.com.au/home-rtl/" "Mozilla/5.0 (Macintosh; Intel Mac OS X 10_15_7) AppleWebKit/605.1.15 (KHTML, like Gecko) Version/17.4 Safari/605.1.15 (Applebot/0.1; +http://www.apple.com/go/applebot)"
17.241.219.105 - - [21/Jul/2025:14:57:58 +0000] "GET /wp-content/themes/homlane/assets/js/scrollbar.js?ver=2.1.2 HTTP/1.1" 200 12288 "https://topflowroofingplumbing.com.au/home-rtl/" "Mozilla/5.0 (Macintosh; Intel Mac OS X 10_15_7) AppleWebKit/605.1.15 (KHTML, like Gecko) Version/17.4 Safari/605.1.15 (Applebot/0.1; +http://www.apple.com/go/applebot)"
17.241.75.121 - - [21/Jul/2025:14:57:59 +0000] "GET /wp-content/themes/homlane/assets/js/pagenav.js?ver=2.1.2 HTTP/1.1" 200 1834 "https://topflowroofingplumbing.com.au/home-rtl/" "Mozilla/5.0 (Macintosh; Intel Mac OS X 10_15_7) AppleWebKit/605.1.15 (KHTML, like Gecko) Version/17.4 Safari/605.1.15 (Applebot/0.1; +http://www.apple.com/go/applebot)"
17.241.219.25 - - [21/Jul/2025:14:57:59 +0000] "GET /wp-content/themes/homlane/assets/js/jquery.bxslider.min.js?ver=2.1.2 HTTP/1.1" 200 5162 "https://topflowroofingplumbing.com.au/home-rtl/" "Mozilla/5.0 (Macintosh; Intel Mac OS X 10_15_7) AppleWebKit/605.1.15 (KHTML, like Gecko) Version/17.4 Safari/605.1.15 (Applebot/0.1; +http://www.apple.com/go/applebot)"
17.241.75.159 - - [21/Jul/2025:14:57:59 +0000] "GET /wp-content/themes/homlane/assets/js/nav-tool.js?ver=2.1.2 HTTP/1.1" 200 394 "https://topflowroofingplumbing.com.au/home-rtl/" "Mozilla/5.0 (Macintosh; Intel Mac OS X 10_15_7) AppleWebKit/605.1.15 (KHTML, like Gecko) Version/17.4 Safari/605.1.15 (Applebot/0.1; +http://www.apple.com/go/applebot)"
17.241.75.24 - - [21/Jul/2025:14:57:59 +0000] "GET /wp-content/themes/homlane/assets/js/jquery-ui.js?ver=2.1.2 HTTP/1.1" 200 125176 "https://topflowroofingplumbing.com.au/home-rtl/" "Mozilla/5.0 (Macintosh; Intel Mac OS X 10_15_7) AppleWebKit/605.1.15 (KHTML, like Gecko) Version/17.4 Safari/605.1.15 (Applebot/0.1; +http://www.apple.com/go/applebot)"
17.241.75.121 - - [21/Jul/2025:14:58:00 +0000] "GET /wp-content/themes/homlane/assets/js/dobpicker.js?ver=2.1.2 HTTP/1.1" 200 838 "https://topflowroofingplumbing.com.au/home-rtl/" "Mozilla/5.0 (Macintosh; Intel Mac OS X 10_15_7) AppleWebKit/605.1.15 (KHTML, like Gecko) Version/17.4 Safari/605.1.15 (Applebot/0.1; +http://www.apple.com/go/applebot)"
17.241.219.253 - - [21/Jul/2025:14:58:00 +0000] "GET /wp-content/themes/homlane/assets/js/jquery.tinyscrollbar.js?ver=2.1.2 HTTP/1.1" 200 2866 "https://topflowroofingplumbing.com.au/home-rtl/" "Mozilla/5.0 (Macintosh; Intel Mac OS X 10_15_7) AppleWebKit/605.1.15 (KHTML, like Gecko) Version/17.4 Safari/605.1.15 (Applebot/0.1; +http://www.apple.com/go/applebot)"
17.241.75.159 - - [21/Jul/2025:14:58:00 +0000] "GET /wp-content/plugins/elementor/assets/js/webpack.runtime.min.js?ver=3.30.2 HTTP/1.1" 200 2516 "https://topflowroofingplumbing.com.au/home-rtl/" "Mozilla/5.0 (Macintosh; Intel Mac OS X 10_15_7) AppleWebKit/605.1.15 (KHTML, like Gecko) Version/17.4 Safari/605.1.15 (Applebot/0.1; +http://www.apple.com/go/applebot)"
17.241.227.106 - - [21/Jul/2025:14:58:00 +0000] "GET /wp-content/themes/homlane/assets/js/TweenMax.min.js?ver=2.1.2 HTTP/1.1" 200 39642 "https://topflowroofingplumbing.com.au/home-rtl/" "Mozilla/5.0 (Macintosh; Intel Mac OS X 10_15_7) AppleWebKit/605.1.15 (KHTML, like Gecko) Version/17.4 Safari/605.1.15 (Applebot/0.1; +http://www.apple.com/go/applebot)"
17.241.219.69 - - [21/Jul/2025:14:58:01 +0000] "GET /wp-content/plugins/elementor-pro/assets/js/webpack-pro.runtime.min.js?ver=3.26.1 HTTP/1.1" 200 2859 "https://topflowroofingplumbing.com.au/home-rtl/" "Mozilla/5.0 (Macintosh; Intel Mac OS X 10_15_7) AppleWebKit/605.1.15 (KHTML, like Gecko) Version/17.4 Safari/605.1.15 (Applebot/0.1; +http://www.apple.com/go/applebot)"
17.241.219.25 - - [21/Jul/2025:14:58:01 +0000] "GET /wp-content/themes/homlane/assets/js/custom.js?ver=6.8.2 HTTP/1.1" 200 6473 "https://topflowroofingplumbing.com.au/home-rtl/" "Mozilla/5.0 (Macintosh; Intel Mac OS X 10_15_7) AppleWebKit/605.1.15 (KHTML, like Gecko) Version/17.4 Safari/605.1.15 (Applebot/0.1; +http://www.apple.com/go/applebot)"
17.241.219.69 - - [21/Jul/2025:14:58:01 +0000] "GET /wp-includes/js/comment-reply.min.js?ver=6.8.2 HTTP/1.1" 200 1375 "https://topflowroofingplumbing.com.au/home-rtl/" "Mozilla/5.0 (Macintosh; Intel Mac OS X 10_15_7) AppleWebKit/605.1.15 (KHTML, like Gecko) Version/17.4 Safari/605.1.15 (Applebot/0.1; +http://www.apple.com/go/applebot)"
17.241.75.24 - - [21/Jul/2025:14:58:01 +0000] "GET /wp-content/plugins/elementor/assets/js/frontend-modules.min.js?ver=3.30.2 HTTP/1.1" 200 14815 "https://topflowroofingplumbing.com.au/home-rtl/" "Mozilla/5.0 (Macintosh; Intel Mac OS X 10_15_7) AppleWebKit/605.1.15 (KHTML, like Gecko) Version/17.4 Safari/605.1.15 (Applebot/0.1; +http://www.apple.com/go/applebot)"
17.241.75.121 - - [21/Jul/2025:14:58:02 +0000] "GET /wp-content/plugins/elementor/assets/js/frontend.min.js?ver=3.30.2 HTTP/1.1" 200 10595 "https://topflowroofingplumbing.com.au/home-rtl/" "Mozilla/5.0 (Macintosh; Intel Mac OS X 10_15_7) AppleWebKit/605.1.15 (KHTML, like Gecko) Version/17.4 Safari/605.1.15 (Applebot/0.1; +http://www.apple.com/go/applebot)"
17.241.219.105 - - [21/Jul/2025:14:58:02 +0000] "GET /wp-content/plugins/elementor-pro/assets/js/frontend.min.js?ver=3.26.1 HTTP/1.1" 200 6510 "https://topflowroofingplumbing.com.au/home-rtl/" "Mozilla/5.0 (Macintosh; Intel Mac OS X 10_15_7) AppleWebKit/605.1.15 (KHTML, like Gecko) Version/17.4 Safari/605.1.15 (Applebot/0.1; +http://www.apple.com/go/applebot)"
17.241.219.195 - - [21/Jul/2025:14:58:03 +0000] "GET /wp-content/plugins/elementor-pro/assets/js/elements-handlers.min.js?ver=3.26.1 HTTP/1.1" 200 10654 "https://topflowroofingplumbing.com.au/home-rtl/" "Mozilla/5.0 (Macintosh; Intel Mac OS X 10_15_7) AppleWebKit/605.1.15 (KHTML, like Gecko) Version/17.4 Safari/605.1.15 (Applebot/0.1; +http://www.apple.com/go/applebot)"
17.241.75.22 - - [21/Jul/2025:14:58:03 +0000] "GET /wp-includes/js/wp-emoji-release.min.js?ver=6.8.2 HTTP/1.1" 200 5163 "https://topflowroofingplumbing.com.au/home-rtl/" "Mozilla/5.0 (Macintosh; Intel Mac OS X 10_15_7) AppleWebKit/605.1.15 (KHTML, like Gecko) Version/17.4 Safari/605.1.15 (Applebot/0.1; +http://www.apple.com/go/applebot)"
17.241.227.55 - - [21/Jul/2025:14:58:04 +0000] "GET /wp-content/plugins/elementor/assets/js/section-frontend-handlers.d85ab872da118940910d.bundle.min.js HTTP/1.1" 200 297 "https://topflowroofingplumbing.com.au/home-rtl/" "Mozilla/5.0 (Macintosh; Intel Mac OS X 10_15_7) AppleWebKit/605.1.15 (KHTML, like Gecko) Version/17.4 Safari/605.1.15 (Applebot/0.1; +http://www.apple.com/go/applebot)"
17.241.219.195 - - [21/Jul/2025:14:58:04 +0000] "GET /wp-content/plugins/elementor/assets/js/shared-frontend-handlers.30dc2f9c080845a413a6.bundle.min.js HTTP/1.1" 200 2682 "https://topflowroofingplumbing.com.au/home-rtl/" "Mozilla/5.0 (Macintosh; Intel Mac OS X 10_15_7) AppleWebKit/605.1.15 (KHTML, like Gecko) Version/17.4 Safari/605.1.15 (Applebot/0.1; +http://www.apple.com/go/applebot)"
17.241.219.253 - - [21/Jul/2025:14:58:04 +0000] "GET /wp-json/contact-form-7/v1/contact-forms/37/feedback/schema HTTP/1.1" 200 208 "https://topflowroofingplumbing.com.au/home-rtl/" "Mozilla/5.0 (Macintosh; Intel Mac OS X 10_15_7) AppleWebKit/605.1.15 (KHTML, like Gecko) Version/17.4 Safari/605.1.15 (Applebot/0.1; +http://www.apple.com/go/applebot)"
20.171.207.187 - - [21/Jul/2025:14:58:06 +0000] "GET /search.php?product/edit/atorieerina-b003fiftbo HTTP/1.1" 200 87526 "-" "Mozilla/5.0 AppleWebKit/537.36 (KHTML, like Gecko; compatible; GPTBot/1.2; +https://openai.com/gptbot)"
17.241.227.64 - - [21/Jul/2025:14:58:10 +0000] "GET /wp-json/contact-form-7/v1/contact-forms/37/refill HTTP/1.1" 200 209 "https://topflowroofingplumbing.com.au/home-rtl/" "Mozilla/5.0 (Macintosh; Intel Mac OS X 10_15_7) AppleWebKit/605.1.15 (KHTML, like Gecko) Version/17.4 Safari/605.1.15 (Applebot/0.1; +http://www.apple.com/go/applebot)"
209.74.77.214 - - [21/Jul/2025:14:58:36 +0000] "POST /wp-cron.php?doing_wp_cron=1753109916.3282170295715332031250 HTTP/1.1" 403 33 "-" "WordPress/6.8.2; https://topflowroofingplumbing.com.au"
2a03:2880:f800:1b:: - - [21/Jul/2025:14:58:35 +0000] "GET /shopbrand/67940922 HTTP/1.1" 404 11694 "-" "meta-externalagent/1.1 (+https://developers.facebook.com/docs/sharing/webmasters/crawler)"
20.171.207.187 - - [21/Jul/2025:14:59:07 +0000] "GET /search.php?product/edit/ehimemachine-ez-b HTTP/1.1" 200 86180 "-" "Mozilla/5.0 AppleWebKit/537.36 (KHTML, like Gecko; compatible; GPTBot/1.2; +https://openai.com/gptbot)"
20.171.207.187 - - [21/Jul/2025:15:00:09 +0000] "GET /search.php?turn200020451.html HTTP/1.1" 200 86310 "-" "Mozilla/5.0 AppleWebKit/537.36 (KHTML, like Gecko; compatible; GPTBot/1.2; +https://openai.com/gptbot)"
20.171.207.187 - - [21/Jul/2025:15:01:11 +0000] "GET /search.php?snap032017779.html HTTP/1.1" 200 86609 "-" "Mozilla/5.0 AppleWebKit/537.36 (KHTML, like Gecko; compatible; GPTBot/1.2; +https://openai.com/gptbot)"
20.171.207.187 - - [21/Jul/2025:15:02:15 +0000] "GET /search.php?nice059043444.html HTTP/1.1" 200 87474 "-" "Mozilla/5.0 AppleWebKit/537.36 (KHTML, like Gecko; compatible; GPTBot/1.2; +https://openai.com/gptbot)"
66.249.73.103 - - [21/Jul/2025:15:02:31 +0000] "GET /tax/m7?pid=92 HTTP/1.1" 200 85883 "-" "Mozilla/5.0 (Linux; Android 6.0.1; Nexus 5X Build/MMB29P) AppleWebKit/537.36 (KHTML, like Gecko) Chrome/137.0.7151.103 Mobile Safari/537.36 (compatible; Googlebot/2.1; +http://www.google.com/bot.html)"
20.171.207.187 - - [21/Jul/2025:15:03:19 +0000] "GET /search.php?slow059000658.html HTTP/1.1" 200 88029 "-" "Mozilla/5.0 AppleWebKit/537.36 (KHTML, like Gecko; compatible; GPTBot/1.2; +https://openai.com/gptbot)"
209.74.77.214 - - [21/Jul/2025:15:03:35 +0000] "POST /wp-cron.php?doing_wp_cron=1753110215.1826660633087158203125 HTTP/1.1" 403 33 "-" "WordPress/6.8.2; https://topflowroofingplumbing.com.au"
2a03:2880:f800:d:: - - [21/Jul/2025:15:03:34 +0000] "GET /shopbrand/347463461 HTTP/1.1" 404 11694 "-" "meta-externalagent/1.1 (+https://developers.facebook.com/docs/sharing/webmasters/crawler)"
20.171.207.187 - - [21/Jul/2025:15:04:21 +0000] "GET /search.php?poet200033415.html HTTP/1.1" 200 86838 "-" "Mozilla/5.0 AppleWebKit/537.36 (KHTML, like Gecko; compatible; GPTBot/1.2; +https://openai.com/gptbot)"
20.171.207.187 - - [21/Jul/2025:15:05:22 +0000] "GET /search.php?firm087000376.html HTTP/1.1" 200 87252 "-" "Mozilla/5.0 AppleWebKit/537.36 (KHTML, like Gecko; compatible; GPTBot/1.2; +https://openai.com/gptbot)"
209.74.77.214 - - [21/Jul/2025:15:05:44 +0000] "POST /wp-cron.php?doing_wp_cron=1753110344.4957699775695800781250 HTTP/1.1" 403 33 "-" "WordPress/6.8.2; https://topflowroofingplumbing.com.au"
2a03:2880:f800:6:: - - [21/Jul/2025:15:05:43 +0000] "GET /shopdetail/82672852 HTTP/1.1" 404 11694 "-" "meta-externalagent/1.1 (+https://developers.facebook.com/docs/sharing/webmasters/crawler)"
20.171.207.187 - - [21/Jul/2025:15:06:25 +0000] "GET /search.php?like080037999.html HTTP/1.1" 200 86835 "-" "Mozilla/5.0 AppleWebKit/537.36 (KHTML, like Gecko; compatible; GPTBot/1.2; +https://openai.com/gptbot)"
20.171.207.187 - - [21/Jul/2025:15:07:25 +0000] "GET /search.php?news039000928.html HTTP/1.1" 200 87038 "-" "Mozilla/5.0 AppleWebKit/537.36 (KHTML, like Gecko; compatible; GPTBot/1.2; +https://openai.com/gptbot)"
209.74.77.214 - - [21/Jul/2025:15:08:29 +0000] "POST /wp-cron.php?doing_wp_cron=1753110509.0081250667572021484375 HTTP/1.1" 403 33 "-" "WordPress/6.8.2; https://topflowroofingplumbing.com.au"
20.171.207.187 - - [21/Jul/2025:15:08:27 +0000] "GET /?_bd_prev_page=https%3A%2F%2Ftopflowroofingplumbing.com.au%2Fsuper.php%3Fitems%2F015000066.html%3Fsrsltid%3DAfmBOolgpDwBpSjisntRJYWJMJvnSHdcoZNQISpfAawSb9ohY1GX&_bdsid=gj9gbu.n%7EXKZYM.173731041.175731817&_gz=2.190550713.194459015.171265578-867736498.163300847 HTTP/1.1" 301 - "-" "Mozilla/5.0 AppleWebKit/537.36 (KHTML, like Gecko; compatible; GPTBot/1.2; +https://openai.com/gptbot)"
20.171.207.187 - - [21/Jul/2025:15:08:29 +0000] "GET /?_bd_prev_page=https%3A%2F%2Ftopflowroofingplumbing.com.au%2Fsuper.php%3Fitems%2F015000066.html%3Fsrsltid%3DAfmBOolgpDwBpSjisntRJYWJMJvnSHdcoZNQISpfAawSb9ohY1GX&_bdsid=gj9gbu.n~XKZYM.173731041.175731817&_gz=2.190550713.194459015.171265578-867736498.163300847 HTTP/1.1" 200 17675 "-" "Mozilla/5.0 AppleWebKit/537.36 (KHTML, like Gecko; compatible; GPTBot/1.2; +https://openai.com/gptbot)"
2a03:2880:22ff:6:: - - [21/Jul/2025:15:09:26 +0000] "GET /contact-us HTTP/1.1" 301 - "-" "facebookexternalhit/1.1 (+http://www.facebook.com/externalhit_uatext.php)"
2a03:2880:22ff:7:: - - [21/Jul/2025:15:09:28 +0000] "GET /contact-us/ HTTP/1.1" 200 13977 "-" "facebookexternalhit/1.1 (+http://www.facebook.com/externalhit_uatext.php)"
20.171.207.187 - - [21/Jul/2025:15:09:32 +0000] "GET /search.php?gaze260006167.html HTTP/1.1" 200 86970 "-" "Mozilla/5.0 AppleWebKit/537.36 (KHTML, like Gecko; compatible; GPTBot/1.2; +https://openai.com/gptbot)"
209.74.77.214 - - [21/Jul/2025:15:09:56 +0000] "POST /wp-cron.php?doing_wp_cron=1753110596.7811589241027832031250 HTTP/1.1" 403 33 "-" "WordPress/6.8.2; https://topflowroofingplumbing.com.au"
2a03:2880:f800:12:: - - [21/Jul/2025:15:09:56 +0000] "GET /shopbrand/261443751 HTTP/1.1" 404 11694 "-" "meta-externalagent/1.1 (+https://developers.facebook.com/docs/sharing/webmasters/crawler)"
20.171.207.187 - - [21/Jul/2025:15:10:34 +0000] "GET /search.php?fade064000811.html HTTP/1.1" 200 87145 "-" "Mozilla/5.0 AppleWebKit/537.36 (KHTML, like Gecko; compatible; GPTBot/1.2; +https://openai.com/gptbot)"
2a03:2880:f800:12:: - - [21/Jul/2025:15:10:50 +0000] "GET /shopdetail/369712052 HTTP/1.1" 404 11694 "-" "meta-externalagent/1.1 (+https://developers.facebook.com/docs/sharing/webmasters/crawler)"
2a03:2880:f800:13:: - - [21/Jul/2025:15:10:53 +0000] "GET /shopbrand/352070579 HTTP/1.1" 404 11694 "-" "meta-externalagent/1.1 (+https://developers.facebook.com/docs/sharing/webmasters/crawler)"
20.171.207.187 - - [21/Jul/2025:15:11:40 +0000] "GET /search.php?risk040002541.html HTTP/1.1" 200 87630 "-" "Mozilla/5.0 AppleWebKit/537.36 (KHTML, like Gecko; compatible; GPTBot/1.2; +https://openai.com/gptbot)"
20.171.207.187 - - [21/Jul/2025:15:12:44 +0000] "GET /search.php?hold140009977.html HTTP/1.1" 200 87986 "-" "Mozilla/5.0 AppleWebKit/537.36 (KHTML, like Gecko; compatible; GPTBot/1.2; +https://openai.com/gptbot)"
209.74.77.214 - - [21/Jul/2025:15:13:01 +0000] "POST /wp-cron.php?doing_wp_cron=1753110780.8548400402069091796875 HTTP/1.1" 403 33 "-" "WordPress/6.8.2; https://topflowroofingplumbing.com.au"
2a03:2880:f800:: - - [21/Jul/2025:15:12:59 +0000] "GET /shopdetail/422951652 HTTP/1.1" 404 11694 "-" "meta-externalagent/1.1 (+https://developers.facebook.com/docs/sharing/webmasters/crawler)"
20.171.207.187 - - [21/Jul/2025:15:13:45 +0000] "GET /search.php?urge036017111.html HTTP/1.1" 200 87033 "-" "Mozilla/5.0 AppleWebKit/537.36 (KHTML, like Gecko; compatible; GPTBot/1.2; +https://openai.com/gptbot)"
66.249.73.97 - - [21/Jul/2025:15:14:34 +0000] "GET /poetry/g91?pid=324 HTTP/1.1" 200 85291 "-" "Mozilla/5.0 (Linux; Android 6.0.1; Nexus 5X Build/MMB29P) AppleWebKit/537.36 (KHTML, like Gecko) Chrome/137.0.7151.103 Mobile Safari/537.36 (compatible; Googlebot/2.1; +http://www.google.com/bot.html)"
66.249.65.105 - - [21/Jul/2025:15:14:36 +0000] "GET /045042751.htm HTTP/1.1" 200 86110 "-" "Mozilla/5.0 (Linux; Android 6.0.1; Nexus 5X Build/MMB29P) AppleWebKit/537.36 (KHTML, like Gecko) Chrome/137.0.7151.103 Mobile Safari/537.36 (compatible; Googlebot/2.1; +http://www.google.com/bot.html)"
209.74.77.214 - - [21/Jul/2025:15:14:46 +0000] "POST /wp-cron.php?doing_wp_cron=1753110886.5261449813842773437500 HTTP/1.1" 403 33 "-" "WordPress/6.8.2; https://topflowroofingplumbing.com.au"
2a03:2880:f800:13:: - - [21/Jul/2025:15:14:45 +0000] "GET /shopdetail/204542952 HTTP/1.1" 404 11694 "-" "meta-externalagent/1.1 (+https://developers.facebook.com/docs/sharing/webmasters/crawler)"
20.171.207.187 - - [21/Jul/2025:15:14:46 +0000] "GET /search.php?host214016999.html HTTP/1.1" 200 87275 "-" "Mozilla/5.0 AppleWebKit/537.36 (KHTML, like Gecko; compatible; GPTBot/1.2; +https://openai.com/gptbot)"
66.249.73.97 - - [21/Jul/2025:15:15:37 +0000] "GET /052000902.htm HTTP/1.1" 200 86855 "-" "Mozilla/5.0 (Linux; Android 6.0.1; Nexus 5X Build/MMB29P) AppleWebKit/537.36 (KHTML, like Gecko) Chrome/137.0.7151.103 Mobile Safari/537.36 (compatible; Googlebot/2.1; +http://www.google.com/bot.html)"
66.249.73.96 - - [21/Jul/2025:15:15:36 +0000] "GET /inmate/q54?pid=11 HTTP/1.1" 200 85273 "-" "Mozilla/5.0 (Linux; Android 6.0.1; Nexus 5X Build/MMB29P) AppleWebKit/537.36 (KHTML, like Gecko) Chrome/137.0.7151.103 Mobile Safari/537.36 (compatible; Googlebot/2.1; +http://www.google.com/bot.html)"
20.171.207.187 - - [21/Jul/2025:15:15:48 +0000] "GET /search.php?product/edit/tuzukiya-e99-10721 HTTP/1.1" 200 87696 "-" "Mozilla/5.0 AppleWebKit/537.36 (KHTML, like Gecko; compatible; GPTBot/1.2; +https://openai.com/gptbot)"
209.74.77.214 - - [21/Jul/2025:15:16:34 +0000] "POST /wp-cron.php?doing_wp_cron=1753110994.5243079662322998046875 HTTP/1.1" 403 33 "-" "WordPress/6.8.2; https://topflowroofingplumbing.com.au"
2a03:2880:f800:8:: - - [21/Jul/2025:15:16:33 +0000] "GET /shopbrand/347452546 HTTP/1.1" 404 11694 "-" "meta-externalagent/1.1 (+https://developers.facebook.com/docs/sharing/webmasters/crawler)"
66.249.65.97 - - [21/Jul/2025:15:16:54 +0000] "GET /pcmypage?callback=product%2Fdetail%2Ftopwater-10401050lg HTTP/1.1" 200 86977 "-" "Mozilla/5.0 (Linux; Android 6.0.1; Nexus 5X Build/MMB29P) AppleWebKit/537.36 (KHTML, like Gecko) Chrome/137.0.7151.103 Mobile Safari/537.36 (compatible; Googlebot/2.1; +http://www.google.com/bot.html)"
20.171.207.187 - - [21/Jul/2025:15:16:54 +0000] "GET /search.php?dock222024289.html HTTP/1.1" 200 87614 "-" "Mozilla/5.0 AppleWebKit/537.36 (KHTML, like Gecko; compatible; GPTBot/1.2; +https://openai.com/gptbot)"
