66.249.73.97 - - [22/Jul/2025:00:45:24 +0000] "GET /pcmypage?callback=product%2Fdetail%2Fkiro-p75809401 HTTP/1.1" 200 85743 "-" "Mozilla/5.0 (Linux; Android 6.0.1; Nexus 5X Build/MMB29P) AppleWebKit/537.36 (KHTML, like Gecko) Chrome/137.0.7151.103 Mobile Safari/537.36 (compatible; Googlebot/2.1; +http://www.google.com/bot.html)"
66.249.65.97 - - [22/Jul/2025:00:45:39 +0000] "GET /081016923.htm HTTP/1.1" 200 86150 "-" "Mozilla/5.0 (Linux; Android 6.0.1; Nexus 5X Build/MMB29P) AppleWebKit/537.36 (KHTML, like Gecko) Chrome/137.0.7151.103 Mobile Safari/537.36 (compatible; Googlebot/2.1; +http://www.google.com/bot.html)"
66.249.65.97 - - [22/Jul/2025:00:45:40 +0000] "GET /228031726.htm HTTP/1.1" 200 85857 "-" "Mozilla/5.0 (Linux; Android 6.0.1; Nexus 5X Build/MMB29P) AppleWebKit/537.36 (KHTML, like Gecko) Chrome/137.0.7151.103 Mobile Safari/537.36 (compatible; Googlebot/2.1; +http://www.google.com/bot.html)"
209.74.77.214 - - [22/Jul/2025:00:45:53 +0000] "POST /wp-cron.php?doing_wp_cron=1753145153.2081658840179443359375 HTTP/1.1" 403 33 "-" "WordPress/6.8.2; https://topflowroofingplumbing.com.au"
2a03:2880:f800:13:: - - [22/Jul/2025:00:45:52 +0000] "GET /shopbrand/352120318 HTTP/1.1" 404 11694 "-" "meta-externalagent/1.1 (+https://developers.facebook.com/docs/sharing/webmasters/crawler)"
66.249.65.97 - - [22/Jul/2025:00:45:56 +0000] "GET /085038733.htm HTTP/1.1" 200 86136 "-" "Mozilla/5.0 (Linux; Android 6.0.1; Nexus 5X Build/MMB29P) AppleWebKit/537.36 (KHTML, like Gecko) Chrome/137.0.7151.103 Mobile Safari/537.36 (compatible; Googlebot/2.1; +http://www.google.com/bot.html)"
66.249.65.99 - - [22/Jul/2025:00:46:12 +0000] "GET /012015488.htm HTTP/1.1" 200 86598 "-" "Mozilla/5.0 (Linux; Android 6.0.1; Nexus 5X Build/MMB29P) AppleWebKit/537.36 (KHTML, like Gecko) Chrome/137.0.7151.103 Mobile Safari/537.36 (compatible; Googlebot/2.1; +http://www.google.com/bot.html)"
20.171.207.187 - - [22/Jul/2025:00:46:26 +0000] "GET /search.php?items%2F052041347.html%3Fsrsltid=AfmBOojrnLaAWKzzSAgziCzmZjGzzTAmGyw2lnvN1Igongp6Bgqd HTTP/1.1" 200 86723 "-" "Mozilla/5.0 AppleWebKit/537.36 (KHTML, like Gecko; compatible; GPTBot/1.2; +https://openai.com/gptbot)"
66.249.73.97 - - [22/Jul/2025:00:46:44 +0000] "GET /075000111.htm HTTP/1.1" 200 85804 "-" "Mozilla/5.0 (Linux; Android 6.0.1; Nexus 5X Build/MMB29P) AppleWebKit/537.36 (KHTML, like Gecko) Chrome/137.0.7151.103 Mobile Safari/537.36 (compatible; Googlebot/2.1; +http://www.google.com/bot.html)"
66.249.65.97 - - [22/Jul/2025:00:46:44 +0000] "GET /pcmypage?callback=product/review/frontop-waaa6yegdtuxmqhp5hbwuxno5e-imp-1 HTTP/1.1" 200 85580 "-" "Mozilla/5.0 (Linux; Android 6.0.1; Nexus 5X Build/MMB29P) AppleWebKit/537.36 (KHTML, like Gecko) Chrome/137.0.7151.103 Mobile Safari/537.36 (compatible; Googlebot/2.1; +http://www.google.com/bot.html)"
66.249.65.98 - - [22/Jul/2025:00:47:01 +0000] "GET /081016929.htm HTTP/1.1" 200 85565 "-" "Mozilla/5.0 (Linux; Android 6.0.1; Nexus 5X Build/MMB29P) AppleWebKit/537.36 (KHTML, like Gecko) Chrome/137.0.7151.103 Mobile Safari/537.36 (compatible; Googlebot/2.1; +http://www.google.com/bot.html)"
66.249.65.98 - - [22/Jul/2025:00:47:01 +0000] "GET /059008741.htm HTTP/1.1" 200 85397 "-" "Mozilla/5.0 (Linux; Android 6.0.1; Nexus 5X Build/MMB29P) AppleWebKit/537.36 (KHTML, like Gecko) Chrome/137.0.7151.103 Mobile Safari/537.36 (compatible; Googlebot/2.1; +http://www.google.com/bot.html)"
66.249.73.96 - - [22/Jul/2025:00:47:02 +0000] "GET /096000666.htm HTTP/1.1" 200 86704 "-" "Mozilla/5.0 (Linux; Android 6.0.1; Nexus 5X Build/MMB29P) AppleWebKit/537.36 (KHTML, like Gecko) Chrome/137.0.7151.103 Mobile Safari/537.36 (compatible; Googlebot/2.1; +http://www.google.com/bot.html)"
66.249.65.98 - - [22/Jul/2025:00:47:14 +0000] "GET /pcmypage?callback=product%2Fdetail%2Fomatsuri-life2-b081gyskws HTTP/1.1" 200 85807 "-" "Mozilla/5.0 (Linux; Android 6.0.1; Nexus 5X Build/MMB29P) AppleWebKit/537.36 (KHTML, like Gecko) Chrome/137.0.7151.103 Mobile Safari/537.36 (compatible; Googlebot/2.1; +http://www.google.com/bot.html)"
66.249.65.98 - - [22/Jul/2025:00:47:18 +0000] "GET /044002428.htm HTTP/1.1" 200 86164 "-" "Mozilla/5.0 (Linux; Android 6.0.1; Nexus 5X Build/MMB29P) AppleWebKit/537.36 (KHTML, like Gecko) Chrome/137.0.7151.103 Mobile Safari/537.36 (compatible; Googlebot/2.1; +http://www.google.com/bot.html)"
20.171.207.187 - - [22/Jul/2025:00:47:28 +0000] "GET /search.php?items%2F190026429.html%3Fsrsltid=AfmBOoorcURKrniGAdSioSlBUSCUEdsrt5vOgs8pCsH0ogoMbVPQ HTTP/1.1" 200 87049 "-" "Mozilla/5.0 AppleWebKit/537.36 (KHTML, like Gecko; compatible; GPTBot/1.2; +https://openai.com/gptbot)"
66.249.65.98 - - [22/Jul/2025:00:47:40 +0000] "GET /pcmypage?callback=product%2Fdetail%2Fworld-depo-mts-1460363 HTTP/1.1" 200 86956 "-" "Mozilla/5.0 (Linux; Android 6.0.1; Nexus 5X Build/MMB29P) AppleWebKit/537.36 (KHTML, like Gecko) Chrome/137.0.7151.103 Mobile Safari/537.36 (compatible; Googlebot/2.1; +http://www.google.com/bot.html)"
2001:4860:7:501::fd - - [22/Jul/2025:00:47:58 +0000] "GET /view-all-services/faucet-leak-repairs/ HTTP/1.1" 200 207 "https://www.google.com/" "Mozilla/5.0 (Windows NT 10.0; Win64; x64) AppleWebKit/537.36 (KHTML, like Gecko) Chrome/138.0.0.0 Safari/537.36"
209.74.77.214 - - [22/Jul/2025:00:48:07 +0000] "POST /wp-cron.php?doing_wp_cron=1753145287.6506390571594238281250 HTTP/1.1" 403 33 "-" "WordPress/6.8.2; https://topflowroofingplumbing.com.au"
2a03:2880:f800:7:: - - [22/Jul/2025:00:48:07 +0000] "GET /shopbrand/352103150 HTTP/1.1" 404 11694 "-" "meta-externalagent/1.1 (+https://developers.facebook.com/docs/sharing/webmasters/crawler)"
66.249.65.97 - - [22/Jul/2025:00:48:08 +0000] "GET /pcmypage?callback=/product%2Fdetail%2world-depo-mts-1460363 HTTP/1.1" 200 86145 "-" "Mozilla/5.0 (Linux; Android 6.0.1; Nexus 5X Build/MMB29P) AppleWebKit/537.36 (KHTML, like Gecko) Chrome/137.0.7151.103 Mobile Safari/537.36 (compatible; Googlebot/2.1; +http://www.google.com/bot.html)"
66.249.73.96 - - [22/Jul/2025:00:48:25 +0000] "GET /category/560_1209_7658/1/listing HTTP/1.1" 200 85612 "-" "Mozilla/5.0 (Linux; Android 6.0.1; Nexus 5X Build/MMB29P) AppleWebKit/537.36 (KHTML, like Gecko) Chrome/137.0.7151.103 Mobile Safari/537.36 (compatible; Googlebot/2.1; +http://www.google.com/bot.html)"
66.249.65.105 - - [22/Jul/2025:00:48:25 +0000] "GET /109016607.htm HTTP/1.1" 200 85590 "-" "Mozilla/5.0 (Linux; Android 6.0.1; Nexus 5X Build/MMB29P) AppleWebKit/537.36 (KHTML, like Gecko) Chrome/137.0.7151.103 Mobile Safari/537.36 (compatible; Googlebot/2.1; +http://www.google.com/bot.html)"
20.171.207.187 - - [22/Jul/2025:00:48:28 +0000] "GET /search.php?items%2F192043971.html%3Fsrsltid=AfmBOoybuoDKCieYeCNlBQdjLwsDJDwUmsJx1wWMFbovieBBT75Z HTTP/1.1" 200 87030 "-" "Mozilla/5.0 AppleWebKit/537.36 (KHTML, like Gecko; compatible; GPTBot/1.2; +https://openai.com/gptbot)"
18.210.2.36 - - [22/Jul/2025:00:48:46 +0000] "GET / HTTP/1.1" 301 - "-" "Iframely/1.3.1 (+https://iframely.com/docs/about) Canva"
44.206.83.111 - - [22/Jul/2025:00:48:47 +0000] "GET / HTTP/1.1" 200 17489 "-" "Iframely/1.3.1 (+https://iframely.com/docs/about) Canva"
54.224.223.231 - - [22/Jul/2025:00:48:47 +0000] "GET /wp-content/uploads/2024/11/cropped-TF-Logo-180x180.png HTTP/1.1" 200 5532 "-" "Iframely/1.3.1 (+https://iframely.com/docs/about)"
54.224.223.231 - - [22/Jul/2025:00:48:47 +0000] "GET /wp-content/uploads/2024/11/cropped-TF-Logo-192x192.png HTTP/1.1" 200 5877 "-" "Iframely/1.3.1 (+https://iframely.com/docs/about)"
54.224.223.231 - - [22/Jul/2025:00:48:47 +0000] "GET /wp-content/uploads/2024/11/cropped-TF-Logo-32x32.png HTTP/1.1" 200 687 "-" "Iframely/1.3.1 (+https://iframely.com/docs/about)"
44.206.83.111 - - [22/Jul/2025:00:48:47 +0000] "GET /wp-json/oembed/1.0/embed?url=https%3A%2F%2Ftopflowroofingplumbing.com.au%2F HTTP/1.1" 200 1079 "-" "Iframely/1.3.1 (+https://iframely.com/docs/about)"
66.249.65.105 - - [22/Jul/2025:00:48:50 +0000] "GET /109016609.htm HTTP/1.1" 200 85606 "-" "Mozilla/5.0 (Linux; Android 6.0.1; Nexus 5X Build/MMB29P) AppleWebKit/537.36 (KHTML, like Gecko) Chrome/137.0.7151.103 Mobile Safari/537.36 (compatible; Googlebot/2.1; +http://www.google.com/bot.html)"
66.249.65.96 - - [22/Jul/2025:00:49:22 +0000] "GET /pcmypage?callback=product%2Fdetail%2Fasty-shop-x0-sg88xwvgo0-1791 HTTP/1.1" 200 86317 "-" "Mozilla/5.0 (Linux; Android 6.0.1; Nexus 5X Build/MMB29P) AppleWebKit/537.36 (KHTML, like Gecko) Chrome/137.0.7151.103 Mobile Safari/537.36 (compatible; Googlebot/2.1; +http://www.google.com/bot.html)"
20.171.207.187 - - [22/Jul/2025:00:49:30 +0000] "GET /search.php?items%2F098006873.html%3Fsrsltid=AfmBOoawlqLxkxBOmOVSQR2qBxyHWrWidmlFsS7ES5JAggpXohYX HTTP/1.1" 200 86477 "-" "Mozilla/5.0 AppleWebKit/537.36 (KHTML, like Gecko; compatible; GPTBot/1.2; +https://openai.com/gptbot)"
66.249.65.96 - - [22/Jul/2025:00:49:39 +0000] "GET /109016601.htm HTTP/1.1" 200 85330 "-" "Mozilla/5.0 (Linux; Android 6.0.1; Nexus 5X Build/MMB29P) AppleWebKit/537.36 (KHTML, like Gecko) Chrome/137.0.7151.103 Mobile Safari/537.36 (compatible; Googlebot/2.1; +http://www.google.com/bot.html)"
66.249.73.97 - - [22/Jul/2025:00:49:39 +0000] "GET /275045157.htm HTTP/1.1" 200 85191 "-" "Mozilla/5.0 (Linux; Android 6.0.1; Nexus 5X Build/MMB29P) AppleWebKit/537.36 (KHTML, like Gecko) Chrome/137.0.7151.103 Mobile Safari/537.36 (compatible; Googlebot/2.1; +http://www.google.com/bot.html)"
66.249.65.105 - - [22/Jul/2025:00:49:52 +0000] "GET /095024631.htm HTTP/1.1" 200 85989 "-" "Mozilla/5.0 (Linux; Android 6.0.1; Nexus 5X Build/MMB29P) AppleWebKit/537.36 (KHTML, like Gecko) Chrome/137.0.7151.103 Mobile Safari/537.36 (compatible; Googlebot/2.1; +http://www.google.com/bot.html)"
66.249.65.105 - - [22/Jul/2025:00:50:14 +0000] "GET /044004948.htm HTTP/1.1" 200 85798 "-" "Mozilla/5.0 (Linux; Android 6.0.1; Nexus 5X Build/MMB29P) AppleWebKit/537.36 (KHTML, like Gecko) Chrome/137.0.7151.103 Mobile Safari/537.36 (compatible; Googlebot/2.1; +http://www.google.com/bot.html)"
66.249.65.105 - - [22/Jul/2025:00:50:27 +0000] "GET /023000269.htm HTTP/1.1" 200 86562 "-" "Mozilla/5.0 (Linux; Android 6.0.1; Nexus 5X Build/MMB29P) AppleWebKit/537.36 (KHTML, like Gecko) Chrome/137.0.7151.103 Mobile Safari/537.36 (compatible; Googlebot/2.1; +http://www.google.com/bot.html)"
20.171.207.187 - - [22/Jul/2025:00:50:35 +0000] "GET /search.php?items%2F254048251.html%3Fsrsltid=AfmBOonjzDEYEtkQblvX8NOyZpONvYtGIk4amzsKCdOnvEr3ZfTA HTTP/1.1" 200 87232 "-" "Mozilla/5.0 AppleWebKit/537.36 (KHTML, like Gecko; compatible; GPTBot/1.2; +https://openai.com/gptbot)"
66.249.65.105 - - [22/Jul/2025:00:50:36 +0000] "GET /163040091.htm HTTP/1.1" 200 86017 "-" "Mozilla/5.0 (Linux; Android 6.0.1; Nexus 5X Build/MMB29P) AppleWebKit/537.36 (KHTML, like Gecko) Chrome/137.0.7151.103 Mobile Safari/537.36 (compatible; Googlebot/2.1; +http://www.google.com/bot.html)"
66.249.65.105 - - [22/Jul/2025:00:50:58 +0000] "GET /pcmypage?callback=/product%2Fdetail%2First34-trusco-1719514 HTTP/1.1" 200 85259 "-" "Mozilla/5.0 (Linux; Android 6.0.1; Nexus 5X Build/MMB29P) AppleWebKit/537.36 (KHTML, like Gecko) Chrome/137.0.7151.103 Mobile Safari/537.36 (compatible; Googlebot/2.1; +http://www.google.com/bot.html)"
66.249.65.97 - - [22/Jul/2025:00:51:20 +0000] "GET /233004557.htm HTTP/1.1" 200 85783 "-" "Mozilla/5.0 (Linux; Android 6.0.1; Nexus 5X Build/MMB29P) AppleWebKit/537.36 (KHTML, like Gecko) Chrome/137.0.7151.103 Mobile Safari/537.36 (compatible; Googlebot/2.1; +http://www.google.com/bot.html)"
209.74.77.214 - - [22/Jul/2025:00:51:31 +0000] "POST /wp-cron.php?doing_wp_cron=1753145491.4917991161346435546875 HTTP/1.1" 403 33 "-" "WordPress/6.8.2; https://topflowroofingplumbing.com.au"
2a03:2880:f800:b:: - - [22/Jul/2025:00:51:29 +0000] "GET /shopbrand/261481099 HTTP/1.1" 404 11694 "-" "meta-externalagent/1.1 (+https://developers.facebook.com/docs/sharing/webmasters/crawler)"
20.171.207.187 - - [22/Jul/2025:00:51:36 +0000] "GET /search.php?items%2F063001172.html%3Fsrsltid=AfmBOofrvZIYjQTVjxNoFt8jJRPzTRMoNHofANkDx7lSJxun6jtc HTTP/1.1" 200 86720 "-" "Mozilla/5.0 AppleWebKit/537.36 (KHTML, like Gecko; compatible; GPTBot/1.2; +https://openai.com/gptbot)"
66.249.65.105 - - [22/Jul/2025:00:51:51 +0000] "GET /199034383.htm HTTP/1.1" 200 85189 "-" "Mozilla/5.0 (Linux; Android 6.0.1; Nexus 5X Build/MMB29P) AppleWebKit/537.36 (KHTML, like Gecko) Chrome/137.0.7151.103 Mobile Safari/537.36 (compatible; Googlebot/2.1; +http://www.google.com/bot.html)"
66.249.65.105 - - [22/Jul/2025:00:51:51 +0000] "GET /077019821.htm HTTP/1.1" 200 85851 "-" "Mozilla/5.0 (Linux; Android 6.0.1; Nexus 5X Build/MMB29P) AppleWebKit/537.36 (KHTML, like Gecko) Chrome/137.0.7151.103 Mobile Safari/537.36 (compatible; Googlebot/2.1; +http://www.google.com/bot.html)"
66.249.65.105 - - [22/Jul/2025:00:52:04 +0000] "GET /pcmypage?callback=product%2Fdetail%2Ffirst34-trusco-1719514 HTTP/1.1" 200 85947 "-" "Mozilla/5.0 (Linux; Android 6.0.1; Nexus 5X Build/MMB29P) AppleWebKit/537.36 (KHTML, like Gecko) Chrome/137.0.7151.103 Mobile Safari/537.36 (compatible; Googlebot/2.1; +http://www.google.com/bot.html)"
66.249.65.96 - - [22/Jul/2025:00:52:26 +0000] "GET /pcmypage?callback=product/review/edgeshop-sp007378_ben-00248-01-0001818 HTTP/1.1" 200 85034 "-" "Mozilla/5.0 (Linux; Android 6.0.1; Nexus 5X Build/MMB29P) AppleWebKit/537.36 (KHTML, like Gecko) Chrome/137.0.7151.103 Mobile Safari/537.36 (compatible; Googlebot/2.1; +http://www.google.com/bot.html)"
66.249.73.96 - - [22/Jul/2025:00:52:31 +0000] "GET /033035721.htm HTTP/1.1" 200 86524 "-" "Mozilla/5.0 (Linux; Android 6.0.1; Nexus 5X Build/MMB29P) AppleWebKit/537.36 (KHTML, like Gecko) Chrome/137.0.7151.103 Mobile Safari/537.36 (compatible; Googlebot/2.1; +http://www.google.com/bot.html)"
20.171.207.187 - - [22/Jul/2025:00:52:37 +0000] "GET /search.php?items%2F078002781.html%3Fsrsltid=AfmBOotbtcDvVLTegJmVAZo0UVaeTbWNapOiRbNPcH8D9xJIKXEx HTTP/1.1" 200 86449 "-" "Mozilla/5.0 AppleWebKit/537.36 (KHTML, like Gecko; compatible; GPTBot/1.2; +https://openai.com/gptbot)"
66.249.65.97 - - [22/Jul/2025:00:53:03 +0000] "GET /reason/w8?pid=387 HTTP/1.1" 200 86961 "-" "Mozilla/5.0 (Linux; Android 6.0.1; Nexus 5X Build/MMB29P) AppleWebKit/537.36 (KHTML, like Gecko) Chrome/137.0.7151.103 Mobile Safari/537.36 (compatible; Googlebot/2.1; +http://www.google.com/bot.html)"
66.249.65.96 - - [22/Jul/2025:00:53:03 +0000] "GET /pcmypage?callback=product/review/re-vida-y1-13818292qv HTTP/1.1" 200 85995 "-" "Mozilla/5.0 (Linux; Android 6.0.1; Nexus 5X Build/MMB29P) AppleWebKit/537.36 (KHTML, like Gecko) Chrome/137.0.7151.103 Mobile Safari/537.36 (compatible; Googlebot/2.1; +http://www.google.com/bot.html)"
66.249.65.105 - - [22/Jul/2025:00:53:14 +0000] "GET /001000639.htm HTTP/1.1" 200 87656 "-" "Mozilla/5.0 (Linux; Android 6.0.1; Nexus 5X Build/MMB29P) AppleWebKit/537.36 (KHTML, like Gecko) Chrome/137.0.7151.103 Mobile Safari/537.36 (compatible; Googlebot/2.1; +http://www.google.com/bot.html)"
66.249.65.97 - - [22/Jul/2025:00:53:32 +0000] "GET /079023037.htm HTTP/1.1" 200 86201 "-" "Mozilla/5.0 (Linux; Android 6.0.1; Nexus 5X Build/MMB29P) AppleWebKit/537.36 (KHTML, like Gecko) Chrome/137.0.7151.103 Mobile Safari/537.36 (compatible; Googlebot/2.1; +http://www.google.com/bot.html)"
20.171.207.187 - - [22/Jul/2025:00:53:37 +0000] "GET /search.php?items%2F051011798.html%3Fsrsltid=AfmBOokjuASDZsUsZRkZcz5nNgxDxgqOPmkkVjQX2AnPQF4IKVNo HTTP/1.1" 200 86308 "-" "Mozilla/5.0 AppleWebKit/537.36 (KHTML, like Gecko; compatible; GPTBot/1.2; +https://openai.com/gptbot)"
209.74.77.214 - - [22/Jul/2025:00:53:43 +0000] "POST /wp-cron.php?doing_wp_cron=1753145623.2728910446166992187500 HTTP/1.1" 403 33 "-" "WordPress/6.8.2; https://topflowroofingplumbing.com.au"
2a03:2880:f800:5:: - - [22/Jul/2025:00:53:42 +0000] "GET /shopbrand/193947239 HTTP/1.1" 404 11694 "-" "meta-externalagent/1.1 (+https://developers.facebook.com/docs/sharing/webmasters/crawler)"
66.249.65.98 - - [22/Jul/2025:00:54:01 +0000] "GET /179040321.htm HTTP/1.1" 200 85478 "-" "Mozilla/5.0 (Linux; Android 6.0.1; Nexus 5X Build/MMB29P) AppleWebKit/537.36 (KHTML, like Gecko) Chrome/137.0.7151.103 Mobile Safari/537.36 (compatible; Googlebot/2.1; +http://www.google.com/bot.html)"
66.249.65.97 - - [22/Jul/2025:00:54:01 +0000] "GET /166020098.htm HTTP/1.1" 200 85395 "-" "Mozilla/5.0 (Linux; Android 6.0.1; Nexus 5X Build/MMB29P) AppleWebKit/537.36 (KHTML, like Gecko) Chrome/137.0.7151.103 Mobile Safari/537.36 (compatible; Googlebot/2.1; +http://www.google.com/bot.html)"
66.249.65.97 - - [22/Jul/2025:00:54:16 +0000] "GET /pcmypage?callback=product/review/stylife-mr0237-1 HTTP/1.1" 200 85637 "-" "Mozilla/5.0 (Linux; Android 6.0.1; Nexus 5X Build/MMB29P) AppleWebKit/537.36 (KHTML, like Gecko) Chrome/137.0.7151.103 Mobile Safari/537.36 (compatible; Googlebot/2.1; +http://www.google.com/bot.html)"
66.249.65.97 - - [22/Jul/2025:00:54:39 +0000] "GET /263024279.htm HTTP/1.1" 200 85459 "-" "Mozilla/5.0 (Linux; Android 6.0.1; Nexus 5X Build/MMB29P) AppleWebKit/537.36 (KHTML, like Gecko) Chrome/137.0.7151.103 Mobile Safari/537.36 (compatible; Googlebot/2.1; +http://www.google.com/bot.html)"
20.171.207.187 - - [22/Jul/2025:00:54:41 +0000] "GET /search.php?items%2F039038762.html%3Fsrsltid=AfmBOonxdSThXPJvVTqpwh9AWkxRbZDNxUISpVxNPBR6ZLgp9gen HTTP/1.1" 200 87032 "-" "Mozilla/5.0 AppleWebKit/537.36 (KHTML, like Gecko; compatible; GPTBot/1.2; +https://openai.com/gptbot)"
66.249.65.97 - - [22/Jul/2025:00:55:01 +0000] "GET /pcmypage?callback=product%2Fdetail%2Fstylife-mr0237-1 HTTP/1.1" 200 85321 "-" "Mozilla/5.0 (Linux; Android 6.0.1; Nexus 5X Build/MMB29P) AppleWebKit/537.36 (KHTML, like Gecko) Chrome/137.0.7151.103 Mobile Safari/537.36 (compatible; Googlebot/2.1; +http://www.google.com/bot.html)"
66.249.65.97 - - [22/Jul/2025:00:55:23 +0000] "GET /pcmypage?callback=product%2Fdetail%2Fauc-ena-sta2220 HTTP/1.1" 200 86547 "-" "Mozilla/5.0 (Linux; Android 6.0.1; Nexus 5X Build/MMB29P) AppleWebKit/537.36 (KHTML, like Gecko) Chrome/137.0.7151.103 Mobile Safari/537.36 (compatible; Googlebot/2.1; +http://www.google.com/bot.html)"
20.171.207.187 - - [22/Jul/2025:00:55:43 +0000] "GET /search.php?items%2F071001998.html%3Fsrsltid=AfmBOomfqcuceNgKvdVKdFbgKJFtOYvRFrWUh74CZVneNFiMVwg3 HTTP/1.1" 200 86901 "-" "Mozilla/5.0 AppleWebKit/537.36 (KHTML, like Gecko; compatible; GPTBot/1.2; +https://openai.com/gptbot)"
66.249.65.97 - - [22/Jul/2025:00:55:45 +0000] "GET /257011179.htm HTTP/1.1" 200 86100 "-" "Mozilla/5.0 (Linux; Android 6.0.1; Nexus 5X Build/MMB29P) AppleWebKit/537.36 (KHTML, like Gecko) Chrome/137.0.7151.103 Mobile Safari/537.36 (compatible; Googlebot/2.1; +http://www.google.com/bot.html)"
66.249.65.99 - - [22/Jul/2025:00:56:19 +0000] "GET /262021438.htm HTTP/1.1" 200 88508 "-" "Mozilla/5.0 (Linux; Android 6.0.1; Nexus 5X Build/MMB29P) AppleWebKit/537.36 (KHTML, like Gecko) Chrome/137.0.7151.103 Mobile Safari/537.36 (compatible; Googlebot/2.1; +http://www.google.com/bot.html)"
66.249.65.97 - - [22/Jul/2025:00:56:36 +0000] "GET /pcmypage?callback=/product%2Fdetail%2thrsparkle-b08zy5b1j6 HTTP/1.1" 200 85581 "-" "Mozilla/5.0 (Linux; Android 6.0.1; Nexus 5X Build/MMB29P) AppleWebKit/537.36 (KHTML, like Gecko) Chrome/137.0.7151.103 Mobile Safari/537.36 (compatible; Googlebot/2.1; +http://www.google.com/bot.html)"
66.249.65.97 - - [22/Jul/2025:00:56:36 +0000] "GET /192008760.htm HTTP/1.1" 200 86510 "-" "Mozilla/5.0 (Linux; Android 6.0.1; Nexus 5X Build/MMB29P) AppleWebKit/537.36 (KHTML, like Gecko) Chrome/137.0.7151.103 Mobile Safari/537.36 (compatible; Googlebot/2.1; +http://www.google.com/bot.html)"
20.171.207.187 - - [22/Jul/2025:00:56:45 +0000] "GET /search.php?items%2F205018536.html%3Fsrsltid=AfmBOoqyvjkxxXEzcjRtaiCTJUzldRFZo7E0rCTPqKCDmPrkKsi7 HTTP/1.1" 200 87101 "-" "Mozilla/5.0 AppleWebKit/537.36 (KHTML, like Gecko; compatible; GPTBot/1.2; +https://openai.com/gptbot)"
66.249.65.97 - - [22/Jul/2025:00:56:52 +0000] "GET /060029244.htm HTTP/1.1" 200 85729 "-" "Mozilla/5.0 (Linux; Android 6.0.1; Nexus 5X Build/MMB29P) AppleWebKit/537.36 (KHTML, like Gecko) Chrome/137.0.7151.103 Mobile Safari/537.36 (compatible; Googlebot/2.1; +http://www.google.com/bot.html)"
66.249.65.97 - - [22/Jul/2025:00:57:24 +0000] "GET /263023425.htm HTTP/1.1" 200 85652 "-" "Mozilla/5.0 (Linux; Android 6.0.1; Nexus 5X Build/MMB29P) AppleWebKit/537.36 (KHTML, like Gecko) Chrome/137.0.7151.103 Mobile Safari/537.36 (compatible; Googlebot/2.1; +http://www.google.com/bot.html)"
66.249.65.97 - - [22/Jul/2025:00:57:26 +0000] "GET /150043654.htm HTTP/1.1" 200 85804 "-" "Mozilla/5.0 (Linux; Android 6.0.1; Nexus 5X Build/MMB29P) AppleWebKit/537.36 (KHTML, like Gecko) Chrome/137.0.7151.103 Mobile Safari/537.36 (compatible; Googlebot/2.1; +http://www.google.com/bot.html)"
66.249.73.103 - - [22/Jul/2025:00:57:27 +0000] "GET /090000978.htm HTTP/1.1" 200 85579 "-" "Mozilla/5.0 (Linux; Android 6.0.1; Nexus 5X Build/MMB29P) AppleWebKit/537.36 (KHTML, like Gecko) Chrome/137.0.7151.103 Mobile Safari/537.36 (compatible; Googlebot/2.1; +http://www.google.com/bot.html)"
66.249.65.99 - - [22/Jul/2025:00:57:26 +0000] "GET /235035233.htm HTTP/1.1" 200 85680 "-" "Mozilla/5.0 (Linux; Android 6.0.1; Nexus 5X Build/MMB29P) AppleWebKit/537.36 (KHTML, like Gecko) Chrome/137.0.7151.103 Mobile Safari/537.36 (compatible; Googlebot/2.1; +http://www.google.com/bot.html)"
66.249.65.98 - - [22/Jul/2025:00:57:29 +0000] "GET /206018040.htm HTTP/1.1" 200 85901 "-" "Mozilla/5.0 (Linux; Android 6.0.1; Nexus 5X Build/MMB29P) AppleWebKit/537.36 (KHTML, like Gecko) Chrome/137.0.7151.103 Mobile Safari/537.36 (compatible; Googlebot/2.1; +http://www.google.com/bot.html)"
66.249.65.97 - - [22/Jul/2025:00:57:35 +0000] "GET /072023670.htm HTTP/1.1" 200 85888 "-" "Mozilla/5.0 (Linux; Android 6.0.1; Nexus 5X Build/MMB29P) AppleWebKit/537.36 (KHTML, like Gecko) Chrome/137.0.7151.103 Mobile Safari/537.36 (compatible; Googlebot/2.1; +http://www.google.com/bot.html)"
209.74.77.214 - - [22/Jul/2025:00:57:37 +0000] "POST /wp-cron.php?doing_wp_cron=1753145856.9835939407348632812500 HTTP/1.1" 403 33 "-" "WordPress/6.8.2; https://topflowroofingplumbing.com.au"
2a03:2880:f800:19:: - - [22/Jul/2025:00:57:35 +0000] "GET /shopbrand/352079944 HTTP/1.1" 404 11694 "-" "meta-externalagent/1.1 (+https://developers.facebook.com/docs/sharing/webmasters/crawler)"
20.171.207.187 - - [22/Jul/2025:00:57:46 +0000] "GET /search.php?items%2F237023462.html%3Fsrsltid=AfmBOoqybaZSXeghzvpaKkRdXTFVSYiAyhBe8LeJGcVqts0FLJz9 HTTP/1.1" 200 86996 "-" "Mozilla/5.0 AppleWebKit/537.36 (KHTML, like Gecko; compatible; GPTBot/1.2; +https://openai.com/gptbot)"
66.249.65.97 - - [22/Jul/2025:00:57:57 +0000] "GET /072023678.htm HTTP/1.1" 200 85933 "-" "Mozilla/5.0 (Linux; Android 6.0.1; Nexus 5X Build/MMB29P) AppleWebKit/537.36 (KHTML, like Gecko) Chrome/137.0.7151.103 Mobile Safari/537.36 (compatible; Googlebot/2.1; +http://www.google.com/bot.html)"
66.249.65.97 - - [22/Jul/2025:00:58:20 +0000] "GET /019030705.htm HTTP/1.1" 200 86911 "-" "Mozilla/5.0 (Linux; Android 6.0.1; Nexus 5X Build/MMB29P) AppleWebKit/537.36 (KHTML, like Gecko) Chrome/137.0.7151.103 Mobile Safari/537.36 (compatible; Googlebot/2.1; +http://www.google.com/bot.html)"
66.249.65.98 - - [22/Jul/2025:00:58:20 +0000] "GET /037000875.htm HTTP/1.1" 200 85534 "-" "Mozilla/5.0 (Linux; Android 6.0.1; Nexus 5X Build/MMB29P) AppleWebKit/537.36 (KHTML, like Gecko) Chrome/137.0.7151.103 Mobile Safari/537.36 (compatible; Googlebot/2.1; +http://www.google.com/bot.html)"
66.249.65.105 - - [22/Jul/2025:00:58:41 +0000] "GET /112047262.htm HTTP/1.1" 200 85906 "-" "Mozilla/5.0 (Linux; Android 6.0.1; Nexus 5X Build/MMB29P) AppleWebKit/537.36 (KHTML, like Gecko) Chrome/137.0.7151.103 Mobile Safari/537.36 (compatible; Googlebot/2.1; +http://www.google.com/bot.html)"
20.171.207.187 - - [22/Jul/2025:00:58:51 +0000] "GET /search.php?pcmypage%3Fcallback=product%2Fdetail%2Fhokushinco-10958030 HTTP/1.1" 200 87482 "-" "Mozilla/5.0 AppleWebKit/537.36 (KHTML, like Gecko; compatible; GPTBot/1.2; +https://openai.com/gptbot)"
66.249.65.96 - - [22/Jul/2025:00:59:03 +0000] "GET /pcmypage?callback=product/review/fleurette01-gr-e9epnaiqrd HTTP/1.1" 200 86164 "-" "Mozilla/5.0 (Linux; Android 6.0.1; Nexus 5X Build/MMB29P) AppleWebKit/537.36 (KHTML, like Gecko) Chrome/137.0.7151.103 Mobile Safari/537.36 (compatible; Googlebot/2.1; +http://www.google.com/bot.html)"
209.74.77.214 - - [22/Jul/2025:00:59:08 +0000] "POST /wp-cron.php?doing_wp_cron=1753145948.4824750423431396484375 HTTP/1.1" 403 33 "-" "WordPress/6.8.2; https://topflowroofingplumbing.com.au"
2a03:2880:f800:12:: - - [22/Jul/2025:00:59:08 +0000] "GET /shopdetail/258650752 HTTP/1.1" 404 11694 "-" "meta-externalagent/1.1 (+https://developers.facebook.com/docs/sharing/webmasters/crawler)"
66.249.65.105 - - [22/Jul/2025:00:59:13 +0000] "GET /171014353.htm HTTP/1.1" 200 87928 "-" "Mozilla/5.0 (Linux; Android 6.0.1; Nexus 5X Build/MMB29P) AppleWebKit/537.36 (KHTML, like Gecko) Chrome/137.0.7151.103 Mobile Safari/537.36 (compatible; Googlebot/2.1; +http://www.google.com/bot.html)"
2a03:2880:f800:12:: - - [22/Jul/2025:00:59:28 +0000] "GET /shopbrand/193963624 HTTP/1.1" 404 11694 "-" "meta-externalagent/1.1 (+https://developers.facebook.com/docs/sharing/webmasters/crawler)"
66.249.65.105 - - [22/Jul/2025:00:59:30 +0000] "GET /229046687.htm HTTP/1.1" 200 86219 "-" "Mozilla/5.0 (Linux; Android 6.0.1; Nexus 5X Build/MMB29P) AppleWebKit/537.36 (KHTML, like Gecko) Chrome/137.0.7151.103 Mobile Safari/537.36 (compatible; Googlebot/2.1; +http://www.google.com/bot.html)"
66.249.65.105 - - [22/Jul/2025:00:59:30 +0000] "GET /064000660.htm HTTP/1.1" 200 86118 "-" "Mozilla/5.0 (Linux; Android 6.0.1; Nexus 5X Build/MMB29P) AppleWebKit/537.36 (KHTML, like Gecko) Chrome/137.0.7151.103 Mobile Safari/537.36 (compatible; Googlebot/2.1; +http://www.google.com/bot.html)"
34.231.181.240 - - [22/Jul/2025:00:59:32 +0000] "GET /faq/ HTTP/1.1" 200 13121 "-" "Mozilla/5.0 AppleWebKit/537.36 (KHTML, like Gecko; compatible; Amazonbot/0.1; +https://developer.amazon.com/support/amazonbot) Chrome/119.0.6045.214 Safari/537.36"
2a03:2880:f800:1b:: - - [22/Jul/2025:00:59:33 +0000] "GET /shopbrand/193845442 HTTP/1.1" 404 11694 "-" "meta-externalagent/1.1 (+https://developers.facebook.com/docs/sharing/webmasters/crawler)"
66.249.65.105 - - [22/Jul/2025:00:59:47 +0000] "GET /pcmypage?callback=product/review/auc-ena-sta2220 HTTP/1.1" 200 86589 "-" "Mozilla/5.0 (Linux; Android 6.0.1; Nexus 5X Build/MMB29P) AppleWebKit/537.36 (KHTML, like Gecko) Chrome/137.0.7151.103 Mobile Safari/537.36 (compatible; Googlebot/2.1; +http://www.google.com/bot.html)"
2a03:2880:f800:14:: - - [22/Jul/2025:00:59:56 +0000] "GET /shopbrand/352156120 HTTP/1.1" 404 11694 "-" "meta-externalagent/1.1 (+https://developers.facebook.com/docs/sharing/webmasters/crawler)"
20.171.207.187 - - [22/Jul/2025:00:59:57 +0000] "GET /search.php?items%2F242009533.html%3Fsrsltid=AfmBOoqoqJeZLVcxKouXjGq7ZuMrdvJhQ2P5YsWJiCPvjKPQOGSm HTTP/1.1" 200 86468 "-" "Mozilla/5.0 AppleWebKit/537.36 (KHTML, like Gecko; compatible; GPTBot/1.2; +https://openai.com/gptbot)"
2a03:2880:f800:d:: - - [22/Jul/2025:01:00:03 +0000] "GET /shopdetail/272164452 HTTP/1.1" 404 11694 "-" "meta-externalagent/1.1 (+https://developers.facebook.com/docs/sharing/webmasters/crawler)"
2002:2dc3:38f6::2dc3:38f6 - - [22/Jul/2025:01:00:04 +0000] "GET /autoload_classmap.php HTTP/1.1" 404 11694 "-" "Mozilla/5.0 (Windows NT 10.0; Win64; x64) AppleWebKit/537.36 (KHTML, like Gecko) Chrome/109.0.0.0 Safari/537.36"
2002:2dc3:38f6::2dc3:38f6 - - [22/Jul/2025:01:00:05 +0000] "GET /wp-includes/css/dashicons.min.css?ver=6.8.2 HTTP/1.1" 200 35730 "https://topflowroofingplumbing.com.au/autoload_classmap.php" "Mozilla/5.0 (Windows NT 10.0; Win64; x64) AppleWebKit/537.36 (KHTML, like Gecko) Chrome/109.0.0.0 Safari/537.36"
2002:2dc3:38f6::2dc3:38f6 - - [22/Jul/2025:01:00:05 +0000] "GET /wp-content/plugins/contact-form-7/includes/css/styles.css?ver=6.1 HTTP/1.1" 200 1031 "https://topflowroofingplumbing.com.au/autoload_classmap.php" "Mozilla/5.0 (Windows NT 10.0; Win64; x64) AppleWebKit/537.36 (KHTML, like Gecko) Chrome/109.0.0.0 Safari/537.36"
2002:2dc3:38f6::2dc3:38f6 - - [22/Jul/2025:01:00:05 +0000] "GET /wp-includes/css/dist/block-library/style.min.css?ver=6.8.2 HTTP/1.1" 200 15315 "https://topflowroofingplumbing.com.au/autoload_classmap.php" "Mozilla/5.0 (Windows NT 10.0; Win64; x64) AppleWebKit/537.36 (KHTML, like Gecko) Chrome/109.0.0.0 Safari/537.36"
2002:2dc3:38f6::2dc3:38f6 - - [22/Jul/2025:01:00:05 +0000] "GET /wp-content/themes/homlane/assets/css/aos.css?ver=6.8.2 HTTP/1.1" 200 2236 "https://topflowroofingplumbing.com.au/autoload_classmap.php" "Mozilla/5.0 (Windows NT 10.0; Win64; x64) AppleWebKit/537.36 (KHTML, like Gecko) Chrome/109.0.0.0 Safari/537.36"
2002:2dc3:38f6::2dc3:38f6 - - [22/Jul/2025:01:00:05 +0000] "GET /wp-content/themes/homlane/assets/css/animate.css?ver=6.8.2 HTTP/1.1" 200 4681 "https://topflowroofingplumbing.com.au/autoload_classmap.php" "Mozilla/5.0 (Windows NT 10.0; Win64; x64) AppleWebKit/537.36 (KHTML, like Gecko) Chrome/109.0.0.0 Safari/537.36"
2002:2dc3:38f6::2dc3:38f6 - - [22/Jul/2025:01:00:05 +0000] "GET /wp-content/plugins/leadconnector/public/css/lc-public.css?ver=3.0.10.1 HTTP/1.1" 200 106 "https://topflowroofingplumbing.com.au/autoload_classmap.php" "Mozilla/5.0 (Windows NT 10.0; Win64; x64) AppleWebKit/537.36 (KHTML, like Gecko) Chrome/109.0.0.0 Safari/537.36"
2002:2dc3:38f6::2dc3:38f6 - - [22/Jul/2025:01:00:05 +0000] "GET /wp-content/themes/homlane/style.css?ver=6.8.2 HTTP/1.1" 200 1121 "https://topflowroofingplumbing.com.au/autoload_classmap.php" "Mozilla/5.0 (Windows NT 10.0; Win64; x64) AppleWebKit/537.36 (KHTML, like Gecko) Chrome/109.0.0.0 Safari/537.36"
2002:2dc3:38f6::2dc3:38f6 - - [22/Jul/2025:01:00:05 +0000] "GET /wp-content/themes/homlane/assets/css/magnific-popup.css?ver=6.8.2 HTTP/1.1" 200 1874 "https://topflowroofingplumbing.com.au/autoload_classmap.php" "Mozilla/5.0 (Windows NT 10.0; Win64; x64) AppleWebKit/537.36 (KHTML, like Gecko) Chrome/109.0.0.0 Safari/537.36"
2002:2dc3:38f6::2dc3:38f6 - - [22/Jul/2025:01:00:05 +0000] "GET /wp-content/themes/homlane/assets/css/tinyscrollbar.css?ver=6.8.2 HTTP/1.1" 200 - "https://topflowroofingplumbing.com.au/autoload_classmap.php" "Mozilla/5.0 (Windows NT 10.0; Win64; x64) AppleWebKit/537.36 (KHTML, like Gecko) Chrome/109.0.0.0 Safari/537.36"
2002:2dc3:38f6::2dc3:38f6 - - [22/Jul/2025:01:00:05 +0000] "GET /wp-content/themes/homlane/assets/css/nouislider.css?ver=6.8.2 HTTP/1.1" 200 1004 "https://topflowroofingplumbing.com.au/autoload_classmap.php" "Mozilla/5.0 (Windows NT 10.0; Win64; x64) AppleWebKit/537.36 (KHTML, like Gecko) Chrome/109.0.0.0 Safari/537.36"
2002:2dc3:38f6::2dc3:38f6 - - [22/Jul/2025:01:00:05 +0000] "GET /wp-content/themes/homlane/assets/css/bootstrap-select.min.css?ver=6.8.2 HTTP/1.1" 200 2001 "https://topflowroofingplumbing.com.au/autoload_classmap.php" "Mozilla/5.0 (Windows NT 10.0; Win64; x64) AppleWebKit/537.36 (KHTML, like Gecko) Chrome/109.0.0.0 Safari/537.36"
2002:2dc3:38f6::2dc3:38f6 - - [22/Jul/2025:01:00:05 +0000] "GET /wp-content/themes/homlane/assets/css/owl.css?ver=6.8.2 HTTP/1.1" 200 1392 "https://topflowroofingplumbing.com.au/autoload_classmap.php" "Mozilla/5.0 (Windows NT 10.0; Win64; x64) AppleWebKit/537.36 (KHTML, like Gecko) Chrome/109.0.0.0 Safari/537.36"
2002:2dc3:38f6::2dc3:38f6 - - [22/Jul/2025:01:00:05 +0000] "GET /wp-content/themes/homlane/assets/css/jquery.bootstrap-touchspin.css?ver=6.8.2 HTTP/1.1" 200 306 "https://topflowroofingplumbing.com.au/autoload_classmap.php" "Mozilla/5.0 (Windows NT 10.0; Win64; x64) AppleWebKit/537.36 (KHTML, like Gecko) Chrome/109.0.0.0 Safari/537.36"
2002:2dc3:38f6::2dc3:38f6 - - [22/Jul/2025:01:00:05 +0000] "GET /wp-content/themes/homlane/assets/css/style.css?ver=6.8.2 HTTP/1.1" 200 23029 "https://topflowroofingplumbing.com.au/autoload_classmap.php" "Mozilla/5.0 (Windows NT 10.0; Win64; x64) AppleWebKit/537.36 (KHTML, like Gecko) Chrome/109.0.0.0 Safari/537.36"
2002:2dc3:38f6::2dc3:38f6 - - [22/Jul/2025:01:00:05 +0000] "GET /wp-content/themes/homlane/assets/css/bootstrap.min.css?ver=6.8.2 HTTP/1.1" 200 22985 "https://topflowroofingplumbing.com.au/autoload_classmap.php" "Mozilla/5.0 (Windows NT 10.0; Win64; x64) AppleWebKit/537.36 (KHTML, like Gecko) Chrome/109.0.0.0 Safari/537.36"
2002:2dc3:38f6::2dc3:38f6 - - [22/Jul/2025:01:00:05 +0000] "GET /wp-content/themes/homlane/assets/css/fontawesome-all.css?ver=6.8.2 HTTP/1.1" 200 6500 "https://topflowroofingplumbing.com.au/autoload_classmap.php" "Mozilla/5.0 (Windows NT 10.0; Win64; x64) AppleWebKit/537.36 (KHTML, like Gecko) Chrome/109.0.0.0 Safari/537.36"
2002:2dc3:38f6::2dc3:38f6 - - [22/Jul/2025:01:00:05 +0000] "GET /wp-content/themes/homlane/assets/css/imp.css?ver=6.8.2 HTTP/1.1" 200 2418 "https://topflowroofingplumbing.com.au/autoload_classmap.php" "Mozilla/5.0 (Windows NT 10.0; Win64; x64) AppleWebKit/537.36 (KHTML, like Gecko) Chrome/109.0.0.0 Safari/537.36"
2002:2dc3:38f6::2dc3:38f6 - - [22/Jul/2025:01:00:05 +0000] "GET /wp-content/themes/homlane/assets/css/flaticon-2.css?ver=6.8.2 HTTP/1.1" 200 1431 "https://topflowroofingplumbing.com.au/autoload_classmap.php" "Mozilla/5.0 (Windows NT 10.0; Win64; x64) AppleWebKit/537.36 (KHTML, like Gecko) Chrome/109.0.0.0 Safari/537.36"
2002:2dc3:38f6::2dc3:38f6 - - [22/Jul/2025:01:00:05 +0000] "GET /wp-content/themes/homlane/assets/css/scrollbar.css?ver=6.8.2 HTTP/1.1" 200 3977 "https://topflowroofingplumbing.com.au/autoload_classmap.php" "Mozilla/5.0 (Windows NT 10.0; Win64; x64) AppleWebKit/537.36 (KHTML, like Gecko) Chrome/109.0.0.0 Safari/537.36"
2002:2dc3:38f6::2dc3:38f6 - - [22/Jul/2025:01:00:05 +0000] "GET /wp-content/themes/homlane-child/style.css?ver=6.8.2 HTTP/1.1" 200 180 "https://topflowroofingplumbing.com.au/autoload_classmap.php" "Mozilla/5.0 (Windows NT 10.0; Win64; x64) AppleWebKit/537.36 (KHTML, like Gecko) Chrome/109.0.0.0 Safari/537.36"
2002:2dc3:38f6::2dc3:38f6 - - [22/Jul/2025:01:00:05 +0000] "GET /wp-content/themes/homlane/assets/css/hiddenbar.css?ver=6.8.2 HTTP/1.1" 200 916 "https://topflowroofingplumbing.com.au/autoload_classmap.php" "Mozilla/5.0 (Windows NT 10.0; Win64; x64) AppleWebKit/537.36 (KHTML, like Gecko) Chrome/109.0.0.0 Safari/537.36"
2002:2dc3:38f6::2dc3:38f6 - - [22/Jul/2025:01:00:05 +0000] "GET /wp-content/themes/homlane/assets/css/rtl.css?ver=6.8.2 HTTP/1.1" 200 290 "https://topflowroofingplumbing.com.au/autoload_classmap.php" "Mozilla/5.0 (Windows NT 10.0; Win64; x64) AppleWebKit/537.36 (KHTML, like Gecko) Chrome/109.0.0.0 Safari/537.36"
2002:2dc3:38f6::2dc3:38f6 - - [22/Jul/2025:01:00:05 +0000] "GET /wp-content/themes/homlane/assets/css/custom-animate.css?ver=6.8.2 HTTP/1.1" 200 1619 "https://topflowroofingplumbing.com.au/autoload_classmap.php" "Mozilla/5.0 (Windows NT 10.0; Win64; x64) AppleWebKit/537.36 (KHTML, like Gecko) Chrome/109.0.0.0 Safari/537.36"
2002:2dc3:38f6::2dc3:38f6 - - [22/Jul/2025:01:00:05 +0000] "GET /wp-content/themes/homlane/assets/css/jquery.mCustomScrollbar.min.css?ver=6.8.2 HTTP/1.1" 200 3977 "https://topflowroofingplumbing.com.au/autoload_classmap.php" "Mozilla/5.0 (Windows NT 10.0; Win64; x64) AppleWebKit/537.36 (KHTML, like Gecko) Chrome/109.0.0.0 Safari/537.36"
2002:2dc3:38f6::2dc3:38f6 - - [22/Jul/2025:01:00:05 +0000] "GET /wp-content/themes/homlane/assets/css/color-2.css?ver=6.8.2 HTTP/1.1" 200 3972 "https://topflowroofingplumbing.com.au/autoload_classmap.php" "Mozilla/5.0 (Windows NT 10.0; Win64; x64) AppleWebKit/537.36 (KHTML, like Gecko) Chrome/109.0.0.0 Safari/537.36"
2002:2dc3:38f6::2dc3:38f6 - - [22/Jul/2025:01:00:05 +0000] "GET /wp-content/themes/homlane/assets/css/jquery-ui.css?ver=6.8.2 HTTP/1.1" 200 8461 "https://topflowroofingplumbing.com.au/autoload_classmap.php" "Mozilla/5.0 (Windows NT 10.0; Win64; x64) AppleWebKit/537.36 (KHTML, like Gecko) Chrome/109.0.0.0 Safari/537.36"
2002:2dc3:38f6::2dc3:38f6 - - [22/Jul/2025:01:00:05 +0000] "GET /wp-content/themes/homlane/assets/css/style-2.css?ver=6.8.2 HTTP/1.1" 200 49588 "https://topflowroofingplumbing.com.au/autoload_classmap.php" "Mozilla/5.0 (Windows NT 10.0; Win64; x64) AppleWebKit/537.36 (KHTML, like Gecko) Chrome/109.0.0.0 Safari/537.36"
2002:2dc3:38f6::2dc3:38f6 - - [22/Jul/2025:01:00:05 +0000] "GET /wp-content/themes/homlane/assets/css/slick.css?ver=6.8.2 HTTP/1.1" 200 577 "https://topflowroofingplumbing.com.au/autoload_classmap.php" "Mozilla/5.0 (Windows NT 10.0; Win64; x64) AppleWebKit/537.36 (KHTML, like Gecko) Chrome/109.0.0.0 Safari/537.36"
2002:2dc3:38f6::2dc3:38f6 - - [22/Jul/2025:01:00:05 +0000] "GET /wp-content/themes/homlane/assets/css/timePicker.css?ver=6.8.2 HTTP/1.1" 200 1080 "https://topflowroofingplumbing.com.au/autoload_classmap.php" "Mozilla/5.0 (Windows NT 10.0; Win64; x64) AppleWebKit/537.36 (KHTML, like Gecko) Chrome/109.0.0.0 Safari/537.36"
2002:2dc3:38f6::2dc3:38f6 - - [22/Jul/2025:01:00:05 +0000] "GET /wp-content/themes/homlane/assets/css/flaticon.css?ver=6.8.2 HTTP/1.1" 200 1092 "https://topflowroofingplumbing.com.au/autoload_classmap.php" "Mozilla/5.0 (Windows NT 10.0; Win64; x64) AppleWebKit/537.36 (KHTML, like Gecko) Chrome/109.0.0.0 Safari/537.36"
2002:2dc3:38f6::2dc3:38f6 - - [22/Jul/2025:01:00:05 +0000] "GET /wp-content/themes/homlane/assets/css/color/theme-color.css?ver=6.8.2 HTTP/1.1" 200 16 "https://topflowroofingplumbing.com.au/autoload_classmap.php" "Mozilla/5.0 (Windows NT 10.0; Win64; x64) AppleWebKit/537.36 (KHTML, like Gecko) Chrome/109.0.0.0 Safari/537.36"
2002:2dc3:38f6::2dc3:38f6 - - [22/Jul/2025:01:00:05 +0000] "GET /wp-content/themes/homlane/assets/css/jquery.fancybox.min.css?ver=6.8.2 HTTP/1.1" 200 3155 "https://topflowroofingplumbing.com.au/autoload_classmap.php" "Mozilla/5.0 (Windows NT 10.0; Win64; x64) AppleWebKit/537.36 (KHTML, like Gecko) Chrome/109.0.0.0 Safari/537.36"
2002:2dc3:38f6::2dc3:38f6 - - [22/Jul/2025:01:00:05 +0000] "GET /wp-content/themes/homlane/assets/css/icomoon.css?ver=6.8.2 HTTP/1.1" 200 1023 "https://topflowroofingplumbing.com.au/autoload_classmap.php" "Mozilla/5.0 (Windows NT 10.0; Win64; x64) AppleWebKit/537.36 (KHTML, like Gecko) Chrome/109.0.0.0 Safari/537.36"
2002:2dc3:38f6::2dc3:38f6 - - [22/Jul/2025:01:00:05 +0000] "GET /wp-content/themes/homlane/assets/css/nouislider.pips.css?ver=6.8.2 HTTP/1.1" 200 454 "https://topflowroofingplumbing.com.au/autoload_classmap.php" "Mozilla/5.0 (Windows NT 10.0; Win64; x64) AppleWebKit/537.36 (KHTML, like Gecko) Chrome/109.0.0.0 Safari/537.36"
2002:2dc3:38f6::2dc3:38f6 - - [22/Jul/2025:01:00:05 +0000] "GET /wp-content/plugins/leadconnector/public/js/lc-public.js?ver=3.0.10.1 HTTP/1.1" 200 1322 "https://topflowroofingplumbing.com.au/autoload_classmap.php" "Mozilla/5.0 (Windows NT 10.0; Win64; x64) AppleWebKit/537.36 (KHTML, like Gecko) Chrome/109.0.0.0 Safari/537.36"
2002:2dc3:38f6::2dc3:38f6 - - [22/Jul/2025:01:00:05 +0000] "GET /wp-content/themes/homlane/assets/css/color.css?ver=6.8.2 HTTP/1.1" 200 - "https://topflowroofingplumbing.com.au/autoload_classmap.php" "Mozilla/5.0 (Windows NT 10.0; Win64; x64) AppleWebKit/537.36 (KHTML, like Gecko) Chrome/109.0.0.0 Safari/537.36"
2002:2dc3:38f6::2dc3:38f6 - - [22/Jul/2025:01:00:05 +0000] "GET /wp-content/themes/homlane/assets/css/twentytwenty.css?ver=6.8.2 HTTP/1.1" 200 1077 "https://topflowroofingplumbing.com.au/autoload_classmap.php" "Mozilla/5.0 (Windows NT 10.0; Win64; x64) AppleWebKit/537.36 (KHTML, like Gecko) Chrome/109.0.0.0 Safari/537.36"
2002:2dc3:38f6::2dc3:38f6 - - [22/Jul/2025:01:00:05 +0000] "GET /wp-content/themes/homlane/assets/css/jquery.bxslider.css?ver=6.8.2 HTTP/1.1" 200 1207 "https://topflowroofingplumbing.com.au/autoload_classmap.php" "Mozilla/5.0 (Windows NT 10.0; Win64; x64) AppleWebKit/537.36 (KHTML, like Gecko) Chrome/109.0.0.0 Safari/537.36"
2002:2dc3:38f6::2dc3:38f6 - - [22/Jul/2025:01:00:05 +0000] "GET /wp-content/themes/homlane/assets/css/custom.css?ver=6.8.2 HTTP/1.1" 200 4312 "https://topflowroofingplumbing.com.au/autoload_classmap.php" "Mozilla/5.0 (Windows NT 10.0; Win64; x64) AppleWebKit/537.36 (KHTML, like Gecko) Chrome/109.0.0.0 Safari/537.36"
2002:2dc3:38f6::2dc3:38f6 - - [22/Jul/2025:01:00:05 +0000] "GET /wp-includes/js/jquery/jquery-migrate.min.js?ver=3.4.1 HTTP/1.1" 200 4872 "https://topflowroofingplumbing.com.au/autoload_classmap.php" "Mozilla/5.0 (Windows NT 10.0; Win64; x64) AppleWebKit/537.36 (KHTML, like Gecko) Chrome/109.0.0.0 Safari/537.36"
2002:2dc3:38f6::2dc3:38f6 - - [22/Jul/2025:01:00:05 +0000] "GET /wp-includes/js/jquery/jquery.min.js?ver=3.7.1 HTTP/1.1" 200 30368 "https://topflowroofingplumbing.com.au/autoload_classmap.php" "Mozilla/5.0 (Windows NT 10.0; Win64; x64) AppleWebKit/537.36 (KHTML, like Gecko) Chrome/109.0.0.0 Safari/537.36"
2002:2dc3:38f6::2dc3:38f6 - - [22/Jul/2025:01:00:05 +0000] "GET /wp-content/themes/homlane/assets/css/responsive.css?ver=6.8.2 HTTP/1.1" 200 3279 "https://topflowroofingplumbing.com.au/autoload_classmap.php" "Mozilla/5.0 (Windows NT 10.0; Win64; x64) AppleWebKit/537.36 (KHTML, like Gecko) Chrome/109.0.0.0 Safari/537.36"
45.195.56.246 - - [22/Jul/2025:01:00:06 +0000] "GET /wp-includes/js/dist/i18n.min.js?ver=5e580eb46a90c2b997e6 HTTP/1.1" 200 3667 "https://topflowroofingplumbing.com.au/autoload_classmap.php" "Mozilla/5.0 (Windows NT 10.0; Win64; x64) AppleWebKit/537.36 (KHTML, like Gecko) Chrome/109.0.0.0 Safari/537.36"
45.195.56.246 - - [22/Jul/2025:01:00:06 +0000] "GET /wp-includes/js/dist/hooks.min.js?ver=4d63a3d491d11ffd8ac6 HTTP/1.1" 200 1648 "https://topflowroofingplumbing.com.au/autoload_classmap.php" "Mozilla/5.0 (Windows NT 10.0; Win64; x64) AppleWebKit/537.36 (KHTML, like Gecko) Chrome/109.0.0.0 Safari/537.36"
45.195.56.246 - - [22/Jul/2025:01:00:07 +0000] "GET /wp-content/plugins/contact-form-7/includes/js/index.js?ver=6.1 HTTP/1.1" 200 4265 "https://topflowroofingplumbing.com.au/autoload_classmap.php" "Mozilla/5.0 (Windows NT 10.0; Win64; x64) AppleWebKit/537.36 (KHTML, like Gecko) Chrome/109.0.0.0 Safari/537.36"
45.195.56.246 - - [22/Jul/2025:01:00:07 +0000] "GET /wp-content/plugins/contact-form-7/includes/swv/js/index.js?ver=6.1 HTTP/1.1" 200 3503 "https://topflowroofingplumbing.com.au/autoload_classmap.php" "Mozilla/5.0 (Windows NT 10.0; Win64; x64) AppleWebKit/537.36 (KHTML, like Gecko) Chrome/109.0.0.0 Safari/537.36"
45.195.56.246 - - [22/Jul/2025:01:00:08 +0000] "GET /wp-includes/js/jquery/ui/core.min.js?ver=1.13.3 HTTP/1.1" 200 7106 "https://topflowroofingplumbing.com.au/autoload_classmap.php" "Mozilla/5.0 (Windows NT 10.0; Win64; x64) AppleWebKit/537.36 (KHTML, like Gecko) Chrome/109.0.0.0 Safari/537.36"
45.195.56.246 - - [22/Jul/2025:01:00:08 +0000] "GET /wp-content/themes/homlane/assets/js/appear.js?ver=2.1.2 HTTP/1.1" 200 1359 "https://topflowroofingplumbing.com.au/autoload_classmap.php" "Mozilla/5.0 (Windows NT 10.0; Win64; x64) AppleWebKit/537.36 (KHTML, like Gecko) Chrome/109.0.0.0 Safari/537.36"
45.195.56.246 - - [22/Jul/2025:01:00:08 +0000] "GET /wp-content/themes/homlane/assets/js/aos.js?ver=2.1.2 HTTP/1.1" 200 4503 "https://topflowroofingplumbing.com.au/autoload_classmap.php" "Mozilla/5.0 (Windows NT 10.0; Win64; x64) AppleWebKit/537.36 (KHTML, like Gecko) Chrome/109.0.0.0 Safari/537.36"
45.195.56.246 - - [22/Jul/2025:01:00:08 +0000] "GET /wp-content/themes/homlane/assets/js/bootstrap.bundle.min.js?ver=2.1.2 HTTP/1.1" 200 21413 "https://topflowroofingplumbing.com.au/autoload_classmap.php" "Mozilla/5.0 (Windows NT 10.0; Win64; x64) AppleWebKit/537.36 (KHTML, like Gecko) Chrome/109.0.0.0 Safari/537.36"
45.195.56.246 - - [22/Jul/2025:01:00:09 +0000] "GET /wp-content/themes/homlane/assets/js/bootstrap-select.min.js?ver=2.1.2 HTTP/1.1" 200 13731 "https://topflowroofingplumbing.com.au/autoload_classmap.php" "Mozilla/5.0 (Windows NT 10.0; Win64; x64) AppleWebKit/537.36 (KHTML, like Gecko) Chrome/109.0.0.0 Safari/537.36"
45.195.56.246 - - [22/Jul/2025:01:00:09 +0000] "GET /wp-content/themes/homlane/assets/js/isotope.js?ver=2.1.2 HTTP/1.1" 200 10182 "https://topflowroofingplumbing.com.au/autoload_classmap.php" "Mozilla/5.0 (Windows NT 10.0; Win64; x64) AppleWebKit/537.36 (KHTML, like Gecko) Chrome/109.0.0.0 Safari/537.36"
45.195.56.246 - - [22/Jul/2025:01:00:10 +0000] "GET /wp-content/themes/homlane/assets/js/jquery.bootstrap-touchspin.js?ver=2.1.2 HTTP/1.1" 200 3342 "https://topflowroofingplumbing.com.au/autoload_classmap.php" "Mozilla/5.0 (Windows NT 10.0; Win64; x64) AppleWebKit/537.36 (KHTML, like Gecko) Chrome/109.0.0.0 Safari/537.36"
66.249.65.96 - - [22/Jul/2025:01:00:09 +0000] "GET /002048654.htm HTTP/1.1" 200 86113 "-" "Mozilla/5.0 (Linux; Android 6.0.1; Nexus 5X Build/MMB29P) AppleWebKit/537.36 (KHTML, like Gecko) Chrome/137.0.7151.103 Mobile Safari/537.36 (compatible; Googlebot/2.1; +http://www.google.com/bot.html)"
45.195.56.246 - - [22/Jul/2025:01:00:10 +0000] "GET /wp-content/themes/homlane/assets/js/jquery.countdown.min.js?ver=2.1.2 HTTP/1.1" 200 2307 "https://topflowroofingplumbing.com.au/autoload_classmap.php" "Mozilla/5.0 (Windows NT 10.0; Win64; x64) AppleWebKit/537.36 (KHTML, like Gecko) Chrome/109.0.0.0 Safari/537.36"
45.195.56.246 - - [22/Jul/2025:01:00:11 +0000] "GET /wp-content/themes/homlane/assets/js/jquery.countTo.js?ver=2.1.2 HTTP/1.1" 200 1027 "https://topflowroofingplumbing.com.au/autoload_classmap.php" "Mozilla/5.0 (Windows NT 10.0; Win64; x64) AppleWebKit/537.36 (KHTML, like Gecko) Chrome/109.0.0.0 Safari/537.36"
45.195.56.246 - - [22/Jul/2025:01:00:11 +0000] "GET /wp-content/themes/homlane/assets/js/jquery.easing.min.js?ver=2.1.2 HTTP/1.1" 200 1859 "https://topflowroofingplumbing.com.au/autoload_classmap.php" "Mozilla/5.0 (Windows NT 10.0; Win64; x64) AppleWebKit/537.36 (KHTML, like Gecko) Chrome/109.0.0.0 Safari/537.36"
45.195.56.246 - - [22/Jul/2025:01:00:11 +0000] "GET /wp-content/themes/homlane/assets/js/jquery.enllax.min.js?ver=2.1.2 HTTP/1.1" 200 549 "https://topflowroofingplumbing.com.au/autoload_classmap.php" "Mozilla/5.0 (Windows NT 10.0; Win64; x64) AppleWebKit/537.36 (KHTML, like Gecko) Chrome/109.0.0.0 Safari/537.36"
45.195.56.246 - - [22/Jul/2025:01:00:12 +0000] "GET /wp-content/themes/homlane/assets/js/jquery.fancybox.js?ver=2.1.2 HTTP/1.1" 200 36180 "https://topflowroofingplumbing.com.au/autoload_classmap.php" "Mozilla/5.0 (Windows NT 10.0; Win64; x64) AppleWebKit/537.36 (KHTML, like Gecko) Chrome/109.0.0.0 Safari/537.36"
45.195.56.246 - - [22/Jul/2025:01:00:12 +0000] "GET /wp-content/themes/homlane/assets/js/jquery.paroller.min.js?ver=2.1.2 HTTP/1.1" 200 919 "https://topflowroofingplumbing.com.au/autoload_classmap.php" "Mozilla/5.0 (Windows NT 10.0; Win64; x64) AppleWebKit/537.36 (KHTML, like Gecko) Chrome/109.0.0.0 Safari/537.36"
45.195.56.246 - - [22/Jul/2025:01:00:12 +0000] "GET /wp-content/themes/homlane/assets/js/jquery.mixitup.min.js?ver=2.1.2 HTTP/1.1" 200 8232 "https://topflowroofingplumbing.com.au/autoload_classmap.php" "Mozilla/5.0 (Windows NT 10.0; Win64; x64) AppleWebKit/537.36 (KHTML, like Gecko) Chrome/109.0.0.0 Safari/537.36"
45.195.56.246 - - [22/Jul/2025:01:00:13 +0000] "GET /wp-content/themes/homlane/assets/js/nouislider.js?ver=2.1.2 HTTP/1.1" 200 5312 "https://topflowroofingplumbing.com.au/autoload_classmap.php" "Mozilla/5.0 (Windows NT 10.0; Win64; x64) AppleWebKit/537.36 (KHTML, like Gecko) Chrome/109.0.0.0 Safari/537.36"
45.195.56.246 - - [22/Jul/2025:01:00:13 +0000] "GET /wp-content/themes/homlane/assets/js/jquery.twentytwenty.js?ver=2.1.2 HTTP/1.1" 200 1425 "https://topflowroofingplumbing.com.au/autoload_classmap.php" "Mozilla/5.0 (Windows NT 10.0; Win64; x64) AppleWebKit/537.36 (KHTML, like Gecko) Chrome/109.0.0.0 Safari/537.36"
45.195.56.246 - - [22/Jul/2025:01:00:13 +0000] "GET /wp-content/themes/homlane/assets/js/owl.js?ver=2.1.2 HTTP/1.1" 200 20223 "https://topflowroofingplumbing.com.au/autoload_classmap.php" "Mozilla/5.0 (Windows NT 10.0; Win64; x64) AppleWebKit/537.36 (KHTML, like Gecko) Chrome/109.0.0.0 Safari/537.36"
45.195.56.246 - - [22/Jul/2025:01:00:14 +0000] "GET /wp-content/themes/homlane/assets/js/timePicker.js?ver=2.1.2 HTTP/1.1" 200 5322 "https://topflowroofingplumbing.com.au/autoload_classmap.php" "Mozilla/5.0 (Windows NT 10.0; Win64; x64) AppleWebKit/537.36 (KHTML, like Gecko) Chrome/109.0.0.0 Safari/537.36"
45.195.56.246 - - [22/Jul/2025:01:00:14 +0000] "GET /wp-content/themes/homlane/assets/js/wow.js?ver=2.1.2 HTTP/1.1" 200 2209 "https://topflowroofingplumbing.com.au/autoload_classmap.php" "Mozilla/5.0 (Windows NT 10.0; Win64; x64) AppleWebKit/537.36 (KHTML, like Gecko) Chrome/109.0.0.0 Safari/537.36"
45.195.56.246 - - [22/Jul/2025:01:00:14 +0000] "GET /wp-content/themes/homlane/assets/js/owl-vertical.js?ver=2.1.2 HTTP/1.1" 200 17771 "https://topflowroofingplumbing.com.au/autoload_classmap.php" "Mozilla/5.0 (Windows NT 10.0; Win64; x64) AppleWebKit/537.36 (KHTML, like Gecko) Chrome/109.0.0.0 Safari/537.36"
45.195.56.246 - - [22/Jul/2025:01:00:15 +0000] "GET /wp-content/themes/homlane/assets/js/validation.js?ver=2.1.2 HTTP/1.1" 200 12092 "https://topflowroofingplumbing.com.au/autoload_classmap.php" "Mozilla/5.0 (Windows NT 10.0; Win64; x64) AppleWebKit/537.36 (KHTML, like Gecko) Chrome/109.0.0.0 Safari/537.36"
45.195.56.246 - - [22/Jul/2025:01:00:15 +0000] "GET /wp-content/themes/homlane/assets/js/jquery.magnific-popup.min.js?ver=2.1.2 HTTP/1.1" 200 7346 "https://topflowroofingplumbing.com.au/autoload_classmap.php" "Mozilla/5.0 (Windows NT 10.0; Win64; x64) AppleWebKit/537.36 (KHTML, like Gecko) Chrome/109.0.0.0 Safari/537.36"
45.195.56.246 - - [22/Jul/2025:01:00:16 +0000] "GET /wp-content/themes/homlane/assets/fonts/flaticon-2.ttf?1c57aadc5b8e691f54763fb661da45e2 HTTP/1.1" 200 46532 "https://topflowroofingplumbing.com.au/wp-content/themes/homlane/assets/css/flaticon-2.css?ver=6.8.2" "Mozilla/5.0 (Windows NT 10.0; Win64; x64) AppleWebKit/537.36 (KHTML, like Gecko) Chrome/109.0.0.0 Safari/537.36"
45.195.56.246 - - [22/Jul/2025:01:00:16 +0000] "GET /wp-content/themes/homlane/assets/js/scrollbar.js?ver=2.1.2 HTTP/1.1" 200 12288 "https://topflowroofingplumbing.com.au/autoload_classmap.php" "Mozilla/5.0 (Windows NT 10.0; Win64; x64) AppleWebKit/537.36 (KHTML, like Gecko) Chrome/109.0.0.0 Safari/537.36"
