66.249.79.2 - - [18/Jul/2025:02:01:47 +0000] "GET /item/media72931750/ HTTP/1.1" 200 39894 "-" "Mozilla/5.0 (Linux; Android 6.0.1; Nexus 5X Build/MMB29P) AppleWebKit/537.36 (KHTML, like Gecko) Chrome/137.0.7151.103 Mobile Safari/537.36 (compatible; Googlebot/2.1; +http://www.google.com/bot.html)"
66.249.79.2 - - [18/Jul/2025:02:01:48 +0000] "GET /item/exces30142378/ HTTP/1.1" 200 40403 "-" "Mozilla/5.0 (Linux; Android 6.0.1; Nexus 5X Build/MMB29P) AppleWebKit/537.36 (KHTML, like Gecko) Chrome/137.0.7151.103 Mobile Safari/537.36 (compatible; Googlebot/2.1; +http://www.google.com/bot.html)"
66.249.79.3 - - [18/Jul/2025:02:02:13 +0000] "POST /get-message-notify HTTP/1.1" 200 40375 "http://abl.academy/item/exces30142378/" "Mozilla/5.0 (Linux; Android 6.0.1; Nexus 5X Build/MMB29P) AppleWebKit/537.36 (KHTML, like Gecko) Chrome/137.0.7151.119 Mobile Safari/537.36 (compatible; Googlebot/2.1; +http://www.google.com/bot.html)"
66.249.79.2 - - [18/Jul/2025:02:02:24 +0000] "GET /item/somet71348102/ HTTP/1.1" 200 40252 "-" "Mozilla/5.0 (Linux; Android 6.0.1; Nexus 5X Build/MMB29P) AppleWebKit/537.36 (KHTML, like Gecko) Chrome/137.0.7151.103 Mobile Safari/537.36 (compatible; Googlebot/2.1; +http://www.google.com/bot.html)"
66.249.79.4 - - [18/Jul/2025:02:03:13 +0000] "GET /item/forma72782614/ HTTP/1.1" 200 40013 "-" "Mozilla/5.0 (Linux; Android 6.0.1; Nexus 5X Build/MMB29P) AppleWebKit/537.36 (KHTML, like Gecko) Chrome/137.0.7151.103 Mobile Safari/537.36 (compatible; Googlebot/2.1; +http://www.google.com/bot.html)"
66.249.79.2 - - [18/Jul/2025:02:03:23 +0000] "POST /get-message-notify HTTP/1.1" 200 40291 "http://abl.academy/item/forma72782614/" "Mozilla/5.0 (Linux; Android 6.0.1; Nexus 5X Build/MMB29P) AppleWebKit/537.36 (KHTML, like Gecko) Chrome/137.0.7151.119 Mobile Safari/537.36 (compatible; Googlebot/2.1; +http://www.google.com/bot.html)"
66.249.79.2 - - [18/Jul/2025:02:03:29 +0000] "GET /item/austr81125271/ HTTP/1.1" 200 40673 "-" "Mozilla/5.0 (Linux; Android 6.0.1; Nexus 5X Build/MMB29P) AppleWebKit/537.36 (KHTML, like Gecko) Chrome/137.0.7151.103 Mobile Safari/537.36 (compatible; Googlebot/2.1; +http://www.google.com/bot.html)"
66.249.79.2 - - [18/Jul/2025:02:03:40 +0000] "POST /get-message-notify HTTP/1.1" 200 40296 "http://abl.academy/item/somet71348102/" "Mozilla/5.0 (Linux; Android 6.0.1; Nexus 5X Build/MMB29P) AppleWebKit/537.36 (KHTML, like Gecko) Chrome/137.0.7151.119 Mobile Safari/537.36 (compatible; Googlebot/2.1; +http://www.google.com/bot.html)"
66.249.79.2 - - [18/Jul/2025:02:03:43 +0000] "POST /get-message-notify HTTP/1.1" 200 40240 "http://abl.academy/item/austr81125271/" "Mozilla/5.0 (Linux; Android 6.0.1; Nexus 5X Build/MMB29P) AppleWebKit/537.36 (KHTML, like Gecko) Chrome/137.0.7151.119 Mobile Safari/537.36 (compatible; Googlebot/2.1; +http://www.google.com/bot.html)"
66.249.79.3 - - [18/Jul/2025:02:04:53 +0000] "GET /item/dad31097426/ HTTP/1.1" 200 40069 "-" "Mozilla/5.0 (Linux; Android 6.0.1; Nexus 5X Build/MMB29P) AppleWebKit/537.36 (KHTML, like Gecko) Chrome/137.0.7151.103 Mobile Safari/537.36 (compatible; Googlebot/2.1; +http://www.google.com/bot.html)"
66.249.79.3 - - [18/Jul/2025:02:05:07 +0000] "GET /item/sexis82675655/ HTTP/1.1" 200 39860 "-" "Mozilla/5.0 (Linux; Android 6.0.1; Nexus 5X Build/MMB29P) AppleWebKit/537.36 (KHTML, like Gecko) Chrome/137.0.7151.103 Mobile Safari/537.36 (compatible; Googlebot/2.1; +http://www.google.com/bot.html)"
66.249.79.4 - - [18/Jul/2025:02:05:08 +0000] "GET /item/anxie30295170/ HTTP/1.1" 200 39894 "-" "Mozilla/5.0 (Linux; Android 6.0.1; Nexus 5X Build/MMB29P) AppleWebKit/537.36 (KHTML, like Gecko) Chrome/137.0.7151.103 Mobile Safari/537.36 (compatible; Googlebot/2.1; +http://www.google.com/bot.html)"
66.249.79.3 - - [18/Jul/2025:02:05:44 +0000] "GET /item/fall30201538/ HTTP/1.1" 200 39704 "-" "Mozilla/5.0 (Linux; Android 6.0.1; Nexus 5X Build/MMB29P) AppleWebKit/537.36 (KHTML, like Gecko) Chrome/137.0.7151.103 Mobile Safari/537.36 (compatible; Googlebot/2.1; +http://www.google.com/bot.html)"
66.249.79.2 - - [18/Jul/2025:02:06:27 +0000] "POST /get-message-notify HTTP/1.1" 200 40299 "http://abl.academy/item/ploug32379586/" "Mozilla/5.0 (Linux; Android 6.0.1; Nexus 5X Build/MMB29P) AppleWebKit/537.36 (KHTML, like Gecko) Chrome/137.0.7151.119 Mobile Safari/537.36 (compatible; Googlebot/2.1; +http://www.google.com/bot.html)"
66.249.79.2 - - [18/Jul/2025:02:06:42 +0000] "GET /item/membe41640963/ HTTP/1.1" 200 40001 "-" "Mozilla/5.0 (Linux; Android 6.0.1; Nexus 5X Build/MMB29P) AppleWebKit/537.36 (KHTML, like Gecko) Chrome/137.0.7151.103 Mobile Safari/537.36 (compatible; Googlebot/2.1; +http://www.google.com/bot.html)"
66.249.79.4 - - [18/Jul/2025:02:07:14 +0000] "GET /item/eleme40529667/ HTTP/1.1" 200 40450 "-" "Mozilla/5.0 (Linux; Android 6.0.1; Nexus 5X Build/MMB29P) AppleWebKit/537.36 (KHTML, like Gecko) Chrome/137.0.7151.103 Mobile Safari/537.36 (compatible; Googlebot/2.1; +http://www.google.com/bot.html)"
66.249.79.3 - - [18/Jul/2025:02:08:27 +0000] "GET /item/thank72793070/ HTTP/1.1" 200 39973 "-" "Mozilla/5.0 (Linux; Android 6.0.1; Nexus 5X Build/MMB29P) AppleWebKit/537.36 (KHTML, like Gecko) Chrome/137.0.7151.103 Mobile Safari/537.36 (compatible; Googlebot/2.1; +http://www.google.com/bot.html)"
66.249.79.2 - - [18/Jul/2025:02:08:28 +0000] "GET /item/inclu41420531/ HTTP/1.1" 200 40119 "-" "Mozilla/5.0 (Linux; Android 6.0.1; Nexus 5X Build/MMB29P) AppleWebKit/537.36 (KHTML, like Gecko) Chrome/137.0.7151.103 Mobile Safari/537.36 (compatible; Googlebot/2.1; +http://www.google.com/bot.html)"
66.249.79.2 - - [18/Jul/2025:02:08:37 +0000] "POST /get-message-notify HTTP/1.1" 200 40335 "http://abl.academy/item/inclu41420531/" "Mozilla/5.0 (Linux; Android 6.0.1; Nexus 5X Build/MMB29P) AppleWebKit/537.36 (KHTML, like Gecko) Chrome/137.0.7151.119 Mobile Safari/537.36 (compatible; Googlebot/2.1; +http://www.google.com/bot.html)"
66.249.79.3 - - [18/Jul/2025:02:09:15 +0000] "GET /item/stair41352411/ HTTP/1.1" 200 39717 "-" "Mozilla/5.0 (Linux; Android 6.0.1; Nexus 5X Build/MMB29P) AppleWebKit/537.36 (KHTML, like Gecko) Chrome/137.0.7151.103 Mobile Safari/537.36 (compatible; Googlebot/2.1; +http://www.google.com/bot.html)"
66.249.79.2 - - [18/Jul/2025:02:11:31 +0000] "GET /item/pocke61613061/ HTTP/1.1" 200 39832 "-" "Mozilla/5.0 (Linux; Android 6.0.1; Nexus 5X Build/MMB29P) AppleWebKit/537.36 (KHTML, like Gecko) Chrome/137.0.7151.103 Mobile Safari/537.36 (compatible; Googlebot/2.1; +http://www.google.com/bot.html)"
66.249.79.2 - - [18/Jul/2025:02:11:48 +0000] "GET /item/metho70384446/ HTTP/1.1" 200 39947 "-" "Mozilla/5.0 (Linux; Android 6.0.1; Nexus 5X Build/MMB29P) AppleWebKit/537.36 (KHTML, like Gecko) Chrome/137.0.7151.103 Mobile Safari/537.36 (compatible; Googlebot/2.1; +http://www.google.com/bot.html)"
66.249.79.2 - - [18/Jul/2025:02:12:52 +0000] "GET /item/skirt72664110/ HTTP/1.1" 200 40137 "-" "Mozilla/5.0 (Linux; Android 6.0.1; Nexus 5X Build/MMB29P) AppleWebKit/537.36 (KHTML, like Gecko) Chrome/137.0.7151.103 Mobile Safari/537.36 (compatible; Googlebot/2.1; +http://www.google.com/bot.html)"
66.249.79.4 - - [18/Jul/2025:02:13:02 +0000] "POST /get-message-notify HTTP/1.1" 200 40300 "http://abl.academy/item/skirt72664110/" "Mozilla/5.0 (Linux; Android 6.0.1; Nexus 5X Build/MMB29P) AppleWebKit/537.36 (KHTML, like Gecko) Chrome/137.0.7151.119 Mobile Safari/537.36 (compatible; Googlebot/2.1; +http://www.google.com/bot.html)"
66.249.79.2 - - [18/Jul/2025:02:14:47 +0000] "GET /sitemapd.xml HTTP/1.1" 200 15235 "-" "Mozilla/5.0 (compatible; Googlebot/2.1; +http://www.google.com/bot.html)"
66.249.79.3 - - [18/Jul/2025:02:15:21 +0000] "GET /item/costu31473714/ HTTP/1.1" 200 40245 "-" "Mozilla/5.0 (Linux; Android 6.0.1; Nexus 5X Build/MMB29P) AppleWebKit/537.36 (KHTML, like Gecko) Chrome/137.0.7151.103 Mobile Safari/537.36 (compatible; Googlebot/2.1; +http://www.google.com/bot.html)"
66.249.79.3 - - [18/Jul/2025:02:16:27 +0000] "GET /item/downw22802481/ HTTP/1.1" 200 41272 "-" "Mozilla/5.0 (Linux; Android 6.0.1; Nexus 5X Build/MMB29P) AppleWebKit/537.36 (KHTML, like Gecko) Chrome/137.0.7151.103 Mobile Safari/537.36 (compatible; Googlebot/2.1; +http://www.google.com/bot.html)"
66.249.79.2 - - [18/Jul/2025:02:17:03 +0000] "GET /item/misle41269459/ HTTP/1.1" 200 40148 "-" "Mozilla/5.0 (Linux; Android 6.0.1; Nexus 5X Build/MMB29P) AppleWebKit/537.36 (KHTML, like Gecko) Chrome/137.0.7151.103 Mobile Safari/537.36 (compatible; Googlebot/2.1; +http://www.google.com/bot.html)"
66.249.79.3 - - [18/Jul/2025:02:17:09 +0000] "POST /get-message-notify HTTP/1.1" 200 40359 "http://abl.academy/item/misle41269459/" "Mozilla/5.0 (Linux; Android 6.0.1; Nexus 5X Build/MMB29P) AppleWebKit/537.36 (KHTML, like Gecko) Chrome/137.0.7151.119 Mobile Safari/537.36 (compatible; Googlebot/2.1; +http://www.google.com/bot.html)"
66.249.79.2 - - [18/Jul/2025:02:19:56 +0000] "GET /sitemapi.xml HTTP/1.1" 200 17539 "-" "Mozilla/5.0 (compatible; Googlebot/2.1; +http://www.google.com/bot.html)"
66.249.79.4 - - [18/Jul/2025:02:20:03 +0000] "GET /item/comb40262707/ HTTP/1.1" 200 40103 "-" "Mozilla/5.0 (Linux; Android 6.0.1; Nexus 5X Build/MMB29P) AppleWebKit/537.36 (KHTML, like Gecko) Chrome/137.0.7151.103 Mobile Safari/537.36 (compatible; Googlebot/2.1; +http://www.google.com/bot.html)"
66.249.79.2 - - [18/Jul/2025:02:20:11 +0000] "GET /item/accus82778391/ HTTP/1.1" 200 41070 "-" "Mozilla/5.0 (Linux; Android 6.0.1; Nexus 5X Build/MMB29P) AppleWebKit/537.36 (KHTML, like Gecko) Chrome/137.0.7151.103 Mobile Safari/537.36 (compatible; Googlebot/2.1; +http://www.google.com/bot.html)"
66.249.79.3 - - [18/Jul/2025:02:21:13 +0000] "GET /item/high22000633/ HTTP/1.1" 200 40249 "-" "Mozilla/5.0 (Linux; Android 6.0.1; Nexus 5X Build/MMB29P) AppleWebKit/537.36 (KHTML, like Gecko) Chrome/137.0.7151.103 Mobile Safari/537.36 (compatible; Googlebot/2.1; +http://www.google.com/bot.html)"
66.249.79.2 - - [18/Jul/2025:02:21:23 +0000] "GET /item/ratio80434087/ HTTP/1.1" 200 40161 "-" "Mozilla/5.0 (Linux; Android 6.0.1; Nexus 5X Build/MMB29P) AppleWebKit/537.36 (KHTML, like Gecko) Chrome/137.0.7151.103 Mobile Safari/537.36 (compatible; Googlebot/2.1; +http://www.google.com/bot.html)"
66.249.79.2 - - [18/Jul/2025:02:21:23 +0000] "GET /item/numb52031868/ HTTP/1.1" 200 40512 "-" "Mozilla/5.0 (Linux; Android 6.0.1; Nexus 5X Build/MMB29P) AppleWebKit/537.36 (KHTML, like Gecko) Chrome/137.0.7151.103 Mobile Safari/537.36 (compatible; Googlebot/2.1; +http://www.google.com/bot.html)"
209.74.77.214 - - [18/Jul/2025:02:21:45 +0000] "POST /wp-cron.php?doing_wp_cron=1752805305.7013909816741943359375 HTTP/1.1" 200 - "-" "WordPress/6.8.2; https://abl.academy"
43.153.58.28 - - [18/Jul/2025:02:21:45 +0000] "GET / HTTP/1.1" 301 - "-" "Mozilla/5.0 (iPhone; CPU iPhone OS 13_2_3 like Mac OS X) AppleWebKit/605.1.15 (KHTML, like Gecko) Version/13.0.3 Mobile/15E148 Safari/604.1"
103.211.107.14 - - [18/Jul/2025:02:23:28 +0000] "GET /wp-json/wp/v2/posts HTTP/1.1" 200 3414 "-" "Mozilla/5.0 (Windows NT 10.0; Win64; x64) AppleWebKit/537.36 (KHTML, like Gecko) Chrome/120.0.0.0 Safari/537.36"
66.249.79.3 - - [18/Jul/2025:02:24:33 +0000] "GET /item/octob72193126/ HTTP/1.1" 200 39947 "-" "Mozilla/5.0 (Linux; Android 6.0.1; Nexus 5X Build/MMB29P) AppleWebKit/537.36 (KHTML, like Gecko) Chrome/137.0.7151.103 Mobile Safari/537.36 (compatible; Googlebot/2.1; +http://www.google.com/bot.html)"
66.249.79.2 - - [18/Jul/2025:02:25:02 +0000] "GET /item/soil80999311/ HTTP/1.1" 200 39955 "-" "Mozilla/5.0 (Linux; Android 6.0.1; Nexus 5X Build/MMB29P) AppleWebKit/537.36 (KHTML, like Gecko) Chrome/137.0.7151.103 Mobile Safari/537.36 (compatible; Googlebot/2.1; +http://www.google.com/bot.html)"
66.249.79.2 - - [18/Jul/2025:02:25:46 +0000] "GET /item/insis22465289/ HTTP/1.1" 200 41010 "-" "Mozilla/5.0 (Linux; Android 6.0.1; Nexus 5X Build/MMB29P) AppleWebKit/537.36 (KHTML, like Gecko) Chrome/137.0.7151.103 Mobile Safari/537.36 (compatible; Googlebot/2.1; +http://www.google.com/bot.html)"
66.249.79.4 - - [18/Jul/2025:02:28:13 +0000] "GET /item/coupl71388678/ HTTP/1.1" 200 39938 "-" "Mozilla/5.0 (Linux; Android 6.0.1; Nexus 5X Build/MMB29P) AppleWebKit/537.36 (KHTML, like Gecko) Chrome/137.0.7151.103 Mobile Safari/537.36 (compatible; Googlebot/2.1; +http://www.google.com/bot.html)"
66.249.79.4 - - [18/Jul/2025:02:29:53 +0000] "GET /item/pardo21097137/ HTTP/1.1" 200 40505 "-" "Mozilla/5.0 (Linux; Android 6.0.1; Nexus 5X Build/MMB29P) AppleWebKit/537.36 (KHTML, like Gecko) Chrome/137.0.7151.103 Mobile Safari/537.36 (compatible; Googlebot/2.1; +http://www.google.com/bot.html)"
66.249.79.2 - - [18/Jul/2025:02:31:07 +0000] "POST /get-message-notify HTTP/1.1" 200 40360 "http://abl.academy/item/high22000633/" "Mozilla/5.0 (Linux; Android 6.0.1; Nexus 5X Build/MMB29P) AppleWebKit/537.36 (KHTML, like Gecko) Chrome/137.0.7151.119 Mobile Safari/537.36 (compatible; Googlebot/2.1; +http://www.google.com/bot.html)"
66.249.79.4 - - [18/Jul/2025:02:33:30 +0000] "GET /item/glori52702380/ HTTP/1.1" 200 40071 "-" "Mozilla/5.0 (Linux; Android 6.0.1; Nexus 5X Build/MMB29P) AppleWebKit/537.36 (KHTML, like Gecko) Chrome/137.0.7151.103 Mobile Safari/537.36 (compatible; Googlebot/2.1; +http://www.google.com/bot.html)"
66.249.79.3 - - [18/Jul/2025:02:34:45 +0000] "GET /item/spoil10650720/ HTTP/1.1" 200 39924 "-" "Mozilla/5.0 (Linux; Android 6.0.1; Nexus 5X Build/MMB29P) AppleWebKit/537.36 (KHTML, like Gecko) Chrome/137.0.7151.103 Mobile Safari/537.36 (compatible; Googlebot/2.1; +http://www.google.com/bot.html)"
66.249.79.2 - - [18/Jul/2025:02:36:50 +0000] "GET /item/rsvp11647928/ HTTP/1.1" 200 39985 "-" "Mozilla/5.0 (Linux; Android 6.0.1; Nexus 5X Build/MMB29P) AppleWebKit/537.36 (KHTML, like Gecko) Chrome/137.0.7151.103 Mobile Safari/537.36 (compatible; Googlebot/2.1; +http://www.google.com/bot.html)"
66.249.79.3 - - [18/Jul/2025:02:36:53 +0000] "GET /item/zebra81492543/ HTTP/1.1" 200 40421 "-" "Mozilla/5.0 (Linux; Android 6.0.1; Nexus 5X Build/MMB29P) AppleWebKit/537.36 (KHTML, like Gecko) Chrome/137.0.7151.103 Mobile Safari/537.36 (compatible; Googlebot/2.1; +http://www.google.com/bot.html)"
66.249.79.2 - - [18/Jul/2025:02:37:03 +0000] "POST /get-message-notify HTTP/1.1" 200 40337 "http://abl.academy/item/zebra81492543/" "Mozilla/5.0 (Linux; Android 6.0.1; Nexus 5X Build/MMB29P) AppleWebKit/537.36 (KHTML, like Gecko) Chrome/137.0.7151.119 Mobile Safari/537.36 (compatible; Googlebot/2.1; +http://www.google.com/bot.html)"
209.74.77.214 - - [18/Jul/2025:02:37:08 +0000] "POST /wp-cron.php?doing_wp_cron=1752806228.1713900566101074218750 HTTP/1.1" 200 - "-" "WordPress/6.8.2; https://abl.academy"
5.175.234.59 - - [18/Jul/2025:02:37:07 +0000] "GET /about.php?key=EnigmaCyberSecurity HTTP/1.1" 404 9560 "-" "Mozilla/5.0 (Windows; U; Windows NT 6.1; en-US; rv:1.9.1.5) Gecko/20091102 Firefox/3.5.5 (.NET CLR 3.5.30729)"
5.175.234.59 - - [18/Jul/2025:02:37:08 +0000] "GET /about.php?key=EnigmaCyberSecurity HTTP/1.1" 404 9560 "-" "Mozilla/5.0 (Windows; U; Windows NT 6.1; en-US; rv:1.9.1.5) Gecko/20091102 Firefox/3.5.5 (.NET CLR 3.5.30729)"
5.175.234.59 - - [18/Jul/2025:02:37:08 +0000] "GET /wp-content/about.php?key=EnigmaCyberSecurity HTTP/1.1" 404 9560 "-" "Mozilla/5.0 (Windows; U; Windows NT 6.1; en-US; rv:1.9.1.5) Gecko/20091102 Firefox/3.5.5 (.NET CLR 3.5.30729)"
5.175.234.59 - - [18/Jul/2025:02:37:08 +0000] "GET /wp-content/about.php?key=EnigmaCyberSecurity HTTP/1.1" 404 9560 "-" "Mozilla/5.0 (Windows; U; Windows NT 6.1; en-US; rv:1.9.1.5) Gecko/20091102 Firefox/3.5.5 (.NET CLR 3.5.30729)"
66.249.79.2 - - [18/Jul/2025:02:37:13 +0000] "POST /get-message-notify HTTP/1.1" 200 40377 "http://abl.academy/item/rsvp11647928/" "Mozilla/5.0 (Linux; Android 6.0.1; Nexus 5X Build/MMB29P) AppleWebKit/537.36 (KHTML, like Gecko) Chrome/137.0.7151.119 Mobile Safari/537.36 (compatible; Googlebot/2.1; +http://www.google.com/bot.html)"
209.74.77.214 - - [18/Jul/2025:02:37:23 +0000] "POST /wp-cron.php?doing_wp_cron=1752806243.1623790264129638671875 HTTP/1.1" 200 - "-" "WordPress/6.8.2; https://abl.academy"
49.51.245.241 - - [18/Jul/2025:02:37:23 +0000] "GET / HTTP/1.1" 301 - "-" "Mozilla/5.0 (iPhone; CPU iPhone OS 13_2_3 like Mac OS X) AppleWebKit/605.1.15 (KHTML, like Gecko) Version/13.0.3 Mobile/15E148 Safari/604.1"
66.249.79.4 - - [18/Jul/2025:02:41:23 +0000] "GET /item/might21065633/ HTTP/1.1" 200 40000 "-" "Mozilla/5.0 (Linux; Android 6.0.1; Nexus 5X Build/MMB29P) AppleWebKit/537.36 (KHTML, like Gecko) Chrome/137.0.7151.103 Mobile Safari/537.36 (compatible; Googlebot/2.1; +http://www.google.com/bot.html)"
66.249.79.2 - - [18/Jul/2025:02:43:30 +0000] "GET /item/never52772908/ HTTP/1.1" 200 40649 "-" "Mozilla/5.0 (Linux; Android 6.0.1; Nexus 5X Build/MMB29P) AppleWebKit/537.36 (KHTML, like Gecko) Chrome/137.0.7151.103 Mobile Safari/537.36 (compatible; Googlebot/2.1; +http://www.google.com/bot.html)"
66.249.79.2 - - [18/Jul/2025:02:45:32 +0000] "GET /item/choco20392977/ HTTP/1.1" 200 40480 "-" "Mozilla/5.0 (Linux; Android 6.0.1; Nexus 5X Build/MMB29P) AppleWebKit/537.36 (KHTML, like Gecko) Chrome/137.0.7151.103 Mobile Safari/537.36 (compatible; Googlebot/2.1; +http://www.google.com/bot.html)"
66.249.79.3 - - [18/Jul/2025:02:45:39 +0000] "POST /get-message-notify HTTP/1.1" 200 40405 "http://abl.academy/item/choco20392977/" "Mozilla/5.0 (Linux; Android 6.0.1; Nexus 5X Build/MMB29P) AppleWebKit/537.36 (KHTML, like Gecko) Chrome/137.0.7151.119 Mobile Safari/537.36 (compatible; Googlebot/2.1; +http://www.google.com/bot.html)"
66.249.79.2 - - [18/Jul/2025:02:45:52 +0000] "GET /sitemapf.xml HTTP/1.1" 200 17982 "-" "Mozilla/5.0 (compatible; Googlebot/2.1; +http://www.google.com/bot.html)"
66.249.79.2 - - [18/Jul/2025:02:45:53 +0000] "GET /item/preli32978578/ HTTP/1.1" 200 41173 "-" "Mozilla/5.0 (Linux; Android 6.0.1; Nexus 5X Build/MMB29P) AppleWebKit/537.36 (KHTML, like Gecko) Chrome/137.0.7151.103 Mobile Safari/537.36 (compatible; Googlebot/2.1; +http://www.google.com/bot.html)"
66.249.79.3 - - [18/Jul/2025:02:46:25 +0000] "POST /get-message-notify HTTP/1.1" 200 40414 "http://abl.academy/item/preli32978578/" "Mozilla/5.0 (Linux; Android 6.0.1; Nexus 5X Build/MMB29P) AppleWebKit/537.36 (KHTML, like Gecko) Chrome/137.0.7151.119 Mobile Safari/537.36 (compatible; Googlebot/2.1; +http://www.google.com/bot.html)"
66.249.79.3 - - [18/Jul/2025:02:46:50 +0000] "GET /item/brill12026864/ HTTP/1.1" 200 40289 "-" "Mozilla/5.0 (Linux; Android 6.0.1; Nexus 5X Build/MMB29P) AppleWebKit/537.36 (KHTML, like Gecko) Chrome/137.0.7151.103 Mobile Safari/537.36 (compatible; Googlebot/2.1; +http://www.google.com/bot.html)"
66.249.79.3 - - [18/Jul/2025:02:48:52 +0000] "GET /item/housi81939751/ HTTP/1.1" 200 39877 "-" "Mozilla/5.0 (Linux; Android 6.0.1; Nexus 5X Build/MMB29P) AppleWebKit/537.36 (KHTML, like Gecko) Chrome/137.0.7151.103 Mobile Safari/537.36 (compatible; Googlebot/2.1; +http://www.google.com/bot.html)"
66.249.79.2 - - [18/Jul/2025:02:50:10 +0000] "GET /item/chant32816754/ HTTP/1.1" 200 39703 "-" "Mozilla/5.0 (Linux; Android 6.0.1; Nexus 5X Build/MMB29P) AppleWebKit/537.36 (KHTML, like Gecko) Chrome/137.0.7151.103 Mobile Safari/537.36 (compatible; Googlebot/2.1; +http://www.google.com/bot.html)"
66.249.79.3 - - [18/Jul/2025:02:50:23 +0000] "GET /item/ok42969099/ HTTP/1.1" 200 39825 "-" "Mozilla/5.0 (Linux; Android 6.0.1; Nexus 5X Build/MMB29P) AppleWebKit/537.36 (KHTML, like Gecko) Chrome/137.0.7151.103 Mobile Safari/537.36 (compatible; Googlebot/2.1; +http://www.google.com/bot.html)"
66.249.79.2 - - [18/Jul/2025:02:53:30 +0000] "GET /item/pill72523630/ HTTP/1.1" 200 40536 "-" "Mozilla/5.0 (Linux; Android 6.0.1; Nexus 5X Build/MMB29P) AppleWebKit/537.36 (KHTML, like Gecko) Chrome/137.0.7151.103 Mobile Safari/537.36 (compatible; Googlebot/2.1; +http://www.google.com/bot.html)"
66.249.79.3 - - [18/Jul/2025:02:54:53 +0000] "GET /item/huge10892072/ HTTP/1.1" 200 39907 "-" "Mozilla/5.0 (Linux; Android 6.0.1; Nexus 5X Build/MMB29P) AppleWebKit/537.36 (KHTML, like Gecko) Chrome/137.0.7151.103 Mobile Safari/537.36 (compatible; Googlebot/2.1; +http://www.google.com/bot.html)"
66.249.79.3 - - [18/Jul/2025:02:56:50 +0000] "GET /item/unloa12363168/ HTTP/1.1" 200 40663 "-" "Mozilla/5.0 (Linux; Android 6.0.1; Nexus 5X Build/MMB29P) AppleWebKit/537.36 (KHTML, like Gecko) Chrome/137.0.7151.103 Mobile Safari/537.36 (compatible; Googlebot/2.1; +http://www.google.com/bot.html)"
66.249.79.4 - - [18/Jul/2025:02:57:20 +0000] "POST /get-message-notify HTTP/1.1" 200 40334 "http://abl.academy/item/unloa12363168/" "Mozilla/5.0 (Linux; Android 6.0.1; Nexus 5X Build/MMB29P) AppleWebKit/537.36 (KHTML, like Gecko) Chrome/137.0.7151.119 Mobile Safari/537.36 (compatible; Googlebot/2.1; +http://www.google.com/bot.html)"
66.249.79.2 - - [18/Jul/2025:03:03:53 +0000] "GET /item/rear51503020/ HTTP/1.1" 200 40152 "-" "Mozilla/5.0 (Linux; Android 6.0.1; Nexus 5X Build/MMB29P) AppleWebKit/537.36 (KHTML, like Gecko) Chrome/137.0.7151.103 Mobile Safari/537.36 (compatible; Googlebot/2.1; +http://www.google.com/bot.html)"
209.74.77.214 - - [18/Jul/2025:03:26:31 +0000] "POST /wp-cron.php?doing_wp_cron=1752809191.6820740699768066406250 HTTP/1.1" 200 - "-" "WordPress/6.8.2; https://abl.academy"
134.17.14.12 - - [18/Jul/2025:03:26:31 +0000] "POST /wp-admin/admin-ajax.php?action=BBACKUP_Ajax_Handle HTTP/1.1" 400 21 "-" "Mozilla/4.0 (compatible; MSIE 6.0; Windows NT 5.1; SV1)"
66.249.79.2 - - [18/Jul/2025:03:35:07 +0000] "GET /item/busin60612077/ HTTP/1.1" 200 40325 "-" "Mozilla/5.0 (Linux; Android 6.0.1; Nexus 5X Build/MMB29P) AppleWebKit/537.36 (KHTML, like Gecko) Chrome/137.0.7151.103 Mobile Safari/537.36 (compatible; Googlebot/2.1; +http://www.google.com/bot.html)"
66.249.79.3 - - [18/Jul/2025:03:37:29 +0000] "POST /get-message-notify HTTP/1.1" 200 40347 "http://abl.academy/item/busin60612077/" "Mozilla/5.0 (Linux; Android 6.0.1; Nexus 5X Build/MMB29P) AppleWebKit/537.36 (KHTML, like Gecko) Chrome/137.0.7151.119 Mobile Safari/537.36 (compatible; Googlebot/2.1; +http://www.google.com/bot.html)"
66.249.79.2 - - [18/Jul/2025:04:01:11 +0000] "GET /sitemapl.xml HTTP/1.1" 200 12719 "-" "Mozilla/5.0 (compatible; Googlebot/2.1; +http://www.google.com/bot.html)"
66.249.79.2 - - [18/Jul/2025:04:07:25 +0000] "GET /item/apolo21811169/ HTTP/1.1" 200 39993 "-" "Mozilla/5.0 (Linux; Android 6.0.1; Nexus 5X Build/MMB29P) AppleWebKit/537.36 (KHTML, like Gecko) Chrome/137.0.7151.103 Mobile Safari/537.36 (compatible; Googlebot/2.1; +http://www.google.com/bot.html)"
66.249.79.4 - - [18/Jul/2025:04:12:43 +0000] "GET /item/pollu82113319/ HTTP/1.1" 200 39700 "-" "Mozilla/5.0 (Linux; Android 6.0.1; Nexus 5X Build/MMB29P) AppleWebKit/537.36 (KHTML, like Gecko) Chrome/137.0.7151.103 Mobile Safari/537.36 (compatible; Googlebot/2.1; +http://www.google.com/bot.html)"
66.249.79.2 - - [18/Jul/2025:04:14:18 +0000] "POST /get-message-notify HTTP/1.1" 200 40339 "http://abl.academy/item/pollu82113319/" "Mozilla/5.0 (Linux; Android 6.0.1; Nexus 5X Build/MMB29P) AppleWebKit/537.36 (KHTML, like Gecko) Chrome/137.0.7151.119 Mobile Safari/537.36 (compatible; Googlebot/2.1; +http://www.google.com/bot.html)"
209.74.77.214 - - [18/Jul/2025:04:43:24 +0000] "POST /wp-cron.php?doing_wp_cron=1752813804.9189169406890869140625 HTTP/1.1" 200 - "-" "WordPress/6.8.2; https://abl.academy"
223.244.35.77 - - [18/Jul/2025:04:43:23 +0000] "GET / HTTP/1.1" 301 - "-" "Mozilla/5.0 (iPhone; CPU iPhone OS 13_2_3 like Mac OS X) AppleWebKit/605.1.15 (KHTML, like Gecko) Version/13.0.3 Mobile/15E148 Safari/604.1"
209.74.77.214 - - [18/Jul/2025:04:43:41 +0000] "POST /wp-cron.php?doing_wp_cron=1752813821.9214899539947509765625 HTTP/1.1" 200 - "-" "WordPress/6.8.2; https://abl.academy"
103.107.77.96 - - [18/Jul/2025:04:43:41 +0000] "GET /wp-json/wp/v2/posts HTTP/1.1" 200 3414 "-" "Mozilla/5.0 (Windows NT 10.0; Win64; x64) AppleWebKit/537.36 (KHTML, like Gecko) Chrome/120.0.0.0 Safari/537.36"
209.74.77.214 - - [18/Jul/2025:04:50:28 +0000] "POST /wp-cron.php?doing_wp_cron=1752814228.1999690532684326171875 HTTP/1.1" 200 - "-" "WordPress/6.8.2; https://abl.academy"
54.36.149.12 - - [18/Jul/2025:04:50:26 +0000] "GET /item/ache40461187/ HTTP/1.1" 404 9559 "-" "Mozilla/5.0 (compatible; AhrefsBot/7.0; +http://ahrefs.com/robot/)"
4.227.36.77 - - [18/Jul/2025:05:03:50 +0000] "GET /robots.txt HTTP/1.1" 200 114 "-" "Mozilla/5.0 AppleWebKit/537.36 (KHTML, like Gecko; compatible; GPTBot/1.2; +https://openai.com/gptbot)"
4.227.36.82 - - [18/Jul/2025:05:03:50 +0000] "GET /robots.txt HTTP/1.1" 200 114 "-" "Mozilla/5.0 AppleWebKit/537.36 (KHTML, like Gecko; compatible; GPTBot/1.2; +https://openai.com/gptbot)"
209.74.77.214 - - [18/Jul/2025:05:03:53 +0000] "POST /wp-cron.php?doing_wp_cron=1752815033.0054569244384765625000 HTTP/1.1" 200 - "-" "WordPress/6.8.2; https://abl.academy"
20.171.207.49 - - [18/Jul/2025:05:03:51 +0000] "GET / HTTP/1.1" 301 - "-" "Mozilla/5.0 AppleWebKit/537.36 (KHTML, like Gecko; compatible; GPTBot/1.2; +https://openai.com/gptbot)"
20.171.207.194 - - [18/Jul/2025:05:03:51 +0000] "GET /item/preli32978578/ HTTP/1.1" 404 9559 "-" "Mozilla/5.0 AppleWebKit/537.36 (KHTML, like Gecko; compatible; GPTBot/1.2; +https://openai.com/gptbot)"
20.171.207.194 - - [18/Jul/2025:05:03:54 +0000] "GET /item/time81840223/ HTTP/1.1" 404 9559 "-" "Mozilla/5.0 AppleWebKit/537.36 (KHTML, like Gecko; compatible; GPTBot/1.2; +https://openai.com/gptbot)"
20.171.207.194 - - [18/Jul/2025:05:03:58 +0000] "GET /item/joint12522416/ HTTP/1.1" 404 9559 "-" "Mozilla/5.0 AppleWebKit/537.36 (KHTML, like Gecko; compatible; GPTBot/1.2; +https://openai.com/gptbot)"
20.171.207.194 - - [18/Jul/2025:05:04:01 +0000] "GET /item/indef31174786/ HTTP/1.1" 404 9559 "-" "Mozilla/5.0 AppleWebKit/537.36 (KHTML, like Gecko; compatible; GPTBot/1.2; +https://openai.com/gptbot)"
20.171.207.194 - - [18/Jul/2025:05:04:04 +0000] "GET /item/inclu41420531/ HTTP/1.1" 404 9559 "-" "Mozilla/5.0 AppleWebKit/537.36 (KHTML, like Gecko; compatible; GPTBot/1.2; +https://openai.com/gptbot)"
20.171.207.194 - - [18/Jul/2025:05:04:07 +0000] "GET /item/fetch30116338/ HTTP/1.1" 404 9560 "-" "Mozilla/5.0 AppleWebKit/537.36 (KHTML, like Gecko; compatible; GPTBot/1.2; +https://openai.com/gptbot)"
20.171.207.194 - - [18/Jul/2025:05:04:11 +0000] "GET /item/go72775134/ HTTP/1.1" 404 9559 "-" "Mozilla/5.0 AppleWebKit/537.36 (KHTML, like Gecko; compatible; GPTBot/1.2; +https://openai.com/gptbot)"
209.74.77.214 - - [18/Jul/2025:05:04:14 +0000] "POST /wp-cron.php?doing_wp_cron=1752815054.6867198944091796875000 HTTP/1.1" 200 - "-" "WordPress/6.8.2; https://abl.academy"
20.171.207.194 - - [18/Jul/2025:05:04:14 +0000] "GET /item/high22000633/ HTTP/1.1" 404 9560 "-" "Mozilla/5.0 AppleWebKit/537.36 (KHTML, like Gecko; compatible; GPTBot/1.2; +https://openai.com/gptbot)"
20.171.207.194 - - [18/Jul/2025:05:04:17 +0000] "GET /item/tidy10552568/ HTTP/1.1" 404 9560 "-" "Mozilla/5.0 AppleWebKit/537.36 (KHTML, like Gecko; compatible; GPTBot/1.2; +https://openai.com/gptbot)"
20.171.207.194 - - [18/Jul/2025:05:04:21 +0000] "GET /item/busin60612077/ HTTP/1.1" 404 9559 "-" "Mozilla/5.0 AppleWebKit/537.36 (KHTML, like Gecko; compatible; GPTBot/1.2; +https://openai.com/gptbot)"
20.171.207.194 - - [18/Jul/2025:05:04:24 +0000] "GET /item/found41405387/ HTTP/1.1" 404 9560 "-" "Mozilla/5.0 AppleWebKit/537.36 (KHTML, like Gecko; compatible; GPTBot/1.2; +https://openai.com/gptbot)"
20.171.207.194 - - [18/Jul/2025:05:04:27 +0000] "GET /item/roast50582452/ HTTP/1.1" 404 9560 "-" "Mozilla/5.0 AppleWebKit/537.36 (KHTML, like Gecko; compatible; GPTBot/1.2; +https://openai.com/gptbot)"
209.74.77.214 - - [18/Jul/2025:05:04:31 +0000] "POST /wp-cron.php?doing_wp_cron=1752815071.0774459838867187500000 HTTP/1.1" 200 - "-" "WordPress/6.8.2; https://abl.academy"
20.171.207.194 - - [18/Jul/2025:05:04:30 +0000] "GET /item/joint12522416/ HTTP/1.1" 404 9559 "-" "Mozilla/5.0 AppleWebKit/537.36 (KHTML, like Gecko; compatible; GPTBot/1.2; +https://openai.com/gptbot)"
20.171.207.194 - - [18/Jul/2025:05:04:34 +0000] "GET /item/solar80702647/ HTTP/1.1" 404 9559 "-" "Mozilla/5.0 AppleWebKit/537.36 (KHTML, like Gecko; compatible; GPTBot/1.2; +https://openai.com/gptbot)"
20.171.207.194 - - [18/Jul/2025:05:04:37 +0000] "GET /item/slipp72353758/ HTTP/1.1" 404 9559 "-" "Mozilla/5.0 AppleWebKit/537.36 (KHTML, like Gecko; compatible; GPTBot/1.2; +https://openai.com/gptbot)"
20.171.207.194 - - [18/Jul/2025:05:04:40 +0000] "GET /item/exces30142378/ HTTP/1.1" 404 9560 "-" "Mozilla/5.0 AppleWebKit/537.36 (KHTML, like Gecko; compatible; GPTBot/1.2; +https://openai.com/gptbot)"
20.171.207.194 - - [18/Jul/2025:05:04:43 +0000] "GET /item/somet71348102/ HTTP/1.1" 404 9560 "-" "Mozilla/5.0 AppleWebKit/537.36 (KHTML, like Gecko; compatible; GPTBot/1.2; +https://openai.com/gptbot)"
20.171.207.194 - - [18/Jul/2025:05:04:47 +0000] "GET /item/zebra81492543/ HTTP/1.1" 404 9560 "-" "Mozilla/5.0 AppleWebKit/537.36 (KHTML, like Gecko; compatible; GPTBot/1.2; +https://openai.com/gptbot)"
20.171.207.194 - - [18/Jul/2025:05:04:50 +0000] "GET /item/reinf40798211/ HTTP/1.1" 404 9560 "-" "Mozilla/5.0 AppleWebKit/537.36 (KHTML, like Gecko; compatible; GPTBot/1.2; +https://openai.com/gptbot)"
20.171.207.194 - - [18/Jul/2025:05:04:54 +0000] "GET /item/forma72782614/ HTTP/1.1" 404 9560 "-" "Mozilla/5.0 AppleWebKit/537.36 (KHTML, like Gecko; compatible; GPTBot/1.2; +https://openai.com/gptbot)"
20.171.207.194 - - [18/Jul/2025:05:04:57 +0000] "GET /item/ploug32379586/ HTTP/1.1" 404 9560 "-" "Mozilla/5.0 AppleWebKit/537.36 (KHTML, like Gecko; compatible; GPTBot/1.2; +https://openai.com/gptbot)"
20.171.207.194 - - [18/Jul/2025:05:05:00 +0000] "GET /item/whose10680400/ HTTP/1.1" 404 9559 "-" "Mozilla/5.0 AppleWebKit/537.36 (KHTML, like Gecko; compatible; GPTBot/1.2; +https://openai.com/gptbot)"
20.171.207.194 - - [18/Jul/2025:05:05:04 +0000] "GET /item/scare62109781/ HTTP/1.1" 404 9560 "-" "Mozilla/5.0 AppleWebKit/537.36 (KHTML, like Gecko; compatible; GPTBot/1.2; +https://openai.com/gptbot)"
20.171.207.194 - - [18/Jul/2025:05:05:07 +0000] "GET /item/skirt72664110/ HTTP/1.1" 404 9560 "-" "Mozilla/5.0 AppleWebKit/537.36 (KHTML, like Gecko; compatible; GPTBot/1.2; +https://openai.com/gptbot)"
20.171.207.194 - - [18/Jul/2025:05:05:10 +0000] "GET /item/unloa12363168/ HTTP/1.1" 404 9559 "-" "Mozilla/5.0 AppleWebKit/537.36 (KHTML, like Gecko; compatible; GPTBot/1.2; +https://openai.com/gptbot)"
209.74.77.214 - - [18/Jul/2025:05:05:14 +0000] "POST /wp-cron.php?doing_wp_cron=1752815114.2808539867401123046875 HTTP/1.1" 200 - "-" "WordPress/6.8.2; https://abl.academy"
20.171.207.194 - - [18/Jul/2025:05:05:14 +0000] "GET /item/misle41269459/ HTTP/1.1" 404 9560 "-" "Mozilla/5.0 AppleWebKit/537.36 (KHTML, like Gecko; compatible; GPTBot/1.2; +https://openai.com/gptbot)"
20.171.207.194 - - [18/Jul/2025:05:05:17 +0000] "GET /item/choco20392977/ HTTP/1.1" 404 9560 "-" "Mozilla/5.0 AppleWebKit/537.36 (KHTML, like Gecko; compatible; GPTBot/1.2; +https://openai.com/gptbot)"
20.171.207.194 - - [18/Jul/2025:05:05:20 +0000] "GET /item/sixty41729275/ HTTP/1.1" 404 9559 "-" "Mozilla/5.0 AppleWebKit/537.36 (KHTML, like Gecko; compatible; GPTBot/1.2; +https://openai.com/gptbot)"
20.171.207.194 - - [18/Jul/2025:05:05:23 +0000] "GET /item/pollu82113319/ HTTP/1.1" 404 9560 "-" "Mozilla/5.0 AppleWebKit/537.36 (KHTML, like Gecko; compatible; GPTBot/1.2; +https://openai.com/gptbot)"
20.171.207.194 - - [18/Jul/2025:05:05:26 +0000] "GET /item/globa51415716/ HTTP/1.1" 404 9560 "-" "Mozilla/5.0 AppleWebKit/537.36 (KHTML, like Gecko; compatible; GPTBot/1.2; +https://openai.com/gptbot)"
66.249.79.3 - - [18/Jul/2025:05:05:27 +0000] "GET /item/empir40511427/ HTTP/1.1" 200 40232 "-" "Mozilla/5.0 (Linux; Android 6.0.1; Nexus 5X Build/MMB29P) AppleWebKit/537.36 (KHTML, like Gecko) Chrome/137.0.7151.103 Mobile Safari/537.36 (compatible; Googlebot/2.1; +http://www.google.com/bot.html)"
20.171.207.194 - - [18/Jul/2025:05:05:30 +0000] "GET /item/websi70820918/ HTTP/1.1" 404 9559 "-" "Mozilla/5.0 AppleWebKit/537.36 (KHTML, like Gecko; compatible; GPTBot/1.2; +https://openai.com/gptbot)"
209.74.77.214 - - [18/Jul/2025:05:05:33 +0000] "POST /wp-cron.php?doing_wp_cron=1752815133.5399401187896728515625 HTTP/1.1" 200 - "-" "WordPress/6.8.2; https://abl.academy"
20.171.207.194 - - [18/Jul/2025:05:05:33 +0000] "GET /item/chair50148236/ HTTP/1.1" 404 9559 "-" "Mozilla/5.0 AppleWebKit/537.36 (KHTML, like Gecko; compatible; GPTBot/1.2; +https://openai.com/gptbot)"
20.171.207.194 - - [18/Jul/2025:05:05:36 +0000] "GET /item/austr81125271/ HTTP/1.1" 404 9559 "-" "Mozilla/5.0 AppleWebKit/537.36 (KHTML, like Gecko; compatible; GPTBot/1.2; +https://openai.com/gptbot)"
20.171.207.194 - - [18/Jul/2025:05:05:39 +0000] "GET /item/got71851950/ HTTP/1.1" 404 9560 "-" "Mozilla/5.0 AppleWebKit/537.36 (KHTML, like Gecko; compatible; GPTBot/1.2; +https://openai.com/gptbot)"
20.171.207.194 - - [18/Jul/2025:05:05:42 +0000] "GET /item/nutri81030335/ HTTP/1.1" 404 9559 "-" "Mozilla/5.0 AppleWebKit/537.36 (KHTML, like Gecko; compatible; GPTBot/1.2; +https://openai.com/gptbot)"
20.171.207.194 - - [18/Jul/2025:05:05:46 +0000] "GET /item/insis22537289/ HTTP/1.1" 404 9560 "-" "Mozilla/5.0 AppleWebKit/537.36 (KHTML, like Gecko; compatible; GPTBot/1.2; +https://openai.com/gptbot)"
20.171.207.194 - - [18/Jul/2025:05:05:49 +0000] "GET /item/headm11011440/ HTTP/1.1" 404 9560 "-" "Mozilla/5.0 AppleWebKit/537.36 (KHTML, like Gecko; compatible; GPTBot/1.2; +https://openai.com/gptbot)"
20.171.207.194 - - [18/Jul/2025:05:05:52 +0000] "GET /item/rsvp11647928/ HTTP/1.1" 404 9560 "-" "Mozilla/5.0 AppleWebKit/537.36 (KHTML, like Gecko; compatible; GPTBot/1.2; +https://openai.com/gptbot)"
20.171.207.194 - - [18/Jul/2025:05:05:56 +0000] "GET /item/rack30071314/ HTTP/1.1" 404 9560 "-" "Mozilla/5.0 AppleWebKit/537.36 (KHTML, like Gecko; compatible; GPTBot/1.2; +https://openai.com/gptbot)"
20.171.207.194 - - [18/Jul/2025:05:05:59 +0000] "GET /item/acid42199587/ HTTP/1.1" 404 9560 "-" "Mozilla/5.0 AppleWebKit/537.36 (KHTML, like Gecko; compatible; GPTBot/1.2; +https://openai.com/gptbot)"
20.171.207.194 - - [18/Jul/2025:05:06:02 +0000] "GET /item/holy20822969/ HTTP/1.1" 404 9559 "-" "Mozilla/5.0 AppleWebKit/537.36 (KHTML, like Gecko; compatible; GPTBot/1.2; +https://openai.com/gptbot)"
20.171.207.194 - - [18/Jul/2025:05:06:05 +0000] "GET /item/sail32296738/ HTTP/1.1" 404 9559 "-" "Mozilla/5.0 AppleWebKit/537.36 (KHTML, like Gecko; compatible; GPTBot/1.2; +https://openai.com/gptbot)"
20.171.207.194 - - [18/Jul/2025:05:06:09 +0000] "GET /item/back82284215/ HTTP/1.1" 404 9560 "-" "Mozilla/5.0 AppleWebKit/537.36 (KHTML, like Gecko; compatible; GPTBot/1.2; +https://openai.com/gptbot)"
66.249.79.3 - - [18/Jul/2025:05:12:00 +0000] "GET /item/brick32854866/ HTTP/1.1" 200 40211 "-" "Mozilla/5.0 (Linux; Android 6.0.1; Nexus 5X Build/MMB29P) AppleWebKit/537.36 (KHTML, like Gecko) Chrome/137.0.7151.103 Mobile Safari/537.36 (compatible; Googlebot/2.1; +http://www.google.com/bot.html)"
66.249.79.4 - - [18/Jul/2025:05:12:04 +0000] "POST /get-message-notify HTTP/1.1" 200 40287 "http://abl.academy/item/brick32854866/" "Mozilla/5.0 (Linux; Android 6.0.1; Nexus 5X Build/MMB29P) AppleWebKit/537.36 (KHTML, like Gecko) Chrome/137.0.7151.119 Mobile Safari/537.36 (compatible; Googlebot/2.1; +http://www.google.com/bot.html)"
209.74.77.214 - - [18/Jul/2025:05:13:19 +0000] "POST /wp-cron.php?doing_wp_cron=1752815599.7313809394836425781250 HTTP/1.1" 200 - "-" "WordPress/6.8.2; https://abl.academy"
54.36.148.221 - - [18/Jul/2025:05:13:17 +0000] "GET /item/clear42465115/ HTTP/1.1" 404 9558 "-" "Mozilla/5.0 (compatible; AhrefsBot/7.0; +http://ahrefs.com/robot/)"
66.249.79.4 - - [18/Jul/2025:05:15:19 +0000] "GET /item/centr72696118/ HTTP/1.1" 200 41016 "-" "Mozilla/5.0 (Linux; Android 6.0.1; Nexus 5X Build/MMB29P) AppleWebKit/537.36 (KHTML, like Gecko) Chrome/137.0.7151.103 Mobile Safari/537.36 (compatible; Googlebot/2.1; +http://www.google.com/bot.html)"
66.249.79.2 - - [18/Jul/2025:05:18:37 +0000] "GET /item/homel51685692/ HTTP/1.1" 200 40116 "-" "Mozilla/5.0 (Linux; Android 6.0.1; Nexus 5X Build/MMB29P) AppleWebKit/537.36 (KHTML, like Gecko) Chrome/137.0.7151.103 Mobile Safari/537.36 (compatible; Googlebot/2.1; +http://www.google.com/bot.html)"
66.249.79.3 - - [18/Jul/2025:05:18:42 +0000] "POST /get-message-notify HTTP/1.1" 200 40285 "http://abl.academy/item/homel51685692/" "Mozilla/5.0 (Linux; Android 6.0.1; Nexus 5X Build/MMB29P) AppleWebKit/537.36 (KHTML, like Gecko) Chrome/137.0.7151.119 Mobile Safari/537.36 (compatible; Googlebot/2.1; +http://www.google.com/bot.html)"
66.249.79.2 - - [18/Jul/2025:05:20:30 +0000] "GET /sitemapg.xml HTTP/1.1" 200 17362 "-" "Mozilla/5.0 (compatible; Googlebot/2.1; +http://www.google.com/bot.html)"
209.74.77.214 - - [18/Jul/2025:05:21:34 +0000] "POST /wp-cron.php?doing_wp_cron=1752816094.6288499832153320312500 HTTP/1.1" 200 - "-" "WordPress/6.8.2; https://abl.academy"
54.36.148.6 - - [18/Jul/2025:05:21:34 +0000] "GET /item/cubic41590675/ HTTP/1.1" 404 9559 "-" "Mozilla/5.0 (compatible; AhrefsBot/7.0; +http://ahrefs.com/robot/)"
66.249.79.2 - - [18/Jul/2025:05:21:59 +0000] "GET /item/via12385936/ HTTP/1.1" 200 39840 "-" "Mozilla/5.0 (Linux; Android 6.0.1; Nexus 5X Build/MMB29P) AppleWebKit/537.36 (KHTML, like Gecko) Chrome/137.0.7151.103 Mobile Safari/537.36 (compatible; Googlebot/2.1; +http://www.google.com/bot.html)"
66.249.79.3 - - [18/Jul/2025:05:25:16 +0000] "GET /item/hello20181721/ HTTP/1.1" 200 40066 "-" "Mozilla/5.0 (Linux; Android 6.0.1; Nexus 5X Build/MMB29P) AppleWebKit/537.36 (KHTML, like Gecko) Chrome/137.0.7151.103 Mobile Safari/537.36 (compatible; Googlebot/2.1; +http://www.google.com/bot.html)"
209.74.77.214 - - [18/Jul/2025:05:38:49 +0000] "POST /wp-cron.php?doing_wp_cron=1752817129.7482349872589111328125 HTTP/1.1" 200 - "-" "WordPress/6.8.2; https://abl.academy"
54.36.148.47 - - [18/Jul/2025:05:38:48 +0000] "GET /item/disor61778117/ HTTP/1.1" 404 9560 "-" "Mozilla/5.0 (compatible; AhrefsBot/7.0; +http://ahrefs.com/robot/)"
66.249.79.2 - - [18/Jul/2025:05:41:56 +0000] "GET /item/fligh30825322/ HTTP/1.1" 200 40257 "-" "Mozilla/5.0 (Linux; Android 6.0.1; Nexus 5X Build/MMB29P) AppleWebKit/537.36 (KHTML, like Gecko) Chrome/137.0.7151.103 Mobile Safari/537.36 (compatible; Googlebot/2.1; +http://www.google.com/bot.html)"
66.249.79.3 - - [18/Jul/2025:05:42:10 +0000] "POST /get-message-notify HTTP/1.1" 200 40367 "http://abl.academy/item/fligh30825322/" "Mozilla/5.0 (Linux; Android 6.0.1; Nexus 5X Build/MMB29P) AppleWebKit/537.36 (KHTML, like Gecko) Chrome/137.0.7151.119 Mobile Safari/537.36 (compatible; Googlebot/2.1; +http://www.google.com/bot.html)"
209.74.77.214 - - [18/Jul/2025:05:43:45 +0000] "POST /wp-cron.php?doing_wp_cron=1752817425.2829229831695556640625 HTTP/1.1" 200 - "-" "WordPress/6.8.2; https://abl.academy"
158.62.55.213 - - [18/Jul/2025:05:43:43 +0000] "GET /wp-content/plugins/frontend-login-and-registration-blocks/readme.txt HTTP/1.1" 404 9559 "-" "Mozilla/5.0 (Windows NT 6.1; WOW64) AppleWebKit/537.36 (KHTML, like Gecko) Chrome/41.0.2225.0 Safari/537.36"
209.74.77.214 - - [18/Jul/2025:05:46:47 +0000] "POST /wp-cron.php?doing_wp_cron=1752817607.9521269798278808593750 HTTP/1.1" 200 - "-" "WordPress/6.8.2; https://abl.academy"
54.36.148.132 - - [18/Jul/2025:05:46:47 +0000] "GET /item/do82149703/ HTTP/1.1" 404 9560 "-" "Mozilla/5.0 (compatible; AhrefsBot/7.0; +http://ahrefs.com/robot/)"
66.249.79.2 - - [18/Jul/2025:05:48:49 +0000] "GET /sitemapm.xml HTTP/1.1" 200 15141 "-" "Mozilla/5.0 (compatible; Googlebot/2.1; +http://www.google.com/bot.html)"
209.74.77.214 - - [18/Jul/2025:05:54:56 +0000] "POST /wp-cron.php?doing_wp_cron=1752818096.1160280704498291015625 HTTP/1.1" 200 - "-" "WordPress/6.8.2; https://abl.academy"
54.36.149.91 - - [18/Jul/2025:05:54:54 +0000] "GET /item/envy80410567/ HTTP/1.1" 404 9560 "-" "Mozilla/5.0 (compatible; AhrefsBot/7.0; +http://ahrefs.com/robot/)"
209.74.77.214 - - [18/Jul/2025:06:03:12 +0000] "POST /wp-cron.php?doing_wp_cron=1752818592.1600780487060546875000 HTTP/1.1" 200 - "-" "WordPress/6.8.2; https://abl.academy"
54.36.148.99 - - [18/Jul/2025:06:03:10 +0000] "GET /item/exit22811593/ HTTP/1.1" 404 9559 "-" "Mozilla/5.0 (compatible; AhrefsBot/7.0; +http://ahrefs.com/robot/)"
66.249.79.2 - - [18/Jul/2025:06:03:39 +0000] "GET /item/biolo62985533/ HTTP/1.1" 200 40630 "-" "Mozilla/5.0 (Linux; Android 6.0.1; Nexus 5X Build/MMB29P) AppleWebKit/537.36 (KHTML, like Gecko) Chrome/137.0.7151.103 Mobile Safari/537.36 (compatible; Googlebot/2.1; +http://www.google.com/bot.html)"
209.74.77.214 - - [18/Jul/2025:06:11:30 +0000] "POST /wp-cron.php?doing_wp_cron=1752819090.2288310527801513671875 HTTP/1.1" 200 - "-" "WordPress/6.8.2; https://abl.academy"
54.36.149.28 - - [18/Jul/2025:06:11:28 +0000] "GET /item/feed72029494/ HTTP/1.1" 404 9559 "-" "Mozilla/5.0 (compatible; AhrefsBot/7.0; +http://ahrefs.com/robot/)"
54.36.148.62 - - [18/Jul/2025:06:19:49 +0000] "GET /item/fortu40949867/ HTTP/1.1" 404 9560 "-" "Mozilla/5.0 (compatible; AhrefsBot/7.0; +http://ahrefs.com/robot/)"
209.74.77.214 - - [18/Jul/2025:06:47:40 +0000] "POST /wp-cron.php?doing_wp_cron=1752821260.9179010391235351562500 HTTP/1.1" 200 - "-" "WordPress/6.8.2; https://abl.academy"
212.34.141.234 - - [18/Jul/2025:06:47:39 +0000] "GET /lms-wordpress-plugin/ HTTP/1.0" 200 69368 "http://abl.academy/lms-wordpress-plugin/" "Mozilla/5.0 (Windows NT 10.0; Win64; x64) AppleWebKit/537.36 (KHTML, like Gecko) Chrome/130.0.0.0 Safari/537.36 CCleaner/130.0.0.0"
212.34.141.234 - - [18/Jul/2025:06:47:41 +0000] "POST /wp-comments-post.php HTTP/1.0" 302 - "http://abl.academy/lms-wordpress-plugin/" "Mozilla/5.0 (Windows NT 10.0; Win64; x64) AppleWebKit/537.36 (KHTML, like Gecko) Chrome/130.0.0.0 Safari/537.36 CCleaner/130.0.0.0"
66.249.79.2 - - [18/Jul/2025:07:10:18 +0000] "GET /item/ninet31708002/ HTTP/1.1" 200 40053 "-" "Mozilla/5.0 (Linux; Android 6.0.1; Nexus 5X Build/MMB29P) AppleWebKit/537.36 (KHTML, like Gecko) Chrome/137.0.7151.103 Mobile Safari/537.36 (compatible; Googlebot/2.1; +http://www.google.com/bot.html)"
66.249.79.2 - - [18/Jul/2025:07:10:21 +0000] "GET /item/curl10247080/ HTTP/1.1" 200 41067 "-" "Mozilla/5.0 (Linux; Android 6.0.1; Nexus 5X Build/MMB29P) AppleWebKit/537.36 (KHTML, like Gecko) Chrome/137.0.7151.103 Mobile Safari/537.36 (compatible; Googlebot/2.1; +http://www.google.com/bot.html)"
66.249.79.2 - - [18/Jul/2025:07:10:24 +0000] "GET /item/amusi72870270/ HTTP/1.1" 200 40428 "-" "Mozilla/5.0 (Linux; Android 6.0.1; Nexus 5X Build/MMB29P) AppleWebKit/537.36 (KHTML, like Gecko) Chrome/137.0.7151.103 Mobile Safari/537.36 (compatible; Googlebot/2.1; +http://www.google.com/bot.html)"
66.249.79.3 - - [18/Jul/2025:07:10:27 +0000] "GET /item/basin61838941/ HTTP/1.1" 200 39953 "-" "Mozilla/5.0 (Linux; Android 6.0.1; Nexus 5X Build/MMB29P) AppleWebKit/537.36 (KHTML, like Gecko) Chrome/137.0.7151.103 Mobile Safari/537.36 (compatible; Googlebot/2.1; +http://www.google.com/bot.html)"
66.249.79.3 - - [18/Jul/2025:07:10:32 +0000] "GET /item/float50731076/ HTTP/1.1" 200 40090 "-" "Mozilla/5.0 (Linux; Android 6.0.1; Nexus 5X Build/MMB29P) AppleWebKit/537.36 (KHTML, like Gecko) Chrome/137.0.7151.103 Mobile Safari/537.36 (compatible; Googlebot/2.1; +http://www.google.com/bot.html)"
66.249.79.3 - - [18/Jul/2025:07:10:36 +0000] "GET /item/innoc51945908/ HTTP/1.1" 200 40425 "-" "Mozilla/5.0 (Linux; Android 6.0.1; Nexus 5X Build/MMB29P) AppleWebKit/537.36 (KHTML, like Gecko) Chrome/137.0.7151.103 Mobile Safari/537.36 (compatible; Googlebot/2.1; +http://www.google.com/bot.html)"
66.249.79.3 - - [18/Jul/2025:07:10:36 +0000] "POST /get-message-notify HTTP/1.1" 200 40379 "http://abl.academy/item/amusi72870270/" "Mozilla/5.0 (Linux; Android 6.0.1; Nexus 5X Build/MMB29P) AppleWebKit/537.36 (KHTML, like Gecko) Chrome/137.0.7151.119 Mobile Safari/537.36 (compatible; Googlebot/2.1; +http://www.google.com/bot.html)"
66.249.79.2 - - [18/Jul/2025:07:10:39 +0000] "GET /item/kilom11297248/ HTTP/1.1" 200 40300 "-" "Mozilla/5.0 (Linux; Android 6.0.1; Nexus 5X Build/MMB29P) AppleWebKit/537.36 (KHTML, like Gecko) Chrome/137.0.7151.103 Mobile Safari/537.36 (compatible; Googlebot/2.1; +http://www.google.com/bot.html)"
66.249.79.2 - - [18/Jul/2025:07:10:40 +0000] "POST /get-message-notify HTTP/1.1" 200 40310 "http://abl.academy/item/innoc51945908/" "Mozilla/5.0 (Linux; Android 6.0.1; Nexus 5X Build/MMB29P) AppleWebKit/537.36 (KHTML, like Gecko) Chrome/137.0.7151.119 Mobile Safari/537.36 (compatible; Googlebot/2.1; +http://www.google.com/bot.html)"
66.249.79.2 - - [18/Jul/2025:07:10:43 +0000] "GET /item/repub42119227/ HTTP/1.1" 200 40316 "-" "Mozilla/5.0 (Linux; Android 6.0.1; Nexus 5X Build/MMB29P) AppleWebKit/537.36 (KHTML, like Gecko) Chrome/137.0.7151.103 Mobile Safari/537.36 (compatible; Googlebot/2.1; +http://www.google.com/bot.html)"
66.249.79.2 - - [18/Jul/2025:07:10:45 +0000] "GET /item/miss82736375/ HTTP/1.1" 200 39885 "-" "Mozilla/5.0 (Linux; Android 6.0.1; Nexus 5X Build/MMB29P) AppleWebKit/537.36 (KHTML, like Gecko) Chrome/137.0.7151.103 Mobile Safari/537.36 (compatible; Googlebot/2.1; +http://www.google.com/bot.html)"
66.249.79.3 - - [18/Jul/2025:07:10:46 +0000] "GET /item/tomat80604903/ HTTP/1.1" 200 40702 "-" "Mozilla/5.0 (Linux; Android 6.0.1; Nexus 5X Build/MMB29P) AppleWebKit/537.36 (KHTML, like Gecko) Chrome/137.0.7151.103 Mobile Safari/537.36 (compatible; Googlebot/2.1; +http://www.google.com/bot.html)"
66.249.79.4 - - [18/Jul/2025:07:10:49 +0000] "GET /item/shell82893575/ HTTP/1.1" 200 40139 "-" "Mozilla/5.0 (Linux; Android 6.0.1; Nexus 5X Build/MMB29P) AppleWebKit/537.36 (KHTML, like Gecko) Chrome/137.0.7151.103 Mobile Safari/537.36 (compatible; Googlebot/2.1; +http://www.google.com/bot.html)"
66.249.79.2 - - [18/Jul/2025:07:10:52 +0000] "GET /item/grief72518070/ HTTP/1.1" 200 40699 "-" "Mozilla/5.0 (Linux; Android 6.0.1; Nexus 5X Build/MMB29P) AppleWebKit/537.36 (KHTML, like Gecko) Chrome/137.0.7151.103 Mobile Safari/537.36 (compatible; Googlebot/2.1; +http://www.google.com/bot.html)"
66.249.79.4 - - [18/Jul/2025:07:10:56 +0000] "GET /item/gambl12001824/ HTTP/1.1" 200 39938 "-" "Mozilla/5.0 (Linux; Android 6.0.1; Nexus 5X Build/MMB29P) AppleWebKit/537.36 (KHTML, like Gecko) Chrome/137.0.7151.103 Mobile Safari/537.36 (compatible; Googlebot/2.1; +http://www.google.com/bot.html)"
66.249.79.3 - - [18/Jul/2025:07:10:59 +0000] "GET /item/gown32598794/ HTTP/1.1" 200 40172 "-" "Mozilla/5.0 (Linux; Android 6.0.1; Nexus 5X Build/MMB29P) AppleWebKit/537.36 (KHTML, like Gecko) Chrome/137.0.7151.103 Mobile Safari/537.36 (compatible; Googlebot/2.1; +http://www.google.com/bot.html)"
66.249.79.3 - - [18/Jul/2025:07:11:02 +0000] "GET /item/early31313154/ HTTP/1.1" 200 40016 "-" "Mozilla/5.0 (Linux; Android 6.0.1; Nexus 5X Build/MMB29P) AppleWebKit/537.36 (KHTML, like Gecko) Chrome/137.0.7151.103 Mobile Safari/537.36 (compatible; Googlebot/2.1; +http://www.google.com/bot.html)"
66.249.79.2 - - [18/Jul/2025:07:11:04 +0000] "POST /get-message-notify HTTP/1.1" 200 40336 "http://abl.academy/item/early31313154/" "Mozilla/5.0 (Linux; Android 6.0.1; Nexus 5X Build/MMB29P) AppleWebKit/537.36 (KHTML, like Gecko) Chrome/137.0.7151.119 Mobile Safari/537.36 (compatible; Googlebot/2.1; +http://www.google.com/bot.html)"
66.249.79.3 - - [18/Jul/2025:07:11:06 +0000] "GET /item/pose42522179/ HTTP/1.1" 200 40131 "-" "Mozilla/5.0 (Linux; Android 6.0.1; Nexus 5X Build/MMB29P) AppleWebKit/537.36 (KHTML, like Gecko) Chrome/137.0.7151.103 Mobile Safari/537.36 (compatible; Googlebot/2.1; +http://www.google.com/bot.html)"
66.249.79.2 - - [18/Jul/2025:07:11:09 +0000] "GET /item/stude20124489/ HTTP/1.1" 200 40002 "-" "Mozilla/5.0 (Linux; Android 6.0.1; Nexus 5X Build/MMB29P) AppleWebKit/537.36 (KHTML, like Gecko) Chrome/137.0.7151.103 Mobile Safari/537.36 (compatible; Googlebot/2.1; +http://www.google.com/bot.html)"
66.249.79.2 - - [18/Jul/2025:07:11:13 +0000] "GET /item/swim60361405/ HTTP/1.1" 200 39953 "-" "Mozilla/5.0 (Linux; Android 6.0.1; Nexus 5X Build/MMB29P) AppleWebKit/537.36 (KHTML, like Gecko) Chrome/137.0.7151.103 Mobile Safari/537.36 (compatible; Googlebot/2.1; +http://www.google.com/bot.html)"
66.249.79.2 - - [18/Jul/2025:07:11:14 +0000] "GET /item/panel70974742/ HTTP/1.1" 200 39958 "-" "Mozilla/5.0 (Linux; Android 6.0.1; Nexus 5X Build/MMB29P) AppleWebKit/537.36 (KHTML, like Gecko) Chrome/137.0.7151.103 Mobile Safari/537.36 (compatible; Googlebot/2.1; +http://www.google.com/bot.html)"
66.249.79.2 - - [18/Jul/2025:07:11:17 +0000] "GET /item/bounc80542839/ HTTP/1.1" 200 40027 "-" "Mozilla/5.0 (Linux; Android 6.0.1; Nexus 5X Build/MMB29P) AppleWebKit/537.36 (KHTML, like Gecko) Chrome/137.0.7151.103 Mobile Safari/537.36 (compatible; Googlebot/2.1; +http://www.google.com/bot.html)"
66.249.79.2 - - [18/Jul/2025:07:11:21 +0000] "GET /item/maze32159858/ HTTP/1.1" 200 40226 "-" "Mozilla/5.0 (Linux; Android 6.0.1; Nexus 5X Build/MMB29P) AppleWebKit/537.36 (KHTML, like Gecko) Chrome/137.0.7151.103 Mobile Safari/537.36 (compatible; Googlebot/2.1; +http://www.google.com/bot.html)"
66.249.79.2 - - [18/Jul/2025:07:11:24 +0000] "GET /item/socce20077673/ HTTP/1.1" 200 39857 "-" "Mozilla/5.0 (Linux; Android 6.0.1; Nexus 5X Build/MMB29P) AppleWebKit/537.36 (KHTML, like Gecko) Chrome/137.0.7151.103 Mobile Safari/537.36 (compatible; Googlebot/2.1; +http://www.google.com/bot.html)"
66.249.79.2 - - [18/Jul/2025:07:11:27 +0000] "GET /item/sulph81034711/ HTTP/1.1" 200 40038 "-" "Mozilla/5.0 (Linux; Android 6.0.1; Nexus 5X Build/MMB29P) AppleWebKit/537.36 (KHTML, like Gecko) Chrome/137.0.7151.103 Mobile Safari/537.36 (compatible; Googlebot/2.1; +http://www.google.com/bot.html)"
66.249.79.3 - - [18/Jul/2025:07:11:30 +0000] "GET /item/stiff62522821/ HTTP/1.1" 200 40101 "-" "Mozilla/5.0 (Linux; Android 6.0.1; Nexus 5X Build/MMB29P) AppleWebKit/537.36 (KHTML, like Gecko) Chrome/137.0.7151.103 Mobile Safari/537.36 (compatible; Googlebot/2.1; +http://www.google.com/bot.html)"
