Current File : /home/kelaby89/access-logs/abl.academy.sixpack.studio
66.249.65.204 - - [17/Jul/2025:12:19:56 +0000] "GET /item/go72775134/ HTTP/1.1" 200 39966 "-" "Mozilla/5.0 (Linux; Android 6.0.1; Nexus 5X Build/MMB29P) AppleWebKit/537.36 (KHTML, like Gecko) Chrome/137.0.7151.103 Mobile Safari/537.36 (compatible; Googlebot/2.1; +http://www.google.com/bot.html)"
66.249.65.202 - - [17/Jul/2025:12:19:59 +0000] "POST /get-message-notify HTTP/1.1" 200 40351 "http://abl.academy/item/go72775134/" "Mozilla/5.0 (Linux; Android 6.0.1; Nexus 5X Build/MMB29P) AppleWebKit/537.36 (KHTML, like Gecko) Chrome/137.0.7151.119 Mobile Safari/537.36 (compatible; Googlebot/2.1; +http://www.google.com/bot.html)"
66.249.65.202 - - [17/Jul/2025:12:21:11 +0000] "GET /item/cone10295952/ HTTP/1.1" 200 40246 "-" "Mozilla/5.0 (Linux; Android 6.0.1; Nexus 5X Build/MMB29P) AppleWebKit/537.36 (KHTML, like Gecko) Chrome/137.0.7151.103 Mobile Safari/537.36 (compatible; Googlebot/2.1; +http://www.google.com/bot.html)"
66.249.65.203 - - [17/Jul/2025:12:33:06 +0000] "GET /sitemaph.xml HTTP/1.1" 200 18281 "-" "Mozilla/5.0 (compatible; Googlebot/2.1; +http://www.google.com/bot.html)"
66.249.65.203 - - [17/Jul/2025:12:35:20 +0000] "GET /item/super22088409/ HTTP/1.1" 200 39854 "-" "Mozilla/5.0 (Linux; Android 6.0.1; Nexus 5X Build/MMB29P) AppleWebKit/537.36 (KHTML, like Gecko) Chrome/137.0.7151.103 Mobile Safari/537.36 (compatible; GoogleOther)"
216.244.66.227 - - [17/Jul/2025:12:39:37 +0000] "GET /robots.txt HTTP/1.1" 200 285 "-" "Mozilla/5.0 (compatible; DotBot/1.2; +https://opensiteexplorer.org/dotbot; [email protected])"
209.74.77.214 - - [17/Jul/2025:12:48:11 +0000] "POST /wp-cron.php?doing_wp_cron=1752756491.1979289054870605468750 HTTP/1.1" 200 - "-" "WordPress/6.8.2; https://abl.academy"
216.244.66.227 - - [17/Jul/2025:12:48:08 +0000] "GET / HTTP/1.1" 301 - "-" "Mozilla/5.0 (compatible; DotBot/1.2; +https://opensiteexplorer.org/dotbot; [email protected])"
66.249.65.202 - - [17/Jul/2025:13:06:38 +0000] "GET /item/asian70588790/ HTTP/1.1" 200 39904 "-" "Mozilla/5.0 (Linux; Android 6.0.1; Nexus 5X Build/MMB29P) AppleWebKit/537.36 (KHTML, like Gecko) Chrome/137.0.7151.103 Mobile Safari/537.36 (compatible; Googlebot/2.1; +http://www.google.com/bot.html)"
66.249.65.202 - - [17/Jul/2025:13:07:27 +0000] "GET /item/rank71681686/ HTTP/1.1" 200 40276 "-" "Mozilla/5.0 (Linux; Android 6.0.1; Nexus 5X Build/MMB29P) AppleWebKit/537.36 (KHTML, like Gecko) Chrome/137.0.7151.103 Mobile Safari/537.36 (compatible; Googlebot/2.1; +http://www.google.com/bot.html)"
209.74.77.214 - - [17/Jul/2025:13:07:34 +0000] "POST /wp-cron.php?doing_wp_cron=1752757654.9757030010223388671875 HTTP/1.1" 200 - "-" "WordPress/6.8.2; https://abl.academy"
5.175.234.59 - - [17/Jul/2025:13:07:32 +0000] "GET /memberfuns.php HTTP/1.1" 404 44350 "-" "-"
5.175.234.59 - - [17/Jul/2025:13:07:35 +0000] "GET /wp-content/memberfuns.php HTTP/1.1" 404 44350 "-" "-"
5.175.234.59 - - [17/Jul/2025:13:07:35 +0000] "GET /wp-admin/memberfuns.php HTTP/1.1" 404 44350 "-" "-"
5.175.234.59 - - [17/Jul/2025:13:07:35 +0000] "GET /delpaths.php HTTP/1.1" 404 44350 "-" "-"
5.175.234.59 - - [17/Jul/2025:13:07:35 +0000] "GET /gdftps.php HTTP/1.1" 404 44350 "-" "-"
5.175.234.59 - - [17/Jul/2025:13:07:36 +0000] "GET /inputs.php HTTP/1.1" 404 44350 "-" "-"
5.175.234.59 - - [17/Jul/2025:13:07:36 +0000] "GET /adminfuns.php HTTP/1.1" 404 44350 "-" "-"
5.175.234.59 - - [17/Jul/2025:13:07:36 +0000] "GET /classfuns.php HTTP/1.1" 404 44350 "-" "-"
5.175.234.59 - - [17/Jul/2025:13:07:36 +0000] "GET /thoms.php HTTP/1.1" 404 44350 "-" "-"
5.175.234.59 - - [17/Jul/2025:13:07:36 +0000] "GET /filefuns.php HTTP/1.1" 404 44350 "-" "-"
5.175.234.59 - - [17/Jul/2025:13:07:37 +0000] "GET /tempfuns.php HTTP/1.1" 404 44350 "-" "-"
5.175.234.59 - - [17/Jul/2025:13:07:37 +0000] "GET /termps.php HTTP/1.1" 404 44350 "-" "-"
5.175.234.59 - - [17/Jul/2025:13:07:37 +0000] "GET /hplfuns.php HTTP/1.1" 404 44350 "-" "-"
5.175.234.59 - - [17/Jul/2025:13:07:37 +0000] "GET /wp-content/hplfuns.php HTTP/1.1" 404 44350 "-" "-"
5.175.234.59 - - [17/Jul/2025:13:07:37 +0000] "GET /wp-admin/userfuns.php HTTP/1.1" 404 44350 "-" "-"
66.249.65.203 - - [17/Jul/2025:13:12:43 +0000] "GET /item/found41405387/ HTTP/1.1" 200 40070 "-" "Mozilla/5.0 (Linux; Android 6.0.1; Nexus 5X Build/MMB29P) AppleWebKit/537.36 (KHTML, like Gecko) Chrome/137.0.7151.103 Mobile Safari/537.36 (compatible; Googlebot/2.1; +http://www.google.com/bot.html)"
66.249.65.202 - - [17/Jul/2025:13:13:33 +0000] "POST /get-message-notify HTTP/1.1" 200 40282 "http://abl.academy/item/found41405387/" "Mozilla/5.0 (Linux; Android 6.0.1; Nexus 5X Build/MMB29P) AppleWebKit/537.36 (KHTML, like Gecko) Chrome/137.0.7151.119 Mobile Safari/537.36 (compatible; Googlebot/2.1; +http://www.google.com/bot.html)"
66.249.65.203 - - [17/Jul/2025:13:15:30 +0000] "GET /item/celeb40972971/ HTTP/1.1" 200 39779 "-" "Mozilla/5.0 (Linux; Android 6.0.1; Nexus 5X Build/MMB29P) AppleWebKit/537.36 (KHTML, like Gecko) Chrome/137.0.7151.103 Mobile Safari/537.36 (compatible; Googlebot/2.1; +http://www.google.com/bot.html)"
66.249.65.203 - - [17/Jul/2025:13:15:51 +0000] "GET /item/via11893936/ HTTP/1.1" 200 40429 "-" "Mozilla/5.0 (Linux; Android 6.0.1; Nexus 5X Build/MMB29P) AppleWebKit/537.36 (KHTML, like Gecko) Chrome/137.0.7151.103 Mobile Safari/537.36 (compatible; Googlebot/2.1; +http://www.google.com/bot.html)"
209.74.77.214 - - [17/Jul/2025:13:16:10 +0000] "POST /wp-cron.php?doing_wp_cron=1752758170.4830980300903320312500 HTTP/1.1" 200 - "-" "WordPress/6.8.2; https://abl.academy"
43.159.136.201 - - [17/Jul/2025:13:16:08 +0000] "GET / HTTP/1.1" 301 - "-" "Mozilla/5.0 (iPhone; CPU iPhone OS 13_2_3 like Mac OS X) AppleWebKit/605.1.15 (KHTML, like Gecko) Version/13.0.3 Mobile/15E148 Safari/604.1"
66.249.65.204 - - [17/Jul/2025:13:18:40 +0000] "GET /item/scare62109781/ HTTP/1.1" 200 39860 "-" "Mozilla/5.0 (Linux; Android 6.0.1; Nexus 5X Build/MMB29P) AppleWebKit/537.36 (KHTML, like Gecko) Chrome/137.0.7151.103 Mobile Safari/537.36 (compatible; Googlebot/2.1; +http://www.google.com/bot.html)"
66.249.65.202 - - [17/Jul/2025:13:18:44 +0000] "POST /get-message-notify HTTP/1.1" 200 40377 "http://abl.academy/item/scare62109781/" "Mozilla/5.0 (Linux; Android 6.0.1; Nexus 5X Build/MMB29P) AppleWebKit/537.36 (KHTML, like Gecko) Chrome/137.0.7151.119 Mobile Safari/537.36 (compatible; Googlebot/2.1; +http://www.google.com/bot.html)"
118.195.153.213 - - [17/Jul/2025:13:23:36 +0000] "GET / HTTP/1.1" 301 - "-" "Mozilla/5.0 (iPhone; CPU iPhone OS 13_2_3 like Mac OS X) AppleWebKit/605.1.15 (KHTML, like Gecko) Version/13.0.3 Mobile/15E148 Safari/604.1"
209.74.77.214 - - [17/Jul/2025:13:26:32 +0000] "POST /wp-cron.php?doing_wp_cron=1752758792.0925149917602539062500 HTTP/1.1" 200 - "-" "WordPress/6.8.2; https://abl.academy"
43.157.191.20 - - [17/Jul/2025:13:26:30 +0000] "GET / HTTP/1.1" 301 - "-" "Mozilla/5.0 (iPhone; CPU iPhone OS 13_2_3 like Mac OS X) AppleWebKit/605.1.15 (KHTML, like Gecko) Version/13.0.3 Mobile/15E148 Safari/604.1"
209.74.77.214 - - [17/Jul/2025:13:36:18 +0000] "POST /wp-cron.php?doing_wp_cron=1752759378.2042529582977294921875 HTTP/1.1" 200 - "-" "WordPress/6.8.2; https://abl.academy"
44.246.159.81 - - [17/Jul/2025:13:36:16 +0000] "GET / HTTP/1.1" 301 - "-" "Mozilla/5.0 (Macintosh; Intel Mac OS X 10_15_7) AppleWebKit/537.36 (KHTML, like Gecko) Chrome/113.0.0.0 Safari/537.36"
66.249.79.3 - - [17/Jul/2025:13:55:22 +0000] "GET /item/disab11089624/ HTTP/1.1" 200 40191 "-" "Mozilla/5.0 (Linux; Android 6.0.1; Nexus 5X Build/MMB29P) AppleWebKit/537.36 (KHTML, like Gecko) Chrome/137.0.7151.103 Mobile Safari/537.36 (compatible; GoogleOther)"
66.249.79.3 - - [17/Jul/2025:13:55:29 +0000] "GET /sitemapn.xml HTTP/1.1" 200 18645 "-" "Mozilla/5.0 (compatible; Googlebot/2.1; +http://www.google.com/bot.html)"
66.249.79.4 - - [17/Jul/2025:14:08:33 +0000] "GET /item/mothe11576160/ HTTP/1.1" 200 40320 "-" "Mozilla/5.0 (Linux; Android 6.0.1; Nexus 5X Build/MMB29P) AppleWebKit/537.36 (KHTML, like Gecko) Chrome/137.0.7151.103 Mobile Safari/537.36 (compatible; Googlebot/2.1; +http://www.google.com/bot.html)"
66.249.79.4 - - [17/Jul/2025:14:10:08 +0000] "GET /item/globa51415716/ HTTP/1.1" 200 39953 "-" "Mozilla/5.0 (Linux; Android 6.0.1; Nexus 5X Build/MMB29P) AppleWebKit/537.36 (KHTML, like Gecko) Chrome/137.0.7151.103 Mobile Safari/537.36 (compatible; Googlebot/2.1; +http://www.google.com/bot.html)"
66.249.79.2 - - [17/Jul/2025:14:10:20 +0000] "POST /get-message-notify HTTP/1.1" 200 40412 "http://abl.academy/item/globa51415716/" "Mozilla/5.0 (Linux; Android 6.0.1; Nexus 5X Build/MMB29P) AppleWebKit/537.36 (KHTML, like Gecko) Chrome/137.0.7151.119 Mobile Safari/537.36 (compatible; Googlebot/2.1; +http://www.google.com/bot.html)"
209.74.77.214 - - [17/Jul/2025:14:11:45 +0000] "POST /wp-cron.php?doing_wp_cron=1752761505.2781579494476318359375 HTTP/1.1" 200 - "-" "WordPress/6.8.2; https://abl.academy"
103.159.188.126 - - [17/Jul/2025:14:11:42 +0000] "GET / HTTP/1.1" 301 - "-" "-"
66.249.79.2 - - [17/Jul/2025:14:21:13 +0000] "GET /item/storm40124787/ HTTP/1.1" 200 39756 "-" "Mozilla/5.0 (Linux; Android 6.0.1; Nexus 5X Build/MMB29P) AppleWebKit/537.36 (KHTML, like Gecko) Chrome/137.0.7151.103 Mobile Safari/537.36 (compatible; Googlebot/2.1; +http://www.google.com/bot.html)"
66.249.79.2 - - [17/Jul/2025:14:34:22 +0000] "GET /item/unint81934127/ HTTP/1.1" 200 40534 "-" "Mozilla/5.0 (Linux; Android 6.0.1; Nexus 5X Build/MMB29P) AppleWebKit/537.36 (KHTML, like Gecko) Chrome/137.0.7151.103 Mobile Safari/537.36 (compatible; Googlebot/2.1; +http://www.google.com/bot.html)"
66.249.79.3 - - [17/Jul/2025:14:35:47 +0000] "GET /sitemap.xml HTTP/1.1" 200 198 "-" "Mozilla/5.0 (compatible; Googlebot/2.1; +http://www.google.com/bot.html)"
66.249.79.3 - - [17/Jul/2025:14:48:50 +0000] "GET /item/roast50582452/ HTTP/1.1" 200 40846 "-" "Mozilla/5.0 (Linux; Android 6.0.1; Nexus 5X Build/MMB29P) AppleWebKit/537.36 (KHTML, like Gecko) Chrome/137.0.7151.103 Mobile Safari/537.36 (compatible; Googlebot/2.1; +http://www.google.com/bot.html)"
66.249.79.2 - - [17/Jul/2025:14:55:04 +0000] "POST /get-message-notify HTTP/1.1" 200 40327 "http://abl.academy/item/roast50582452/" "Mozilla/5.0 (Linux; Android 6.0.1; Nexus 5X Build/MMB29P) AppleWebKit/537.36 (KHTML, like Gecko) Chrome/137.0.7151.119 Mobile Safari/537.36 (compatible; Googlebot/2.1; +http://www.google.com/bot.html)"
66.249.79.2 - - [17/Jul/2025:15:07:31 +0000] "GET /sitemapb.xml HTTP/1.1" 200 17073 "-" "Mozilla/5.0 (compatible; Googlebot/2.1; +http://www.google.com/bot.html)"
66.249.79.2 - - [17/Jul/2025:16:01:34 +0000] "GET /sitemapk.xml HTTP/1.1" 200 12251 "-" "Mozilla/5.0 (compatible; Googlebot/2.1; +http://www.google.com/bot.html)"
66.249.79.3 - - [17/Jul/2025:16:13:30 +0000] "GET /item/resid50082052/ HTTP/1.1" 200 39930 "-" "Mozilla/5.0 (compatible; Googlebot/2.1; +http://www.google.com/bot.html)"
66.249.79.2 - - [17/Jul/2025:16:21:29 +0000] "GET /shadow.php?sitemap.xml HTTP/1.1" 403 198 "-" "Mozilla/5.0 (compatible; Googlebot/2.1; +http://www.google.com/bot.html)"
209.74.77.214 - - [17/Jul/2025:16:38:39 +0000] "POST /wp-cron.php?doing_wp_cron=1752770319.4892940521240234375000 HTTP/1.1" 200 - "-" "WordPress/6.8.2; https://abl.academy"
124.222.142.44 - - [17/Jul/2025:16:38:37 +0000] "GET / HTTP/1.1" 301 - "-" "Mozilla/5.0 (iPhone; CPU iPhone OS 13_2_3 like Mac OS X) AppleWebKit/605.1.15 (KHTML, like Gecko) Version/13.0.3 Mobile/15E148 Safari/604.1"
209.74.77.214 - - [17/Jul/2025:16:39:17 +0000] "POST /wp-cron.php?doing_wp_cron=1752770357.8112909793853759765625 HTTP/1.1" 200 - "-" "WordPress/6.8.2; https://abl.academy"
47.79.241.160 - - [17/Jul/2025:16:39:16 +0000] "GET / HTTP/1.1" 301 - "http://www.abl.academy" "Mozilla/5.0 (Windows NT 10.0; Win64; x64) AppleWebKit/537.36 (KHTML, like Gecko) Chrome/114.0.0.0 Safari/537.36 Edg/114.0.1823.43"
66.249.79.3 - - [17/Jul/2025:16:55:34 +0000] "GET /item/dange60732853/ HTTP/1.1" 200 40005 "-" "Mozilla/5.0 (Linux; Android 6.0.1; Nexus 5X Build/MMB29P) AppleWebKit/537.36 (KHTML, like Gecko) Chrome/137.0.7151.103 Mobile Safari/537.36 (compatible; Googlebot/2.1; +http://www.google.com/bot.html)"
66.249.79.3 - - [17/Jul/2025:17:08:14 +0000] "GET /item/freez42957747/ HTTP/1.1" 200 40270 "-" "Mozilla/5.0 (Linux; Android 6.0.1; Nexus 5X Build/MMB29P) AppleWebKit/537.36 (KHTML, like Gecko) Chrome/137.0.7151.103 Mobile Safari/537.36 (compatible; Googlebot/2.1; +http://www.google.com/bot.html)"
66.249.79.2 - - [17/Jul/2025:17:08:28 +0000] "GET /item/indef31174786/ HTTP/1.1" 200 40059 "-" "Mozilla/5.0 (Linux; Android 6.0.1; Nexus 5X Build/MMB29P) AppleWebKit/537.36 (KHTML, like Gecko) Chrome/137.0.7151.103 Mobile Safari/537.36 (compatible; Googlebot/2.1; +http://www.google.com/bot.html)"
66.249.79.2 - - [17/Jul/2025:17:08:32 +0000] "GET /item/fetch30116338/ HTTP/1.1" 200 39925 "-" "Mozilla/5.0 (Linux; Android 6.0.1; Nexus 5X Build/MMB29P) AppleWebKit/537.36 (KHTML, like Gecko) Chrome/137.0.7151.103 Mobile Safari/537.36 (compatible; Googlebot/2.1; +http://www.google.com/bot.html)"
66.249.79.2 - - [17/Jul/2025:17:08:35 +0000] "GET /item/forme51842868/ HTTP/1.1" 200 40054 "-" "Mozilla/5.0 (Linux; Android 6.0.1; Nexus 5X Build/MMB29P) AppleWebKit/537.36 (KHTML, like Gecko) Chrome/137.0.7151.103 Mobile Safari/537.36 (compatible; Googlebot/2.1; +http://www.google.com/bot.html)"
66.249.79.2 - - [17/Jul/2025:17:08:38 +0000] "POST /get-message-notify HTTP/1.1" 200 40378 "http://abl.academy/item/fetch30116338/" "Mozilla/5.0 (Linux; Android 6.0.1; Nexus 5X Build/MMB29P) AppleWebKit/537.36 (KHTML, like Gecko) Chrome/137.0.7151.119 Mobile Safari/537.36 (compatible; Googlebot/2.1; +http://www.google.com/bot.html)"
66.249.79.2 - - [17/Jul/2025:17:08:39 +0000] "GET /item/log70683406/ HTTP/1.1" 200 39989 "-" "Mozilla/5.0 (Linux; Android 6.0.1; Nexus 5X Build/MMB29P) AppleWebKit/537.36 (KHTML, like Gecko) Chrome/137.0.7151.103 Mobile Safari/537.36 (compatible; Googlebot/2.1; +http://www.google.com/bot.html)"
66.249.79.2 - - [17/Jul/2025:17:08:43 +0000] "GET /item/mouse42945547/ HTTP/1.1" 200 40270 "-" "Mozilla/5.0 (Linux; Android 6.0.1; Nexus 5X Build/MMB29P) AppleWebKit/537.36 (KHTML, like Gecko) Chrome/137.0.7151.103 Mobile Safari/537.36 (compatible; Googlebot/2.1; +http://www.google.com/bot.html)"
66.249.79.2 - - [17/Jul/2025:17:08:48 +0000] "GET /item/griev50774996/ HTTP/1.1" 200 39964 "-" "Mozilla/5.0 (Linux; Android 6.0.1; Nexus 5X Build/MMB29P) AppleWebKit/537.36 (KHTML, like Gecko) Chrome/137.0.7151.103 Mobile Safari/537.36 (compatible; Googlebot/2.1; +http://www.google.com/bot.html)"
66.249.79.2 - - [17/Jul/2025:17:08:52 +0000] "GET /item/sixty41729275/ HTTP/1.1" 200 40680 "-" "Mozilla/5.0 (Linux; Android 6.0.1; Nexus 5X Build/MMB29P) AppleWebKit/537.36 (KHTML, like Gecko) Chrome/137.0.7151.103 Mobile Safari/537.36 (compatible; Googlebot/2.1; +http://www.google.com/bot.html)"
66.249.79.2 - - [17/Jul/2025:17:08:53 +0000] "GET /item/insis22537289/ HTTP/1.1" 200 40172 "-" "Mozilla/5.0 (Linux; Android 6.0.1; Nexus 5X Build/MMB29P) AppleWebKit/537.36 (KHTML, like Gecko) Chrome/137.0.7151.103 Mobile Safari/537.36 (compatible; Googlebot/2.1; +http://www.google.com/bot.html)"
66.249.79.2 - - [17/Jul/2025:17:08:55 +0000] "GET /item/dirty70884862/ HTTP/1.1" 200 40783 "-" "Mozilla/5.0 (Linux; Android 6.0.1; Nexus 5X Build/MMB29P) AppleWebKit/537.36 (KHTML, like Gecko) Chrome/137.0.7151.103 Mobile Safari/537.36 (compatible; Googlebot/2.1; +http://www.google.com/bot.html)"
66.249.79.3 - - [17/Jul/2025:17:08:55 +0000] "POST /get-message-notify HTTP/1.1" 200 40338 "http://abl.academy/item/sixty41729275/" "Mozilla/5.0 (Linux; Android 6.0.1; Nexus 5X Build/MMB29P) AppleWebKit/537.36 (KHTML, like Gecko) Chrome/137.0.7151.119 Mobile Safari/537.36 (compatible; Googlebot/2.1; +http://www.google.com/bot.html)"
66.249.79.2 - - [17/Jul/2025:17:08:57 +0000] "GET /item/manua82578487/ HTTP/1.1" 200 41274 "-" "Mozilla/5.0 (Linux; Android 6.0.1; Nexus 5X Build/MMB29P) AppleWebKit/537.36 (KHTML, like Gecko) Chrome/137.0.7151.103 Mobile Safari/537.36 (compatible; Googlebot/2.1; +http://www.google.com/bot.html)"
66.249.79.3 - - [17/Jul/2025:17:08:58 +0000] "GET /item/websi70820918/ HTTP/1.1" 200 39855 "-" "Mozilla/5.0 (Linux; Android 6.0.1; Nexus 5X Build/MMB29P) AppleWebKit/537.36 (KHTML, like Gecko) Chrome/137.0.7151.103 Mobile Safari/537.36 (compatible; Googlebot/2.1; +http://www.google.com/bot.html)"
66.249.79.2 - - [17/Jul/2025:17:09:00 +0000] "GET /item/might20141633/ HTTP/1.1" 200 40721 "-" "Mozilla/5.0 (Linux; Android 6.0.1; Nexus 5X Build/MMB29P) AppleWebKit/537.36 (KHTML, like Gecko) Chrome/137.0.7151.103 Mobile Safari/537.36 (compatible; Googlebot/2.1; +http://www.google.com/bot.html)"
66.249.79.2 - - [17/Jul/2025:17:09:02 +0000] "GET /item/physi72468958/ HTTP/1.1" 200 41431 "-" "Mozilla/5.0 (Linux; Android 6.0.1; Nexus 5X Build/MMB29P) AppleWebKit/537.36 (KHTML, like Gecko) Chrome/137.0.7151.103 Mobile Safari/537.36 (compatible; Googlebot/2.1; +http://www.google.com/bot.html)"
66.249.79.2 - - [17/Jul/2025:17:09:02 +0000] "POST /get-message-notify HTTP/1.1" 200 40249 "http://abl.academy/item/websi70820918/" "Mozilla/5.0 (Linux; Android 6.0.1; Nexus 5X Build/MMB29P) AppleWebKit/537.36 (KHTML, like Gecko) Chrome/137.0.7151.119 Mobile Safari/537.36 (compatible; Googlebot/2.1; +http://www.google.com/bot.html)"
66.249.79.2 - - [17/Jul/2025:17:09:08 +0000] "GET /item/reinf40798211/ HTTP/1.1" 200 40374 "-" "Mozilla/5.0 (Linux; Android 6.0.1; Nexus 5X Build/MMB29P) AppleWebKit/537.36 (KHTML, like Gecko) Chrome/137.0.7151.103 Mobile Safari/537.36 (compatible; Googlebot/2.1; +http://www.google.com/bot.html)"
66.249.79.2 - - [17/Jul/2025:17:09:10 +0000] "GET /item/uncon61943029/ HTTP/1.1" 200 40086 "-" "Mozilla/5.0 (Linux; Android 6.0.1; Nexus 5X Build/MMB29P) AppleWebKit/537.36 (KHTML, like Gecko) Chrome/137.0.7151.103 Mobile Safari/537.36 (compatible; Googlebot/2.1; +http://www.google.com/bot.html)"
66.249.79.2 - - [17/Jul/2025:17:09:12 +0000] "GET /item/donat12269632/ HTTP/1.1" 200 40056 "-" "Mozilla/5.0 (Linux; Android 6.0.1; Nexus 5X Build/MMB29P) AppleWebKit/537.36 (KHTML, like Gecko) Chrome/137.0.7151.103 Mobile Safari/537.36 (compatible; Googlebot/2.1; +http://www.google.com/bot.html)"
66.249.79.2 - - [17/Jul/2025:17:09:14 +0000] "POST /get-message-notify HTTP/1.1" 200 40291 "http://abl.academy/item/reinf40798211/" "Mozilla/5.0 (Linux; Android 6.0.1; Nexus 5X Build/MMB29P) AppleWebKit/537.36 (KHTML, like Gecko) Chrome/137.0.7151.119 Mobile Safari/537.36 (compatible; Googlebot/2.1; +http://www.google.com/bot.html)"
66.249.79.2 - - [17/Jul/2025:17:09:15 +0000] "GET /item/breas80466807/ HTTP/1.1" 200 40000 "-" "Mozilla/5.0 (Linux; Android 6.0.1; Nexus 5X Build/MMB29P) AppleWebKit/537.36 (KHTML, like Gecko) Chrome/137.0.7151.103 Mobile Safari/537.36 (compatible; Googlebot/2.1; +http://www.google.com/bot.html)"
66.249.79.2 - - [17/Jul/2025:17:09:19 +0000] "GET /item/idea20804985/ HTTP/1.1" 200 39999 "-" "Mozilla/5.0 (Linux; Android 6.0.1; Nexus 5X Build/MMB29P) AppleWebKit/537.36 (KHTML, like Gecko) Chrome/137.0.7151.103 Mobile Safari/537.36 (compatible; Googlebot/2.1; +http://www.google.com/bot.html)"
66.249.79.2 - - [17/Jul/2025:17:09:22 +0000] "GET /item/witho50584020/ HTTP/1.1" 200 40142 "-" "Mozilla/5.0 (Linux; Android 6.0.1; Nexus 5X Build/MMB29P) AppleWebKit/537.36 (KHTML, like Gecko) Chrome/137.0.7151.103 Mobile Safari/537.36 (compatible; Googlebot/2.1; +http://www.google.com/bot.html)"
66.249.79.2 - - [17/Jul/2025:17:09:26 +0000] "GET /item/studi51675684/ HTTP/1.1" 200 40111 "-" "Mozilla/5.0 (Linux; Android 6.0.1; Nexus 5X Build/MMB29P) AppleWebKit/537.36 (KHTML, like Gecko) Chrome/137.0.7151.103 Mobile Safari/537.36 (compatible; Googlebot/2.1; +http://www.google.com/bot.html)"
66.249.79.2 - - [17/Jul/2025:17:09:29 +0000] "GET /item/night11300448/ HTTP/1.1" 200 39764 "-" "Mozilla/5.0 (Linux; Android 6.0.1; Nexus 5X Build/MMB29P) AppleWebKit/537.36 (KHTML, like Gecko) Chrome/137.0.7151.103 Mobile Safari/537.36 (compatible; Googlebot/2.1; +http://www.google.com/bot.html)"
66.249.79.2 - - [17/Jul/2025:17:09:33 +0000] "GET /item/death22296145/ HTTP/1.1" 200 40604 "-" "Mozilla/5.0 (Linux; Android 6.0.1; Nexus 5X Build/MMB29P) AppleWebKit/537.36 (KHTML, like Gecko) Chrome/137.0.7151.103 Mobile Safari/537.36 (compatible; Googlebot/2.1; +http://www.google.com/bot.html)"
66.249.79.2 - - [17/Jul/2025:17:09:35 +0000] "POST /get-message-notify HTTP/1.1" 200 40371 "http://abl.academy/item/insis22537289/" "Mozilla/5.0 (Linux; Android 6.0.1; Nexus 5X Build/MMB29P) AppleWebKit/537.36 (KHTML, like Gecko) Chrome/137.0.7151.119 Mobile Safari/537.36 (compatible; Googlebot/2.1; +http://www.google.com/bot.html)"
66.249.79.2 - - [17/Jul/2025:17:09:36 +0000] "GET /item/rack30071314/ HTTP/1.1" 200 40693 "-" "Mozilla/5.0 (Linux; Android 6.0.1; Nexus 5X Build/MMB29P) AppleWebKit/537.36 (KHTML, like Gecko) Chrome/137.0.7151.103 Mobile Safari/537.36 (compatible; Googlebot/2.1; +http://www.google.com/bot.html)"
66.249.79.3 - - [17/Jul/2025:17:09:39 +0000] "POST /get-message-notify HTTP/1.1" 200 40386 "http://abl.academy/item/rack30071314/" "Mozilla/5.0 (Linux; Android 6.0.1; Nexus 5X Build/MMB29P) AppleWebKit/537.36 (KHTML, like Gecko) Chrome/137.0.7151.119 Mobile Safari/537.36 (compatible; Googlebot/2.1; +http://www.google.com/bot.html)"
66.249.79.3 - - [17/Jul/2025:17:09:39 +0000] "GET /item/furna82235359/ HTTP/1.1" 200 39891 "-" "Mozilla/5.0 (Linux; Android 6.0.1; Nexus 5X Build/MMB29P) AppleWebKit/537.36 (KHTML, like Gecko) Chrome/137.0.7151.103 Mobile Safari/537.36 (compatible; Googlebot/2.1; +http://www.google.com/bot.html)"
66.249.79.2 - - [17/Jul/2025:17:09:43 +0000] "GET /item/deadl50130220/ HTTP/1.1" 200 39828 "-" "Mozilla/5.0 (Linux; Android 6.0.1; Nexus 5X Build/MMB29P) AppleWebKit/537.36 (KHTML, like Gecko) Chrome/137.0.7151.103 Mobile Safari/537.36 (compatible; Googlebot/2.1; +http://www.google.com/bot.html)"
66.249.79.3 - - [17/Jul/2025:17:12:59 +0000] "POST /get-message-notify HTTP/1.1" 200 40315 "http://abl.academy/item/indef31174786/" "Mozilla/5.0 (Linux; Android 6.0.1; Nexus 5X Build/MMB29P) AppleWebKit/537.36 (KHTML, like Gecko) Chrome/137.0.7151.119 Mobile Safari/537.36 (compatible; Googlebot/2.1; +http://www.google.com/bot.html)"
209.74.77.214 - - [17/Jul/2025:17:58:01 +0000] "POST /wp-cron.php?doing_wp_cron=1752775081.0061340332031250000000 HTTP/1.1" 200 - "-" "WordPress/6.8.2; https://abl.academy"
45.94.31.14 - - [17/Jul/2025:17:58:00 +0000] "GET /style.php HTTP/1.1" 404 9559 "-" "Mozilla/5.0 (Linux; Android 7.0; SM-G892A Build/NRD90M; wv) AppleWebKit/537.36 (KHTML, like Gecko) Version/4.0 Chrome/60.0.3112.107 Mobile Safari/537.36"
209.74.77.214 - - [17/Jul/2025:18:11:25 +0000] "POST /wp-cron.php?doing_wp_cron=1752775885.6217250823974609375000 HTTP/1.1" 200 - "-" "WordPress/6.8.2; https://abl.academy"
185.153.199.135 - - [17/Jul/2025:18:11:24 +0000] "GET /js/elfinder/php/connector.minimal.php HTTP/1.1" 404 44350 "-" "ALittle Client"
209.74.77.214 - - [17/Jul/2025:19:20:59 +0000] "POST /wp-cron.php?doing_wp_cron=1752780059.1000089645385742187500 HTTP/1.1" 200 - "-" "WordPress/6.8.2; https://abl.academy"
43.153.71.12 - - [17/Jul/2025:19:20:57 +0000] "GET / HTTP/1.1" 301 - "-" "Mozilla/5.0 (iPhone; CPU iPhone OS 13_2_3 like Mac OS X) AppleWebKit/605.1.15 (KHTML, like Gecko) Version/13.0.3 Mobile/15E148 Safari/604.1"
43.166.134.47 - - [17/Jul/2025:19:41:35 +0000] "GET / HTTP/1.1" 301 - "-" "Mozilla/5.0 (iPhone; CPU iPhone OS 13_2_3 like Mac OS X) AppleWebKit/605.1.15 (KHTML, like Gecko) Version/13.0.3 Mobile/15E148 Safari/604.1"
66.249.79.4 - - [17/Jul/2025:19:42:57 +0000] "GET /item/carto81175799/ HTTP/1.1" 200 39916 "-" "Mozilla/5.0 (Linux; Android 6.0.1; Nexus 5X Build/MMB29P) AppleWebKit/537.36 (KHTML, like Gecko) Chrome/137.0.7151.103 Mobile Safari/537.36 (compatible; Googlebot/2.1; +http://www.google.com/bot.html)"
66.249.79.2 - - [17/Jul/2025:20:02:23 +0000] "GET /item/sight40836683/ HTTP/1.1" 200 40232 "-" "Mozilla/5.0 (Linux; Android 6.0.1; Nexus 5X Build/MMB29P) AppleWebKit/537.36 (KHTML, like Gecko) Chrome/137.0.7151.103 Mobile Safari/537.36 (compatible; Googlebot/2.1; +http://www.google.com/bot.html)"
209.74.77.214 - - [17/Jul/2025:20:53:06 +0000] "POST /wp-cron.php?doing_wp_cron=1752785586.9625499248504638671875 HTTP/1.1" 200 - "-" "WordPress/6.8.2; https://abl.academy"
47.82.2.61 - - [17/Jul/2025:20:53:05 +0000] "GET / HTTP/1.1" 301 - "http://abl.academy" "Mozilla/5.0 (Windows NT 10.0; Win64; x64) AppleWebKit/537.36 (KHTML, like Gecko) Chrome/114.0.0.0 Safari/537.36 Edg/114.0.1823.43"
66.249.79.4 - - [17/Jul/2025:21:17:46 +0000] "GET /item/veloc60663637/ HTTP/1.1" 200 40188 "-" "Mozilla/5.0 (Linux; Android 6.0.1; Nexus 5X Build/MMB29P) AppleWebKit/537.36 (KHTML, like Gecko) Chrome/137.0.7151.103 Mobile Safari/537.36 (compatible; Googlebot/2.1; +http://www.google.com/bot.html)"
209.74.77.214 - - [17/Jul/2025:21:46:22 +0000] "POST /wp-cron.php?doing_wp_cron=1752788782.3895580768585205078125 HTTP/1.1" 200 - "-" "WordPress/6.8.2; https://abl.academy"
45.84.107.55 - - [17/Jul/2025:21:46:20 +0000] "GET /adminer.sql HTTP/1.1" 404 44350 "-" "Mozilla/5.0 (Windows NT 10.0; Win64; x64) AppleWebKit/537.36 (KHTML, like Gecko) Chrome/127.0.0.0 Safari/537.36 Edg/127.0.0.0"
192.42.116.178 - - [17/Jul/2025:21:46:23 +0000] "GET /bd.sql HTTP/1.1" 404 44350 "-" "Mozilla/5.0 (Windows NT 10.0; Win64; x64) AppleWebKit/537.36 (KHTML, like Gecko) Chrome/127.0.0.0 Safari/537.36 Edg/127.0.0.0"
192.42.116.178 - - [17/Jul/2025:21:46:24 +0000] "GET /migration.sql HTTP/1.1" 404 44350 "-" "Mozilla/5.0 (Windows NT 10.0; Win64; x64) AppleWebKit/537.36 (KHTML, like Gecko) Chrome/127.0.0.0 Safari/537.36 Edg/127.0.0.0"
66.249.79.2 - - [17/Jul/2025:21:49:31 +0000] "GET /item/dip60175197/ HTTP/1.1" 200 39935 "-" "Mozilla/5.0 (Linux; Android 6.0.1; Nexus 5X Build/MMB29P) AppleWebKit/537.36 (KHTML, like Gecko) Chrome/137.0.7151.103 Mobile Safari/537.36 (compatible; Googlebot/2.1; +http://www.google.com/bot.html)"
66.249.79.4 - - [17/Jul/2025:21:54:22 +0000] "GET /item/trian12431232/ HTTP/1.1" 200 39796 "-" "Mozilla/5.0 (Linux; Android 6.0.1; Nexus 5X Build/MMB29P) AppleWebKit/537.36 (KHTML, like Gecko) Chrome/137.0.7151.103 Mobile Safari/537.36 (compatible; Googlebot/2.1; +http://www.google.com/bot.html)"
66.249.79.2 - - [17/Jul/2025:21:58:59 +0000] "GET /item/headl60207013/ HTTP/1.1" 200 40045 "-" "Mozilla/5.0 (Linux; Android 6.0.1; Nexus 5X Build/MMB29P) AppleWebKit/537.36 (KHTML, like Gecko) Chrome/137.0.7151.103 Mobile Safari/537.36 (compatible; Googlebot/2.1; +http://www.google.com/bot.html)"
66.249.79.3 - - [17/Jul/2025:22:03:43 +0000] "GET /item/acid42199587/ HTTP/1.1" 200 40675 "-" "Mozilla/5.0 (Linux; Android 6.0.1; Nexus 5X Build/MMB29P) AppleWebKit/537.36 (KHTML, like Gecko) Chrome/137.0.7151.103 Mobile Safari/537.36 (compatible; Googlebot/2.1; +http://www.google.com/bot.html)"
66.249.79.3 - - [17/Jul/2025:22:05:01 +0000] "POST /get-message-notify HTTP/1.1" 200 40312 "http://abl.academy/item/acid42199587/" "Mozilla/5.0 (Linux; Android 6.0.1; Nexus 5X Build/MMB29P) AppleWebKit/537.36 (KHTML, like Gecko) Chrome/137.0.7151.119 Mobile Safari/537.36 (compatible; Googlebot/2.1; +http://www.google.com/bot.html)"
66.249.79.2 - - [17/Jul/2025:22:06:33 +0000] "GET /item/flat32613042/ HTTP/1.1" 200 40076 "-" "Mozilla/5.0 (Linux; Android 6.0.1; Nexus 5X Build/MMB29P) AppleWebKit/537.36 (KHTML, like Gecko) Chrome/137.0.7151.103 Mobile Safari/537.36 (compatible; Googlebot/2.1; +http://www.google.com/bot.html)"
118.195.165.218 - - [17/Jul/2025:22:38:39 +0000] "GET / HTTP/1.1" 301 - "-" "Mozilla/5.0 (iPhone; CPU iPhone OS 13_2_3 like Mac OS X) AppleWebKit/605.1.15 (KHTML, like Gecko) Version/13.0.3 Mobile/15E148 Safari/604.1"
66.249.79.2 - - [17/Jul/2025:23:25:16 +0000] "GET /item/mode60255149/ HTTP/1.1" 200 40746 "-" "Mozilla/5.0 (Linux; Android 6.0.1; Nexus 5X Build/MMB29P) AppleWebKit/537.36 (KHTML, like Gecko) Chrome/137.0.7151.103 Mobile Safari/537.36 (compatible; Googlebot/2.1; +http://www.google.com/bot.html)"
66.249.79.2 - - [17/Jul/2025:23:26:24 +0000] "GET /item/corre20808841/ HTTP/1.1" 200 40397 "-" "Mozilla/5.0 (Linux; Android 6.0.1; Nexus 5X Build/MMB29P) AppleWebKit/537.36 (KHTML, like Gecko) Chrome/137.0.7151.103 Mobile Safari/537.36 (compatible; Googlebot/2.1; +http://www.google.com/bot.html)"
66.249.79.2 - - [17/Jul/2025:23:30:26 +0000] "GET /item/joint12522416/ HTTP/1.1" 200 39955 "-" "Mozilla/5.0 (Linux; Android 6.0.1; Nexus 5X Build/MMB29P) AppleWebKit/537.36 (KHTML, like Gecko) Chrome/137.0.7151.103 Mobile Safari/537.36 (compatible; Googlebot/2.1; +http://www.google.com/bot.html)"
66.249.79.3 - - [17/Jul/2025:23:30:52 +0000] "POST /get-message-notify HTTP/1.1" 200 40424 "http://abl.academy/item/joint12522416/" "Mozilla/5.0 (Linux; Android 6.0.1; Nexus 5X Build/MMB29P) AppleWebKit/537.36 (KHTML, like Gecko) Chrome/137.0.7151.119 Mobile Safari/537.36 (compatible; Googlebot/2.1; +http://www.google.com/bot.html)"
66.249.79.2 - - [17/Jul/2025:23:31:42 +0000] "GET /item/move10360416/ HTTP/1.1" 200 40925 "-" "Mozilla/5.0 (Linux; Android 6.0.1; Nexus 5X Build/MMB29P) AppleWebKit/537.36 (KHTML, like Gecko) Chrome/137.0.7151.103 Mobile Safari/537.36 (compatible; Googlebot/2.1; +http://www.google.com/bot.html)"
134.122.133.31 - - [17/Jul/2025:23:33:32 +0000] "GET / HTTP/1.1" 301 - "http://abl.academy" "Mozilla/5.0 (Linux;u;Android 4.2.2;zh-cn;)"
66.249.79.3 - - [17/Jul/2025:23:33:53 +0000] "GET /item/which20100745/ HTTP/1.1" 200 41323 "-" "Mozilla/5.0 (Linux; Android 6.0.1; Nexus 5X Build/MMB29P) AppleWebKit/537.36 (KHTML, like Gecko) Chrome/137.0.7151.103 Mobile Safari/537.36 (compatible; Googlebot/2.1; +http://www.google.com/bot.html)"
54.36.148.236 - - [17/Jul/2025:23:38:19 +0000] "GET /robots.txt HTTP/1.1" 200 114 "-" "Mozilla/5.0 (compatible; AhrefsBot/7.0; +http://ahrefs.com/robot/)"
54.36.148.70 - - [17/Jul/2025:23:38:22 +0000] "GET /shadow.php?sitemap.xml HTTP/1.1" 403 198 "-" "Mozilla/5.0 (compatible; AhrefsBot/7.0; +http://ahrefs.com/robot/)"
66.249.79.2 - - [17/Jul/2025:23:52:46 +0000] "GET /item/fahre62598637/ HTTP/1.1" 200 39924 "-" "Mozilla/5.0 (Linux; Android 6.0.1; Nexus 5X Build/MMB29P) AppleWebKit/537.36 (KHTML, like Gecko) Chrome/137.0.7151.103 Mobile Safari/537.36 (compatible; Googlebot/2.1; +http://www.google.com/bot.html)"
66.249.79.2 - - [17/Jul/2025:23:56:34 +0000] "GET /item/slipp72353758/ HTTP/1.1" 200 41042 "-" "Mozilla/5.0 (Linux; Android 6.0.1; Nexus 5X Build/MMB29P) AppleWebKit/537.36 (KHTML, like Gecko) Chrome/137.0.7151.103 Mobile Safari/537.36 (compatible; Googlebot/2.1; +http://www.google.com/bot.html)"
66.249.79.2 - - [17/Jul/2025:23:56:36 +0000] "POST /get-message-notify HTTP/1.1" 200 40368 "http://abl.academy/item/slipp72353758/" "Mozilla/5.0 (Linux; Android 6.0.1; Nexus 5X Build/MMB29P) AppleWebKit/537.36 (KHTML, like Gecko) Chrome/137.0.7151.119 Mobile Safari/537.36 (compatible; Googlebot/2.1; +http://www.google.com/bot.html)"
66.249.79.2 - - [18/Jul/2025:00:00:23 +0000] "GET /item/chop70661470/ HTTP/1.1" 200 40019 "-" "Mozilla/5.0 (Linux; Android 6.0.1; Nexus 5X Build/MMB29P) AppleWebKit/537.36 (KHTML, like Gecko) Chrome/137.0.7151.103 Mobile Safari/537.36 (compatible; Googlebot/2.1; +http://www.google.com/bot.html)"
66.249.79.2 - - [18/Jul/2025:00:03:53 +0000] "GET /item/fridg51453036/ HTTP/1.1" 200 40540 "-" "Mozilla/5.0 (Linux; Android 6.0.1; Nexus 5X Build/MMB29P) AppleWebKit/537.36 (KHTML, like Gecko) Chrome/137.0.7151.103 Mobile Safari/537.36 (compatible; Googlebot/2.1; +http://www.google.com/bot.html)"
209.74.77.214 - - [18/Jul/2025:00:08:51 +0000] "POST /wp-cron.php?doing_wp_cron=1752797331.8156890869140625000000 HTTP/1.1" 200 - "-" "WordPress/6.8.2; https://abl.academy"
142.93.56.199 - - [18/Jul/2025:00:08:51 +0000] "GET /files.php HTTP/1.1" 404 9559 "https://www.google.com" "Mozilla/5.0 (Linux; Android 7.0; SM-G892A Build/NRD90M; wv) AppleWebKit/537.36 (KHTML, like Gecko) Version/4.0 Chrome/60.0.3112.107 Mobile Safari/537.36"
54.36.148.97 - - [18/Jul/2025:00:26:05 +0000] "GET /sitemap.xml HTTP/1.1" 200 198 "-" "Mozilla/5.0 (compatible; AhrefsBot/7.0; +http://ahrefs.com/robot/)"
54.36.148.9 - - [18/Jul/2025:00:26:09 +0000] "GET /sitemapa.xml HTTP/1.1" 200 13163 "-" "Mozilla/5.0 (compatible; AhrefsBot/7.0; +http://ahrefs.com/robot/)"
54.36.148.135 - - [18/Jul/2025:00:26:15 +0000] "GET /sitemapb.xml HTTP/1.1" 200 13186 "-" "Mozilla/5.0 (compatible; AhrefsBot/7.0; +http://ahrefs.com/robot/)"
54.36.148.195 - - [18/Jul/2025:00:26:19 +0000] "GET /sitemapc.xml HTTP/1.1" 200 13901 "-" "Mozilla/5.0 (compatible; AhrefsBot/7.0; +http://ahrefs.com/robot/)"
54.36.148.108 - - [18/Jul/2025:00:26:23 +0000] "GET /sitemapd.xml HTTP/1.1" 200 9544 "-" "Mozilla/5.0 (compatible; AhrefsBot/7.0; +http://ahrefs.com/robot/)"
54.36.149.30 - - [18/Jul/2025:00:26:27 +0000] "GET /sitemape.xml HTTP/1.1" 200 10836 "-" "Mozilla/5.0 (compatible; AhrefsBot/7.0; +http://ahrefs.com/robot/)"
54.36.148.161 - - [18/Jul/2025:00:26:32 +0000] "GET /sitemapf.xml HTTP/1.1" 200 17828 "-" "Mozilla/5.0 (compatible; AhrefsBot/7.0; +http://ahrefs.com/robot/)"
54.36.148.159 - - [18/Jul/2025:00:26:36 +0000] "GET /sitemapg.xml HTTP/1.1" 200 14842 "-" "Mozilla/5.0 (compatible; AhrefsBot/7.0; +http://ahrefs.com/robot/)"
54.36.148.4 - - [18/Jul/2025:00:26:41 +0000] "GET /sitemaph.xml HTTP/1.1" 200 18233 "-" "Mozilla/5.0 (compatible; AhrefsBot/7.0; +http://ahrefs.com/robot/)"
54.36.149.27 - - [18/Jul/2025:00:26:45 +0000] "GET /sitemapi.xml HTTP/1.1" 200 15579 "-" "Mozilla/5.0 (compatible; AhrefsBot/7.0; +http://ahrefs.com/robot/)"
54.36.148.211 - - [18/Jul/2025:00:26:49 +0000] "GET /sitemapj.xml HTTP/1.1" 200 13623 "-" "Mozilla/5.0 (compatible; AhrefsBot/7.0; +http://ahrefs.com/robot/)"
54.36.149.79 - - [18/Jul/2025:00:27:00 +0000] "GET /sitemapk.xml HTTP/1.1" 200 10390 "-" "Mozilla/5.0 (compatible; AhrefsBot/7.0; +http://ahrefs.com/robot/)"
54.36.149.77 - - [18/Jul/2025:00:27:07 +0000] "GET /sitemapl.xml HTTP/1.1" 200 15818 "-" "Mozilla/5.0 (compatible; AhrefsBot/7.0; +http://ahrefs.com/robot/)"
54.36.148.15 - - [18/Jul/2025:00:27:12 +0000] "GET /sitemapm.xml HTTP/1.1" 200 10637 "-" "Mozilla/5.0 (compatible; AhrefsBot/7.0; +http://ahrefs.com/robot/)"
54.36.148.62 - - [18/Jul/2025:00:27:17 +0000] "GET /sitemapn.xml HTTP/1.1" 200 11375 "-" "Mozilla/5.0 (compatible; AhrefsBot/7.0; +http://ahrefs.com/robot/)"
54.36.149.52 - - [18/Jul/2025:00:27:22 +0000] "GET /sitemapo.xml HTTP/1.1" 200 11229 "-" "Mozilla/5.0 (compatible; AhrefsBot/7.0; +http://ahrefs.com/robot/)"
66.249.79.3 - - [18/Jul/2025:00:37:37 +0000] "GET /item/sail32296738/ HTTP/1.1" 200 41076 "-" "Mozilla/5.0 (Linux; Android 6.0.1; Nexus 5X Build/MMB29P) AppleWebKit/537.36 (KHTML, like Gecko) Chrome/137.0.7151.103 Mobile Safari/537.36 (compatible; Googlebot/2.1; +http://www.google.com/bot.html)"
66.249.79.2 - - [18/Jul/2025:00:37:41 +0000] "POST /get-message-notify HTTP/1.1" 200 40377 "http://abl.academy/item/sail32296738/" "Mozilla/5.0 (Linux; Android 6.0.1; Nexus 5X Build/MMB29P) AppleWebKit/537.36 (KHTML, like Gecko) Chrome/137.0.7151.119 Mobile Safari/537.36 (compatible; Googlebot/2.1; +http://www.google.com/bot.html)"
66.249.79.2 - - [18/Jul/2025:00:41:22 +0000] "GET /item/video71036086/ HTTP/1.1" 200 39692 "-" "Mozilla/5.0 (Linux; Android 6.0.1; Nexus 5X Build/MMB29P) AppleWebKit/537.36 (KHTML, like Gecko) Chrome/137.0.7151.103 Mobile Safari/537.36 (compatible; Googlebot/2.1; +http://www.google.com/bot.html)"
66.249.79.4 - - [18/Jul/2025:00:45:07 +0000] "GET /item/hurt42481691/ HTTP/1.1" 200 40858 "-" "Mozilla/5.0 (Linux; Android 6.0.1; Nexus 5X Build/MMB29P) AppleWebKit/537.36 (KHTML, like Gecko) Chrome/137.0.7151.103 Mobile Safari/537.36 (compatible; Googlebot/2.1; +http://www.google.com/bot.html)"
66.249.79.4 - - [18/Jul/2025:00:48:55 +0000] "GET /item/moder21988065/ HTTP/1.1" 200 40298 "-" "Mozilla/5.0 (Linux; Android 6.0.1; Nexus 5X Build/MMB29P) AppleWebKit/537.36 (KHTML, like Gecko) Chrome/137.0.7151.103 Mobile Safari/537.36 (compatible; Googlebot/2.1; +http://www.google.com/bot.html)"
66.249.79.4 - - [18/Jul/2025:00:48:56 +0000] "GET /item/chair50148236/ HTTP/1.1" 200 40180 "-" "Mozilla/5.0 (Linux; Android 6.0.1; Nexus 5X Build/MMB29P) AppleWebKit/537.36 (KHTML, like Gecko) Chrome/137.0.7151.103 Mobile Safari/537.36 (compatible; Googlebot/2.1; +http://www.google.com/bot.html)"
66.249.79.3 - - [18/Jul/2025:00:48:59 +0000] "POST /get-message-notify HTTP/1.1" 200 40300 "http://abl.academy/item/chair50148236/" "Mozilla/5.0 (Linux; Android 6.0.1; Nexus 5X Build/MMB29P) AppleWebKit/537.36 (KHTML, like Gecko) Chrome/137.0.7151.119 Mobile Safari/537.36 (compatible; Googlebot/2.1; +http://www.google.com/bot.html)"
66.249.79.3 - - [18/Jul/2025:00:52:37 +0000] "GET /item/back82284215/ HTTP/1.1" 200 39932 "-" "Mozilla/5.0 (Linux; Android 6.0.1; Nexus 5X Build/MMB29P) AppleWebKit/537.36 (KHTML, like Gecko) Chrome/137.0.7151.103 Mobile Safari/537.36 (compatible; Googlebot/2.1; +http://www.google.com/bot.html)"
66.249.79.2 - - [18/Jul/2025:00:52:42 +0000] "POST /get-message-notify HTTP/1.1" 200 40340 "http://abl.academy/item/back82284215/" "Mozilla/5.0 (Linux; Android 6.0.1; Nexus 5X Build/MMB29P) AppleWebKit/537.36 (KHTML, like Gecko) Chrome/137.0.7151.119 Mobile Safari/537.36 (compatible; Googlebot/2.1; +http://www.google.com/bot.html)"
66.249.79.2 - - [18/Jul/2025:00:59:44 +0000] "GET /item/week51064156/ HTTP/1.1" 200 40269 "-" "Mozilla/5.0 (Linux; Android 6.0.1; Nexus 5X Build/MMB29P) AppleWebKit/537.36 (KHTML, like Gecko) Chrome/137.0.7151.103 Mobile Safari/537.36 (compatible; Googlebot/2.1; +http://www.google.com/bot.html)"
66.249.79.4 - - [18/Jul/2025:01:03:29 +0000] "GET /item/tidy10552568/ HTTP/1.1" 200 39921 "-" "Mozilla/5.0 (Linux; Android 6.0.1; Nexus 5X Build/MMB29P) AppleWebKit/537.36 (KHTML, like Gecko) Chrome/137.0.7151.103 Mobile Safari/537.36 (compatible; Googlebot/2.1; +http://www.google.com/bot.html)"
66.249.79.3 - - [18/Jul/2025:01:03:36 +0000] "POST /get-message-notify HTTP/1.1" 200 40248 "http://abl.academy/item/tidy10552568/" "Mozilla/5.0 (Linux; Android 6.0.1; Nexus 5X Build/MMB29P) AppleWebKit/537.36 (KHTML, like Gecko) Chrome/137.0.7151.119 Mobile Safari/537.36 (compatible; Googlebot/2.1; +http://www.google.com/bot.html)"
66.249.79.2 - - [18/Jul/2025:01:07:14 +0000] "GET /item/meal82936391/ HTTP/1.1" 200 39828 "-" "Mozilla/5.0 (Linux; Android 6.0.1; Nexus 5X Build/MMB29P) AppleWebKit/537.36 (KHTML, like Gecko) Chrome/137.0.7151.103 Mobile Safari/537.36 (compatible; Googlebot/2.1; +http://www.google.com/bot.html)"
66.249.79.2 - - [18/Jul/2025:01:10:59 +0000] "GET /item/bare40782907/ HTTP/1.1" 200 40229 "-" "Mozilla/5.0 (Linux; Android 6.0.1; Nexus 5X Build/MMB29P) AppleWebKit/537.36 (KHTML, like Gecko) Chrome/137.0.7151.103 Mobile Safari/537.36 (compatible; Googlebot/2.1; +http://www.google.com/bot.html)"
66.249.79.4 - - [18/Jul/2025:01:18:30 +0000] "GET /item/urgen31007138/ HTTP/1.1" 200 40045 "-" "Mozilla/5.0 (Linux; Android 6.0.1; Nexus 5X Build/MMB29P) AppleWebKit/537.36 (KHTML, like Gecko) Chrome/137.0.7151.103 Mobile Safari/537.36 (compatible; Googlebot/2.1; +http://www.google.com/bot.html)"
95.108.213.140 - - [18/Jul/2025:01:19:37 +0000] "GET /robots.txt HTTP/1.1" 200 285 "-" "Mozilla/5.0 (compatible; YandexBot/3.0; +http://yandex.com/bots)"
209.74.77.214 - - [18/Jul/2025:01:19:39 +0000] "POST /wp-cron.php?doing_wp_cron=1752801579.9906549453735351562500 HTTP/1.1" 200 - "-" "WordPress/6.8.2; https://abl.academy"
87.250.224.80 - - [18/Jul/2025:01:19:38 +0000] "GET /shopdetail/357003649 HTTP/1.1" 404 9560 "-" "Mozilla/5.0 (compatible; YandexBot/3.0; +http://yandex.com/bots)"
66.249.79.2 - - [18/Jul/2025:01:22:12 +0000] "GET /item/time81840223/ HTTP/1.1" 200 40481 "-" "Mozilla/5.0 (Linux; Android 6.0.1; Nexus 5X Build/MMB29P) AppleWebKit/537.36 (KHTML, like Gecko) Chrome/137.0.7151.103 Mobile Safari/537.36 (compatible; Googlebot/2.1; +http://www.google.com/bot.html)"
66.249.79.2 - - [18/Jul/2025:01:22:45 +0000] "POST /get-message-notify HTTP/1.1" 200 40427 "http://abl.academy/item/time81840223/" "Mozilla/5.0 (Linux; Android 6.0.1; Nexus 5X Build/MMB29P) AppleWebKit/537.36 (KHTML, like Gecko) Chrome/137.0.7151.119 Mobile Safari/537.36 (compatible; Googlebot/2.1; +http://www.google.com/bot.html)"
66.249.79.2 - - [18/Jul/2025:01:25:10 +0000] "GET /item/innov71626030/ HTTP/1.1" 200 40196 "-" "Mozilla/5.0 (Linux; Android 6.0.1; Nexus 5X Build/MMB29P) AppleWebKit/537.36 (KHTML, like Gecko) Chrome/137.0.7151.103 Mobile Safari/537.36 (compatible; Googlebot/2.1; +http://www.google.com/bot.html)"
66.249.79.2 - - [18/Jul/2025:01:26:44 +0000] "GET /item/whose10680400/ HTTP/1.1" 200 39899 "-" "Mozilla/5.0 (Linux; Android 6.0.1; Nexus 5X Build/MMB29P) AppleWebKit/537.36 (KHTML, like Gecko) Chrome/137.0.7151.103 Mobile Safari/537.36 (compatible; Googlebot/2.1; +http://www.google.com/bot.html)"
66.249.79.2 - - [18/Jul/2025:01:27:00 +0000] "POST /get-message-notify HTTP/1.1" 200 40361 "http://abl.academy/item/whose10680400/" "Mozilla/5.0 (Linux; Android 6.0.1; Nexus 5X Build/MMB29P) AppleWebKit/537.36 (KHTML, like Gecko) Chrome/137.0.7151.119 Mobile Safari/537.36 (compatible; Googlebot/2.1; +http://www.google.com/bot.html)"
66.249.79.2 - - [18/Jul/2025:01:28:27 +0000] "GET /item/post40404403/ HTTP/1.1" 200 39971 "-" "Mozilla/5.0 (Linux; Android 6.0.1; Nexus 5X Build/MMB29P) AppleWebKit/537.36 (KHTML, like Gecko) Chrome/137.0.7151.103 Mobile Safari/537.36 (compatible; Googlebot/2.1; +http://www.google.com/bot.html)"
66.249.79.4 - - [18/Jul/2025:01:31:52 +0000] "GET /item/holy20822969/ HTTP/1.1" 200 39658 "-" "Mozilla/5.0 (Linux; Android 6.0.1; Nexus 5X Build/MMB29P) AppleWebKit/537.36 (KHTML, like Gecko) Chrome/137.0.7151.103 Mobile Safari/537.36 (compatible; Googlebot/2.1; +http://www.google.com/bot.html)"
66.249.79.3 - - [18/Jul/2025:01:31:53 +0000] "GET /item/mutua31470170/ HTTP/1.1" 200 39877 "-" "Mozilla/5.0 (Linux; Android 6.0.1; Nexus 5X Build/MMB29P) AppleWebKit/537.36 (KHTML, like Gecko) Chrome/137.0.7151.103 Mobile Safari/537.36 (compatible; Googlebot/2.1; +http://www.google.com/bot.html)"
66.249.79.2 - - [18/Jul/2025:01:31:57 +0000] "POST /get-message-notify HTTP/1.1" 200 40354 "http://abl.academy/item/holy20822969/" "Mozilla/5.0 (Linux; Android 6.0.1; Nexus 5X Build/MMB29P) AppleWebKit/537.36 (KHTML, like Gecko) Chrome/137.0.7151.119 Mobile Safari/537.36 (compatible; Googlebot/2.1; +http://www.google.com/bot.html)"
192.99.13.69 - - [18/Jul/2025:01:34:01 +0000] "GET /robots.txt HTTP/1.1" 200 285 "-" "Mozilla/5.0 (compatible; MJ12bot/v1.4.8; http://mj12bot.com/)"
209.74.77.214 - - [18/Jul/2025:01:34:05 +0000] "POST /wp-cron.php?doing_wp_cron=1752802445.4651749134063720703125 HTTP/1.1" 200 - "-" "WordPress/6.8.2; https://abl.academy"
192.99.13.69 - - [18/Jul/2025:01:34:05 +0000] "GET / HTTP/1.1" 301 - "-" "Mozilla/5.0 (compatible; MJ12bot/v1.4.8; http://mj12bot.com/)"
66.249.79.2 - - [18/Jul/2025:01:35:28 +0000] "GET /item/reade62686661/ HTTP/1.1" 200 40038 "-" "Mozilla/5.0 (Linux; Android 6.0.1; Nexus 5X Build/MMB29P) AppleWebKit/537.36 (KHTML, like Gecko) Chrome/137.0.7151.103 Mobile Safari/537.36 (compatible; Googlebot/2.1; +http://www.google.com/bot.html)"
66.249.79.2 - - [18/Jul/2025:01:35:53 +0000] "GET /item/nutri81030335/ HTTP/1.1" 200 40319 "-" "Mozilla/5.0 (Linux; Android 6.0.1; Nexus 5X Build/MMB29P) AppleWebKit/537.36 (KHTML, like Gecko) Chrome/137.0.7151.103 Mobile Safari/537.36 (compatible; Googlebot/2.1; +http://www.google.com/bot.html)"
66.249.79.2 - - [18/Jul/2025:01:36:55 +0000] "GET /item/ploug32379586/ HTTP/1.1" 200 41321 "-" "Mozilla/5.0 (Linux; Android 6.0.1; Nexus 5X Build/MMB29P) AppleWebKit/537.36 (KHTML, like Gecko) Chrome/137.0.7151.103 Mobile Safari/537.36 (compatible; Googlebot/2.1; +http://www.google.com/bot.html)"
66.249.79.2 - - [18/Jul/2025:01:37:09 +0000] "POST /get-message-notify HTTP/1.1" 200 40346 "http://abl.academy/item/nutri81030335/" "Mozilla/5.0 (Linux; Android 6.0.1; Nexus 5X Build/MMB29P) AppleWebKit/537.36 (KHTML, like Gecko) Chrome/137.0.7151.119 Mobile Safari/537.36 (compatible; Googlebot/2.1; +http://www.google.com/bot.html)"
66.249.79.3 - - [18/Jul/2025:01:37:21 +0000] "POST /get-message-notify HTTP/1.1" 200 40174 "http://abl.academy/item/ploug32379586/" "Mozilla/5.0 (Linux; Android 6.0.1; Nexus 5X Build/MMB29P) AppleWebKit/537.36 (KHTML, like Gecko) Chrome/137.0.7151.119 Mobile Safari/537.36 (compatible; Googlebot/2.1; +http://www.google.com/bot.html)"
66.249.79.2 - - [18/Jul/2025:01:37:36 +0000] "GET /item/got71851950/ HTTP/1.1" 200 39773 "-" "Mozilla/5.0 (Linux; Android 6.0.1; Nexus 5X Build/MMB29P) AppleWebKit/537.36 (KHTML, like Gecko) Chrome/137.0.7151.103 Mobile Safari/537.36 (compatible; Googlebot/2.1; +http://www.google.com/bot.html)"
66.249.79.2 - - [18/Jul/2025:01:37:41 +0000] "POST /get-message-notify HTTP/1.1" 200 40279 "http://abl.academy/item/got71851950/" "Mozilla/5.0 (Linux; Android 6.0.1; Nexus 5X Build/MMB29P) AppleWebKit/537.36 (KHTML, like Gecko) Chrome/137.0.7151.119 Mobile Safari/537.36 (compatible; Googlebot/2.1; +http://www.google.com/bot.html)"
66.249.79.2 - - [18/Jul/2025:01:39:00 +0000] "GET /item/ally12319760/ HTTP/1.1" 200 40011 "-" "Mozilla/5.0 (Linux; Android 6.0.1; Nexus 5X Build/MMB29P) AppleWebKit/537.36 (KHTML, like Gecko) Chrome/137.0.7151.103 Mobile Safari/537.36 (compatible; Googlebot/2.1; +http://www.google.com/bot.html)"
66.249.79.2 - - [18/Jul/2025:01:39:13 +0000] "GET /item/thief30965474/ HTTP/1.1" 200 40767 "-" "Mozilla/5.0 (Linux; Android 6.0.1; Nexus 5X Build/MMB29P) AppleWebKit/537.36 (KHTML, like Gecko) Chrome/137.0.7151.103 Mobile Safari/537.36 (compatible; Googlebot/2.1; +http://www.google.com/bot.html)"
66.249.79.2 - - [18/Jul/2025:01:39:31 +0000] "GET /item/spark60866749/ HTTP/1.1" 200 40213 "-" "Mozilla/5.0 (Linux; Android 6.0.1; Nexus 5X Build/MMB29P) AppleWebKit/537.36 (KHTML, like Gecko) Chrome/137.0.7151.103 Mobile Safari/537.36 (compatible; Googlebot/2.1; +http://www.google.com/bot.html)"
209.74.77.214 - - [18/Jul/2025:01:43:29 +0000] "POST /wp-cron.php?doing_wp_cron=1752803009.7995390892028808593750 HTTP/1.1" 200 - "-" "WordPress/6.8.2; https://abl.academy"
124.222.142.44 - - [18/Jul/2025:01:43:29 +0000] "GET / HTTP/1.1" 301 - "-" "Mozilla/5.0 (iPhone; CPU iPhone OS 13_2_3 like Mac OS X) AppleWebKit/605.1.15 (KHTML, like Gecko) Version/13.0.3 Mobile/15E148 Safari/604.1"
66.249.79.3 - - [18/Jul/2025:01:49:03 +0000] "GET /item/headm11011440/ HTTP/1.1" 200 41347 "-" "Mozilla/5.0 (Linux; Android 6.0.1; Nexus 5X Build/MMB29P) AppleWebKit/537.36 (KHTML, like Gecko) Chrome/137.0.7151.103 Mobile Safari/537.36 (compatible; Googlebot/2.1; +http://www.google.com/bot.html)"
66.249.79.2 - - [18/Jul/2025:01:49:10 +0000] "POST /get-message-notify HTTP/1.1" 200 40299 "http://abl.academy/item/headm11011440/" "Mozilla/5.0 (Linux; Android 6.0.1; Nexus 5X Build/MMB29P) AppleWebKit/537.36 (KHTML, like Gecko) Chrome/137.0.7151.119 Mobile Safari/537.36 (compatible; Googlebot/2.1; +http://www.google.com/bot.html)"
66.249.79.2 - - [18/Jul/2025:01:49:44 +0000] "GET /item/assig72906006/ HTTP/1.1" 200 39848 "-" "Mozilla/5.0 (Linux; Android 6.0.1; Nexus 5X Build/MMB29P) AppleWebKit/537.36 (KHTML, like Gecko) Chrome/137.0.7151.103 Mobile Safari/537.36 (compatible; Googlebot/2.1; +http://www.google.com/bot.html)"
66.249.79.2 - - [18/Jul/2025:01:51:37 +0000] "GET /item/slipp71697758/ HTTP/1.1" 200 39921 "-" "Mozilla/5.0 (Linux; Android 6.0.1; Nexus 5X Build/MMB29P) AppleWebKit/537.36 (KHTML, like Gecko) Chrome/137.0.7151.103 Mobile Safari/537.36 (compatible; Googlebot/2.1; +http://www.google.com/bot.html)"
66.249.79.2 - - [18/Jul/2025:01:52:23 +0000] "GET /item/harne31043034/ HTTP/1.1" 200 40836 "-" "Mozilla/5.0 (Linux; Android 6.0.1; Nexus 5X Build/MMB29P) AppleWebKit/537.36 (KHTML, like Gecko) Chrome/137.0.7151.103 Mobile Safari/537.36 (compatible; Googlebot/2.1; +http://www.google.com/bot.html)"
66.249.79.2 - - [18/Jul/2025:01:53:27 +0000] "GET /item/autom71117822/ HTTP/1.1" 200 39990 "-" "Mozilla/5.0 (Linux; Android 6.0.1; Nexus 5X Build/MMB29P) AppleWebKit/537.36 (KHTML, like Gecko) Chrome/137.0.7151.103 Mobile Safari/537.36 (compatible; Googlebot/2.1; +http://www.google.com/bot.html)"
66.249.79.2 - - [18/Jul/2025:01:54:53 +0000] "GET /item/solar80702647/ HTTP/1.1" 200 39864 "-" "Mozilla/5.0 (Linux; Android 6.0.1; Nexus 5X Build/MMB29P) AppleWebKit/537.36 (KHTML, like Gecko) Chrome/137.0.7151.103 Mobile Safari/537.36 (compatible; Googlebot/2.1; +http://www.google.com/bot.html)"
66.249.79.4 - - [18/Jul/2025:01:55:00 +0000] "POST /get-message-notify HTTP/1.1" 200 40345 "http://abl.academy/item/solar80702647/" "Mozilla/5.0 (Linux; Android 6.0.1; Nexus 5X Build/MMB29P) AppleWebKit/537.36 (KHTML, like Gecko) Chrome/137.0.7151.119 Mobile Safari/537.36 (compatible; Googlebot/2.1; +http://www.google.com/bot.html)"
66.249.79.2 - - [18/Jul/2025:01:55:46 +0000] "GET /item/yearl50871196/ HTTP/1.1" 200 40305 "-" "Mozilla/5.0 (Linux; Android 6.0.1; Nexus 5X Build/MMB29P) AppleWebKit/537.36 (KHTML, like Gecko) Chrome/137.0.7151.103 Mobile Safari/537.36 (compatible; Googlebot/2.1; +http://www.google.com/bot.html)"
66.249.79.4 - - [18/Jul/2025:01:58:13 +0000] "GET /item/reinf41510211/ HTTP/1.1" 200 40099 "-" "Mozilla/5.0 (Linux; Android 6.0.1; Nexus 5X Build/MMB29P) AppleWebKit/537.36 (KHTML, like Gecko) Chrome/137.0.7151.103 Mobile Safari/537.36 (compatible; Googlebot/2.1; +http://www.google.com/bot.html)"
66.249.79.3 - - [18/Jul/2025:01:58:28 +0000] "GET /item/confu32978018/ HTTP/1.1" 200 39934 "-" "Mozilla/5.0 (Linux; Android 6.0.1; Nexus 5X Build/MMB29P) AppleWebKit/537.36 (KHTML, like Gecko) Chrome/137.0.7151.103 Mobile Safari/537.36 (compatible; Googlebot/2.1; +http://www.google.com/bot.html)"
66.249.79.3 - - [18/Jul/2025:02:01:33 +0000] "GET /item/nut52882812/ HTTP/1.1" 200 40855 "-" "Mozilla/5.0 (Linux; Android 6.0.1; Nexus 5X Build/MMB29P) AppleWebKit/537.36 (KHTML, like Gecko) Chrome/137.0.7151.103 Mobile Safari/537.36 (compatible; Googlebot/2.1; +http://www.google.com/bot.html)"
