66.249.79.8 - - [17/Jul/2025:15:19:54 +0000] "GET /item/the40672987/ HTTP/1.1" 200 39959 "-" "Mozilla/5.0 (Linux; Android 6.0.1; Nexus 5X Build/MMB29P) AppleWebKit/537.36 (KHTML, like Gecko) Chrome/137.0.7151.103 Mobile Safari/537.36 (compatible; Googlebot/2.1; +http://www.google.com/bot.html)"
209.74.77.214 - - [17/Jul/2025:15:19:56 +0000] "POST /wp-cron.php?doing_wp_cron=1752765596.5061500072479248046875 HTTP/1.1" 200 - "-" "WordPress/6.8.2; https://abl.academy"
178.20.40.20 - - [17/Jul/2025:15:19:54 +0000] "GET /lms-wordpress-plugin/ HTTP/1.0" 200 69394 "https://abl.academy/lms-wordpress-plugin/" "Mozilla/5.0 (Windows NT 10.0; WOW64) AppleWebKit/537.36 (KHTML, like Gecko) Chrome/103.0.5060.114 Safari/537.36"
66.249.79.8 - - [17/Jul/2025:15:19:57 +0000] "GET /item/colli42521955/ HTTP/1.1" 200 39819 "-" "Mozilla/5.0 (Linux; Android 6.0.1; Nexus 5X Build/MMB29P) AppleWebKit/537.36 (KHTML, like Gecko) Chrome/137.0.7151.103 Mobile Safari/537.36 (compatible; Googlebot/2.1; +http://www.google.com/bot.html)"
178.20.40.20 - - [17/Jul/2025:15:19:58 +0000] "POST /wp-comments-post.php HTTP/1.0" 302 - "https://abl.academy/lms-wordpress-plugin/" "Mozilla/5.0 (Windows NT 10.0; WOW64) AppleWebKit/537.36 (KHTML, like Gecko) Chrome/103.0.5060.114 Safari/537.36"
178.20.40.20 - - [17/Jul/2025:15:19:59 +0000] "GET /lms-wordpress-plugin/?unapproved=6057&moderation-hash=0bf102b834ced924ccea5abbe0e72144 HTTP/1.0" 200 69483 "https://abl.academy/lms-wordpress-plugin/?unapproved=6057&moderation-hash=0bf102b834ced924ccea5abbe0e72144#comment-6057" "Mozilla/5.0 (Windows NT 10.0; WOW64) AppleWebKit/537.36 (KHTML, like Gecko) Chrome/103.0.5060.114 Safari/537.36"
66.249.79.8 - - [17/Jul/2025:15:19:59 +0000] "GET /item/adapt50609988/ HTTP/1.1" 200 40036 "-" "Mozilla/5.0 (Linux; Android 6.0.1; Nexus 5X Build/MMB29P) AppleWebKit/537.36 (KHTML, like Gecko) Chrome/137.0.7151.103 Mobile Safari/537.36 (compatible; Googlebot/2.1; +http://www.google.com/bot.html)"
66.249.79.8 - - [17/Jul/2025:15:20:06 +0000] "POST /get-message-notify HTTP/1.1" 200 40311 "https://abl.academy/item/art70149230/" "Mozilla/5.0 (Linux; Android 6.0.1; Nexus 5X Build/MMB29P) AppleWebKit/537.36 (KHTML, like Gecko) Chrome/137.0.7151.119 Mobile Safari/537.36 (compatible; Googlebot/2.1; +http://www.google.com/bot.html)"
66.249.79.8 - - [17/Jul/2025:15:20:08 +0000] "GET /item/honor52621596/ HTTP/1.1" 200 40143 "-" "Mozilla/5.0 (Linux; Android 6.0.1; Nexus 5X Build/MMB29P) AppleWebKit/537.36 (KHTML, like Gecko) Chrome/137.0.7151.103 Mobile Safari/537.36 (compatible; Googlebot/2.1; +http://www.google.com/bot.html)"
66.249.79.8 - - [17/Jul/2025:15:20:11 +0000] "GET /item/bundl20774497/ HTTP/1.1" 200 40698 "-" "Mozilla/5.0 (Linux; Android 6.0.1; Nexus 5X Build/MMB29P) AppleWebKit/537.36 (KHTML, like Gecko) Chrome/137.0.7151.103 Mobile Safari/537.36 (compatible; Googlebot/2.1; +http://www.google.com/bot.html)"
66.249.79.8 - - [17/Jul/2025:15:20:13 +0000] "GET /item/torch61978885/ HTTP/1.1" 200 40551 "-" "Mozilla/5.0 (Linux; Android 6.0.1; Nexus 5X Build/MMB29P) AppleWebKit/537.36 (KHTML, like Gecko) Chrome/137.0.7151.103 Mobile Safari/537.36 (compatible; Googlebot/2.1; +http://www.google.com/bot.html)"
66.249.79.8 - - [17/Jul/2025:15:20:24 +0000] "GET /item/drain51106652/ HTTP/1.1" 200 39939 "-" "Mozilla/5.0 (Linux; Android 6.0.1; Nexus 5X Build/MMB29P) AppleWebKit/537.36 (KHTML, like Gecko) Chrome/137.0.7151.103 Mobile Safari/537.36 (compatible; Googlebot/2.1; +http://www.google.com/bot.html)"
66.249.79.8 - - [17/Jul/2025:15:20:26 +0000] "GET /item/comba31919666/ HTTP/1.1" 200 40368 "-" "Mozilla/5.0 (Linux; Android 6.0.1; Nexus 5X Build/MMB29P) AppleWebKit/537.36 (KHTML, like Gecko) Chrome/137.0.7151.103 Mobile Safari/537.36 (compatible; Googlebot/2.1; +http://www.google.com/bot.html)"
66.249.79.8 - - [17/Jul/2025:15:20:29 +0000] "GET /item/overa61322645/ HTTP/1.1" 200 40409 "-" "Mozilla/5.0 (Linux; Android 6.0.1; Nexus 5X Build/MMB29P) AppleWebKit/537.36 (KHTML, like Gecko) Chrome/137.0.7151.103 Mobile Safari/537.36 (compatible; Googlebot/2.1; +http://www.google.com/bot.html)"
66.249.79.8 - - [17/Jul/2025:15:20:34 +0000] "GET /item/deter80245879/ HTTP/1.1" 200 40225 "-" "Mozilla/5.0 (Linux; Android 6.0.1; Nexus 5X Build/MMB29P) AppleWebKit/537.36 (KHTML, like Gecko) Chrome/137.0.7151.103 Mobile Safari/537.36 (compatible; Googlebot/2.1; +http://www.google.com/bot.html)"
66.249.79.8 - - [17/Jul/2025:15:20:44 +0000] "GET /item/acces11689776/ HTTP/1.1" 200 39781 "-" "Mozilla/5.0 (Linux; Android 6.0.1; Nexus 5X Build/MMB29P) AppleWebKit/537.36 (KHTML, like Gecko) Chrome/137.0.7151.103 Mobile Safari/537.36 (compatible; Googlebot/2.1; +http://www.google.com/bot.html)"
66.249.79.8 - - [17/Jul/2025:15:20:47 +0000] "GET /item/wood71285166/ HTTP/1.1" 200 40080 "-" "Mozilla/5.0 (Linux; Android 6.0.1; Nexus 5X Build/MMB29P) AppleWebKit/537.36 (KHTML, like Gecko) Chrome/137.0.7151.103 Mobile Safari/537.36 (compatible; Googlebot/2.1; +http://www.google.com/bot.html)"
66.249.79.1 - - [17/Jul/2025:15:20:50 +0000] "GET /item/maze32951858/ HTTP/1.1" 200 39958 "-" "Mozilla/5.0 (Linux; Android 6.0.1; Nexus 5X Build/MMB29P) AppleWebKit/537.36 (KHTML, like Gecko) Chrome/137.0.7151.103 Mobile Safari/537.36 (compatible; Googlebot/2.1; +http://www.google.com/bot.html)"
66.249.79.1 - - [17/Jul/2025:15:20:55 +0000] "GET /item/attri50654356/ HTTP/1.1" 200 40145 "-" "Mozilla/5.0 (Linux; Android 6.0.1; Nexus 5X Build/MMB29P) AppleWebKit/537.36 (KHTML, like Gecko) Chrome/137.0.7151.103 Mobile Safari/537.36 (compatible; Googlebot/2.1; +http://www.google.com/bot.html)"
66.249.79.1 - - [17/Jul/2025:15:21:00 +0000] "GET /item/proof40227619/ HTTP/1.1" 200 40386 "-" "Mozilla/5.0 (Linux; Android 6.0.1; Nexus 5X Build/MMB29P) AppleWebKit/537.36 (KHTML, like Gecko) Chrome/137.0.7151.103 Mobile Safari/537.36 (compatible; Googlebot/2.1; +http://www.google.com/bot.html)"
66.249.79.8 - - [17/Jul/2025:15:21:07 +0000] "POST /get-message-notify HTTP/1.1" 200 40348 "https://abl.academy/item/kit80563935/" "Mozilla/5.0 (Linux; Android 6.0.1; Nexus 5X Build/MMB29P) AppleWebKit/537.36 (KHTML, like Gecko) Chrome/137.0.7151.119 Mobile Safari/537.36 (compatible; Googlebot/2.1; +http://www.google.com/bot.html)"
66.249.79.8 - - [17/Jul/2025:15:21:10 +0000] "GET /item/mad20008169/ HTTP/1.1" 200 40245 "-" "Mozilla/5.0 (Linux; Android 6.0.1; Nexus 5X Build/MMB29P) AppleWebKit/537.36 (KHTML, like Gecko) Chrome/137.0.7151.103 Mobile Safari/537.36 (compatible; Googlebot/2.1; +http://www.google.com/bot.html)"
66.249.79.8 - - [17/Jul/2025:15:21:16 +0000] "GET /item/main50732444/ HTTP/1.1" 200 41248 "-" "Mozilla/5.0 (Linux; Android 6.0.1; Nexus 5X Build/MMB29P) AppleWebKit/537.36 (KHTML, like Gecko) Chrome/137.0.7151.103 Mobile Safari/537.36 (compatible; Googlebot/2.1; +http://www.google.com/bot.html)"
66.249.79.8 - - [17/Jul/2025:15:21:16 +0000] "GET /shopdetail/227173849 HTTP/1.1" 200 40403 "-" "Mozilla/5.0 (compatible; Googlebot/2.1; +http://www.google.com/bot.html)"
66.249.79.8 - - [17/Jul/2025:15:21:21 +0000] "GET /item/numer70330854/ HTTP/1.1" 200 39637 "-" "Mozilla/5.0 (Linux; Android 6.0.1; Nexus 5X Build/MMB29P) AppleWebKit/537.36 (KHTML, like Gecko) Chrome/137.0.7151.103 Mobile Safari/537.36 (compatible; Googlebot/2.1; +http://www.google.com/bot.html)"
66.249.79.8 - - [17/Jul/2025:15:21:24 +0000] "GET /item/estat40123747/ HTTP/1.1" 200 41051 "-" "Mozilla/5.0 (Linux; Android 6.0.1; Nexus 5X Build/MMB29P) AppleWebKit/537.36 (KHTML, like Gecko) Chrome/137.0.7151.103 Mobile Safari/537.36 (compatible; Googlebot/2.1; +http://www.google.com/bot.html)"
66.249.79.8 - - [17/Jul/2025:15:21:26 +0000] "GET /item/paper21564217/ HTTP/1.1" 200 40024 "-" "Mozilla/5.0 (Linux; Android 6.0.1; Nexus 5X Build/MMB29P) AppleWebKit/537.36 (KHTML, like Gecko) Chrome/137.0.7151.103 Mobile Safari/537.36 (compatible; Googlebot/2.1; +http://www.google.com/bot.html)"
66.249.79.8 - - [17/Jul/2025:15:21:31 +0000] "GET /item/mud82059543/ HTTP/1.1" 200 40134 "-" "Mozilla/5.0 (Linux; Android 6.0.1; Nexus 5X Build/MMB29P) AppleWebKit/537.36 (KHTML, like Gecko) Chrome/137.0.7151.103 Mobile Safari/537.36 (compatible; Googlebot/2.1; +http://www.google.com/bot.html)"
66.249.79.8 - - [17/Jul/2025:15:21:32 +0000] "GET /shopdetail/257568149 HTTP/1.1" 200 40093 "-" "Mozilla/5.0 (Linux; Android 6.0.1; Nexus 5X Build/MMB29P) AppleWebKit/537.36 (KHTML, like Gecko) Chrome/137.0.7151.103 Mobile Safari/537.36 (compatible; Googlebot/2.1; +http://www.google.com/bot.html)"
66.249.79.8 - - [17/Jul/2025:15:21:36 +0000] "GET /item/anoth32529234/ HTTP/1.1" 200 39826 "-" "Mozilla/5.0 (Linux; Android 6.0.1; Nexus 5X Build/MMB29P) AppleWebKit/537.36 (KHTML, like Gecko) Chrome/137.0.7151.103 Mobile Safari/537.36 (compatible; Googlebot/2.1; +http://www.google.com/bot.html)"
66.249.79.1 - - [17/Jul/2025:15:21:47 +0000] "GET /item/fight42177739/ HTTP/1.1" 200 40069 "-" "Mozilla/5.0 (Linux; Android 6.0.1; Nexus 5X Build/MMB29P) AppleWebKit/537.36 (KHTML, like Gecko) Chrome/137.0.7151.103 Mobile Safari/537.36 (compatible; Googlebot/2.1; +http://www.google.com/bot.html)"
66.249.79.1 - - [17/Jul/2025:15:21:49 +0000] "GET /item/rebui12099656/ HTTP/1.1" 200 40729 "-" "Mozilla/5.0 (Linux; Android 6.0.1; Nexus 5X Build/MMB29P) AppleWebKit/537.36 (KHTML, like Gecko) Chrome/137.0.7151.103 Mobile Safari/537.36 (compatible; Googlebot/2.1; +http://www.google.com/bot.html)"
66.249.79.1 - - [17/Jul/2025:15:21:52 +0000] "GET /item/easte11537400/ HTTP/1.1" 200 40302 "-" "Mozilla/5.0 (Linux; Android 6.0.1; Nexus 5X Build/MMB29P) AppleWebKit/537.36 (KHTML, like Gecko) Chrome/137.0.7151.103 Mobile Safari/537.36 (compatible; Googlebot/2.1; +http://www.google.com/bot.html)"
66.249.79.1 - - [17/Jul/2025:15:21:54 +0000] "POST /get-message-notify HTTP/1.1" 200 40368 "https://abl.academy/item/anoth32529234/" "Mozilla/5.0 (Linux; Android 6.0.1; Nexus 5X Build/MMB29P) AppleWebKit/537.36 (KHTML, like Gecko) Chrome/137.0.7151.119 Mobile Safari/537.36 (compatible; Googlebot/2.1; +http://www.google.com/bot.html)"
66.249.79.8 - - [17/Jul/2025:15:21:56 +0000] "POST /get-message-notify HTTP/1.1" 200 40346 "https://abl.academy/item/fight42177739/" "Mozilla/5.0 (Linux; Android 6.0.1; Nexus 5X Build/MMB29P) AppleWebKit/537.36 (KHTML, like Gecko) Chrome/137.0.7151.119 Mobile Safari/537.36 (compatible; Googlebot/2.1; +http://www.google.com/bot.html)"
66.249.79.8 - - [17/Jul/2025:15:21:57 +0000] "GET /item/typis52223132/ HTTP/1.1" 200 40188 "-" "Mozilla/5.0 (Linux; Android 6.0.1; Nexus 5X Build/MMB29P) AppleWebKit/537.36 (KHTML, like Gecko) Chrome/137.0.7151.103 Mobile Safari/537.36 (compatible; Googlebot/2.1; +http://www.google.com/bot.html)"
66.249.79.2 - - [17/Jul/2025:15:22:03 +0000] "GET /item/coupo10919728/ HTTP/1.1" 200 40141 "-" "Mozilla/5.0 (Linux; Android 6.0.1; Nexus 5X Build/MMB29P) AppleWebKit/537.36 (KHTML, like Gecko) Chrome/137.0.7151.103 Mobile Safari/537.36 (compatible; Googlebot/2.1; +http://www.google.com/bot.html)"
66.249.79.1 - - [17/Jul/2025:15:22:07 +0000] "POST /get-message-notify HTTP/1.1" 200 40411 "https://abl.academy/item/typis52223132/" "Mozilla/5.0 (Linux; Android 6.0.1; Nexus 5X Build/MMB29P) AppleWebKit/537.36 (KHTML, like Gecko) Chrome/137.0.7151.119 Mobile Safari/537.36 (compatible; Googlebot/2.1; +http://www.google.com/bot.html)"
66.249.79.8 - - [17/Jul/2025:15:23:01 +0000] "GET /pcmypage?callback=/product%2Fdetail%2F28040304 HTTP/1.1" 200 40056 "-" "Mozilla/5.0 (compatible; Googlebot/2.1; +http://www.google.com/bot.html)"
66.249.79.8 - - [17/Jul/2025:15:24:07 +0000] "GET /shopdetail/269089449 HTTP/1.1" 200 40504 "-" "Mozilla/5.0 (Linux; Android 6.0.1; Nexus 5X Build/MMB29P) AppleWebKit/537.36 (KHTML, like Gecko) Chrome/137.0.7151.103 Mobile Safari/537.36 (compatible; Googlebot/2.1; +http://www.google.com/bot.html)"
66.249.79.8 - - [17/Jul/2025:15:24:42 +0000] "GET /shopdetail/60486449 HTTP/1.1" 200 39855 "-" "Mozilla/5.0 (Linux; Android 6.0.1; Nexus 5X Build/MMB29P) AppleWebKit/537.36 (KHTML, like Gecko) Chrome/137.0.7151.103 Mobile Safari/537.36 (compatible; Googlebot/2.1; +http://www.google.com/bot.html)"
66.249.79.1 - - [17/Jul/2025:15:25:29 +0000] "GET /shopdetail/494037149 HTTP/1.1" 200 40559 "-" "Mozilla/5.0 (Linux; Android 6.0.1; Nexus 5X Build/MMB29P) AppleWebKit/537.36 (KHTML, like Gecko) Chrome/137.0.7151.103 Mobile Safari/537.36 (compatible; Googlebot/2.1; +http://www.google.com/bot.html)"
66.249.79.2 - - [17/Jul/2025:15:26:55 +0000] "POST /get-message-notify HTTP/1.1" 200 40330 "https://abl.academy/item/estat40123747/" "Mozilla/5.0 (Linux; Android 6.0.1; Nexus 5X Build/MMB29P) AppleWebKit/537.36 (KHTML, like Gecko) Chrome/137.0.7151.119 Mobile Safari/537.36 (compatible; Googlebot/2.1; +http://www.google.com/bot.html)"
66.249.79.8 - - [17/Jul/2025:15:28:46 +0000] "POST /get-message-notify HTTP/1.1" 200 40340 "https://abl.academy/item/numer70330854/" "Mozilla/5.0 (Linux; Android 6.0.1; Nexus 5X Build/MMB29P) AppleWebKit/537.36 (KHTML, like Gecko) Chrome/137.0.7151.119 Mobile Safari/537.36 (compatible; Googlebot/2.1; +http://www.google.com/bot.html)"
66.249.79.8 - - [17/Jul/2025:15:29:42 +0000] "GET /shopdetail/372572149 HTTP/1.1" 200 40061 "-" "Mozilla/5.0 (Linux; Android 6.0.1; Nexus 5X Build/MMB29P) AppleWebKit/537.36 (KHTML, like Gecko) Chrome/137.0.7151.103 Mobile Safari/537.36 (compatible; Googlebot/2.1; +http://www.google.com/bot.html)"
66.249.79.8 - - [17/Jul/2025:15:30:31 +0000] "GET /shopdetail/542427549 HTTP/1.1" 200 39968 "-" "Mozilla/5.0 (compatible; Googlebot/2.1; +http://www.google.com/bot.html)"
66.249.79.8 - - [17/Jul/2025:15:31:47 +0000] "GET /shopdetail/182264349 HTTP/1.1" 200 40719 "-" "Mozilla/5.0 (Linux; Android 6.0.1; Nexus 5X Build/MMB29P) AppleWebKit/537.36 (KHTML, like Gecko) Chrome/137.0.7151.103 Mobile Safari/537.36 (compatible; Googlebot/2.1; +http://www.google.com/bot.html)"
95.108.213.171 - - [17/Jul/2025:15:32:43 +0000] "GET /robots.txt HTTP/1.1" 200 285 "-" "Mozilla/5.0 (compatible; YandexBot/3.0; +http://yandex.com/bots)"
209.74.77.214 - - [17/Jul/2025:15:32:46 +0000] "POST /wp-cron.php?doing_wp_cron=1752766366.6002058982849121093750 HTTP/1.1" 200 - "-" "WordPress/6.8.2; https://abl.academy"
95.108.213.194 - - [17/Jul/2025:15:32:44 +0000] "GET /item/expre31900066/ HTTP/1.1" 404 9551 "-" "Mozilla/5.0 (compatible; YandexBot/3.0; +http://yandex.com/bots)"
66.249.79.2 - - [17/Jul/2025:15:32:46 +0000] "GET /sitemapo.xml HTTP/1.1" 200 15591 "-" "Mozilla/5.0 (compatible; Googlebot/2.1; +http://www.google.com/bot.html)"
66.249.79.2 - - [17/Jul/2025:15:33:09 +0000] "GET /shopdetail/66006149 HTTP/1.1" 200 40409 "-" "Mozilla/5.0 (Linux; Android 6.0.1; Nexus 5X Build/MMB29P) AppleWebKit/537.36 (KHTML, like Gecko) Chrome/137.0.7151.103 Mobile Safari/537.36 (compatible; Googlebot/2.1; +http://www.google.com/bot.html)"
66.249.79.2 - - [17/Jul/2025:15:34:30 +0000] "GET /shopdetail/206702349 HTTP/1.1" 200 39847 "-" "Mozilla/5.0 (Linux; Android 6.0.1; Nexus 5X Build/MMB29P) AppleWebKit/537.36 (KHTML, like Gecko) Chrome/137.0.7151.103 Mobile Safari/537.36 (compatible; Googlebot/2.1; +http://www.google.com/bot.html)"
209.74.77.214 - - [17/Jul/2025:15:35:37 +0000] "POST /wp-cron.php?doing_wp_cron=1752766537.1431341171264648437500 HTTP/1.1" 200 - "-" "WordPress/6.8.2; https://abl.academy"
167.114.27.228 - - [17/Jul/2025:15:35:35 +0000] "POST /xmlrpc.php HTTP/1.1" 200 403 "-" "Mozilla/5.0 (Windows NT 10.0; Win64; x64) AppleWebKit/537.36 (KHTML, like Gecko) Chrome/83.0.4103.116 Safari/537.36"
209.74.77.214 - - [17/Jul/2025:15:36:11 +0000] "POST /wp-cron.php?doing_wp_cron=1752766571.9560980796813964843750 HTTP/1.1" 200 - "-" "WordPress/6.8.2; https://abl.academy"
167.99.77.140 - - [17/Jul/2025:15:36:10 +0000] "POST /xmlrpc.php HTTP/1.1" 200 403 "-" "Mozilla/5.0 (Linux; Android 10; SM-A102U) AppleWebKit/537.36 (KHTML, like Gecko) Chrome/91.0.4472.114 Mobile Safari/537.36"
157.245.146.203 - - [17/Jul/2025:15:36:36 +0000] "POST /xmlrpc.php HTTP/1.1" 200 403 "-" "Mozilla/5.0 (Windows NT 6.1; Win64; x64) AppleWebKit/537.36 (KHTML, like Gecko) Chrome/63.0.3239.132 Safari/537.36"
66.249.79.1 - - [17/Jul/2025:15:37:13 +0000] "GET /shopdetail/346177749 HTTP/1.1" 200 39931 "-" "Mozilla/5.0 (compatible; Googlebot/2.1; +http://www.google.com/bot.html)"
66.249.79.1 - - [17/Jul/2025:15:37:49 +0000] "GET /shopdetail/96001649 HTTP/1.1" 200 40525 "-" "Mozilla/5.0 (Linux; Android 6.0.1; Nexus 5X Build/MMB29P) AppleWebKit/537.36 (KHTML, like Gecko) Chrome/137.0.7151.103 Mobile Safari/537.36 (compatible; Googlebot/2.1; +http://www.google.com/bot.html)"
66.249.79.2 - - [17/Jul/2025:15:38:01 +0000] "GET /shopdetail/237025849 HTTP/1.1" 200 39714 "-" "Mozilla/5.0 (compatible; Googlebot/2.1; +http://www.google.com/bot.html)"
66.249.79.8 - - [17/Jul/2025:15:40:26 +0000] "GET /shopdetail/346177749 HTTP/1.1" 200 39910 "-" "Mozilla/5.0 (compatible; Googlebot/2.1; +http://www.google.com/bot.html)"
66.249.79.1 - - [17/Jul/2025:15:40:51 +0000] "GET /shopdetail/70549349 HTTP/1.1" 200 40513 "-" "Mozilla/5.0 (Linux; Android 6.0.1; Nexus 5X Build/MMB29P) AppleWebKit/537.36 (KHTML, like Gecko) Chrome/137.0.7151.103 Mobile Safari/537.36 (compatible; Googlebot/2.1; +http://www.google.com/bot.html)"
66.249.79.8 - - [17/Jul/2025:15:41:11 +0000] "GET /shopdetail/586430349 HTTP/1.1" 200 39993 "-" "Mozilla/5.0 (compatible; Googlebot/2.1; +http://www.google.com/bot.html)"
209.74.77.214 - - [17/Jul/2025:15:47:08 +0000] "POST /wp-cron.php?doing_wp_cron=1752767228.4179220199584960937500 HTTP/1.1" 200 - "-" "WordPress/6.8.2; https://abl.academy"
212.34.136.218 - - [17/Jul/2025:15:47:06 +0000] "GET /lms-wordpress-plugin/ HTTP/1.0" 200 69394 "https://abl.academy/lms-wordpress-plugin/" "Mozilla/5.0 (Windows NT 10.0; Win64; x64) AppleWebKit/537.36 (KHTML, like Gecko) Chrome/131.0.0.0 Safari/537.36 Avast/131.0.0.0"
212.34.136.218 - - [17/Jul/2025:15:47:09 +0000] "POST /wp-comments-post.php HTTP/1.0" 302 - "https://abl.academy/lms-wordpress-plugin/" "Mozilla/5.0 (Windows NT 10.0; Win64; x64) AppleWebKit/537.36 (KHTML, like Gecko) Chrome/131.0.0.0 Safari/537.36 Avast/131.0.0.0"
212.34.136.218 - - [17/Jul/2025:15:47:10 +0000] "GET /lms-wordpress-plugin/?unapproved=6058&moderation-hash=daaa20e7c02270d7558ce8a88c35d235 HTTP/1.0" 200 69483 "https://abl.academy/lms-wordpress-plugin/?unapproved=6058&moderation-hash=daaa20e7c02270d7558ce8a88c35d235#comment-6058" "Mozilla/5.0 (Windows NT 10.0; Win64; x64) AppleWebKit/537.36 (KHTML, like Gecko) Chrome/131.0.0.0 Safari/537.36 Avast/131.0.0.0"
66.249.79.8 - - [17/Jul/2025:15:48:07 +0000] "GET /shopdetail/348712049 HTTP/1.1" 200 40000 "-" "Mozilla/5.0 (Linux; Android 6.0.1; Nexus 5X Build/MMB29P) AppleWebKit/537.36 (KHTML, like Gecko) Chrome/137.0.7151.103 Mobile Safari/537.36 (compatible; Googlebot/2.1; +http://www.google.com/bot.html)"
66.249.79.1 - - [17/Jul/2025:15:50:50 +0000] "GET /item/funny51820484/ HTTP/1.1" 200 40363 "-" "Mozilla/5.0 (Linux; Android 6.0.1; Nexus 5X Build/MMB29P) AppleWebKit/537.36 (KHTML, like Gecko) Chrome/137.0.7151.103 Mobile Safari/537.36 (compatible; Googlebot/2.1; +http://www.google.com/bot.html)"
66.249.79.1 - - [17/Jul/2025:15:51:40 +0000] "GET /shopdetail/273306349 HTTP/1.1" 200 39902 "-" "Mozilla/5.0 (compatible; Googlebot/2.1; +http://www.google.com/bot.html)"
66.249.79.2 - - [17/Jul/2025:15:53:12 +0000] "GET /shopdetail/327374249 HTTP/1.1" 200 40257 "-" "Mozilla/5.0 (compatible; Googlebot/2.1; +http://www.google.com/bot.html)"
66.249.79.1 - - [17/Jul/2025:15:55:15 +0000] "GET /shopdetail/164546049 HTTP/1.1" 200 40124 "-" "Mozilla/5.0 (Linux; Android 6.0.1; Nexus 5X Build/MMB29P) AppleWebKit/537.36 (KHTML, like Gecko) Chrome/137.0.7151.103 Mobile Safari/537.36 (compatible; Googlebot/2.1; +http://www.google.com/bot.html)"
66.249.79.8 - - [17/Jul/2025:15:55:52 +0000] "GET /shopdetail/167375049 HTTP/1.1" 200 39986 "-" "Mozilla/5.0 (Linux; Android 6.0.1; Nexus 5X Build/MMB29P) AppleWebKit/537.36 (KHTML, like Gecko) Chrome/137.0.7151.103 Mobile Safari/537.36 (compatible; Googlebot/2.1; +http://www.google.com/bot.html)"
87.250.224.76 - - [17/Jul/2025:15:55:55 +0000] "GET /robots.txt HTTP/1.1" 200 285 "-" "Mozilla/5.0 (compatible; YandexBot/3.0; +http://yandex.com/bots)"
209.74.77.214 - - [17/Jul/2025:15:55:58 +0000] "POST /wp-cron.php?doing_wp_cron=1752767758.6579530239105224609375 HTTP/1.1" 200 - "-" "WordPress/6.8.2; https://abl.academy"
5.255.231.87 - - [17/Jul/2025:15:55:56 +0000] "GET /item/survi30098258/ HTTP/1.1" 404 9551 "-" "Mozilla/5.0 (compatible; YandexBot/3.0; +http://yandex.com/bots)"
66.249.79.1 - - [17/Jul/2025:15:59:33 +0000] "GET /shopdetail/393145149 HTTP/1.1" 200 40121 "-" "Mozilla/5.0 (Linux; Android 6.0.1; Nexus 5X Build/MMB29P) AppleWebKit/537.36 (KHTML, like Gecko) Chrome/137.0.7151.103 Mobile Safari/537.36 (compatible; Googlebot/2.1; +http://www.google.com/bot.html)"
66.249.79.2 - - [17/Jul/2025:16:00:39 +0000] "GET /shopdetail/175787449 HTTP/1.1" 200 41290 "-" "Mozilla/5.0 (Linux; Android 6.0.1; Nexus 5X Build/MMB29P) AppleWebKit/537.36 (KHTML, like Gecko) Chrome/137.0.7151.103 Mobile Safari/537.36 (compatible; Googlebot/2.1; +http://www.google.com/bot.html)"
66.249.79.8 - - [17/Jul/2025:16:00:49 +0000] "GET /sitemapd.xml HTTP/1.1" 200 17014 "-" "Mozilla/5.0 (compatible; Googlebot/2.1; +http://www.google.com/bot.html)"
66.249.79.1 - - [17/Jul/2025:16:02:39 +0000] "GET /shopdetail/394034149 HTTP/1.1" 200 40135 "-" "Mozilla/5.0 (Linux; Android 6.0.1; Nexus 5X Build/MMB29P) AppleWebKit/537.36 (KHTML, like Gecko) Chrome/137.0.7151.103 Mobile Safari/537.36 (compatible; Googlebot/2.1; +http://www.google.com/bot.html)"
66.249.79.1 - - [17/Jul/2025:16:02:58 +0000] "GET /shopdetail/43300449 HTTP/1.1" 200 40431 "-" "Mozilla/5.0 (Linux; Android 6.0.1; Nexus 5X Build/MMB29P) AppleWebKit/537.36 (KHTML, like Gecko) Chrome/137.0.7151.103 Mobile Safari/537.36 (compatible; Googlebot/2.1; +http://www.google.com/bot.html)"
66.249.79.2 - - [17/Jul/2025:16:05:07 +0000] "GET /item/adjus61399077/ HTTP/1.1" 200 39734 "-" "Mozilla/5.0 (Linux; Android 6.0.1; Nexus 5X Build/MMB29P) AppleWebKit/537.36 (KHTML, like Gecko) Chrome/137.0.7151.103 Mobile Safari/537.36 (compatible; Googlebot/2.1; +http://www.google.com/bot.html)"
66.249.79.2 - - [17/Jul/2025:16:05:10 +0000] "GET /item/jury42610843/ HTTP/1.1" 200 40133 "-" "Mozilla/5.0 (Linux; Android 6.0.1; Nexus 5X Build/MMB29P) AppleWebKit/537.36 (KHTML, like Gecko) Chrome/137.0.7151.103 Mobile Safari/537.36 (compatible; Googlebot/2.1; +http://www.google.com/bot.html)"
66.249.79.8 - - [17/Jul/2025:16:05:13 +0000] "GET /item/minut81833063/ HTTP/1.1" 200 40371 "-" "Mozilla/5.0 (Linux; Android 6.0.1; Nexus 5X Build/MMB29P) AppleWebKit/537.36 (KHTML, like Gecko) Chrome/137.0.7151.103 Mobile Safari/537.36 (compatible; Googlebot/2.1; +http://www.google.com/bot.html)"
66.249.79.1 - - [17/Jul/2025:16:05:13 +0000] "POST /get-message-notify HTTP/1.1" 200 40293 "https://abl.academy/item/jury42610843/" "Mozilla/5.0 (Linux; Android 6.0.1; Nexus 5X Build/MMB29P) AppleWebKit/537.36 (KHTML, like Gecko) Chrome/137.0.7151.119 Mobile Safari/537.36 (compatible; Googlebot/2.1; +http://www.google.com/bot.html)"
66.249.79.8 - - [17/Jul/2025:16:05:23 +0000] "GET /item/trave11289424/ HTTP/1.1" 200 40321 "-" "Mozilla/5.0 (Linux; Android 6.0.1; Nexus 5X Build/MMB29P) AppleWebKit/537.36 (KHTML, like Gecko) Chrome/137.0.7151.103 Mobile Safari/537.36 (compatible; Googlebot/2.1; +http://www.google.com/bot.html)"
66.249.79.8 - - [17/Jul/2025:16:05:30 +0000] "GET /item/spare62001445/ HTTP/1.1" 200 39918 "-" "Mozilla/5.0 (Linux; Android 6.0.1; Nexus 5X Build/MMB29P) AppleWebKit/537.36 (KHTML, like Gecko) Chrome/137.0.7151.103 Mobile Safari/537.36 (compatible; Googlebot/2.1; +http://www.google.com/bot.html)"
66.249.79.8 - - [17/Jul/2025:16:05:33 +0000] "GET /item/easy80168983/ HTTP/1.1" 200 39888 "-" "Mozilla/5.0 (Linux; Android 6.0.1; Nexus 5X Build/MMB29P) AppleWebKit/537.36 (KHTML, like Gecko) Chrome/137.0.7151.103 Mobile Safari/537.36 (compatible; Googlebot/2.1; +http://www.google.com/bot.html)"
66.249.79.8 - - [17/Jul/2025:16:05:35 +0000] "GET /item/monst50049796/ HTTP/1.1" 200 40630 "-" "Mozilla/5.0 (Linux; Android 6.0.1; Nexus 5X Build/MMB29P) AppleWebKit/537.36 (KHTML, like Gecko) Chrome/137.0.7151.103 Mobile Safari/537.36 (compatible; Googlebot/2.1; +http://www.google.com/bot.html)"
66.249.79.8 - - [17/Jul/2025:16:05:37 +0000] "POST /get-message-notify HTTP/1.1" 200 40240 "https://abl.academy/item/easy80168983/" "Mozilla/5.0 (Linux; Android 6.0.1; Nexus 5X Build/MMB29P) AppleWebKit/537.36 (KHTML, like Gecko) Chrome/137.0.7151.119 Mobile Safari/537.36 (compatible; Googlebot/2.1; +http://www.google.com/bot.html)"
66.249.79.8 - - [17/Jul/2025:16:05:43 +0000] "GET /item/japan41264491/ HTTP/1.1" 200 40001 "-" "Mozilla/5.0 (Linux; Android 6.0.1; Nexus 5X Build/MMB29P) AppleWebKit/537.36 (KHTML, like Gecko) Chrome/137.0.7151.103 Mobile Safari/537.36 (compatible; Googlebot/2.1; +http://www.google.com/bot.html)"
66.249.79.8 - - [17/Jul/2025:16:05:48 +0000] "POST /get-message-notify HTTP/1.1" 200 40345 "https://abl.academy/item/monst50049796/" "Mozilla/5.0 (Linux; Android 6.0.1; Nexus 5X Build/MMB29P) AppleWebKit/537.36 (KHTML, like Gecko) Chrome/137.0.7151.119 Mobile Safari/537.36 (compatible; Googlebot/2.1; +http://www.google.com/bot.html)"
66.249.79.8 - - [17/Jul/2025:16:06:35 +0000] "POST /get-message-notify HTTP/1.1" 200 40409 "https://abl.academy/item/japan41264491/" "Mozilla/5.0 (Linux; Android 6.0.1; Nexus 5X Build/MMB29P) AppleWebKit/537.36 (KHTML, like Gecko) Chrome/137.0.7151.119 Mobile Safari/537.36 (compatible; Googlebot/2.1; +http://www.google.com/bot.html)"
66.249.79.2 - - [17/Jul/2025:16:07:53 +0000] "GET /shopdetail/165443849 HTTP/1.1" 200 40032 "-" "Mozilla/5.0 (Linux; Android 6.0.1; Nexus 5X Build/MMB29P) AppleWebKit/537.36 (KHTML, like Gecko) Chrome/137.0.7151.103 Mobile Safari/537.36 (compatible; Googlebot/2.1; +http://www.google.com/bot.html)"
66.249.79.8 - - [17/Jul/2025:16:10:02 +0000] "GET /shopdetail/225221649 HTTP/1.1" 200 40490 "-" "Mozilla/5.0 (Linux; Android 6.0.1; Nexus 5X Build/MMB29P) AppleWebKit/537.36 (KHTML, like Gecko) Chrome/137.0.7151.103 Mobile Safari/537.36 (compatible; Googlebot/2.1; +http://www.google.com/bot.html)"
40.77.167.131 - - [17/Jul/2025:16:10:44 +0000] "GET /sitemap.xml HTTP/1.1" 200 200 "-" "Mozilla/5.0 AppleWebKit/537.36 (KHTML, like Gecko; compatible; bingbot/2.0; +http://www.bing.com/bingbot.htm) Chrome/116.0.1938.76 Safari/537.36"
207.46.13.155 - - [17/Jul/2025:16:10:49 +0000] "GET /sitemapi.xml HTTP/1.1" 200 17698 "-" "Mozilla/5.0 AppleWebKit/537.36 (KHTML, like Gecko; compatible; bingbot/2.0; +http://www.bing.com/bingbot.htm) Chrome/116.0.1938.76 Safari/537.36"
52.167.144.17 - - [17/Jul/2025:16:11:00 +0000] "GET /sitemapo.xml HTTP/1.1" 200 18569 "-" "Mozilla/5.0 AppleWebKit/537.36 (KHTML, like Gecko; compatible; bingbot/2.0; +http://www.bing.com/bingbot.htm) Chrome/116.0.1938.76 Safari/537.36"
52.167.144.17 - - [17/Jul/2025:16:11:09 +0000] "GET /sitemapc.xml HTTP/1.1" 200 12625 "-" "Mozilla/5.0 AppleWebKit/537.36 (KHTML, like Gecko; compatible; bingbot/2.0; +http://www.bing.com/bingbot.htm) Chrome/116.0.1938.76 Safari/537.36"
66.249.79.2 - - [17/Jul/2025:16:11:22 +0000] "GET /item/landi21647137/ HTTP/1.1" 200 40315 "-" "Mozilla/5.0 (Linux; Android 6.0.1; Nexus 5X Build/MMB29P) AppleWebKit/537.36 (KHTML, like Gecko) Chrome/137.0.7151.103 Mobile Safari/537.36 (compatible; Googlebot/2.1; +http://www.google.com/bot.html)"
66.249.79.8 - - [17/Jul/2025:16:12:09 +0000] "GET /shopdetail/533334449 HTTP/1.1" 200 39979 "-" "Mozilla/5.0 (Linux; Android 6.0.1; Nexus 5X Build/MMB29P) AppleWebKit/537.36 (KHTML, like Gecko) Chrome/137.0.7151.103 Mobile Safari/537.36 (compatible; Googlebot/2.1; +http://www.google.com/bot.html)"
66.249.79.8 - - [17/Jul/2025:16:12:55 +0000] "GET /shopdetail/188473149 HTTP/1.1" 200 40101 "-" "Mozilla/5.0 (Linux; Android 6.0.1; Nexus 5X Build/MMB29P) AppleWebKit/537.36 (KHTML, like Gecko) Chrome/137.0.7151.103 Mobile Safari/537.36 (compatible; Googlebot/2.1; +http://www.google.com/bot.html)"
209.74.77.214 - - [17/Jul/2025:16:15:23 +0000] "POST /wp-cron.php?doing_wp_cron=1752768923.5804820060729980468750 HTTP/1.1" 200 - "-" "WordPress/6.8.2; https://abl.academy"
51.68.230.210 - - [17/Jul/2025:16:15:21 +0000] "POST /xmlrpc.php HTTP/1.1" 200 206 "-" "Mozilla/5.0 (Windows NT 6.1; WOW64) AppleWebKit/537.36 (KHTML, like Gecko) Chrome/43.0.2357.65 Safari/537.36"
51.68.230.210 - - [17/Jul/2025:16:15:24 +0000] "POST /xmlrpc.php HTTP/1.1" 200 206 "-" "Mozilla/5.0 (Windows NT 6.1; WOW64) AppleWebKit/537.36 (KHTML, like Gecko) Chrome/43.0.2357.65 Safari/537.36"
51.68.230.210 - - [17/Jul/2025:16:15:25 +0000] "POST /xmlrpc.php HTTP/1.1" 200 206 "-" "Mozilla/5.0 (Windows NT 6.1; WOW64) AppleWebKit/537.36 (KHTML, like Gecko) Chrome/43.0.2357.65 Safari/537.36"
51.68.230.210 - - [17/Jul/2025:16:15:26 +0000] "POST /xmlrpc.php HTTP/1.1" 200 206 "-" "Mozilla/5.0 (Windows NT 6.1; WOW64) AppleWebKit/537.36 (KHTML, like Gecko) Chrome/43.0.2357.65 Safari/537.36"
51.68.230.210 - - [17/Jul/2025:16:15:28 +0000] "POST /xmlrpc.php HTTP/1.1" 200 206 "-" "Mozilla/5.0 (Windows NT 6.1; WOW64) AppleWebKit/537.36 (KHTML, like Gecko) Chrome/43.0.2357.65 Safari/537.36"
66.249.79.2 - - [17/Jul/2025:16:15:41 +0000] "GET /item/silen70596590/ HTTP/1.1" 200 40060 "-" "Mozilla/5.0 (Linux; Android 6.0.1; Nexus 5X Build/MMB29P) AppleWebKit/537.36 (KHTML, like Gecko) Chrome/137.0.7151.103 Mobile Safari/537.36 (compatible; Googlebot/2.1; +http://www.google.com/bot.html)"
209.74.77.214 - - [17/Jul/2025:16:16:15 +0000] "POST /wp-cron.php?doing_wp_cron=1752768975.2726140022277832031250 HTTP/1.1" 200 - "-" "WordPress/6.8.2; https://abl.academy"
52.4.238.8 - - [17/Jul/2025:16:16:13 +0000] "GET /courses/test/lessons/lesson-28/ HTTP/1.1" 200 32743 "-" "Mozilla/5.0 AppleWebKit/537.36 (KHTML, like Gecko; compatible; Amazonbot/0.1; +https://developer.amazon.com/support/amazonbot) Chrome/119.0.6045.214 Safari/537.36"
66.249.79.2 - - [17/Jul/2025:16:16:26 +0000] "GET /item/glue40575259/ HTTP/1.1" 200 40102 "-" "Mozilla/5.0 (Linux; Android 6.0.1; Nexus 5X Build/MMB29P) AppleWebKit/537.36 (KHTML, like Gecko) Chrome/137.0.7151.103 Mobile Safari/537.36 (compatible; Googlebot/2.1; +http://www.google.com/bot.html)"
66.249.79.1 - - [17/Jul/2025:16:16:27 +0000] "GET /item/as20612305/ HTTP/1.1" 200 39981 "-" "Mozilla/5.0 (Linux; Android 6.0.1; Nexus 5X Build/MMB29P) AppleWebKit/537.36 (KHTML, like Gecko) Chrome/137.0.7151.103 Mobile Safari/537.36 (compatible; Googlebot/2.1; +http://www.google.com/bot.html)"
66.249.79.1 - - [17/Jul/2025:16:17:40 +0000] "GET /item/prepa71568166/ HTTP/1.1" 200 39867 "-" "Mozilla/5.0 (Linux; Android 6.0.1; Nexus 5X Build/MMB29P) AppleWebKit/537.36 (KHTML, like Gecko) Chrome/137.0.7151.103 Mobile Safari/537.36 (compatible; Googlebot/2.1; +http://www.google.com/bot.html)"
66.249.79.8 - - [17/Jul/2025:16:18:03 +0000] "GET /shopdetail/263402049 HTTP/1.1" 200 40738 "-" "Mozilla/5.0 (Linux; Android 6.0.1; Nexus 5X Build/MMB29P) AppleWebKit/537.36 (KHTML, like Gecko) Chrome/137.0.7151.103 Mobile Safari/537.36 (compatible; Googlebot/2.1; +http://www.google.com/bot.html)"
66.249.79.8 - - [17/Jul/2025:16:18:27 +0000] "GET /sitemapj.xml HTTP/1.1" 200 12000 "-" "Mozilla/5.0 (compatible; Googlebot/2.1; +http://www.google.com/bot.html)"
66.249.79.8 - - [17/Jul/2025:16:18:53 +0000] "GET /item/unexp80099255/ HTTP/1.1" 200 40000 "-" "Mozilla/5.0 (Linux; Android 6.0.1; Nexus 5X Build/MMB29P) AppleWebKit/537.36 (KHTML, like Gecko) Chrome/137.0.7151.103 Mobile Safari/537.36 (compatible; Googlebot/2.1; +http://www.google.com/bot.html)"
66.249.79.8 - - [17/Jul/2025:16:19:53 +0000] "GET /shopdetail/344663549 HTTP/1.1" 200 39843 "-" "Mozilla/5.0 (Linux; Android 6.0.1; Nexus 5X Build/MMB29P) AppleWebKit/537.36 (KHTML, like Gecko) Chrome/137.0.7151.103 Mobile Safari/537.36 (compatible; Googlebot/2.1; +http://www.google.com/bot.html)"
66.249.79.8 - - [17/Jul/2025:16:21:07 +0000] "GET /wp-sitemap-taxonomies-product_cat-1.xml HTTP/1.1" 200 18083 "-" "Mozilla/5.0 (compatible; Googlebot/2.1; +http://www.google.com/bot.html)"
51.222.253.7 - - [17/Jul/2025:16:22:00 +0000] "GET /sitemap.xml HTTP/1.1" 200 200 "-" "Mozilla/5.0 (compatible; AhrefsBot/7.0; +http://ahrefs.com/robot/)"
51.222.253.4 - - [17/Jul/2025:16:22:04 +0000] "GET /sitemapa.xml HTTP/1.1" 200 17705 "-" "Mozilla/5.0 (compatible; AhrefsBot/7.0; +http://ahrefs.com/robot/)"
51.222.253.4 - - [17/Jul/2025:16:22:09 +0000] "GET /sitemapb.xml HTTP/1.1" 200 11495 "-" "Mozilla/5.0 (compatible; AhrefsBot/7.0; +http://ahrefs.com/robot/)"
66.249.79.8 - - [17/Jul/2025:16:22:09 +0000] "GET /shopdetail/103485849 HTTP/1.1" 200 40318 "-" "Mozilla/5.0 (Linux; Android 6.0.1; Nexus 5X Build/MMB29P) AppleWebKit/537.36 (KHTML, like Gecko) Chrome/137.0.7151.103 Mobile Safari/537.36 (compatible; Googlebot/2.1; +http://www.google.com/bot.html)"
51.222.253.3 - - [17/Jul/2025:16:22:14 +0000] "GET /sitemapc.xml HTTP/1.1" 200 9839 "-" "Mozilla/5.0 (compatible; AhrefsBot/7.0; +http://ahrefs.com/robot/)"
51.222.253.20 - - [17/Jul/2025:16:22:21 +0000] "GET /sitemapd.xml HTTP/1.1" 200 15242 "-" "Mozilla/5.0 (compatible; AhrefsBot/7.0; +http://ahrefs.com/robot/)"
51.222.253.11 - - [17/Jul/2025:16:22:26 +0000] "GET /sitemape.xml HTTP/1.1" 200 16203 "-" "Mozilla/5.0 (compatible; AhrefsBot/7.0; +http://ahrefs.com/robot/)"
51.222.253.8 - - [17/Jul/2025:16:22:30 +0000] "GET /sitemapf.xml HTTP/1.1" 200 18094 "-" "Mozilla/5.0 (compatible; AhrefsBot/7.0; +http://ahrefs.com/robot/)"
51.222.253.8 - - [17/Jul/2025:16:22:35 +0000] "GET /sitemapg.xml HTTP/1.1" 200 18231 "-" "Mozilla/5.0 (compatible; AhrefsBot/7.0; +http://ahrefs.com/robot/)"
51.222.253.15 - - [17/Jul/2025:16:22:39 +0000] "GET /sitemaph.xml HTTP/1.1" 200 18477 "-" "Mozilla/5.0 (compatible; AhrefsBot/7.0; +http://ahrefs.com/robot/)"
66.249.79.8 - - [17/Jul/2025:16:22:39 +0000] "GET /shopdetail/42459049 HTTP/1.1" 200 39970 "-" "Mozilla/5.0 (compatible; Googlebot/2.1; +http://www.google.com/bot.html)"
51.222.253.19 - - [17/Jul/2025:16:22:43 +0000] "GET /sitemapi.xml HTTP/1.1" 200 14986 "-" "Mozilla/5.0 (compatible; AhrefsBot/7.0; +http://ahrefs.com/robot/)"
51.222.253.15 - - [17/Jul/2025:16:22:48 +0000] "GET /sitemapj.xml HTTP/1.1" 200 14183 "-" "Mozilla/5.0 (compatible; AhrefsBot/7.0; +http://ahrefs.com/robot/)"
51.222.253.5 - - [17/Jul/2025:16:22:53 +0000] "GET /sitemapk.xml HTTP/1.1" 200 13819 "-" "Mozilla/5.0 (compatible; AhrefsBot/7.0; +http://ahrefs.com/robot/)"
51.222.253.19 - - [17/Jul/2025:16:22:57 +0000] "GET /sitemapl.xml HTTP/1.1" 200 13926 "-" "Mozilla/5.0 (compatible; AhrefsBot/7.0; +http://ahrefs.com/robot/)"
66.249.79.8 - - [17/Jul/2025:16:22:59 +0000] "GET /shopdetail/233902149 HTTP/1.1" 200 40909 "-" "Mozilla/5.0 (compatible; Googlebot/2.1; +http://www.google.com/bot.html)"
51.222.253.2 - - [17/Jul/2025:16:23:03 +0000] "GET /sitemapm.xml HTTP/1.1" 200 18083 "-" "Mozilla/5.0 (compatible; AhrefsBot/7.0; +http://ahrefs.com/robot/)"
51.222.253.10 - - [17/Jul/2025:16:23:08 +0000] "GET /sitemapn.xml HTTP/1.1" 200 17107 "-" "Mozilla/5.0 (compatible; AhrefsBot/7.0; +http://ahrefs.com/robot/)"
51.222.253.19 - - [17/Jul/2025:16:23:12 +0000] "GET /sitemapo.xml HTTP/1.1" 200 13381 "-" "Mozilla/5.0 (compatible; AhrefsBot/7.0; +http://ahrefs.com/robot/)"
66.249.79.1 - - [17/Jul/2025:16:25:49 +0000] "GET /item/sofa52348428/ HTTP/1.1" 200 40009 "-" "Mozilla/5.0 (Linux; Android 6.0.1; Nexus 5X Build/MMB29P) AppleWebKit/537.36 (KHTML, like Gecko) Chrome/137.0.7151.103 Mobile Safari/537.36 (compatible; Googlebot/2.1; +http://www.google.com/bot.html)"
66.249.79.8 - - [17/Jul/2025:16:26:27 +0000] "GET /item/rise21589641/ HTTP/1.1" 200 40119 "-" "Mozilla/5.0 (Linux; Android 6.0.1; Nexus 5X Build/MMB29P) AppleWebKit/537.36 (KHTML, like Gecko) Chrome/137.0.7151.103 Mobile Safari/537.36 (compatible; Googlebot/2.1; +http://www.google.com/bot.html)"
66.249.79.8 - - [17/Jul/2025:16:27:45 +0000] "GET /shopdetail/53616349 HTTP/1.1" 200 39788 "-" "Mozilla/5.0 (compatible; Googlebot/2.1; +http://www.google.com/bot.html)"
66.249.79.2 - - [17/Jul/2025:16:28:07 +0000] "GET /sitemape.xml HTTP/1.1" 200 17776 "-" "Mozilla/5.0 (compatible; Googlebot/2.1; +http://www.google.com/bot.html)"
66.249.79.8 - - [17/Jul/2025:16:28:10 +0000] "GET /shopdetail/142129749 HTTP/1.1" 200 39911 "-" "Mozilla/5.0 (Linux; Android 6.0.1; Nexus 5X Build/MMB29P) AppleWebKit/537.36 (KHTML, like Gecko) Chrome/137.0.7151.103 Mobile Safari/537.36 (compatible; Googlebot/2.1; +http://www.google.com/bot.html)"
66.249.79.2 - - [17/Jul/2025:16:32:17 +0000] "GET /shopdetail/444655049 HTTP/1.1" 200 40133 "-" "Mozilla/5.0 (compatible; Googlebot/2.1; +http://www.google.com/bot.html)"
66.249.79.1 - - [17/Jul/2025:16:34:09 +0000] "GET /shopdetail/56516149 HTTP/1.1" 200 40429 "-" "Mozilla/5.0 (compatible; Googlebot/2.1; +http://www.google.com/bot.html)"
207.46.13.230 - - [17/Jul/2025:16:34:45 +0000] "GET /robots.txt HTTP/1.1" 200 114 "-" "Mozilla/5.0 AppleWebKit/537.36 (KHTML, like Gecko; compatible; bingbot/2.0; +http://www.bing.com/bingbot.htm) Chrome/116.0.1938.76 Safari/537.36"
207.46.13.230 - - [17/Jul/2025:16:34:45 +0000] "GET /robots.txt HTTP/1.1" 200 114 "-" "Mozilla/5.0 AppleWebKit/537.36 (KHTML, like Gecko; compatible; bingbot/2.0; +http://www.bing.com/bingbot.htm) Chrome/116.0.1938.76 Safari/537.36"
40.77.167.10 - - [17/Jul/2025:16:34:56 +0000] "GET /sitemap_index.xml HTTP/1.1" 200 11939 "-" "Mozilla/5.0 AppleWebKit/537.36 (KHTML, like Gecko; compatible; bingbot/2.0; +http://www.bing.com/bingbot.htm) Chrome/116.0.1938.76 Safari/537.36"
66.249.79.8 - - [17/Jul/2025:16:35:50 +0000] "GET /item/pole72391190/ HTTP/1.1" 200 39762 "-" "Mozilla/5.0 (Linux; Android 6.0.1; Nexus 5X Build/MMB29P) AppleWebKit/537.36 (KHTML, like Gecko) Chrome/137.0.7151.103 Mobile Safari/537.36 (compatible; Googlebot/2.1; +http://www.google.com/bot.html)"
66.249.79.2 - - [17/Jul/2025:16:36:30 +0000] "GET /item/cigar21673481/ HTTP/1.1" 200 41041 "-" "Mozilla/5.0 (Linux; Android 6.0.1; Nexus 5X Build/MMB29P) AppleWebKit/537.36 (KHTML, like Gecko) Chrome/137.0.7151.103 Mobile Safari/537.36 (compatible; Googlebot/2.1; +http://www.google.com/bot.html)"
124.222.142.44 - - [17/Jul/2025:16:38:41 +0000] "GET / HTTP/1.1" 200 9694 "http://abl.academy" "Mozilla/5.0 (iPhone; CPU iPhone OS 13_2_3 like Mac OS X) AppleWebKit/605.1.15 (KHTML, like Gecko) Version/13.0.3 Mobile/15E148 Safari/604.1"
47.79.241.160 - - [17/Jul/2025:16:39:18 +0000] "GET / HTTP/1.1" 200 9695 "http://www.abl.academy" "Mozilla/5.0 (Windows NT 10.0; Win64; x64) AppleWebKit/537.36 (KHTML, like Gecko) Chrome/114.0.0.0 Safari/537.36 Edg/114.0.1823.43"
66.249.79.2 - - [17/Jul/2025:16:39:44 +0000] "GET /shopdetail/220216549 HTTP/1.1" 200 40489 "-" "Mozilla/5.0 (Linux; Android 6.0.1; Nexus 5X Build/MMB29P) AppleWebKit/537.36 (KHTML, like Gecko) Chrome/137.0.7151.103 Mobile Safari/537.36 (compatible; Googlebot/2.1; +http://www.google.com/bot.html)"
66.249.79.2 - - [17/Jul/2025:16:39:45 +0000] "GET /shopdetail/387222449 HTTP/1.1" 200 40717 "-" "Mozilla/5.0 (compatible; Googlebot/2.1; +http://www.google.com/bot.html)"
66.249.79.2 - - [17/Jul/2025:16:41:11 +0000] "GET /shopdetail/279800049 HTTP/1.1" 200 40098 "-" "Mozilla/5.0 (Linux; Android 6.0.1; Nexus 5X Build/MMB29P) AppleWebKit/537.36 (KHTML, like Gecko) Chrome/137.0.7151.103 Mobile Safari/537.36 (compatible; Googlebot/2.1; +http://www.google.com/bot.html)"
66.249.79.1 - - [17/Jul/2025:16:41:26 +0000] "GET /item/gear81122175/ HTTP/1.1" 200 40052 "-" "Mozilla/5.0 (Linux; Android 6.0.1; Nexus 5X Build/MMB29P) AppleWebKit/537.36 (KHTML, like Gecko) Chrome/137.0.7151.103 Mobile Safari/537.36 (compatible; Googlebot/2.1; +http://www.google.com/bot.html)"
66.249.79.8 - - [17/Jul/2025:16:41:30 +0000] "POST /get-message-notify HTTP/1.1" 200 40356 "https://abl.academy/item/gear81122175/" "Mozilla/5.0 (Linux; Android 6.0.1; Nexus 5X Build/MMB29P) AppleWebKit/537.36 (KHTML, like Gecko) Chrome/137.0.7151.119 Mobile Safari/537.36 (compatible; Googlebot/2.1; +http://www.google.com/bot.html)"
66.249.79.8 - - [17/Jul/2025:16:42:16 +0000] "GET /shopdetail/258926849 HTTP/1.1" 200 40213 "-" "Mozilla/5.0 (Linux; Android 6.0.1; Nexus 5X Build/MMB29P) AppleWebKit/537.36 (KHTML, like Gecko) Chrome/137.0.7151.103 Mobile Safari/537.36 (compatible; Googlebot/2.1; +http://www.google.com/bot.html)"
66.249.79.2 - - [17/Jul/2025:16:43:23 +0000] "GET /item/diffi70016598/ HTTP/1.1" 200 40677 "-" "Mozilla/5.0 (Linux; Android 6.0.1; Nexus 5X Build/MMB29P) AppleWebKit/537.36 (KHTML, like Gecko) Chrome/137.0.7151.103 Mobile Safari/537.36 (compatible; Googlebot/2.1; +http://www.google.com/bot.html)"
66.249.79.2 - - [17/Jul/2025:16:45:39 +0000] "GET /item/rule22461009/ HTTP/1.1" 200 39857 "-" "Mozilla/5.0 (Linux; Android 6.0.1; Nexus 5X Build/MMB29P) AppleWebKit/537.36 (KHTML, like Gecko) Chrome/137.0.7151.103 Mobile Safari/537.36 (compatible; Googlebot/2.1; +http://www.google.com/bot.html)"
66.249.79.2 - - [17/Jul/2025:16:46:18 +0000] "POST /get-message-notify HTTP/1.1" 200 40366 "https://abl.academy/item/rule22461009/" "Mozilla/5.0 (Linux; Android 6.0.1; Nexus 5X Build/MMB29P) AppleWebKit/537.36 (KHTML, like Gecko) Chrome/137.0.7151.119 Mobile Safari/537.36 (compatible; Googlebot/2.1; +http://www.google.com/bot.html)"
66.249.79.8 - - [17/Jul/2025:16:46:27 +0000] "GET /item/dug72099942/ HTTP/1.1" 200 39891 "-" "Mozilla/5.0 (Linux; Android 6.0.1; Nexus 5X Build/MMB29P) AppleWebKit/537.36 (KHTML, like Gecko) Chrome/137.0.7151.103 Mobile Safari/537.36 (compatible; Googlebot/2.1; +http://www.google.com/bot.html)"
66.249.79.8 - - [17/Jul/2025:16:46:37 +0000] "GET /shopdetail/88667349 HTTP/1.1" 200 39900 "-" "Mozilla/5.0 (Linux; Android 6.0.1; Nexus 5X Build/MMB29P) AppleWebKit/537.36 (KHTML, like Gecko) Chrome/137.0.7151.103 Mobile Safari/537.36 (compatible; Googlebot/2.1; +http://www.google.com/bot.html)"
66.249.79.1 - - [17/Jul/2025:16:50:32 +0000] "POST /get-message-notify HTTP/1.1" 200 40282 "https://abl.academy/item/dug72099942/" "Mozilla/5.0 (Linux; Android 6.0.1; Nexus 5X Build/MMB29P) AppleWebKit/537.36 (KHTML, like Gecko) Chrome/137.0.7151.119 Mobile Safari/537.36 (compatible; Googlebot/2.1; +http://www.google.com/bot.html)"
66.249.79.2 - - [17/Jul/2025:16:51:23 +0000] "GET /item/on81857071/ HTTP/1.1" 200 40842 "-" "Mozilla/5.0 (Linux; Android 6.0.1; Nexus 5X Build/MMB29P) AppleWebKit/537.36 (KHTML, like Gecko) Chrome/137.0.7151.103 Mobile Safari/537.36 (compatible; Googlebot/2.1; +http://www.google.com/bot.html)"
66.249.79.8 - - [17/Jul/2025:16:51:40 +0000] "GET /item/adven81354735/ HTTP/1.1" 200 39751 "-" "Mozilla/5.0 (Linux; Android 6.0.1; Nexus 5X Build/MMB29P) AppleWebKit/537.36 (KHTML, like Gecko) Chrome/137.0.7151.103 Mobile Safari/537.36 (compatible; Googlebot/2.1; +http://www.google.com/bot.html)"
66.249.79.1 - - [17/Jul/2025:16:51:43 +0000] "POST /get-message-notify HTTP/1.1" 200 40295 "https://abl.academy/item/adven81354735/" "Mozilla/5.0 (Linux; Android 6.0.1; Nexus 5X Build/MMB29P) AppleWebKit/537.36 (KHTML, like Gecko) Chrome/137.0.7151.119 Mobile Safari/537.36 (compatible; Googlebot/2.1; +http://www.google.com/bot.html)"
66.249.79.8 - - [17/Jul/2025:16:52:05 +0000] "GET /item/insis20293289/ HTTP/1.1" 200 41032 "-" "Mozilla/5.0 (Linux; Android 6.0.1; Nexus 5X Build/MMB29P) AppleWebKit/537.36 (KHTML, like Gecko) Chrome/137.0.7151.103 Mobile Safari/537.36 (compatible; Googlebot/2.1; +http://www.google.com/bot.html)"
66.249.79.8 - - [17/Jul/2025:16:52:49 +0000] "GET /shopdetail/568374049 HTTP/1.1" 200 40055 "-" "Mozilla/5.0 (compatible; Googlebot/2.1; +http://www.google.com/bot.html)"
45.227.253.15 - - [17/Jul/2025:16:52:50 +0000] "GET /wp-admin/maint/maint/maint/index.php?ARRAY=7o2230223n313735323737343837362p2231223n22687474703n5p2s5p2s6p776n39302r67756172652r77696o695p2s3s6p633q7068705s636s64655s6n6326743q313735323737313237362q3461386432346136623537383033313535626439633538383263623634393164222p2232223n226566633536366534386461646237353235366338663766643832313863343364222p2233223n223731336661633265343537656430663232613737336362393365396137343664222p2262696r675s70617373223n2231332q33352q35372q36382q37332q38372q3231227q HTTP/1.1" 200 102 "-" "Mozilla/5.0 (Windows NT 10.0; Win64; x64) AppleWebKit/537.36 (KHTML, like Gecko) Chrome/83.0.3302.140 Safari/537.36 Edge/18.18960"
66.249.79.1 - - [17/Jul/2025:16:54:44 +0000] "GET /shopdetail/217937049 HTTP/1.1" 200 39924 "-" "Mozilla/5.0 (Linux; Android 6.0.1; Nexus 5X Build/MMB29P) AppleWebKit/537.36 (KHTML, like Gecko) Chrome/137.0.7151.103 Mobile Safari/537.36 (compatible; Googlebot/2.1; +http://www.google.com/bot.html)"
66.249.79.8 - - [17/Jul/2025:16:55:43 +0000] "GET /item/advis31896050/ HTTP/1.1" 200 40179 "-" "Mozilla/5.0 (Linux; Android 6.0.1; Nexus 5X Build/MMB29P) AppleWebKit/537.36 (KHTML, like Gecko) Chrome/137.0.7151.103 Mobile Safari/537.36 (compatible; Googlebot/2.1; +http://www.google.com/bot.html)"
66.249.79.1 - - [17/Jul/2025:16:55:46 +0000] "POST /get-message-notify HTTP/1.1" 200 40399 "https://abl.academy/item/advis31896050/" "Mozilla/5.0 (Linux; Android 6.0.1; Nexus 5X Build/MMB29P) AppleWebKit/537.36 (KHTML, like Gecko) Chrome/137.0.7151.119 Mobile Safari/537.36 (compatible; Googlebot/2.1; +http://www.google.com/bot.html)"
66.249.79.2 - - [17/Jul/2025:16:56:32 +0000] "GET /item/list52216620/ HTTP/1.1" 200 40986 "-" "Mozilla/5.0 (Linux; Android 6.0.1; Nexus 5X Build/MMB29P) AppleWebKit/537.36 (KHTML, like Gecko) Chrome/137.0.7151.103 Mobile Safari/537.36 (compatible; Googlebot/2.1; +http://www.google.com/bot.html)"
66.249.79.8 - - [17/Jul/2025:16:57:33 +0000] "GET /shopdetail/520153649 HTTP/1.1" 200 40217 "-" "Mozilla/5.0 (compatible; Googlebot/2.1; +http://www.google.com/bot.html)"
66.249.79.2 - - [17/Jul/2025:16:58:28 +0000] "GET /shopdetail/434725149 HTTP/1.1" 200 39888 "-" "Mozilla/5.0 (Linux; Android 6.0.1; Nexus 5X Build/MMB29P) AppleWebKit/537.36 (KHTML, like Gecko) Chrome/137.0.7151.103 Mobile Safari/537.36 (compatible; Googlebot/2.1; +http://www.google.com/bot.html)"
66.249.79.1 - - [17/Jul/2025:17:00:29 +0000] "GET /item/tensi40530195/ HTTP/1.1" 200 39799 "-" "Mozilla/5.0 (Linux; Android 6.0.1; Nexus 5X Build/MMB29P) AppleWebKit/537.36 (KHTML, like Gecko) Chrome/137.0.7151.103 Mobile Safari/537.36 (compatible; Googlebot/2.1; +http://www.google.com/bot.html)"
66.249.79.2 - - [17/Jul/2025:17:00:29 +0000] "GET /item/rich30448074/ HTTP/1.1" 200 40796 "-" "Mozilla/5.0 (Linux; Android 6.0.1; Nexus 5X Build/MMB29P) AppleWebKit/537.36 (KHTML, like Gecko) Chrome/137.0.7151.103 Mobile Safari/537.36 (compatible; Googlebot/2.1; +http://www.google.com/bot.html)"
66.249.79.8 - - [17/Jul/2025:17:00:34 +0000] "POST /get-message-notify HTTP/1.1" 200 40336 "https://abl.academy/item/tensi40530195/" "Mozilla/5.0 (Linux; Android 6.0.1; Nexus 5X Build/MMB29P) AppleWebKit/537.36 (KHTML, like Gecko) Chrome/137.0.7151.119 Mobile Safari/537.36 (compatible; Googlebot/2.1; +http://www.google.com/bot.html)"
66.249.79.8 - - [17/Jul/2025:17:03:41 +0000] "GET /shopdetail/101352149 HTTP/1.1" 200 40209 "-" "Mozilla/5.0 (Linux; Android 6.0.1; Nexus 5X Build/MMB29P) AppleWebKit/537.36 (KHTML, like Gecko) Chrome/137.0.7151.103 Mobile Safari/537.36 (compatible; Googlebot/2.1; +http://www.google.com/bot.html)"
66.249.79.1 - - [17/Jul/2025:17:03:58 +0000] "GET /item/prett72256582/ HTTP/1.1" 200 39879 "-" "Mozilla/5.0 (Linux; Android 6.0.1; Nexus 5X Build/MMB29P) AppleWebKit/537.36 (KHTML, like Gecko) Chrome/137.0.7151.103 Mobile Safari/537.36 (compatible; Googlebot/2.1; +http://www.google.com/bot.html)"
66.249.79.1 - - [17/Jul/2025:17:04:01 +0000] "POST /get-message-notify HTTP/1.1" 200 40423 "https://abl.academy/item/prett72256582/" "Mozilla/5.0 (Linux; Android 6.0.1; Nexus 5X Build/MMB29P) AppleWebKit/537.36 (KHTML, like Gecko) Chrome/137.0.7151.119 Mobile Safari/537.36 (compatible; Googlebot/2.1; +http://www.google.com/bot.html)"
66.249.79.8 - - [17/Jul/2025:17:05:02 +0000] "GET /shopdetail/8445649 HTTP/1.1" 200 40202 "-" "Mozilla/5.0 (Linux; Android 6.0.1; Nexus 5X Build/MMB29P) AppleWebKit/537.36 (KHTML, like Gecko) Chrome/137.0.7151.103 Mobile Safari/537.36 (compatible; Googlebot/2.1; +http://www.google.com/bot.html)"
209.74.77.214 - - [17/Jul/2025:17:05:15 +0000] "POST /wp-cron.php?doing_wp_cron=1752771915.3040020465850830078125 HTTP/1.1" 200 - "-" "WordPress/6.8.2; https://abl.academy"
44.207.252.58 - - [17/Jul/2025:17:05:13 +0000] "GET /courses/create-an-lms-website-with-learnpress/ HTTP/1.1" 200 33219 "-" "Mozilla/5.0 AppleWebKit/537.36 (KHTML, like Gecko; compatible; Amazonbot/0.1; +https://developer.amazon.com/support/amazonbot) Chrome/119.0.6045.214 Safari/537.36"
66.249.79.8 - - [17/Jul/2025:17:05:44 +0000] "GET /item/dye32407402/ HTTP/1.1" 200 40085 "-" "Mozilla/5.0 (Linux; Android 6.0.1; Nexus 5X Build/MMB29P) AppleWebKit/537.36 (KHTML, like Gecko) Chrome/137.0.7151.103 Mobile Safari/537.36 (compatible; Googlebot/2.1; +http://www.google.com/bot.html)"
209.74.77.214 - - [17/Jul/2025:17:06:02 +0000] "POST /wp-cron.php?doing_wp_cron=1752771962.8647220134735107421875 HTTP/1.1" 200 - "-" "WordPress/6.8.2; https://abl.academy"
162.241.169.8 - - [17/Jul/2025:17:06:02 +0000] "POST /xmlrpc.php HTTP/1.1" 200 225 "-" "Mozilla/5.0 (X11; Ubuntu; Linux x86_64; rv:85.0) Gecko/20100101 Firefox/91.0"
66.249.79.2 - - [17/Jul/2025:17:06:05 +0000] "GET /shopdetail/280954749 HTTP/1.1" 200 40029 "-" "Mozilla/5.0 (compatible; Googlebot/2.1; +http://www.google.com/bot.html)"
66.249.79.8 - - [17/Jul/2025:17:06:56 +0000] "GET /item/deep62320557/ HTTP/1.1" 200 39939 "-" "Mozilla/5.0 (Linux; Android 6.0.1; Nexus 5X Build/MMB29P) AppleWebKit/537.36 (KHTML, like Gecko) Chrome/137.0.7151.103 Mobile Safari/537.36 (compatible; Googlebot/2.1; +http://www.google.com/bot.html)"
66.249.79.8 - - [17/Jul/2025:17:07:40 +0000] "GET /shopdetail/543491449 HTTP/1.1" 200 39976 "-" "Mozilla/5.0 (Linux; Android 6.0.1; Nexus 5X Build/MMB29P) AppleWebKit/537.36 (KHTML, like Gecko) Chrome/137.0.7151.103 Mobile Safari/537.36 (compatible; Googlebot/2.1; +http://www.google.com/bot.html)"
