20.171.207.85 - - [18/Jul/2025:05:50:16 +0000] "GET /items/dvds/anime/4372324/ HTTP/1.1" 404 20411 "-" "Mozilla/5.0 AppleWebKit/537.36 (KHTML, like Gecko; compatible; GPTBot/1.2; +https://openai.com/gptbot)"
20.171.207.85 - - [18/Jul/2025:05:50:18 +0000] "GET /items/cars/parts/4391471/ HTTP/1.1" 404 20411 "-" "Mozilla/5.0 AppleWebKit/537.36 (KHTML, like Gecko; compatible; GPTBot/1.2; +https://openai.com/gptbot)"
20.171.207.85 - - [18/Jul/2025:05:50:21 +0000] "GET /items/cars/tires/3607873/ HTTP/1.1" 404 20411 "-" "Mozilla/5.0 AppleWebKit/537.36 (KHTML, like Gecko; compatible; GPTBot/1.2; +https://openai.com/gptbot)"
20.171.207.85 - - [18/Jul/2025:05:50:25 +0000] "GET /items/art/others/2095882/ HTTP/1.1" 404 20411 "-" "Mozilla/5.0 AppleWebKit/537.36 (KHTML, like Gecko; compatible; GPTBot/1.2; +https://openai.com/gptbot)"
20.171.207.85 - - [18/Jul/2025:05:50:27 +0000] "GET /items/tv/cameras/1864668/ HTTP/1.1" 404 20411 "-" "Mozilla/5.0 AppleWebKit/537.36 (KHTML, like Gecko; compatible; GPTBot/1.2; +https://openai.com/gptbot)"
20.171.207.85 - - [18/Jul/2025:05:50:29 +0000] "GET /items/tv/cameras/2044947/ HTTP/1.1" 404 20411 "-" "Mozilla/5.0 AppleWebKit/537.36 (KHTML, like Gecko; compatible; GPTBot/1.2; +https://openai.com/gptbot)"
209.74.77.214 - - [18/Jul/2025:05:50:33 +0000] "POST /wp-cron.php?doing_wp_cron=1752817833.2491290569305419921875 HTTP/1.1" 200 - "-" "WordPress/6.8.2; https://alalamy.com.au"
20.171.207.85 - - [18/Jul/2025:05:50:32 +0000] "GET /items/art/crafts/4523372/ HTTP/1.1" 404 20411 "-" "Mozilla/5.0 AppleWebKit/537.36 (KHTML, like Gecko; compatible; GPTBot/1.2; +https://openai.com/gptbot)"
20.171.207.85 - - [18/Jul/2025:05:50:34 +0000] "GET /items/cars/parts/4616877/ HTTP/1.1" 404 20411 "-" "Mozilla/5.0 AppleWebKit/537.36 (KHTML, like Gecko; compatible; GPTBot/1.2; +https://openai.com/gptbot)"
20.171.207.85 - - [18/Jul/2025:05:50:37 +0000] "GET /items/tv/cameras/4589989/ HTTP/1.1" 404 20411 "-" "Mozilla/5.0 AppleWebKit/537.36 (KHTML, like Gecko; compatible; GPTBot/1.2; +https://openai.com/gptbot)"
20.171.207.85 - - [18/Jul/2025:05:50:38 +0000] "GET /items/diy/levers/3425523/ HTTP/1.1" 404 20411 "-" "Mozilla/5.0 AppleWebKit/537.36 (KHTML, like Gecko; compatible; GPTBot/1.2; +https://openai.com/gptbot)"
20.171.207.85 - - [18/Jul/2025:05:50:39 +0000] "GET /items/cars/parts/1673446/ HTTP/1.1" 404 20411 "-" "Mozilla/5.0 AppleWebKit/537.36 (KHTML, like Gecko; compatible; GPTBot/1.2; +https://openai.com/gptbot)"
20.171.207.85 - - [18/Jul/2025:05:50:40 +0000] "GET /items/cars/parts/3193751/ HTTP/1.1" 404 20411 "-" "Mozilla/5.0 AppleWebKit/537.36 (KHTML, like Gecko; compatible; GPTBot/1.2; +https://openai.com/gptbot)"
20.171.207.85 - - [18/Jul/2025:05:50:41 +0000] "GET /items/cars/parts/3566259/ HTTP/1.1" 404 20411 "-" "Mozilla/5.0 AppleWebKit/537.36 (KHTML, like Gecko; compatible; GPTBot/1.2; +https://openai.com/gptbot)"
20.171.207.85 - - [18/Jul/2025:05:50:43 +0000] "GET /items/tv/cameras/5077874/ HTTP/1.1" 404 20411 "-" "Mozilla/5.0 AppleWebKit/537.36 (KHTML, like Gecko; compatible; GPTBot/1.2; +https://openai.com/gptbot)"
20.171.207.85 - - [18/Jul/2025:05:50:45 +0000] "GET /items/dvds/music/2997302/ HTTP/1.1" 404 20411 "-" "Mozilla/5.0 AppleWebKit/537.36 (KHTML, like Gecko; compatible; GPTBot/1.2; +https://openai.com/gptbot)"
20.171.207.85 - - [18/Jul/2025:05:50:48 +0000] "GET /items/diy/others/2288726/ HTTP/1.1" 404 20411 "-" "Mozilla/5.0 AppleWebKit/537.36 (KHTML, like Gecko; compatible; GPTBot/1.2; +https://openai.com/gptbot)"
209.74.77.214 - - [18/Jul/2025:05:50:51 +0000] "POST /wp-cron.php?doing_wp_cron=1752817851.2863209247589111328125 HTTP/1.1" 200 - "-" "WordPress/6.8.2; https://alalamy.com.au"
20.171.207.85 - - [18/Jul/2025:05:50:51 +0000] "GET /items/art/crafts/1636350/ HTTP/1.1" 404 20411 "-" "Mozilla/5.0 AppleWebKit/537.36 (KHTML, like Gecko; compatible; GPTBot/1.2; +https://openai.com/gptbot)"
20.171.207.85 - - [18/Jul/2025:05:50:52 +0000] "GET /items/diy/others/2406040/ HTTP/1.1" 404 20411 "-" "Mozilla/5.0 AppleWebKit/537.36 (KHTML, like Gecko; compatible; GPTBot/1.2; +https://openai.com/gptbot)"
20.171.207.85 - - [18/Jul/2025:05:50:53 +0000] "GET /items/art/crafts/2358382/ HTTP/1.1" 404 20411 "-" "Mozilla/5.0 AppleWebKit/537.36 (KHTML, like Gecko; compatible; GPTBot/1.2; +https://openai.com/gptbot)"
20.171.207.85 - - [18/Jul/2025:05:50:54 +0000] "GET /items/tv/cameras/3115170/ HTTP/1.1" 404 20411 "-" "Mozilla/5.0 AppleWebKit/537.36 (KHTML, like Gecko; compatible; GPTBot/1.2; +https://openai.com/gptbot)"
20.171.207.85 - - [18/Jul/2025:05:50:57 +0000] "GET /items/cars/parts/4645156/ HTTP/1.1" 404 20411 "-" "Mozilla/5.0 AppleWebKit/537.36 (KHTML, like Gecko; compatible; GPTBot/1.2; +https://openai.com/gptbot)"
20.171.207.85 - - [18/Jul/2025:05:50:58 +0000] "GET /items/tv/cameras/3113380/ HTTP/1.1" 404 20411 "-" "Mozilla/5.0 AppleWebKit/537.36 (KHTML, like Gecko; compatible; GPTBot/1.2; +https://openai.com/gptbot)"
20.171.207.85 - - [18/Jul/2025:05:50:59 +0000] "GET /items/tv/cameras/4063393/ HTTP/1.1" 404 20411 "-" "Mozilla/5.0 AppleWebKit/537.36 (KHTML, like Gecko; compatible; GPTBot/1.2; +https://openai.com/gptbot)"
209.74.77.214 - - [18/Jul/2025:05:51:02 +0000] "POST /wp-cron.php?doing_wp_cron=1752817862.6256771087646484375000 HTTP/1.1" 200 - "-" "WordPress/6.8.2; https://alalamy.com.au"
20.171.207.85 - - [18/Jul/2025:05:51:01 +0000] "GET /items/tv/cameras/2991395/ HTTP/1.1" 404 20411 "-" "Mozilla/5.0 AppleWebKit/537.36 (KHTML, like Gecko; compatible; GPTBot/1.2; +https://openai.com/gptbot)"
20.171.207.85 - - [18/Jul/2025:05:51:04 +0000] "GET /items/cars/tires/4378494/ HTTP/1.1" 404 20411 "-" "Mozilla/5.0 AppleWebKit/537.36 (KHTML, like Gecko; compatible; GPTBot/1.2; +https://openai.com/gptbot)"
20.171.207.85 - - [18/Jul/2025:05:51:05 +0000] "GET /items/cars/parts/5245704/ HTTP/1.1" 404 20411 "-" "Mozilla/5.0 AppleWebKit/537.36 (KHTML, like Gecko; compatible; GPTBot/1.2; +https://openai.com/gptbot)"
20.171.207.85 - - [18/Jul/2025:05:52:54 +0000] "GET /items/dvds/anime/2993395/ HTTP/1.1" 500 1004 "-" "Mozilla/5.0 AppleWebKit/537.36 (KHTML, like Gecko; compatible; GPTBot/1.2; +https://openai.com/gptbot)"
20.171.207.85 - - [18/Jul/2025:05:51:44 +0000] "GET /items/cars/parts/2133751/ HTTP/1.1" 500 1004 "-" "Mozilla/5.0 AppleWebKit/537.36 (KHTML, like Gecko; compatible; GPTBot/1.2; +https://openai.com/gptbot)"
20.171.207.85 - - [18/Jul/2025:05:52:12 +0000] "GET /items/diy/drills/4199018/ HTTP/1.1" 500 1004 "-" "Mozilla/5.0 AppleWebKit/537.36 (KHTML, like Gecko; compatible; GPTBot/1.2; +https://openai.com/gptbot)"
20.171.207.85 - - [18/Jul/2025:05:54:43 +0000] "GET /items/tv/cameras/2263642/ HTTP/1.1" 500 1004 "-" "Mozilla/5.0 AppleWebKit/537.36 (KHTML, like Gecko; compatible; GPTBot/1.2; +https://openai.com/gptbot)"
209.74.77.214 - - [18/Jul/2025:05:56:21 +0000] "POST /wp-cron.php?doing_wp_cron=1752818181.6123540401458740234375 HTTP/1.1" 200 - "-" "WordPress/6.8.2; https://alalamy.com.au"
20.171.207.85 - - [18/Jul/2025:05:56:21 +0000] "GET /items/goods/toys/2778261/ HTTP/1.1" 404 20411 "-" "Mozilla/5.0 AppleWebKit/537.36 (KHTML, like Gecko; compatible; GPTBot/1.2; +https://openai.com/gptbot)"
209.74.77.214 - - [18/Jul/2025:05:57:28 +0000] "POST /wp-cron.php?doing_wp_cron=1752818248.5854089260101318359375 HTTP/1.1" 200 - "-" "WordPress/6.8.2; https://alalamy.com.au"
20.171.207.85 - - [18/Jul/2025:05:57:26 +0000] "GET /items/cars/parts/4883492/ HTTP/1.1" 404 20412 "-" "Mozilla/5.0 AppleWebKit/537.36 (KHTML, like Gecko; compatible; GPTBot/1.2; +https://openai.com/gptbot)"
209.74.77.214 - - [18/Jul/2025:05:59:31 +0000] "POST /wp-cron.php?doing_wp_cron=1752818371.7594759464263916015625 HTTP/1.1" 200 - "-" "WordPress/6.8.2; https://alalamy.com.au"
20.171.207.85 - - [18/Jul/2025:05:59:31 +0000] "GET /items/art/crafts/4889409/ HTTP/1.1" 404 20411 "-" "Mozilla/5.0 AppleWebKit/537.36 (KHTML, like Gecko; compatible; GPTBot/1.2; +https://openai.com/gptbot)"
209.74.77.214 - - [18/Jul/2025:06:01:39 +0000] "POST /wp-cron.php?doing_wp_cron=1752818499.7491829395294189453125 HTTP/1.1" 200 - "-" "WordPress/6.8.2; https://alalamy.com.au"
20.171.207.85 - - [18/Jul/2025:06:01:37 +0000] "GET /items/cars/tires/2476223/ HTTP/1.1" 404 20411 "-" "Mozilla/5.0 AppleWebKit/537.36 (KHTML, like Gecko; compatible; GPTBot/1.2; +https://openai.com/gptbot)"
20.171.207.85 - - [18/Jul/2025:06:02:42 +0000] "GET /items/tv/cameras/1890611/ HTTP/1.1" 404 20411 "-" "Mozilla/5.0 AppleWebKit/537.36 (KHTML, like Gecko; compatible; GPTBot/1.2; +https://openai.com/gptbot)"
209.74.77.214 - - [18/Jul/2025:06:03:46 +0000] "POST /wp-cron.php?doing_wp_cron=1752818626.0862729549407958984375 HTTP/1.1" 200 - "-" "WordPress/6.8.2; https://alalamy.com.au"
20.171.207.85 - - [18/Jul/2025:06:03:45 +0000] "GET /items/art/crafts/2345885/ HTTP/1.1" 404 20411 "-" "Mozilla/5.0 AppleWebKit/537.36 (KHTML, like Gecko; compatible; GPTBot/1.2; +https://openai.com/gptbot)"
209.74.77.214 - - [18/Jul/2025:06:04:50 +0000] "POST /wp-cron.php?doing_wp_cron=1752818690.5539159774780273437500 HTTP/1.1" 200 - "-" "WordPress/6.8.2; https://alalamy.com.au"
20.171.207.85 - - [18/Jul/2025:06:04:50 +0000] "GET /items/tv/cameras/3680696/ HTTP/1.1" 404 20411 "-" "Mozilla/5.0 AppleWebKit/537.36 (KHTML, like Gecko; compatible; GPTBot/1.2; +https://openai.com/gptbot)"
209.74.77.214 - - [18/Jul/2025:06:06:53 +0000] "POST /wp-cron.php?doing_wp_cron=1752818813.9742910861968994140625 HTTP/1.1" 200 - "-" "WordPress/6.8.2; https://alalamy.com.au"
20.171.207.85 - - [18/Jul/2025:06:06:53 +0000] "GET /items/cars/tires/5399140/ HTTP/1.1" 404 20411 "-" "Mozilla/5.0 AppleWebKit/537.36 (KHTML, like Gecko; compatible; GPTBot/1.2; +https://openai.com/gptbot)"
209.74.77.214 - - [18/Jul/2025:06:09:00 +0000] "POST /wp-cron.php?doing_wp_cron=1752818940.0437860488891601562500 HTTP/1.1" 200 - "-" "WordPress/6.8.2; https://alalamy.com.au"
20.171.207.85 - - [18/Jul/2025:06:08:59 +0000] "GET /items/dvds/anime/2212891/ HTTP/1.1" 404 20411 "-" "Mozilla/5.0 AppleWebKit/537.36 (KHTML, like Gecko; compatible; GPTBot/1.2; +https://openai.com/gptbot)"
209.74.77.214 - - [18/Jul/2025:06:13:15 +0000] "POST /wp-cron.php?doing_wp_cron=1752819195.0454120635986328125000 HTTP/1.1" 200 - "-" "WordPress/6.8.2; https://alalamy.com.au"
20.171.207.85 - - [18/Jul/2025:06:13:14 +0000] "GET /items/daily-necessities/coffee/5365075/ HTTP/1.1" 404 20411 "-" "Mozilla/5.0 AppleWebKit/537.36 (KHTML, like Gecko; compatible; GPTBot/1.2; +https://openai.com/gptbot)"
209.74.77.214 - - [18/Jul/2025:06:14:20 +0000] "POST /wp-cron.php?doing_wp_cron=1752819260.8514120578765869140625 HTTP/1.1" 200 - "-" "WordPress/6.8.2; https://alalamy.com.au"
20.171.207.85 - - [18/Jul/2025:06:14:20 +0000] "GET /items/daily-necessities/coffee/5446655/ HTTP/1.1" 404 20411 "-" "Mozilla/5.0 AppleWebKit/537.36 (KHTML, like Gecko; compatible; GPTBot/1.2; +https://openai.com/gptbot)"
20.171.207.85 - - [18/Jul/2025:06:16:30 +0000] "GET /items/interior/outdoor-storage/1784751/ HTTP/1.1" 404 20411 "-" "Mozilla/5.0 AppleWebKit/537.36 (KHTML, like Gecko; compatible; GPTBot/1.2; +https://openai.com/gptbot)"
209.74.77.214 - - [18/Jul/2025:06:17:35 +0000] "POST /wp-cron.php?doing_wp_cron=1752819455.2330179214477539062500 HTTP/1.1" 200 - "-" "WordPress/6.8.2; https://alalamy.com.au"
20.171.207.85 - - [18/Jul/2025:06:17:35 +0000] "GET /items/furniture/store-supplies/3643779/ HTTP/1.1" 404 20411 "-" "Mozilla/5.0 AppleWebKit/537.36 (KHTML, like Gecko; compatible; GPTBot/1.2; +https://openai.com/gptbot)"
209.74.77.214 - - [18/Jul/2025:06:18:40 +0000] "POST /wp-cron.php?doing_wp_cron=1752819520.4895830154418945312500 HTTP/1.1" 200 - "-" "WordPress/6.8.2; https://alalamy.com.au"
20.171.207.85 - - [18/Jul/2025:06:18:38 +0000] "GET /items/audio/camera-accessories/1817038/ HTTP/1.1" 404 20411 "-" "Mozilla/5.0 AppleWebKit/537.36 (KHTML, like Gecko; compatible; GPTBot/1.2; +https://openai.com/gptbot)"
20.171.207.85 - - [18/Jul/2025:06:19:40 +0000] "GET /items/computers/pc-peripherals/2776797/ HTTP/1.1" 404 20411 "-" "Mozilla/5.0 AppleWebKit/537.36 (KHTML, like Gecko; compatible; GPTBot/1.2; +https://openai.com/gptbot)"
20.171.207.85 - - [18/Jul/2025:06:21:50 +0000] "GET /items/interior/dressing-tables/3173361/ HTTP/1.1" 404 20411 "-" "Mozilla/5.0 AppleWebKit/537.36 (KHTML, like Gecko; compatible; GPTBot/1.2; +https://openai.com/gptbot)"
66.249.74.14 - - [18/Jul/2025:06:22:38 +0000] "GET /sitemap.xml HTTP/1.1" 200 4130 "-" "Mozilla/5.0 (compatible; Googlebot/2.1; +http://www.google.com/bot.html)"
209.74.77.214 - - [18/Jul/2025:06:22:51 +0000] "POST /wp-cron.php?doing_wp_cron=1752819771.3226299285888671875000 HTTP/1.1" 200 - "-" "WordPress/6.8.2; https://alalamy.com.au"
20.171.207.85 - - [18/Jul/2025:06:22:51 +0000] "GET /items/musical-instruments/bass/4405455/ HTTP/1.1" 404 20411 "-" "Mozilla/5.0 AppleWebKit/537.36 (KHTML, like Gecko; compatible; GPTBot/1.2; +https://openai.com/gptbot)"
209.74.77.214 - - [18/Jul/2025:06:24:57 +0000] "POST /wp-cron.php?doing_wp_cron=1752819897.2920858860015869140625 HTTP/1.1" 200 - "-" "WordPress/6.8.2; https://alalamy.com.au"
20.171.207.85 - - [18/Jul/2025:06:24:55 +0000] "GET /items/daily-necessities/others/3060703/ HTTP/1.1" 404 20411 "-" "Mozilla/5.0 AppleWebKit/537.36 (KHTML, like Gecko; compatible; GPTBot/1.2; +https://openai.com/gptbot)"
209.74.77.214 - - [18/Jul/2025:06:26:00 +0000] "POST /wp-cron.php?doing_wp_cron=1752819960.6590030193328857421875 HTTP/1.1" 200 - "-" "WordPress/6.8.2; https://alalamy.com.au"
20.171.207.85 - - [18/Jul/2025:06:25:58 +0000] "GET /items/daily-necessities/coffee/1929532/ HTTP/1.1" 404 20411 "-" "Mozilla/5.0 AppleWebKit/537.36 (KHTML, like Gecko; compatible; GPTBot/1.2; +https://openai.com/gptbot)"
209.74.77.214 - - [18/Jul/2025:06:28:06 +0000] "POST /wp-cron.php?doing_wp_cron=1752820086.8333780765533447265625 HTTP/1.1" 200 - "-" "WordPress/6.8.2; https://alalamy.com.au"
20.171.207.85 - - [18/Jul/2025:06:28:05 +0000] "GET /items/daily-necessities/office/3570667/ HTTP/1.1" 404 20412 "-" "Mozilla/5.0 AppleWebKit/537.36 (KHTML, like Gecko; compatible; GPTBot/1.2; +https://openai.com/gptbot)"
209.74.77.214 - - [18/Jul/2025:06:30:13 +0000] "POST /wp-cron.php?doing_wp_cron=1752820213.8499350547790527343750 HTTP/1.1" 200 - "-" "WordPress/6.8.2; https://alalamy.com.au"
20.171.207.85 - - [18/Jul/2025:06:30:13 +0000] "GET /items/daily-necessities/others/3323438/ HTTP/1.1" 404 20411 "-" "Mozilla/5.0 AppleWebKit/537.36 (KHTML, like Gecko; compatible; GPTBot/1.2; +https://openai.com/gptbot)"
209.74.77.214 - - [18/Jul/2025:06:31:17 +0000] "POST /wp-cron.php?doing_wp_cron=1752820277.1691029071807861328125 HTTP/1.1" 200 - "-" "WordPress/6.8.2; https://alalamy.com.au"
20.171.207.85 - - [18/Jul/2025:06:31:15 +0000] "GET /items/diy/electrical-materials/2694766/ HTTP/1.1" 404 20411 "-" "Mozilla/5.0 AppleWebKit/537.36 (KHTML, like Gecko; compatible; GPTBot/1.2; +https://openai.com/gptbot)"
209.74.77.214 - - [18/Jul/2025:06:32:18 +0000] "POST /wp-cron.php?doing_wp_cron=1752820338.5940220355987548828125 HTTP/1.1" 200 - "-" "WordPress/6.8.2; https://alalamy.com.au"
20.171.207.85 - - [18/Jul/2025:06:32:16 +0000] "GET /items/daily-necessities/coffee/3424335/ HTTP/1.1" 404 20411 "-" "Mozilla/5.0 AppleWebKit/537.36 (KHTML, like Gecko; compatible; GPTBot/1.2; +https://openai.com/gptbot)"
66.249.65.161 - - [18/Jul/2025:06:33:34 +0000] "GET /items/musical-instruments/paintings/2476088/alalamy.com.au/man/customer_guide HTTP/1.1" 200 19202 "-" "Mozilla/5.0 (Linux; Android 6.0.1; Nexus 5X Build/MMB29P) AppleWebKit/537.36 (KHTML, like Gecko) Chrome/137.0.7151.103 Mobile Safari/537.36 (compatible; GoogleOther)"
66.249.65.160 - - [18/Jul/2025:06:33:38 +0000] "POST /get-message-notify HTTP/1.1" 200 19553 "http://alalamy.com.au/items/musical-instruments/paintings/2476088/alalamy.com.au/man/customer_guide" "Mozilla/5.0 (Linux; Android 6.0.1; Nexus 5X Build/MMB29P) AppleWebKit/537.36 (KHTML, like Gecko) Chrome/137.0.7151.119 Mobile Safari/537.36 (compatible; Googlebot/2.1; +http://www.google.com/bot.html)"
20.171.207.85 - - [18/Jul/2025:06:35:26 +0000] "GET /items/drinks/sake/4218181/ HTTP/1.1" 404 20411 "-" "Mozilla/5.0 AppleWebKit/537.36 (KHTML, like Gecko; compatible; GPTBot/1.2; +https://openai.com/gptbot)"
20.171.207.85 - - [18/Jul/2025:06:36:26 +0000] "GET /items/cds/records/5123150/ HTTP/1.1" 404 20411 "-" "Mozilla/5.0 AppleWebKit/537.36 (KHTML, like Gecko; compatible; GPTBot/1.2; +https://openai.com/gptbot)"
209.74.77.214 - - [18/Jul/2025:06:40:39 +0000] "POST /wp-cron.php?doing_wp_cron=1752820839.2874109745025634765625 HTTP/1.1" 200 - "-" "WordPress/6.8.2; https://alalamy.com.au"
20.171.207.85 - - [18/Jul/2025:06:40:37 +0000] "GET /items/manga/magazines/2457819/ HTTP/1.1" 404 20411 "-" "Mozilla/5.0 AppleWebKit/537.36 (KHTML, like Gecko; compatible; GPTBot/1.2; +https://openai.com/gptbot)"
209.74.77.214 - - [18/Jul/2025:06:42:40 +0000] "POST /wp-cron.php?doing_wp_cron=1752820960.9957189559936523437500 HTTP/1.1" 200 - "-" "WordPress/6.8.2; https://alalamy.com.au"
20.171.207.85 - - [18/Jul/2025:06:42:40 +0000] "GET /items/tools/materials/2950586/ HTTP/1.1" 404 20411 "-" "Mozilla/5.0 AppleWebKit/537.36 (KHTML, like Gecko; compatible; GPTBot/1.2; +https://openai.com/gptbot)"
209.74.77.214 - - [18/Jul/2025:06:43:02 +0000] "POST /wp-cron.php?doing_wp_cron=1752820982.7694540023803710937500 HTTP/1.1" 200 - "-" "WordPress/6.8.2; https://alalamy.com.au"
185.153.199.135 - - [18/Jul/2025:06:43:02 +0000] "GET /elfinder/connectors/php/connector.php HTTP/1.1" 404 98826 "-" "ALittle Client"
20.171.207.85 - - [18/Jul/2025:06:43:43 +0000] "GET /items/flowers/faucets/2255797/ HTTP/1.1" 404 20411 "-" "Mozilla/5.0 AppleWebKit/537.36 (KHTML, like Gecko; compatible; GPTBot/1.2; +https://openai.com/gptbot)"
20.171.207.85 - - [18/Jul/2025:06:45:47 +0000] "GET /items/tools/materials/3979256/ HTTP/1.1" 404 20411 "-" "Mozilla/5.0 AppleWebKit/537.36 (KHTML, like Gecko; compatible; GPTBot/1.2; +https://openai.com/gptbot)"
209.74.77.214 - - [18/Jul/2025:06:46:49 +0000] "POST /wp-cron.php?doing_wp_cron=1752821209.8450601100921630859375 HTTP/1.1" 200 - "-" "WordPress/6.8.2; https://alalamy.com.au"
20.171.207.85 - - [18/Jul/2025:06:46:48 +0000] "GET /items/manga/magazines/1643974/ HTTP/1.1" 404 20411 "-" "Mozilla/5.0 AppleWebKit/537.36 (KHTML, like Gecko; compatible; GPTBot/1.2; +https://openai.com/gptbot)"
66.249.65.160 - - [18/Jul/2025:06:47:06 +0000] "GET /items/art/musical-instruments/5047267/alalamy.com.au/toreka/goods_menu.html HTTP/1.1" 200 20367 "-" "Mozilla/5.0 (Linux; Android 6.0.1; Nexus 5X Build/MMB29P) AppleWebKit/537.36 (KHTML, like Gecko) Chrome/137.0.7151.103 Mobile Safari/537.36 (compatible; GoogleOther)"
20.171.207.85 - - [18/Jul/2025:06:47:49 +0000] "GET /items/hobbies/cosplay/5030301/ HTTP/1.1" 404 20412 "-" "Mozilla/5.0 AppleWebKit/537.36 (KHTML, like Gecko; compatible; GPTBot/1.2; +https://openai.com/gptbot)"
66.249.65.160 - - [18/Jul/2025:06:48:32 +0000] "GET /items/art/musical-instruments/5047267/alalamy.com.au/feature/utsunomiya/index.html HTTP/1.1" 200 20360 "-" "Mozilla/5.0 (Linux; Android 6.0.1; Nexus 5X Build/MMB29P) AppleWebKit/537.36 (KHTML, like Gecko) Chrome/137.0.7151.103 Mobile Safari/537.36 (compatible; GoogleOther)"
66.249.65.174 - - [18/Jul/2025:06:48:40 +0000] "POST /get-message-notify HTTP/1.1" 200 19553 "http://alalamy.com.au/items/art/musical-instruments/5047267/alalamy.com.au/feature/utsunomiya/index.html" "Mozilla/5.0 (Linux; Android 6.0.1; Nexus 5X Build/MMB29P) AppleWebKit/537.36 (KHTML, like Gecko) Chrome/137.0.7151.119 Mobile Safari/537.36 (compatible; Googlebot/2.1; +http://www.google.com/bot.html)"
209.74.77.214 - - [18/Jul/2025:06:48:53 +0000] "POST /wp-cron.php?doing_wp_cron=1752821333.0916669368743896484375 HTTP/1.1" 200 - "-" "WordPress/6.8.2; https://alalamy.com.au"
20.171.207.85 - - [18/Jul/2025:06:48:52 +0000] "GET /items/manga/magazines/4762219/ HTTP/1.1" 404 20411 "-" "Mozilla/5.0 AppleWebKit/537.36 (KHTML, like Gecko; compatible; GPTBot/1.2; +https://openai.com/gptbot)"
66.249.65.174 - - [18/Jul/2025:06:49:43 +0000] "GET /items/art/musical-instruments/5047267/alalamy.com.au/feature/shoplist-friendly/index.html HTTP/1.1" 200 20374 "-" "Mozilla/5.0 (Linux; Android 6.0.1; Nexus 5X Build/MMB29P) AppleWebKit/537.36 (KHTML, like Gecko) Chrome/137.0.7151.103 Mobile Safari/537.36 (compatible; GoogleOther)"
66.249.65.174 - - [18/Jul/2025:06:49:52 +0000] "POST /get-message-notify HTTP/1.1" 200 19553 "http://alalamy.com.au/items/art/musical-instruments/5047267/alalamy.com.au/feature/shoplist-friendly/index.html" "Mozilla/5.0 (Linux; Android 6.0.1; Nexus 5X Build/MMB29P) AppleWebKit/537.36 (KHTML, like Gecko) Chrome/137.0.7151.119 Mobile Safari/537.36 (compatible; Googlebot/2.1; +http://www.google.com/bot.html)"
209.74.77.214 - - [18/Jul/2025:06:51:00 +0000] "POST /wp-cron.php?doing_wp_cron=1752821460.1908230781555175781250 HTTP/1.1" 200 - "-" "WordPress/6.8.2; https://alalamy.com.au"
20.171.207.85 - - [18/Jul/2025:06:50:59 +0000] "GET /items/flowers/faucets/2484621/ HTTP/1.1" 404 20411 "-" "Mozilla/5.0 AppleWebKit/537.36 (KHTML, like Gecko; compatible; GPTBot/1.2; +https://openai.com/gptbot)"
66.249.65.174 - - [18/Jul/2025:06:51:35 +0000] "GET /items/art/musical-instruments/5047267/alalamy.com.au HTTP/1.1" 200 20346 "-" "Mozilla/5.0 (Linux; Android 6.0.1; Nexus 5X Build/MMB29P) AppleWebKit/537.36 (KHTML, like Gecko) Chrome/137.0.7151.103 Mobile Safari/537.36 (compatible; GoogleOther)"
209.74.77.214 - - [18/Jul/2025:06:52:00 +0000] "POST /wp-cron.php?doing_wp_cron=1752821520.4717800617218017578125 HTTP/1.1" 200 - "-" "WordPress/6.8.2; https://alalamy.com.au"
20.171.207.85 - - [18/Jul/2025:06:52:00 +0000] "GET /items/furniture/futon/4552646/ HTTP/1.1" 404 20411 "-" "Mozilla/5.0 AppleWebKit/537.36 (KHTML, like Gecko; compatible; GPTBot/1.2; +https://openai.com/gptbot)"
66.249.65.161 - - [18/Jul/2025:06:52:25 +0000] "POST /get-message-notify HTTP/1.1" 200 19553 "http://alalamy.com.au/items/art/musical-instruments/5047267/alalamy.com.au" "Mozilla/5.0 (Linux; Android 6.0.1; Nexus 5X Build/MMB29P) AppleWebKit/537.36 (KHTML, like Gecko) Chrome/137.0.7151.119 Mobile Safari/537.36 (compatible; Googlebot/2.1; +http://www.google.com/bot.html)"
209.74.77.214 - - [18/Jul/2025:06:53:04 +0000] "POST /wp-cron.php?doing_wp_cron=1752821584.7681090831756591796875 HTTP/1.1" 200 - "-" "WordPress/6.8.2; https://alalamy.com.au"
20.171.207.85 - - [18/Jul/2025:06:53:04 +0000] "GET /items/manga/languages/2402176/ HTTP/1.1" 404 20411 "-" "Mozilla/5.0 AppleWebKit/537.36 (KHTML, like Gecko; compatible; GPTBot/1.2; +https://openai.com/gptbot)"
66.249.65.160 - - [18/Jul/2025:06:53:27 +0000] "GET /items/art/musical-instruments/5047267/alalamy.com.au/toreka/toreka_menu.html HTTP/1.1" 200 20370 "-" "Mozilla/5.0 (Linux; Android 6.0.1; Nexus 5X Build/MMB29P) AppleWebKit/537.36 (KHTML, like Gecko) Chrome/137.0.7151.103 Mobile Safari/537.36 (compatible; GoogleOther)"
66.249.65.174 - - [18/Jul/2025:06:53:34 +0000] "POST /get-message-notify HTTP/1.1" 200 19553 "http://alalamy.com.au/items/art/musical-instruments/5047267/alalamy.com.au/toreka/toreka_menu.html" "Mozilla/5.0 (Linux; Android 6.0.1; Nexus 5X Build/MMB29P) AppleWebKit/537.36 (KHTML, like Gecko) Chrome/137.0.7151.119 Mobile Safari/537.36 (compatible; Googlebot/2.1; +http://www.google.com/bot.html)"
66.249.74.14 - - [18/Jul/2025:06:54:01 +0000] "GET /robots.txt HTTP/1.1" 200 92 "-" "Mozilla/5.0 (compatible; Googlebot/2.1; +http://www.google.com/bot.html)"
66.249.74.12 - - [18/Jul/2025:06:54:01 +0000] "GET /shopbrand/205272859.htm HTTP/1.1" 200 19920 "-" "Mozilla/5.0 (Linux; Android 6.0.1; Nexus 5X Build/MMB29P) AppleWebKit/537.36 (KHTML, like Gecko) Chrome/137.0.7151.103 Mobile Safari/537.36 (compatible; Googlebot/2.1; +http://www.google.com/bot.html)"
20.171.207.85 - - [18/Jul/2025:06:54:09 +0000] "GET /items/manga/magazines/2831179/ HTTP/1.1" 404 20411 "-" "Mozilla/5.0 AppleWebKit/537.36 (KHTML, like Gecko; compatible; GPTBot/1.2; +https://openai.com/gptbot)"
66.249.74.12 - - [18/Jul/2025:06:54:15 +0000] "POST /get-message-notify HTTP/1.1" 200 19578 "http://www.alalamy.com.au/shopbrand/205272859.htm" "Mozilla/5.0 (Linux; Android 6.0.1; Nexus 5X Build/MMB29P) AppleWebKit/537.36 (KHTML, like Gecko) Chrome/137.0.7151.119 Mobile Safari/537.36 (compatible; Googlebot/2.1; +http://www.google.com/bot.html)"
66.249.65.161 - - [18/Jul/2025:06:54:19 +0000] "GET /items/art/musical-instruments/5047267/alalamy.com.au/avsoft.html HTTP/1.1" 200 20354 "-" "Mozilla/5.0 (Linux; Android 6.0.1; Nexus 5X Build/MMB29P) AppleWebKit/537.36 (KHTML, like Gecko) Chrome/137.0.7151.103 Mobile Safari/537.36 (compatible; GoogleOther)"
66.249.65.174 - - [18/Jul/2025:06:55:10 +0000] "POST /get-message-notify HTTP/1.1" 200 19553 "http://alalamy.com.au/items/art/musical-instruments/5047267/alalamy.com.au/avsoft.html" "Mozilla/5.0 (Linux; Android 6.0.1; Nexus 5X Build/MMB29P) AppleWebKit/537.36 (KHTML, like Gecko) Chrome/137.0.7151.119 Mobile Safari/537.36 (compatible; Googlebot/2.1; +http://www.google.com/bot.html)"
20.171.207.85 - - [18/Jul/2025:06:55:10 +0000] "GET /items/furniture/futon/4311921/ HTTP/1.1" 404 20411 "-" "Mozilla/5.0 AppleWebKit/537.36 (KHTML, like Gecko; compatible; GPTBot/1.2; +https://openai.com/gptbot)"
66.249.65.174 - - [18/Jul/2025:06:56:09 +0000] "GET /items/art/musical-instruments/5047267/alalamy.com.au/feature/akihabara_main/index.html HTTP/1.1" 200 20363 "-" "Mozilla/5.0 (Linux; Android 6.0.1; Nexus 5X Build/MMB29P) AppleWebKit/537.36 (KHTML, like Gecko) Chrome/137.0.7151.103 Mobile Safari/537.36 (compatible; GoogleOther)"
66.249.65.160 - - [18/Jul/2025:06:56:57 +0000] "GET /items/art/musical-instruments/5047267/alalamy.com.au/feature/yokohama_maruicity/index.html HTTP/1.1" 200 20367 "-" "Mozilla/5.0 (Linux; Android 6.0.1; Nexus 5X Build/MMB29P) AppleWebKit/537.36 (KHTML, like Gecko) Chrome/137.0.7151.103 Mobile Safari/537.36 (compatible; GoogleOther)"
66.249.65.160 - - [18/Jul/2025:06:57:00 +0000] "POST /get-message-notify HTTP/1.1" 200 19553 "http://alalamy.com.au/items/art/musical-instruments/5047267/alalamy.com.au/feature/yokohama_maruicity/index.html" "Mozilla/5.0 (Linux; Android 6.0.1; Nexus 5X Build/MMB29P) AppleWebKit/537.36 (KHTML, like Gecko) Chrome/137.0.7151.119 Mobile Safari/537.36 (compatible; Googlebot/2.1; +http://www.google.com/bot.html)"
66.249.65.174 - - [18/Jul/2025:06:57:33 +0000] "GET /items/art/musical-instruments/5047267/alalamy.com.au/feature/shoplist/index.html HTTP/1.1" 200 20364 "-" "Mozilla/5.0 (Linux; Android 6.0.1; Nexus 5X Build/MMB29P) AppleWebKit/537.36 (KHTML, like Gecko) Chrome/137.0.7151.103 Mobile Safari/537.36 (compatible; GoogleOther)"
66.249.65.174 - - [18/Jul/2025:06:57:57 +0000] "POST /get-message-notify HTTP/1.1" 200 19553 "http://alalamy.com.au/items/art/musical-instruments/5047267/alalamy.com.au/feature/shoplist/index.html" "Mozilla/5.0 (Linux; Android 6.0.1; Nexus 5X Build/MMB29P) AppleWebKit/537.36 (KHTML, like Gecko) Chrome/137.0.7151.119 Mobile Safari/537.36 (compatible; Googlebot/2.1; +http://www.google.com/bot.html)"
66.249.65.161 - - [18/Jul/2025:06:58:10 +0000] "GET /items/art/musical-instruments/5047267/alalamy.com.au?_bd_prev_page=alalamy.com.au/detail.php HTTP/1.1" 200 19893 "-" "Mozilla/5.0 (Linux; Android 6.0.1; Nexus 5X Build/MMB29P) AppleWebKit/537.36 (KHTML, like Gecko) Chrome/137.0.7151.103 Mobile Safari/537.36 (compatible; GoogleOther)"
20.171.207.85 - - [18/Jul/2025:06:58:23 +0000] "GET /items/fishing/reels/1777887/ HTTP/1.1" 404 20411 "-" "Mozilla/5.0 AppleWebKit/537.36 (KHTML, like Gecko; compatible; GPTBot/1.2; +https://openai.com/gptbot)"
66.249.65.174 - - [18/Jul/2025:06:58:24 +0000] "POST /get-message-notify HTTP/1.1" 200 19553 "http://alalamy.com.au/items/art/musical-instruments/5047267/alalamy.com.au?_bd_prev_page=alalamy.com.au/detail.php" "Mozilla/5.0 (Linux; Android 6.0.1; Nexus 5X Build/MMB29P) AppleWebKit/537.36 (KHTML, like Gecko) Chrome/137.0.7151.119 Mobile Safari/537.36 (compatible; Googlebot/2.1; +http://www.google.com/bot.html)"
66.249.65.174 - - [18/Jul/2025:06:58:47 +0000] "GET /items/art/musical-instruments/5047267/alalamy.com.au/books.html HTTP/1.1" 200 20356 "-" "Mozilla/5.0 (Linux; Android 6.0.1; Nexus 5X Build/MMB29P) AppleWebKit/537.36 (KHTML, like Gecko) Chrome/137.0.7151.103 Mobile Safari/537.36 (compatible; GoogleOther)"
66.249.65.174 - - [18/Jul/2025:06:58:53 +0000] "POST /get-message-notify HTTP/1.1" 200 19553 "http://alalamy.com.au/items/art/musical-instruments/5047267/alalamy.com.au/books.html" "Mozilla/5.0 (Linux; Android 6.0.1; Nexus 5X Build/MMB29P) AppleWebKit/537.36 (KHTML, like Gecko) Chrome/137.0.7151.119 Mobile Safari/537.36 (compatible; Googlebot/2.1; +http://www.google.com/bot.html)"
66.249.65.174 - - [18/Jul/2025:06:59:23 +0000] "GET /items/art/musical-instruments/5047267/alalamy.com.au/text/terms HTTP/1.1" 200 20356 "-" "Mozilla/5.0 (Linux; Android 6.0.1; Nexus 5X Build/MMB29P) AppleWebKit/537.36 (KHTML, like Gecko) Chrome/137.0.7151.103 Mobile Safari/537.36 (compatible; GoogleOther)"
20.171.207.85 - - [18/Jul/2025:06:59:24 +0000] "GET /items/diet/emergency/2111592/ HTTP/1.1" 404 20411 "-" "Mozilla/5.0 AppleWebKit/537.36 (KHTML, like Gecko; compatible; GPTBot/1.2; +https://openai.com/gptbot)"
66.249.65.174 - - [18/Jul/2025:06:59:27 +0000] "POST /get-message-notify HTTP/1.1" 200 19553 "http://alalamy.com.au/items/art/musical-instruments/5047267/alalamy.com.au/text/terms" "Mozilla/5.0 (Linux; Android 6.0.1; Nexus 5X Build/MMB29P) AppleWebKit/537.36 (KHTML, like Gecko) Chrome/137.0.7151.119 Mobile Safari/537.36 (compatible; Googlebot/2.1; +http://www.google.com/bot.html)"
66.249.65.174 - - [18/Jul/2025:07:00:00 +0000] "GET /items/art/musical-instruments/5047267/vintagegame.html HTTP/1.1" 200 20355 "-" "Mozilla/5.0 (Linux; Android 6.0.1; Nexus 5X Build/MMB29P) AppleWebKit/537.36 (KHTML, like Gecko) Chrome/137.0.7151.103 Mobile Safari/537.36 (compatible; GoogleOther)"
66.249.65.174 - - [18/Jul/2025:07:00:59 +0000] "POST /get-message-notify HTTP/1.1" 200 19553 "http://alalamy.com.au/items/art/musical-instruments/5047267/vintagegame.html" "Mozilla/5.0 (Linux; Android 6.0.1; Nexus 5X Build/MMB29P) AppleWebKit/537.36 (KHTML, like Gecko) Chrome/137.0.7151.119 Mobile Safari/537.36 (compatible; Googlebot/2.1; +http://www.google.com/bot.html)"
66.249.65.174 - - [18/Jul/2025:07:01:02 +0000] "GET /items/art/musical-instruments/5047267/alalamy.com.au/kaden.html HTTP/1.1" 200 20356 "-" "Mozilla/5.0 (Linux; Android 6.0.1; Nexus 5X Build/MMB29P) AppleWebKit/537.36 (KHTML, like Gecko) Chrome/137.0.7151.103 Mobile Safari/537.36 (compatible; GoogleOther)"
66.249.65.161 - - [18/Jul/2025:07:02:15 +0000] "GET /items/art/musical-instruments/5047267/alalamy.com.au/product_archives HTTP/1.1" 200 20366 "-" "Mozilla/5.0 (Linux; Android 6.0.1; Nexus 5X Build/MMB29P) AppleWebKit/537.36 (KHTML, like Gecko) Chrome/137.0.7151.103 Mobile Safari/537.36 (compatible; GoogleOther)"
66.249.65.174 - - [18/Jul/2025:07:02:20 +0000] "POST /get-message-notify HTTP/1.1" 200 19553 "http://alalamy.com.au/items/art/musical-instruments/5047267/alalamy.com.au/kaden.html" "Mozilla/5.0 (Linux; Android 6.0.1; Nexus 5X Build/MMB29P) AppleWebKit/537.36 (KHTML, like Gecko) Chrome/137.0.7151.119 Mobile Safari/537.36 (compatible; Googlebot/2.1; +http://www.google.com/bot.html)"
209.74.77.214 - - [18/Jul/2025:07:02:35 +0000] "POST /wp-cron.php?doing_wp_cron=1752822155.4486260414123535156250 HTTP/1.1" 200 - "-" "WordPress/6.8.2; https://alalamy.com.au"
20.171.207.85 - - [18/Jul/2025:07:02:35 +0000] "GET /items/tools/ladders/4441488/ HTTP/1.1" 404 20411 "-" "Mozilla/5.0 AppleWebKit/537.36 (KHTML, like Gecko; compatible; GPTBot/1.2; +https://openai.com/gptbot)"
66.249.65.174 - - [18/Jul/2025:07:02:56 +0000] "POST /get-message-notify HTTP/1.1" 200 19553 "http://alalamy.com.au/items/art/musical-instruments/5047267/alalamy.com.au/product_archives" "Mozilla/5.0 (Linux; Android 6.0.1; Nexus 5X Build/MMB29P) AppleWebKit/537.36 (KHTML, like Gecko) Chrome/137.0.7151.119 Mobile Safari/537.36 (compatible; Googlebot/2.1; +http://www.google.com/bot.html)"
66.249.65.161 - - [18/Jul/2025:07:03:28 +0000] "GET /items/art/musical-instruments/5047267/alalamy.com.au/kaitori/kaitoritop.html HTTP/1.1" 200 20365 "-" "Mozilla/5.0 (Linux; Android 6.0.1; Nexus 5X Build/MMB29P) AppleWebKit/537.36 (KHTML, like Gecko) Chrome/137.0.7151.103 Mobile Safari/537.36 (compatible; GoogleOther)"
66.249.65.174 - - [18/Jul/2025:07:03:53 +0000] "POST /get-message-notify HTTP/1.1" 200 19553 "http://alalamy.com.au/items/art/musical-instruments/5047267/alalamy.com.au/kaitori/kaitoritop.html" "Mozilla/5.0 (Linux; Android 6.0.1; Nexus 5X Build/MMB29P) AppleWebKit/537.36 (KHTML, like Gecko) Chrome/137.0.7151.119 Mobile Safari/537.36 (compatible; Googlebot/2.1; +http://www.google.com/bot.html)"
66.249.65.174 - - [18/Jul/2025:07:04:44 +0000] "GET /items/art/musical-instruments/5047267/alalamy.com.au/oreka/plamodel_menu.html HTTP/1.1" 200 20374 "-" "Mozilla/5.0 (Linux; Android 6.0.1; Nexus 5X Build/MMB29P) AppleWebKit/537.36 (KHTML, like Gecko) Chrome/137.0.7151.103 Mobile Safari/537.36 (compatible; GoogleOther)"
209.74.77.214 - - [18/Jul/2025:07:05:43 +0000] "POST /wp-cron.php?doing_wp_cron=1752822343.6193349361419677734375 HTTP/1.1" 200 - "-" "WordPress/6.8.2; https://alalamy.com.au"
20.171.207.85 - - [18/Jul/2025:07:05:43 +0000] "GET /items/interior/mats/4777802/ HTTP/1.1" 404 20411 "-" "Mozilla/5.0 AppleWebKit/537.36 (KHTML, like Gecko; compatible; GPTBot/1.2; +https://openai.com/gptbot)"
66.249.65.174 - - [18/Jul/2025:07:05:45 +0000] "GET /items/art/musical-instruments/5047267/alalamy.com.au/kaitori/ansin.html HTTP/1.1" 200 20371 "-" "Mozilla/5.0 (Linux; Android 6.0.1; Nexus 5X Build/MMB29P) AppleWebKit/537.36 (KHTML, like Gecko) Chrome/137.0.7151.103 Mobile Safari/537.36 (compatible; GoogleOther)"
66.249.65.174 - - [18/Jul/2025:07:05:48 +0000] "POST /get-message-notify HTTP/1.1" 200 19553 "http://alalamy.com.au/items/art/musical-instruments/5047267/alalamy.com.au/kaitori/ansin.html" "Mozilla/5.0 (Linux; Android 6.0.1; Nexus 5X Build/MMB29P) AppleWebKit/537.36 (KHTML, like Gecko) Chrome/137.0.7151.119 Mobile Safari/537.36 (compatible; Googlebot/2.1; +http://www.google.com/bot.html)"
66.249.65.161 - - [18/Jul/2025:07:06:03 +0000] "GET /items/handicrafts/paintings/2644745/alalamy.com.au/books.html HTTP/1.1" 200 19987 "-" "Mozilla/5.0 (Linux; Android 6.0.1; Nexus 5X Build/MMB29P) AppleWebKit/537.36 (KHTML, like Gecko) Chrome/137.0.7151.103 Mobile Safari/537.36 (compatible; GoogleOther)"
66.249.65.174 - - [18/Jul/2025:07:06:10 +0000] "GET /items/musical-instruments/paintings/2476088/alalamy.com.au/books.html HTTP/1.1" 200 19188 "-" "Mozilla/5.0 (Linux; Android 6.0.1; Nexus 5X Build/MMB29P) AppleWebKit/537.36 (KHTML, like Gecko) Chrome/137.0.7151.103 Mobile Safari/537.36 (compatible; GoogleOther)"
66.249.74.14 - - [18/Jul/2025:07:06:16 +0000] "GET /items/art/antiques/3994491/alalamy.com.au/feature/sale2367-21/index.html HTTP/1.1" 200 20492 "-" "Mozilla/5.0 (Linux; Android 6.0.1; Nexus 5X Build/MMB29P) AppleWebKit/537.36 (KHTML, like Gecko) Chrome/137.0.7151.103 Mobile Safari/537.36 (compatible; GoogleOther)"
66.249.65.174 - - [18/Jul/2025:07:06:22 +0000] "GET /items/art/models/5475823/ HTTP/1.1" 200 19403 "-" "Mozilla/5.0 (Linux; Android 6.0.1; Nexus 5X Build/MMB29P) AppleWebKit/537.36 (KHTML, like Gecko) Chrome/137.0.7151.103 Mobile Safari/537.36 (compatible; GoogleOther)"
66.249.65.174 - - [18/Jul/2025:07:06:27 +0000] "GET /items/art/drums/2378630/ HTTP/1.1" 200 21881 "-" "Mozilla/5.0 (Linux; Android 6.0.1; Nexus 5X Build/MMB29P) AppleWebKit/537.36 (KHTML, like Gecko) Chrome/137.0.7151.103 Mobile Safari/537.36 (compatible; GoogleOther)"
66.249.65.174 - - [18/Jul/2025:07:06:33 +0000] "POST /get-message-notify HTTP/1.1" 200 19553 "http://alalamy.com.au/items/art/models/5475823/" "Mozilla/5.0 (Linux; Android 6.0.1; Nexus 5X Build/MMB29P) AppleWebKit/537.36 (KHTML, like Gecko) Chrome/137.0.7151.119 Mobile Safari/537.36 (compatible; Googlebot/2.1; +http://www.google.com/bot.html)"
66.249.65.174 - - [18/Jul/2025:07:06:33 +0000] "GET /items/art/musical-instruments/5047267/alalamy.com.au/pcmypage?callback=product/review/46806241 HTTP/1.1" 200 20381 "-" "Mozilla/5.0 (Linux; Android 6.0.1; Nexus 5X Build/MMB29P) AppleWebKit/537.36 (KHTML, like Gecko) Chrome/137.0.7151.103 Mobile Safari/537.36 (compatible; GoogleOther)"
66.249.65.174 - - [18/Jul/2025:07:06:38 +0000] "POST /get-message-notify HTTP/1.1" 200 19553 "http://alalamy.com.au/items/musical-instruments/paintings/2476088/alalamy.com.au/books.html" "Mozilla/5.0 (Linux; Android 6.0.1; Nexus 5X Build/MMB29P) AppleWebKit/537.36 (KHTML, like Gecko) Chrome/137.0.7151.119 Mobile Safari/537.36 (compatible; Googlebot/2.1; +http://www.google.com/bot.html)"
66.249.65.174 - - [18/Jul/2025:07:06:42 +0000] "POST /get-message-notify HTTP/1.1" 200 19553 "http://alalamy.com.au/items/art/musical-instruments/5047267/alalamy.com.au/pcmypage?callback=product/review/46806241" "Mozilla/5.0 (Linux; Android 6.0.1; Nexus 5X Build/MMB29P) AppleWebKit/537.36 (KHTML, like Gecko) Chrome/137.0.7151.119 Mobile Safari/537.36 (compatible; Googlebot/2.1; +http://www.google.com/bot.html)"
209.74.77.214 - - [18/Jul/2025:07:06:46 +0000] "POST /wp-cron.php?doing_wp_cron=1752822406.9689459800720214843750 HTTP/1.1" 200 - "-" "WordPress/6.8.2; https://alalamy.com.au"
20.171.207.85 - - [18/Jul/2025:07:06:46 +0000] "GET /items/handmade/tops/4666166/ HTTP/1.1" 404 20411 "-" "Mozilla/5.0 AppleWebKit/537.36 (KHTML, like Gecko; compatible; GPTBot/1.2; +https://openai.com/gptbot)"
66.249.74.12 - - [18/Jul/2025:07:06:47 +0000] "GET /items/art/models/3062285/alalamy.com.au/product/edit/alalamy.com.au/cd.html HTTP/1.1" 200 19169 "-" "Mozilla/5.0 (Linux; Android 6.0.1; Nexus 5X Build/MMB29P) AppleWebKit/537.36 (KHTML, like Gecko) Chrome/137.0.7151.103 Mobile Safari/537.36 (compatible; GoogleOther)"
66.249.65.174 - - [18/Jul/2025:07:06:48 +0000] "POST /get-message-notify HTTP/1.1" 200 19553 "http://alalamy.com.au/items/art/drums/2378630/" "Mozilla/5.0 (Linux; Android 6.0.1; Nexus 5X Build/MMB29P) AppleWebKit/537.36 (KHTML, like Gecko) Chrome/137.0.7151.119 Mobile Safari/537.36 (compatible; Googlebot/2.1; +http://www.google.com/bot.html)"
66.249.74.13 - - [18/Jul/2025:07:06:50 +0000] "GET /items/art/antiques/3994491/alalamy.com.au/feature/campaign/index.html HTTP/1.1" 200 20479 "-" "Mozilla/5.0 (Linux; Android 6.0.1; Nexus 5X Build/MMB29P) AppleWebKit/537.36 (KHTML, like Gecko) Chrome/137.0.7151.103 Mobile Safari/537.36 (compatible; GoogleOther)"
66.249.74.14 - - [18/Jul/2025:07:07:05 +0000] "POST /get-message-notify HTTP/1.1" 200 19578 "http://www.alalamy.com.au/items/art/models/3062285/alalamy.com.au/product/edit/alalamy.com.au/cd.html" "Mozilla/5.0 (Linux; Android 6.0.1; Nexus 5X Build/MMB29P) AppleWebKit/537.36 (KHTML, like Gecko) Chrome/137.0.7151.119 Mobile Safari/537.36 (compatible; Googlebot/2.1; +http://www.google.com/bot.html)"
66.249.74.12 - - [18/Jul/2025:07:07:23 +0000] "POST /get-message-notify HTTP/1.1" 200 19578 "http://www.alalamy.com.au/items/art/antiques/3994491/alalamy.com.au/feature/sale2367-21/index.html" "Mozilla/5.0 (Linux; Android 6.0.1; Nexus 5X Build/MMB29P) AppleWebKit/537.36 (KHTML, like Gecko) Chrome/137.0.7151.119 Mobile Safari/537.36 (compatible; Googlebot/2.1; +http://www.google.com/bot.html)"
66.249.74.12 - - [18/Jul/2025:07:07:28 +0000] "GET /items/handmade/paintings/5377890/alalamy.com.au/feature/akihabara_main/alalamy.com.au/pcsp.html HTTP/1.1" 200 18365 "-" "Mozilla/5.0 (Linux; Android 6.0.1; Nexus 5X Build/MMB29P) AppleWebKit/537.36 (KHTML, like Gecko) Chrome/137.0.7151.103 Mobile Safari/537.36 (compatible; GoogleOther)"
66.249.74.12 - - [18/Jul/2025:07:07:29 +0000] "POST /get-message-notify HTTP/1.1" 200 19578 "http://www.alalamy.com.au/items/art/antiques/3994491/alalamy.com.au/feature/campaign/index.html" "Mozilla/5.0 (Linux; Android 6.0.1; Nexus 5X Build/MMB29P) AppleWebKit/537.36 (KHTML, like Gecko) Chrome/137.0.7151.119 Mobile Safari/537.36 (compatible; Googlebot/2.1; +http://www.google.com/bot.html)"
66.249.65.174 - - [18/Jul/2025:07:07:29 +0000] "GET /items/art/others/2488843/ HTTP/1.1" 200 19026 "-" "Mozilla/5.0 (Linux; Android 6.0.1; Nexus 5X Build/MMB29P) AppleWebKit/537.36 (KHTML, like Gecko) Chrome/137.0.7151.103 Mobile Safari/537.36 (compatible; GoogleOther)"
66.249.74.12 - - [18/Jul/2025:07:07:45 +0000] "GET /items/handmade/paintings/alalamy.com.au/oreka/alalamy.com.au/toreka/toreka_menu.html HTTP/1.1" 200 20207 "-" "Mozilla/5.0 (Linux; Android 6.0.1; Nexus 5X Build/MMB29P) AppleWebKit/537.36 (KHTML, like Gecko) Chrome/137.0.7151.103 Mobile Safari/537.36 (compatible; GoogleOther)"
66.249.65.160 - - [18/Jul/2025:07:07:50 +0000] "POST /get-message-notify HTTP/1.1" 200 19553 "http://alalamy.com.au/items/art/others/2488843/" "Mozilla/5.0 (Linux; Android 6.0.1; Nexus 5X Build/MMB29P) AppleWebKit/537.36 (KHTML, like Gecko) Chrome/137.0.7151.119 Mobile Safari/537.36 (compatible; Googlebot/2.1; +http://www.google.com/bot.html)"
209.74.77.214 - - [18/Jul/2025:07:07:51 +0000] "POST /wp-cron.php?doing_wp_cron=1752822471.5340690612792968750000 HTTP/1.1" 200 - "-" "WordPress/6.8.2; https://alalamy.com.au"
20.171.207.85 - - [18/Jul/2025:07:07:51 +0000] "GET /items/fashion/skirts/2767772/ HTTP/1.1" 404 20411 "-" "Mozilla/5.0 AppleWebKit/537.36 (KHTML, like Gecko; compatible; GPTBot/1.2; +https://openai.com/gptbot)"
66.249.74.12 - - [18/Jul/2025:07:07:56 +0000] "GET /items/handmade/paintings/5377890/alalamy.com.au/feature/akihabara_main/alalamy.com.au/boyslove.html HTTP/1.1" 200 18375 "-" "Mozilla/5.0 (Linux; Android 6.0.1; Nexus 5X Build/MMB29P) AppleWebKit/537.36 (KHTML, like Gecko) Chrome/137.0.7151.103 Mobile Safari/537.36 (compatible; GoogleOther)"
66.249.65.174 - - [18/Jul/2025:07:08:06 +0000] "POST /get-message-notify HTTP/1.1" 200 19553 "http://alalamy.com.au/items/handicrafts/paintings/2644745/alalamy.com.au/books.html" "Mozilla/5.0 (Linux; Android 6.0.1; Nexus 5X Build/MMB29P) AppleWebKit/537.36 (KHTML, like Gecko) Chrome/137.0.7151.119 Mobile Safari/537.36 (compatible; Googlebot/2.1; +http://www.google.com/bot.html)"
66.249.65.174 - - [18/Jul/2025:07:08:25 +0000] "GET /items/art/musical-instruments/5047267/alalamy.com.au/feature/eposcard/index.html HTTP/1.1" 200 20356 "-" "Mozilla/5.0 (Linux; Android 6.0.1; Nexus 5X Build/MMB29P) AppleWebKit/537.36 (KHTML, like Gecko) Chrome/137.0.7151.103 Mobile Safari/537.36 (compatible; GoogleOther)"
66.249.65.160 - - [18/Jul/2025:07:08:50 +0000] "GET /items/cars/cars/4210531/ HTTP/1.1" 200 20992 "-" "Mozilla/5.0 (Linux; Android 6.0.1; Nexus 5X Build/MMB29P) AppleWebKit/537.36 (KHTML, like Gecko) Chrome/137.0.7151.103 Mobile Safari/537.36 (compatible; GoogleOther)"
66.249.74.12 - - [18/Jul/2025:07:08:55 +0000] "GET /items/cars/cars/2139674/ HTTP/1.1" 200 21166 "-" "Mozilla/5.0 (Linux; Android 6.0.1; Nexus 5X Build/MMB29P) AppleWebKit/537.36 (KHTML, like Gecko) Chrome/137.0.7151.103 Mobile Safari/537.36 (compatible; GoogleOther)"
66.249.74.12 - - [18/Jul/2025:07:08:59 +0000] "POST /get-message-notify HTTP/1.1" 200 19578 "http://www.alalamy.com.au/items/cars/cars/2139674/" "Mozilla/5.0 (Linux; Android 6.0.1; Nexus 5X Build/MMB29P) AppleWebKit/537.36 (KHTML, like Gecko) Chrome/137.0.7151.119 Mobile Safari/537.36 (compatible; Googlebot/2.1; +http://www.google.com/bot.html)"
66.249.65.174 - - [18/Jul/2025:07:09:25 +0000] "POST /get-message-notify HTTP/1.1" 200 19553 "http://alalamy.com.au/items/art/musical-instruments/5047267/alalamy.com.au/feature/eposcard/index.html" "Mozilla/5.0 (Linux; Android 6.0.1; Nexus 5X Build/MMB29P) AppleWebKit/537.36 (KHTML, like Gecko) Chrome/137.0.7151.119 Mobile Safari/537.36 (compatible; Googlebot/2.1; +http://www.google.com/bot.html)"
66.249.65.174 - - [18/Jul/2025:07:09:27 +0000] "GET /items/art/musical-instruments/5047267/alalamy.com.au/cd.html HTTP/1.1" 200 20351 "-" "Mozilla/5.0 (Linux; Android 6.0.1; Nexus 5X Build/MMB29P) AppleWebKit/537.36 (KHTML, like Gecko) Chrome/137.0.7151.103 Mobile Safari/537.36 (compatible; GoogleOther)"
66.249.74.14 - - [18/Jul/2025:07:09:41 +0000] "POST /get-message-notify HTTP/1.1" 200 19578 "http://www.alalamy.com.au/items/handmade/paintings/5377890/alalamy.com.au/feature/akihabara_main/alalamy.com.au/pcsp.html" "Mozilla/5.0 (Linux; Android 6.0.1; Nexus 5X Build/MMB29P) AppleWebKit/537.36 (KHTML, like Gecko) Chrome/137.0.7151.119 Mobile Safari/537.36 (compatible; Googlebot/2.1; +http://www.google.com/bot.html)"
66.249.65.160 - - [18/Jul/2025:07:09:43 +0000] "POST /get-message-notify HTTP/1.1" 200 19553 "http://alalamy.com.au/items/cars/cars/4210531/" "Mozilla/5.0 (Linux; Android 6.0.1; Nexus 5X Build/MMB29P) AppleWebKit/537.36 (KHTML, like Gecko) Chrome/137.0.7151.119 Mobile Safari/537.36 (compatible; Googlebot/2.1; +http://www.google.com/bot.html)"
20.171.207.85 - - [18/Jul/2025:07:09:58 +0000] "GET /items/travel-supplies/outdoors/4107778/ HTTP/1.1" 404 20412 "-" "Mozilla/5.0 AppleWebKit/537.36 (KHTML, like Gecko; compatible; GPTBot/1.2; +https://openai.com/gptbot)"
66.249.65.174 - - [18/Jul/2025:07:10:53 +0000] "POST /get-message-notify HTTP/1.1" 200 19553 "http://alalamy.com.au/items/art/musical-instruments/5047267/alalamy.com.au/cd.html" "Mozilla/5.0 (Linux; Android 6.0.1; Nexus 5X Build/MMB29P) AppleWebKit/537.36 (KHTML, like Gecko) Chrome/137.0.7151.119 Mobile Safari/537.36 (compatible; Googlebot/2.1; +http://www.google.com/bot.html)"
209.74.77.214 - - [18/Jul/2025:07:11:04 +0000] "POST /wp-cron.php?doing_wp_cron=1752822664.0809431076049804687500 HTTP/1.1" 200 - "-" "WordPress/6.8.2; https://alalamy.com.au"
20.171.207.85 - - [18/Jul/2025:07:11:03 +0000] "GET /items/travel-supplies/hammocks/5088870/ HTTP/1.1" 404 20411 "-" "Mozilla/5.0 AppleWebKit/537.36 (KHTML, like Gecko; compatible; GPTBot/1.2; +https://openai.com/gptbot)"
66.249.74.12 - - [18/Jul/2025:07:11:19 +0000] "POST /get-message-notify HTTP/1.1" 200 19578 "http://www.alalamy.com.au/items/handmade/paintings/alalamy.com.au/oreka/alalamy.com.au/toreka/toreka_menu.html" "Mozilla/5.0 (Linux; Android 6.0.1; Nexus 5X Build/MMB29P) AppleWebKit/537.36 (KHTML, like Gecko) Chrome/137.0.7151.119 Mobile Safari/537.36 (compatible; Googlebot/2.1; +http://www.google.com/bot.html)"
209.74.77.214 - - [18/Jul/2025:07:12:04 +0000] "POST /wp-cron.php?doing_wp_cron=1752822724.2023620605468750000000 HTTP/1.1" 200 - "-" "WordPress/6.8.2; https://alalamy.com.au"
20.171.207.85 - - [18/Jul/2025:07:12:03 +0000] "GET /items/daily-necessities/stationery/5553674/ HTTP/1.1" 404 20411 "-" "Mozilla/5.0 AppleWebKit/537.36 (KHTML, like Gecko; compatible; GPTBot/1.2; +https://openai.com/gptbot)"
209.74.77.214 - - [18/Jul/2025:07:13:07 +0000] "POST /wp-cron.php?doing_wp_cron=1752822787.5935909748077392578125 HTTP/1.1" 200 - "-" "WordPress/6.8.2; https://alalamy.com.au"
20.171.207.85 - - [18/Jul/2025:07:13:07 +0000] "GET /items/tools/drilling/1781204/ HTTP/1.1" 404 20411 "-" "Mozilla/5.0 AppleWebKit/537.36 (KHTML, like Gecko; compatible; GPTBot/1.2; +https://openai.com/gptbot)"
66.249.65.174 - - [18/Jul/2025:07:14:04 +0000] "POST /get-message-notify HTTP/1.1" 200 19553 "http://alalamy.com.au/items/art/musical-instruments/5047267/alalamy.com.au/feature/akihabara_main/index.html" "Mozilla/5.0 (Linux; Android 6.0.1; Nexus 5X Build/MMB29P) AppleWebKit/537.36 (KHTML, like Gecko) Chrome/137.0.7151.119 Mobile Safari/537.36 (compatible; Googlebot/2.1; +http://www.google.com/bot.html)"
209.74.77.214 - - [18/Jul/2025:07:14:08 +0000] "POST /wp-cron.php?doing_wp_cron=1752822848.3439970016479492187500 HTTP/1.1" 200 - "-" "WordPress/6.8.2; https://alalamy.com.au"
20.171.207.85 - - [18/Jul/2025:07:14:08 +0000] "GET /items/fashion/womens/4263848/ HTTP/1.1" 404 20411 "-" "Mozilla/5.0 AppleWebKit/537.36 (KHTML, like Gecko; compatible; GPTBot/1.2; +https://openai.com/gptbot)"
20.171.207.85 - - [18/Jul/2025:07:15:09 +0000] "GET /items/fashion/womens/2041515/ HTTP/1.1" 404 20411 "-" "Mozilla/5.0 AppleWebKit/537.36 (KHTML, like Gecko; compatible; GPTBot/1.2; +https://openai.com/gptbot)"
20.171.207.85 - - [18/Jul/2025:07:18:21 +0000] "GET /items/outdoor/lures/1857260/ HTTP/1.1" 404 20411 "-" "Mozilla/5.0 AppleWebKit/537.36 (KHTML, like Gecko; compatible; GPTBot/1.2; +https://openai.com/gptbot)"
20.171.207.85 - - [18/Jul/2025:07:19:24 +0000] "GET /items/decor/carpets/3499482/ HTTP/1.1" 404 20411 "-" "Mozilla/5.0 AppleWebKit/537.36 (KHTML, like Gecko; compatible; GPTBot/1.2; +https://openai.com/gptbot)"
20.171.207.85 - - [18/Jul/2025:07:22:29 +0000] "GET /items/fashion/womens/4725490/ HTTP/1.1" 404 20411 "-" "Mozilla/5.0 AppleWebKit/537.36 (KHTML, like Gecko; compatible; GPTBot/1.2; +https://openai.com/gptbot)"
209.74.77.214 - - [18/Jul/2025:07:23:33 +0000] "POST /wp-cron.php?doing_wp_cron=1752823413.8418810367584228515625 HTTP/1.1" 200 - "-" "WordPress/6.8.2; https://alalamy.com.au"
20.171.207.85 - - [18/Jul/2025:07:23:32 +0000] "GET /items/cars/bicycles/4480095/ HTTP/1.1" 404 20411 "-" "Mozilla/5.0 AppleWebKit/537.36 (KHTML, like Gecko; compatible; GPTBot/1.2; +https://openai.com/gptbot)"
66.249.65.174 - - [18/Jul/2025:07:24:51 +0000] "GET /items/art/musical-instruments/5047267/alalamy.com.au/dozin.html HTTP/1.1" 200 20358 "-" "Mozilla/5.0 (Linux; Android 6.0.1; Nexus 5X Build/MMB29P) AppleWebKit/537.36 (KHTML, like Gecko) Chrome/137.0.7151.103 Mobile Safari/537.36 (compatible; GoogleOther)"
66.249.65.161 - - [18/Jul/2025:07:25:19 +0000] "GET /items/art/musical-instruments/5047267/alalamy.com.au/feature/honten/index.html HTTP/1.1" 200 20356 "-" "Mozilla/5.0 (Linux; Android 6.0.1; Nexus 5X Build/MMB29P) AppleWebKit/537.36 (KHTML, like Gecko) Chrome/137.0.7151.103 Mobile Safari/537.36 (compatible; GoogleOther)"
66.249.65.174 - - [18/Jul/2025:07:25:47 +0000] "GET /items/art/musical-instruments/5047267/alalamy.com.au/events/ HTTP/1.1" 200 20348 "-" "Mozilla/5.0 (Linux; Android 6.0.1; Nexus 5X Build/MMB29P) AppleWebKit/537.36 (KHTML, like Gecko) Chrome/137.0.7151.103 Mobile Safari/537.36 (compatible; GoogleOther)"
