66.249.74.12 - - [18/Jul/2025:07:56:18 +0000] "GET /items/art/antiques/3994491/alalamy.com.au/search?category=&search_word=&restrict[]=person_id(int)=QGM HTTP/1.1" 200 20555 "-" "Mozilla/5.0 (Linux; Android 6.0.1; Nexus 5X Build/MMB29P) AppleWebKit/537.36 (KHTML, like Gecko) Chrome/137.0.7151.103 Mobile Safari/537.36 (compatible; GoogleOther)"
66.249.74.12 - - [18/Jul/2025:07:56:23 +0000] "POST /get-message-notify HTTP/1.1" 200 19578 "http://www.alalamy.com.au/items/art/antiques/3994491/alalamy.com.au/search?category=&search_word=&restrict[]=person_id(int)=QGM" "Mozilla/5.0 (Linux; Android 6.0.1; Nexus 5X Build/MMB29P) AppleWebKit/537.36 (KHTML, like Gecko) Chrome/137.0.7151.119 Mobile Safari/537.36 (compatible; Googlebot/2.1; +http://www.google.com/bot.html)"
66.249.74.12 - - [18/Jul/2025:07:56:26 +0000] "POST /get-message-notify HTTP/1.1" 200 19578 "http://www.alalamy.com.au/items/handmade/paintings/5377890/alalamy.com.au/alalamy.com.au/product/edit/47957154" "Mozilla/5.0 (Linux; Android 6.0.1; Nexus 5X Build/MMB29P) AppleWebKit/537.36 (KHTML, like Gecko) Chrome/137.0.7151.119 Mobile Safari/537.36 (compatible; Googlebot/2.1; +http://www.google.com/bot.html)"
66.249.74.12 - - [18/Jul/2025:07:56:42 +0000] "POST /get-message-notify HTTP/1.1" 200 19578 "http://www.alalamy.com.au/items/handmade/paintings/5377890/feature/idol/alalamy.com.au/kaitori/ansin.html" "Mozilla/5.0 (Linux; Android 6.0.1; Nexus 5X Build/MMB29P) AppleWebKit/537.36 (KHTML, like Gecko) Chrome/137.0.7151.119 Mobile Safari/537.36 (compatible; Googlebot/2.1; +http://www.google.com/bot.html)"
66.249.74.12 - - [18/Jul/2025:07:56:51 +0000] "GET /items/handmade/paintings/5377890/feature/idol/alalamy.com.au/kaitori/kantan.html HTTP/1.1" 200 18373 "-" "Mozilla/5.0 (Linux; Android 6.0.1; Nexus 5X Build/MMB29P) AppleWebKit/537.36 (KHTML, like Gecko) Chrome/137.0.7151.103 Mobile Safari/537.36 (compatible; GoogleOther)"
66.249.74.12 - - [18/Jul/2025:07:57:06 +0000] "POST /get-message-notify HTTP/1.1" 200 19578 "http://www.alalamy.com.au/items/handmade/paintings/5377890/feature/idol/alalamy.com.au/kaitori/kantan.html" "Mozilla/5.0 (Linux; Android 6.0.1; Nexus 5X Build/MMB29P) AppleWebKit/537.36 (KHTML, like Gecko) Chrome/137.0.7151.119 Mobile Safari/537.36 (compatible; Googlebot/2.1; +http://www.google.com/bot.html)"
66.249.74.12 - - [18/Jul/2025:07:57:13 +0000] "GET /items/handmade/paintings/alalamy.com.au/oreka/alalamy.com.au/cd.html HTTP/1.1" 200 18913 "-" "Mozilla/5.0 (Linux; Android 6.0.1; Nexus 5X Build/MMB29P) AppleWebKit/537.36 (KHTML, like Gecko) Chrome/137.0.7151.103 Mobile Safari/537.36 (compatible; GoogleOther)"
20.171.207.85 - - [18/Jul/2025:07:57:20 +0000] "GET /items/sports/gloves/2124093/ HTTP/1.1" 404 20411 "-" "Mozilla/5.0 AppleWebKit/537.36 (KHTML, like Gecko; compatible; GPTBot/1.2; +https://openai.com/gptbot)"
66.249.74.12 - - [18/Jul/2025:07:57:29 +0000] "GET /items/handmade/paintings/5377890/feature/idol/alalamy.com.au/toreka/toreka_single.html HTTP/1.1" 200 18369 "-" "Mozilla/5.0 (Linux; Android 6.0.1; Nexus 5X Build/MMB29P) AppleWebKit/537.36 (KHTML, like Gecko) Chrome/137.0.7151.103 Mobile Safari/537.36 (compatible; GoogleOther)"
66.249.65.174 - - [18/Jul/2025:07:57:45 +0000] "GET /items/art/musical-instruments/5047267/alalamy.com.au/pcmypage HTTP/1.1" 200 20352 "-" "Mozilla/5.0 (Linux; Android 6.0.1; Nexus 5X Build/MMB29P) AppleWebKit/537.36 (KHTML, like Gecko) Chrome/137.0.7151.103 Mobile Safari/537.36 (compatible; GoogleOther)"
66.249.74.12 - - [18/Jul/2025:07:58:07 +0000] "GET /items/handmade/paintings/5377890/alalamy.com.au/feature/shoplist-friendly/alalamy.com.au/man/alalamy.com.au/pcmypage?callback=product%2Fdetail%2F46922195 HTTP/1.1" 200 18415 "-" "Mozilla/5.0 (Linux; Android 6.0.1; Nexus 5X Build/MMB29P) AppleWebKit/537.36 (KHTML, like Gecko) Chrome/137.0.7151.103 Mobile Safari/537.36 (compatible; GoogleOther)"
66.249.74.13 - - [18/Jul/2025:07:58:18 +0000] "GET /items/art/antiques/3994491/alalamy.com.au/pcmypage/ HTTP/1.1" 200 20476 "-" "Mozilla/5.0 (Linux; Android 6.0.1; Nexus 5X Build/MMB29P) AppleWebKit/537.36 (KHTML, like Gecko) Chrome/137.0.7151.103 Mobile Safari/537.36 (compatible; GoogleOther)"
66.249.74.12 - - [18/Jul/2025:07:58:24 +0000] "GET /items/handmade/paintings/5377890/alalamy.com.au/feature/akihabara_main/alalamy.com.au/kaitori/kaitoritop.html HTTP/1.1" 200 18373 "-" "Mozilla/5.0 (Linux; Android 6.0.1; Nexus 5X Build/MMB29P) AppleWebKit/537.36 (KHTML, like Gecko) Chrome/137.0.7151.103 Mobile Safari/537.36 (compatible; GoogleOther)"
20.171.207.85 - - [18/Jul/2025:07:58:24 +0000] "GET /items/fashion/shoes/3254208/ HTTP/1.1" 404 20411 "-" "Mozilla/5.0 AppleWebKit/537.36 (KHTML, like Gecko; compatible; GPTBot/1.2; +https://openai.com/gptbot)"
66.249.74.12 - - [18/Jul/2025:07:58:29 +0000] "GET /items/art/models/3062285/alalamy.com.au/product/edit/alalamy.com.au/books.html HTTP/1.1" 200 19176 "-" "Mozilla/5.0 (Linux; Android 6.0.1; Nexus 5X Build/MMB29P) AppleWebKit/537.36 (KHTML, like Gecko) Chrome/137.0.7151.103 Mobile Safari/537.36 (compatible; GoogleOther)"
66.249.74.12 - - [18/Jul/2025:07:58:34 +0000] "GET /items/handmade/paintings/5377890/feature/idol/alalamy.com.au/oreka/plamodel_menu.html HTTP/1.1" 200 18379 "-" "Mozilla/5.0 (Linux; Android 6.0.1; Nexus 5X Build/MMB29P) AppleWebKit/537.36 (KHTML, like Gecko) Chrome/137.0.7151.103 Mobile Safari/537.36 (compatible; GoogleOther)"
66.249.74.12 - - [18/Jul/2025:07:58:43 +0000] "POST /get-message-notify HTTP/1.1" 200 19578 "http://www.alalamy.com.au/items/handmade/paintings/5377890/alalamy.com.au/feature/shoplist-friendly/alalamy.com.au/man/alalamy.com.au/pcmypage?callback=product%2Fdetail%2F46922195" "Mozilla/5.0 (Linux; Android 6.0.1; Nexus 5X Build/MMB29P) AppleWebKit/537.36 (KHTML, like Gecko) Chrome/137.0.7151.119 Mobile Safari/537.36 (compatible; Googlebot/2.1; +http://www.google.com/bot.html)"
66.249.74.12 - - [18/Jul/2025:07:58:51 +0000] "GET /items/handmade/paintings/5377890/alalamy.com.au/feature/shoplist-friendly/alalamy.com.au/man/alalamy.com.au/pcmypage?callback=/product%2Fdetail%2F46922195 HTTP/1.1" 200 18416 "-" "Mozilla/5.0 (Linux; Android 6.0.1; Nexus 5X Build/MMB29P) AppleWebKit/537.36 (KHTML, like Gecko) Chrome/137.0.7151.103 Mobile Safari/537.36 (compatible; GoogleOther)"
66.249.74.12 - - [18/Jul/2025:07:58:56 +0000] "GET /items/handmade/paintings/5377890/alalamy.com.au/feature/akihabara_main/alalamy.com.au/kaitori/ansin.html HTTP/1.1" 200 18381 "-" "Mozilla/5.0 (Linux; Android 6.0.1; Nexus 5X Build/MMB29P) AppleWebKit/537.36 (KHTML, like Gecko) Chrome/137.0.7151.103 Mobile Safari/537.36 (compatible; GoogleOther)"
66.249.74.13 - - [18/Jul/2025:07:59:07 +0000] "GET /items/handmade/paintings/5377890/alalamy.com.au/feature/akihabara_main/alalamy.com.au/toreka/toreka_single.html HTTP/1.1" 200 18377 "-" "Mozilla/5.0 (Linux; Android 6.0.1; Nexus 5X Build/MMB29P) AppleWebKit/537.36 (KHTML, like Gecko) Chrome/137.0.7151.103 Mobile Safari/537.36 (compatible; GoogleOther)"
66.249.74.12 - - [18/Jul/2025:07:59:16 +0000] "POST /get-message-notify HTTP/1.1" 200 19578 "http://www.alalamy.com.au/items/art/models/3062285/alalamy.com.au/product/edit/alalamy.com.au/books.html" "Mozilla/5.0 (Linux; Android 6.0.1; Nexus 5X Build/MMB29P) AppleWebKit/537.36 (KHTML, like Gecko) Chrome/137.0.7151.119 Mobile Safari/537.36 (compatible; Googlebot/2.1; +http://www.google.com/bot.html)"
66.249.74.13 - - [18/Jul/2025:08:00:02 +0000] "GET /items/handmade/paintings/5377890/feature/idol/alalamy.com.au/toreka/figure_menu.html HTTP/1.1" 200 18370 "-" "Mozilla/5.0 (Linux; Android 6.0.1; Nexus 5X Build/MMB29P) AppleWebKit/537.36 (KHTML, like Gecko) Chrome/137.0.7151.103 Mobile Safari/537.36 (compatible; GoogleOther)"
66.249.74.13 - - [18/Jul/2025:08:00:07 +0000] "GET /items/art/antiques/3994491/alalamy.com.au/events/ HTTP/1.1" 200 20474 "-" "Mozilla/5.0 (Linux; Android 6.0.1; Nexus 5X Build/MMB29P) AppleWebKit/537.36 (KHTML, like Gecko) Chrome/137.0.7151.103 Mobile Safari/537.36 (compatible; GoogleOther)"
66.249.74.12 - - [18/Jul/2025:08:00:10 +0000] "POST /get-message-notify HTTP/1.1" 200 19578 "http://www.alalamy.com.au/items/art/antiques/3994491/alalamy.com.au/events/" "Mozilla/5.0 (Linux; Android 6.0.1; Nexus 5X Build/MMB29P) AppleWebKit/537.36 (KHTML, like Gecko) Chrome/137.0.7151.119 Mobile Safari/537.36 (compatible; Googlebot/2.1; +http://www.google.com/bot.html)"
66.249.74.12 - - [18/Jul/2025:08:00:18 +0000] "GET /items/handmade/paintings/5377890/alalamy.com.au/feature/akihabara_main/alalamy.com.au/kaitori/kantan.html HTTP/1.1" 200 18378 "-" "Mozilla/5.0 (Linux; Android 6.0.1; Nexus 5X Build/MMB29P) AppleWebKit/537.36 (KHTML, like Gecko) Chrome/137.0.7151.103 Mobile Safari/537.36 (compatible; GoogleOther)"
66.249.74.12 - - [18/Jul/2025:08:00:30 +0000] "POST /get-message-notify HTTP/1.1" 200 19578 "http://www.alalamy.com.au/items/handmade/paintings/5377890/feature/idol/alalamy.com.au/toreka/figure_menu.html" "Mozilla/5.0 (Linux; Android 6.0.1; Nexus 5X Build/MMB29P) AppleWebKit/537.36 (KHTML, like Gecko) Chrome/137.0.7151.119 Mobile Safari/537.36 (compatible; Googlebot/2.1; +http://www.google.com/bot.html)"
20.171.207.85 - - [18/Jul/2025:08:00:31 +0000] "GET /items/fashion/womens/4274423/ HTTP/1.1" 404 20411 "-" "Mozilla/5.0 AppleWebKit/537.36 (KHTML, like Gecko; compatible; GPTBot/1.2; +https://openai.com/gptbot)"
66.249.74.12 - - [18/Jul/2025:08:00:34 +0000] "GET /items/art/paintings/3103609/ HTTP/1.1" 200 19242 "-" "Mozilla/5.0 (Linux; Android 6.0.1; Nexus 5X Build/MMB29P) AppleWebKit/537.36 (KHTML, like Gecko) Chrome/137.0.7151.103 Mobile Safari/537.36 (compatible; GoogleOther)"
66.249.74.12 - - [18/Jul/2025:08:00:40 +0000] "GET /items/handmade/paintings/alalamy.com.au/oreka/alalamy.com.au/kaitori/kaitoritop.html HTTP/1.1" 200 21174 "-" "Mozilla/5.0 (Linux; Android 6.0.1; Nexus 5X Build/MMB29P) AppleWebKit/537.36 (KHTML, like Gecko) Chrome/137.0.7151.103 Mobile Safari/537.36 (compatible; GoogleOther)"
66.249.74.12 - - [18/Jul/2025:08:00:42 +0000] "POST /get-message-notify HTTP/1.1" 200 19578 "http://www.alalamy.com.au/items/handmade/paintings/5377890/alalamy.com.au/feature/akihabara_main/alalamy.com.au/kaitori/kaitoritop.html" "Mozilla/5.0 (Linux; Android 6.0.1; Nexus 5X Build/MMB29P) AppleWebKit/537.36 (KHTML, like Gecko) Chrome/137.0.7151.119 Mobile Safari/537.36 (compatible; Googlebot/2.1; +http://www.google.com/bot.html)"
66.249.74.12 - - [18/Jul/2025:08:00:56 +0000] "GET /items/art/models/3062285/alalamy.com.au/product/edit/alalamy.com.au/feature/akihabara_main/index.html HTTP/1.1" 200 19183 "-" "Mozilla/5.0 (Linux; Android 6.0.1; Nexus 5X Build/MMB29P) AppleWebKit/537.36 (KHTML, like Gecko) Chrome/137.0.7151.103 Mobile Safari/537.36 (compatible; GoogleOther)"
66.249.74.14 - - [18/Jul/2025:08:01:07 +0000] "GET /items/handmade/paintings/alalamy.com.au/oreka/alalamy.com.au/kaitori/ansin.html HTTP/1.1" 200 18762 "-" "Mozilla/5.0 (Linux; Android 6.0.1; Nexus 5X Build/MMB29P) AppleWebKit/537.36 (KHTML, like Gecko) Chrome/137.0.7151.103 Mobile Safari/537.36 (compatible; GoogleOther)"
66.249.74.12 - - [18/Jul/2025:08:01:16 +0000] "POST /get-message-notify HTTP/1.1" 200 19578 "http://www.alalamy.com.au/items/handmade/paintings/alalamy.com.au/oreka/alalamy.com.au/kaitori/ansin.html" "Mozilla/5.0 (Linux; Android 6.0.1; Nexus 5X Build/MMB29P) AppleWebKit/537.36 (KHTML, like Gecko) Chrome/137.0.7151.119 Mobile Safari/537.36 (compatible; Googlebot/2.1; +http://www.google.com/bot.html)"
66.249.65.174 - - [18/Jul/2025:08:01:24 +0000] "GET /items/art/musical-instruments/5047267/alalamy.com.au/cargo/detail HTTP/1.1" 200 20352 "-" "Mozilla/5.0 (Linux; Android 6.0.1; Nexus 5X Build/MMB29P) AppleWebKit/537.36 (KHTML, like Gecko) Chrome/137.0.7151.103 Mobile Safari/537.36 (compatible; GoogleOther)"
209.74.77.214 - - [18/Jul/2025:08:01:34 +0000] "POST /wp-cron.php?doing_wp_cron=1752825694.3728508949279785156250 HTTP/1.1" 200 - "-" "WordPress/6.8.2; https://alalamy.com.au"
20.171.207.85 - - [18/Jul/2025:08:01:34 +0000] "GET /items/drinks/brandy/5073732/ HTTP/1.1" 404 20411 "-" "Mozilla/5.0 AppleWebKit/537.36 (KHTML, like Gecko; compatible; GPTBot/1.2; +https://openai.com/gptbot)"
66.249.74.12 - - [18/Jul/2025:08:01:34 +0000] "GET /items/handmade/paintings/5377890/alalamy.com.au/feature/akihabara_main/alalamy.com.au/oreka/plamodel_menu.html HTTP/1.1" 200 18384 "-" "Mozilla/5.0 (Linux; Android 6.0.1; Nexus 5X Build/MMB29P) AppleWebKit/537.36 (KHTML, like Gecko) Chrome/137.0.7151.103 Mobile Safari/537.36 (compatible; GoogleOther)"
66.249.74.12 - - [18/Jul/2025:08:01:39 +0000] "POST /get-message-notify HTTP/1.1" 200 19578 "http://www.alalamy.com.au/items/handmade/paintings/5377890/alalamy.com.au/feature/akihabara_main/alalamy.com.au/oreka/plamodel_menu.html" "Mozilla/5.0 (Linux; Android 6.0.1; Nexus 5X Build/MMB29P) AppleWebKit/537.36 (KHTML, like Gecko) Chrome/137.0.7151.119 Mobile Safari/537.36 (compatible; Googlebot/2.1; +http://www.google.com/bot.html)"
66.249.65.174 - - [18/Jul/2025:08:01:45 +0000] "GET /items/art/musical-instruments/5047267/alalamy.com.au?_bd_prev_page=alalamy.com.au/detail.php?pcmypage/ HTTP/1.1" 200 19112 "-" "Mozilla/5.0 (Linux; Android 6.0.1; Nexus 5X Build/MMB29P) AppleWebKit/537.36 (KHTML, like Gecko) Chrome/137.0.7151.103 Mobile Safari/537.36 (compatible; GoogleOther)"
66.249.65.174 - - [18/Jul/2025:08:01:52 +0000] "POST /get-message-notify HTTP/1.1" 200 19553 "http://alalamy.com.au/items/art/musical-instruments/5047267/alalamy.com.au/cargo/detail" "Mozilla/5.0 (Linux; Android 6.0.1; Nexus 5X Build/MMB29P) AppleWebKit/537.36 (KHTML, like Gecko) Chrome/137.0.7151.119 Mobile Safari/537.36 (compatible; Googlebot/2.1; +http://www.google.com/bot.html)"
66.249.65.174 - - [18/Jul/2025:08:01:54 +0000] "POST /get-message-notify HTTP/1.1" 200 19553 "http://alalamy.com.au/items/art/musical-instruments/5047267/alalamy.com.au/pcmypage" "Mozilla/5.0 (Linux; Android 6.0.1; Nexus 5X Build/MMB29P) AppleWebKit/537.36 (KHTML, like Gecko) Chrome/137.0.7151.119 Mobile Safari/537.36 (compatible; Googlebot/2.1; +http://www.google.com/bot.html)"
66.249.65.174 - - [18/Jul/2025:08:01:55 +0000] "POST /get-message-notify HTTP/1.1" 200 19553 "http://alalamy.com.au/items/art/musical-instruments/5047267/alalamy.com.au?_bd_prev_page=alalamy.com.au/detail.php?pcmypage/" "Mozilla/5.0 (Linux; Android 6.0.1; Nexus 5X Build/MMB29P) AppleWebKit/537.36 (KHTML, like Gecko) Chrome/137.0.7151.119 Mobile Safari/537.36 (compatible; Googlebot/2.1; +http://www.google.com/bot.html)"
66.249.74.12 - - [18/Jul/2025:08:01:56 +0000] "GET /items/art/antiques/3994491/alalamy.com.au/toreka/figure_menu.html HTTP/1.1" 200 20493 "-" "Mozilla/5.0 (Linux; Android 6.0.1; Nexus 5X Build/MMB29P) AppleWebKit/537.36 (KHTML, like Gecko) Chrome/137.0.7151.103 Mobile Safari/537.36 (compatible; GoogleOther)"
66.249.74.12 - - [18/Jul/2025:08:02:18 +0000] "GET /items/handmade/paintings/alalamy.com.au/oreka/plamodel_menu.html/vintagegame.html HTTP/1.1" 200 21112 "-" "Mozilla/5.0 (Linux; Android 6.0.1; Nexus 5X Build/MMB29P) AppleWebKit/537.36 (KHTML, like Gecko) Chrome/137.0.7151.103 Mobile Safari/537.36 (compatible; GoogleOther)"
66.249.74.13 - - [18/Jul/2025:08:02:23 +0000] "GET /items/handmade/paintings/alalamy.com.au/oreka/alalamy.com.au/toreka/toreka_single.html HTTP/1.1" 200 18920 "-" "Mozilla/5.0 (Linux; Android 6.0.1; Nexus 5X Build/MMB29P) AppleWebKit/537.36 (KHTML, like Gecko) Chrome/137.0.7151.103 Mobile Safari/537.36 (compatible; GoogleOther)"
66.249.74.12 - - [18/Jul/2025:08:02:34 +0000] "GET /items/handmade/paintings/5377890/feature/idol/alalamy.com.au/pcmypage?callback=product%2Fdetail%2F29092118 HTTP/1.1" 200 18381 "-" "Mozilla/5.0 (Linux; Android 6.0.1; Nexus 5X Build/MMB29P) AppleWebKit/537.36 (KHTML, like Gecko) Chrome/137.0.7151.103 Mobile Safari/537.36 (compatible; GoogleOther)"
66.249.74.12 - - [18/Jul/2025:08:02:35 +0000] "POST /get-message-notify HTTP/1.1" 200 19578 "http://www.alalamy.com.au/items/handmade/paintings/5377890/feature/idol/alalamy.com.au/pcmypage?callback=product%2Fdetail%2F29092118" "Mozilla/5.0 (Linux; Android 6.0.1; Nexus 5X Build/MMB29P) AppleWebKit/537.36 (KHTML, like Gecko) Chrome/137.0.7151.119 Mobile Safari/537.36 (compatible; Googlebot/2.1; +http://www.google.com/bot.html)"
66.249.74.12 - - [18/Jul/2025:08:02:40 +0000] "GET /items/handmade/paintings/alalamy.com.au/oreka/alalamy.com.au/kaitori/kantan.html HTTP/1.1" 200 19558 "-" "Mozilla/5.0 (Linux; Android 6.0.1; Nexus 5X Build/MMB29P) AppleWebKit/537.36 (KHTML, like Gecko) Chrome/137.0.7151.103 Mobile Safari/537.36 (compatible; GoogleOther)"
66.249.74.12 - - [18/Jul/2025:08:02:45 +0000] "GET /items/handmade/paintings/5377890/alalamy.com.au/feature/akihabara_main/alalamy.com.au/toreka/figure_menu.html HTTP/1.1" 200 18378 "-" "Mozilla/5.0 (Linux; Android 6.0.1; Nexus 5X Build/MMB29P) AppleWebKit/537.36 (KHTML, like Gecko) Chrome/137.0.7151.103 Mobile Safari/537.36 (compatible; GoogleOther)"
66.249.74.12 - - [18/Jul/2025:08:02:48 +0000] "POST /get-message-notify HTTP/1.1" 200 19578 "http://www.alalamy.com.au/items/handmade/paintings/alalamy.com.au/oreka/alalamy.com.au/toreka/toreka_single.html" "Mozilla/5.0 (Linux; Android 6.0.1; Nexus 5X Build/MMB29P) AppleWebKit/537.36 (KHTML, like Gecko) Chrome/137.0.7151.119 Mobile Safari/537.36 (compatible; Googlebot/2.1; +http://www.google.com/bot.html)"
66.249.74.12 - - [18/Jul/2025:08:02:59 +0000] "POST /get-message-notify HTTP/1.1" 200 19578 "http://www.alalamy.com.au/items/handmade/paintings/alalamy.com.au/oreka/plamodel_menu.html/vintagegame.html" "Mozilla/5.0 (Linux; Android 6.0.1; Nexus 5X Build/MMB29P) AppleWebKit/537.36 (KHTML, like Gecko) Chrome/137.0.7151.119 Mobile Safari/537.36 (compatible; Googlebot/2.1; +http://www.google.com/bot.html)"
66.249.74.14 - - [18/Jul/2025:08:03:23 +0000] "GET /items/handmade/paintings/5377890/feature/idol/alalamy.com.au/pcmypage?callback=/product%2Fdetail%2F29092118 HTTP/1.1" 200 18382 "-" "Mozilla/5.0 (Linux; Android 6.0.1; Nexus 5X Build/MMB29P) AppleWebKit/537.36 (KHTML, like Gecko) Chrome/137.0.7151.103 Mobile Safari/537.36 (compatible; GoogleOther)"
66.249.65.174 - - [18/Jul/2025:08:03:34 +0000] "GET /items/art/dj-equipment/1909251/ HTTP/1.1" 200 18891 "-" "Mozilla/5.0 (Linux; Android 6.0.1; Nexus 5X Build/MMB29P) AppleWebKit/537.36 (KHTML, like Gecko) Chrome/137.0.7151.103 Mobile Safari/537.36 (compatible; GoogleOther)"
66.249.65.174 - - [18/Jul/2025:08:03:38 +0000] "POST /get-message-notify HTTP/1.1" 200 19553 "http://alalamy.com.au/items/art/dj-equipment/1909251/" "Mozilla/5.0 (Linux; Android 6.0.1; Nexus 5X Build/MMB29P) AppleWebKit/537.36 (KHTML, like Gecko) Chrome/137.0.7151.119 Mobile Safari/537.36 (compatible; Googlebot/2.1; +http://www.google.com/bot.html)"
66.249.74.12 - - [18/Jul/2025:08:03:40 +0000] "GET /items/art/antiques/3994491/hobby/boardgame/index.html HTTP/1.1" 200 20479 "-" "Mozilla/5.0 (Linux; Android 6.0.1; Nexus 5X Build/MMB29P) AppleWebKit/537.36 (KHTML, like Gecko) Chrome/137.0.7151.103 Mobile Safari/537.36 (compatible; GoogleOther)"
66.249.74.12 - - [18/Jul/2025:08:03:45 +0000] "GET /items/handmade/paintings/5377890/feature/idol/alalamy.com.au/search?category=&search_word=&restrict[]=person_id(int)=QGM HTTP/1.1" 200 18431 "-" "Mozilla/5.0 (Linux; Android 6.0.1; Nexus 5X Build/MMB29P) AppleWebKit/537.36 (KHTML, like Gecko) Chrome/137.0.7151.103 Mobile Safari/537.36 (compatible; GoogleOther)"
66.249.74.14 - - [18/Jul/2025:08:04:08 +0000] "POST /get-message-notify HTTP/1.1" 200 19578 "http://www.alalamy.com.au/items/handmade/paintings/5377890/feature/idol/alalamy.com.au/pcmypage?callback=/product%2Fdetail%2F29092118" "Mozilla/5.0 (Linux; Android 6.0.1; Nexus 5X Build/MMB29P) AppleWebKit/537.36 (KHTML, like Gecko) Chrome/137.0.7151.119 Mobile Safari/537.36 (compatible; Googlebot/2.1; +http://www.google.com/bot.html)"
66.249.65.174 - - [18/Jul/2025:08:04:23 +0000] "GET /items/art/musical-instruments/5047267/alalamy.com.au?_bd_prev_page=alalamy.com.au/detail.php?feature/akihabara_main/index.html HTTP/1.1" 200 20918 "-" "Mozilla/5.0 (Linux; Android 6.0.1; Nexus 5X Build/MMB29P) AppleWebKit/537.36 (KHTML, like Gecko) Chrome/137.0.7151.103 Mobile Safari/537.36 (compatible; GoogleOther)"
66.249.74.13 - - [18/Jul/2025:08:04:50 +0000] "GET /items/art/musical-instruments/1928780/alalamy.com.au/alalamy.com.au/feature/honten/index.html HTTP/1.1" 200 18599 "-" "Mozilla/5.0 (Linux; Android 6.0.1; Nexus 5X Build/MMB29P) AppleWebKit/537.36 (KHTML, like Gecko) Chrome/137.0.7151.103 Mobile Safari/537.36 (compatible; GoogleOther)"
66.249.65.160 - - [18/Jul/2025:08:05:07 +0000] "GET /items/art/musical-instruments/5047267/alalamy.com.au?_bd_prev_page=alalamy.com.au/detail.php?books.html HTTP/1.1" 200 20201 "-" "Mozilla/5.0 (Linux; Android 6.0.1; Nexus 5X Build/MMB29P) AppleWebKit/537.36 (KHTML, like Gecko) Chrome/137.0.7151.103 Mobile Safari/537.36 (compatible; GoogleOther)"
66.249.74.12 - - [18/Jul/2025:08:05:23 +0000] "POST /get-message-notify HTTP/1.1" 200 19578 "http://www.alalamy.com.au/items/art/musical-instruments/1928780/alalamy.com.au/alalamy.com.au/feature/honten/index.html" "Mozilla/5.0 (Linux; Android 6.0.1; Nexus 5X Build/MMB29P) AppleWebKit/537.36 (KHTML, like Gecko) Chrome/137.0.7151.119 Mobile Safari/537.36 (compatible; Googlebot/2.1; +http://www.google.com/bot.html)"
66.249.74.12 - - [18/Jul/2025:08:05:45 +0000] "GET /items/art/antiques/3994491/alalamy.com.au/cd.html HTTP/1.1" 200 20474 "-" "Mozilla/5.0 (Linux; Android 6.0.1; Nexus 5X Build/MMB29P) AppleWebKit/537.36 (KHTML, like Gecko) Chrome/137.0.7151.103 Mobile Safari/537.36 (compatible; GoogleOther)"
66.249.65.161 - - [18/Jul/2025:08:06:01 +0000] "GET /items/art/musical-instruments/5047267/alalamy.com.au?_bd_prev_page=alalamy.com.au/detail.php?pcmypage HTTP/1.1" 200 19112 "-" "Mozilla/5.0 (Linux; Android 6.0.1; Nexus 5X Build/MMB29P) AppleWebKit/537.36 (KHTML, like Gecko) Chrome/137.0.7151.103 Mobile Safari/537.36 (compatible; GoogleOther)"
66.249.74.12 - - [18/Jul/2025:08:06:50 +0000] "GET /items/art/antiques/3994491/alalamy.com.au/kaitori/kaitoritop.html HTTP/1.1" 200 20487 "-" "Mozilla/5.0 (Linux; Android 6.0.1; Nexus 5X Build/MMB29P) AppleWebKit/537.36 (KHTML, like Gecko) Chrome/137.0.7151.103 Mobile Safari/537.36 (compatible; GoogleOther)"
209.74.77.214 - - [18/Jul/2025:08:06:53 +0000] "POST /wp-cron.php?doing_wp_cron=1752826013.0936501026153564453125 HTTP/1.1" 200 - "-" "WordPress/6.8.2; https://alalamy.com.au"
20.171.207.85 - - [18/Jul/2025:08:06:52 +0000] "GET /items/fashion/womens/3114618/ HTTP/1.1" 404 20411 "-" "Mozilla/5.0 AppleWebKit/537.36 (KHTML, like Gecko; compatible; GPTBot/1.2; +https://openai.com/gptbot)"
66.249.65.174 - - [18/Jul/2025:08:06:54 +0000] "POST /get-message-notify HTTP/1.1" 200 19553 "http://alalamy.com.au/items/art/musical-instruments/5047267/alalamy.com.au?_bd_prev_page=alalamy.com.au/detail.php?pcmypage" "Mozilla/5.0 (Linux; Android 6.0.1; Nexus 5X Build/MMB29P) AppleWebKit/537.36 (KHTML, like Gecko) Chrome/137.0.7151.119 Mobile Safari/537.36 (compatible; Googlebot/2.1; +http://www.google.com/bot.html)"
66.249.74.14 - - [18/Jul/2025:08:07:01 +0000] "GET /items/handmade/paintings/alalamy.com.au/oreka/alalamy.com.au/toreka/figure_menu.html HTTP/1.1" 200 19779 "-" "Mozilla/5.0 (Linux; Android 6.0.1; Nexus 5X Build/MMB29P) AppleWebKit/537.36 (KHTML, like Gecko) Chrome/137.0.7151.103 Mobile Safari/537.36 (compatible; GoogleOther)"
66.249.74.12 - - [18/Jul/2025:08:07:03 +0000] "POST /get-message-notify HTTP/1.1" 200 19578 "http://www.alalamy.com.au/items/art/antiques/3994491/alalamy.com.au/kaitori/kaitoritop.html" "Mozilla/5.0 (Linux; Android 6.0.1; Nexus 5X Build/MMB29P) AppleWebKit/537.36 (KHTML, like Gecko) Chrome/137.0.7151.119 Mobile Safari/537.36 (compatible; Googlebot/2.1; +http://www.google.com/bot.html)"
66.249.74.12 - - [18/Jul/2025:08:07:12 +0000] "GET /items/handmade/paintings/5377890/alalamy.com.au/feature/akihabara_main/alalamy.com.au/pcmypage?callback=product%2Fdetail%2F67486449 HTTP/1.1" 200 18390 "-" "Mozilla/5.0 (Linux; Android 6.0.1; Nexus 5X Build/MMB29P) AppleWebKit/537.36 (KHTML, like Gecko) Chrome/137.0.7151.103 Mobile Safari/537.36 (compatible; GoogleOther)"
66.249.65.174 - - [18/Jul/2025:08:07:14 +0000] "POST /get-message-notify HTTP/1.1" 200 19553 "http://alalamy.com.au/items/art/musical-instruments/5047267/alalamy.com.au?_bd_prev_page=alalamy.com.au/detail.php?books.html" "Mozilla/5.0 (Linux; Android 6.0.1; Nexus 5X Build/MMB29P) AppleWebKit/537.36 (KHTML, like Gecko) Chrome/137.0.7151.119 Mobile Safari/537.36 (compatible; Googlebot/2.1; +http://www.google.com/bot.html)"
66.249.74.12 - - [18/Jul/2025:08:07:45 +0000] "GET /items/art/antiques/3994491/alalamy.com.au/kaitori/ansin.html HTTP/1.1" 200 20492 "-" "Mozilla/5.0 (Linux; Android 6.0.1; Nexus 5X Build/MMB29P) AppleWebKit/537.36 (KHTML, like Gecko) Chrome/137.0.7151.103 Mobile Safari/537.36 (compatible; GoogleOther)"
209.74.77.214 - - [18/Jul/2025:08:07:53 +0000] "POST /wp-cron.php?doing_wp_cron=1752826073.1600999832153320312500 HTTP/1.1" 200 - "-" "WordPress/6.8.2; https://alalamy.com.au"
20.171.207.85 - - [18/Jul/2025:08:07:52 +0000] "GET /items/cars/equipment/1822525/ HTTP/1.1" 404 20411 "-" "Mozilla/5.0 AppleWebKit/537.36 (KHTML, like Gecko; compatible; GPTBot/1.2; +https://openai.com/gptbot)"
66.249.74.13 - - [18/Jul/2025:08:08:01 +0000] "GET /items/handmade/paintings/5377890/alalamy.com.au/feature/akihabara_main/alalamy.com.au/pcmypage?callback=/product%2Fdetail%2F67486449 HTTP/1.1" 200 18392 "-" "Mozilla/5.0 (Linux; Android 6.0.1; Nexus 5X Build/MMB29P) AppleWebKit/537.36 (KHTML, like Gecko) Chrome/137.0.7151.103 Mobile Safari/537.36 (compatible; GoogleOther)"
66.249.74.12 - - [18/Jul/2025:08:08:07 +0000] "POST /get-message-notify HTTP/1.1" 200 19578 "http://www.alalamy.com.au/items/art/antiques/3994491/alalamy.com.au/kaitori/ansin.html" "Mozilla/5.0 (Linux; Android 6.0.1; Nexus 5X Build/MMB29P) AppleWebKit/537.36 (KHTML, like Gecko) Chrome/137.0.7151.119 Mobile Safari/537.36 (compatible; Googlebot/2.1; +http://www.google.com/bot.html)"
66.249.74.12 - - [18/Jul/2025:08:08:12 +0000] "GET /items/art/antiques/3994491/alalamy.com.au/toreka/toreka_single.html HTTP/1.1" 200 20491 "-" "Mozilla/5.0 (Linux; Android 6.0.1; Nexus 5X Build/MMB29P) AppleWebKit/537.36 (KHTML, like Gecko) Chrome/137.0.7151.103 Mobile Safari/537.36 (compatible; GoogleOther)"
66.249.74.12 - - [18/Jul/2025:08:08:34 +0000] "GET /items/handmade/paintings/5377890/alalamy.com.au/alalamy.com.au/pcmypage?callback=product%2Fdetail%2F47957154 HTTP/1.1" 200 18376 "-" "Mozilla/5.0 (Linux; Android 6.0.1; Nexus 5X Build/MMB29P) AppleWebKit/537.36 (KHTML, like Gecko) Chrome/137.0.7151.103 Mobile Safari/537.36 (compatible; GoogleOther)"
66.249.74.12 - - [18/Jul/2025:08:08:37 +0000] "POST /get-message-notify HTTP/1.1" 200 19578 "http://www.alalamy.com.au/items/handmade/paintings/5377890/alalamy.com.au/alalamy.com.au/pcmypage?callback=product%2Fdetail%2F47957154" "Mozilla/5.0 (Linux; Android 6.0.1; Nexus 5X Build/MMB29P) AppleWebKit/537.36 (KHTML, like Gecko) Chrome/137.0.7151.119 Mobile Safari/537.36 (compatible; Googlebot/2.1; +http://www.google.com/bot.html)"
66.249.74.12 - - [18/Jul/2025:08:08:39 +0000] "GET /items/handmade/paintings/5377890/feature/idol/alalamy.com.au/toreka/goods_menu.html HTTP/1.1" 200 18376 "-" "Mozilla/5.0 (Linux; Android 6.0.1; Nexus 5X Build/MMB29P) AppleWebKit/537.36 (KHTML, like Gecko) Chrome/137.0.7151.103 Mobile Safari/537.36 (compatible; GoogleOther)"
66.249.74.12 - - [18/Jul/2025:08:08:47 +0000] "POST /get-message-notify HTTP/1.1" 200 19578 "http://www.alalamy.com.au/items/handmade/paintings/5377890/feature/idol/alalamy.com.au/toreka/goods_menu.html" "Mozilla/5.0 (Linux; Android 6.0.1; Nexus 5X Build/MMB29P) AppleWebKit/537.36 (KHTML, like Gecko) Chrome/137.0.7151.119 Mobile Safari/537.36 (compatible; Googlebot/2.1; +http://www.google.com/bot.html)"
66.249.74.12 - - [18/Jul/2025:08:08:55 +0000] "POST /get-message-notify HTTP/1.1" 200 19578 "http://www.alalamy.com.au/items/handmade/paintings/alalamy.com.au/oreka/alalamy.com.au/kaitori/kaitoritop.html" "Mozilla/5.0 (Linux; Android 6.0.1; Nexus 5X Build/MMB29P) AppleWebKit/537.36 (KHTML, like Gecko) Chrome/137.0.7151.119 Mobile Safari/537.36 (compatible; Googlebot/2.1; +http://www.google.com/bot.html)"
66.249.74.13 - - [18/Jul/2025:08:09:12 +0000] "GET /items/handmade/paintings/5377890/alalamy.com.au/pcmypage?callback=product/detail/27435292/feature/idol/gradol.html HTTP/1.1" 200 18387 "-" "Mozilla/5.0 (Linux; Android 6.0.1; Nexus 5X Build/MMB29P) AppleWebKit/537.36 (KHTML, like Gecko) Chrome/137.0.7151.103 Mobile Safari/537.36 (compatible; GoogleOther)"
66.249.74.13 - - [18/Jul/2025:08:09:17 +0000] "POST /get-message-notify HTTP/1.1" 200 19578 "http://www.alalamy.com.au/items/art/antiques/3994491/alalamy.com.au/toreka/toreka_single.html" "Mozilla/5.0 (Linux; Android 6.0.1; Nexus 5X Build/MMB29P) AppleWebKit/537.36 (KHTML, like Gecko) Chrome/137.0.7151.119 Mobile Safari/537.36 (compatible; Googlebot/2.1; +http://www.google.com/bot.html)"
66.249.65.174 - - [18/Jul/2025:08:09:17 +0000] "GET /items/art/musical-instruments/5047267/alalamy.com.au?_bd_prev_page=alalamy.com.au/detail.php?recruit HTTP/1.1" 200 20343 "-" "Mozilla/5.0 (Linux; Android 6.0.1; Nexus 5X Build/MMB29P) AppleWebKit/537.36 (KHTML, like Gecko) Chrome/137.0.7151.103 Mobile Safari/537.36 (compatible; GoogleOther)"
66.249.74.13 - - [18/Jul/2025:08:09:21 +0000] "POST /get-message-notify HTTP/1.1" 200 19578 "http://www.alalamy.com.au/items/handmade/paintings/5377890/alalamy.com.au/pcmypage?callback=product/detail/27435292/feature/idol/gradol.html" "Mozilla/5.0 (Linux; Android 6.0.1; Nexus 5X Build/MMB29P) AppleWebKit/537.36 (KHTML, like Gecko) Chrome/137.0.7151.119 Mobile Safari/537.36 (compatible; Googlebot/2.1; +http://www.google.com/bot.html)"
66.249.74.12 - - [18/Jul/2025:08:09:28 +0000] "GET /items/art/antiques/3994491/alalamy.com.au/kaitori/kantan.html HTTP/1.1" 200 20491 "-" "Mozilla/5.0 (Linux; Android 6.0.1; Nexus 5X Build/MMB29P) AppleWebKit/537.36 (KHTML, like Gecko) Chrome/137.0.7151.103 Mobile Safari/537.36 (compatible; GoogleOther)"
66.249.74.12 - - [18/Jul/2025:08:09:45 +0000] "GET /items/handmade/paintings/5377890/alalamy.com.au/alalamy.com.au/pcmypage?callback=/product%2Fdetail%2F47957154 HTTP/1.1" 200 18378 "-" "Mozilla/5.0 (Linux; Android 6.0.1; Nexus 5X Build/MMB29P) AppleWebKit/537.36 (KHTML, like Gecko) Chrome/137.0.7151.103 Mobile Safari/537.36 (compatible; GoogleOther)"
66.249.74.12 - - [18/Jul/2025:08:09:50 +0000] "GET /items/handmade/paintings/5377890/alalamy.com.au/feature/akihabara_main/alalamy.com.au/search?category=&search_word=&restrict[]=person_id(int)=QGM HTTP/1.1" 200 18444 "-" "Mozilla/5.0 (Linux; Android 6.0.1; Nexus 5X Build/MMB29P) AppleWebKit/537.36 (KHTML, like Gecko) Chrome/137.0.7151.103 Mobile Safari/537.36 (compatible; GoogleOther)"
66.249.74.12 - - [18/Jul/2025:08:10:00 +0000] "POST /get-message-notify HTTP/1.1" 200 19578 "http://www.alalamy.com.au/items/handmade/paintings/5377890/alalamy.com.au/alalamy.com.au/pcmypage?callback=/product%2Fdetail%2F47957154" "Mozilla/5.0 (Linux; Android 6.0.1; Nexus 5X Build/MMB29P) AppleWebKit/537.36 (KHTML, like Gecko) Chrome/137.0.7151.119 Mobile Safari/537.36 (compatible; Googlebot/2.1; +http://www.google.com/bot.html)"
66.249.65.174 - - [18/Jul/2025:08:10:01 +0000] "GET /items/art/musical-instruments/5047267/alalamy.com.au?_bd_prev_page=alalamy.com.au/detail.php?product_archives HTTP/1.1" 200 19434 "-" "Mozilla/5.0 (Linux; Android 6.0.1; Nexus 5X Build/MMB29P) AppleWebKit/537.36 (KHTML, like Gecko) Chrome/137.0.7151.103 Mobile Safari/537.36 (compatible; GoogleOther)"
66.249.65.160 - - [18/Jul/2025:08:10:04 +0000] "POST /get-message-notify HTTP/1.1" 200 19553 "http://alalamy.com.au/items/art/musical-instruments/5047267/alalamy.com.au?_bd_prev_page=alalamy.com.au/detail.php?product_archives" "Mozilla/5.0 (Linux; Android 6.0.1; Nexus 5X Build/MMB29P) AppleWebKit/537.36 (KHTML, like Gecko) Chrome/137.0.7151.119 Mobile Safari/537.36 (compatible; Googlebot/2.1; +http://www.google.com/bot.html)"
66.249.74.12 - - [18/Jul/2025:08:10:09 +0000] "POST /get-message-notify HTTP/1.1" 200 19578 "http://www.alalamy.com.au/items/handmade/paintings/5377890/alalamy.com.au/feature/akihabara_main/alalamy.com.au/search?category=&search_word=&restrict[]=person_id(int)=QGM" "Mozilla/5.0 (Linux; Android 6.0.1; Nexus 5X Build/MMB29P) AppleWebKit/537.36 (KHTML, like Gecko) Chrome/137.0.7151.119 Mobile Safari/537.36 (compatible; Googlebot/2.1; +http://www.google.com/bot.html)"
66.249.74.12 - - [18/Jul/2025:08:10:50 +0000] "GET /items/handmade/paintings/alalamy.com.au/oreka/alalamy.com.au/pcmypage?callback=product%2Fdetail%2F89471156 HTTP/1.1" 200 19393 "-" "Mozilla/5.0 (Linux; Android 6.0.1; Nexus 5X Build/MMB29P) AppleWebKit/537.36 (KHTML, like Gecko) Chrome/137.0.7151.103 Mobile Safari/537.36 (compatible; GoogleOther)"
209.74.77.214 - - [18/Jul/2025:08:11:00 +0000] "POST /wp-cron.php?doing_wp_cron=1752826260.4543669223785400390625 HTTP/1.1" 200 - "-" "WordPress/6.8.2; https://alalamy.com.au"
20.171.207.85 - - [18/Jul/2025:08:11:00 +0000] "GET /items/fashion/womens/5475219/ HTTP/1.1" 404 20411 "-" "Mozilla/5.0 AppleWebKit/537.36 (KHTML, like Gecko; compatible; GPTBot/1.2; +https://openai.com/gptbot)"
66.249.74.14 - - [18/Jul/2025:08:11:39 +0000] "GET /items/handmade/paintings/5377890/alalamy.com.au/feature/akihabara_main/alalamy.com.au/toreka/goods_menu.html HTTP/1.1" 200 18381 "-" "Mozilla/5.0 (Linux; Android 6.0.1; Nexus 5X Build/MMB29P) AppleWebKit/537.36 (KHTML, like Gecko) Chrome/137.0.7151.103 Mobile Safari/537.36 (compatible; GoogleOther)"
209.74.77.214 - - [18/Jul/2025:08:12:01 +0000] "POST /wp-cron.php?doing_wp_cron=1752826321.9223539829254150390625 HTTP/1.1" 200 - "-" "WordPress/6.8.2; https://alalamy.com.au"
20.171.207.85 - - [18/Jul/2025:08:12:01 +0000] "GET /items/sports/futsal/5138038/ HTTP/1.1" 404 20411 "-" "Mozilla/5.0 AppleWebKit/537.36 (KHTML, like Gecko; compatible; GPTBot/1.2; +https://openai.com/gptbot)"
66.249.74.13 - - [18/Jul/2025:08:12:23 +0000] "GET /items/handmade/paintings/alalamy.com.au/oreka/alalamy.com.au/pcmypage?callback=/product%2Fdetail%2F89471156 HTTP/1.1" 200 19395 "-" "Mozilla/5.0 (Linux; Android 6.0.1; Nexus 5X Build/MMB29P) AppleWebKit/537.36 (KHTML, like Gecko) Chrome/137.0.7151.103 Mobile Safari/537.36 (compatible; GoogleOther)"
66.249.74.13 - - [18/Jul/2025:08:12:28 +0000] "GET /items/art/musical-instruments/1928780/alalamy.com.au/alalamy.com.au/pcmypage HTTP/1.1" 200 18595 "-" "Mozilla/5.0 (Linux; Android 6.0.1; Nexus 5X Build/MMB29P) AppleWebKit/537.36 (KHTML, like Gecko) Chrome/137.0.7151.103 Mobile Safari/537.36 (compatible; GoogleOther)"
66.249.74.12 - - [18/Jul/2025:08:12:36 +0000] "POST /get-message-notify HTTP/1.1" 200 19578 "http://www.alalamy.com.au/items/handmade/paintings/alalamy.com.au/oreka/alalamy.com.au/pcmypage?callback=/product%2Fdetail%2F89471156" "Mozilla/5.0 (Linux; Android 6.0.1; Nexus 5X Build/MMB29P) AppleWebKit/537.36 (KHTML, like Gecko) Chrome/137.0.7151.119 Mobile Safari/537.36 (compatible; Googlebot/2.1; +http://www.google.com/bot.html)"
66.249.74.12 - - [18/Jul/2025:08:12:39 +0000] "GET /items/art/antiques/3994491/alalamy.com.au/pcmypage?callback=product%2Fdetail%2F30395850 HTTP/1.1" 200 20510 "-" "Mozilla/5.0 (Linux; Android 6.0.1; Nexus 5X Build/MMB29P) AppleWebKit/537.36 (KHTML, like Gecko) Chrome/137.0.7151.103 Mobile Safari/537.36 (compatible; GoogleOther)"
66.249.74.12 - - [18/Jul/2025:08:12:49 +0000] "POST /get-message-notify HTTP/1.1" 200 19578 "http://www.alalamy.com.au/items/art/musical-instruments/1928780/alalamy.com.au/alalamy.com.au/pcmypage" "Mozilla/5.0 (Linux; Android 6.0.1; Nexus 5X Build/MMB29P) AppleWebKit/537.36 (KHTML, like Gecko) Chrome/137.0.7151.119 Mobile Safari/537.36 (compatible; Googlebot/2.1; +http://www.google.com/bot.html)"
209.74.77.214 - - [18/Jul/2025:08:13:07 +0000] "POST /wp-cron.php?doing_wp_cron=1752826387.4303491115570068359375 HTTP/1.1" 200 - "-" "WordPress/6.8.2; https://alalamy.com.au"
20.171.207.85 - - [18/Jul/2025:08:13:07 +0000] "GET /items/fashion/womens/5049547/ HTTP/1.1" 404 20411 "-" "Mozilla/5.0 AppleWebKit/537.36 (KHTML, like Gecko; compatible; GPTBot/1.2; +https://openai.com/gptbot)"
66.249.74.13 - - [18/Jul/2025:08:13:14 +0000] "POST /get-message-notify HTTP/1.1" 200 19578 "http://www.alalamy.com.au/items/art/antiques/3994491/alalamy.com.au/pcmypage?callback=product%2Fdetail%2F30395850" "Mozilla/5.0 (Linux; Android 6.0.1; Nexus 5X Build/MMB29P) AppleWebKit/537.36 (KHTML, like Gecko) Chrome/137.0.7151.119 Mobile Safari/537.36 (compatible; Googlebot/2.1; +http://www.google.com/bot.html)"
66.249.74.13 - - [18/Jul/2025:08:13:39 +0000] "GET /items/art/fortune-telling/2655639/ HTTP/1.1" 200 19309 "-" "Mozilla/5.0 (Linux; Android 6.0.1; Nexus 5X Build/MMB29P) AppleWebKit/537.36 (KHTML, like Gecko) Chrome/137.0.7151.103 Mobile Safari/537.36 (compatible; GoogleOther)"
66.249.74.12 - - [18/Jul/2025:08:13:42 +0000] "POST /get-message-notify HTTP/1.1" 200 19578 "http://www.alalamy.com.au/items/art/fortune-telling/2655639/" "Mozilla/5.0 (Linux; Android 6.0.1; Nexus 5X Build/MMB29P) AppleWebKit/537.36 (KHTML, like Gecko) Chrome/137.0.7151.119 Mobile Safari/537.36 (compatible; Googlebot/2.1; +http://www.google.com/bot.html)"
66.249.74.12 - - [18/Jul/2025:08:13:44 +0000] "GET /items/art/models/3062285/alalamy.com.au/product/edit/alalamy.com.au/affiliate HTTP/1.1" 200 19175 "-" "Mozilla/5.0 (Linux; Android 6.0.1; Nexus 5X Build/MMB29P) AppleWebKit/537.36 (KHTML, like Gecko) Chrome/137.0.7151.103 Mobile Safari/537.36 (compatible; GoogleOther)"
66.249.74.12 - - [18/Jul/2025:08:13:55 +0000] "GET /items/art/models/3062285/alalamy.com.au/product/edit/53354751/feature/idol/gradol.html HTTP/1.1" 200 19195 "-" "Mozilla/5.0 (Linux; Android 6.0.1; Nexus 5X Build/MMB29P) AppleWebKit/537.36 (KHTML, like Gecko) Chrome/137.0.7151.103 Mobile Safari/537.36 (compatible; GoogleOther)"
66.249.74.14 - - [18/Jul/2025:08:14:01 +0000] "GET /items/handmade/paintings/alalamy.com.au/oreka/alalamy.com.au/search?category=&search_word=&restrict[]=person_id(int)=QGM HTTP/1.1" 200 19343 "-" "Mozilla/5.0 (Linux; Android 6.0.1; Nexus 5X Build/MMB29P) AppleWebKit/537.36 (KHTML, like Gecko) Chrome/137.0.7151.103 Mobile Safari/537.36 (compatible; GoogleOther)"
66.249.74.14 - - [18/Jul/2025:08:14:04 +0000] "POST /get-message-notify HTTP/1.1" 200 19578 "http://www.alalamy.com.au/items/art/models/3062285/alalamy.com.au/product/edit/53354751/feature/idol/gradol.html" "Mozilla/5.0 (Linux; Android 6.0.1; Nexus 5X Build/MMB29P) AppleWebKit/537.36 (KHTML, like Gecko) Chrome/137.0.7151.119 Mobile Safari/537.36 (compatible; Googlebot/2.1; +http://www.google.com/bot.html)"
20.171.207.85 - - [18/Jul/2025:08:14:11 +0000] "GET /items/fashion/skirts/2078103/ HTTP/1.1" 404 20411 "-" "Mozilla/5.0 AppleWebKit/537.36 (KHTML, like Gecko; compatible; GPTBot/1.2; +https://openai.com/gptbot)"
66.249.74.12 - - [18/Jul/2025:08:14:28 +0000] "GET /items/art/models/3062285/alalamy.com.au/product/edit/alalamy.com.au/feature/index.html HTTP/1.1" 200 19174 "-" "Mozilla/5.0 (Linux; Android 6.0.1; Nexus 5X Build/MMB29P) AppleWebKit/537.36 (KHTML, like Gecko) Chrome/137.0.7151.103 Mobile Safari/537.36 (compatible; GoogleOther)"
66.249.74.12 - - [18/Jul/2025:08:14:33 +0000] "POST /get-message-notify HTTP/1.1" 200 19578 "http://www.alalamy.com.au/items/handmade/paintings/alalamy.com.au/oreka/alalamy.com.au/search?category=&search_word=&restrict[]=person_id(int)=QGM" "Mozilla/5.0 (Linux; Android 6.0.1; Nexus 5X Build/MMB29P) AppleWebKit/537.36 (KHTML, like Gecko) Chrome/137.0.7151.119 Mobile Safari/537.36 (compatible; Googlebot/2.1; +http://www.google.com/bot.html)"
66.249.74.12 - - [18/Jul/2025:08:14:44 +0000] "GET /items/art/models/3062285/alalamy.com.au/product/edit/alalamy.com.au/feature/shoplist-friendly/index.html HTTP/1.1" 200 19194 "-" "Mozilla/5.0 (Linux; Android 6.0.1; Nexus 5X Build/MMB29P) AppleWebKit/537.36 (KHTML, like Gecko) Chrome/137.0.7151.103 Mobile Safari/537.36 (compatible; GoogleOther)"
66.249.74.12 - - [18/Jul/2025:08:14:50 +0000] "GET /items/handmade/paintings/alalamy.com.au/oreka/plamodel_menu.html/hobby/boardgame/index.html HTTP/1.1" 200 20446 "-" "Mozilla/5.0 (Linux; Android 6.0.1; Nexus 5X Build/MMB29P) AppleWebKit/537.36 (KHTML, like Gecko) Chrome/137.0.7151.103 Mobile Safari/537.36 (compatible; GoogleOther)"
66.249.65.174 - - [18/Jul/2025:08:15:06 +0000] "GET /items/art/musical-instruments/5047267/alalamy.com.au?_bd_prev_page=alalamy.com.au/detail.php?feature/shoplist-friendly/index.html HTTP/1.1" 200 19470 "-" "Mozilla/5.0 (Linux; Android 6.0.1; Nexus 5X Build/MMB29P) AppleWebKit/537.36 (KHTML, like Gecko) Chrome/137.0.7151.103 Mobile Safari/537.36 (compatible; GoogleOther)"
66.249.65.174 - - [18/Jul/2025:08:15:08 +0000] "POST /get-message-notify HTTP/1.1" 200 19553 "http://alalamy.com.au/items/art/musical-instruments/5047267/alalamy.com.au?_bd_prev_page=alalamy.com.au/detail.php?feature/shoplist-friendly/index.html" "Mozilla/5.0 (Linux; Android 6.0.1; Nexus 5X Build/MMB29P) AppleWebKit/537.36 (KHTML, like Gecko) Chrome/137.0.7151.119 Mobile Safari/537.36 (compatible; Googlebot/2.1; +http://www.google.com/bot.html)"
66.249.74.13 - - [18/Jul/2025:08:15:14 +0000] "POST /get-message-notify HTTP/1.1" 200 19578 "http://www.alalamy.com.au/items/art/models/3062285/alalamy.com.au/product/edit/alalamy.com.au/feature/shoplist-friendly/index.html" "Mozilla/5.0 (Linux; Android 6.0.1; Nexus 5X Build/MMB29P) AppleWebKit/537.36 (KHTML, like Gecko) Chrome/137.0.7151.119 Mobile Safari/537.36 (compatible; Googlebot/2.1; +http://www.google.com/bot.html)"
20.171.207.85 - - [18/Jul/2025:08:15:14 +0000] "GET /items/alcohol/sweets/5497966/ HTTP/1.1" 404 20411 "-" "Mozilla/5.0 AppleWebKit/537.36 (KHTML, like Gecko; compatible; GPTBot/1.2; +https://openai.com/gptbot)"
66.249.74.12 - - [18/Jul/2025:08:15:17 +0000] "GET /items/art/models/3062285/alalamy.com.au/product/edit/alalamy.com.au/feature/honten/index.html HTTP/1.1" 200 19176 "-" "Mozilla/5.0 (Linux; Android 6.0.1; Nexus 5X Build/MMB29P) AppleWebKit/537.36 (KHTML, like Gecko) Chrome/137.0.7151.103 Mobile Safari/537.36 (compatible; GoogleOther)"
66.249.65.174 - - [18/Jul/2025:08:15:22 +0000] "GET /items/art/musical-instruments/5047267/alalamy.com.au?_bd_prev_page=alalamy.com.au/detail.php?feature/index.html HTTP/1.1" 200 20148 "-" "Mozilla/5.0 (Linux; Android 6.0.1; Nexus 5X Build/MMB29P) AppleWebKit/537.36 (KHTML, like Gecko) Chrome/137.0.7151.103 Mobile Safari/537.36 (compatible; GoogleOther)"
66.249.74.13 - - [18/Jul/2025:08:15:33 +0000] "GET /items/art/antiques/3994491/alalamy.com.au/oreka/plamodel_menu.html HTTP/1.1" 200 20497 "-" "Mozilla/5.0 (Linux; Android 6.0.1; Nexus 5X Build/MMB29P) AppleWebKit/537.36 (KHTML, like Gecko) Chrome/137.0.7151.103 Mobile Safari/537.36 (compatible; GoogleOther)"
66.249.74.12 - - [18/Jul/2025:08:15:39 +0000] "POST /get-message-notify HTTP/1.1" 200 19578 "http://www.alalamy.com.au/items/art/antiques/3994491/alalamy.com.au/oreka/plamodel_menu.html" "Mozilla/5.0 (Linux; Android 6.0.1; Nexus 5X Build/MMB29P) AppleWebKit/537.36 (KHTML, like Gecko) Chrome/137.0.7151.119 Mobile Safari/537.36 (compatible; Googlebot/2.1; +http://www.google.com/bot.html)"
66.249.74.12 - - [18/Jul/2025:08:15:40 +0000] "POST /get-message-notify HTTP/1.1" 200 19578 "http://www.alalamy.com.au/items/handmade/paintings/alalamy.com.au/oreka/plamodel_menu.html/hobby/boardgame/index.html" "Mozilla/5.0 (Linux; Android 6.0.1; Nexus 5X Build/MMB29P) AppleWebKit/537.36 (KHTML, like Gecko) Chrome/137.0.7151.119 Mobile Safari/537.36 (compatible; Googlebot/2.1; +http://www.google.com/bot.html)"
66.249.74.13 - - [18/Jul/2025:08:16:17 +0000] "GET /items/art/antiques/3994491/alalamy.com.au/pcmypage?callback=/product%2Fdetail%2F30395850 HTTP/1.1" 200 20513 "-" "Mozilla/5.0 (Linux; Android 6.0.1; Nexus 5X Build/MMB29P) AppleWebKit/537.36 (KHTML, like Gecko) Chrome/137.0.7151.103 Mobile Safari/537.36 (compatible; GoogleOther)"
66.249.65.174 - - [18/Jul/2025:08:16:22 +0000] "GET /items/art/musical-instruments/5047267/alalamy.com.au?_bd_prev_page=alalamy.com.au/detail.php?feature/eposcard/index.html HTTP/1.1" 200 20624 "-" "Mozilla/5.0 (Linux; Android 6.0.1; Nexus 5X Build/MMB29P) AppleWebKit/537.36 (KHTML, like Gecko) Chrome/137.0.7151.103 Mobile Safari/537.36 (compatible; GoogleOther)"
66.249.74.12 - - [18/Jul/2025:08:16:28 +0000] "GET /items/art/models/3062285/alalamy.com.au/product/edit/alalamy.com.au/feature/eposcard/index.html HTTP/1.1" 200 19177 "-" "Mozilla/5.0 (Linux; Android 6.0.1; Nexus 5X Build/MMB29P) AppleWebKit/537.36 (KHTML, like Gecko) Chrome/137.0.7151.103 Mobile Safari/537.36 (compatible; GoogleOther)"
66.249.74.12 - - [18/Jul/2025:08:16:31 +0000] "POST /get-message-notify HTTP/1.1" 200 19578 "http://www.alalamy.com.au/items/art/models/3062285/alalamy.com.au/product/edit/alalamy.com.au/feature/eposcard/index.html" "Mozilla/5.0 (Linux; Android 6.0.1; Nexus 5X Build/MMB29P) AppleWebKit/537.36 (KHTML, like Gecko) Chrome/137.0.7151.119 Mobile Safari/537.36 (compatible; Googlebot/2.1; +http://www.google.com/bot.html)"
66.249.74.12 - - [18/Jul/2025:08:16:33 +0000] "GET /items/art/models/3062285/alalamy.com.au/product/edit/alalamy.com.au HTTP/1.1" 200 19167 "-" "Mozilla/5.0 (Linux; Android 6.0.1; Nexus 5X Build/MMB29P) AppleWebKit/537.36 (KHTML, like Gecko) Chrome/137.0.7151.103 Mobile Safari/537.36 (compatible; GoogleOther)"
66.249.74.12 - - [18/Jul/2025:08:16:40 +0000] "POST /get-message-notify HTTP/1.1" 200 19578 "http://www.alalamy.com.au/items/art/models/3062285/alalamy.com.au/product/edit/alalamy.com.au" "Mozilla/5.0 (Linux; Android 6.0.1; Nexus 5X Build/MMB29P) AppleWebKit/537.36 (KHTML, like Gecko) Chrome/137.0.7151.119 Mobile Safari/537.36 (compatible; Googlebot/2.1; +http://www.google.com/bot.html)"
66.249.74.12 - - [18/Jul/2025:08:16:44 +0000] "GET /items/handmade/paintings/5377890/feature/idol/alalamy.com.au/toreka/toreka_menu.html HTTP/1.1" 200 18375 "-" "Mozilla/5.0 (Linux; Android 6.0.1; Nexus 5X Build/MMB29P) AppleWebKit/537.36 (KHTML, like Gecko) Chrome/137.0.7151.103 Mobile Safari/537.36 (compatible; GoogleOther)"
66.249.74.12 - - [18/Jul/2025:08:16:47 +0000] "POST /get-message-notify HTTP/1.1" 200 19578 "http://www.alalamy.com.au/items/handmade/paintings/5377890/feature/idol/alalamy.com.au/toreka/toreka_menu.html" "Mozilla/5.0 (Linux; Android 6.0.1; Nexus 5X Build/MMB29P) AppleWebKit/537.36 (KHTML, like Gecko) Chrome/137.0.7151.119 Mobile Safari/537.36 (compatible; Googlebot/2.1; +http://www.google.com/bot.html)"
66.249.74.12 - - [18/Jul/2025:08:16:57 +0000] "POST /get-message-notify HTTP/1.1" 200 19578 "http://www.alalamy.com.au/items/art/antiques/3994491/alalamy.com.au/pcmypage?callback=/product%2Fdetail%2F30395850" "Mozilla/5.0 (Linux; Android 6.0.1; Nexus 5X Build/MMB29P) AppleWebKit/537.36 (KHTML, like Gecko) Chrome/137.0.7151.119 Mobile Safari/537.36 (compatible; Googlebot/2.1; +http://www.google.com/bot.html)"
66.249.65.174 - - [18/Jul/2025:08:17:17 +0000] "GET /items/art/musical-instruments/5047267/alalamy.com.au?_bd_prev_page=alalamy.com.au/detail.php?vintagegame.html HTTP/1.1" 200 19339 "-" "Mozilla/5.0 (Linux; Android 6.0.1; Nexus 5X Build/MMB29P) AppleWebKit/537.36 (KHTML, like Gecko) Chrome/137.0.7151.103 Mobile Safari/537.36 (compatible; GoogleOther)"
66.249.65.174 - - [18/Jul/2025:08:17:23 +0000] "POST /get-message-notify HTTP/1.1" 200 19553 "http://alalamy.com.au/items/art/musical-instruments/5047267/alalamy.com.au?_bd_prev_page=alalamy.com.au/detail.php?vintagegame.html" "Mozilla/5.0 (Linux; Android 6.0.1; Nexus 5X Build/MMB29P) AppleWebKit/537.36 (KHTML, like Gecko) Chrome/137.0.7151.119 Mobile Safari/537.36 (compatible; Googlebot/2.1; +http://www.google.com/bot.html)"
66.249.74.13 - - [18/Jul/2025:08:17:28 +0000] "GET /items/art/models/3062285/alalamy.com.au/product/edit/alalamy.com.au/avsoft.html HTTP/1.1" 200 19174 "-" "Mozilla/5.0 (Linux; Android 6.0.1; Nexus 5X Build/MMB29P) AppleWebKit/537.36 (KHTML, like Gecko) Chrome/137.0.7151.103 Mobile Safari/537.36 (compatible; GoogleOther)"
66.249.74.12 - - [18/Jul/2025:08:17:38 +0000] "GET /items/art/musical-instruments/5305440/ HTTP/1.1" 200 19084 "-" "Mozilla/5.0 (Linux; Android 6.0.1; Nexus 5X Build/MMB29P) AppleWebKit/537.36 (KHTML, like Gecko) Chrome/137.0.7151.103 Mobile Safari/537.36 (compatible; GoogleOther)"
66.249.74.12 - - [18/Jul/2025:08:17:44 +0000] "GET /items/handmade/paintings/5377890/alalamy.com.au/pcmypage?callback=product/detail/27435292 HTTP/1.1" 200 18369 "-" "Mozilla/5.0 (Linux; Android 6.0.1; Nexus 5X Build/MMB29P) AppleWebKit/537.36 (KHTML, like Gecko) Chrome/137.0.7151.103 Mobile Safari/537.36 (compatible; GoogleOther)"
66.249.74.12 - - [18/Jul/2025:08:17:54 +0000] "POST /get-message-notify HTTP/1.1" 200 19578 "http://www.alalamy.com.au/items/handmade/paintings/5377890/alalamy.com.au/pcmypage?callback=product/detail/27435292" "Mozilla/5.0 (Linux; Android 6.0.1; Nexus 5X Build/MMB29P) AppleWebKit/537.36 (KHTML, like Gecko) Chrome/137.0.7151.119 Mobile Safari/537.36 (compatible; Googlebot/2.1; +http://www.google.com/bot.html)"
66.249.74.14 - - [18/Jul/2025:08:18:11 +0000] "GET /items/handmade/paintings/5377890/alalamy.com.au/feature/akihabara_main/alalamy.com.au/toreka/toreka_menu.html HTTP/1.1" 200 18380 "-" "Mozilla/5.0 (Linux; Android 6.0.1; Nexus 5X Build/MMB29P) AppleWebKit/537.36 (KHTML, like Gecko) Chrome/137.0.7151.103 Mobile Safari/537.36 (compatible; GoogleOther)"
20.171.207.85 - - [18/Jul/2025:08:18:18 +0000] "GET /items/diet/minerals/2705191/ HTTP/1.1" 404 20411 "-" "Mozilla/5.0 AppleWebKit/537.36 (KHTML, like Gecko; compatible; GPTBot/1.2; +https://openai.com/gptbot)"
66.249.74.13 - - [18/Jul/2025:08:18:22 +0000] "GET /items/art/dj-equipment/5417174/ HTTP/1.1" 200 20154 "-" "Mozilla/5.0 (Linux; Android 6.0.1; Nexus 5X Build/MMB29P) AppleWebKit/537.36 (KHTML, like Gecko) Chrome/137.0.7151.103 Mobile Safari/537.36 (compatible; GoogleOther)"
