34.72.176.129 - - [18/Jul/2025:00:23:14 +0000] "GET /wp-content/plugins/cleaning_services-core/elementor-addons/assets/js/addons-script.js?ver=6.8.2 HTTP/1.1" 200 2159 "https://ap.cleaning/" "Mozilla/5.0 (X11; Linux x86_64) AppleWebKit/537.36 (KHTML, like Gecko) HeadlessChrome/117.0.5938.132 Safari/537.36"
34.72.176.129 - - [18/Jul/2025:00:23:14 +0000] "GET /wp-includes/js/dist/hooks.min.js?ver=4d63a3d491d11ffd8ac6 HTTP/1.1" 200 1648 "https://ap.cleaning/" "Mozilla/5.0 (X11; Linux x86_64) AppleWebKit/537.36 (KHTML, like Gecko) HeadlessChrome/117.0.5938.132 Safari/537.36"
34.72.176.129 - - [18/Jul/2025:00:23:14 +0000] "GET /wp-includes/js/dist/i18n.min.js?ver=5e580eb46a90c2b997e6 HTTP/1.1" 200 3667 "https://ap.cleaning/" "Mozilla/5.0 (X11; Linux x86_64) AppleWebKit/537.36 (KHTML, like Gecko) HeadlessChrome/117.0.5938.132 Safari/537.36"
34.72.176.129 - - [18/Jul/2025:00:23:14 +0000] "GET /wp-content/plugins/contact-form-7/includes/swv/js/index.js?ver=6.1 HTTP/1.1" 200 3503 "https://ap.cleaning/" "Mozilla/5.0 (X11; Linux x86_64) AppleWebKit/537.36 (KHTML, like Gecko) HeadlessChrome/117.0.5938.132 Safari/537.36"
34.72.176.129 - - [18/Jul/2025:00:23:14 +0000] "GET /wp-content/plugins/contact-form-7/includes/js/index.js?ver=6.1 HTTP/1.1" 200 4265 "https://ap.cleaning/" "Mozilla/5.0 (X11; Linux x86_64) AppleWebKit/537.36 (KHTML, like Gecko) HeadlessChrome/117.0.5938.132 Safari/537.36"
34.72.176.129 - - [18/Jul/2025:00:23:14 +0000] "GET /wp-content/plugins/woocommerce/assets/js/sourcebuster/sourcebuster.min.js?ver=10.0.2 HTTP/1.1" 200 4807 "https://ap.cleaning/" "Mozilla/5.0 (X11; Linux x86_64) AppleWebKit/537.36 (KHTML, like Gecko) HeadlessChrome/117.0.5938.132 Safari/537.36"
34.72.176.129 - - [18/Jul/2025:00:23:14 +0000] "GET /wp-content/plugins/woocommerce/assets/js/frontend/order-attribution.min.js?ver=10.0.2 HTTP/1.1" 200 1128 "https://ap.cleaning/" "Mozilla/5.0 (X11; Linux x86_64) AppleWebKit/537.36 (KHTML, like Gecko) HeadlessChrome/117.0.5938.132 Safari/537.36"
34.72.176.129 - - [18/Jul/2025:00:23:14 +0000] "GET /wp-content/plugins/elementor/assets/js/webpack.runtime.min.js?ver=3.30.2 HTTP/1.1" 200 2516 "https://ap.cleaning/" "Mozilla/5.0 (X11; Linux x86_64) AppleWebKit/537.36 (KHTML, like Gecko) HeadlessChrome/117.0.5938.132 Safari/537.36"
34.72.176.129 - - [18/Jul/2025:00:23:14 +0000] "GET /wp-content/plugins/elementor/assets/js/frontend-modules.min.js?ver=3.30.2 HTTP/1.1" 200 14815 "https://ap.cleaning/" "Mozilla/5.0 (X11; Linux x86_64) AppleWebKit/537.36 (KHTML, like Gecko) HeadlessChrome/117.0.5938.132 Safari/537.36"
34.72.176.129 - - [18/Jul/2025:00:23:14 +0000] "GET /wp-includes/js/jquery/ui/core.min.js?ver=1.13.3 HTTP/1.1" 200 7106 "https://ap.cleaning/" "Mozilla/5.0 (X11; Linux x86_64) AppleWebKit/537.36 (KHTML, like Gecko) HeadlessChrome/117.0.5938.132 Safari/537.36"
34.72.176.129 - - [18/Jul/2025:00:23:14 +0000] "GET /wp-content/plugins/elementor/assets/js/frontend.min.js?ver=3.30.2 HTTP/1.1" 200 10595 "https://ap.cleaning/" "Mozilla/5.0 (X11; Linux x86_64) AppleWebKit/537.36 (KHTML, like Gecko) HeadlessChrome/117.0.5938.132 Safari/537.36"
34.72.176.129 - - [18/Jul/2025:00:23:14 +0000] "GET /wp-content/themes/cleaning-services/js/vendor/bootstrap.min.js?ver=6.8.2 HTTP/1.1" 200 9833 "https://ap.cleaning/" "Mozilla/5.0 (X11; Linux x86_64) AppleWebKit/537.36 (KHTML, like Gecko) HeadlessChrome/117.0.5938.132 Safari/537.36"
34.72.176.129 - - [18/Jul/2025:00:23:14 +0000] "GET /wp-content/themes/cleaning-services/js/vendor/slick.min.js?ver=6.8.2 HTTP/1.1" 200 8907 "https://ap.cleaning/" "Mozilla/5.0 (X11; Linux x86_64) AppleWebKit/537.36 (KHTML, like Gecko) HeadlessChrome/117.0.5938.132 Safari/537.36"
34.72.176.129 - - [18/Jul/2025:00:23:14 +0000] "GET /wp-includes/js/imagesloaded.min.js?ver=5.0.0 HTTP/1.1" 200 1803 "https://ap.cleaning/" "Mozilla/5.0 (X11; Linux x86_64) AppleWebKit/537.36 (KHTML, like Gecko) HeadlessChrome/117.0.5938.132 Safari/537.36"
34.72.176.129 - - [18/Jul/2025:00:23:14 +0000] "GET /wp-content/themes/cleaning-services/js/vendor/isotope.pkgd.min.js?ver=6.8.2 HTTP/1.1" 200 11048 "https://ap.cleaning/" "Mozilla/5.0 (X11; Linux x86_64) AppleWebKit/537.36 (KHTML, like Gecko) HeadlessChrome/117.0.5938.132 Safari/537.36"
34.72.176.129 - - [18/Jul/2025:00:23:14 +0000] "GET /wp-content/themes/cleaning-services/js/vendor/lightbox.min.js?ver=6.8.2 HTTP/1.1" 200 2871 "https://ap.cleaning/" "Mozilla/5.0 (X11; Linux x86_64) AppleWebKit/537.36 (KHTML, like Gecko) HeadlessChrome/117.0.5938.132 Safari/537.36"
216.73.216.142 - - [18/Jul/2025:00:23:14 +0000] "GET /detail/481448794.shtm HTTP/1.1" 404 12596 "-" "Mozilla/5.0 AppleWebKit/537.36 (KHTML, like Gecko; compatible; ClaudeBot/1.0; [email protected])"
34.72.176.129 - - [18/Jul/2025:00:23:14 +0000] "GET /wp-content/uploads/elementor/google-fonts/fonts/roboto-kfo7cnqeu92fr1me7ksn66agldtyluama3yuba.woff2 HTTP/1.1" 200 40156 "https://ap.cleaning/wp-content/uploads/elementor/google-fonts/css/roboto.css?ver=1742256476" "Mozilla/5.0 (X11; Linux x86_64) AppleWebKit/537.36 (KHTML, like Gecko) HeadlessChrome/117.0.5938.132 Safari/537.36"
34.72.176.129 - - [18/Jul/2025:00:23:14 +0000] "GET /wp-content/plugins/cleaning_services-core/elementor-addons/icon/fonts/cleaning.ttf?v3bpui HTTP/1.1" 200 23427 "https://ap.cleaning/wp-content/plugins/cleaning_services-core/elementor-addons/icon/style.css?ver=5.9.0" "Mozilla/5.0 (X11; Linux x86_64) AppleWebKit/537.36 (KHTML, like Gecko) HeadlessChrome/117.0.5938.132 Safari/537.36"
34.72.176.129 - - [18/Jul/2025:00:23:15 +0000] "GET /wp-content/uploads/elementor/google-fonts/fonts/roboto-kfo5cnqeu92fr1mu53zec9_vu3r1gihoszmkbnka.woff2 HTTP/1.1" 200 44220 "https://ap.cleaning/wp-content/uploads/elementor/google-fonts/css/roboto.css?ver=1742256476" "Mozilla/5.0 (X11; Linux x86_64) AppleWebKit/537.36 (KHTML, like Gecko) HeadlessChrome/117.0.5938.132 Safari/537.36"
34.72.176.129 - - [18/Jul/2025:00:23:14 +0000] "GET /wp-content/uploads/2021/08/slide-1.jpg HTTP/1.1" 200 213102 "https://ap.cleaning/" "Mozilla/5.0 (X11; Linux x86_64) AppleWebKit/537.36 (KHTML, like Gecko) HeadlessChrome/117.0.5938.132 Safari/537.36"
34.72.176.129 - - [18/Jul/2025:00:23:15 +0000] "GET /wp-content/themes/cleaning-services/images/h-decor-sm-2.png HTTP/1.1" 200 149 "https://ap.cleaning/wp-content/themes/cleaning-services/style.css?ver=1752798193" "Mozilla/5.0 (X11; Linux x86_64) AppleWebKit/537.36 (KHTML, like Gecko) HeadlessChrome/117.0.5938.132 Safari/537.36"
34.72.176.129 - - [18/Jul/2025:00:23:15 +0000] "GET /wp-content/uploads/2024/08/apc_logo2-1.png HTTP/1.1" 200 13229 "https://ap.cleaning/" "Mozilla/5.0 (X11; Linux x86_64) AppleWebKit/537.36 (KHTML, like Gecko) HeadlessChrome/117.0.5938.132 Safari/537.36"
34.72.176.129 - - [18/Jul/2025:00:23:15 +0000] "GET /wp-includes/js/jquery/jquery.form.min.js?ver=4.3.0 HTTP/1.1" 200 5958 "https://ap.cleaning/" "Mozilla/5.0 (X11; Linux x86_64) AppleWebKit/537.36 (KHTML, like Gecko) HeadlessChrome/117.0.5938.132 Safari/537.36"
34.72.176.129 - - [18/Jul/2025:00:23:15 +0000] "GET /wp-content/themes/cleaning-services/js/vendor/jquery.doubletaptogo.min.js?ver=6.8.2 HTTP/1.1" 200 480 "https://ap.cleaning/" "Mozilla/5.0 (X11; Linux x86_64) AppleWebKit/537.36 (KHTML, like Gecko) HeadlessChrome/117.0.5938.132 Safari/537.36"
34.72.176.129 - - [18/Jul/2025:00:23:15 +0000] "GET /wp-content/themes/cleaning-services/js/vendor/jquery.validate.min.js?ver=6.8.2 HTTP/1.1" 200 6362 "https://ap.cleaning/" "Mozilla/5.0 (X11; Linux x86_64) AppleWebKit/537.36 (KHTML, like Gecko) HeadlessChrome/117.0.5938.132 Safari/537.36"
34.72.176.129 - - [18/Jul/2025:00:23:15 +0000] "GET /wp-includes/js/dist/vendor/moment.min.js?ver=2.30.1 HTTP/1.1" 200 18754 "https://ap.cleaning/" "Mozilla/5.0 (X11; Linux x86_64) AppleWebKit/537.36 (KHTML, like Gecko) HeadlessChrome/117.0.5938.132 Safari/537.36"
34.72.176.129 - - [18/Jul/2025:00:23:15 +0000] "GET /wp-content/themes/cleaning-services/js/vendor/bootstrap-datetimepicker.min.js?ver=6.8.2 HTTP/1.1" 200 9494 "https://ap.cleaning/" "Mozilla/5.0 (X11; Linux x86_64) AppleWebKit/537.36 (KHTML, like Gecko) HeadlessChrome/117.0.5938.132 Safari/537.36"
34.72.176.129 - - [18/Jul/2025:00:23:15 +0000] "GET /wp-content/themes/cleaning-services/js/vendor/jquery.waypoints.min.js?ver=6.8.2 HTTP/1.1" 200 2671 "https://ap.cleaning/" "Mozilla/5.0 (X11; Linux x86_64) AppleWebKit/537.36 (KHTML, like Gecko) HeadlessChrome/117.0.5938.132 Safari/537.36"
34.72.176.129 - - [18/Jul/2025:00:23:15 +0000] "GET /wp-content/themes/cleaning-services/js/vendor/jquery.countTo.js?ver=6.8.2 HTTP/1.1" 200 900 "https://ap.cleaning/" "Mozilla/5.0 (X11; Linux x86_64) AppleWebKit/537.36 (KHTML, like Gecko) HeadlessChrome/117.0.5938.132 Safari/537.36"
34.72.176.129 - - [18/Jul/2025:00:23:15 +0000] "GET /wp-content/themes/cleaning-services/js/vendor/jquery.print.js?ver=6.8.2 HTTP/1.1" 200 2703 "https://ap.cleaning/" "Mozilla/5.0 (X11; Linux x86_64) AppleWebKit/537.36 (KHTML, like Gecko) HeadlessChrome/117.0.5938.132 Safari/537.36"
34.72.176.129 - - [18/Jul/2025:00:23:15 +0000] "GET /wp-content/themes/cleaning-services/js/vendor/jquery.dotdotdot.min.js?ver=6.8.2 HTTP/1.1" 200 2796 "https://ap.cleaning/" "Mozilla/5.0 (X11; Linux x86_64) AppleWebKit/537.36 (KHTML, like Gecko) HeadlessChrome/117.0.5938.132 Safari/537.36"
34.72.176.129 - - [18/Jul/2025:00:23:15 +0000] "GET /wp-content/themes/cleaning-services/js/vendor/nouislider.min.js?ver=6.8.2 HTTP/1.1" 200 7754 "https://ap.cleaning/" "Mozilla/5.0 (X11; Linux x86_64) AppleWebKit/537.36 (KHTML, like Gecko) HeadlessChrome/117.0.5938.132 Safari/537.36"
34.72.176.129 - - [18/Jul/2025:00:23:15 +0000] "GET /wp-content/themes/cleaning-services/js/vendor/jquery.elevateZoom-3.0.8.min.js?ver=6.8.2 HTTP/1.1" 200 6198 "https://ap.cleaning/" "Mozilla/5.0 (X11; Linux x86_64) AppleWebKit/537.36 (KHTML, like Gecko) HeadlessChrome/117.0.5938.132 Safari/537.36"
34.72.176.129 - - [18/Jul/2025:00:23:15 +0000] "GET /wp-content/themes/cleaning-services/js/vendor/wNumb.js?ver=6.8.2 HTTP/1.1" 200 2807 "https://ap.cleaning/" "Mozilla/5.0 (X11; Linux x86_64) AppleWebKit/537.36 (KHTML, like Gecko) HeadlessChrome/117.0.5938.132 Safari/537.36"
34.72.176.129 - - [18/Jul/2025:00:23:15 +0000] "GET /wp-includes/js/jquery/ui/controlgroup.min.js?ver=1.13.3 HTTP/1.1" 200 1606 "https://ap.cleaning/" "Mozilla/5.0 (X11; Linux x86_64) AppleWebKit/537.36 (KHTML, like Gecko) HeadlessChrome/117.0.5938.132 Safari/537.36"
34.72.176.129 - - [18/Jul/2025:00:23:15 +0000] "GET /wp-includes/js/jquery/ui/checkboxradio.min.js?ver=1.13.3 HTTP/1.1" 200 1422 "https://ap.cleaning/" "Mozilla/5.0 (X11; Linux x86_64) AppleWebKit/537.36 (KHTML, like Gecko) HeadlessChrome/117.0.5938.132 Safari/537.36"
34.72.176.129 - - [18/Jul/2025:00:23:15 +0000] "GET /wp-includes/js/jquery/ui/button.min.js?ver=1.13.3 HTTP/1.1" 200 1979 "https://ap.cleaning/" "Mozilla/5.0 (X11; Linux x86_64) AppleWebKit/537.36 (KHTML, like Gecko) HeadlessChrome/117.0.5938.132 Safari/537.36"
34.72.176.129 - - [18/Jul/2025:00:23:15 +0000] "GET /wp-includes/js/jquery/ui/spinner.min.js?ver=1.13.3 HTTP/1.1" 200 2443 "https://ap.cleaning/" "Mozilla/5.0 (X11; Linux x86_64) AppleWebKit/537.36 (KHTML, like Gecko) HeadlessChrome/117.0.5938.132 Safari/537.36"
34.72.176.129 - - [18/Jul/2025:00:23:15 +0000] "GET /wp-content/uploads/2021/08/slide-2.jpg HTTP/1.1" 200 220627 "https://ap.cleaning/" "Mozilla/5.0 (X11; Linux x86_64) AppleWebKit/537.36 (KHTML, like Gecko) HeadlessChrome/117.0.5938.132 Safari/537.36"
104.197.69.115 - - [18/Jul/2025:00:23:15 +0000] "GET /wp-content/themes/cleaning-services/js/custom.js?ver=1752798193 HTTP/1.1" 200 7946 "https://ap.cleaning/" "Mozilla/5.0 (X11; Linux x86_64) AppleWebKit/537.36 (KHTML, like Gecko) HeadlessChrome/117.0.5938.132 Safari/537.36"
104.197.69.115 - - [18/Jul/2025:00:23:15 +0000] "GET /wp-content/themes/cleaning-services/js/forms.js?ver=1752798193 HTTP/1.1" 200 1505 "https://ap.cleaning/" "Mozilla/5.0 (X11; Linux x86_64) AppleWebKit/537.36 (KHTML, like Gecko) HeadlessChrome/117.0.5938.132 Safari/537.36"
34.72.176.129 - - [18/Jul/2025:00:23:15 +0000] "GET /wp-content/plugins/woocommerce/assets/js/jquery-blockui/jquery.blockUI.min.js?ver=2.7.0-wc.10.0.2 HTTP/1.1" 200 3537 "https://ap.cleaning/" "Mozilla/5.0 (X11; Linux x86_64) AppleWebKit/537.36 (KHTML, like Gecko) HeadlessChrome/117.0.5938.132 Safari/537.36"
34.72.176.129 - - [18/Jul/2025:00:23:15 +0000] "GET /wp-content/plugins/woocommerce/assets/js/frontend/add-to-cart.min.js?ver=10.0.2 HTTP/1.1" 200 1407 "https://ap.cleaning/" "Mozilla/5.0 (X11; Linux x86_64) AppleWebKit/537.36 (KHTML, like Gecko) HeadlessChrome/117.0.5938.132 Safari/537.36"
104.197.69.115 - - [18/Jul/2025:00:23:15 +0000] "GET /wp-content/plugins/woocommerce/assets/js/js-cookie/js.cookie.min.js?ver=2.1.4-wc.10.0.2 HTTP/1.1" 200 833 "https://ap.cleaning/" "Mozilla/5.0 (X11; Linux x86_64) AppleWebKit/537.36 (KHTML, like Gecko) HeadlessChrome/117.0.5938.132 Safari/537.36"
34.72.176.129 - - [18/Jul/2025:00:23:15 +0000] "GET /wp-content/plugins/woocommerce/assets/js/frontend/woocommerce.min.js?ver=10.0.2 HTTP/1.1" 200 1532 "https://ap.cleaning/" "Mozilla/5.0 (X11; Linux x86_64) AppleWebKit/537.36 (KHTML, like Gecko) HeadlessChrome/117.0.5938.132 Safari/537.36"
34.72.176.129 - - [18/Jul/2025:00:23:15 +0000] "GET /wp-content/uploads/2021/08/testimonial-author-1.png HTTP/1.1" 200 64715 "https://ap.cleaning/" "Mozilla/5.0 (X11; Linux x86_64) AppleWebKit/537.36 (KHTML, like Gecko) HeadlessChrome/117.0.5938.132 Safari/537.36"
104.197.69.115 - - [18/Jul/2025:00:23:15 +0000] "GET /wp-content/uploads/2021/08/footer-ribbon.png HTTP/1.1" 200 10329 "https://ap.cleaning/" "Mozilla/5.0 (X11; Linux x86_64) AppleWebKit/537.36 (KHTML, like Gecko) HeadlessChrome/117.0.5938.132 Safari/537.36"
34.72.176.129 - - [18/Jul/2025:00:23:15 +0000] "GET /wp-content/uploads/2021/08/block-bg-1.jpg HTTP/1.1" 200 35775 "https://ap.cleaning/wp-content/uploads/elementor/css/post-1450.css?ver=1752119936" "Mozilla/5.0 (X11; Linux x86_64) AppleWebKit/537.36 (KHTML, like Gecko) HeadlessChrome/117.0.5938.132 Safari/537.36"
34.72.176.129 - - [18/Jul/2025:00:23:15 +0000] "GET /wp-content/uploads/2021/08/block-bg-3.jpg HTTP/1.1" 200 90231 "https://ap.cleaning/wp-content/uploads/elementor/css/post-1450.css?ver=1752119936" "Mozilla/5.0 (X11; Linux x86_64) AppleWebKit/537.36 (KHTML, like Gecko) HeadlessChrome/117.0.5938.132 Safari/537.36"
104.197.69.115 - - [18/Jul/2025:00:23:15 +0000] "GET /wp-content/uploads/2021/08/testimonial-author-2.png HTTP/1.1" 200 54726 "https://ap.cleaning/" "Mozilla/5.0 (X11; Linux x86_64) AppleWebKit/537.36 (KHTML, like Gecko) HeadlessChrome/117.0.5938.132 Safari/537.36"
34.72.176.129 - - [18/Jul/2025:00:23:15 +0000] "GET /wp-content/uploads/2021/08/index-service-house-bg.png HTTP/1.1" 200 17362 "https://ap.cleaning/wp-content/uploads/elementor/css/post-1450.css?ver=1752119936" "Mozilla/5.0 (X11; Linux x86_64) AppleWebKit/537.36 (KHTML, like Gecko) HeadlessChrome/117.0.5938.132 Safari/537.36"
34.72.176.129 - - [18/Jul/2025:00:23:15 +0000] "GET /wp-content/uploads/2021/08/index-img-1-mobile.jpg HTTP/1.1" 200 40202 "https://ap.cleaning/" "Mozilla/5.0 (X11; Linux x86_64) AppleWebKit/537.36 (KHTML, like Gecko) HeadlessChrome/117.0.5938.132 Safari/537.36"
34.72.176.129 - - [18/Jul/2025:00:23:15 +0000] "GET /wp-content/uploads/2021/08/slide-3.jpg HTTP/1.1" 200 373967 "https://ap.cleaning/" "Mozilla/5.0 (X11; Linux x86_64) AppleWebKit/537.36 (KHTML, like Gecko) HeadlessChrome/117.0.5938.132 Safari/537.36"
34.72.176.129 - - [18/Jul/2025:00:23:15 +0000] "GET /wp-content/uploads/2021/08/blog-post-img-3-370x249.jpg HTTP/1.1" 200 10036 "https://ap.cleaning/" "Mozilla/5.0 (X11; Linux x86_64) AppleWebKit/537.36 (KHTML, like Gecko) HeadlessChrome/117.0.5938.132 Safari/537.36"
34.72.176.129 - - [18/Jul/2025:00:23:15 +0000] "GET /wp-content/uploads/2021/08/blog-post-img-1-370x249.jpg HTTP/1.1" 200 23626 "https://ap.cleaning/" "Mozilla/5.0 (X11; Linux x86_64) AppleWebKit/537.36 (KHTML, like Gecko) HeadlessChrome/117.0.5938.132 Safari/537.36"
34.72.176.129 - - [18/Jul/2025:00:23:15 +0000] "GET /wp-content/themes/cleaning-services/images/lightbox/prev.png HTTP/1.1" 200 1360 "https://ap.cleaning/wp-content/themes/cleaning-services/css/vendor/lightbox.css" "Mozilla/5.0 (X11; Linux x86_64) AppleWebKit/537.36 (KHTML, like Gecko) HeadlessChrome/117.0.5938.132 Safari/537.36"
34.72.176.129 - - [18/Jul/2025:00:23:15 +0000] "GET /wp-content/themes/cleaning-services/images/lightbox/next.png HTTP/1.1" 200 1350 "https://ap.cleaning/wp-content/themes/cleaning-services/css/vendor/lightbox.css" "Mozilla/5.0 (X11; Linux x86_64) AppleWebKit/537.36 (KHTML, like Gecko) HeadlessChrome/117.0.5938.132 Safari/537.36"
104.197.69.115 - - [18/Jul/2025:00:23:15 +0000] "GET /wp-includes/js/wp-emoji-release.min.js?ver=6.8.2 HTTP/1.1" 200 5163 "https://ap.cleaning/" "Mozilla/5.0 (X11; Linux x86_64) AppleWebKit/537.36 (KHTML, like Gecko) HeadlessChrome/117.0.5938.132 Safari/537.36"
34.72.176.129 - - [18/Jul/2025:00:23:15 +0000] "GET /wp-content/themes/cleaning-services/images/lightbox/loading.gif HTTP/1.1" 200 8476 "https://ap.cleaning/wp-content/themes/cleaning-services/css/vendor/lightbox.css" "Mozilla/5.0 (X11; Linux x86_64) AppleWebKit/537.36 (KHTML, like Gecko) HeadlessChrome/117.0.5938.132 Safari/537.36"
34.72.176.129 - - [18/Jul/2025:00:23:16 +0000] "GET /wp-content/themes/cleaning-services/images/ajax-loader.gif HTTP/1.1" 200 4178 "https://ap.cleaning/wp-content/themes/cleaning-services/style.css?ver=1752798193" "Mozilla/5.0 (X11; Linux x86_64) AppleWebKit/537.36 (KHTML, like Gecko) HeadlessChrome/117.0.5938.132 Safari/537.36"
104.197.69.115 - - [18/Jul/2025:00:23:16 +0000] "GET /wp-content/plugins/elementor/assets/js/section-frontend-handlers.d85ab872da118940910d.bundle.min.js HTTP/1.1" 200 297 "https://ap.cleaning/" "Mozilla/5.0 (X11; Linux x86_64) AppleWebKit/537.36 (KHTML, like Gecko) HeadlessChrome/117.0.5938.132 Safari/537.36"
34.72.176.129 - - [18/Jul/2025:00:23:16 +0000] "GET /wp-content/themes/cleaning-services/images/lightbox/close.png HTTP/1.1" 200 280 "https://ap.cleaning/wp-content/themes/cleaning-services/css/vendor/lightbox.css" "Mozilla/5.0 (X11; Linux x86_64) AppleWebKit/537.36 (KHTML, like Gecko) HeadlessChrome/117.0.5938.132 Safari/537.36"
34.72.176.129 - - [18/Jul/2025:00:23:16 +0000] "GET /wp-content/plugins/elementor/assets/js/shared-frontend-handlers.30dc2f9c080845a413a6.bundle.min.js HTTP/1.1" 200 2682 "https://ap.cleaning/" "Mozilla/5.0 (X11; Linux x86_64) AppleWebKit/537.36 (KHTML, like Gecko) HeadlessChrome/117.0.5938.132 Safari/537.36"
104.197.69.115 - - [18/Jul/2025:00:23:16 +0000] "GET /wp-content/plugins/woocommerce/assets/css/woocommerce-smallscreen.css?ver=10.0.2 HTTP/1.1" 200 1279 "https://ap.cleaning/" "Mozilla/5.0 (X11; Linux x86_64) AppleWebKit/537.36 (KHTML, like Gecko) HeadlessChrome/117.0.5938.132 Safari/537.36"
104.197.69.115 - - [18/Jul/2025:00:23:16 +0000] "GET /wp-content/themes/cleaning-services/images/glitter.png HTTP/1.1" 200 3551 "https://ap.cleaning/wp-content/themes/cleaning-services/style.css?ver=1752798193" "Mozilla/5.0 (X11; Linux x86_64) AppleWebKit/537.36 (KHTML, like Gecko) HeadlessChrome/117.0.5938.132 Safari/537.36"
34.72.176.129 - - [18/Jul/2025:00:23:16 +0000] "GET /wp-content/themes/cleaning-services/images/h-decor-2.png HTTP/1.1" 200 231 "https://ap.cleaning/wp-content/themes/cleaning-services/style.css?ver=1752798193" "Mozilla/5.0 (X11; Linux x86_64) AppleWebKit/537.36 (KHTML, like Gecko) HeadlessChrome/117.0.5938.132 Safari/537.36"
34.72.176.129 - - [18/Jul/2025:00:23:16 +0000] "GET /wp-content/uploads/2021/08/index-img-1.jpg HTTP/1.1" 200 88583 "https://ap.cleaning/" "Mozilla/5.0 (X11; Linux x86_64) AppleWebKit/537.36 (KHTML, like Gecko) HeadlessChrome/117.0.5938.132 Safari/537.36"
104.197.69.115 - - [18/Jul/2025:00:23:15 +0000] "GET /wp-content/uploads/2021/08/block-bg-5.jpg HTTP/1.1" 200 422489 "https://ap.cleaning/wp-content/uploads/elementor/css/post-1450.css?ver=1752119936" "Mozilla/5.0 (X11; Linux x86_64) AppleWebKit/537.36 (KHTML, like Gecko) HeadlessChrome/117.0.5938.132 Safari/537.36"
209.74.77.214 - - [18/Jul/2025:00:23:17 +0000] "POST /wp-cron.php?doing_wp_cron=1752798197.8521420955657958984375 HTTP/1.1" 200 - "-" "WordPress/6.8.2; https://ap.cleaning"
216.73.216.142 - - [18/Jul/2025:00:23:17 +0000] "GET /detail/481644829.shtm HTTP/1.1" 404 12596 "-" "Mozilla/5.0 AppleWebKit/537.36 (KHTML, like Gecko; compatible; ClaudeBot/1.0; [email protected])"
34.122.147.229 - - [18/Jul/2025:00:23:17 +0000] "GET / HTTP/1.1" 200 21150 "-" "Mozilla/5.0 (Macintosh; Intel Mac OS X 10_15_4) AppleWebKit/537.36 (KHTML, like Gecko) Chrome/83.0.4103.97 Safari/537.36"
34.122.147.229 - - [18/Jul/2025:00:23:18 +0000] "GET /wp-includes/js/jquery/jquery.min.js?ver=3.7.1 HTTP/1.1" 200 30368 "https://ap.cleaning/" "Mozilla/5.0 (Macintosh; Intel Mac OS X 10_15_4) AppleWebKit/537.36 (KHTML, like Gecko) Chrome/83.0.4103.97 Safari/537.36"
34.122.147.229 - - [18/Jul/2025:00:23:18 +0000] "GET /wp-includes/js/jquery/jquery-migrate.min.js?ver=3.4.1 HTTP/1.1" 200 4872 "https://ap.cleaning/" "Mozilla/5.0 (Macintosh; Intel Mac OS X 10_15_4) AppleWebKit/537.36 (KHTML, like Gecko) Chrome/83.0.4103.97 Safari/537.36"
104.197.69.115 - - [18/Jul/2025:00:23:18 +0000] "GET /wp-content/plugins/leadconnector/public/js/lc-public.js?ver=3.0.10.1 HTTP/1.1" 200 1322 "https://ap.cleaning/" "Mozilla/5.0 (Macintosh; Intel Mac OS X 10_15_4) AppleWebKit/537.36 (KHTML, like Gecko) Chrome/83.0.4103.97 Safari/537.36"
104.197.69.115 - - [18/Jul/2025:00:23:18 +0000] "GET /wp-content/plugins/cleaning_services-core/elementor-addons/assets/js/addons-script.js?ver=6.8.2 HTTP/1.1" 200 2159 "https://ap.cleaning/" "Mozilla/5.0 (Macintosh; Intel Mac OS X 10_15_4) AppleWebKit/537.36 (KHTML, like Gecko) Chrome/83.0.4103.97 Safari/537.36"
34.122.147.229 - - [18/Jul/2025:00:23:18 +0000] "GET /wp-includes/js/dist/hooks.min.js?ver=4d63a3d491d11ffd8ac6 HTTP/1.1" 200 1648 "https://ap.cleaning/" "Mozilla/5.0 (Macintosh; Intel Mac OS X 10_15_4) AppleWebKit/537.36 (KHTML, like Gecko) Chrome/83.0.4103.97 Safari/537.36"
104.197.69.115 - - [18/Jul/2025:00:23:18 +0000] "GET /wp-includes/js/dist/i18n.min.js?ver=5e580eb46a90c2b997e6 HTTP/1.1" 200 3667 "https://ap.cleaning/" "Mozilla/5.0 (Macintosh; Intel Mac OS X 10_15_4) AppleWebKit/537.36 (KHTML, like Gecko) Chrome/83.0.4103.97 Safari/537.36"
34.122.147.229 - - [18/Jul/2025:00:23:18 +0000] "GET /wp-content/plugins/contact-form-7/includes/swv/js/index.js?ver=6.1 HTTP/1.1" 200 3503 "https://ap.cleaning/" "Mozilla/5.0 (Macintosh; Intel Mac OS X 10_15_4) AppleWebKit/537.36 (KHTML, like Gecko) Chrome/83.0.4103.97 Safari/537.36"
104.197.69.115 - - [18/Jul/2025:00:23:18 +0000] "GET /wp-content/plugins/woocommerce/assets/js/frontend/order-attribution.min.js?ver=10.0.2 HTTP/1.1" 200 1128 "https://ap.cleaning/" "Mozilla/5.0 (Macintosh; Intel Mac OS X 10_15_4) AppleWebKit/537.36 (KHTML, like Gecko) Chrome/83.0.4103.97 Safari/537.36"
34.122.147.229 - - [18/Jul/2025:00:23:18 +0000] "GET /wp-content/plugins/contact-form-7/includes/js/index.js?ver=6.1 HTTP/1.1" 200 4265 "https://ap.cleaning/" "Mozilla/5.0 (Macintosh; Intel Mac OS X 10_15_4) AppleWebKit/537.36 (KHTML, like Gecko) Chrome/83.0.4103.97 Safari/537.36"
34.72.176.129 - - [18/Jul/2025:00:23:18 +0000] "GET /wp-content/plugins/woocommerce/assets/js/sourcebuster/sourcebuster.min.js?ver=10.0.2 HTTP/1.1" 200 4807 "https://ap.cleaning/" "Mozilla/5.0 (Macintosh; Intel Mac OS X 10_15_4) AppleWebKit/537.36 (KHTML, like Gecko) Chrome/83.0.4103.97 Safari/537.36"
104.197.69.115 - - [18/Jul/2025:00:23:18 +0000] "GET /wp-content/plugins/elementor/assets/js/webpack.runtime.min.js?ver=3.30.2 HTTP/1.1" 200 2516 "https://ap.cleaning/" "Mozilla/5.0 (Macintosh; Intel Mac OS X 10_15_4) AppleWebKit/537.36 (KHTML, like Gecko) Chrome/83.0.4103.97 Safari/537.36"
34.122.147.229 - - [18/Jul/2025:00:23:18 +0000] "GET /wp-content/plugins/elementor/assets/js/frontend-modules.min.js?ver=3.30.2 HTTP/1.1" 200 14815 "https://ap.cleaning/" "Mozilla/5.0 (Macintosh; Intel Mac OS X 10_15_4) AppleWebKit/537.36 (KHTML, like Gecko) Chrome/83.0.4103.97 Safari/537.36"
104.197.69.115 - - [18/Jul/2025:00:23:18 +0000] "GET /wp-includes/js/jquery/ui/core.min.js?ver=1.13.3 HTTP/1.1" 200 7106 "https://ap.cleaning/" "Mozilla/5.0 (Macintosh; Intel Mac OS X 10_15_4) AppleWebKit/537.36 (KHTML, like Gecko) Chrome/83.0.4103.97 Safari/537.36"
34.122.147.229 - - [18/Jul/2025:00:23:18 +0000] "GET /wp-content/plugins/elementor/assets/js/frontend.min.js?ver=3.30.2 HTTP/1.1" 200 10595 "https://ap.cleaning/" "Mozilla/5.0 (Macintosh; Intel Mac OS X 10_15_4) AppleWebKit/537.36 (KHTML, like Gecko) Chrome/83.0.4103.97 Safari/537.36"
34.122.147.229 - - [18/Jul/2025:00:23:18 +0000] "GET /wp-includes/js/imagesloaded.min.js?ver=5.0.0 HTTP/1.1" 200 1803 "https://ap.cleaning/" "Mozilla/5.0 (Macintosh; Intel Mac OS X 10_15_4) AppleWebKit/537.36 (KHTML, like Gecko) Chrome/83.0.4103.97 Safari/537.36"
34.72.176.129 - - [18/Jul/2025:00:23:18 +0000] "GET /wp-content/themes/cleaning-services/js/vendor/bootstrap.min.js?ver=6.8.2 HTTP/1.1" 200 9833 "https://ap.cleaning/" "Mozilla/5.0 (Macintosh; Intel Mac OS X 10_15_4) AppleWebKit/537.36 (KHTML, like Gecko) Chrome/83.0.4103.97 Safari/537.36"
104.197.69.115 - - [18/Jul/2025:00:23:18 +0000] "GET /wp-content/themes/cleaning-services/js/vendor/slick.min.js?ver=6.8.2 HTTP/1.1" 200 8907 "https://ap.cleaning/" "Mozilla/5.0 (Macintosh; Intel Mac OS X 10_15_4) AppleWebKit/537.36 (KHTML, like Gecko) Chrome/83.0.4103.97 Safari/537.36"
104.197.69.115 - - [18/Jul/2025:00:23:18 +0000] "GET /wp-content/themes/cleaning-services/js/vendor/isotope.pkgd.min.js?ver=6.8.2 HTTP/1.1" 200 11048 "https://ap.cleaning/" "Mozilla/5.0 (Macintosh; Intel Mac OS X 10_15_4) AppleWebKit/537.36 (KHTML, like Gecko) Chrome/83.0.4103.97 Safari/537.36"
34.122.147.229 - - [18/Jul/2025:00:23:18 +0000] "GET /wp-content/themes/cleaning-services/js/vendor/lightbox.min.js?ver=6.8.2 HTTP/1.1" 200 2871 "https://ap.cleaning/" "Mozilla/5.0 (Macintosh; Intel Mac OS X 10_15_4) AppleWebKit/537.36 (KHTML, like Gecko) Chrome/83.0.4103.97 Safari/537.36"
34.72.176.129 - - [18/Jul/2025:00:23:18 +0000] "GET /wp-content/themes/cleaning-services/js/vendor/jquery.doubletaptogo.min.js?ver=6.8.2 HTTP/1.1" 200 480 "https://ap.cleaning/" "Mozilla/5.0 (Macintosh; Intel Mac OS X 10_15_4) AppleWebKit/537.36 (KHTML, like Gecko) Chrome/83.0.4103.97 Safari/537.36"
104.197.69.115 - - [18/Jul/2025:00:23:18 +0000] "GET /wp-includes/js/jquery/jquery.form.min.js?ver=4.3.0 HTTP/1.1" 200 5958 "https://ap.cleaning/" "Mozilla/5.0 (Macintosh; Intel Mac OS X 10_15_4) AppleWebKit/537.36 (KHTML, like Gecko) Chrome/83.0.4103.97 Safari/537.36"
34.122.147.229 - - [18/Jul/2025:00:23:18 +0000] "GET /wp-content/themes/cleaning-services/js/vendor/jquery.validate.min.js?ver=6.8.2 HTTP/1.1" 200 6362 "https://ap.cleaning/" "Mozilla/5.0 (Macintosh; Intel Mac OS X 10_15_4) AppleWebKit/537.36 (KHTML, like Gecko) Chrome/83.0.4103.97 Safari/537.36"
104.197.69.115 - - [18/Jul/2025:00:23:18 +0000] "GET /wp-includes/js/dist/vendor/moment.min.js?ver=2.30.1 HTTP/1.1" 200 18754 "https://ap.cleaning/" "Mozilla/5.0 (Macintosh; Intel Mac OS X 10_15_4) AppleWebKit/537.36 (KHTML, like Gecko) Chrome/83.0.4103.97 Safari/537.36"
34.122.147.229 - - [18/Jul/2025:00:23:18 +0000] "GET /wp-content/themes/cleaning-services/js/vendor/bootstrap-datetimepicker.min.js?ver=6.8.2 HTTP/1.1" 200 9494 "https://ap.cleaning/" "Mozilla/5.0 (Macintosh; Intel Mac OS X 10_15_4) AppleWebKit/537.36 (KHTML, like Gecko) Chrome/83.0.4103.97 Safari/537.36"
104.197.69.115 - - [18/Jul/2025:00:23:18 +0000] "GET /wp-content/themes/cleaning-services/js/vendor/jquery.waypoints.min.js?ver=6.8.2 HTTP/1.1" 200 2671 "https://ap.cleaning/" "Mozilla/5.0 (Macintosh; Intel Mac OS X 10_15_4) AppleWebKit/537.36 (KHTML, like Gecko) Chrome/83.0.4103.97 Safari/537.36"
34.72.176.129 - - [18/Jul/2025:00:23:18 +0000] "GET /wp-content/themes/cleaning-services/js/vendor/jquery.print.js?ver=6.8.2 HTTP/1.1" 200 2703 "https://ap.cleaning/" "Mozilla/5.0 (Macintosh; Intel Mac OS X 10_15_4) AppleWebKit/537.36 (KHTML, like Gecko) Chrome/83.0.4103.97 Safari/537.36"
34.122.147.229 - - [18/Jul/2025:00:23:18 +0000] "GET /wp-content/themes/cleaning-services/js/vendor/jquery.countTo.js?ver=6.8.2 HTTP/1.1" 200 900 "https://ap.cleaning/" "Mozilla/5.0 (Macintosh; Intel Mac OS X 10_15_4) AppleWebKit/537.36 (KHTML, like Gecko) Chrome/83.0.4103.97 Safari/537.36"
34.122.147.229 - - [18/Jul/2025:00:23:18 +0000] "GET /wp-content/themes/cleaning-services/js/vendor/jquery.dotdotdot.min.js?ver=6.8.2 HTTP/1.1" 200 2796 "https://ap.cleaning/" "Mozilla/5.0 (Macintosh; Intel Mac OS X 10_15_4) AppleWebKit/537.36 (KHTML, like Gecko) Chrome/83.0.4103.97 Safari/537.36"
104.197.69.115 - - [18/Jul/2025:00:23:18 +0000] "GET /wp-content/themes/cleaning-services/js/vendor/nouislider.min.js?ver=6.8.2 HTTP/1.1" 200 7754 "https://ap.cleaning/" "Mozilla/5.0 (Macintosh; Intel Mac OS X 10_15_4) AppleWebKit/537.36 (KHTML, like Gecko) Chrome/83.0.4103.97 Safari/537.36"
34.122.147.229 - - [18/Jul/2025:00:23:18 +0000] "GET /wp-content/themes/cleaning-services/js/vendor/jquery.elevateZoom-3.0.8.min.js?ver=6.8.2 HTTP/1.1" 200 6198 "https://ap.cleaning/" "Mozilla/5.0 (Macintosh; Intel Mac OS X 10_15_4) AppleWebKit/537.36 (KHTML, like Gecko) Chrome/83.0.4103.97 Safari/537.36"
34.72.176.129 - - [18/Jul/2025:00:23:18 +0000] "GET /wp-content/themes/cleaning-services/js/vendor/wNumb.js?ver=6.8.2 HTTP/1.1" 200 2807 "https://ap.cleaning/" "Mozilla/5.0 (Macintosh; Intel Mac OS X 10_15_4) AppleWebKit/537.36 (KHTML, like Gecko) Chrome/83.0.4103.97 Safari/537.36"
104.197.69.115 - - [18/Jul/2025:00:23:18 +0000] "GET /wp-includes/js/jquery/ui/controlgroup.min.js?ver=1.13.3 HTTP/1.1" 200 1606 "https://ap.cleaning/" "Mozilla/5.0 (Macintosh; Intel Mac OS X 10_15_4) AppleWebKit/537.36 (KHTML, like Gecko) Chrome/83.0.4103.97 Safari/537.36"
34.122.147.229 - - [18/Jul/2025:00:23:18 +0000] "GET /wp-includes/js/jquery/ui/checkboxradio.min.js?ver=1.13.3 HTTP/1.1" 200 1422 "https://ap.cleaning/" "Mozilla/5.0 (Macintosh; Intel Mac OS X 10_15_4) AppleWebKit/537.36 (KHTML, like Gecko) Chrome/83.0.4103.97 Safari/537.36"
104.197.69.115 - - [18/Jul/2025:00:23:18 +0000] "GET /wp-includes/js/jquery/ui/button.min.js?ver=1.13.3 HTTP/1.1" 200 1979 "https://ap.cleaning/" "Mozilla/5.0 (Macintosh; Intel Mac OS X 10_15_4) AppleWebKit/537.36 (KHTML, like Gecko) Chrome/83.0.4103.97 Safari/537.36"
34.72.176.129 - - [18/Jul/2025:00:23:18 +0000] "GET /wp-includes/js/jquery/ui/spinner.min.js?ver=1.13.3 HTTP/1.1" 200 2443 "https://ap.cleaning/" "Mozilla/5.0 (Macintosh; Intel Mac OS X 10_15_4) AppleWebKit/537.36 (KHTML, like Gecko) Chrome/83.0.4103.97 Safari/537.36"
34.122.147.229 - - [18/Jul/2025:00:23:18 +0000] "GET /wp-content/themes/cleaning-services/js/custom.js?ver=1752798197 HTTP/1.1" 200 7946 "https://ap.cleaning/" "Mozilla/5.0 (Macintosh; Intel Mac OS X 10_15_4) AppleWebKit/537.36 (KHTML, like Gecko) Chrome/83.0.4103.97 Safari/537.36"
104.197.69.115 - - [18/Jul/2025:00:23:18 +0000] "GET /wp-content/themes/cleaning-services/js/forms.js?ver=1752798197 HTTP/1.1" 200 1505 "https://ap.cleaning/" "Mozilla/5.0 (Macintosh; Intel Mac OS X 10_15_4) AppleWebKit/537.36 (KHTML, like Gecko) Chrome/83.0.4103.97 Safari/537.36"
34.122.147.229 - - [18/Jul/2025:00:23:18 +0000] "GET /wp-content/plugins/woocommerce/assets/js/jquery-blockui/jquery.blockUI.min.js?ver=2.7.0-wc.10.0.2 HTTP/1.1" 200 3537 "https://ap.cleaning/" "Mozilla/5.0 (Macintosh; Intel Mac OS X 10_15_4) AppleWebKit/537.36 (KHTML, like Gecko) Chrome/83.0.4103.97 Safari/537.36"
104.197.69.115 - - [18/Jul/2025:00:23:18 +0000] "GET /wp-content/plugins/woocommerce/assets/js/frontend/add-to-cart.min.js?ver=10.0.2 HTTP/1.1" 200 1407 "https://ap.cleaning/" "Mozilla/5.0 (Macintosh; Intel Mac OS X 10_15_4) AppleWebKit/537.36 (KHTML, like Gecko) Chrome/83.0.4103.97 Safari/537.36"
34.72.176.129 - - [18/Jul/2025:00:23:18 +0000] "GET /wp-content/plugins/woocommerce/assets/js/js-cookie/js.cookie.min.js?ver=2.1.4-wc.10.0.2 HTTP/1.1" 200 833 "https://ap.cleaning/" "Mozilla/5.0 (Macintosh; Intel Mac OS X 10_15_4) AppleWebKit/537.36 (KHTML, like Gecko) Chrome/83.0.4103.97 Safari/537.36"
34.122.147.229 - - [18/Jul/2025:00:23:18 +0000] "GET /wp-content/plugins/woocommerce/assets/js/frontend/woocommerce.min.js?ver=10.0.2 HTTP/1.1" 200 1532 "https://ap.cleaning/" "Mozilla/5.0 (Macintosh; Intel Mac OS X 10_15_4) AppleWebKit/537.36 (KHTML, like Gecko) Chrome/83.0.4103.97 Safari/537.36"
104.197.69.115 - - [18/Jul/2025:00:23:19 +0000] "GET /wp-content/plugins/elementor/assets/js/shared-frontend-handlers.30dc2f9c080845a413a6.bundle.min.js HTTP/1.1" 200 2682 "https://ap.cleaning/" "Mozilla/5.0 (Macintosh; Intel Mac OS X 10_15_4) AppleWebKit/537.36 (KHTML, like Gecko) Chrome/83.0.4103.97 Safari/537.36"
34.72.176.129 - - [18/Jul/2025:00:23:19 +0000] "GET /wp-includes/js/wp-emoji-release.min.js?ver=6.8.2 HTTP/1.1" 200 5163 "https://ap.cleaning/" "Mozilla/5.0 (Macintosh; Intel Mac OS X 10_15_4) AppleWebKit/537.36 (KHTML, like Gecko) Chrome/83.0.4103.97 Safari/537.36"
34.122.147.229 - - [18/Jul/2025:00:23:19 +0000] "GET /wp-content/plugins/elementor/assets/js/section-frontend-handlers.d85ab872da118940910d.bundle.min.js HTTP/1.1" 200 297 "https://ap.cleaning/" "Mozilla/5.0 (Macintosh; Intel Mac OS X 10_15_4) AppleWebKit/537.36 (KHTML, like Gecko) Chrome/83.0.4103.97 Safari/537.36"
216.73.216.142 - - [18/Jul/2025:00:23:20 +0000] "GET /detail/482011738.shtm HTTP/1.1" 404 12595 "-" "Mozilla/5.0 AppleWebKit/537.36 (KHTML, like Gecko; compatible; ClaudeBot/1.0; [email protected])"
216.73.216.142 - - [18/Jul/2025:00:23:23 +0000] "GET /detail/481485139.shtm HTTP/1.1" 404 12597 "-" "Mozilla/5.0 AppleWebKit/537.36 (KHTML, like Gecko; compatible; ClaudeBot/1.0; [email protected])"
216.73.216.142 - - [18/Jul/2025:00:23:26 +0000] "GET /detail/482006404.shtm HTTP/1.1" 404 12596 "-" "Mozilla/5.0 AppleWebKit/537.36 (KHTML, like Gecko; compatible; ClaudeBot/1.0; [email protected])"
216.73.216.142 - - [18/Jul/2025:00:23:29 +0000] "GET /detail/481906121.shtm HTTP/1.1" 404 12598 "-" "Mozilla/5.0 AppleWebKit/537.36 (KHTML, like Gecko; compatible; ClaudeBot/1.0; [email protected])"
216.73.216.142 - - [18/Jul/2025:00:23:32 +0000] "GET /detail/481444331.shtm HTTP/1.1" 404 12595 "-" "Mozilla/5.0 AppleWebKit/537.36 (KHTML, like Gecko; compatible; ClaudeBot/1.0; [email protected])"
216.73.216.142 - - [18/Jul/2025:00:23:35 +0000] "GET /detail/482010999.shtm HTTP/1.1" 404 12596 "-" "Mozilla/5.0 AppleWebKit/537.36 (KHTML, like Gecko; compatible; ClaudeBot/1.0; [email protected])"
216.73.216.142 - - [18/Jul/2025:00:23:38 +0000] "GET /detail/481430897.shtm HTTP/1.1" 404 12595 "-" "Mozilla/5.0 AppleWebKit/537.36 (KHTML, like Gecko; compatible; ClaudeBot/1.0; [email protected])"
216.73.216.142 - - [18/Jul/2025:00:23:41 +0000] "GET /detail/481859114.shtm HTTP/1.1" 404 12595 "-" "Mozilla/5.0 AppleWebKit/537.36 (KHTML, like Gecko; compatible; ClaudeBot/1.0; [email protected])"
209.74.77.214 - - [18/Jul/2025:00:24:36 +0000] "POST /wp-cron.php?doing_wp_cron=1752798276.9586908817291259765625 HTTP/1.1" 200 - "-" "WordPress/6.8.2; https://ap.cleaning"
20.171.207.68 - - [18/Jul/2025:00:24:35 +0000] "GET /detail/292795334.shtm HTTP/1.1" 404 12597 "-" "Mozilla/5.0 AppleWebKit/537.36 (KHTML, like Gecko; compatible; GPTBot/1.2; +https://openai.com/gptbot)"
216.73.216.142 - - [18/Jul/2025:00:24:53 +0000] "GET /detail/482045383.shtm HTTP/1.1" 404 12596 "-" "Mozilla/5.0 AppleWebKit/537.36 (KHTML, like Gecko; compatible; ClaudeBot/1.0; [email protected])"
216.73.216.142 - - [18/Jul/2025:00:24:56 +0000] "GET /detail/481851301.shtm HTTP/1.1" 404 12597 "-" "Mozilla/5.0 AppleWebKit/537.36 (KHTML, like Gecko; compatible; ClaudeBot/1.0; [email protected])"
20.171.207.68 - - [18/Jul/2025:00:24:58 +0000] "GET /detail/292637533.shtm HTTP/1.1" 404 12595 "-" "Mozilla/5.0 AppleWebKit/537.36 (KHTML, like Gecko; compatible; GPTBot/1.2; +https://openai.com/gptbot)"
216.73.216.142 - - [18/Jul/2025:00:24:59 +0000] "GET /detail/481996475.shtm HTTP/1.1" 404 12597 "-" "Mozilla/5.0 AppleWebKit/537.36 (KHTML, like Gecko; compatible; ClaudeBot/1.0; [email protected])"
216.73.216.142 - - [18/Jul/2025:00:25:02 +0000] "GET /detail/481614982.shtm HTTP/1.1" 404 12596 "-" "Mozilla/5.0 AppleWebKit/537.36 (KHTML, like Gecko; compatible; ClaudeBot/1.0; [email protected])"
216.73.216.142 - - [18/Jul/2025:00:25:05 +0000] "GET /detail/481821390.shtm HTTP/1.1" 404 12596 "-" "Mozilla/5.0 AppleWebKit/537.36 (KHTML, like Gecko; compatible; ClaudeBot/1.0; [email protected])"
216.73.216.142 - - [18/Jul/2025:00:25:08 +0000] "GET /detail/481936779.shtm HTTP/1.1" 404 12597 "-" "Mozilla/5.0 AppleWebKit/537.36 (KHTML, like Gecko; compatible; ClaudeBot/1.0; [email protected])"
216.73.216.142 - - [18/Jul/2025:00:25:11 +0000] "GET /detail/481683226.shtm HTTP/1.1" 404 12595 "-" "Mozilla/5.0 AppleWebKit/537.36 (KHTML, like Gecko; compatible; ClaudeBot/1.0; [email protected])"
216.73.216.142 - - [18/Jul/2025:00:25:14 +0000] "GET /detail/481639206.shtm HTTP/1.1" 404 12596 "-" "Mozilla/5.0 AppleWebKit/537.36 (KHTML, like Gecko; compatible; ClaudeBot/1.0; [email protected])"
209.74.77.214 - - [18/Jul/2025:00:25:17 +0000] "POST /wp-cron.php?doing_wp_cron=1752798317.7799348831176757812500 HTTP/1.1" 200 - "-" "WordPress/6.8.2; https://ap.cleaning"
216.73.216.142 - - [18/Jul/2025:00:25:17 +0000] "GET /detail/481959905.shtm HTTP/1.1" 404 12595 "-" "Mozilla/5.0 AppleWebKit/537.36 (KHTML, like Gecko; compatible; ClaudeBot/1.0; [email protected])"
216.73.216.142 - - [18/Jul/2025:00:25:20 +0000] "GET /detail/481554764.shtm HTTP/1.1" 404 12596 "-" "Mozilla/5.0 AppleWebKit/537.36 (KHTML, like Gecko; compatible; ClaudeBot/1.0; [email protected])"
216.73.216.142 - - [18/Jul/2025:00:25:23 +0000] "GET /detail/481500530.shtm HTTP/1.1" 404 12596 "-" "Mozilla/5.0 AppleWebKit/537.36 (KHTML, like Gecko; compatible; ClaudeBot/1.0; [email protected])"
216.73.216.142 - - [18/Jul/2025:00:25:26 +0000] "GET /detail/481717738.shtm HTTP/1.1" 404 12596 "-" "Mozilla/5.0 AppleWebKit/537.36 (KHTML, like Gecko; compatible; ClaudeBot/1.0; [email protected])"
216.73.216.142 - - [18/Jul/2025:00:25:29 +0000] "GET /detail/481520902.shtm HTTP/1.1" 404 12596 "-" "Mozilla/5.0 AppleWebKit/537.36 (KHTML, like Gecko; compatible; ClaudeBot/1.0; [email protected])"
216.73.216.142 - - [18/Jul/2025:00:25:32 +0000] "GET /detail/481560740.shtm HTTP/1.1" 404 12595 "-" "Mozilla/5.0 AppleWebKit/537.36 (KHTML, like Gecko; compatible; ClaudeBot/1.0; [email protected])"
216.73.216.142 - - [18/Jul/2025:00:25:35 +0000] "GET /detail/481609869.shtm HTTP/1.1" 404 12595 "-" "Mozilla/5.0 AppleWebKit/537.36 (KHTML, like Gecko; compatible; ClaudeBot/1.0; [email protected])"
216.73.216.142 - - [18/Jul/2025:00:25:38 +0000] "GET /detail/481890276.shtm HTTP/1.1" 404 12596 "-" "Mozilla/5.0 AppleWebKit/537.36 (KHTML, like Gecko; compatible; ClaudeBot/1.0; [email protected])"
216.73.216.142 - - [18/Jul/2025:00:25:41 +0000] "GET /detail/481452136.shtm HTTP/1.1" 404 12595 "-" "Mozilla/5.0 AppleWebKit/537.36 (KHTML, like Gecko; compatible; ClaudeBot/1.0; [email protected])"
216.73.216.142 - - [18/Jul/2025:00:25:44 +0000] "GET /detail/481490244.shtm HTTP/1.1" 404 12595 "-" "Mozilla/5.0 AppleWebKit/537.36 (KHTML, like Gecko; compatible; ClaudeBot/1.0; [email protected])"
20.171.207.68 - - [18/Jul/2025:00:25:46 +0000] "GET /detail/292351503.shtm HTTP/1.1" 404 12595 "-" "Mozilla/5.0 AppleWebKit/537.36 (KHTML, like Gecko; compatible; GPTBot/1.2; +https://openai.com/gptbot)"
216.73.216.142 - - [18/Jul/2025:00:25:47 +0000] "GET /detail/481674389.shtm HTTP/1.1" 404 12596 "-" "Mozilla/5.0 AppleWebKit/537.36 (KHTML, like Gecko; compatible; ClaudeBot/1.0; [email protected])"
216.73.216.142 - - [18/Jul/2025:00:25:50 +0000] "GET /detail/482002166.shtm HTTP/1.1" 404 12595 "-" "Mozilla/5.0 AppleWebKit/537.36 (KHTML, like Gecko; compatible; ClaudeBot/1.0; [email protected])"
20.171.207.68 - - [18/Jul/2025:00:26:09 +0000] "GET /detail/966858186.shtm HTTP/1.1" 404 12597 "-" "Mozilla/5.0 AppleWebKit/537.36 (KHTML, like Gecko; compatible; GPTBot/1.2; +https://openai.com/gptbot)"
209.74.77.214 - - [18/Jul/2025:00:26:21 +0000] "POST /wp-cron.php?doing_wp_cron=1752798381.3892080783843994140625 HTTP/1.1" 200 - "-" "WordPress/6.8.2; https://ap.cleaning"
57.141.2.26 - - [18/Jul/2025:00:26:21 +0000] "GET /cleaning_services/residential-cleaning/ HTTP/1.1" 200 75861 "-" "meta-externalagent/1.1 (+https://developers.facebook.com/docs/sharing/webmasters/crawler)"
216.73.216.142 - - [18/Jul/2025:00:26:31 +0000] "GET /detail/481745983.shtm HTTP/1.1" 404 12597 "-" "Mozilla/5.0 AppleWebKit/537.36 (KHTML, like Gecko; compatible; ClaudeBot/1.0; [email protected])"
216.73.216.142 - - [18/Jul/2025:00:26:34 +0000] "GET /detail/481544771.shtm HTTP/1.1" 404 12596 "-" "Mozilla/5.0 AppleWebKit/537.36 (KHTML, like Gecko; compatible; ClaudeBot/1.0; [email protected])"
216.73.216.142 - - [18/Jul/2025:00:26:37 +0000] "GET /detail/481539662.shtm HTTP/1.1" 404 12597 "-" "Mozilla/5.0 AppleWebKit/537.36 (KHTML, like Gecko; compatible; ClaudeBot/1.0; [email protected])"
216.73.216.142 - - [18/Jul/2025:00:26:40 +0000] "GET /detail/482040559.shtm HTTP/1.1" 404 12594 "-" "Mozilla/5.0 AppleWebKit/537.36 (KHTML, like Gecko; compatible; ClaudeBot/1.0; [email protected])"
216.73.216.142 - - [18/Jul/2025:00:26:43 +0000] "GET /detail/481957496.shtm HTTP/1.1" 404 12596 "-" "Mozilla/5.0 AppleWebKit/537.36 (KHTML, like Gecko; compatible; ClaudeBot/1.0; [email protected])"
216.73.216.142 - - [18/Jul/2025:00:26:46 +0000] "GET /detail/481665329.shtm HTTP/1.1" 404 12595 "-" "Mozilla/5.0 AppleWebKit/537.36 (KHTML, like Gecko; compatible; ClaudeBot/1.0; [email protected])"
216.73.216.142 - - [18/Jul/2025:00:26:49 +0000] "GET /detail/481878171.shtm HTTP/1.1" 404 12595 "-" "Mozilla/5.0 AppleWebKit/537.36 (KHTML, like Gecko; compatible; ClaudeBot/1.0; [email protected])"
216.73.216.142 - - [18/Jul/2025:00:26:52 +0000] "GET /detail/481667963.shtm HTTP/1.1" 404 12595 "-" "Mozilla/5.0 AppleWebKit/537.36 (KHTML, like Gecko; compatible; ClaudeBot/1.0; [email protected])"
216.73.216.142 - - [18/Jul/2025:00:26:55 +0000] "GET /detail/481406095.shtm HTTP/1.1" 404 12596 "-" "Mozilla/5.0 AppleWebKit/537.36 (KHTML, like Gecko; compatible; ClaudeBot/1.0; [email protected])"
216.73.216.142 - - [18/Jul/2025:00:26:58 +0000] "GET /detail/481630369.shtm HTTP/1.1" 404 12596 "-" "Mozilla/5.0 AppleWebKit/537.36 (KHTML, like Gecko; compatible; ClaudeBot/1.0; [email protected])"
216.73.216.142 - - [18/Jul/2025:00:27:01 +0000] "GET /detail/481887000.shtm HTTP/1.1" 404 12594 "-" "Mozilla/5.0 AppleWebKit/537.36 (KHTML, like Gecko; compatible; ClaudeBot/1.0; [email protected])"
216.73.216.142 - - [18/Jul/2025:00:27:04 +0000] "GET /detail/481418136.shtm HTTP/1.1" 404 12596 "-" "Mozilla/5.0 AppleWebKit/537.36 (KHTML, like Gecko; compatible; ClaudeBot/1.0; [email protected])"
216.73.216.142 - - [18/Jul/2025:00:27:07 +0000] "GET /detail/481694311.shtm HTTP/1.1" 404 12596 "-" "Mozilla/5.0 AppleWebKit/537.36 (KHTML, like Gecko; compatible; ClaudeBot/1.0; [email protected])"
216.73.216.142 - - [18/Jul/2025:00:27:10 +0000] "GET /detail/481841601.shtm HTTP/1.1" 404 12596 "-" "Mozilla/5.0 AppleWebKit/537.36 (KHTML, like Gecko; compatible; ClaudeBot/1.0; [email protected])"
216.73.216.142 - - [18/Jul/2025:00:27:13 +0000] "GET /detail/481877428.shtm HTTP/1.1" 404 12595 "-" "Mozilla/5.0 AppleWebKit/537.36 (KHTML, like Gecko; compatible; ClaudeBot/1.0; [email protected])"
209.74.77.214 - - [18/Jul/2025:00:27:16 +0000] "POST /wp-cron.php?doing_wp_cron=1752798436.7765119075775146484375 HTTP/1.1" 200 - "-" "WordPress/6.8.2; https://ap.cleaning"
216.73.216.142 - - [18/Jul/2025:00:27:16 +0000] "GET /detail/482039688.shtm HTTP/1.1" 404 12596 "-" "Mozilla/5.0 AppleWebKit/537.36 (KHTML, like Gecko; compatible; ClaudeBot/1.0; [email protected])"
216.73.216.142 - - [18/Jul/2025:00:27:19 +0000] "GET /detail/481508265.shtm HTTP/1.1" 404 12596 "-" "Mozilla/5.0 AppleWebKit/537.36 (KHTML, like Gecko; compatible; ClaudeBot/1.0; [email protected])"
216.73.216.142 - - [18/Jul/2025:00:27:22 +0000] "GET /detail/481514113.shtm HTTP/1.1" 404 12595 "-" "Mozilla/5.0 AppleWebKit/537.36 (KHTML, like Gecko; compatible; ClaudeBot/1.0; [email protected])"
216.73.216.142 - - [18/Jul/2025:00:27:25 +0000] "GET /detail/481805330.shtm HTTP/1.1" 404 12597 "-" "Mozilla/5.0 AppleWebKit/537.36 (KHTML, like Gecko; compatible; ClaudeBot/1.0; [email protected])"
216.73.216.142 - - [18/Jul/2025:00:27:28 +0000] "GET /detail/481467329.shtm HTTP/1.1" 404 12595 "-" "Mozilla/5.0 AppleWebKit/537.36 (KHTML, like Gecko; compatible; ClaudeBot/1.0; [email protected])"
20.171.207.68 - - [18/Jul/2025:00:27:40 +0000] "GET /detail/967058234.shtm HTTP/1.1" 404 12594 "-" "Mozilla/5.0 AppleWebKit/537.36 (KHTML, like Gecko; compatible; GPTBot/1.2; +https://openai.com/gptbot)"
20.171.207.68 - - [18/Jul/2025:00:28:03 +0000] "GET /detail/966777753.shtm HTTP/1.1" 404 12595 "-" "Mozilla/5.0 AppleWebKit/537.36 (KHTML, like Gecko; compatible; GPTBot/1.2; +https://openai.com/gptbot)"
216.73.216.142 - - [18/Jul/2025:00:28:13 +0000] "GET /detail/481482720.shtm HTTP/1.1" 404 12596 "-" "Mozilla/5.0 AppleWebKit/537.36 (KHTML, like Gecko; compatible; ClaudeBot/1.0; [email protected])"
209.74.77.214 - - [18/Jul/2025:00:28:16 +0000] "POST /wp-cron.php?doing_wp_cron=1752798496.4355280399322509765625 HTTP/1.1" 200 - "-" "WordPress/6.8.2; https://ap.cleaning"
216.73.216.142 - - [18/Jul/2025:00:28:16 +0000] "GET /detail/481852040.shtm HTTP/1.1" 404 12597 "-" "Mozilla/5.0 AppleWebKit/537.36 (KHTML, like Gecko; compatible; ClaudeBot/1.0; [email protected])"
216.73.216.142 - - [18/Jul/2025:00:28:19 +0000] "GET /detail/481768981.shtm HTTP/1.1" 404 12598 "-" "Mozilla/5.0 AppleWebKit/537.36 (KHTML, like Gecko; compatible; ClaudeBot/1.0; [email protected])"
216.73.216.142 - - [18/Jul/2025:00:28:22 +0000] "GET /detail/481624682.shtm HTTP/1.1" 404 12597 "-" "Mozilla/5.0 AppleWebKit/537.36 (KHTML, like Gecko; compatible; ClaudeBot/1.0; [email protected])"
216.73.216.142 - - [18/Jul/2025:00:28:25 +0000] "GET /detail/481662790.shtm HTTP/1.1" 404 12597 "-" "Mozilla/5.0 AppleWebKit/537.36 (KHTML, like Gecko; compatible; ClaudeBot/1.0; [email protected])"
216.73.216.142 - - [18/Jul/2025:00:28:28 +0000] "GET /detail/481694889.shtm HTTP/1.1" 404 12596 "-" "Mozilla/5.0 AppleWebKit/537.36 (KHTML, like Gecko; compatible; ClaudeBot/1.0; [email protected])"
216.73.216.142 - - [18/Jul/2025:00:28:31 +0000] "GET /detail/481483463.shtm HTTP/1.1" 404 12595 "-" "Mozilla/5.0 AppleWebKit/537.36 (KHTML, like Gecko; compatible; ClaudeBot/1.0; [email protected])"
216.73.216.142 - - [18/Jul/2025:00:28:34 +0000] "GET /detail/481856350.shtm HTTP/1.1" 404 12597 "-" "Mozilla/5.0 AppleWebKit/537.36 (KHTML, like Gecko; compatible; ClaudeBot/1.0; [email protected])"
216.73.216.142 - - [18/Jul/2025:00:28:37 +0000] "GET /detail/481666002.shtm HTTP/1.1" 404 12597 "-" "Mozilla/5.0 AppleWebKit/537.36 (KHTML, like Gecko; compatible; ClaudeBot/1.0; [email protected])"
216.73.216.142 - - [18/Jul/2025:00:28:40 +0000] "GET /detail/481528701.shtm HTTP/1.1" 404 12596 "-" "Mozilla/5.0 AppleWebKit/537.36 (KHTML, like Gecko; compatible; ClaudeBot/1.0; [email protected])"
216.73.216.142 - - [18/Jul/2025:00:28:43 +0000] "GET /detail/482013478.shtm HTTP/1.1" 404 12595 "-" "Mozilla/5.0 AppleWebKit/537.36 (KHTML, like Gecko; compatible; ClaudeBot/1.0; [email protected])"
216.73.216.142 - - [18/Jul/2025:00:28:46 +0000] "GET /detail/481833501.shtm HTTP/1.1" 404 12596 "-" "Mozilla/5.0 AppleWebKit/537.36 (KHTML, like Gecko; compatible; ClaudeBot/1.0; [email protected])"
216.73.216.142 - - [18/Jul/2025:00:28:49 +0000] "GET /detail/481580309.shtm HTTP/1.1" 404 12597 "-" "Mozilla/5.0 AppleWebKit/537.36 (KHTML, like Gecko; compatible; ClaudeBot/1.0; [email protected])"
216.73.216.142 - - [18/Jul/2025:00:28:52 +0000] "GET /detail/481810439.shtm HTTP/1.1" 404 12595 "-" "Mozilla/5.0 AppleWebKit/537.36 (KHTML, like Gecko; compatible; ClaudeBot/1.0; [email protected])"
216.73.216.142 - - [18/Jul/2025:00:28:55 +0000] "GET /detail/481867435.shtm HTTP/1.1" 404 12597 "-" "Mozilla/5.0 AppleWebKit/537.36 (KHTML, like Gecko; compatible; ClaudeBot/1.0; [email protected])"
216.73.216.142 - - [18/Jul/2025:00:28:58 +0000] "GET /detail/481414924.shtm HTTP/1.1" 404 12596 "-" "Mozilla/5.0 AppleWebKit/537.36 (KHTML, like Gecko; compatible; ClaudeBot/1.0; [email protected])"
216.73.216.142 - - [18/Jul/2025:00:29:01 +0000] "GET /detail/481408052.shtm HTTP/1.1" 404 12596 "-" "Mozilla/5.0 AppleWebKit/537.36 (KHTML, like Gecko; compatible; ClaudeBot/1.0; [email protected])"
216.73.216.142 - - [18/Jul/2025:00:29:04 +0000] "GET /detail/481565207.shtm HTTP/1.1" 404 12596 "-" "Mozilla/5.0 AppleWebKit/537.36 (KHTML, like Gecko; compatible; ClaudeBot/1.0; [email protected])"
216.73.216.142 - - [18/Jul/2025:00:29:07 +0000] "GET /detail/481692125.shtm HTTP/1.1" 404 12595 "-" "Mozilla/5.0 AppleWebKit/537.36 (KHTML, like Gecko; compatible; ClaudeBot/1.0; [email protected])"
216.73.216.142 - - [18/Jul/2025:00:29:10 +0000] "GET /detail/481738174.shtm HTTP/1.1" 404 12596 "-" "Mozilla/5.0 AppleWebKit/537.36 (KHTML, like Gecko; compatible; ClaudeBot/1.0; [email protected])"
20.171.207.68 - - [18/Jul/2025:00:29:13 +0000] "GET /detail/292366605.shtm HTTP/1.1" 404 12597 "-" "Mozilla/5.0 AppleWebKit/537.36 (KHTML, like Gecko; compatible; GPTBot/1.2; +https://openai.com/gptbot)"
20.171.207.68 - - [18/Jul/2025:00:29:59 +0000] "GET /detail/292622210.shtm HTTP/1.1" 404 12597 "-" "Mozilla/5.0 AppleWebKit/537.36 (KHTML, like Gecko; compatible; GPTBot/1.2; +https://openai.com/gptbot)"
209.74.77.214 - - [18/Jul/2025:00:30:02 +0000] "POST /wp-cron.php?doing_wp_cron=1752798601.9903240203857421875000 HTTP/1.1" 200 - "-" "WordPress/6.8.2; https://ap.cleaning"
216.73.216.142 - - [18/Jul/2025:00:30:01 +0000] "GET /detail/481609134.shtm HTTP/1.1" 404 12596 "-" "Mozilla/5.0 AppleWebKit/537.36 (KHTML, like Gecko; compatible; ClaudeBot/1.0; [email protected])"
