54.203.14.64 - - [17/Jul/2025:14:51:49 +0000] "GET /wp-content/themes/cleaning-services/js/vendor/jquery.waypoints.min.js?ver=6.8.2 HTTP/1.1" 200 2671 "https://ap.cleaning/" "Mozilla/5.0 (Windows NT 10.0; Win64; x64) AppleWebKit/537.36 (KHTML, like Gecko) Chrome/70.0.3538.102 Safari/537.36 Edge/18.19582"
54.203.14.64 - - [17/Jul/2025:14:51:49 +0000] "GET /wp-content/themes/cleaning-services/js/vendor/jquery.dotdotdot.min.js?ver=6.8.2 HTTP/1.1" 200 2796 "https://ap.cleaning/" "Mozilla/5.0 (Windows NT 10.0; Win64; x64) AppleWebKit/537.36 (KHTML, like Gecko) Chrome/70.0.3538.102 Safari/537.36 Edge/18.19582"
54.203.14.64 - - [17/Jul/2025:14:51:49 +0000] "GET /wp-content/themes/cleaning-services/js/vendor/nouislider.min.js?ver=6.8.2 HTTP/1.1" 200 7754 "https://ap.cleaning/" "Mozilla/5.0 (Windows NT 10.0; Win64; x64) AppleWebKit/537.36 (KHTML, like Gecko) Chrome/70.0.3538.102 Safari/537.36 Edge/18.19582"
54.203.14.64 - - [17/Jul/2025:14:51:49 +0000] "GET /wp-content/themes/cleaning-services/js/vendor/jquery.elevateZoom-3.0.8.min.js?ver=6.8.2 HTTP/1.1" 200 6198 "https://ap.cleaning/" "Mozilla/5.0 (Windows NT 10.0; Win64; x64) AppleWebKit/537.36 (KHTML, like Gecko) Chrome/70.0.3538.102 Safari/537.36 Edge/18.19582"
54.203.14.64 - - [17/Jul/2025:14:51:49 +0000] "GET /wp-content/themes/cleaning-services/js/vendor/wNumb.js?ver=6.8.2 HTTP/1.1" 200 2807 "https://ap.cleaning/" "Mozilla/5.0 (Windows NT 10.0; Win64; x64) AppleWebKit/537.36 (KHTML, like Gecko) Chrome/70.0.3538.102 Safari/537.36 Edge/18.19582"
54.203.14.64 - - [17/Jul/2025:14:51:49 +0000] "GET /wp-includes/js/jquery/ui/button.min.js?ver=1.13.3 HTTP/1.1" 200 1979 "https://ap.cleaning/" "Mozilla/5.0 (Windows NT 10.0; Win64; x64) AppleWebKit/537.36 (KHTML, like Gecko) Chrome/70.0.3538.102 Safari/537.36 Edge/18.19582"
54.203.14.64 - - [17/Jul/2025:14:51:49 +0000] "GET /wp-includes/js/jquery/ui/controlgroup.min.js?ver=1.13.3 HTTP/1.1" 200 1606 "https://ap.cleaning/" "Mozilla/5.0 (Windows NT 10.0; Win64; x64) AppleWebKit/537.36 (KHTML, like Gecko) Chrome/70.0.3538.102 Safari/537.36 Edge/18.19582"
54.203.14.64 - - [17/Jul/2025:14:51:49 +0000] "GET /wp-includes/js/jquery/ui/checkboxradio.min.js?ver=1.13.3 HTTP/1.1" 200 1422 "https://ap.cleaning/" "Mozilla/5.0 (Windows NT 10.0; Win64; x64) AppleWebKit/537.36 (KHTML, like Gecko) Chrome/70.0.3538.102 Safari/537.36 Edge/18.19582"
54.203.14.64 - - [17/Jul/2025:14:51:49 +0000] "GET /wp-content/themes/cleaning-services/js/forms.js?ver=1752763907 HTTP/1.1" 200 1505 "https://ap.cleaning/" "Mozilla/5.0 (Windows NT 10.0; Win64; x64) AppleWebKit/537.36 (KHTML, like Gecko) Chrome/70.0.3538.102 Safari/537.36 Edge/18.19582"
54.203.14.64 - - [17/Jul/2025:14:51:49 +0000] "GET /wp-content/plugins/woocommerce/assets/js/jquery-blockui/jquery.blockUI.min.js?ver=2.7.0-wc.10.0.2 HTTP/1.1" 200 3537 "https://ap.cleaning/" "Mozilla/5.0 (Windows NT 10.0; Win64; x64) AppleWebKit/537.36 (KHTML, like Gecko) Chrome/70.0.3538.102 Safari/537.36 Edge/18.19582"
54.203.14.64 - - [17/Jul/2025:14:51:49 +0000] "GET /wp-content/plugins/woocommerce/assets/js/frontend/add-to-cart.min.js?ver=10.0.2 HTTP/1.1" 200 1407 "https://ap.cleaning/" "Mozilla/5.0 (Windows NT 10.0; Win64; x64) AppleWebKit/537.36 (KHTML, like Gecko) Chrome/70.0.3538.102 Safari/537.36 Edge/18.19582"
54.203.14.64 - - [17/Jul/2025:14:51:49 +0000] "GET /wp-includes/js/jquery/ui/spinner.min.js?ver=1.13.3 HTTP/1.1" 200 2443 "https://ap.cleaning/" "Mozilla/5.0 (Windows NT 10.0; Win64; x64) AppleWebKit/537.36 (KHTML, like Gecko) Chrome/70.0.3538.102 Safari/537.36 Edge/18.19582"
54.203.14.64 - - [17/Jul/2025:14:51:49 +0000] "GET /wp-content/themes/cleaning-services/js/vendor/jquery.validate.min.js?ver=6.8.2 HTTP/1.1" 200 6362 "https://ap.cleaning/" "Mozilla/5.0 (Windows NT 10.0; Win64; x64) AppleWebKit/537.36 (KHTML, like Gecko) Chrome/70.0.3538.102 Safari/537.36 Edge/18.19582"
54.203.14.64 - - [17/Jul/2025:14:51:49 +0000] "GET /wp-content/themes/cleaning-services/js/custom.js?ver=1752763907 HTTP/1.1" 200 7946 "https://ap.cleaning/" "Mozilla/5.0 (Windows NT 10.0; Win64; x64) AppleWebKit/537.36 (KHTML, like Gecko) Chrome/70.0.3538.102 Safari/537.36 Edge/18.19582"
54.203.14.64 - - [17/Jul/2025:14:51:49 +0000] "GET /wp-content/plugins/woocommerce/assets/js/frontend/woocommerce.min.js?ver=10.0.2 HTTP/1.1" 200 1532 "https://ap.cleaning/" "Mozilla/5.0 (Windows NT 10.0; Win64; x64) AppleWebKit/537.36 (KHTML, like Gecko) Chrome/70.0.3538.102 Safari/537.36 Edge/18.19582"
54.203.14.64 - - [17/Jul/2025:14:51:49 +0000] "GET /wp-content/uploads/2021/08/footer-ribbon.png HTTP/1.1" 200 10329 "https://ap.cleaning/" "Mozilla/5.0 (Windows NT 10.0; Win64; x64) AppleWebKit/537.36 (KHTML, like Gecko) Chrome/70.0.3538.102 Safari/537.36 Edge/18.19582"
54.203.14.64 - - [17/Jul/2025:14:51:49 +0000] "GET /wp-content/themes/cleaning-services/images/glitter.png HTTP/1.1" 200 3551 "https://ap.cleaning/wp-content/themes/cleaning-services/style.css?ver=1752763907" "Mozilla/5.0 (Windows NT 10.0; Win64; x64) AppleWebKit/537.36 (KHTML, like Gecko) Chrome/70.0.3538.102 Safari/537.36 Edge/18.19582"
54.203.14.64 - - [17/Jul/2025:14:51:49 +0000] "GET /wp-content/plugins/woocommerce/assets/js/js-cookie/js.cookie.min.js?ver=2.1.4-wc.10.0.2 HTTP/1.1" 200 833 "https://ap.cleaning/" "Mozilla/5.0 (Windows NT 10.0; Win64; x64) AppleWebKit/537.36 (KHTML, like Gecko) Chrome/70.0.3538.102 Safari/537.36 Edge/18.19582"
54.203.14.64 - - [17/Jul/2025:14:51:49 +0000] "GET /wp-content/uploads/2021/08/slide-1.jpg HTTP/1.1" 200 213102 "https://ap.cleaning/" "Mozilla/5.0 (Windows NT 10.0; Win64; x64) AppleWebKit/537.36 (KHTML, like Gecko) Chrome/70.0.3538.102 Safari/537.36 Edge/18.19582"
54.203.14.64 - - [17/Jul/2025:14:51:49 +0000] "GET /wp-content/uploads/2021/08/slide-2.jpg HTTP/1.1" 200 220627 "https://ap.cleaning/" "Mozilla/5.0 (Windows NT 10.0; Win64; x64) AppleWebKit/537.36 (KHTML, like Gecko) Chrome/70.0.3538.102 Safari/537.36 Edge/18.19582"
54.203.14.64 - - [17/Jul/2025:14:51:49 +0000] "GET /wp-content/themes/cleaning-services/images/h-decor-2.png HTTP/1.1" 200 231 "https://ap.cleaning/wp-content/themes/cleaning-services/style.css?ver=1752763907" "Mozilla/5.0 (Windows NT 10.0; Win64; x64) AppleWebKit/537.36 (KHTML, like Gecko) Chrome/70.0.3538.102 Safari/537.36 Edge/18.19582"
54.203.14.64 - - [17/Jul/2025:14:51:49 +0000] "GET /wp-content/uploads/2021/08/block-bg-1.jpg HTTP/1.1" 200 35775 "https://ap.cleaning/wp-content/uploads/elementor/css/post-1450.css?ver=1752119936" "Mozilla/5.0 (Windows NT 10.0; Win64; x64) AppleWebKit/537.36 (KHTML, like Gecko) Chrome/70.0.3538.102 Safari/537.36 Edge/18.19582"
54.203.14.64 - - [17/Jul/2025:14:51:49 +0000] "GET /wp-content/uploads/2021/08/block-bg-3.jpg HTTP/1.1" 200 90231 "https://ap.cleaning/wp-content/uploads/elementor/css/post-1450.css?ver=1752119936" "Mozilla/5.0 (Windows NT 10.0; Win64; x64) AppleWebKit/537.36 (KHTML, like Gecko) Chrome/70.0.3538.102 Safari/537.36 Edge/18.19582"
54.203.14.64 - - [17/Jul/2025:14:51:49 +0000] "GET /wp-content/uploads/2021/08/index-service-house-bg.png HTTP/1.1" 200 17362 "https://ap.cleaning/wp-content/uploads/elementor/css/post-1450.css?ver=1752119936" "Mozilla/5.0 (Windows NT 10.0; Win64; x64) AppleWebKit/537.36 (KHTML, like Gecko) Chrome/70.0.3538.102 Safari/537.36 Edge/18.19582"
54.203.14.64 - - [17/Jul/2025:14:51:49 +0000] "GET /wp-content/plugins/woocommerce/assets/css/woocommerce-smallscreen.css?ver=10.0.2 HTTP/1.1" 200 1279 "https://ap.cleaning/" "Mozilla/5.0 (Windows NT 10.0; Win64; x64) AppleWebKit/537.36 (KHTML, like Gecko) Chrome/70.0.3538.102 Safari/537.36 Edge/18.19582"
54.203.14.64 - - [17/Jul/2025:14:51:49 +0000] "GET /wp-content/uploads/2021/08/slide-3.jpg HTTP/1.1" 200 373967 "https://ap.cleaning/" "Mozilla/5.0 (Windows NT 10.0; Win64; x64) AppleWebKit/537.36 (KHTML, like Gecko) Chrome/70.0.3538.102 Safari/537.36 Edge/18.19582"
54.203.14.64 - - [17/Jul/2025:14:51:49 +0000] "GET /wp-content/uploads/2021/08/block-bg-5.jpg HTTP/1.1" 200 422489 "https://ap.cleaning/wp-content/uploads/elementor/css/post-1450.css?ver=1752119936" "Mozilla/5.0 (Windows NT 10.0; Win64; x64) AppleWebKit/537.36 (KHTML, like Gecko) Chrome/70.0.3538.102 Safari/537.36 Edge/18.19582"
54.203.14.64 - - [17/Jul/2025:14:51:50 +0000] "GET /wp-content/uploads/2021/08/index-img-1.jpg HTTP/1.1" 200 88583 "https://ap.cleaning/" "Mozilla/5.0 (Windows NT 10.0; Win64; x64) AppleWebKit/537.36 (KHTML, like Gecko) Chrome/70.0.3538.102 Safari/537.36 Edge/18.19582"
54.203.14.64 - - [17/Jul/2025:14:51:50 +0000] "GET /wp-content/plugins/cleaning_services-core/elementor-addons/icon/fonts/cleaning.ttf?v3bpui HTTP/1.1" 200 23427 "https://ap.cleaning/wp-content/plugins/cleaning_services-core/elementor-addons/icon/style.css?ver=5.9.0" "Mozilla/5.0 (Windows NT 10.0; Win64; x64) AppleWebKit/537.36 (KHTML, like Gecko) Chrome/70.0.3538.102 Safari/537.36 Edge/18.19582"
54.203.14.64 - - [17/Jul/2025:14:51:50 +0000] "GET /wp-content/uploads/elementor/google-fonts/fonts/roboto-kfo5cnqeu92fr1mu53zec9_vu3r1gihoszmkbnka.woff2 HTTP/1.1" 200 44220 "https://ap.cleaning/wp-content/uploads/elementor/google-fonts/css/roboto.css?ver=1742256476" "Mozilla/5.0 (Windows NT 10.0; Win64; x64) AppleWebKit/537.36 (KHTML, like Gecko) Chrome/70.0.3538.102 Safari/537.36 Edge/18.19582"
54.203.14.64 - - [17/Jul/2025:14:51:50 +0000] "GET /wp-content/uploads/2021/08/index-right-img.png HTTP/1.1" 200 371884 "https://ap.cleaning/" "Mozilla/5.0 (Windows NT 10.0; Win64; x64) AppleWebKit/537.36 (KHTML, like Gecko) Chrome/70.0.3538.102 Safari/537.36 Edge/18.19582"
54.203.14.64 - - [17/Jul/2025:14:51:50 +0000] "GET /wp-content/uploads/elementor/google-fonts/fonts/roboto-kfo7cnqeu92fr1me7ksn66agldtyluama3yuba.woff2 HTTP/1.1" 200 40156 "https://ap.cleaning/wp-content/uploads/elementor/google-fonts/css/roboto.css?ver=1742256476" "Mozilla/5.0 (Windows NT 10.0; Win64; x64) AppleWebKit/537.36 (KHTML, like Gecko) Chrome/70.0.3538.102 Safari/537.36 Edge/18.19582"
54.203.14.64 - - [17/Jul/2025:14:51:50 +0000] "GET /wp-includes/js/wp-emoji-release.min.js?ver=6.8.2 HTTP/1.1" 200 5163 "https://ap.cleaning/" "Mozilla/5.0 (Windows NT 10.0; Win64; x64) AppleWebKit/537.36 (KHTML, like Gecko) Chrome/70.0.3538.102 Safari/537.36 Edge/18.19582"
54.203.14.64 - - [17/Jul/2025:14:51:50 +0000] "GET /wp-content/themes/cleaning-services/images/lightbox/prev.png HTTP/1.1" 200 1360 "https://ap.cleaning/wp-content/themes/cleaning-services/css/vendor/lightbox.css" "Mozilla/5.0 (Windows NT 10.0; Win64; x64) AppleWebKit/537.36 (KHTML, like Gecko) Chrome/70.0.3538.102 Safari/537.36 Edge/18.19582"
54.203.14.64 - - [17/Jul/2025:14:51:50 +0000] "GET /wp-content/themes/cleaning-services/images/lightbox/next.png HTTP/1.1" 200 1350 "https://ap.cleaning/wp-content/themes/cleaning-services/css/vendor/lightbox.css" "Mozilla/5.0 (Windows NT 10.0; Win64; x64) AppleWebKit/537.36 (KHTML, like Gecko) Chrome/70.0.3538.102 Safari/537.36 Edge/18.19582"
54.203.14.64 - - [17/Jul/2025:14:51:50 +0000] "GET /wp-content/themes/cleaning-services/images/lightbox/loading.gif HTTP/1.1" 200 8476 "https://ap.cleaning/wp-content/themes/cleaning-services/css/vendor/lightbox.css" "Mozilla/5.0 (Windows NT 10.0; Win64; x64) AppleWebKit/537.36 (KHTML, like Gecko) Chrome/70.0.3538.102 Safari/537.36 Edge/18.19582"
54.203.14.64 - - [17/Jul/2025:14:51:50 +0000] "GET /wp-content/themes/cleaning-services/images/lightbox/close.png HTTP/1.1" 200 280 "https://ap.cleaning/wp-content/themes/cleaning-services/css/vendor/lightbox.css" "Mozilla/5.0 (Windows NT 10.0; Win64; x64) AppleWebKit/537.36 (KHTML, like Gecko) Chrome/70.0.3538.102 Safari/537.36 Edge/18.19582"
54.203.14.64 - - [17/Jul/2025:14:51:52 +0000] "GET /wp-content/themes/cleaning-services/images/h-decor-xs-2.png HTTP/1.1" 200 230 "https://ap.cleaning/wp-content/themes/cleaning-services/style.css?ver=1752763907" "Mozilla/5.0 (Windows NT 10.0; Win64; x64) AppleWebKit/537.36 (KHTML, like Gecko) Chrome/70.0.3538.102 Safari/537.36 Edge/18.19582"
209.74.77.214 - - [17/Jul/2025:14:52:26 +0000] "POST /wp-cron.php?doing_wp_cron=1752763946.8125178813934326171875 HTTP/1.1" 200 - "-" "WordPress/6.8.2; https://ap.cleaning"
52.34.74.222 - - [17/Jul/2025:14:52:25 +0000] "GET / HTTP/1.1" 200 21146 "-" "Mozilla/5.0 (Windows NT 10.0; Win64; x64) AppleWebKit/537.36 (KHTML, like Gecko) Chrome/70.0.3538.102 Safari/537.36 Edge/18.19582"
52.34.74.222 - - [17/Jul/2025:14:52:27 +0000] "GET /wp-content/themes/cleaning-services/fonts/style.css?ver=1752763946 HTTP/1.1" 200 1087 "https://ap.cleaning/" "Mozilla/5.0 (Windows NT 10.0; Win64; x64) AppleWebKit/537.36 (KHTML, like Gecko) Chrome/70.0.3538.102 Safari/537.36 Edge/18.19582"
52.34.74.222 - - [17/Jul/2025:14:52:27 +0000] "GET /wp-content/plugins/contact-form-7/includes/css/styles.css?ver=6.1 HTTP/1.1" 200 1031 "https://ap.cleaning/" "Mozilla/5.0 (Windows NT 10.0; Win64; x64) AppleWebKit/537.36 (KHTML, like Gecko) Chrome/70.0.3538.102 Safari/537.36 Edge/18.19582"
52.34.74.222 - - [17/Jul/2025:14:52:27 +0000] "GET /wp-includes/css/dashicons.min.css?ver=6.8.2 HTTP/1.1" 200 35730 "https://ap.cleaning/" "Mozilla/5.0 (Windows NT 10.0; Win64; x64) AppleWebKit/537.36 (KHTML, like Gecko) Chrome/70.0.3538.102 Safari/537.36 Edge/18.19582"
52.34.74.222 - - [17/Jul/2025:14:52:27 +0000] "GET /wp-content/plugins/leadconnector/public/css/lc-public.css?ver=3.0.10.1 HTTP/1.1" 200 106 "https://ap.cleaning/" "Mozilla/5.0 (Windows NT 10.0; Win64; x64) AppleWebKit/537.36 (KHTML, like Gecko) Chrome/70.0.3538.102 Safari/537.36 Edge/18.19582"
52.34.74.222 - - [17/Jul/2025:14:52:27 +0000] "GET /wp-content/plugins/woocommerce/assets/css/woocommerce.css?ver=10.0.2 HTTP/1.1" 200 10826 "https://ap.cleaning/" "Mozilla/5.0 (Windows NT 10.0; Win64; x64) AppleWebKit/537.36 (KHTML, like Gecko) Chrome/70.0.3538.102 Safari/537.36 Edge/18.19582"
52.34.74.222 - - [17/Jul/2025:14:52:27 +0000] "GET /wp-content/plugins/woocommerce/assets/css/brands.css?ver=10.0.2 HTTP/1.1" 200 684 "https://ap.cleaning/" "Mozilla/5.0 (Windows NT 10.0; Win64; x64) AppleWebKit/537.36 (KHTML, like Gecko) Chrome/70.0.3538.102 Safari/537.36 Edge/18.19582"
52.34.74.222 - - [17/Jul/2025:14:52:27 +0000] "GET /wp-content/plugins/woocommerce/assets/css/woocommerce-layout.css?ver=10.0.2 HTTP/1.1" 200 3414 "https://ap.cleaning/" "Mozilla/5.0 (Windows NT 10.0; Win64; x64) AppleWebKit/537.36 (KHTML, like Gecko) Chrome/70.0.3538.102 Safari/537.36 Edge/18.19582"
52.34.74.222 - - [17/Jul/2025:14:52:27 +0000] "GET /wp-content/plugins/elementor/assets/css/frontend.min.css?ver=3.30.2 HTTP/1.1" 200 7117 "https://ap.cleaning/" "Mozilla/5.0 (Windows NT 10.0; Win64; x64) AppleWebKit/537.36 (KHTML, like Gecko) Chrome/70.0.3538.102 Safari/537.36 Edge/18.19582"
52.34.74.222 - - [17/Jul/2025:14:52:27 +0000] "GET /wp-content/uploads/elementor/css/post-1450.css?ver=1752119936 HTTP/1.1" 200 372 "https://ap.cleaning/" "Mozilla/5.0 (Windows NT 10.0; Win64; x64) AppleWebKit/537.36 (KHTML, like Gecko) Chrome/70.0.3538.102 Safari/537.36 Edge/18.19582"
52.34.74.222 - - [17/Jul/2025:14:52:27 +0000] "GET /wp-content/themes/cleaning-services/css/vendor/animate.min.css HTTP/1.1" 200 4553 "https://ap.cleaning/" "Mozilla/5.0 (Windows NT 10.0; Win64; x64) AppleWebKit/537.36 (KHTML, like Gecko) Chrome/70.0.3538.102 Safari/537.36 Edge/18.19582"
52.34.74.222 - - [17/Jul/2025:14:52:27 +0000] "GET /wp-content/uploads/elementor/css/post-10.css?ver=1752119935 HTTP/1.1" 200 377 "https://ap.cleaning/" "Mozilla/5.0 (Windows NT 10.0; Win64; x64) AppleWebKit/537.36 (KHTML, like Gecko) Chrome/70.0.3538.102 Safari/537.36 Edge/18.19582"
52.34.74.222 - - [17/Jul/2025:14:52:27 +0000] "GET /wp-content/themes/cleaning-services/css/vendor/bootstrap.min.css HTTP/1.1" 200 19706 "https://ap.cleaning/" "Mozilla/5.0 (Windows NT 10.0; Win64; x64) AppleWebKit/537.36 (KHTML, like Gecko) Chrome/70.0.3538.102 Safari/537.36 Edge/18.19582"
52.34.74.222 - - [17/Jul/2025:14:52:27 +0000] "GET /wp-content/themes/cleaning-services/css/vendor/slick.css HTTP/1.1" 200 530 "https://ap.cleaning/" "Mozilla/5.0 (Windows NT 10.0; Win64; x64) AppleWebKit/537.36 (KHTML, like Gecko) Chrome/70.0.3538.102 Safari/537.36 Edge/18.19582"
52.34.74.222 - - [17/Jul/2025:14:52:27 +0000] "GET /wp-content/themes/cleaning-services/css/vendor/nouislider.css HTTP/1.1" 200 1547 "https://ap.cleaning/" "Mozilla/5.0 (Windows NT 10.0; Win64; x64) AppleWebKit/537.36 (KHTML, like Gecko) Chrome/70.0.3538.102 Safari/537.36 Edge/18.19582"
52.34.74.222 - - [17/Jul/2025:14:52:27 +0000] "GET /wp-content/themes/cleaning-services/css/shop.css?ver=1752763946 HTTP/1.1" 200 7313 "https://ap.cleaning/" "Mozilla/5.0 (Windows NT 10.0; Win64; x64) AppleWebKit/537.36 (KHTML, like Gecko) Chrome/70.0.3538.102 Safari/537.36 Edge/18.19582"
52.34.74.222 - - [17/Jul/2025:14:52:27 +0000] "GET /wp-content/themes/cleaning-services/css/wp-default-norm.css HTTP/1.1" 200 3624 "https://ap.cleaning/" "Mozilla/5.0 (Windows NT 10.0; Win64; x64) AppleWebKit/537.36 (KHTML, like Gecko) Chrome/70.0.3538.102 Safari/537.36 Edge/18.19582"
52.34.74.222 - - [17/Jul/2025:14:52:27 +0000] "GET /wp-content/themes/cleaning-services/css/vendor/lightbox.css HTTP/1.1" 200 1104 "https://ap.cleaning/" "Mozilla/5.0 (Windows NT 10.0; Win64; x64) AppleWebKit/537.36 (KHTML, like Gecko) Chrome/70.0.3538.102 Safari/537.36 Edge/18.19582"
52.34.74.222 - - [17/Jul/2025:14:52:27 +0000] "GET /wp-content/themes/cleaning-services/style.css?ver=1752763946 HTTP/1.1" 200 38492 "https://ap.cleaning/" "Mozilla/5.0 (Windows NT 10.0; Win64; x64) AppleWebKit/537.36 (KHTML, like Gecko) Chrome/70.0.3538.102 Safari/537.36 Edge/18.19582"
52.34.74.222 - - [17/Jul/2025:14:52:27 +0000] "GET /wp-content/themes/cleaning-services/css/vendor/bootstrap-datetimepicker.css HTTP/1.1" 200 1394 "https://ap.cleaning/" "Mozilla/5.0 (Windows NT 10.0; Win64; x64) AppleWebKit/537.36 (KHTML, like Gecko) Chrome/70.0.3538.102 Safari/537.36 Edge/18.19582"
52.34.74.222 - - [17/Jul/2025:14:52:27 +0000] "GET /wp-content/plugins/cleaning_services-core/elementor-addons/icon/style.css?ver=5.9.0 HTTP/1.1" 200 1087 "https://ap.cleaning/" "Mozilla/5.0 (Windows NT 10.0; Win64; x64) AppleWebKit/537.36 (KHTML, like Gecko) Chrome/70.0.3538.102 Safari/537.36 Edge/18.19582"
52.34.74.222 - - [17/Jul/2025:14:52:27 +0000] "GET /wp-content/uploads/elementor/google-fonts/css/robotoslab.css?ver=1742256492 HTTP/1.1" 200 952 "https://ap.cleaning/" "Mozilla/5.0 (Windows NT 10.0; Win64; x64) AppleWebKit/537.36 (KHTML, like Gecko) Chrome/70.0.3538.102 Safari/537.36 Edge/18.19582"
52.34.74.222 - - [17/Jul/2025:14:52:27 +0000] "GET /wp-includes/js/jquery/jquery-migrate.min.js?ver=3.4.1 HTTP/1.1" 200 4872 "https://ap.cleaning/" "Mozilla/5.0 (Windows NT 10.0; Win64; x64) AppleWebKit/537.36 (KHTML, like Gecko) Chrome/70.0.3538.102 Safari/537.36 Edge/18.19582"
52.34.74.222 - - [17/Jul/2025:14:52:27 +0000] "GET /wp-content/uploads/elementor/google-fonts/css/roboto.css?ver=1742256476 HTTP/1.1" 200 2862 "https://ap.cleaning/" "Mozilla/5.0 (Windows NT 10.0; Win64; x64) AppleWebKit/537.36 (KHTML, like Gecko) Chrome/70.0.3538.102 Safari/537.36 Edge/18.19582"
52.34.74.222 - - [17/Jul/2025:14:52:27 +0000] "GET /wp-content/uploads/2021/08/blog-post-img-2-2-370x249.jpg HTTP/1.1" 200 20075 "https://ap.cleaning/" "Mozilla/5.0 (Windows NT 10.0; Win64; x64) AppleWebKit/537.36 (KHTML, like Gecko) Chrome/70.0.3538.102 Safari/537.36 Edge/18.19582"
52.34.74.222 - - [17/Jul/2025:14:52:27 +0000] "GET /wp-includes/js/jquery/jquery.min.js?ver=3.7.1 HTTP/1.1" 200 30368 "https://ap.cleaning/" "Mozilla/5.0 (Windows NT 10.0; Win64; x64) AppleWebKit/537.36 (KHTML, like Gecko) Chrome/70.0.3538.102 Safari/537.36 Edge/18.19582"
52.34.74.222 - - [17/Jul/2025:14:52:27 +0000] "GET /wp-content/plugins/leadconnector/public/js/lc-public.js?ver=3.0.10.1 HTTP/1.1" 200 1322 "https://ap.cleaning/" "Mozilla/5.0 (Windows NT 10.0; Win64; x64) AppleWebKit/537.36 (KHTML, like Gecko) Chrome/70.0.3538.102 Safari/537.36 Edge/18.19582"
52.34.74.222 - - [17/Jul/2025:14:52:27 +0000] "GET /wp-content/uploads/2024/08/apc_logo2-1.png HTTP/1.1" 200 13229 "https://ap.cleaning/" "Mozilla/5.0 (Windows NT 10.0; Win64; x64) AppleWebKit/537.36 (KHTML, like Gecko) Chrome/70.0.3538.102 Safari/537.36 Edge/18.19582"
52.34.74.222 - - [17/Jul/2025:14:52:27 +0000] "GET /wp-content/uploads/2021/08/testimonial-author-1.png HTTP/1.1" 200 64715 "https://ap.cleaning/" "Mozilla/5.0 (Windows NT 10.0; Win64; x64) AppleWebKit/537.36 (KHTML, like Gecko) Chrome/70.0.3538.102 Safari/537.36 Edge/18.19582"
52.34.74.222 - - [17/Jul/2025:14:52:28 +0000] "GET /wp-content/uploads/2021/08/testimonial-author-2.png HTTP/1.1" 200 54726 "https://ap.cleaning/" "Mozilla/5.0 (Windows NT 10.0; Win64; x64) AppleWebKit/537.36 (KHTML, like Gecko) Chrome/70.0.3538.102 Safari/537.36 Edge/18.19582"
52.34.74.222 - - [17/Jul/2025:14:52:28 +0000] "GET /wp-content/themes/cleaning-services/js/vendor/lightbox.min.js?ver=6.8.2 HTTP/1.1" 200 2871 "https://ap.cleaning/" "Mozilla/5.0 (Windows NT 10.0; Win64; x64) AppleWebKit/537.36 (KHTML, like Gecko) Chrome/70.0.3538.102 Safari/537.36 Edge/18.19582"
52.34.74.222 - - [17/Jul/2025:14:52:28 +0000] "GET /wp-content/plugins/contact-form-7/includes/swv/js/index.js?ver=6.1 HTTP/1.1" 200 3503 "https://ap.cleaning/" "Mozilla/5.0 (Windows NT 10.0; Win64; x64) AppleWebKit/537.36 (KHTML, like Gecko) Chrome/70.0.3538.102 Safari/537.36 Edge/18.19582"
52.34.74.222 - - [17/Jul/2025:14:52:28 +0000] "GET /wp-content/themes/cleaning-services/js/vendor/isotope.pkgd.min.js?ver=6.8.2 HTTP/1.1" 200 11048 "https://ap.cleaning/" "Mozilla/5.0 (Windows NT 10.0; Win64; x64) AppleWebKit/537.36 (KHTML, like Gecko) Chrome/70.0.3538.102 Safari/537.36 Edge/18.19582"
52.34.74.222 - - [17/Jul/2025:14:52:28 +0000] "GET /wp-content/uploads/elementor/css/post-65.css?ver=1752119936 HTTP/1.1" 200 114 "https://ap.cleaning/" "Mozilla/5.0 (Windows NT 10.0; Win64; x64) AppleWebKit/537.36 (KHTML, like Gecko) Chrome/70.0.3538.102 Safari/537.36 Edge/18.19582"
52.34.74.222 - - [17/Jul/2025:14:52:28 +0000] "GET /wp-content/plugins/woocommerce/assets/client/blocks/wc-blocks.css?ver=wc-10.0.2 HTTP/1.1" 200 2575 "https://ap.cleaning/" "Mozilla/5.0 (Windows NT 10.0; Win64; x64) AppleWebKit/537.36 (KHTML, like Gecko) Chrome/70.0.3538.102 Safari/537.36 Edge/18.19582"
52.34.74.222 - - [17/Jul/2025:14:52:28 +0000] "GET /wp-content/plugins/cleaning_services-core/elementor-addons/assets/css/style.css?ver=6.8.2 HTTP/1.1" 200 2011 "https://ap.cleaning/" "Mozilla/5.0 (Windows NT 10.0; Win64; x64) AppleWebKit/537.36 (KHTML, like Gecko) Chrome/70.0.3538.102 Safari/537.36 Edge/18.19582"
52.34.74.222 - - [17/Jul/2025:14:52:28 +0000] "GET /wp-content/uploads/elementor/css/post-71.css?ver=1752119936 HTTP/1.1" 200 114 "https://ap.cleaning/" "Mozilla/5.0 (Windows NT 10.0; Win64; x64) AppleWebKit/537.36 (KHTML, like Gecko) Chrome/70.0.3538.102 Safari/537.36 Edge/18.19582"
52.34.74.222 - - [17/Jul/2025:14:52:28 +0000] "GET /wp-includes/js/jquery/ui/core.min.js?ver=1.13.3 HTTP/1.1" 200 7106 "https://ap.cleaning/" "Mozilla/5.0 (Windows NT 10.0; Win64; x64) AppleWebKit/537.36 (KHTML, like Gecko) Chrome/70.0.3538.102 Safari/537.36 Edge/18.19582"
52.34.74.222 - - [17/Jul/2025:14:52:28 +0000] "GET /wp-content/plugins/cleaning_services-core/elementor-addons/assets/js/addons-script.js?ver=6.8.2 HTTP/1.1" 200 2159 "https://ap.cleaning/" "Mozilla/5.0 (Windows NT 10.0; Win64; x64) AppleWebKit/537.36 (KHTML, like Gecko) Chrome/70.0.3538.102 Safari/537.36 Edge/18.19582"
52.34.74.222 - - [17/Jul/2025:14:52:28 +0000] "GET /wp-content/plugins/elementor/assets/js/frontend.min.js?ver=3.30.2 HTTP/1.1" 200 10595 "https://ap.cleaning/" "Mozilla/5.0 (Windows NT 10.0; Win64; x64) AppleWebKit/537.36 (KHTML, like Gecko) Chrome/70.0.3538.102 Safari/537.36 Edge/18.19582"
52.34.74.222 - - [17/Jul/2025:14:52:28 +0000] "GET /wp-content/uploads/elementor/css/post-83.css?ver=1752119937 HTTP/1.1" 200 114 "https://ap.cleaning/" "Mozilla/5.0 (Windows NT 10.0; Win64; x64) AppleWebKit/537.36 (KHTML, like Gecko) Chrome/70.0.3538.102 Safari/537.36 Edge/18.19582"
52.34.74.222 - - [17/Jul/2025:14:52:28 +0000] "GET /wp-content/plugins/elementor/assets/js/frontend-modules.min.js?ver=3.30.2 HTTP/1.1" 200 14815 "https://ap.cleaning/" "Mozilla/5.0 (Windows NT 10.0; Win64; x64) AppleWebKit/537.36 (KHTML, like Gecko) Chrome/70.0.3538.102 Safari/537.36 Edge/18.19582"
52.34.74.222 - - [17/Jul/2025:14:52:28 +0000] "GET /wp-content/plugins/contact-form-7/includes/js/index.js?ver=6.1 HTTP/1.1" 200 4265 "https://ap.cleaning/" "Mozilla/5.0 (Windows NT 10.0; Win64; x64) AppleWebKit/537.36 (KHTML, like Gecko) Chrome/70.0.3538.102 Safari/537.36 Edge/18.19582"
52.34.74.222 - - [17/Jul/2025:14:52:28 +0000] "GET /wp-content/themes/cleaning-services/js/vendor/slick.min.js?ver=6.8.2 HTTP/1.1" 200 8907 "https://ap.cleaning/" "Mozilla/5.0 (Windows NT 10.0; Win64; x64) AppleWebKit/537.36 (KHTML, like Gecko) Chrome/70.0.3538.102 Safari/537.36 Edge/18.19582"
52.34.74.222 - - [17/Jul/2025:14:52:28 +0000] "GET /wp-content/plugins/woocommerce/assets/js/sourcebuster/sourcebuster.min.js?ver=10.0.2 HTTP/1.1" 200 4807 "https://ap.cleaning/" "Mozilla/5.0 (Windows NT 10.0; Win64; x64) AppleWebKit/537.36 (KHTML, like Gecko) Chrome/70.0.3538.102 Safari/537.36 Edge/18.19582"
52.34.74.222 - - [17/Jul/2025:14:52:28 +0000] "GET /wp-content/themes/cleaning-services/js/vendor/bootstrap.min.js?ver=6.8.2 HTTP/1.1" 200 9833 "https://ap.cleaning/" "Mozilla/5.0 (Windows NT 10.0; Win64; x64) AppleWebKit/537.36 (KHTML, like Gecko) Chrome/70.0.3538.102 Safari/537.36 Edge/18.19582"
52.34.74.222 - - [17/Jul/2025:14:52:28 +0000] "GET /wp-content/plugins/woocommerce/assets/js/frontend/order-attribution.min.js?ver=10.0.2 HTTP/1.1" 200 1128 "https://ap.cleaning/" "Mozilla/5.0 (Windows NT 10.0; Win64; x64) AppleWebKit/537.36 (KHTML, like Gecko) Chrome/70.0.3538.102 Safari/537.36 Edge/18.19582"
52.34.74.222 - - [17/Jul/2025:14:52:28 +0000] "GET /wp-includes/js/dist/hooks.min.js?ver=4d63a3d491d11ffd8ac6 HTTP/1.1" 200 1648 "https://ap.cleaning/" "Mozilla/5.0 (Windows NT 10.0; Win64; x64) AppleWebKit/537.36 (KHTML, like Gecko) Chrome/70.0.3538.102 Safari/537.36 Edge/18.19582"
52.34.74.222 - - [17/Jul/2025:14:52:28 +0000] "GET /wp-content/plugins/elementor/assets/js/webpack.runtime.min.js?ver=3.30.2 HTTP/1.1" 200 2516 "https://ap.cleaning/" "Mozilla/5.0 (Windows NT 10.0; Win64; x64) AppleWebKit/537.36 (KHTML, like Gecko) Chrome/70.0.3538.102 Safari/537.36 Edge/18.19582"
52.34.74.222 - - [17/Jul/2025:14:52:28 +0000] "GET /wp-content/themes/cleaning-services/js/vendor/jquery.validate.min.js?ver=6.8.2 HTTP/1.1" 200 6362 "https://ap.cleaning/" "Mozilla/5.0 (Windows NT 10.0; Win64; x64) AppleWebKit/537.36 (KHTML, like Gecko) Chrome/70.0.3538.102 Safari/537.36 Edge/18.19582"
52.34.74.222 - - [17/Jul/2025:14:52:28 +0000] "GET /wp-includes/js/imagesloaded.min.js?ver=5.0.0 HTTP/1.1" 200 1803 "https://ap.cleaning/" "Mozilla/5.0 (Windows NT 10.0; Win64; x64) AppleWebKit/537.36 (KHTML, like Gecko) Chrome/70.0.3538.102 Safari/537.36 Edge/18.19582"
52.34.74.222 - - [17/Jul/2025:14:52:28 +0000] "GET /wp-includes/js/dist/i18n.min.js?ver=5e580eb46a90c2b997e6 HTTP/1.1" 200 3667 "https://ap.cleaning/" "Mozilla/5.0 (Windows NT 10.0; Win64; x64) AppleWebKit/537.36 (KHTML, like Gecko) Chrome/70.0.3538.102 Safari/537.36 Edge/18.19582"
52.34.74.222 - - [17/Jul/2025:14:52:28 +0000] "GET /wp-includes/js/jquery/jquery.form.min.js?ver=4.3.0 HTTP/1.1" 200 5958 "https://ap.cleaning/" "Mozilla/5.0 (Windows NT 10.0; Win64; x64) AppleWebKit/537.36 (KHTML, like Gecko) Chrome/70.0.3538.102 Safari/537.36 Edge/18.19582"
52.34.74.222 - - [17/Jul/2025:14:52:28 +0000] "GET /wp-content/themes/cleaning-services/js/vendor/jquery.doubletaptogo.min.js?ver=6.8.2 HTTP/1.1" 200 480 "https://ap.cleaning/" "Mozilla/5.0 (Windows NT 10.0; Win64; x64) AppleWebKit/537.36 (KHTML, like Gecko) Chrome/70.0.3538.102 Safari/537.36 Edge/18.19582"
52.34.74.222 - - [17/Jul/2025:14:52:28 +0000] "GET /wp-content/themes/cleaning-services/js/vendor/jquery.dotdotdot.min.js?ver=6.8.2 HTTP/1.1" 200 2796 "https://ap.cleaning/" "Mozilla/5.0 (Windows NT 10.0; Win64; x64) AppleWebKit/537.36 (KHTML, like Gecko) Chrome/70.0.3538.102 Safari/537.36 Edge/18.19582"
52.34.74.222 - - [17/Jul/2025:14:52:28 +0000] "GET /wp-content/themes/cleaning-services/js/vendor/jquery.print.js?ver=6.8.2 HTTP/1.1" 200 2703 "https://ap.cleaning/" "Mozilla/5.0 (Windows NT 10.0; Win64; x64) AppleWebKit/537.36 (KHTML, like Gecko) Chrome/70.0.3538.102 Safari/537.36 Edge/18.19582"
52.34.74.222 - - [17/Jul/2025:14:52:28 +0000] "GET /wp-content/themes/cleaning-services/js/vendor/jquery.waypoints.min.js?ver=6.8.2 HTTP/1.1" 200 2671 "https://ap.cleaning/" "Mozilla/5.0 (Windows NT 10.0; Win64; x64) AppleWebKit/537.36 (KHTML, like Gecko) Chrome/70.0.3538.102 Safari/537.36 Edge/18.19582"
52.34.74.222 - - [17/Jul/2025:14:52:28 +0000] "GET /wp-content/themes/cleaning-services/js/vendor/jquery.countTo.js?ver=6.8.2 HTTP/1.1" 200 900 "https://ap.cleaning/" "Mozilla/5.0 (Windows NT 10.0; Win64; x64) AppleWebKit/537.36 (KHTML, like Gecko) Chrome/70.0.3538.102 Safari/537.36 Edge/18.19582"
52.34.74.222 - - [17/Jul/2025:14:52:28 +0000] "GET /wp-includes/js/dist/vendor/moment.min.js?ver=2.30.1 HTTP/1.1" 200 18754 "https://ap.cleaning/" "Mozilla/5.0 (Windows NT 10.0; Win64; x64) AppleWebKit/537.36 (KHTML, like Gecko) Chrome/70.0.3538.102 Safari/537.36 Edge/18.19582"
52.34.74.222 - - [17/Jul/2025:14:52:28 +0000] "GET /wp-content/themes/cleaning-services/js/vendor/bootstrap-datetimepicker.min.js?ver=6.8.2 HTTP/1.1" 200 9494 "https://ap.cleaning/" "Mozilla/5.0 (Windows NT 10.0; Win64; x64) AppleWebKit/537.36 (KHTML, like Gecko) Chrome/70.0.3538.102 Safari/537.36 Edge/18.19582"
52.34.74.222 - - [17/Jul/2025:14:52:28 +0000] "GET /wp-content/themes/cleaning-services/js/vendor/jquery.elevateZoom-3.0.8.min.js?ver=6.8.2 HTTP/1.1" 200 6198 "https://ap.cleaning/" "Mozilla/5.0 (Windows NT 10.0; Win64; x64) AppleWebKit/537.36 (KHTML, like Gecko) Chrome/70.0.3538.102 Safari/537.36 Edge/18.19582"
52.34.74.222 - - [17/Jul/2025:14:52:28 +0000] "GET /wp-content/themes/cleaning-services/js/vendor/nouislider.min.js?ver=6.8.2 HTTP/1.1" 200 7754 "https://ap.cleaning/" "Mozilla/5.0 (Windows NT 10.0; Win64; x64) AppleWebKit/537.36 (KHTML, like Gecko) Chrome/70.0.3538.102 Safari/537.36 Edge/18.19582"
52.34.74.222 - - [17/Jul/2025:14:52:28 +0000] "GET /wp-includes/js/jquery/ui/button.min.js?ver=1.13.3 HTTP/1.1" 200 1979 "https://ap.cleaning/" "Mozilla/5.0 (Windows NT 10.0; Win64; x64) AppleWebKit/537.36 (KHTML, like Gecko) Chrome/70.0.3538.102 Safari/537.36 Edge/18.19582"
52.34.74.222 - - [17/Jul/2025:14:52:28 +0000] "GET /wp-includes/js/jquery/ui/controlgroup.min.js?ver=1.13.3 HTTP/1.1" 200 1606 "https://ap.cleaning/" "Mozilla/5.0 (Windows NT 10.0; Win64; x64) AppleWebKit/537.36 (KHTML, like Gecko) Chrome/70.0.3538.102 Safari/537.36 Edge/18.19582"
52.34.74.222 - - [17/Jul/2025:14:52:28 +0000] "GET /wp-includes/js/jquery/ui/checkboxradio.min.js?ver=1.13.3 HTTP/1.1" 200 1422 "https://ap.cleaning/" "Mozilla/5.0 (Windows NT 10.0; Win64; x64) AppleWebKit/537.36 (KHTML, like Gecko) Chrome/70.0.3538.102 Safari/537.36 Edge/18.19582"
52.34.74.222 - - [17/Jul/2025:14:52:28 +0000] "GET /wp-content/themes/cleaning-services/js/vendor/wNumb.js?ver=6.8.2 HTTP/1.1" 200 2807 "https://ap.cleaning/" "Mozilla/5.0 (Windows NT 10.0; Win64; x64) AppleWebKit/537.36 (KHTML, like Gecko) Chrome/70.0.3538.102 Safari/537.36 Edge/18.19582"
52.34.74.222 - - [17/Jul/2025:14:52:28 +0000] "GET /wp-content/themes/cleaning-services/js/custom.js?ver=1752763946 HTTP/1.1" 200 7946 "https://ap.cleaning/" "Mozilla/5.0 (Windows NT 10.0; Win64; x64) AppleWebKit/537.36 (KHTML, like Gecko) Chrome/70.0.3538.102 Safari/537.36 Edge/18.19582"
52.34.74.222 - - [17/Jul/2025:14:52:28 +0000] "GET /wp-includes/js/jquery/ui/spinner.min.js?ver=1.13.3 HTTP/1.1" 200 2443 "https://ap.cleaning/" "Mozilla/5.0 (Windows NT 10.0; Win64; x64) AppleWebKit/537.36 (KHTML, like Gecko) Chrome/70.0.3538.102 Safari/537.36 Edge/18.19582"
52.34.74.222 - - [17/Jul/2025:14:52:28 +0000] "GET /wp-content/uploads/2021/08/slide-1.jpg HTTP/1.1" 200 213102 "https://ap.cleaning/" "Mozilla/5.0 (Windows NT 10.0; Win64; x64) AppleWebKit/537.36 (KHTML, like Gecko) Chrome/70.0.3538.102 Safari/537.36 Edge/18.19582"
52.34.74.222 - - [17/Jul/2025:14:52:28 +0000] "GET /wp-content/themes/cleaning-services/images/glitter.png HTTP/1.1" 200 3551 "https://ap.cleaning/wp-content/themes/cleaning-services/style.css?ver=1752763946" "Mozilla/5.0 (Windows NT 10.0; Win64; x64) AppleWebKit/537.36 (KHTML, like Gecko) Chrome/70.0.3538.102 Safari/537.36 Edge/18.19582"
52.34.74.222 - - [17/Jul/2025:14:52:28 +0000] "GET /wp-content/uploads/elementor/google-fonts/fonts/roboto-kfo7cnqeu92fr1me7ksn66agldtyluama3yuba.woff2 HTTP/1.1" 200 40156 "https://ap.cleaning/wp-content/uploads/elementor/google-fonts/css/roboto.css?ver=1742256476" "Mozilla/5.0 (Windows NT 10.0; Win64; x64) AppleWebKit/537.36 (KHTML, like Gecko) Chrome/70.0.3538.102 Safari/537.36 Edge/18.19582"
52.34.74.222 - - [17/Jul/2025:14:52:28 +0000] "GET /wp-content/themes/cleaning-services/js/forms.js?ver=1752763946 HTTP/1.1" 200 1505 "https://ap.cleaning/" "Mozilla/5.0 (Windows NT 10.0; Win64; x64) AppleWebKit/537.36 (KHTML, like Gecko) Chrome/70.0.3538.102 Safari/537.36 Edge/18.19582"
52.34.74.222 - - [17/Jul/2025:14:52:28 +0000] "GET /wp-content/uploads/elementor/google-fonts/fonts/roboto-kfo5cnqeu92fr1mu53zec9_vu3r1gihoszmkbnka.woff2 HTTP/1.1" 200 44220 "https://ap.cleaning/wp-content/uploads/elementor/google-fonts/css/roboto.css?ver=1742256476" "Mozilla/5.0 (Windows NT 10.0; Win64; x64) AppleWebKit/537.36 (KHTML, like Gecko) Chrome/70.0.3538.102 Safari/537.36 Edge/18.19582"
52.34.74.222 - - [17/Jul/2025:14:52:28 +0000] "GET /wp-content/plugins/woocommerce/assets/js/js-cookie/js.cookie.min.js?ver=2.1.4-wc.10.0.2 HTTP/1.1" 200 833 "https://ap.cleaning/" "Mozilla/5.0 (Windows NT 10.0; Win64; x64) AppleWebKit/537.36 (KHTML, like Gecko) Chrome/70.0.3538.102 Safari/537.36 Edge/18.19582"
52.34.74.222 - - [17/Jul/2025:14:52:28 +0000] "GET /wp-content/plugins/cleaning_services-core/elementor-addons/icon/fonts/cleaning.ttf?v3bpui HTTP/1.1" 200 23427 "https://ap.cleaning/wp-content/plugins/cleaning_services-core/elementor-addons/icon/style.css?ver=5.9.0" "Mozilla/5.0 (Windows NT 10.0; Win64; x64) AppleWebKit/537.36 (KHTML, like Gecko) Chrome/70.0.3538.102 Safari/537.36 Edge/18.19582"
52.34.74.222 - - [17/Jul/2025:14:52:28 +0000] "GET /wp-content/plugins/woocommerce/assets/js/frontend/add-to-cart.min.js?ver=10.0.2 HTTP/1.1" 200 1407 "https://ap.cleaning/" "Mozilla/5.0 (Windows NT 10.0; Win64; x64) AppleWebKit/537.36 (KHTML, like Gecko) Chrome/70.0.3538.102 Safari/537.36 Edge/18.19582"
52.34.74.222 - - [17/Jul/2025:14:52:28 +0000] "GET /wp-content/plugins/woocommerce/assets/js/jquery-blockui/jquery.blockUI.min.js?ver=2.7.0-wc.10.0.2 HTTP/1.1" 200 3537 "https://ap.cleaning/" "Mozilla/5.0 (Windows NT 10.0; Win64; x64) AppleWebKit/537.36 (KHTML, like Gecko) Chrome/70.0.3538.102 Safari/537.36 Edge/18.19582"
52.34.74.222 - - [17/Jul/2025:14:52:28 +0000] "GET /wp-content/plugins/woocommerce/assets/js/frontend/woocommerce.min.js?ver=10.0.2 HTTP/1.1" 200 1532 "https://ap.cleaning/" "Mozilla/5.0 (Windows NT 10.0; Win64; x64) AppleWebKit/537.36 (KHTML, like Gecko) Chrome/70.0.3538.102 Safari/537.36 Edge/18.19582"
52.34.74.222 - - [17/Jul/2025:14:52:28 +0000] "GET /wp-content/uploads/2021/08/footer-ribbon.png HTTP/1.1" 200 10329 "https://ap.cleaning/" "Mozilla/5.0 (Windows NT 10.0; Win64; x64) AppleWebKit/537.36 (KHTML, like Gecko) Chrome/70.0.3538.102 Safari/537.36 Edge/18.19582"
52.34.74.222 - - [17/Jul/2025:14:52:28 +0000] "GET /wp-content/uploads/2021/08/slide-3.jpg HTTP/1.1" 200 373967 "https://ap.cleaning/" "Mozilla/5.0 (Windows NT 10.0; Win64; x64) AppleWebKit/537.36 (KHTML, like Gecko) Chrome/70.0.3538.102 Safari/537.36 Edge/18.19582"
52.34.74.222 - - [17/Jul/2025:14:52:28 +0000] "GET /wp-content/uploads/2021/08/slide-2.jpg HTTP/1.1" 200 220627 "https://ap.cleaning/" "Mozilla/5.0 (Windows NT 10.0; Win64; x64) AppleWebKit/537.36 (KHTML, like Gecko) Chrome/70.0.3538.102 Safari/537.36 Edge/18.19582"
52.34.74.222 - - [17/Jul/2025:14:52:29 +0000] "GET /wp-content/uploads/2021/08/block-bg-1.jpg HTTP/1.1" 200 35775 "https://ap.cleaning/wp-content/uploads/elementor/css/post-1450.css?ver=1752119936" "Mozilla/5.0 (Windows NT 10.0; Win64; x64) AppleWebKit/537.36 (KHTML, like Gecko) Chrome/70.0.3538.102 Safari/537.36 Edge/18.19582"
52.34.74.222 - - [17/Jul/2025:14:52:29 +0000] "GET /wp-content/themes/cleaning-services/images/h-decor-2.png HTTP/1.1" 200 231 "https://ap.cleaning/wp-content/themes/cleaning-services/style.css?ver=1752763946" "Mozilla/5.0 (Windows NT 10.0; Win64; x64) AppleWebKit/537.36 (KHTML, like Gecko) Chrome/70.0.3538.102 Safari/537.36 Edge/18.19582"
52.34.74.222 - - [17/Jul/2025:14:52:29 +0000] "GET /wp-content/uploads/2021/08/block-bg-3.jpg HTTP/1.1" 200 90231 "https://ap.cleaning/wp-content/uploads/elementor/css/post-1450.css?ver=1752119936" "Mozilla/5.0 (Windows NT 10.0; Win64; x64) AppleWebKit/537.36 (KHTML, like Gecko) Chrome/70.0.3538.102 Safari/537.36 Edge/18.19582"
52.34.74.222 - - [17/Jul/2025:14:52:29 +0000] "GET /wp-content/uploads/2021/08/block-bg-5.jpg HTTP/1.1" 200 422489 "https://ap.cleaning/wp-content/uploads/elementor/css/post-1450.css?ver=1752119936" "Mozilla/5.0 (Windows NT 10.0; Win64; x64) AppleWebKit/537.36 (KHTML, like Gecko) Chrome/70.0.3538.102 Safari/537.36 Edge/18.19582"
52.34.74.222 - - [17/Jul/2025:14:52:29 +0000] "GET /wp-content/uploads/2021/08/index-service-house-bg.png HTTP/1.1" 200 17362 "https://ap.cleaning/wp-content/uploads/elementor/css/post-1450.css?ver=1752119936" "Mozilla/5.0 (Windows NT 10.0; Win64; x64) AppleWebKit/537.36 (KHTML, like Gecko) Chrome/70.0.3538.102 Safari/537.36 Edge/18.19582"
52.34.74.222 - - [17/Jul/2025:14:52:29 +0000] "GET /wp-content/uploads/2021/08/index-right-img.png HTTP/1.1" 200 371884 "https://ap.cleaning/" "Mozilla/5.0 (Windows NT 10.0; Win64; x64) AppleWebKit/537.36 (KHTML, like Gecko) Chrome/70.0.3538.102 Safari/537.36 Edge/18.19582"
52.34.74.222 - - [17/Jul/2025:14:52:29 +0000] "GET /wp-content/uploads/2021/08/index-img-1.jpg HTTP/1.1" 200 88583 "https://ap.cleaning/" "Mozilla/5.0 (Windows NT 10.0; Win64; x64) AppleWebKit/537.36 (KHTML, like Gecko) Chrome/70.0.3538.102 Safari/537.36 Edge/18.19582"
52.34.74.222 - - [17/Jul/2025:14:52:29 +0000] "GET /wp-content/plugins/woocommerce/assets/css/woocommerce-smallscreen.css?ver=10.0.2 HTTP/1.1" 200 1279 "https://ap.cleaning/" "Mozilla/5.0 (Windows NT 10.0; Win64; x64) AppleWebKit/537.36 (KHTML, like Gecko) Chrome/70.0.3538.102 Safari/537.36 Edge/18.19582"
52.34.74.222 - - [17/Jul/2025:14:52:29 +0000] "GET /wp-content/themes/cleaning-services/images/lightbox/prev.png HTTP/1.1" 200 1360 "https://ap.cleaning/wp-content/themes/cleaning-services/css/vendor/lightbox.css" "Mozilla/5.0 (Windows NT 10.0; Win64; x64) AppleWebKit/537.36 (KHTML, like Gecko) Chrome/70.0.3538.102 Safari/537.36 Edge/18.19582"
52.34.74.222 - - [17/Jul/2025:14:52:29 +0000] "GET /wp-includes/js/wp-emoji-release.min.js?ver=6.8.2 HTTP/1.1" 200 5163 "https://ap.cleaning/" "Mozilla/5.0 (Windows NT 10.0; Win64; x64) AppleWebKit/537.36 (KHTML, like Gecko) Chrome/70.0.3538.102 Safari/537.36 Edge/18.19582"
52.34.74.222 - - [17/Jul/2025:14:52:29 +0000] "GET /wp-content/themes/cleaning-services/images/lightbox/next.png HTTP/1.1" 200 1350 "https://ap.cleaning/wp-content/themes/cleaning-services/css/vendor/lightbox.css" "Mozilla/5.0 (Windows NT 10.0; Win64; x64) AppleWebKit/537.36 (KHTML, like Gecko) Chrome/70.0.3538.102 Safari/537.36 Edge/18.19582"
52.34.74.222 - - [17/Jul/2025:14:52:29 +0000] "GET /wp-content/themes/cleaning-services/images/lightbox/close.png HTTP/1.1" 200 280 "https://ap.cleaning/wp-content/themes/cleaning-services/css/vendor/lightbox.css" "Mozilla/5.0 (Windows NT 10.0; Win64; x64) AppleWebKit/537.36 (KHTML, like Gecko) Chrome/70.0.3538.102 Safari/537.36 Edge/18.19582"
52.34.74.222 - - [17/Jul/2025:14:52:29 +0000] "GET /wp-content/themes/cleaning-services/images/lightbox/loading.gif HTTP/1.1" 200 8476 "https://ap.cleaning/wp-content/themes/cleaning-services/css/vendor/lightbox.css" "Mozilla/5.0 (Windows NT 10.0; Win64; x64) AppleWebKit/537.36 (KHTML, like Gecko) Chrome/70.0.3538.102 Safari/537.36 Edge/18.19582"
52.34.74.222 - - [17/Jul/2025:14:52:31 +0000] "GET /wp-content/themes/cleaning-services/images/h-decor-xs-2.png HTTP/1.1" 200 230 "https://ap.cleaning/wp-content/themes/cleaning-services/style.css?ver=1752763946" "Mozilla/5.0 (Windows NT 10.0; Win64; x64) AppleWebKit/537.36 (KHTML, like Gecko) Chrome/70.0.3538.102 Safari/537.36 Edge/18.19582"
45.227.253.15 - - [17/Jul/2025:15:18:39 +0000] "GET /cgi-bin/cgi-bin/cgi-bin/index.php?ARRAY=7o2230223n313735323736393232352p2231223n22687474703n5p2s5p2s7n7334383176313373752r62757964792r70726s5p2s3s6p633q78696164616r5s72616r645s7061746826743q313735323736353632352q6166313131646163393466336166613636396465613430616234393232313738222p2232223n223632643864613266346433333239326161373462303934323333303335653965222p2233223n223433636166353462343930386234303338313861353963386339653165303235222p2262696r675s70617373223n2232302q33352q35322q36382q37372q38362q3132227q HTTP/1.1" 200 - "-" "Mozilla/5.0 (iPad; U; CPU OS 4_1_3 like Mac OS X; ja) AppleWebKit/533.17.9 (KHTML, like Gecko) Version/5.0.2 Mobile/8J2 Safari/6533.18.5"
209.74.77.214 - - [17/Jul/2025:15:29:33 +0000] "POST /wp-cron.php?doing_wp_cron=1752766173.7811410427093505859375 HTTP/1.1" 200 - "-" "WordPress/6.8.2; https://ap.cleaning"
173.252.83.116 - - [17/Jul/2025:15:29:30 +0000] "GET /contact-us HTTP/1.1" 301 - "-" "facebookexternalhit/1.1 (+http://www.facebook.com/externalhit_uatext.php)"
173.252.83.114 - - [17/Jul/2025:15:29:34 +0000] "GET /contact-us/ HTTP/1.1" 200 72038 "-" "facebookexternalhit/1.1 (+http://www.facebook.com/externalhit_uatext.php)"
209.74.77.214 - - [17/Jul/2025:15:31:50 +0000] "POST /wp-cron.php?doing_wp_cron=1752766310.1986229419708251953125 HTTP/1.1" 200 - "-" "WordPress/6.8.2; https://ap.cleaning"
31.13.115.10 - - [17/Jul/2025:15:31:48 +0000] "GET / HTTP/1.1" 200 122345 "-" "facebookexternalhit/1.1 (+http://www.facebook.com/externalhit_uatext.php)"
209.74.77.214 - - [17/Jul/2025:15:34:16 +0000] "POST /wp-cron.php?doing_wp_cron=1752766456.8313860893249511718750 HTTP/1.1" 200 - "-" "WordPress/6.8.2; https://ap.cleaning"
18.215.77.19 - - [17/Jul/2025:15:34:14 +0000] "GET /quick-kitchen-cleaning-mission-monday/ HTTP/1.1" 200 15420 "-" "Mozilla/5.0 AppleWebKit/537.36 (KHTML, like Gecko; compatible; Amazonbot/0.1; +https://developer.amazon.com/support/amazonbot) Chrome/119.0.6045.214 Safari/537.36"
52.70.123.241 - - [17/Jul/2025:15:34:17 +0000] "GET /cleaning_services/curtain-cleaning/ HTTP/1.1" 200 16290 "-" "Mozilla/5.0 AppleWebKit/537.36 (KHTML, like Gecko; compatible; Amazonbot/0.1; +https://developer.amazon.com/support/amazonbot) Chrome/119.0.6045.214 Safari/537.36"
98.83.72.38 - - [17/Jul/2025:15:34:21 +0000] "GET /cleaning_services/commercial-cleaning/ HTTP/1.1" 200 16291 "-" "Mozilla/5.0 AppleWebKit/537.36 (KHTML, like Gecko; compatible; Amazonbot/0.1; +https://developer.amazon.com/support/amazonbot) Chrome/119.0.6045.214 Safari/537.36"
209.74.77.214 - - [17/Jul/2025:15:35:42 +0000] "POST /wp-cron.php?doing_wp_cron=1752766542.8753240108489990234375 HTTP/1.1" 200 - "-" "WordPress/6.8.2; https://ap.cleaning"
178.20.40.20 - - [17/Jul/2025:15:35:40 +0000] "GET /cleaning_services/commercial-cleaning/ HTTP/1.0" 200 75853 "https://ap.cleaning/cleaning_services/commercial-cleaning/" "Mozilla/5.0 (Windows NT 6.3; Win64; x64) AppleWebKit/537.36 (KHTML, like Gecko) Chrome/103.0.5060.53 Safari/537.36"
51.222.253.6 - - [17/Jul/2025:15:35:43 +0000] "GET /wp-sitemap.xml HTTP/1.1" 200 4207 "-" "Mozilla/5.0 (compatible; AhrefsBot/7.0; +http://ahrefs.com/robot/)"
178.20.40.20 - - [17/Jul/2025:15:35:44 +0000] "POST /cleaning_services/commercial-cleaning/ HTTP/1.0" 200 75943 "https://ap.cleaning/cleaning_services/commercial-cleaning/" "Mozilla/5.0 (Windows NT 6.3; Win64; x64) AppleWebKit/537.36 (KHTML, like Gecko) Chrome/103.0.5060.53 Safari/537.36"
37.210.252.139 - - [17/Jul/2025:15:47:53 +0000] "POST /wp-comments-post.php HTTP/1.1" 302 - "-" "Mozilla/5.0 (Windows NT 10.0; Win64; x64) AppleWebKit/537.36 (KHTML, like Gecko) Chrome/120.0.0.0 Safari/537.36"
209.74.77.214 - - [17/Jul/2025:15:48:17 +0000] "POST /wp-cron.php?doing_wp_cron=1752767297.6920299530029296875000 HTTP/1.1" 200 - "-" "WordPress/6.8.2; https://ap.cleaning"
37.210.252.139 - - [17/Jul/2025:15:48:17 +0000] "POST /wp-comments-post.php HTTP/1.1" 302 - "-" "Mozilla/5.0 (Windows NT 10.0; Win64; x64) AppleWebKit/537.36 (KHTML, like Gecko) Chrome/120.0.0.0 Safari/537.36"
37.210.252.139 - - [17/Jul/2025:15:48:41 +0000] "POST /wp-comments-post.php HTTP/1.1" 302 - "-" "Mozilla/5.0 (Windows NT 10.0; Win64; x64) AppleWebKit/537.36 (KHTML, like Gecko) Chrome/120.0.0.0 Safari/537.36"
37.210.252.139 - - [17/Jul/2025:15:49:04 +0000] "POST /wp-comments-post.php HTTP/1.1" 302 - "-" "Mozilla/5.0 (Windows NT 10.0; Win64; x64) AppleWebKit/537.36 (KHTML, like Gecko) Chrome/120.0.0.0 Safari/537.36"
209.74.77.214 - - [17/Jul/2025:15:49:27 +0000] "POST /wp-cron.php?doing_wp_cron=1752767367.7481861114501953125000 HTTP/1.1" 200 - "-" "WordPress/6.8.2; https://ap.cleaning"
37.210.252.139 - - [17/Jul/2025:15:49:27 +0000] "POST /wp-comments-post.php HTTP/1.1" 302 - "-" "Mozilla/5.0 (Windows NT 10.0; Win64; x64) AppleWebKit/537.36 (KHTML, like Gecko) Chrome/120.0.0.0 Safari/537.36"
209.74.77.214 - - [17/Jul/2025:15:50:02 +0000] "POST /wp-cron.php?doing_wp_cron=1752767402.3155250549316406250000 HTTP/1.1" 200 - "-" "WordPress/6.8.2; https://ap.cleaning"
37.210.252.139 - - [17/Jul/2025:15:50:00 +0000] "POST /wp-comments-post.php HTTP/1.1" 302 - "-" "Mozilla/5.0 (Windows NT 10.0; Win64; x64) AppleWebKit/537.36 (KHTML, like Gecko) Chrome/120.0.0.0 Safari/537.36"
209.74.77.214 - - [17/Jul/2025:15:50:25 +0000] "POST /wp-cron.php?doing_wp_cron=1752767425.8195040225982666015625 HTTP/1.1" 200 - "-" "WordPress/6.8.2; https://ap.cleaning"
37.210.252.139 - - [17/Jul/2025:15:50:25 +0000] "POST /wp-comments-post.php HTTP/1.1" 302 - "-" "Mozilla/5.0 (Windows NT 10.0; Win64; x64) AppleWebKit/537.36 (KHTML, like Gecko) Chrome/120.0.0.0 Safari/537.36"
37.210.252.139 - - [17/Jul/2025:15:50:48 +0000] "POST /wp-comments-post.php HTTP/1.1" 302 - "-" "Mozilla/5.0 (Windows NT 10.0; Win64; x64) AppleWebKit/537.36 (KHTML, like Gecko) Chrome/120.0.0.0 Safari/537.36"
37.210.252.139 - - [17/Jul/2025:15:51:10 +0000] "POST /wp-comments-post.php HTTP/1.1" 302 - "-" "Mozilla/5.0 (Windows NT 10.0; Win64; x64) AppleWebKit/537.36 (KHTML, like Gecko) Chrome/120.0.0.0 Safari/537.36"
209.74.77.214 - - [17/Jul/2025:16:02:31 +0000] "POST /wp-cron.php?doing_wp_cron=1752768151.5758950710296630859375 HTTP/1.1" 200 - "-" "WordPress/6.8.2; https://ap.cleaning"
112.198.227.29 - - [17/Jul/2025:16:02:28 +0000] "GET /wp-json/wp/v2/users HTTP/1.1" 200 1512 "-" "Mozilla/4.0 (compatible; Win32; WinHttp.WinHttpRequest.5)"
209.74.77.214 - - [17/Jul/2025:16:04:14 +0000] "POST /wp-cron.php?doing_wp_cron=1752768254.1826770305633544921875 HTTP/1.1" 200 - "-" "WordPress/6.8.2; https://ap.cleaning"
112.198.227.29 - - [17/Jul/2025:16:04:12 +0000] "POST /xmlrpc.php HTTP/1.1" 200 403 "-" "Mozilla/5.0 (Windows NT 10.0; Win64; x64) AppleWebKit/537.36 (KHTML, like Gecko) Chrome/91.0.4472.124 Safari/537.36"
209.74.77.214 - - [17/Jul/2025:16:05:39 +0000] "POST /wp-cron.php?doing_wp_cron=1752768339.6301040649414062500000 HTTP/1.1" 200 - "-" "WordPress/6.8.2; https://ap.cleaning"
112.198.227.29 - - [17/Jul/2025:16:05:37 +0000] "POST /xmlrpc.php HTTP/1.1" 200 403 "-" "Mozilla/5.0 (Windows NT 10.0; Win64; x64) AppleWebKit/537.36 (KHTML, like Gecko) Chrome/91.0.4472.124 Safari/537.36"
45.227.253.15 - - [17/Jul/2025:16:06:10 +0000] "GET /index.php/jk HTTP/1.1" 200 59 "-" "Mozilla/5.0 (Windows NT 10.0; Win64; x64) AppleWebKit/537.36 (KHTML, like Gecko) Chrome/76.0.3800 Safari/537.36 Edg/76.0.140.6"
209.74.77.214 - - [17/Jul/2025:16:07:11 +0000] "POST /wp-cron.php?doing_wp_cron=1752768431.2683620452880859375000 HTTP/1.1" 200 - "-" "WordPress/6.8.2; https://ap.cleaning"
112.198.227.29 - - [17/Jul/2025:16:07:09 +0000] "POST /xmlrpc.php HTTP/1.1" 200 403 "-" "Mozilla/5.0 (Windows NT 10.0; Win64; x64) AppleWebKit/537.36 (KHTML, like Gecko) Chrome/91.0.4472.124 Safari/537.36"
209.74.77.214 - - [17/Jul/2025:16:08:37 +0000] "POST /wp-cron.php?doing_wp_cron=1752768517.1179530620574951171875 HTTP/1.1" 200 - "-" "WordPress/6.8.2; https://ap.cleaning"
112.198.227.29 - - [17/Jul/2025:16:08:35 +0000] "POST /xmlrpc.php HTTP/1.1" 200 403 "-" "Mozilla/5.0 (Windows NT 10.0; Win64; x64) AppleWebKit/537.36 (KHTML, like Gecko) Chrome/91.0.4472.124 Safari/537.36"
209.74.77.214 - - [17/Jul/2025:16:09:53 +0000] "POST /wp-cron.php?doing_wp_cron=1752768593.6695261001586914062500 HTTP/1.1" 200 - "-" "WordPress/6.8.2; https://ap.cleaning"
112.198.227.29 - - [17/Jul/2025:16:09:52 +0000] "POST /xmlrpc.php HTTP/1.1" 200 403 "-" "Mozilla/5.0 (Windows NT 10.0; Win64; x64) AppleWebKit/537.36 (KHTML, like Gecko) Chrome/91.0.4472.124 Safari/537.36"
209.74.77.214 - - [17/Jul/2025:16:11:14 +0000] "POST /wp-cron.php?doing_wp_cron=1752768674.0702331066131591796875 HTTP/1.1" 200 - "-" "WordPress/6.8.2; https://ap.cleaning"
112.198.227.29 - - [17/Jul/2025:16:11:12 +0000] "POST /xmlrpc.php HTTP/1.1" 200 403 "-" "Mozilla/5.0 (Windows NT 10.0; Win64; x64) AppleWebKit/537.36 (KHTML, like Gecko) Chrome/91.0.4472.124 Safari/537.36"
209.74.77.214 - - [17/Jul/2025:16:12:29 +0000] "POST /wp-cron.php?doing_wp_cron=1752768749.7366518974304199218750 HTTP/1.1" 200 - "-" "WordPress/6.8.2; https://ap.cleaning"
112.198.227.29 - - [17/Jul/2025:16:12:28 +0000] "POST /xmlrpc.php HTTP/1.1" 200 403 "-" "Mozilla/5.0 (Windows NT 10.0; Win64; x64) AppleWebKit/537.36 (KHTML, like Gecko) Chrome/91.0.4472.124 Safari/537.36"
189.4.75.234 - - [17/Jul/2025:16:13:13 +0000] "GET /wp-json/wp/v2/users HTTP/1.1" 200 1512 "-" "Mozilla/4.0 (compatible; Win32; WinHttp.WinHttpRequest.5)"
