209.74.77.214 - - [17/Jul/2025:16:13:51 +0000] "POST /wp-cron.php?doing_wp_cron=1752768831.7023499011993408203125 HTTP/1.1" 200 - "-" "WordPress/6.8.2; https://ap.cleaning"
112.198.227.29 - - [17/Jul/2025:16:13:49 +0000] "POST /xmlrpc.php HTTP/1.1" 200 403 "-" "Mozilla/5.0 (Windows NT 10.0; Win64; x64) AppleWebKit/537.36 (KHTML, like Gecko) Chrome/91.0.4472.124 Safari/537.36"
209.74.77.214 - - [17/Jul/2025:16:14:36 +0000] "POST /wp-cron.php?doing_wp_cron=1752768876.3341140747070312500000 HTTP/1.1" 200 - "-" "WordPress/6.8.2; https://ap.cleaning"
189.4.75.234 - - [17/Jul/2025:16:14:34 +0000] "POST /xmlrpc.php HTTP/1.1" 200 403 "-" "Mozilla/5.0 (Linux; Android 10; arm64) AppleWebKit/537.36 (KHTML, like Gecko) Safari/13.0.0.0 Safari/537.36"
112.198.227.29 - - [17/Jul/2025:16:15:06 +0000] "POST /xmlrpc.php HTTP/1.1" 200 403 "-" "Mozilla/5.0 (Windows NT 10.0; Win64; x64) AppleWebKit/537.36 (KHTML, like Gecko) Chrome/91.0.4472.124 Safari/537.36"
209.74.77.214 - - [17/Jul/2025:16:15:48 +0000] "POST /wp-cron.php?doing_wp_cron=1752768948.3668239116668701171875 HTTP/1.1" 200 - "-" "WordPress/6.8.2; https://ap.cleaning"
189.4.75.234 - - [17/Jul/2025:16:15:46 +0000] "POST /xmlrpc.php HTTP/1.1" 200 403 "-" "Mozilla/5.0 (X11; Ubuntu; Linux x86_64; x86) AppleWebKit/537.36 (KHTML, like Gecko) Safari/11.0.0.0 Safari/537.36"
209.74.77.214 - - [17/Jul/2025:16:16:17 +0000] "POST /wp-cron.php?doing_wp_cron=1752768977.8623991012573242187500 HTTP/1.1" 200 - "-" "WordPress/6.8.2; https://ap.cleaning"
112.198.227.29 - - [17/Jul/2025:16:16:17 +0000] "POST /xmlrpc.php HTTP/1.1" 200 403 "-" "Mozilla/5.0 (Windows NT 10.0; Win64; x64) AppleWebKit/537.36 (KHTML, like Gecko) Chrome/91.0.4472.124 Safari/537.36"
189.4.75.234 - - [17/Jul/2025:16:17:01 +0000] "POST /xmlrpc.php HTTP/1.1" 200 403 "-" "Mozilla/5.0 (Linux; Android 10; x64) AppleWebKit/537.36 (KHTML, like Gecko) Chrome/111.0.0.0 Safari/537.36"
209.74.77.214 - - [17/Jul/2025:16:17:28 +0000] "POST /wp-cron.php?doing_wp_cron=1752769048.6495270729064941406250 HTTP/1.1" 200 - "-" "WordPress/6.8.2; https://ap.cleaning"
112.198.227.29 - - [17/Jul/2025:16:17:28 +0000] "POST /xmlrpc.php HTTP/1.1" 200 403 "-" "Mozilla/5.0 (Windows NT 10.0; Win64; x64) AppleWebKit/537.36 (KHTML, like Gecko) Chrome/91.0.4472.124 Safari/537.36"
189.4.75.234 - - [17/Jul/2025:16:18:11 +0000] "POST /xmlrpc.php HTTP/1.1" 200 403 "-" "Mozilla/5.0 (X11; Ubuntu; Linux x86_64; arm64) AppleWebKit/537.36 (KHTML, like Gecko) Safari/10.0.0.0 Safari/537.36"
209.74.77.214 - - [17/Jul/2025:16:18:41 +0000] "POST /wp-cron.php?doing_wp_cron=1752769121.8022160530090332031250 HTTP/1.1" 200 - "-" "WordPress/6.8.2; https://ap.cleaning"
112.198.227.29 - - [17/Jul/2025:16:18:41 +0000] "POST /xmlrpc.php HTTP/1.1" 200 403 "-" "Mozilla/5.0 (Windows NT 10.0; Win64; x64) AppleWebKit/537.36 (KHTML, like Gecko) Chrome/91.0.4472.124 Safari/537.36"
209.74.77.214 - - [17/Jul/2025:16:19:24 +0000] "POST /wp-cron.php?doing_wp_cron=1752769164.4668989181518554687500 HTTP/1.1" 200 - "-" "WordPress/6.8.2; https://ap.cleaning"
189.4.75.234 - - [17/Jul/2025:16:19:22 +0000] "POST /xmlrpc.php HTTP/1.1" 200 403 "-" "Mozilla/5.0 (Linux; Android 10; x64) AppleWebKit/537.36 (KHTML, like Gecko) Opera/61.0.0.0 Safari/537.36"
112.198.227.29 - - [17/Jul/2025:16:19:52 +0000] "POST /xmlrpc.php HTTP/1.1" 200 403 "-" "Mozilla/5.0 (Windows NT 10.0; Win64; x64) AppleWebKit/537.36 (KHTML, like Gecko) Chrome/91.0.4472.124 Safari/537.36"
209.74.77.214 - - [17/Jul/2025:16:20:34 +0000] "POST /wp-cron.php?doing_wp_cron=1752769234.4779219627380371093750 HTTP/1.1" 200 - "-" "WordPress/6.8.2; https://ap.cleaning"
189.4.75.234 - - [17/Jul/2025:16:20:32 +0000] "POST /xmlrpc.php HTTP/1.1" 200 403 "-" "Mozilla/5.0 (Windows NT 10.0; x64) AppleWebKit/537.36 (KHTML, like Gecko) Opera/74.0.0.0 Safari/537.36"
112.198.227.29 - - [17/Jul/2025:16:21:04 +0000] "POST /xmlrpc.php HTTP/1.1" 200 403 "-" "Mozilla/5.0 (Windows NT 10.0; Win64; x64) AppleWebKit/537.36 (KHTML, like Gecko) Chrome/91.0.4472.124 Safari/537.36"
209.74.77.214 - - [17/Jul/2025:16:21:44 +0000] "POST /wp-cron.php?doing_wp_cron=1752769304.0679891109466552734375 HTTP/1.1" 200 - "-" "WordPress/6.8.2; https://ap.cleaning"
189.4.75.234 - - [17/Jul/2025:16:21:42 +0000] "POST /xmlrpc.php HTTP/1.1" 200 403 "-" "Mozilla/5.0 (Windows NT 10.0; x64) AppleWebKit/537.36 (KHTML, like Gecko) Edge/93.0.0.0 Safari/537.36"
185.245.106.236 - - [17/Jul/2025:16:21:55 +0000] "GET /cleaning_services/commercial-cleaning/ HTTP/1.0" 200 75853 "https://ap.cleaning/cleaning_services/commercial-cleaning/" "Mozilla/5.0 (Windows NT 6.1; WOW64) AppleWebKit/537.36 (KHTML, like Gecko) Chrome/103.0.0.0 Safari/537.36"
185.245.106.236 - - [17/Jul/2025:16:21:56 +0000] "POST /cleaning_services/commercial-cleaning/ HTTP/1.0" 200 75943 "https://ap.cleaning/cleaning_services/commercial-cleaning/" "Mozilla/5.0 (Windows NT 6.1; WOW64) AppleWebKit/537.36 (KHTML, like Gecko) Chrome/103.0.0.0 Safari/537.36"
112.198.227.29 - - [17/Jul/2025:16:22:11 +0000] "POST /xmlrpc.php HTTP/1.1" 200 403 "-" "Mozilla/5.0 (Windows NT 10.0; Win64; x64) AppleWebKit/537.36 (KHTML, like Gecko) Chrome/91.0.4472.124 Safari/537.36"
209.74.77.214 - - [17/Jul/2025:16:22:51 +0000] "POST /wp-cron.php?doing_wp_cron=1752769371.7352190017700195312500 HTTP/1.1" 200 - "-" "WordPress/6.8.2; https://ap.cleaning"
189.4.75.234 - - [17/Jul/2025:16:22:49 +0000] "POST /xmlrpc.php HTTP/1.1" 200 403 "-" "Mozilla/5.0 (Windows NT 6.3; arm64) AppleWebKit/537.36 (KHTML, like Gecko) Opera/70.0.0.0 Safari/537.36"
209.74.77.214 - - [17/Jul/2025:16:23:21 +0000] "POST /wp-cron.php?doing_wp_cron=1752769401.4396491050720214843750 HTTP/1.1" 200 - "-" "WordPress/6.8.2; https://ap.cleaning"
112.198.227.29 - - [17/Jul/2025:16:23:21 +0000] "POST /xmlrpc.php HTTP/1.1" 200 403 "-" "Mozilla/5.0 (Windows NT 10.0; Win64; x64) AppleWebKit/537.36 (KHTML, like Gecko) Chrome/91.0.4472.124 Safari/537.36"
189.4.75.234 - - [17/Jul/2025:16:23:56 +0000] "POST /xmlrpc.php HTTP/1.1" 200 403 "-" "Mozilla/5.0 (Macintosh; Intel Mac OS X 10_15_7; x64) AppleWebKit/537.36 (KHTML, like Gecko) Edge/99.0.0.0 Safari/537.36"
209.74.77.214 - - [17/Jul/2025:16:24:17 +0000] "POST /wp-cron.php?doing_wp_cron=1752769457.9674150943756103515625 HTTP/1.1" 200 - "-" "WordPress/6.8.2; https://ap.cleaning"
112.198.227.29 - - [17/Jul/2025:16:24:17 +0000] "POST /xmlrpc.php HTTP/1.1" 200 403 "-" "Mozilla/5.0 (Windows NT 10.0; Win64; x64) AppleWebKit/537.36 (KHTML, like Gecko) Chrome/91.0.4472.124 Safari/537.36"
189.4.75.234 - - [17/Jul/2025:16:25:02 +0000] "POST /xmlrpc.php HTTP/1.1" 200 403 "-" "Mozilla/5.0 (Linux; Android 10; arm64) AppleWebKit/537.36 (KHTML, like Gecko) Safari/12.0.0.0 Safari/537.36"
112.198.227.29 - - [17/Jul/2025:16:25:12 +0000] "POST /xmlrpc.php HTTP/1.1" 200 403 "-" "Mozilla/5.0 (Windows NT 10.0; Win64; x64) AppleWebKit/537.36 (KHTML, like Gecko) Chrome/91.0.4472.124 Safari/537.36"
209.74.77.214 - - [17/Jul/2025:16:26:13 +0000] "POST /wp-cron.php?doing_wp_cron=1752769573.2313570976257324218750 HTTP/1.1" 200 - "-" "WordPress/6.8.2; https://ap.cleaning"
189.4.75.234 - - [17/Jul/2025:16:26:11 +0000] "POST /xmlrpc.php HTTP/1.1" 200 403 "-" "Mozilla/5.0 (Windows NT 6.3; x64) AppleWebKit/537.36 (KHTML, like Gecko) Chrome/104.0.0.0 Safari/537.36"
112.198.227.29 - - [17/Jul/2025:16:26:11 +0000] "POST /xmlrpc.php HTTP/1.1" 200 403 "-" "Mozilla/5.0 (Windows NT 10.0; Win64; x64) AppleWebKit/537.36 (KHTML, like Gecko) Chrome/91.0.4472.124 Safari/537.36"
52.3.104.214 - - [17/Jul/2025:16:27:11 +0000] "GET /wp-content/uploads/2024/08/apc_logo2-1.png HTTP/1.1" 200 13229 "-" "Mozilla/5.0 AppleWebKit/537.36 (KHTML, like Gecko; compatible; Amazonbot/0.1; +https://developer.amazon.com/support/amazonbot) Chrome/119.0.6045.214 Safari/537.36"
107.20.255.194 - - [17/Jul/2025:16:27:15 +0000] "GET /wp-content/uploads/2021/08/footer-ribbon.png HTTP/1.1" 200 10329 "-" "Mozilla/5.0 AppleWebKit/537.36 (KHTML, like Gecko; compatible; Amazonbot/0.1; +https://developer.amazon.com/support/amazonbot) Chrome/119.0.6045.214 Safari/537.36"
209.74.77.214 - - [17/Jul/2025:16:27:24 +0000] "POST /wp-cron.php?doing_wp_cron=1752769644.6494750976562500000000 HTTP/1.1" 200 - "-" "WordPress/6.8.2; https://ap.cleaning"
189.4.75.234 - - [17/Jul/2025:16:27:22 +0000] "POST /xmlrpc.php HTTP/1.1" 200 403 "-" "Mozilla/5.0 (Windows NT 6.2; x64) AppleWebKit/537.36 (KHTML, like Gecko) Chrome/101.0.0.0 Safari/537.36"
112.198.227.29 - - [17/Jul/2025:16:27:23 +0000] "POST /xmlrpc.php HTTP/1.1" 200 403 "-" "Mozilla/5.0 (Windows NT 10.0; Win64; x64) AppleWebKit/537.36 (KHTML, like Gecko) Chrome/91.0.4472.124 Safari/537.36"
34.205.163.103 - - [17/Jul/2025:16:27:27 +0000] "GET /wp-content/uploads/2021/08/service-page-6-img.jpg HTTP/1.1" 200 51413 "-" "Mozilla/5.0 AppleWebKit/537.36 (KHTML, like Gecko; compatible; Amazonbot/0.1; +https://developer.amazon.com/support/amazonbot) Chrome/119.0.6045.214 Safari/537.36"
209.74.77.214 - - [17/Jul/2025:16:28:24 +0000] "POST /wp-cron.php?doing_wp_cron=1752769704.4969589710235595703125 HTTP/1.1" 200 - "-" "WordPress/6.8.2; https://ap.cleaning"
112.198.227.29 - - [17/Jul/2025:16:28:22 +0000] "POST /xmlrpc.php HTTP/1.1" 200 403 "-" "Mozilla/5.0 (Windows NT 10.0; Win64; x64) AppleWebKit/537.36 (KHTML, like Gecko) Chrome/91.0.4472.124 Safari/537.36"
189.4.75.234 - - [17/Jul/2025:16:28:26 +0000] "POST /xmlrpc.php HTTP/1.1" 200 403 "-" "Mozilla/5.0 (Macintosh; Intel Mac OS X 10_15_7; x64) AppleWebKit/537.36 (KHTML, like Gecko) Chrome/115.0.0.0 Safari/537.36"
189.4.75.234 - - [17/Jul/2025:16:29:12 +0000] "POST /xmlrpc.php HTTP/1.1" 200 403 "-" "Mozilla/5.0 (Windows NT 6.2; arm64) AppleWebKit/537.36 (KHTML, like Gecko) Opera/63.0.0.0 Safari/537.36"
188.165.192.229 - - [17/Jul/2025:16:29:11 +0000] "POST /xmlrpc.php HTTP/1.1" 200 403 "-" "Mozilla/5.0 (Windows NT 10.0; Win64; x64) AppleWebKit/537.36 (KHTML, like Gecko) Chrome/74.0.3729.131 Safari/537.36"
65.108.238.161 - - [17/Jul/2025:16:29:12 +0000] "POST /xmlrpc.php HTTP/1.1" 200 403 "-" "Mozilla/5.0 (Windows NT 6.0; rv:34.0) Gecko/20100101 Firefox/34.0"
209.74.77.214 - - [17/Jul/2025:16:29:16 +0000] "POST /wp-cron.php?doing_wp_cron=1752769756.5807108879089355468750 HTTP/1.1" 200 - "-" "WordPress/6.8.2; https://ap.cleaning"
112.198.227.29 - - [17/Jul/2025:16:29:15 +0000] "POST /xmlrpc.php HTTP/1.1" 200 403 "-" "Mozilla/5.0 (Windows NT 10.0; Win64; x64) AppleWebKit/537.36 (KHTML, like Gecko) Chrome/91.0.4472.124 Safari/537.36"
92.205.48.162 - - [17/Jul/2025:16:29:29 +0000] "POST /xmlrpc.php HTTP/1.1" 200 403 "-" "Mozilla/5.0 (Windows NT 6.1; Win64; x64; rv:57.0) Gecko/20100101 Firefox/57.0"
188.165.192.229 - - [17/Jul/2025:16:29:40 +0000] "POST /xmlrpc.php HTTP/1.1" 200 403 "-" "Mozilla/5.0 (Windows NT 10.0; Win64; x64; rv:63.0) Gecko/20100101 Firefox/63.0"
44.207.207.36 - - [17/Jul/2025:16:29:55 +0000] "GET /wp-content/uploads/2021/08/service-page-8-img.jpg HTTP/1.1" 200 45878 "-" "Mozilla/5.0 AppleWebKit/537.36 (KHTML, like Gecko; compatible; Amazonbot/0.1; +https://developer.amazon.com/support/amazonbot) Chrome/119.0.6045.214 Safari/537.36"
209.74.77.214 - - [17/Jul/2025:16:30:18 +0000] "POST /wp-cron.php?doing_wp_cron=1752769818.6358079910278320312500 HTTP/1.1" 200 - "-" "WordPress/6.8.2; https://ap.cleaning"
189.4.75.234 - - [17/Jul/2025:16:30:16 +0000] "POST /xmlrpc.php HTTP/1.1" 200 403 "-" "Mozilla/5.0 (Windows NT 6.2; arm64) AppleWebKit/537.36 (KHTML, like Gecko) Chrome/111.0.0.0 Safari/537.36"
54.204.62.163 - - [17/Jul/2025:16:30:24 +0000] "GET /flip-fluff-routine-best-thing-can-furniture/www.sixpack.studio HTTP/1.1" 404 12595 "-" "Mozilla/5.0 AppleWebKit/537.36 (KHTML, like Gecko; compatible; Amazonbot/0.1; +https://developer.amazon.com/support/amazonbot) Chrome/119.0.6045.214 Safari/537.36"
112.198.227.29 - - [17/Jul/2025:16:30:29 +0000] "POST /xmlrpc.php HTTP/1.1" 200 403 "-" "Mozilla/5.0 (Windows NT 10.0; Win64; x64) AppleWebKit/537.36 (KHTML, like Gecko) Chrome/91.0.4472.124 Safari/537.36"
209.74.77.214 - - [17/Jul/2025:16:31:42 +0000] "POST /wp-cron.php?doing_wp_cron=1752769902.3875429630279541015625 HTTP/1.1" 200 - "-" "WordPress/6.8.2; https://ap.cleaning"
112.198.227.29 - - [17/Jul/2025:16:31:40 +0000] "POST /xmlrpc.php HTTP/1.1" 200 403 "-" "Mozilla/5.0 (Windows NT 10.0; Win64; x64) AppleWebKit/537.36 (KHTML, like Gecko) Chrome/91.0.4472.124 Safari/537.36"
209.74.77.214 - - [17/Jul/2025:16:32:35 +0000] "POST /wp-cron.php?doing_wp_cron=1752769955.3677380084991455078125 HTTP/1.1" 200 - "-" "WordPress/6.8.2; https://ap.cleaning"
189.4.75.234 - - [17/Jul/2025:16:32:33 +0000] "POST /xmlrpc.php HTTP/1.1" 200 403 "-" "Mozilla/5.0 (Macintosh; Intel Mac OS X 10_15_7; x86) AppleWebKit/537.36 (KHTML, like Gecko) Safari/12.0.0.0 Safari/537.36"
112.198.227.29 - - [17/Jul/2025:16:32:42 +0000] "POST /xmlrpc.php HTTP/1.1" 200 403 "-" "Mozilla/5.0 (Windows NT 10.0; Win64; x64) AppleWebKit/537.36 (KHTML, like Gecko) Chrome/91.0.4472.124 Safari/537.36"
209.74.77.214 - - [17/Jul/2025:16:33:25 +0000] "POST /wp-cron.php?doing_wp_cron=1752770005.8725500106811523437500 HTTP/1.1" 200 - "-" "WordPress/6.8.2; https://ap.cleaning"
189.4.75.234 - - [17/Jul/2025:16:33:24 +0000] "POST /xmlrpc.php HTTP/1.1" 200 403 "-" "Mozilla/5.0 (X11; Ubuntu; Linux x86_64; arm64) AppleWebKit/537.36 (KHTML, like Gecko) Opera/80.0.0.0 Safari/537.36"
112.198.227.29 - - [17/Jul/2025:16:33:38 +0000] "POST /xmlrpc.php HTTP/1.1" 200 403 "-" "Mozilla/5.0 (Windows NT 10.0; Win64; x64) AppleWebKit/537.36 (KHTML, like Gecko) Chrome/91.0.4472.124 Safari/537.36"
138.246.253.24 - - [17/Jul/2025:16:33:44 +0000] "GET /robots.txt HTTP/1.1" 200 76 "-" "Mozilla/5.0 (Windows NT 10.0; Win64; x64) AppleWebKit/537.36 (KHTML, like Gecko) Chrome/103.0.5060.134 Safari/537.36"
209.74.77.214 - - [17/Jul/2025:16:34:30 +0000] "POST /wp-cron.php?doing_wp_cron=1752770070.6610479354858398437500 HTTP/1.1" 200 - "-" "WordPress/6.8.2; https://ap.cleaning"
189.4.75.234 - - [17/Jul/2025:16:34:28 +0000] "POST /xmlrpc.php HTTP/1.1" 200 403 "-" "Mozilla/5.0 (Windows NT 10.0; x64) AppleWebKit/537.36 (KHTML, like Gecko) Opera/78.0.0.0 Safari/537.36"
112.198.227.29 - - [17/Jul/2025:16:34:32 +0000] "POST /xmlrpc.php HTTP/1.1" 200 403 "-" "Mozilla/5.0 (Windows NT 10.0; Win64; x64) AppleWebKit/537.36 (KHTML, like Gecko) Chrome/91.0.4472.124 Safari/537.36"
209.74.77.214 - - [17/Jul/2025:16:35:23 +0000] "POST /wp-cron.php?doing_wp_cron=1752770123.4061670303344726562500 HTTP/1.1" 200 - "-" "WordPress/6.8.2; https://ap.cleaning"
189.4.75.234 - - [17/Jul/2025:16:35:21 +0000] "POST /xmlrpc.php HTTP/1.1" 200 403 "-" "Mozilla/5.0 (Windows NT 6.2; arm64) AppleWebKit/537.36 (KHTML, like Gecko) Edge/91.0.0.0 Safari/537.36"
112.198.227.29 - - [17/Jul/2025:16:35:36 +0000] "POST /xmlrpc.php HTTP/1.1" 200 403 "-" "Mozilla/5.0 (Windows NT 10.0; Win64; x64) AppleWebKit/537.36 (KHTML, like Gecko) Chrome/91.0.4472.124 Safari/537.36"
209.74.77.214 - - [17/Jul/2025:16:36:16 +0000] "POST /wp-cron.php?doing_wp_cron=1752770176.3404970169067382812500 HTTP/1.1" 200 - "-" "WordPress/6.8.2; https://ap.cleaning"
189.4.75.234 - - [17/Jul/2025:16:36:14 +0000] "POST /xmlrpc.php HTTP/1.1" 200 403 "-" "Mozilla/5.0 (Windows NT 10.0; x64) AppleWebKit/537.36 (KHTML, like Gecko) Opera/73.0.0.0 Safari/537.36"
112.198.227.29 - - [17/Jul/2025:16:36:48 +0000] "POST /xmlrpc.php HTTP/1.1" 200 403 "-" "Mozilla/5.0 (Windows NT 10.0; Win64; x64) AppleWebKit/537.36 (KHTML, like Gecko) Chrome/91.0.4472.124 Safari/537.36"
209.74.77.214 - - [17/Jul/2025:16:37:32 +0000] "POST /wp-cron.php?doing_wp_cron=1752770252.6256010532379150390625 HTTP/1.1" 200 - "-" "WordPress/6.8.2; https://ap.cleaning"
189.4.75.234 - - [17/Jul/2025:16:37:30 +0000] "POST /xmlrpc.php HTTP/1.1" 200 403 "-" "Mozilla/5.0 (Macintosh; Intel Mac OS X 10_15_7; arm64) AppleWebKit/537.36 (KHTML, like Gecko) Firefox/100.0.0.0 Safari/537.36"
209.74.77.214 - - [17/Jul/2025:16:37:53 +0000] "POST /wp-cron.php?doing_wp_cron=1752770273.0835208892822265625000 HTTP/1.1" 200 - "-" "WordPress/6.8.2; https://ap.cleaning"
112.198.227.29 - - [17/Jul/2025:16:37:52 +0000] "POST /xmlrpc.php HTTP/1.1" 200 403 "-" "Mozilla/5.0 (Windows NT 10.0; Win64; x64) AppleWebKit/537.36 (KHTML, like Gecko) Chrome/91.0.4472.124 Safari/537.36"
209.74.77.214 - - [17/Jul/2025:16:38:14 +0000] "POST /wp-cron.php?doing_wp_cron=1752770294.7607131004333496093750 HTTP/1.1" 200 - "-" "WordPress/6.8.2; https://ap.cleaning"
189.4.75.234 - - [17/Jul/2025:16:38:14 +0000] "POST /xmlrpc.php HTTP/1.1" 200 403 "-" "Mozilla/5.0 (Windows NT 10.0; x86) AppleWebKit/537.36 (KHTML, like Gecko) Opera/74.0.0.0 Safari/537.36"
209.74.77.214 - - [17/Jul/2025:16:39:04 +0000] "POST /wp-cron.php?doing_wp_cron=1752770344.4207520484924316406250 HTTP/1.1" 200 - "-" "WordPress/6.8.2; https://ap.cleaning"
112.198.227.29 - - [17/Jul/2025:16:39:01 +0000] "POST /xmlrpc.php HTTP/1.1" 200 403 "-" "Mozilla/5.0 (Windows NT 10.0; Win64; x64) AppleWebKit/537.36 (KHTML, like Gecko) Chrome/91.0.4472.124 Safari/537.36"
209.74.77.214 - - [17/Jul/2025:16:39:33 +0000] "POST /wp-cron.php?doing_wp_cron=1752770373.6932020187377929687500 HTTP/1.1" 200 - "-" "WordPress/6.8.2; https://ap.cleaning"
189.4.75.234 - - [17/Jul/2025:16:39:33 +0000] "POST /xmlrpc.php HTTP/1.1" 200 403 "-" "Mozilla/5.0 (X11; Ubuntu; Linux x86_64; x86) AppleWebKit/537.36 (KHTML, like Gecko) Edge/91.0.0.0 Safari/537.36"
112.198.227.29 - - [17/Jul/2025:16:40:05 +0000] "POST /xmlrpc.php HTTP/1.1" 200 403 "-" "Mozilla/5.0 (Windows NT 10.0; Win64; x64) AppleWebKit/537.36 (KHTML, like Gecko) Chrome/91.0.4472.124 Safari/537.36"
209.74.77.214 - - [17/Jul/2025:16:40:19 +0000] "POST /wp-cron.php?doing_wp_cron=1752770419.7307579517364501953125 HTTP/1.1" 200 - "-" "WordPress/6.8.2; https://ap.cleaning"
189.4.75.234 - - [17/Jul/2025:16:40:19 +0000] "POST /xmlrpc.php HTTP/1.1" 200 403 "-" "Mozilla/5.0 (Windows NT 10.0; x64) AppleWebKit/537.36 (KHTML, like Gecko) Chrome/112.0.0.0 Safari/537.36"
216.73.216.111 - - [17/Jul/2025:16:40:50 +0000] "GET /robots.txt HTTP/1.1" 200 91 "-" "Mozilla/5.0 AppleWebKit/537.36 (KHTML, like Gecko; compatible; ClaudeBot/1.0; [email protected])"
216.73.216.111 - - [17/Jul/2025:16:40:50 +0000] "GET /detail/1222484246.shtm HTTP/1.1" 404 12596 "-" "Mozilla/5.0 AppleWebKit/537.36 (KHTML, like Gecko; compatible; ClaudeBot/1.0; [email protected])"
216.73.216.111 - - [17/Jul/2025:16:40:53 +0000] "GET /detail/1222715101.shtm HTTP/1.1" 404 12595 "-" "Mozilla/5.0 AppleWebKit/537.36 (KHTML, like Gecko; compatible; ClaudeBot/1.0; [email protected])"
112.198.227.29 - - [17/Jul/2025:16:40:56 +0000] "POST /xmlrpc.php HTTP/1.1" 200 403 "-" "Mozilla/5.0 (Windows NT 10.0; Win64; x64) AppleWebKit/537.36 (KHTML, like Gecko) Chrome/91.0.4472.124 Safari/537.36"
216.73.216.111 - - [17/Jul/2025:16:40:56 +0000] "GET /detail/1222497672.shtm HTTP/1.1" 404 12596 "-" "Mozilla/5.0 AppleWebKit/537.36 (KHTML, like Gecko; compatible; ClaudeBot/1.0; [email protected])"
216.73.216.111 - - [17/Jul/2025:16:40:59 +0000] "GET /detail/1222278049.shtm HTTP/1.1" 404 12597 "-" "Mozilla/5.0 AppleWebKit/537.36 (KHTML, like Gecko; compatible; ClaudeBot/1.0; [email protected])"
216.73.216.111 - - [17/Jul/2025:16:41:02 +0000] "GET /detail/1222804945.shtm HTTP/1.1" 404 12596 "-" "Mozilla/5.0 AppleWebKit/537.36 (KHTML, like Gecko; compatible; ClaudeBot/1.0; [email protected])"
216.73.216.111 - - [17/Jul/2025:16:41:05 +0000] "GET /sitemap.xml HTTP/1.1" 200 4218 "-" "Mozilla/5.0 AppleWebKit/537.36 (KHTML, like Gecko; compatible; ClaudeBot/1.0; [email protected])"
216.73.216.111 - - [17/Jul/2025:16:41:08 +0000] "GET /detail/1222736699.shtm HTTP/1.1" 404 12595 "-" "Mozilla/5.0 AppleWebKit/537.36 (KHTML, like Gecko; compatible; ClaudeBot/1.0; [email protected])"
216.73.216.111 - - [17/Jul/2025:16:41:11 +0000] "GET /detail/1222328045.shtm HTTP/1.1" 404 12595 "-" "Mozilla/5.0 AppleWebKit/537.36 (KHTML, like Gecko; compatible; ClaudeBot/1.0; [email protected])"
216.73.216.111 - - [17/Jul/2025:16:41:14 +0000] "GET /?p=359 HTTP/1.1" 301 - "-" "Mozilla/5.0 AppleWebKit/537.36 (KHTML, like Gecko; compatible; ClaudeBot/1.0; [email protected])"
216.73.216.111 - - [17/Jul/2025:16:41:15 +0000] "GET /try-good-enough-method-clean-kitchen/ HTTP/1.1" 200 15529 "https://ap.cleaning/?p=359" "Mozilla/5.0 AppleWebKit/537.36 (KHTML, like Gecko; compatible; ClaudeBot/1.0; [email protected])"
209.74.77.214 - - [17/Jul/2025:16:41:17 +0000] "POST /wp-cron.php?doing_wp_cron=1752770477.9620349407196044921875 HTTP/1.1" 200 - "-" "WordPress/6.8.2; https://ap.cleaning"
216.73.216.111 - - [17/Jul/2025:16:41:17 +0000] "GET /try-good-enough-method-clean-kitchen/feed HTTP/1.1" 301 - "-" "Mozilla/5.0 AppleWebKit/537.36 (KHTML, like Gecko; compatible; ClaudeBot/1.0; [email protected])"
216.73.216.111 - - [17/Jul/2025:16:41:18 +0000] "GET /try-good-enough-method-clean-kitchen/feed/ HTTP/1.1" 200 471 "https://ap.cleaning/try-good-enough-method-clean-kitchen/feed" "Mozilla/5.0 AppleWebKit/537.36 (KHTML, like Gecko; compatible; ClaudeBot/1.0; [email protected])"
189.4.75.234 - - [17/Jul/2025:16:41:26 +0000] "POST /xmlrpc.php HTTP/1.1" 200 403 "-" "Mozilla/5.0 (Windows NT 10.0; x64) AppleWebKit/537.36 (KHTML, like Gecko) Safari/11.0.0.0 Safari/537.36"
216.73.216.111 - - [17/Jul/2025:16:41:43 +0000] "GET /detail/1222474831.shtm HTTP/1.1" 404 12596 "-" "Mozilla/5.0 AppleWebKit/537.36 (KHTML, like Gecko; compatible; ClaudeBot/1.0; [email protected])"
216.73.216.111 - - [17/Jul/2025:16:41:46 +0000] "GET /detail/1222382287.shtm HTTP/1.1" 404 12595 "-" "Mozilla/5.0 AppleWebKit/537.36 (KHTML, like Gecko; compatible; ClaudeBot/1.0; [email protected])"
216.73.216.111 - - [17/Jul/2025:16:41:49 +0000] "GET /detail/1222593713.shtm HTTP/1.1" 404 12596 "-" "Mozilla/5.0 AppleWebKit/537.36 (KHTML, like Gecko; compatible; ClaudeBot/1.0; [email protected])"
216.73.216.111 - - [17/Jul/2025:16:41:52 +0000] "GET /detail/1222792322.shtm HTTP/1.1" 404 12595 "-" "Mozilla/5.0 AppleWebKit/537.36 (KHTML, like Gecko; compatible; ClaudeBot/1.0; [email protected])"
216.73.216.111 - - [17/Jul/2025:16:41:55 +0000] "GET /detail/1222575114.shtm HTTP/1.1" 404 12596 "-" "Mozilla/5.0 AppleWebKit/537.36 (KHTML, like Gecko; compatible; ClaudeBot/1.0; [email protected])"
216.73.216.111 - - [17/Jul/2025:16:41:58 +0000] "GET /detail/1222632110.shtm HTTP/1.1" 404 12596 "-" "Mozilla/5.0 AppleWebKit/537.36 (KHTML, like Gecko; compatible; ClaudeBot/1.0; [email protected])"
216.73.216.111 - - [17/Jul/2025:16:42:01 +0000] "GET /detail/1222582114.shtm HTTP/1.1" 404 12594 "-" "Mozilla/5.0 AppleWebKit/537.36 (KHTML, like Gecko; compatible; ClaudeBot/1.0; [email protected])"
216.73.216.111 - - [17/Jul/2025:16:42:04 +0000] "GET /detail/1222272940.shtm HTTP/1.1" 404 12596 "-" "Mozilla/5.0 AppleWebKit/537.36 (KHTML, like Gecko; compatible; ClaudeBot/1.0; [email protected])"
216.73.216.111 - - [17/Jul/2025:16:42:07 +0000] "GET /detail/1222802022.shtm HTTP/1.1" 404 12594 "-" "Mozilla/5.0 AppleWebKit/537.36 (KHTML, like Gecko; compatible; ClaudeBot/1.0; [email protected])"
112.198.227.29 - - [17/Jul/2025:16:42:08 +0000] "POST /xmlrpc.php HTTP/1.1" 200 403 "-" "Mozilla/5.0 (Windows NT 10.0; Win64; x64) AppleWebKit/537.36 (KHTML, like Gecko) Chrome/91.0.4472.124 Safari/537.36"
216.73.216.111 - - [17/Jul/2025:16:42:10 +0000] "GET /detail/1222778822.shtm HTTP/1.1" 404 12595 "-" "Mozilla/5.0 AppleWebKit/537.36 (KHTML, like Gecko; compatible; ClaudeBot/1.0; [email protected])"
189.4.75.234 - - [17/Jul/2025:16:42:13 +0000] "POST /xmlrpc.php HTTP/1.1" 200 403 "-" "Mozilla/5.0 (Windows NT 6.2; x64) AppleWebKit/537.36 (KHTML, like Gecko) Firefox/75.0.0.0 Safari/537.36"
209.74.77.214 - - [17/Jul/2025:16:42:17 +0000] "POST /wp-cron.php?doing_wp_cron=1752770537.6225039958953857421875 HTTP/1.1" 200 - "-" "WordPress/6.8.2; https://ap.cleaning"
216.73.216.111 - - [17/Jul/2025:16:42:17 +0000] "GET /detail/1222339943.shtm HTTP/1.1" 404 12596 "-" "Mozilla/5.0 AppleWebKit/537.36 (KHTML, like Gecko; compatible; ClaudeBot/1.0; [email protected])"
216.73.216.111 - - [17/Jul/2025:16:42:20 +0000] "GET /detail/1222735601.shtm HTTP/1.1" 404 12595 "-" "Mozilla/5.0 AppleWebKit/537.36 (KHTML, like Gecko; compatible; ClaudeBot/1.0; [email protected])"
216.73.216.111 - - [17/Jul/2025:16:42:23 +0000] "GET /detail/1222704080.shtm HTTP/1.1" 404 12596 "-" "Mozilla/5.0 AppleWebKit/537.36 (KHTML, like Gecko; compatible; ClaudeBot/1.0; [email protected])"
216.73.216.111 - - [17/Jul/2025:16:42:26 +0000] "GET /detail/1222381618.shtm HTTP/1.1" 404 12596 "-" "Mozilla/5.0 AppleWebKit/537.36 (KHTML, like Gecko; compatible; ClaudeBot/1.0; [email protected])"
216.73.216.111 - - [17/Jul/2025:16:42:29 +0000] "GET /detail/1222458986.shtm HTTP/1.1" 404 12595 "-" "Mozilla/5.0 AppleWebKit/537.36 (KHTML, like Gecko; compatible; ClaudeBot/1.0; [email protected])"
216.73.216.111 - - [17/Jul/2025:16:42:32 +0000] "GET /detail/1222726999.shtm HTTP/1.1" 404 12595 "-" "Mozilla/5.0 AppleWebKit/537.36 (KHTML, like Gecko; compatible; ClaudeBot/1.0; [email protected])"
216.73.216.111 - - [17/Jul/2025:16:42:35 +0000] "GET /detail/1222582849.shtm HTTP/1.1" 404 12595 "-" "Mozilla/5.0 AppleWebKit/537.36 (KHTML, like Gecko; compatible; ClaudeBot/1.0; [email protected])"
216.73.216.111 - - [17/Jul/2025:16:42:38 +0000] "GET /detail/1222386727.shtm HTTP/1.1" 404 12596 "-" "Mozilla/5.0 AppleWebKit/537.36 (KHTML, like Gecko; compatible; ClaudeBot/1.0; [email protected])"
112.198.227.29 - - [17/Jul/2025:16:43:01 +0000] "POST /xmlrpc.php HTTP/1.1" 200 403 "-" "Mozilla/5.0 (Windows NT 10.0; Win64; x64) AppleWebKit/537.36 (KHTML, like Gecko) Chrome/91.0.4472.124 Safari/537.36"
216.73.216.111 - - [17/Jul/2025:16:43:08 +0000] "GET /detail/1222389939.shtm HTTP/1.1" 404 12594 "-" "Mozilla/5.0 AppleWebKit/537.36 (KHTML, like Gecko; compatible; ClaudeBot/1.0; [email protected])"
216.73.216.111 - - [17/Jul/2025:16:43:12 +0000] "GET /detail/1222312658.shtm HTTP/1.1" 404 12596 "-" "Mozilla/5.0 AppleWebKit/537.36 (KHTML, like Gecko; compatible; ClaudeBot/1.0; [email protected])"
216.73.216.111 - - [17/Jul/2025:16:43:14 +0000] "GET /detail/1222270314.shtm HTTP/1.1" 404 12595 "-" "Mozilla/5.0 AppleWebKit/537.36 (KHTML, like Gecko; compatible; ClaudeBot/1.0; [email protected])"
209.74.77.214 - - [17/Jul/2025:16:43:17 +0000] "POST /wp-cron.php?doing_wp_cron=1752770597.6560649871826171875000 HTTP/1.1" 200 - "-" "WordPress/6.8.2; https://ap.cleaning"
216.73.216.111 - - [17/Jul/2025:16:43:17 +0000] "GET /detail/1222757938.shtm HTTP/1.1" 404 12595 "-" "Mozilla/5.0 AppleWebKit/537.36 (KHTML, like Gecko; compatible; ClaudeBot/1.0; [email protected])"
189.4.75.234 - - [17/Jul/2025:16:43:18 +0000] "POST /xmlrpc.php HTTP/1.1" 200 403 "-" "Mozilla/5.0 (Linux; Android 10; arm64) AppleWebKit/537.36 (KHTML, like Gecko) Safari/10.0.0.0 Safari/537.36"
216.73.216.111 - - [17/Jul/2025:16:43:20 +0000] "GET /detail/1222569266.shtm HTTP/1.1" 404 12595 "-" "Mozilla/5.0 AppleWebKit/537.36 (KHTML, like Gecko; compatible; ClaudeBot/1.0; [email protected])"
216.73.216.111 - - [17/Jul/2025:16:43:23 +0000] "GET /detail/1222585326.shtm HTTP/1.1" 404 12595 "-" "Mozilla/5.0 AppleWebKit/537.36 (KHTML, like Gecko; compatible; ClaudeBot/1.0; [email protected])"
216.73.216.111 - - [17/Jul/2025:16:43:26 +0000] "GET /detail/1222592264.shtm HTTP/1.1" 404 12595 "-" "Mozilla/5.0 AppleWebKit/537.36 (KHTML, like Gecko; compatible; ClaudeBot/1.0; [email protected])"
216.73.216.111 - - [17/Jul/2025:16:43:29 +0000] "GET /detail/1222363527.shtm HTTP/1.1" 404 12596 "-" "Mozilla/5.0 AppleWebKit/537.36 (KHTML, like Gecko; compatible; ClaudeBot/1.0; [email protected])"
209.74.77.214 - - [17/Jul/2025:16:43:32 +0000] "POST /wp-cron.php?doing_wp_cron=1752770612.6640210151672363281250 HTTP/1.1" 200 - "-" "WordPress/6.8.2; https://ap.cleaning"
216.73.216.111 - - [17/Jul/2025:16:43:32 +0000] "GET /detail/1222828145.shtm HTTP/1.1" 404 12596 "-" "Mozilla/5.0 AppleWebKit/537.36 (KHTML, like Gecko; compatible; ClaudeBot/1.0; [email protected])"
216.73.216.111 - - [17/Jul/2025:16:43:35 +0000] "GET /detail/1222823036.shtm HTTP/1.1" 404 12595 "-" "Mozilla/5.0 AppleWebKit/537.36 (KHTML, like Gecko; compatible; ClaudeBot/1.0; [email protected])"
216.73.216.111 - - [17/Jul/2025:16:43:51 +0000] "GET /detail/1222854363.shtm HTTP/1.1" 404 12596 "-" "Mozilla/5.0 AppleWebKit/537.36 (KHTML, like Gecko; compatible; ClaudeBot/1.0; [email protected])"
216.73.216.111 - - [17/Jul/2025:16:43:52 +0000] "GET /detail/1222461331.shtm HTTP/1.1" 404 12595 "-" "Mozilla/5.0 AppleWebKit/537.36 (KHTML, like Gecko; compatible; ClaudeBot/1.0; [email protected])"
216.73.216.111 - - [17/Jul/2025:16:43:55 +0000] "GET /detail/1222755816.shtm HTTP/1.1" 404 12596 "-" "Mozilla/5.0 AppleWebKit/537.36 (KHTML, like Gecko; compatible; ClaudeBot/1.0; [email protected])"
216.73.216.111 - - [17/Jul/2025:16:43:58 +0000] "GET /detail/1222802600.shtm HTTP/1.1" 404 12594 "-" "Mozilla/5.0 AppleWebKit/537.36 (KHTML, like Gecko; compatible; ClaudeBot/1.0; [email protected])"
216.73.216.111 - - [17/Jul/2025:16:44:01 +0000] "GET /detail/1222363005.shtm HTTP/1.1" 404 12595 "-" "Mozilla/5.0 AppleWebKit/537.36 (KHTML, like Gecko; compatible; ClaudeBot/1.0; [email protected])"
216.73.216.111 - - [17/Jul/2025:16:44:04 +0000] "GET /detail/1222356069.shtm HTTP/1.1" 404 12595 "-" "Mozilla/5.0 AppleWebKit/537.36 (KHTML, like Gecko; compatible; ClaudeBot/1.0; [email protected])"
112.198.227.29 - - [17/Jul/2025:16:44:05 +0000] "POST /xmlrpc.php HTTP/1.1" 200 403 "-" "Mozilla/5.0 (Windows NT 10.0; Win64; x64) AppleWebKit/537.36 (KHTML, like Gecko) Chrome/91.0.4472.124 Safari/537.36"
216.73.216.111 - - [17/Jul/2025:16:44:07 +0000] "GET /detail/1222433152.shtm HTTP/1.1" 404 12595 "-" "Mozilla/5.0 AppleWebKit/537.36 (KHTML, like Gecko; compatible; ClaudeBot/1.0; [email protected])"
216.73.216.111 - - [17/Jul/2025:16:44:10 +0000] "GET /detail/1222414902.shtm HTTP/1.1" 404 12596 "-" "Mozilla/5.0 AppleWebKit/537.36 (KHTML, like Gecko; compatible; ClaudeBot/1.0; [email protected])"
189.4.75.234 - - [17/Jul/2025:16:44:13 +0000] "POST /xmlrpc.php HTTP/1.1" 200 403 "-" "Mozilla/5.0 (X11; Ubuntu; Linux x86_64; arm64) AppleWebKit/537.36 (KHTML, like Gecko) Firefox/93.0.0.0 Safari/537.36"
216.73.216.111 - - [17/Jul/2025:16:44:13 +0000] "GET /detail/1222572635.shtm HTTP/1.1" 404 12595 "-" "Mozilla/5.0 AppleWebKit/537.36 (KHTML, like Gecko; compatible; ClaudeBot/1.0; [email protected])"
209.74.77.214 - - [17/Jul/2025:16:44:16 +0000] "POST /wp-cron.php?doing_wp_cron=1752770656.8302280902862548828125 HTTP/1.1" 200 - "-" "WordPress/6.8.2; https://ap.cleaning"
216.73.216.111 - - [17/Jul/2025:16:44:16 +0000] "GET /detail/1222641521.shtm HTTP/1.1" 404 12596 "-" "Mozilla/5.0 AppleWebKit/537.36 (KHTML, like Gecko; compatible; ClaudeBot/1.0; [email protected])"
216.73.216.111 - - [17/Jul/2025:16:44:29 +0000] "GET /detail/1222495193.shtm HTTP/1.1" 404 12595 "-" "Mozilla/5.0 AppleWebKit/537.36 (KHTML, like Gecko; compatible; ClaudeBot/1.0; [email protected])"
216.73.216.111 - - [17/Jul/2025:16:44:32 +0000] "GET /detail/1222598826.shtm HTTP/1.1" 404 12595 "-" "Mozilla/5.0 AppleWebKit/537.36 (KHTML, like Gecko; compatible; ClaudeBot/1.0; [email protected])"
216.73.216.111 - - [17/Jul/2025:16:44:35 +0000] "GET /detail/1222221790.shtm HTTP/1.1" 404 12596 "-" "Mozilla/5.0 AppleWebKit/537.36 (KHTML, like Gecko; compatible; ClaudeBot/1.0; [email protected])"
216.73.216.111 - - [17/Jul/2025:16:44:38 +0000] "GET /detail/1222837560.shtm HTTP/1.1" 404 12596 "-" "Mozilla/5.0 AppleWebKit/537.36 (KHTML, like Gecko; compatible; ClaudeBot/1.0; [email protected])"
216.73.216.111 - - [17/Jul/2025:16:44:41 +0000] "GET /detail/1222672757.shtm HTTP/1.1" 404 12594 "-" "Mozilla/5.0 AppleWebKit/537.36 (KHTML, like Gecko; compatible; ClaudeBot/1.0; [email protected])"
216.73.216.111 - - [17/Jul/2025:16:44:44 +0000] "GET /detail/1222476722.shtm HTTP/1.1" 404 12595 "-" "Mozilla/5.0 AppleWebKit/537.36 (KHTML, like Gecko; compatible; ClaudeBot/1.0; [email protected])"
216.73.216.111 - - [17/Jul/2025:16:44:47 +0000] "GET /detail/1222275640.shtm HTTP/1.1" 404 12596 "-" "Mozilla/5.0 AppleWebKit/537.36 (KHTML, like Gecko; compatible; ClaudeBot/1.0; [email protected])"
216.73.216.111 - - [17/Jul/2025:16:44:50 +0000] "GET /detail/1222753347.shtm HTTP/1.1" 404 12595 "-" "Mozilla/5.0 AppleWebKit/537.36 (KHTML, like Gecko; compatible; ClaudeBot/1.0; [email protected])"
216.73.216.111 - - [17/Jul/2025:16:44:53 +0000] "GET /detail/1222273526.shtm HTTP/1.1" 404 12593 "-" "Mozilla/5.0 AppleWebKit/537.36 (KHTML, like Gecko; compatible; ClaudeBot/1.0; [email protected])"
216.73.216.111 - - [17/Jul/2025:16:44:56 +0000] "GET /detail/1222590435.shtm HTTP/1.1" 404 12596 "-" "Mozilla/5.0 AppleWebKit/537.36 (KHTML, like Gecko; compatible; ClaudeBot/1.0; [email protected])"
112.198.227.29 - - [17/Jul/2025:16:44:58 +0000] "POST /xmlrpc.php HTTP/1.1" 200 403 "-" "Mozilla/5.0 (Windows NT 10.0; Win64; x64) AppleWebKit/537.36 (KHTML, like Gecko) Chrome/91.0.4472.124 Safari/537.36"
209.74.77.214 - - [17/Jul/2025:16:45:22 +0000] "POST /wp-cron.php?doing_wp_cron=1752770722.2333049774169921875000 HTTP/1.1" 200 - "-" "WordPress/6.8.2; https://ap.cleaning"
189.4.75.234 - - [17/Jul/2025:16:45:22 +0000] "POST /xmlrpc.php HTTP/1.1" 200 403 "-" "Mozilla/5.0 (Windows NT 6.2; x64) AppleWebKit/537.36 (KHTML, like Gecko) Edge/93.0.0.0 Safari/537.36"
216.73.216.111 - - [17/Jul/2025:16:45:26 +0000] "GET /detail/1222379075.shtm HTTP/1.1" 404 12595 "-" "Mozilla/5.0 AppleWebKit/537.36 (KHTML, like Gecko; compatible; ClaudeBot/1.0; [email protected])"
216.73.216.111 - - [17/Jul/2025:16:45:29 +0000] "GET /detail/1222761664.shtm HTTP/1.1" 404 12594 "-" "Mozilla/5.0 AppleWebKit/537.36 (KHTML, like Gecko; compatible; ClaudeBot/1.0; [email protected])"
216.73.216.111 - - [17/Jul/2025:16:45:32 +0000] "GET /detail/1222570001.shtm HTTP/1.1" 404 12595 "-" "Mozilla/5.0 AppleWebKit/537.36 (KHTML, like Gecko; compatible; ClaudeBot/1.0; [email protected])"
216.73.216.111 - - [17/Jul/2025:16:45:35 +0000] "GET /detail/1222556501.shtm HTTP/1.1" 404 12595 "-" "Mozilla/5.0 AppleWebKit/537.36 (KHTML, like Gecko; compatible; ClaudeBot/1.0; [email protected])"
216.73.216.111 - - [17/Jul/2025:16:45:38 +0000] "GET /detail/1222314334.shtm HTTP/1.1" 404 12596 "-" "Mozilla/5.0 AppleWebKit/537.36 (KHTML, like Gecko; compatible; ClaudeBot/1.0; [email protected])"
216.73.216.111 - - [17/Jul/2025:16:45:41 +0000] "GET /detail/1222636412.shtm HTTP/1.1" 404 12596 "-" "Mozilla/5.0 AppleWebKit/537.36 (KHTML, like Gecko; compatible; ClaudeBot/1.0; [email protected])"
216.73.216.111 - - [17/Jul/2025:16:45:44 +0000] "GET /detail/1222376439.shtm HTTP/1.1" 404 12597 "-" "Mozilla/5.0 AppleWebKit/537.36 (KHTML, like Gecko; compatible; ClaudeBot/1.0; [email protected])"
52.6.5.24 - - [17/Jul/2025:16:45:46 +0000] "GET /robots.txt HTTP/1.1" 200 91 "-" "Mozilla/5.0 AppleWebKit/537.36 (KHTML, like Gecko; compatible; Amazonbot/0.1; +https://developer.amazon.com/support/amazonbot) Chrome/119.0.6045.214 Safari/537.36"
52.6.5.24 - - [17/Jul/2025:16:45:46 +0000] "GET /author/apc/ HTTP/1.1" 200 16525 "-" "Mozilla/5.0 AppleWebKit/537.36 (KHTML, like Gecko; compatible; Amazonbot/0.1; +https://developer.amazon.com/support/amazonbot) Chrome/119.0.6045.214 Safari/537.36"
216.73.216.111 - - [17/Jul/2025:16:45:47 +0000] "GET /detail/1222658233.shtm HTTP/1.1" 404 12596 "-" "Mozilla/5.0 AppleWebKit/537.36 (KHTML, like Gecko; compatible; ClaudeBot/1.0; [email protected])"
216.73.216.111 - - [17/Jul/2025:16:45:50 +0000] "GET /detail/1222543139.shtm HTTP/1.1" 404 12594 "-" "Mozilla/5.0 AppleWebKit/537.36 (KHTML, like Gecko; compatible; ClaudeBot/1.0; [email protected])"
216.73.216.111 - - [17/Jul/2025:16:45:53 +0000] "GET /detail/1222347682.shtm HTTP/1.1" 404 12595 "-" "Mozilla/5.0 AppleWebKit/537.36 (KHTML, like Gecko; compatible; ClaudeBot/1.0; [email protected])"
112.198.227.29 - - [17/Jul/2025:16:45:56 +0000] "POST /xmlrpc.php HTTP/1.1" 200 403 "-" "Mozilla/5.0 (Windows NT 10.0; Win64; x64) AppleWebKit/537.36 (KHTML, like Gecko) Chrome/91.0.4472.124 Safari/537.36"
189.4.75.234 - - [17/Jul/2025:16:46:10 +0000] "POST /xmlrpc.php HTTP/1.1" 200 403 "-" "Mozilla/5.0 (X11; Ubuntu; Linux x86_64; x86) AppleWebKit/537.36 (KHTML, like Gecko) Safari/13.0.0.0 Safari/537.36"
209.74.77.214 - - [17/Jul/2025:16:46:19 +0000] "POST /wp-cron.php?doing_wp_cron=1752770779.0341489315032958984375 HTTP/1.1" 200 - "-" "WordPress/6.8.2; https://ap.cleaning"
216.73.216.111 - - [17/Jul/2025:16:46:18 +0000] "GET /detail/1222334834.shtm HTTP/1.1" 404 12595 "-" "Mozilla/5.0 AppleWebKit/537.36 (KHTML, like Gecko; compatible; ClaudeBot/1.0; [email protected])"
216.73.216.111 - - [17/Jul/2025:16:46:21 +0000] "GET /detail/1222680496.shtm HTTP/1.1" 404 12596 "-" "Mozilla/5.0 AppleWebKit/537.36 (KHTML, like Gecko; compatible; ClaudeBot/1.0; [email protected])"
216.73.216.111 - - [17/Jul/2025:16:46:24 +0000] "GET /detail/1222830779.shtm HTTP/1.1" 404 12595 "-" "Mozilla/5.0 AppleWebKit/537.36 (KHTML, like Gecko; compatible; ClaudeBot/1.0; [email protected])"
216.73.216.111 - - [17/Jul/2025:16:46:27 +0000] "GET /detail/1222243025.shtm HTTP/1.1" 404 12595 "-" "Mozilla/5.0 AppleWebKit/537.36 (KHTML, like Gecko; compatible; ClaudeBot/1.0; [email protected])"
216.73.216.111 - - [17/Jul/2025:16:46:30 +0000] "GET /detail/1222311919.shtm HTTP/1.1" 404 12596 "-" "Mozilla/5.0 AppleWebKit/537.36 (KHTML, like Gecko; compatible; ClaudeBot/1.0; [email protected])"
216.73.216.111 - - [17/Jul/2025:16:46:33 +0000] "GET /detail/1222606276.shtm HTTP/1.1" 404 12595 "-" "Mozilla/5.0 AppleWebKit/537.36 (KHTML, like Gecko; compatible; ClaudeBot/1.0; [email protected])"
216.73.216.111 - - [17/Jul/2025:16:46:36 +0000] "GET /detail/1222559265.shtm HTTP/1.1" 404 12595 "-" "Mozilla/5.0 AppleWebKit/537.36 (KHTML, like Gecko; compatible; ClaudeBot/1.0; [email protected])"
216.73.216.111 - - [17/Jul/2025:16:46:39 +0000] "GET /detail/1222796046.shtm HTTP/1.1" 404 12596 "-" "Mozilla/5.0 AppleWebKit/537.36 (KHTML, like Gecko; compatible; ClaudeBot/1.0; [email protected])"
216.73.216.111 - - [17/Jul/2025:16:46:42 +0000] "GET /detail/1222743125.shtm HTTP/1.1" 404 12595 "-" "Mozilla/5.0 AppleWebKit/537.36 (KHTML, like Gecko; compatible; ClaudeBot/1.0; [email protected])"
216.73.216.111 - - [17/Jul/2025:16:46:45 +0000] "GET /detail/1222583435.shtm HTTP/1.1" 404 12595 "-" "Mozilla/5.0 AppleWebKit/537.36 (KHTML, like Gecko; compatible; ClaudeBot/1.0; [email protected])"
203.33.203.148 - - [17/Jul/2025:16:46:47 +0000] "GET / HTTP/1.1" 200 21149 "http://ap.cleaning" "Mozilla/5.0 (iPhone; CPU iPhone OS 13_2_3 like Mac OS X) AppleWebKit/605.1.15 (KHTML, like Gecko) Version/13.0.3 Mobile/15E148 Safari/604.1"
216.73.216.111 - - [17/Jul/2025:16:47:04 +0000] "GET /detail/1222384830.shtm HTTP/1.1" 404 12596 "-" "Mozilla/5.0 AppleWebKit/537.36 (KHTML, like Gecko; compatible; ClaudeBot/1.0; [email protected])"
216.73.216.111 - - [17/Jul/2025:16:47:07 +0000] "GET /detail/1222494524.shtm HTTP/1.1" 404 12596 "-" "Mozilla/5.0 AppleWebKit/537.36 (KHTML, like Gecko; compatible; ClaudeBot/1.0; [email protected])"
216.73.216.111 - - [17/Jul/2025:16:47:10 +0000] "GET /detail/1222780783.shtm HTTP/1.1" 404 12597 "-" "Mozilla/5.0 AppleWebKit/537.36 (KHTML, like Gecko; compatible; ClaudeBot/1.0; [email protected])"
216.73.216.111 - - [17/Jul/2025:16:47:13 +0000] "GET /detail/1222433373.shtm HTTP/1.1" 404 12596 "-" "Mozilla/5.0 AppleWebKit/537.36 (KHTML, like Gecko; compatible; ClaudeBot/1.0; [email protected])"
209.74.77.214 - - [17/Jul/2025:16:47:16 +0000] "POST /wp-cron.php?doing_wp_cron=1752770836.3787078857421875000000 HTTP/1.1" 200 - "-" "WordPress/6.8.2; https://ap.cleaning"
216.73.216.111 - - [17/Jul/2025:16:47:16 +0000] "GET /detail/1222232004.shtm HTTP/1.1" 404 12595 "-" "Mozilla/5.0 AppleWebKit/537.36 (KHTML, like Gecko; compatible; ClaudeBot/1.0; [email protected])"
189.4.75.234 - - [17/Jul/2025:16:47:18 +0000] "POST /xmlrpc.php HTTP/1.1" 200 403 "-" "Mozilla/5.0 (Macintosh; Intel Mac OS X 10_15_7; x64) AppleWebKit/537.36 (KHTML, like Gecko) Safari/14.0.0.0 Safari/537.36"
216.73.216.111 - - [17/Jul/2025:16:47:19 +0000] "GET /detail/1222807645.shtm HTTP/1.1" 404 12596 "-" "Mozilla/5.0 AppleWebKit/537.36 (KHTML, like Gecko; compatible; ClaudeBot/1.0; [email protected])"
112.198.227.29 - - [17/Jul/2025:16:47:20 +0000] "POST /xmlrpc.php HTTP/1.1" 200 403 "-" "Mozilla/5.0 (Windows NT 10.0; Win64; x64) AppleWebKit/537.36 (KHTML, like Gecko) Chrome/91.0.4472.124 Safari/537.36"
216.73.216.111 - - [17/Jul/2025:16:47:22 +0000] "GET /detail/1222845881.shtm HTTP/1.1" 404 12594 "-" "Mozilla/5.0 AppleWebKit/537.36 (KHTML, like Gecko; compatible; ClaudeBot/1.0; [email protected])"
216.73.216.111 - - [17/Jul/2025:16:47:25 +0000] "GET /detail/1222758516.shtm HTTP/1.1" 404 12595 "-" "Mozilla/5.0 AppleWebKit/537.36 (KHTML, like Gecko; compatible; ClaudeBot/1.0; [email protected])"
216.73.216.111 - - [17/Jul/2025:16:47:28 +0000] "GET /detail/1222800121.shtm HTTP/1.1" 404 12596 "-" "Mozilla/5.0 AppleWebKit/537.36 (KHTML, like Gecko; compatible; ClaudeBot/1.0; [email protected])"
216.73.216.111 - - [17/Jul/2025:16:47:31 +0000] "GET /detail/1222821079.shtm HTTP/1.1" 404 12594 "-" "Mozilla/5.0 AppleWebKit/537.36 (KHTML, like Gecko; compatible; ClaudeBot/1.0; [email protected])"
216.73.216.111 - - [17/Jul/2025:16:47:47 +0000] "GET /detail/1222273683.shtm HTTP/1.1" 404 12595 "-" "Mozilla/5.0 AppleWebKit/537.36 (KHTML, like Gecko; compatible; ClaudeBot/1.0; [email protected])"
216.73.216.111 - - [17/Jul/2025:16:47:50 +0000] "GET /detail/1222737277.shtm HTTP/1.1" 404 12594 "-" "Mozilla/5.0 AppleWebKit/537.36 (KHTML, like Gecko; compatible; ClaudeBot/1.0; [email protected])"
216.73.216.111 - - [17/Jul/2025:16:47:53 +0000] "GET /detail/1222582692.shtm HTTP/1.1" 404 12596 "-" "Mozilla/5.0 AppleWebKit/537.36 (KHTML, like Gecko; compatible; ClaudeBot/1.0; [email protected])"
216.73.216.111 - - [17/Jul/2025:16:47:56 +0000] "GET /detail/1222572478.shtm HTTP/1.1" 404 12595 "-" "Mozilla/5.0 AppleWebKit/537.36 (KHTML, like Gecko; compatible; ClaudeBot/1.0; [email protected])"
216.73.216.111 - - [17/Jul/2025:16:47:59 +0000] "GET /detail/1222794948.shtm HTTP/1.1" 404 12596 "-" "Mozilla/5.0 AppleWebKit/537.36 (KHTML, like Gecko; compatible; ClaudeBot/1.0; [email protected])"
216.73.216.111 - - [17/Jul/2025:16:48:02 +0000] "GET /detail/1222842669.shtm HTTP/1.1" 404 12595 "-" "Mozilla/5.0 AppleWebKit/537.36 (KHTML, like Gecko; compatible; ClaudeBot/1.0; [email protected])"
216.73.216.111 - - [17/Jul/2025:16:48:05 +0000] "GET /detail/1222756559.shtm HTTP/1.1" 404 12596 "-" "Mozilla/5.0 AppleWebKit/537.36 (KHTML, like Gecko; compatible; ClaudeBot/1.0; [email protected])"
216.73.216.111 - - [17/Jul/2025:16:48:08 +0000] "GET /detail/1222730492.shtm HTTP/1.1" 404 12595 "-" "Mozilla/5.0 AppleWebKit/537.36 (KHTML, like Gecko; compatible; ClaudeBot/1.0; [email protected])"
189.4.75.234 - - [17/Jul/2025:16:48:10 +0000] "POST /xmlrpc.php HTTP/1.1" 200 403 "-" "Mozilla/5.0 (X11; Ubuntu; Linux x86_64; x64) AppleWebKit/537.36 (KHTML, like Gecko) Firefox/78.0.0.0 Safari/537.36"
216.73.216.111 - - [17/Jul/2025:16:48:11 +0000] "GET /detail/1222631243.shtm HTTP/1.1" 404 12595 "-" "Mozilla/5.0 AppleWebKit/537.36 (KHTML, like Gecko; compatible; ClaudeBot/1.0; [email protected])"
216.73.216.111 - - [17/Jul/2025:16:48:14 +0000] "GET /detail/1222488257.shtm HTTP/1.1" 404 12595 "-" "Mozilla/5.0 AppleWebKit/537.36 (KHTML, like Gecko; compatible; ClaudeBot/1.0; [email protected])"
209.74.77.214 - - [17/Jul/2025:16:48:37 +0000] "POST /wp-cron.php?doing_wp_cron=1752770917.3184161186218261718750 HTTP/1.1" 200 - "-" "WordPress/6.8.2; https://ap.cleaning"
216.73.216.111 - - [17/Jul/2025:16:48:37 +0000] "GET /detail/1222626712.shtm HTTP/1.1" 404 12595 "-" "Mozilla/5.0 AppleWebKit/537.36 (KHTML, like Gecko; compatible; ClaudeBot/1.0; [email protected])"
216.73.216.111 - - [17/Jul/2025:16:48:39 +0000] "GET /detail/1222358418.shtm HTTP/1.1" 404 12596 "-" "Mozilla/5.0 AppleWebKit/537.36 (KHTML, like Gecko; compatible; ClaudeBot/1.0; [email protected])"
216.73.216.111 - - [17/Jul/2025:16:48:42 +0000] "GET /detail/1222634455.shtm HTTP/1.1" 404 12596 "-" "Mozilla/5.0 AppleWebKit/537.36 (KHTML, like Gecko; compatible; ClaudeBot/1.0; [email protected])"
216.73.216.111 - - [17/Jul/2025:16:48:45 +0000] "GET /detail/1222851729.shtm HTTP/1.1" 404 12596 "-" "Mozilla/5.0 AppleWebKit/537.36 (KHTML, like Gecko; compatible; ClaudeBot/1.0; [email protected])"
216.73.216.111 - - [17/Jul/2025:16:48:48 +0000] "GET /detail/1222741804.shtm HTTP/1.1" 404 12596 "-" "Mozilla/5.0 AppleWebKit/537.36 (KHTML, like Gecko; compatible; ClaudeBot/1.0; [email protected])"
216.73.216.111 - - [17/Jul/2025:16:48:51 +0000] "GET /detail/1222751450.shtm HTTP/1.1" 404 12595 "-" "Mozilla/5.0 AppleWebKit/537.36 (KHTML, like Gecko; compatible; ClaudeBot/1.0; [email protected])"
216.73.216.111 - - [17/Jul/2025:16:48:54 +0000] "GET /detail/1222617297.shtm HTTP/1.1" 404 12595 "-" "Mozilla/5.0 AppleWebKit/537.36 (KHTML, like Gecko; compatible; ClaudeBot/1.0; [email protected])"
216.73.216.111 - - [17/Jul/2025:16:48:57 +0000] "GET /detail/1222471609.shtm HTTP/1.1" 404 12595 "-" "Mozilla/5.0 AppleWebKit/537.36 (KHTML, like Gecko; compatible; ClaudeBot/1.0; [email protected])"
216.73.216.111 - - [17/Jul/2025:16:49:00 +0000] "GET /detail/1222357832.shtm HTTP/1.1" 404 12595 "-" "Mozilla/5.0 AppleWebKit/537.36 (KHTML, like Gecko; compatible; ClaudeBot/1.0; [email protected])"
216.73.216.111 - - [17/Jul/2025:16:49:03 +0000] "GET /detail/1222707430.shtm HTTP/1.1" 404 12596 "-" "Mozilla/5.0 AppleWebKit/537.36 (KHTML, like Gecko; compatible; ClaudeBot/1.0; [email protected])"
209.74.77.214 - - [17/Jul/2025:16:49:23 +0000] "POST /wp-cron.php?doing_wp_cron=1752770963.8053569793701171875000 HTTP/1.1" 200 - "-" "WordPress/6.8.2; https://ap.cleaning"
189.4.75.234 - - [17/Jul/2025:16:49:23 +0000] "POST /xmlrpc.php HTTP/1.1" 200 403 "-" "Mozilla/5.0 (Macintosh; Intel Mac OS X 10_15_7; x86) AppleWebKit/537.36 (KHTML, like Gecko) Safari/15.0.0.0 Safari/537.36"
216.73.216.111 - - [17/Jul/2025:16:49:30 +0000] "GET /detail/1222440959.shtm HTTP/1.1" 404 12596 "-" "Mozilla/5.0 AppleWebKit/537.36 (KHTML, like Gecko; compatible; ClaudeBot/1.0; [email protected])"
216.73.216.111 - - [17/Jul/2025:16:49:33 +0000] "GET /detail/1222597437.shtm HTTP/1.1" 404 12596 "-" "Mozilla/5.0 AppleWebKit/537.36 (KHTML, like Gecko; compatible; ClaudeBot/1.0; [email protected])"
216.73.216.111 - - [17/Jul/2025:16:49:36 +0000] "GET /detail/1222567590.shtm HTTP/1.1" 404 12596 "-" "Mozilla/5.0 AppleWebKit/537.36 (KHTML, like Gecko; compatible; ClaudeBot/1.0; [email protected])"
216.73.216.111 - - [17/Jul/2025:16:49:39 +0000] "GET /detail/1222449286.shtm HTTP/1.1" 404 12595 "-" "Mozilla/5.0 AppleWebKit/537.36 (KHTML, like Gecko; compatible; ClaudeBot/1.0; [email protected])"
216.73.216.111 - - [17/Jul/2025:16:49:42 +0000] "GET /detail/1222446064.shtm HTTP/1.1" 404 12595 "-" "Mozilla/5.0 AppleWebKit/537.36 (KHTML, like Gecko; compatible; ClaudeBot/1.0; [email protected])"
216.73.216.111 - - [17/Jul/2025:16:49:45 +0000] "GET /detail/1222407828.shtm HTTP/1.1" 404 12593 "-" "Mozilla/5.0 AppleWebKit/537.36 (KHTML, like Gecko; compatible; ClaudeBot/1.0; [email protected])"
216.73.216.111 - - [17/Jul/2025:16:49:48 +0000] "GET /detail/1222843408.shtm HTTP/1.1" 404 12594 "-" "Mozilla/5.0 AppleWebKit/537.36 (KHTML, like Gecko; compatible; ClaudeBot/1.0; [email protected])"
216.73.216.111 - - [17/Jul/2025:16:49:51 +0000] "GET /detail/1222649912.shtm HTTP/1.1" 404 12595 "-" "Mozilla/5.0 AppleWebKit/537.36 (KHTML, like Gecko; compatible; ClaudeBot/1.0; [email protected])"
216.73.216.111 - - [17/Jul/2025:16:49:54 +0000] "GET /detail/1222458697.shtm HTTP/1.1" 404 12595 "-" "Mozilla/5.0 AppleWebKit/537.36 (KHTML, like Gecko; compatible; ClaudeBot/1.0; [email protected])"
216.73.216.111 - - [17/Jul/2025:16:49:57 +0000] "GET /detail/1222307545.shtm HTTP/1.1" 404 12596 "-" "Mozilla/5.0 AppleWebKit/537.36 (KHTML, like Gecko; compatible; ClaudeBot/1.0; [email protected])"
209.74.77.214 - - [17/Jul/2025:16:50:12 +0000] "POST /wp-cron.php?doing_wp_cron=1752771012.6249840259552001953125 HTTP/1.1" 200 - "-" "WordPress/6.8.2; https://ap.cleaning"
189.4.75.234 - - [17/Jul/2025:16:50:12 +0000] "POST /xmlrpc.php HTTP/1.1" 200 403 "-" "Mozilla/5.0 (Windows NT 10.0; arm64) AppleWebKit/537.36 (KHTML, like Gecko) Chrome/100.0.0.0 Safari/537.36"
209.74.77.214 - - [17/Jul/2025:16:50:35 +0000] "POST /wp-cron.php?doing_wp_cron=1752771035.1642038822174072265625 HTTP/1.1" 200 - "-" "WordPress/6.8.2; https://ap.cleaning"
216.73.216.111 - - [17/Jul/2025:16:50:34 +0000] "GET /detail/1222597959.shtm HTTP/1.1" 404 12596 "-" "Mozilla/5.0 AppleWebKit/537.36 (KHTML, like Gecko; compatible; ClaudeBot/1.0; [email protected])"
216.73.216.111 - - [17/Jul/2025:16:50:37 +0000] "GET /detail/1222552042.shtm HTTP/1.1" 404 12595 "-" "Mozilla/5.0 AppleWebKit/537.36 (KHTML, like Gecko; compatible; ClaudeBot/1.0; [email protected])"
216.73.216.111 - - [17/Jul/2025:16:50:40 +0000] "GET /detail/1222260092.shtm HTTP/1.1" 404 12596 "-" "Mozilla/5.0 AppleWebKit/537.36 (KHTML, like Gecko; compatible; ClaudeBot/1.0; [email protected])"
216.73.216.111 - - [17/Jul/2025:16:50:43 +0000] "GET /detail/1222695763.shtm HTTP/1.1" 404 12594 "-" "Mozilla/5.0 AppleWebKit/537.36 (KHTML, like Gecko; compatible; ClaudeBot/1.0; [email protected])"
216.73.216.111 - - [17/Jul/2025:16:50:46 +0000] "GET /detail/1222338046.shtm HTTP/1.1" 404 12594 "-" "Mozilla/5.0 AppleWebKit/537.36 (KHTML, like Gecko; compatible; ClaudeBot/1.0; [email protected])"
216.73.216.111 - - [17/Jul/2025:16:50:49 +0000] "GET /detail/1222760861.shtm HTTP/1.1" 404 12594 "-" "Mozilla/5.0 AppleWebKit/537.36 (KHTML, like Gecko; compatible; ClaudeBot/1.0; [email protected])"
216.73.216.111 - - [17/Jul/2025:16:50:52 +0000] "GET /detail/1222592850.shtm HTTP/1.1" 404 12596 "-" "Mozilla/5.0 AppleWebKit/537.36 (KHTML, like Gecko; compatible; ClaudeBot/1.0; [email protected])"
216.73.216.111 - - [17/Jul/2025:16:50:55 +0000] "GET /detail/1222440226.shtm HTTP/1.1" 404 12595 "-" "Mozilla/5.0 AppleWebKit/537.36 (KHTML, like Gecko; compatible; ClaudeBot/1.0; [email protected])"
