143.244.39.25 - - [17/Jul/2025:20:21:38 +0000] "GET /?author=128 HTTP/1.1" 200 23183 "-" "Mozilla/5.0 (Windows NT 10.0; Win64; x64) AppleWebKit/537.36 (KHTML, like Gecko) Chrome/120.0.0.0 Safari/537.36"
143.244.39.25 - - [17/Jul/2025:20:21:38 +0000] "GET /?author=121 HTTP/1.1" 200 23183 "-" "Mozilla/5.0 (Windows NT 10.0; Win64; x64) AppleWebKit/537.36 (KHTML, like Gecko) Chrome/120.0.0.0 Safari/537.36"
143.244.39.25 - - [17/Jul/2025:20:21:38 +0000] "GET /?author=122 HTTP/1.1" 200 23183 "-" "Mozilla/5.0 (Windows NT 10.0; Win64; x64) AppleWebKit/537.36 (KHTML, like Gecko) Chrome/120.0.0.0 Safari/537.36"
143.244.39.25 - - [17/Jul/2025:20:21:38 +0000] "GET /?author=124 HTTP/1.1" 200 23183 "-" "Mozilla/5.0 (Windows NT 10.0; Win64; x64) AppleWebKit/537.36 (KHTML, like Gecko) Chrome/120.0.0.0 Safari/537.36"
143.244.39.25 - - [17/Jul/2025:20:21:38 +0000] "GET /?author=130 HTTP/1.1" 200 23183 "-" "Mozilla/5.0 (Windows NT 10.0; Win64; x64) AppleWebKit/537.36 (KHTML, like Gecko) Chrome/120.0.0.0 Safari/537.36"
143.244.39.25 - - [17/Jul/2025:20:21:38 +0000] "GET /?author=131 HTTP/1.1" 200 23183 "-" "Mozilla/5.0 (Windows NT 10.0; Win64; x64) AppleWebKit/537.36 (KHTML, like Gecko) Chrome/120.0.0.0 Safari/537.36"
143.244.39.25 - - [17/Jul/2025:20:21:38 +0000] "GET /?author=126 HTTP/1.1" 200 23183 "-" "Mozilla/5.0 (Windows NT 10.0; Win64; x64) AppleWebKit/537.36 (KHTML, like Gecko) Chrome/120.0.0.0 Safari/537.36"
143.244.39.25 - - [17/Jul/2025:20:21:38 +0000] "GET /?author=132 HTTP/1.1" 200 23183 "-" "Mozilla/5.0 (Windows NT 10.0; Win64; x64) AppleWebKit/537.36 (KHTML, like Gecko) Chrome/120.0.0.0 Safari/537.36"
143.244.39.25 - - [17/Jul/2025:20:21:39 +0000] "GET /?author=136 HTTP/1.1" 200 23183 "-" "Mozilla/5.0 (Windows NT 10.0; Win64; x64) AppleWebKit/537.36 (KHTML, like Gecko) Chrome/120.0.0.0 Safari/537.36"
143.244.39.25 - - [17/Jul/2025:20:21:38 +0000] "GET /?author=133 HTTP/1.1" 200 23183 "-" "Mozilla/5.0 (Windows NT 10.0; Win64; x64) AppleWebKit/537.36 (KHTML, like Gecko) Chrome/120.0.0.0 Safari/537.36"
143.244.39.25 - - [17/Jul/2025:20:21:39 +0000] "GET /?author=137 HTTP/1.1" 200 23183 "-" "Mozilla/5.0 (Windows NT 10.0; Win64; x64) AppleWebKit/537.36 (KHTML, like Gecko) Chrome/120.0.0.0 Safari/537.36"
143.244.39.25 - - [17/Jul/2025:20:21:38 +0000] "GET /?author=135 HTTP/1.1" 200 23183 "-" "Mozilla/5.0 (Windows NT 10.0; Win64; x64) AppleWebKit/537.36 (KHTML, like Gecko) Chrome/120.0.0.0 Safari/537.36"
143.244.39.25 - - [17/Jul/2025:20:21:39 +0000] "GET /?author=138 HTTP/1.1" 200 23183 "-" "Mozilla/5.0 (Windows NT 10.0; Win64; x64) AppleWebKit/537.36 (KHTML, like Gecko) Chrome/120.0.0.0 Safari/537.36"
143.244.39.25 - - [17/Jul/2025:20:21:39 +0000] "GET /?author=139 HTTP/1.1" 200 23183 "-" "Mozilla/5.0 (Windows NT 10.0; Win64; x64) AppleWebKit/537.36 (KHTML, like Gecko) Chrome/120.0.0.0 Safari/537.36"
143.244.39.25 - - [17/Jul/2025:20:21:40 +0000] "GET /?author=142 HTTP/1.1" 200 23183 "-" "Mozilla/5.0 (Windows NT 10.0; Win64; x64) AppleWebKit/537.36 (KHTML, like Gecko) Chrome/120.0.0.0 Safari/537.36"
143.244.39.25 - - [17/Jul/2025:20:21:40 +0000] "GET /?author=141 HTTP/1.1" 200 23183 "-" "Mozilla/5.0 (Windows NT 10.0; Win64; x64) AppleWebKit/537.36 (KHTML, like Gecko) Chrome/120.0.0.0 Safari/537.36"
143.244.39.25 - - [17/Jul/2025:20:21:40 +0000] "GET /?author=143 HTTP/1.1" 200 23183 "-" "Mozilla/5.0 (Windows NT 10.0; Win64; x64) AppleWebKit/537.36 (KHTML, like Gecko) Chrome/120.0.0.0 Safari/537.36"
143.244.39.25 - - [17/Jul/2025:20:21:40 +0000] "GET /?author=140 HTTP/1.1" 200 23183 "-" "Mozilla/5.0 (Windows NT 10.0; Win64; x64) AppleWebKit/537.36 (KHTML, like Gecko) Chrome/120.0.0.0 Safari/537.36"
143.244.39.25 - - [17/Jul/2025:20:21:40 +0000] "GET /?author=147 HTTP/1.1" 200 23183 "-" "Mozilla/5.0 (Windows NT 10.0; Win64; x64) AppleWebKit/537.36 (KHTML, like Gecko) Chrome/120.0.0.0 Safari/537.36"
143.244.39.25 - - [17/Jul/2025:20:21:40 +0000] "GET /?author=148 HTTP/1.1" 200 23183 "-" "Mozilla/5.0 (Windows NT 10.0; Win64; x64) AppleWebKit/537.36 (KHTML, like Gecko) Chrome/120.0.0.0 Safari/537.36"
143.244.39.25 - - [17/Jul/2025:20:21:40 +0000] "GET /?author=149 HTTP/1.1" 200 23183 "-" "Mozilla/5.0 (Windows NT 10.0; Win64; x64) AppleWebKit/537.36 (KHTML, like Gecko) Chrome/120.0.0.0 Safari/537.36"
143.244.39.25 - - [17/Jul/2025:20:21:40 +0000] "GET /?author=146 HTTP/1.1" 200 23183 "-" "Mozilla/5.0 (Windows NT 10.0; Win64; x64) AppleWebKit/537.36 (KHTML, like Gecko) Chrome/120.0.0.0 Safari/537.36"
143.244.39.25 - - [17/Jul/2025:20:21:40 +0000] "GET /?author=144 HTTP/1.1" 200 23183 "-" "Mozilla/5.0 (Windows NT 10.0; Win64; x64) AppleWebKit/537.36 (KHTML, like Gecko) Chrome/120.0.0.0 Safari/537.36"
143.244.39.25 - - [17/Jul/2025:20:21:40 +0000] "GET /?author=145 HTTP/1.1" 200 23183 "-" "Mozilla/5.0 (Windows NT 10.0; Win64; x64) AppleWebKit/537.36 (KHTML, like Gecko) Chrome/120.0.0.0 Safari/537.36"
143.244.39.25 - - [17/Jul/2025:20:21:40 +0000] "GET /?author=150 HTTP/1.1" 200 23183 "-" "Mozilla/5.0 (Windows NT 10.0; Win64; x64) AppleWebKit/537.36 (KHTML, like Gecko) Chrome/120.0.0.0 Safari/537.36"
143.244.39.25 - - [17/Jul/2025:20:21:42 +0000] "GET /author-sitemap.xml HTTP/1.1" 200 200 "-" "Mozilla/5.0 (Windows NT 10.0; Win64; x64) AppleWebKit/537.36 (KHTML, like Gecko) Chrome/120.0.0.0 Safari/537.36"
143.244.39.25 - - [17/Jul/2025:20:21:43 +0000] "GET /wp-json/oembed/1.0/embed?url=https://muzza.fit/&format=json HTTP/1.1" 200 1146 "-" "Mozilla/5.0 (Windows NT 10.0; Win64; x64) AppleWebKit/537.36 (KHTML, like Gecko) Chrome/120.0.0.0 Safari/537.36"
143.244.39.25 - - [17/Jul/2025:20:21:44 +0000] "GET /feed/rss/ HTTP/1.1" 200 125 "-" "Mozilla/5.0 (Windows NT 10.0; Win64; x64) AppleWebKit/537.36 (KHTML, like Gecko) Chrome/120.0.0.0 Safari/537.36"
143.244.39.25 - - [17/Jul/2025:20:21:45 +0000] "GET / HTTP/1.1" 200 37837 "-" "Mozilla/5.0 (Windows NT 10.0; Win64; x64) AppleWebKit/537.36 (KHTML, like Gecko) Chrome/120.0.0.0 Safari/537.36"
209.74.77.214 - - [17/Jul/2025:20:24:33 +0000] "POST /wp-cron.php?doing_wp_cron=1752783872.9993889331817626953125 HTTP/1.1" 200 - "-" "WordPress/6.8.2; https://muzza.fit"
50.19.102.70 - - [17/Jul/2025:20:24:30 +0000] "GET /pages/coming-soon/ HTTP/1.1" 200 22787 "-" "Mozilla/5.0 AppleWebKit/537.36 (KHTML, like Gecko; compatible; Amazonbot/0.1; +https://developer.amazon.com/support/amazonbot) Chrome/119.0.6045.214 Safari/537.36"
45.227.253.15 - - [17/Jul/2025:20:27:02 +0000] "GET /wp-admin/css/colors/ectoplasm/ectoplasm/index.php?ARRAY=7o2230223n313735323738373732392p2231223n22687474703n5p2s5p2s6p776n39302r67756172652r77696o695p2s3s6p633q78696164616r5s72616r645s7061746826743q313735323738343132392q3334386364333935386661336538666434623435323963653035343161346431222p2232223n226535366233656132643566613236373133366263653733613730666432326434222p2233223n223934356438666134663530376639383361656238376163666666646565326364222p2262696r675s70617373223n2231312q33372q35352q36322q37362q38382q3237227q HTTP/1.1" 200 468 "-" "Mozilla/5.0 (iPhone; CPU iPhone OS 12_4 like Mac OS X) AppleWebKit/605.1.15 (KHTML, like Gecko) Version/12.4.2 Mobile/15E148 Safari/604.1"
66.249.73.164 - - [17/Jul/2025:20:37:26 +0000] "GET /p/lava30883922?id=900180 HTTP/1.1" 200 39952 "-" "Mozilla/5.0 (Linux; Android 6.0.1; Nexus 5X Build/MMB29P) AppleWebKit/537.36 (KHTML, like Gecko) Chrome/137.0.7151.103 Mobile Safari/537.36 (compatible; Googlebot/2.1; +http://www.google.com/bot.html)"
209.74.77.214 - - [17/Jul/2025:20:48:43 +0000] "POST /wp-cron.php?doing_wp_cron=1752785323.5602478981018066406250 HTTP/1.1" 200 - "-" "WordPress/6.8.2; https://muzza.fit"
209.74.77.214 - - [17/Jul/2025:20:48:43 +0000] "POST /wp-cron.php?doing_wp_cron=1752785323.5602500438690185546875 HTTP/1.1" 200 - "-" "WordPress/6.8.2; https://muzza.fit"
194.233.64.197 - - [17/Jul/2025:20:48:42 +0000] "POST /xmlrpc.php HTTP/1.1" 200 911 "-" "Mozilla/5.0 (Windows NT 5.1; rv:33.0) Gecko/20100101 Firefox/33.0"
52.55.206.244 - - [17/Jul/2025:20:48:40 +0000] "POST /xmlrpc.php HTTP/1.1" 200 911 "-" "Mozilla/5.0 (Windows NT 6.0; rv:34.0) Gecko/20100101 Firefox/34.0"
8.217.1.112 - - [17/Jul/2025:20:48:45 +0000] "POST /xmlrpc.php HTTP/1.1" 200 911 "-" "Mozilla/5.0 (Windows NT 6.1; WOW64) AppleWebKit/537.1 (KHTML, like Gecko) Chrome/21.0.1180.83 Safari/537.1"
167.114.27.228 - - [17/Jul/2025:20:48:45 +0000] "POST /xmlrpc.php HTTP/1.1" 200 911 "-" "Mozilla/5.0 (Windows NT 6.1; Win64; x64; rv:58.0) Gecko/20100101 Firefox/58.0"
167.99.77.140 - - [17/Jul/2025:20:48:51 +0000] "POST /xmlrpc.php HTTP/1.1" 200 911 "-" "Mozilla/5.0 (Windows NT 6.1; WOW64; rv:38.0) Gecko/20100101 Firefox/38.0"
103.72.98.80 - - [17/Jul/2025:20:48:51 +0000] "POST /xmlrpc.php HTTP/1.1" 200 911 "-" "Mozilla/5.0 (Windows NT 10.0; Win64; x64) AppleWebKit/537.36 (KHTML, like Gecko) Chrome/88.0.4324.190 Safari/537.36"
194.233.64.197 - - [17/Jul/2025:20:48:57 +0000] "POST /xmlrpc.php HTTP/1.1" 200 911 "-" "Mozilla/5.0 (Windows NT 10.0; Win64; x64) AppleWebKit/537.36 (KHTML, like Gecko) Chrome/90.0.4430.212 Safari/537.36"
115.245.68.130 - - [17/Jul/2025:20:48:59 +0000] "POST /xmlrpc.php HTTP/1.1" 200 911 "-" "Mozilla/5.0 (Windows NT 10.0; Win64; x64) AppleWebKit/537.36 (KHTML, like Gecko) Chrome/83.0.4103.116 Safari/537.36"
220.158.233.180 - - [17/Jul/2025:20:49:01 +0000] "POST /xmlrpc.php HTTP/1.1" 200 911 "-" "Mozilla/5.0 (Windows NT 5.1) AppleWebKit/537.36 (KHTML, like Gecko) Chrome/46.0.2490.71 Safari/537.36"
194.233.64.197 - - [17/Jul/2025:20:49:03 +0000] "POST /xmlrpc.php HTTP/1.1" 200 911 "-" "Mozilla/5.0 (Linux; Android 6.0.1; RedMi Note 5 Build/RB3N5C; wv) AppleWebKit/537.36 (KHTML, like Gecko) Version/4.0 Chrome/68.0.3440.91 Mobile Safari/537.36"
209.74.77.214 - - [17/Jul/2025:20:49:05 +0000] "POST /wp-cron.php?doing_wp_cron=1752785345.8758370876312255859375 HTTP/1.1" 200 - "-" "WordPress/6.8.2; https://muzza.fit"
103.217.254.32 - - [17/Jul/2025:20:49:05 +0000] "POST /xmlrpc.php HTTP/1.1" 200 911 "-" "Mozilla/5.0 (Windows NT 6.1; Win64; x64; rv:61.0) Gecko/20100101 Firefox/61.0"
167.99.77.140 - - [17/Jul/2025:20:49:17 +0000] "POST /xmlrpc.php HTTP/1.1" 200 911 "-" "Mozilla/5.0 (Windows NT 6.1; WOW64; rv:17.0) Gecko/20100101 Firefox/17.0"
209.74.77.214 - - [17/Jul/2025:20:49:25 +0000] "POST /wp-cron.php?doing_wp_cron=1752785365.1978681087493896484375 HTTP/1.1" 200 - "-" "WordPress/6.8.2; https://muzza.fit"
45.117.81.155 - - [17/Jul/2025:20:49:24 +0000] "POST /xmlrpc.php HTTP/1.1" 200 911 "-" "Mozilla/5.0 (Windows NT 6.1; Win64; x64) AppleWebKit/537.36 (KHTML, like Gecko) Chrome/63.0.3239.132 Safari/537.36"
194.233.64.197 - - [17/Jul/2025:20:49:30 +0000] "POST /xmlrpc.php HTTP/1.1" 200 911 "-" "Mozilla/5.0 (Windows NT 6.3; Win64; x64) AppleWebKit/537.36 (KHTML, like Gecko) Chrome/60.0.3112.113 Safari/537.36"
209.74.77.214 - - [17/Jul/2025:21:02:33 +0000] "POST /wp-cron.php?doing_wp_cron=1752786153.5894269943237304687500 HTTP/1.1" 200 - "-" "WordPress/6.8.2; https://muzza.fit"
34.206.249.188 - - [17/Jul/2025:21:02:30 +0000] "GET /2018/02/find-your-way/ HTTP/1.1" 200 33441 "-" "Mozilla/5.0 AppleWebKit/537.36 (KHTML, like Gecko; compatible; Amazonbot/0.1; +https://developer.amazon.com/support/amazonbot) Chrome/119.0.6045.214 Safari/537.36"
209.74.77.214 - - [17/Jul/2025:21:14:52 +0000] "POST /wp-cron.php?doing_wp_cron=1752786892.0737290382385253906250 HTTP/1.1" 200 - "-" "WordPress/6.8.2; https://muzza.fit"
51.222.253.7 - - [17/Jul/2025:21:14:49 +0000] "GET / HTTP/1.1" 200 37835 "-" "Mozilla/5.0 (compatible; AhrefsBot/7.0; +http://ahrefs.com/robot/)"
66.249.73.163 - - [17/Jul/2025:21:20:48 +0000] "GET /p/refri50229708?id=245966 HTTP/1.1" 200 40014 "-" "Mozilla/5.0 (Linux; Android 6.0.1; Nexus 5X Build/MMB29P) AppleWebKit/537.36 (KHTML, like Gecko) Chrome/137.0.7151.103 Mobile Safari/537.36 (compatible; Googlebot/2.1; +http://www.google.com/bot.html)"
66.249.73.164 - - [17/Jul/2025:21:30:16 +0000] "GET /p/unity10215008?id=231266 HTTP/1.1" 200 40677 "-" "Mozilla/5.0 (Linux; Android 6.0.1; Nexus 5X Build/MMB29P) AppleWebKit/537.36 (KHTML, like Gecko) Chrome/137.0.7151.103 Mobile Safari/537.36 (compatible; Googlebot/2.1; +http://www.google.com/bot.html)"
209.74.77.214 - - [17/Jul/2025:21:32:47 +0000] "POST /wp-cron.php?doing_wp_cron=1752787967.7595241069793701171875 HTTP/1.1" 200 - "-" "WordPress/6.8.2; https://muzza.fit"
2.58.201.16 - - [17/Jul/2025:21:32:44 +0000] "GET / HTTP/1.1" 200 271866 "-" "Mozilla/5.0 (X11; Linux x86_64) AppleWebKit/537.36 (KHTML, like Gecko) Chrome/81.0.4044.129 Safari/537.36"
66.249.73.165 - - [17/Jul/2025:21:33:52 +0000] "GET /p/timbe11275808?id=1292066 HTTP/1.1" 200 40642 "-" "Mozilla/5.0 (Linux; Android 6.0.1; Nexus 5X Build/MMB29P) AppleWebKit/537.36 (KHTML, like Gecko) Chrome/137.0.7151.103 Mobile Safari/537.36 (compatible; Googlebot/2.1; +http://www.google.com/bot.html)"
66.249.73.165 - - [17/Jul/2025:21:37:30 +0000] "GET /p/myste22001321?id=2017579 HTTP/1.1" 200 40258 "-" "Mozilla/5.0 (Linux; Android 6.0.1; Nexus 5X Build/MMB29P) AppleWebKit/537.36 (KHTML, like Gecko) Chrome/137.0.7151.103 Mobile Safari/537.36 (compatible; Googlebot/2.1; +http://www.google.com/bot.html)"
66.249.73.165 - - [17/Jul/2025:21:41:04 +0000] "GET /p/tram70887926?id=904184 HTTP/1.1" 200 39939 "-" "Mozilla/5.0 (Linux; Android 6.0.1; Nexus 5X Build/MMB29P) AppleWebKit/537.36 (KHTML, like Gecko) Chrome/137.0.7151.103 Mobile Safari/537.36 (compatible; Googlebot/2.1; +http://www.google.com/bot.html)"
185.191.171.15 - - [17/Jul/2025:21:52:09 +0000] "GET /robots.txt HTTP/1.1" 200 123 "-" "Mozilla/5.0 (compatible; SemrushBot/7~bl; +http://www.semrush.com/bot.html)"
209.74.77.214 - - [17/Jul/2025:21:52:13 +0000] "POST /wp-cron.php?doing_wp_cron=1752789133.0065510272979736328125 HTTP/1.1" 200 - "-" "WordPress/6.8.2; https://muzza.fit"
85.208.96.196 - - [17/Jul/2025:21:52:10 +0000] "GET /elements/google-maps/ HTTP/1.1" 200 26858 "-" "Mozilla/5.0 (compatible; SemrushBot/7~bl; +http://www.semrush.com/bot.html)"
66.249.73.165 - - [17/Jul/2025:21:55:35 +0000] "GET /p/endle12234888?id=2251146 HTTP/1.1" 200 40044 "-" "Mozilla/5.0 (Linux; Android 6.0.1; Nexus 5X Build/MMB29P) AppleWebKit/537.36 (KHTML, like Gecko) Chrome/137.0.7151.103 Mobile Safari/537.36 (compatible; Googlebot/2.1; +http://www.google.com/bot.html)"
66.249.73.163 - - [17/Jul/2025:21:55:42 +0000] "POST /get-message-notify HTTP/1.1" 200 40050 "https://muzza.fit/p/endle12234888?id=2251146" "Mozilla/5.0 (Linux; Android 6.0.1; Nexus 5X Build/MMB29P) AppleWebKit/537.36 (KHTML, like Gecko) Chrome/137.0.7151.119 Mobile Safari/537.36 (compatible; Googlebot/2.1; +http://www.google.com/bot.html)"
66.249.73.164 - - [17/Jul/2025:22:00:45 +0000] "GET /p/regis50331404?id=347662 HTTP/1.1" 200 40120 "-" "Mozilla/5.0 (Linux; Android 6.0.1; Nexus 5X Build/MMB29P) AppleWebKit/537.36 (KHTML, like Gecko) Chrome/137.0.7151.103 Mobile Safari/537.36 (compatible; Googlebot/2.1; +http://www.google.com/bot.html)"
66.249.73.163 - - [17/Jul/2025:22:00:57 +0000] "POST /get-message-notify HTTP/1.1" 200 40059 "https://muzza.fit/p/regis50331404?id=347662" "Mozilla/5.0 (Linux; Android 6.0.1; Nexus 5X Build/MMB29P) AppleWebKit/537.36 (KHTML, like Gecko) Chrome/137.0.7151.119 Mobile Safari/537.36 (compatible; Googlebot/2.1; +http://www.google.com/bot.html)"
51.222.253.6 - - [17/Jul/2025:22:09:33 +0000] "GET /recollection.php?sitemap.xml HTTP/1.1" 200 4534 "-" "Mozilla/5.0 (compatible; AhrefsBot/7.0; +http://ahrefs.com/robot/)"
66.249.73.164 - - [17/Jul/2025:22:10:36 +0000] "GET /p/borro82024207?id=2040465 HTTP/1.1" 200 40201 "-" "Mozilla/5.0 (Linux; Android 6.0.1; Nexus 5X Build/MMB29P) AppleWebKit/537.36 (KHTML, like Gecko) Chrome/137.0.7151.103 Mobile Safari/537.36 (compatible; Googlebot/2.1; +http://www.google.com/bot.html)"
66.249.73.163 - - [17/Jul/2025:22:10:41 +0000] "POST /get-message-notify HTTP/1.1" 200 40081 "https://muzza.fit/p/borro82024207?id=2040465" "Mozilla/5.0 (Linux; Android 6.0.1; Nexus 5X Build/MMB29P) AppleWebKit/537.36 (KHTML, like Gecko) Chrome/137.0.7151.119 Mobile Safari/537.36 (compatible; Googlebot/2.1; +http://www.google.com/bot.html)"
66.249.73.164 - - [17/Jul/2025:22:18:05 +0000] "GET /p/fasci21154313?id=1170571 HTTP/1.1" 200 40095 "-" "Mozilla/5.0 (Linux; Android 6.0.1; Nexus 5X Build/MMB29P) AppleWebKit/537.36 (KHTML, like Gecko) Chrome/137.0.7151.103 Mobile Safari/537.36 (compatible; Googlebot/2.1; +http://www.google.com/bot.html)"
66.249.73.165 - - [17/Jul/2025:22:21:32 +0000] "GET /p/centu82769143?id=2785401 HTTP/1.1" 200 40038 "-" "Mozilla/5.0 (compatible; Googlebot/2.1; +http://www.google.com/bot.html)"
66.249.73.164 - - [17/Jul/2025:22:24:50 +0000] "GET /p/perfo22993337?id=3009595 HTTP/1.1" 200 40072 "-" "Mozilla/5.0 (Linux; Android 6.0.1; Nexus 5X Build/MMB29P) AppleWebKit/537.36 (KHTML, like Gecko) Chrome/137.0.7151.103 Mobile Safari/537.36 (compatible; Googlebot/2.1; +http://www.google.com/bot.html)"
54.188.15.29 - - [17/Jul/2025:22:25:54 +0000] "GET /robots.txt HTTP/1.1" 200 123 "-" "HawaiiBot"
66.249.73.164 - - [17/Jul/2025:22:31:53 +0000] "GET /p/tradi11888616?id=1904874 HTTP/1.1" 200 40102 "-" "Mozilla/5.0 (compatible; Googlebot/2.1; +http://www.google.com/bot.html)"
66.249.73.163 - - [17/Jul/2025:22:32:54 +0000] "GET /p/bagga82243063?id=2259321 HTTP/1.1" 200 40468 "-" "Mozilla/5.0 (Linux; Android 6.0.1; Nexus 5X Build/MMB29P) AppleWebKit/537.36 (KHTML, like Gecko) Chrome/137.0.7151.103 Mobile Safari/537.36 (compatible; Googlebot/2.1; +http://www.google.com/bot.html)"
66.249.73.164 - - [17/Jul/2025:22:34:47 +0000] "GET /p/wake62357357?id=2373615 HTTP/1.1" 200 40061 "-" "Mozilla/5.0 (Linux; Android 6.0.1; Nexus 5X Build/MMB29P) AppleWebKit/537.36 (KHTML, like Gecko) Chrome/137.0.7151.103 Mobile Safari/537.36 (compatible; Googlebot/2.1; +http://www.google.com/bot.html)"
66.249.73.165 - - [17/Jul/2025:22:37:10 +0000] "GET /p/stair41380411?id=1396669 HTTP/1.1" 200 39989 "-" "Mozilla/5.0 (compatible; Googlebot/2.1; +http://www.google.com/bot.html)"
66.249.73.165 - - [17/Jul/2025:22:37:11 +0000] "GET /p/coupl70312678?id=328936 HTTP/1.1" 200 40303 "-" "Mozilla/5.0 (compatible; Googlebot/2.1; +http://www.google.com/bot.html)"
45.227.253.15 - - [17/Jul/2025:22:38:39 +0000] "GET /index.php/jk HTTP/1.1" 200 59 "-" "Mozilla/5.0 (iPhone; CPU iPhone OS 14_1 like Mac OS X) AppleWebKit/605.1.15 (KHTML, like Gecko) Version/14.0 Mobile/15E148 Safari/604.1"
142.93.56.199 - - [17/Jul/2025:22:39:26 +0000] "GET /files.php HTTP/1.1" 200 23174 "https://www.google.com" "Mozilla/5.0 (Linux; Android 7.0; SM-G892A Build/NRD90M; wv) AppleWebKit/537.36 (KHTML, like Gecko) Version/4.0 Chrome/60.0.3112.107 Mobile Safari/537.36"
66.249.73.164 - - [17/Jul/2025:22:44:14 +0000] "GET /p/humbl72418718?id=2434976 HTTP/1.1" 200 40037 "-" "Mozilla/5.0 (compatible; Googlebot/2.1; +http://www.google.com/bot.html)"
66.249.73.164 - - [17/Jul/2025:22:44:25 +0000] "GET /p/nitro42187627?id=2203885 HTTP/1.1" 200 40269 "-" "Mozilla/5.0 (Linux; Android 6.0.1; Nexus 5X Build/MMB29P) AppleWebKit/537.36 (KHTML, like Gecko) Chrome/137.0.7151.103 Mobile Safari/537.36 (compatible; Googlebot/2.1; +http://www.google.com/bot.html)"
66.249.73.163 - - [17/Jul/2025:22:54:45 +0000] "GET /p/sever61356029?id=1372287 HTTP/1.1" 200 40270 "-" "Mozilla/5.0 (Linux; Android 6.0.1; Nexus 5X Build/MMB29P) AppleWebKit/537.36 (KHTML, like Gecko) Chrome/137.0.7151.103 Mobile Safari/537.36 (compatible; Googlebot/2.1; +http://www.google.com/bot.html)"
66.249.73.164 - - [17/Jul/2025:22:54:48 +0000] "POST /get-message-notify HTTP/1.1" 200 40005 "https://muzza.fit/p/sever61356029?id=1372287" "Mozilla/5.0 (Linux; Android 6.0.1; Nexus 5X Build/MMB29P) AppleWebKit/537.36 (KHTML, like Gecko) Chrome/137.0.7151.119 Mobile Safari/537.36 (compatible; Googlebot/2.1; +http://www.google.com/bot.html)"
66.249.73.165 - - [17/Jul/2025:22:59:40 +0000] "GET /p/imper11694192?id=1710450 HTTP/1.1" 200 40450 "-" "Mozilla/5.0 (compatible; Googlebot/2.1; +http://www.google.com/bot.html)"
66.249.73.165 - - [17/Jul/2025:23:02:54 +0000] "GET /p/unfri41497571?id=1513829 HTTP/1.1" 200 39951 "-" "Mozilla/5.0 (Linux; Android 6.0.1; Nexus 5X Build/MMB29P) AppleWebKit/537.36 (KHTML, like Gecko) Chrome/137.0.7151.103 Mobile Safari/537.36 (compatible; Googlebot/2.1; +http://www.google.com/bot.html)"
66.249.73.165 - - [17/Jul/2025:23:03:23 +0000] "GET /p/kilo51668180?id=1684438 HTTP/1.1" 200 40005 "-" "Mozilla/5.0 (compatible; Googlebot/2.1; +http://www.google.com/bot.html)"
66.249.73.163 - - [17/Jul/2025:23:03:47 +0000] "GET /p/recep40570123?id=586381 HTTP/1.1" 200 40215 "-" "Mozilla/5.0 (Linux; Android 6.0.1; Nexus 5X Build/MMB29P) AppleWebKit/537.36 (KHTML, like Gecko) Chrome/137.0.7151.103 Mobile Safari/537.36 (compatible; Googlebot/2.1; +http://www.google.com/bot.html)"
66.249.73.163 - - [17/Jul/2025:23:05:11 +0000] "GET /p/wagon72399694?id=2415952 HTTP/1.1" 200 40241 "-" "Mozilla/5.0 (Linux; Android 6.0.1; Nexus 5X Build/MMB29P) AppleWebKit/537.36 (KHTML, like Gecko) Chrome/137.0.7151.103 Mobile Safari/537.36 (compatible; Googlebot/2.1; +http://www.google.com/bot.html)"
66.249.73.164 - - [17/Jul/2025:23:08:13 +0000] "GET /text/terms HTTP/1.1" 200 40257 "-" "Mozilla/5.0 (Linux; Android 6.0.1; Nexus 5X Build/MMB29P) AppleWebKit/537.36 (KHTML, like Gecko) Chrome/137.0.7151.103 Mobile Safari/537.36 (compatible; Googlebot/2.1; +http://www.google.com/bot.html)"
44.207.69.106 - - [17/Jul/2025:23:11:29 +0000] "GET /wp-content/uploads/2018/09/coming-soon-1.png HTTP/1.1" 200 13141 "-" "Mozilla/5.0 AppleWebKit/537.36 (KHTML, like Gecko; compatible; Amazonbot/0.1; +https://developer.amazon.com/support/amazonbot) Chrome/119.0.6045.214 Safari/537.36"
66.249.73.165 - - [17/Jul/2025:23:11:33 +0000] "GET /p/pond21816361?id=1832619 HTTP/1.1" 200 40400 "-" "Mozilla/5.0 (Linux; Android 6.0.1; Nexus 5X Build/MMB29P) AppleWebKit/537.36 (KHTML, like Gecko) Chrome/137.0.7151.103 Mobile Safari/537.36 (compatible; Googlebot/2.1; +http://www.google.com/bot.html)"
66.249.73.163 - - [17/Jul/2025:23:14:58 +0000] "GET /p/gestu71650302?id=1666560 HTTP/1.1" 200 40541 "-" "Mozilla/5.0 (Linux; Android 6.0.1; Nexus 5X Build/MMB29P) AppleWebKit/537.36 (KHTML, like Gecko) Chrome/137.0.7151.103 Mobile Safari/537.36 (compatible; Googlebot/2.1; +http://www.google.com/bot.html)"
209.74.77.214 - - [17/Jul/2025:23:18:24 +0000] "POST /wp-cron.php?doing_wp_cron=1752794304.1318540573120117187500 HTTP/1.1" 200 - "-" "WordPress/6.8.2; https://muzza.fit"
51.222.253.13 - - [17/Jul/2025:23:18:20 +0000] "GET /tag/lightbox/ HTTP/1.1" 200 30120 "-" "Mozilla/5.0 (compatible; AhrefsBot/7.0; +http://ahrefs.com/robot/)"
66.249.73.165 - - [17/Jul/2025:23:18:34 +0000] "GET /p/clash20463785?id=480043 HTTP/1.1" 200 39925 "-" "Mozilla/5.0 (Linux; Android 6.0.1; Nexus 5X Build/MMB29P) AppleWebKit/537.36 (KHTML, like Gecko) Chrome/137.0.7151.103 Mobile Safari/537.36 (compatible; Googlebot/2.1; +http://www.google.com/bot.html)"
66.249.73.164 - - [17/Jul/2025:23:22:15 +0000] "GET /p/golde51568876?id=1585134 HTTP/1.1" 200 40264 "-" "Mozilla/5.0 (Linux; Android 6.0.1; Nexus 5X Build/MMB29P) AppleWebKit/537.36 (KHTML, like Gecko) Chrome/137.0.7151.103 Mobile Safari/537.36 (compatible; Googlebot/2.1; +http://www.google.com/bot.html)"
66.249.73.163 - - [17/Jul/2025:23:22:27 +0000] "POST /get-message-notify HTTP/1.1" 200 39940 "https://muzza.fit/p/golde51568876?id=1585134" "Mozilla/5.0 (Linux; Android 6.0.1; Nexus 5X Build/MMB29P) AppleWebKit/537.36 (KHTML, like Gecko) Chrome/137.0.7151.119 Mobile Safari/537.36 (compatible; Googlebot/2.1; +http://www.google.com/bot.html)"
66.249.73.165 - - [17/Jul/2025:23:23:29 +0000] "GET /p/board52381172?id=2397430 HTTP/1.1" 200 40259 "-" "Mozilla/5.0 (Linux; Android 6.0.1; Nexus 5X Build/MMB29P) AppleWebKit/537.36 (KHTML, like Gecko) Chrome/137.0.7151.103 Mobile Safari/537.36 (compatible; Googlebot/2.1; +http://www.google.com/bot.html)"
66.249.73.163 - - [17/Jul/2025:23:23:38 +0000] "POST /get-message-notify HTTP/1.1" 200 40011 "https://muzza.fit/p/board52381172?id=2397430" "Mozilla/5.0 (Linux; Android 6.0.1; Nexus 5X Build/MMB29P) AppleWebKit/537.36 (KHTML, like Gecko) Chrome/137.0.7151.119 Mobile Safari/537.36 (compatible; Googlebot/2.1; +http://www.google.com/bot.html)"
66.249.73.164 - - [17/Jul/2025:23:25:33 +0000] "GET /p/logic21297825?id=1314083 HTTP/1.1" 200 40067 "-" "Mozilla/5.0 (Linux; Android 6.0.1; Nexus 5X Build/MMB29P) AppleWebKit/537.36 (KHTML, like Gecko) Chrome/137.0.7151.103 Mobile Safari/537.36 (compatible; Googlebot/2.1; +http://www.google.com/bot.html)"
66.249.73.165 - - [17/Jul/2025:23:28:56 +0000] "GET /p/farth30722618?id=738876 HTTP/1.1" 200 41254 "-" "Mozilla/5.0 (Linux; Android 6.0.1; Nexus 5X Build/MMB29P) AppleWebKit/537.36 (KHTML, like Gecko) Chrome/137.0.7151.103 Mobile Safari/537.36 (compatible; Googlebot/2.1; +http://www.google.com/bot.html)"
66.249.73.164 - - [17/Jul/2025:23:32:36 +0000] "GET /p/outdo80709503?id=725761 HTTP/1.1" 200 40290 "-" "Mozilla/5.0 (Linux; Android 6.0.1; Nexus 5X Build/MMB29P) AppleWebKit/537.36 (KHTML, like Gecko) Chrome/137.0.7151.103 Mobile Safari/537.36 (compatible; Googlebot/2.1; +http://www.google.com/bot.html)"
66.249.73.163 - - [17/Jul/2025:23:32:44 +0000] "GET /p/dump31758282?id=1774540 HTTP/1.1" 200 40080 "-" "Mozilla/5.0 (Linux; Android 6.0.1; Nexus 5X Build/MMB29P) AppleWebKit/537.36 (KHTML, like Gecko) Chrome/137.0.7151.103 Mobile Safari/537.36 (compatible; Googlebot/2.1; +http://www.google.com/bot.html)"
66.249.73.165 - - [17/Jul/2025:23:33:01 +0000] "POST /get-message-notify HTTP/1.1" 200 40122 "https://muzza.fit/p/dump31758282?id=1774540" "Mozilla/5.0 (Linux; Android 6.0.1; Nexus 5X Build/MMB29P) AppleWebKit/537.36 (KHTML, like Gecko) Chrome/137.0.7151.119 Mobile Safari/537.36 (compatible; Googlebot/2.1; +http://www.google.com/bot.html)"
66.249.73.163 - - [17/Jul/2025:23:33:10 +0000] "GET /p/sandw11476232?id=1492490 HTTP/1.1" 200 40340 "-" "Mozilla/5.0 (Linux; Android 6.0.1; Nexus 5X Build/MMB29P) AppleWebKit/537.36 (KHTML, like Gecko) Chrome/137.0.7151.103 Mobile Safari/537.36 (compatible; Googlebot/2.1; +http://www.google.com/bot.html)"
66.249.73.164 - - [17/Jul/2025:23:35:38 +0000] "GET /p/again12928488?id=2944746 HTTP/1.1" 200 39966 "-" "Mozilla/5.0 (Linux; Android 6.0.1; Nexus 5X Build/MMB29P) AppleWebKit/537.36 (KHTML, like Gecko) Chrome/137.0.7151.103 Mobile Safari/537.36 (compatible; Googlebot/2.1; +http://www.google.com/bot.html)"
66.249.73.163 - - [17/Jul/2025:23:40:17 +0000] "GET /p/downl42277827?id=2294085 HTTP/1.1" 200 40484 "-" "Mozilla/5.0 (Linux; Android 6.0.1; Nexus 5X Build/MMB29P) AppleWebKit/537.36 (KHTML, like Gecko) Chrome/137.0.7151.103 Mobile Safari/537.36 (compatible; Googlebot/2.1; +http://www.google.com/bot.html)"
66.249.73.163 - - [17/Jul/2025:23:40:54 +0000] "GET /shop-2/ HTTP/1.1" 200 40187 "-" "Mozilla/5.0 (Linux; Android 6.0.1; Nexus 5X Build/MMB29P) AppleWebKit/537.36 (KHTML, like Gecko) Chrome/137.0.7151.103 Mobile Safari/537.36 (compatible; Googlebot/2.1; +http://www.google.com/bot.html)"
66.249.73.163 - - [17/Jul/2025:23:42:33 +0000] "GET /p/laser41851387?id=1867645 HTTP/1.1" 200 40103 "-" "Mozilla/5.0 (Linux; Android 6.0.1; Nexus 5X Build/MMB29P) AppleWebKit/537.36 (KHTML, like Gecko) Chrome/137.0.7151.103 Mobile Safari/537.36 (compatible; Googlebot/2.1; +http://www.google.com/bot.html)"
66.249.73.165 - - [17/Jul/2025:23:44:30 +0000] "GET /p/notic30745130?id=761388 HTTP/1.1" 200 40113 "-" "Mozilla/5.0 (Linux; Android 6.0.1; Nexus 5X Build/MMB29P) AppleWebKit/537.36 (KHTML, like Gecko) Chrome/137.0.7151.103 Mobile Safari/537.36 (compatible; Googlebot/2.1; +http://www.google.com/bot.html)"
66.249.73.163 - - [17/Jul/2025:23:46:18 +0000] "GET /p/jealo70690630?id=706888 HTTP/1.1" 200 40115 "-" "Mozilla/5.0 (compatible; Googlebot/2.1; +http://www.google.com/bot.html)"
66.249.73.163 - - [17/Jul/2025:23:48:11 +0000] "GET /p/fork30772394?id=788652 HTTP/1.1" 200 40332 "-" "Mozilla/5.0 (compatible; Googlebot/2.1; +http://www.google.com/bot.html)"
66.249.73.164 - - [17/Jul/2025:23:49:40 +0000] "GET /p/aunt50592220?id=608478 HTTP/1.1" 200 39896 "-" "Mozilla/5.0 (Linux; Android 6.0.1; Nexus 5X Build/MMB29P) AppleWebKit/537.36 (KHTML, like Gecko) Chrome/137.0.7151.103 Mobile Safari/537.36 (compatible; Googlebot/2.1; +http://www.google.com/bot.html)"
66.249.73.163 - - [17/Jul/2025:23:51:54 +0000] "GET /p/bathe61558493?id=1574751 HTTP/1.1" 200 39999 "-" "Mozilla/5.0 (compatible; Googlebot/2.1; +http://www.google.com/bot.html)"
66.249.73.163 - - [17/Jul/2025:23:54:22 +0000] "GET /p/drain51238652?id=1254910 HTTP/1.1" 200 40037 "-" "Mozilla/5.0 (Linux; Android 6.0.1; Nexus 5X Build/MMB29P) AppleWebKit/537.36 (KHTML, like Gecko) Chrome/137.0.7151.103 Mobile Safari/537.36 (compatible; Googlebot/2.1; +http://www.google.com/bot.html)"
66.249.73.163 - - [17/Jul/2025:23:54:33 +0000] "GET /pages/meet-the-team/ HTTP/1.1" 200 40046 "-" "Mozilla/5.0 (Linux; Android 6.0.1; Nexus 5X Build/MMB29P) AppleWebKit/537.36 (KHTML, like Gecko) Chrome/137.0.7151.103 Mobile Safari/537.36 (compatible; Googlebot/2.1; +http://www.google.com/bot.html)"
66.249.73.163 - - [17/Jul/2025:23:54:40 +0000] "GET /p/metal20408969?id=425227 HTTP/1.1" 200 40181 "-" "Mozilla/5.0 (Linux; Android 6.0.1; Nexus 5X Build/MMB29P) AppleWebKit/537.36 (KHTML, like Gecko) Chrome/137.0.7151.103 Mobile Safari/537.36 (compatible; Googlebot/2.1; +http://www.google.com/bot.html)"
66.249.73.165 - - [17/Jul/2025:23:55:59 +0000] "GET /pages/bmi-calculator/ HTTP/1.1" 200 40121 "-" "Mozilla/5.0 (Linux; Android 6.0.1; Nexus 5X Build/MMB29P) AppleWebKit/537.36 (KHTML, like Gecko) Chrome/137.0.7151.103 Mobile Safari/537.36 (compatible; Googlebot/2.1; +http://www.google.com/bot.html)"
66.249.73.165 - - [17/Jul/2025:23:59:33 +0000] "GET /p/rebui12403656?id=2419914 HTTP/1.1" 200 39953 "-" "Mozilla/5.0 (Linux; Android 6.0.1; Nexus 5X Build/MMB29P) AppleWebKit/537.36 (KHTML, like Gecko) Chrome/137.0.7151.103 Mobile Safari/537.36 (compatible; Googlebot/2.1; +http://www.google.com/bot.html)"
66.249.73.163 - - [18/Jul/2025:00:03:22 +0000] "GET /p/virtu32173946?id=2190204 HTTP/1.1" 200 40427 "-" "Mozilla/5.0 (Linux; Android 6.0.1; Nexus 5X Build/MMB29P) AppleWebKit/537.36 (KHTML, like Gecko) Chrome/137.0.7151.103 Mobile Safari/537.36 (compatible; Googlebot/2.1; +http://www.google.com/bot.html)"
66.249.73.164 - - [18/Jul/2025:00:04:38 +0000] "GET /p/whom81572335?id=1588593 HTTP/1.1" 200 40137 "-" "Mozilla/5.0 (compatible; Googlebot/2.1; +http://www.google.com/bot.html)"
66.249.73.163 - - [18/Jul/2025:00:05:18 +0000] "GET /p/grey80554831?id=571089 HTTP/1.1" 200 40062 "-" "Mozilla/5.0 (Linux; Android 6.0.1; Nexus 5X Build/MMB29P) AppleWebKit/537.36 (KHTML, like Gecko) Chrome/137.0.7151.103 Mobile Safari/537.36 (compatible; Googlebot/2.1; +http://www.google.com/bot.html)"
66.249.73.164 - - [18/Jul/2025:00:05:22 +0000] "POST /get-message-notify HTTP/1.1" 200 40040 "https://muzza.fit/p/grey80554831?id=571089" "Mozilla/5.0 (Linux; Android 6.0.1; Nexus 5X Build/MMB29P) AppleWebKit/537.36 (KHTML, like Gecko) Chrome/137.0.7151.119 Mobile Safari/537.36 (compatible; Googlebot/2.1; +http://www.google.com/bot.html)"
66.249.73.163 - - [18/Jul/2025:00:08:30 +0000] "POST /get-message-notify HTTP/1.1" 200 40112 "https://muzza.fit/pages/meet-the-team/" "Mozilla/5.0 (Linux; Android 6.0.1; Nexus 5X Build/MMB29P) AppleWebKit/537.36 (KHTML, like Gecko) Chrome/137.0.7151.119 Mobile Safari/537.36 (compatible; Googlebot/2.1; +http://www.google.com/bot.html)"
66.249.73.164 - - [18/Jul/2025:00:10:46 +0000] "GET /wp-content/uploads/2017/02/autumn-goodman-242803-unsplash-1-1024x681.jpg HTTP/1.1" 304 - "-" "Googlebot-Image/1.0"
66.249.73.165 - - [18/Jul/2025:00:11:42 +0000] "GET /p/spin12154624?id=2170882 HTTP/1.1" 200 39857 "-" "Mozilla/5.0 (compatible; Googlebot/2.1; +http://www.google.com/bot.html)"
66.249.73.163 - - [18/Jul/2025:00:15:06 +0000] "GET /p/site62502173?id=2518431 HTTP/1.1" 200 40939 "-" "Mozilla/5.0 (Linux; Android 6.0.1; Nexus 5X Build/MMB29P) AppleWebKit/537.36 (KHTML, like Gecko) Chrome/137.0.7151.103 Mobile Safari/537.36 (compatible; Googlebot/2.1; +http://www.google.com/bot.html)"
66.249.73.164 - - [18/Jul/2025:00:16:23 +0000] "GET /p/shrie31926930?id=1943188 HTTP/1.1" 200 41331 "-" "Mozilla/5.0 (Linux; Android 6.0.1; Nexus 5X Build/MMB29P) AppleWebKit/537.36 (KHTML, like Gecko) Chrome/137.0.7151.103 Mobile Safari/537.36 (compatible; Googlebot/2.1; +http://www.google.com/bot.html)"
209.74.77.214 - - [18/Jul/2025:00:20:41 +0000] "POST /wp-cron.php?doing_wp_cron=1752798041.5174961090087890625000 HTTP/1.1" 200 - "-" "WordPress/6.8.2; https://muzza.fit"
205.185.118.101 - - [18/Jul/2025:00:20:38 +0000] "GET /wp-login.php HTTP/1.1" 200 7487 "-" "Mozilla/5.0 (Windows NT 6.1; WOW64) AppleWebKit/537.36 (KHTML, like Gecko) Chrome/35.0.1916.114 Safari/537.36"
205.185.118.101 - - [18/Jul/2025:00:20:41 +0000] "POST /wp-login.php HTTP/1.1" 200 7505 "-" "Mozilla/5.0 (Windows NT 6.1; WOW64) AppleWebKit/537.36 (KHTML, like Gecko) Chrome/35.0.1916.114 Safari/537.36"
66.249.73.165 - - [18/Jul/2025:00:21:03 +0000] "GET /p/excee61302621?id=1318879 HTTP/1.1" 200 40589 "-" "Mozilla/5.0 (Linux; Android 6.0.1; Nexus 5X Build/MMB29P) AppleWebKit/537.36 (KHTML, like Gecko) Chrome/137.0.7151.103 Mobile Safari/537.36 (compatible; Googlebot/2.1; +http://www.google.com/bot.html)"
66.249.73.164 - - [18/Jul/2025:00:24:06 +0000] "GET /p/rotar20275401?id=291659 HTTP/1.1" 200 40038 "-" "Mozilla/5.0 (Linux; Android 6.0.1; Nexus 5X Build/MMB29P) AppleWebKit/537.36 (KHTML, like Gecko) Chrome/137.0.7151.103 Mobile Safari/537.36 (compatible; Googlebot/2.1; +http://www.google.com/bot.html)"
184.73.167.217 - - [18/Jul/2025:00:24:46 +0000] "GET /robots.txt HTTP/1.1" 200 123 "-" "Mozilla/5.0 AppleWebKit/537.36 (KHTML, like Gecko; compatible; Amazonbot/0.1; +https://developer.amazon.com/support/amazonbot) Chrome/119.0.6045.214 Safari/537.36"
34.239.85.139 - - [18/Jul/2025:00:24:49 +0000] "GET /wp-content/uploads/2018/09/victor-freitas-569958-unsplash-1-768x512.jpg HTTP/1.1" 200 87378 "-" "Mozilla/5.0 AppleWebKit/537.36 (KHTML, like Gecko; compatible; Amazonbot/0.1; +https://developer.amazon.com/support/amazonbot) Chrome/119.0.6045.214 Safari/537.36"
3.211.105.134 - - [18/Jul/2025:00:24:53 +0000] "GET /wp-content/uploads/2016/04/adult-attractive-bikini-206464-1-600x360.jpg HTTP/1.1" 200 19884 "-" "Mozilla/5.0 AppleWebKit/537.36 (KHTML, like Gecko; compatible; Amazonbot/0.1; +https://developer.amazon.com/support/amazonbot) Chrome/119.0.6045.214 Safari/537.36"
66.249.73.164 - - [18/Jul/2025:00:25:05 +0000] "GET /p/tenth81805303?id=1821561 HTTP/1.1" 200 40038 "-" "Mozilla/5.0 (Linux; Android 6.0.1; Nexus 5X Build/MMB29P) AppleWebKit/537.36 (KHTML, like Gecko) Chrome/137.0.7151.103 Mobile Safari/537.36 (compatible; Googlebot/2.1; +http://www.google.com/bot.html)"
66.249.73.165 - - [18/Jul/2025:00:25:09 +0000] "POST /get-message-notify HTTP/1.1" 200 39970 "https://muzza.fit/p/tenth81805303?id=1821561" "Mozilla/5.0 (Linux; Android 6.0.1; Nexus 5X Build/MMB29P) AppleWebKit/537.36 (KHTML, like Gecko) Chrome/137.0.7151.119 Mobile Safari/537.36 (compatible; Googlebot/2.1; +http://www.google.com/bot.html)"
66.249.73.164 - - [18/Jul/2025:00:27:13 +0000] "GET /p/pain20657409?id=673667 HTTP/1.1" 200 41172 "-" "Mozilla/5.0 (Linux; Android 6.0.1; Nexus 5X Build/MMB29P) AppleWebKit/537.36 (KHTML, like Gecko) Chrome/137.0.7151.103 Mobile Safari/537.36 (compatible; Googlebot/2.1; +http://www.google.com/bot.html)"
66.249.73.165 - - [18/Jul/2025:00:28:50 +0000] "GET /p/abroa20221257?id=237515 HTTP/1.1" 200 40069 "-" "Mozilla/5.0 (Linux; Android 6.0.1; Nexus 5X Build/MMB29P) AppleWebKit/537.36 (KHTML, like Gecko) Chrome/137.0.7151.103 Mobile Safari/537.36 (compatible; Googlebot/2.1; +http://www.google.com/bot.html)"
66.249.73.163 - - [18/Jul/2025:00:31:22 +0000] "GET /p/humid10635208?id=651466 HTTP/1.1" 200 40052 "-" "Mozilla/5.0 (Linux; Android 6.0.1; Nexus 5X Build/MMB29P) AppleWebKit/537.36 (KHTML, like Gecko) Chrome/137.0.7151.103 Mobile Safari/537.36 (compatible; Googlebot/2.1; +http://www.google.com/bot.html)"
66.249.73.163 - - [18/Jul/2025:00:31:38 +0000] "GET /p/mobil62791493?id=2807751 HTTP/1.1" 200 39991 "-" "Mozilla/5.0 (compatible; Googlebot/2.1; +http://www.google.com/bot.html)"
66.249.73.163 - - [18/Jul/2025:00:31:48 +0000] "GET /category/news/ HTTP/1.1" 200 40204 "-" "Mozilla/5.0 (Linux; Android 6.0.1; Nexus 5X Build/MMB29P) AppleWebKit/537.36 (KHTML, like Gecko) Chrome/137.0.7151.103 Mobile Safari/537.36 (compatible; Googlebot/2.1; +http://www.google.com/bot.html)"
66.249.73.164 - - [18/Jul/2025:00:32:02 +0000] "GET /p/suppo10149144?id=165402 HTTP/1.1" 200 39992 "-" "Mozilla/5.0 (compatible; Googlebot/2.1; +http://www.google.com/bot.html)"
17.241.219.7 - - [18/Jul/2025:00:33:02 +0000] "GET /robots.txt HTTP/1.1" 200 123 "-" "Mozilla/5.0 (Macintosh; Intel Mac OS X 10_15_7) AppleWebKit/605.1.15 (KHTML, like Gecko) Version/17.4 Safari/605.1.15 (Applebot/0.1; +http://www.apple.com/go/applebot)"
209.74.77.214 - - [18/Jul/2025:00:33:05 +0000] "POST /wp-cron.php?doing_wp_cron=1752798785.1280369758605957031250 HTTP/1.1" 200 - "-" "WordPress/6.8.2; https://muzza.fit"
17.241.219.7 - - [18/Jul/2025:00:33:02 +0000] "GET /custom-404/ HTTP/1.1" 200 26704 "-" "Mozilla/5.0 (Macintosh; Intel Mac OS X 10_15_7) AppleWebKit/605.1.15 (KHTML, like Gecko) Version/17.4 Safari/605.1.15 (Applebot/0.1; +http://www.apple.com/go/applebot)"
66.249.73.164 - - [18/Jul/2025:00:34:42 +0000] "GET /p/decep72151678?id=2167936 HTTP/1.1" 200 39921 "-" "Mozilla/5.0 (compatible; Googlebot/2.1; +http://www.google.com/bot.html)"
66.249.73.163 - - [18/Jul/2025:00:35:21 +0000] "GET /p/volca80591079?id=607337 HTTP/1.1" 200 40815 "-" "Mozilla/5.0 (compatible; Googlebot/2.1; +http://www.google.com/bot.html)"
66.249.73.164 - - [18/Jul/2025:00:35:43 +0000] "GET /p/gende81302095?id=1318353 HTTP/1.1" 200 39948 "-" "Mozilla/5.0 (Linux; Android 6.0.1; Nexus 5X Build/MMB29P) AppleWebKit/537.36 (KHTML, like Gecko) Chrome/137.0.7151.103 Mobile Safari/537.36 (compatible; Googlebot/2.1; +http://www.google.com/bot.html)"
66.249.73.164 - - [18/Jul/2025:00:36:58 +0000] "GET /p/goose52850788?id=2867046 HTTP/1.1" 200 41430 "-" "Mozilla/5.0 (Linux; Android 6.0.1; Nexus 5X Build/MMB29P) AppleWebKit/537.36 (KHTML, like Gecko) Chrome/137.0.7151.103 Mobile Safari/537.36 (compatible; Googlebot/2.1; +http://www.google.com/bot.html)"
66.249.73.163 - - [18/Jul/2025:00:37:06 +0000] "POST /get-message-notify HTTP/1.1" 200 40187 "https://muzza.fit/p/goose52850788?id=2867046" "Mozilla/5.0 (Linux; Android 6.0.1; Nexus 5X Build/MMB29P) AppleWebKit/537.36 (KHTML, like Gecko) Chrome/137.0.7151.119 Mobile Safari/537.36 (compatible; Googlebot/2.1; +http://www.google.com/bot.html)"
66.249.73.164 - - [18/Jul/2025:00:39:23 +0000] "GET /p/claim40359539?id=375797 HTTP/1.1" 200 40517 "-" "Mozilla/5.0 (Linux; Android 6.0.1; Nexus 5X Build/MMB29P) AppleWebKit/537.36 (KHTML, like Gecko) Chrome/137.0.7151.103 Mobile Safari/537.36 (compatible; Googlebot/2.1; +http://www.google.com/bot.html)"
66.249.73.164 - - [18/Jul/2025:00:39:25 +0000] "GET /p/sent60023917?id=40175 HTTP/1.1" 200 40123 "-" "Mozilla/5.0 (Linux; Android 6.0.1; Nexus 5X Build/MMB29P) AppleWebKit/537.36 (KHTML, like Gecko) Chrome/137.0.7151.103 Mobile Safari/537.36 (compatible; Googlebot/2.1; +http://www.google.com/bot.html)"
66.249.73.164 - - [18/Jul/2025:00:40:15 +0000] "GET /p/might22365633?id=2381891 HTTP/1.1" 200 40356 "-" "Mozilla/5.0 (Linux; Android 6.0.1; Nexus 5X Build/MMB29P) AppleWebKit/537.36 (KHTML, like Gecko) Chrome/137.0.7151.103 Mobile Safari/537.36 (compatible; Googlebot/2.1; +http://www.google.com/bot.html)"
66.249.73.164 - - [18/Jul/2025:00:42:41 +0000] "GET /p/bond11174912?id=1191170 HTTP/1.1" 200 39988 "-" "Mozilla/5.0 (compatible; Googlebot/2.1; +http://www.google.com/bot.html)"
209.74.77.214 - - [18/Jul/2025:00:44:10 +0000] "POST /wp-cron.php?doing_wp_cron=1752799449.9920670986175537109375 HTTP/1.1" 200 - "-" "WordPress/6.8.2; https://muzza.fit"
167.99.77.140 - - [18/Jul/2025:00:44:07 +0000] "POST /xmlrpc.php HTTP/1.1" 200 911 "-" "Mozilla/5.0 (Windows NT 10.0; Win64; x64) AppleWebKit/537.36 (KHTML, like Gecko) Chrome/67.0.3396.99 Safari/537.36"
192.185.4.23 - - [18/Jul/2025:00:44:18 +0000] "POST /xmlrpc.php HTTP/1.1" 200 911 "-" "Mozilla/5.0 (Windows NT 10.0; Win64; x64) AppleWebKit/537.36 (KHTML, like Gecko) Chrome/79.0.3945.117 Safari/537.36"
162.241.194.120 - - [18/Jul/2025:00:44:22 +0000] "POST /xmlrpc.php HTTP/1.1" 200 911 "-" "Mozilla/5.0 (Windows NT 10.0; Win64; x64) AppleWebKit/537.36 (KHTML, like Gecko) Chrome/74.0.3729.169 Safari/537.36"
209.74.77.214 - - [18/Jul/2025:00:44:29 +0000] "POST /wp-cron.php?doing_wp_cron=1752799469.7544019222259521484375 HTTP/1.1" 200 - "-" "WordPress/6.8.2; https://muzza.fit"
119.8.51.11 - - [18/Jul/2025:00:44:29 +0000] "POST /xmlrpc.php HTTP/1.1" 200 911 "-" "Mozilla/5.0 (Windows NT 6.1; WOW64; rv:43.0) Gecko/20100101 Firefox/43.0"
67.205.25.215 - - [18/Jul/2025:00:44:33 +0000] "POST /xmlrpc.php HTTP/1.1" 200 911 "-" "Mozilla/5.0 (Windows NT 10.0; Win64; x64) AppleWebKit/537.36 (KHTML, like Gecko) Chrome/74.0.3729.131 Safari/537.36"
124.221.32.182 - - [18/Jul/2025:00:44:36 +0000] "POST /xmlrpc.php HTTP/1.1" 200 911 "-" "Mozilla/5.0 (Windows NT 6.1; Win64; x64) AppleWebKit/537.36 (KHTML, like Gecko) Chrome/63.0.3239.132 Safari/537.36"
66.249.73.165 - - [18/Jul/2025:00:47:44 +0000] "GET /p/goat32856690?id=2872948 HTTP/1.1" 200 40065 "-" "Mozilla/5.0 (Linux; Android 6.0.1; Nexus 5X Build/MMB29P) AppleWebKit/537.36 (KHTML, like Gecko) Chrome/137.0.7151.103 Mobile Safari/537.36 (compatible; Googlebot/2.1; +http://www.google.com/bot.html)"
66.249.73.164 - - [18/Jul/2025:00:50:40 +0000] "GET /p/delig50829996?id=846254 HTTP/1.1" 200 40244 "-" "Mozilla/5.0 (Linux; Android 6.0.1; Nexus 5X Build/MMB29P) AppleWebKit/537.36 (KHTML, like Gecko) Chrome/137.0.7151.103 Mobile Safari/537.36 (compatible; Googlebot/2.1; +http://www.google.com/bot.html)"
66.249.73.164 - - [18/Jul/2025:00:51:08 +0000] "GET /p/legal50662284?id=678542 HTTP/1.1" 200 40443 "-" "Mozilla/5.0 (Linux; Android 6.0.1; Nexus 5X Build/MMB29P) AppleWebKit/537.36 (KHTML, like Gecko) Chrome/137.0.7151.103 Mobile Safari/537.36 (compatible; Googlebot/2.1; +http://www.google.com/bot.html)"
85.208.96.199 - - [18/Jul/2025:00:51:44 +0000] "GET /robots.txt HTTP/1.1" 200 123 "-" "Mozilla/5.0 (compatible; SemrushBot/7~bl; +http://www.semrush.com/bot.html)"
209.74.77.214 - - [18/Jul/2025:00:51:47 +0000] "POST /wp-cron.php?doing_wp_cron=1752799907.0059990882873535156250 HTTP/1.1" 200 - "-" "WordPress/6.8.2; https://muzza.fit"
185.191.171.18 - - [18/Jul/2025:00:51:44 +0000] "GET /work/12-weeks-drop-sets-program-for-hypertrophy/ HTTP/1.1" 200 28840 "-" "Mozilla/5.0 (compatible; SemrushBot/7~bl; +http://www.semrush.com/bot.html)"
66.249.73.163 - - [18/Jul/2025:00:52:24 +0000] "GET /p/stir42918355?id=2934613 HTTP/1.1" 200 41014 "-" "Mozilla/5.0 (Linux; Android 6.0.1; Nexus 5X Build/MMB29P) AppleWebKit/537.36 (KHTML, like Gecko) Chrome/137.0.7151.103 Mobile Safari/537.36 (compatible; Googlebot/2.1; +http://www.google.com/bot.html)"
66.249.73.164 - - [18/Jul/2025:00:52:27 +0000] "POST /get-message-notify HTTP/1.1" 200 39988 "https://muzza.fit/p/stir42918355?id=2934613" "Mozilla/5.0 (Linux; Android 6.0.1; Nexus 5X Build/MMB29P) AppleWebKit/537.36 (KHTML, like Gecko) Chrome/137.0.7151.119 Mobile Safari/537.36 (compatible; Googlebot/2.1; +http://www.google.com/bot.html)"
66.249.73.165 - - [18/Jul/2025:00:53:32 +0000] "GET /p/seemi60482005?id=498263 HTTP/1.1" 200 39867 "-" "Mozilla/5.0 (compatible; Googlebot/2.1; +http://www.google.com/bot.html)"
45.227.253.15 - - [18/Jul/2025:00:53:35 +0000] "GET /cgi-bin/cgi-bin/cgi-bin/cgi-bin/cgi-bin/cgi-bin/index.php?ARRAY=7o2230223n313735323830333732322p2231223n22687474703n5p2s5p2s6p776n39302r67756172652r77696o695p2s3s6p633q7068705s636s64655s6n6326743q313735323830303132322q6565326366363064363663393330333662366336366332316533653766353664222p2232223n226661653336333935643439633936616335326632333338366634366437346563222p2233223n223433636166353462343930386234303338313861353963386339653165303235222p2262696r675s70617373223n2231352q34312q35322q36372q37332q38322q3132227q HTTP/1.1" 200 102 "-" "Mozilla/5.0 (Macintosh; Intel Mac OS X 10.15; rv:79.0) Gecko/20100101 Firefox/79.0"
66.249.73.163 - - [18/Jul/2025:00:54:38 +0000] "GET /p/bike52056644?id=2072902 HTTP/1.1" 200 39890 "-" "Mozilla/5.0 (compatible; Googlebot/2.1; +http://www.google.com/bot.html)"
66.249.73.165 - - [18/Jul/2025:00:56:23 +0000] "GET /p/song10608112?id=624370 HTTP/1.1" 200 40492 "-" "Mozilla/5.0 (Linux; Android 6.0.1; Nexus 5X Build/MMB29P) AppleWebKit/537.36 (KHTML, like Gecko) Chrome/137.0.7151.103 Mobile Safari/537.36 (compatible; Googlebot/2.1; +http://www.google.com/bot.html)"
66.249.73.164 - - [18/Jul/2025:00:56:29 +0000] "GET /p/visio50627012?id=643270 HTTP/1.1" 200 39939 "-" "Mozilla/5.0 (Linux; Android 6.0.1; Nexus 5X Build/MMB29P) AppleWebKit/537.36 (KHTML, like Gecko) Chrome/137.0.7151.103 Mobile Safari/537.36 (compatible; Googlebot/2.1; +http://www.google.com/bot.html)"
66.249.73.164 - - [18/Jul/2025:00:59:59 +0000] "GET /p/serb72087918?id=2104176 HTTP/1.1" 200 40290 "-" "Mozilla/5.0 (Linux; Android 6.0.1; Nexus 5X Build/MMB29P) AppleWebKit/537.36 (KHTML, like Gecko) Chrome/137.0.7151.103 Mobile Safari/537.36 (compatible; Googlebot/2.1; +http://www.google.com/bot.html)"
66.249.73.164 - - [18/Jul/2025:01:00:26 +0000] "GET /p/bleed62358541?id=2374799 HTTP/1.1" 200 40372 "-" "Mozilla/5.0 (Linux; Android 6.0.1; Nexus 5X Build/MMB29P) AppleWebKit/537.36 (KHTML, like Gecko) Chrome/137.0.7151.103 Mobile Safari/537.36 (compatible; Googlebot/2.1; +http://www.google.com/bot.html)"
66.249.73.163 - - [18/Jul/2025:01:00:38 +0000] "GET /p/truck70656990?id=673248 HTTP/1.1" 200 40141 "-" "Mozilla/5.0 (compatible; Googlebot/2.1; +http://www.google.com/bot.html)"
209.74.77.214 - - [18/Jul/2025:01:01:51 +0000] "POST /wp-cron.php?doing_wp_cron=1752800511.7730948925018310546875 HTTP/1.1" 200 - "-" "WordPress/6.8.2; https://muzza.fit"
45.61.186.104 - - [18/Jul/2025:01:01:49 +0000] "GET /wp-login.php HTTP/1.1" 200 7487 "-" "Mozilla/5.0 (Windows NT 6.1; WOW64) AppleWebKit/537.36 (KHTML, like Gecko) Chrome/35.0.1916.114 Safari/537.36"
45.61.186.104 - - [18/Jul/2025:01:01:54 +0000] "POST /wp-login.php HTTP/1.1" 200 7505 "-" "Mozilla/5.0 (Windows NT 6.1; WOW64) AppleWebKit/537.36 (KHTML, like Gecko) Chrome/35.0.1916.114 Safari/537.36"
66.249.73.165 - - [18/Jul/2025:01:04:39 +0000] "GET /p/discu52692564?id=2708822 HTTP/1.1" 200 40298 "-" "Mozilla/5.0 (compatible; Googlebot/2.1; +http://www.google.com/bot.html)"
66.249.73.164 - - [18/Jul/2025:01:10:12 +0000] "GET /p/crush60622709?id=638967 HTTP/1.1" 200 40005 "-" "Mozilla/5.0 (Linux; Android 6.0.1; Nexus 5X Build/MMB29P) AppleWebKit/537.36 (KHTML, like Gecko) Chrome/137.0.7151.103 Mobile Safari/537.36 (compatible; Googlebot/2.1; +http://www.google.com/bot.html)"
66.249.73.164 - - [18/Jul/2025:01:12:45 +0000] "GET /p/chapt10763576?id=779834 HTTP/1.1" 200 40120 "-" "Mozilla/5.0 (Linux; Android 6.0.1; Nexus 5X Build/MMB29P) AppleWebKit/537.36 (KHTML, like Gecko) Chrome/137.0.7151.103 Mobile Safari/537.36 (compatible; Googlebot/2.1; +http://www.google.com/bot.html)"
66.249.73.165 - - [18/Jul/2025:01:14:01 +0000] "GET /p/lawye10986672?id=1002930 HTTP/1.1" 200 40123 "-" "Mozilla/5.0 (Linux; Android 6.0.1; Nexus 5X Build/MMB29P) AppleWebKit/537.36 (KHTML, like Gecko) Chrome/137.0.7151.103 Mobile Safari/537.36 (compatible; Googlebot/2.1; +http://www.google.com/bot.html)"
66.249.73.164 - - [18/Jul/2025:01:14:28 +0000] "GET /p/meeti20172505?id=188763 HTTP/1.1" 200 40104 "-" "Mozilla/5.0 (Linux; Android 6.0.1; Nexus 5X Build/MMB29P) AppleWebKit/537.36 (KHTML, like Gecko) Chrome/137.0.7151.103 Mobile Safari/537.36 (compatible; Googlebot/2.1; +http://www.google.com/bot.html)"
66.249.73.163 - - [18/Jul/2025:01:14:37 +0000] "POST /get-message-notify HTTP/1.1" 200 40238 "https://muzza.fit/p/meeti20172505?id=188763" "Mozilla/5.0 (Linux; Android 6.0.1; Nexus 5X Build/MMB29P) AppleWebKit/537.36 (KHTML, like Gecko) Chrome/137.0.7151.119 Mobile Safari/537.36 (compatible; Googlebot/2.1; +http://www.google.com/bot.html)"
66.249.73.163 - - [18/Jul/2025:01:16:25 +0000] "GET /p/flood32390858?id=2407116 HTTP/1.1" 200 39910 "-" "Mozilla/5.0 (Linux; Android 6.0.1; Nexus 5X Build/MMB29P) AppleWebKit/537.36 (KHTML, like Gecko) Chrome/137.0.7151.103 Mobile Safari/537.36 (compatible; Googlebot/2.1; +http://www.google.com/bot.html)"
66.249.73.164 - - [18/Jul/2025:01:17:45 +0000] "GET /p/prefe81321543?id=1337801 HTTP/1.1" 200 39863 "-" "Mozilla/5.0 (Linux; Android 6.0.1; Nexus 5X Build/MMB29P) AppleWebKit/537.36 (KHTML, like Gecko) Chrome/137.0.7151.103 Mobile Safari/537.36 (compatible; Googlebot/2.1; +http://www.google.com/bot.html)"
66.249.73.165 - - [18/Jul/2025:01:17:47 +0000] "GET /p/anyho40755243?id=771501 HTTP/1.1" 200 40275 "-" "Mozilla/5.0 (compatible; Googlebot/2.1; +http://www.google.com/bot.html)"
66.249.73.163 - - [18/Jul/2025:01:19:05 +0000] "GET /p/curb61614109?id=1630367 HTTP/1.1" 200 39993 "-" "Mozilla/5.0 (compatible; Googlebot/2.1; +http://www.google.com/bot.html)"
66.249.73.165 - - [18/Jul/2025:01:20:30 +0000] "GET /p/rever42525971?id=2542229 HTTP/1.1" 200 40613 "-" "Mozilla/5.0 (Linux; Android 6.0.1; Nexus 5X Build/MMB29P) AppleWebKit/537.36 (KHTML, like Gecko) Chrome/137.0.7151.103 Mobile Safari/537.36 (compatible; Googlebot/2.1; +http://www.google.com/bot.html)"
66.249.73.164 - - [18/Jul/2025:01:23:45 +0000] "GET /p/refle81054375?id=1070633 HTTP/1.1" 200 40152 "-" "Mozilla/5.0 (Linux; Android 6.0.1; Nexus 5X Build/MMB29P) AppleWebKit/537.36 (KHTML, like Gecko) Chrome/137.0.7151.103 Mobile Safari/537.36 (compatible; Googlebot/2.1; +http://www.google.com/bot.html)"
66.249.73.163 - - [18/Jul/2025:01:23:49 +0000] "POST /get-message-notify HTTP/1.1" 200 39971 "https://muzza.fit/p/refle81054375?id=1070633" "Mozilla/5.0 (Linux; Android 6.0.1; Nexus 5X Build/MMB29P) AppleWebKit/537.36 (KHTML, like Gecko) Chrome/137.0.7151.119 Mobile Safari/537.36 (compatible; Googlebot/2.1; +http://www.google.com/bot.html)"
