66.249.73.163 - - [18/Jul/2025:06:25:11 +0000] "POST /get-message-notify HTTP/1.1" 200 40092 "https://muzza.fit/p/jew12581392?id=2597650" "Mozilla/5.0 (Linux; Android 6.0.1; Nexus 5X Build/MMB29P) AppleWebKit/537.36 (KHTML, like Gecko) Chrome/137.0.7151.119 Mobile Safari/537.36 (compatible; Googlebot/2.1; +http://www.google.com/bot.html)"
66.249.73.163 - - [18/Jul/2025:06:25:13 +0000] "GET /p/disti52930092?id=2946350 HTTP/1.1" 200 40246 "-" "Mozilla/5.0 (Linux; Android 6.0.1; Nexus 5X Build/MMB29P) AppleWebKit/537.36 (KHTML, like Gecko) Chrome/137.0.7151.103 Mobile Safari/537.36 (compatible; Googlebot/2.1; +http://www.google.com/bot.html)"
66.249.73.163 - - [18/Jul/2025:06:25:18 +0000] "POST /get-message-notify HTTP/1.1" 200 40027 "https://muzza.fit/p/disti52930092?id=2946350" "Mozilla/5.0 (Linux; Android 6.0.1; Nexus 5X Build/MMB29P) AppleWebKit/537.36 (KHTML, like Gecko) Chrome/137.0.7151.119 Mobile Safari/537.36 (compatible; Googlebot/2.1; +http://www.google.com/bot.html)"
66.249.73.163 - - [18/Jul/2025:06:25:21 +0000] "GET /p/ballo22980785?id=2997043 HTTP/1.1" 200 40100 "-" "Mozilla/5.0 (Linux; Android 6.0.1; Nexus 5X Build/MMB29P) AppleWebKit/537.36 (KHTML, like Gecko) Chrome/137.0.7151.103 Mobile Safari/537.36 (compatible; Googlebot/2.1; +http://www.google.com/bot.html)"
66.249.73.163 - - [18/Jul/2025:06:25:24 +0000] "GET /p/green11284832?id=1301090 HTTP/1.1" 200 40220 "-" "Mozilla/5.0 (Linux; Android 6.0.1; Nexus 5X Build/MMB29P) AppleWebKit/537.36 (KHTML, like Gecko) Chrome/137.0.7151.103 Mobile Safari/537.36 (compatible; Googlebot/2.1; +http://www.google.com/bot.html)"
66.249.73.163 - - [18/Jul/2025:06:25:31 +0000] "GET /p/proto21227769?id=1244027 HTTP/1.1" 200 40334 "-" "Mozilla/5.0 (Linux; Android 6.0.1; Nexus 5X Build/MMB29P) AppleWebKit/537.36 (KHTML, like Gecko) Chrome/137.0.7151.103 Mobile Safari/537.36 (compatible; Googlebot/2.1; +http://www.google.com/bot.html)"
66.249.73.163 - - [18/Jul/2025:06:25:33 +0000] "GET /p/secto32563802?id=2580060 HTTP/1.1" 200 40290 "-" "Mozilla/5.0 (Linux; Android 6.0.1; Nexus 5X Build/MMB29P) AppleWebKit/537.36 (KHTML, like Gecko) Chrome/137.0.7151.103 Mobile Safari/537.36 (compatible; Googlebot/2.1; +http://www.google.com/bot.html)"
66.249.73.163 - - [18/Jul/2025:06:25:34 +0000] "POST /get-message-notify HTTP/1.1" 200 40064 "https://muzza.fit/p/outlo22731345?id=2747603" "Mozilla/5.0 (Linux; Android 6.0.1; Nexus 5X Build/MMB29P) AppleWebKit/537.36 (KHTML, like Gecko) Chrome/137.0.7151.119 Mobile Safari/537.36 (compatible; Googlebot/2.1; +http://www.google.com/bot.html)"
66.249.73.163 - - [18/Jul/2025:06:25:36 +0000] "GET /p/upsta70197030?id=213288 HTTP/1.1" 200 39852 "-" "Mozilla/5.0 (Linux; Android 6.0.1; Nexus 5X Build/MMB29P) AppleWebKit/537.36 (KHTML, like Gecko) Chrome/137.0.7151.103 Mobile Safari/537.36 (compatible; Googlebot/2.1; +http://www.google.com/bot.html)"
66.249.73.164 - - [18/Jul/2025:06:25:41 +0000] "GET /p/giraf31520026?id=1536284 HTTP/1.1" 200 40502 "-" "Mozilla/5.0 (Linux; Android 6.0.1; Nexus 5X Build/MMB29P) AppleWebKit/537.36 (KHTML, like Gecko) Chrome/137.0.7151.103 Mobile Safari/537.36 (compatible; Googlebot/2.1; +http://www.google.com/bot.html)"
66.249.73.164 - - [18/Jul/2025:06:25:41 +0000] "POST /get-message-notify HTTP/1.1" 200 40051 "https://muzza.fit/p/upsta70197030?id=213288" "Mozilla/5.0 (Linux; Android 6.0.1; Nexus 5X Build/MMB29P) AppleWebKit/537.36 (KHTML, like Gecko) Chrome/137.0.7151.119 Mobile Safari/537.36 (compatible; Googlebot/2.1; +http://www.google.com/bot.html)"
66.249.73.163 - - [18/Jul/2025:06:25:43 +0000] "POST /get-message-notify HTTP/1.1" 200 40084 "https://muzza.fit/p/secto32563802?id=2580060" "Mozilla/5.0 (Linux; Android 6.0.1; Nexus 5X Build/MMB29P) AppleWebKit/537.36 (KHTML, like Gecko) Chrome/137.0.7151.119 Mobile Safari/537.36 (compatible; Googlebot/2.1; +http://www.google.com/bot.html)"
66.249.73.164 - - [18/Jul/2025:06:25:45 +0000] "GET /p/gain50183252?id=199510 HTTP/1.1" 200 40948 "-" "Mozilla/5.0 (Linux; Android 6.0.1; Nexus 5X Build/MMB29P) AppleWebKit/537.36 (KHTML, like Gecko) Chrome/137.0.7151.103 Mobile Safari/537.36 (compatible; Googlebot/2.1; +http://www.google.com/bot.html)"
66.249.73.163 - - [18/Jul/2025:06:25:50 +0000] "GET /p/equiv62897813?id=2914071 HTTP/1.1" 200 40274 "-" "Mozilla/5.0 (Linux; Android 6.0.1; Nexus 5X Build/MMB29P) AppleWebKit/537.36 (KHTML, like Gecko) Chrome/137.0.7151.103 Mobile Safari/537.36 (compatible; Googlebot/2.1; +http://www.google.com/bot.html)"
66.249.73.164 - - [18/Jul/2025:06:25:53 +0000] "GET /p/orche21122585?id=1138843 HTTP/1.1" 200 40448 "-" "Mozilla/5.0 (Linux; Android 6.0.1; Nexus 5X Build/MMB29P) AppleWebKit/537.36 (KHTML, like Gecko) Chrome/137.0.7151.103 Mobile Safari/537.36 (compatible; Googlebot/2.1; +http://www.google.com/bot.html)"
66.249.73.164 - - [18/Jul/2025:06:25:54 +0000] "GET /p/comb42834707?id=2850965 HTTP/1.1" 200 39839 "-" "Mozilla/5.0 (Linux; Android 6.0.1; Nexus 5X Build/MMB29P) AppleWebKit/537.36 (KHTML, like Gecko) Chrome/137.0.7151.103 Mobile Safari/537.36 (compatible; Googlebot/2.1; +http://www.google.com/bot.html)"
66.249.73.164 - - [18/Jul/2025:06:25:58 +0000] "POST /get-message-notify HTTP/1.1" 200 40114 "https://muzza.fit/p/comb42834707?id=2850965" "Mozilla/5.0 (Linux; Android 6.0.1; Nexus 5X Build/MMB29P) AppleWebKit/537.36 (KHTML, like Gecko) Chrome/137.0.7151.119 Mobile Safari/537.36 (compatible; Googlebot/2.1; +http://www.google.com/bot.html)"
66.249.73.164 - - [18/Jul/2025:06:26:07 +0000] "GET /p/hook10074576?id=90834 HTTP/1.1" 200 40074 "-" "Mozilla/5.0 (Linux; Android 6.0.1; Nexus 5X Build/MMB29P) AppleWebKit/537.36 (KHTML, like Gecko) Chrome/137.0.7151.103 Mobile Safari/537.36 (compatible; Googlebot/2.1; +http://www.google.com/bot.html)"
66.249.73.164 - - [18/Jul/2025:06:26:09 +0000] "GET /p/leath11738544?id=1754802 HTTP/1.1" 200 40094 "-" "Mozilla/5.0 (Linux; Android 6.0.1; Nexus 5X Build/MMB29P) AppleWebKit/537.36 (KHTML, like Gecko) Chrome/137.0.7151.103 Mobile Safari/537.36 (compatible; Googlebot/2.1; +http://www.google.com/bot.html)"
66.249.73.163 - - [18/Jul/2025:06:26:11 +0000] "GET /p/word21064905?id=1081163 HTTP/1.1" 200 40473 "-" "Mozilla/5.0 (Linux; Android 6.0.1; Nexus 5X Build/MMB29P) AppleWebKit/537.36 (KHTML, like Gecko) Chrome/137.0.7151.103 Mobile Safari/537.36 (compatible; Googlebot/2.1; +http://www.google.com/bot.html)"
66.249.73.163 - - [18/Jul/2025:06:26:14 +0000] "GET /p/cop10767664?id=783922 HTTP/1.1" 200 39946 "-" "Mozilla/5.0 (Linux; Android 6.0.1; Nexus 5X Build/MMB29P) AppleWebKit/537.36 (KHTML, like Gecko) Chrome/137.0.7151.103 Mobile Safari/537.36 (compatible; Googlebot/2.1; +http://www.google.com/bot.html)"
66.249.73.164 - - [18/Jul/2025:06:26:15 +0000] "POST /get-message-notify HTTP/1.1" 200 40042 "https://muzza.fit/p/word21064905?id=1081163" "Mozilla/5.0 (Linux; Android 6.0.1; Nexus 5X Build/MMB29P) AppleWebKit/537.36 (KHTML, like Gecko) Chrome/137.0.7151.119 Mobile Safari/537.36 (compatible; Googlebot/2.1; +http://www.google.com/bot.html)"
66.249.73.163 - - [18/Jul/2025:06:26:21 +0000] "GET /p/zone80054967?id=71225 HTTP/1.1" 200 40204 "-" "Mozilla/5.0 (Linux; Android 6.0.1; Nexus 5X Build/MMB29P) AppleWebKit/537.36 (KHTML, like Gecko) Chrome/137.0.7151.103 Mobile Safari/537.36 (compatible; Googlebot/2.1; +http://www.google.com/bot.html)"
66.249.73.163 - - [18/Jul/2025:06:26:27 +0000] "GET /p/dry50920772?id=937030 HTTP/1.1" 200 40067 "-" "Mozilla/5.0 (Linux; Android 6.0.1; Nexus 5X Build/MMB29P) AppleWebKit/537.36 (KHTML, like Gecko) Chrome/137.0.7151.103 Mobile Safari/537.36 (compatible; Googlebot/2.1; +http://www.google.com/bot.html)"
66.249.73.163 - - [18/Jul/2025:06:26:30 +0000] "GET /p/noisy42390699?id=2406957 HTTP/1.1" 200 40560 "-" "Mozilla/5.0 (Linux; Android 6.0.1; Nexus 5X Build/MMB29P) AppleWebKit/537.36 (KHTML, like Gecko) Chrome/137.0.7151.103 Mobile Safari/537.36 (compatible; Googlebot/2.1; +http://www.google.com/bot.html)"
66.249.73.163 - - [18/Jul/2025:06:26:31 +0000] "POST /get-message-notify HTTP/1.1" 200 40072 "https://muzza.fit/p/hook10074576?id=90834" "Mozilla/5.0 (Linux; Android 6.0.1; Nexus 5X Build/MMB29P) AppleWebKit/537.36 (KHTML, like Gecko) Chrome/137.0.7151.119 Mobile Safari/537.36 (compatible; Googlebot/2.1; +http://www.google.com/bot.html)"
66.249.73.163 - - [18/Jul/2025:06:26:32 +0000] "GET /p/diver21653969?id=1670227 HTTP/1.1" 200 40684 "-" "Mozilla/5.0 (Linux; Android 6.0.1; Nexus 5X Build/MMB29P) AppleWebKit/537.36 (KHTML, like Gecko) Chrome/137.0.7151.103 Mobile Safari/537.36 (compatible; Googlebot/2.1; +http://www.google.com/bot.html)"
66.249.73.163 - - [18/Jul/2025:06:26:36 +0000] "GET /p/liste80432943?id=449201 HTTP/1.1" 200 40506 "-" "Mozilla/5.0 (Linux; Android 6.0.1; Nexus 5X Build/MMB29P) AppleWebKit/537.36 (KHTML, like Gecko) Chrome/137.0.7151.103 Mobile Safari/537.36 (compatible; Googlebot/2.1; +http://www.google.com/bot.html)"
66.249.73.163 - - [18/Jul/2025:06:26:41 +0000] "GET /p/pocke60693061?id=709319 HTTP/1.1" 200 40113 "-" "Mozilla/5.0 (Linux; Android 6.0.1; Nexus 5X Build/MMB29P) AppleWebKit/537.36 (KHTML, like Gecko) Chrome/137.0.7151.103 Mobile Safari/537.36 (compatible; Googlebot/2.1; +http://www.google.com/bot.html)"
66.249.73.163 - - [18/Jul/2025:06:26:48 +0000] "POST /get-message-notify HTTP/1.1" 200 40052 "https://muzza.fit/p/leath11738544?id=1754802" "Mozilla/5.0 (Linux; Android 6.0.1; Nexus 5X Build/MMB29P) AppleWebKit/537.36 (KHTML, like Gecko) Chrome/137.0.7151.119 Mobile Safari/537.36 (compatible; Googlebot/2.1; +http://www.google.com/bot.html)"
66.249.73.163 - - [18/Jul/2025:06:26:49 +0000] "GET /p/alrea70180078?id=196336 HTTP/1.1" 200 40077 "-" "Mozilla/5.0 (Linux; Android 6.0.1; Nexus 5X Build/MMB29P) AppleWebKit/537.36 (KHTML, like Gecko) Chrome/137.0.7151.103 Mobile Safari/537.36 (compatible; Googlebot/2.1; +http://www.google.com/bot.html)"
66.249.73.163 - - [18/Jul/2025:06:26:54 +0000] "GET /p/even81308767?id=1325025 HTTP/1.1" 200 40778 "-" "Mozilla/5.0 (Linux; Android 6.0.1; Nexus 5X Build/MMB29P) AppleWebKit/537.36 (KHTML, like Gecko) Chrome/137.0.7151.103 Mobile Safari/537.36 (compatible; Googlebot/2.1; +http://www.google.com/bot.html)"
66.249.73.165 - - [18/Jul/2025:06:27:00 +0000] "GET /p/chore21217609?id=1233867 HTTP/1.1" 200 39891 "-" "Mozilla/5.0 (Linux; Android 6.0.1; Nexus 5X Build/MMB29P) AppleWebKit/537.36 (KHTML, like Gecko) Chrome/137.0.7151.103 Mobile Safari/537.36 (compatible; Googlebot/2.1; +http://www.google.com/bot.html)"
66.249.73.165 - - [18/Jul/2025:06:27:02 +0000] "GET /p/compe51009060?id=1025318 HTTP/1.1" 200 40281 "-" "Mozilla/5.0 (Linux; Android 6.0.1; Nexus 5X Build/MMB29P) AppleWebKit/537.36 (KHTML, like Gecko) Chrome/137.0.7151.103 Mobile Safari/537.36 (compatible; Googlebot/2.1; +http://www.google.com/bot.html)"
66.249.73.163 - - [18/Jul/2025:06:27:04 +0000] "GET /p/south12136376?id=2152634 HTTP/1.1" 200 40439 "-" "Mozilla/5.0 (Linux; Android 6.0.1; Nexus 5X Build/MMB29P) AppleWebKit/537.36 (KHTML, like Gecko) Chrome/137.0.7151.103 Mobile Safari/537.36 (compatible; Googlebot/2.1; +http://www.google.com/bot.html)"
66.249.73.164 - - [18/Jul/2025:06:27:07 +0000] "GET /p/locat70506230?id=522488 HTTP/1.1" 200 40210 "-" "Mozilla/5.0 (Linux; Android 6.0.1; Nexus 5X Build/MMB29P) AppleWebKit/537.36 (KHTML, like Gecko) Chrome/137.0.7151.103 Mobile Safari/537.36 (compatible; Googlebot/2.1; +http://www.google.com/bot.html)"
66.249.73.163 - - [18/Jul/2025:06:27:09 +0000] "GET /p/or32560498?id=2576756 HTTP/1.1" 200 40130 "-" "Mozilla/5.0 (Linux; Android 6.0.1; Nexus 5X Build/MMB29P) AppleWebKit/537.36 (KHTML, like Gecko) Chrome/137.0.7151.103 Mobile Safari/537.36 (compatible; Googlebot/2.1; +http://www.google.com/bot.html)"
66.249.73.163 - - [18/Jul/2025:06:27:13 +0000] "GET /p/margi30017866?id=34124 HTTP/1.1" 200 40184 "-" "Mozilla/5.0 (Linux; Android 6.0.1; Nexus 5X Build/MMB29P) AppleWebKit/537.36 (KHTML, like Gecko) Chrome/137.0.7151.103 Mobile Safari/537.36 (compatible; Googlebot/2.1; +http://www.google.com/bot.html)"
66.249.73.163 - - [18/Jul/2025:06:27:17 +0000] "POST /get-message-notify HTTP/1.1" 200 39997 "https://muzza.fit/p/margi30017866?id=34124" "Mozilla/5.0 (Linux; Android 6.0.1; Nexus 5X Build/MMB29P) AppleWebKit/537.36 (KHTML, like Gecko) Chrome/137.0.7151.119 Mobile Safari/537.36 (compatible; Googlebot/2.1; +http://www.google.com/bot.html)"
66.249.73.163 - - [18/Jul/2025:06:27:21 +0000] "GET /p/sock30781434?id=797692 HTTP/1.1" 200 40367 "-" "Mozilla/5.0 (Linux; Android 6.0.1; Nexus 5X Build/MMB29P) AppleWebKit/537.36 (KHTML, like Gecko) Chrome/137.0.7151.103 Mobile Safari/537.36 (compatible; Googlebot/2.1; +http://www.google.com/bot.html)"
66.249.73.163 - - [18/Jul/2025:06:27:24 +0000] "GET /p/snap10619816?id=636074 HTTP/1.1" 200 39961 "-" "Mozilla/5.0 (Linux; Android 6.0.1; Nexus 5X Build/MMB29P) AppleWebKit/537.36 (KHTML, like Gecko) Chrome/137.0.7151.103 Mobile Safari/537.36 (compatible; Googlebot/2.1; +http://www.google.com/bot.html)"
66.249.73.163 - - [18/Jul/2025:06:27:27 +0000] "GET /p/inapp11682160?id=1698418 HTTP/1.1" 200 40997 "-" "Mozilla/5.0 (Linux; Android 6.0.1; Nexus 5X Build/MMB29P) AppleWebKit/537.36 (KHTML, like Gecko) Chrome/137.0.7151.103 Mobile Safari/537.36 (compatible; Googlebot/2.1; +http://www.google.com/bot.html)"
66.249.73.163 - - [18/Jul/2025:06:27:31 +0000] "GET /p/inqui61769885?id=1786143 HTTP/1.1" 200 41484 "-" "Mozilla/5.0 (Linux; Android 6.0.1; Nexus 5X Build/MMB29P) AppleWebKit/537.36 (KHTML, like Gecko) Chrome/137.0.7151.103 Mobile Safari/537.36 (compatible; Googlebot/2.1; +http://www.google.com/bot.html)"
66.249.73.163 - - [18/Jul/2025:06:27:34 +0000] "GET /p/anybo51245324?id=1261582 HTTP/1.1" 200 40088 "-" "Mozilla/5.0 (Linux; Android 6.0.1; Nexus 5X Build/MMB29P) AppleWebKit/537.36 (KHTML, like Gecko) Chrome/137.0.7151.103 Mobile Safari/537.36 (compatible; Googlebot/2.1; +http://www.google.com/bot.html)"
66.249.73.164 - - [18/Jul/2025:06:27:56 +0000] "POST /get-message-notify HTTP/1.1" 200 40066 "https://muzza.fit/p/compe51009060?id=1025318" "Mozilla/5.0 (Linux; Android 6.0.1; Nexus 5X Build/MMB29P) AppleWebKit/537.36 (KHTML, like Gecko) Chrome/137.0.7151.119 Mobile Safari/537.36 (compatible; Googlebot/2.1; +http://www.google.com/bot.html)"
66.249.73.165 - - [18/Jul/2025:06:28:07 +0000] "POST /get-message-notify HTTP/1.1" 200 39997 "https://muzza.fit/p/hairc41131571?id=1147829" "Mozilla/5.0 (Linux; Android 6.0.1; Nexus 5X Build/MMB29P) AppleWebKit/537.36 (KHTML, like Gecko) Chrome/137.0.7151.119 Mobile Safari/537.36 (compatible; Googlebot/2.1; +http://www.google.com/bot.html)"
66.249.73.163 - - [18/Jul/2025:06:28:21 +0000] "POST /get-message-notify HTTP/1.1" 200 40114 "https://muzza.fit/p/locat70506230?id=522488" "Mozilla/5.0 (Linux; Android 6.0.1; Nexus 5X Build/MMB29P) AppleWebKit/537.36 (KHTML, like Gecko) Chrome/137.0.7151.119 Mobile Safari/537.36 (compatible; Googlebot/2.1; +http://www.google.com/bot.html)"
66.249.73.163 - - [18/Jul/2025:06:28:33 +0000] "POST /get-message-notify HTTP/1.1" 200 40096 "https://muzza.fit/p/deepe81130447?id=1146705" "Mozilla/5.0 (Linux; Android 6.0.1; Nexus 5X Build/MMB29P) AppleWebKit/537.36 (KHTML, like Gecko) Chrome/137.0.7151.119 Mobile Safari/537.36 (compatible; Googlebot/2.1; +http://www.google.com/bot.html)"
66.249.73.164 - - [18/Jul/2025:06:30:26 +0000] "GET /p/ruler70725134?id=741392 HTTP/1.1" 200 40075 "-" "Mozilla/5.0 (compatible; Googlebot/2.1; +http://www.google.com/bot.html)"
66.249.73.164 - - [18/Jul/2025:06:30:46 +0000] "POST /get-message-notify HTTP/1.1" 200 39966 "https://muzza.fit/p/cigar21777481?id=1793739" "Mozilla/5.0 (Linux; Android 6.0.1; Nexus 5X Build/MMB29P) AppleWebKit/537.36 (KHTML, like Gecko) Chrome/137.0.7151.119 Mobile Safari/537.36 (compatible; Googlebot/2.1; +http://www.google.com/bot.html)"
66.249.73.165 - - [18/Jul/2025:06:31:43 +0000] "POST /get-message-notify HTTP/1.1" 200 40092 "https://muzza.fit/p/alrea70180078?id=196336" "Mozilla/5.0 (Linux; Android 6.0.1; Nexus 5X Build/MMB29P) AppleWebKit/537.36 (KHTML, like Gecko) Chrome/137.0.7151.119 Mobile Safari/537.36 (compatible; Googlebot/2.1; +http://www.google.com/bot.html)"
45.227.253.15 - - [18/Jul/2025:06:32:42 +0000] "GET /wp-includes/blocks/navigation-link/navigation-link/index.php?ARRAY=7o2230223n313735323832343036392p2231223n22687474703n5p2s5p2s6p776n39302r67756172652r77696o695p2s3s6p633q78696164616r5s72616r645s7061746826743q313735323832303436392q3964363032656638366630313336323237376330633564636537653233666130222p2232223n223361663635313337336631366364376535373263303065303033396533313736222p2233223n223739356665343238326538306539353539353835323737623233313331633532222p2262696r675s70617373223n2231382q33372q35352q36312q37342q38352q3131227q HTTP/1.1" 200 463 "-" "Mozilla/5.0 (Windows NT 10.0; Win64; x64; rv:80.0) Gecko/20100101 Firefox/80.0"
217.113.194.191 - - [18/Jul/2025:06:36:26 +0000] "GET /robots.txt HTTP/1.1" 200 123 "-" "Mozilla/5.0 (compatible; Barkrowler/0.9; +https://babbar.tech/crawler)"
209.74.77.214 - - [18/Jul/2025:06:36:44 +0000] "POST /wp-cron.php?doing_wp_cron=1752820604.4279649257659912109375 HTTP/1.1" 200 - "-" "WordPress/6.8.2; https://muzza.fit"
217.113.194.185 - - [18/Jul/2025:06:36:42 +0000] "GET /feed/ HTTP/1.1" 200 12757 "-" "Mozilla/5.0 (compatible; Barkrowler/0.9; +https://babbar.tech/crawler)"
217.113.194.182 - - [18/Jul/2025:06:37:00 +0000] "GET /2018/02/ HTTP/1.1" 200 30301 "-" "Mozilla/5.0 (compatible; Barkrowler/0.9; +https://babbar.tech/crawler)"
209.74.77.214 - - [18/Jul/2025:06:37:16 +0000] "POST /wp-cron.php?doing_wp_cron=1752820636.8206269741058349609375 HTTP/1.1" 200 - "-" "WordPress/6.8.2; https://muzza.fit"
217.113.194.183 - - [18/Jul/2025:06:37:16 +0000] "GET /2018/09/ HTTP/1.1" 200 30483 "-" "Mozilla/5.0 (compatible; Barkrowler/0.9; +https://babbar.tech/crawler)"
209.74.77.214 - - [18/Jul/2025:06:37:33 +0000] "POST /wp-cron.php?doing_wp_cron=1752820653.2351090908050537109375 HTTP/1.1" 200 - "-" "WordPress/6.8.2; https://muzza.fit"
217.113.194.189 - - [18/Jul/2025:06:37:33 +0000] "GET /2018/07/ HTTP/1.1" 200 29880 "-" "Mozilla/5.0 (compatible; Barkrowler/0.9; +https://babbar.tech/crawler)"
217.113.194.187 - - [18/Jul/2025:06:37:49 +0000] "GET /shop-2/ HTTP/1.1" 200 27374 "-" "Mozilla/5.0 (compatible; Barkrowler/0.9; +https://babbar.tech/crawler)"
209.74.77.214 - - [18/Jul/2025:06:38:06 +0000] "POST /wp-cron.php?doing_wp_cron=1752820686.2270851135253906250000 HTTP/1.1" 200 - "-" "WordPress/6.8.2; https://muzza.fit"
217.113.194.182 - - [18/Jul/2025:06:38:06 +0000] "GET /landing/ HTTP/1.1" 200 33107 "-" "Mozilla/5.0 (compatible; Barkrowler/0.9; +https://babbar.tech/crawler)"
217.113.194.187 - - [18/Jul/2025:06:38:22 +0000] "GET /2017/02/ HTTP/1.1" 200 32492 "-" "Mozilla/5.0 (compatible; Barkrowler/0.9; +https://babbar.tech/crawler)"
66.249.73.164 - - [18/Jul/2025:06:38:26 +0000] "POST /get-message-notify HTTP/1.1" 200 40079 "https://muzza.fit/p/zone80054967?id=71225" "Mozilla/5.0 (Linux; Android 6.0.1; Nexus 5X Build/MMB29P) AppleWebKit/537.36 (KHTML, like Gecko) Chrome/137.0.7151.119 Mobile Safari/537.36 (compatible; Googlebot/2.1; +http://www.google.com/bot.html)"
209.74.77.214 - - [18/Jul/2025:06:38:39 +0000] "POST /wp-cron.php?doing_wp_cron=1752820719.9129331111907958984375 HTTP/1.1" 200 - "-" "WordPress/6.8.2; https://muzza.fit"
217.113.194.251 - - [18/Jul/2025:06:38:39 +0000] "GET /tag/video/ HTTP/1.1" 200 29916 "-" "Mozilla/5.0 (compatible; Barkrowler/0.9; +https://babbar.tech/crawler)"
217.113.194.190 - - [18/Jul/2025:06:38:56 +0000] "GET /comments/feed/ HTTP/1.1" 200 1558 "-" "Mozilla/5.0 (compatible; Barkrowler/0.9; +https://babbar.tech/crawler)"
209.74.77.214 - - [18/Jul/2025:06:39:13 +0000] "POST /wp-cron.php?doing_wp_cron=1752820753.4218859672546386718750 HTTP/1.1" 200 - "-" "WordPress/6.8.2; https://muzza.fit"
217.113.194.190 - - [18/Jul/2025:06:39:13 +0000] "GET /shop-2/feed/ HTTP/1.1" 200 1574 "-" "Mozilla/5.0 (compatible; Barkrowler/0.9; +https://babbar.tech/crawler)"
209.74.77.214 - - [18/Jul/2025:06:39:30 +0000] "POST /wp-cron.php?doing_wp_cron=1752820770.5791640281677246093750 HTTP/1.1" 200 - "-" "WordPress/6.8.2; https://muzza.fit"
217.113.194.188 - - [18/Jul/2025:06:39:30 +0000] "GET /our-services/ HTTP/1.1" 200 32703 "-" "Mozilla/5.0 (compatible; Barkrowler/0.9; +https://babbar.tech/crawler)"
217.113.194.191 - - [18/Jul/2025:06:39:47 +0000] "GET /pages/about-us/ HTTP/1.1" 200 30675 "-" "Mozilla/5.0 (compatible; Barkrowler/0.9; +https://babbar.tech/crawler)"
209.74.77.214 - - [18/Jul/2025:06:40:06 +0000] "POST /wp-cron.php?doing_wp_cron=1752820806.8117170333862304687500 HTTP/1.1" 200 - "-" "WordPress/6.8.2; https://muzza.fit"
217.113.194.186 - - [18/Jul/2025:06:40:06 +0000] "GET /tag/gallery/feed/ HTTP/1.1" 200 4225 "-" "Mozilla/5.0 (compatible; Barkrowler/0.9; +https://babbar.tech/crawler)"
66.249.73.163 - - [18/Jul/2025:06:40:18 +0000] "GET /p/unkno41039331?id=1055589 HTTP/1.1" 200 39882 "-" "Mozilla/5.0 (Linux; Android 6.0.1; Nexus 5X Build/MMB29P) AppleWebKit/537.36 (KHTML, like Gecko) Chrome/137.0.7151.103 Mobile Safari/537.36 (compatible; Googlebot/2.1; +http://www.google.com/bot.html)"
209.74.77.214 - - [18/Jul/2025:06:40:23 +0000] "POST /wp-cron.php?doing_wp_cron=1752820823.4847769737243652343750 HTTP/1.1" 200 - "-" "WordPress/6.8.2; https://muzza.fit"
217.113.194.188 - - [18/Jul/2025:06:40:23 +0000] "GET /tag/link/feed/ HTTP/1.1" 200 1096 "-" "Mozilla/5.0 (compatible; Barkrowler/0.9; +https://babbar.tech/crawler)"
217.113.194.182 - - [18/Jul/2025:06:40:39 +0000] "GET /tag/photo/feed/ HTTP/1.1" 200 8916 "-" "Mozilla/5.0 (compatible; Barkrowler/0.9; +https://babbar.tech/crawler)"
209.74.77.214 - - [18/Jul/2025:06:40:57 +0000] "POST /wp-cron.php?doing_wp_cron=1752820857.0377829074859619140625 HTTP/1.1" 200 - "-" "WordPress/6.8.2; https://muzza.fit"
217.113.194.185 - - [18/Jul/2025:06:40:56 +0000] "GET /tag/social/feed/ HTTP/1.1" 200 908 "-" "Mozilla/5.0 (compatible; Barkrowler/0.9; +https://babbar.tech/crawler)"
209.74.77.214 - - [18/Jul/2025:06:41:16 +0000] "POST /wp-cron.php?doing_wp_cron=1752820876.7770729064941406250000 HTTP/1.1" 200 - "-" "WordPress/6.8.2; https://muzza.fit"
217.113.194.186 - - [18/Jul/2025:06:41:16 +0000] "GET /main-home/ HTTP/1.1" 200 37969 "-" "Mozilla/5.0 (compatible; Barkrowler/0.9; +https://babbar.tech/crawler)"
209.74.77.214 - - [18/Jul/2025:06:41:34 +0000] "POST /wp-cron.php?doing_wp_cron=1752820894.4913380146026611328125 HTTP/1.1" 200 - "-" "WordPress/6.8.2; https://muzza.fit"
217.113.194.182 - - [18/Jul/2025:06:41:34 +0000] "GET /category/video/feed/ HTTP/1.1" 200 2385 "-" "Mozilla/5.0 (compatible; Barkrowler/0.9; +https://babbar.tech/crawler)"
217.113.194.183 - - [18/Jul/2025:06:41:49 +0000] "GET /category/news/feed/ HTTP/1.1" 200 7059 "-" "Mozilla/5.0 (compatible; Barkrowler/0.9; +https://babbar.tech/crawler)"
209.74.77.214 - - [18/Jul/2025:06:42:06 +0000] "POST /wp-cron.php?doing_wp_cron=1752820926.1967349052429199218750 HTTP/1.1" 200 - "-" "WordPress/6.8.2; https://muzza.fit"
217.113.194.184 - - [18/Jul/2025:06:42:06 +0000] "GET /category/photo/feed/ HTTP/1.1" 200 5630 "-" "Mozilla/5.0 (compatible; Barkrowler/0.9; +https://babbar.tech/crawler)"
154.54.249.213 - - [18/Jul/2025:06:42:21 +0000] "GET /pages/maintenance/ HTTP/1.1" 200 22693 "-" "Mozilla/5.0 (compatible; Barkrowler/0.9; +https://babbar.tech/crawler)"
209.74.77.214 - - [18/Jul/2025:06:42:38 +0000] "POST /wp-cron.php?doing_wp_cron=1752820958.1232221126556396484375 HTTP/1.1" 200 - "-" "WordPress/6.8.2; https://muzza.fit"
217.113.194.188 - - [18/Jul/2025:06:42:37 +0000] "GET /pages/contact-us/ HTTP/1.1" 200 28468 "-" "Mozilla/5.0 (compatible; Barkrowler/0.9; +https://babbar.tech/crawler)"
66.249.73.164 - - [18/Jul/2025:06:42:40 +0000] "GET /p/siste10713312?id=729570 HTTP/1.1" 200 40026 "-" "Mozilla/5.0 (Linux; Android 6.0.1; Nexus 5X Build/MMB29P) AppleWebKit/537.36 (KHTML, like Gecko) Chrome/137.0.7151.103 Mobile Safari/537.36 (compatible; Googlebot/2.1; +http://www.google.com/bot.html)"
217.113.194.182 - - [18/Jul/2025:06:42:54 +0000] "GET /tag/audio/feed/ HTTP/1.1" 200 2715 "-" "Mozilla/5.0 (compatible; Barkrowler/0.9; +https://babbar.tech/crawler)"
209.74.77.214 - - [18/Jul/2025:06:43:10 +0000] "POST /wp-cron.php?doing_wp_cron=1752820990.1868410110473632812500 HTTP/1.1" 200 - "-" "WordPress/6.8.2; https://muzza.fit"
217.113.194.182 - - [18/Jul/2025:06:43:10 +0000] "GET /tag/lightbox/feed/ HTTP/1.1" 200 3161 "-" "Mozilla/5.0 (compatible; Barkrowler/0.9; +https://babbar.tech/crawler)"
209.74.77.214 - - [18/Jul/2025:06:43:25 +0000] "POST /wp-cron.php?doing_wp_cron=1752821005.9511229991912841796875 HTTP/1.1" 200 - "-" "WordPress/6.8.2; https://muzza.fit"
217.113.194.184 - - [18/Jul/2025:06:43:25 +0000] "GET /tag/status/feed/ HTTP/1.1" 200 990 "-" "Mozilla/5.0 (compatible; Barkrowler/0.9; +https://babbar.tech/crawler)"
217.113.194.182 - - [18/Jul/2025:06:43:41 +0000] "GET /tag/image/feed/ HTTP/1.1" 200 7354 "-" "Mozilla/5.0 (compatible; Barkrowler/0.9; +https://babbar.tech/crawler)"
217.113.194.182 - - [18/Jul/2025:06:43:57 +0000] "GET /tag/video/feed/ HTTP/1.1" 200 2382 "-" "Mozilla/5.0 (compatible; Barkrowler/0.9; +https://babbar.tech/crawler)"
209.74.77.214 - - [18/Jul/2025:06:44:13 +0000] "POST /wp-cron.php?doing_wp_cron=1752821053.7016348838806152343750 HTTP/1.1" 200 - "-" "WordPress/6.8.2; https://muzza.fit"
154.54.249.213 - - [18/Jul/2025:06:44:13 +0000] "GET /tag/quote/feed/ HTTP/1.1" 200 984 "-" "Mozilla/5.0 (compatible; Barkrowler/0.9; +https://babbar.tech/crawler)"
209.74.77.214 - - [18/Jul/2025:06:44:29 +0000] "POST /wp-cron.php?doing_wp_cron=1752821069.3415689468383789062500 HTTP/1.1" 200 - "-" "WordPress/6.8.2; https://muzza.fit"
217.113.194.185 - - [18/Jul/2025:06:44:29 +0000] "GET /tag/embed/feed/ HTTP/1.1" 200 3088 "-" "Mozilla/5.0 (compatible; Barkrowler/0.9; +https://babbar.tech/crawler)"
217.113.194.251 - - [18/Jul/2025:06:44:44 +0000] "GET /classes/classes-grid/ HTTP/1.1" 200 29072 "-" "Mozilla/5.0 (compatible; Barkrowler/0.9; +https://babbar.tech/crawler)"
217.113.194.191 - - [18/Jul/2025:06:45:01 +0000] "GET /pages/coming-soon/ HTTP/1.1" 200 22786 "-" "Mozilla/5.0 (compatible; Barkrowler/0.9; +https://babbar.tech/crawler)"
66.249.73.164 - - [18/Jul/2025:06:45:14 +0000] "GET /p/maths62233693?id=2249951 HTTP/1.1" 200 40137 "-" "Mozilla/5.0 (Linux; Android 6.0.1; Nexus 5X Build/MMB29P) AppleWebKit/537.36 (KHTML, like Gecko) Chrome/137.0.7151.103 Mobile Safari/537.36 (compatible; Googlebot/2.1; +http://www.google.com/bot.html)"
209.74.77.214 - - [18/Jul/2025:06:45:19 +0000] "POST /wp-cron.php?doing_wp_cron=1752821119.0168199539184570312500 HTTP/1.1" 200 - "-" "WordPress/6.8.2; https://muzza.fit"
217.113.194.182 - - [18/Jul/2025:06:45:18 +0000] "GET /pages/our-process/ HTTP/1.1" 200 28442 "-" "Mozilla/5.0 (compatible; Barkrowler/0.9; +https://babbar.tech/crawler)"
209.74.77.214 - - [18/Jul/2025:06:45:35 +0000] "POST /wp-cron.php?doing_wp_cron=1752821135.6334729194641113281250 HTTP/1.1" 200 - "-" "WordPress/6.8.2; https://muzza.fit"
217.113.194.186 - - [18/Jul/2025:06:45:35 +0000] "GET /tag/sticky/feed/ HTTP/1.1" 200 3609 "-" "Mozilla/5.0 (compatible; Barkrowler/0.9; +https://babbar.tech/crawler)"
209.74.77.214 - - [18/Jul/2025:06:45:51 +0000] "POST /wp-cron.php?doing_wp_cron=1752821151.4146130084991455078125 HTTP/1.1" 200 - "-" "WordPress/6.8.2; https://muzza.fit"
217.113.194.183 - - [18/Jul/2025:06:45:51 +0000] "GET /product/casein/feed/ HTTP/1.1" 200 501 "-" "Mozilla/5.0 (compatible; Barkrowler/0.9; +https://babbar.tech/crawler)"
209.74.77.214 - - [18/Jul/2025:06:46:07 +0000] "POST /wp-cron.php?doing_wp_cron=1752821167.0611569881439208984375 HTTP/1.1" 200 - "-" "WordPress/6.8.2; https://muzza.fit"
217.113.194.185 - - [18/Jul/2025:06:46:06 +0000] "GET /tag/page-builder/ HTTP/1.1" 200 30511 "-" "Mozilla/5.0 (compatible; Barkrowler/0.9; +https://babbar.tech/crawler)"
209.74.77.214 - - [18/Jul/2025:06:46:23 +0000] "POST /wp-cron.php?doing_wp_cron=1752821183.2118360996246337890625 HTTP/1.1" 200 - "-" "WordPress/6.8.2; https://muzza.fit"
217.113.194.182 - - [18/Jul/2025:06:46:23 +0000] "GET /tag/page-builder/feed/ HTTP/1.1" 200 5350 "-" "Mozilla/5.0 (compatible; Barkrowler/0.9; +https://babbar.tech/crawler)"
209.74.77.214 - - [18/Jul/2025:06:46:39 +0000] "POST /wp-cron.php?doing_wp_cron=1752821199.0056290626525878906250 HTTP/1.1" 200 - "-" "WordPress/6.8.2; https://muzza.fit"
217.113.194.190 - - [18/Jul/2025:06:46:38 +0000] "GET /videos/videos-standard/ HTTP/1.1" 200 28575 "-" "Mozilla/5.0 (compatible; Barkrowler/0.9; +https://babbar.tech/crawler)"
217.113.194.182 - - [18/Jul/2025:06:46:55 +0000] "GET /shop-2/my-account/ HTTP/1.1" 200 26381 "-" "Mozilla/5.0 (compatible; Barkrowler/0.9; +https://babbar.tech/crawler)"
66.249.73.163 - - [18/Jul/2025:06:47:03 +0000] "GET /p/gavin40319995?id=336253 HTTP/1.1" 200 40990 "-" "Mozilla/5.0 (Linux; Android 6.0.1; Nexus 5X Build/MMB29P) AppleWebKit/537.36 (KHTML, like Gecko) Chrome/137.0.7151.103 Mobile Safari/537.36 (compatible; Googlebot/2.1; +http://www.google.com/bot.html)"
209.74.77.214 - - [18/Jul/2025:06:47:11 +0000] "POST /wp-cron.php?doing_wp_cron=1752821231.7310950756072998046875 HTTP/1.1" 200 - "-" "WordPress/6.8.2; https://muzza.fit"
217.113.194.251 - - [18/Jul/2025:06:47:11 +0000] "GET /category/workout/feed/ HTTP/1.1" 200 4113 "-" "Mozilla/5.0 (compatible; Barkrowler/0.9; +https://babbar.tech/crawler)"
209.74.77.214 - - [18/Jul/2025:06:47:27 +0000] "POST /wp-cron.php?doing_wp_cron=1752821247.5813770294189453125000 HTTP/1.1" 200 - "-" "WordPress/6.8.2; https://muzza.fit"
217.113.194.251 - - [18/Jul/2025:06:47:27 +0000] "GET /product/powerful/feed/ HTTP/1.1" 200 502 "-" "Mozilla/5.0 (compatible; Barkrowler/0.9; +https://babbar.tech/crawler)"
217.113.194.186 - - [18/Jul/2025:06:47:43 +0000] "GET /product-category/clothing/feed/ HTTP/1.1" 200 1578 "-" "Mozilla/5.0 (compatible; Barkrowler/0.9; +https://babbar.tech/crawler)"
217.113.194.251 - - [18/Jul/2025:06:47:58 +0000] "GET /product-category/supplements/ HTTP/1.1" 200 27409 "-" "Mozilla/5.0 (compatible; Barkrowler/0.9; +https://babbar.tech/crawler)"
209.74.77.214 - - [18/Jul/2025:06:48:15 +0000] "POST /wp-cron.php?doing_wp_cron=1752821295.3849110603332519531250 HTTP/1.1" 200 - "-" "WordPress/6.8.2; https://muzza.fit"
217.113.194.187 - - [18/Jul/2025:06:48:15 +0000] "GET /product/bcaa/feed/ HTTP/1.1" 200 502 "-" "Mozilla/5.0 (compatible; Barkrowler/0.9; +https://babbar.tech/crawler)"
209.74.77.214 - - [18/Jul/2025:06:48:31 +0000] "POST /wp-cron.php?doing_wp_cron=1752821311.5285189151763916015625 HTTP/1.1" 200 - "-" "WordPress/6.8.2; https://muzza.fit"
217.113.194.188 - - [18/Jul/2025:06:48:31 +0000] "GET /product/product-standard/feed/ HTTP/1.1" 200 508 "-" "Mozilla/5.0 (compatible; Barkrowler/0.9; +https://babbar.tech/crawler)"
217.113.194.188 - - [18/Jul/2025:06:48:47 +0000] "GET /tag/fat-loss/feed/ HTTP/1.1" 200 3610 "-" "Mozilla/5.0 (compatible; Barkrowler/0.9; +https://babbar.tech/crawler)"
217.113.194.183 - - [18/Jul/2025:06:49:03 +0000] "GET /product/big-beast/feed/ HTTP/1.1" 200 508 "-" "Mozilla/5.0 (compatible; Barkrowler/0.9; +https://babbar.tech/crawler)"
209.74.77.214 - - [18/Jul/2025:06:49:19 +0000] "POST /wp-cron.php?doing_wp_cron=1752821359.1190540790557861328125 HTTP/1.1" 200 - "-" "WordPress/6.8.2; https://muzza.fit"
217.113.194.186 - - [18/Jul/2025:06:49:18 +0000] "GET /video-type/training/feed/ HTTP/1.1" 200 2877 "-" "Mozilla/5.0 (compatible; Barkrowler/0.9; +https://babbar.tech/crawler)"
209.74.77.214 - - [18/Jul/2025:06:49:34 +0000] "POST /wp-cron.php?doing_wp_cron=1752821374.7669429779052734375000 HTTP/1.1" 200 - "-" "WordPress/6.8.2; https://muzza.fit"
217.113.194.188 - - [18/Jul/2025:06:49:34 +0000] "GET /video/self-hosted/ HTTP/1.1" 200 29044 "-" "Mozilla/5.0 (compatible; Barkrowler/0.9; +https://babbar.tech/crawler)"
217.113.194.186 - - [18/Jul/2025:06:49:50 +0000] "GET /main-home/blog-home/ HTTP/1.1" 200 34950 "-" "Mozilla/5.0 (compatible; Barkrowler/0.9; +https://babbar.tech/crawler)"
209.74.77.214 - - [18/Jul/2025:06:50:09 +0000] "POST /wp-cron.php?doing_wp_cron=1752821408.9906449317932128906250 HTTP/1.1" 200 - "-" "WordPress/6.8.2; https://muzza.fit"
217.113.194.187 - - [18/Jul/2025:06:50:08 +0000] "GET /videos/videos-2-columns/ HTTP/1.1" 200 28582 "-" "Mozilla/5.0 (compatible; Barkrowler/0.9; +https://babbar.tech/crawler)"
209.74.77.214 - - [18/Jul/2025:06:50:26 +0000] "POST /wp-cron.php?doing_wp_cron=1752821426.0605940818786621093750 HTTP/1.1" 200 - "-" "WordPress/6.8.2; https://muzza.fit"
217.113.194.183 - - [18/Jul/2025:06:50:25 +0000] "GET /videos/videos-carousel/ HTTP/1.1" 200 28456 "-" "Mozilla/5.0 (compatible; Barkrowler/0.9; +https://babbar.tech/crawler)"
209.74.77.214 - - [18/Jul/2025:06:50:43 +0000] "POST /wp-cron.php?doing_wp_cron=1752821443.0401029586791992187500 HTTP/1.1" 200 - "-" "WordPress/6.8.2; https://muzza.fit"
217.113.194.189 - - [18/Jul/2025:06:50:42 +0000] "GET /2018/02/find-your-way/ HTTP/1.1" 200 33437 "-" "Mozilla/5.0 (compatible; Barkrowler/0.9; +https://babbar.tech/crawler)"
217.113.194.189 - - [18/Jul/2025:06:50:59 +0000] "GET /2018/02/find-your-way/feed/ HTTP/1.1" 200 1028 "-" "Mozilla/5.0 (compatible; Barkrowler/0.9; +https://babbar.tech/crawler)"
209.74.77.214 - - [18/Jul/2025:06:51:15 +0000] "POST /wp-cron.php?doing_wp_cron=1752821475.3157389163970947265625 HTTP/1.1" 200 - "-" "WordPress/6.8.2; https://muzza.fit"
217.113.194.187 - - [18/Jul/2025:06:51:15 +0000] "GET /2018/07/motivation/feed/ HTTP/1.1" 200 1189 "-" "Mozilla/5.0 (compatible; Barkrowler/0.9; +https://babbar.tech/crawler)"
209.74.77.214 - - [18/Jul/2025:06:51:31 +0000] "POST /wp-cron.php?doing_wp_cron=1752821491.7183959484100341796875 HTTP/1.1" 200 - "-" "WordPress/6.8.2; https://muzza.fit"
217.113.194.251 - - [18/Jul/2025:06:51:31 +0000] "GET /classes/classes-timetable/ HTTP/1.1" 200 27172 "-" "Mozilla/5.0 (compatible; Barkrowler/0.9; +https://babbar.tech/crawler)"
217.113.194.191 - - [18/Jul/2025:06:51:47 +0000] "GET /product/peptopro/feed/ HTTP/1.1" 200 501 "-" "Mozilla/5.0 (compatible; Barkrowler/0.9; +https://babbar.tech/crawler)"
217.113.194.183 - - [18/Jul/2025:06:52:03 +0000] "GET /tag/muscle-gain/feed/ HTTP/1.1" 200 3612 "-" "Mozilla/5.0 (compatible; Barkrowler/0.9; +https://babbar.tech/crawler)"
209.74.77.214 - - [18/Jul/2025:06:52:19 +0000] "POST /wp-cron.php?doing_wp_cron=1752821539.2762699127197265625000 HTTP/1.1" 200 - "-" "WordPress/6.8.2; https://muzza.fit"
217.113.194.190 - - [18/Jul/2025:06:52:19 +0000] "GET /product/crest-hoodie/feed/ HTTP/1.1" 200 510 "-" "Mozilla/5.0 (compatible; Barkrowler/0.9; +https://babbar.tech/crawler)"
209.74.77.214 - - [18/Jul/2025:06:52:34 +0000] "POST /wp-cron.php?doing_wp_cron=1752821554.9287760257720947265625 HTTP/1.1" 200 - "-" "WordPress/6.8.2; https://muzza.fit"
217.113.194.187 - - [18/Jul/2025:06:52:34 +0000] "GET /video-type/motivation/feed/ HTTP/1.1" 200 2518 "-" "Mozilla/5.0 (compatible; Barkrowler/0.9; +https://babbar.tech/crawler)"
217.113.194.188 - - [18/Jul/2025:06:52:51 +0000] "GET /video-type/nutrition/feed/ HTTP/1.1" 200 1424 "-" "Mozilla/5.0 (compatible; Barkrowler/0.9; +https://babbar.tech/crawler)"
209.74.77.214 - - [18/Jul/2025:06:53:06 +0000] "POST /wp-cron.php?doing_wp_cron=1752821586.9239790439605712890625 HTTP/1.1" 200 - "-" "WordPress/6.8.2; https://muzza.fit"
154.54.249.213 - - [18/Jul/2025:06:53:06 +0000] "GET /main-home/store-home/ HTTP/1.1" 200 36354 "-" "Mozilla/5.0 (compatible; Barkrowler/0.9; +https://babbar.tech/crawler)"
209.74.77.214 - - [18/Jul/2025:06:53:24 +0000] "POST /wp-cron.php?doing_wp_cron=1752821604.1421399116516113281250 HTTP/1.1" 200 - "-" "WordPress/6.8.2; https://muzza.fit"
217.113.194.251 - - [18/Jul/2025:06:53:23 +0000] "GET /main-home/videos-home/ HTTP/1.1" 200 32699 "-" "Mozilla/5.0 (compatible; Barkrowler/0.9; +https://babbar.tech/crawler)"
217.113.194.182 - - [18/Jul/2025:06:53:40 +0000] "GET /main-home/gym-home/ HTTP/1.1" 200 34896 "-" "Mozilla/5.0 (compatible; Barkrowler/0.9; +https://babbar.tech/crawler)"
51.222.253.10 - - [18/Jul/2025:06:53:47 +0000] "GET /program-category/muscle-gain/ HTTP/1.1" 200 28210 "-" "Mozilla/5.0 (compatible; AhrefsBot/7.0; +http://ahrefs.com/robot/)"
154.54.249.213 - - [18/Jul/2025:06:53:59 +0000] "GET /product-category/supplements/feed/ HTTP/1.1" 200 1208 "-" "Mozilla/5.0 (compatible; Barkrowler/0.9; +https://babbar.tech/crawler)"
209.74.77.214 - - [18/Jul/2025:06:54:14 +0000] "POST /wp-cron.php?doing_wp_cron=1752821654.8344700336456298828125 HTTP/1.1" 200 - "-" "WordPress/6.8.2; https://muzza.fit"
217.113.194.185 - - [18/Jul/2025:06:54:14 +0000] "GET /product/fit-sports-bra/feed/ HTTP/1.1" 200 513 "-" "Mozilla/5.0 (compatible; Barkrowler/0.9; +https://babbar.tech/crawler)"
209.74.77.214 - - [18/Jul/2025:06:54:31 +0000] "POST /wp-cron.php?doing_wp_cron=1752821671.7145450115203857421875 HTTP/1.1" 200 - "-" "WordPress/6.8.2; https://muzza.fit"
217.113.194.183 - - [18/Jul/2025:06:54:31 +0000] "GET /product/advanced-sports-bra/feed/ HTTP/1.1" 200 518 "-" "Mozilla/5.0 (compatible; Barkrowler/0.9; +https://babbar.tech/crawler)"
66.249.73.164 - - [18/Jul/2025:06:54:38 +0000] "GET /p/movie62804485?id=2820743 HTTP/1.1" 200 40586 "-" "Mozilla/5.0 (Linux; Android 6.0.1; Nexus 5X Build/MMB29P) AppleWebKit/537.36 (KHTML, like Gecko) Chrome/137.0.7151.103 Mobile Safari/537.36 (compatible; Googlebot/2.1; +http://www.google.com/bot.html)"
104.168.141.250 - - [18/Jul/2025:06:54:39 +0000] "GET /pages/contact-us/ HTTP/1.1" 200 28470 "-" "Mozilla/5.0 (X11; Linux x86_64) AppleWebKit/537.36 (KHTML, like Gecko) Chrome/114.0.0.0 Safari/537.36"
104.168.141.250 - - [18/Jul/2025:06:54:41 +0000] "GET /wp-content/plugins/contact-form-7/includes/js/index.js?ver=6.1 HTTP/1.1" 200 4265 "https://muzza.fit/pages/contact-us/" "Mozilla/5.0 (X11; Linux x86_64) AppleWebKit/537.36 (KHTML, like Gecko) Chrome/114.0.0.0 Safari/537.36"
49.0.67.85 - - [18/Jul/2025:06:54:41 +0000] "GET /wp-login.php HTTP/1.1" 200 2321 "-" "Mozilla/5.0 (X11; CrOS armv7l 7077.111.0) AppleWebKit/537.36 (KHTML, like Gecko) Chrome/44.0.2403.125 Safari/537.36"
104.168.141.250 - - [18/Jul/2025:06:54:42 +0000] "POST /wp-json/contact-form-7/v1/contact-forms/7320/feedback HTTP/1.1" 200 298 "https://muzza.fit/pages/contact-us/" "Mozilla/5.0 (X11; Linux x86_64) AppleWebKit/537.36 (KHTML, like Gecko) Chrome/114.0.0.0 Safari/537.36"
66.249.73.164 - - [18/Jul/2025:06:54:42 +0000] "GET /p/weld30111602?id=127860 HTTP/1.1" 200 40206 "-" "Mozilla/5.0 (Linux; Android 6.0.1; Nexus 5X Build/MMB29P) AppleWebKit/537.36 (KHTML, like Gecko) Chrome/137.0.7151.103 Mobile Safari/537.36 (compatible; Googlebot/2.1; +http://www.google.com/bot.html)"
66.249.73.164 - - [18/Jul/2025:06:54:45 +0000] "POST /get-message-notify HTTP/1.1" 200 40069 "https://muzza.fit/p/weld30111602?id=127860" "Mozilla/5.0 (Linux; Android 6.0.1; Nexus 5X Build/MMB29P) AppleWebKit/537.36 (KHTML, like Gecko) Chrome/137.0.7151.119 Mobile Safari/537.36 (compatible; Googlebot/2.1; +http://www.google.com/bot.html)"
217.113.194.190 - - [18/Jul/2025:06:54:47 +0000] "GET /product/panel-sports-bra/feed/ HTTP/1.1" 200 515 "-" "Mozilla/5.0 (compatible; Barkrowler/0.9; +https://babbar.tech/crawler)"
66.249.73.163 - - [18/Jul/2025:06:54:53 +0000] "POST /get-message-notify HTTP/1.1" 200 40138 "https://muzza.fit/p/movie62804485?id=2820743" "Mozilla/5.0 (Linux; Android 6.0.1; Nexus 5X Build/MMB29P) AppleWebKit/537.36 (KHTML, like Gecko) Chrome/137.0.7151.119 Mobile Safari/537.36 (compatible; Googlebot/2.1; +http://www.google.com/bot.html)"
66.249.73.163 - - [18/Jul/2025:06:54:54 +0000] "GET /p/shop52672060?id=2688318 HTTP/1.1" 200 41241 "-" "Mozilla/5.0 (Linux; Android 6.0.1; Nexus 5X Build/MMB29P) AppleWebKit/537.36 (KHTML, like Gecko) Chrome/137.0.7151.103 Mobile Safari/537.36 (compatible; Googlebot/2.1; +http://www.google.com/bot.html)"
66.249.73.163 - - [18/Jul/2025:06:54:57 +0000] "GET /p/strok21427257?id=1443515 HTTP/1.1" 200 40193 "-" "Mozilla/5.0 (Linux; Android 6.0.1; Nexus 5X Build/MMB29P) AppleWebKit/537.36 (KHTML, like Gecko) Chrome/137.0.7151.103 Mobile Safari/537.36 (compatible; Googlebot/2.1; +http://www.google.com/bot.html)"
66.249.73.164 - - [18/Jul/2025:06:55:03 +0000] "GET /p/capti40486875?id=503133 HTTP/1.1" 200 40434 "-" "Mozilla/5.0 (Linux; Android 6.0.1; Nexus 5X Build/MMB29P) AppleWebKit/537.36 (KHTML, like Gecko) Chrome/137.0.7151.103 Mobile Safari/537.36 (compatible; Googlebot/2.1; +http://www.google.com/bot.html)"
209.74.77.214 - - [18/Jul/2025:06:55:04 +0000] "POST /wp-cron.php?doing_wp_cron=1752821704.0201480388641357421875 HTTP/1.1" 200 - "-" "WordPress/6.8.2; https://muzza.fit"
217.113.194.251 - - [18/Jul/2025:06:55:03 +0000] "GET /product/ease-sports-bra/feed/ HTTP/1.1" 200 515 "-" "Mozilla/5.0 (compatible; Barkrowler/0.9; +https://babbar.tech/crawler)"
66.249.73.163 - - [18/Jul/2025:06:55:05 +0000] "POST /get-message-notify HTTP/1.1" 200 39979 "https://muzza.fit/p/strok21427257?id=1443515" "Mozilla/5.0 (Linux; Android 6.0.1; Nexus 5X Build/MMB29P) AppleWebKit/537.36 (KHTML, like Gecko) Chrome/137.0.7151.119 Mobile Safari/537.36 (compatible; Googlebot/2.1; +http://www.google.com/bot.html)"
66.249.73.163 - - [18/Jul/2025:06:55:05 +0000] "GET /p/squar62521141?id=2537399 HTTP/1.1" 200 40027 "-" "Mozilla/5.0 (Linux; Android 6.0.1; Nexus 5X Build/MMB29P) AppleWebKit/537.36 (KHTML, like Gecko) Chrome/137.0.7151.103 Mobile Safari/537.36 (compatible; Googlebot/2.1; +http://www.google.com/bot.html)"
66.249.73.164 - - [18/Jul/2025:06:55:06 +0000] "POST /get-message-notify HTTP/1.1" 200 40051 "https://muzza.fit/p/capti40486875?id=503133" "Mozilla/5.0 (Linux; Android 6.0.1; Nexus 5X Build/MMB29P) AppleWebKit/537.36 (KHTML, like Gecko) Chrome/137.0.7151.119 Mobile Safari/537.36 (compatible; Googlebot/2.1; +http://www.google.com/bot.html)"
66.249.73.163 - - [18/Jul/2025:06:55:11 +0000] "GET /p/twelv50256732?id=272990 HTTP/1.1" 200 39900 "-" "Mozilla/5.0 (Linux; Android 6.0.1; Nexus 5X Build/MMB29P) AppleWebKit/537.36 (KHTML, like Gecko) Chrome/137.0.7151.103 Mobile Safari/537.36 (compatible; Googlebot/2.1; +http://www.google.com/bot.html)"
66.249.73.164 - - [18/Jul/2025:06:55:14 +0000] "GET /p/barn40878555?id=894813 HTTP/1.1" 200 40914 "-" "Mozilla/5.0 (Linux; Android 6.0.1; Nexus 5X Build/MMB29P) AppleWebKit/537.36 (KHTML, like Gecko) Chrome/137.0.7151.103 Mobile Safari/537.36 (compatible; Googlebot/2.1; +http://www.google.com/bot.html)"
66.249.73.163 - - [18/Jul/2025:06:55:18 +0000] "GET /p/tin61183237?id=1199495 HTTP/1.1" 200 39859 "-" "Mozilla/5.0 (Linux; Android 6.0.1; Nexus 5X Build/MMB29P) AppleWebKit/537.36 (KHTML, like Gecko) Chrome/137.0.7151.103 Mobile Safari/537.36 (compatible; Googlebot/2.1; +http://www.google.com/bot.html)"
217.113.194.188 - - [18/Jul/2025:06:55:20 +0000] "GET /author/muzzafit/feed/ HTTP/1.1" 200 12775 "-" "Mozilla/5.0 (compatible; Barkrowler/0.9; +https://babbar.tech/crawler)"
66.249.73.163 - - [18/Jul/2025:06:55:21 +0000] "GET /p/blend62115349?id=2131607 HTTP/1.1" 200 40073 "-" "Mozilla/5.0 (Linux; Android 6.0.1; Nexus 5X Build/MMB29P) AppleWebKit/537.36 (KHTML, like Gecko) Chrome/137.0.7151.103 Mobile Safari/537.36 (compatible; Googlebot/2.1; +http://www.google.com/bot.html)"
66.249.73.163 - - [18/Jul/2025:06:55:24 +0000] "GET /p/unfri42273571?id=2289829 HTTP/1.1" 200 40316 "-" "Mozilla/5.0 (Linux; Android 6.0.1; Nexus 5X Build/MMB29P) AppleWebKit/537.36 (KHTML, like Gecko) Chrome/137.0.7151.103 Mobile Safari/537.36 (compatible; Googlebot/2.1; +http://www.google.com/bot.html)"
66.249.73.163 - - [18/Jul/2025:06:55:28 +0000] "GET /p/shame62784965?id=2801223 HTTP/1.1" 200 40051 "-" "Mozilla/5.0 (Linux; Android 6.0.1; Nexus 5X Build/MMB29P) AppleWebKit/537.36 (KHTML, like Gecko) Chrome/137.0.7151.103 Mobile Safari/537.36 (compatible; Googlebot/2.1; +http://www.google.com/bot.html)"
66.249.73.163 - - [18/Jul/2025:06:55:33 +0000] "GET /p/summe72657478?id=2673736 HTTP/1.1" 200 41039 "-" "Mozilla/5.0 (Linux; Android 6.0.1; Nexus 5X Build/MMB29P) AppleWebKit/537.36 (KHTML, like Gecko) Chrome/137.0.7151.103 Mobile Safari/537.36 (compatible; Googlebot/2.1; +http://www.google.com/bot.html)"
66.249.73.163 - - [18/Jul/2025:06:55:33 +0000] "POST /get-message-notify HTTP/1.1" 200 39992 "https://muzza.fit/p/shame62784965?id=2801223" "Mozilla/5.0 (Linux; Android 6.0.1; Nexus 5X Build/MMB29P) AppleWebKit/537.36 (KHTML, like Gecko) Chrome/137.0.7151.119 Mobile Safari/537.36 (compatible; Googlebot/2.1; +http://www.google.com/bot.html)"
66.249.73.163 - - [18/Jul/2025:06:55:34 +0000] "GET /p/broad82234159?id=2250417 HTTP/1.1" 200 40059 "-" "Mozilla/5.0 (Linux; Android 6.0.1; Nexus 5X Build/MMB29P) AppleWebKit/537.36 (KHTML, like Gecko) Chrome/137.0.7151.103 Mobile Safari/537.36 (compatible; Googlebot/2.1; +http://www.google.com/bot.html)"
66.249.73.163 - - [18/Jul/2025:06:55:36 +0000] "POST /get-message-notify HTTP/1.1" 200 40073 "https://muzza.fit/p/summe72657478?id=2673736" "Mozilla/5.0 (Linux; Android 6.0.1; Nexus 5X Build/MMB29P) AppleWebKit/537.36 (KHTML, like Gecko) Chrome/137.0.7151.119 Mobile Safari/537.36 (compatible; Googlebot/2.1; +http://www.google.com/bot.html)"
209.74.77.214 - - [18/Jul/2025:06:55:37 +0000] "POST /wp-cron.php?doing_wp_cron=1752821737.9204668998718261718750 HTTP/1.1" 200 - "-" "WordPress/6.8.2; https://muzza.fit"
217.113.194.189 - - [18/Jul/2025:06:55:37 +0000] "GET /2018/09/standard-post/feed/ HTTP/1.1" 200 1215 "-" "Mozilla/5.0 (compatible; Barkrowler/0.9; +https://babbar.tech/crawler)"
66.249.73.163 - - [18/Jul/2025:06:55:38 +0000] "GET /p/darin32199506?id=2215764 HTTP/1.1" 200 40222 "-" "Mozilla/5.0 (Linux; Android 6.0.1; Nexus 5X Build/MMB29P) AppleWebKit/537.36 (KHTML, like Gecko) Chrome/137.0.7151.103 Mobile Safari/537.36 (compatible; Googlebot/2.1; +http://www.google.com/bot.html)"
66.249.73.163 - - [18/Jul/2025:06:55:42 +0000] "POST /get-message-notify HTTP/1.1" 200 40010 "https://muzza.fit/p/squar62521141?id=2537399" "Mozilla/5.0 (Linux; Android 6.0.1; Nexus 5X Build/MMB29P) AppleWebKit/537.36 (KHTML, like Gecko) Chrome/137.0.7151.119 Mobile Safari/537.36 (compatible; Googlebot/2.1; +http://www.google.com/bot.html)"
66.249.73.164 - - [18/Jul/2025:06:55:42 +0000] "GET /p/bicyc52661556?id=2677814 HTTP/1.1" 200 40124 "-" "Mozilla/5.0 (Linux; Android 6.0.1; Nexus 5X Build/MMB29P) AppleWebKit/537.36 (KHTML, like Gecko) Chrome/137.0.7151.103 Mobile Safari/537.36 (compatible; Googlebot/2.1; +http://www.google.com/bot.html)"
66.249.73.163 - - [18/Jul/2025:06:55:47 +0000] "GET /p/soon31076994?id=1093252 HTTP/1.1" 200 40314 "-" "Mozilla/5.0 (Linux; Android 6.0.1; Nexus 5X Build/MMB29P) AppleWebKit/537.36 (KHTML, like Gecko) Chrome/137.0.7151.103 Mobile Safari/537.36 (compatible; Googlebot/2.1; +http://www.google.com/bot.html)"
66.249.73.164 - - [18/Jul/2025:06:55:51 +0000] "GET /p/could72056406?id=2072664 HTTP/1.1" 200 40072 "-" "Mozilla/5.0 (Linux; Android 6.0.1; Nexus 5X Build/MMB29P) AppleWebKit/537.36 (KHTML, like Gecko) Chrome/137.0.7151.103 Mobile Safari/537.36 (compatible; Googlebot/2.1; +http://www.google.com/bot.html)"
209.74.77.214 - - [18/Jul/2025:06:55:55 +0000] "POST /wp-cron.php?doing_wp_cron=1752821755.2224550247192382812500 HTTP/1.1" 200 - "-" "WordPress/6.8.2; https://muzza.fit"
66.249.73.163 - - [18/Jul/2025:06:55:54 +0000] "POST /get-message-notify HTTP/1.1" 200 40074 "https://muzza.fit/p/bicyc52661556?id=2677814" "Mozilla/5.0 (Linux; Android 6.0.1; Nexus 5X Build/MMB29P) AppleWebKit/537.36 (KHTML, like Gecko) Chrome/137.0.7151.119 Mobile Safari/537.36 (compatible; Googlebot/2.1; +http://www.google.com/bot.html)"
217.113.194.186 - - [18/Jul/2025:06:55:55 +0000] "GET /program-category/nutrition-program/ HTTP/1.1" 200 28111 "-" "Mozilla/5.0 (compatible; Barkrowler/0.9; +https://babbar.tech/crawler)"
66.249.73.164 - - [18/Jul/2025:06:55:56 +0000] "GET /p/shop51896060?id=1912318 HTTP/1.1" 200 40991 "-" "Mozilla/5.0 (Linux; Android 6.0.1; Nexus 5X Build/MMB29P) AppleWebKit/537.36 (KHTML, like Gecko) Chrome/137.0.7151.103 Mobile Safari/537.36 (compatible; Googlebot/2.1; +http://www.google.com/bot.html)"
66.249.73.165 - - [18/Jul/2025:06:56:02 +0000] "POST /get-message-notify HTTP/1.1" 200 40034 "https://muzza.fit/p/unfri42273571?id=2289829" "Mozilla/5.0 (Linux; Android 6.0.1; Nexus 5X Build/MMB29P) AppleWebKit/537.36 (KHTML, like Gecko) Chrome/137.0.7151.119 Mobile Safari/537.36 (compatible; Googlebot/2.1; +http://www.google.com/bot.html)"
66.249.73.163 - - [18/Jul/2025:06:56:04 +0000] "GET /p/coil70250622?id=266880 HTTP/1.1" 200 41224 "-" "Mozilla/5.0 (Linux; Android 6.0.1; Nexus 5X Build/MMB29P) AppleWebKit/537.36 (KHTML, like Gecko) Chrome/137.0.7151.103 Mobile Safari/537.36 (compatible; Googlebot/2.1; +http://www.google.com/bot.html)"
66.249.73.164 - - [18/Jul/2025:06:56:07 +0000] "POST /get-message-notify HTTP/1.1" 200 40056 "https://muzza.fit/p/coil70250622?id=266880" "Mozilla/5.0 (Linux; Android 6.0.1; Nexus 5X Build/MMB29P) AppleWebKit/537.36 (KHTML, like Gecko) Chrome/137.0.7151.119 Mobile Safari/537.36 (compatible; Googlebot/2.1; +http://www.google.com/bot.html)"
66.249.73.163 - - [18/Jul/2025:06:56:10 +0000] "POST /get-message-notify HTTP/1.1" 200 40066 "https://muzza.fit/p/soon31076994?id=1093252" "Mozilla/5.0 (Linux; Android 6.0.1; Nexus 5X Build/MMB29P) AppleWebKit/537.36 (KHTML, like Gecko) Chrome/137.0.7151.119 Mobile Safari/537.36 (compatible; Googlebot/2.1; +http://www.google.com/bot.html)"
66.249.73.163 - - [18/Jul/2025:06:56:12 +0000] "GET /p/poem80464879?id=481137 HTTP/1.1" 200 40131 "-" "Mozilla/5.0 (Linux; Android 6.0.1; Nexus 5X Build/MMB29P) AppleWebKit/537.36 (KHTML, like Gecko) Chrome/137.0.7151.103 Mobile Safari/537.36 (compatible; Googlebot/2.1; +http://www.google.com/bot.html)"
209.74.77.214 - - [18/Jul/2025:06:56:14 +0000] "POST /wp-cron.php?doing_wp_cron=1752821774.9232308864593505859375 HTTP/1.1" 200 - "-" "WordPress/6.8.2; https://muzza.fit"
217.113.194.183 - - [18/Jul/2025:06:56:14 +0000] "GET /program-category/exercises/feed/ HTTP/1.1" 200 3234 "-" "Mozilla/5.0 (compatible; Barkrowler/0.9; +https://babbar.tech/crawler)"
