66.249.73.163 - - [17/Jul/2025:17:51:22 +0000] "POST /get-message-notify HTTP/1.1" 200 40097 "https://muzza.fit/p/recog21938577?id=1954835" "Mozilla/5.0 (Linux; Android 6.0.1; Nexus 5X Build/MMB29P) AppleWebKit/537.36 (KHTML, like Gecko) Chrome/137.0.7151.119 Mobile Safari/537.36 (compatible; Googlebot/2.1; +http://www.google.com/bot.html)"
66.249.73.163 - - [17/Jul/2025:17:53:20 +0000] "GET /main-home/showcase-blocks/ HTTP/1.1" 200 39863 "-" "Mozilla/5.0 (Linux; Android 6.0.1; Nexus 5X Build/MMB29P) AppleWebKit/537.36 (KHTML, like Gecko) Chrome/137.0.7151.103 Mobile Safari/537.36 (compatible; Googlebot/2.1; +http://www.google.com/bot.html)"
66.249.73.163 - - [17/Jul/2025:17:53:24 +0000] "POST /get-message-notify HTTP/1.1" 200 39999 "https://muzza.fit/main-home/showcase-blocks/" "Mozilla/5.0 (Linux; Android 6.0.1; Nexus 5X Build/MMB29P) AppleWebKit/537.36 (KHTML, like Gecko) Chrome/137.0.7151.119 Mobile Safari/537.36 (compatible; Googlebot/2.1; +http://www.google.com/bot.html)"
66.249.73.165 - - [17/Jul/2025:17:55:01 +0000] "GET /p/stres22853657?id=2869915 HTTP/1.1" 200 40104 "-" "Mozilla/5.0 (Linux; Android 6.0.1; Nexus 5X Build/MMB29P) AppleWebKit/537.36 (KHTML, like Gecko) Chrome/137.0.7151.103 Mobile Safari/537.36 (compatible; Googlebot/2.1; +http://www.google.com/bot.html)"
209.74.77.214 - - [17/Jul/2025:17:56:20 +0000] "POST /wp-cron.php?doing_wp_cron=1752774980.8960371017456054687500 HTTP/1.1" 200 - "-" "WordPress/6.8.2; https://muzza.fit"
43.133.187.11 - - [17/Jul/2025:17:56:18 +0000] "GET /main-home/videos-home/ HTTP/1.1" 200 32526 "-" "Mozilla/5.0 (iPhone; CPU iPhone OS 13_2_3 like Mac OS X) AppleWebKit/605.1.15 (KHTML, like Gecko) Version/13.0.3 Mobile/15E148 Safari/604.1"
66.249.73.164 - - [17/Jul/2025:17:58:47 +0000] "GET /p/warm22196649?id=2212907 HTTP/1.1" 200 40791 "-" "Mozilla/5.0 (Linux; Android 6.0.1; Nexus 5X Build/MMB29P) AppleWebKit/537.36 (KHTML, like Gecko) Chrome/137.0.7151.103 Mobile Safari/537.36 (compatible; Googlebot/2.1; +http://www.google.com/bot.html)"
66.249.73.165 - - [17/Jul/2025:18:02:32 +0000] "GET /p/leg51585196?id=1601454 HTTP/1.1" 200 40512 "-" "Mozilla/5.0 (Linux; Android 6.0.1; Nexus 5X Build/MMB29P) AppleWebKit/537.36 (KHTML, like Gecko) Chrome/137.0.7151.103 Mobile Safari/537.36 (compatible; Googlebot/2.1; +http://www.google.com/bot.html)"
66.249.73.164 - - [17/Jul/2025:18:06:01 +0000] "GET /p/forem10770856?id=787114 HTTP/1.1" 200 40121 "-" "Mozilla/5.0 (Linux; Android 6.0.1; Nexus 5X Build/MMB29P) AppleWebKit/537.36 (KHTML, like Gecko) Chrome/137.0.7151.103 Mobile Safari/537.36 (compatible; Googlebot/2.1; +http://www.google.com/bot.html)"
66.249.73.163 - - [17/Jul/2025:18:06:05 +0000] "POST /get-message-notify HTTP/1.1" 200 40254 "https://muzza.fit/p/forem10770856?id=787114" "Mozilla/5.0 (Linux; Android 6.0.1; Nexus 5X Build/MMB29P) AppleWebKit/537.36 (KHTML, like Gecko) Chrome/137.0.7151.119 Mobile Safari/537.36 (compatible; Googlebot/2.1; +http://www.google.com/bot.html)"
66.249.73.165 - - [17/Jul/2025:18:09:43 +0000] "GET /p/pillo60167597?id=183855 HTTP/1.1" 200 40456 "-" "Mozilla/5.0 (Linux; Android 6.0.1; Nexus 5X Build/MMB29P) AppleWebKit/537.36 (KHTML, like Gecko) Chrome/137.0.7151.103 Mobile Safari/537.36 (compatible; Googlebot/2.1; +http://www.google.com/bot.html)"
209.74.77.214 - - [17/Jul/2025:18:10:00 +0000] "POST /wp-cron.php?doing_wp_cron=1752775800.1049969196319580078125 HTTP/1.1" 200 - "-" "WordPress/6.8.2; https://muzza.fit"
43.166.255.122 - - [17/Jul/2025:18:09:57 +0000] "GET /pages/bmi-calculator/ HTTP/1.1" 200 27369 "-" "Mozilla/5.0 (iPhone; CPU iPhone OS 13_2_3 like Mac OS X) AppleWebKit/605.1.15 (KHTML, like Gecko) Version/13.0.3 Mobile/15E148 Safari/604.1"
66.249.73.165 - - [17/Jul/2025:18:13:34 +0000] "GET /p/commo52292100?id=2308358 HTTP/1.1" 200 39964 "-" "Mozilla/5.0 (Linux; Android 6.0.1; Nexus 5X Build/MMB29P) AppleWebKit/537.36 (KHTML, like Gecko) Chrome/137.0.7151.103 Mobile Safari/537.36 (compatible; Googlebot/2.1; +http://www.google.com/bot.html)"
66.249.73.163 - - [17/Jul/2025:18:17:02 +0000] "GET /p/thoug60948781?id=965039 HTTP/1.1" 200 40414 "-" "Mozilla/5.0 (Linux; Android 6.0.1; Nexus 5X Build/MMB29P) AppleWebKit/537.36 (KHTML, like Gecko) Chrome/137.0.7151.103 Mobile Safari/537.36 (compatible; Googlebot/2.1; +http://www.google.com/bot.html)"
209.74.77.214 - - [17/Jul/2025:18:19:16 +0000] "POST /wp-cron.php?doing_wp_cron=1752776356.7230150699615478515625 HTTP/1.1" 200 - "-" "WordPress/6.8.2; https://muzza.fit"
49.51.47.100 - - [17/Jul/2025:18:19:13 +0000] "GET /pages/pricing-plans/ HTTP/1.1" 200 27304 "-" "Mozilla/5.0 (iPhone; CPU iPhone OS 13_2_3 like Mac OS X) AppleWebKit/605.1.15 (KHTML, like Gecko) Version/13.0.3 Mobile/15E148 Safari/604.1"
66.249.73.164 - - [17/Jul/2025:18:21:01 +0000] "GET /p/baby42552819?id=2569077 HTTP/1.1" 200 40197 "-" "Mozilla/5.0 (Linux; Android 6.0.1; Nexus 5X Build/MMB29P) AppleWebKit/537.36 (KHTML, like Gecko) Chrome/137.0.7151.103 Mobile Safari/537.36 (compatible; Googlebot/2.1; +http://www.google.com/bot.html)"
66.249.73.164 - - [17/Jul/2025:18:24:22 +0000] "GET /p/quit30681970?id=698228 HTTP/1.1" 200 39913 "-" "Mozilla/5.0 (Linux; Android 6.0.1; Nexus 5X Build/MMB29P) AppleWebKit/537.36 (KHTML, like Gecko) Chrome/137.0.7151.103 Mobile Safari/537.36 (compatible; Googlebot/2.1; +http://www.google.com/bot.html)"
54.159.98.248 - - [17/Jul/2025:18:24:24 +0000] "GET /wp-content/uploads/2018/09/620446699_640-1-415x230.jpg HTTP/1.1" 200 9742 "-" "Mozilla/5.0 AppleWebKit/537.36 (KHTML, like Gecko; compatible; Amazonbot/0.1; +https://developer.amazon.com/support/amazonbot) Chrome/119.0.6045.214 Safari/537.36"
66.249.73.164 - - [17/Jul/2025:18:24:25 +0000] "POST /get-message-notify HTTP/1.1" 200 40031 "https://muzza.fit/p/quit30681970?id=698228" "Mozilla/5.0 (Linux; Android 6.0.1; Nexus 5X Build/MMB29P) AppleWebKit/537.36 (KHTML, like Gecko) Chrome/137.0.7151.119 Mobile Safari/537.36 (compatible; Googlebot/2.1; +http://www.google.com/bot.html)"
54.163.136.244 - - [17/Jul/2025:18:24:28 +0000] "GET /wp-content/uploads/2018/09/maxresdefault-3-415x230.jpg HTTP/1.1" 200 12161 "-" "Mozilla/5.0 AppleWebKit/537.36 (KHTML, like Gecko; compatible; Amazonbot/0.1; +https://developer.amazon.com/support/amazonbot) Chrome/119.0.6045.214 Safari/537.36"
54.225.199.17 - - [17/Jul/2025:18:24:32 +0000] "GET /wp-content/uploads/2018/09/513666183_640-1-415x230.jpg HTTP/1.1" 200 9144 "-" "Mozilla/5.0 AppleWebKit/537.36 (KHTML, like Gecko; compatible; Amazonbot/0.1; +https://developer.amazon.com/support/amazonbot) Chrome/119.0.6045.214 Safari/537.36"
3.216.13.10 - - [17/Jul/2025:18:24:40 +0000] "GET /wp-content/uploads/2018/10/438328088_640-1-415x230.jpg HTTP/1.1" 200 13786 "-" "Mozilla/5.0 AppleWebKit/537.36 (KHTML, like Gecko; compatible; Amazonbot/0.1; +https://developer.amazon.com/support/amazonbot) Chrome/119.0.6045.214 Safari/537.36"
52.2.4.213 - - [17/Jul/2025:18:24:44 +0000] "GET /wp-content/uploads/2018/09/395346256_640-1-415x230.jpg HTTP/1.1" 200 17378 "-" "Mozilla/5.0 AppleWebKit/537.36 (KHTML, like Gecko; compatible; Amazonbot/0.1; +https://developer.amazon.com/support/amazonbot) Chrome/119.0.6045.214 Safari/537.36"
34.230.124.21 - - [17/Jul/2025:18:24:48 +0000] "GET /wp-content/uploads/2018/09/arnold-schwarzenegger_05efbcb572ab9c946f222f3353479a2a7eaeebb6-1-415x230.jpg HTTP/1.1" 200 12174 "-" "Mozilla/5.0 AppleWebKit/537.36 (KHTML, like Gecko; compatible; Amazonbot/0.1; +https://developer.amazon.com/support/amazonbot) Chrome/119.0.6045.214 Safari/537.36"
18.207.79.144 - - [17/Jul/2025:18:24:52 +0000] "GET /wp-content/uploads/2018/09/rutina-dieta-jeff-seid-1-415x230.jpg HTTP/1.1" 200 17630 "-" "Mozilla/5.0 AppleWebKit/537.36 (KHTML, like Gecko; compatible; Amazonbot/0.1; +https://developer.amazon.com/support/amazonbot) Chrome/119.0.6045.214 Safari/537.36"
3.220.70.171 - - [17/Jul/2025:18:24:56 +0000] "GET /wp-content/uploads/2018/09/maxresdefault-2-1-415x230.jpg HTTP/1.1" 200 17214 "-" "Mozilla/5.0 AppleWebKit/537.36 (KHTML, like Gecko; compatible; Amazonbot/0.1; +https://developer.amazon.com/support/amazonbot) Chrome/119.0.6045.214 Safari/537.36"
54.163.136.244 - - [17/Jul/2025:18:25:14 +0000] "GET /wp-content/uploads/2018/09/justyn-warner-541670-unsplash-1-415x230.jpg HTTP/1.1" 200 24127 "-" "Mozilla/5.0 AppleWebKit/537.36 (KHTML, like Gecko; compatible; Amazonbot/0.1; +https://developer.amazon.com/support/amazonbot) Chrome/119.0.6045.214 Safari/537.36"
66.249.73.163 - - [17/Jul/2025:18:28:04 +0000] "GET /p/bitte31665210?id=1681468 HTTP/1.1" 200 40154 "-" "Mozilla/5.0 (Linux; Android 6.0.1; Nexus 5X Build/MMB29P) AppleWebKit/537.36 (KHTML, like Gecko) Chrome/137.0.7151.103 Mobile Safari/537.36 (compatible; Googlebot/2.1; +http://www.google.com/bot.html)"
209.74.77.214 - - [17/Jul/2025:18:28:28 +0000] "POST /wp-cron.php?doing_wp_cron=1752776908.3290629386901855468750 HTTP/1.1" 200 - "-" "WordPress/6.8.2; https://muzza.fit"
43.135.142.37 - - [17/Jul/2025:18:28:26 +0000] "GET /shop-2/shop-4-columns-wide/ HTTP/1.1" 200 30436 "-" "Mozilla/5.0 (iPhone; CPU iPhone OS 13_2_3 like Mac OS X) AppleWebKit/605.1.15 (KHTML, like Gecko) Version/13.0.3 Mobile/15E148 Safari/604.1"
66.249.73.165 - - [17/Jul/2025:18:33:23 +0000] "GET /p/sunsh30407722?id=423980 HTTP/1.1" 200 40065 "-" "Mozilla/5.0 (Linux; Android 6.0.1; Nexus 5X Build/MMB29P) AppleWebKit/537.36 (KHTML, like Gecko) Chrome/137.0.7151.103 Mobile Safari/537.36 (compatible; Googlebot/2.1; +http://www.google.com/bot.html)"
66.249.73.165 - - [17/Jul/2025:18:39:22 +0000] "GET /p/suit82005655?id=2021913 HTTP/1.1" 200 40230 "-" "Mozilla/5.0 (Linux; Android 6.0.1; Nexus 5X Build/MMB29P) AppleWebKit/537.36 (KHTML, like Gecko) Chrome/137.0.7151.103 Mobile Safari/537.36 (compatible; Googlebot/2.1; +http://www.google.com/bot.html)"
66.249.73.165 - - [17/Jul/2025:18:42:45 +0000] "GET /p/crick30419642?id=435900 HTTP/1.1" 200 40098 "-" "Mozilla/5.0 (Linux; Android 6.0.1; Nexus 5X Build/MMB29P) AppleWebKit/537.36 (KHTML, like Gecko) Chrome/137.0.7151.103 Mobile Safari/537.36 (compatible; Googlebot/2.1; +http://www.google.com/bot.html)"
66.249.73.164 - - [17/Jul/2025:18:43:04 +0000] "POST /get-message-notify HTTP/1.1" 200 39978 "https://muzza.fit/p/crick30419642?id=435900" "Mozilla/5.0 (Linux; Android 6.0.1; Nexus 5X Build/MMB29P) AppleWebKit/537.36 (KHTML, like Gecko) Chrome/137.0.7151.119 Mobile Safari/537.36 (compatible; Googlebot/2.1; +http://www.google.com/bot.html)"
66.249.73.164 - - [17/Jul/2025:18:44:50 +0000] "GET /p/prima52325156?id=2341414 HTTP/1.1" 200 40112 "-" "Mozilla/5.0 (Linux; Android 6.0.1; Nexus 5X Build/MMB29P) AppleWebKit/537.36 (KHTML, like Gecko) Chrome/137.0.7151.103 Mobile Safari/537.36 (compatible; Googlebot/2.1; +http://www.google.com/bot.html)"
66.249.73.165 - - [17/Jul/2025:18:46:26 +0000] "GET /p/penny31261642?id=1277900 HTTP/1.1" 200 41249 "-" "Mozilla/5.0 (Linux; Android 6.0.1; Nexus 5X Build/MMB29P) AppleWebKit/537.36 (KHTML, like Gecko) Chrome/137.0.7151.103 Mobile Safari/537.36 (compatible; Googlebot/2.1; +http://www.google.com/bot.html)"
66.249.73.164 - - [17/Jul/2025:18:47:05 +0000] "GET /main-home/blog-home/ HTTP/1.1" 200 40484 "-" "Mozilla/5.0 (Linux; Android 6.0.1; Nexus 5X Build/MMB29P) AppleWebKit/537.36 (KHTML, like Gecko) Chrome/137.0.7151.103 Mobile Safari/537.36 (compatible; Googlebot/2.1; +http://www.google.com/bot.html)"
66.249.73.163 - - [17/Jul/2025:18:50:05 +0000] "GET /p/elast22810529?id=2826787 HTTP/1.1" 200 41451 "-" "Mozilla/5.0 (Linux; Android 6.0.1; Nexus 5X Build/MMB29P) AppleWebKit/537.36 (KHTML, like Gecko) Chrome/137.0.7151.103 Mobile Safari/537.36 (compatible; Googlebot/2.1; +http://www.google.com/bot.html)"
66.249.73.164 - - [17/Jul/2025:18:52:16 +0000] "GET /videos/videos-lightbox/ HTTP/1.1" 200 39831 "-" "Mozilla/5.0 (Linux; Android 6.0.1; Nexus 5X Build/MMB29P) AppleWebKit/537.36 (KHTML, like Gecko) Chrome/137.0.7151.103 Mobile Safari/537.36 (compatible; Googlebot/2.1; +http://www.google.com/bot.html)"
66.249.73.165 - - [17/Jul/2025:18:53:57 +0000] "GET /p/her80044151?id=60409 HTTP/1.1" 200 39935 "-" "Mozilla/5.0 (Linux; Android 6.0.1; Nexus 5X Build/MMB29P) AppleWebKit/537.36 (KHTML, like Gecko) Chrome/137.0.7151.103 Mobile Safari/537.36 (compatible; Googlebot/2.1; +http://www.google.com/bot.html)"
66.249.73.164 - - [17/Jul/2025:18:54:25 +0000] "GET /search?category=701&search_word= HTTP/1.1" 200 40737 "-" "Mozilla/5.0 (Linux; Android 6.0.1; Nexus 5X Build/MMB29P) AppleWebKit/537.36 (KHTML, like Gecko) Chrome/137.0.7151.103 Mobile Safari/537.36 (compatible; Googlebot/2.1; +http://www.google.com/bot.html)"
66.249.73.164 - - [17/Jul/2025:18:54:38 +0000] "POST /get-message-notify HTTP/1.1" 200 40131 "https://muzza.fit/search?category=701&search_word=" "Mozilla/5.0 (Linux; Android 6.0.1; Nexus 5X Build/MMB29P) AppleWebKit/537.36 (KHTML, like Gecko) Chrome/137.0.7151.119 Mobile Safari/537.36 (compatible; Googlebot/2.1; +http://www.google.com/bot.html)"
66.249.73.165 - - [17/Jul/2025:18:57:08 +0000] "GET /main-home/gym-home/ HTTP/1.1" 200 40678 "-" "Mozilla/5.0 (Linux; Android 6.0.1; Nexus 5X Build/MMB29P) AppleWebKit/537.36 (KHTML, like Gecko) Chrome/137.0.7151.103 Mobile Safari/537.36 (compatible; Googlebot/2.1; +http://www.google.com/bot.html)"
66.249.73.163 - - [17/Jul/2025:18:57:13 +0000] "POST /get-message-notify HTTP/1.1" 200 40157 "https://muzza.fit/main-home/gym-home/" "Mozilla/5.0 (Linux; Android 6.0.1; Nexus 5X Build/MMB29P) AppleWebKit/537.36 (KHTML, like Gecko) Chrome/137.0.7151.119 Mobile Safari/537.36 (compatible; Googlebot/2.1; +http://www.google.com/bot.html)"
209.74.77.214 - - [17/Jul/2025:18:58:26 +0000] "POST /wp-cron.php?doing_wp_cron=1752778706.9043109416961669921875 HTTP/1.1" 200 - "-" "WordPress/6.8.2; https://muzza.fit"
154.195.19.228 - - [17/Jul/2025:18:58:24 +0000] "GET /pages/contact-us/ HTTP/1.1" 200 28485 "-" "Mozilla/5.0 (X11; Linux i686; rv:114.0) Gecko/20100101 Firefox/114.0"
154.195.19.228 - - [17/Jul/2025:18:58:28 +0000] "GET /wp-content/plugins/contact-form-7/includes/js/index.js?ver=6.1 HTTP/1.1" 200 4265 "https://muzza.fit/pages/contact-us/" "Mozilla/5.0 (X11; Linux i686; rv:114.0) Gecko/20100101 Firefox/114.0"
154.195.19.228 - - [17/Jul/2025:18:58:29 +0000] "POST /wp-json/contact-form-7/v1/contact-forms/7320/feedback HTTP/1.1" 200 298 "https://muzza.fit/pages/contact-us/" "Mozilla/5.0 (X11; Linux i686; rv:114.0) Gecko/20100101 Firefox/114.0"
66.249.73.164 - - [17/Jul/2025:18:59:06 +0000] "GET /p/afrai80944607?id=960865 HTTP/1.1" 200 40382 "-" "Mozilla/5.0 (Linux; Android 6.0.1; Nexus 5X Build/MMB29P) AppleWebKit/537.36 (KHTML, like Gecko) Chrome/137.0.7151.103 Mobile Safari/537.36 (compatible; Googlebot/2.1; +http://www.google.com/bot.html)"
51.222.253.1 - - [17/Jul/2025:19:06:30 +0000] "GET /sitemapa.xml HTTP/1.1" 200 27578 "-" "Mozilla/5.0 (compatible; AhrefsBot/7.0; +http://ahrefs.com/robot/)"
85.208.96.197 - - [17/Jul/2025:19:08:35 +0000] "GET /robots.txt HTTP/1.1" 200 123 "-" "Mozilla/5.0 (compatible; SemrushBot/7~bl; +http://www.semrush.com/bot.html)"
209.74.77.214 - - [17/Jul/2025:19:08:38 +0000] "POST /wp-cron.php?doing_wp_cron=1752779318.9336030483245849609375 HTTP/1.1" 200 - "-" "WordPress/6.8.2; https://muzza.fit"
85.208.96.212 - - [17/Jul/2025:19:08:36 +0000] "GET /elements/meal-plan/ HTTP/1.1" 200 28261 "-" "Mozilla/5.0 (compatible; SemrushBot/7~bl; +http://www.semrush.com/bot.html)"
66.249.73.164 - - [17/Jul/2025:19:11:57 +0000] "GET /p/predi71013606?id=1029864 HTTP/1.1" 200 41229 "-" "Mozilla/5.0 (Linux; Android 6.0.1; Nexus 5X Build/MMB29P) AppleWebKit/537.36 (KHTML, like Gecko) Chrome/137.0.7151.103 Mobile Safari/537.36 (compatible; Googlebot/2.1; +http://www.google.com/bot.html)"
66.249.73.165 - - [17/Jul/2025:19:13:23 +0000] "GET /p/quiet21372529?id=1388787 HTTP/1.1" 200 39961 "-" "Mozilla/5.0 (Linux; Android 6.0.1; Nexus 5X Build/MMB29P) AppleWebKit/537.36 (KHTML, like Gecko) Chrome/137.0.7151.103 Mobile Safari/537.36 (compatible; Googlebot/2.1; +http://www.google.com/bot.html)"
45.227.253.15 - - [17/Jul/2025:19:14:18 +0000] "GET /index.php/jk HTTP/1.1" 200 59 "-" "Mozilla/5.0 (Windows NT 10.0; Win64; x64) AppleWebKit/537.36 (KHTML, like Gecko) Chrome/75.0.3780 Safari/537.36 Edg/75.0.139"
66.249.73.164 - - [17/Jul/2025:19:15:10 +0000] "GET /p/it10349112?id=365370 HTTP/1.1" 200 40866 "-" "Mozilla/5.0 (Linux; Android 6.0.1; Nexus 5X Build/MMB29P) AppleWebKit/537.36 (KHTML, like Gecko) Chrome/137.0.7151.103 Mobile Safari/537.36 (compatible; Googlebot/2.1; +http://www.google.com/bot.html)"
66.249.73.163 - - [17/Jul/2025:19:15:14 +0000] "POST /get-message-notify HTTP/1.1" 200 40034 "https://muzza.fit/p/it10349112?id=365370" "Mozilla/5.0 (Linux; Android 6.0.1; Nexus 5X Build/MMB29P) AppleWebKit/537.36 (KHTML, like Gecko) Chrome/137.0.7151.119 Mobile Safari/537.36 (compatible; Googlebot/2.1; +http://www.google.com/bot.html)"
209.74.77.214 - - [17/Jul/2025:19:16:48 +0000] "POST /wp-cron.php?doing_wp_cron=1752779808.7597289085388183593750 HTTP/1.1" 200 - "-" "WordPress/6.8.2; https://muzza.fit"
156.253.164.242 - - [17/Jul/2025:19:16:46 +0000] "GET /pages/contact-us/ HTTP/1.1" 200 28471 "-" "Mozilla/5.0 (X11; Linux i686; rv:114.0) Gecko/20100101 Firefox/114.0"
156.253.164.242 - - [17/Jul/2025:19:16:50 +0000] "GET /wp-content/plugins/contact-form-7/includes/js/index.js?ver=6.1 HTTP/1.1" 200 4265 "https://muzza.fit/pages/contact-us/" "Mozilla/5.0 (X11; Linux i686; rv:114.0) Gecko/20100101 Firefox/114.0"
156.253.164.242 - - [17/Jul/2025:19:16:51 +0000] "POST /wp-json/contact-form-7/v1/contact-forms/7320/feedback HTTP/1.1" 200 299 "https://muzza.fit/pages/contact-us/" "Mozilla/5.0 (X11; Linux i686; rv:114.0) Gecko/20100101 Firefox/114.0"
66.249.73.163 - - [17/Jul/2025:19:19:10 +0000] "GET /p/and81128951?id=1145209 HTTP/1.1" 200 40558 "-" "Mozilla/5.0 (Linux; Android 6.0.1; Nexus 5X Build/MMB29P) AppleWebKit/537.36 (KHTML, like Gecko) Chrome/137.0.7151.103 Mobile Safari/537.36 (compatible; Googlebot/2.1; +http://www.google.com/bot.html)"
66.249.73.165 - - [17/Jul/2025:19:23:28 +0000] "GET /p/noble20051497?id=67755 HTTP/1.1" 200 40668 "-" "Mozilla/5.0 (Linux; Android 6.0.1; Nexus 5X Build/MMB29P) AppleWebKit/537.36 (KHTML, like Gecko) Chrome/137.0.7151.103 Mobile Safari/537.36 (compatible; Googlebot/2.1; +http://www.google.com/bot.html)"
66.249.73.163 - - [17/Jul/2025:19:33:23 +0000] "GET /p/orbit41082851?id=1099109 HTTP/1.1" 200 40857 "-" "Mozilla/5.0 (Linux; Android 6.0.1; Nexus 5X Build/MMB29P) AppleWebKit/537.36 (KHTML, like Gecko) Chrome/137.0.7151.103 Mobile Safari/537.36 (compatible; Googlebot/2.1; +http://www.google.com/bot.html)"
66.249.73.165 - - [17/Jul/2025:19:33:25 +0000] "POST /get-message-notify HTTP/1.1" 200 40093 "https://muzza.fit/p/orbit41082851?id=1099109" "Mozilla/5.0 (Linux; Android 6.0.1; Nexus 5X Build/MMB29P) AppleWebKit/537.36 (KHTML, like Gecko) Chrome/137.0.7151.119 Mobile Safari/537.36 (compatible; Googlebot/2.1; +http://www.google.com/bot.html)"
66.249.73.164 - - [17/Jul/2025:19:36:32 +0000] "GET /p/nose11664424?id=1680682 HTTP/1.1" 200 40991 "-" "Mozilla/5.0 (Linux; Android 6.0.1; Nexus 5X Build/MMB29P) AppleWebKit/537.36 (KHTML, like Gecko) Chrome/137.0.7151.103 Mobile Safari/537.36 (compatible; Googlebot/2.1; +http://www.google.com/bot.html)"
66.249.73.164 - - [17/Jul/2025:19:36:39 +0000] "POST /get-message-notify HTTP/1.1" 200 40030 "https://muzza.fit/p/nose11664424?id=1680682" "Mozilla/5.0 (Linux; Android 6.0.1; Nexus 5X Build/MMB29P) AppleWebKit/537.36 (KHTML, like Gecko) Chrome/137.0.7151.119 Mobile Safari/537.36 (compatible; Googlebot/2.1; +http://www.google.com/bot.html)"
66.249.73.165 - - [17/Jul/2025:19:38:03 +0000] "GET /wp-content/uploads/2018/09/alexander-redl-185764-unsplash-1-1024x640.jpg HTTP/1.1" 304 - "-" "Googlebot-Image/1.0"
51.222.253.12 - - [17/Jul/2025:19:39:36 +0000] "GET /sitemapd.xml HTTP/1.1" 200 18337 "-" "Mozilla/5.0 (compatible; AhrefsBot/7.0; +http://ahrefs.com/robot/)"
66.249.73.164 - - [17/Jul/2025:19:39:45 +0000] "GET /p/ghost71587558?id=1603816 HTTP/1.1" 200 40585 "-" "Mozilla/5.0 (Linux; Android 6.0.1; Nexus 5X Build/MMB29P) AppleWebKit/537.36 (KHTML, like Gecko) Chrome/137.0.7151.103 Mobile Safari/537.36 (compatible; Googlebot/2.1; +http://www.google.com/bot.html)"
66.249.73.163 - - [17/Jul/2025:19:43:20 +0000] "GET /p/treme62081925?id=2098183 HTTP/1.1" 200 40308 "-" "Mozilla/5.0 (Linux; Android 6.0.1; Nexus 5X Build/MMB29P) AppleWebKit/537.36 (KHTML, like Gecko) Chrome/137.0.7151.103 Mobile Safari/537.36 (compatible; Googlebot/2.1; +http://www.google.com/bot.html)"
209.74.77.214 - - [17/Jul/2025:19:50:11 +0000] "POST /wp-cron.php?doing_wp_cron=1752781811.8295300006866455078125 HTTP/1.1" 200 - "-" "WordPress/6.8.2; https://muzza.fit"
156.228.112.169 - - [17/Jul/2025:19:50:08 +0000] "GET /pages/contact-us/ HTTP/1.1" 200 28474 "-" "Mozilla/5.0 (X11; Linux i686; rv:114.0) Gecko/20100101 Firefox/114.0"
156.228.112.169 - - [17/Jul/2025:19:50:13 +0000] "GET /wp-content/plugins/contact-form-7/includes/js/index.js?ver=6.1 HTTP/1.1" 200 4265 "https://muzza.fit/pages/contact-us/" "Mozilla/5.0 (X11; Linux i686; rv:114.0) Gecko/20100101 Firefox/114.0"
156.228.112.169 - - [17/Jul/2025:19:50:14 +0000] "POST /wp-json/contact-form-7/v1/contact-forms/7320/feedback HTTP/1.1" 200 299 "https://muzza.fit/pages/contact-us/" "Mozilla/5.0 (X11; Linux i686; rv:114.0) Gecko/20100101 Firefox/114.0"
66.249.73.163 - - [17/Jul/2025:19:50:21 +0000] "GET /p/rolle31794882?id=1811140 HTTP/1.1" 200 41407 "-" "Mozilla/5.0 (Linux; Android 6.0.1; Nexus 5X Build/MMB29P) AppleWebKit/537.36 (KHTML, like Gecko) Chrome/137.0.7151.103 Mobile Safari/537.36 (compatible; Googlebot/2.1; +http://www.google.com/bot.html)"
66.249.73.164 - - [17/Jul/2025:19:59:29 +0000] "GET /p/refor60999037?id=1015295 HTTP/1.1" 200 40086 "-" "Mozilla/5.0 (Linux; Android 6.0.1; Nexus 5X Build/MMB29P) AppleWebKit/537.36 (KHTML, like Gecko) Chrome/137.0.7151.103 Mobile Safari/537.36 (compatible; Googlebot/2.1; +http://www.google.com/bot.html)"
66.249.73.164 - - [17/Jul/2025:19:59:34 +0000] "POST /get-message-notify HTTP/1.1" 200 40042 "https://muzza.fit/p/refor60999037?id=1015295" "Mozilla/5.0 (Linux; Android 6.0.1; Nexus 5X Build/MMB29P) AppleWebKit/537.36 (KHTML, like Gecko) Chrome/137.0.7151.119 Mobile Safari/537.36 (compatible; Googlebot/2.1; +http://www.google.com/bot.html)"
66.249.73.164 - - [17/Jul/2025:20:03:14 +0000] "GET /p/hour30248482?id=264740 HTTP/1.1" 200 40733 "-" "Mozilla/5.0 (Linux; Android 6.0.1; Nexus 5X Build/MMB29P) AppleWebKit/537.36 (KHTML, like Gecko) Chrome/137.0.7151.103 Mobile Safari/537.36 (compatible; Googlebot/2.1; +http://www.google.com/bot.html)"
66.249.73.163 - - [17/Jul/2025:20:06:25 +0000] "GET /p/soak51071492?id=1087750 HTTP/1.1" 200 39956 "-" "Mozilla/5.0 (Linux; Android 6.0.1; Nexus 5X Build/MMB29P) AppleWebKit/537.36 (KHTML, like Gecko) Chrome/137.0.7151.103 Mobile Safari/537.36 (compatible; Googlebot/2.1; +http://www.google.com/bot.html)"
45.227.253.15 - - [17/Jul/2025:20:11:15 +0000] "GET /?of=1 HTTP/1.1" 200 6668 "-" "Mozilla/5.0 (Macintosh; Intel Mac OS X 10.12; rv:103.0) Gecko/20100101 Firefox/102.0"
66.249.73.164 - - [17/Jul/2025:20:16:38 +0000] "GET /p/imper10042192?id=58450 HTTP/1.1" 200 40340 "-" "Mozilla/5.0 (Linux; Android 6.0.1; Nexus 5X Build/MMB29P) AppleWebKit/537.36 (KHTML, like Gecko) Chrome/137.0.7151.103 Mobile Safari/537.36 (compatible; Googlebot/2.1; +http://www.google.com/bot.html)"
66.249.73.163 - - [17/Jul/2025:20:16:47 +0000] "POST /get-message-notify HTTP/1.1" 200 39995 "https://muzza.fit/p/imper10042192?id=58450" "Mozilla/5.0 (Linux; Android 6.0.1; Nexus 5X Build/MMB29P) AppleWebKit/537.36 (KHTML, like Gecko) Chrome/137.0.7151.119 Mobile Safari/537.36 (compatible; Googlebot/2.1; +http://www.google.com/bot.html)"
209.74.77.214 - - [17/Jul/2025:20:21:19 +0000] "POST /wp-cron.php?doing_wp_cron=1752783679.3845360279083251953125 HTTP/1.1" 200 - "-" "WordPress/6.8.2; https://muzza.fit"
143.244.39.25 - - [17/Jul/2025:20:21:16 +0000] "GET /wp-login.php HTTP/1.1" 200 2319 "-" "Mozilla/5.0 (Windows NT 10.0; Win64; x64) AppleWebKit/537.36 (KHTML, like Gecko) Chrome/120.0.0.0 Safari/537.36"
143.244.39.25 - - [17/Jul/2025:20:21:20 +0000] "GET /wp-json/wp/v2/users/?per_page=100&page=1 HTTP/1.1" 200 811 "-" "Mozilla/5.0 (Windows NT 10.0; Win64; x64) AppleWebKit/537.36 (KHTML, like Gecko) Chrome/120.0.0.0 Safari/537.36"
209.74.77.214 - - [17/Jul/2025:20:21:23 +0000] "POST /wp-cron.php?doing_wp_cron=1752783683.2185220718383789062500 HTTP/1.1" 200 - "-" "WordPress/6.8.2; https://muzza.fit"
143.244.39.25 - - [17/Jul/2025:20:21:22 +0000] "GET /?author=2 HTTP/1.1" 200 23183 "-" "Mozilla/5.0 (Windows NT 10.0; Win64; x64) AppleWebKit/537.36 (KHTML, like Gecko) Chrome/120.0.0.0 Safari/537.36"
143.244.39.25 - - [17/Jul/2025:20:21:22 +0000] "GET /?author=3 HTTP/1.1" 200 23183 "-" "Mozilla/5.0 (Windows NT 10.0; Win64; x64) AppleWebKit/537.36 (KHTML, like Gecko) Chrome/120.0.0.0 Safari/537.36"
143.244.39.25 - - [17/Jul/2025:20:21:22 +0000] "GET /?author=7 HTTP/1.1" 200 23183 "-" "Mozilla/5.0 (Windows NT 10.0; Win64; x64) AppleWebKit/537.36 (KHTML, like Gecko) Chrome/120.0.0.0 Safari/537.36"
143.244.39.25 - - [17/Jul/2025:20:21:22 +0000] "GET /?author=6 HTTP/1.1" 200 23183 "-" "Mozilla/5.0 (Windows NT 10.0; Win64; x64) AppleWebKit/537.36 (KHTML, like Gecko) Chrome/120.0.0.0 Safari/537.36"
143.244.39.25 - - [17/Jul/2025:20:21:22 +0000] "GET /?author=13 HTTP/1.1" 200 23183 "-" "Mozilla/5.0 (Windows NT 10.0; Win64; x64) AppleWebKit/537.36 (KHTML, like Gecko) Chrome/120.0.0.0 Safari/537.36"
143.244.39.25 - - [17/Jul/2025:20:21:22 +0000] "GET /?author=11 HTTP/1.1" 200 23183 "-" "Mozilla/5.0 (Windows NT 10.0; Win64; x64) AppleWebKit/537.36 (KHTML, like Gecko) Chrome/120.0.0.0 Safari/537.36"
143.244.39.25 - - [17/Jul/2025:20:21:22 +0000] "GET /?author=5 HTTP/1.1" 200 23183 "-" "Mozilla/5.0 (Windows NT 10.0; Win64; x64) AppleWebKit/537.36 (KHTML, like Gecko) Chrome/120.0.0.0 Safari/537.36"
143.244.39.25 - - [17/Jul/2025:20:21:22 +0000] "GET /?author=10 HTTP/1.1" 200 23183 "-" "Mozilla/5.0 (Windows NT 10.0; Win64; x64) AppleWebKit/537.36 (KHTML, like Gecko) Chrome/120.0.0.0 Safari/537.36"
143.244.39.25 - - [17/Jul/2025:20:21:22 +0000] "GET /?author=1 HTTP/1.1" 200 125 "-" "Mozilla/5.0 (Windows NT 10.0; Win64; x64) AppleWebKit/537.36 (KHTML, like Gecko) Chrome/120.0.0.0 Safari/537.36"
143.244.39.25 - - [17/Jul/2025:20:21:22 +0000] "GET /?author=8 HTTP/1.1" 200 23183 "-" "Mozilla/5.0 (Windows NT 10.0; Win64; x64) AppleWebKit/537.36 (KHTML, like Gecko) Chrome/120.0.0.0 Safari/537.36"
143.244.39.25 - - [17/Jul/2025:20:21:22 +0000] "GET /?author=18 HTTP/1.1" 200 23183 "-" "Mozilla/5.0 (Windows NT 10.0; Win64; x64) AppleWebKit/537.36 (KHTML, like Gecko) Chrome/120.0.0.0 Safari/537.36"
143.244.39.25 - - [17/Jul/2025:20:21:22 +0000] "GET /?author=14 HTTP/1.1" 200 23183 "-" "Mozilla/5.0 (Windows NT 10.0; Win64; x64) AppleWebKit/537.36 (KHTML, like Gecko) Chrome/120.0.0.0 Safari/537.36"
143.244.39.25 - - [17/Jul/2025:20:21:22 +0000] "GET /?author=20 HTTP/1.1" 200 23183 "-" "Mozilla/5.0 (Windows NT 10.0; Win64; x64) AppleWebKit/537.36 (KHTML, like Gecko) Chrome/120.0.0.0 Safari/537.36"
143.244.39.25 - - [17/Jul/2025:20:21:22 +0000] "GET /?author=9 HTTP/1.1" 200 23183 "-" "Mozilla/5.0 (Windows NT 10.0; Win64; x64) AppleWebKit/537.36 (KHTML, like Gecko) Chrome/120.0.0.0 Safari/537.36"
143.244.39.25 - - [17/Jul/2025:20:21:22 +0000] "GET /?author=15 HTTP/1.1" 200 23183 "-" "Mozilla/5.0 (Windows NT 10.0; Win64; x64) AppleWebKit/537.36 (KHTML, like Gecko) Chrome/120.0.0.0 Safari/537.36"
143.244.39.25 - - [17/Jul/2025:20:21:22 +0000] "GET /?author=17 HTTP/1.1" 200 23183 "-" "Mozilla/5.0 (Windows NT 10.0; Win64; x64) AppleWebKit/537.36 (KHTML, like Gecko) Chrome/120.0.0.0 Safari/537.36"
143.244.39.25 - - [17/Jul/2025:20:21:22 +0000] "GET /?author=16 HTTP/1.1" 200 23183 "-" "Mozilla/5.0 (Windows NT 10.0; Win64; x64) AppleWebKit/537.36 (KHTML, like Gecko) Chrome/120.0.0.0 Safari/537.36"
143.244.39.25 - - [17/Jul/2025:20:21:22 +0000] "GET /?author=4 HTTP/1.1" 200 23183 "-" "Mozilla/5.0 (Windows NT 10.0; Win64; x64) AppleWebKit/537.36 (KHTML, like Gecko) Chrome/120.0.0.0 Safari/537.36"
143.244.39.25 - - [17/Jul/2025:20:21:22 +0000] "GET /?author=19 HTTP/1.1" 200 23183 "-" "Mozilla/5.0 (Windows NT 10.0; Win64; x64) AppleWebKit/537.36 (KHTML, like Gecko) Chrome/120.0.0.0 Safari/537.36"
143.244.39.25 - - [17/Jul/2025:20:21:22 +0000] "GET /?author=12 HTTP/1.1" 200 23183 "-" "Mozilla/5.0 (Windows NT 10.0; Win64; x64) AppleWebKit/537.36 (KHTML, like Gecko) Chrome/120.0.0.0 Safari/537.36"
209.74.77.214 - - [17/Jul/2025:20:21:26 +0000] "POST /wp-cron.php?doing_wp_cron=1752783686.1944160461425781250000 HTTP/1.1" 200 - "-" "WordPress/6.8.2; https://muzza.fit"
143.244.39.25 - - [17/Jul/2025:20:21:25 +0000] "GET /?author=22 HTTP/1.1" 200 23183 "-" "Mozilla/5.0 (Windows NT 10.0; Win64; x64) AppleWebKit/537.36 (KHTML, like Gecko) Chrome/120.0.0.0 Safari/537.36"
143.244.39.25 - - [17/Jul/2025:20:21:25 +0000] "GET /?author=36 HTTP/1.1" 200 23183 "-" "Mozilla/5.0 (Windows NT 10.0; Win64; x64) AppleWebKit/537.36 (KHTML, like Gecko) Chrome/120.0.0.0 Safari/537.36"
143.244.39.25 - - [17/Jul/2025:20:21:25 +0000] "GET /?author=21 HTTP/1.1" 200 23183 "-" "Mozilla/5.0 (Windows NT 10.0; Win64; x64) AppleWebKit/537.36 (KHTML, like Gecko) Chrome/120.0.0.0 Safari/537.36"
143.244.39.25 - - [17/Jul/2025:20:21:25 +0000] "GET /?author=31 HTTP/1.1" 200 23183 "-" "Mozilla/5.0 (Windows NT 10.0; Win64; x64) AppleWebKit/537.36 (KHTML, like Gecko) Chrome/120.0.0.0 Safari/537.36"
143.244.39.25 - - [17/Jul/2025:20:21:25 +0000] "GET /?author=30 HTTP/1.1" 200 23183 "-" "Mozilla/5.0 (Windows NT 10.0; Win64; x64) AppleWebKit/537.36 (KHTML, like Gecko) Chrome/120.0.0.0 Safari/537.36"
143.244.39.25 - - [17/Jul/2025:20:21:25 +0000] "GET /?author=28 HTTP/1.1" 200 23183 "-" "Mozilla/5.0 (Windows NT 10.0; Win64; x64) AppleWebKit/537.36 (KHTML, like Gecko) Chrome/120.0.0.0 Safari/537.36"
143.244.39.25 - - [17/Jul/2025:20:21:25 +0000] "GET /?author=29 HTTP/1.1" 200 23183 "-" "Mozilla/5.0 (Windows NT 10.0; Win64; x64) AppleWebKit/537.36 (KHTML, like Gecko) Chrome/120.0.0.0 Safari/537.36"
143.244.39.25 - - [17/Jul/2025:20:21:25 +0000] "GET /?author=24 HTTP/1.1" 200 23183 "-" "Mozilla/5.0 (Windows NT 10.0; Win64; x64) AppleWebKit/537.36 (KHTML, like Gecko) Chrome/120.0.0.0 Safari/537.36"
143.244.39.25 - - [17/Jul/2025:20:21:25 +0000] "GET /?author=27 HTTP/1.1" 200 23183 "-" "Mozilla/5.0 (Windows NT 10.0; Win64; x64) AppleWebKit/537.36 (KHTML, like Gecko) Chrome/120.0.0.0 Safari/537.36"
143.244.39.25 - - [17/Jul/2025:20:21:25 +0000] "GET /?author=25 HTTP/1.1" 200 23183 "-" "Mozilla/5.0 (Windows NT 10.0; Win64; x64) AppleWebKit/537.36 (KHTML, like Gecko) Chrome/120.0.0.0 Safari/537.36"
143.244.39.25 - - [17/Jul/2025:20:21:25 +0000] "GET /?author=32 HTTP/1.1" 200 23183 "-" "Mozilla/5.0 (Windows NT 10.0; Win64; x64) AppleWebKit/537.36 (KHTML, like Gecko) Chrome/120.0.0.0 Safari/537.36"
143.244.39.25 - - [17/Jul/2025:20:21:25 +0000] "GET /?author=23 HTTP/1.1" 200 23183 "-" "Mozilla/5.0 (Windows NT 10.0; Win64; x64) AppleWebKit/537.36 (KHTML, like Gecko) Chrome/120.0.0.0 Safari/537.36"
143.244.39.25 - - [17/Jul/2025:20:21:25 +0000] "GET /?author=26 HTTP/1.1" 200 23183 "-" "Mozilla/5.0 (Windows NT 10.0; Win64; x64) AppleWebKit/537.36 (KHTML, like Gecko) Chrome/120.0.0.0 Safari/537.36"
143.244.39.25 - - [17/Jul/2025:20:21:25 +0000] "GET /?author=35 HTTP/1.1" 200 23183 "-" "Mozilla/5.0 (Windows NT 10.0; Win64; x64) AppleWebKit/537.36 (KHTML, like Gecko) Chrome/120.0.0.0 Safari/537.36"
143.244.39.25 - - [17/Jul/2025:20:21:25 +0000] "GET /?author=37 HTTP/1.1" 200 23183 "-" "Mozilla/5.0 (Windows NT 10.0; Win64; x64) AppleWebKit/537.36 (KHTML, like Gecko) Chrome/120.0.0.0 Safari/537.36"
143.244.39.25 - - [17/Jul/2025:20:21:25 +0000] "GET /?author=33 HTTP/1.1" 200 23183 "-" "Mozilla/5.0 (Windows NT 10.0; Win64; x64) AppleWebKit/537.36 (KHTML, like Gecko) Chrome/120.0.0.0 Safari/537.36"
143.244.39.25 - - [17/Jul/2025:20:21:25 +0000] "GET /?author=39 HTTP/1.1" 200 23183 "-" "Mozilla/5.0 (Windows NT 10.0; Win64; x64) AppleWebKit/537.36 (KHTML, like Gecko) Chrome/120.0.0.0 Safari/537.36"
143.244.39.25 - - [17/Jul/2025:20:21:25 +0000] "GET /?author=34 HTTP/1.1" 200 23183 "-" "Mozilla/5.0 (Windows NT 10.0; Win64; x64) AppleWebKit/537.36 (KHTML, like Gecko) Chrome/120.0.0.0 Safari/537.36"
143.244.39.25 - - [17/Jul/2025:20:21:25 +0000] "GET /?author=38 HTTP/1.1" 200 23183 "-" "Mozilla/5.0 (Windows NT 10.0; Win64; x64) AppleWebKit/537.36 (KHTML, like Gecko) Chrome/120.0.0.0 Safari/537.36"
143.244.39.25 - - [17/Jul/2025:20:21:25 +0000] "GET /?author=40 HTTP/1.1" 200 23183 "-" "Mozilla/5.0 (Windows NT 10.0; Win64; x64) AppleWebKit/537.36 (KHTML, like Gecko) Chrome/120.0.0.0 Safari/537.36"
143.244.39.25 - - [17/Jul/2025:20:21:28 +0000] "GET /?author=42 HTTP/1.1" 200 23183 "-" "Mozilla/5.0 (Windows NT 10.0; Win64; x64) AppleWebKit/537.36 (KHTML, like Gecko) Chrome/120.0.0.0 Safari/537.36"
143.244.39.25 - - [17/Jul/2025:20:21:28 +0000] "GET /?author=43 HTTP/1.1" 200 23183 "-" "Mozilla/5.0 (Windows NT 10.0; Win64; x64) AppleWebKit/537.36 (KHTML, like Gecko) Chrome/120.0.0.0 Safari/537.36"
143.244.39.25 - - [17/Jul/2025:20:21:28 +0000] "GET /?author=46 HTTP/1.1" 200 23183 "-" "Mozilla/5.0 (Windows NT 10.0; Win64; x64) AppleWebKit/537.36 (KHTML, like Gecko) Chrome/120.0.0.0 Safari/537.36"
143.244.39.25 - - [17/Jul/2025:20:21:28 +0000] "GET /?author=41 HTTP/1.1" 200 23183 "-" "Mozilla/5.0 (Windows NT 10.0; Win64; x64) AppleWebKit/537.36 (KHTML, like Gecko) Chrome/120.0.0.0 Safari/537.36"
143.244.39.25 - - [17/Jul/2025:20:21:29 +0000] "GET /?author=47 HTTP/1.1" 200 23183 "-" "Mozilla/5.0 (Windows NT 10.0; Win64; x64) AppleWebKit/537.36 (KHTML, like Gecko) Chrome/120.0.0.0 Safari/537.36"
143.244.39.25 - - [17/Jul/2025:20:21:29 +0000] "GET /?author=58 HTTP/1.1" 200 23183 "-" "Mozilla/5.0 (Windows NT 10.0; Win64; x64) AppleWebKit/537.36 (KHTML, like Gecko) Chrome/120.0.0.0 Safari/537.36"
143.244.39.25 - - [17/Jul/2025:20:21:29 +0000] "GET /?author=48 HTTP/1.1" 200 23183 "-" "Mozilla/5.0 (Windows NT 10.0; Win64; x64) AppleWebKit/537.36 (KHTML, like Gecko) Chrome/120.0.0.0 Safari/537.36"
143.244.39.25 - - [17/Jul/2025:20:21:29 +0000] "GET /?author=45 HTTP/1.1" 200 23183 "-" "Mozilla/5.0 (Windows NT 10.0; Win64; x64) AppleWebKit/537.36 (KHTML, like Gecko) Chrome/120.0.0.0 Safari/537.36"
143.244.39.25 - - [17/Jul/2025:20:21:29 +0000] "GET /?author=51 HTTP/1.1" 200 23183 "-" "Mozilla/5.0 (Windows NT 10.0; Win64; x64) AppleWebKit/537.36 (KHTML, like Gecko) Chrome/120.0.0.0 Safari/537.36"
143.244.39.25 - - [17/Jul/2025:20:21:29 +0000] "GET /?author=44 HTTP/1.1" 200 23183 "-" "Mozilla/5.0 (Windows NT 10.0; Win64; x64) AppleWebKit/537.36 (KHTML, like Gecko) Chrome/120.0.0.0 Safari/537.36"
143.244.39.25 - - [17/Jul/2025:20:21:29 +0000] "GET /?author=52 HTTP/1.1" 200 23183 "-" "Mozilla/5.0 (Windows NT 10.0; Win64; x64) AppleWebKit/537.36 (KHTML, like Gecko) Chrome/120.0.0.0 Safari/537.36"
143.244.39.25 - - [17/Jul/2025:20:21:29 +0000] "GET /?author=50 HTTP/1.1" 200 23183 "-" "Mozilla/5.0 (Windows NT 10.0; Win64; x64) AppleWebKit/537.36 (KHTML, like Gecko) Chrome/120.0.0.0 Safari/537.36"
143.244.39.25 - - [17/Jul/2025:20:21:29 +0000] "GET /?author=49 HTTP/1.1" 200 23183 "-" "Mozilla/5.0 (Windows NT 10.0; Win64; x64) AppleWebKit/537.36 (KHTML, like Gecko) Chrome/120.0.0.0 Safari/537.36"
143.244.39.25 - - [17/Jul/2025:20:21:29 +0000] "GET /?author=59 HTTP/1.1" 200 23183 "-" "Mozilla/5.0 (Windows NT 10.0; Win64; x64) AppleWebKit/537.36 (KHTML, like Gecko) Chrome/120.0.0.0 Safari/537.36"
143.244.39.25 - - [17/Jul/2025:20:21:29 +0000] "GET /?author=56 HTTP/1.1" 200 23183 "-" "Mozilla/5.0 (Windows NT 10.0; Win64; x64) AppleWebKit/537.36 (KHTML, like Gecko) Chrome/120.0.0.0 Safari/537.36"
143.244.39.25 - - [17/Jul/2025:20:21:29 +0000] "GET /?author=57 HTTP/1.1" 200 23183 "-" "Mozilla/5.0 (Windows NT 10.0; Win64; x64) AppleWebKit/537.36 (KHTML, like Gecko) Chrome/120.0.0.0 Safari/537.36"
143.244.39.25 - - [17/Jul/2025:20:21:29 +0000] "GET /?author=53 HTTP/1.1" 200 23183 "-" "Mozilla/5.0 (Windows NT 10.0; Win64; x64) AppleWebKit/537.36 (KHTML, like Gecko) Chrome/120.0.0.0 Safari/537.36"
143.244.39.25 - - [17/Jul/2025:20:21:29 +0000] "GET /?author=54 HTTP/1.1" 200 23183 "-" "Mozilla/5.0 (Windows NT 10.0; Win64; x64) AppleWebKit/537.36 (KHTML, like Gecko) Chrome/120.0.0.0 Safari/537.36"
143.244.39.25 - - [17/Jul/2025:20:21:29 +0000] "GET /?author=55 HTTP/1.1" 200 23183 "-" "Mozilla/5.0 (Windows NT 10.0; Win64; x64) AppleWebKit/537.36 (KHTML, like Gecko) Chrome/120.0.0.0 Safari/537.36"
143.244.39.25 - - [17/Jul/2025:20:21:29 +0000] "GET /?author=60 HTTP/1.1" 200 23183 "-" "Mozilla/5.0 (Windows NT 10.0; Win64; x64) AppleWebKit/537.36 (KHTML, like Gecko) Chrome/120.0.0.0 Safari/537.36"
143.244.39.25 - - [17/Jul/2025:20:21:31 +0000] "GET /?author=61 HTTP/1.1" 200 23183 "-" "Mozilla/5.0 (Windows NT 10.0; Win64; x64) AppleWebKit/537.36 (KHTML, like Gecko) Chrome/120.0.0.0 Safari/537.36"
143.244.39.25 - - [17/Jul/2025:20:21:31 +0000] "GET /?author=65 HTTP/1.1" 200 23183 "-" "Mozilla/5.0 (Windows NT 10.0; Win64; x64) AppleWebKit/537.36 (KHTML, like Gecko) Chrome/120.0.0.0 Safari/537.36"
143.244.39.25 - - [17/Jul/2025:20:21:31 +0000] "GET /?author=64 HTTP/1.1" 200 23183 "-" "Mozilla/5.0 (Windows NT 10.0; Win64; x64) AppleWebKit/537.36 (KHTML, like Gecko) Chrome/120.0.0.0 Safari/537.36"
143.244.39.25 - - [17/Jul/2025:20:21:31 +0000] "GET /?author=63 HTTP/1.1" 200 23183 "-" "Mozilla/5.0 (Windows NT 10.0; Win64; x64) AppleWebKit/537.36 (KHTML, like Gecko) Chrome/120.0.0.0 Safari/537.36"
143.244.39.25 - - [17/Jul/2025:20:21:31 +0000] "GET /?author=62 HTTP/1.1" 200 23183 "-" "Mozilla/5.0 (Windows NT 10.0; Win64; x64) AppleWebKit/537.36 (KHTML, like Gecko) Chrome/120.0.0.0 Safari/537.36"
143.244.39.25 - - [17/Jul/2025:20:21:31 +0000] "GET /?author=66 HTTP/1.1" 200 23183 "-" "Mozilla/5.0 (Windows NT 10.0; Win64; x64) AppleWebKit/537.36 (KHTML, like Gecko) Chrome/120.0.0.0 Safari/537.36"
143.244.39.25 - - [17/Jul/2025:20:21:32 +0000] "GET /?author=68 HTTP/1.1" 200 23183 "-" "Mozilla/5.0 (Windows NT 10.0; Win64; x64) AppleWebKit/537.36 (KHTML, like Gecko) Chrome/120.0.0.0 Safari/537.36"
143.244.39.25 - - [17/Jul/2025:20:21:32 +0000] "GET /?author=78 HTTP/1.1" 200 23183 "-" "Mozilla/5.0 (Windows NT 10.0; Win64; x64) AppleWebKit/537.36 (KHTML, like Gecko) Chrome/120.0.0.0 Safari/537.36"
143.244.39.25 - - [17/Jul/2025:20:21:32 +0000] "GET /?author=70 HTTP/1.1" 200 23183 "-" "Mozilla/5.0 (Windows NT 10.0; Win64; x64) AppleWebKit/537.36 (KHTML, like Gecko) Chrome/120.0.0.0 Safari/537.36"
143.244.39.25 - - [17/Jul/2025:20:21:32 +0000] "GET /?author=77 HTTP/1.1" 200 23183 "-" "Mozilla/5.0 (Windows NT 10.0; Win64; x64) AppleWebKit/537.36 (KHTML, like Gecko) Chrome/120.0.0.0 Safari/537.36"
143.244.39.25 - - [17/Jul/2025:20:21:32 +0000] "GET /?author=75 HTTP/1.1" 200 23183 "-" "Mozilla/5.0 (Windows NT 10.0; Win64; x64) AppleWebKit/537.36 (KHTML, like Gecko) Chrome/120.0.0.0 Safari/537.36"
143.244.39.25 - - [17/Jul/2025:20:21:32 +0000] "GET /?author=73 HTTP/1.1" 200 23183 "-" "Mozilla/5.0 (Windows NT 10.0; Win64; x64) AppleWebKit/537.36 (KHTML, like Gecko) Chrome/120.0.0.0 Safari/537.36"
143.244.39.25 - - [17/Jul/2025:20:21:32 +0000] "GET /?author=74 HTTP/1.1" 200 23183 "-" "Mozilla/5.0 (Windows NT 10.0; Win64; x64) AppleWebKit/537.36 (KHTML, like Gecko) Chrome/120.0.0.0 Safari/537.36"
143.244.39.25 - - [17/Jul/2025:20:21:32 +0000] "GET /?author=76 HTTP/1.1" 200 23183 "-" "Mozilla/5.0 (Windows NT 10.0; Win64; x64) AppleWebKit/537.36 (KHTML, like Gecko) Chrome/120.0.0.0 Safari/537.36"
143.244.39.25 - - [17/Jul/2025:20:21:32 +0000] "GET /?author=69 HTTP/1.1" 200 23183 "-" "Mozilla/5.0 (Windows NT 10.0; Win64; x64) AppleWebKit/537.36 (KHTML, like Gecko) Chrome/120.0.0.0 Safari/537.36"
143.244.39.25 - - [17/Jul/2025:20:21:32 +0000] "GET /?author=71 HTTP/1.1" 200 23183 "-" "Mozilla/5.0 (Windows NT 10.0; Win64; x64) AppleWebKit/537.36 (KHTML, like Gecko) Chrome/120.0.0.0 Safari/537.36"
143.244.39.25 - - [17/Jul/2025:20:21:32 +0000] "GET /?author=72 HTTP/1.1" 200 23183 "-" "Mozilla/5.0 (Windows NT 10.0; Win64; x64) AppleWebKit/537.36 (KHTML, like Gecko) Chrome/120.0.0.0 Safari/537.36"
143.244.39.25 - - [17/Jul/2025:20:21:32 +0000] "GET /?author=67 HTTP/1.1" 200 23183 "-" "Mozilla/5.0 (Windows NT 10.0; Win64; x64) AppleWebKit/537.36 (KHTML, like Gecko) Chrome/120.0.0.0 Safari/537.36"
143.244.39.25 - - [17/Jul/2025:20:21:32 +0000] "GET /?author=79 HTTP/1.1" 200 23183 "-" "Mozilla/5.0 (Windows NT 10.0; Win64; x64) AppleWebKit/537.36 (KHTML, like Gecko) Chrome/120.0.0.0 Safari/537.36"
143.244.39.25 - - [17/Jul/2025:20:21:32 +0000] "GET /?author=80 HTTP/1.1" 200 23183 "-" "Mozilla/5.0 (Windows NT 10.0; Win64; x64) AppleWebKit/537.36 (KHTML, like Gecko) Chrome/120.0.0.0 Safari/537.36"
143.244.39.25 - - [17/Jul/2025:20:21:32 +0000] "GET /?author=81 HTTP/1.1" 200 23183 "-" "Mozilla/5.0 (Windows NT 10.0; Win64; x64) AppleWebKit/537.36 (KHTML, like Gecko) Chrome/120.0.0.0 Safari/537.36"
143.244.39.25 - - [17/Jul/2025:20:21:33 +0000] "GET /?author=85 HTTP/1.1" 200 23183 "-" "Mozilla/5.0 (Windows NT 10.0; Win64; x64) AppleWebKit/537.36 (KHTML, like Gecko) Chrome/120.0.0.0 Safari/537.36"
143.244.39.25 - - [17/Jul/2025:20:21:33 +0000] "GET /?author=84 HTTP/1.1" 200 23183 "-" "Mozilla/5.0 (Windows NT 10.0; Win64; x64) AppleWebKit/537.36 (KHTML, like Gecko) Chrome/120.0.0.0 Safari/537.36"
143.244.39.25 - - [17/Jul/2025:20:21:33 +0000] "GET /?author=83 HTTP/1.1" 200 23183 "-" "Mozilla/5.0 (Windows NT 10.0; Win64; x64) AppleWebKit/537.36 (KHTML, like Gecko) Chrome/120.0.0.0 Safari/537.36"
143.244.39.25 - - [17/Jul/2025:20:21:33 +0000] "GET /?author=82 HTTP/1.1" 200 23183 "-" "Mozilla/5.0 (Windows NT 10.0; Win64; x64) AppleWebKit/537.36 (KHTML, like Gecko) Chrome/120.0.0.0 Safari/537.36"
143.244.39.25 - - [17/Jul/2025:20:21:34 +0000] "GET /?author=86 HTTP/1.1" 200 23183 "-" "Mozilla/5.0 (Windows NT 10.0; Win64; x64) AppleWebKit/537.36 (KHTML, like Gecko) Chrome/120.0.0.0 Safari/537.36"
143.244.39.25 - - [17/Jul/2025:20:21:34 +0000] "GET /?author=88 HTTP/1.1" 200 23183 "-" "Mozilla/5.0 (Windows NT 10.0; Win64; x64) AppleWebKit/537.36 (KHTML, like Gecko) Chrome/120.0.0.0 Safari/537.36"
143.244.39.25 - - [17/Jul/2025:20:21:34 +0000] "GET /?author=87 HTTP/1.1" 200 23183 "-" "Mozilla/5.0 (Windows NT 10.0; Win64; x64) AppleWebKit/537.36 (KHTML, like Gecko) Chrome/120.0.0.0 Safari/537.36"
143.244.39.25 - - [17/Jul/2025:20:21:35 +0000] "GET /?author=92 HTTP/1.1" 200 23183 "-" "Mozilla/5.0 (Windows NT 10.0; Win64; x64) AppleWebKit/537.36 (KHTML, like Gecko) Chrome/120.0.0.0 Safari/537.36"
143.244.39.25 - - [17/Jul/2025:20:21:35 +0000] "GET /?author=91 HTTP/1.1" 200 23183 "-" "Mozilla/5.0 (Windows NT 10.0; Win64; x64) AppleWebKit/537.36 (KHTML, like Gecko) Chrome/120.0.0.0 Safari/537.36"
143.244.39.25 - - [17/Jul/2025:20:21:35 +0000] "GET /?author=104 HTTP/1.1" 200 23183 "-" "Mozilla/5.0 (Windows NT 10.0; Win64; x64) AppleWebKit/537.36 (KHTML, like Gecko) Chrome/120.0.0.0 Safari/537.36"
143.244.39.25 - - [17/Jul/2025:20:21:35 +0000] "GET /?author=98 HTTP/1.1" 200 23183 "-" "Mozilla/5.0 (Windows NT 10.0; Win64; x64) AppleWebKit/537.36 (KHTML, like Gecko) Chrome/120.0.0.0 Safari/537.36"
143.244.39.25 - - [17/Jul/2025:20:21:35 +0000] "GET /?author=95 HTTP/1.1" 200 23183 "-" "Mozilla/5.0 (Windows NT 10.0; Win64; x64) AppleWebKit/537.36 (KHTML, like Gecko) Chrome/120.0.0.0 Safari/537.36"
143.244.39.25 - - [17/Jul/2025:20:21:35 +0000] "GET /?author=97 HTTP/1.1" 200 23183 "-" "Mozilla/5.0 (Windows NT 10.0; Win64; x64) AppleWebKit/537.36 (KHTML, like Gecko) Chrome/120.0.0.0 Safari/537.36"
143.244.39.25 - - [17/Jul/2025:20:21:35 +0000] "GET /?author=102 HTTP/1.1" 200 23183 "-" "Mozilla/5.0 (Windows NT 10.0; Win64; x64) AppleWebKit/537.36 (KHTML, like Gecko) Chrome/120.0.0.0 Safari/537.36"
143.244.39.25 - - [17/Jul/2025:20:21:35 +0000] "GET /?author=93 HTTP/1.1" 200 23183 "-" "Mozilla/5.0 (Windows NT 10.0; Win64; x64) AppleWebKit/537.36 (KHTML, like Gecko) Chrome/120.0.0.0 Safari/537.36"
143.244.39.25 - - [17/Jul/2025:20:21:35 +0000] "GET /?author=94 HTTP/1.1" 200 23183 "-" "Mozilla/5.0 (Windows NT 10.0; Win64; x64) AppleWebKit/537.36 (KHTML, like Gecko) Chrome/120.0.0.0 Safari/537.36"
143.244.39.25 - - [17/Jul/2025:20:21:35 +0000] "GET /?author=89 HTTP/1.1" 200 23183 "-" "Mozilla/5.0 (Windows NT 10.0; Win64; x64) AppleWebKit/537.36 (KHTML, like Gecko) Chrome/120.0.0.0 Safari/537.36"
143.244.39.25 - - [17/Jul/2025:20:21:35 +0000] "GET /?author=96 HTTP/1.1" 200 23183 "-" "Mozilla/5.0 (Windows NT 10.0; Win64; x64) AppleWebKit/537.36 (KHTML, like Gecko) Chrome/120.0.0.0 Safari/537.36"
143.244.39.25 - - [17/Jul/2025:20:21:35 +0000] "GET /?author=99 HTTP/1.1" 200 23183 "-" "Mozilla/5.0 (Windows NT 10.0; Win64; x64) AppleWebKit/537.36 (KHTML, like Gecko) Chrome/120.0.0.0 Safari/537.36"
143.244.39.25 - - [17/Jul/2025:20:21:35 +0000] "GET /?author=90 HTTP/1.1" 200 23183 "-" "Mozilla/5.0 (Windows NT 10.0; Win64; x64) AppleWebKit/537.36 (KHTML, like Gecko) Chrome/120.0.0.0 Safari/537.36"
143.244.39.25 - - [17/Jul/2025:20:21:35 +0000] "GET /?author=103 HTTP/1.1" 200 23183 "-" "Mozilla/5.0 (Windows NT 10.0; Win64; x64) AppleWebKit/537.36 (KHTML, like Gecko) Chrome/120.0.0.0 Safari/537.36"
143.244.39.25 - - [17/Jul/2025:20:21:35 +0000] "GET /?author=105 HTTP/1.1" 200 23183 "-" "Mozilla/5.0 (Windows NT 10.0; Win64; x64) AppleWebKit/537.36 (KHTML, like Gecko) Chrome/120.0.0.0 Safari/537.36"
143.244.39.25 - - [17/Jul/2025:20:21:35 +0000] "GET /?author=100 HTTP/1.1" 200 23183 "-" "Mozilla/5.0 (Windows NT 10.0; Win64; x64) AppleWebKit/537.36 (KHTML, like Gecko) Chrome/120.0.0.0 Safari/537.36"
143.244.39.25 - - [17/Jul/2025:20:21:35 +0000] "GET /?author=101 HTTP/1.1" 200 23183 "-" "Mozilla/5.0 (Windows NT 10.0; Win64; x64) AppleWebKit/537.36 (KHTML, like Gecko) Chrome/120.0.0.0 Safari/537.36"
143.244.39.25 - - [17/Jul/2025:20:21:35 +0000] "GET /?author=106 HTTP/1.1" 200 23183 "-" "Mozilla/5.0 (Windows NT 10.0; Win64; x64) AppleWebKit/537.36 (KHTML, like Gecko) Chrome/120.0.0.0 Safari/537.36"
143.244.39.25 - - [17/Jul/2025:20:21:36 +0000] "GET /?author=109 HTTP/1.1" 200 23183 "-" "Mozilla/5.0 (Windows NT 10.0; Win64; x64) AppleWebKit/537.36 (KHTML, like Gecko) Chrome/120.0.0.0 Safari/537.36"
143.244.39.25 - - [17/Jul/2025:20:21:36 +0000] "GET /?author=108 HTTP/1.1" 200 23183 "-" "Mozilla/5.0 (Windows NT 10.0; Win64; x64) AppleWebKit/537.36 (KHTML, like Gecko) Chrome/120.0.0.0 Safari/537.36"
143.244.39.25 - - [17/Jul/2025:20:21:37 +0000] "GET /?author=111 HTTP/1.1" 200 23183 "-" "Mozilla/5.0 (Windows NT 10.0; Win64; x64) AppleWebKit/537.36 (KHTML, like Gecko) Chrome/120.0.0.0 Safari/537.36"
143.244.39.25 - - [17/Jul/2025:20:21:36 +0000] "GET /?author=107 HTTP/1.1" 200 23183 "-" "Mozilla/5.0 (Windows NT 10.0; Win64; x64) AppleWebKit/537.36 (KHTML, like Gecko) Chrome/120.0.0.0 Safari/537.36"
143.244.39.25 - - [17/Jul/2025:20:21:37 +0000] "GET /?author=113 HTTP/1.1" 200 23183 "-" "Mozilla/5.0 (Windows NT 10.0; Win64; x64) AppleWebKit/537.36 (KHTML, like Gecko) Chrome/120.0.0.0 Safari/537.36"
143.244.39.25 - - [17/Jul/2025:20:21:36 +0000] "GET /?author=110 HTTP/1.1" 200 23183 "-" "Mozilla/5.0 (Windows NT 10.0; Win64; x64) AppleWebKit/537.36 (KHTML, like Gecko) Chrome/120.0.0.0 Safari/537.36"
143.244.39.25 - - [17/Jul/2025:20:21:37 +0000] "GET /?author=114 HTTP/1.1" 200 23183 "-" "Mozilla/5.0 (Windows NT 10.0; Win64; x64) AppleWebKit/537.36 (KHTML, like Gecko) Chrome/120.0.0.0 Safari/537.36"
143.244.39.25 - - [17/Jul/2025:20:21:37 +0000] "GET /?author=112 HTTP/1.1" 200 23183 "-" "Mozilla/5.0 (Windows NT 10.0; Win64; x64) AppleWebKit/537.36 (KHTML, like Gecko) Chrome/120.0.0.0 Safari/537.36"
143.244.39.25 - - [17/Jul/2025:20:21:37 +0000] "GET /?author=115 HTTP/1.1" 200 23183 "-" "Mozilla/5.0 (Windows NT 10.0; Win64; x64) AppleWebKit/537.36 (KHTML, like Gecko) Chrome/120.0.0.0 Safari/537.36"
143.244.39.25 - - [17/Jul/2025:20:21:37 +0000] "GET /?author=116 HTTP/1.1" 200 23183 "-" "Mozilla/5.0 (Windows NT 10.0; Win64; x64) AppleWebKit/537.36 (KHTML, like Gecko) Chrome/120.0.0.0 Safari/537.36"
143.244.39.25 - - [17/Jul/2025:20:21:38 +0000] "GET /?author=118 HTTP/1.1" 200 23183 "-" "Mozilla/5.0 (Windows NT 10.0; Win64; x64) AppleWebKit/537.36 (KHTML, like Gecko) Chrome/120.0.0.0 Safari/537.36"
143.244.39.25 - - [17/Jul/2025:20:21:38 +0000] "GET /?author=117 HTTP/1.1" 200 23183 "-" "Mozilla/5.0 (Windows NT 10.0; Win64; x64) AppleWebKit/537.36 (KHTML, like Gecko) Chrome/120.0.0.0 Safari/537.36"
143.244.39.25 - - [17/Jul/2025:20:21:38 +0000] "GET /?author=120 HTTP/1.1" 200 23183 "-" "Mozilla/5.0 (Windows NT 10.0; Win64; x64) AppleWebKit/537.36 (KHTML, like Gecko) Chrome/120.0.0.0 Safari/537.36"
143.244.39.25 - - [17/Jul/2025:20:21:38 +0000] "GET /?author=129 HTTP/1.1" 200 23183 "-" "Mozilla/5.0 (Windows NT 10.0; Win64; x64) AppleWebKit/537.36 (KHTML, like Gecko) Chrome/120.0.0.0 Safari/537.36"
143.244.39.25 - - [17/Jul/2025:20:21:38 +0000] "GET /?author=119 HTTP/1.1" 200 23183 "-" "Mozilla/5.0 (Windows NT 10.0; Win64; x64) AppleWebKit/537.36 (KHTML, like Gecko) Chrome/120.0.0.0 Safari/537.36"
143.244.39.25 - - [17/Jul/2025:20:21:38 +0000] "GET /?author=125 HTTP/1.1" 200 23183 "-" "Mozilla/5.0 (Windows NT 10.0; Win64; x64) AppleWebKit/537.36 (KHTML, like Gecko) Chrome/120.0.0.0 Safari/537.36"
143.244.39.25 - - [17/Jul/2025:20:21:38 +0000] "GET /?author=123 HTTP/1.1" 200 23183 "-" "Mozilla/5.0 (Windows NT 10.0; Win64; x64) AppleWebKit/537.36 (KHTML, like Gecko) Chrome/120.0.0.0 Safari/537.36"
143.244.39.25 - - [17/Jul/2025:20:21:38 +0000] "GET /?author=127 HTTP/1.1" 200 23183 "-" "Mozilla/5.0 (Windows NT 10.0; Win64; x64) AppleWebKit/537.36 (KHTML, like Gecko) Chrome/120.0.0.0 Safari/537.36"
143.244.39.25 - - [17/Jul/2025:20:21:38 +0000] "GET /?author=134 HTTP/1.1" 200 23183 "-" "Mozilla/5.0 (Windows NT 10.0; Win64; x64) AppleWebKit/537.36 (KHTML, like Gecko) Chrome/120.0.0.0 Safari/537.36"
