66.249.73.165 - - [18/Jul/2025:07:24:55 +0000] "GET /p/sword82851023?id=2867281 HTTP/1.1" 200 40191 "-" "Mozilla/5.0 (Linux; Android 6.0.1; Nexus 5X Build/MMB29P) AppleWebKit/537.36 (KHTML, like Gecko) Chrome/137.0.7151.103 Mobile Safari/537.36 (compatible; Googlebot/2.1; +http://www.google.com/bot.html)"
66.249.73.164 - - [18/Jul/2025:07:24:56 +0000] "GET /p/open42649027?id=2665285 HTTP/1.1" 200 40076 "-" "Mozilla/5.0 (Linux; Android 6.0.1; Nexus 5X Build/MMB29P) AppleWebKit/537.36 (KHTML, like Gecko) Chrome/137.0.7151.103 Mobile Safari/537.36 (compatible; Googlebot/2.1; +http://www.google.com/bot.html)"
66.249.73.163 - - [18/Jul/2025:07:24:57 +0000] "GET /p/inser61067101?id=1083359 HTTP/1.1" 200 40022 "-" "Mozilla/5.0 (Linux; Android 6.0.1; Nexus 5X Build/MMB29P) AppleWebKit/537.36 (KHTML, like Gecko) Chrome/137.0.7151.103 Mobile Safari/537.36 (compatible; Googlebot/2.1; +http://www.google.com/bot.html)"
66.249.73.164 - - [18/Jul/2025:07:24:58 +0000] "GET /p/cella32866698?id=2882956 HTTP/1.1" 200 40040 "-" "Mozilla/5.0 (Linux; Android 6.0.1; Nexus 5X Build/MMB29P) AppleWebKit/537.36 (KHTML, like Gecko) Chrome/137.0.7151.103 Mobile Safari/537.36 (compatible; Googlebot/2.1; +http://www.google.com/bot.html)"
66.249.73.165 - - [18/Jul/2025:07:25:01 +0000] "GET /p/stren20407425?id=423683 HTTP/1.1" 200 40239 "-" "Mozilla/5.0 (Linux; Android 6.0.1; Nexus 5X Build/MMB29P) AppleWebKit/537.36 (KHTML, like Gecko) Chrome/137.0.7151.103 Mobile Safari/537.36 (compatible; Googlebot/2.1; +http://www.google.com/bot.html)"
66.249.73.163 - - [18/Jul/2025:07:25:03 +0000] "POST /get-message-notify HTTP/1.1" 200 39976 "https://muzza.fit/p/vivid80107295?id=123553" "Mozilla/5.0 (Linux; Android 6.0.1; Nexus 5X Build/MMB29P) AppleWebKit/537.36 (KHTML, like Gecko) Chrome/137.0.7151.119 Mobile Safari/537.36 (compatible; Googlebot/2.1; +http://www.google.com/bot.html)"
66.249.73.163 - - [18/Jul/2025:07:25:03 +0000] "GET /p/candl20100385?id=116643 HTTP/1.1" 200 40438 "-" "Mozilla/5.0 (Linux; Android 6.0.1; Nexus 5X Build/MMB29P) AppleWebKit/537.36 (KHTML, like Gecko) Chrome/137.0.7151.103 Mobile Safari/537.36 (compatible; Googlebot/2.1; +http://www.google.com/bot.html)"
66.249.73.163 - - [18/Jul/2025:07:25:06 +0000] "GET /p/video71356086?id=1372344 HTTP/1.1" 200 40841 "-" "Mozilla/5.0 (Linux; Android 6.0.1; Nexus 5X Build/MMB29P) AppleWebKit/537.36 (KHTML, like Gecko) Chrome/137.0.7151.103 Mobile Safari/537.36 (compatible; Googlebot/2.1; +http://www.google.com/bot.html)"
66.249.73.163 - - [18/Jul/2025:07:25:08 +0000] "GET /p/comb42962707?id=2978965 HTTP/1.1" 200 39939 "-" "Mozilla/5.0 (Linux; Android 6.0.1; Nexus 5X Build/MMB29P) AppleWebKit/537.36 (KHTML, like Gecko) Chrome/137.0.7151.103 Mobile Safari/537.36 (compatible; Googlebot/2.1; +http://www.google.com/bot.html)"
66.249.73.163 - - [18/Jul/2025:07:25:10 +0000] "GET /p/liabi71126334?id=1142592 HTTP/1.1" 200 40076 "-" "Mozilla/5.0 (Linux; Android 6.0.1; Nexus 5X Build/MMB29P) AppleWebKit/537.36 (KHTML, like Gecko) Chrome/137.0.7151.103 Mobile Safari/537.36 (compatible; Googlebot/2.1; +http://www.google.com/bot.html)"
66.249.73.163 - - [18/Jul/2025:07:25:13 +0000] "GET /p/neith60216861?id=233119 HTTP/1.1" 200 40206 "-" "Mozilla/5.0 (Linux; Android 6.0.1; Nexus 5X Build/MMB29P) AppleWebKit/537.36 (KHTML, like Gecko) Chrome/137.0.7151.103 Mobile Safari/537.36 (compatible; Googlebot/2.1; +http://www.google.com/bot.html)"
66.249.73.163 - - [18/Jul/2025:07:25:20 +0000] "GET /p/inval82941975?id=2958233 HTTP/1.1" 200 40391 "-" "Mozilla/5.0 (Linux; Android 6.0.1; Nexus 5X Build/MMB29P) AppleWebKit/537.36 (KHTML, like Gecko) Chrome/137.0.7151.103 Mobile Safari/537.36 (compatible; Googlebot/2.1; +http://www.google.com/bot.html)"
66.249.73.163 - - [18/Jul/2025:07:25:21 +0000] "GET /p/revol12946296?id=2962554 HTTP/1.1" 200 40389 "-" "Mozilla/5.0 (Linux; Android 6.0.1; Nexus 5X Build/MMB29P) AppleWebKit/537.36 (KHTML, like Gecko) Chrome/137.0.7151.103 Mobile Safari/537.36 (compatible; Googlebot/2.1; +http://www.google.com/bot.html)"
66.249.73.163 - - [18/Jul/2025:07:25:24 +0000] "GET /p/lose70881534?id=897792 HTTP/1.1" 200 40593 "-" "Mozilla/5.0 (Linux; Android 6.0.1; Nexus 5X Build/MMB29P) AppleWebKit/537.36 (KHTML, like Gecko) Chrome/137.0.7151.103 Mobile Safari/537.36 (compatible; Googlebot/2.1; +http://www.google.com/bot.html)"
66.249.73.163 - - [18/Jul/2025:07:25:25 +0000] "GET /p/bambo40565091?id=581349 HTTP/1.1" 200 40188 "-" "Mozilla/5.0 (Linux; Android 6.0.1; Nexus 5X Build/MMB29P) AppleWebKit/537.36 (KHTML, like Gecko) Chrome/137.0.7151.103 Mobile Safari/537.36 (compatible; Googlebot/2.1; +http://www.google.com/bot.html)"
66.249.73.163 - - [18/Jul/2025:07:25:27 +0000] "GET /p/of32961090?id=2977348 HTTP/1.1" 200 40432 "-" "Mozilla/5.0 (Linux; Android 6.0.1; Nexus 5X Build/MMB29P) AppleWebKit/537.36 (KHTML, like Gecko) Chrome/137.0.7151.103 Mobile Safari/537.36 (compatible; Googlebot/2.1; +http://www.google.com/bot.html)"
66.249.73.163 - - [18/Jul/2025:07:25:28 +0000] "GET /p/loaf40582947?id=599205 HTTP/1.1" 200 40965 "-" "Mozilla/5.0 (Linux; Android 6.0.1; Nexus 5X Build/MMB29P) AppleWebKit/537.36 (KHTML, like Gecko) Chrome/137.0.7151.103 Mobile Safari/537.36 (compatible; Googlebot/2.1; +http://www.google.com/bot.html)"
66.249.73.163 - - [18/Jul/2025:07:25:30 +0000] "GET /p/awful70981558?id=997816 HTTP/1.1" 200 40061 "-" "Mozilla/5.0 (Linux; Android 6.0.1; Nexus 5X Build/MMB29P) AppleWebKit/537.36 (KHTML, like Gecko) Chrome/137.0.7151.103 Mobile Safari/537.36 (compatible; Googlebot/2.1; +http://www.google.com/bot.html)"
66.249.73.163 - - [18/Jul/2025:07:25:32 +0000] "GET /p/aston52746156?id=2762414 HTTP/1.1" 200 40720 "-" "Mozilla/5.0 (Linux; Android 6.0.1; Nexus 5X Build/MMB29P) AppleWebKit/537.36 (KHTML, like Gecko) Chrome/137.0.7151.103 Mobile Safari/537.36 (compatible; Googlebot/2.1; +http://www.google.com/bot.html)"
66.249.73.163 - - [18/Jul/2025:07:25:32 +0000] "POST /get-message-notify HTTP/1.1" 200 40048 "https://muzza.fit/p/comb42962707?id=2978965" "Mozilla/5.0 (Linux; Android 6.0.1; Nexus 5X Build/MMB29P) AppleWebKit/537.36 (KHTML, like Gecko) Chrome/137.0.7151.119 Mobile Safari/537.36 (compatible; Googlebot/2.1; +http://www.google.com/bot.html)"
66.249.73.163 - - [18/Jul/2025:07:25:33 +0000] "GET /p/perma40982299?id=998557 HTTP/1.1" 200 40121 "-" "Mozilla/5.0 (Linux; Android 6.0.1; Nexus 5X Build/MMB29P) AppleWebKit/537.36 (KHTML, like Gecko) Chrome/137.0.7151.103 Mobile Safari/537.36 (compatible; Googlebot/2.1; +http://www.google.com/bot.html)"
66.249.73.163 - - [18/Jul/2025:07:25:35 +0000] "GET /p/meado32286514?id=2302772 HTTP/1.1" 200 40067 "-" "Mozilla/5.0 (Linux; Android 6.0.1; Nexus 5X Build/MMB29P) AppleWebKit/537.36 (KHTML, like Gecko) Chrome/137.0.7151.103 Mobile Safari/537.36 (compatible; Googlebot/2.1; +http://www.google.com/bot.html)"
66.249.73.163 - - [18/Jul/2025:07:25:37 +0000] "GET /p/ridic20735201?id=751459 HTTP/1.1" 200 41257 "-" "Mozilla/5.0 (Linux; Android 6.0.1; Nexus 5X Build/MMB29P) AppleWebKit/537.36 (KHTML, like Gecko) Chrome/137.0.7151.103 Mobile Safari/537.36 (compatible; Googlebot/2.1; +http://www.google.com/bot.html)"
66.249.73.164 - - [18/Jul/2025:07:25:38 +0000] "POST /get-message-notify HTTP/1.1" 200 40039 "https://muzza.fit/p/stren20407425?id=423683" "Mozilla/5.0 (Linux; Android 6.0.1; Nexus 5X Build/MMB29P) AppleWebKit/537.36 (KHTML, like Gecko) Chrome/137.0.7151.119 Mobile Safari/537.36 (compatible; Googlebot/2.1; +http://www.google.com/bot.html)"
66.249.73.164 - - [18/Jul/2025:07:25:42 +0000] "GET /p/confu30166018?id=182276 HTTP/1.1" 200 40769 "-" "Mozilla/5.0 (Linux; Android 6.0.1; Nexus 5X Build/MMB29P) AppleWebKit/537.36 (KHTML, like Gecko) Chrome/137.0.7151.103 Mobile Safari/537.36 (compatible; Googlebot/2.1; +http://www.google.com/bot.html)"
66.249.73.164 - - [18/Jul/2025:07:25:49 +0000] "GET /p/finis41928395?id=1944653 HTTP/1.1" 200 40473 "-" "Mozilla/5.0 (Linux; Android 6.0.1; Nexus 5X Build/MMB29P) AppleWebKit/537.36 (KHTML, like Gecko) Chrome/137.0.7151.103 Mobile Safari/537.36 (compatible; Googlebot/2.1; +http://www.google.com/bot.html)"
66.249.73.164 - - [18/Jul/2025:07:25:50 +0000] "GET /p/tend62827005?id=2843263 HTTP/1.1" 200 40099 "-" "Mozilla/5.0 (Linux; Android 6.0.1; Nexus 5X Build/MMB29P) AppleWebKit/537.36 (KHTML, like Gecko) Chrome/137.0.7151.103 Mobile Safari/537.36 (compatible; Googlebot/2.1; +http://www.google.com/bot.html)"
66.249.73.165 - - [18/Jul/2025:07:25:54 +0000] "GET /p/costl42767459?id=2783717 HTTP/1.1" 200 40617 "-" "Mozilla/5.0 (Linux; Android 6.0.1; Nexus 5X Build/MMB29P) AppleWebKit/537.36 (KHTML, like Gecko) Chrome/137.0.7151.103 Mobile Safari/537.36 (compatible; Googlebot/2.1; +http://www.google.com/bot.html)"
66.249.73.165 - - [18/Jul/2025:07:25:52 +0000] "GET /p/demon40818395?id=834653 HTTP/1.1" 200 40085 "-" "Mozilla/5.0 (Linux; Android 6.0.1; Nexus 5X Build/MMB29P) AppleWebKit/537.36 (KHTML, like Gecko) Chrome/137.0.7151.103 Mobile Safari/537.36 (compatible; Googlebot/2.1; +http://www.google.com/bot.html)"
66.249.73.164 - - [18/Jul/2025:07:25:57 +0000] "GET /p/scrat81733863?id=1750121 HTTP/1.1" 200 40141 "-" "Mozilla/5.0 (Linux; Android 6.0.1; Nexus 5X Build/MMB29P) AppleWebKit/537.36 (KHTML, like Gecko) Chrome/137.0.7151.103 Mobile Safari/537.36 (compatible; Googlebot/2.1; +http://www.google.com/bot.html)"
66.249.73.165 - - [18/Jul/2025:07:25:59 +0000] "GET /p/zebra80748543?id=764801 HTTP/1.1" 200 40151 "-" "Mozilla/5.0 (Linux; Android 6.0.1; Nexus 5X Build/MMB29P) AppleWebKit/537.36 (KHTML, like Gecko) Chrome/137.0.7151.103 Mobile Safari/537.36 (compatible; Googlebot/2.1; +http://www.google.com/bot.html)"
66.249.73.163 - - [18/Jul/2025:07:26:04 +0000] "GET /p/immen72218926?id=2235184 HTTP/1.1" 200 39982 "-" "Mozilla/5.0 (Linux; Android 6.0.1; Nexus 5X Build/MMB29P) AppleWebKit/537.36 (KHTML, like Gecko) Chrome/137.0.7151.103 Mobile Safari/537.36 (compatible; Googlebot/2.1; +http://www.google.com/bot.html)"
66.249.73.163 - - [18/Jul/2025:07:26:05 +0000] "GET /p/serb70083918?id=100176 HTTP/1.1" 200 39953 "-" "Mozilla/5.0 (Linux; Android 6.0.1; Nexus 5X Build/MMB29P) AppleWebKit/537.36 (KHTML, like Gecko) Chrome/137.0.7151.103 Mobile Safari/537.36 (compatible; Googlebot/2.1; +http://www.google.com/bot.html)"
66.249.73.163 - - [18/Jul/2025:07:26:05 +0000] "POST /get-message-notify HTTP/1.1" 200 40149 "https://muzza.fit/p/finis41928395?id=1944653" "Mozilla/5.0 (Linux; Android 6.0.1; Nexus 5X Build/MMB29P) AppleWebKit/537.36 (KHTML, like Gecko) Chrome/137.0.7151.119 Mobile Safari/537.36 (compatible; Googlebot/2.1; +http://www.google.com/bot.html)"
66.249.73.163 - - [18/Jul/2025:07:26:06 +0000] "GET /p/outsk62102973?id=2119231 HTTP/1.1" 200 41347 "-" "Mozilla/5.0 (Linux; Android 6.0.1; Nexus 5X Build/MMB29P) AppleWebKit/537.36 (KHTML, like Gecko) Chrome/137.0.7151.103 Mobile Safari/537.36 (compatible; Googlebot/2.1; +http://www.google.com/bot.html)"
66.249.73.163 - - [18/Jul/2025:07:26:09 +0000] "GET /p/bye60176957?id=193215 HTTP/1.1" 200 40457 "-" "Mozilla/5.0 (Linux; Android 6.0.1; Nexus 5X Build/MMB29P) AppleWebKit/537.36 (KHTML, like Gecko) Chrome/137.0.7151.103 Mobile Safari/537.36 (compatible; Googlebot/2.1; +http://www.google.com/bot.html)"
66.249.73.163 - - [18/Jul/2025:07:26:10 +0000] "POST /get-message-notify HTTP/1.1" 200 40020 "https://muzza.fit/p/immen72218926?id=2235184" "Mozilla/5.0 (Linux; Android 6.0.1; Nexus 5X Build/MMB29P) AppleWebKit/537.36 (KHTML, like Gecko) Chrome/137.0.7151.119 Mobile Safari/537.36 (compatible; Googlebot/2.1; +http://www.google.com/bot.html)"
66.249.73.164 - - [18/Jul/2025:07:25:43 +0000] "GET /p/goodn50455116?id=471374 HTTP/1.1" 200 39983 "-" "Mozilla/5.0 (Linux; Android 6.0.1; Nexus 5X Build/MMB29P) AppleWebKit/537.36 (KHTML, like Gecko) Chrome/137.0.7151.103 Mobile Safari/537.36 (compatible; Googlebot/2.1; +http://www.google.com/bot.html)"
66.249.73.163 - - [18/Jul/2025:07:26:11 +0000] "GET /p/undo52363052?id=2379310 HTTP/1.1" 200 40019 "-" "Mozilla/5.0 (Linux; Android 6.0.1; Nexus 5X Build/MMB29P) AppleWebKit/537.36 (KHTML, like Gecko) Chrome/137.0.7151.103 Mobile Safari/537.36 (compatible; Googlebot/2.1; +http://www.google.com/bot.html)"
66.249.73.163 - - [18/Jul/2025:07:26:16 +0000] "POST /get-message-notify HTTP/1.1" 200 39984 "https://muzza.fit/p/outsk62102973?id=2119231" "Mozilla/5.0 (Linux; Android 6.0.1; Nexus 5X Build/MMB29P) AppleWebKit/537.36 (KHTML, like Gecko) Chrome/137.0.7151.119 Mobile Safari/537.36 (compatible; Googlebot/2.1; +http://www.google.com/bot.html)"
66.249.73.163 - - [18/Jul/2025:07:26:16 +0000] "POST /get-message-notify HTTP/1.1" 200 39984 "https://muzza.fit/p/undo52363052?id=2379310" "Mozilla/5.0 (Linux; Android 6.0.1; Nexus 5X Build/MMB29P) AppleWebKit/537.36 (KHTML, like Gecko) Chrome/137.0.7151.119 Mobile Safari/537.36 (compatible; Googlebot/2.1; +http://www.google.com/bot.html)"
66.249.73.163 - - [18/Jul/2025:07:26:16 +0000] "GET /p/sprin60401013?id=417271 HTTP/1.1" 200 40015 "-" "Mozilla/5.0 (Linux; Android 6.0.1; Nexus 5X Build/MMB29P) AppleWebKit/537.36 (KHTML, like Gecko) Chrome/137.0.7151.103 Mobile Safari/537.36 (compatible; Googlebot/2.1; +http://www.google.com/bot.html)"
66.249.73.164 - - [18/Jul/2025:07:26:23 +0000] "GET /p/peopl40321107?id=337365 HTTP/1.1" 200 40049 "-" "Mozilla/5.0 (Linux; Android 6.0.1; Nexus 5X Build/MMB29P) AppleWebKit/537.36 (KHTML, like Gecko) Chrome/137.0.7151.103 Mobile Safari/537.36 (compatible; Googlebot/2.1; +http://www.google.com/bot.html)"
66.249.73.164 - - [18/Jul/2025:07:26:25 +0000] "GET /p/outli40806227?id=822485 HTTP/1.1" 200 40276 "-" "Mozilla/5.0 (Linux; Android 6.0.1; Nexus 5X Build/MMB29P) AppleWebKit/537.36 (KHTML, like Gecko) Chrome/137.0.7151.103 Mobile Safari/537.36 (compatible; Googlebot/2.1; +http://www.google.com/bot.html)"
66.249.73.164 - - [18/Jul/2025:07:26:30 +0000] "GET /p/pione70876190?id=892448 HTTP/1.1" 200 41000 "-" "Mozilla/5.0 (Linux; Android 6.0.1; Nexus 5X Build/MMB29P) AppleWebKit/537.36 (KHTML, like Gecko) Chrome/137.0.7151.103 Mobile Safari/537.36 (compatible; Googlebot/2.1; +http://www.google.com/bot.html)"
66.249.73.164 - - [18/Jul/2025:07:26:30 +0000] "GET /p/via10877936?id=894194 HTTP/1.1" 200 40491 "-" "Mozilla/5.0 (Linux; Android 6.0.1; Nexus 5X Build/MMB29P) AppleWebKit/537.36 (KHTML, like Gecko) Chrome/137.0.7151.103 Mobile Safari/537.36 (compatible; Googlebot/2.1; +http://www.google.com/bot.html)"
66.249.73.163 - - [18/Jul/2025:07:26:24 +0000] "GET /p/findi41466611?id=1482869 HTTP/1.1" 200 39977 "-" "Mozilla/5.0 (Linux; Android 6.0.1; Nexus 5X Build/MMB29P) AppleWebKit/537.36 (KHTML, like Gecko) Chrome/137.0.7151.103 Mobile Safari/537.36 (compatible; Googlebot/2.1; +http://www.google.com/bot.html)"
66.249.73.163 - - [18/Jul/2025:07:26:33 +0000] "GET /p/abili41864323?id=1880581 HTTP/1.1" 200 40037 "-" "Mozilla/5.0 (Linux; Android 6.0.1; Nexus 5X Build/MMB29P) AppleWebKit/537.36 (KHTML, like Gecko) Chrome/137.0.7151.103 Mobile Safari/537.36 (compatible; Googlebot/2.1; +http://www.google.com/bot.html)"
66.249.73.163 - - [18/Jul/2025:07:26:36 +0000] "GET /p/artif41006499?id=1022757 HTTP/1.1" 200 40053 "-" "Mozilla/5.0 (Linux; Android 6.0.1; Nexus 5X Build/MMB29P) AppleWebKit/537.36 (KHTML, like Gecko) Chrome/137.0.7151.103 Mobile Safari/537.36 (compatible; Googlebot/2.1; +http://www.google.com/bot.html)"
66.249.73.163 - - [18/Jul/2025:07:26:31 +0000] "GET /p/swing40288811?id=305069 HTTP/1.1" 200 40246 "-" "Mozilla/5.0 (Linux; Android 6.0.1; Nexus 5X Build/MMB29P) AppleWebKit/537.36 (KHTML, like Gecko) Chrome/137.0.7151.103 Mobile Safari/537.36 (compatible; Googlebot/2.1; +http://www.google.com/bot.html)"
66.249.73.164 - - [18/Jul/2025:07:26:38 +0000] "GET /p/failu51327548?id=1343806 HTTP/1.1" 200 39998 "-" "Mozilla/5.0 (Linux; Android 6.0.1; Nexus 5X Build/MMB29P) AppleWebKit/537.36 (KHTML, like Gecko) Chrome/137.0.7151.103 Mobile Safari/537.36 (compatible; Googlebot/2.1; +http://www.google.com/bot.html)"
66.249.73.164 - - [18/Jul/2025:07:26:43 +0000] "GET /p/acre21447457?id=1463715 HTTP/1.1" 200 39927 "-" "Mozilla/5.0 (Linux; Android 6.0.1; Nexus 5X Build/MMB29P) AppleWebKit/537.36 (KHTML, like Gecko) Chrome/137.0.7151.103 Mobile Safari/537.36 (compatible; Googlebot/2.1; +http://www.google.com/bot.html)"
66.249.73.163 - - [18/Jul/2025:07:26:17 +0000] "GET /p/texti72099414?id=2115672 HTTP/1.1" 200 40336 "-" "Mozilla/5.0 (Linux; Android 6.0.1; Nexus 5X Build/MMB29P) AppleWebKit/537.36 (KHTML, like Gecko) Chrome/137.0.7151.103 Mobile Safari/537.36 (compatible; Googlebot/2.1; +http://www.google.com/bot.html)"
66.249.73.165 - - [18/Jul/2025:07:26:44 +0000] "GET /p/moan32230554?id=2246812 HTTP/1.1" 200 39960 "-" "Mozilla/5.0 (Linux; Android 6.0.1; Nexus 5X Build/MMB29P) AppleWebKit/537.36 (KHTML, like Gecko) Chrome/137.0.7151.103 Mobile Safari/537.36 (compatible; Googlebot/2.1; +http://www.google.com/bot.html)"
66.249.73.163 - - [18/Jul/2025:07:26:49 +0000] "POST /get-message-notify HTTP/1.1" 200 40157 "https://muzza.fit/p/zebra80748543?id=764801" "Mozilla/5.0 (Linux; Android 6.0.1; Nexus 5X Build/MMB29P) AppleWebKit/537.36 (KHTML, like Gecko) Chrome/137.0.7151.119 Mobile Safari/537.36 (compatible; Googlebot/2.1; +http://www.google.com/bot.html)"
66.249.73.163 - - [18/Jul/2025:07:26:50 +0000] "GET /p/carri32943322?id=2959580 HTTP/1.1" 200 40639 "-" "Mozilla/5.0 (Linux; Android 6.0.1; Nexus 5X Build/MMB29P) AppleWebKit/537.36 (KHTML, like Gecko) Chrome/137.0.7151.103 Mobile Safari/537.36 (compatible; Googlebot/2.1; +http://www.google.com/bot.html)"
66.249.73.163 - - [18/Jul/2025:07:26:51 +0000] "GET /p/open41829027?id=1845285 HTTP/1.1" 200 39972 "-" "Mozilla/5.0 (Linux; Android 6.0.1; Nexus 5X Build/MMB29P) AppleWebKit/537.36 (KHTML, like Gecko) Chrome/137.0.7151.103 Mobile Safari/537.36 (compatible; Googlebot/2.1; +http://www.google.com/bot.html)"
66.249.73.164 - - [18/Jul/2025:07:26:52 +0000] "GET /p/sorry11852208?id=1868466 HTTP/1.1" 200 40157 "-" "Mozilla/5.0 (Linux; Android 6.0.1; Nexus 5X Build/MMB29P) AppleWebKit/537.36 (KHTML, like Gecko) Chrome/137.0.7151.103 Mobile Safari/537.36 (compatible; Googlebot/2.1; +http://www.google.com/bot.html)"
66.249.73.164 - - [18/Jul/2025:07:26:53 +0000] "POST /get-message-notify HTTP/1.1" 200 40039 "https://muzza.fit/p/texti72099414?id=2115672" "Mozilla/5.0 (Linux; Android 6.0.1; Nexus 5X Build/MMB29P) AppleWebKit/537.36 (KHTML, like Gecko) Chrome/137.0.7151.119 Mobile Safari/537.36 (compatible; Googlebot/2.1; +http://www.google.com/bot.html)"
66.249.73.165 - - [18/Jul/2025:07:26:53 +0000] "GET /p/potat30097098?id=113356 HTTP/1.1" 200 39928 "-" "Mozilla/5.0 (Linux; Android 6.0.1; Nexus 5X Build/MMB29P) AppleWebKit/537.36 (KHTML, like Gecko) Chrome/137.0.7151.103 Mobile Safari/537.36 (compatible; Googlebot/2.1; +http://www.google.com/bot.html)"
209.74.77.214 - - [18/Jul/2025:07:26:56 +0000] "POST /wp-cron.php?doing_wp_cron=1752823616.4848880767822265625000 HTTP/1.1" 200 - "-" "WordPress/6.8.2; https://muzza.fit"
66.249.73.164 - - [18/Jul/2025:07:25:51 +0000] "GET /p/bell32864882?id=2881140 HTTP/1.1" 200 23175 "-" "Mozilla/5.0 (Linux; Android 6.0.1; Nexus 5X Build/MMB29P) AppleWebKit/537.36 (KHTML, like Gecko) Chrome/137.0.7151.103 Mobile Safari/537.36 (compatible; Googlebot/2.1; +http://www.google.com/bot.html)"
66.249.73.164 - - [18/Jul/2025:07:26:56 +0000] "GET /p/album51549676?id=1565934 HTTP/1.1" 200 40255 "-" "Mozilla/5.0 (Linux; Android 6.0.1; Nexus 5X Build/MMB29P) AppleWebKit/537.36 (KHTML, like Gecko) Chrome/137.0.7151.103 Mobile Safari/537.36 (compatible; Googlebot/2.1; +http://www.google.com/bot.html)"
66.249.73.165 - - [18/Jul/2025:07:26:57 +0000] "POST /get-message-notify HTTP/1.1" 200 40175 "https://muzza.fit/p/moan32230554?id=2246812" "Mozilla/5.0 (Linux; Android 6.0.1; Nexus 5X Build/MMB29P) AppleWebKit/537.36 (KHTML, like Gecko) Chrome/137.0.7151.119 Mobile Safari/537.36 (compatible; Googlebot/2.1; +http://www.google.com/bot.html)"
66.249.73.166 - - [18/Jul/2025:07:26:58 +0000] "GET /wp-content/plugins/js_composer/assets/lib/bower/font-awesome/css/v4-shims.min.css?ver=7.6 HTTP/1.1" 200 4260 "https://muzza.fit/p/bell32864882?id=2881140" "Mozilla/5.0 (Linux; Android 6.0.1; Nexus 5X Build/MMB29P) AppleWebKit/537.36 (KHTML, like Gecko) Chrome/137.0.7151.119 Mobile Safari/537.36 (compatible; Googlebot/2.1; +http://www.google.com/bot.html)"
66.249.73.165 - - [18/Jul/2025:07:26:58 +0000] "GET /wp-content/plugins/wolf-visual-composer/assets/css/lib/dripicons/dripicons.min.css?ver=2.0.0 HTTP/1.1" 200 1751 "https://muzza.fit/p/bell32864882?id=2881140" "Mozilla/5.0 (Linux; Android 6.0.1; Nexus 5X Build/MMB29P) AppleWebKit/537.36 (KHTML, like Gecko) Chrome/137.0.7151.119 Mobile Safari/537.36 (compatible; Googlebot/2.1; +http://www.google.com/bot.html)"
66.249.73.166 - - [18/Jul/2025:07:26:58 +0000] "GET /wp-content/plugins/woocommerce/assets/js/frontend/add-to-cart.min.js?ver=10.0.2 HTTP/1.1" 200 1407 "https://muzza.fit/p/bell32864882?id=2881140" "Mozilla/5.0 (Linux; Android 6.0.1; Nexus 5X Build/MMB29P) AppleWebKit/537.36 (KHTML, like Gecko) Chrome/137.0.7151.119 Mobile Safari/537.36 (compatible; Googlebot/2.1; +http://www.google.com/bot.html)"
66.249.73.165 - - [18/Jul/2025:07:26:58 +0000] "GET /wp-content/themes/deadlift/style.css?ver=1.8.2 HTTP/1.1" 200 487 "https://muzza.fit/p/bell32864882?id=2881140" "Mozilla/5.0 (Linux; Android 6.0.1; Nexus 5X Build/MMB29P) AppleWebKit/537.36 (KHTML, like Gecko) Chrome/137.0.7151.119 Mobile Safari/537.36 (compatible; Googlebot/2.1; +http://www.google.com/bot.html)"
66.249.73.165 - - [18/Jul/2025:07:26:58 +0000] "GET /p/moon71212014?id=1228272 HTTP/1.1" 200 40883 "-" "Mozilla/5.0 (Linux; Android 6.0.1; Nexus 5X Build/MMB29P) AppleWebKit/537.36 (KHTML, like Gecko) Chrome/137.0.7151.103 Mobile Safari/537.36 (compatible; Googlebot/2.1; +http://www.google.com/bot.html)"
66.249.73.164 - - [18/Jul/2025:07:26:58 +0000] "GET /wp-content/themes/deadlift/assets/css/single-post.css?ver=1.8.2 HTTP/1.1" 200 50 "https://muzza.fit/p/bell32864882?id=2881140" "Mozilla/5.0 (Linux; Android 6.0.1; Nexus 5X Build/MMB29P) AppleWebKit/537.36 (KHTML, like Gecko) Chrome/137.0.7151.119 Mobile Safari/537.36 (compatible; Googlebot/2.1; +http://www.google.com/bot.html)"
66.249.73.165 - - [18/Jul/2025:07:26:58 +0000] "GET /wp-content/themes/deadlift/assets/css/lib/flickity.min.css?ver=2.3.0 HTTP/1.1" 200 684 "https://muzza.fit/p/bell32864882?id=2881140" "Mozilla/5.0 (Linux; Android 6.0.1; Nexus 5X Build/MMB29P) AppleWebKit/537.36 (KHTML, like Gecko) Chrome/137.0.7151.119 Mobile Safari/537.36 (compatible; Googlebot/2.1; +http://www.google.com/bot.html)"
66.249.73.165 - - [18/Jul/2025:07:26:58 +0000] "GET /wp-content/plugins/revslider/sr6/assets/js/rs6.min.js?ver=6.7.13 HTTP/1.1" 200 108962 "https://muzza.fit/p/bell32864882?id=2881140" "Mozilla/5.0 (Linux; Android 6.0.1; Nexus 5X Build/MMB29P) AppleWebKit/537.36 (KHTML, like Gecko) Chrome/137.0.7151.119 Mobile Safari/537.36 (compatible; Googlebot/2.1; +http://www.google.com/bot.html)"
66.249.73.163 - - [18/Jul/2025:07:26:59 +0000] "GET /wp-content/themes/deadlift/assets/css/lib/fonts/linearicons/linearicons.min.css?ver=1.8.2 HTTP/1.1" 200 1611 "https://muzza.fit/p/bell32864882?id=2881140" "Mozilla/5.0 (Linux; Android 6.0.1; Nexus 5X Build/MMB29P) AppleWebKit/537.36 (KHTML, like Gecko) Chrome/137.0.7151.119 Mobile Safari/537.36 (compatible; Googlebot/2.1; +http://www.google.com/bot.html)"
66.249.73.164 - - [18/Jul/2025:07:26:59 +0000] "GET /wp-content/themes/deadlift/assets/css/lib/fonts/fontawesome/font-awesome.min.css?ver=1.8.2 HTTP/1.1" 200 6683 "https://muzza.fit/p/bell32864882?id=2881140" "Mozilla/5.0 (Linux; Android 6.0.1; Nexus 5X Build/MMB29P) AppleWebKit/537.36 (KHTML, like Gecko) Chrome/137.0.7151.119 Mobile Safari/537.36 (compatible; Googlebot/2.1; +http://www.google.com/bot.html)"
66.249.73.165 - - [18/Jul/2025:07:26:59 +0000] "GET /wp-includes/css/dashicons.min.css?ver=6.8.2 HTTP/1.1" 200 35730 "https://muzza.fit/p/bell32864882?id=2881140" "Mozilla/5.0 (Linux; Android 6.0.1; Nexus 5X Build/MMB29P) AppleWebKit/537.36 (KHTML, like Gecko) Chrome/137.0.7151.119 Mobile Safari/537.36 (compatible; Googlebot/2.1; +http://www.google.com/bot.html)"
66.249.73.163 - - [18/Jul/2025:07:26:59 +0000] "GET /wp-includes/js/wp-util.min.js?ver=6.8.2 HTTP/1.1" 200 756 "https://muzza.fit/p/bell32864882?id=2881140" "Mozilla/5.0 (Linux; Android 6.0.1; Nexus 5X Build/MMB29P) AppleWebKit/537.36 (KHTML, like Gecko) Chrome/137.0.7151.119 Mobile Safari/537.36 (compatible; Googlebot/2.1; +http://www.google.com/bot.html)"
66.249.73.163 - - [18/Jul/2025:07:26:59 +0000] "GET /wp-content/plugins/woocommerce/assets/js/sourcebuster/sourcebuster.min.js?ver=10.0.2 HTTP/1.1" 200 4807 "https://muzza.fit/p/bell32864882?id=2881140" "Mozilla/5.0 (Linux; Android 6.0.1; Nexus 5X Build/MMB29P) AppleWebKit/537.36 (KHTML, like Gecko) Chrome/137.0.7151.119 Mobile Safari/537.36 (compatible; Googlebot/2.1; +http://www.google.com/bot.html)"
66.249.73.165 - - [18/Jul/2025:07:27:00 +0000] "GET /wp-content/themes/deadlift/assets/js/functions.min.js?ver=1.8.2 HTTP/1.1" 200 9964 "https://muzza.fit/p/bell32864882?id=2881140" "Mozilla/5.0 (Linux; Android 6.0.1; Nexus 5X Build/MMB29P) AppleWebKit/537.36 (KHTML, like Gecko) Chrome/137.0.7151.119 Mobile Safari/537.36 (compatible; Googlebot/2.1; +http://www.google.com/bot.html)"
66.249.73.163 - - [18/Jul/2025:07:27:00 +0000] "GET /wp-content/plugins/woocommerce/assets/client/blocks/wc-blocks.css?ver=wc-10.0.2 HTTP/1.1" 200 2575 "https://muzza.fit/p/bell32864882?id=2881140" "Mozilla/5.0 (Linux; Android 6.0.1; Nexus 5X Build/MMB29P) AppleWebKit/537.36 (KHTML, like Gecko) Chrome/137.0.7151.119 Mobile Safari/537.36 (compatible; Googlebot/2.1; +http://www.google.com/bot.html)"
66.249.73.163 - - [18/Jul/2025:07:27:00 +0000] "GET /wp-content/plugins/wolf-woocommerce-wishlist/assets/css/wishlist.min.css?ver=1.1.7 HTTP/1.1" 200 353 "https://muzza.fit/p/bell32864882?id=2881140" "Mozilla/5.0 (Linux; Android 6.0.1; Nexus 5X Build/MMB29P) AppleWebKit/537.36 (KHTML, like Gecko) Chrome/137.0.7151.119 Mobile Safari/537.36 (compatible; Googlebot/2.1; +http://www.google.com/bot.html)"
66.249.73.163 - - [18/Jul/2025:07:27:00 +0000] "GET /wp-includes/js/mediaelement/wp-mediaelement.min.js?ver=6.8.2 HTTP/1.1" 200 538 "https://muzza.fit/p/bell32864882?id=2881140" "Mozilla/5.0 (Linux; Android 6.0.1; Nexus 5X Build/MMB29P) AppleWebKit/537.36 (KHTML, like Gecko) Chrome/137.0.7151.119 Mobile Safari/537.36 (compatible; Googlebot/2.1; +http://www.google.com/bot.html)"
66.249.73.163 - - [18/Jul/2025:07:27:01 +0000] "GET /wp-content/plugins/revslider/sr6/assets/js/rbtools.min.js?ver=6.7.13 HTTP/1.1" 200 61824 "https://muzza.fit/p/bell32864882?id=2881140" "Mozilla/5.0 (Linux; Android 6.0.1; Nexus 5X Build/MMB29P) AppleWebKit/537.36 (KHTML, like Gecko) Chrome/137.0.7151.119 Mobile Safari/537.36 (compatible; Googlebot/2.1; +http://www.google.com/bot.html)"
66.249.73.165 - - [18/Jul/2025:07:27:01 +0000] "GET /wp-content/plugins/wolf-facebook-page-box/assets/js/wfpb.js?ver=1.0.9 HTTP/1.1" 200 - "https://muzza.fit/p/bell32864882?id=2881140" "Mozilla/5.0 (Linux; Android 6.0.1; Nexus 5X Build/MMB29P) AppleWebKit/537.36 (KHTML, like Gecko) Chrome/137.0.7151.119 Mobile Safari/537.36 (compatible; Googlebot/2.1; +http://www.google.com/bot.html)"
66.249.73.165 - - [18/Jul/2025:07:27:01 +0000] "GET /wp-content/plugins/woocommerce/assets/js/frontend/woocommerce.min.js?ver=10.0.2 HTTP/1.1" 200 1532 "https://muzza.fit/p/bell32864882?id=2881140" "Mozilla/5.0 (Linux; Android 6.0.1; Nexus 5X Build/MMB29P) AppleWebKit/537.36 (KHTML, like Gecko) Chrome/137.0.7151.119 Mobile Safari/537.36 (compatible; Googlebot/2.1; +http://www.google.com/bot.html)"
66.249.73.164 - - [18/Jul/2025:07:27:02 +0000] "GET /wp-content/plugins/wolf-visual-composer/assets/css/lib/elegant-icons/elegant-icons.min.css?ver=1.0.0 HTTP/1.1" 200 2606 "https://muzza.fit/p/bell32864882?id=2881140" "Mozilla/5.0 (Linux; Android 6.0.1; Nexus 5X Build/MMB29P) AppleWebKit/537.36 (KHTML, like Gecko) Chrome/137.0.7151.119 Mobile Safari/537.36 (compatible; Googlebot/2.1; +http://www.google.com/bot.html)"
66.249.73.166 - - [18/Jul/2025:07:27:01 +0000] "GET /p/hotel22716673?id=2732931 HTTP/1.1" 200 40948 "-" "Mozilla/5.0 (Linux; Android 6.0.1; Nexus 5X Build/MMB29P) AppleWebKit/537.36 (KHTML, like Gecko) Chrome/137.0.7151.103 Mobile Safari/537.36 (compatible; Googlebot/2.1; +http://www.google.com/bot.html)"
66.249.73.165 - - [18/Jul/2025:07:27:02 +0000] "GET /wp-content/plugins/wolf-custom-post-meta/assets/js/wcpm.min.js?ver=1.0.3 HTTP/1.1" 200 712 "https://muzza.fit/p/bell32864882?id=2881140" "Mozilla/5.0 (Linux; Android 6.0.1; Nexus 5X Build/MMB29P) AppleWebKit/537.36 (KHTML, like Gecko) Chrome/137.0.7151.119 Mobile Safari/537.36 (compatible; Googlebot/2.1; +http://www.google.com/bot.html)"
66.249.73.163 - - [18/Jul/2025:07:27:02 +0000] "GET /wp-includes/js/mediaelement/wp-mediaelement.min.css?ver=6.8.2 HTTP/1.1" 200 1156 "https://muzza.fit/p/bell32864882?id=2881140" "Mozilla/5.0 (Linux; Android 6.0.1; Nexus 5X Build/MMB29P) AppleWebKit/537.36 (KHTML, like Gecko) Chrome/137.0.7151.119 Mobile Safari/537.36 (compatible; Googlebot/2.1; +http://www.google.com/bot.html)"
66.249.73.164 - - [18/Jul/2025:07:27:02 +0000] "GET /wp-content/plugins/woocommerce/assets/js/jquery-blockui/jquery.blockUI.min.js?ver=2.7.0-wc.10.0.2 HTTP/1.1" 200 3537 "https://muzza.fit/p/bell32864882?id=2881140" "Mozilla/5.0 (Linux; Android 6.0.1; Nexus 5X Build/MMB29P) AppleWebKit/537.36 (KHTML, like Gecko) Chrome/137.0.7151.119 Mobile Safari/537.36 (compatible; Googlebot/2.1; +http://www.google.com/bot.html)"
66.249.73.164 - - [18/Jul/2025:07:27:03 +0000] "GET /wp-content/themes/deadlift/assets/js/t/deadlift.js?ver=1.8.2 HTTP/1.1" 200 3186 "https://muzza.fit/p/bell32864882?id=2881140" "Mozilla/5.0 (Linux; Android 6.0.1; Nexus 5X Build/MMB29P) AppleWebKit/537.36 (KHTML, like Gecko) Chrome/137.0.7151.119 Mobile Safari/537.36 (compatible; Googlebot/2.1; +http://www.google.com/bot.html)"
66.249.73.165 - - [18/Jul/2025:07:27:03 +0000] "GET /wp-content/plugins/woocommerce/assets/js/frontend/order-attribution.min.js?ver=10.0.2 HTTP/1.1" 200 1128 "https://muzza.fit/p/bell32864882?id=2881140" "Mozilla/5.0 (Linux; Android 6.0.1; Nexus 5X Build/MMB29P) AppleWebKit/537.36 (KHTML, like Gecko) Chrome/137.0.7151.119 Mobile Safari/537.36 (compatible; Googlebot/2.1; +http://www.google.com/bot.html)"
66.249.73.164 - - [18/Jul/2025:07:27:03 +0000] "GET /wp-content/plugins/woocommerce/assets/js/frontend/add-to-cart-variation.min.js?ver=10.0.2 HTTP/1.1" 200 3940 "https://muzza.fit/p/bell32864882?id=2881140" "Mozilla/5.0 (Linux; Android 6.0.1; Nexus 5X Build/MMB29P) AppleWebKit/537.36 (KHTML, like Gecko) Chrome/137.0.7151.119 Mobile Safari/537.36 (compatible; Googlebot/2.1; +http://www.google.com/bot.html)"
66.249.73.164 - - [18/Jul/2025:07:27:03 +0000] "GET /wp-content/plugins/wolf-woocommerce-wishlist/assets/js/wishlist.min.js?ver=1.1.7 HTTP/1.1" 200 1424 "https://muzza.fit/p/bell32864882?id=2881140" "Mozilla/5.0 (Linux; Android 6.0.1; Nexus 5X Build/MMB29P) AppleWebKit/537.36 (KHTML, like Gecko) Chrome/137.0.7151.119 Mobile Safari/537.36 (compatible; Googlebot/2.1; +http://www.google.com/bot.html)"
66.249.73.165 - - [18/Jul/2025:07:27:04 +0000] "GET /wp-content/plugins/woocommerce/assets/css/brands.css?ver=10.0.2 HTTP/1.1" 200 684 "https://muzza.fit/p/bell32864882?id=2881140" "Mozilla/5.0 (Linux; Android 6.0.1; Nexus 5X Build/MMB29P) AppleWebKit/537.36 (KHTML, like Gecko) Chrome/137.0.7151.119 Mobile Safari/537.36 (compatible; Googlebot/2.1; +http://www.google.com/bot.html)"
66.249.73.164 - - [18/Jul/2025:07:27:04 +0000] "GET /wp-includes/js/mediaelement/mediaelement-migrate.min.js?ver=6.8.2 HTTP/1.1" 200 540 "https://muzza.fit/p/bell32864882?id=2881140" "Mozilla/5.0 (Linux; Android 6.0.1; Nexus 5X Build/MMB29P) AppleWebKit/537.36 (KHTML, like Gecko) Chrome/137.0.7151.119 Mobile Safari/537.36 (compatible; Googlebot/2.1; +http://www.google.com/bot.html)"
66.249.73.165 - - [18/Jul/2025:07:27:04 +0000] "GET /wp-content/plugins/instagram-feed/css/sbi-styles.min.css?ver=6.9.1 HTTP/1.1" 200 8799 "https://muzza.fit/p/bell32864882?id=2881140" "Mozilla/5.0 (Linux; Android 6.0.1; Nexus 5X Build/MMB29P) AppleWebKit/537.36 (KHTML, like Gecko) Chrome/137.0.7151.119 Mobile Safari/537.36 (compatible; Googlebot/2.1; +http://www.google.com/bot.html)"
66.249.73.164 - - [18/Jul/2025:07:27:05 +0000] "GET /p/smell41069395?id=1085653 HTTP/1.1" 200 40412 "-" "Mozilla/5.0 (Linux; Android 6.0.1; Nexus 5X Build/MMB29P) AppleWebKit/537.36 (KHTML, like Gecko) Chrome/137.0.7151.103 Mobile Safari/537.36 (compatible; Googlebot/2.1; +http://www.google.com/bot.html)"
66.249.73.163 - - [18/Jul/2025:07:27:05 +0000] "GET /wp-includes/js/wp-emoji-release.min.js?ver=6.8.2 HTTP/1.1" 200 5163 "https://muzza.fit/p/bell32864882?id=2881140" "Mozilla/5.0 (Linux; Android 6.0.1; Nexus 5X Build/MMB29P) AppleWebKit/537.36 (KHTML, like Gecko) Chrome/137.0.7151.119 Mobile Safari/537.36 (compatible; Googlebot/2.1; +http://www.google.com/bot.html)"
66.249.73.164 - - [18/Jul/2025:07:27:05 +0000] "POST /get-message-notify HTTP/1.1" 200 40039 "https://muzza.fit/p/findi41466611?id=1482869" "Mozilla/5.0 (Linux; Android 6.0.1; Nexus 5X Build/MMB29P) AppleWebKit/537.36 (KHTML, like Gecko) Chrome/137.0.7151.119 Mobile Safari/537.36 (compatible; Googlebot/2.1; +http://www.google.com/bot.html)"
66.249.73.164 - - [18/Jul/2025:07:27:05 +0000] "POST /get-message-notify HTTP/1.1" 200 40159 "https://muzza.fit/p/potat30097098?id=113356" "Mozilla/5.0 (Linux; Android 6.0.1; Nexus 5X Build/MMB29P) AppleWebKit/537.36 (KHTML, like Gecko) Chrome/137.0.7151.119 Mobile Safari/537.36 (compatible; Googlebot/2.1; +http://www.google.com/bot.html)"
66.249.73.163 - - [18/Jul/2025:07:27:06 +0000] "POST /get-message-notify HTTP/1.1" 200 40043 "https://muzza.fit/p/hotel22716673?id=2732931" "Mozilla/5.0 (Linux; Android 6.0.1; Nexus 5X Build/MMB29P) AppleWebKit/537.36 (KHTML, like Gecko) Chrome/137.0.7151.119 Mobile Safari/537.36 (compatible; Googlebot/2.1; +http://www.google.com/bot.html)"
66.249.73.163 - - [18/Jul/2025:07:27:06 +0000] "GET /p/slope51970924?id=1987182 HTTP/1.1" 200 40660 "-" "Mozilla/5.0 (Linux; Android 6.0.1; Nexus 5X Build/MMB29P) AppleWebKit/537.36 (KHTML, like Gecko) Chrome/137.0.7151.103 Mobile Safari/537.36 (compatible; Googlebot/2.1; +http://www.google.com/bot.html)"
66.249.73.164 - - [18/Jul/2025:07:27:09 +0000] "GET /p/rage10651768?id=668026 HTTP/1.1" 200 40198 "-" "Mozilla/5.0 (Linux; Android 6.0.1; Nexus 5X Build/MMB29P) AppleWebKit/537.36 (KHTML, like Gecko) Chrome/137.0.7151.103 Mobile Safari/537.36 (compatible; Googlebot/2.1; +http://www.google.com/bot.html)"
66.249.73.163 - - [18/Jul/2025:07:27:12 +0000] "GET /p/drown61255549?id=1271807 HTTP/1.1" 200 40067 "-" "Mozilla/5.0 (Linux; Android 6.0.1; Nexus 5X Build/MMB29P) AppleWebKit/537.36 (KHTML, like Gecko) Chrome/137.0.7151.103 Mobile Safari/537.36 (compatible; Googlebot/2.1; +http://www.google.com/bot.html)"
66.249.73.163 - - [18/Jul/2025:07:27:14 +0000] "GET /p/race61288941?id=1305199 HTTP/1.1" 200 40082 "-" "Mozilla/5.0 (Linux; Android 6.0.1; Nexus 5X Build/MMB29P) AppleWebKit/537.36 (KHTML, like Gecko) Chrome/137.0.7151.103 Mobile Safari/537.36 (compatible; Googlebot/2.1; +http://www.google.com/bot.html)"
66.249.73.164 - - [18/Jul/2025:07:27:16 +0000] "GET /p/roar52898716?id=2914974 HTTP/1.1" 200 40012 "-" "Mozilla/5.0 (Linux; Android 6.0.1; Nexus 5X Build/MMB29P) AppleWebKit/537.36 (KHTML, like Gecko) Chrome/137.0.7151.103 Mobile Safari/537.36 (compatible; Googlebot/2.1; +http://www.google.com/bot.html)"
66.249.73.164 - - [18/Jul/2025:07:27:20 +0000] "GET /p/signa52525828?id=2542086 HTTP/1.1" 200 40064 "-" "Mozilla/5.0 (Linux; Android 6.0.1; Nexus 5X Build/MMB29P) AppleWebKit/537.36 (KHTML, like Gecko) Chrome/137.0.7151.103 Mobile Safari/537.36 (compatible; Googlebot/2.1; +http://www.google.com/bot.html)"
66.249.73.163 - - [18/Jul/2025:07:27:21 +0000] "GET /p/kilog82926527?id=2942785 HTTP/1.1" 200 40767 "-" "Mozilla/5.0 (Linux; Android 6.0.1; Nexus 5X Build/MMB29P) AppleWebKit/537.36 (KHTML, like Gecko) Chrome/137.0.7151.103 Mobile Safari/537.36 (compatible; Googlebot/2.1; +http://www.google.com/bot.html)"
66.249.73.164 - - [18/Jul/2025:07:27:22 +0000] "GET /p/myth31174434?id=1190692 HTTP/1.1" 200 40607 "-" "Mozilla/5.0 (Linux; Android 6.0.1; Nexus 5X Build/MMB29P) AppleWebKit/537.36 (KHTML, like Gecko) Chrome/137.0.7151.103 Mobile Safari/537.36 (compatible; Googlebot/2.1; +http://www.google.com/bot.html)"
66.249.73.163 - - [18/Jul/2025:07:27:24 +0000] "GET /p/partl20370777?id=387035 HTTP/1.1" 200 39968 "-" "Mozilla/5.0 (Linux; Android 6.0.1; Nexus 5X Build/MMB29P) AppleWebKit/537.36 (KHTML, like Gecko) Chrome/137.0.7151.103 Mobile Safari/537.36 (compatible; Googlebot/2.1; +http://www.google.com/bot.html)"
66.249.73.164 - - [18/Jul/2025:07:27:27 +0000] "GET /p/centi32886538?id=2902796 HTTP/1.1" 200 40392 "-" "Mozilla/5.0 (Linux; Android 6.0.1; Nexus 5X Build/MMB29P) AppleWebKit/537.36 (KHTML, like Gecko) Chrome/137.0.7151.103 Mobile Safari/537.36 (compatible; Googlebot/2.1; +http://www.google.com/bot.html)"
66.249.73.164 - - [18/Jul/2025:07:27:29 +0000] "GET /p/simil82500919?id=2517177 HTTP/1.1" 200 41277 "-" "Mozilla/5.0 (Linux; Android 6.0.1; Nexus 5X Build/MMB29P) AppleWebKit/537.36 (KHTML, like Gecko) Chrome/137.0.7151.103 Mobile Safari/537.36 (compatible; Googlebot/2.1; +http://www.google.com/bot.html)"
66.249.73.163 - - [18/Jul/2025:07:27:32 +0000] "GET /p/pensi40714427?id=730685 HTTP/1.1" 200 40013 "-" "Mozilla/5.0 (Linux; Android 6.0.1; Nexus 5X Build/MMB29P) AppleWebKit/537.36 (KHTML, like Gecko) Chrome/137.0.7151.103 Mobile Safari/537.36 (compatible; Googlebot/2.1; +http://www.google.com/bot.html)"
66.249.73.164 - - [18/Jul/2025:07:27:34 +0000] "GET /p/orche20162585?id=178843 HTTP/1.1" 200 40721 "-" "Mozilla/5.0 (Linux; Android 6.0.1; Nexus 5X Build/MMB29P) AppleWebKit/537.36 (KHTML, like Gecko) Chrome/137.0.7151.103 Mobile Safari/537.36 (compatible; Googlebot/2.1; +http://www.google.com/bot.html)"
66.249.73.164 - - [18/Jul/2025:07:27:36 +0000] "POST /get-message-notify HTTP/1.1" 200 40031 "https://muzza.fit/p/demon40818395?id=834653" "Mozilla/5.0 (Linux; Android 6.0.1; Nexus 5X Build/MMB29P) AppleWebKit/537.36 (KHTML, like Gecko) Chrome/137.0.7151.119 Mobile Safari/537.36 (compatible; Googlebot/2.1; +http://www.google.com/bot.html)"
66.249.73.163 - - [18/Jul/2025:07:27:36 +0000] "GET /p/gear82430175?id=2446433 HTTP/1.1" 200 39922 "-" "Mozilla/5.0 (Linux; Android 6.0.1; Nexus 5X Build/MMB29P) AppleWebKit/537.36 (KHTML, like Gecko) Chrome/137.0.7151.103 Mobile Safari/537.36 (compatible; Googlebot/2.1; +http://www.google.com/bot.html)"
66.249.73.163 - - [18/Jul/2025:07:27:37 +0000] "POST /get-message-notify HTTP/1.1" 200 39981 "https://muzza.fit/p/pensi40714427?id=730685" "Mozilla/5.0 (Linux; Android 6.0.1; Nexus 5X Build/MMB29P) AppleWebKit/537.36 (KHTML, like Gecko) Chrome/137.0.7151.119 Mobile Safari/537.36 (compatible; Googlebot/2.1; +http://www.google.com/bot.html)"
66.249.73.163 - - [18/Jul/2025:07:27:38 +0000] "POST /get-message-notify HTTP/1.1" 200 40028 "https://muzza.fit/p/signa52525828?id=2542086" "Mozilla/5.0 (Linux; Android 6.0.1; Nexus 5X Build/MMB29P) AppleWebKit/537.36 (KHTML, like Gecko) Chrome/137.0.7151.119 Mobile Safari/537.36 (compatible; Googlebot/2.1; +http://www.google.com/bot.html)"
66.249.73.163 - - [18/Jul/2025:07:27:40 +0000] "GET /p/glass72925022?id=2941280 HTTP/1.1" 200 39925 "-" "Mozilla/5.0 (Linux; Android 6.0.1; Nexus 5X Build/MMB29P) AppleWebKit/537.36 (KHTML, like Gecko) Chrome/137.0.7151.103 Mobile Safari/537.36 (compatible; Googlebot/2.1; +http://www.google.com/bot.html)"
66.249.73.164 - - [18/Jul/2025:07:27:42 +0000] "GET /p/tunne70402494?id=418752 HTTP/1.1" 200 39996 "-" "Mozilla/5.0 (Linux; Android 6.0.1; Nexus 5X Build/MMB29P) AppleWebKit/537.36 (KHTML, like Gecko) Chrome/137.0.7151.103 Mobile Safari/537.36 (compatible; Googlebot/2.1; +http://www.google.com/bot.html)"
66.249.73.164 - - [18/Jul/2025:07:27:46 +0000] "GET /p/unive60956581?id=972839 HTTP/1.1" 200 40710 "-" "Mozilla/5.0 (Linux; Android 6.0.1; Nexus 5X Build/MMB29P) AppleWebKit/537.36 (KHTML, like Gecko) Chrome/137.0.7151.103 Mobile Safari/537.36 (compatible; Googlebot/2.1; +http://www.google.com/bot.html)"
66.249.73.164 - - [18/Jul/2025:07:27:46 +0000] "GET /p/crane11227536?id=1243794 HTTP/1.1" 200 41276 "-" "Mozilla/5.0 (Linux; Android 6.0.1; Nexus 5X Build/MMB29P) AppleWebKit/537.36 (KHTML, like Gecko) Chrome/137.0.7151.103 Mobile Safari/537.36 (compatible; Googlebot/2.1; +http://www.google.com/bot.html)"
66.249.73.164 - - [18/Jul/2025:07:27:46 +0000] "POST /get-message-notify HTTP/1.1" 200 40094 "https://muzza.fit/p/centi32886538?id=2902796" "Mozilla/5.0 (Linux; Android 6.0.1; Nexus 5X Build/MMB29P) AppleWebKit/537.36 (KHTML, like Gecko) Chrome/137.0.7151.119 Mobile Safari/537.36 (compatible; Googlebot/2.1; +http://www.google.com/bot.html)"
66.249.73.164 - - [18/Jul/2025:07:27:47 +0000] "GET /p/maid50691308?id=707566 HTTP/1.1" 200 40903 "-" "Mozilla/5.0 (Linux; Android 6.0.1; Nexus 5X Build/MMB29P) AppleWebKit/537.36 (KHTML, like Gecko) Chrome/137.0.7151.103 Mobile Safari/537.36 (compatible; Googlebot/2.1; +http://www.google.com/bot.html)"
66.249.73.164 - - [18/Jul/2025:07:27:49 +0000] "GET /p/routi62666061?id=2682319 HTTP/1.1" 200 41298 "-" "Mozilla/5.0 (Linux; Android 6.0.1; Nexus 5X Build/MMB29P) AppleWebKit/537.36 (KHTML, like Gecko) Chrome/137.0.7151.103 Mobile Safari/537.36 (compatible; Googlebot/2.1; +http://www.google.com/bot.html)"
66.249.73.164 - - [18/Jul/2025:07:27:49 +0000] "POST /get-message-notify HTTP/1.1" 200 40020 "https://muzza.fit/p/drown61255549?id=1271807" "Mozilla/5.0 (Linux; Android 6.0.1; Nexus 5X Build/MMB29P) AppleWebKit/537.36 (KHTML, like Gecko) Chrome/137.0.7151.119 Mobile Safari/537.36 (compatible; Googlebot/2.1; +http://www.google.com/bot.html)"
66.249.73.166 - - [18/Jul/2025:07:27:51 +0000] "GET /p/waft82799911?id=2816169 HTTP/1.1" 200 40302 "-" "Mozilla/5.0 (Linux; Android 6.0.1; Nexus 5X Build/MMB29P) AppleWebKit/537.36 (KHTML, like Gecko) Chrome/137.0.7151.103 Mobile Safari/537.36 (compatible; Googlebot/2.1; +http://www.google.com/bot.html)"
66.249.73.163 - - [18/Jul/2025:07:28:05 +0000] "POST /get-message-notify HTTP/1.1" 200 39951 "https://muzza.fit/p/glass72925022?id=2941280" "Mozilla/5.0 (Linux; Android 6.0.1; Nexus 5X Build/MMB29P) AppleWebKit/537.36 (KHTML, like Gecko) Chrome/137.0.7151.119 Mobile Safari/537.36 (compatible; Googlebot/2.1; +http://www.google.com/bot.html)"
66.249.73.163 - - [18/Jul/2025:07:28:11 +0000] "GET /p/poem81988879?id=2005137 HTTP/1.1" 200 40174 "-" "Mozilla/5.0 (Linux; Android 6.0.1; Nexus 5X Build/MMB29P) AppleWebKit/537.36 (KHTML, like Gecko) Chrome/137.0.7151.103 Mobile Safari/537.36 (compatible; Googlebot/2.1; +http://www.google.com/bot.html)"
66.249.73.163 - - [18/Jul/2025:07:28:23 +0000] "POST /get-message-notify HTTP/1.1" 200 40102 "https://muzza.fit/p/eyesi70806846?id=823104" "Mozilla/5.0 (Linux; Android 6.0.1; Nexus 5X Build/MMB29P) AppleWebKit/537.36 (KHTML, like Gecko) Chrome/137.0.7151.119 Mobile Safari/537.36 (compatible; Googlebot/2.1; +http://www.google.com/bot.html)"
66.249.73.163 - - [18/Jul/2025:07:28:54 +0000] "POST /get-message-notify HTTP/1.1" 200 39985 "https://muzza.fit/p/routi62666061?id=2682319" "Mozilla/5.0 (Linux; Android 6.0.1; Nexus 5X Build/MMB29P) AppleWebKit/537.36 (KHTML, like Gecko) Chrome/137.0.7151.119 Mobile Safari/537.36 (compatible; Googlebot/2.1; +http://www.google.com/bot.html)"
66.249.73.164 - - [18/Jul/2025:07:29:18 +0000] "POST /get-message-notify HTTP/1.1" 200 40009 "https://muzza.fit/p/maid50691308?id=707566" "Mozilla/5.0 (Linux; Android 6.0.1; Nexus 5X Build/MMB29P) AppleWebKit/537.36 (KHTML, like Gecko) Chrome/137.0.7151.119 Mobile Safari/537.36 (compatible; Googlebot/2.1; +http://www.google.com/bot.html)"
66.249.73.164 - - [18/Jul/2025:07:29:34 +0000] "POST /get-message-notify HTTP/1.1" 200 40090 "https://muzza.fit/p/kilog82926527?id=2942785" "Mozilla/5.0 (Linux; Android 6.0.1; Nexus 5X Build/MMB29P) AppleWebKit/537.36 (KHTML, like Gecko) Chrome/137.0.7151.119 Mobile Safari/537.36 (compatible; Googlebot/2.1; +http://www.google.com/bot.html)"
66.249.73.163 - - [18/Jul/2025:07:29:39 +0000] "POST /get-message-notify HTTP/1.1" 200 40013 "https://muzza.fit/p/lose70881534?id=897792" "Mozilla/5.0 (Linux; Android 6.0.1; Nexus 5X Build/MMB29P) AppleWebKit/537.36 (KHTML, like Gecko) Chrome/137.0.7151.119 Mobile Safari/537.36 (compatible; Googlebot/2.1; +http://www.google.com/bot.html)"
66.249.73.163 - - [18/Jul/2025:07:29:50 +0000] "POST /get-message-notify HTTP/1.1" 200 40178 "https://muzza.fit/p/breed20335089?id=351347" "Mozilla/5.0 (Linux; Android 6.0.1; Nexus 5X Build/MMB29P) AppleWebKit/537.36 (KHTML, like Gecko) Chrome/137.0.7151.119 Mobile Safari/537.36 (compatible; Googlebot/2.1; +http://www.google.com/bot.html)"
66.249.73.163 - - [18/Jul/2025:07:29:52 +0000] "POST /get-message-notify HTTP/1.1" 200 40007 "https://muzza.fit/p/unive60956581?id=972839" "Mozilla/5.0 (Linux; Android 6.0.1; Nexus 5X Build/MMB29P) AppleWebKit/537.36 (KHTML, like Gecko) Chrome/137.0.7151.119 Mobile Safari/537.36 (compatible; Googlebot/2.1; +http://www.google.com/bot.html)"
66.249.73.165 - - [18/Jul/2025:07:30:53 +0000] "GET /p/tailo30206138?id=222396 HTTP/1.1" 200 40053 "-" "Mozilla/5.0 (Linux; Android 6.0.1; Nexus 5X Build/MMB29P) AppleWebKit/537.36 (KHTML, like Gecko) Chrome/137.0.7151.103 Mobile Safari/537.36 (compatible; Googlebot/2.1; +http://www.google.com/bot.html)"
66.249.73.164 - - [18/Jul/2025:07:31:09 +0000] "POST /get-message-notify HTTP/1.1" 200 40095 "https://muzza.fit/p/smell41069395?id=1085653" "Mozilla/5.0 (Linux; Android 6.0.1; Nexus 5X Build/MMB29P) AppleWebKit/537.36 (KHTML, like Gecko) Chrome/137.0.7151.119 Mobile Safari/537.36 (compatible; Googlebot/2.1; +http://www.google.com/bot.html)"
66.249.73.163 - - [18/Jul/2025:07:31:34 +0000] "POST /get-message-notify HTTP/1.1" 200 40095 "https://muzza.fit/p/want30176842?id=193100" "Mozilla/5.0 (Linux; Android 6.0.1; Nexus 5X Build/MMB29P) AppleWebKit/537.36 (KHTML, like Gecko) Chrome/137.0.7151.119 Mobile Safari/537.36 (compatible; Googlebot/2.1; +http://www.google.com/bot.html)"
66.249.73.164 - - [18/Jul/2025:07:33:24 +0000] "POST /get-message-notify HTTP/1.1" 200 39985 "https://muzza.fit/p/waft82799911?id=2816169" "Mozilla/5.0 (Linux; Android 6.0.1; Nexus 5X Build/MMB29P) AppleWebKit/537.36 (KHTML, like Gecko) Chrome/137.0.7151.119 Mobile Safari/537.36 (compatible; Googlebot/2.1; +http://www.google.com/bot.html)"
66.249.73.164 - - [18/Jul/2025:07:34:29 +0000] "GET /p/dug72987942?id=3004200 HTTP/1.1" 200 39951 "-" "Mozilla/5.0 (compatible; Googlebot/2.1; +http://www.google.com/bot.html)"
66.249.73.165 - - [18/Jul/2025:07:35:03 +0000] "POST /get-message-notify HTTP/1.1" 200 40034 "https://muzza.fit/p/serb70083918?id=100176" "Mozilla/5.0 (Linux; Android 6.0.1; Nexus 5X Build/MMB29P) AppleWebKit/537.36 (KHTML, like Gecko) Chrome/137.0.7151.119 Mobile Safari/537.36 (compatible; Googlebot/2.1; +http://www.google.com/bot.html)"
66.249.73.165 - - [18/Jul/2025:07:37:01 +0000] "POST /get-message-notify HTTP/1.1" 200 40038 "https://muzza.fit/p/eveni22728825?id=2745083" "Mozilla/5.0 (Linux; Android 6.0.1; Nexus 5X Build/MMB29P) AppleWebKit/537.36 (KHTML, like Gecko) Chrome/137.0.7151.119 Mobile Safari/537.36 (compatible; Googlebot/2.1; +http://www.google.com/bot.html)"
66.249.73.164 - - [18/Jul/2025:07:38:02 +0000] "POST /get-message-notify HTTP/1.1" 200 40049 "https://muzza.fit/p/evolv71470382?id=1486640" "Mozilla/5.0 (Linux; Android 6.0.1; Nexus 5X Build/MMB29P) AppleWebKit/537.36 (KHTML, like Gecko) Chrome/137.0.7151.119 Mobile Safari/537.36 (compatible; Googlebot/2.1; +http://www.google.com/bot.html)"
66.249.73.164 - - [18/Jul/2025:07:38:41 +0000] "POST /get-message-notify HTTP/1.1" 200 40066 "https://muzza.fit/p/lobby62446341?id=2462599" "Mozilla/5.0 (Linux; Android 6.0.1; Nexus 5X Build/MMB29P) AppleWebKit/537.36 (KHTML, like Gecko) Chrome/137.0.7151.119 Mobile Safari/537.36 (compatible; Googlebot/2.1; +http://www.google.com/bot.html)"
66.249.73.164 - - [18/Jul/2025:07:39:48 +0000] "GET /p/pessi80711471?id=727729 HTTP/1.1" 200 40241 "-" "Mozilla/5.0 (compatible; Googlebot/2.1; +http://www.google.com/bot.html)"
66.249.73.163 - - [18/Jul/2025:07:40:46 +0000] "POST /get-message-notify HTTP/1.1" 200 40064 "https://muzza.fit/p/race61288941?id=1305199" "Mozilla/5.0 (Linux; Android 6.0.1; Nexus 5X Build/MMB29P) AppleWebKit/537.36 (KHTML, like Gecko) Chrome/137.0.7151.119 Mobile Safari/537.36 (compatible; Googlebot/2.1; +http://www.google.com/bot.html)"
66.249.73.164 - - [18/Jul/2025:07:40:47 +0000] "GET /p/dug70739942?id=756200 HTTP/1.1" 200 39923 "-" "Mozilla/5.0 (compatible; Googlebot/2.1; +http://www.google.com/bot.html)"
209.74.77.214 - - [18/Jul/2025:07:41:27 +0000] "POST /wp-cron.php?doing_wp_cron=1752824487.6859591007232666015625 HTTP/1.1" 200 - "-" "WordPress/6.8.2; https://muzza.fit"
51.222.253.16 - - [18/Jul/2025:07:41:24 +0000] "GET /type/gallery/feed/ HTTP/1.1" 200 125 "-" "Mozilla/5.0 (compatible; AhrefsBot/7.0; +http://ahrefs.com/robot/)"
66.249.73.164 - - [18/Jul/2025:07:42:28 +0000] "GET /pcsp.html HTTP/1.1" 200 39983 "-" "Mozilla/5.0 (Linux; Android 6.0.1; Nexus 5X Build/MMB29P) AppleWebKit/537.36 (KHTML, like Gecko) Chrome/137.0.7151.103 Mobile Safari/537.36 (compatible; Googlebot/2.1; +http://www.google.com/bot.html)"
66.249.73.163 - - [18/Jul/2025:07:48:43 +0000] "POST /get-message-notify HTTP/1.1" 200 39965 "https://muzza.fit/p/uncle31480226?id=1496484" "Mozilla/5.0 (Linux; Android 6.0.1; Nexus 5X Build/MMB29P) AppleWebKit/537.36 (KHTML, like Gecko) Chrome/137.0.7151.119 Mobile Safari/537.36 (compatible; Googlebot/2.1; +http://www.google.com/bot.html)"
66.249.73.165 - - [18/Jul/2025:07:55:09 +0000] "GET /wp-content/uploads/2018/09/132_1-1.jpg HTTP/1.1" 304 - "-" "Googlebot-Image/1.0"
