66.249.73.163 - - [18/Jul/2025:06:56:17 +0000] "GET /p/estab41601731?id=1617989 HTTP/1.1" 200 39964 "-" "Mozilla/5.0 (Linux; Android 6.0.1; Nexus 5X Build/MMB29P) AppleWebKit/537.36 (KHTML, like Gecko) Chrome/137.0.7151.103 Mobile Safari/537.36 (compatible; Googlebot/2.1; +http://www.google.com/bot.html)"
66.249.73.163 - - [18/Jul/2025:06:56:29 +0000] "GET /p/unhap22233345?id=2249603 HTTP/1.1" 200 39851 "-" "Mozilla/5.0 (Linux; Android 6.0.1; Nexus 5X Build/MMB29P) AppleWebKit/537.36 (KHTML, like Gecko) Chrome/137.0.7151.103 Mobile Safari/537.36 (compatible; Googlebot/2.1; +http://www.google.com/bot.html)"
209.74.77.214 - - [18/Jul/2025:06:56:31 +0000] "POST /wp-cron.php?doing_wp_cron=1752821791.7124578952789306640625 HTTP/1.1" 200 - "-" "WordPress/6.8.2; https://muzza.fit"
66.249.73.163 - - [18/Jul/2025:06:56:31 +0000] "GET /p/carto82907799?id=2924057 HTTP/1.1" 200 40723 "-" "Mozilla/5.0 (Linux; Android 6.0.1; Nexus 5X Build/MMB29P) AppleWebKit/537.36 (KHTML, like Gecko) Chrome/137.0.7151.103 Mobile Safari/537.36 (compatible; Googlebot/2.1; +http://www.google.com/bot.html)"
217.113.194.251 - - [18/Jul/2025:06:56:31 +0000] "GET /shop-2/shop-4-columns/ HTTP/1.1" 200 30413 "-" "Mozilla/5.0 (compatible; Barkrowler/0.9; +https://babbar.tech/crawler)"
66.249.73.163 - - [18/Jul/2025:06:56:33 +0000] "GET /p/unres82429839?id=2446097 HTTP/1.1" 200 40474 "-" "Mozilla/5.0 (Linux; Android 6.0.1; Nexus 5X Build/MMB29P) AppleWebKit/537.36 (KHTML, like Gecko) Chrome/137.0.7151.103 Mobile Safari/537.36 (compatible; Googlebot/2.1; +http://www.google.com/bot.html)"
66.249.73.163 - - [18/Jul/2025:06:56:36 +0000] "GET /p/diary42345139?id=2361397 HTTP/1.1" 200 40488 "-" "Mozilla/5.0 (Linux; Android 6.0.1; Nexus 5X Build/MMB29P) AppleWebKit/537.36 (KHTML, like Gecko) Chrome/137.0.7151.103 Mobile Safari/537.36 (compatible; Googlebot/2.1; +http://www.google.com/bot.html)"
66.249.73.163 - - [18/Jul/2025:06:56:38 +0000] "GET /p/among32524626?id=2540884 HTTP/1.1" 200 40300 "-" "Mozilla/5.0 (Linux; Android 6.0.1; Nexus 5X Build/MMB29P) AppleWebKit/537.36 (KHTML, like Gecko) Chrome/137.0.7151.103 Mobile Safari/537.36 (compatible; Googlebot/2.1; +http://www.google.com/bot.html)"
66.249.73.163 - - [18/Jul/2025:06:56:40 +0000] "GET /p/refer20406809?id=423067 HTTP/1.1" 200 40148 "-" "Mozilla/5.0 (Linux; Android 6.0.1; Nexus 5X Build/MMB29P) AppleWebKit/537.36 (KHTML, like Gecko) Chrome/137.0.7151.103 Mobile Safari/537.36 (compatible; Googlebot/2.1; +http://www.google.com/bot.html)"
66.249.73.164 - - [18/Jul/2025:06:56:43 +0000] "GET /p/lorry41566523?id=1582781 HTTP/1.1" 200 40038 "-" "Mozilla/5.0 (Linux; Android 6.0.1; Nexus 5X Build/MMB29P) AppleWebKit/537.36 (KHTML, like Gecko) Chrome/137.0.7151.103 Mobile Safari/537.36 (compatible; Googlebot/2.1; +http://www.google.com/bot.html)"
66.249.73.163 - - [18/Jul/2025:06:56:43 +0000] "POST /get-message-notify HTTP/1.1" 200 39939 "https://muzza.fit/p/refer20406809?id=423067" "Mozilla/5.0 (Linux; Android 6.0.1; Nexus 5X Build/MMB29P) AppleWebKit/537.36 (KHTML, like Gecko) Chrome/137.0.7151.119 Mobile Safari/537.36 (compatible; Googlebot/2.1; +http://www.google.com/bot.html)"
217.113.194.187 - - [18/Jul/2025:06:56:49 +0000] "GET /shop-2/shop-3-columns/ HTTP/1.1" 200 29815 "-" "Mozilla/5.0 (compatible; Barkrowler/0.9; +https://babbar.tech/crawler)"
66.249.73.163 - - [18/Jul/2025:06:56:51 +0000] "GET /p/swell80611591?id=627849 HTTP/1.1" 200 40622 "-" "Mozilla/5.0 (Linux; Android 6.0.1; Nexus 5X Build/MMB29P) AppleWebKit/537.36 (KHTML, like Gecko) Chrome/137.0.7151.103 Mobile Safari/537.36 (compatible; Googlebot/2.1; +http://www.google.com/bot.html)"
66.249.73.164 - - [18/Jul/2025:06:57:01 +0000] "GET /p/july21393561?id=1409819 HTTP/1.1" 200 40988 "-" "Mozilla/5.0 (Linux; Android 6.0.1; Nexus 5X Build/MMB29P) AppleWebKit/537.36 (KHTML, like Gecko) Chrome/137.0.7151.103 Mobile Safari/537.36 (compatible; Googlebot/2.1; +http://www.google.com/bot.html)"
66.249.73.165 - - [18/Jul/2025:06:57:02 +0000] "POST /get-message-notify HTTP/1.1" 200 40031 "https://muzza.fit/p/carto82907799?id=2924057" "Mozilla/5.0 (Linux; Android 6.0.1; Nexus 5X Build/MMB29P) AppleWebKit/537.36 (KHTML, like Gecko) Chrome/137.0.7151.119 Mobile Safari/537.36 (compatible; Googlebot/2.1; +http://www.google.com/bot.html)"
66.249.73.165 - - [18/Jul/2025:06:57:03 +0000] "GET /p/chang80417183?id=433441 HTTP/1.1" 200 40591 "-" "Mozilla/5.0 (Linux; Android 6.0.1; Nexus 5X Build/MMB29P) AppleWebKit/537.36 (KHTML, like Gecko) Chrome/137.0.7151.103 Mobile Safari/537.36 (compatible; Googlebot/2.1; +http://www.google.com/bot.html)"
66.249.73.164 - - [18/Jul/2025:06:57:06 +0000] "GET /p/immed31772562?id=1788820 HTTP/1.1" 200 41236 "-" "Mozilla/5.0 (Linux; Android 6.0.1; Nexus 5X Build/MMB29P) AppleWebKit/537.36 (KHTML, like Gecko) Chrome/137.0.7151.103 Mobile Safari/537.36 (compatible; Googlebot/2.1; +http://www.google.com/bot.html)"
209.74.77.214 - - [18/Jul/2025:06:57:08 +0000] "POST /wp-cron.php?doing_wp_cron=1752821828.2860419750213623046875 HTTP/1.1" 200 - "-" "WordPress/6.8.2; https://muzza.fit"
217.113.194.186 - - [18/Jul/2025:06:57:08 +0000] "GET /product/stealth-pullover/feed/ HTTP/1.1" 200 514 "-" "Mozilla/5.0 (compatible; Barkrowler/0.9; +https://babbar.tech/crawler)"
66.249.73.163 - - [18/Jul/2025:06:57:08 +0000] "GET /p/adven82630735?id=2646993 HTTP/1.1" 200 40511 "-" "Mozilla/5.0 (Linux; Android 6.0.1; Nexus 5X Build/MMB29P) AppleWebKit/537.36 (KHTML, like Gecko) Chrome/137.0.7151.103 Mobile Safari/537.36 (compatible; Googlebot/2.1; +http://www.google.com/bot.html)"
66.249.73.164 - - [18/Jul/2025:06:57:08 +0000] "POST /get-message-notify HTTP/1.1" 200 40127 "https://muzza.fit/p/immed31772562?id=1788820" "Mozilla/5.0 (Linux; Android 6.0.1; Nexus 5X Build/MMB29P) AppleWebKit/537.36 (KHTML, like Gecko) Chrome/137.0.7151.119 Mobile Safari/537.36 (compatible; Googlebot/2.1; +http://www.google.com/bot.html)"
66.249.73.163 - - [18/Jul/2025:06:57:09 +0000] "POST /get-message-notify HTTP/1.1" 200 40073 "https://muzza.fit/p/diary42345139?id=2361397" "Mozilla/5.0 (Linux; Android 6.0.1; Nexus 5X Build/MMB29P) AppleWebKit/537.36 (KHTML, like Gecko) Chrome/137.0.7151.119 Mobile Safari/537.36 (compatible; Googlebot/2.1; +http://www.google.com/bot.html)"
66.249.73.163 - - [18/Jul/2025:06:57:10 +0000] "GET /p/mercu52919604?id=2935862 HTTP/1.1" 200 40060 "-" "Mozilla/5.0 (Linux; Android 6.0.1; Nexus 5X Build/MMB29P) AppleWebKit/537.36 (KHTML, like Gecko) Chrome/137.0.7151.103 Mobile Safari/537.36 (compatible; Googlebot/2.1; +http://www.google.com/bot.html)"
66.249.73.163 - - [18/Jul/2025:06:57:14 +0000] "POST /get-message-notify HTTP/1.1" 200 40077 "https://muzza.fit/p/mercu52919604?id=2935862" "Mozilla/5.0 (Linux; Android 6.0.1; Nexus 5X Build/MMB29P) AppleWebKit/537.36 (KHTML, like Gecko) Chrome/137.0.7151.119 Mobile Safari/537.36 (compatible; Googlebot/2.1; +http://www.google.com/bot.html)"
66.249.73.163 - - [18/Jul/2025:06:57:15 +0000] "GET /p/bury32430826?id=2447084 HTTP/1.1" 200 40064 "-" "Mozilla/5.0 (Linux; Android 6.0.1; Nexus 5X Build/MMB29P) AppleWebKit/537.36 (KHTML, like Gecko) Chrome/137.0.7151.103 Mobile Safari/537.36 (compatible; Googlebot/2.1; +http://www.google.com/bot.html)"
66.249.73.163 - - [18/Jul/2025:06:57:19 +0000] "POST /get-message-notify HTTP/1.1" 200 40067 "https://muzza.fit/p/bury32430826?id=2447084" "Mozilla/5.0 (Linux; Android 6.0.1; Nexus 5X Build/MMB29P) AppleWebKit/537.36 (KHTML, like Gecko) Chrome/137.0.7151.119 Mobile Safari/537.36 (compatible; Googlebot/2.1; +http://www.google.com/bot.html)"
66.249.73.164 - - [18/Jul/2025:06:57:23 +0000] "GET /p/house81396167?id=1412425 HTTP/1.1" 200 40420 "-" "Mozilla/5.0 (Linux; Android 6.0.1; Nexus 5X Build/MMB29P) AppleWebKit/537.36 (KHTML, like Gecko) Chrome/137.0.7151.103 Mobile Safari/537.36 (compatible; Googlebot/2.1; +http://www.google.com/bot.html)"
209.74.77.214 - - [18/Jul/2025:06:57:25 +0000] "POST /wp-cron.php?doing_wp_cron=1752821845.3030838966369628906250 HTTP/1.1" 200 - "-" "WordPress/6.8.2; https://muzza.fit"
217.113.194.186 - - [18/Jul/2025:06:57:25 +0000] "GET /product/construction-pullover/feed/ HTTP/1.1" 200 518 "-" "Mozilla/5.0 (compatible; Barkrowler/0.9; +https://babbar.tech/crawler)"
66.249.73.164 - - [18/Jul/2025:06:57:27 +0000] "POST /get-message-notify HTTP/1.1" 200 40029 "https://muzza.fit/p/house81396167?id=1412425" "Mozilla/5.0 (Linux; Android 6.0.1; Nexus 5X Build/MMB29P) AppleWebKit/537.36 (KHTML, like Gecko) Chrome/137.0.7151.119 Mobile Safari/537.36 (compatible; Googlebot/2.1; +http://www.google.com/bot.html)"
217.113.194.191 - - [18/Jul/2025:06:57:41 +0000] "GET /product/crest-hoodie-yellow/feed/ HTTP/1.1" 200 514 "-" "Mozilla/5.0 (compatible; Barkrowler/0.9; +https://babbar.tech/crawler)"
217.113.194.183 - - [18/Jul/2025:06:57:56 +0000] "GET /videos/videos-4-columns-wide/ HTTP/1.1" 200 28515 "-" "Mozilla/5.0 (compatible; Barkrowler/0.9; +https://babbar.tech/crawler)"
66.249.73.164 - - [18/Jul/2025:06:58:02 +0000] "GET /p/viewy40947987?id=964245 HTTP/1.1" 200 40062 "-" "Mozilla/5.0 (Linux; Android 6.0.1; Nexus 5X Build/MMB29P) AppleWebKit/537.36 (KHTML, like Gecko) Chrome/137.0.7151.103 Mobile Safari/537.36 (compatible; Googlebot/2.1; +http://www.google.com/bot.html)"
209.74.77.214 - - [18/Jul/2025:06:58:13 +0000] "POST /wp-cron.php?doing_wp_cron=1752821893.7947540283203125000000 HTTP/1.1" 200 - "-" "WordPress/6.8.2; https://muzza.fit"
217.113.194.182 - - [18/Jul/2025:06:58:13 +0000] "GET /shop-2/shop-sidebar-left/ HTTP/1.1" 200 31597 "-" "Mozilla/5.0 (compatible; Barkrowler/0.9; +https://babbar.tech/crawler)"
209.74.77.214 - - [18/Jul/2025:06:58:30 +0000] "POST /wp-cron.php?doing_wp_cron=1752821910.7056419849395751953125 HTTP/1.1" 200 - "-" "WordPress/6.8.2; https://muzza.fit"
217.113.194.251 - - [18/Jul/2025:06:58:30 +0000] "GET /shop-2/shop-metro-boxed/ HTTP/1.1" 200 31381 "-" "Mozilla/5.0 (compatible; Barkrowler/0.9; +https://babbar.tech/crawler)"
217.113.194.189 - - [18/Jul/2025:06:58:48 +0000] "GET /2017/02/social-endeavor/feed/ HTTP/1.1" 200 510 "-" "Mozilla/5.0 (compatible; Barkrowler/0.9; +https://babbar.tech/crawler)"
209.74.77.214 - - [18/Jul/2025:06:59:04 +0000] "POST /wp-cron.php?doing_wp_cron=1752821944.4284489154815673828125 HTTP/1.1" 200 - "-" "WordPress/6.8.2; https://muzza.fit"
217.113.194.190 - - [18/Jul/2025:06:59:04 +0000] "GET /product/seamless-sports-bra/feed/ HTTP/1.1" 200 518 "-" "Mozilla/5.0 (compatible; Barkrowler/0.9; +https://babbar.tech/crawler)"
209.74.77.214 - - [18/Jul/2025:06:59:20 +0000] "POST /wp-cron.php?doing_wp_cron=1752821960.0970408916473388671875 HTTP/1.1" 200 - "-" "WordPress/6.8.2; https://muzza.fit"
217.113.194.184 - - [18/Jul/2025:06:59:19 +0000] "GET /product/endurance-sports-bra/ HTTP/1.1" 200 28319 "-" "Mozilla/5.0 (compatible; Barkrowler/0.9; +https://babbar.tech/crawler)"
209.74.77.214 - - [18/Jul/2025:06:59:36 +0000] "POST /wp-cron.php?doing_wp_cron=1752821976.1609299182891845703125 HTTP/1.1" 200 - "-" "WordPress/6.8.2; https://muzza.fit"
217.113.194.184 - - [18/Jul/2025:06:59:35 +0000] "GET /product/embody-sports-bra/ HTTP/1.1" 200 28313 "-" "Mozilla/5.0 (compatible; Barkrowler/0.9; +https://babbar.tech/crawler)"
154.54.249.213 - - [18/Jul/2025:06:59:52 +0000] "GET /product/embody-sports-bra/feed/ HTTP/1.1" 200 518 "-" "Mozilla/5.0 (compatible; Barkrowler/0.9; +https://babbar.tech/crawler)"
209.74.77.214 - - [18/Jul/2025:07:00:08 +0000] "POST /wp-cron.php?doing_wp_cron=1752822008.0818290710449218750000 HTTP/1.1" 200 - "-" "WordPress/6.8.2; https://muzza.fit"
217.113.194.251 - - [18/Jul/2025:07:00:07 +0000] "GET /timetable/tag/cycling/feed/ HTTP/1.1" 200 2568 "-" "Mozilla/5.0 (compatible; Barkrowler/0.9; +https://babbar.tech/crawler)"
209.74.77.214 - - [18/Jul/2025:07:00:25 +0000] "POST /wp-cron.php?doing_wp_cron=1752822025.1028099060058593750000 HTTP/1.1" 200 - "-" "WordPress/6.8.2; https://muzza.fit"
217.113.194.185 - - [18/Jul/2025:07:00:24 +0000] "GET /timetable/tag/yoga/feed/ HTTP/1.1" 200 2579 "-" "Mozilla/5.0 (compatible; Barkrowler/0.9; +https://babbar.tech/crawler)"
209.74.77.214 - - [18/Jul/2025:07:00:44 +0000] "POST /wp-cron.php?doing_wp_cron=1752822044.2104918956756591796875 HTTP/1.1" 200 - "-" "WordPress/6.8.2; https://muzza.fit"
217.113.194.188 - - [18/Jul/2025:07:00:44 +0000] "GET /main-home/interactive-links/ HTTP/1.1" 200 26726 "-" "Mozilla/5.0 (compatible; Barkrowler/0.9; +https://babbar.tech/crawler)"
217.113.194.185 - - [18/Jul/2025:07:01:01 +0000] "GET /program-category/nutrition-program/feed/ HTTP/1.1" 200 4022 "-" "Mozilla/5.0 (compatible; Barkrowler/0.9; +https://babbar.tech/crawler)"
209.74.77.214 - - [18/Jul/2025:07:01:18 +0000] "POST /wp-cron.php?doing_wp_cron=1752822078.0424790382385253906250 HTTP/1.1" 200 - "-" "WordPress/6.8.2; https://muzza.fit"
217.113.194.188 - - [18/Jul/2025:07:01:17 +0000] "GET /program-category/muscle-gain/feed/ HTTP/1.1" 200 4571 "-" "Mozilla/5.0 (compatible; Barkrowler/0.9; +https://babbar.tech/crawler)"
209.74.77.214 - - [18/Jul/2025:07:01:35 +0000] "POST /wp-cron.php?doing_wp_cron=1752822095.3100430965423583984375 HTTP/1.1" 200 - "-" "WordPress/6.8.2; https://muzza.fit"
217.113.194.182 - - [18/Jul/2025:07:01:35 +0000] "GET /program-category/fat-burning/feed/ HTTP/1.1" 200 3965 "-" "Mozilla/5.0 (compatible; Barkrowler/0.9; +https://babbar.tech/crawler)"
217.113.194.184 - - [18/Jul/2025:07:01:51 +0000] "GET /2017/02/transformation-goal/feed/ HTTP/1.1" 200 1029 "-" "Mozilla/5.0 (compatible; Barkrowler/0.9; +https://babbar.tech/crawler)"
209.74.77.214 - - [18/Jul/2025:07:02:09 +0000] "POST /wp-cron.php?doing_wp_cron=1752822129.0794959068298339843750 HTTP/1.1" 200 - "-" "WordPress/6.8.2; https://muzza.fit"
217.113.194.189 - - [18/Jul/2025:07:02:08 +0000] "GET /2017/02/the-golden-age-of-gains/feed/ HTTP/1.1" 200 1042 "-" "Mozilla/5.0 (compatible; Barkrowler/0.9; +https://babbar.tech/crawler)"
209.74.77.214 - - [18/Jul/2025:07:02:25 +0000] "POST /wp-cron.php?doing_wp_cron=1752822145.2011411190032958984375 HTTP/1.1" 200 - "-" "WordPress/6.8.2; https://muzza.fit"
217.113.194.188 - - [18/Jul/2025:07:02:25 +0000] "GET /product/long-sleeve-hooded-top/feed/ HTTP/1.1" 200 527 "-" "Mozilla/5.0 (compatible; Barkrowler/0.9; +https://babbar.tech/crawler)"
217.113.194.191 - - [18/Jul/2025:07:02:42 +0000] "GET /product/endurance-sports-bra/feed/ HTTP/1.1" 200 519 "-" "Mozilla/5.0 (compatible; Barkrowler/0.9; +https://babbar.tech/crawler)"
217.113.194.186 - - [18/Jul/2025:07:02:58 +0000] "GET /timetable/tag/cardio/feed/ HTTP/1.1" 200 2573 "-" "Mozilla/5.0 (compatible; Barkrowler/0.9; +https://babbar.tech/crawler)"
209.74.77.214 - - [18/Jul/2025:07:03:15 +0000] "POST /wp-cron.php?doing_wp_cron=1752822195.6627359390258789062500 HTTP/1.1" 200 - "-" "WordPress/6.8.2; https://muzza.fit"
217.113.194.188 - - [18/Jul/2025:07:03:15 +0000] "GET /timetable/tag/crossfit/feed/ HTTP/1.1" 200 2532 "-" "Mozilla/5.0 (compatible; Barkrowler/0.9; +https://babbar.tech/crawler)"
209.74.77.214 - - [18/Jul/2025:07:03:31 +0000] "POST /wp-cron.php?doing_wp_cron=1752822211.3538949489593505859375 HTTP/1.1" 200 - "-" "WordPress/6.8.2; https://muzza.fit"
217.113.194.184 - - [18/Jul/2025:07:03:31 +0000] "GET /timetable/tag/workout/feed/ HTTP/1.1" 200 2590 "-" "Mozilla/5.0 (compatible; Barkrowler/0.9; +https://babbar.tech/crawler)"
217.113.194.184 - - [18/Jul/2025:07:03:46 +0000] "GET /timetable/tag/body-pump/feed/ HTTP/1.1" 200 2586 "-" "Mozilla/5.0 (compatible; Barkrowler/0.9; +https://babbar.tech/crawler)"
66.249.73.163 - - [18/Jul/2025:07:03:47 +0000] "GET /p/banan30233106?id=249364 HTTP/1.1" 200 40259 "-" "Mozilla/5.0 (Linux; Android 6.0.1; Nexus 5X Build/MMB29P) AppleWebKit/537.36 (KHTML, like Gecko) Chrome/137.0.7151.103 Mobile Safari/537.36 (compatible; Googlebot/2.1; +http://www.google.com/bot.html)"
217.113.194.187 - - [18/Jul/2025:07:04:02 +0000] "GET /shop-2/shop-4-columns-wide/ HTTP/1.1" 200 30449 "-" "Mozilla/5.0 (compatible; Barkrowler/0.9; +https://babbar.tech/crawler)"
209.74.77.214 - - [18/Jul/2025:07:04:21 +0000] "POST /wp-cron.php?doing_wp_cron=1752822261.8429610729217529296875 HTTP/1.1" 200 - "-" "WordPress/6.8.2; https://muzza.fit"
217.113.194.187 - - [18/Jul/2025:07:04:21 +0000] "GET /shop-2/shop-6-columns-wide/ HTTP/1.1" 200 31249 "-" "Mozilla/5.0 (compatible; Barkrowler/0.9; +https://babbar.tech/crawler)"
209.74.77.214 - - [18/Jul/2025:07:04:38 +0000] "POST /wp-cron.php?doing_wp_cron=1752822278.7705159187316894531250 HTTP/1.1" 200 - "-" "WordPress/6.8.2; https://muzza.fit"
154.54.249.213 - - [18/Jul/2025:07:04:38 +0000] "GET /shop-2/shop-metro-full-width/ HTTP/1.1" 200 30784 "-" "Mozilla/5.0 (compatible; Barkrowler/0.9; +https://babbar.tech/crawler)"
217.113.194.251 - - [18/Jul/2025:07:04:56 +0000] "GET /shop-2/shop-3-columns-wide/ HTTP/1.1" 200 29851 "-" "Mozilla/5.0 (compatible; Barkrowler/0.9; +https://babbar.tech/crawler)"
209.74.77.214 - - [18/Jul/2025:07:05:14 +0000] "POST /wp-cron.php?doing_wp_cron=1752822314.0196259021759033203125 HTTP/1.1" 200 - "-" "WordPress/6.8.2; https://muzza.fit"
217.113.194.251 - - [18/Jul/2025:07:05:13 +0000] "GET /pages/meet-the-team/joey-demaio/ HTTP/1.1" 200 27247 "-" "Mozilla/5.0 (compatible; Barkrowler/0.9; +https://babbar.tech/crawler)"
66.249.73.165 - - [18/Jul/2025:07:05:28 +0000] "GET /pcmypage HTTP/1.1" 200 40357 "-" "Mozilla/5.0 (Linux; Android 6.0.1; Nexus 5X Build/MMB29P) AppleWebKit/537.36 (KHTML, like Gecko) Chrome/137.0.7151.103 Mobile Safari/537.36 (compatible; Googlebot/2.1; +http://www.google.com/bot.html)"
209.74.77.214 - - [18/Jul/2025:07:05:32 +0000] "POST /wp-cron.php?doing_wp_cron=1752822332.0457570552825927734375 HTTP/1.1" 200 - "-" "WordPress/6.8.2; https://muzza.fit"
217.113.194.186 - - [18/Jul/2025:07:05:31 +0000] "GET /2017/02/cautious-creative/feed/ HTTP/1.1" 200 520 "-" "Mozilla/5.0 (compatible; Barkrowler/0.9; +https://babbar.tech/crawler)"
209.74.77.214 - - [18/Jul/2025:07:05:51 +0000] "POST /wp-cron.php?doing_wp_cron=1752822351.7210268974304199218750 HTTP/1.1" 200 - "-" "WordPress/6.8.2; https://muzza.fit"
217.113.194.191 - - [18/Jul/2025:07:05:51 +0000] "GET /2017/02/the-duck-and-the-owl/feed/ HTTP/1.1" 200 525 "-" "Mozilla/5.0 (compatible; Barkrowler/0.9; +https://babbar.tech/crawler)"
209.74.77.214 - - [18/Jul/2025:07:06:07 +0000] "POST /wp-cron.php?doing_wp_cron=1752822367.9681780338287353515625 HTTP/1.1" 200 - "-" "WordPress/6.8.2; https://muzza.fit"
217.113.194.190 - - [18/Jul/2025:07:06:07 +0000] "GET /timetable/category/second-level/feed/ HTTP/1.1" 200 2599 "-" "Mozilla/5.0 (compatible; Barkrowler/0.9; +https://babbar.tech/crawler)"
209.74.77.214 - - [18/Jul/2025:07:06:23 +0000] "POST /wp-cron.php?doing_wp_cron=1752822383.7922959327697753906250 HTTP/1.1" 200 - "-" "WordPress/6.8.2; https://muzza.fit"
217.113.194.182 - - [18/Jul/2025:07:06:23 +0000] "GET /video/jeff-seid-athletic-strong/ HTTP/1.1" 200 29051 "-" "Mozilla/5.0 (compatible; Barkrowler/0.9; +https://babbar.tech/crawler)"
209.74.77.214 - - [18/Jul/2025:07:06:42 +0000] "POST /wp-cron.php?doing_wp_cron=1752822402.0669898986816406250000 HTTP/1.1" 200 - "-" "WordPress/6.8.2; https://muzza.fit"
217.113.194.184 - - [18/Jul/2025:07:06:41 +0000] "GET /videos/videos-4-columns-full-width/ HTTP/1.1" 200 28498 "-" "Mozilla/5.0 (compatible; Barkrowler/0.9; +https://babbar.tech/crawler)"
217.113.194.188 - - [18/Jul/2025:07:07:00 +0000] "GET /2017/02/the-ultimate-guide-to-weight-loss/feed/ HTTP/1.1" 200 1224 "-" "Mozilla/5.0 (compatible; Barkrowler/0.9; +https://babbar.tech/crawler)"
209.74.77.214 - - [18/Jul/2025:07:07:15 +0000] "POST /wp-cron.php?doing_wp_cron=1752822435.9012339115142822265625 HTTP/1.1" 200 - "-" "WordPress/6.8.2; https://muzza.fit"
217.113.194.186 - - [18/Jul/2025:07:07:15 +0000] "GET /2018/09/the-best-post-workout-whey/feed/ HTTP/1.1" 200 1047 "-" "Mozilla/5.0 (compatible; Barkrowler/0.9; +https://babbar.tech/crawler)"
209.74.77.214 - - [18/Jul/2025:07:07:31 +0000] "POST /wp-cron.php?doing_wp_cron=1752822451.7024919986724853515625 HTTP/1.1" 200 - "-" "WordPress/6.8.2; https://muzza.fit"
217.113.194.186 - - [18/Jul/2025:07:07:31 +0000] "GET /product/amplify-long-sleeve-crop-top/feed/ HTTP/1.1" 200 532 "-" "Mozilla/5.0 (compatible; Barkrowler/0.9; +https://babbar.tech/crawler)"
217.113.194.251 - - [18/Jul/2025:07:07:47 +0000] "GET /video/30-minute-at-home-strength-workout/ HTTP/1.1" 200 28958 "-" "Mozilla/5.0 (compatible; Barkrowler/0.9; +https://babbar.tech/crawler)"
217.113.194.188 - - [18/Jul/2025:07:08:03 +0000] "GET /video/new-workout-music-fitness-motivation/ HTTP/1.1" 200 28804 "-" "Mozilla/5.0 (compatible; Barkrowler/0.9; +https://babbar.tech/crawler)"
209.74.77.214 - - [18/Jul/2025:07:08:20 +0000] "POST /wp-cron.php?doing_wp_cron=1752822500.8873689174652099609375 HTTP/1.1" 200 - "-" "WordPress/6.8.2; https://muzza.fit"
217.113.194.190 - - [18/Jul/2025:07:08:20 +0000] "GET /video/early-risers-atphetics-fitness/ HTTP/1.1" 200 28964 "-" "Mozilla/5.0 (compatible; Barkrowler/0.9; +https://babbar.tech/crawler)"
66.249.73.165 - - [18/Jul/2025:07:08:27 +0000] "GET /p/pledg20502073?id=518331 HTTP/1.1" 200 40357 "-" "Mozilla/5.0 (Linux; Android 6.0.1; Nexus 5X Build/MMB29P) AppleWebKit/537.36 (KHTML, like Gecko) Chrome/137.0.7151.103 Mobile Safari/537.36 (compatible; Googlebot/2.1; +http://www.google.com/bot.html)"
209.74.77.214 - - [18/Jul/2025:07:08:38 +0000] "POST /wp-cron.php?doing_wp_cron=1752822518.0642828941345214843750 HTTP/1.1" 200 - "-" "WordPress/6.8.2; https://muzza.fit"
217.113.194.189 - - [18/Jul/2025:07:08:37 +0000] "GET /2018/08/mass-building-workout-and-meal-plan/ HTTP/1.1" 200 35131 "-" "Mozilla/5.0 (compatible; Barkrowler/0.9; +https://babbar.tech/crawler)"
217.113.194.188 - - [18/Jul/2025:07:08:54 +0000] "GET /2017/02/11-popular-fitness-myths-debunked/feed/ HTTP/1.1" 200 1222 "-" "Mozilla/5.0 (compatible; Barkrowler/0.9; +https://babbar.tech/crawler)"
209.74.77.214 - - [18/Jul/2025:07:09:10 +0000] "POST /wp-cron.php?doing_wp_cron=1752822550.4345750808715820312500 HTTP/1.1" 200 - "-" "WordPress/6.8.2; https://muzza.fit"
217.113.194.186 - - [18/Jul/2025:07:09:10 +0000] "GET /2018/08/mass-building-workout-and-meal-plan/feed/ HTTP/1.1" 200 1224 "-" "Mozilla/5.0 (compatible; Barkrowler/0.9; +https://babbar.tech/crawler)"
209.74.77.214 - - [18/Jul/2025:07:09:26 +0000] "POST /wp-cron.php?doing_wp_cron=1752822566.0964679718017578125000 HTTP/1.1" 200 - "-" "WordPress/6.8.2; https://muzza.fit"
217.113.194.251 - - [18/Jul/2025:07:09:25 +0000] "GET /2017/02/5-ways-to-train-around-achy-joints/feed/ HTTP/1.1" 200 913 "-" "Mozilla/5.0 (compatible; Barkrowler/0.9; +https://babbar.tech/crawler)"
217.113.194.184 - - [18/Jul/2025:07:09:41 +0000] "GET /2017/02/how-to-warm-up-properly-before-workout/feed/ HTTP/1.1" 200 1063 "-" "Mozilla/5.0 (compatible; Barkrowler/0.9; +https://babbar.tech/crawler)"
217.113.194.191 - - [18/Jul/2025:07:09:57 +0000] "GET /2017/02/if-dieting-wont-get-you-lean-what-will/feed/ HTTP/1.1" 200 1242 "-" "Mozilla/5.0 (compatible; Barkrowler/0.9; +https://babbar.tech/crawler)"
209.74.77.214 - - [18/Jul/2025:07:10:13 +0000] "POST /wp-cron.php?doing_wp_cron=1752822613.1311960220336914062500 HTTP/1.1" 200 - "-" "WordPress/6.8.2; https://muzza.fit"
217.113.194.191 - - [18/Jul/2025:07:10:12 +0000] "GET /2017/02/intensity-the-most-misunderstood-concept-in-building-muscle/feed/ HTTP/1.1" 200 1075 "-" "Mozilla/5.0 (compatible; Barkrowler/0.9; +https://babbar.tech/crawler)"
66.249.73.164 - - [18/Jul/2025:07:13:32 +0000] "GET /p/fount51503292?id=1519550 HTTP/1.1" 200 40334 "-" "Mozilla/5.0 (compatible; Googlebot/2.1; +http://www.google.com/bot.html)"
209.74.77.214 - - [18/Jul/2025:07:15:31 +0000] "POST /wp-cron.php?doing_wp_cron=1752822931.0904920101165771484375 HTTP/1.1" 200 - "-" "WordPress/6.8.2; https://muzza.fit"
5.135.71.161 - - [18/Jul/2025:07:15:28 +0000] "GET /wp-login.php HTTP/1.1" 200 2321 "-" "Mozilla/5.0 (X11; CrOS armv7l 7077.111.0) AppleWebKit/537.36 (KHTML, like Gecko) Chrome/44.0.2403.125 Safari/537.36"
66.249.73.163 - - [18/Jul/2025:07:16:04 +0000] "GET /wp-content/uploads/2018/09/380_2-1.jpg HTTP/1.1" 304 - "-" "Googlebot-Image/1.0"
66.249.73.164 - - [18/Jul/2025:07:16:30 +0000] "GET /p/hen82096927?id=2113185 HTTP/1.1" 200 40091 "-" "Mozilla/5.0 (Linux; Android 6.0.1; Nexus 5X Build/MMB29P) AppleWebKit/537.36 (KHTML, like Gecko) Chrome/137.0.7151.103 Mobile Safari/537.36 (compatible; Googlebot/2.1; +http://www.google.com/bot.html)"
66.249.73.164 - - [18/Jul/2025:07:16:31 +0000] "GET /p/faint50734740?id=750998 HTTP/1.1" 200 40407 "-" "Mozilla/5.0 (Linux; Android 6.0.1; Nexus 5X Build/MMB29P) AppleWebKit/537.36 (KHTML, like Gecko) Chrome/137.0.7151.103 Mobile Safari/537.36 (compatible; Googlebot/2.1; +http://www.google.com/bot.html)"
66.249.73.163 - - [18/Jul/2025:07:16:34 +0000] "GET /p/symph62929565?id=2945823 HTTP/1.1" 200 40460 "-" "Mozilla/5.0 (Linux; Android 6.0.1; Nexus 5X Build/MMB29P) AppleWebKit/537.36 (KHTML, like Gecko) Chrome/137.0.7151.103 Mobile Safari/537.36 (compatible; Googlebot/2.1; +http://www.google.com/bot.html)"
66.249.73.163 - - [18/Jul/2025:07:16:37 +0000] "GET /p/acqua82119607?id=2135865 HTTP/1.1" 200 40096 "-" "Mozilla/5.0 (Linux; Android 6.0.1; Nexus 5X Build/MMB29P) AppleWebKit/537.36 (KHTML, like Gecko) Chrome/137.0.7151.103 Mobile Safari/537.36 (compatible; Googlebot/2.1; +http://www.google.com/bot.html)"
66.249.73.163 - - [18/Jul/2025:07:16:40 +0000] "GET /p/aspec81395399?id=1411657 HTTP/1.1" 200 40341 "-" "Mozilla/5.0 (Linux; Android 6.0.1; Nexus 5X Build/MMB29P) AppleWebKit/537.36 (KHTML, like Gecko) Chrome/137.0.7151.103 Mobile Safari/537.36 (compatible; Googlebot/2.1; +http://www.google.com/bot.html)"
66.249.73.163 - - [18/Jul/2025:07:16:43 +0000] "POST /get-message-notify HTTP/1.1" 200 40005 "https://muzza.fit/p/acqua82119607?id=2135865" "Mozilla/5.0 (Linux; Android 6.0.1; Nexus 5X Build/MMB29P) AppleWebKit/537.36 (KHTML, like Gecko) Chrome/137.0.7151.119 Mobile Safari/537.36 (compatible; Googlebot/2.1; +http://www.google.com/bot.html)"
66.249.73.163 - - [18/Jul/2025:07:16:43 +0000] "GET /p/carel11001000?id=1017258 HTTP/1.1" 200 40641 "-" "Mozilla/5.0 (Linux; Android 6.0.1; Nexus 5X Build/MMB29P) AppleWebKit/537.36 (KHTML, like Gecko) Chrome/137.0.7151.103 Mobile Safari/537.36 (compatible; Googlebot/2.1; +http://www.google.com/bot.html)"
66.249.73.163 - - [18/Jul/2025:07:16:44 +0000] "GET /p/rewar22266273?id=2282531 HTTP/1.1" 200 39979 "-" "Mozilla/5.0 (Linux; Android 6.0.1; Nexus 5X Build/MMB29P) AppleWebKit/537.36 (KHTML, like Gecko) Chrome/137.0.7151.103 Mobile Safari/537.36 (compatible; Googlebot/2.1; +http://www.google.com/bot.html)"
66.249.73.163 - - [18/Jul/2025:07:16:45 +0000] "GET /p/sciss31630570?id=1646828 HTTP/1.1" 200 41113 "-" "Mozilla/5.0 (Linux; Android 6.0.1; Nexus 5X Build/MMB29P) AppleWebKit/537.36 (KHTML, like Gecko) Chrome/137.0.7151.103 Mobile Safari/537.36 (compatible; Googlebot/2.1; +http://www.google.com/bot.html)"
66.249.73.163 - - [18/Jul/2025:07:16:47 +0000] "GET /p/confi62501589?id=2517847 HTTP/1.1" 200 40298 "-" "Mozilla/5.0 (Linux; Android 6.0.1; Nexus 5X Build/MMB29P) AppleWebKit/537.36 (KHTML, like Gecko) Chrome/137.0.7151.103 Mobile Safari/537.36 (compatible; Googlebot/2.1; +http://www.google.com/bot.html)"
66.249.73.163 - - [18/Jul/2025:07:16:50 +0000] "GET /p/visua50746628?id=762886 HTTP/1.1" 200 40155 "-" "Mozilla/5.0 (Linux; Android 6.0.1; Nexus 5X Build/MMB29P) AppleWebKit/537.36 (KHTML, like Gecko) Chrome/137.0.7151.103 Mobile Safari/537.36 (compatible; Googlebot/2.1; +http://www.google.com/bot.html)"
66.249.73.163 - - [18/Jul/2025:07:16:52 +0000] "GET /p/fool10093696?id=109954 HTTP/1.1" 200 40129 "-" "Mozilla/5.0 (Linux; Android 6.0.1; Nexus 5X Build/MMB29P) AppleWebKit/537.36 (KHTML, like Gecko) Chrome/137.0.7151.103 Mobile Safari/537.36 (compatible; Googlebot/2.1; +http://www.google.com/bot.html)"
66.249.73.164 - - [18/Jul/2025:07:16:55 +0000] "GET /p/win82313671?id=2329929 HTTP/1.1" 200 40626 "-" "Mozilla/5.0 (Linux; Android 6.0.1; Nexus 5X Build/MMB29P) AppleWebKit/537.36 (KHTML, like Gecko) Chrome/137.0.7151.103 Mobile Safari/537.36 (compatible; Googlebot/2.1; +http://www.google.com/bot.html)"
66.249.73.163 - - [18/Jul/2025:07:16:57 +0000] "GET /p/pink21304569?id=1320827 HTTP/1.1" 200 40087 "-" "Mozilla/5.0 (Linux; Android 6.0.1; Nexus 5X Build/MMB29P) AppleWebKit/537.36 (KHTML, like Gecko) Chrome/137.0.7151.103 Mobile Safari/537.36 (compatible; Googlebot/2.1; +http://www.google.com/bot.html)"
66.249.73.164 - - [18/Jul/2025:07:16:59 +0000] "GET /p/evolu52186100?id=2202358 HTTP/1.1" 200 40438 "-" "Mozilla/5.0 (Linux; Android 6.0.1; Nexus 5X Build/MMB29P) AppleWebKit/537.36 (KHTML, like Gecko) Chrome/137.0.7151.103 Mobile Safari/537.36 (compatible; Googlebot/2.1; +http://www.google.com/bot.html)"
66.249.73.164 - - [18/Jul/2025:07:17:03 +0000] "GET /p/outse81094927?id=1111185 HTTP/1.1" 200 40100 "-" "Mozilla/5.0 (Linux; Android 6.0.1; Nexus 5X Build/MMB29P) AppleWebKit/537.36 (KHTML, like Gecko) Chrome/137.0.7151.103 Mobile Safari/537.36 (compatible; Googlebot/2.1; +http://www.google.com/bot.html)"
66.249.73.163 - - [18/Jul/2025:07:17:06 +0000] "GET /p/once70176470?id=192728 HTTP/1.1" 200 40117 "-" "Mozilla/5.0 (Linux; Android 6.0.1; Nexus 5X Build/MMB29P) AppleWebKit/537.36 (KHTML, like Gecko) Chrome/137.0.7151.103 Mobile Safari/537.36 (compatible; Googlebot/2.1; +http://www.google.com/bot.html)"
66.249.73.163 - - [18/Jul/2025:07:17:08 +0000] "GET /p/peace61316093?id=1332351 HTTP/1.1" 200 39871 "-" "Mozilla/5.0 (Linux; Android 6.0.1; Nexus 5X Build/MMB29P) AppleWebKit/537.36 (KHTML, like Gecko) Chrome/137.0.7151.103 Mobile Safari/537.36 (compatible; Googlebot/2.1; +http://www.google.com/bot.html)"
66.249.73.163 - - [18/Jul/2025:07:17:10 +0000] "GET /p/sever62856029?id=2872287 HTTP/1.1" 200 40051 "-" "Mozilla/5.0 (Linux; Android 6.0.1; Nexus 5X Build/MMB29P) AppleWebKit/537.36 (KHTML, like Gecko) Chrome/137.0.7151.103 Mobile Safari/537.36 (compatible; Googlebot/2.1; +http://www.google.com/bot.html)"
66.249.73.163 - - [18/Jul/2025:07:17:12 +0000] "GET /p/self12143888?id=2160146 HTTP/1.1" 200 40781 "-" "Mozilla/5.0 (Linux; Android 6.0.1; Nexus 5X Build/MMB29P) AppleWebKit/537.36 (KHTML, like Gecko) Chrome/137.0.7151.103 Mobile Safari/537.36 (compatible; Googlebot/2.1; +http://www.google.com/bot.html)"
66.249.73.163 - - [18/Jul/2025:07:17:14 +0000] "GET /p/becau72056742?id=2073000 HTTP/1.1" 200 40128 "-" "Mozilla/5.0 (Linux; Android 6.0.1; Nexus 5X Build/MMB29P) AppleWebKit/537.36 (KHTML, like Gecko) Chrome/137.0.7151.103 Mobile Safari/537.36 (compatible; Googlebot/2.1; +http://www.google.com/bot.html)"
66.249.73.163 - - [18/Jul/2025:07:17:14 +0000] "POST /get-message-notify HTTP/1.1" 200 40107 "https://muzza.fit/p/sever62856029?id=2872287" "Mozilla/5.0 (Linux; Android 6.0.1; Nexus 5X Build/MMB29P) AppleWebKit/537.36 (KHTML, like Gecko) Chrome/137.0.7151.119 Mobile Safari/537.36 (compatible; Googlebot/2.1; +http://www.google.com/bot.html)"
66.249.73.163 - - [18/Jul/2025:07:17:16 +0000] "POST /get-message-notify HTTP/1.1" 200 40108 "https://muzza.fit/p/evolu52186100?id=2202358" "Mozilla/5.0 (Linux; Android 6.0.1; Nexus 5X Build/MMB29P) AppleWebKit/537.36 (KHTML, like Gecko) Chrome/137.0.7151.119 Mobile Safari/537.36 (compatible; Googlebot/2.1; +http://www.google.com/bot.html)"
66.249.73.163 - - [18/Jul/2025:07:17:17 +0000] "GET /p/peak11491496?id=1507754 HTTP/1.1" 200 40880 "-" "Mozilla/5.0 (Linux; Android 6.0.1; Nexus 5X Build/MMB29P) AppleWebKit/537.36 (KHTML, like Gecko) Chrome/137.0.7151.103 Mobile Safari/537.36 (compatible; Googlebot/2.1; +http://www.google.com/bot.html)"
66.249.73.163 - - [18/Jul/2025:07:17:20 +0000] "GET /p/unfor22487689?id=2503947 HTTP/1.1" 200 40709 "-" "Mozilla/5.0 (Linux; Android 6.0.1; Nexus 5X Build/MMB29P) AppleWebKit/537.36 (KHTML, like Gecko) Chrome/137.0.7151.103 Mobile Safari/537.36 (compatible; Googlebot/2.1; +http://www.google.com/bot.html)"
66.249.73.163 - - [18/Jul/2025:07:17:23 +0000] "GET /p/pray10699328?id=715586 HTTP/1.1" 200 40489 "-" "Mozilla/5.0 (Linux; Android 6.0.1; Nexus 5X Build/MMB29P) AppleWebKit/537.36 (KHTML, like Gecko) Chrome/137.0.7151.103 Mobile Safari/537.36 (compatible; Googlebot/2.1; +http://www.google.com/bot.html)"
66.249.73.163 - - [18/Jul/2025:07:17:23 +0000] "POST /get-message-notify HTTP/1.1" 200 40135 "https://muzza.fit/p/unfor22487689?id=2503947" "Mozilla/5.0 (Linux; Android 6.0.1; Nexus 5X Build/MMB29P) AppleWebKit/537.36 (KHTML, like Gecko) Chrome/137.0.7151.119 Mobile Safari/537.36 (compatible; Googlebot/2.1; +http://www.google.com/bot.html)"
66.249.73.164 - - [18/Jul/2025:07:17:26 +0000] "GET /p/soil82167311?id=2183569 HTTP/1.1" 200 40326 "-" "Mozilla/5.0 (Linux; Android 6.0.1; Nexus 5X Build/MMB29P) AppleWebKit/537.36 (KHTML, like Gecko) Chrome/137.0.7151.103 Mobile Safari/537.36 (compatible; Googlebot/2.1; +http://www.google.com/bot.html)"
66.249.73.163 - - [18/Jul/2025:07:17:27 +0000] "POST /get-message-notify HTTP/1.1" 200 40101 "https://muzza.fit/p/peak11491496?id=1507754" "Mozilla/5.0 (Linux; Android 6.0.1; Nexus 5X Build/MMB29P) AppleWebKit/537.36 (KHTML, like Gecko) Chrome/137.0.7151.119 Mobile Safari/537.36 (compatible; Googlebot/2.1; +http://www.google.com/bot.html)"
66.249.73.163 - - [18/Jul/2025:07:17:28 +0000] "GET /p/techn21720473?id=1736731 HTTP/1.1" 200 39945 "-" "Mozilla/5.0 (Linux; Android 6.0.1; Nexus 5X Build/MMB29P) AppleWebKit/537.36 (KHTML, like Gecko) Chrome/137.0.7151.103 Mobile Safari/537.36 (compatible; Googlebot/2.1; +http://www.google.com/bot.html)"
66.249.73.163 - - [18/Jul/2025:07:17:30 +0000] "POST /get-message-notify HTTP/1.1" 200 40085 "https://muzza.fit/p/once70176470?id=192728" "Mozilla/5.0 (Linux; Android 6.0.1; Nexus 5X Build/MMB29P) AppleWebKit/537.36 (KHTML, like Gecko) Chrome/137.0.7151.119 Mobile Safari/537.36 (compatible; Googlebot/2.1; +http://www.google.com/bot.html)"
66.249.73.163 - - [18/Jul/2025:07:17:31 +0000] "GET /p/money61896997?id=1913255 HTTP/1.1" 200 41454 "-" "Mozilla/5.0 (Linux; Android 6.0.1; Nexus 5X Build/MMB29P) AppleWebKit/537.36 (KHTML, like Gecko) Chrome/137.0.7151.103 Mobile Safari/537.36 (compatible; Googlebot/2.1; +http://www.google.com/bot.html)"
66.249.73.164 - - [18/Jul/2025:07:17:33 +0000] "GET /p/diame40262731?id=278989 HTTP/1.1" 200 41345 "-" "Mozilla/5.0 (Linux; Android 6.0.1; Nexus 5X Build/MMB29P) AppleWebKit/537.36 (KHTML, like Gecko) Chrome/137.0.7151.103 Mobile Safari/537.36 (compatible; Googlebot/2.1; +http://www.google.com/bot.html)"
66.249.73.163 - - [18/Jul/2025:07:17:34 +0000] "GET /p/suffi30034290?id=50548 HTTP/1.1" 200 40082 "-" "Mozilla/5.0 (Linux; Android 6.0.1; Nexus 5X Build/MMB29P) AppleWebKit/537.36 (KHTML, like Gecko) Chrome/137.0.7151.103 Mobile Safari/537.36 (compatible; Googlebot/2.1; +http://www.google.com/bot.html)"
66.249.73.163 - - [18/Jul/2025:07:17:36 +0000] "GET /p/despa20226945?id=243203 HTTP/1.1" 200 40162 "-" "Mozilla/5.0 (Linux; Android 6.0.1; Nexus 5X Build/MMB29P) AppleWebKit/537.36 (KHTML, like Gecko) Chrome/137.0.7151.103 Mobile Safari/537.36 (compatible; Googlebot/2.1; +http://www.google.com/bot.html)"
66.249.73.164 - - [18/Jul/2025:07:17:38 +0000] "GET /p/roman41271139?id=1287397 HTTP/1.1" 200 40472 "-" "Mozilla/5.0 (Linux; Android 6.0.1; Nexus 5X Build/MMB29P) AppleWebKit/537.36 (KHTML, like Gecko) Chrome/137.0.7151.103 Mobile Safari/537.36 (compatible; Googlebot/2.1; +http://www.google.com/bot.html)"
66.249.73.163 - - [18/Jul/2025:07:17:41 +0000] "GET /p/dial31943130?id=1959388 HTTP/1.1" 200 40291 "-" "Mozilla/5.0 (Linux; Android 6.0.1; Nexus 5X Build/MMB29P) AppleWebKit/537.36 (KHTML, like Gecko) Chrome/137.0.7151.103 Mobile Safari/537.36 (compatible; Googlebot/2.1; +http://www.google.com/bot.html)"
66.249.73.164 - - [18/Jul/2025:07:17:41 +0000] "POST /get-message-notify HTTP/1.1" 200 40023 "https://muzza.fit/p/roman41271139?id=1287397" "Mozilla/5.0 (Linux; Android 6.0.1; Nexus 5X Build/MMB29P) AppleWebKit/537.36 (KHTML, like Gecko) Chrome/137.0.7151.119 Mobile Safari/537.36 (compatible; Googlebot/2.1; +http://www.google.com/bot.html)"
66.249.73.164 - - [18/Jul/2025:07:17:46 +0000] "GET /p/blame12094376?id=2110634 HTTP/1.1" 200 40191 "-" "Mozilla/5.0 (Linux; Android 6.0.1; Nexus 5X Build/MMB29P) AppleWebKit/537.36 (KHTML, like Gecko) Chrome/137.0.7151.103 Mobile Safari/537.36 (compatible; Googlebot/2.1; +http://www.google.com/bot.html)"
66.249.73.165 - - [18/Jul/2025:07:17:48 +0000] "POST /get-message-notify HTTP/1.1" 200 40038 "https://muzza.fit/p/soil82167311?id=2183569" "Mozilla/5.0 (Linux; Android 6.0.1; Nexus 5X Build/MMB29P) AppleWebKit/537.36 (KHTML, like Gecko) Chrome/137.0.7151.119 Mobile Safari/537.36 (compatible; Googlebot/2.1; +http://www.google.com/bot.html)"
66.249.73.163 - - [18/Jul/2025:07:17:48 +0000] "GET /p/live11992144?id=2008402 HTTP/1.1" 200 40385 "-" "Mozilla/5.0 (Linux; Android 6.0.1; Nexus 5X Build/MMB29P) AppleWebKit/537.36 (KHTML, like Gecko) Chrome/137.0.7151.103 Mobile Safari/537.36 (compatible; Googlebot/2.1; +http://www.google.com/bot.html)"
66.249.73.163 - - [18/Jul/2025:07:17:50 +0000] "GET /p/man12397480?id=2413738 HTTP/1.1" 200 40468 "-" "Mozilla/5.0 (Linux; Android 6.0.1; Nexus 5X Build/MMB29P) AppleWebKit/537.36 (KHTML, like Gecko) Chrome/137.0.7151.103 Mobile Safari/537.36 (compatible; Googlebot/2.1; +http://www.google.com/bot.html)"
66.249.73.164 - - [18/Jul/2025:07:17:53 +0000] "GET /p/unive62532581?id=2548839 HTTP/1.1" 200 40396 "-" "Mozilla/5.0 (Linux; Android 6.0.1; Nexus 5X Build/MMB29P) AppleWebKit/537.36 (KHTML, like Gecko) Chrome/137.0.7151.103 Mobile Safari/537.36 (compatible; Googlebot/2.1; +http://www.google.com/bot.html)"
66.249.73.163 - - [18/Jul/2025:07:17:54 +0000] "POST /get-message-notify HTTP/1.1" 200 40072 "https://muzza.fit/p/man12397480?id=2413738" "Mozilla/5.0 (Linux; Android 6.0.1; Nexus 5X Build/MMB29P) AppleWebKit/537.36 (KHTML, like Gecko) Chrome/137.0.7151.119 Mobile Safari/537.36 (compatible; Googlebot/2.1; +http://www.google.com/bot.html)"
66.249.73.166 - - [18/Jul/2025:07:17:55 +0000] "GET /p/sure11341136?id=1357394 HTTP/1.1" 200 41066 "-" "Mozilla/5.0 (Linux; Android 6.0.1; Nexus 5X Build/MMB29P) AppleWebKit/537.36 (KHTML, like Gecko) Chrome/137.0.7151.103 Mobile Safari/537.36 (compatible; Googlebot/2.1; +http://www.google.com/bot.html)"
66.249.73.163 - - [18/Jul/2025:07:17:58 +0000] "GET /p/wage22330857?id=2347115 HTTP/1.1" 200 40778 "-" "Mozilla/5.0 (Linux; Android 6.0.1; Nexus 5X Build/MMB29P) AppleWebKit/537.36 (KHTML, like Gecko) Chrome/137.0.7151.103 Mobile Safari/537.36 (compatible; Googlebot/2.1; +http://www.google.com/bot.html)"
66.249.73.166 - - [18/Jul/2025:07:17:58 +0000] "POST /get-message-notify HTTP/1.1" 200 40082 "https://muzza.fit/p/unive62532581?id=2548839" "Mozilla/5.0 (Linux; Android 6.0.1; Nexus 5X Build/MMB29P) AppleWebKit/537.36 (KHTML, like Gecko) Chrome/137.0.7151.119 Mobile Safari/537.36 (compatible; Googlebot/2.1; +http://www.google.com/bot.html)"
66.249.73.165 - - [18/Jul/2025:07:18:00 +0000] "GET /p/reach42172627?id=2188885 HTTP/1.1" 200 40318 "-" "Mozilla/5.0 (Linux; Android 6.0.1; Nexus 5X Build/MMB29P) AppleWebKit/537.36 (KHTML, like Gecko) Chrome/137.0.7151.103 Mobile Safari/537.36 (compatible; Googlebot/2.1; +http://www.google.com/bot.html)"
66.249.73.165 - - [18/Jul/2025:07:18:01 +0000] "POST /get-message-notify HTTP/1.1" 200 40037 "https://muzza.fit/p/wage22330857?id=2347115" "Mozilla/5.0 (Linux; Android 6.0.1; Nexus 5X Build/MMB29P) AppleWebKit/537.36 (KHTML, like Gecko) Chrome/137.0.7151.119 Mobile Safari/537.36 (compatible; Googlebot/2.1; +http://www.google.com/bot.html)"
66.249.73.163 - - [18/Jul/2025:07:18:06 +0000] "GET /p/forme50198868?id=215126 HTTP/1.1" 200 39944 "-" "Mozilla/5.0 (Linux; Android 6.0.1; Nexus 5X Build/MMB29P) AppleWebKit/537.36 (KHTML, like Gecko) Chrome/137.0.7151.103 Mobile Safari/537.36 (compatible; Googlebot/2.1; +http://www.google.com/bot.html)"
66.249.73.163 - - [18/Jul/2025:07:18:08 +0000] "GET /p/bore52667036?id=2683294 HTTP/1.1" 200 40564 "-" "Mozilla/5.0 (Linux; Android 6.0.1; Nexus 5X Build/MMB29P) AppleWebKit/537.36 (KHTML, like Gecko) Chrome/137.0.7151.103 Mobile Safari/537.36 (compatible; Googlebot/2.1; +http://www.google.com/bot.html)"
66.249.73.163 - - [18/Jul/2025:07:18:10 +0000] "GET /p/cost81905807?id=1922065 HTTP/1.1" 200 41116 "-" "Mozilla/5.0 (Linux; Android 6.0.1; Nexus 5X Build/MMB29P) AppleWebKit/537.36 (KHTML, like Gecko) Chrome/137.0.7151.103 Mobile Safari/537.36 (compatible; Googlebot/2.1; +http://www.google.com/bot.html)"
66.249.73.163 - - [18/Jul/2025:07:18:12 +0000] "GET /p/hardl22836121?id=2852379 HTTP/1.1" 200 40205 "-" "Mozilla/5.0 (Linux; Android 6.0.1; Nexus 5X Build/MMB29P) AppleWebKit/537.36 (KHTML, like Gecko) Chrome/137.0.7151.103 Mobile Safari/537.36 (compatible; Googlebot/2.1; +http://www.google.com/bot.html)"
66.249.73.163 - - [18/Jul/2025:07:18:17 +0000] "GET /p/bleed61026541?id=1042799 HTTP/1.1" 200 40418 "-" "Mozilla/5.0 (Linux; Android 6.0.1; Nexus 5X Build/MMB29P) AppleWebKit/537.36 (KHTML, like Gecko) Chrome/137.0.7151.103 Mobile Safari/537.36 (compatible; Googlebot/2.1; +http://www.google.com/bot.html)"
66.249.73.163 - - [18/Jul/2025:07:18:19 +0000] "GET /p/niece30375546?id=391804 HTTP/1.1" 200 40350 "-" "Mozilla/5.0 (Linux; Android 6.0.1; Nexus 5X Build/MMB29P) AppleWebKit/537.36 (KHTML, like Gecko) Chrome/137.0.7151.103 Mobile Safari/537.36 (compatible; Googlebot/2.1; +http://www.google.com/bot.html)"
66.249.73.163 - - [18/Jul/2025:07:18:22 +0000] "GET /p/quote10391256?id=407514 HTTP/1.1" 200 40157 "-" "Mozilla/5.0 (Linux; Android 6.0.1; Nexus 5X Build/MMB29P) AppleWebKit/537.36 (KHTML, like Gecko) Chrome/137.0.7151.103 Mobile Safari/537.36 (compatible; Googlebot/2.1; +http://www.google.com/bot.html)"
66.249.73.163 - - [18/Jul/2025:07:18:25 +0000] "GET /p/dwell80570991?id=587249 HTTP/1.1" 200 40238 "-" "Mozilla/5.0 (Linux; Android 6.0.1; Nexus 5X Build/MMB29P) AppleWebKit/537.36 (KHTML, like Gecko) Chrome/137.0.7151.103 Mobile Safari/537.36 (compatible; Googlebot/2.1; +http://www.google.com/bot.html)"
66.249.73.163 - - [18/Jul/2025:07:18:27 +0000] "GET /p/dyne50579964?id=596222 HTTP/1.1" 200 40013 "-" "Mozilla/5.0 (Linux; Android 6.0.1; Nexus 5X Build/MMB29P) AppleWebKit/537.36 (KHTML, like Gecko) Chrome/137.0.7151.103 Mobile Safari/537.36 (compatible; Googlebot/2.1; +http://www.google.com/bot.html)"
66.249.73.164 - - [18/Jul/2025:07:18:32 +0000] "GET /p/tenni70521422?id=537680 HTTP/1.1" 200 40012 "-" "Mozilla/5.0 (Linux; Android 6.0.1; Nexus 5X Build/MMB29P) AppleWebKit/537.36 (KHTML, like Gecko) Chrome/137.0.7151.103 Mobile Safari/537.36 (compatible; Googlebot/2.1; +http://www.google.com/bot.html)"
66.249.73.164 - - [18/Jul/2025:07:18:34 +0000] "GET /p/battl60670333?id=686591 HTTP/1.1" 200 40085 "-" "Mozilla/5.0 (Linux; Android 6.0.1; Nexus 5X Build/MMB29P) AppleWebKit/537.36 (KHTML, like Gecko) Chrome/137.0.7151.103 Mobile Safari/537.36 (compatible; Googlebot/2.1; +http://www.google.com/bot.html)"
66.249.73.163 - - [18/Jul/2025:07:18:37 +0000] "GET /p/voyag72351086?id=2367344 HTTP/1.1" 200 40636 "-" "Mozilla/5.0 (Linux; Android 6.0.1; Nexus 5X Build/MMB29P) AppleWebKit/537.36 (KHTML, like Gecko) Chrome/137.0.7151.103 Mobile Safari/537.36 (compatible; Googlebot/2.1; +http://www.google.com/bot.html)"
66.249.73.164 - - [18/Jul/2025:07:18:39 +0000] "GET /p/woode10635288?id=651546 HTTP/1.1" 200 40418 "-" "Mozilla/5.0 (Linux; Android 6.0.1; Nexus 5X Build/MMB29P) AppleWebKit/537.36 (KHTML, like Gecko) Chrome/137.0.7151.103 Mobile Safari/537.36 (compatible; Googlebot/2.1; +http://www.google.com/bot.html)"
66.249.73.164 - - [18/Jul/2025:07:18:39 +0000] "POST /get-message-notify HTTP/1.1" 200 40005 "https://muzza.fit/p/voyag72351086?id=2367344" "Mozilla/5.0 (Linux; Android 6.0.1; Nexus 5X Build/MMB29P) AppleWebKit/537.36 (KHTML, like Gecko) Chrome/137.0.7151.119 Mobile Safari/537.36 (compatible; Googlebot/2.1; +http://www.google.com/bot.html)"
66.249.73.164 - - [18/Jul/2025:07:18:42 +0000] "GET /p/bread10828928?id=845186 HTTP/1.1" 200 40205 "-" "Mozilla/5.0 (Linux; Android 6.0.1; Nexus 5X Build/MMB29P) AppleWebKit/537.36 (KHTML, like Gecko) Chrome/137.0.7151.103 Mobile Safari/537.36 (compatible; Googlebot/2.1; +http://www.google.com/bot.html)"
66.249.73.164 - - [18/Jul/2025:07:18:42 +0000] "POST /get-message-notify HTTP/1.1" 200 40033 "https://muzza.fit/p/woode10635288?id=651546" "Mozilla/5.0 (Linux; Android 6.0.1; Nexus 5X Build/MMB29P) AppleWebKit/537.36 (KHTML, like Gecko) Chrome/137.0.7151.119 Mobile Safari/537.36 (compatible; Googlebot/2.1; +http://www.google.com/bot.html)"
66.249.73.163 - - [18/Jul/2025:07:18:44 +0000] "GET /p/carto81299799?id=1316057 HTTP/1.1" 200 40133 "-" "Mozilla/5.0 (Linux; Android 6.0.1; Nexus 5X Build/MMB29P) AppleWebKit/537.36 (KHTML, like Gecko) Chrome/137.0.7151.103 Mobile Safari/537.36 (compatible; Googlebot/2.1; +http://www.google.com/bot.html)"
66.249.73.164 - - [18/Jul/2025:07:18:46 +0000] "GET /p/equiv61369813?id=1386071 HTTP/1.1" 200 40107 "-" "Mozilla/5.0 (Linux; Android 6.0.1; Nexus 5X Build/MMB29P) AppleWebKit/537.36 (KHTML, like Gecko) Chrome/137.0.7151.103 Mobile Safari/537.36 (compatible; Googlebot/2.1; +http://www.google.com/bot.html)"
66.249.73.165 - - [18/Jul/2025:07:18:53 +0000] "GET /p/whoev62535685?id=2551943 HTTP/1.1" 200 40100 "-" "Mozilla/5.0 (Linux; Android 6.0.1; Nexus 5X Build/MMB29P) AppleWebKit/537.36 (KHTML, like Gecko) Chrome/137.0.7151.103 Mobile Safari/537.36 (compatible; Googlebot/2.1; +http://www.google.com/bot.html)"
66.249.73.164 - - [18/Jul/2025:07:18:56 +0000] "GET /p/mushr41258635?id=1274893 HTTP/1.1" 200 40104 "-" "Mozilla/5.0 (Linux; Android 6.0.1; Nexus 5X Build/MMB29P) AppleWebKit/537.36 (KHTML, like Gecko) Chrome/137.0.7151.103 Mobile Safari/537.36 (compatible; Googlebot/2.1; +http://www.google.com/bot.html)"
66.249.73.164 - - [18/Jul/2025:07:18:59 +0000] "GET /p/crust71534918?id=1551176 HTTP/1.1" 200 40206 "-" "Mozilla/5.0 (Linux; Android 6.0.1; Nexus 5X Build/MMB29P) AppleWebKit/537.36 (KHTML, like Gecko) Chrome/137.0.7151.103 Mobile Safari/537.36 (compatible; Googlebot/2.1; +http://www.google.com/bot.html)"
66.249.73.164 - - [18/Jul/2025:07:19:01 +0000] "GET /p/tea20525113?id=541371 HTTP/1.1" 200 39933 "-" "Mozilla/5.0 (Linux; Android 6.0.1; Nexus 5X Build/MMB29P) AppleWebKit/537.36 (KHTML, like Gecko) Chrome/137.0.7151.103 Mobile Safari/537.36 (compatible; Googlebot/2.1; +http://www.google.com/bot.html)"
66.249.73.163 - - [18/Jul/2025:07:19:02 +0000] "GET /p/exam31785562?id=1801820 HTTP/1.1" 200 40129 "-" "Mozilla/5.0 (Linux; Android 6.0.1; Nexus 5X Build/MMB29P) AppleWebKit/537.36 (KHTML, like Gecko) Chrome/137.0.7151.103 Mobile Safari/537.36 (compatible; Googlebot/2.1; +http://www.google.com/bot.html)"
66.249.73.164 - - [18/Jul/2025:07:19:03 +0000] "GET /p/bye60224957?id=241215 HTTP/1.1" 200 40168 "-" "Mozilla/5.0 (Linux; Android 6.0.1; Nexus 5X Build/MMB29P) AppleWebKit/537.36 (KHTML, like Gecko) Chrome/137.0.7151.103 Mobile Safari/537.36 (compatible; Googlebot/2.1; +http://www.google.com/bot.html)"
66.249.73.163 - - [18/Jul/2025:07:19:06 +0000] "GET /p/merch32834802?id=2851060 HTTP/1.1" 200 40027 "-" "Mozilla/5.0 (Linux; Android 6.0.1; Nexus 5X Build/MMB29P) AppleWebKit/537.36 (KHTML, like Gecko) Chrome/137.0.7151.103 Mobile Safari/537.36 (compatible; Googlebot/2.1; +http://www.google.com/bot.html)"
66.249.73.164 - - [18/Jul/2025:07:19:07 +0000] "POST /get-message-notify HTTP/1.1" 200 40132 "https://muzza.fit/p/bye60224957?id=241215" "Mozilla/5.0 (Linux; Android 6.0.1; Nexus 5X Build/MMB29P) AppleWebKit/537.36 (KHTML, like Gecko) Chrome/137.0.7151.119 Mobile Safari/537.36 (compatible; Googlebot/2.1; +http://www.google.com/bot.html)"
66.249.73.163 - - [18/Jul/2025:07:19:08 +0000] "GET /p/victo11481056?id=1497314 HTTP/1.1" 200 40410 "-" "Mozilla/5.0 (Linux; Android 6.0.1; Nexus 5X Build/MMB29P) AppleWebKit/537.36 (KHTML, like Gecko) Chrome/137.0.7151.103 Mobile Safari/537.36 (compatible; Googlebot/2.1; +http://www.google.com/bot.html)"
66.249.73.163 - - [18/Jul/2025:07:19:09 +0000] "POST /get-message-notify HTTP/1.1" 200 40065 "https://muzza.fit/p/exam31785562?id=1801820" "Mozilla/5.0 (Linux; Android 6.0.1; Nexus 5X Build/MMB29P) AppleWebKit/537.36 (KHTML, like Gecko) Chrome/137.0.7151.119 Mobile Safari/537.36 (compatible; Googlebot/2.1; +http://www.google.com/bot.html)"
66.249.73.163 - - [18/Jul/2025:07:19:11 +0000] "GET /p/dove20263961?id=280219 HTTP/1.1" 200 40032 "-" "Mozilla/5.0 (Linux; Android 6.0.1; Nexus 5X Build/MMB29P) AppleWebKit/537.36 (KHTML, like Gecko) Chrome/137.0.7151.103 Mobile Safari/537.36 (compatible; Googlebot/2.1; +http://www.google.com/bot.html)"
66.249.73.163 - - [18/Jul/2025:07:19:14 +0000] "POST /get-message-notify HTTP/1.1" 200 40135 "https://muzza.fit/p/dyne50579964?id=596222" "Mozilla/5.0 (Linux; Android 6.0.1; Nexus 5X Build/MMB29P) AppleWebKit/537.36 (KHTML, like Gecko) Chrome/137.0.7151.119 Mobile Safari/537.36 (compatible; Googlebot/2.1; +http://www.google.com/bot.html)"
66.249.73.163 - - [18/Jul/2025:07:19:16 +0000] "GET /p/stoma40368099?id=384357 HTTP/1.1" 200 40414 "-" "Mozilla/5.0 (Linux; Android 6.0.1; Nexus 5X Build/MMB29P) AppleWebKit/537.36 (KHTML, like Gecko) Chrome/137.0.7151.103 Mobile Safari/537.36 (compatible; Googlebot/2.1; +http://www.google.com/bot.html)"
66.249.73.163 - - [18/Jul/2025:07:19:17 +0000] "GET /p/oil71444526?id=1460784 HTTP/1.1" 200 39958 "-" "Mozilla/5.0 (Linux; Android 6.0.1; Nexus 5X Build/MMB29P) AppleWebKit/537.36 (KHTML, like Gecko) Chrome/137.0.7151.103 Mobile Safari/537.36 (compatible; Googlebot/2.1; +http://www.google.com/bot.html)"
66.249.73.164 - - [18/Jul/2025:07:19:18 +0000] "GET /p/farm42057051?id=2073309 HTTP/1.1" 200 40033 "-" "Mozilla/5.0 (Linux; Android 6.0.1; Nexus 5X Build/MMB29P) AppleWebKit/537.36 (KHTML, like Gecko) Chrome/137.0.7151.103 Mobile Safari/537.36 (compatible; Googlebot/2.1; +http://www.google.com/bot.html)"
