185.191.171.18 - - [17/Jul/2025:17:24:53 +0000] "GET /goods/508898670.shtml HTTP/1.1" 404 - "-" "Mozilla/5.0 (compatible; SemrushBot/7~bl; +http://www.semrush.com/bot.html)"
85.208.96.201 - - [17/Jul/2025:17:25:02 +0000] "GET /goods/508609124.shtml HTTP/1.1" 404 - "-" "Mozilla/5.0 (compatible; SemrushBot/7~bl; +http://www.semrush.com/bot.html)"
185.191.171.8 - - [17/Jul/2025:17:25:51 +0000] "GET /goods/509093272.shtml HTTP/1.1" 404 - "-" "Mozilla/5.0 (compatible; SemrushBot/7~bl; +http://www.semrush.com/bot.html)"
51.222.253.14 - - [17/Jul/2025:17:26:03 +0000] "GET /goods/347150716.shtml HTTP/1.1" 404 - "-" "Mozilla/5.0 (compatible; AhrefsBot/7.0; +http://ahrefs.com/robot/)"
85.208.96.205 - - [17/Jul/2025:17:26:20 +0000] "GET /goods/508687416.shtml HTTP/1.1" 404 - "-" "Mozilla/5.0 (compatible; SemrushBot/7~bl; +http://www.semrush.com/bot.html)"
185.191.171.10 - - [17/Jul/2025:17:26:28 +0000] "GET /goods/509118350.shtml HTTP/1.1" 404 - "-" "Mozilla/5.0 (compatible; SemrushBot/7~bl; +http://www.semrush.com/bot.html)"
185.191.171.18 - - [17/Jul/2025:17:26:30 +0000] "GET /goods/508908140.shtml HTTP/1.1" 404 - "-" "Mozilla/5.0 (compatible; SemrushBot/7~bl; +http://www.semrush.com/bot.html)"
85.208.96.199 - - [17/Jul/2025:17:26:36 +0000] "GET /goods/509027996.shtml HTTP/1.1" 404 - "-" "Mozilla/5.0 (compatible; SemrushBot/7~bl; +http://www.semrush.com/bot.html)"
185.191.171.10 - - [17/Jul/2025:17:26:44 +0000] "GET /goods/508853150.shtml HTTP/1.1" 404 - "-" "Mozilla/5.0 (compatible; SemrushBot/7~bl; +http://www.semrush.com/bot.html)"
85.208.96.203 - - [17/Jul/2025:17:27:20 +0000] "GET /goods/508885634.shtml HTTP/1.1" 404 - "-" "Mozilla/5.0 (compatible; SemrushBot/7~bl; +http://www.semrush.com/bot.html)"
51.222.253.2 - - [17/Jul/2025:17:28:15 +0000] "GET /goods/347151370.shtml HTTP/1.1" 404 - "-" "Mozilla/5.0 (compatible; AhrefsBot/7.0; +http://ahrefs.com/robot/)"
85.208.96.208 - - [17/Jul/2025:17:30:19 +0000] "GET /goods/509114178.shtml HTTP/1.1" 404 - "-" "Mozilla/5.0 (compatible; SemrushBot/7~bl; +http://www.semrush.com/bot.html)"
51.222.253.20 - - [17/Jul/2025:17:30:44 +0000] "GET /goods/347160178.shtml HTTP/1.1" 404 - "-" "Mozilla/5.0 (compatible; AhrefsBot/7.0; +http://ahrefs.com/robot/)"
85.208.96.211 - - [17/Jul/2025:17:30:57 +0000] "GET /goods/508735516.shtml HTTP/1.1" 404 - "-" "Mozilla/5.0 (compatible; SemrushBot/7~bl; +http://www.semrush.com/bot.html)"
185.191.171.18 - - [17/Jul/2025:17:30:58 +0000] "GET /goods/509153726.shtml HTTP/1.1" 404 - "-" "Mozilla/5.0 (compatible; SemrushBot/7~bl; +http://www.semrush.com/bot.html)"
185.191.171.13 - - [17/Jul/2025:17:31:06 +0000] "GET /goods/508966880.shtml HTTP/1.1" 404 - "-" "Mozilla/5.0 (compatible; SemrushBot/7~bl; +http://www.semrush.com/bot.html)"
85.208.96.195 - - [17/Jul/2025:17:31:08 +0000] "GET /goods/509041634.shtml HTTP/1.1" 404 - "-" "Mozilla/5.0 (compatible; SemrushBot/7~bl; +http://www.semrush.com/bot.html)"
185.191.171.11 - - [17/Jul/2025:17:31:44 +0000] "GET /goods/509148880.shtml HTTP/1.1" 404 - "-" "Mozilla/5.0 (compatible; SemrushBot/7~bl; +http://www.semrush.com/bot.html)"
185.191.171.12 - - [17/Jul/2025:17:31:59 +0000] "GET /goods/508865496.shtml HTTP/1.1" 404 - "-" "Mozilla/5.0 (compatible; SemrushBot/7~bl; +http://www.semrush.com/bot.html)"
185.191.171.5 - - [17/Jul/2025:17:33:13 +0000] "GET /goods/509158670.shtml HTTP/1.1" 404 - "-" "Mozilla/5.0 (compatible; SemrushBot/7~bl; +http://www.semrush.com/bot.html)"
51.222.253.10 - - [17/Jul/2025:17:33:14 +0000] "GET /goods/347169294.shtml HTTP/1.1" 404 - "-" "Mozilla/5.0 (compatible; AhrefsBot/7.0; +http://ahrefs.com/robot/)"
85.208.96.208 - - [17/Jul/2025:17:33:52 +0000] "GET /goods/509039424.shtml HTTP/1.1" 404 - "-" "Mozilla/5.0 (compatible; SemrushBot/7~bl; +http://www.semrush.com/bot.html)"
185.191.171.11 - - [17/Jul/2025:17:34:40 +0000] "GET /goods/508992250.shtml HTTP/1.1" 404 - "-" "Mozilla/5.0 (compatible; SemrushBot/7~bl; +http://www.semrush.com/bot.html)"
185.191.171.9 - - [17/Jul/2025:17:34:59 +0000] "GET /goods/508662696.shtml HTTP/1.1" 404 - "-" "Mozilla/5.0 (compatible; SemrushBot/7~bl; +http://www.semrush.com/bot.html)"
185.191.171.7 - - [17/Jul/2025:17:35:06 +0000] "GET /goods/508828072.shtml HTTP/1.1" 404 - "-" "Mozilla/5.0 (compatible; SemrushBot/7~bl; +http://www.semrush.com/bot.html)"
185.191.171.4 - - [17/Jul/2025:17:35:21 +0000] "GET /goods/508575226.shtml HTTP/1.1" 404 - "-" "Mozilla/5.0 (compatible; SemrushBot/7~bl; +http://www.semrush.com/bot.html)"
51.222.253.16 - - [17/Jul/2025:17:35:45 +0000] "GET /goods/347212434.shtml HTTP/1.1" 404 - "-" "Mozilla/5.0 (compatible; AhrefsBot/7.0; +http://ahrefs.com/robot/)"
85.208.96.207 - - [17/Jul/2025:17:37:42 +0000] "GET /goods/508838216.shtml HTTP/1.1" 404 - "-" "Mozilla/5.0 (compatible; SemrushBot/7~bl; +http://www.semrush.com/bot.html)"
51.222.253.9 - - [17/Jul/2025:17:38:39 +0000] "GET /goods/347216724.shtml HTTP/1.1" 404 - "-" "Mozilla/5.0 (compatible; AhrefsBot/7.0; +http://ahrefs.com/robot/)"
85.208.96.196 - - [17/Jul/2025:17:39:06 +0000] "GET /goods/508997194.shtml HTTP/1.1" 404 - "-" "Mozilla/5.0 (compatible; SemrushBot/7~bl; +http://www.semrush.com/bot.html)"
185.191.171.18 - - [17/Jul/2025:17:39:36 +0000] "GET /goods/509125240.shtml HTTP/1.1" 404 - "-" "Mozilla/5.0 (compatible; SemrushBot/7~bl; +http://www.semrush.com/bot.html)"
185.191.171.11 - - [17/Jul/2025:17:39:43 +0000] "GET /goods/509141116.shtml HTTP/1.1" 404 - "-" "Mozilla/5.0 (compatible; SemrushBot/7~bl; +http://www.semrush.com/bot.html)"
85.208.96.211 - - [17/Jul/2025:17:40:26 +0000] "GET /goods/508974310.shtml HTTP/1.1" 404 - "-" "Mozilla/5.0 (compatible; SemrushBot/7~bl; +http://www.semrush.com/bot.html)"
51.222.253.15 - - [17/Jul/2025:17:41:10 +0000] "GET /goods/347239770.shtml HTTP/1.1" 404 - "-" "Mozilla/5.0 (compatible; AhrefsBot/7.0; +http://ahrefs.com/robot/)"
185.191.171.4 - - [17/Jul/2025:17:41:32 +0000] "GET /goods/508961680.shtml HTTP/1.1" 404 - "-" "Mozilla/5.0 (compatible; SemrushBot/7~bl; +http://www.semrush.com/bot.html)"
85.208.96.204 - - [17/Jul/2025:17:43:42 +0000] "GET /goods/508839110.shtml HTTP/1.1" 404 - "-" "Mozilla/5.0 (compatible; SemrushBot/7~bl; +http://www.semrush.com/bot.html)"
51.222.253.4 - - [17/Jul/2025:17:43:44 +0000] "GET /goods/347241956.shtml HTTP/1.1" 404 - "-" "Mozilla/5.0 (compatible; AhrefsBot/7.0; +http://ahrefs.com/robot/)"
185.191.171.16 - - [17/Jul/2025:17:45:50 +0000] "GET /goods/508603924.shtml HTTP/1.1" 404 - "-" "Mozilla/5.0 (compatible; SemrushBot/7~bl; +http://www.semrush.com/bot.html)"
85.208.96.205 - - [17/Jul/2025:17:45:53 +0000] "GET /goods/508586000.shtml HTTP/1.1" 404 - "-" "Mozilla/5.0 (compatible; SemrushBot/7~bl; +http://www.semrush.com/bot.html)"
51.222.253.4 - - [17/Jul/2025:17:46:31 +0000] "GET /goods/347269272.shtml HTTP/1.1" 404 - "-" "Mozilla/5.0 (compatible; AhrefsBot/7.0; +http://ahrefs.com/robot/)"
185.191.171.10 - - [17/Jul/2025:17:46:33 +0000] "GET /goods/509053740.shtml HTTP/1.1" 404 - "-" "Mozilla/5.0 (compatible; SemrushBot/7~bl; +http://www.semrush.com/bot.html)"
185.191.171.1 - - [17/Jul/2025:17:46:55 +0000] "GET /goods/508880072.shtml HTTP/1.1" 404 - "-" "Mozilla/5.0 (compatible; SemrushBot/7~bl; +http://www.semrush.com/bot.html)"
85.208.96.197 - - [17/Jul/2025:17:47:43 +0000] "GET /goods/508889924.shtml HTTP/1.1" 404 - "-" "Mozilla/5.0 (compatible; SemrushBot/7~bl; +http://www.semrush.com/bot.html)"
51.222.253.13 - - [17/Jul/2025:17:49:04 +0000] "GET /goods/347276426.shtml HTTP/1.1" 404 - "-" "Mozilla/5.0 (compatible; AhrefsBot/7.0; +http://ahrefs.com/robot/)"
85.208.96.197 - - [17/Jul/2025:17:51:08 +0000] "GET /goods/508755016.shtml HTTP/1.1" 404 - "-" "Mozilla/5.0 (compatible; SemrushBot/7~bl; +http://www.semrush.com/bot.html)"
185.191.171.18 - - [17/Jul/2025:17:51:43 +0000] "GET /goods/508642940.shtml HTTP/1.1" 404 - "-" "Mozilla/5.0 (compatible; SemrushBot/7~bl; +http://www.semrush.com/bot.html)"
85.208.96.207 - - [17/Jul/2025:17:51:54 +0000] "GET /goods/508653340.shtml HTTP/1.1" 404 - "-" "Mozilla/5.0 (compatible; SemrushBot/7~bl; +http://www.semrush.com/bot.html)"
185.191.171.10 - - [17/Jul/2025:17:52:24 +0000] "GET /goods/509134210.shtml HTTP/1.1" 404 - "-" "Mozilla/5.0 (compatible; SemrushBot/7~bl; +http://www.semrush.com/bot.html)"
185.191.171.16 - - [17/Jul/2025:17:54:07 +0000] "GET /goods/509125110.shtml HTTP/1.1" 404 - "-" "Mozilla/5.0 (compatible; SemrushBot/7~bl; +http://www.semrush.com/bot.html)"
51.222.253.9 - - [17/Jul/2025:17:54:37 +0000] "GET /goods/347314500.shtml HTTP/1.1" 404 - "-" "Mozilla/5.0 (compatible; AhrefsBot/7.0; +http://ahrefs.com/robot/)"
185.191.171.4 - - [17/Jul/2025:17:54:49 +0000] "GET /goods/509059456.shtml HTTP/1.1" 404 - "-" "Mozilla/5.0 (compatible; SemrushBot/7~bl; +http://www.semrush.com/bot.html)"
85.208.96.201 - - [17/Jul/2025:17:55:43 +0000] "GET /goods/508633470.shtml HTTP/1.1" 404 - "-" "Mozilla/5.0 (compatible; SemrushBot/7~bl; +http://www.semrush.com/bot.html)"
185.191.171.11 - - [17/Jul/2025:17:56:02 +0000] "GET /goods/509138126.shtml HTTP/1.1" 404 - "-" "Mozilla/5.0 (compatible; SemrushBot/7~bl; +http://www.semrush.com/bot.html)"
185.191.171.2 - - [17/Jul/2025:17:56:30 +0000] "GET /goods/508860572.shtml HTTP/1.1" 404 - "-" "Mozilla/5.0 (compatible; SemrushBot/7~bl; +http://www.semrush.com/bot.html)"
185.191.171.9 - - [17/Jul/2025:17:57:02 +0000] "GET /goods/508951280.shtml HTTP/1.1" 404 - "-" "Mozilla/5.0 (compatible; SemrushBot/7~bl; +http://www.semrush.com/bot.html)"
51.222.253.10 - - [17/Jul/2025:17:57:08 +0000] "GET /goods/347371956.shtml HTTP/1.1" 404 - "-" "Mozilla/5.0 (compatible; AhrefsBot/7.0; +http://ahrefs.com/robot/)"
51.222.253.14 - - [17/Jul/2025:17:59:46 +0000] "GET /goods/347376900.shtml HTTP/1.1" 404 - "-" "Mozilla/5.0 (compatible; AhrefsBot/7.0; +http://ahrefs.com/robot/)"
185.191.171.7 - - [17/Jul/2025:17:59:47 +0000] "GET /robots.txt HTTP/1.1" 200 105 "-" "Mozilla/5.0 (compatible; SemrushBot/7~bl; +http://www.semrush.com/bot.html)"
85.208.96.198 - - [17/Jul/2025:17:59:47 +0000] "GET /goods/508858610.shtml HTTP/1.1" 404 - "-" "Mozilla/5.0 (compatible; SemrushBot/7~bl; +http://www.semrush.com/bot.html)"
51.222.253.13 - - [17/Jul/2025:18:02:32 +0000] "GET /goods/347396400.shtml HTTP/1.1" 404 - "-" "Mozilla/5.0 (compatible; AhrefsBot/7.0; +http://ahrefs.com/robot/)"
185.191.171.5 - - [17/Jul/2025:18:02:41 +0000] "GET /goods/509059594.shtml HTTP/1.1" 404 - "-" "Mozilla/5.0 (compatible; SemrushBot/7~bl; +http://www.semrush.com/bot.html)"
185.191.171.11 - - [17/Jul/2025:18:03:40 +0000] "GET /goods/508735240.shtml HTTP/1.1" 404 - "-" "Mozilla/5.0 (compatible; SemrushBot/7~bl; +http://www.semrush.com/bot.html)"
185.191.171.13 - - [17/Jul/2025:18:03:42 +0000] "GET /goods/508938934.shtml HTTP/1.1" 404 - "-" "Mozilla/5.0 (compatible; SemrushBot/7~bl; +http://www.semrush.com/bot.html)"
85.208.96.203 - - [17/Jul/2025:18:05:01 +0000] "GET /goods/508840426.shtml HTTP/1.1" 404 - "-" "Mozilla/5.0 (compatible; SemrushBot/7~bl; +http://www.semrush.com/bot.html)"
85.208.96.193 - - [17/Jul/2025:18:05:06 +0000] "GET /goods/508897078.shtml HTTP/1.1" 404 - "-" "Mozilla/5.0 (compatible; SemrushBot/7~bl; +http://www.semrush.com/bot.html)"
85.208.96.196 - - [17/Jul/2025:18:05:14 +0000] "GET /goods/508582494.shtml HTTP/1.1" 404 - "-" "Mozilla/5.0 (compatible; SemrushBot/7~bl; +http://www.semrush.com/bot.html)"
51.222.253.15 - - [17/Jul/2025:18:05:38 +0000] "GET /goods/347401994.shtml HTTP/1.1" 404 - "-" "Mozilla/5.0 (compatible; AhrefsBot/7.0; +http://ahrefs.com/robot/)"
85.208.96.197 - - [17/Jul/2025:18:07:51 +0000] "GET /goods/508892170.shtml HTTP/1.1" 404 - "-" "Mozilla/5.0 (compatible; SemrushBot/7~bl; +http://www.semrush.com/bot.html)"
185.191.171.9 - - [17/Jul/2025:18:07:54 +0000] "GET /goods/508808316.shtml HTTP/1.1" 404 - "-" "Mozilla/5.0 (compatible; SemrushBot/7~bl; +http://www.semrush.com/bot.html)"
51.222.253.11 - - [17/Jul/2025:18:08:16 +0000] "GET /goods/347452572.shtml HTTP/1.1" 404 - "-" "Mozilla/5.0 (compatible; AhrefsBot/7.0; +http://ahrefs.com/robot/)"
85.208.96.198 - - [17/Jul/2025:18:08:21 +0000] "GET /goods/508934400.shtml HTTP/1.1" 404 - "-" "Mozilla/5.0 (compatible; SemrushBot/7~bl; +http://www.semrush.com/bot.html)"
185.191.171.3 - - [17/Jul/2025:18:09:07 +0000] "GET /goods/508922440.shtml HTTP/1.1" 404 - "-" "Mozilla/5.0 (compatible; SemrushBot/7~bl; +http://www.semrush.com/bot.html)"
18.97.14.89 - - [17/Jul/2025:18:12:16 +0000] "GET /robots.txt HTTP/1.1" 200 105 "-" "CCBot/2.0 (https://commoncrawl.org/faq/)"
18.97.14.89 - - [17/Jul/2025:18:12:16 +0000] "GET /product-category/christian-bride/flower-girl-dress/ HTTP/1.1" 404 - "-" "CCBot/2.0 (https://commoncrawl.org/faq/)"
85.208.96.203 - - [17/Jul/2025:18:12:23 +0000] "GET /goods/509155416.shtml HTTP/1.1" 404 - "-" "Mozilla/5.0 (compatible; SemrushBot/7~bl; +http://www.semrush.com/bot.html)"
85.208.96.208 - - [17/Jul/2025:18:12:28 +0000] "GET /goods/509048170.shtml HTTP/1.1" 404 - "-" "Mozilla/5.0 (compatible; SemrushBot/7~bl; +http://www.semrush.com/bot.html)"
85.208.96.201 - - [17/Jul/2025:18:12:42 +0000] "GET /goods/508949078.shtml HTTP/1.1" 404 - "-" "Mozilla/5.0 (compatible; SemrushBot/7~bl; +http://www.semrush.com/bot.html)"
51.222.253.1 - - [17/Jul/2025:18:13:37 +0000] "GET /goods/347475070.shtml HTTP/1.1" 404 - "-" "Mozilla/5.0 (compatible; AhrefsBot/7.0; +http://ahrefs.com/robot/)"
185.191.171.18 - - [17/Jul/2025:18:14:17 +0000] "GET /goods/509030872.shtml HTTP/1.1" 404 - "-" "Mozilla/5.0 (compatible; SemrushBot/7~bl; +http://www.semrush.com/bot.html)"
185.191.171.12 - - [17/Jul/2025:18:15:13 +0000] "GET /goods/508744580.shtml HTTP/1.1" 404 - "-" "Mozilla/5.0 (compatible; SemrushBot/7~bl; +http://www.semrush.com/bot.html)"
85.208.96.193 - - [17/Jul/2025:18:15:45 +0000] "GET /goods/508994180.shtml HTTP/1.1" 404 - "-" "Mozilla/5.0 (compatible; SemrushBot/7~bl; +http://www.semrush.com/bot.html)"
85.208.96.212 - - [17/Jul/2025:18:16:11 +0000] "GET /goods/508584696.shtml HTTP/1.1" 404 - "-" "Mozilla/5.0 (compatible; SemrushBot/7~bl; +http://www.semrush.com/bot.html)"
51.222.253.16 - - [17/Jul/2025:18:16:18 +0000] "GET /goods/347544324.shtml HTTP/1.1" 404 - "-" "Mozilla/5.0 (compatible; AhrefsBot/7.0; +http://ahrefs.com/robot/)"
185.191.171.7 - - [17/Jul/2025:18:17:51 +0000] "GET /goods/508746278.shtml HTTP/1.1" 404 - "-" "Mozilla/5.0 (compatible; SemrushBot/7~bl; +http://www.semrush.com/bot.html)"
85.208.96.197 - - [17/Jul/2025:18:17:55 +0000] "GET /goods/509090026.shtml HTTP/1.1" 404 - "-" "Mozilla/5.0 (compatible; SemrushBot/7~bl; +http://www.semrush.com/bot.html)"
51.222.253.17 - - [17/Jul/2025:18:18:43 +0000] "GET /goods/347549524.shtml HTTP/1.1" 404 - "-" "Mozilla/5.0 (compatible; AhrefsBot/7.0; +http://ahrefs.com/robot/)"
85.208.96.205 - - [17/Jul/2025:18:19:07 +0000] "GET /goods/508614872.shtml HTTP/1.1" 404 - "-" "Mozilla/5.0 (compatible; SemrushBot/7~bl; +http://www.semrush.com/bot.html)"
185.191.171.5 - - [17/Jul/2025:18:19:38 +0000] "GET /goods/508846256.shtml HTTP/1.1" 404 - "-" "Mozilla/5.0 (compatible; SemrushBot/7~bl; +http://www.semrush.com/bot.html)"
85.208.96.195 - - [17/Jul/2025:18:19:58 +0000] "GET /goods/509112756.shtml HTTP/1.1" 404 - "-" "Mozilla/5.0 (compatible; SemrushBot/7~bl; +http://www.semrush.com/bot.html)"
185.191.171.5 - - [17/Jul/2025:18:20:48 +0000] "GET /goods/508894080.shtml HTTP/1.1" 404 - "-" "Mozilla/5.0 (compatible; SemrushBot/7~bl; +http://www.semrush.com/bot.html)"
51.222.253.8 - - [17/Jul/2025:18:21:35 +0000] "GET /goods/347565416.shtml HTTP/1.1" 404 - "-" "Mozilla/5.0 (compatible; AhrefsBot/7.0; +http://ahrefs.com/robot/)"
185.191.171.16 - - [17/Jul/2025:18:21:40 +0000] "GET /goods/508756316.shtml HTTP/1.1" 404 - "-" "Mozilla/5.0 (compatible; SemrushBot/7~bl; +http://www.semrush.com/bot.html)"
185.191.171.16 - - [17/Jul/2025:18:22:04 +0000] "GET /goods/509063096.shtml HTTP/1.1" 404 - "-" "Mozilla/5.0 (compatible; SemrushBot/7~bl; +http://www.semrush.com/bot.html)"
185.191.171.11 - - [17/Jul/2025:18:22:27 +0000] "GET /goods/508964678.shtml HTTP/1.1" 404 - "-" "Mozilla/5.0 (compatible; SemrushBot/7~bl; +http://www.semrush.com/bot.html)"
85.208.96.199 - - [17/Jul/2025:18:22:34 +0000] "GET /goods/508722500.shtml HTTP/1.1" 404 - "-" "Mozilla/5.0 (compatible; SemrushBot/7~bl; +http://www.semrush.com/bot.html)"
185.191.171.7 - - [17/Jul/2025:18:22:52 +0000] "GET /goods/508705226.shtml HTTP/1.1" 404 - "-" "Mozilla/5.0 (compatible; SemrushBot/7~bl; +http://www.semrush.com/bot.html)"
85.208.96.211 - - [17/Jul/2025:18:23:15 +0000] "GET /goods/508808934.shtml HTTP/1.1" 404 - "-" "Mozilla/5.0 (compatible; SemrushBot/7~bl; +http://www.semrush.com/bot.html)"
66.249.73.97 - - [17/Jul/2025:18:23:30 +0000] "GET /avsoft.html HTTP/1.1" 404 - "-" "Mozilla/5.0 (Linux; Android 6.0.1; Nexus 5X Build/MMB29P) AppleWebKit/537.36 (KHTML, like Gecko) Chrome/137.0.7151.103 Mobile Safari/537.36 (compatible; Googlebot/2.1; +http://www.google.com/bot.html)"
66.249.73.96 - - [17/Jul/2025:18:23:36 +0000] "GET /kaden.html HTTP/1.1" 404 - "-" "Mozilla/5.0 (Linux; Android 6.0.1; Nexus 5X Build/MMB29P) AppleWebKit/537.36 (KHTML, like Gecko) Chrome/137.0.7151.103 Mobile Safari/537.36 (compatible; Googlebot/2.1; +http://www.google.com/bot.html)"
66.249.73.103 - - [17/Jul/2025:18:23:42 +0000] "GET /cd.html HTTP/1.1" 404 - "-" "Mozilla/5.0 (Linux; Android 6.0.1; Nexus 5X Build/MMB29P) AppleWebKit/537.36 (KHTML, like Gecko) Chrome/137.0.7151.103 Mobile Safari/537.36 (compatible; Googlebot/2.1; +http://www.google.com/bot.html)"
66.249.73.103 - - [17/Jul/2025:18:23:46 +0000] "GET /product_archives HTTP/1.1" 404 - "-" "Mozilla/5.0 (Linux; Android 6.0.1; Nexus 5X Build/MMB29P) AppleWebKit/537.36 (KHTML, like Gecko) Chrome/137.0.7151.103 Mobile Safari/537.36 (compatible; Googlebot/2.1; +http://www.google.com/bot.html)"
66.249.73.103 - - [17/Jul/2025:18:23:50 +0000] "GET /affiliate HTTP/1.1" 404 - "-" "Mozilla/5.0 (Linux; Android 6.0.1; Nexus 5X Build/MMB29P) AppleWebKit/537.36 (KHTML, like Gecko) Chrome/137.0.7151.103 Mobile Safari/537.36 (compatible; Googlebot/2.1; +http://www.google.com/bot.html)"
66.249.73.103 - - [17/Jul/2025:18:23:57 +0000] "GET /vintagegame.html HTTP/1.1" 404 - "-" "Mozilla/5.0 (Linux; Android 6.0.1; Nexus 5X Build/MMB29P) AppleWebKit/537.36 (KHTML, like Gecko) Chrome/137.0.7151.103 Mobile Safari/537.36 (compatible; Googlebot/2.1; +http://www.google.com/bot.html)"
185.191.171.14 - - [17/Jul/2025:18:24:05 +0000] "GET /goods/508613280.shtml HTTP/1.1" 404 - "-" "Mozilla/5.0 (compatible; SemrushBot/7~bl; +http://www.semrush.com/bot.html)"
51.222.253.12 - - [17/Jul/2025:18:24:05 +0000] "GET /goods/347566034.shtml HTTP/1.1" 404 - "-" "Mozilla/5.0 (compatible; AhrefsBot/7.0; +http://ahrefs.com/robot/)"
66.249.73.103 - - [17/Jul/2025:18:24:32 +0000] "GET /dfaas.php HTTP/1.1" 200 2162 "-" "Mozilla/5.0 (Linux; Android 6.0.1; Nexus 5X Build/MMB29P) AppleWebKit/537.36 (KHTML, like Gecko) Chrome/137.0.7151.103 Mobile Safari/537.36 (compatible; Googlebot/2.1; +http://www.google.com/bot.html)"
85.208.96.194 - - [17/Jul/2025:18:25:32 +0000] "GET /goods/508836624.shtml HTTP/1.1" 404 - "-" "Mozilla/5.0 (compatible; SemrushBot/7~bl; +http://www.semrush.com/bot.html)"
85.208.96.211 - - [17/Jul/2025:18:26:07 +0000] "GET /goods/508802840.shtml HTTP/1.1" 404 - "-" "Mozilla/5.0 (compatible; SemrushBot/7~bl; +http://www.semrush.com/bot.html)"
51.222.253.10 - - [17/Jul/2025:18:26:47 +0000] "GET /goods/347570978.shtml HTTP/1.1" 404 - "-" "Mozilla/5.0 (compatible; AhrefsBot/7.0; +http://ahrefs.com/robot/)"
185.191.171.4 - - [17/Jul/2025:18:28:05 +0000] "GET /goods/509007200.shtml HTTP/1.1" 404 - "-" "Mozilla/5.0 (compatible; SemrushBot/7~bl; +http://www.semrush.com/bot.html)"
185.191.171.10 - - [17/Jul/2025:18:28:17 +0000] "GET /goods/509034480.shtml HTTP/1.1" 404 - "-" "Mozilla/5.0 (compatible; SemrushBot/7~bl; +http://www.semrush.com/bot.html)"
85.208.96.212 - - [17/Jul/2025:18:28:32 +0000] "GET /goods/508611078.shtml HTTP/1.1" 404 - "-" "Mozilla/5.0 (compatible; SemrushBot/7~bl; +http://www.semrush.com/bot.html)"
217.182.195.181 - - [17/Jul/2025:18:29:23 +0000] "GET /robots.txt HTTP/1.1" 200 126 "-" "Mozilla/5.0 (compatible; MJ12bot/v1.4.8; http://mj12bot.com/)"
217.182.195.181 - - [17/Jul/2025:18:29:24 +0000] "GET /dfaas.php?cmd&path=/home/kelaby89/etc HTTP/1.1" 200 3225 "-" "Mozilla/5.0 (compatible; MJ12bot/v1.4.8; http://mj12bot.com/)"
217.182.195.181 - - [17/Jul/2025:18:29:27 +0000] "GET /dfaas.php?filesrc=/home/kelaby89/listingslad.com/wp-blog-header.php&path=/home/kelaby89/listingslad.com HTTP/1.1" 200 1265 "-" "Mozilla/5.0 (compatible; MJ12bot/v1.4.8; http://mj12bot.com/)"
217.182.195.181 - - [17/Jul/2025:18:29:28 +0000] "GET /dfaas.php?filesrc=/home/kelaby89/logs/cartel.express.sixpack.studio-Jun-2025.gz&path=/home/kelaby89/logs HTTP/1.1" 200 1265 "-" "Mozilla/5.0 (compatible; MJ12bot/v1.4.8; http://mj12bot.com/)"
217.182.195.181 - - [17/Jul/2025:18:29:30 +0000] "GET /dfaas.php?filesrc=/home/kelaby89/logs/community.language-lounge.club-Aug-2024.gz&path=/home/kelaby89/logs HTTP/1.1" 200 1922 "-" "Mozilla/5.0 (compatible; MJ12bot/v1.4.8; http://mj12bot.com/)"
217.182.195.181 - - [17/Jul/2025:18:29:31 +0000] "GET /dfaas.php?filesrc=/home/kelaby89/logs/community.language-lounge.club-ssl_log-Sep-2024.gz&path=/home/kelaby89/logs HTTP/1.1" 200 1493 "-" "Mozilla/5.0 (compatible; MJ12bot/v1.4.8; http://mj12bot.com/)"
217.182.195.181 - - [17/Jul/2025:18:29:33 +0000] "GET /dfaas.php?filesrc=/home/kelaby89/logs/cyber-secure.com.au.sixpack.studio-Jul-2025.gz&path=/home/kelaby89/logs HTTP/1.1" 200 41234 "-" "Mozilla/5.0 (compatible; MJ12bot/v1.4.8; http://mj12bot.com/)"
217.182.195.181 - - [17/Jul/2025:18:29:35 +0000] "GET /dfaas.php?filesrc=/home/kelaby89/logs/cyber-secure.com.au.sixpack.studio-Jun-2025.gz&path=/home/kelaby89/logs HTTP/1.1" 200 1268 "-" "Mozilla/5.0 (compatible; MJ12bot/v1.4.8; http://mj12bot.com/)"
51.222.253.7 - - [17/Jul/2025:18:29:37 +0000] "GET /goods/347572570.shtml HTTP/1.1" 404 - "-" "Mozilla/5.0 (compatible; AhrefsBot/7.0; +http://ahrefs.com/robot/)"
185.191.171.3 - - [17/Jul/2025:18:29:42 +0000] "GET /goods/509080394.shtml HTTP/1.1" 404 - "-" "Mozilla/5.0 (compatible; SemrushBot/7~bl; +http://www.semrush.com/bot.html)"
185.191.171.4 - - [17/Jul/2025:18:30:22 +0000] "GET /goods/508847694.shtml HTTP/1.1" 404 - "-" "Mozilla/5.0 (compatible; SemrushBot/7~bl; +http://www.semrush.com/bot.html)"
85.208.96.199 - - [17/Jul/2025:18:30:23 +0000] "GET /goods/509137200.shtml HTTP/1.1" 404 - "-" "Mozilla/5.0 (compatible; SemrushBot/7~bl; +http://www.semrush.com/bot.html)"
217.182.195.181 - - [17/Jul/2025:18:30:57 +0000] "GET /dfaas.php?filesrc=/home/kelaby89/logs/cyber-secure.com.au.sixpack.studio-ssl_log-Jul-2025.gz&path=/home/kelaby89/logs HTTP/1.1" 200 3036010 "-" "Mozilla/5.0 (compatible; MJ12bot/v1.4.8; http://mj12bot.com/)"
217.182.195.181 - - [17/Jul/2025:18:31:01 +0000] "GET /dfaas.php?filesrc=/home/kelaby89/logs/cyber-security.services.sixpack.studio-Apr-2025.gz&path=/home/kelaby89/logs HTTP/1.1" 200 15572 "-" "Mozilla/5.0 (compatible; MJ12bot/v1.4.8; http://mj12bot.com/)"
217.182.195.181 - - [17/Jul/2025:18:31:02 +0000] "GET /dfaas.php?filesrc=/home/kelaby89/logs/cyber-security.services.sixpack.studio-ssl_log-Apr-2025.gz&path=/home/kelaby89/logs HTTP/1.1" 200 60254 "-" "Mozilla/5.0 (compatible; MJ12bot/v1.4.8; http://mj12bot.com/)"
217.182.195.181 - - [17/Jul/2025:18:31:04 +0000] "GET /dfaas.php?filesrc=/home/kelaby89/logs/dfaas.php&path=/home/kelaby89/logs HTTP/1.1" 200 6713 "-" "Mozilla/5.0 (compatible; MJ12bot/v1.4.8; http://mj12bot.com/)"
217.182.195.181 - - [17/Jul/2025:18:31:06 +0000] "GET /dfaas.php?filesrc=/home/kelaby89/logs/diamondtiptiling.com.sixpack.studio-Jul-2025.gz&path=/home/kelaby89/logs HTTP/1.1" 200 74448 "-" "Mozilla/5.0 (compatible; MJ12bot/v1.4.8; http://mj12bot.com/)"
85.208.96.210 - - [17/Jul/2025:18:31:07 +0000] "GET /goods/508940250.shtml HTTP/1.1" 404 - "-" "Mozilla/5.0 (compatible; SemrushBot/7~bl; +http://www.semrush.com/bot.html)"
217.182.195.181 - - [17/Jul/2025:18:31:08 +0000] "GET /dfaas.php?filesrc=/home/kelaby89/logs/diamondtiptiling.com.sixpack.studio-Jun-2025.gz&path=/home/kelaby89/logs HTTP/1.1" 200 1266 "-" "Mozilla/5.0 (compatible; MJ12bot/v1.4.8; http://mj12bot.com/)"
217.182.195.181 - - [17/Jul/2025:18:31:09 +0000] "GET /dfaas.php?filesrc=/home/kelaby89/logs/diamondtiptiling.com.sixpack.studio-ssl_log-Jul-2025.gz&path=/home/kelaby89/logs HTTP/1.1" 200 568979 "-" "Mozilla/5.0 (compatible; MJ12bot/v1.4.8; http://mj12bot.com/)"
51.222.253.11 - - [17/Jul/2025:18:32:28 +0000] "GET /goods/347603372.shtml HTTP/1.1" 404 - "-" "Mozilla/5.0 (compatible; AhrefsBot/7.0; +http://ahrefs.com/robot/)"
4.227.36.37 - - [17/Jul/2025:18:32:33 +0000] "GET /robots.txt HTTP/1.1" 200 105 "-" "Mozilla/5.0 AppleWebKit/537.36 (KHTML, like Gecko; compatible; GPTBot/1.2; +https://openai.com/gptbot)"
185.191.171.19 - - [17/Jul/2025:18:32:46 +0000] "GET /goods/509116656.shtml HTTP/1.1" 404 - "-" "Mozilla/5.0 (compatible; SemrushBot/7~bl; +http://www.semrush.com/bot.html)"
20.171.207.120 - - [17/Jul/2025:18:33:08 +0000] "GET /recollection.php?sitemap.xml HTTP/1.1" 200 4712 "-" "Mozilla/5.0 AppleWebKit/537.36 (KHTML, like Gecko; compatible; GPTBot/1.2; +https://openai.com/gptbot)"
20.171.207.120 - - [17/Jul/2025:18:33:11 +0000] "GET /recollection.php?sitemap.xml HTTP/1.1" 200 4684 "-" "Mozilla/5.0 AppleWebKit/537.36 (KHTML, like Gecko; compatible; GPTBot/1.2; +https://openai.com/gptbot)"
20.171.207.120 - - [17/Jul/2025:18:33:14 +0000] "GET /recollection.php?shopdetail/35936449 HTTP/1.1" 200 - "-" "Mozilla/5.0 AppleWebKit/537.36 (KHTML, like Gecko; compatible; GPTBot/1.2; +https://openai.com/gptbot)"
20.171.207.120 - - [17/Jul/2025:18:33:16 +0000] "GET /recollection.php?shopdetail/140435749 HTTP/1.1" 200 - "-" "Mozilla/5.0 AppleWebKit/537.36 (KHTML, like Gecko; compatible; GPTBot/1.2; +https://openai.com/gptbot)"
20.171.207.120 - - [17/Jul/2025:18:33:19 +0000] "GET /recollection.php?shopdetail/176041049 HTTP/1.1" 200 - "-" "Mozilla/5.0 AppleWebKit/537.36 (KHTML, like Gecko; compatible; GPTBot/1.2; +https://openai.com/gptbot)"
20.171.207.120 - - [17/Jul/2025:18:33:21 +0000] "GET /recollection.php?shopdetail/49732549 HTTP/1.1" 200 - "-" "Mozilla/5.0 AppleWebKit/537.36 (KHTML, like Gecko; compatible; GPTBot/1.2; +https://openai.com/gptbot)"
20.171.207.120 - - [17/Jul/2025:18:33:23 +0000] "GET /recollection.php?shopdetail/144536749 HTTP/1.1" 200 - "-" "Mozilla/5.0 AppleWebKit/537.36 (KHTML, like Gecko; compatible; GPTBot/1.2; +https://openai.com/gptbot)"
20.171.207.120 - - [17/Jul/2025:18:33:24 +0000] "GET /recollection.php?shopdetail/9311649 HTTP/1.1" 200 - "-" "Mozilla/5.0 AppleWebKit/537.36 (KHTML, like Gecko; compatible; GPTBot/1.2; +https://openai.com/gptbot)"
20.171.207.120 - - [17/Jul/2025:18:33:26 +0000] "GET /recollection.php?shopdetail/73316949 HTTP/1.1" 200 - "-" "Mozilla/5.0 AppleWebKit/537.36 (KHTML, like Gecko; compatible; GPTBot/1.2; +https://openai.com/gptbot)"
20.171.207.120 - - [17/Jul/2025:18:33:28 +0000] "GET /recollection.php?shopdetail/36617449 HTTP/1.1" 200 - "-" "Mozilla/5.0 AppleWebKit/537.36 (KHTML, like Gecko; compatible; GPTBot/1.2; +https://openai.com/gptbot)"
20.171.207.120 - - [17/Jul/2025:18:33:29 +0000] "GET /recollection.php?shopdetail/93168349 HTTP/1.1" 200 - "-" "Mozilla/5.0 AppleWebKit/537.36 (KHTML, like Gecko; compatible; GPTBot/1.2; +https://openai.com/gptbot)"
20.171.207.120 - - [17/Jul/2025:18:33:30 +0000] "GET /recollection.php?shopdetail/4494349 HTTP/1.1" 200 - "-" "Mozilla/5.0 AppleWebKit/537.36 (KHTML, like Gecko; compatible; GPTBot/1.2; +https://openai.com/gptbot)"
20.171.207.120 - - [17/Jul/2025:18:33:31 +0000] "GET /recollection.php?shopdetail/65007849 HTTP/1.1" 200 - "-" "Mozilla/5.0 AppleWebKit/537.36 (KHTML, like Gecko; compatible; GPTBot/1.2; +https://openai.com/gptbot)"
20.171.207.120 - - [17/Jul/2025:18:33:32 +0000] "GET /recollection.php?shopdetail/8894849 HTTP/1.1" 200 - "-" "Mozilla/5.0 AppleWebKit/537.36 (KHTML, like Gecko; compatible; GPTBot/1.2; +https://openai.com/gptbot)"
20.171.207.120 - - [17/Jul/2025:18:33:33 +0000] "GET /recollection.php?shopdetail/9995649 HTTP/1.1" 200 - "-" "Mozilla/5.0 AppleWebKit/537.36 (KHTML, like Gecko; compatible; GPTBot/1.2; +https://openai.com/gptbot)"
20.171.207.120 - - [17/Jul/2025:18:33:35 +0000] "GET /recollection.php?shopdetail/273461249 HTTP/1.1" 200 - "-" "Mozilla/5.0 AppleWebKit/537.36 (KHTML, like Gecko; compatible; GPTBot/1.2; +https://openai.com/gptbot)"
20.171.207.120 - - [17/Jul/2025:18:33:36 +0000] "GET /recollection.php?shopdetail/56643349 HTTP/1.1" 200 - "-" "Mozilla/5.0 AppleWebKit/537.36 (KHTML, like Gecko; compatible; GPTBot/1.2; +https://openai.com/gptbot)"
20.171.207.120 - - [17/Jul/2025:18:33:37 +0000] "GET /recollection.php?shopdetail/48380049 HTTP/1.1" 200 - "-" "Mozilla/5.0 AppleWebKit/537.36 (KHTML, like Gecko; compatible; GPTBot/1.2; +https://openai.com/gptbot)"
20.171.207.120 - - [17/Jul/2025:18:33:38 +0000] "GET /recollection.php?shopdetail/142291349 HTTP/1.1" 200 - "-" "Mozilla/5.0 AppleWebKit/537.36 (KHTML, like Gecko; compatible; GPTBot/1.2; +https://openai.com/gptbot)"
20.171.207.120 - - [17/Jul/2025:18:33:39 +0000] "GET /recollection.php?shopdetail/8227449 HTTP/1.1" 200 - "-" "Mozilla/5.0 AppleWebKit/537.36 (KHTML, like Gecko; compatible; GPTBot/1.2; +https://openai.com/gptbot)"
20.171.207.120 - - [17/Jul/2025:18:33:41 +0000] "GET /recollection.php?shopdetail/1828949 HTTP/1.1" 200 - "-" "Mozilla/5.0 AppleWebKit/537.36 (KHTML, like Gecko; compatible; GPTBot/1.2; +https://openai.com/gptbot)"
20.171.207.120 - - [17/Jul/2025:18:33:42 +0000] "GET /recollection.php?shopdetail/7393149 HTTP/1.1" 200 - "-" "Mozilla/5.0 AppleWebKit/537.36 (KHTML, like Gecko; compatible; GPTBot/1.2; +https://openai.com/gptbot)"
20.171.207.120 - - [17/Jul/2025:18:33:43 +0000] "GET /recollection.php?shopdetail/5471449 HTTP/1.1" 200 - "-" "Mozilla/5.0 AppleWebKit/537.36 (KHTML, like Gecko; compatible; GPTBot/1.2; +https://openai.com/gptbot)"
20.171.207.120 - - [17/Jul/2025:18:33:44 +0000] "GET /recollection.php?shopdetail/1791549 HTTP/1.1" 200 - "-" "Mozilla/5.0 AppleWebKit/537.36 (KHTML, like Gecko; compatible; GPTBot/1.2; +https://openai.com/gptbot)"
20.171.207.120 - - [17/Jul/2025:18:33:45 +0000] "GET /recollection.php?shopdetail/7745149 HTTP/1.1" 200 - "-" "Mozilla/5.0 AppleWebKit/537.36 (KHTML, like Gecko; compatible; GPTBot/1.2; +https://openai.com/gptbot)"
20.171.207.120 - - [17/Jul/2025:18:33:47 +0000] "GET /recollection.php?shopdetail/2110949 HTTP/1.1" 200 - "-" "Mozilla/5.0 AppleWebKit/537.36 (KHTML, like Gecko; compatible; GPTBot/1.2; +https://openai.com/gptbot)"
20.171.207.120 - - [17/Jul/2025:18:33:48 +0000] "GET /recollection.php?shopdetail/9261149 HTTP/1.1" 200 - "-" "Mozilla/5.0 AppleWebKit/537.36 (KHTML, like Gecko; compatible; GPTBot/1.2; +https://openai.com/gptbot)"
20.171.207.120 - - [17/Jul/2025:18:33:49 +0000] "GET /recollection.php?shopdetail/1886649 HTTP/1.1" 200 - "-" "Mozilla/5.0 AppleWebKit/537.36 (KHTML, like Gecko; compatible; GPTBot/1.2; +https://openai.com/gptbot)"
20.171.207.120 - - [17/Jul/2025:18:33:50 +0000] "GET /recollection.php?shopdetail/8029249 HTTP/1.1" 200 - "-" "Mozilla/5.0 AppleWebKit/537.36 (KHTML, like Gecko; compatible; GPTBot/1.2; +https://openai.com/gptbot)"
20.171.207.120 - - [17/Jul/2025:18:33:51 +0000] "GET /recollection.php?shopdetail/4375449 HTTP/1.1" 200 - "-" "Mozilla/5.0 AppleWebKit/537.36 (KHTML, like Gecko; compatible; GPTBot/1.2; +https://openai.com/gptbot)"
20.171.207.120 - - [17/Jul/2025:18:33:53 +0000] "GET /recollection.php?shopdetail/9137449 HTTP/1.1" 200 - "-" "Mozilla/5.0 AppleWebKit/537.36 (KHTML, like Gecko; compatible; GPTBot/1.2; +https://openai.com/gptbot)"
20.171.207.120 - - [17/Jul/2025:18:33:54 +0000] "GET /recollection.php?shopdetail/5849249 HTTP/1.1" 200 - "-" "Mozilla/5.0 AppleWebKit/537.36 (KHTML, like Gecko; compatible; GPTBot/1.2; +https://openai.com/gptbot)"
20.171.207.120 - - [17/Jul/2025:18:33:55 +0000] "GET /recollection.php?shopdetail/5548749 HTTP/1.1" 200 - "-" "Mozilla/5.0 AppleWebKit/537.36 (KHTML, like Gecko; compatible; GPTBot/1.2; +https://openai.com/gptbot)"
20.171.207.120 - - [17/Jul/2025:18:33:56 +0000] "GET /recollection.php?shopdetail/4616649 HTTP/1.1" 200 - "-" "Mozilla/5.0 AppleWebKit/537.36 (KHTML, like Gecko; compatible; GPTBot/1.2; +https://openai.com/gptbot)"
185.191.171.15 - - [17/Jul/2025:18:33:57 +0000] "GET /goods/508897996.shtml HTTP/1.1" 404 - "-" "Mozilla/5.0 (compatible; SemrushBot/7~bl; +http://www.semrush.com/bot.html)"
20.171.207.120 - - [17/Jul/2025:18:33:57 +0000] "GET /recollection.php?shopdetail/9174149 HTTP/1.1" 200 - "-" "Mozilla/5.0 AppleWebKit/537.36 (KHTML, like Gecko; compatible; GPTBot/1.2; +https://openai.com/gptbot)"
20.171.207.120 - - [17/Jul/2025:18:33:58 +0000] "GET /recollection.php?shopdetail/3778749 HTTP/1.1" 200 - "-" "Mozilla/5.0 AppleWebKit/537.36 (KHTML, like Gecko; compatible; GPTBot/1.2; +https://openai.com/gptbot)"
20.171.207.120 - - [17/Jul/2025:18:34:00 +0000] "GET /recollection.php?shopdetail/3033449 HTTP/1.1" 200 - "-" "Mozilla/5.0 AppleWebKit/537.36 (KHTML, like Gecko; compatible; GPTBot/1.2; +https://openai.com/gptbot)"
20.171.207.120 - - [17/Jul/2025:18:34:01 +0000] "GET /recollection.php?shopdetail/3148349 HTTP/1.1" 200 - "-" "Mozilla/5.0 AppleWebKit/537.36 (KHTML, like Gecko; compatible; GPTBot/1.2; +https://openai.com/gptbot)"
20.171.207.120 - - [17/Jul/2025:18:34:02 +0000] "GET /recollection.php?shopdetail/5225849 HTTP/1.1" 200 - "-" "Mozilla/5.0 AppleWebKit/537.36 (KHTML, like Gecko; compatible; GPTBot/1.2; +https://openai.com/gptbot)"
20.171.207.120 - - [17/Jul/2025:18:34:03 +0000] "GET /recollection.php?shopdetail/1338149 HTTP/1.1" 200 - "-" "Mozilla/5.0 AppleWebKit/537.36 (KHTML, like Gecko; compatible; GPTBot/1.2; +https://openai.com/gptbot)"
20.171.207.120 - - [17/Jul/2025:18:34:04 +0000] "GET /recollection.php?shopdetail/1719949 HTTP/1.1" 200 - "-" "Mozilla/5.0 AppleWebKit/537.36 (KHTML, like Gecko; compatible; GPTBot/1.2; +https://openai.com/gptbot)"
20.171.207.120 - - [17/Jul/2025:18:34:06 +0000] "GET /recollection.php?shopdetail/1324949 HTTP/1.1" 200 - "-" "Mozilla/5.0 AppleWebKit/537.36 (KHTML, like Gecko; compatible; GPTBot/1.2; +https://openai.com/gptbot)"
20.171.207.120 - - [17/Jul/2025:18:34:07 +0000] "GET /recollection.php?shopdetail/9131449 HTTP/1.1" 200 - "-" "Mozilla/5.0 AppleWebKit/537.36 (KHTML, like Gecko; compatible; GPTBot/1.2; +https://openai.com/gptbot)"
20.171.207.120 - - [17/Jul/2025:18:34:08 +0000] "GET /recollection.php?shopdetail/5467449 HTTP/1.1" 200 - "-" "Mozilla/5.0 AppleWebKit/537.36 (KHTML, like Gecko; compatible; GPTBot/1.2; +https://openai.com/gptbot)"
20.171.207.120 - - [17/Jul/2025:18:34:09 +0000] "GET /recollection.php?shopdetail/6747949 HTTP/1.1" 200 - "-" "Mozilla/5.0 AppleWebKit/537.36 (KHTML, like Gecko; compatible; GPTBot/1.2; +https://openai.com/gptbot)"
20.171.207.120 - - [17/Jul/2025:18:34:10 +0000] "GET /recollection.php?shopdetail/4146849 HTTP/1.1" 200 - "-" "Mozilla/5.0 AppleWebKit/537.36 (KHTML, like Gecko; compatible; GPTBot/1.2; +https://openai.com/gptbot)"
20.171.207.120 - - [17/Jul/2025:18:34:12 +0000] "GET /recollection.php?shopdetail/8887749 HTTP/1.1" 200 - "-" "Mozilla/5.0 AppleWebKit/537.36 (KHTML, like Gecko; compatible; GPTBot/1.2; +https://openai.com/gptbot)"
20.171.207.120 - - [17/Jul/2025:18:34:13 +0000] "GET /recollection.php?shopdetail/2211149 HTTP/1.1" 200 - "-" "Mozilla/5.0 AppleWebKit/537.36 (KHTML, like Gecko; compatible; GPTBot/1.2; +https://openai.com/gptbot)"
20.171.207.120 - - [17/Jul/2025:18:34:14 +0000] "GET /recollection.php?shopdetail/7355549 HTTP/1.1" 200 - "-" "Mozilla/5.0 AppleWebKit/537.36 (KHTML, like Gecko; compatible; GPTBot/1.2; +https://openai.com/gptbot)"
20.171.207.120 - - [17/Jul/2025:18:34:15 +0000] "GET /recollection.php?shopdetail/344549 HTTP/1.1" 200 - "-" "Mozilla/5.0 AppleWebKit/537.36 (KHTML, like Gecko; compatible; GPTBot/1.2; +https://openai.com/gptbot)"
20.171.207.120 - - [17/Jul/2025:18:34:16 +0000] "GET /recollection.php?shopdetail/615149 HTTP/1.1" 200 - "-" "Mozilla/5.0 AppleWebKit/537.36 (KHTML, like Gecko; compatible; GPTBot/1.2; +https://openai.com/gptbot)"
20.171.207.120 - - [17/Jul/2025:18:34:18 +0000] "GET /recollection.php?shopdetail/311349 HTTP/1.1" 200 - "-" "Mozilla/5.0 AppleWebKit/537.36 (KHTML, like Gecko; compatible; GPTBot/1.2; +https://openai.com/gptbot)"
20.171.207.120 - - [17/Jul/2025:18:34:19 +0000] "GET /recollection.php?shopdetail/300349 HTTP/1.1" 200 - "-" "Mozilla/5.0 AppleWebKit/537.36 (KHTML, like Gecko; compatible; GPTBot/1.2; +https://openai.com/gptbot)"
20.171.207.120 - - [17/Jul/2025:18:34:20 +0000] "GET /recollection.php?shopdetail/134949 HTTP/1.1" 200 - "-" "Mozilla/5.0 AppleWebKit/537.36 (KHTML, like Gecko; compatible; GPTBot/1.2; +https://openai.com/gptbot)"
20.171.207.120 - - [17/Jul/2025:18:34:21 +0000] "GET /recollection.php?shopdetail/478849 HTTP/1.1" 200 - "-" "Mozilla/5.0 AppleWebKit/537.36 (KHTML, like Gecko; compatible; GPTBot/1.2; +https://openai.com/gptbot)"
20.171.207.120 - - [17/Jul/2025:18:34:22 +0000] "GET /recollection.php?shopdetail/6225349 HTTP/1.1" 200 - "-" "Mozilla/5.0 AppleWebKit/537.36 (KHTML, like Gecko; compatible; GPTBot/1.2; +https://openai.com/gptbot)"
20.171.207.120 - - [17/Jul/2025:18:34:23 +0000] "GET /recollection.php?shopdetail/7517049 HTTP/1.1" 200 - "-" "Mozilla/5.0 AppleWebKit/537.36 (KHTML, like Gecko; compatible; GPTBot/1.2; +https://openai.com/gptbot)"
20.171.207.120 - - [17/Jul/2025:18:34:25 +0000] "GET /recollection.php?shopdetail/5653049 HTTP/1.1" 200 - "-" "Mozilla/5.0 AppleWebKit/537.36 (KHTML, like Gecko; compatible; GPTBot/1.2; +https://openai.com/gptbot)"
20.171.207.120 - - [17/Jul/2025:18:34:26 +0000] "GET /recollection.php?shopdetail/3183049 HTTP/1.1" 200 - "-" "Mozilla/5.0 AppleWebKit/537.36 (KHTML, like Gecko; compatible; GPTBot/1.2; +https://openai.com/gptbot)"
20.171.207.120 - - [17/Jul/2025:18:34:27 +0000] "GET /recollection.php?shopdetail/2739849 HTTP/1.1" 200 - "-" "Mozilla/5.0 AppleWebKit/537.36 (KHTML, like Gecko; compatible; GPTBot/1.2; +https://openai.com/gptbot)"
20.171.207.120 - - [17/Jul/2025:18:34:28 +0000] "GET /recollection.php?shopdetail/6521649 HTTP/1.1" 200 - "-" "Mozilla/5.0 AppleWebKit/537.36 (KHTML, like Gecko; compatible; GPTBot/1.2; +https://openai.com/gptbot)"
20.171.207.120 - - [17/Jul/2025:18:34:30 +0000] "GET /recollection.php?shopdetail/3875449 HTTP/1.1" 200 - "-" "Mozilla/5.0 AppleWebKit/537.36 (KHTML, like Gecko; compatible; GPTBot/1.2; +https://openai.com/gptbot)"
20.171.207.120 - - [17/Jul/2025:18:34:31 +0000] "GET /recollection.php?shopdetail/4126049 HTTP/1.1" 200 - "-" "Mozilla/5.0 AppleWebKit/537.36 (KHTML, like Gecko; compatible; GPTBot/1.2; +https://openai.com/gptbot)"
20.171.207.120 - - [17/Jul/2025:18:34:32 +0000] "GET /recollection.php?shopdetail/7372149 HTTP/1.1" 200 - "-" "Mozilla/5.0 AppleWebKit/537.36 (KHTML, like Gecko; compatible; GPTBot/1.2; +https://openai.com/gptbot)"
20.171.207.120 - - [17/Jul/2025:18:34:33 +0000] "GET /recollection.php?shopdetail/1895649 HTTP/1.1" 200 - "-" "Mozilla/5.0 AppleWebKit/537.36 (KHTML, like Gecko; compatible; GPTBot/1.2; +https://openai.com/gptbot)"
20.171.207.120 - - [17/Jul/2025:18:34:34 +0000] "GET /recollection.php?shopdetail/2136349 HTTP/1.1" 200 - "-" "Mozilla/5.0 AppleWebKit/537.36 (KHTML, like Gecko; compatible; GPTBot/1.2; +https://openai.com/gptbot)"
20.171.207.120 - - [17/Jul/2025:18:34:36 +0000] "GET /recollection.php?shopdetail/9502149 HTTP/1.1" 200 - "-" "Mozilla/5.0 AppleWebKit/537.36 (KHTML, like Gecko; compatible; GPTBot/1.2; +https://openai.com/gptbot)"
20.171.207.120 - - [17/Jul/2025:18:34:37 +0000] "GET /recollection.php?shopdetail/6526749 HTTP/1.1" 200 - "-" "Mozilla/5.0 AppleWebKit/537.36 (KHTML, like Gecko; compatible; GPTBot/1.2; +https://openai.com/gptbot)"
20.171.207.120 - - [17/Jul/2025:18:34:38 +0000] "GET /recollection.php?shopdetail/2456349 HTTP/1.1" 200 - "-" "Mozilla/5.0 AppleWebKit/537.36 (KHTML, like Gecko; compatible; GPTBot/1.2; +https://openai.com/gptbot)"
20.171.207.120 - - [17/Jul/2025:18:34:39 +0000] "GET /recollection.php?shopdetail/6037349 HTTP/1.1" 200 - "-" "Mozilla/5.0 AppleWebKit/537.36 (KHTML, like Gecko; compatible; GPTBot/1.2; +https://openai.com/gptbot)"
20.171.207.120 - - [17/Jul/2025:18:34:40 +0000] "GET /recollection.php?shopdetail/5237149 HTTP/1.1" 200 - "-" "Mozilla/5.0 AppleWebKit/537.36 (KHTML, like Gecko; compatible; GPTBot/1.2; +https://openai.com/gptbot)"
20.171.207.120 - - [17/Jul/2025:18:34:42 +0000] "GET /recollection.php?shopdetail/44344749 HTTP/1.1" 200 - "-" "Mozilla/5.0 AppleWebKit/537.36 (KHTML, like Gecko; compatible; GPTBot/1.2; +https://openai.com/gptbot)"
20.171.207.120 - - [17/Jul/2025:18:34:43 +0000] "GET /recollection.php?shopdetail/33448349 HTTP/1.1" 200 - "-" "Mozilla/5.0 AppleWebKit/537.36 (KHTML, like Gecko; compatible; GPTBot/1.2; +https://openai.com/gptbot)"
85.208.96.207 - - [17/Jul/2025:18:34:44 +0000] "GET /goods/508635416.shtml HTTP/1.1" 404 - "-" "Mozilla/5.0 (compatible; SemrushBot/7~bl; +http://www.semrush.com/bot.html)"
20.171.207.120 - - [17/Jul/2025:18:34:44 +0000] "GET /recollection.php?shopdetail/94942449 HTTP/1.1" 200 - "-" "Mozilla/5.0 AppleWebKit/537.36 (KHTML, like Gecko; compatible; GPTBot/1.2; +https://openai.com/gptbot)"
20.171.207.120 - - [17/Jul/2025:18:34:45 +0000] "GET /recollection.php?shopdetail/91469449 HTTP/1.1" 200 - "-" "Mozilla/5.0 AppleWebKit/537.36 (KHTML, like Gecko; compatible; GPTBot/1.2; +https://openai.com/gptbot)"
20.171.207.120 - - [17/Jul/2025:18:34:47 +0000] "GET /recollection.php?shopdetail/49214949 HTTP/1.1" 200 - "-" "Mozilla/5.0 AppleWebKit/537.36 (KHTML, like Gecko; compatible; GPTBot/1.2; +https://openai.com/gptbot)"
20.171.207.120 - - [17/Jul/2025:18:34:48 +0000] "GET /recollection.php?shopdetail/42232449 HTTP/1.1" 200 - "-" "Mozilla/5.0 AppleWebKit/537.36 (KHTML, like Gecko; compatible; GPTBot/1.2; +https://openai.com/gptbot)"
20.171.207.120 - - [17/Jul/2025:18:34:49 +0000] "GET /recollection.php?shopdetail/54994749 HTTP/1.1" 200 - "-" "Mozilla/5.0 AppleWebKit/537.36 (KHTML, like Gecko; compatible; GPTBot/1.2; +https://openai.com/gptbot)"
20.171.207.120 - - [17/Jul/2025:18:34:50 +0000] "GET /recollection.php?shopdetail/46144949 HTTP/1.1" 200 - "-" "Mozilla/5.0 AppleWebKit/537.36 (KHTML, like Gecko; compatible; GPTBot/1.2; +https://openai.com/gptbot)"
51.222.253.9 - - [17/Jul/2025:18:34:51 +0000] "GET /goods/347605680.shtml HTTP/1.1" 404 - "-" "Mozilla/5.0 (compatible; AhrefsBot/7.0; +http://ahrefs.com/robot/)"
20.171.207.120 - - [17/Jul/2025:18:34:52 +0000] "GET /recollection.php?shopdetail/59779749 HTTP/1.1" 200 - "-" "Mozilla/5.0 AppleWebKit/537.36 (KHTML, like Gecko; compatible; GPTBot/1.2; +https://openai.com/gptbot)"
20.171.207.120 - - [17/Jul/2025:18:34:53 +0000] "GET /recollection.php?shopdetail/65545449 HTTP/1.1" 200 - "-" "Mozilla/5.0 AppleWebKit/537.36 (KHTML, like Gecko; compatible; GPTBot/1.2; +https://openai.com/gptbot)"
20.171.207.120 - - [17/Jul/2025:18:34:54 +0000] "GET /recollection.php?shopdetail/66968949 HTTP/1.1" 200 - "-" "Mozilla/5.0 AppleWebKit/537.36 (KHTML, like Gecko; compatible; GPTBot/1.2; +https://openai.com/gptbot)"
20.171.207.120 - - [17/Jul/2025:18:34:55 +0000] "GET /recollection.php?shopdetail/90955549 HTTP/1.1" 200 - "-" "Mozilla/5.0 AppleWebKit/537.36 (KHTML, like Gecko; compatible; GPTBot/1.2; +https://openai.com/gptbot)"
20.171.207.120 - - [17/Jul/2025:18:34:56 +0000] "GET /recollection.php?shopdetail/13499949 HTTP/1.1" 200 - "-" "Mozilla/5.0 AppleWebKit/537.36 (KHTML, like Gecko; compatible; GPTBot/1.2; +https://openai.com/gptbot)"
20.171.207.120 - - [17/Jul/2025:18:34:57 +0000] "GET /recollection.php?shopdetail/99333249 HTTP/1.1" 200 - "-" "Mozilla/5.0 AppleWebKit/537.36 (KHTML, like Gecko; compatible; GPTBot/1.2; +https://openai.com/gptbot)"
20.171.207.120 - - [17/Jul/2025:18:34:59 +0000] "GET /recollection.php?shopdetail/192710949 HTTP/1.1" 200 - "-" "Mozilla/5.0 AppleWebKit/537.36 (KHTML, like Gecko; compatible; GPTBot/1.2; +https://openai.com/gptbot)"
20.171.207.120 - - [17/Jul/2025:18:35:00 +0000] "GET /recollection.php?shopdetail/203232749 HTTP/1.1" 200 - "-" "Mozilla/5.0 AppleWebKit/537.36 (KHTML, like Gecko; compatible; GPTBot/1.2; +https://openai.com/gptbot)"
20.171.207.120 - - [17/Jul/2025:18:35:01 +0000] "GET /recollection.php?shopdetail/107247749 HTTP/1.1" 200 - "-" "Mozilla/5.0 AppleWebKit/537.36 (KHTML, like Gecko; compatible; GPTBot/1.2; +https://openai.com/gptbot)"
20.171.207.120 - - [17/Jul/2025:18:35:02 +0000] "GET /recollection.php?shopdetail/55868849 HTTP/1.1" 200 - "-" "Mozilla/5.0 AppleWebKit/537.36 (KHTML, like Gecko; compatible; GPTBot/1.2; +https://openai.com/gptbot)"
20.171.207.120 - - [17/Jul/2025:18:35:04 +0000] "GET /recollection.php?shopdetail/94350449 HTTP/1.1" 200 - "-" "Mozilla/5.0 AppleWebKit/537.36 (KHTML, like Gecko; compatible; GPTBot/1.2; +https://openai.com/gptbot)"
20.171.207.120 - - [17/Jul/2025:18:35:05 +0000] "GET /recollection.php?shopdetail/24429649 HTTP/1.1" 200 - "-" "Mozilla/5.0 AppleWebKit/537.36 (KHTML, like Gecko; compatible; GPTBot/1.2; +https://openai.com/gptbot)"
20.171.207.120 - - [17/Jul/2025:18:35:06 +0000] "GET /recollection.php?shopdetail/19140049 HTTP/1.1" 200 - "-" "Mozilla/5.0 AppleWebKit/537.36 (KHTML, like Gecko; compatible; GPTBot/1.2; +https://openai.com/gptbot)"
20.171.207.120 - - [17/Jul/2025:18:35:07 +0000] "GET /recollection.php?shopdetail/37491449 HTTP/1.1" 200 - "-" "Mozilla/5.0 AppleWebKit/537.36 (KHTML, like Gecko; compatible; GPTBot/1.2; +https://openai.com/gptbot)"
20.171.207.120 - - [17/Jul/2025:18:35:08 +0000] "GET /recollection.php?shopdetail/60404549 HTTP/1.1" 200 - "-" "Mozilla/5.0 AppleWebKit/537.36 (KHTML, like Gecko; compatible; GPTBot/1.2; +https://openai.com/gptbot)"
20.171.207.120 - - [17/Jul/2025:18:35:09 +0000] "GET /recollection.php?shopdetail/11299449 HTTP/1.1" 200 - "-" "Mozilla/5.0 AppleWebKit/537.36 (KHTML, like Gecko; compatible; GPTBot/1.2; +https://openai.com/gptbot)"
20.171.207.120 - - [17/Jul/2025:18:35:11 +0000] "GET /recollection.php?shopdetail/69596349 HTTP/1.1" 200 - "-" "Mozilla/5.0 AppleWebKit/537.36 (KHTML, like Gecko; compatible; GPTBot/1.2; +https://openai.com/gptbot)"
20.171.207.120 - - [17/Jul/2025:18:35:12 +0000] "GET /recollection.php?shopdetail/47690449 HTTP/1.1" 200 - "-" "Mozilla/5.0 AppleWebKit/537.36 (KHTML, like Gecko; compatible; GPTBot/1.2; +https://openai.com/gptbot)"
20.171.207.120 - - [17/Jul/2025:18:35:13 +0000] "GET /recollection.php?shopdetail/44597849 HTTP/1.1" 200 - "-" "Mozilla/5.0 AppleWebKit/537.36 (KHTML, like Gecko; compatible; GPTBot/1.2; +https://openai.com/gptbot)"
20.171.207.120 - - [17/Jul/2025:18:35:14 +0000] "GET /recollection.php?shopdetail/52997749 HTTP/1.1" 200 - "-" "Mozilla/5.0 AppleWebKit/537.36 (KHTML, like Gecko; compatible; GPTBot/1.2; +https://openai.com/gptbot)"
20.171.207.120 - - [17/Jul/2025:18:35:15 +0000] "GET /recollection.php?shopdetail/95743949 HTTP/1.1" 200 - "-" "Mozilla/5.0 AppleWebKit/537.36 (KHTML, like Gecko; compatible; GPTBot/1.2; +https://openai.com/gptbot)"
20.171.207.120 - - [17/Jul/2025:18:35:16 +0000] "GET /recollection.php?shopdetail/27920249 HTTP/1.1" 200 - "-" "Mozilla/5.0 AppleWebKit/537.36 (KHTML, like Gecko; compatible; GPTBot/1.2; +https://openai.com/gptbot)"
20.171.207.120 - - [17/Jul/2025:18:35:18 +0000] "GET /recollection.php?shopdetail/44713949 HTTP/1.1" 200 - "-" "Mozilla/5.0 AppleWebKit/537.36 (KHTML, like Gecko; compatible; GPTBot/1.2; +https://openai.com/gptbot)"
20.171.207.120 - - [17/Jul/2025:18:35:19 +0000] "GET /recollection.php?shopdetail/99174749 HTTP/1.1" 200 - "-" "Mozilla/5.0 AppleWebKit/537.36 (KHTML, like Gecko; compatible; GPTBot/1.2; +https://openai.com/gptbot)"
20.171.207.120 - - [17/Jul/2025:18:35:20 +0000] "GET /recollection.php?shopdetail/77466949 HTTP/1.1" 200 - "-" "Mozilla/5.0 AppleWebKit/537.36 (KHTML, like Gecko; compatible; GPTBot/1.2; +https://openai.com/gptbot)"
20.171.207.120 - - [17/Jul/2025:18:35:21 +0000] "GET /recollection.php?shopdetail/90932249 HTTP/1.1" 200 - "-" "Mozilla/5.0 AppleWebKit/537.36 (KHTML, like Gecko; compatible; GPTBot/1.2; +https://openai.com/gptbot)"
20.171.207.120 - - [17/Jul/2025:18:35:22 +0000] "GET /recollection.php?shopdetail/50590549 HTTP/1.1" 200 - "-" "Mozilla/5.0 AppleWebKit/537.36 (KHTML, like Gecko; compatible; GPTBot/1.2; +https://openai.com/gptbot)"
20.171.207.120 - - [17/Jul/2025:18:35:24 +0000] "GET /recollection.php?shopdetail/41364349 HTTP/1.1" 200 - "-" "Mozilla/5.0 AppleWebKit/537.36 (KHTML, like Gecko; compatible; GPTBot/1.2; +https://openai.com/gptbot)"
20.171.207.120 - - [17/Jul/2025:18:35:25 +0000] "GET /recollection.php?shopdetail/79986849 HTTP/1.1" 200 - "-" "Mozilla/5.0 AppleWebKit/537.36 (KHTML, like Gecko; compatible; GPTBot/1.2; +https://openai.com/gptbot)"
20.171.207.120 - - [17/Jul/2025:18:35:26 +0000] "GET /recollection.php?shopdetail/92579949 HTTP/1.1" 200 - "-" "Mozilla/5.0 AppleWebKit/537.36 (KHTML, like Gecko; compatible; GPTBot/1.2; +https://openai.com/gptbot)"
20.171.207.120 - - [17/Jul/2025:18:35:27 +0000] "GET /recollection.php?shopdetail/41016149 HTTP/1.1" 200 - "-" "Mozilla/5.0 AppleWebKit/537.36 (KHTML, like Gecko; compatible; GPTBot/1.2; +https://openai.com/gptbot)"
20.171.207.120 - - [17/Jul/2025:18:35:29 +0000] "GET /recollection.php?shopdetail/95004549 HTTP/1.1" 200 - "-" "Mozilla/5.0 AppleWebKit/537.36 (KHTML, like Gecko; compatible; GPTBot/1.2; +https://openai.com/gptbot)"
20.171.207.120 - - [17/Jul/2025:18:35:30 +0000] "GET /recollection.php?shopdetail/60244649 HTTP/1.1" 200 - "-" "Mozilla/5.0 AppleWebKit/537.36 (KHTML, like Gecko; compatible; GPTBot/1.2; +https://openai.com/gptbot)"
20.171.207.120 - - [17/Jul/2025:18:35:31 +0000] "GET /recollection.php?shopdetail/49646749 HTTP/1.1" 200 - "-" "Mozilla/5.0 AppleWebKit/537.36 (KHTML, like Gecko; compatible; GPTBot/1.2; +https://openai.com/gptbot)"
20.171.207.120 - - [17/Jul/2025:18:35:32 +0000] "GET /recollection.php?shopdetail/87747849 HTTP/1.1" 200 - "-" "Mozilla/5.0 AppleWebKit/537.36 (KHTML, like Gecko; compatible; GPTBot/1.2; +https://openai.com/gptbot)"
