66.249.79.193 - - [18/Jul/2025:04:07:26 +0000] "GET /?f=5780785031490&mod=0e98aeeb&uri=search.php?shopdetail/3322696 HTTP/1.1" 200 18930 "-" "Mozilla/5.0 (Linux; Android 6.0.1; Nexus 5X Build/MMB29P) AppleWebKit/537.36 (KHTML, like Gecko) Chrome/137.0.7151.103 Mobile Safari/537.36 (compatible; Googlebot/2.1; +http://www.google.com/bot.html)"
66.249.79.192 - - [18/Jul/2025:04:07:28 +0000] "POST /get-message-notify HTTP/1.1" 404 - "https://onlycnc.com.au/?f=5780785031490&mod=0e98aeeb&uri=search.php?shopdetail/3311512" "Mozilla/5.0 (Linux; Android 6.0.1; Nexus 5X Build/MMB29P) AppleWebKit/537.36 (KHTML, like Gecko) Chrome/137.0.7151.119 Mobile Safari/537.36 (compatible; Googlebot/2.1; +http://www.google.com/bot.html)"
66.249.79.206 - - [18/Jul/2025:04:07:28 +0000] "GET /?f=5780785031490&mod=0e98aeeb&uri=search.php?shopdetail/3274112 HTTP/1.1" 200 19197 "-" "Mozilla/5.0 (Linux; Android 6.0.1; Nexus 5X Build/MMB29P) AppleWebKit/537.36 (KHTML, like Gecko) Chrome/137.0.7151.103 Mobile Safari/537.36 (compatible; Googlebot/2.1; +http://www.google.com/bot.html)"
66.249.79.206 - - [18/Jul/2025:04:07:30 +0000] "GET /?f=5780785031490&mod=0e98aeeb&uri=search.php?shopdetail/3310684 HTTP/1.1" 200 19232 "-" "Mozilla/5.0 (Linux; Android 6.0.1; Nexus 5X Build/MMB29P) AppleWebKit/537.36 (KHTML, like Gecko) Chrome/137.0.7151.103 Mobile Safari/537.36 (compatible; Googlebot/2.1; +http://www.google.com/bot.html)"
66.249.79.206 - - [18/Jul/2025:04:07:32 +0000] "GET /?f=5780785031490&mod=0e98aeeb&uri=search.php?dozin.html HTTP/1.1" 200 19372 "-" "Mozilla/5.0 (Linux; Android 6.0.1; Nexus 5X Build/MMB29P) AppleWebKit/537.36 (KHTML, like Gecko) Chrome/137.0.7151.103 Mobile Safari/537.36 (compatible; Googlebot/2.1; +http://www.google.com/bot.html)"
66.249.79.206 - - [18/Jul/2025:04:08:00 +0000] "POST /get-message-notify HTTP/1.1" 404 - "https://onlycnc.com.au/?f=5780785031490&mod=0e98aeeb&uri=search.php?pcmypage" "Mozilla/5.0 (Linux; Android 6.0.1; Nexus 5X Build/MMB29P) AppleWebKit/537.36 (KHTML, like Gecko) Chrome/137.0.7151.119 Mobile Safari/537.36 (compatible; Googlebot/2.1; +http://www.google.com/bot.html)"
66.249.79.193 - - [18/Jul/2025:04:09:57 +0000] "GET /?f=5780785031490&mod=0e98aeeb&uri=search.php?cargo/detail HTTP/1.1" 200 19395 "-" "Mozilla/5.0 (Linux; Android 6.0.1; Nexus 5X Build/MMB29P) AppleWebKit/537.36 (KHTML, like Gecko) Chrome/137.0.7151.103 Mobile Safari/537.36 (compatible; Googlebot/2.1; +http://www.google.com/bot.html)"
57.141.2.19 - - [18/Jul/2025:04:12:01 +0000] "GET /?f=13875084081490& HTTP/1.1" 301 - "-" "meta-externalagent/1.1 (+https://developers.facebook.com/docs/sharing/webmasters/crawler)"
52.167.144.65 - - [18/Jul/2025:04:13:41 +0000] "GET /robots.txt HTTP/1.1" 200 108 "-" "Mozilla/5.0 AppleWebKit/537.36 (KHTML, like Gecko; compatible; bingbot/2.0; +http://www.bing.com/bingbot.htm) Chrome/116.0.1938.76 Safari/537.36"
40.77.167.75 - - [18/Jul/2025:04:13:46 +0000] "GET /sitemap.xml.gz HTTP/1.1" 404 - "-" "Mozilla/5.0 AppleWebKit/537.36 (KHTML, like Gecko; compatible; bingbot/2.0; +http://www.bing.com/bingbot.htm) Chrome/116.0.1938.76 Safari/537.36"
57.141.2.30 - - [18/Jul/2025:04:14:03 +0000] "GET /index.html HTTP/1.1" 404 - "-" "meta-externalagent/1.1 (+https://developers.facebook.com/docs/sharing/webmasters/crawler)"
66.249.79.192 - - [18/Jul/2025:04:15:30 +0000] "POST /get-message-notify HTTP/1.1" 404 - "https://onlycnc.com.au/?f=5780785031490&mod=0e98aeeb&uri=search.php?shopdetail/3310684" "Mozilla/5.0 (Linux; Android 6.0.1; Nexus 5X Build/MMB29P) AppleWebKit/537.36 (KHTML, like Gecko) Chrome/137.0.7151.119 Mobile Safari/537.36 (compatible; Googlebot/2.1; +http://www.google.com/bot.html)"
52.190.190.22 - - [18/Jul/2025:04:18:36 +0000] "GET /?f=25264511021490&mod=b831f154&uri=news.php?id%3D843231-453%26name%3Djaqueta+do+free+fire HTTP/1.1" 301 - "-" "Mozilla/5.0 AppleWebKit/537.36 (KHTML, like Gecko); compatible; ChatGPT-User/1.0; +https://openai.com/bot"
52.190.190.22 - - [18/Jul/2025:04:18:37 +0000] "GET /?f=25264511021490&mod=b831f154&uri=news.php?id%3D843231-453%26name%3Djaqueta%20do%20free%20fire HTTP/1.1" 301 - "-" "Mozilla/5.0 AppleWebKit/537.36 (KHTML, like Gecko); compatible; ChatGPT-User/1.0; +https://openai.com/bot"
4.227.36.9 - - [18/Jul/2025:04:19:48 +0000] "GET /robots.txt HTTP/1.1" 200 108 "-" "Mozilla/5.0 AppleWebKit/537.36 (KHTML, like Gecko; compatible; GPTBot/1.2; +https://openai.com/gptbot)"
135.234.64.6 - - [18/Jul/2025:04:19:48 +0000] "GET /?f=25264511021490&mod=b831f154&uri=news.php%3Fid%3D843231-453%26name%3Djaqueta+do+free+fire HTTP/1.1" 301 - "-" "Mozilla/5.0 (Macintosh; Intel Mac OS X 10_15_7) AppleWebKit/537.36 (KHTML, like Gecko) Chrome/131.0.0.0 Safari/537.36; compatible; OAI-SearchBot/1.0; +https://openai.com/searchbot"
135.234.64.6 - - [18/Jul/2025:04:19:50 +0000] "GET /?f=25264511021490&mod=b831f154&uri=news.php%3Fid%3D843231-453%26name%3Djaqueta%20do%20free%20fire HTTP/1.1" 200 21262 "-" "Mozilla/5.0 (Macintosh; Intel Mac OS X 10_15_7) AppleWebKit/537.36 (KHTML, like Gecko) Chrome/131.0.0.0 Safari/537.36; compatible; OAI-SearchBot/1.0; +https://openai.com/searchbot"
20.171.207.212 - - [18/Jul/2025:04:19:50 +0000] "GET / HTTP/1.1" 200 21281 "-" "Mozilla/5.0 AppleWebKit/537.36 (KHTML, like Gecko; compatible; GPTBot/1.2; +https://openai.com/gptbot)"
20.169.6.232 - - [18/Jul/2025:04:19:52 +0000] "GET / HTTP/1.1" 200 21281 "-" "Mozilla/5.0 (Macintosh; Intel Mac OS X 10_15_7) AppleWebKit/537.36 (KHTML, like Gecko) Chrome/131.0.0.0 Safari/537.36; compatible; OAI-SearchBot/1.0; +https://openai.com/searchbot"
173.252.107.7 - - [18/Jul/2025:04:21:41 +0000] "GET /robots.txt HTTP/1.1" 206 125 "-" "facebookexternalhit/1.1 (+http://www.facebook.com/externalhit_uatext.php)"
173.252.107.7 - - [18/Jul/2025:04:21:41 +0000] "GET /robots.txt HTTP/1.1" 206 125 "-" "facebookexternalhit/1.1 (+http://www.facebook.com/externalhit_uatext.php)"
57.141.2.6 - - [18/Jul/2025:04:21:43 +0000] "GET / HTTP/1.1" 301 - "-" "meta-externalagent/1.1 (+https://developers.facebook.com/docs/sharing/webmasters/crawler)"
57.141.2.10 - - [18/Jul/2025:04:23:14 +0000] "GET /?f=7709739041490& HTTP/1.1" 301 - "-" "meta-externalagent/1.1 (+https://developers.facebook.com/docs/sharing/webmasters/crawler)"
31.148.130.198 - - [18/Jul/2025:04:34:15 +0000] "GET /?f=31671760021490&mod=9b9abef7&uri=news.php%3Fid%3D1057091-475%26name%3Daprender+horas+reloj+digital+ni%C3%83%C2%B1os HTTP/1.1" 301 - "-" "Mozilla/5.0 (Windows NT 10.0; Win64; x64) AppleWebKit/537.36 (KHTML, like Gecko) Chrome/117.0.0.0 Safari/537.36 Edg/117.0.2045.41"
31.148.130.198 - - [18/Jul/2025:04:34:17 +0000] "GET /?f=31671760021490&mod=9b9abef7&uri=news.php%3Fid%3D1057091-475%26name%3Daprender%20horas%20reloj%20digital%20ni%C3%83%C2%B1os HTTP/1.1" 200 21262 "-" "Mozilla/5.0 (Windows NT 10.0; Win64; x64) AppleWebKit/537.36 (KHTML, like Gecko) Chrome/117.0.0.0 Safari/537.36 Edg/117.0.2045.41"
92.112.180.148 - - [18/Jul/2025:04:50:42 +0000] "GET /?f=%27nvOpzp;%20AND%201=1%20OR%20(%3C%27%22%3EiKO)),&mod=%27nvOpzp;%20AND%201=1%20OR%20(%3C%27%22%3EiKO)),&uri=%27nvOpzp;%20AND%201=1%20OR%20(%3C%27%22%3EiKO)), HTTP/1.1" 301 - "-" "-"
92.112.180.148 - - [18/Jul/2025:04:50:44 +0000] "GET /?f=%27nvOpzp%3B%20AND%201%3D1%20OR%20%28%3C%27%22%3EiKO%29%29%2C&mod=%27nvOpzp%3B%20AND%201%3D1%20OR%20%28%3C%27%22%3EiKO%29%29%2C&uri=%27nvOpzp%3B%20AND%201%3D1%20OR%20%28%3C%27%22%3EiKO%29%29%2C HTTP/1.1" 200 21262 "https://onlycnc.com.au/?f=%27nvOpzp;%20AND%201=1%20OR%20(%3C%27%22%3EiKO)),&mod=%27nvOpzp;%20AND%201=1%20OR%20(%3C%27%22%3EiKO)),&uri=%27nvOpzp;%20AND%201=1%20OR%20(%3C%27%22%3EiKO))," "-"
45.227.253.15 - - [18/Jul/2025:04:51:58 +0000] "GET /?of=1 HTTP/1.1" 200 9337 "-" "Mozilla/5.0 (Macintosh; Intel Mac OS X 10.15; rv:81.0) Gecko/20100101 Firefox/81.0"
209.141.57.11 - - [18/Jul/2025:04:53:28 +0000] "GET /wp-login.php HTTP/1.1" 200 5755 "-" "Mozilla/5.0 (iPhone; CPU iPhone OS 7_1 like Mac OS X) AppleWebKit/537.51.2 (KHTML, like Gecko) Version/7.0 Mobile/11D167 Safari/9537.53"
209.141.57.11 - - [18/Jul/2025:04:53:33 +0000] "POST /wp-login.php HTTP/1.1" 200 6011 "-" "Mozilla/5.0 (iPhone; CPU iPhone OS 7_1 like Mac OS X) AppleWebKit/537.51.2 (KHTML, like Gecko) Version/7.0 Mobile/11D167 Safari/9537.53"
209.74.77.214 - - [18/Jul/2025:05:01:47 +0000] "POST /wp-cron.php?doing_wp_cron=1752814907.9774580001831054687500 HTTP/1.1" 200 - "-" "WordPress/6.8.2; https://onlycnc.com.au"
3.220.70.171 - - [18/Jul/2025:05:01:46 +0000] "GET /?f=5961941031490&mod=9cecbb6f&uri=article.php?id%3D199090-344%26name%3Dsize%2043%20in%20us HTTP/1.1" 301 - "-" "Mozilla/5.0 AppleWebKit/537.36 (KHTML, like Gecko; compatible; Amazonbot/0.1; +https://developer.amazon.com/support/amazonbot) Chrome/119.0.6045.214 Safari/537.36"
54.162.69.192 - - [18/Jul/2025:05:01:48 +0000] "GET /?f=5961941031490&mod=9cecbb6f&uri=article.php?id%3D199090-344%26name%3Dsize%2043%20in%20us HTTP/1.1" 301 - "-" "Mozilla/5.0 AppleWebKit/537.36 (KHTML, like Gecko; compatible; Amazonbot/0.1; +https://developer.amazon.com/support/amazonbot) Chrome/119.0.6045.214 Safari/537.36"
51.222.253.9 - - [18/Jul/2025:05:07:27 +0000] "GET /?f=35560506041490&uri=itm.php%3Fid%3D1186873-806%26name%3Dlouis%20vuitton%20lv%20leaf%20denim%20baseball%20shirt HTTP/1.1" 200 21262 "-" "Mozilla/5.0 (compatible; AhrefsBot/7.0; +http://ahrefs.com/robot/)"
51.222.253.13 - - [18/Jul/2025:05:08:02 +0000] "GET /wp-content/uploads/2025/02/Untitled-design-12-1-1.png HTTP/1.1" 200 760026 "-" "Mozilla/5.0 (compatible; AhrefsBot/7.0; +http://ahrefs.com/robot/)"
51.222.253.4 - - [18/Jul/2025:05:11:25 +0000] "GET /?f=34959343041490&uri=shared.php%3Fid%3D1166823-328%26name%3Dbequeme%20motorradstiefel HTTP/1.1" 200 21262 "-" "Mozilla/5.0 (compatible; AhrefsBot/7.0; +http://ahrefs.com/robot/)"
51.222.253.2 - - [18/Jul/2025:05:15:07 +0000] "GET /?f=11524506031490&uri=brands.php%3Fid%3D384776-556%26name%3Dmassage%20shiatsu%20homedics HTTP/1.1" 200 21262 "-" "Mozilla/5.0 (compatible; AhrefsBot/7.0; +http://ahrefs.com/robot/)"
51.222.253.6 - - [18/Jul/2025:05:18:27 +0000] "GET /?f=5783605071490&uri=info.php%3Fid%3D193140-57%26name%3Dearphones%20amazon%20boat HTTP/1.1" 200 21262 "-" "Mozilla/5.0 (compatible; AhrefsBot/7.0; +http://ahrefs.com/robot/)"
51.222.253.14 - - [18/Jul/2025:05:21:43 +0000] "GET /?f=92700129011490&uri=brands.php%3Fid%3D3093575-1367%26name%3D140%20gram%20clip%20in%20hair%20extensions HTTP/1.1" 200 21262 "-" "Mozilla/5.0 (compatible; AhrefsBot/7.0; +http://ahrefs.com/robot/)"
51.222.253.9 - - [18/Jul/2025:05:25:12 +0000] "GET /?f=88810681091490&uri=shop.php%3Fid%3D2963748-607%26name%3Dmaster%20executive%20sna HTTP/1.1" 200 21262 "-" "Mozilla/5.0 (compatible; AhrefsBot/7.0; +http://ahrefs.com/robot/)"
51.222.253.9 - - [18/Jul/2025:05:33:53 +0000] "GET /?f=71209568041490&uri=us.php%3Fid%3D2376337-1425%26name%3Daur%20force%20one%20just%20do%20it HTTP/1.1" 200 21262 "-" "Mozilla/5.0 (compatible; AhrefsBot/7.0; +http://ahrefs.com/robot/)"
66.249.79.192 - - [18/Jul/2025:05:35:39 +0000] "GET /?f=5958881081490&mod=9cecbb6f&uri=shop.php%3Fid%3D198988-344%26name%3Dtekkie+town+tygervalley HTTP/1.1" 200 19004 "-" "Mozilla/5.0 (Linux; Android 6.0.1; Nexus 5X Build/MMB29P) AppleWebKit/537.36 (KHTML, like Gecko) Chrome/137.0.7151.103 Mobile Safari/537.36 (compatible; Googlebot/2.1; +http://www.google.com/bot.html)"
66.249.79.206 - - [18/Jul/2025:05:35:54 +0000] "GET /?f=5964551021490&mod=9cecbb6f&uri=product.php%3Fid%3D199177-344%26name%3Dnew+balance+kenilworth HTTP/1.1" 200 19006 "-" "Mozilla/5.0 (Linux; Android 6.0.1; Nexus 5X Build/MMB29P) AppleWebKit/537.36 (KHTML, like Gecko) Chrome/137.0.7151.103 Mobile Safari/537.36 (compatible; Googlebot/2.1; +http://www.google.com/bot.html)"
66.249.79.192 - - [18/Jul/2025:05:36:08 +0000] "GET /?f=5964461051490&mod=9cecbb6f&uri=product.php%3Fid%3D199174-344%26name%3Dup+town+shoes HTTP/1.1" 200 18995 "-" "Mozilla/5.0 (Linux; Android 6.0.1; Nexus 5X Build/MMB29P) AppleWebKit/537.36 (KHTML, like Gecko) Chrome/137.0.7151.103 Mobile Safari/537.36 (compatible; Googlebot/2.1; +http://www.google.com/bot.html)"
66.249.79.193 - - [18/Jul/2025:05:36:12 +0000] "POST /get-message-notify HTTP/1.1" 404 - "https://onlycnc.com.au/?f=5964461051490&mod=9cecbb6f&uri=product.php%3Fid%3D199174-344%26name%3Dup+town+shoes" "Mozilla/5.0 (Linux; Android 6.0.1; Nexus 5X Build/MMB29P) AppleWebKit/537.36 (KHTML, like Gecko) Chrome/137.0.7151.119 Mobile Safari/537.36 (compatible; Googlebot/2.1; +http://www.google.com/bot.html)"
66.249.79.206 - - [18/Jul/2025:05:36:17 +0000] "GET /?f=5959061031490&mod=9cecbb6f&uri=pin.php%3Fid%3D198994-344%26name%3Dhsn+comfort+shoes HTTP/1.1" 200 18980 "-" "Mozilla/5.0 (Linux; Android 6.0.1; Nexus 5X Build/MMB29P) AppleWebKit/537.36 (KHTML, like Gecko) Chrome/137.0.7151.103 Mobile Safari/537.36 (compatible; Googlebot/2.1; +http://www.google.com/bot.html)"
66.249.79.206 - - [18/Jul/2025:05:36:29 +0000] "GET /?f=5947151021490&mod=9cecbb6f&uri=itm.php%3Fid%3D198597-344%26name%3Dwindsor+smith+shoes+mens HTTP/1.1" 200 18993 "-" "Mozilla/5.0 (Linux; Android 6.0.1; Nexus 5X Build/MMB29P) AppleWebKit/537.36 (KHTML, like Gecko) Chrome/137.0.7151.103 Mobile Safari/537.36 (compatible; Googlebot/2.1; +http://www.google.com/bot.html)"
66.249.79.206 - - [18/Jul/2025:05:36:40 +0000] "GET /?f=5964101021490&mod=9cecbb6f&uri=goods.php%3Fid%3D199162-344%26name%3Dchopo+1991+shoes HTTP/1.1" 200 18991 "-" "Mozilla/5.0 (Linux; Android 6.0.1; Nexus 5X Build/MMB29P) AppleWebKit/537.36 (KHTML, like Gecko) Chrome/137.0.7151.103 Mobile Safari/537.36 (compatible; Googlebot/2.1; +http://www.google.com/bot.html)"
66.249.79.206 - - [18/Jul/2025:05:36:53 +0000] "POST /get-message-notify HTTP/1.1" 404 - "https://onlycnc.com.au/?f=5964101021490&mod=9cecbb6f&uri=goods.php%3Fid%3D199162-344%26name%3Dchopo+1991+shoes" "Mozilla/5.0 (Linux; Android 6.0.1; Nexus 5X Build/MMB29P) AppleWebKit/537.36 (KHTML, like Gecko) Chrome/137.0.7151.119 Mobile Safari/537.36 (compatible; Googlebot/2.1; +http://www.google.com/bot.html)"
66.249.79.206 - - [18/Jul/2025:05:36:53 +0000] "GET /?f=5965091041490&mod=9cecbb6f&uri=info.php%3Fid%3D199195-344%26name%3Daldo+shoes+sandalias HTTP/1.1" 200 18995 "-" "Mozilla/5.0 (Linux; Android 6.0.1; Nexus 5X Build/MMB29P) AppleWebKit/537.36 (KHTML, like Gecko) Chrome/137.0.7151.103 Mobile Safari/537.36 (compatible; Googlebot/2.1; +http://www.google.com/bot.html)"
66.249.79.192 - - [18/Jul/2025:05:37:07 +0000] "GET /?f=5958911041490&mod=9cecbb6f&uri=products.php%3Fid%3D198989-344%26name%3Deuropean+shoe+size+conversion+kids HTTP/1.1" 200 19027 "-" "Mozilla/5.0 (Linux; Android 6.0.1; Nexus 5X Build/MMB29P) AppleWebKit/537.36 (KHTML, like Gecko) Chrome/137.0.7151.103 Mobile Safari/537.36 (compatible; Googlebot/2.1; +http://www.google.com/bot.html)"
66.249.79.192 - - [18/Jul/2025:05:37:12 +0000] "POST /get-message-notify HTTP/1.1" 404 - "https://onlycnc.com.au/?f=5958911041490&mod=9cecbb6f&uri=products.php%3Fid%3D198989-344%26name%3Deuropean+shoe+size+conversion+kids" "Mozilla/5.0 (Linux; Android 6.0.1; Nexus 5X Build/MMB29P) AppleWebKit/537.36 (KHTML, like Gecko) Chrome/137.0.7151.119 Mobile Safari/537.36 (compatible; Googlebot/2.1; +http://www.google.com/bot.html)"
66.249.79.206 - - [18/Jul/2025:05:37:13 +0000] "POST /get-message-notify HTTP/1.1" 404 - "https://onlycnc.com.au/?f=5959061031490&mod=9cecbb6f&uri=pin.php%3Fid%3D198994-344%26name%3Dhsn+comfort+shoes" "Mozilla/5.0 (Linux; Android 6.0.1; Nexus 5X Build/MMB29P) AppleWebKit/537.36 (KHTML, like Gecko) Chrome/137.0.7151.119 Mobile Safari/537.36 (compatible; Googlebot/2.1; +http://www.google.com/bot.html)"
66.249.79.206 - - [18/Jul/2025:05:37:18 +0000] "GET /?f=5960681031490&mod=9cecbb6f&uri=shared.php%3Fid%3D199048-344%26name%3Denglish+shoe+sizes HTTP/1.1" 200 18995 "-" "Mozilla/5.0 (Linux; Android 6.0.1; Nexus 5X Build/MMB29P) AppleWebKit/537.36 (KHTML, like Gecko) Chrome/137.0.7151.103 Mobile Safari/537.36 (compatible; Googlebot/2.1; +http://www.google.com/bot.html)"
66.249.79.206 - - [18/Jul/2025:05:37:22 +0000] "POST /get-message-notify HTTP/1.1" 404 - "https://onlycnc.com.au/?f=5960681031490&mod=9cecbb6f&uri=shared.php%3Fid%3D199048-344%26name%3Denglish+shoe+sizes" "Mozilla/5.0 (Linux; Android 6.0.1; Nexus 5X Build/MMB29P) AppleWebKit/537.36 (KHTML, like Gecko) Chrome/137.0.7151.119 Mobile Safari/537.36 (compatible; Googlebot/2.1; +http://www.google.com/bot.html)"
66.249.79.206 - - [18/Jul/2025:05:37:38 +0000] "GET /?f=5962301021490&mod=9cecbb6f&uri=category-info.php%3Fid%3D199102-344%26name%3Dnike+shorts+built+in+compression HTTP/1.1" 200 19029 "-" "Mozilla/5.0 (Linux; Android 6.0.1; Nexus 5X Build/MMB29P) AppleWebKit/537.36 (KHTML, like Gecko) Chrome/137.0.7151.103 Mobile Safari/537.36 (compatible; Googlebot/2.1; +http://www.google.com/bot.html)"
66.249.79.206 - - [18/Jul/2025:05:37:58 +0000] "GET /?f=5958971111490&mod=9cecbb6f&uri=category-info.php%3Fid%3D198991-344%26name%3Drunning+leggings+short+length HTTP/1.1" 200 19026 "-" "Mozilla/5.0 (Linux; Android 6.0.1; Nexus 5X Build/MMB29P) AppleWebKit/537.36 (KHTML, like Gecko) Chrome/137.0.7151.103 Mobile Safari/537.36 (compatible; Googlebot/2.1; +http://www.google.com/bot.html)"
66.249.79.206 - - [18/Jul/2025:05:38:08 +0000] "GET /?f=5960231081490&mod=9cecbb6f&uri=itm.php%3Fid%3D199033-344%26name%3Dhoka+shoes+steel+toe HTTP/1.1" 200 18985 "-" "Mozilla/5.0 (Linux; Android 6.0.1; Nexus 5X Build/MMB29P) AppleWebKit/537.36 (KHTML, like Gecko) Chrome/137.0.7151.103 Mobile Safari/537.36 (compatible; Googlebot/2.1; +http://www.google.com/bot.html)"
57.141.2.10 - - [18/Jul/2025:05:38:09 +0000] "GET /?f=2334478091490& HTTP/1.1" 301 - "-" "meta-externalagent/1.1 (+https://developers.facebook.com/docs/sharing/webmasters/crawler)"
66.249.79.192 - - [18/Jul/2025:05:38:15 +0000] "GET /?f=54405373041490&mod=a73b1623&uri=search.php?shopdetail/58605332 HTTP/1.1" 200 19466 "-" "Mozilla/5.0 (Linux; Android 6.0.1; Nexus 5X Build/MMB29P) AppleWebKit/537.36 (KHTML, like Gecko) Chrome/137.0.7151.103 Mobile Safari/537.36 (compatible; Googlebot/2.1; +http://www.google.com/bot.html)"
66.249.79.192 - - [18/Jul/2025:05:38:16 +0000] "POST /get-message-notify HTTP/1.1" 404 - "https://onlycnc.com.au/?f=5960231081490&mod=9cecbb6f&uri=itm.php%3Fid%3D199033-344%26name%3Dhoka+shoes+steel+toe" "Mozilla/5.0 (Linux; Android 6.0.1; Nexus 5X Build/MMB29P) AppleWebKit/537.36 (KHTML, like Gecko) Chrome/137.0.7151.119 Mobile Safari/537.36 (compatible; Googlebot/2.1; +http://www.google.com/bot.html)"
66.249.79.206 - - [18/Jul/2025:05:38:17 +0000] "GET /?f=54405373041490&mod=a73b1623&uri=search.php?shopdetail/58609836 HTTP/1.1" 200 18837 "-" "Mozilla/5.0 (Linux; Android 6.0.1; Nexus 5X Build/MMB29P) AppleWebKit/537.36 (KHTML, like Gecko) Chrome/137.0.7151.103 Mobile Safari/537.36 (compatible; Googlebot/2.1; +http://www.google.com/bot.html)"
66.249.79.192 - - [18/Jul/2025:05:38:18 +0000] "GET /?f=5963111021490&mod=9cecbb6f&uri=info.php%3Fid%3D199129-344%26name%3Dhalf+inch+heel+shoes HTTP/1.1" 200 19000 "-" "Mozilla/5.0 (Linux; Android 6.0.1; Nexus 5X Build/MMB29P) AppleWebKit/537.36 (KHTML, like Gecko) Chrome/137.0.7151.103 Mobile Safari/537.36 (compatible; Googlebot/2.1; +http://www.google.com/bot.html)"
66.249.79.206 - - [18/Jul/2025:05:38:20 +0000] "GET /?f=54405373041490&mod=a73b1623&uri=search.php?shopdetail/58618700 HTTP/1.1" 200 19082 "-" "Mozilla/5.0 (Linux; Android 6.0.1; Nexus 5X Build/MMB29P) AppleWebKit/537.36 (KHTML, like Gecko) Chrome/137.0.7151.103 Mobile Safari/537.36 (compatible; Googlebot/2.1; +http://www.google.com/bot.html)"
66.249.79.206 - - [18/Jul/2025:05:38:32 +0000] "GET /?f=5962841051490&mod=9cecbb6f&uri=dp.php%3Fid%3D199120-344%26name%3Dpull+up+stone HTTP/1.1" 200 18970 "-" "Mozilla/5.0 (Linux; Android 6.0.1; Nexus 5X Build/MMB29P) AppleWebKit/537.36 (KHTML, like Gecko) Chrome/137.0.7151.103 Mobile Safari/537.36 (compatible; Googlebot/2.1; +http://www.google.com/bot.html)"
66.249.79.206 - - [18/Jul/2025:05:38:47 +0000] "POST /get-message-notify HTTP/1.1" 404 - "https://onlycnc.com.au/?f=54405373041490&mod=a73b1623&uri=search.php?shopdetail/58618700" "Mozilla/5.0 (Linux; Android 6.0.1; Nexus 5X Build/MMB29P) AppleWebKit/537.36 (KHTML, like Gecko) Chrome/137.0.7151.119 Mobile Safari/537.36 (compatible; Googlebot/2.1; +http://www.google.com/bot.html)"
66.249.79.206 - - [18/Jul/2025:05:38:49 +0000] "GET /?f=5964371011490&mod=9cecbb6f&uri=category-info.php%3Fid%3D199171-344%26name%3Dhsn+copper+fit+shoes HTTP/1.1" 200 19018 "-" "Mozilla/5.0 (Linux; Android 6.0.1; Nexus 5X Build/MMB29P) AppleWebKit/537.36 (KHTML, like Gecko) Chrome/137.0.7151.103 Mobile Safari/537.36 (compatible; Googlebot/2.1; +http://www.google.com/bot.html)"
66.249.79.193 - - [18/Jul/2025:05:39:00 +0000] "GET /?f=5965181031490&mod=9cecbb6f&uri=pin.php%3Fid%3D199198-344%26name%3Dnike+underground+trainers HTTP/1.1" 200 18984 "-" "Mozilla/5.0 (Linux; Android 6.0.1; Nexus 5X Build/MMB29P) AppleWebKit/537.36 (KHTML, like Gecko) Chrome/137.0.7151.103 Mobile Safari/537.36 (compatible; Googlebot/2.1; +http://www.google.com/bot.html)"
66.249.79.192 - - [18/Jul/2025:05:39:12 +0000] "GET /?f=5911871041490&mod=02ddce85&uri=dp.php%3Fid%3D197421-155%26name%3Dcelestion+k15 HTTP/1.1" 200 18970 "-" "Mozilla/5.0 (Linux; Android 6.0.1; Nexus 5X Build/MMB29P) AppleWebKit/537.36 (KHTML, like Gecko) Chrome/137.0.7151.103 Mobile Safari/537.36 (compatible; Googlebot/2.1; +http://www.google.com/bot.html)"
66.249.79.206 - - [18/Jul/2025:05:39:26 +0000] "GET /?f=5935391021490&mod=22852db6&uri=dp.php%3Fid%3D198205-342%26name%3Dsit+me+up+floor+seat+argos HTTP/1.1" 200 18996 "-" "Mozilla/5.0 (Linux; Android 6.0.1; Nexus 5X Build/MMB29P) AppleWebKit/537.36 (KHTML, like Gecko) Chrome/137.0.7151.103 Mobile Safari/537.36 (compatible; Googlebot/2.1; +http://www.google.com/bot.html)"
66.249.79.206 - - [18/Jul/2025:05:39:38 +0000] "GET /?f=5960411041490&mod=9cecbb6f&uri=product.php%3Fid%3D199039-344%26name%3Dmiista+sneakers HTTP/1.1" 200 18989 "-" "Mozilla/5.0 (Linux; Android 6.0.1; Nexus 5X Build/MMB29P) AppleWebKit/537.36 (KHTML, like Gecko) Chrome/137.0.7151.103 Mobile Safari/537.36 (compatible; Googlebot/2.1; +http://www.google.com/bot.html)"
66.249.79.206 - - [18/Jul/2025:05:39:41 +0000] "POST /get-message-notify HTTP/1.1" 404 - "https://onlycnc.com.au/?f=5911871041490&mod=02ddce85&uri=dp.php%3Fid%3D197421-155%26name%3Dcelestion+k15" "Mozilla/5.0 (Linux; Android 6.0.1; Nexus 5X Build/MMB29P) AppleWebKit/537.36 (KHTML, like Gecko) Chrome/137.0.7151.119 Mobile Safari/537.36 (compatible; Googlebot/2.1; +http://www.google.com/bot.html)"
66.249.79.206 - - [18/Jul/2025:05:39:53 +0000] "GET /?f=5960591021490&mod=9cecbb6f&uri=shop.php%3Fid%3D199045-344%26name%3Dwindsor+smith+laken HTTP/1.1" 200 18990 "-" "Mozilla/5.0 (Linux; Android 6.0.1; Nexus 5X Build/MMB29P) AppleWebKit/537.36 (KHTML, like Gecko) Chrome/137.0.7151.103 Mobile Safari/537.36 (compatible; Googlebot/2.1; +http://www.google.com/bot.html)"
66.249.79.192 - - [18/Jul/2025:05:40:04 +0000] "GET /?f=5962571061490&mod=9cecbb6f&uri=us.php%3Fid%3D199111-344%26name%3Dcrocs+up+town HTTP/1.1" 200 18969 "-" "Mozilla/5.0 (Linux; Android 6.0.1; Nexus 5X Build/MMB29P) AppleWebKit/537.36 (KHTML, like Gecko) Chrome/137.0.7151.103 Mobile Safari/537.36 (compatible; Googlebot/2.1; +http://www.google.com/bot.html)"
66.249.79.206 - - [18/Jul/2025:05:40:16 +0000] "GET /?f=5959781031490&mod=9cecbb6f&uri=form.php%3Fid%3D199018-344%26name%3Dstar+lace+up+sneakers HTTP/1.1" 200 18994 "-" "Mozilla/5.0 (Linux; Android 6.0.1; Nexus 5X Build/MMB29P) AppleWebKit/537.36 (KHTML, like Gecko) Chrome/137.0.7151.103 Mobile Safari/537.36 (compatible; Googlebot/2.1; +http://www.google.com/bot.html)"
66.249.79.206 - - [18/Jul/2025:05:40:25 +0000] "GET /?f=5959241051490&mod=9cecbb6f&uri=blog.php%3Fid%3D199000-344%26name%3Dtitan+heavy+duty+shoes HTTP/1.1" 200 19002 "-" "Mozilla/5.0 (Linux; Android 6.0.1; Nexus 5X Build/MMB29P) AppleWebKit/537.36 (KHTML, like Gecko) Chrome/137.0.7151.103 Mobile Safari/537.36 (compatible; Googlebot/2.1; +http://www.google.com/bot.html)"
66.249.79.206 - - [18/Jul/2025:05:40:33 +0000] "GET /?f=5959961041490&mod=9cecbb6f&uri=goods.php%3Fid%3D199024-344%26name%3Dall+star+price+at+tekkie+town HTTP/1.1" 200 19019 "-" "Mozilla/5.0 (Linux; Android 6.0.1; Nexus 5X Build/MMB29P) AppleWebKit/537.36 (KHTML, like Gecko) Chrome/137.0.7151.103 Mobile Safari/537.36 (compatible; Googlebot/2.1; +http://www.google.com/bot.html)"
66.249.79.206 - - [18/Jul/2025:05:40:46 +0000] "GET /?f=5959691001490&mod=9cecbb6f&uri=us.php%3Fid%3D199015-344%26name%3Dheavy+leather+shoes HTTP/1.1" 200 18976 "-" "Mozilla/5.0 (Linux; Android 6.0.1; Nexus 5X Build/MMB29P) AppleWebKit/537.36 (KHTML, like Gecko) Chrome/137.0.7151.103 Mobile Safari/537.36 (compatible; Googlebot/2.1; +http://www.google.com/bot.html)"
57.141.2.11 - - [18/Jul/2025:05:40:54 +0000] "GET /?f=27059835021490& HTTP/1.1" 301 - "-" "meta-externalagent/1.1 (+https://developers.facebook.com/docs/sharing/webmasters/crawler)"
66.249.79.206 - - [18/Jul/2025:05:40:57 +0000] "GET /?f=5962391021490&mod=9cecbb6f&uri=blog.php%3Fid%3D199105-344%26name%3Dcrocs+canal+walk HTTP/1.1" 200 18988 "-" "Mozilla/5.0 (Linux; Android 6.0.1; Nexus 5X Build/MMB29P) AppleWebKit/537.36 (KHTML, like Gecko) Chrome/137.0.7151.103 Mobile Safari/537.36 (compatible; Googlebot/2.1; +http://www.google.com/bot.html)"
66.249.79.206 - - [18/Jul/2025:05:41:05 +0000] "GET /?f=5963381081490&mod=9cecbb6f&uri=products.php%3Fid%3D199138-344%26name%3Ddemar+derozan+kicks HTTP/1.1" 200 19006 "-" "Mozilla/5.0 (Linux; Android 6.0.1; Nexus 5X Build/MMB29P) AppleWebKit/537.36 (KHTML, like Gecko) Chrome/137.0.7151.103 Mobile Safari/537.36 (compatible; Googlebot/2.1; +http://www.google.com/bot.html)"
66.249.79.192 - - [18/Jul/2025:05:41:15 +0000] "POST /get-message-notify HTTP/1.1" 404 - "https://onlycnc.com.au/?f=5959961041490&mod=9cecbb6f&uri=goods.php%3Fid%3D199024-344%26name%3Dall+star+price+at+tekkie+town" "Mozilla/5.0 (Linux; Android 6.0.1; Nexus 5X Build/MMB29P) AppleWebKit/537.36 (KHTML, like Gecko) Chrome/137.0.7151.119 Mobile Safari/537.36 (compatible; Googlebot/2.1; +http://www.google.com/bot.html)"
66.249.79.206 - - [18/Jul/2025:05:41:17 +0000] "GET /?f=5965361051490&mod=9cecbb6f&uri=blog.php%3Fid%3D199204-344%26name%3Dlipstick+windsor+smith HTTP/1.1" 200 18997 "-" "Mozilla/5.0 (Linux; Android 6.0.1; Nexus 5X Build/MMB29P) AppleWebKit/537.36 (KHTML, like Gecko) Chrome/137.0.7151.103 Mobile Safari/537.36 (compatible; Googlebot/2.1; +http://www.google.com/bot.html)"
66.249.79.206 - - [18/Jul/2025:05:41:22 +0000] "POST /get-message-notify HTTP/1.1" 404 - "https://onlycnc.com.au/?f=5965361051490&mod=9cecbb6f&uri=blog.php%3Fid%3D199204-344%26name%3Dlipstick+windsor+smith" "Mozilla/5.0 (Linux; Android 6.0.1; Nexus 5X Build/MMB29P) AppleWebKit/537.36 (KHTML, like Gecko) Chrome/137.0.7151.119 Mobile Safari/537.36 (compatible; Googlebot/2.1; +http://www.google.com/bot.html)"
66.249.79.206 - - [18/Jul/2025:05:41:28 +0000] "POST /get-message-notify HTTP/1.1" 404 - "https://onlycnc.com.au/?f=5959691001490&mod=9cecbb6f&uri=us.php%3Fid%3D199015-344%26name%3Dheavy+leather+shoes" "Mozilla/5.0 (Linux; Android 6.0.1; Nexus 5X Build/MMB29P) AppleWebKit/537.36 (KHTML, like Gecko) Chrome/137.0.7151.119 Mobile Safari/537.36 (compatible; Googlebot/2.1; +http://www.google.com/bot.html)"
66.249.79.206 - - [18/Jul/2025:05:41:29 +0000] "GET /?f=5963921111490&mod=9cecbb6f&uri=pin.php%3Fid%3D199156-344%26name%3Dmuck+shoes HTTP/1.1" 200 18968 "-" "Mozilla/5.0 (Linux; Android 6.0.1; Nexus 5X Build/MMB29P) AppleWebKit/537.36 (KHTML, like Gecko) Chrome/137.0.7151.103 Mobile Safari/537.36 (compatible; Googlebot/2.1; +http://www.google.com/bot.html)"
66.249.79.206 - - [18/Jul/2025:05:41:38 +0000] "GET /?f=5911931001490&mod=02ddce85&uri=form.php%3Fid%3D197423-155%26name%3Dpolk+momo+6x9 HTTP/1.1" 200 18983 "-" "Mozilla/5.0 (Linux; Android 6.0.1; Nexus 5X Build/MMB29P) AppleWebKit/537.36 (KHTML, like Gecko) Chrome/137.0.7151.103 Mobile Safari/537.36 (compatible; Googlebot/2.1; +http://www.google.com/bot.html)"
51.222.253.7 - - [18/Jul/2025:05:41:38 +0000] "GET /?f=78143424021490&uri=itm.php%3Fid%3D2607735-1488%26name%3Dlunette%20soleil%20homme%20polaris%C3%83%C2%A9 HTTP/1.1" 200 21262 "-" "Mozilla/5.0 (compatible; AhrefsBot/7.0; +http://ahrefs.com/robot/)"
66.249.79.206 - - [18/Jul/2025:05:41:44 +0000] "POST /get-message-notify HTTP/1.1" 404 - "https://onlycnc.com.au/?f=5911931001490&mod=02ddce85&uri=form.php%3Fid%3D197423-155%26name%3Dpolk+momo+6x9" "Mozilla/5.0 (Linux; Android 6.0.1; Nexus 5X Build/MMB29P) AppleWebKit/537.36 (KHTML, like Gecko) Chrome/137.0.7151.119 Mobile Safari/537.36 (compatible; Googlebot/2.1; +http://www.google.com/bot.html)"
66.249.79.206 - - [18/Jul/2025:05:42:36 +0000] "GET /?f=5965541001490&mod=9cecbb6f&uri=dp.php%3Fid%3D199210-344%26name%3Dwomen%27s+shoe+size+38 HTTP/1.1" 200 18982 "-" "Mozilla/5.0 (Linux; Android 6.0.1; Nexus 5X Build/MMB29P) AppleWebKit/537.36 (KHTML, like Gecko) Chrome/137.0.7151.103 Mobile Safari/537.36 (compatible; Googlebot/2.1; +http://www.google.com/bot.html)"
66.249.79.192 - - [18/Jul/2025:05:42:56 +0000] "GET /?f=5960141051490&mod=9cecbb6f&uri=news.php%3Fid%3D199030-344%26name%3Dinch+sole+shoes HTTP/1.1" 200 18987 "-" "Mozilla/5.0 (Linux; Android 6.0.1; Nexus 5X Build/MMB29P) AppleWebKit/537.36 (KHTML, like Gecko) Chrome/137.0.7151.103 Mobile Safari/537.36 (compatible; Googlebot/2.1; +http://www.google.com/bot.html)"
66.249.79.206 - - [18/Jul/2025:05:43:10 +0000] "GET /?f=5929511041490&mod=22852db6&uri=search.php%3Fid%3D198009-342%26name%3Dmunchkin+tigger+door+bouncer HTTP/1.1" 200 19014 "-" "Mozilla/5.0 (Linux; Android 6.0.1; Nexus 5X Build/MMB29P) AppleWebKit/537.36 (KHTML, like Gecko) Chrome/137.0.7151.103 Mobile Safari/537.36 (compatible; Googlebot/2.1; +http://www.google.com/bot.html)"
66.249.79.206 - - [18/Jul/2025:05:43:36 +0000] "GET /?f=5960321011490&mod=9cecbb6f&uri=brands.php%3Fid%3D199036-344%26name%3Dsize+to+eu HTTP/1.1" 200 18981 "-" "Mozilla/5.0 (Linux; Android 6.0.1; Nexus 5X Build/MMB29P) AppleWebKit/537.36 (KHTML, like Gecko) Chrome/137.0.7151.103 Mobile Safari/537.36 (compatible; Googlebot/2.1; +http://www.google.com/bot.html)"
66.249.79.206 - - [18/Jul/2025:05:43:59 +0000] "GET /?f=5917751021490&mod=22852db6&uri=shop.php%3Fid%3D197617-342%26name%3Dcarter%27s+bouncy+seat HTTP/1.1" 200 18994 "-" "Mozilla/5.0 (Linux; Android 6.0.1; Nexus 5X Build/MMB29P) AppleWebKit/537.36 (KHTML, like Gecko) Chrome/137.0.7151.103 Mobile Safari/537.36 (compatible; Googlebot/2.1; +http://www.google.com/bot.html)"
66.249.79.206 - - [18/Jul/2025:05:44:07 +0000] "GET /?f=5964911141490&mod=9cecbb6f&uri=search.php%3Fid%3D199189-344%26name%3Dtekkie+town+puma+tekkies HTTP/1.1" 200 19008 "-" "Mozilla/5.0 (Linux; Android 6.0.1; Nexus 5X Build/MMB29P) AppleWebKit/537.36 (KHTML, like Gecko) Chrome/137.0.7151.103 Mobile Safari/537.36 (compatible; Googlebot/2.1; +http://www.google.com/bot.html)"
66.249.79.192 - - [18/Jul/2025:05:44:11 +0000] "POST /get-message-notify HTTP/1.1" 404 - "https://onlycnc.com.au/?f=5964911141490&mod=9cecbb6f&uri=search.php%3Fid%3D199189-344%26name%3Dtekkie+town+puma+tekkies" "Mozilla/5.0 (Linux; Android 6.0.1; Nexus 5X Build/MMB29P) AppleWebKit/537.36 (KHTML, like Gecko) Chrome/137.0.7151.119 Mobile Safari/537.36 (compatible; Googlebot/2.1; +http://www.google.com/bot.html)"
66.249.79.192 - - [18/Jul/2025:05:44:51 +0000] "POST /get-message-notify HTTP/1.1" 404 - "https://onlycnc.com.au/?f=5917751021490&mod=22852db6&uri=shop.php%3Fid%3D197617-342%26name%3Dcarter%27s+bouncy+seat" "Mozilla/5.0 (Linux; Android 6.0.1; Nexus 5X Build/MMB29P) AppleWebKit/537.36 (KHTML, like Gecko) Chrome/137.0.7151.119 Mobile Safari/537.36 (compatible; Googlebot/2.1; +http://www.google.com/bot.html)"
66.249.79.192 - - [18/Jul/2025:05:44:51 +0000] "GET /?f=5962661031490&mod=9cecbb6f&uri=us.php%3Fid%3D199114-344%26name%3Dnike+new+stuff HTTP/1.1" 200 18970 "-" "Mozilla/5.0 (Linux; Android 6.0.1; Nexus 5X Build/MMB29P) AppleWebKit/537.36 (KHTML, like Gecko) Chrome/137.0.7151.103 Mobile Safari/537.36 (compatible; Googlebot/2.1; +http://www.google.com/bot.html)"
66.249.79.206 - - [18/Jul/2025:05:44:59 +0000] "GET /?f=5923631001490&mod=22852db6&uri=brands.php%3Fid%3D197813-342%26name%3Dmamas+and+papas+wave+bouncer HTTP/1.1" 200 19011 "-" "Mozilla/5.0 (Linux; Android 6.0.1; Nexus 5X Build/MMB29P) AppleWebKit/537.36 (KHTML, like Gecko) Chrome/137.0.7151.103 Mobile Safari/537.36 (compatible; Googlebot/2.1; +http://www.google.com/bot.html)"
66.249.79.206 - - [18/Jul/2025:05:45:15 +0000] "GET /?f=5962211041490&mod=9cecbb6f&uri=news.php%3Fid%3D199099-344%26name%3Dinch+shoelaces HTTP/1.1" 200 18986 "-" "Mozilla/5.0 (Linux; Android 6.0.1; Nexus 5X Build/MMB29P) AppleWebKit/537.36 (KHTML, like Gecko) Chrome/137.0.7151.103 Mobile Safari/537.36 (compatible; Googlebot/2.1; +http://www.google.com/bot.html)"
66.249.79.206 - - [18/Jul/2025:05:45:24 +0000] "GET /?f=5964191001490&mod=9cecbb6f&uri=info.php%3Fid%3D199165-344%26name%3Dshoe+palace+arden+mall HTTP/1.1" 200 18994 "-" "Mozilla/5.0 (Linux; Android 6.0.1; Nexus 5X Build/MMB29P) AppleWebKit/537.36 (KHTML, like Gecko) Chrome/137.0.7151.103 Mobile Safari/537.36 (compatible; Googlebot/2.1; +http://www.google.com/bot.html)"
66.249.79.206 - - [18/Jul/2025:05:45:32 +0000] "GET /?f=5959151021490&mod=9cecbb6f&uri=search.php%3Fid%3D198997-344%26name%3Deur36+to+us+shoe+size HTTP/1.1" 200 19007 "-" "Mozilla/5.0 (Linux; Android 6.0.1; Nexus 5X Build/MMB29P) AppleWebKit/537.36 (KHTML, like Gecko) Chrome/137.0.7151.103 Mobile Safari/537.36 (compatible; Googlebot/2.1; +http://www.google.com/bot.html)"
66.249.79.206 - - [18/Jul/2025:05:45:46 +0000] "POST /get-message-notify HTTP/1.1" 404 - "https://onlycnc.com.au/?f=5962301021490&mod=9cecbb6f&uri=category-info.php%3Fid%3D199102-344%26name%3Dnike+shorts+built+in+compression" "Mozilla/5.0 (Linux; Android 6.0.1; Nexus 5X Build/MMB29P) AppleWebKit/537.36 (KHTML, like Gecko) Chrome/137.0.7151.119 Mobile Safari/537.36 (compatible; Googlebot/2.1; +http://www.google.com/bot.html)"
66.249.79.206 - - [18/Jul/2025:05:45:47 +0000] "POST /get-message-notify HTTP/1.1" 404 - "https://onlycnc.com.au/?f=5959151021490&mod=9cecbb6f&uri=search.php%3Fid%3D198997-344%26name%3Deur36+to+us+shoe+size" "Mozilla/5.0 (Linux; Android 6.0.1; Nexus 5X Build/MMB29P) AppleWebKit/537.36 (KHTML, like Gecko) Chrome/137.0.7151.119 Mobile Safari/537.36 (compatible; Googlebot/2.1; +http://www.google.com/bot.html)"
66.249.79.206 - - [18/Jul/2025:05:45:49 +0000] "GET /?f=101674664001490&mod=02ddce85&uri=goods.php%3Fid%3D3393175-155%26name%3Dpolk+audio+true+surround+system HTTP/1.1" 200 19027 "-" "Mozilla/5.0 (Linux; Android 6.0.1; Nexus 5X Build/MMB29P) AppleWebKit/537.36 (KHTML, like Gecko) Chrome/137.0.7151.103 Mobile Safari/537.36 (compatible; Googlebot/2.1; +http://www.google.com/bot.html)"
66.249.79.206 - - [18/Jul/2025:05:45:58 +0000] "GET /?f=5960951021490&mod=9cecbb6f&uri=article.php%3Fid%3D199057-344%26name%3Dwide+fit+extra+comfort HTTP/1.1" 200 19012 "-" "Mozilla/5.0 (Linux; Android 6.0.1; Nexus 5X Build/MMB29P) AppleWebKit/537.36 (KHTML, like Gecko) Chrome/137.0.7151.103 Mobile Safari/537.36 (compatible; Googlebot/2.1; +http://www.google.com/bot.html)"
66.249.79.193 - - [18/Jul/2025:05:46:07 +0000] "GET /?f=5962481081490&mod=9cecbb6f&uri=pin.php%3Fid%3D199108-344%26name%3Dhsn+mens+shoes HTTP/1.1" 200 18975 "-" "Mozilla/5.0 (Linux; Android 6.0.1; Nexus 5X Build/MMB29P) AppleWebKit/537.36 (KHTML, like Gecko) Chrome/137.0.7151.103 Mobile Safari/537.36 (compatible; Googlebot/2.1; +http://www.google.com/bot.html)"
66.249.79.206 - - [18/Jul/2025:05:46:21 +0000] "GET /?f=5963471061490&mod=9cecbb6f&uri=goods.php%3Fid%3D199141-344%26name%3D3m+tape+for+shoes HTTP/1.1" 200 18995 "-" "Mozilla/5.0 (Linux; Android 6.0.1; Nexus 5X Build/MMB29P) AppleWebKit/537.36 (KHTML, like Gecko) Chrome/137.0.7151.103 Mobile Safari/537.36 (compatible; Googlebot/2.1; +http://www.google.com/bot.html)"
66.249.79.206 - - [18/Jul/2025:05:46:29 +0000] "GET /?f=5962931021490&mod=9cecbb6f&uri=dp.php%3Fid%3D199123-344%26name%3Dknock+off+shoe+websites HTTP/1.1" 200 18986 "-" "Mozilla/5.0 (Linux; Android 6.0.1; Nexus 5X Build/MMB29P) AppleWebKit/537.36 (KHTML, like Gecko) Chrome/137.0.7151.103 Mobile Safari/537.36 (compatible; Googlebot/2.1; +http://www.google.com/bot.html)"
66.249.79.206 - - [18/Jul/2025:05:46:38 +0000] "GET /?f=5965001051490&mod=9cecbb6f&uri=products.php%3Fid%3D199192-344%26name%3Dderby+kicks+shoes HTTP/1.1" 200 19002 "-" "Mozilla/5.0 (Linux; Android 6.0.1; Nexus 5X Build/MMB29P) AppleWebKit/537.36 (KHTML, like Gecko) Chrome/137.0.7151.103 Mobile Safari/537.36 (compatible; Googlebot/2.1; +http://www.google.com/bot.html)"
66.249.79.206 - - [18/Jul/2025:05:46:55 +0000] "GET /?f=5962121011490&mod=9cecbb6f&uri=info.php%3Fid%3D199096-344%26name%3Drm+williams+boot+sizes HTTP/1.1" 200 19001 "-" "Mozilla/5.0 (Linux; Android 6.0.1; Nexus 5X Build/MMB29P) AppleWebKit/537.36 (KHTML, like Gecko) Chrome/137.0.7151.103 Mobile Safari/537.36 (compatible; Googlebot/2.1; +http://www.google.com/bot.html)"
66.249.79.206 - - [18/Jul/2025:05:46:58 +0000] "POST /get-message-notify HTTP/1.1" 404 - "https://onlycnc.com.au/?f=5963471061490&mod=9cecbb6f&uri=goods.php%3Fid%3D199141-344%26name%3D3m+tape+for+shoes" "Mozilla/5.0 (Linux; Android 6.0.1; Nexus 5X Build/MMB29P) AppleWebKit/537.36 (KHTML, like Gecko) Chrome/137.0.7151.119 Mobile Safari/537.36 (compatible; Googlebot/2.1; +http://www.google.com/bot.html)"
92.112.180.148 - - [18/Jul/2025:05:47:07 +0000] "GET /?f=%27nvOpzp;%20AND%201=1%20OR%20(%3C%27%22%3EiKO)),&mod=%27nvOpzp;%20AND%201=1%20OR%20(%3C%27%22%3EiKO)),&uri=%27nvOpzp;%20AND%201=1%20OR%20(%3C%27%22%3EiKO)), HTTP/1.1" 301 - "-" "-"
92.112.180.148 - - [18/Jul/2025:05:47:08 +0000] "GET /?f=%27nvOpzp%3B%20AND%201%3D1%20OR%20%28%3C%27%22%3EiKO%29%29%2C&mod=%27nvOpzp%3B%20AND%201%3D1%20OR%20%28%3C%27%22%3EiKO%29%29%2C&uri=%27nvOpzp%3B%20AND%201%3D1%20OR%20%28%3C%27%22%3EiKO%29%29%2C HTTP/1.1" 200 21262 "https://onlycnc.com.au/?f=%27nvOpzp;%20AND%201=1%20OR%20(%3C%27%22%3EiKO)),&mod=%27nvOpzp;%20AND%201=1%20OR%20(%3C%27%22%3EiKO)),&uri=%27nvOpzp;%20AND%201=1%20OR%20(%3C%27%22%3EiKO))," "-"
66.249.79.206 - - [18/Jul/2025:05:47:39 +0000] "GET /?f=5962031031490&mod=9cecbb6f&uri=goods.php%3Fid%3D199093-344%26name%3Dold+town+shoe+and+luggage HTTP/1.1" 200 19005 "-" "Mozilla/5.0 (Linux; Android 6.0.1; Nexus 5X Build/MMB29P) AppleWebKit/537.36 (KHTML, like Gecko) Chrome/137.0.7151.103 Mobile Safari/537.36 (compatible; Googlebot/2.1; +http://www.google.com/bot.html)"
66.249.79.192 - - [18/Jul/2025:05:47:48 +0000] "GET /?f=104144274051490&mod=02ddce85&uri=product.php%3Fid%3D3475618-155%26name%3Dfocal+inch+speaker HTTP/1.1" 200 19006 "-" "Mozilla/5.0 (Linux; Android 6.0.1; Nexus 5X Build/MMB29P) AppleWebKit/537.36 (KHTML, like Gecko) Chrome/137.0.7151.103 Mobile Safari/537.36 (compatible; Googlebot/2.1; +http://www.google.com/bot.html)"
66.249.79.206 - - [18/Jul/2025:05:47:57 +0000] "GET /?f=5953031021490&mod=9cecbb6f&uri=search.php%3Fid%3D198793-344%26name%3Dathlete%27s+foot+shoes HTTP/1.1" 200 19009 "-" "Mozilla/5.0 (Linux; Android 6.0.1; Nexus 5X Build/MMB29P) AppleWebKit/537.36 (KHTML, like Gecko) Chrome/137.0.7151.103 Mobile Safari/537.36 (compatible; Googlebot/2.1; +http://www.google.com/bot.html)"
66.249.79.193 - - [18/Jul/2025:05:48:05 +0000] "GET /?f=104158881001490&mod=02ddce85&uri=us.php%3Fid%3D3476105-155%26name%3Dshower+tunes HTTP/1.1" 200 18984 "-" "Mozilla/5.0 (Linux; Android 6.0.1; Nexus 5X Build/MMB29P) AppleWebKit/537.36 (KHTML, like Gecko) Chrome/137.0.7151.103 Mobile Safari/537.36 (compatible; Googlebot/2.1; +http://www.google.com/bot.html)"
66.249.79.192 - - [18/Jul/2025:05:48:08 +0000] "POST /get-message-notify HTTP/1.1" 404 - "https://onlycnc.com.au/?f=104158881001490&mod=02ddce85&uri=us.php%3Fid%3D3476105-155%26name%3Dshower+tunes" "Mozilla/5.0 (Linux; Android 6.0.1; Nexus 5X Build/MMB29P) AppleWebKit/537.36 (KHTML, like Gecko) Chrome/137.0.7151.119 Mobile Safari/537.36 (compatible; Googlebot/2.1; +http://www.google.com/bot.html)"
66.249.79.192 - - [18/Jul/2025:05:48:11 +0000] "POST /get-message-notify HTTP/1.1" 404 - "https://onlycnc.com.au/?f=104144274051490&mod=02ddce85&uri=product.php%3Fid%3D3475618-155%26name%3Dfocal+inch+speaker" "Mozilla/5.0 (Linux; Android 6.0.1; Nexus 5X Build/MMB29P) AppleWebKit/537.36 (KHTML, like Gecko) Chrome/137.0.7151.119 Mobile Safari/537.36 (compatible; Googlebot/2.1; +http://www.google.com/bot.html)"
66.249.79.192 - - [18/Jul/2025:05:48:14 +0000] "GET /?f=5961851021490&mod=9cecbb6f&uri=form.php%3Fid%3D199087-344%26name%3Dzudio+footwear HTTP/1.1" 200 18987 "-" "Mozilla/5.0 (Linux; Android 6.0.1; Nexus 5X Build/MMB29P) AppleWebKit/537.36 (KHTML, like Gecko) Chrome/137.0.7151.103 Mobile Safari/537.36 (compatible; Googlebot/2.1; +http://www.google.com/bot.html)"
66.249.79.206 - - [18/Jul/2025:05:48:33 +0000] "GET /?f=104138362051490&mod=02ddce85&uri=us.php%3Fid%3D3475420-155%26name%3Dturn+on+xbox+with+google+home HTTP/1.1" 200 19011 "-" "Mozilla/5.0 (Linux; Android 6.0.1; Nexus 5X Build/MMB29P) AppleWebKit/537.36 (KHTML, like Gecko) Chrome/137.0.7151.103 Mobile Safari/537.36 (compatible; Googlebot/2.1; +http://www.google.com/bot.html)"
66.249.79.206 - - [18/Jul/2025:05:48:39 +0000] "POST /get-message-notify HTTP/1.1" 404 - "https://onlycnc.com.au/?f=5962121011490&mod=9cecbb6f&uri=info.php%3Fid%3D199096-344%26name%3Drm+williams+boot+sizes" "Mozilla/5.0 (Linux; Android 6.0.1; Nexus 5X Build/MMB29P) AppleWebKit/537.36 (KHTML, like Gecko) Chrome/137.0.7151.119 Mobile Safari/537.36 (compatible; Googlebot/2.1; +http://www.google.com/bot.html)"
66.249.79.206 - - [18/Jul/2025:05:48:54 +0000] "GET /?f=5963021011490&mod=9cecbb6f&uri=article.php%3Fid%3D199126-344%26name%3Dheavy+sole+sports+shoes HTTP/1.1" 200 19017 "-" "Mozilla/5.0 (Linux; Android 6.0.1; Nexus 5X Build/MMB29P) AppleWebKit/537.36 (KHTML, like Gecko) Chrome/137.0.7151.103 Mobile Safari/537.36 (compatible; Googlebot/2.1; +http://www.google.com/bot.html)"
66.249.79.193 - - [18/Jul/2025:05:49:23 +0000] "GET /?f=5960861091490&mod=9cecbb6f&uri=info.php%3Fid%3D199054-344%26name%3Drunning+gear+on+sale HTTP/1.1" 200 18995 "-" "Mozilla/5.0 (Linux; Android 6.0.1; Nexus 5X Build/MMB29P) AppleWebKit/537.36 (KHTML, like Gecko) Chrome/137.0.7151.103 Mobile Safari/537.36 (compatible; Googlebot/2.1; +http://www.google.com/bot.html)"
66.249.79.192 - - [18/Jul/2025:05:49:35 +0000] "GET /?f=5963561051490&mod=9cecbb6f&uri=shop.php%3Fid%3D199144-344%26name%3Dshoes+eaton+centre HTTP/1.1" 200 18987 "-" "Mozilla/5.0 (Linux; Android 6.0.1; Nexus 5X Build/MMB29P) AppleWebKit/537.36 (KHTML, like Gecko) Chrome/137.0.7151.103 Mobile Safari/537.36 (compatible; Googlebot/2.1; +http://www.google.com/bot.html)"
66.249.79.206 - - [18/Jul/2025:05:49:53 +0000] "GET /?f=5961401011490&mod=9cecbb6f&uri=blog.php%3Fid%3D199072-344%26name%3Drm+williams+shorts HTTP/1.1" 200 18995 "-" "Mozilla/5.0 (Linux; Android 6.0.1; Nexus 5X Build/MMB29P) AppleWebKit/537.36 (KHTML, like Gecko) Chrome/137.0.7151.103 Mobile Safari/537.36 (compatible; Googlebot/2.1; +http://www.google.com/bot.html)"
66.249.79.193 - - [18/Jul/2025:05:50:10 +0000] "GET /?f=5960051021490&mod=9cecbb6f&uri=info.php%3Fid%3D199027-344%26name%3Dwarehouse+sneaker HTTP/1.1" 200 18992 "-" "Mozilla/5.0 (Linux; Android 6.0.1; Nexus 5X Build/MMB29P) AppleWebKit/537.36 (KHTML, like Gecko) Chrome/137.0.7151.103 Mobile Safari/537.36 (compatible; Googlebot/2.1; +http://www.google.com/bot.html)"
66.249.79.192 - - [18/Jul/2025:05:50:19 +0000] "GET /?f=101662253021490&mod=02ddce85&uri=itm.php%3Fid%3D3392761-155%26name%3Dms650+rear+speakers HTTP/1.1" 200 19002 "-" "Mozilla/5.0 (Linux; Android 6.0.1; Nexus 5X Build/MMB29P) AppleWebKit/537.36 (KHTML, like Gecko) Chrome/137.0.7151.103 Mobile Safari/537.36 (compatible; Googlebot/2.1; +http://www.google.com/bot.html)"
199.195.253.169 - - [18/Jul/2025:05:50:39 +0000] "GET /wp-login.php HTTP/1.1" 200 5755 "-" "Mozilla/5.0 (Macintosh; Intel Mac OS X 10.9; rv:30.0) Gecko/20100101 Firefox/30.0"
199.195.253.169 - - [18/Jul/2025:05:50:40 +0000] "POST /wp-login.php HTTP/1.1" 200 6011 "-" "Mozilla/5.0 (Macintosh; Intel Mac OS X 10.9; rv:30.0) Gecko/20100101 Firefox/30.0"
66.249.79.206 - - [18/Jul/2025:05:50:58 +0000] "GET /?f=5964641051490&mod=9cecbb6f&uri=us.php%3Fid%3D199180-344%26name%3Dmainplace+shoe+stores HTTP/1.1" 200 18973 "-" "Mozilla/5.0 (Linux; Android 6.0.1; Nexus 5X Build/MMB29P) AppleWebKit/537.36 (KHTML, like Gecko) Chrome/137.0.7151.103 Mobile Safari/537.36 (compatible; Googlebot/2.1; +http://www.google.com/bot.html)"
66.249.79.193 - - [18/Jul/2025:05:51:07 +0000] "GET /?f=5959871061490&mod=9cecbb6f&uri=products.php%3Fid%3D199021-344%26name%3Dgrail+sneakers HTTP/1.1" 200 18995 "-" "Mozilla/5.0 (Linux; Android 6.0.1; Nexus 5X Build/MMB29P) AppleWebKit/537.36 (KHTML, like Gecko) Chrome/137.0.7151.103 Mobile Safari/537.36 (compatible; Googlebot/2.1; +http://www.google.com/bot.html)"
66.249.79.206 - - [18/Jul/2025:05:51:12 +0000] "POST /get-message-notify HTTP/1.1" 404 - "https://onlycnc.com.au/?f=5959871061490&mod=9cecbb6f&uri=products.php%3Fid%3D199021-344%26name%3Dgrail+sneakers" "Mozilla/5.0 (Linux; Android 6.0.1; Nexus 5X Build/MMB29P) AppleWebKit/537.36 (KHTML, like Gecko) Chrome/137.0.7151.119 Mobile Safari/537.36 (compatible; Googlebot/2.1; +http://www.google.com/bot.html)"
66.249.79.206 - - [18/Jul/2025:05:54:48 +0000] "GET /?f=5958791001490&mod=9cecbb6f&uri=category-info.php%3Fid%3D198985-344%26name%3Dshoe+size+in+eu HTTP/1.1" 200 19004 "-" "Mozilla/5.0 (Linux; Android 6.0.1; Nexus 5X Build/MMB29P) AppleWebKit/537.36 (KHTML, like Gecko) Chrome/137.0.7151.103 Mobile Safari/537.36 (compatible; Googlebot/2.1; +http://www.google.com/bot.html)"
66.249.79.193 - - [18/Jul/2025:05:55:01 +0000] "GET /?f=5961221011490&mod=9cecbb6f&uri=search.php%3Fid%3D199066-344%26name%3Dherring+shoes+australia HTTP/1.1" 200 19005 "-" "Mozilla/5.0 (Linux; Android 6.0.1; Nexus 5X Build/MMB29P) AppleWebKit/537.36 (KHTML, like Gecko) Chrome/137.0.7151.103 Mobile Safari/537.36 (compatible; Googlebot/2.1; +http://www.google.com/bot.html)"
66.249.79.192 - - [18/Jul/2025:05:55:04 +0000] "GET /?f=5960501051490&mod=9cecbb6f&uri=shop.php%3Fid%3D199042-344%26name%3Dkeen+footwear+store HTTP/1.1" 200 18990 "-" "Mozilla/5.0 (Linux; Android 6.0.1; Nexus 5X Build/MMB29P) AppleWebKit/537.36 (KHTML, like Gecko) Chrome/137.0.7151.103 Mobile Safari/537.36 (compatible; Googlebot/2.1; +http://www.google.com/bot.html)"
66.249.79.206 - - [18/Jul/2025:05:55:09 +0000] "POST /get-message-notify HTTP/1.1" 404 - "https://onlycnc.com.au/?f=5958791001490&mod=9cecbb6f&uri=category-info.php%3Fid%3D198985-344%26name%3Dshoe+size+in+eu" "Mozilla/5.0 (Linux; Android 6.0.1; Nexus 5X Build/MMB29P) AppleWebKit/537.36 (KHTML, like Gecko) Chrome/137.0.7151.119 Mobile Safari/537.36 (compatible; Googlebot/2.1; +http://www.google.com/bot.html)"
57.141.2.20 - - [18/Jul/2025:05:55:10 +0000] "GET /?f=97589945021490& HTTP/1.1" 301 - "-" "meta-externalagent/1.1 (+https://developers.facebook.com/docs/sharing/webmasters/crawler)"
66.249.79.206 - - [18/Jul/2025:05:55:11 +0000] "GET /?f=104126175001490&mod=02ddce85&uri=goods.php%3Fid%3D3475013-155%26name%3Dbox+speaker+array HTTP/1.1" 200 19005 "-" "Mozilla/5.0 (Linux; Android 6.0.1; Nexus 5X Build/MMB29P) AppleWebKit/537.36 (KHTML, like Gecko) Chrome/137.0.7151.103 Mobile Safari/537.36 (compatible; Googlebot/2.1; +http://www.google.com/bot.html)"
57.141.2.6 - - [18/Jul/2025:05:55:14 +0000] "GET /?f=97589945021490 HTTP/1.1" 200 111321 "-" "meta-externalagent/1.1 (+https://developers.facebook.com/docs/sharing/webmasters/crawler)"
66.249.79.206 - - [18/Jul/2025:05:55:34 +0000] "GET /?f=5961311021490&mod=9cecbb6f&uri=brands.php%3Fid%3D199069-344%26name%3Dlands+end+tennis+shoes HTTP/1.1" 200 19007 "-" "Mozilla/5.0 (Linux; Android 6.0.1; Nexus 5X Build/MMB29P) AppleWebKit/537.36 (KHTML, like Gecko) Chrome/137.0.7151.103 Mobile Safari/537.36 (compatible; Googlebot/2.1; +http://www.google.com/bot.html)"
66.249.79.206 - - [18/Jul/2025:05:55:41 +0000] "POST /get-message-notify HTTP/1.1" 404 - "https://onlycnc.com.au/?f=104126175001490&mod=02ddce85&uri=goods.php%3Fid%3D3475013-155%26name%3Dbox+speaker+array" "Mozilla/5.0 (Linux; Android 6.0.1; Nexus 5X Build/MMB29P) AppleWebKit/537.36 (KHTML, like Gecko) Chrome/137.0.7151.119 Mobile Safari/537.36 (compatible; Googlebot/2.1; +http://www.google.com/bot.html)"
66.249.79.206 - - [18/Jul/2025:05:55:45 +0000] "GET /?f=5963201021490&mod=9cecbb6f&uri=us.php%3Fid%3D199132-344%26name%3Dsize+29+shoes+in+us HTTP/1.1" 200 18980 "-" "Mozilla/5.0 (Linux; Android 6.0.1; Nexus 5X Build/MMB29P) AppleWebKit/537.36 (KHTML, like Gecko) Chrome/137.0.7151.103 Mobile Safari/537.36 (compatible; Googlebot/2.1; +http://www.google.com/bot.html)"
66.249.79.206 - - [18/Jul/2025:05:56:29 +0000] "POST /get-message-notify HTTP/1.1" 404 - "https://onlycnc.com.au/?f=5962661031490&mod=9cecbb6f&uri=us.php%3Fid%3D199114-344%26name%3Dnike+new+stuff" "Mozilla/5.0 (Linux; Android 6.0.1; Nexus 5X Build/MMB29P) AppleWebKit/537.36 (KHTML, like Gecko) Chrome/137.0.7151.119 Mobile Safari/537.36 (compatible; Googlebot/2.1; +http://www.google.com/bot.html)"
66.249.79.193 - - [18/Jul/2025:05:58:41 +0000] "POST /get-message-notify HTTP/1.1" 404 - "https://onlycnc.com.au/?f=5961311021490&mod=9cecbb6f&uri=brands.php%3Fid%3D199069-344%26name%3Dlands+end+tennis+shoes" "Mozilla/5.0 (Linux; Android 6.0.1; Nexus 5X Build/MMB29P) AppleWebKit/537.36 (KHTML, like Gecko) Chrome/137.0.7151.119 Mobile Safari/537.36 (compatible; Googlebot/2.1; +http://www.google.com/bot.html)"
209.74.77.214 - - [18/Jul/2025:05:59:11 +0000] "POST /wp-cron.php?doing_wp_cron=1752818351.4494709968566894531250 HTTP/1.1" 200 - "-" "WordPress/6.8.2; https://onlycnc.com.au"
57.141.2.4 - - [18/Jul/2025:05:59:10 +0000] "GET /?f=33119907101490& HTTP/1.1" 301 - "-" "meta-externalagent/1.1 (+https://developers.facebook.com/docs/sharing/webmasters/crawler)"
