66.249.79.206 - - [17/Jul/2025:22:40:33 +0000] "GET /?f=5777847031490&mod=0e98aeeb&uri=brands.php?shopdetail/4766952 HTTP/1.1" 200 19491 "-" "Mozilla/5.0 (Linux; Android 6.0.1; Nexus 5X Build/MMB29P) AppleWebKit/537.36 (KHTML, like Gecko) Chrome/137.0.7151.103 Mobile Safari/537.36 (compatible; Googlebot/2.1; +http://www.google.com/bot.html)"
51.222.253.13 - - [17/Jul/2025:22:41:09 +0000] "GET /?f=8299459041490&uri=article.php%3Fid%3D277153-433%26name%3Dchaco%20mary%20jane%20shoes HTTP/1.1" 200 21262 "-" "Mozilla/5.0 (compatible; AhrefsBot/7.0; +http://ahrefs.com/robot/)"
66.249.79.206 - - [17/Jul/2025:22:41:26 +0000] "GET /?f=62762756061490&mod=0e98aeeb&uri=dp.php?shopdetail/3257724 HTTP/1.1" 200 19204 "-" "Mozilla/5.0 (Linux; Android 6.0.1; Nexus 5X Build/MMB29P) AppleWebKit/537.36 (KHTML, like Gecko) Chrome/137.0.7151.103 Mobile Safari/537.36 (compatible; Googlebot/2.1; +http://www.google.com/bot.html)"
66.249.79.192 - - [17/Jul/2025:22:41:27 +0000] "GET /?f=54873613071490&mod=d48da244&uri=us.php?shopdetail/3275332 HTTP/1.1" 200 19194 "-" "Mozilla/5.0 (Linux; Android 6.0.1; Nexus 5X Build/MMB29P) AppleWebKit/537.36 (KHTML, like Gecko) Chrome/137.0.7151.103 Mobile Safari/537.36 (compatible; Googlebot/2.1; +http://www.google.com/bot.html)"
66.249.79.192 - - [17/Jul/2025:22:41:47 +0000] "GET /?f=98054508041490&mod=28d4b91b&uri=shop.php?shopdetail/54441672 HTTP/1.1" 200 18266 "-" "Mozilla/5.0 (Linux; Android 6.0.1; Nexus 5X Build/MMB29P) AppleWebKit/537.36 (KHTML, like Gecko) Chrome/137.0.7151.103 Mobile Safari/537.36 (compatible; Googlebot/2.1; +http://www.google.com/bot.html)"
66.249.79.206 - - [17/Jul/2025:22:41:51 +0000] "POST /get-message-notify HTTP/1.1" 404 - "https://onlycnc.com.au/?f=98054508041490&mod=28d4b91b&uri=shop.php?shopdetail/54441672" "Mozilla/5.0 (Linux; Android 6.0.1; Nexus 5X Build/MMB29P) AppleWebKit/537.36 (KHTML, like Gecko) Chrome/137.0.7151.119 Mobile Safari/537.36 (compatible; Googlebot/2.1; +http://www.google.com/bot.html)"
51.222.253.17 - - [17/Jul/2025:22:41:53 +0000] "GET /?f=82860684021490&uri=search.php%3Fid%3D2765215-783%26name%3Dgtx%201070%20ti%20mining%20hashrate HTTP/1.1" 200 21262 "-" "Mozilla/5.0 (compatible; AhrefsBot/7.0; +http://ahrefs.com/robot/)"
66.249.79.192 - - [17/Jul/2025:22:42:29 +0000] "GET /?f=5903651061490&mod=02ddce85&uri=dp.php?shopdetail/57872344 HTTP/1.1" 200 19391 "-" "Mozilla/5.0 (Linux; Android 6.0.1; Nexus 5X Build/MMB29P) AppleWebKit/537.36 (KHTML, like Gecko) Chrome/137.0.7151.103 Mobile Safari/537.36 (compatible; Googlebot/2.1; +http://www.google.com/bot.html)"
51.222.253.17 - - [17/Jul/2025:22:42:48 +0000] "GET /?f=66737200001490&uri=blog.php%3Fid%3D2227071-947%26name%3Dskechers%20flex%20sole%20mujer%202015 HTTP/1.1" 200 21262 "-" "Mozilla/5.0 (compatible; AhrefsBot/7.0; +http://ahrefs.com/robot/)"
66.249.79.206 - - [17/Jul/2025:22:43:31 +0000] "GET /?f=62762756061490&mod=0e98aeeb&uri=dp.php?feature/utsunomiya/index.html HTTP/1.1" 200 19495 "-" "Mozilla/5.0 (Linux; Android 6.0.1; Nexus 5X Build/MMB29P) AppleWebKit/537.36 (KHTML, like Gecko) Chrome/137.0.7151.103 Mobile Safari/537.36 (compatible; Googlebot/2.1; +http://www.google.com/bot.html)"
66.249.79.206 - - [17/Jul/2025:22:43:32 +0000] "GET /?f=54873613071490&mod=d48da244&uri=us.php?shopdetail/3288572 HTTP/1.1" 200 18802 "-" "Mozilla/5.0 (Linux; Android 6.0.1; Nexus 5X Build/MMB29P) AppleWebKit/537.36 (KHTML, like Gecko) Chrome/137.0.7151.103 Mobile Safari/537.36 (compatible; Googlebot/2.1; +http://www.google.com/bot.html)"
66.249.79.192 - - [17/Jul/2025:22:43:54 +0000] "POST /get-message-notify HTTP/1.1" 404 - "https://onlycnc.com.au/?f=54873613071490&mod=d48da244&uri=us.php?books.html" "Mozilla/5.0 (Linux; Android 6.0.1; Nexus 5X Build/MMB29P) AppleWebKit/537.36 (KHTML, like Gecko) Chrome/137.0.7151.119 Mobile Safari/537.36 (compatible; Googlebot/2.1; +http://www.google.com/bot.html)"
51.222.253.13 - - [17/Jul/2025:22:44:17 +0000] "GET /?f=56007946041490&uri=info.php%3Fid%3D1869020-764%26name%3Deasy%20hikes%20in%20the%20smokies HTTP/1.1" 200 21262 "-" "Mozilla/5.0 (compatible; AhrefsBot/7.0; +http://ahrefs.com/robot/)"
51.222.253.1 - - [17/Jul/2025:22:45:39 +0000] "GET /?f=54930696051490&uri=shared.php%3Fid%3D1833086-1312%26name%3Dspring%20coats%202019%20women%27s HTTP/1.1" 200 21262 "-" "Mozilla/5.0 (compatible; AhrefsBot/7.0; +http://ahrefs.com/robot/)"
66.249.79.192 - - [17/Jul/2025:22:46:28 +0000] "GET /?f=76818286031490&mod=fe45e322&uri=news.php?product/edit/O998078516 HTTP/1.1" 200 18306 "-" "Mozilla/5.0 (Linux; Android 6.0.1; Nexus 5X Build/MMB29P) AppleWebKit/537.36 (KHTML, like Gecko) Chrome/137.0.7151.103 Mobile Safari/537.36 (compatible; Googlebot/2.1; +http://www.google.com/bot.html)"
66.249.79.206 - - [17/Jul/2025:22:46:35 +0000] "POST /get-message-notify HTTP/1.1" 404 - "https://onlycnc.com.au/?f=76818286031490&mod=fe45e322&uri=news.php?product/edit/O998078516" "Mozilla/5.0 (Linux; Android 6.0.1; Nexus 5X Build/MMB29P) AppleWebKit/537.36 (KHTML, like Gecko) Chrome/137.0.7151.119 Mobile Safari/537.36 (compatible; Googlebot/2.1; +http://www.google.com/bot.html)"
66.249.79.206 - - [17/Jul/2025:22:46:58 +0000] "GET /?f=54873613071490&mod=d48da244&uri=us.php?cd.html HTTP/1.1" 200 18821 "-" "Mozilla/5.0 (Linux; Android 6.0.1; Nexus 5X Build/MMB29P) AppleWebKit/537.36 (KHTML, like Gecko) Chrome/137.0.7151.103 Mobile Safari/537.36 (compatible; Googlebot/2.1; +http://www.google.com/bot.html)"
51.222.253.2 - - [17/Jul/2025:22:47:07 +0000] "GET /?f=5328969081490&uri=info.php%3Fid%3D177907-318%26name%3Dasics%202017%20hombre HTTP/1.1" 200 21262 "-" "Mozilla/5.0 (compatible; AhrefsBot/7.0; +http://ahrefs.com/robot/)"
66.249.79.206 - - [17/Jul/2025:22:47:33 +0000] "GET /?f=54333283031490&mod=0672911f&uri=itm.php?shopdetail/54960772 HTTP/1.1" 200 19333 "-" "Mozilla/5.0 (Linux; Android 6.0.1; Nexus 5X Build/MMB29P) AppleWebKit/537.36 (KHTML, like Gecko) Chrome/137.0.7151.103 Mobile Safari/537.36 (compatible; Googlebot/2.1; +http://www.google.com/bot.html)"
51.222.253.11 - - [17/Jul/2025:22:48:17 +0000] "GET /?f=52179682051490&uri=dp.php%3Fid%3D1741292-1296%26name%3Dpolo%20double%20black%20deodorant HTTP/1.1" 200 21262 "-" "Mozilla/5.0 (compatible; AhrefsBot/7.0; +http://ahrefs.com/robot/)"
51.222.253.2 - - [17/Jul/2025:22:49:18 +0000] "GET /?f=52067739081490&uri=shared.php%3Fid%3D1737560-1294%26name%3Dadidas%20originals%20t%20shirt%20white HTTP/1.1" 200 21262 "-" "Mozilla/5.0 (compatible; AhrefsBot/7.0; +http://ahrefs.com/robot/)"
66.249.79.193 - - [17/Jul/2025:22:49:30 +0000] "GET /?f=5903651061490&mod=02ddce85&uri=dp.php?shopdetail/3282984 HTTP/1.1" 200 19123 "-" "Mozilla/5.0 (Linux; Android 6.0.1; Nexus 5X Build/MMB29P) AppleWebKit/537.36 (KHTML, like Gecko) Chrome/137.0.7151.103 Mobile Safari/537.36 (compatible; Googlebot/2.1; +http://www.google.com/bot.html)"
66.249.79.192 - - [17/Jul/2025:22:49:33 +0000] "POST /get-message-notify HTTP/1.1" 404 - "https://onlycnc.com.au/?f=5903651061490&mod=02ddce85&uri=dp.php?shopdetail/3282984" "Mozilla/5.0 (Linux; Android 6.0.1; Nexus 5X Build/MMB29P) AppleWebKit/537.36 (KHTML, like Gecko) Chrome/137.0.7151.119 Mobile Safari/537.36 (compatible; Googlebot/2.1; +http://www.google.com/bot.html)"
51.222.253.20 - - [17/Jul/2025:22:50:13 +0000] "GET /?f=51697377001490&uri=category-info.php%3Fid%3D1725211-254%26name%3Db550m%20ds3h%20ac HTTP/1.1" 200 21262 "-" "Mozilla/5.0 (compatible; AhrefsBot/7.0; +http://ahrefs.com/robot/)"
66.249.79.206 - - [17/Jul/2025:22:50:15 +0000] "GET /?f=31766474001490&mod=80ebd641&uri=us.php?shopdetail/3286388 HTTP/1.1" 200 18837 "-" "Mozilla/5.0 (Linux; Android 6.0.1; Nexus 5X Build/MMB29P) AppleWebKit/537.36 (KHTML, like Gecko) Chrome/137.0.7151.103 Mobile Safari/537.36 (compatible; Googlebot/2.1; +http://www.google.com/bot.html)"
51.222.253.12 - - [17/Jul/2025:22:51:06 +0000] "GET /?f=103573060141490&mod=cb71cd6b&uri=info.php%3Fid%3D3456521-1632%26name%3Dclarks+edgewick+mid+brown+oily HTTP/1.1" 301 - "-" "Mozilla/5.0 (compatible; AhrefsBot/7.0; +http://ahrefs.com/robot/)"
66.249.79.192 - - [17/Jul/2025:22:51:25 +0000] "GET /?f=98054508041490&mod=28d4b91b&uri=shop.php?shopdetail/54439488 HTTP/1.1" 200 18673 "-" "Mozilla/5.0 (Linux; Android 6.0.1; Nexus 5X Build/MMB29P) AppleWebKit/537.36 (KHTML, like Gecko) Chrome/137.0.7151.103 Mobile Safari/537.36 (compatible; Googlebot/2.1; +http://www.google.com/bot.html)"
51.222.253.20 - - [17/Jul/2025:22:51:38 +0000] "GET /?f=110131994051490&uri=category-info.php%3Fid%3D3675446-315%26name%3Dautomatikuhr%20datum%20einstellen HTTP/1.1" 200 21262 "-" "Mozilla/5.0 (compatible; AhrefsBot/7.0; +http://ahrefs.com/robot/)"
51.222.253.8 - - [17/Jul/2025:22:52:01 +0000] "GET /?f=116052305081490&mod=7a6785df&uri=us.php%3Fid%3D3873081-242%26name%3Dhot+water+pot+amazon HTTP/1.1" 301 - "-" "Mozilla/5.0 (compatible; AhrefsBot/7.0; +http://ahrefs.com/robot/)"
51.222.253.19 - - [17/Jul/2025:22:52:21 +0000] "GET /?f=116975594071490&mod=c2989a64&uri=product.php%3Fid%3D3903880-1451%26name%3Dmichael+kors+purses+malaysia HTTP/1.1" 301 - "-" "Mozilla/5.0 (compatible; AhrefsBot/7.0; +http://ahrefs.com/robot/)"
51.222.253.3 - - [17/Jul/2025:22:52:33 +0000] "GET /?f=119368425001490&mod=32f73297&uri=pin.php%3Fid%3D3983690-1108%26name%3Dsac+banane+moins+cher HTTP/1.1" 301 - "-" "Mozilla/5.0 (compatible; AhrefsBot/7.0; +http://ahrefs.com/robot/)"
51.222.253.1 - - [17/Jul/2025:22:52:37 +0000] "GET /?f=17300459071490&mod=5078df9d&uri=shared.php%3Fid%3D577532-646%26name%3Dotto+kern+after+shave+lotion HTTP/1.1" 301 - "-" "Mozilla/5.0 (compatible; AhrefsBot/7.0; +http://ahrefs.com/robot/)"
51.222.253.19 - - [17/Jul/2025:22:52:39 +0000] "GET /?f=23194446071490&mod=842b5317&uri=category-info.php%3Fid%3D774190-349%26name%3Dbracelet+avec+une+rose HTTP/1.1" 301 - "-" "Mozilla/5.0 (compatible; AhrefsBot/7.0; +http://ahrefs.com/robot/)"
51.222.253.8 - - [17/Jul/2025:22:52:41 +0000] "GET /?f=24114581051490&mod=254eb3b5&uri=form.php%3Fid%3D804879-90%26name%3Dreal+ysl+bag+vs+fake HTTP/1.1" 301 - "-" "Mozilla/5.0 (compatible; AhrefsBot/7.0; +http://ahrefs.com/robot/)"
51.222.253.2 - - [17/Jul/2025:22:52:43 +0000] "GET /?f=33015440031490&mod=3142a5a8&uri=us.php%3Fid%3D1101916-1026%26name%3Dpuma+disc+tetris HTTP/1.1" 301 - "-" "Mozilla/5.0 (compatible; AhrefsBot/7.0; +http://ahrefs.com/robot/)"
51.222.253.14 - - [17/Jul/2025:22:52:43 +0000] "GET /?f=33445436141490&mod=5fb0c358&uri=dp.php%3Fid%3D1116278-165%26name%3Dboda+skins+london HTTP/1.1" 301 - "-" "Mozilla/5.0 (compatible; AhrefsBot/7.0; +http://ahrefs.com/robot/)"
66.249.79.192 - - [17/Jul/2025:22:52:43 +0000] "GET /?f=5903651061490&mod=02ddce85&uri=dp.php?shopdetail/3317236 HTTP/1.1" 200 19158 "-" "Mozilla/5.0 (Linux; Android 6.0.1; Nexus 5X Build/MMB29P) AppleWebKit/537.36 (KHTML, like Gecko) Chrome/137.0.7151.103 Mobile Safari/537.36 (compatible; Googlebot/2.1; +http://www.google.com/bot.html)"
51.222.253.16 - - [17/Jul/2025:22:52:44 +0000] "GET /?f=3598272001490&mod=e8da6d32&uri=shared.php%3Fid%3D120103-160%26name%3Dpuma+kiss+artica HTTP/1.1" 301 - "-" "Mozilla/5.0 (compatible; AhrefsBot/7.0; +http://ahrefs.com/robot/)"
51.222.253.3 - - [17/Jul/2025:22:52:45 +0000] "GET /?f=40908057041490&mod=253b4191&uri=blog.php%3Fid%3D1365286-838%26name%3Dnike+mens+af1 HTTP/1.1" 301 - "-" "Mozilla/5.0 (compatible; AhrefsBot/7.0; +http://ahrefs.com/robot/)"
51.222.253.12 - - [17/Jul/2025:22:52:45 +0000] "GET /?f=42755860051490&mod=0a86051f&uri=blog.php%3Fid%3D1426927-630%26name%3Dexpensive+tshirt+brands HTTP/1.1" 301 - "-" "Mozilla/5.0 (compatible; AhrefsBot/7.0; +http://ahrefs.com/robot/)"
51.222.253.19 - - [17/Jul/2025:22:52:45 +0000] "GET /?f=47571790031490&mod=531e7a1d&uri=article.php%3Fid%3D1587582-1249%26name%3Dparfum+christian+dior+yang+enak HTTP/1.1" 301 - "-" "Mozilla/5.0 (compatible; AhrefsBot/7.0; +http://ahrefs.com/robot/)"
51.222.253.12 - - [17/Jul/2025:22:52:46 +0000] "GET /?f=50603033051490&mod=a44e4979&uri=itm.php%3Fid%3D1688712-1275%26name%3Dcybex+m+fix+solution+sl HTTP/1.1" 301 - "-" "Mozilla/5.0 (compatible; AhrefsBot/7.0; +http://ahrefs.com/robot/)"
51.222.253.15 - - [17/Jul/2025:22:52:46 +0000] "GET /?f=3176404041490&mod=b01f6595&uri=article.php%3Fid%3D106031-191%26name%3Dtoddler+boy+columbia+jacket HTTP/1.1" 301 - "-" "Mozilla/5.0 (compatible; AhrefsBot/7.0; +http://ahrefs.com/robot/)"
51.222.253.9 - - [17/Jul/2025:22:52:47 +0000] "GET /?f=51248811021490&mod=c92161cd&uri=search.php%3Fid%3D1710246-1286%26name%3D16+white+gold+chain+with+lobster+clasp HTTP/1.1" 301 - "-" "Mozilla/5.0 (compatible; AhrefsBot/7.0; +http://ahrefs.com/robot/)"
51.222.253.2 - - [17/Jul/2025:22:52:47 +0000] "GET /?f=51338359021490&mod=717f366d&uri=shop.php%3Fid%3D1713235-546%26name%3Dim%C3%83%C2%A1genes+de+bicicletas+con+motor HTTP/1.1" 301 - "-" "Mozilla/5.0 (compatible; AhrefsBot/7.0; +http://ahrefs.com/robot/)"
51.222.253.19 - - [17/Jul/2025:22:52:48 +0000] "GET /?f=54678798051490&mod=e939d0b7&uri=goods.php%3Fid%3D1824682-985%26name%3Dohio+state+nike+metcon HTTP/1.1" 301 - "-" "Mozilla/5.0 (compatible; AhrefsBot/7.0; +http://ahrefs.com/robot/)"
51.222.253.5 - - [17/Jul/2025:22:52:48 +0000] "GET /?f=57966822001490&mod=918d58be&uri=product.php%3Fid%3D1934386-172%26name%3Djordan+23+2017 HTTP/1.1" 301 - "-" "Mozilla/5.0 (compatible; AhrefsBot/7.0; +http://ahrefs.com/robot/)"
51.222.253.3 - - [17/Jul/2025:22:52:49 +0000] "GET /?f=58089688001490&mod=e836b503&uri=article.php%3Fid%3D1938482-1331%26name%3Dalexander+mcqueen+recensioni HTTP/1.1" 301 - "-" "Mozilla/5.0 (compatible; AhrefsBot/7.0; +http://ahrefs.com/robot/)"
51.222.253.5 - - [17/Jul/2025:22:52:49 +0000] "GET /?f=58090828001490&mod=4fe7b638&uri=info.php%3Fid%3D1938520-1329%26name%3Dclarks+flats+red HTTP/1.1" 301 - "-" "Mozilla/5.0 (compatible; AhrefsBot/7.0; +http://ahrefs.com/robot/)"
51.222.253.20 - - [17/Jul/2025:22:52:50 +0000] "GET /?f=64612817021490&mod=44213a5b&uri=brands.php%3Fid%3D2156177-1397%26name%3Darmani+leather+cap HTTP/1.1" 301 - "-" "Mozilla/5.0 (compatible; AhrefsBot/7.0; +http://ahrefs.com/robot/)"
51.222.253.12 - - [17/Jul/2025:22:52:50 +0000] "GET /?f=5333979041490&uri=blog.php%3Fid%3D178074-320%26name%3Dmodelos%20de%20zapatillas%20saucony HTTP/1.1" 200 21262 "-" "Mozilla/5.0 (compatible; AhrefsBot/7.0; +http://ahrefs.com/robot/)"
51.222.253.15 - - [17/Jul/2025:22:52:50 +0000] "GET /?f=71209568041490&mod=2722ae4a&uri=us.php%3Fid%3D2376337-1425%26name%3Daur+force+one+just+do+it HTTP/1.1" 301 - "-" "Mozilla/5.0 (compatible; AhrefsBot/7.0; +http://ahrefs.com/robot/)"
51.222.253.7 - - [17/Jul/2025:22:52:51 +0000] "GET /?f=88810681091490&mod=0bf269cf&uri=shop.php%3Fid%3D2963748-607%26name%3Dmaster+executive+sna HTTP/1.1" 301 - "-" "Mozilla/5.0 (compatible; AhrefsBot/7.0; +http://ahrefs.com/robot/)"
51.222.253.4 - - [17/Jul/2025:22:52:53 +0000] "GET /?f=92700129011490&mod=f4fcdae4&uri=brands.php%3Fid%3D3093575-1367%26name%3D140+gram+clip+in+hair+extensions HTTP/1.1" 301 - "-" "Mozilla/5.0 (compatible; AhrefsBot/7.0; +http://ahrefs.com/robot/)"
51.222.253.8 - - [17/Jul/2025:22:52:53 +0000] "GET /?f=98888850031490&uri=pin.php%3Fid%3D3300168-562%26name%3Dbrooks%20levitate%20running%20shoes HTTP/1.1" 200 21262 "-" "Mozilla/5.0 (compatible; AhrefsBot/7.0; +http://ahrefs.com/robot/)"
51.222.253.13 - - [17/Jul/2025:22:52:53 +0000] "GET /?f=78143424021490&mod=0cba172d&uri=itm.php%3Fid%3D2607735-1488%26name%3Dlunette+soleil+homme+polaris%C3%83%C2%A9 HTTP/1.1" 301 - "-" "Mozilla/5.0 (compatible; AhrefsBot/7.0; +http://ahrefs.com/robot/)"
51.222.253.10 - - [17/Jul/2025:22:52:54 +0000] "GET /shopdetail/338718992 HTTP/1.1" 404 - "-" "Mozilla/5.0 (compatible; AhrefsBot/7.0; +http://ahrefs.com/robot/)"
51.222.253.15 - - [17/Jul/2025:22:52:55 +0000] "GET /shopdetail/338751060 HTTP/1.1" 404 - "-" "Mozilla/5.0 (compatible; AhrefsBot/7.0; +http://ahrefs.com/robot/)"
51.222.253.20 - - [17/Jul/2025:22:52:55 +0000] "GET /shopdetail/338835960 HTTP/1.1" 404 - "-" "Mozilla/5.0 (compatible; AhrefsBot/7.0; +http://ahrefs.com/robot/)"
51.222.253.8 - - [17/Jul/2025:22:52:56 +0000] "GET /shopdetail/338671628 HTTP/1.1" 404 - "-" "Mozilla/5.0 (compatible; AhrefsBot/7.0; +http://ahrefs.com/robot/)"
51.222.253.12 - - [17/Jul/2025:22:52:56 +0000] "GET /shopdetail/338922916 HTTP/1.1" 404 - "-" "Mozilla/5.0 (compatible; AhrefsBot/7.0; +http://ahrefs.com/robot/)"
51.222.253.5 - - [17/Jul/2025:22:52:56 +0000] "GET /shopdetail/338855752 HTTP/1.1" 404 - "-" "Mozilla/5.0 (compatible; AhrefsBot/7.0; +http://ahrefs.com/robot/)"
51.222.253.6 - - [17/Jul/2025:22:52:57 +0000] "GET /shopdetail/339008908 HTTP/1.1" 404 - "-" "Mozilla/5.0 (compatible; AhrefsBot/7.0; +http://ahrefs.com/robot/)"
51.222.253.10 - - [17/Jul/2025:22:52:58 +0000] "GET /shopdetail/339108140 HTTP/1.1" 404 - "-" "Mozilla/5.0 (compatible; AhrefsBot/7.0; +http://ahrefs.com/robot/)"
51.222.253.16 - - [17/Jul/2025:22:52:58 +0000] "GET /shopdetail/339005760 HTTP/1.1" 404 - "-" "Mozilla/5.0 (compatible; AhrefsBot/7.0; +http://ahrefs.com/robot/)"
51.222.253.3 - - [17/Jul/2025:22:52:58 +0000] "GET /shopdetail/339179800 HTTP/1.1" 404 - "-" "Mozilla/5.0 (compatible; AhrefsBot/7.0; +http://ahrefs.com/robot/)"
51.222.253.14 - - [17/Jul/2025:22:53:00 +0000] "GET /shopdetail/339219384 HTTP/1.1" 404 - "-" "Mozilla/5.0 (compatible; AhrefsBot/7.0; +http://ahrefs.com/robot/)"
51.222.253.14 - - [17/Jul/2025:22:53:00 +0000] "GET /shopdetail/339222796 HTTP/1.1" 404 - "-" "Mozilla/5.0 (compatible; AhrefsBot/7.0; +http://ahrefs.com/robot/)"
51.222.253.14 - - [17/Jul/2025:22:53:00 +0000] "GET /shopdetail/339355060 HTTP/1.1" 404 - "-" "Mozilla/5.0 (compatible; AhrefsBot/7.0; +http://ahrefs.com/robot/)"
51.222.253.1 - - [17/Jul/2025:22:53:01 +0000] "GET /shopdetail/922032976 HTTP/1.1" 404 - "-" "Mozilla/5.0 (compatible; AhrefsBot/7.0; +http://ahrefs.com/robot/)"
51.222.253.1 - - [17/Jul/2025:22:53:03 +0000] "GET /shopdetail/922060420 HTTP/1.1" 404 - "-" "Mozilla/5.0 (compatible; AhrefsBot/7.0; +http://ahrefs.com/robot/)"
51.222.253.4 - - [17/Jul/2025:22:53:03 +0000] "GET /shopdetail/922161836 HTTP/1.1" 404 - "-" "Mozilla/5.0 (compatible; AhrefsBot/7.0; +http://ahrefs.com/robot/)"
51.222.253.1 - - [17/Jul/2025:22:53:03 +0000] "GET /shopdetail/922092624 HTTP/1.1" 404 - "-" "Mozilla/5.0 (compatible; AhrefsBot/7.0; +http://ahrefs.com/robot/)"
51.222.253.15 - - [17/Jul/2025:22:53:03 +0000] "GET /shopdetail/922307340 HTTP/1.1" 404 - "-" "Mozilla/5.0 (compatible; AhrefsBot/7.0; +http://ahrefs.com/robot/)"
51.222.253.19 - - [17/Jul/2025:22:53:04 +0000] "GET /shopdetail/922336004 HTTP/1.1" 404 - "-" "Mozilla/5.0 (compatible; AhrefsBot/7.0; +http://ahrefs.com/robot/)"
51.222.253.7 - - [17/Jul/2025:22:53:04 +0000] "GET /shopdetail/922323856 HTTP/1.1" 404 - "-" "Mozilla/5.0 (compatible; AhrefsBot/7.0; +http://ahrefs.com/robot/)"
51.222.253.20 - - [17/Jul/2025:22:53:04 +0000] "GET /shopdetail/922428684 HTTP/1.1" 404 - "-" "Mozilla/5.0 (compatible; AhrefsBot/7.0; +http://ahrefs.com/robot/)"
51.222.253.11 - - [17/Jul/2025:22:53:05 +0000] "GET /shopdetail/922504712 HTTP/1.1" 404 - "-" "Mozilla/5.0 (compatible; AhrefsBot/7.0; +http://ahrefs.com/robot/)"
51.222.253.8 - - [17/Jul/2025:22:53:06 +0000] "GET /shopdetail/922593980 HTTP/1.1" 404 - "-" "Mozilla/5.0 (compatible; AhrefsBot/7.0; +http://ahrefs.com/robot/)"
51.222.253.11 - - [17/Jul/2025:22:53:06 +0000] "GET /shopdetail/922634792 HTTP/1.1" 404 - "-" "Mozilla/5.0 (compatible; AhrefsBot/7.0; +http://ahrefs.com/robot/)"
51.222.253.11 - - [17/Jul/2025:22:53:06 +0000] "GET /shopdetail/922689936 HTTP/1.1" 404 - "-" "Mozilla/5.0 (compatible; AhrefsBot/7.0; +http://ahrefs.com/robot/)"
51.222.253.4 - - [17/Jul/2025:22:53:07 +0000] "GET /shopdetail/922698672 HTTP/1.1" 404 - "-" "Mozilla/5.0 (compatible; AhrefsBot/7.0; +http://ahrefs.com/robot/)"
51.222.253.17 - - [17/Jul/2025:22:53:07 +0000] "GET /shopdetail/922709856 HTTP/1.1" 404 - "-" "Mozilla/5.0 (compatible; AhrefsBot/7.0; +http://ahrefs.com/robot/)"
51.222.253.17 - - [17/Jul/2025:22:53:09 +0000] "GET /shopdetail/922784800 HTTP/1.1" 404 - "-" "Mozilla/5.0 (compatible; AhrefsBot/7.0; +http://ahrefs.com/robot/)"
51.222.253.1 - - [17/Jul/2025:22:53:09 +0000] "GET /shopdetail/922813464 HTTP/1.1" 404 - "-" "Mozilla/5.0 (compatible; AhrefsBot/7.0; +http://ahrefs.com/robot/)"
51.222.253.11 - - [17/Jul/2025:22:53:09 +0000] "GET /shopdetail/922722004 HTTP/1.1" 404 - "-" "Mozilla/5.0 (compatible; AhrefsBot/7.0; +http://ahrefs.com/robot/)"
51.222.253.6 - - [17/Jul/2025:22:53:09 +0000] "GET /faq/ HTTP/1.1" 404 - "-" "Mozilla/5.0 (compatible; AhrefsBot/7.0; +http://ahrefs.com/robot/)"
51.222.253.6 - - [17/Jul/2025:22:53:11 +0000] "GET /?f=5783605071490&mod=0e98aeeb&uri=info.php%3Fid%3D193140-57%26name%3Dearphones+amazon+boat HTTP/1.1" 301 - "-" "Mozilla/5.0 (compatible; AhrefsBot/7.0; +http://ahrefs.com/robot/)"
51.222.253.17 - - [17/Jul/2025:22:53:11 +0000] "GET /services/ HTTP/1.1" 404 - "-" "Mozilla/5.0 (compatible; AhrefsBot/7.0; +http://ahrefs.com/robot/)"
51.222.253.12 - - [17/Jul/2025:22:53:12 +0000] "GET /quote HTTP/1.1" 404 - "-" "Mozilla/5.0 (compatible; AhrefsBot/7.0; +http://ahrefs.com/robot/)"
51.222.253.1 - - [17/Jul/2025:22:53:12 +0000] "GET /contact HTTP/1.1" 404 - "-" "Mozilla/5.0 (compatible; AhrefsBot/7.0; +http://ahrefs.com/robot/)"
66.249.79.192 - - [17/Jul/2025:22:53:51 +0000] "GET /?f=76818286031490&mod=fe45e322&uri=news.php?shopdetail/54761216 HTTP/1.1" 200 19680 "-" "Mozilla/5.0 (Linux; Android 6.0.1; Nexus 5X Build/MMB29P) AppleWebKit/537.36 (KHTML, like Gecko) Chrome/137.0.7151.103 Mobile Safari/537.36 (compatible; Googlebot/2.1; +http://www.google.com/bot.html)"
66.249.79.206 - - [17/Jul/2025:22:57:19 +0000] "GET /?f=98054508041490&mod=28d4b91b&uri=shop.php?shopdetail/54470336 HTTP/1.1" 200 19290 "-" "Mozilla/5.0 (Linux; Android 6.0.1; Nexus 5X Build/MMB29P) AppleWebKit/537.36 (KHTML, like Gecko) Chrome/137.0.7151.103 Mobile Safari/537.36 (compatible; Googlebot/2.1; +http://www.google.com/bot.html)"
66.249.79.206 - - [17/Jul/2025:22:57:39 +0000] "GET /?f=76818286031490&mod=fe45e322&uri=news.php?shopdetail/54785640 HTTP/1.1" 200 19112 "-" "Mozilla/5.0 (Linux; Android 6.0.1; Nexus 5X Build/MMB29P) AppleWebKit/537.36 (KHTML, like Gecko) Chrome/137.0.7151.103 Mobile Safari/537.36 (compatible; Googlebot/2.1; +http://www.google.com/bot.html)"
66.249.79.192 - - [17/Jul/2025:22:58:40 +0000] "POST /get-message-notify HTTP/1.1" 404 - "https://onlycnc.com.au/?f=98054508041490&mod=28d4b91b&uri=shop.php?shopdetail/54470336" "Mozilla/5.0 (Linux; Android 6.0.1; Nexus 5X Build/MMB29P) AppleWebKit/537.36 (KHTML, like Gecko) Chrome/137.0.7151.119 Mobile Safari/537.36 (compatible; Googlebot/2.1; +http://www.google.com/bot.html)"
66.249.79.206 - - [17/Jul/2025:23:00:49 +0000] "GET /?f=5903651061490&mod=02ddce85&uri=dp.php?shopdetail/3257724 HTTP/1.1" 200 19198 "-" "Mozilla/5.0 (Linux; Android 6.0.1; Nexus 5X Build/MMB29P) AppleWebKit/537.36 (KHTML, like Gecko) Chrome/137.0.7151.103 Mobile Safari/537.36 (compatible; Googlebot/2.1; +http://www.google.com/bot.html)"
66.249.79.206 - - [17/Jul/2025:23:00:50 +0000] "GET /?f=5777847031490&mod=0e98aeeb&uri=brands.php?shopdetail/4712900 HTTP/1.1" 200 18384 "-" "Mozilla/5.0 (Linux; Android 6.0.1; Nexus 5X Build/MMB29P) AppleWebKit/537.36 (KHTML, like Gecko) Chrome/137.0.7151.103 Mobile Safari/537.36 (compatible; Googlebot/2.1; +http://www.google.com/bot.html)"
66.249.79.192 - - [17/Jul/2025:23:01:11 +0000] "POST /get-message-notify HTTP/1.1" 404 - "https://onlycnc.com.au/?f=5903651061490&mod=02ddce85&uri=dp.php?shopdetail/3257724" "Mozilla/5.0 (Linux; Android 6.0.1; Nexus 5X Build/MMB29P) AppleWebKit/537.36 (KHTML, like Gecko) Chrome/137.0.7151.119 Mobile Safari/537.36 (compatible; Googlebot/2.1; +http://www.google.com/bot.html)"
66.249.79.206 - - [17/Jul/2025:23:01:22 +0000] "GET /?f=54636588021490&mod=261474eb&uri=info.php?shopdetail/62590712 HTTP/1.1" 200 18275 "-" "Mozilla/5.0 (Linux; Android 6.0.1; Nexus 5X Build/MMB29P) AppleWebKit/537.36 (KHTML, like Gecko) Chrome/137.0.7151.103 Mobile Safari/537.36 (compatible; Googlebot/2.1; +http://www.google.com/bot.html)"
66.249.79.206 - - [17/Jul/2025:23:01:28 +0000] "POST /get-message-notify HTTP/1.1" 404 - "https://onlycnc.com.au/?f=54636588021490&mod=261474eb&uri=info.php?shopdetail/62590712" "Mozilla/5.0 (Linux; Android 6.0.1; Nexus 5X Build/MMB29P) AppleWebKit/537.36 (KHTML, like Gecko) Chrome/137.0.7151.119 Mobile Safari/537.36 (compatible; Googlebot/2.1; +http://www.google.com/bot.html)"
66.249.79.206 - - [17/Jul/2025:23:01:58 +0000] "GET /?f=54753790071490&mod=a1261ccd&uri=pin.php%3Fid%3D1827182-830%26name%3Dpuma+white+rubber+shoes HTTP/1.1" 200 19002 "-" "Mozilla/5.0 (Linux; Android 6.0.1; Nexus 5X Build/MMB29P) AppleWebKit/537.36 (KHTML, like Gecko) Chrome/137.0.7151.103 Mobile Safari/537.36 (compatible; Googlebot/2.1; +http://www.google.com/bot.html)"
209.74.77.214 - - [17/Jul/2025:23:05:14 +0000] "POST /wp-cron.php?doing_wp_cron=1752793514.4357450008392333984375 HTTP/1.1" 200 - "-" "WordPress/6.8.2; https://onlycnc.com.au"
147.185.132.43 - - [17/Jul/2025:23:05:12 +0000] "GET / HTTP/1.1" 301 - "-" "Hello from Palo Alto Networks, find out more about our scans in https://docs-cortex.paloaltonetworks.com/r/1/Cortex-Xpanse/Scanning-activity"
66.249.79.192 - - [17/Jul/2025:23:05:17 +0000] "GET /?f=54636588021490&mod=261474eb&uri=info.php?shopdetail/62595088 HTTP/1.1" 200 19649 "-" "Mozilla/5.0 (Linux; Android 6.0.1; Nexus 5X Build/MMB29P) AppleWebKit/537.36 (KHTML, like Gecko) Chrome/137.0.7151.103 Mobile Safari/537.36 (compatible; Googlebot/2.1; +http://www.google.com/bot.html)"
66.249.79.192 - - [17/Jul/2025:23:05:24 +0000] "GET /?f=5903651061490&mod=02ddce85&uri=dp.php?shopdetail/54346680 HTTP/1.1" 200 18777 "-" "Mozilla/5.0 (Linux; Android 6.0.1; Nexus 5X Build/MMB29P) AppleWebKit/537.36 (KHTML, like Gecko) Chrome/137.0.7151.103 Mobile Safari/537.36 (compatible; Googlebot/2.1; +http://www.google.com/bot.html)"
40.77.167.254 - - [17/Jul/2025:23:06:12 +0000] "GET /wp-sitemap.xml HTTP/1.1" 404 - "-" "Mozilla/5.0 AppleWebKit/537.36 (KHTML, like Gecko; compatible; bingbot/2.0; +http://www.bing.com/bingbot.htm) Chrome/116.0.1938.76 Safari/537.36"
51.222.253.15 - - [17/Jul/2025:23:06:34 +0000] "GET /sitemap.xml HTTP/1.1" 404 - "-" "Mozilla/5.0 (compatible; AhrefsBot/7.0; +http://ahrefs.com/robot/)"
66.249.79.193 - - [17/Jul/2025:23:07:03 +0000] "GET /?f=54636588021490&mod=261474eb&uri=info.php?shopdetail/64083424 HTTP/1.1" 200 18942 "-" "Mozilla/5.0 (Linux; Android 6.0.1; Nexus 5X Build/MMB29P) AppleWebKit/537.36 (KHTML, like Gecko) Chrome/137.0.7151.103 Mobile Safari/537.36 (compatible; Googlebot/2.1; +http://www.google.com/bot.html)"
66.249.79.206 - - [17/Jul/2025:23:07:06 +0000] "GET /?f=54636588021490&mod=261474eb&uri=info.php?shopdetail/64087792 HTTP/1.1" 200 19394 "-" "Mozilla/5.0 (Linux; Android 6.0.1; Nexus 5X Build/MMB29P) AppleWebKit/537.36 (KHTML, like Gecko) Chrome/137.0.7151.103 Mobile Safari/537.36 (compatible; Googlebot/2.1; +http://www.google.com/bot.html)"
66.249.79.192 - - [17/Jul/2025:23:07:10 +0000] "POST /get-message-notify HTTP/1.1" 404 - "https://onlycnc.com.au/?f=54636588021490&mod=261474eb&uri=info.php?shopdetail/64087792" "Mozilla/5.0 (Linux; Android 6.0.1; Nexus 5X Build/MMB29P) AppleWebKit/537.36 (KHTML, like Gecko) Chrome/137.0.7151.119 Mobile Safari/537.36 (compatible; Googlebot/2.1; +http://www.google.com/bot.html)"
66.249.79.192 - - [17/Jul/2025:23:07:12 +0000] "POST /get-message-notify HTTP/1.1" 404 - "https://onlycnc.com.au/?f=54636588021490&mod=261474eb&uri=info.php?shopdetail/64083424" "Mozilla/5.0 (Linux; Android 6.0.1; Nexus 5X Build/MMB29P) AppleWebKit/537.36 (KHTML, like Gecko) Chrome/137.0.7151.119 Mobile Safari/537.36 (compatible; Googlebot/2.1; +http://www.google.com/bot.html)"
66.249.79.192 - - [17/Jul/2025:23:07:12 +0000] "GET /?f=54636588021490&mod=261474eb&uri=info.php?shopdetail/64051356 HTTP/1.1" 200 19366 "-" "Mozilla/5.0 (Linux; Android 6.0.1; Nexus 5X Build/MMB29P) AppleWebKit/537.36 (KHTML, like Gecko) Chrome/137.0.7151.103 Mobile Safari/537.36 (compatible; Googlebot/2.1; +http://www.google.com/bot.html)"
66.249.79.206 - - [17/Jul/2025:23:07:18 +0000] "GET /?f=54636588021490&mod=261474eb&uri=info.php?shopdetail/64076736 HTTP/1.1" 200 18214 "-" "Mozilla/5.0 (Linux; Android 6.0.1; Nexus 5X Build/MMB29P) AppleWebKit/537.36 (KHTML, like Gecko) Chrome/137.0.7151.103 Mobile Safari/537.36 (compatible; Googlebot/2.1; +http://www.google.com/bot.html)"
66.249.79.206 - - [17/Jul/2025:23:07:19 +0000] "GET /?f=31839380011490&mod=5fb0c358&uri=shared.php?shopdetail/6137100 HTTP/1.1" 200 18310 "-" "Mozilla/5.0 (Linux; Android 6.0.1; Nexus 5X Build/MMB29P) AppleWebKit/537.36 (KHTML, like Gecko) Chrome/137.0.7151.103 Mobile Safari/537.36 (compatible; Googlebot/2.1; +http://www.google.com/bot.html)"
66.249.79.206 - - [17/Jul/2025:23:07:20 +0000] "GET /?f=54636588021490&mod=261474eb&uri=info.php?shopdetail/64080020 HTTP/1.1" 200 19036 "-" "Mozilla/5.0 (Linux; Android 6.0.1; Nexus 5X Build/MMB29P) AppleWebKit/537.36 (KHTML, like Gecko) Chrome/137.0.7151.103 Mobile Safari/537.36 (compatible; Googlebot/2.1; +http://www.google.com/bot.html)"
66.249.79.206 - - [17/Jul/2025:23:07:22 +0000] "GET /?f=76818286031490&mod=fe45e322&uri=news.php?shopdetail/56173660 HTTP/1.1" 200 19004 "-" "Mozilla/5.0 (Linux; Android 6.0.1; Nexus 5X Build/MMB29P) AppleWebKit/537.36 (KHTML, like Gecko) Chrome/137.0.7151.103 Mobile Safari/537.36 (compatible; Googlebot/2.1; +http://www.google.com/bot.html)"
66.249.79.206 - - [17/Jul/2025:23:07:24 +0000] "GET /?f=76818286031490&mod=fe45e322&uri=news.php?shopdetail/56209840 HTTP/1.1" 200 18986 "-" "Mozilla/5.0 (Linux; Android 6.0.1; Nexus 5X Build/MMB29P) AppleWebKit/537.36 (KHTML, like Gecko) Chrome/137.0.7151.103 Mobile Safari/537.36 (compatible; Googlebot/2.1; +http://www.google.com/bot.html)"
66.249.79.206 - - [17/Jul/2025:23:07:28 +0000] "POST /get-message-notify HTTP/1.1" 404 - "https://onlycnc.com.au/?f=76818286031490&mod=fe45e322&uri=news.php?shopdetail/56209840" "Mozilla/5.0 (Linux; Android 6.0.1; Nexus 5X Build/MMB29P) AppleWebKit/537.36 (KHTML, like Gecko) Chrome/137.0.7151.119 Mobile Safari/537.36 (compatible; Googlebot/2.1; +http://www.google.com/bot.html)"
66.249.79.206 - - [17/Jul/2025:23:07:30 +0000] "GET /?f=76818286031490&mod=fe45e322&uri=news.php?shopdetail/56205472 HTTP/1.1" 200 18652 "-" "Mozilla/5.0 (Linux; Android 6.0.1; Nexus 5X Build/MMB29P) AppleWebKit/537.36 (KHTML, like Gecko) Chrome/137.0.7151.103 Mobile Safari/537.36 (compatible; Googlebot/2.1; +http://www.google.com/bot.html)"
45.227.253.15 - - [17/Jul/2025:23:07:34 +0000] "GET /index.php/jk HTTP/1.1" 200 59 "-" "Mozilla/5.0 (Windows NT 10.0; Win64; x64) AppleWebKit/537.36 (KHTML, like Gecko) Chrome/82.0.3292.140 Safari/537.36 Edge/18.18761"
66.249.79.206 - - [17/Jul/2025:23:07:33 +0000] "GET /?f=76818286031490&mod=fe45e322&uri=news.php?shopdetail/56174624 HTTP/1.1" 200 18917 "-" "Mozilla/5.0 (Linux; Android 6.0.1; Nexus 5X Build/MMB29P) AppleWebKit/537.36 (KHTML, like Gecko) Chrome/137.0.7151.103 Mobile Safari/537.36 (compatible; Googlebot/2.1; +http://www.google.com/bot.html)"
66.249.79.206 - - [17/Jul/2025:23:07:37 +0000] "GET /?f=76818286031490&mod=fe45e322&uri=news.php?shopdetail/56207656 HTTP/1.1" 200 19154 "-" "Mozilla/5.0 (Linux; Android 6.0.1; Nexus 5X Build/MMB29P) AppleWebKit/537.36 (KHTML, like Gecko) Chrome/137.0.7151.103 Mobile Safari/537.36 (compatible; Googlebot/2.1; +http://www.google.com/bot.html)"
66.249.79.206 - - [17/Jul/2025:23:07:37 +0000] "GET /?f=31839380011490&mod=5fb0c358&uri=shared.php?shopdetail/6148156 HTTP/1.1" 200 19011 "-" "Mozilla/5.0 (Linux; Android 6.0.1; Nexus 5X Build/MMB29P) AppleWebKit/537.36 (KHTML, like Gecko) Chrome/137.0.7151.103 Mobile Safari/537.36 (compatible; Googlebot/2.1; +http://www.google.com/bot.html)"
66.249.79.206 - - [17/Jul/2025:23:07:37 +0000] "GET /?f=31839380011490&mod=5fb0c358&uri=shared.php?shopdetail/6134916 HTTP/1.1" 200 18827 "-" "Mozilla/5.0 (Linux; Android 6.0.1; Nexus 5X Build/MMB29P) AppleWebKit/537.36 (KHTML, like Gecko) Chrome/137.0.7151.103 Mobile Safari/537.36 (compatible; Googlebot/2.1; +http://www.google.com/bot.html)"
66.249.79.206 - - [17/Jul/2025:23:07:38 +0000] "POST /get-message-notify HTTP/1.1" 404 - "https://onlycnc.com.au/?f=76818286031490&mod=fe45e322&uri=news.php?shopdetail/56174624" "Mozilla/5.0 (Linux; Android 6.0.1; Nexus 5X Build/MMB29P) AppleWebKit/537.36 (KHTML, like Gecko) Chrome/137.0.7151.119 Mobile Safari/537.36 (compatible; Googlebot/2.1; +http://www.google.com/bot.html)"
66.249.79.206 - - [17/Jul/2025:23:07:41 +0000] "GET /?f=76818286031490&mod=fe45e322&uri=news.php?shopdetail/56178028 HTTP/1.1" 200 19057 "-" "Mozilla/5.0 (Linux; Android 6.0.1; Nexus 5X Build/MMB29P) AppleWebKit/537.36 (KHTML, like Gecko) Chrome/137.0.7151.103 Mobile Safari/537.36 (compatible; Googlebot/2.1; +http://www.google.com/bot.html)"
66.249.79.206 - - [17/Jul/2025:23:07:41 +0000] "GET /?f=76818286031490&mod=fe45e322&uri=news.php?shopdetail/56206692 HTTP/1.1" 200 19234 "-" "Mozilla/5.0 (Linux; Android 6.0.1; Nexus 5X Build/MMB29P) AppleWebKit/537.36 (KHTML, like Gecko) Chrome/137.0.7151.103 Mobile Safari/537.36 (compatible; Googlebot/2.1; +http://www.google.com/bot.html)"
66.249.79.206 - - [17/Jul/2025:23:07:41 +0000] "GET /?f=31839380011490&mod=5fb0c358&uri=shared.php?shopdetail/6142688 HTTP/1.1" 200 18923 "-" "Mozilla/5.0 (Linux; Android 6.0.1; Nexus 5X Build/MMB29P) AppleWebKit/537.36 (KHTML, like Gecko) Chrome/137.0.7151.103 Mobile Safari/537.36 (compatible; Googlebot/2.1; +http://www.google.com/bot.html)"
66.249.79.206 - - [17/Jul/2025:23:07:43 +0000] "GET /?f=76818286031490&mod=fe45e322&uri=news.php?shopdetail/56175844 HTTP/1.1" 200 18965 "-" "Mozilla/5.0 (Linux; Android 6.0.1; Nexus 5X Build/MMB29P) AppleWebKit/537.36 (KHTML, like Gecko) Chrome/137.0.7151.103 Mobile Safari/537.36 (compatible; Googlebot/2.1; +http://www.google.com/bot.html)"
66.249.79.206 - - [17/Jul/2025:23:07:43 +0000] "POST /get-message-notify HTTP/1.1" 404 - "https://onlycnc.com.au/?f=76818286031490&mod=fe45e322&uri=news.php?shopdetail/56206692" "Mozilla/5.0 (Linux; Android 6.0.1; Nexus 5X Build/MMB29P) AppleWebKit/537.36 (KHTML, like Gecko) Chrome/137.0.7151.119 Mobile Safari/537.36 (compatible; Googlebot/2.1; +http://www.google.com/bot.html)"
66.249.79.192 - - [17/Jul/2025:23:07:45 +0000] "POST /get-message-notify HTTP/1.1" 404 - "https://onlycnc.com.au/?f=31839380011490&mod=5fb0c358&uri=shared.php?shopdetail/6142688" "Mozilla/5.0 (Linux; Android 6.0.1; Nexus 5X Build/MMB29P) AppleWebKit/537.36 (KHTML, like Gecko) Chrome/137.0.7151.119 Mobile Safari/537.36 (compatible; Googlebot/2.1; +http://www.google.com/bot.html)"
66.249.79.192 - - [17/Jul/2025:23:07:48 +0000] "GET /?f=76818286031490&mod=fe45e322&uri=news.php?shopdetail/56208876 HTTP/1.1" 200 19007 "-" "Mozilla/5.0 (Linux; Android 6.0.1; Nexus 5X Build/MMB29P) AppleWebKit/537.36 (KHTML, like Gecko) Chrome/137.0.7151.103 Mobile Safari/537.36 (compatible; Googlebot/2.1; +http://www.google.com/bot.html)"
66.249.79.192 - - [17/Jul/2025:23:07:51 +0000] "GET /?f=76818286031490&mod=fe45e322&uri=news.php?shopdetail/56176808 HTTP/1.1" 200 19451 "-" "Mozilla/5.0 (Linux; Android 6.0.1; Nexus 5X Build/MMB29P) AppleWebKit/537.36 (KHTML, like Gecko) Chrome/137.0.7151.103 Mobile Safari/537.36 (compatible; Googlebot/2.1; +http://www.google.com/bot.html)"
66.249.79.192 - - [17/Jul/2025:23:07:57 +0000] "GET /?f=76818286031490&mod=fe45e322&uri=news.php?shopdetail/56203152 HTTP/1.1" 200 18344 "-" "Mozilla/5.0 (Linux; Android 6.0.1; Nexus 5X Build/MMB29P) AppleWebKit/537.36 (KHTML, like Gecko) Chrome/137.0.7151.103 Mobile Safari/537.36 (compatible; Googlebot/2.1; +http://www.google.com/bot.html)"
66.249.79.206 - - [17/Jul/2025:23:08:00 +0000] "GET /?f=5903651061490&mod=02ddce85&uri=dp.php?toreka/toreka_menu.html HTTP/1.1" 200 19494 "-" "Mozilla/5.0 (Linux; Android 6.0.1; Nexus 5X Build/MMB29P) AppleWebKit/537.36 (KHTML, like Gecko) Chrome/137.0.7151.103 Mobile Safari/537.36 (compatible; Googlebot/2.1; +http://www.google.com/bot.html)"
66.249.79.206 - - [17/Jul/2025:23:08:00 +0000] "GET /?f=31839380011490&mod=5fb0c358&uri=shared.php?product/edit/O3111674668 HTTP/1.1" 200 18909 "-" "Mozilla/5.0 (Linux; Android 6.0.1; Nexus 5X Build/MMB29P) AppleWebKit/537.36 (KHTML, like Gecko) Chrome/137.0.7151.103 Mobile Safari/537.36 (compatible; Googlebot/2.1; +http://www.google.com/bot.html)"
66.249.79.206 - - [17/Jul/2025:23:08:01 +0000] "POST /get-message-notify HTTP/1.1" 404 - "https://onlycnc.com.au/?f=76818286031490&mod=fe45e322&uri=news.php?shopdetail/56208876" "Mozilla/5.0 (Linux; Android 6.0.1; Nexus 5X Build/MMB29P) AppleWebKit/537.36 (KHTML, like Gecko) Chrome/137.0.7151.119 Mobile Safari/537.36 (compatible; Googlebot/2.1; +http://www.google.com/bot.html)"
66.249.79.206 - - [17/Jul/2025:23:08:03 +0000] "GET /?f=31839380011490&mod=5fb0c358&uri=shared.php?shopdetail/6140504 HTTP/1.1" 200 18806 "-" "Mozilla/5.0 (Linux; Android 6.0.1; Nexus 5X Build/MMB29P) AppleWebKit/537.36 (KHTML, like Gecko) Chrome/137.0.7151.103 Mobile Safari/537.36 (compatible; Googlebot/2.1; +http://www.google.com/bot.html)"
66.249.79.206 - - [17/Jul/2025:23:08:05 +0000] "POST /get-message-notify HTTP/1.1" 404 - "https://onlycnc.com.au/?f=76818286031490&mod=fe45e322&uri=news.php?shopdetail/56207656" "Mozilla/5.0 (Linux; Android 6.0.1; Nexus 5X Build/MMB29P) AppleWebKit/537.36 (KHTML, like Gecko) Chrome/137.0.7151.119 Mobile Safari/537.36 (compatible; Googlebot/2.1; +http://www.google.com/bot.html)"
66.249.79.206 - - [17/Jul/2025:23:08:07 +0000] "GET /?f=31839380011490&mod=5fb0c358&uri=shared.php?shopdetail/6141468 HTTP/1.1" 200 18989 "-" "Mozilla/5.0 (Linux; Android 6.0.1; Nexus 5X Build/MMB29P) AppleWebKit/537.36 (KHTML, like Gecko) Chrome/137.0.7151.103 Mobile Safari/537.36 (compatible; Googlebot/2.1; +http://www.google.com/bot.html)"
66.249.79.206 - - [17/Jul/2025:23:08:07 +0000] "GET /?f=31839380011490&mod=5fb0c358&uri=shared.php?shopdetail/6133952 HTTP/1.1" 200 19406 "-" "Mozilla/5.0 (Linux; Android 6.0.1; Nexus 5X Build/MMB29P) AppleWebKit/537.36 (KHTML, like Gecko) Chrome/137.0.7151.103 Mobile Safari/537.36 (compatible; Googlebot/2.1; +http://www.google.com/bot.html)"
66.249.79.206 - - [17/Jul/2025:23:08:09 +0000] "POST /get-message-notify HTTP/1.1" 404 - "https://onlycnc.com.au/?f=31839380011490&mod=5fb0c358&uri=shared.php?shopdetail/6141468" "Mozilla/5.0 (Linux; Android 6.0.1; Nexus 5X Build/MMB29P) AppleWebKit/537.36 (KHTML, like Gecko) Chrome/137.0.7151.119 Mobile Safari/537.36 (compatible; Googlebot/2.1; +http://www.google.com/bot.html)"
66.249.79.206 - - [17/Jul/2025:23:08:11 +0000] "GET /?f=31839380011490&mod=5fb0c358&uri=shared.php?shopdetail/6138320 HTTP/1.1" 200 18834 "-" "Mozilla/5.0 (Linux; Android 6.0.1; Nexus 5X Build/MMB29P) AppleWebKit/537.36 (KHTML, like Gecko) Chrome/137.0.7151.103 Mobile Safari/537.36 (compatible; Googlebot/2.1; +http://www.google.com/bot.html)"
66.249.79.206 - - [17/Jul/2025:23:08:12 +0000] "POST /get-message-notify HTTP/1.1" 404 - "https://onlycnc.com.au/?f=76818286031490&mod=fe45e322&uri=news.php?shopdetail/56203152" "Mozilla/5.0 (Linux; Android 6.0.1; Nexus 5X Build/MMB29P) AppleWebKit/537.36 (KHTML, like Gecko) Chrome/137.0.7151.119 Mobile Safari/537.36 (compatible; Googlebot/2.1; +http://www.google.com/bot.html)"
66.249.79.206 - - [17/Jul/2025:23:08:14 +0000] "GET /?f=31839380011490&mod=5fb0c358&uri=shared.php?shopdetail/6132860 HTTP/1.1" 200 19511 "-" "Mozilla/5.0 (Linux; Android 6.0.1; Nexus 5X Build/MMB29P) AppleWebKit/537.36 (KHTML, like Gecko) Chrome/137.0.7151.103 Mobile Safari/537.36 (compatible; Googlebot/2.1; +http://www.google.com/bot.html)"
66.249.79.206 - - [17/Jul/2025:23:08:16 +0000] "GET /?f=31839380011490&mod=5fb0c358&uri=shared.php?shopdetail/6145836 HTTP/1.1" 200 18738 "-" "Mozilla/5.0 (Linux; Android 6.0.1; Nexus 5X Build/MMB29P) AppleWebKit/537.36 (KHTML, like Gecko) Chrome/137.0.7151.103 Mobile Safari/537.36 (compatible; Googlebot/2.1; +http://www.google.com/bot.html)"
66.249.79.206 - - [17/Jul/2025:23:08:21 +0000] "GET /?f=31839380011490&mod=5fb0c358&uri=shared.php?shopdetail/6148020 HTTP/1.1" 200 18545 "-" "Mozilla/5.0 (Linux; Android 6.0.1; Nexus 5X Build/MMB29P) AppleWebKit/537.36 (KHTML, like Gecko) Chrome/137.0.7151.103 Mobile Safari/537.36 (compatible; Googlebot/2.1; +http://www.google.com/bot.html)"
66.249.79.206 - - [17/Jul/2025:23:08:24 +0000] "GET /?f=31839380011490&mod=5fb0c358&uri=shared.php?shopdetail/6147056 HTTP/1.1" 200 18790 "-" "Mozilla/5.0 (Linux; Android 6.0.1; Nexus 5X Build/MMB29P) AppleWebKit/537.36 (KHTML, like Gecko) Chrome/137.0.7151.103 Mobile Safari/537.36 (compatible; Googlebot/2.1; +http://www.google.com/bot.html)"
66.249.79.206 - - [17/Jul/2025:23:08:25 +0000] "GET /?f=54636588021490&mod=261474eb&uri=info.php?shopdetail/64049172 HTTP/1.1" 200 18985 "-" "Mozilla/5.0 (Linux; Android 6.0.1; Nexus 5X Build/MMB29P) AppleWebKit/537.36 (KHTML, like Gecko) Chrome/137.0.7151.103 Mobile Safari/537.36 (compatible; Googlebot/2.1; +http://www.google.com/bot.html)"
66.249.79.206 - - [17/Jul/2025:23:08:27 +0000] "GET /?f=31839380011490&mod=5fb0c358&uri=shared.php?shopdetail/6139284 HTTP/1.1" 200 19396 "-" "Mozilla/5.0 (Linux; Android 6.0.1; Nexus 5X Build/MMB29P) AppleWebKit/537.36 (KHTML, like Gecko) Chrome/137.0.7151.103 Mobile Safari/537.36 (compatible; Googlebot/2.1; +http://www.google.com/bot.html)"
66.249.79.206 - - [17/Jul/2025:23:08:38 +0000] "POST /get-message-notify HTTP/1.1" 404 - "https://onlycnc.com.au/?f=31839380011490&mod=5fb0c358&uri=shared.php?shopdetail/6147056" "Mozilla/5.0 (Linux; Android 6.0.1; Nexus 5X Build/MMB29P) AppleWebKit/537.36 (KHTML, like Gecko) Chrome/137.0.7151.119 Mobile Safari/537.36 (compatible; Googlebot/2.1; +http://www.google.com/bot.html)"
66.249.79.206 - - [17/Jul/2025:23:08:47 +0000] "GET /?f=54753790071490&mod=a1261ccd&uri=pin.php?hobby/boardgame/index.html HTTP/1.1" 200 19297 "-" "Mozilla/5.0 (Linux; Android 6.0.1; Nexus 5X Build/MMB29P) AppleWebKit/537.36 (KHTML, like Gecko) Chrome/137.0.7151.103 Mobile Safari/537.36 (compatible; Googlebot/2.1; +http://www.google.com/bot.html)"
51.222.253.20 - - [17/Jul/2025:23:11:02 +0000] "GET /?f=11524506031490&mod=b9fe446b&uri=brands.php%3Fid%3D384776-556%26name%3Dmassage+shiatsu+homedics HTTP/1.1" 301 - "-" "Mozilla/5.0 (compatible; AhrefsBot/7.0; +http://ahrefs.com/robot/)"
66.249.79.192 - - [17/Jul/2025:23:11:32 +0000] "GET /?f=31839380011490&mod=5fb0c358&uri=shared.php?shopdetail/6133688 HTTP/1.1" 200 19557 "-" "Mozilla/5.0 (Linux; Android 6.0.1; Nexus 5X Build/MMB29P) AppleWebKit/537.36 (KHTML, like Gecko) Chrome/137.0.7151.103 Mobile Safari/537.36 (compatible; Googlebot/2.1; +http://www.google.com/bot.html)"
66.249.79.206 - - [17/Jul/2025:23:12:16 +0000] "GET /?f=25408213011490&mod=7a6785df&uri=category-info.php?shopdetail/9088264 HTTP/1.1" 200 18810 "-" "Mozilla/5.0 (Linux; Android 6.0.1; Nexus 5X Build/MMB29P) AppleWebKit/537.36 (KHTML, like Gecko) Chrome/137.0.7151.103 Mobile Safari/537.36 (compatible; Googlebot/2.1; +http://www.google.com/bot.html)"
66.249.79.206 - - [17/Jul/2025:23:12:42 +0000] "GET /?f=54753790071490&mod=a1261ccd&uri=pin.php?shopdetail/3289664 HTTP/1.1" 200 19485 "-" "Mozilla/5.0 (Linux; Android 6.0.1; Nexus 5X Build/MMB29P) AppleWebKit/537.36 (KHTML, like Gecko) Chrome/137.0.7151.103 Mobile Safari/537.36 (compatible; Googlebot/2.1; +http://www.google.com/bot.html)"
51.222.253.11 - - [17/Jul/2025:23:15:11 +0000] "GET /?f=33628814001490&uri=form.php%3Fid%3D1122393-1038%26name%3Dnike%20air%20force%20flax%20wheat%20low HTTP/1.1" 200 21262 "-" "Mozilla/5.0 (compatible; AhrefsBot/7.0; +http://ahrefs.com/robot/)"
66.249.79.192 - - [17/Jul/2025:23:16:14 +0000] "GET /?f=98054508041490&mod=28d4b91b&uri=shop.php?shopdetail/7697096 HTTP/1.1" 200 19446 "-" "Mozilla/5.0 (Linux; Android 6.0.1; Nexus 5X Build/MMB29P) AppleWebKit/537.36 (KHTML, like Gecko) Chrome/137.0.7151.103 Mobile Safari/537.36 (compatible; Googlebot/2.1; +http://www.google.com/bot.html)"
66.249.79.206 - - [17/Jul/2025:23:16:25 +0000] "GET /?f=76818286031490&mod=fe45e322&uri=news.php?feature/index.html HTTP/1.1" 200 19462 "-" "Mozilla/5.0 (Linux; Android 6.0.1; Nexus 5X Build/MMB29P) AppleWebKit/537.36 (KHTML, like Gecko) Chrome/137.0.7151.103 Mobile Safari/537.36 (compatible; Googlebot/2.1; +http://www.google.com/bot.html)"
66.249.79.206 - - [17/Jul/2025:23:16:28 +0000] "POST /get-message-notify HTTP/1.1" 404 - "https://onlycnc.com.au/?f=76818286031490&mod=fe45e322&uri=news.php?feature/index.html" "Mozilla/5.0 (Linux; Android 6.0.1; Nexus 5X Build/MMB29P) AppleWebKit/537.36 (KHTML, like Gecko) Chrome/137.0.7151.119 Mobile Safari/537.36 (compatible; Googlebot/2.1; +http://www.google.com/bot.html)"
66.249.79.192 - - [17/Jul/2025:23:18:31 +0000] "GET /?f=54873613071490&mod=d48da244&uri=us.php?shopdetail/3282848 HTTP/1.1" 200 19468 "-" "Mozilla/5.0 (Linux; Android 6.0.1; Nexus 5X Build/MMB29P) AppleWebKit/537.36 (KHTML, like Gecko) Chrome/137.0.7151.103 Mobile Safari/537.36 (compatible; Googlebot/2.1; +http://www.google.com/bot.html)"
51.222.253.9 - - [17/Jul/2025:23:19:06 +0000] "GET /?f=34959343041490&mod=f551334a&uri=shared.php%3Fid%3D1166823-328%26name%3Dbequeme+motorradstiefel HTTP/1.1" 301 - "-" "Mozilla/5.0 (compatible; AhrefsBot/7.0; +http://ahrefs.com/robot/)"
66.249.79.206 - - [17/Jul/2025:23:19:07 +0000] "GET /?f=54873613071490&mod=d48da244&uri=us.php?shopdetail/3296216 HTTP/1.1" 200 18792 "-" "Mozilla/5.0 (Linux; Android 6.0.1; Nexus 5X Build/MMB29P) AppleWebKit/537.36 (KHTML, like Gecko) Chrome/137.0.7151.103 Mobile Safari/537.36 (compatible; Googlebot/2.1; +http://www.google.com/bot.html)"
66.249.79.192 - - [17/Jul/2025:23:19:15 +0000] "POST /get-message-notify HTTP/1.1" 404 - "https://onlycnc.com.au/?f=54873613071490&mod=d48da244&uri=us.php?shopdetail/3296216" "Mozilla/5.0 (Linux; Android 6.0.1; Nexus 5X Build/MMB29P) AppleWebKit/537.36 (KHTML, like Gecko) Chrome/137.0.7151.119 Mobile Safari/537.36 (compatible; Googlebot/2.1; +http://www.google.com/bot.html)"
66.249.79.206 - - [17/Jul/2025:23:19:22 +0000] "GET /?f=5903651061490&mod=02ddce85&uri=dp.php?shopdetail/3307144 HTTP/1.1" 200 19336 "-" "Mozilla/5.0 (Linux; Android 6.0.1; Nexus 5X Build/MMB29P) AppleWebKit/537.36 (KHTML, like Gecko) Chrome/137.0.7151.103 Mobile Safari/537.36 (compatible; Googlebot/2.1; +http://www.google.com/bot.html)"
66.249.79.206 - - [17/Jul/2025:23:19:37 +0000] "GET /?f=31839380011490&mod=5fb0c358&uri=shared.php?shopdetail/6147192 HTTP/1.1" 200 19253 "-" "Mozilla/5.0 (Linux; Android 6.0.1; Nexus 5X Build/MMB29P) AppleWebKit/537.36 (KHTML, like Gecko) Chrome/137.0.7151.103 Mobile Safari/537.36 (compatible; Googlebot/2.1; +http://www.google.com/bot.html)"
66.249.79.206 - - [17/Jul/2025:23:20:14 +0000] "GET /?f=98054508041490&mod=28d4b91b&uri=shop.php?shopdetail/7665028 HTTP/1.1" 200 18565 "-" "Mozilla/5.0 (Linux; Android 6.0.1; Nexus 5X Build/MMB29P) AppleWebKit/537.36 (KHTML, like Gecko) Chrome/137.0.7151.103 Mobile Safari/537.36 (compatible; Googlebot/2.1; +http://www.google.com/bot.html)"
216.73.216.117 - - [17/Jul/2025:23:20:53 +0000] "GET /robots.txt HTTP/1.1" 200 108 "-" "Mozilla/5.0 AppleWebKit/537.36 (KHTML, like Gecko; compatible; ClaudeBot/1.0; [email protected])"
216.73.216.117 - - [17/Jul/2025:23:20:53 +0000] "GET /sitemap.xml HTTP/1.1" 404 - "-" "Mozilla/5.0 AppleWebKit/537.36 (KHTML, like Gecko; compatible; ClaudeBot/1.0; [email protected])"
66.249.79.192 - - [17/Jul/2025:23:21:23 +0000] "GET /?f=5903651061490&mod=02ddce85&uri=dp.php?shopdetail/3267552 HTTP/1.1" 200 18561 "-" "Mozilla/5.0 (Linux; Android 6.0.1; Nexus 5X Build/MMB29P) AppleWebKit/537.36 (KHTML, like Gecko) Chrome/137.0.7151.103 Mobile Safari/537.36 (compatible; Googlebot/2.1; +http://www.google.com/bot.html)"
198.98.57.230 - - [17/Jul/2025:23:21:39 +0000] "GET /wp-login.php HTTP/1.1" 200 5755 "-" "Mozilla/5.0 (Macintosh; Intel Mac OS X 10_8_5) AppleWebKit/537.36 (KHTML, like Gecko) Chrome/36.0.1985.125 Safari/537.36"
66.249.79.206 - - [17/Jul/2025:23:21:57 +0000] "POST /get-message-notify HTTP/1.1" 404 - "https://onlycnc.com.au/?f=5903651061490&mod=02ddce85&uri=dp.php?shopdetail/3267552" "Mozilla/5.0 (Linux; Android 6.0.1; Nexus 5X Build/MMB29P) AppleWebKit/537.36 (KHTML, like Gecko) Chrome/137.0.7151.119 Mobile Safari/537.36 (compatible; Googlebot/2.1; +http://www.google.com/bot.html)"
66.249.79.192 - - [17/Jul/2025:23:22:22 +0000] "GET /?f=54873613071490&mod=d48da244&uri=us.php?shopdetail/3267688 HTTP/1.1" 200 19253 "-" "Mozilla/5.0 (Linux; Android 6.0.1; Nexus 5X Build/MMB29P) AppleWebKit/537.36 (KHTML, like Gecko) Chrome/137.0.7151.103 Mobile Safari/537.36 (compatible; Googlebot/2.1; +http://www.google.com/bot.html)"
66.249.79.193 - - [17/Jul/2025:23:22:24 +0000] "POST /get-message-notify HTTP/1.1" 404 - "https://onlycnc.com.au/?f=54873613071490&mod=d48da244&uri=us.php?shopdetail/3267688" "Mozilla/5.0 (Linux; Android 6.0.1; Nexus 5X Build/MMB29P) AppleWebKit/537.36 (KHTML, like Gecko) Chrome/137.0.7151.119 Mobile Safari/537.36 (compatible; Googlebot/2.1; +http://www.google.com/bot.html)"
66.249.79.193 - - [17/Jul/2025:23:23:07 +0000] "GET /?f=54873613071490&mod=d48da244&uri=us.php?shopdetail/3294996 HTTP/1.1" 200 19205 "-" "Mozilla/5.0 (Linux; Android 6.0.1; Nexus 5X Build/MMB29P) AppleWebKit/537.36 (KHTML, like Gecko) Chrome/137.0.7151.103 Mobile Safari/537.36 (compatible; Googlebot/2.1; +http://www.google.com/bot.html)"
66.249.79.206 - - [17/Jul/2025:23:23:18 +0000] "GET /?f=14744752011490&mod=676207dd&uri=form.php?shopdetail/4668684 HTTP/1.1" 200 19365 "-" "Mozilla/5.0 (Linux; Android 6.0.1; Nexus 5X Build/MMB29P) AppleWebKit/537.36 (KHTML, like Gecko) Chrome/137.0.7151.103 Mobile Safari/537.36 (compatible; Googlebot/2.1; +http://www.google.com/bot.html)"
66.249.79.206 - - [17/Jul/2025:23:23:31 +0000] "POST /get-message-notify HTTP/1.1" 404 - "https://onlycnc.com.au/?f=14744752011490&mod=676207dd&uri=form.php?shopdetail/4668684" "Mozilla/5.0 (Linux; Android 6.0.1; Nexus 5X Build/MMB29P) AppleWebKit/537.36 (KHTML, like Gecko) Chrome/137.0.7151.119 Mobile Safari/537.36 (compatible; Googlebot/2.1; +http://www.google.com/bot.html)"
