216.73.216.129 - - [17/Jul/2025:19:44:30 +0000] "GET /shopdetail/2284430924 HTTP/1.1" 404 - "-" "Mozilla/5.0 AppleWebKit/537.36 (KHTML, like Gecko; compatible; ClaudeBot/1.0; [email protected])"
216.73.216.129 - - [17/Jul/2025:19:44:30 +0000] "GET /shopdetail/2284536580 HTTP/1.1" 404 - "-" "Mozilla/5.0 AppleWebKit/537.36 (KHTML, like Gecko; compatible; ClaudeBot/1.0; [email protected])"
66.249.79.206 - - [17/Jul/2025:19:44:50 +0000] "GET /?f=5903651061490&mod=02ddce85&uri=dp.php?shopdetail/3297180 HTTP/1.1" 200 19382 "-" "Mozilla/5.0 (Linux; Android 6.0.1; Nexus 5X Build/MMB29P) AppleWebKit/537.36 (KHTML, like Gecko) Chrome/137.0.7151.103 Mobile Safari/537.36 (compatible; Googlebot/2.1; +http://www.google.com/bot.html)"
66.249.79.193 - - [17/Jul/2025:19:45:02 +0000] "POST /get-message-notify HTTP/1.1" 404 - "https://onlycnc.com.au/?f=5903651061490&mod=02ddce85&uri=dp.php?shopdetail/62007476" "Mozilla/5.0 (Linux; Android 6.0.1; Nexus 5X Build/MMB29P) AppleWebKit/537.36 (KHTML, like Gecko) Chrome/137.0.7151.119 Mobile Safari/537.36 (compatible; Googlebot/2.1; +http://www.google.com/bot.html)"
66.249.79.206 - - [17/Jul/2025:19:45:25 +0000] "GET /?f=5777847031490&mod=0e98aeeb&uri=brands.php?shopdetail/4772284 HTTP/1.1" 200 19383 "-" "Mozilla/5.0 (Linux; Android 6.0.1; Nexus 5X Build/MMB29P) AppleWebKit/537.36 (KHTML, like Gecko) Chrome/137.0.7151.103 Mobile Safari/537.36 (compatible; Googlebot/2.1; +http://www.google.com/bot.html)"
66.249.79.206 - - [17/Jul/2025:19:45:29 +0000] "GET /?f=54636588021490&mod=261474eb&uri=info.php?shopdetail/62643672 HTTP/1.1" 200 19569 "-" "Mozilla/5.0 (Linux; Android 6.0.1; Nexus 5X Build/MMB29P) AppleWebKit/537.36 (KHTML, like Gecko) Chrome/137.0.7151.103 Mobile Safari/537.36 (compatible; Googlebot/2.1; +http://www.google.com/bot.html)"
66.249.79.206 - - [17/Jul/2025:19:45:29 +0000] "GET /?f=5777847031490&mod=0e98aeeb&uri=brands.php?shopdetail/4748116 HTTP/1.1" 200 19215 "-" "Mozilla/5.0 (Linux; Android 6.0.1; Nexus 5X Build/MMB29P) AppleWebKit/537.36 (KHTML, like Gecko) Chrome/137.0.7151.103 Mobile Safari/537.36 (compatible; Googlebot/2.1; +http://www.google.com/bot.html)"
66.249.79.206 - - [17/Jul/2025:19:45:33 +0000] "GET /?f=5903651061490&mod=02ddce85&uri=dp.php?shopdetail/4742528 HTTP/1.1" 200 19117 "-" "Mozilla/5.0 (Linux; Android 6.0.1; Nexus 5X Build/MMB29P) AppleWebKit/537.36 (KHTML, like Gecko) Chrome/137.0.7151.103 Mobile Safari/537.36 (compatible; Googlebot/2.1; +http://www.google.com/bot.html)"
66.249.79.206 - - [17/Jul/2025:19:45:35 +0000] "POST /get-message-notify HTTP/1.1" 404 - "https://onlycnc.com.au/?f=5903651061490&mod=02ddce85&uri=dp.php?shopdetail/4742528" "Mozilla/5.0 (Linux; Android 6.0.1; Nexus 5X Build/MMB29P) AppleWebKit/537.36 (KHTML, like Gecko) Chrome/137.0.7151.119 Mobile Safari/537.36 (compatible; Googlebot/2.1; +http://www.google.com/bot.html)"
66.249.79.206 - - [17/Jul/2025:19:45:36 +0000] "GET /?f=25408213011490&mod=7a6785df&uri=category-info.php?shopdetail/7572484 HTTP/1.1" 200 19345 "-" "Mozilla/5.0 (Linux; Android 6.0.1; Nexus 5X Build/MMB29P) AppleWebKit/537.36 (KHTML, like Gecko) Chrome/137.0.7151.103 Mobile Safari/537.36 (compatible; Googlebot/2.1; +http://www.google.com/bot.html)"
66.249.79.206 - - [17/Jul/2025:19:45:44 +0000] "GET /?f=25408213011490&mod=7a6785df&uri=category-info.php?shopdetail/7562520 HTTP/1.1" 200 19450 "-" "Mozilla/5.0 (Linux; Android 6.0.1; Nexus 5X Build/MMB29P) AppleWebKit/537.36 (KHTML, like Gecko) Chrome/137.0.7151.103 Mobile Safari/537.36 (compatible; Googlebot/2.1; +http://www.google.com/bot.html)"
66.249.79.206 - - [17/Jul/2025:19:45:44 +0000] "GET /?f=5777847031490&mod=0e98aeeb&uri=brands.php?shopdetail/4707440 HTTP/1.1" 200 19639 "-" "Mozilla/5.0 (Linux; Android 6.0.1; Nexus 5X Build/MMB29P) AppleWebKit/537.36 (KHTML, like Gecko) Chrome/137.0.7151.103 Mobile Safari/537.36 (compatible; Googlebot/2.1; +http://www.google.com/bot.html)"
66.249.79.206 - - [17/Jul/2025:19:45:44 +0000] "GET /?f=25408213011490&mod=7a6785df&uri=category-info.php?shopdetail/9068336 HTTP/1.1" 200 19508 "-" "Mozilla/5.0 (Linux; Android 6.0.1; Nexus 5X Build/MMB29P) AppleWebKit/537.36 (KHTML, like Gecko) Chrome/137.0.7151.103 Mobile Safari/537.36 (compatible; Googlebot/2.1; +http://www.google.com/bot.html)"
66.249.79.206 - - [17/Jul/2025:19:45:48 +0000] "GET /?f=5903651061490&mod=02ddce85&uri=dp.php?shopdetail/61182772 HTTP/1.1" 200 19417 "-" "Mozilla/5.0 (Linux; Android 6.0.1; Nexus 5X Build/MMB29P) AppleWebKit/537.36 (KHTML, like Gecko) Chrome/137.0.7151.103 Mobile Safari/537.36 (compatible; Googlebot/2.1; +http://www.google.com/bot.html)"
66.249.79.206 - - [17/Jul/2025:19:45:48 +0000] "GET /?f=105411075041490&mod=ee2093ab&uri=form.php?shopdetail/56452392 HTTP/1.1" 200 19578 "-" "Mozilla/5.0 (Linux; Android 6.0.1; Nexus 5X Build/MMB29P) AppleWebKit/537.36 (KHTML, like Gecko) Chrome/137.0.7151.103 Mobile Safari/537.36 (compatible; Googlebot/2.1; +http://www.google.com/bot.html)"
66.249.79.206 - - [17/Jul/2025:19:45:52 +0000] "POST /get-message-notify HTTP/1.1" 404 - "https://onlycnc.com.au/?f=25408213011490&mod=7a6785df&uri=category-info.php?shopdetail/9068336" "Mozilla/5.0 (Linux; Android 6.0.1; Nexus 5X Build/MMB29P) AppleWebKit/537.36 (KHTML, like Gecko) Chrome/137.0.7151.119 Mobile Safari/537.36 (compatible; Googlebot/2.1; +http://www.google.com/bot.html)"
66.249.79.206 - - [17/Jul/2025:19:45:52 +0000] "POST /get-message-notify HTTP/1.1" 404 - "https://onlycnc.com.au/?f=5903651061490&mod=02ddce85&uri=dp.php?shopdetail/61182772" "Mozilla/5.0 (Linux; Android 6.0.1; Nexus 5X Build/MMB29P) AppleWebKit/537.36 (KHTML, like Gecko) Chrome/137.0.7151.119 Mobile Safari/537.36 (compatible; Googlebot/2.1; +http://www.google.com/bot.html)"
66.249.79.192 - - [17/Jul/2025:19:46:23 +0000] "GET /?f=54636588021490&mod=261474eb&uri=info.php?shopdetail/62641488 HTTP/1.1" 200 18641 "-" "Mozilla/5.0 (Linux; Android 6.0.1; Nexus 5X Build/MMB29P) AppleWebKit/537.36 (KHTML, like Gecko) Chrome/137.0.7151.103 Mobile Safari/537.36 (compatible; Googlebot/2.1; +http://www.google.com/bot.html)"
66.249.79.192 - - [17/Jul/2025:19:46:31 +0000] "GET /?f=54636588021490&mod=261474eb&uri=info.php?shopdetail/62603824 HTTP/1.1" 200 18358 "-" "Mozilla/5.0 (Linux; Android 6.0.1; Nexus 5X Build/MMB29P) AppleWebKit/537.36 (KHTML, like Gecko) Chrome/137.0.7151.103 Mobile Safari/537.36 (compatible; Googlebot/2.1; +http://www.google.com/bot.html)"
66.249.79.206 - - [17/Jul/2025:19:46:31 +0000] "GET /?f=5903651061490&mod=02ddce85&uri=dp.php?shopdetail/55749032 HTTP/1.1" 200 18342 "-" "Mozilla/5.0 (Linux; Android 6.0.1; Nexus 5X Build/MMB29P) AppleWebKit/537.36 (KHTML, like Gecko) Chrome/137.0.7151.103 Mobile Safari/537.36 (compatible; Googlebot/2.1; +http://www.google.com/bot.html)"
216.73.216.129 - - [17/Jul/2025:19:46:42 +0000] "GET /shopdetail/2284418776 HTTP/1.1" 404 - "-" "Mozilla/5.0 AppleWebKit/537.36 (KHTML, like Gecko; compatible; ClaudeBot/1.0; [email protected])"
216.73.216.129 - - [17/Jul/2025:19:46:42 +0000] "GET /shopdetail/2284566464 HTTP/1.1" 404 - "-" "Mozilla/5.0 AppleWebKit/537.36 (KHTML, like Gecko; compatible; ClaudeBot/1.0; [email protected])"
216.73.216.129 - - [17/Jul/2025:19:46:42 +0000] "GET /shopdetail/2284633628 HTTP/1.1" 404 - "-" "Mozilla/5.0 AppleWebKit/537.36 (KHTML, like Gecko; compatible; ClaudeBot/1.0; [email protected])"
216.73.216.129 - - [17/Jul/2025:19:46:42 +0000] "GET /shopdetail/2284787040 HTTP/1.1" 404 - "-" "Mozilla/5.0 AppleWebKit/537.36 (KHTML, like Gecko; compatible; ClaudeBot/1.0; [email protected])"
216.73.216.129 - - [17/Jul/2025:19:46:42 +0000] "GET /shopdetail/2284784856 HTTP/1.1" 404 - "-" "Mozilla/5.0 AppleWebKit/537.36 (KHTML, like Gecko; compatible; ClaudeBot/1.0; [email protected])"
216.73.216.129 - - [17/Jul/2025:19:46:42 +0000] "GET /shopdetail/2283988816 HTTP/1.1" 404 - "-" "Mozilla/5.0 AppleWebKit/537.36 (KHTML, like Gecko; compatible; ClaudeBot/1.0; [email protected])"
216.73.216.129 - - [17/Jul/2025:19:46:42 +0000] "GET /shopdetail/2284062796 HTTP/1.1" 404 - "-" "Mozilla/5.0 AppleWebKit/537.36 (KHTML, like Gecko; compatible; ClaudeBot/1.0; [email protected])"
216.73.216.129 - - [17/Jul/2025:19:46:42 +0000] "GET /shopdetail/2283951288 HTTP/1.1" 404 - "-" "Mozilla/5.0 AppleWebKit/537.36 (KHTML, like Gecko; compatible; ClaudeBot/1.0; [email protected])"
216.73.216.129 - - [17/Jul/2025:19:46:42 +0000] "GET /shopdetail/2284727528 HTTP/1.1" 404 - "-" "Mozilla/5.0 AppleWebKit/537.36 (KHTML, like Gecko; compatible; ClaudeBot/1.0; [email protected])"
216.73.216.129 - - [17/Jul/2025:19:46:43 +0000] "GET /shopdetail/2284510236 HTTP/1.1" 404 - "-" "Mozilla/5.0 AppleWebKit/537.36 (KHTML, like Gecko; compatible; ClaudeBot/1.0; [email protected])"
66.249.79.193 - - [17/Jul/2025:19:47:05 +0000] "POST /get-message-notify HTTP/1.1" 404 - "https://onlycnc.com.au/?f=5903651061490&mod=02ddce85&uri=dp.php?shopdetail/55749032" "Mozilla/5.0 (Linux; Android 6.0.1; Nexus 5X Build/MMB29P) AppleWebKit/537.36 (KHTML, like Gecko) Chrome/137.0.7151.119 Mobile Safari/537.36 (compatible; Googlebot/2.1; +http://www.google.com/bot.html)"
66.249.79.206 - - [17/Jul/2025:19:47:44 +0000] "GET /?f=5777847031490&mod=0e98aeeb&uri=brands.php?shopdetail/4716048 HTTP/1.1" 200 19287 "-" "Mozilla/5.0 (Linux; Android 6.0.1; Nexus 5X Build/MMB29P) AppleWebKit/537.36 (KHTML, like Gecko) Chrome/137.0.7151.103 Mobile Safari/537.36 (compatible; Googlebot/2.1; +http://www.google.com/bot.html)"
66.249.79.206 - - [17/Jul/2025:19:47:49 +0000] "GET /?f=5939441051490&mod=9cecbb6f&uri=article.php?toreka/figure_menu.html HTTP/1.1" 200 18981 "-" "Mozilla/5.0 (Linux; Android 6.0.1; Nexus 5X Build/MMB29P) AppleWebKit/537.36 (KHTML, like Gecko) Chrome/137.0.7151.103 Mobile Safari/537.36 (compatible; Googlebot/2.1; +http://www.google.com/bot.html)"
66.249.79.192 - - [17/Jul/2025:19:48:01 +0000] "GET /?f=5903651061490&mod=02ddce85&uri=dp.php?shopdetail/62025212 HTTP/1.1" 200 19569 "-" "Mozilla/5.0 (Linux; Android 6.0.1; Nexus 5X Build/MMB29P) AppleWebKit/537.36 (KHTML, like Gecko) Chrome/137.0.7151.103 Mobile Safari/537.36 (compatible; Googlebot/2.1; +http://www.google.com/bot.html)"
66.249.79.206 - - [17/Jul/2025:19:48:13 +0000] "GET /?f=54636588021490&mod=261474eb&uri=info.php?shopdetail/61144408 HTTP/1.1" 200 18669 "-" "Mozilla/5.0 (Linux; Android 6.0.1; Nexus 5X Build/MMB29P) AppleWebKit/537.36 (KHTML, like Gecko) Chrome/137.0.7151.103 Mobile Safari/537.36 (compatible; Googlebot/2.1; +http://www.google.com/bot.html)"
66.249.79.192 - - [17/Jul/2025:19:48:13 +0000] "GET /?f=5903651061490&mod=02ddce85&uri=dp.php?dozin.html HTTP/1.1" 200 19332 "-" "Mozilla/5.0 (Linux; Android 6.0.1; Nexus 5X Build/MMB29P) AppleWebKit/537.36 (KHTML, like Gecko) Chrome/137.0.7151.103 Mobile Safari/537.36 (compatible; Googlebot/2.1; +http://www.google.com/bot.html)"
66.249.79.192 - - [17/Jul/2025:19:48:13 +0000] "GET /?f=5903651061490&mod=02ddce85&uri=dp.php?shopdetail/4700752 HTTP/1.1" 200 19047 "-" "Mozilla/5.0 (Linux; Android 6.0.1; Nexus 5X Build/MMB29P) AppleWebKit/537.36 (KHTML, like Gecko) Chrome/137.0.7151.103 Mobile Safari/537.36 (compatible; Googlebot/2.1; +http://www.google.com/bot.html)"
66.249.79.206 - - [17/Jul/2025:19:48:13 +0000] "GET /?f=5903651061490&mod=02ddce85&uri=dp.php?shopdetail/3254320 HTTP/1.1" 200 18826 "-" "Mozilla/5.0 (Linux; Android 6.0.1; Nexus 5X Build/MMB29P) AppleWebKit/537.36 (KHTML, like Gecko) Chrome/137.0.7151.103 Mobile Safari/537.36 (compatible; Googlebot/2.1; +http://www.google.com/bot.html)"
216.73.216.129 - - [17/Jul/2025:19:48:23 +0000] "GET /shopdetail/2283967804 HTTP/1.1" 404 - "-" "Mozilla/5.0 AppleWebKit/537.36 (KHTML, like Gecko; compatible; ClaudeBot/1.0; [email protected])"
216.73.216.129 - - [17/Jul/2025:19:48:23 +0000] "GET /shopdetail/2283958932 HTTP/1.1" 404 - "-" "Mozilla/5.0 AppleWebKit/537.36 (KHTML, like Gecko; compatible; ClaudeBot/1.0; [email protected])"
216.73.216.129 - - [17/Jul/2025:19:48:23 +0000] "GET /shopdetail/2284714160 HTTP/1.1" 404 - "-" "Mozilla/5.0 AppleWebKit/537.36 (KHTML, like Gecko; compatible; ClaudeBot/1.0; [email protected])"
216.73.216.129 - - [17/Jul/2025:19:48:23 +0000] "GET /shopdetail/2284319416 HTTP/1.1" 404 - "-" "Mozilla/5.0 AppleWebKit/537.36 (KHTML, like Gecko; compatible; ClaudeBot/1.0; [email protected])"
216.73.216.129 - - [17/Jul/2025:19:48:23 +0000] "GET /shopdetail/2284797832 HTTP/1.1" 404 - "-" "Mozilla/5.0 AppleWebKit/537.36 (KHTML, like Gecko; compatible; ClaudeBot/1.0; [email protected])"
216.73.216.129 - - [17/Jul/2025:19:48:23 +0000] "GET /shopdetail/2284325012 HTTP/1.1" 404 - "-" "Mozilla/5.0 AppleWebKit/537.36 (KHTML, like Gecko; compatible; ClaudeBot/1.0; [email protected])"
216.73.216.129 - - [17/Jul/2025:19:48:24 +0000] "GET /shopdetail/2284060348 HTTP/1.1" 404 - "-" "Mozilla/5.0 AppleWebKit/537.36 (KHTML, like Gecko; compatible; ClaudeBot/1.0; [email protected])"
216.73.216.129 - - [17/Jul/2025:19:48:24 +0000] "GET /shopdetail/2284542304 HTTP/1.1" 404 - "-" "Mozilla/5.0 AppleWebKit/537.36 (KHTML, like Gecko; compatible; ClaudeBot/1.0; [email protected])"
216.73.216.129 - - [17/Jul/2025:19:48:24 +0000] "GET /shopdetail/2284317232 HTTP/1.1" 404 - "-" "Mozilla/5.0 AppleWebKit/537.36 (KHTML, like Gecko; compatible; ClaudeBot/1.0; [email protected])"
216.73.216.129 - - [17/Jul/2025:19:48:24 +0000] "GET /shopdetail/2284781316 HTTP/1.1" 404 - "-" "Mozilla/5.0 AppleWebKit/537.36 (KHTML, like Gecko; compatible; ClaudeBot/1.0; [email protected])"
66.249.79.206 - - [17/Jul/2025:19:48:28 +0000] "GET /?f=54636588021490&mod=261474eb&uri=info.php?shopdetail/62679852 HTTP/1.1" 200 19209 "-" "Mozilla/5.0 (Linux; Android 6.0.1; Nexus 5X Build/MMB29P) AppleWebKit/537.36 (KHTML, like Gecko) Chrome/137.0.7151.103 Mobile Safari/537.36 (compatible; Googlebot/2.1; +http://www.google.com/bot.html)"
66.249.79.206 - - [17/Jul/2025:19:48:28 +0000] "GET /?f=54636588021490&mod=261474eb&uri=info.php?shopdetail/61163108 HTTP/1.1" 200 19519 "-" "Mozilla/5.0 (Linux; Android 6.0.1; Nexus 5X Build/MMB29P) AppleWebKit/537.36 (KHTML, like Gecko) Chrome/137.0.7151.103 Mobile Safari/537.36 (compatible; Googlebot/2.1; +http://www.google.com/bot.html)"
66.249.79.206 - - [17/Jul/2025:19:48:36 +0000] "POST /get-message-notify HTTP/1.1" 404 - "https://onlycnc.com.au/?f=5903651061490&mod=02ddce85&uri=dp.php?shopdetail/3254320" "Mozilla/5.0 (Linux; Android 6.0.1; Nexus 5X Build/MMB29P) AppleWebKit/537.36 (KHTML, like Gecko) Chrome/137.0.7151.119 Mobile Safari/537.36 (compatible; Googlebot/2.1; +http://www.google.com/bot.html)"
66.249.79.206 - - [17/Jul/2025:19:48:39 +0000] "GET /?f=25408213011490&mod=7a6785df&uri=category-info.php?shopdetail/7565924 HTTP/1.1" 200 19640 "-" "Mozilla/5.0 (Linux; Android 6.0.1; Nexus 5X Build/MMB29P) AppleWebKit/537.36 (KHTML, like Gecko) Chrome/137.0.7151.103 Mobile Safari/537.36 (compatible; Googlebot/2.1; +http://www.google.com/bot.html)"
66.249.79.206 - - [17/Jul/2025:19:48:39 +0000] "GET /?f=5777847031490&mod=0e98aeeb&uri=brands.php?shopdetail/4699532 HTTP/1.1" 200 19479 "-" "Mozilla/5.0 (Linux; Android 6.0.1; Nexus 5X Build/MMB29P) AppleWebKit/537.36 (KHTML, like Gecko) Chrome/137.0.7151.103 Mobile Safari/537.36 (compatible; Googlebot/2.1; +http://www.google.com/bot.html)"
66.249.79.206 - - [17/Jul/2025:19:48:47 +0000] "POST /get-message-notify HTTP/1.1" 404 - "https://onlycnc.com.au/?f=54636588021490&mod=261474eb&uri=info.php?shopdetail/61163108" "Mozilla/5.0 (Linux; Android 6.0.1; Nexus 5X Build/MMB29P) AppleWebKit/537.36 (KHTML, like Gecko) Chrome/137.0.7151.119 Mobile Safari/537.36 (compatible; Googlebot/2.1; +http://www.google.com/bot.html)"
66.249.79.206 - - [17/Jul/2025:19:48:47 +0000] "GET /?f=25408213011490&mod=7a6785df&uri=category-info.php?shopdetail/9029972 HTTP/1.1" 200 19146 "-" "Mozilla/5.0 (Linux; Android 6.0.1; Nexus 5X Build/MMB29P) AppleWebKit/537.36 (KHTML, like Gecko) Chrome/137.0.7151.103 Mobile Safari/537.36 (compatible; Googlebot/2.1; +http://www.google.com/bot.html)"
66.249.79.206 - - [17/Jul/2025:19:48:49 +0000] "POST /get-message-notify HTTP/1.1" 404 - "https://onlycnc.com.au/?f=5777847031490&mod=0e98aeeb&uri=brands.php?shopdetail/4748116" "Mozilla/5.0 (Linux; Android 6.0.1; Nexus 5X Build/MMB29P) AppleWebKit/537.36 (KHTML, like Gecko) Chrome/137.0.7151.119 Mobile Safari/537.36 (compatible; Googlebot/2.1; +http://www.google.com/bot.html)"
66.249.79.206 - - [17/Jul/2025:19:49:09 +0000] "GET /?f=54636588021490&mod=261474eb&uri=info.php?shopdetail/61159704 HTTP/1.1" 200 18633 "-" "Mozilla/5.0 (Linux; Android 6.0.1; Nexus 5X Build/MMB29P) AppleWebKit/537.36 (KHTML, like Gecko) Chrome/137.0.7151.103 Mobile Safari/537.36 (compatible; Googlebot/2.1; +http://www.google.com/bot.html)"
66.249.79.193 - - [17/Jul/2025:19:49:11 +0000] "POST /get-message-notify HTTP/1.1" 404 - "https://onlycnc.com.au/?f=54636588021490&mod=261474eb&uri=info.php?shopdetail/61159704" "Mozilla/5.0 (Linux; Android 6.0.1; Nexus 5X Build/MMB29P) AppleWebKit/537.36 (KHTML, like Gecko) Chrome/137.0.7151.119 Mobile Safari/537.36 (compatible; Googlebot/2.1; +http://www.google.com/bot.html)"
66.249.79.192 - - [17/Jul/2025:19:49:16 +0000] "GET /?f=105411075041490&mod=ee2093ab&uri=form.php?shopdetail/56462220 HTTP/1.1" 200 18834 "-" "Mozilla/5.0 (Linux; Android 6.0.1; Nexus 5X Build/MMB29P) AppleWebKit/537.36 (KHTML, like Gecko) Chrome/137.0.7151.103 Mobile Safari/537.36 (compatible; Googlebot/2.1; +http://www.google.com/bot.html)"
216.73.216.129 - - [17/Jul/2025:19:49:39 +0000] "GET /robots.txt HTTP/1.1" 200 108 "-" "Mozilla/5.0 AppleWebKit/537.36 (KHTML, like Gecko; compatible; ClaudeBot/1.0; [email protected])"
216.73.216.129 - - [17/Jul/2025:19:49:39 +0000] "GET /shopdetail/2284212540 HTTP/1.1" 404 - "-" "Mozilla/5.0 AppleWebKit/537.36 (KHTML, like Gecko; compatible; ClaudeBot/1.0; [email protected])"
216.73.216.129 - - [17/Jul/2025:19:49:39 +0000] "GET /shopdetail/2284589668 HTTP/1.1" 404 - "-" "Mozilla/5.0 AppleWebKit/537.36 (KHTML, like Gecko; compatible; ClaudeBot/1.0; [email protected])"
216.73.216.129 - - [17/Jul/2025:19:49:39 +0000] "GET /shopdetail/2283976668 HTTP/1.1" 404 - "-" "Mozilla/5.0 AppleWebKit/537.36 (KHTML, like Gecko; compatible; ClaudeBot/1.0; [email protected])"
216.73.216.129 - - [17/Jul/2025:19:49:39 +0000] "GET /shopdetail/2284766020 HTTP/1.1" 404 - "-" "Mozilla/5.0 AppleWebKit/537.36 (KHTML, like Gecko; compatible; ClaudeBot/1.0; [email protected])"
216.73.216.129 - - [17/Jul/2025:19:49:39 +0000] "GET /shopdetail/2283976804 HTTP/1.1" 404 - "-" "Mozilla/5.0 AppleWebKit/537.36 (KHTML, like Gecko; compatible; ClaudeBot/1.0; [email protected])"
216.73.216.129 - - [17/Jul/2025:19:49:39 +0000] "GET /shopdetail/2284322828 HTTP/1.1" 404 - "-" "Mozilla/5.0 AppleWebKit/537.36 (KHTML, like Gecko; compatible; ClaudeBot/1.0; [email protected])"
216.73.216.129 - - [17/Jul/2025:19:49:40 +0000] "GET /shopdetail/2284487160 HTTP/1.1" 404 - "-" "Mozilla/5.0 AppleWebKit/537.36 (KHTML, like Gecko; compatible; ClaudeBot/1.0; [email protected])"
216.73.216.129 - - [17/Jul/2025:19:49:40 +0000] "GET /shopdetail/2284082460 HTTP/1.1" 404 - "-" "Mozilla/5.0 AppleWebKit/537.36 (KHTML, like Gecko; compatible; ClaudeBot/1.0; [email protected])"
216.73.216.129 - - [17/Jul/2025:19:49:40 +0000] "GET /shopdetail/2284301936 HTTP/1.1" 404 - "-" "Mozilla/5.0 AppleWebKit/537.36 (KHTML, like Gecko; compatible; ClaudeBot/1.0; [email protected])"
216.73.216.129 - - [17/Jul/2025:19:49:40 +0000] "GET /shopdetail/2284421924 HTTP/1.1" 404 - "-" "Mozilla/5.0 AppleWebKit/537.36 (KHTML, like Gecko; compatible; ClaudeBot/1.0; [email protected])"
66.249.79.206 - - [17/Jul/2025:19:50:23 +0000] "GET /?f=54320875041490&mod=77bea4fd&uri=news.php?shopdetail/3304960 HTTP/1.1" 200 19496 "-" "Mozilla/5.0 (Linux; Android 6.0.1; Nexus 5X Build/MMB29P) AppleWebKit/537.36 (KHTML, like Gecko) Chrome/137.0.7151.103 Mobile Safari/537.36 (compatible; Googlebot/2.1; +http://www.google.com/bot.html)"
66.249.79.206 - - [17/Jul/2025:19:50:54 +0000] "GET /?f=5903651061490&mod=02ddce85&uri=dp.php?shopdetail/3245448 HTTP/1.1" 200 18770 "-" "Mozilla/5.0 (Linux; Android 6.0.1; Nexus 5X Build/MMB29P) AppleWebKit/537.36 (KHTML, like Gecko) Chrome/137.0.7151.103 Mobile Safari/537.36 (compatible; Googlebot/2.1; +http://www.google.com/bot.html)"
66.249.79.206 - - [17/Jul/2025:19:51:08 +0000] "GET /?f=25408213011490&mod=7a6785df&uri=category-info.php?shopdetail/7576852 HTTP/1.1" 200 19419 "-" "Mozilla/5.0 (Linux; Android 6.0.1; Nexus 5X Build/MMB29P) AppleWebKit/537.36 (KHTML, like Gecko) Chrome/137.0.7151.103 Mobile Safari/537.36 (compatible; Googlebot/2.1; +http://www.google.com/bot.html)"
66.249.79.192 - - [17/Jul/2025:19:51:22 +0000] "GET /?f=5903651061490&mod=02ddce85&uri=dp.php?affiliate HTTP/1.1" 200 18920 "-" "Mozilla/5.0 (Linux; Android 6.0.1; Nexus 5X Build/MMB29P) AppleWebKit/537.36 (KHTML, like Gecko) Chrome/137.0.7151.103 Mobile Safari/537.36 (compatible; Googlebot/2.1; +http://www.google.com/bot.html)"
66.249.79.206 - - [17/Jul/2025:19:51:22 +0000] "GET /?f=54320875041490&mod=77bea4fd&uri=news.php?shopdetail/3315052 HTTP/1.1" 200 18650 "-" "Mozilla/5.0 (Linux; Android 6.0.1; Nexus 5X Build/MMB29P) AppleWebKit/537.36 (KHTML, like Gecko) Chrome/137.0.7151.103 Mobile Safari/537.36 (compatible; Googlebot/2.1; +http://www.google.com/bot.html)"
66.249.79.192 - - [17/Jul/2025:19:51:25 +0000] "POST /get-message-notify HTTP/1.1" 404 - "https://onlycnc.com.au/?f=5903651061490&mod=02ddce85&uri=dp.php?affiliate" "Mozilla/5.0 (Linux; Android 6.0.1; Nexus 5X Build/MMB29P) AppleWebKit/537.36 (KHTML, like Gecko) Chrome/137.0.7151.119 Mobile Safari/537.36 (compatible; Googlebot/2.1; +http://www.google.com/bot.html)"
66.249.79.206 - - [17/Jul/2025:19:51:33 +0000] "GET /?f=5903651061490&mod=02ddce85&uri=dp.php?shopdetail/3253356 HTTP/1.1" 200 18540 "-" "Mozilla/5.0 (Linux; Android 6.0.1; Nexus 5X Build/MMB29P) AppleWebKit/537.36 (KHTML, like Gecko) Chrome/137.0.7151.103 Mobile Safari/537.36 (compatible; Googlebot/2.1; +http://www.google.com/bot.html)"
66.249.79.206 - - [17/Jul/2025:19:51:33 +0000] "GET /?f=54636588021490&mod=261474eb&uri=info.php?shopdetail/61196140 HTTP/1.1" 200 19169 "-" "Mozilla/5.0 (Linux; Android 6.0.1; Nexus 5X Build/MMB29P) AppleWebKit/537.36 (KHTML, like Gecko) Chrome/137.0.7151.103 Mobile Safari/537.36 (compatible; Googlebot/2.1; +http://www.google.com/bot.html)"
216.73.216.129 - - [17/Jul/2025:19:51:34 +0000] "GET /shopdetail/2284081496 HTTP/1.1" 404 - "-" "Mozilla/5.0 AppleWebKit/537.36 (KHTML, like Gecko; compatible; ClaudeBot/1.0; [email protected])"
216.73.216.129 - - [17/Jul/2025:19:51:34 +0000] "GET /shopdetail/2284581896 HTTP/1.1" 404 - "-" "Mozilla/5.0 AppleWebKit/537.36 (KHTML, like Gecko; compatible; ClaudeBot/1.0; [email protected])"
216.73.216.129 - - [17/Jul/2025:19:51:34 +0000] "GET /shopdetail/2284796868 HTTP/1.1" 404 - "-" "Mozilla/5.0 AppleWebKit/537.36 (KHTML, like Gecko; compatible; ClaudeBot/1.0; [email protected])"
216.73.216.129 - - [17/Jul/2025:19:51:34 +0000] "GET /shopdetail/2284670200 HTTP/1.1" 404 - "-" "Mozilla/5.0 AppleWebKit/537.36 (KHTML, like Gecko; compatible; ClaudeBot/1.0; [email protected])"
216.73.216.129 - - [17/Jul/2025:19:51:34 +0000] "GET /shopdetail/2284078092 HTTP/1.1" 404 - "-" "Mozilla/5.0 AppleWebKit/537.36 (KHTML, like Gecko; compatible; ClaudeBot/1.0; [email protected])"
216.73.216.129 - - [17/Jul/2025:19:51:34 +0000] "GET /shopdetail/2284461772 HTTP/1.1" 404 - "-" "Mozilla/5.0 AppleWebKit/537.36 (KHTML, like Gecko; compatible; ClaudeBot/1.0; [email protected])"
216.73.216.129 - - [17/Jul/2025:19:51:34 +0000] "GET /shopdetail/2283955784 HTTP/1.1" 404 - "-" "Mozilla/5.0 AppleWebKit/537.36 (KHTML, like Gecko; compatible; ClaudeBot/1.0; [email protected])"
216.73.216.129 - - [17/Jul/2025:19:51:34 +0000] "GET /shopdetail/2284438576 HTTP/1.1" 404 - "-" "Mozilla/5.0 AppleWebKit/537.36 (KHTML, like Gecko; compatible; ClaudeBot/1.0; [email protected])"
216.73.216.129 - - [17/Jul/2025:19:51:34 +0000] "GET /shopdetail/2284449624 HTTP/1.1" 404 - "-" "Mozilla/5.0 AppleWebKit/537.36 (KHTML, like Gecko; compatible; ClaudeBot/1.0; [email protected])"
216.73.216.129 - - [17/Jul/2025:19:51:34 +0000] "GET /shopdetail/2284050648 HTTP/1.1" 404 - "-" "Mozilla/5.0 AppleWebKit/537.36 (KHTML, like Gecko; compatible; ClaudeBot/1.0; [email protected])"
66.249.79.206 - - [17/Jul/2025:19:51:37 +0000] "GET /?f=5903651061490&mod=02ddce85&uri=dp.php?shopdetail/3290628 HTTP/1.1" 200 19001 "-" "Mozilla/5.0 (Linux; Android 6.0.1; Nexus 5X Build/MMB29P) AppleWebKit/537.36 (KHTML, like Gecko) Chrome/137.0.7151.103 Mobile Safari/537.36 (compatible; Googlebot/2.1; +http://www.google.com/bot.html)"
66.249.79.206 - - [17/Jul/2025:19:51:48 +0000] "POST /get-message-notify HTTP/1.1" 404 - "https://onlycnc.com.au/?f=5903651061490&mod=02ddce85&uri=dp.php?shopdetail/3290628" "Mozilla/5.0 (Linux; Android 6.0.1; Nexus 5X Build/MMB29P) AppleWebKit/537.36 (KHTML, like Gecko) Chrome/137.0.7151.119 Mobile Safari/537.36 (compatible; Googlebot/2.1; +http://www.google.com/bot.html)"
66.249.79.193 - - [17/Jul/2025:19:52:22 +0000] "GET /?f=5939381011490&mod=9cecbb6f&uri=category-info.php%3Fid%3D198338-344%26name%3Dus+shoe+size HTTP/1.1" 200 19005 "-" "Mozilla/5.0 (Linux; Android 6.0.1; Nexus 5X Build/MMB29P) AppleWebKit/537.36 (KHTML, like Gecko) Chrome/137.0.7151.103 Mobile Safari/537.36 (compatible; Googlebot/2.1; +http://www.google.com/bot.html)"
66.249.79.193 - - [17/Jul/2025:19:52:22 +0000] "GET /?f=25408213011490&mod=7a6785df&uri=category-info.php?shopdetail/7568108 HTTP/1.1" 200 19427 "-" "Mozilla/5.0 (Linux; Android 6.0.1; Nexus 5X Build/MMB29P) AppleWebKit/537.36 (KHTML, like Gecko) Chrome/137.0.7151.103 Mobile Safari/537.36 (compatible; Googlebot/2.1; +http://www.google.com/bot.html)"
66.249.79.206 - - [17/Jul/2025:19:52:31 +0000] "POST /get-message-notify HTTP/1.1" 404 - "https://onlycnc.com.au/?f=54636588021490&mod=261474eb&uri=info.php?shopdetail/61196140" "Mozilla/5.0 (Linux; Android 6.0.1; Nexus 5X Build/MMB29P) AppleWebKit/537.36 (KHTML, like Gecko) Chrome/137.0.7151.119 Mobile Safari/537.36 (compatible; Googlebot/2.1; +http://www.google.com/bot.html)"
216.73.216.129 - - [17/Jul/2025:19:52:52 +0000] "GET /shopdetail/2284062660 HTTP/1.1" 404 - "-" "Mozilla/5.0 AppleWebKit/537.36 (KHTML, like Gecko; compatible; ClaudeBot/1.0; [email protected])"
216.73.216.129 - - [17/Jul/2025:19:52:52 +0000] "GET /shopdetail/2284411132 HTTP/1.1" 404 - "-" "Mozilla/5.0 AppleWebKit/537.36 (KHTML, like Gecko; compatible; ClaudeBot/1.0; [email protected])"
216.73.216.129 - - [17/Jul/2025:19:52:52 +0000] "GET /shopdetail/2284514604 HTTP/1.1" 404 - "-" "Mozilla/5.0 AppleWebKit/537.36 (KHTML, like Gecko; compatible; ClaudeBot/1.0; [email protected])"
216.73.216.129 - - [17/Jul/2025:19:52:52 +0000] "GET /shopdetail/2283983356 HTTP/1.1" 404 - "-" "Mozilla/5.0 AppleWebKit/537.36 (KHTML, like Gecko; compatible; ClaudeBot/1.0; [email protected])"
216.73.216.129 - - [17/Jul/2025:19:52:52 +0000] "GET /shopdetail/2284174040 HTTP/1.1" 404 - "-" "Mozilla/5.0 AppleWebKit/537.36 (KHTML, like Gecko; compatible; ClaudeBot/1.0; [email protected])"
216.73.216.129 - - [17/Jul/2025:19:52:52 +0000] "GET /shopdetail/2284092424 HTTP/1.1" 404 - "-" "Mozilla/5.0 AppleWebKit/537.36 (KHTML, like Gecko; compatible; ClaudeBot/1.0; [email protected])"
216.73.216.129 - - [17/Jul/2025:19:52:53 +0000] "GET /shopdetail/2284794556 HTTP/1.1" 404 - "-" "Mozilla/5.0 AppleWebKit/537.36 (KHTML, like Gecko; compatible; ClaudeBot/1.0; [email protected])"
216.73.216.129 - - [17/Jul/2025:19:52:53 +0000] "GET /shopdetail/2284437476 HTTP/1.1" 404 - "-" "Mozilla/5.0 AppleWebKit/537.36 (KHTML, like Gecko; compatible; ClaudeBot/1.0; [email protected])"
216.73.216.129 - - [17/Jul/2025:19:52:53 +0000] "GET /shopdetail/2283962472 HTTP/1.1" 404 - "-" "Mozilla/5.0 AppleWebKit/537.36 (KHTML, like Gecko; compatible; ClaudeBot/1.0; [email protected])"
216.73.216.129 - - [17/Jul/2025:19:52:53 +0000] "GET /shopdetail/2284470644 HTTP/1.1" 404 - "-" "Mozilla/5.0 AppleWebKit/537.36 (KHTML, like Gecko; compatible; ClaudeBot/1.0; [email protected])"
66.249.79.193 - - [17/Jul/2025:19:53:57 +0000] "GET /?f=25408213011490&mod=7a6785df&uri=category-info.php?shopdetail/7580256 HTTP/1.1" 200 19500 "-" "Mozilla/5.0 (Linux; Android 6.0.1; Nexus 5X Build/MMB29P) AppleWebKit/537.36 (KHTML, like Gecko) Chrome/137.0.7151.103 Mobile Safari/537.36 (compatible; Googlebot/2.1; +http://www.google.com/bot.html)"
66.249.79.192 - - [17/Jul/2025:19:53:56 +0000] "GET /?f=5903651061490&mod=02ddce85&uri=dp.php?shopdetail/3276296 HTTP/1.1" 200 18654 "-" "Mozilla/5.0 (Linux; Android 6.0.1; Nexus 5X Build/MMB29P) AppleWebKit/537.36 (KHTML, like Gecko) Chrome/137.0.7151.103 Mobile Safari/537.36 (compatible; Googlebot/2.1; +http://www.google.com/bot.html)"
216.73.216.129 - - [17/Jul/2025:19:54:32 +0000] "GET /shopdetail/2284154120 HTTP/1.1" 404 - "-" "Mozilla/5.0 AppleWebKit/537.36 (KHTML, like Gecko; compatible; ClaudeBot/1.0; [email protected])"
216.73.216.129 - - [17/Jul/2025:19:54:32 +0000] "GET /shopdetail/2283962336 HTTP/1.1" 404 - "-" "Mozilla/5.0 AppleWebKit/537.36 (KHTML, like Gecko; compatible; ClaudeBot/1.0; [email protected])"
216.73.216.129 - - [17/Jul/2025:19:54:32 +0000] "GET /shopdetail/2284308496 HTTP/1.1" 404 - "-" "Mozilla/5.0 AppleWebKit/537.36 (KHTML, like Gecko; compatible; ClaudeBot/1.0; [email protected])"
216.73.216.129 - - [17/Jul/2025:19:54:32 +0000] "GET /shopdetail/2284758376 HTTP/1.1" 404 - "-" "Mozilla/5.0 AppleWebKit/537.36 (KHTML, like Gecko; compatible; ClaudeBot/1.0; [email protected])"
216.73.216.129 - - [17/Jul/2025:19:54:32 +0000] "GET /shopdetail/2284005468 HTTP/1.1" 404 - "-" "Mozilla/5.0 AppleWebKit/537.36 (KHTML, like Gecko; compatible; ClaudeBot/1.0; [email protected])"
216.73.216.129 - - [17/Jul/2025:19:54:32 +0000] "GET /shopdetail/2284723988 HTTP/1.1" 404 - "-" "Mozilla/5.0 AppleWebKit/537.36 (KHTML, like Gecko; compatible; ClaudeBot/1.0; [email protected])"
216.73.216.129 - - [17/Jul/2025:19:54:33 +0000] "GET /shopdetail/2284296348 HTTP/1.1" 404 - "-" "Mozilla/5.0 AppleWebKit/537.36 (KHTML, like Gecko; compatible; ClaudeBot/1.0; [email protected])"
216.73.216.129 - - [17/Jul/2025:19:54:33 +0000] "GET /shopdetail/2284736136 HTTP/1.1" 404 - "-" "Mozilla/5.0 AppleWebKit/537.36 (KHTML, like Gecko; compatible; ClaudeBot/1.0; [email protected])"
216.73.216.129 - - [17/Jul/2025:19:54:33 +0000] "GET /shopdetail/2284469424 HTTP/1.1" 404 - "-" "Mozilla/5.0 AppleWebKit/537.36 (KHTML, like Gecko; compatible; ClaudeBot/1.0; [email protected])"
216.73.216.129 - - [17/Jul/2025:19:54:33 +0000] "GET /shopdetail/2284215816 HTTP/1.1" 404 - "-" "Mozilla/5.0 AppleWebKit/537.36 (KHTML, like Gecko; compatible; ClaudeBot/1.0; [email protected])"
216.73.216.129 - - [17/Jul/2025:19:54:33 +0000] "GET /shopdetail/2284501492 HTTP/1.1" 404 - "-" "Mozilla/5.0 AppleWebKit/537.36 (KHTML, like Gecko; compatible; ClaudeBot/1.0; [email protected])"
66.249.79.193 - - [17/Jul/2025:19:54:46 +0000] "GET /?f=5903651061490&mod=02ddce85&uri=dp.php?shopdetail/3316016 HTTP/1.1" 200 19148 "-" "Mozilla/5.0 (Linux; Android 6.0.1; Nexus 5X Build/MMB29P) AppleWebKit/537.36 (KHTML, like Gecko) Chrome/137.0.7151.103 Mobile Safari/537.36 (compatible; Googlebot/2.1; +http://www.google.com/bot.html)"
216.73.216.129 - - [17/Jul/2025:19:56:11 +0000] "GET /shopdetail/2284513640 HTTP/1.1" 404 - "-" "Mozilla/5.0 AppleWebKit/537.36 (KHTML, like Gecko; compatible; ClaudeBot/1.0; [email protected])"
216.73.216.129 - - [17/Jul/2025:19:56:11 +0000] "GET /shopdetail/2284782536 HTTP/1.1" 404 - "-" "Mozilla/5.0 AppleWebKit/537.36 (KHTML, like Gecko; compatible; ClaudeBot/1.0; [email protected])"
216.73.216.129 - - [17/Jul/2025:19:56:11 +0000] "GET /shopdetail/2283939268 HTTP/1.1" 404 - "-" "Mozilla/5.0 AppleWebKit/537.36 (KHTML, like Gecko; compatible; ClaudeBot/1.0; [email protected])"
216.73.216.129 - - [17/Jul/2025:19:56:11 +0000] "GET /shopdetail/2284466276 HTTP/1.1" 404 - "-" "Mozilla/5.0 AppleWebKit/537.36 (KHTML, like Gecko; compatible; ClaudeBot/1.0; [email protected])"
216.73.216.129 - - [17/Jul/2025:19:56:12 +0000] "GET /shopdetail/2284566600 HTTP/1.1" 404 - "-" "Mozilla/5.0 AppleWebKit/537.36 (KHTML, like Gecko; compatible; ClaudeBot/1.0; [email protected])"
216.73.216.129 - - [17/Jul/2025:19:56:12 +0000] "GET /shopdetail/2284106748 HTTP/1.1" 404 - "-" "Mozilla/5.0 AppleWebKit/537.36 (KHTML, like Gecko; compatible; ClaudeBot/1.0; [email protected])"
216.73.216.129 - - [17/Jul/2025:19:56:12 +0000] "GET /shopdetail/2284036316 HTTP/1.1" 404 - "-" "Mozilla/5.0 AppleWebKit/537.36 (KHTML, like Gecko; compatible; ClaudeBot/1.0; [email protected])"
216.73.216.129 - - [17/Jul/2025:19:56:12 +0000] "GET /shopdetail/2284528936 HTTP/1.1" 404 - "-" "Mozilla/5.0 AppleWebKit/537.36 (KHTML, like Gecko; compatible; ClaudeBot/1.0; [email protected])"
216.73.216.129 - - [17/Jul/2025:19:56:12 +0000] "GET /shopdetail/2284217036 HTTP/1.1" 404 - "-" "Mozilla/5.0 AppleWebKit/537.36 (KHTML, like Gecko; compatible; ClaudeBot/1.0; [email protected])"
216.73.216.129 - - [17/Jul/2025:19:56:12 +0000] "GET /shopdetail/2284512420 HTTP/1.1" 404 - "-" "Mozilla/5.0 AppleWebKit/537.36 (KHTML, like Gecko; compatible; ClaudeBot/1.0; [email protected])"
216.73.216.129 - - [17/Jul/2025:19:56:12 +0000] "GET /shopdetail/2283981172 HTTP/1.1" 404 - "-" "Mozilla/5.0 AppleWebKit/537.36 (KHTML, like Gecko; compatible; ClaudeBot/1.0; [email protected])"
216.73.216.129 - - [17/Jul/2025:19:57:55 +0000] "GET /shopdetail/2284040684 HTTP/1.1" 404 - "-" "Mozilla/5.0 AppleWebKit/537.36 (KHTML, like Gecko; compatible; ClaudeBot/1.0; [email protected])"
216.73.216.129 - - [17/Jul/2025:19:57:55 +0000] "GET /shopdetail/2284380148 HTTP/1.1" 404 - "-" "Mozilla/5.0 AppleWebKit/537.36 (KHTML, like Gecko; compatible; ClaudeBot/1.0; [email protected])"
216.73.216.129 - - [17/Jul/2025:19:57:55 +0000] "GET /shopdetail/2284793592 HTTP/1.1" 404 - "-" "Mozilla/5.0 AppleWebKit/537.36 (KHTML, like Gecko; compatible; ClaudeBot/1.0; [email protected])"
216.73.216.129 - - [17/Jul/2025:19:57:56 +0000] "GET /shopdetail/2284483756 HTTP/1.1" 404 - "-" "Mozilla/5.0 AppleWebKit/537.36 (KHTML, like Gecko; compatible; ClaudeBot/1.0; [email protected])"
216.73.216.129 - - [17/Jul/2025:19:57:56 +0000] "GET /shopdetail/2284624884 HTTP/1.1" 404 - "-" "Mozilla/5.0 AppleWebKit/537.36 (KHTML, like Gecko; compatible; ClaudeBot/1.0; [email protected])"
216.73.216.129 - - [17/Jul/2025:19:57:56 +0000] "GET /shopdetail/2283977632 HTTP/1.1" 404 - "-" "Mozilla/5.0 AppleWebKit/537.36 (KHTML, like Gecko; compatible; ClaudeBot/1.0; [email protected])"
216.73.216.129 - - [17/Jul/2025:19:57:56 +0000] "GET /shopdetail/2284416592 HTTP/1.1" 404 - "-" "Mozilla/5.0 AppleWebKit/537.36 (KHTML, like Gecko; compatible; ClaudeBot/1.0; [email protected])"
216.73.216.129 - - [17/Jul/2025:19:57:56 +0000] "GET /shopdetail/2284086828 HTTP/1.1" 404 - "-" "Mozilla/5.0 AppleWebKit/537.36 (KHTML, like Gecko; compatible; ClaudeBot/1.0; [email protected])"
216.73.216.129 - - [17/Jul/2025:19:57:56 +0000] "GET /shopdetail/2284741860 HTTP/1.1" 404 - "-" "Mozilla/5.0 AppleWebKit/537.36 (KHTML, like Gecko; compatible; ClaudeBot/1.0; [email protected])"
216.73.216.129 - - [17/Jul/2025:19:57:56 +0000] "GET /shopdetail/2284595000 HTTP/1.1" 404 - "-" "Mozilla/5.0 AppleWebKit/537.36 (KHTML, like Gecko; compatible; ClaudeBot/1.0; [email protected])"
216.73.216.129 - - [17/Jul/2025:20:00:18 +0000] "GET /shopdetail/2284425464 HTTP/1.1" 404 - "-" "Mozilla/5.0 AppleWebKit/537.36 (KHTML, like Gecko; compatible; ClaudeBot/1.0; [email protected])"
216.73.216.129 - - [17/Jul/2025:20:00:18 +0000] "GET /shopdetail/2284587484 HTTP/1.1" 404 - "-" "Mozilla/5.0 AppleWebKit/537.36 (KHTML, like Gecko; compatible; ClaudeBot/1.0; [email protected])"
216.73.216.129 - - [17/Jul/2025:20:00:18 +0000] "GET /shopdetail/2284380284 HTTP/1.1" 404 - "-" "Mozilla/5.0 AppleWebKit/537.36 (KHTML, like Gecko; compatible; ClaudeBot/1.0; [email protected])"
216.73.216.129 - - [17/Jul/2025:20:00:18 +0000] "GET /shopdetail/2283979952 HTTP/1.1" 404 - "-" "Mozilla/5.0 AppleWebKit/537.36 (KHTML, like Gecko; compatible; ClaudeBot/1.0; [email protected])"
216.73.216.129 - - [17/Jul/2025:20:00:18 +0000] "GET /shopdetail/2283977768 HTTP/1.1" 404 - "-" "Mozilla/5.0 AppleWebKit/537.36 (KHTML, like Gecko; compatible; ClaudeBot/1.0; [email protected])"
216.73.216.129 - - [17/Jul/2025:20:00:18 +0000] "GET /shopdetail/2283938048 HTTP/1.1" 404 - "-" "Mozilla/5.0 AppleWebKit/537.36 (KHTML, like Gecko; compatible; ClaudeBot/1.0; [email protected])"
216.73.216.129 - - [17/Jul/2025:20:00:18 +0000] "GET /shopdetail/2284474884 HTTP/1.1" 404 - "-" "Mozilla/5.0 AppleWebKit/537.36 (KHTML, like Gecko; compatible; ClaudeBot/1.0; [email protected])"
216.73.216.129 - - [17/Jul/2025:20:00:19 +0000] "GET /shopdetail/2284479252 HTTP/1.1" 404 - "-" "Mozilla/5.0 AppleWebKit/537.36 (KHTML, like Gecko; compatible; ClaudeBot/1.0; [email protected])"
216.73.216.129 - - [17/Jul/2025:20:00:19 +0000] "GET /shopdetail/2284731896 HTTP/1.1" 404 - "-" "Mozilla/5.0 AppleWebKit/537.36 (KHTML, like Gecko; compatible; ClaudeBot/1.0; [email protected])"
216.73.216.129 - - [17/Jul/2025:20:00:19 +0000] "GET /shopdetail/2284125456 HTTP/1.1" 404 - "-" "Mozilla/5.0 AppleWebKit/537.36 (KHTML, like Gecko; compatible; ClaudeBot/1.0; [email protected])"
216.73.216.129 - - [17/Jul/2025:20:01:54 +0000] "GET /shopdetail/2284491400 HTTP/1.1" 404 - "-" "Mozilla/5.0 AppleWebKit/537.36 (KHTML, like Gecko; compatible; ClaudeBot/1.0; [email protected])"
216.73.216.129 - - [17/Jul/2025:20:01:55 +0000] "GET /shopdetail/2283961116 HTTP/1.1" 404 - "-" "Mozilla/5.0 AppleWebKit/537.36 (KHTML, like Gecko; compatible; ClaudeBot/1.0; [email protected])"
216.73.216.129 - - [17/Jul/2025:20:01:55 +0000] "GET /shopdetail/2283987596 HTTP/1.1" 404 - "-" "Mozilla/5.0 AppleWebKit/537.36 (KHTML, like Gecko; compatible; ClaudeBot/1.0; [email protected])"
216.73.216.129 - - [17/Jul/2025:20:01:55 +0000] "GET /shopdetail/2284424244 HTTP/1.1" 404 - "-" "Mozilla/5.0 AppleWebKit/537.36 (KHTML, like Gecko; compatible; ClaudeBot/1.0; [email protected])"
216.73.216.129 - - [17/Jul/2025:20:01:55 +0000] "GET /shopdetail/2284537936 HTTP/1.1" 404 - "-" "Mozilla/5.0 AppleWebKit/537.36 (KHTML, like Gecko; compatible; ClaudeBot/1.0; [email protected])"
216.73.216.129 - - [17/Jul/2025:20:01:55 +0000] "GET /shopdetail/2283943636 HTTP/1.1" 404 - "-" "Mozilla/5.0 AppleWebKit/537.36 (KHTML, like Gecko; compatible; ClaudeBot/1.0; [email protected])"
216.73.216.129 - - [17/Jul/2025:20:01:55 +0000] "GET /shopdetail/2284318452 HTTP/1.1" 404 - "-" "Mozilla/5.0 AppleWebKit/537.36 (KHTML, like Gecko; compatible; ClaudeBot/1.0; [email protected])"
216.73.216.129 - - [17/Jul/2025:20:01:55 +0000] "GET /shopdetail/2284362412 HTTP/1.1" 404 - "-" "Mozilla/5.0 AppleWebKit/537.36 (KHTML, like Gecko; compatible; ClaudeBot/1.0; [email protected])"
216.73.216.129 - - [17/Jul/2025:20:01:55 +0000] "GET /shopdetail/2284561968 HTTP/1.1" 404 - "-" "Mozilla/5.0 AppleWebKit/537.36 (KHTML, like Gecko; compatible; ClaudeBot/1.0; [email protected])"
216.73.216.129 - - [17/Jul/2025:20:01:55 +0000] "GET /shopdetail/2284783636 HTTP/1.1" 404 - "-" "Mozilla/5.0 AppleWebKit/537.36 (KHTML, like Gecko; compatible; ClaudeBot/1.0; [email protected])"
216.73.216.129 - - [17/Jul/2025:20:03:34 +0000] "GET /shopdetail/2284478288 HTTP/1.1" 404 - "-" "Mozilla/5.0 AppleWebKit/537.36 (KHTML, like Gecko; compatible; ClaudeBot/1.0; [email protected])"
216.73.216.129 - - [17/Jul/2025:20:03:34 +0000] "GET /shopdetail/2284021984 HTTP/1.1" 404 - "-" "Mozilla/5.0 AppleWebKit/537.36 (KHTML, like Gecko; compatible; ClaudeBot/1.0; [email protected])"
216.73.216.129 - - [17/Jul/2025:20:03:34 +0000] "GET /shopdetail/2283971080 HTTP/1.1" 404 - "-" "Mozilla/5.0 AppleWebKit/537.36 (KHTML, like Gecko; compatible; ClaudeBot/1.0; [email protected])"
216.73.216.129 - - [17/Jul/2025:20:03:34 +0000] "GET /shopdetail/2284441980 HTTP/1.1" 404 - "-" "Mozilla/5.0 AppleWebKit/537.36 (KHTML, like Gecko; compatible; ClaudeBot/1.0; [email protected])"
216.73.216.129 - - [17/Jul/2025:20:03:34 +0000] "GET /shopdetail/2284095828 HTTP/1.1" 404 - "-" "Mozilla/5.0 AppleWebKit/537.36 (KHTML, like Gecko; compatible; ClaudeBot/1.0; [email protected])"
216.73.216.129 - - [17/Jul/2025:20:03:34 +0000] "GET /shopdetail/2283956748 HTTP/1.1" 404 - "-" "Mozilla/5.0 AppleWebKit/537.36 (KHTML, like Gecko; compatible; ClaudeBot/1.0; [email protected])"
216.73.216.129 - - [17/Jul/2025:20:03:34 +0000] "GET /shopdetail/2284482792 HTTP/1.1" 404 - "-" "Mozilla/5.0 AppleWebKit/537.36 (KHTML, like Gecko; compatible; ClaudeBot/1.0; [email protected])"
216.73.216.129 - - [17/Jul/2025:20:03:34 +0000] "GET /shopdetail/2283946784 HTTP/1.1" 404 - "-" "Mozilla/5.0 AppleWebKit/537.36 (KHTML, like Gecko; compatible; ClaudeBot/1.0; [email protected])"
216.73.216.129 - - [17/Jul/2025:20:03:35 +0000] "GET /shopdetail/2284241204 HTTP/1.1" 404 - "-" "Mozilla/5.0 AppleWebKit/537.36 (KHTML, like Gecko; compatible; ClaudeBot/1.0; [email protected])"
216.73.216.129 - - [17/Jul/2025:20:03:35 +0000] "GET /shopdetail/2283936956 HTTP/1.1" 404 - "-" "Mozilla/5.0 AppleWebKit/537.36 (KHTML, like Gecko; compatible; ClaudeBot/1.0; [email protected])"
216.73.216.129 - - [17/Jul/2025:20:04:43 +0000] "GET /shopdetail/2284545452 HTTP/1.1" 404 - "-" "Mozilla/5.0 AppleWebKit/537.36 (KHTML, like Gecko; compatible; ClaudeBot/1.0; [email protected])"
216.73.216.129 - - [17/Jul/2025:20:04:44 +0000] "GET /shopdetail/2284001928 HTTP/1.1" 404 - "-" "Mozilla/5.0 AppleWebKit/537.36 (KHTML, like Gecko; compatible; ClaudeBot/1.0; [email protected])"
216.73.216.129 - - [17/Jul/2025:20:04:44 +0000] "GET /shopdetail/2284350528 HTTP/1.1" 404 - "-" "Mozilla/5.0 AppleWebKit/537.36 (KHTML, like Gecko; compatible; ClaudeBot/1.0; [email protected])"
216.73.216.129 - - [17/Jul/2025:20:04:44 +0000] "GET /shopdetail/2284792372 HTTP/1.1" 404 - "-" "Mozilla/5.0 AppleWebKit/537.36 (KHTML, like Gecko; compatible; ClaudeBot/1.0; [email protected])"
216.73.216.129 - - [17/Jul/2025:20:04:44 +0000] "GET /shopdetail/2284420960 HTTP/1.1" 404 - "-" "Mozilla/5.0 AppleWebKit/537.36 (KHTML, like Gecko; compatible; ClaudeBot/1.0; [email protected])"
216.73.216.129 - - [17/Jul/2025:20:04:44 +0000] "GET /shopdetail/2284585300 HTTP/1.1" 404 - "-" "Mozilla/5.0 AppleWebKit/537.36 (KHTML, like Gecko; compatible; ClaudeBot/1.0; [email protected])"
216.73.216.129 - - [17/Jul/2025:20:04:44 +0000] "GET /shopdetail/2284728492 HTTP/1.1" 404 - "-" "Mozilla/5.0 AppleWebKit/537.36 (KHTML, like Gecko; compatible; ClaudeBot/1.0; [email protected])"
216.73.216.129 - - [17/Jul/2025:20:04:44 +0000] "GET /shopdetail/2284774892 HTTP/1.1" 404 - "-" "Mozilla/5.0 AppleWebKit/537.36 (KHTML, like Gecko; compatible; ClaudeBot/1.0; [email protected])"
216.73.216.129 - - [17/Jul/2025:20:04:44 +0000] "GET /shopdetail/2284678808 HTTP/1.1" 404 - "-" "Mozilla/5.0 AppleWebKit/537.36 (KHTML, like Gecko; compatible; ClaudeBot/1.0; [email protected])"
216.73.216.129 - - [17/Jul/2025:20:04:44 +0000] "GET /shopdetail/2284473920 HTTP/1.1" 404 - "-" "Mozilla/5.0 AppleWebKit/537.36 (KHTML, like Gecko; compatible; ClaudeBot/1.0; [email protected])"
216.73.216.129 - - [17/Jul/2025:20:04:44 +0000] "GET /shopdetail/2284146340 HTTP/1.1" 404 - "-" "Mozilla/5.0 AppleWebKit/537.36 (KHTML, like Gecko; compatible; ClaudeBot/1.0; [email protected])"
216.73.216.129 - - [17/Jul/2025:20:06:31 +0000] "GET /shopdetail/2284178408 HTTP/1.1" 404 - "-" "Mozilla/5.0 AppleWebKit/537.36 (KHTML, like Gecko; compatible; ClaudeBot/1.0; [email protected])"
216.73.216.129 - - [17/Jul/2025:20:06:31 +0000] "GET /shopdetail/2284773672 HTTP/1.1" 404 - "-" "Mozilla/5.0 AppleWebKit/537.36 (KHTML, like Gecko; compatible; ClaudeBot/1.0; [email protected])"
216.73.216.129 - - [17/Jul/2025:20:06:31 +0000] "GET /shopdetail/2284055980 HTTP/1.1" 404 - "-" "Mozilla/5.0 AppleWebKit/537.36 (KHTML, like Gecko; compatible; ClaudeBot/1.0; [email protected])"
216.73.216.129 - - [17/Jul/2025:20:06:31 +0000] "GET /shopdetail/2284726308 HTTP/1.1" 404 - "-" "Mozilla/5.0 AppleWebKit/537.36 (KHTML, like Gecko; compatible; ClaudeBot/1.0; [email protected])"
216.73.216.129 - - [17/Jul/2025:20:06:31 +0000] "GET /shopdetail/2284052832 HTTP/1.1" 404 - "-" "Mozilla/5.0 AppleWebKit/537.36 (KHTML, like Gecko; compatible; ClaudeBot/1.0; [email protected])"
216.73.216.129 - - [17/Jul/2025:20:06:31 +0000] "GET /shopdetail/2284625020 HTTP/1.1" 404 - "-" "Mozilla/5.0 AppleWebKit/537.36 (KHTML, like Gecko; compatible; ClaudeBot/1.0; [email protected])"
216.73.216.129 - - [17/Jul/2025:20:06:31 +0000] "GET /shopdetail/2284322692 HTTP/1.1" 404 - "-" "Mozilla/5.0 AppleWebKit/537.36 (KHTML, like Gecko; compatible; ClaudeBot/1.0; [email protected])"
216.73.216.129 - - [17/Jul/2025:20:06:32 +0000] "GET /shopdetail/2284401040 HTTP/1.1" 404 - "-" "Mozilla/5.0 AppleWebKit/537.36 (KHTML, like Gecko; compatible; ClaudeBot/1.0; [email protected])"
216.73.216.129 - - [17/Jul/2025:20:06:32 +0000] "GET /shopdetail/2284024168 HTTP/1.1" 404 - "-" "Mozilla/5.0 AppleWebKit/537.36 (KHTML, like Gecko; compatible; ClaudeBot/1.0; [email protected])"
216.73.216.129 - - [17/Jul/2025:20:06:32 +0000] "GET /shopdetail/2284443072 HTTP/1.1" 404 - "-" "Mozilla/5.0 AppleWebKit/537.36 (KHTML, like Gecko; compatible; ClaudeBot/1.0; [email protected])"
216.73.216.129 - - [17/Jul/2025:20:06:32 +0000] "GET /shopdetail/2284578484 HTTP/1.1" 404 - "-" "Mozilla/5.0 AppleWebKit/537.36 (KHTML, like Gecko; compatible; ClaudeBot/1.0; [email protected])"
66.249.79.193 - - [17/Jul/2025:20:06:59 +0000] "GET /?f=5777847031490&mod=0e98aeeb&uri=brands.php?product/edit/O398836806 HTTP/1.1" 200 18985 "-" "Mozilla/5.0 (Linux; Android 6.0.1; Nexus 5X Build/MMB29P) AppleWebKit/537.36 (KHTML, like Gecko) Chrome/137.0.7151.103 Mobile Safari/537.36 (compatible; Googlebot/2.1; +http://www.google.com/bot.html)"
66.249.79.193 - - [17/Jul/2025:20:06:59 +0000] "GET /?f=34819006051490&mod=72d77c30&uri=article.php?shopdetail/3298536 HTTP/1.1" 200 19248 "-" "Mozilla/5.0 (Linux; Android 6.0.1; Nexus 5X Build/MMB29P) AppleWebKit/537.36 (KHTML, like Gecko) Chrome/137.0.7151.103 Mobile Safari/537.36 (compatible; Googlebot/2.1; +http://www.google.com/bot.html)"
66.249.79.206 - - [17/Jul/2025:20:07:11 +0000] "GET /?f=5903651061490&mod=02ddce85&uri=dp.php?shopdetail/62014156 HTTP/1.1" 200 18638 "-" "Mozilla/5.0 (Linux; Android 6.0.1; Nexus 5X Build/MMB29P) AppleWebKit/537.36 (KHTML, like Gecko) Chrome/137.0.7151.103 Mobile Safari/537.36 (compatible; Googlebot/2.1; +http://www.google.com/bot.html)"
66.249.79.192 - - [17/Jul/2025:20:07:11 +0000] "GET /?f=5777847031490&mod=0e98aeeb&uri=brands.php?shopdetail/4750436 HTTP/1.1" 200 19196 "-" "Mozilla/5.0 (Linux; Android 6.0.1; Nexus 5X Build/MMB29P) AppleWebKit/537.36 (KHTML, like Gecko) Chrome/137.0.7151.103 Mobile Safari/537.36 (compatible; Googlebot/2.1; +http://www.google.com/bot.html)"
66.249.79.192 - - [17/Jul/2025:20:07:14 +0000] "POST /get-message-notify HTTP/1.1" 404 - "https://onlycnc.com.au/?f=5903651061490&mod=02ddce85&uri=dp.php?shopdetail/62014156" "Mozilla/5.0 (Linux; Android 6.0.1; Nexus 5X Build/MMB29P) AppleWebKit/537.36 (KHTML, like Gecko) Chrome/137.0.7151.119 Mobile Safari/537.36 (compatible; Googlebot/2.1; +http://www.google.com/bot.html)"
66.249.79.206 - - [17/Jul/2025:20:07:19 +0000] "POST /get-message-notify HTTP/1.1" 404 - "https://onlycnc.com.au/?f=5777847031490&mod=0e98aeeb&uri=brands.php?shopdetail/4750436" "Mozilla/5.0 (Linux; Android 6.0.1; Nexus 5X Build/MMB29P) AppleWebKit/537.36 (KHTML, like Gecko) Chrome/137.0.7151.119 Mobile Safari/537.36 (compatible; Googlebot/2.1; +http://www.google.com/bot.html)"
66.249.79.206 - - [17/Jul/2025:20:07:19 +0000] "GET /?f=5777847031490&mod=0e98aeeb&uri=brands.php?shopdetail/4730380 HTTP/1.1" 200 19361 "-" "Mozilla/5.0 (Linux; Android 6.0.1; Nexus 5X Build/MMB29P) AppleWebKit/537.36 (KHTML, like Gecko) Chrome/137.0.7151.103 Mobile Safari/537.36 (compatible; Googlebot/2.1; +http://www.google.com/bot.html)"
66.249.79.206 - - [17/Jul/2025:20:07:21 +0000] "POST /get-message-notify HTTP/1.1" 404 - "https://onlycnc.com.au/?f=5777847031490&mod=0e98aeeb&uri=brands.php?shopdetail/4730380" "Mozilla/5.0 (Linux; Android 6.0.1; Nexus 5X Build/MMB29P) AppleWebKit/537.36 (KHTML, like Gecko) Chrome/137.0.7151.119 Mobile Safari/537.36 (compatible; Googlebot/2.1; +http://www.google.com/bot.html)"
66.249.79.206 - - [17/Jul/2025:20:07:34 +0000] "GET /?f=5777847031490&mod=0e98aeeb&uri=brands.php?shopdetail/4709624 HTTP/1.1" 200 18686 "-" "Mozilla/5.0 (Linux; Android 6.0.1; Nexus 5X Build/MMB29P) AppleWebKit/537.36 (KHTML, like Gecko) Chrome/137.0.7151.103 Mobile Safari/537.36 (compatible; Googlebot/2.1; +http://www.google.com/bot.html)"
66.249.79.206 - - [17/Jul/2025:20:08:06 +0000] "GET /?f=25408213011490&mod=7a6785df&uri=category-info.php?shopdetail/9038708 HTTP/1.1" 200 19474 "-" "Mozilla/5.0 (Linux; Android 6.0.1; Nexus 5X Build/MMB29P) AppleWebKit/537.36 (KHTML, like Gecko) Chrome/137.0.7151.103 Mobile Safari/537.36 (compatible; Googlebot/2.1; +http://www.google.com/bot.html)"
66.249.79.192 - - [17/Jul/2025:20:08:28 +0000] "GET /?f=5903651061490&mod=02ddce85&uri=dp.php?shopdetail/4708404 HTTP/1.1" 200 19284 "-" "Mozilla/5.0 (Linux; Android 6.0.1; Nexus 5X Build/MMB29P) AppleWebKit/537.36 (KHTML, like Gecko) Chrome/137.0.7151.103 Mobile Safari/537.36 (compatible; Googlebot/2.1; +http://www.google.com/bot.html)"
66.249.79.206 - - [17/Jul/2025:20:08:32 +0000] "GET /?f=5777847031490&mod=0e98aeeb&uri=brands.php?shopdetail/4750300 HTTP/1.1" 200 18326 "-" "Mozilla/5.0 (Linux; Android 6.0.1; Nexus 5X Build/MMB29P) AppleWebKit/537.36 (KHTML, like Gecko) Chrome/137.0.7151.103 Mobile Safari/537.36 (compatible; Googlebot/2.1; +http://www.google.com/bot.html)"
216.73.216.129 - - [17/Jul/2025:20:08:39 +0000] "GET /shopdetail/2284035096 HTTP/1.1" 404 - "-" "Mozilla/5.0 AppleWebKit/537.36 (KHTML, like Gecko; compatible; ClaudeBot/1.0; [email protected])"
