66.249.79.206 - - [18/Jul/2025:00:27:47 +0000] "GET /?f=53158479051490&mod=030ac9d3&uri=news.php?shopdetail/3265368 HTTP/1.1" 200 19236 "-" "Mozilla/5.0 (Linux; Android 6.0.1; Nexus 5X Build/MMB29P) AppleWebKit/537.36 (KHTML, like Gecko) Chrome/137.0.7151.103 Mobile Safari/537.36 (compatible; Googlebot/2.1; +http://www.google.com/bot.html)"
66.249.79.192 - - [18/Jul/2025:00:27:55 +0000] "POST /get-message-notify HTTP/1.1" 404 - "https://onlycnc.com.au/?f=53158479051490&mod=030ac9d3&uri=news.php?shopdetail/3265368" "Mozilla/5.0 (Linux; Android 6.0.1; Nexus 5X Build/MMB29P) AppleWebKit/537.36 (KHTML, like Gecko) Chrome/137.0.7151.119 Mobile Safari/537.36 (compatible; Googlebot/2.1; +http://www.google.com/bot.html)"
66.249.79.192 - - [18/Jul/2025:00:31:22 +0000] "GET /?f=119730973091490&mod=bf96bfac&uri=us.php?shopdetail/3287352 HTTP/1.1" 200 19439 "-" "Mozilla/5.0 (Linux; Android 6.0.1; Nexus 5X Build/MMB29P) AppleWebKit/537.36 (KHTML, like Gecko) Chrome/137.0.7151.103 Mobile Safari/537.36 (compatible; Googlebot/2.1; +http://www.google.com/bot.html)"
66.249.79.192 - - [18/Jul/2025:00:31:48 +0000] "POST /get-message-notify HTTP/1.1" 404 - "https://onlycnc.com.au/?f=119730973091490&mod=bf96bfac&uri=us.php?shopdetail/3287352" "Mozilla/5.0 (Linux; Android 6.0.1; Nexus 5X Build/MMB29P) AppleWebKit/537.36 (KHTML, like Gecko) Chrome/137.0.7151.119 Mobile Safari/537.36 (compatible; Googlebot/2.1; +http://www.google.com/bot.html)"
66.249.79.193 - - [18/Jul/2025:00:35:02 +0000] "GET /?f=119730973091490&mod=bf96bfac&uri=us.php?shopdetail/3303868 HTTP/1.1" 200 19606 "-" "Mozilla/5.0 (Linux; Android 6.0.1; Nexus 5X Build/MMB29P) AppleWebKit/537.36 (KHTML, like Gecko) Chrome/137.0.7151.103 Mobile Safari/537.36 (compatible; Googlebot/2.1; +http://www.google.com/bot.html)"
66.249.79.193 - - [18/Jul/2025:00:35:04 +0000] "POST /get-message-notify HTTP/1.1" 404 - "https://onlycnc.com.au/?f=119730973091490&mod=bf96bfac&uri=us.php?shopdetail/3303868" "Mozilla/5.0 (Linux; Android 6.0.1; Nexus 5X Build/MMB29P) AppleWebKit/537.36 (KHTML, like Gecko) Chrome/137.0.7151.119 Mobile Safari/537.36 (compatible; Googlebot/2.1; +http://www.google.com/bot.html)"
51.222.253.7 - - [18/Jul/2025:00:36:57 +0000] "GET /?f=77741578021490&mod=e11f40b8&uri=goods.php%3Fid%3D2594309-891%26name%3Dall+black+bvb+shirt HTTP/1.1" 301 - "-" "Mozilla/5.0 (compatible; AhrefsBot/7.0; +http://ahrefs.com/robot/)"
66.249.79.192 - - [18/Jul/2025:00:38:31 +0000] "GET /robots.txt HTTP/1.1" 200 108 "-" "Mozilla/5.0 (compatible; Googlebot/2.1; +http://www.google.com/bot.html)"
66.249.79.192 - - [18/Jul/2025:00:38:31 +0000] "GET /?f=25472362031490&mod=9cecbb6f&uri=news.php?product/edit/O3874103648 HTTP/1.1" 200 19333 "-" "Mozilla/5.0 (Linux; Android 6.0.1; Nexus 5X Build/MMB29P) AppleWebKit/537.36 (KHTML, like Gecko) Chrome/137.0.7151.103 Mobile Safari/537.36 (compatible; Googlebot/2.1; +http://www.google.com/bot.html)"
66.249.79.192 - - [18/Jul/2025:00:38:47 +0000] "GET /?f=54764290011490&mod=8f561e4c&uri=news.php?feature/sale2411-5/index.html HTTP/1.1" 200 18636 "-" "Mozilla/5.0 (Linux; Android 6.0.1; Nexus 5X Build/MMB29P) AppleWebKit/537.36 (KHTML, like Gecko) Chrome/137.0.7151.103 Mobile Safari/537.36 (compatible; Googlebot/2.1; +http://www.google.com/bot.html)"
209.141.50.27 - - [18/Jul/2025:00:39:22 +0000] "GET /wp-login.php HTTP/1.1" 200 5755 "-" "Mozilla/5.0 (Windows NT 6.1; rv:30.0) Gecko/20100101 Firefox/30.0"
66.249.79.206 - - [18/Jul/2025:00:42:31 +0000] "GET /robots.txt HTTP/1.1" 200 108 "-" "Mozilla/5.0 (compatible; Googlebot/2.1; +http://www.google.com/bot.html)"
66.249.79.206 - - [18/Jul/2025:00:42:31 +0000] "GET /?f=54764290011490&mod=8f561e4c&uri=news.php?avsoft.html HTTP/1.1" 200 19377 "-" "Mozilla/5.0 (Linux; Android 6.0.1; Nexus 5X Build/MMB29P) AppleWebKit/537.36 (KHTML, like Gecko) Chrome/137.0.7151.103 Mobile Safari/537.36 (compatible; Googlebot/2.1; +http://www.google.com/bot.html)"
66.249.79.193 - - [18/Jul/2025:00:43:33 +0000] "GET /robots.txt HTTP/1.1" 200 108 "-" "Mozilla/5.0 (compatible; Googlebot/2.1; +http://www.google.com/bot.html)"
66.249.79.206 - - [18/Jul/2025:00:43:33 +0000] "GET /?f=54873613071490&mod=d48da244&uri=us.php?shopdetail/3287352 HTTP/1.1" 200 19429 "-" "Mozilla/5.0 (Linux; Android 6.0.1; Nexus 5X Build/MMB29P) AppleWebKit/537.36 (KHTML, like Gecko) Chrome/137.0.7151.103 Mobile Safari/537.36 (compatible; Googlebot/2.1; +http://www.google.com/bot.html)"
66.249.79.206 - - [18/Jul/2025:00:43:43 +0000] "POST /get-message-notify HTTP/1.1" 404 - "https://onlycnc.com.au/?f=54764290011490&mod=8f561e4c&uri=news.php?avsoft.html" "Mozilla/5.0 (Linux; Android 6.0.1; Nexus 5X Build/MMB29P) AppleWebKit/537.36 (KHTML, like Gecko) Chrome/137.0.7151.119 Mobile Safari/537.36 (compatible; Googlebot/2.1; +http://www.google.com/bot.html)"
66.249.79.192 - - [18/Jul/2025:00:46:29 +0000] "GET /robots.txt HTTP/1.1" 200 108 "-" "Mozilla/5.0 (compatible; Googlebot/2.1; +http://www.google.com/bot.html)"
66.249.79.206 - - [18/Jul/2025:00:46:29 +0000] "GET /?f=31839380011490&mod=5fb0c358&uri=shared.php?shopdetail/7588036 HTTP/1.1" 200 19339 "-" "Mozilla/5.0 (Linux; Android 6.0.1; Nexus 5X Build/MMB29P) AppleWebKit/537.36 (KHTML, like Gecko) Chrome/137.0.7151.103 Mobile Safari/537.36 (compatible; Googlebot/2.1; +http://www.google.com/bot.html)"
66.249.79.206 - - [18/Jul/2025:00:47:01 +0000] "POST /get-message-notify HTTP/1.1" 404 - "https://onlycnc.com.au/?f=31839380011490&mod=5fb0c358&uri=shared.php?shopdetail/7588036" "Mozilla/5.0 (Linux; Android 6.0.1; Nexus 5X Build/MMB29P) AppleWebKit/537.36 (KHTML, like Gecko) Chrome/137.0.7151.119 Mobile Safari/537.36 (compatible; Googlebot/2.1; +http://www.google.com/bot.html)"
66.249.79.206 - - [18/Jul/2025:00:50:16 +0000] "GET /robots.txt HTTP/1.1" 200 108 "-" "Mozilla/5.0 (compatible; Googlebot/2.1; +http://www.google.com/bot.html)"
66.249.79.193 - - [18/Jul/2025:00:50:16 +0000] "GET /?f=76818286031490&mod=fe45e322&uri=news.php?shopdetail/57671704 HTTP/1.1" 200 18498 "-" "Mozilla/5.0 (Linux; Android 6.0.1; Nexus 5X Build/MMB29P) AppleWebKit/537.36 (KHTML, like Gecko) Chrome/137.0.7151.103 Mobile Safari/537.36 (compatible; Googlebot/2.1; +http://www.google.com/bot.html)"
45.227.253.15 - - [18/Jul/2025:00:53:21 +0000] "GET /wp-content/uploads/2025/05/05/index.php?ARRAY=7o2230223n313735323830333730382p2231223n22687474703n5p2s5p2s7n7334383376313373752r746s6566612r626p6s675p2s3s6p633q7068705s636s64655s6n6326743q313735323830303130382q3130396137646362333138336538393333613431643534363733316462643632222p2232223n223930303834623839616132323830613538633537313664656239643761656461222p2233223n223731646463356237356163613834316238313530363431333838396238346630222p2262696r675s70617373223n2233302q34352q35352q36392q38302q38352q3139227q HTTP/1.1" 200 102 "-" "Mozilla/5.0 (Macintosh; Intel Mac OS X 10.14; rv:103.0) Gecko/20100101 Firefox/103.0"
66.249.79.193 - - [18/Jul/2025:00:53:44 +0000] "GET /?f=31769654051490&mod=cdde45d6&uri=itm.php?shopdetail/4785652 HTTP/1.1" 200 19558 "-" "Mozilla/5.0 (Linux; Android 6.0.1; Nexus 5X Build/MMB29P) AppleWebKit/537.36 (KHTML, like Gecko) Chrome/137.0.7151.103 Mobile Safari/537.36 (compatible; Googlebot/2.1; +http://www.google.com/bot.html)"
66.249.79.193 - - [18/Jul/2025:00:57:29 +0000] "GET /?f=31769654051490&mod=cdde45d6&uri=itm.php?shopdetail/4738288 HTTP/1.1" 200 19426 "-" "Mozilla/5.0 (Linux; Android 6.0.1; Nexus 5X Build/MMB29P) AppleWebKit/537.36 (KHTML, like Gecko) Chrome/137.0.7151.103 Mobile Safari/537.36 (compatible; Googlebot/2.1; +http://www.google.com/bot.html)"
66.249.79.206 - - [18/Jul/2025:01:01:19 +0000] "GET /?f=31769654051490&mod=cdde45d6&uri=itm.php?shopdetail/4751264 HTTP/1.1" 200 18594 "-" "Mozilla/5.0 (Linux; Android 6.0.1; Nexus 5X Build/MMB29P) AppleWebKit/537.36 (KHTML, like Gecko) Chrome/137.0.7151.103 Mobile Safari/537.36 (compatible; Googlebot/2.1; +http://www.google.com/bot.html)"
209.74.77.214 - - [18/Jul/2025:01:04:23 +0000] "POST /wp-cron.php?doing_wp_cron=1752800663.5352869033813476562500 HTTP/1.1" 200 - "-" "WordPress/6.8.2; https://onlycnc.com.au"
51.222.253.5 - - [18/Jul/2025:01:04:22 +0000] "GET /?f=86655639011490&mod=e11ee596&uri=shop.php%3Fid%3D2891829-478%26name%3Dworld+tour+on+cycle HTTP/1.1" 301 - "-" "Mozilla/5.0 (compatible; AhrefsBot/7.0; +http://ahrefs.com/robot/)"
66.249.79.192 - - [18/Jul/2025:01:05:26 +0000] "GET /?f=31769654051490&mod=cdde45d6&uri=itm.php?shopdetail/54405364 HTTP/1.1" 200 19406 "-" "Mozilla/5.0 (Linux; Android 6.0.1; Nexus 5X Build/MMB29P) AppleWebKit/537.36 (KHTML, like Gecko) Chrome/137.0.7151.103 Mobile Safari/537.36 (compatible; Googlebot/2.1; +http://www.google.com/bot.html)"
66.249.79.193 - - [18/Jul/2025:01:07:43 +0000] "GET /?f=5897634071490&mod=02ddce85&uri=products.php?shopdetail/3311648 HTTP/1.1" 200 18930 "-" "Mozilla/5.0 (Linux; Android 6.0.1; Nexus 5X Build/MMB29P) AppleWebKit/537.36 (KHTML, like Gecko) Chrome/137.0.7151.103 Mobile Safari/537.36 (compatible; Googlebot/2.1; +http://www.google.com/bot.html)"
66.249.79.192 - - [18/Jul/2025:01:07:45 +0000] "GET /?f=5897634071490&mod=02ddce85&uri=products.php?feature/index.html HTTP/1.1" 200 19461 "-" "Mozilla/5.0 (Linux; Android 6.0.1; Nexus 5X Build/MMB29P) AppleWebKit/537.36 (KHTML, like Gecko) Chrome/137.0.7151.103 Mobile Safari/537.36 (compatible; Googlebot/2.1; +http://www.google.com/bot.html)"
66.249.79.206 - - [18/Jul/2025:01:07:46 +0000] "GET /?f=5897634071490&mod=02ddce85&uri=products.php?shopdetail/3316016 HTTP/1.1" 200 19162 "-" "Mozilla/5.0 (Linux; Android 6.0.1; Nexus 5X Build/MMB29P) AppleWebKit/537.36 (KHTML, like Gecko) Chrome/137.0.7151.103 Mobile Safari/537.36 (compatible; Googlebot/2.1; +http://www.google.com/bot.html)"
66.249.79.192 - - [18/Jul/2025:01:07:48 +0000] "GET /?f=5897634071490&mod=02ddce85&uri=products.php?shopdetail/3282848 HTTP/1.1" 200 19501 "-" "Mozilla/5.0 (Linux; Android 6.0.1; Nexus 5X Build/MMB29P) AppleWebKit/537.36 (KHTML, like Gecko) Chrome/137.0.7151.103 Mobile Safari/537.36 (compatible; Googlebot/2.1; +http://www.google.com/bot.html)"
66.249.79.192 - - [18/Jul/2025:01:07:52 +0000] "GET /?f=5897634071490&mod=02ddce85&uri=products.php?avsoft.html HTTP/1.1" 200 19405 "-" "Mozilla/5.0 (Linux; Android 6.0.1; Nexus 5X Build/MMB29P) AppleWebKit/537.36 (KHTML, like Gecko) Chrome/137.0.7151.103 Mobile Safari/537.36 (compatible; Googlebot/2.1; +http://www.google.com/bot.html)"
66.249.79.206 - - [18/Jul/2025:01:07:58 +0000] "GET /?f=5897634071490&mod=02ddce85&uri=products.php?shopdetail/3322696 HTTP/1.1" 200 18946 "-" "Mozilla/5.0 (Linux; Android 6.0.1; Nexus 5X Build/MMB29P) AppleWebKit/537.36 (KHTML, like Gecko) Chrome/137.0.7151.103 Mobile Safari/537.36 (compatible; Googlebot/2.1; +http://www.google.com/bot.html)"
66.249.79.206 - - [18/Jul/2025:01:08:00 +0000] "GET /?f=5897634071490&mod=02ddce85&uri=products.php?shopdetail/3274112 HTTP/1.1" 200 19202 "-" "Mozilla/5.0 (Linux; Android 6.0.1; Nexus 5X Build/MMB29P) AppleWebKit/537.36 (KHTML, like Gecko) Chrome/137.0.7151.103 Mobile Safari/537.36 (compatible; Googlebot/2.1; +http://www.google.com/bot.html)"
66.249.79.206 - - [18/Jul/2025:01:08:02 +0000] "GET /?f=5897634071490&mod=02ddce85&uri=products.php?shopdetail/3312868 HTTP/1.1" 200 19246 "-" "Mozilla/5.0 (Linux; Android 6.0.1; Nexus 5X Build/MMB29P) AppleWebKit/537.36 (KHTML, like Gecko) Chrome/137.0.7151.103 Mobile Safari/537.36 (compatible; Googlebot/2.1; +http://www.google.com/bot.html)"
66.249.79.206 - - [18/Jul/2025:01:08:03 +0000] "GET /?f=5897634071490&mod=02ddce85&uri=products.php?shopdetail/3248852 HTTP/1.1" 200 19033 "-" "Mozilla/5.0 (Linux; Android 6.0.1; Nexus 5X Build/MMB29P) AppleWebKit/537.36 (KHTML, like Gecko) Chrome/137.0.7151.103 Mobile Safari/537.36 (compatible; Googlebot/2.1; +http://www.google.com/bot.html)"
66.249.79.206 - - [18/Jul/2025:01:08:06 +0000] "GET /?f=5897634071490&mod=02ddce85&uri=products.php?shopdetail/3284204 HTTP/1.1" 200 18787 "-" "Mozilla/5.0 (Linux; Android 6.0.1; Nexus 5X Build/MMB29P) AppleWebKit/537.36 (KHTML, like Gecko) Chrome/137.0.7151.103 Mobile Safari/537.36 (compatible; Googlebot/2.1; +http://www.google.com/bot.html)"
66.249.79.206 - - [18/Jul/2025:01:08:10 +0000] "GET /?f=5897634071490&mod=02ddce85&uri=products.php?shopdetail/3299500 HTTP/1.1" 200 19171 "-" "Mozilla/5.0 (Linux; Android 6.0.1; Nexus 5X Build/MMB29P) AppleWebKit/537.36 (KHTML, like Gecko) Chrome/137.0.7151.103 Mobile Safari/537.36 (compatible; Googlebot/2.1; +http://www.google.com/bot.html)"
66.249.79.206 - - [18/Jul/2025:01:08:17 +0000] "GET /?f=5897634071490&mod=02ddce85&uri=products.php?pcmypage HTTP/1.1" 200 19477 "-" "Mozilla/5.0 (Linux; Android 6.0.1; Nexus 5X Build/MMB29P) AppleWebKit/537.36 (KHTML, like Gecko) Chrome/137.0.7151.103 Mobile Safari/537.36 (compatible; Googlebot/2.1; +http://www.google.com/bot.html)"
66.249.79.206 - - [18/Jul/2025:01:08:21 +0000] "GET /?f=5897634071490&mod=02ddce85&uri=products.php?shopdetail/3272056 HTTP/1.1" 200 18354 "-" "Mozilla/5.0 (Linux; Android 6.0.1; Nexus 5X Build/MMB29P) AppleWebKit/537.36 (KHTML, like Gecko) Chrome/137.0.7151.103 Mobile Safari/537.36 (compatible; Googlebot/2.1; +http://www.google.com/bot.html)"
66.249.79.206 - - [18/Jul/2025:01:08:27 +0000] "GET /?f=5897634071490&mod=02ddce85&uri=products.php?shopdetail/3315052 HTTP/1.1" 200 18654 "-" "Mozilla/5.0 (Linux; Android 6.0.1; Nexus 5X Build/MMB29P) AppleWebKit/537.36 (KHTML, like Gecko) Chrome/137.0.7151.103 Mobile Safari/537.36 (compatible; Googlebot/2.1; +http://www.google.com/bot.html)"
66.249.79.206 - - [18/Jul/2025:01:08:27 +0000] "POST /get-message-notify HTTP/1.1" 404 - "https://onlycnc.com.au/?f=5897634071490&mod=02ddce85&uri=products.php?shopdetail/3284204" "Mozilla/5.0 (Linux; Android 6.0.1; Nexus 5X Build/MMB29P) AppleWebKit/537.36 (KHTML, like Gecko) Chrome/137.0.7151.119 Mobile Safari/537.36 (compatible; Googlebot/2.1; +http://www.google.com/bot.html)"
66.249.79.206 - - [18/Jul/2025:01:08:28 +0000] "GET /?f=5897634071490&mod=02ddce85&uri=products.php?shopdetail/3319420 HTTP/1.1" 200 18869 "-" "Mozilla/5.0 (Linux; Android 6.0.1; Nexus 5X Build/MMB29P) AppleWebKit/537.36 (KHTML, like Gecko) Chrome/137.0.7151.103 Mobile Safari/537.36 (compatible; Googlebot/2.1; +http://www.google.com/bot.html)"
66.249.79.206 - - [18/Jul/2025:01:08:30 +0000] "GET /?f=5897634071490&mod=02ddce85&uri=products.php?feature/campaign/index.html HTTP/1.1" 200 19406 "-" "Mozilla/5.0 (Linux; Android 6.0.1; Nexus 5X Build/MMB29P) AppleWebKit/537.36 (KHTML, like Gecko) Chrome/137.0.7151.103 Mobile Safari/537.36 (compatible; Googlebot/2.1; +http://www.google.com/bot.html)"
66.249.79.206 - - [18/Jul/2025:01:08:44 +0000] "GET /?f=5933351021490&mod=22852db6&uri=dp.php?shopdetail/61198460 HTTP/1.1" 200 18266 "-" "Mozilla/5.0 (Linux; Android 6.0.1; Nexus 5X Build/MMB29P) AppleWebKit/537.36 (KHTML, like Gecko) Chrome/137.0.7151.103 Mobile Safari/537.36 (compatible; Googlebot/2.1; +http://www.google.com/bot.html)"
66.249.79.192 - - [18/Jul/2025:01:10:48 +0000] "GET /?f=5897634071490&mod=02ddce85&uri=products.php?shopdetail/3313832 HTTP/1.1" 200 18822 "-" "Mozilla/5.0 (Linux; Android 6.0.1; Nexus 5X Build/MMB29P) AppleWebKit/537.36 (KHTML, like Gecko) Chrome/137.0.7151.103 Mobile Safari/537.36 (compatible; Googlebot/2.1; +http://www.google.com/bot.html)"
66.249.79.206 - - [18/Jul/2025:01:11:22 +0000] "GET /?f=5897634071490&mod=02ddce85&uri=products.php?shopdetail/3325844 HTTP/1.1" 200 19131 "-" "Mozilla/5.0 (Linux; Android 6.0.1; Nexus 5X Build/MMB29P) AppleWebKit/537.36 (KHTML, like Gecko) Chrome/137.0.7151.103 Mobile Safari/537.36 (compatible; Googlebot/2.1; +http://www.google.com/bot.html)"
66.249.79.193 - - [18/Jul/2025:01:12:35 +0000] "GET /?f=98054628081490&mod=8089af32&uri=form.php?feature/utsunomiya/index.html HTTP/1.1" 200 19502 "-" "Mozilla/5.0 (Linux; Android 6.0.1; Nexus 5X Build/MMB29P) AppleWebKit/537.36 (KHTML, like Gecko) Chrome/137.0.7151.103 Mobile Safari/537.36 (compatible; Googlebot/2.1; +http://www.google.com/bot.html)"
66.249.79.192 - - [18/Jul/2025:01:13:26 +0000] "POST /get-message-notify HTTP/1.1" 404 - "https://onlycnc.com.au/?f=5897634071490&mod=02ddce85&uri=products.php?shopdetail/3272056" "Mozilla/5.0 (Linux; Android 6.0.1; Nexus 5X Build/MMB29P) AppleWebKit/537.36 (KHTML, like Gecko) Chrome/137.0.7151.119 Mobile Safari/537.36 (compatible; Googlebot/2.1; +http://www.google.com/bot.html)"
66.249.79.206 - - [18/Jul/2025:01:14:33 +0000] "GET /?f=5897634071490&mod=02ddce85&uri=products.php?cargo/detail HTTP/1.1" 200 19400 "-" "Mozilla/5.0 (Linux; Android 6.0.1; Nexus 5X Build/MMB29P) AppleWebKit/537.36 (KHTML, like Gecko) Chrome/137.0.7151.103 Mobile Safari/537.36 (compatible; Googlebot/2.1; +http://www.google.com/bot.html)"
66.249.79.192 - - [18/Jul/2025:01:15:09 +0000] "GET /?f=5897634071490&mod=02ddce85&uri=products.php?shopdetail/3324880 HTTP/1.1" 200 19186 "-" "Mozilla/5.0 (Linux; Android 6.0.1; Nexus 5X Build/MMB29P) AppleWebKit/537.36 (KHTML, like Gecko) Chrome/137.0.7151.103 Mobile Safari/537.36 (compatible; Googlebot/2.1; +http://www.google.com/bot.html)"
66.249.79.193 - - [18/Jul/2025:01:16:20 +0000] "GET /?f=85516026091490&mod=5d4c7bf4&uri=pin.php?shopdetail/4751400 HTTP/1.1" 200 19174 "-" "Mozilla/5.0 (Linux; Android 6.0.1; Nexus 5X Build/MMB29P) AppleWebKit/537.36 (KHTML, like Gecko) Chrome/137.0.7151.103 Mobile Safari/537.36 (compatible; Googlebot/2.1; +http://www.google.com/bot.html)"
66.249.79.192 - - [18/Jul/2025:01:20:08 +0000] "POST /get-message-notify HTTP/1.1" 404 - "https://onlycnc.com.au/?f=5897634071490&mod=02ddce85&uri=products.php?shopdetail/3313832" "Mozilla/5.0 (Linux; Android 6.0.1; Nexus 5X Build/MMB29P) AppleWebKit/537.36 (KHTML, like Gecko) Chrome/137.0.7151.119 Mobile Safari/537.36 (compatible; Googlebot/2.1; +http://www.google.com/bot.html)"
66.249.79.192 - - [18/Jul/2025:01:20:23 +0000] "GET /?f=5647296141490&mod=3f6ef69d&uri=pin.php?shopdetail/4786616 HTTP/1.1" 200 19400 "-" "Mozilla/5.0 (Linux; Android 6.0.1; Nexus 5X Build/MMB29P) AppleWebKit/537.36 (KHTML, like Gecko) Chrome/137.0.7151.103 Mobile Safari/537.36 (compatible; Googlebot/2.1; +http://www.google.com/bot.html)"
66.249.79.192 - - [18/Jul/2025:01:23:17 +0000] "GET /?f=85516026091490&mod=5d4c7bf4&uri=pin.php?shopdetail/4762448 HTTP/1.1" 200 19255 "-" "Mozilla/5.0 (Linux; Android 6.0.1; Nexus 5X Build/MMB29P) AppleWebKit/537.36 (KHTML, like Gecko) Chrome/137.0.7151.103 Mobile Safari/537.36 (compatible; Googlebot/2.1; +http://www.google.com/bot.html)"
66.249.79.192 - - [18/Jul/2025:01:23:35 +0000] "POST /get-message-notify HTTP/1.1" 404 - "https://onlycnc.com.au/?f=85516026091490&mod=5d4c7bf4&uri=pin.php?shopdetail/4762448" "Mozilla/5.0 (Linux; Android 6.0.1; Nexus 5X Build/MMB29P) AppleWebKit/537.36 (KHTML, like Gecko) Chrome/137.0.7151.119 Mobile Safari/537.36 (compatible; Googlebot/2.1; +http://www.google.com/bot.html)"
66.249.79.206 - - [18/Jul/2025:01:27:53 +0000] "GET /?f=31758284021490&mod=80ebd641&uri=search.php?shopdetail/53266320 HTTP/1.1" 200 19570 "-" "Mozilla/5.0 (Linux; Android 6.0.1; Nexus 5X Build/MMB29P) AppleWebKit/537.36 (KHTML, like Gecko) Chrome/137.0.7151.103 Mobile Safari/537.36 (compatible; Googlebot/2.1; +http://www.google.com/bot.html)"
199.195.252.145 - - [18/Jul/2025:01:29:20 +0000] "GET /wp-login.php HTTP/1.1" 200 5755 "-" "Mozilla/5.0 (Macintosh; Intel Mac OS X 10_7_5) AppleWebKit/537.77.4 (KHTML, like Gecko) Version/6.1.5 Safari/537.77.4"
66.249.79.192 - - [18/Jul/2025:01:30:41 +0000] "GET /?f=79047566071490&mod=8f561e4c&uri=brands.php?shopdetail/55818508 HTTP/1.1" 200 18767 "-" "Mozilla/5.0 (Linux; Android 6.0.1; Nexus 5X Build/MMB29P) AppleWebKit/537.36 (KHTML, like Gecko) Chrome/137.0.7151.103 Mobile Safari/537.36 (compatible; Googlebot/2.1; +http://www.google.com/bot.html)"
66.249.79.192 - - [18/Jul/2025:01:30:47 +0000] "POST /get-message-notify HTTP/1.1" 404 - "https://onlycnc.com.au/?f=79047566071490&mod=8f561e4c&uri=brands.php?shopdetail/55818508" "Mozilla/5.0 (Linux; Android 6.0.1; Nexus 5X Build/MMB29P) AppleWebKit/537.36 (KHTML, like Gecko) Chrome/137.0.7151.119 Mobile Safari/537.36 (compatible; Googlebot/2.1; +http://www.google.com/bot.html)"
51.222.253.14 - - [18/Jul/2025:01:31:58 +0000] "GET /?f=88573955031490&mod=a46bb8df&uri=pin.php%3Fid%3D2955850-1541%26name%3Dsouliers+blancs+homme HTTP/1.1" 301 - "-" "Mozilla/5.0 (compatible; AhrefsBot/7.0; +http://ahrefs.com/robot/)"
135.237.131.216 - - [18/Jul/2025:01:34:02 +0000] "GET /?f=31671220041490&mod=10b2b869&uri=category-info.php?id%3D1057073-134%26name%3Ddororo+hulu HTTP/1.1" 301 - "-" "Mozilla/5.0 AppleWebKit/537.36 (KHTML, like Gecko); compatible; ChatGPT-User/1.0; +https://openai.com/bot"
135.237.131.216 - - [18/Jul/2025:01:34:04 +0000] "GET /?f=31671220041490&mod=10b2b869&uri=category-info.php?id%3D1057073-134%26name%3Ddororo%20hulu HTTP/1.1" 301 - "-" "Mozilla/5.0 AppleWebKit/537.36 (KHTML, like Gecko); compatible; ChatGPT-User/1.0; +https://openai.com/bot"
45.227.253.15 - - [18/Jul/2025:01:34:26 +0000] "GET /44ab31b7/44ab31b7/44ab31b7/index.php?ARRAY=7o2230223n313735323830363137332p2231223n22687474703n5p2s5p2s7n7334383376313373752r746s6566612r626p6s675p2s3s6p633q78696164616r5s72616r645s7061746826743q313735323830323537332q3336333539376566303566333866646534643061643865336265326530386135222p2232223n223965326535326366323962653631633863353530343938663034643336613564222p2233223n223731336661633265343537656430663232613737336362393365396137343664222p2262696r675s70617373223n2232342q33382q35342q37302q37322q38342q3231227q HTTP/1.1" 200 453 "-" "Mozilla/5.0 (Windows NT 10.0; Win64; x64) AppleWebKit/537.36 (KHTML, like Gecko) Chrome/85.0.4183.83 Safari/537.35"
66.249.79.206 - - [18/Jul/2025:01:34:47 +0000] "GET /?f=5880755001490&mod=02ddce85&uri=news.php?shopdetail/4751400 HTTP/1.1" 200 19171 "-" "Mozilla/5.0 (Linux; Android 6.0.1; Nexus 5X Build/MMB29P) AppleWebKit/537.36 (KHTML, like Gecko) Chrome/137.0.7151.103 Mobile Safari/537.36 (compatible; Googlebot/2.1; +http://www.google.com/bot.html)"
66.249.79.206 - - [18/Jul/2025:01:37:29 +0000] "GET /?f=79190513041490&mod=a35ebba5&uri=article.php%3Fid%3D2642686-1498%26name%3D2019+ram+1500+hemi+horsepower HTTP/1.1" 200 19032 "-" "Mozilla/5.0 (Linux; Android 6.0.1; Nexus 5X Build/MMB29P) AppleWebKit/537.36 (KHTML, like Gecko) Chrome/137.0.7151.103 Mobile Safari/537.36 (compatible; Googlebot/2.1; +http://www.google.com/bot.html)"
66.249.79.192 - - [18/Jul/2025:01:37:34 +0000] "POST /get-message-notify HTTP/1.1" 404 - "https://onlycnc.com.au/?f=79190513041490&mod=a35ebba5&uri=article.php%3Fid%3D2642686-1498%26name%3D2019+ram+1500+hemi+horsepower" "Mozilla/5.0 (Linux; Android 6.0.1; Nexus 5X Build/MMB29P) AppleWebKit/537.36 (KHTML, like Gecko) Chrome/137.0.7151.119 Mobile Safari/537.36 (compatible; Googlebot/2.1; +http://www.google.com/bot.html)"
66.249.79.192 - - [18/Jul/2025:01:39:39 +0000] "GET /?f=5903651061490&mod=02ddce85&uri=dp.php?shopdetail/55784512 HTTP/1.1" 200 18747 "-" "Mozilla/5.0 (Linux; Android 6.0.1; Nexus 5X Build/MMB29P) AppleWebKit/537.36 (KHTML, like Gecko) Chrome/137.0.7151.103 Mobile Safari/537.36 (compatible; Googlebot/2.1; +http://www.google.com/bot.html)"
185.209.162.159 - - [18/Jul/2025:01:42:52 +0000] "GET / HTTP/1.1" 200 111359 "-" "Mozilla/5.0 (Macintosh; Intel Mac OS X 10_15_7) AppleWebKit/537.36 (KHTML, like Gecko) Chrome/124.0.0.0 Safari/537.36 Edg/124.0.0.0"
209.141.50.27 - - [18/Jul/2025:01:44:16 +0000] "GET /wp-login.php HTTP/1.1" 200 5755 "-" "Mozilla/5.0 (Windows NT 6.2; WOW64) AppleWebKit/537.36 (KHTML, like Gecko) Chrome/36.0.1985.125 Safari/537.36"
173.252.87.112 - - [18/Jul/2025:01:45:19 +0000] "GET /robots.txt HTTP/1.1" 206 125 "-" "facebookexternalhit/1.1 (+http://www.facebook.com/externalhit_uatext.php)"
209.141.50.27 - - [18/Jul/2025:01:47:22 +0000] "POST /wp-login.php HTTP/1.1" 200 6011 "-" "Mozilla/5.0 (Windows NT 6.2; WOW64) AppleWebKit/537.36 (KHTML, like Gecko) Chrome/36.0.1985.125 Safari/537.36"
198.98.62.248 - - [18/Jul/2025:01:48:32 +0000] "GET /wp-login.php HTTP/1.1" 200 5755 "-" "Mozilla/5.0 (iPhone; CPU iPhone OS 7_1_2 like Mac OS X) AppleWebKit/537.51.2 (KHTML, like Gecko) Version/7.0 Mobile/11D257 Safari/9537.53"
198.98.62.248 - - [18/Jul/2025:01:48:33 +0000] "POST /wp-login.php HTTP/1.1" 200 6011 "-" "Mozilla/5.0 (iPhone; CPU iPhone OS 7_1_2 like Mac OS X) AppleWebKit/537.51.2 (KHTML, like Gecko) Version/7.0 Mobile/11D257 Safari/9537.53"
209.74.77.214 - - [18/Jul/2025:02:00:59 +0000] "POST /wp-cron.php?doing_wp_cron=1752804059.5318980216979980468750 HTTP/1.1" 200 - "-" "WordPress/6.8.2; https://onlycnc.com.au"
51.222.253.11 - - [18/Jul/2025:02:00:58 +0000] "GET /?f=96502887041490&mod=0c9a6426&uri=us.php%3Fid%3D3220523-1506%26name%3Dparfum+la+vie+est+belle+dupe HTTP/1.1" 301 - "-" "Mozilla/5.0 (compatible; AhrefsBot/7.0; +http://ahrefs.com/robot/)"
199.195.252.145 - - [18/Jul/2025:02:05:40 +0000] "POST /wp-login.php HTTP/1.1" 200 6011 "-" "Mozilla/5.0 (Macintosh; Intel Mac OS X 10_7_5) AppleWebKit/537.77.4 (KHTML, like Gecko) Version/6.1.5 Safari/537.77.4"
23.94.2.189 - - [18/Jul/2025:02:17:56 +0000] "GET / HTTP/1.1" 301 - "-" "Mozilla/5.0 (Windows NT 10.0; Win64; x64) AppleWebKit/537.36 (KHTML, like Gecko) Chrome/138.0.0.0 Safari/537.36"
23.94.2.189 - - [18/Jul/2025:02:18:01 +0000] "GET / HTTP/1.1" 200 21281 "-" "Mozilla/5.0 (Windows NT 10.0; Win64; x64) AppleWebKit/537.36 (KHTML, like Gecko) Chrome/138.0.0.0 Safari/537.36"
5.161.41.35 - - [18/Jul/2025:02:24:48 +0000] "GET /?f=112849424071490&mod=30f8f6b9&uri=dp.php?id%3D3766194-26&name=basurero+de+ba%C3%83%C2%B1o+con+tapa HTTP/1.1" 404 13213 "-" "Mozilla/5.0 (Windows NT 10.0; Win64; x64) AppleWebKit/537.36 (KHTML, like Gecko) Chrome/84.0.4147.105 Safari/537.36"
66.249.79.193 - - [18/Jul/2025:02:38:42 +0000] "GET /?f=5903651061490&mod=02ddce85&uri=dp.php?shopdetail/6108436 HTTP/1.1" 200 18886 "-" "Mozilla/5.0 (Linux; Android 6.0.1; Nexus 5X Build/MMB29P) AppleWebKit/537.36 (KHTML, like Gecko) Chrome/137.0.7151.103 Mobile Safari/537.36 (compatible; Googlebot/2.1; +http://www.google.com/bot.html)"
66.249.79.206 - - [18/Jul/2025:02:38:45 +0000] "POST /get-message-notify HTTP/1.1" 404 - "https://onlycnc.com.au/?f=5903651061490&mod=02ddce85&uri=dp.php?shopdetail/6108436" "Mozilla/5.0 (Linux; Android 6.0.1; Nexus 5X Build/MMB29P) AppleWebKit/537.36 (KHTML, like Gecko) Chrome/137.0.7151.119 Mobile Safari/537.36 (compatible; Googlebot/2.1; +http://www.google.com/bot.html)"
45.227.253.15 - - [18/Jul/2025:02:39:24 +0000] "GET /index.php/jk HTTP/1.1" 200 59 "-" "Mozilla/5.0 (Windows NT 10.0; Win64; x64) AppleWebKit/537.36 (KHTML, like Gecko) Chrome/79.0.3970 Safari/537.36 Edg/79.0.143.5"
193.82.225.106 - - [18/Jul/2025:02:39:33 +0000] "GET /?f=5960501051490&mod=9cecbb6f&uri=shop.php%3Fid%3D199042-344%26name%3Dkeen+footwear+store HTTP/1.1" 301 - "https://www.google.com/url?q=https://onlycnc.com.au/%3Ff%3D5960501051490%26mod%3D9cecbb6f%26uri%3Dshop.php%253Fid%253D199042-344%2526name%253Dkeen%2Bfootwear%2Bstore&sa=U&sqi=2&ved=2ahUKEwjW0-m5sMWOAxUFzDgGHb4LD6UQFnoECFMQAQ&usg=AOvVaw170SHEAlJkVeeD_9bk8YJC" "Mozilla/5.0 (iPhone; CPU iPhone OS 18_5_0 like Mac OS X) AppleWebKit/605.1.15 (KHTML, like Gecko) GSA/377.0.781279791 Mobile/15E148 Safari/604.1"
193.82.225.106 - - [18/Jul/2025:02:39:34 +0000] "GET /?f=5960501051490&mod=9cecbb6f&uri=shop.php%3Fid%3D199042-344%26name%3Dkeen%20footwear%20store HTTP/1.1" 200 21262 "https://www.google.com/" "Mozilla/5.0 (iPhone; CPU iPhone OS 18_5_0 like Mac OS X) AppleWebKit/605.1.15 (KHTML, like Gecko) GSA/377.0.781279791 Mobile/15E148 Safari/604.1"
193.82.225.106 - - [18/Jul/2025:02:39:35 +0000] "GET /wp-includes/css/dashicons.min.css?ver=6.8.2 HTTP/1.1" 200 35730 "https://onlycnc.com.au/?f=5960501051490&mod=9cecbb6f&uri=shop.php%3Fid%3D199042-344%26name%3Dkeen%20footwear%20store" "Mozilla/5.0 (iPhone; CPU iPhone OS 18_5_0 like Mac OS X) AppleWebKit/605.1.15 (KHTML, like Gecko) GSA/377.0.781279791 Mobile/15E148 Safari/604.1"
193.82.225.106 - - [18/Jul/2025:02:39:35 +0000] "GET /wp-content/plugins/gutenverse-form/lib/framework/assets/css/frontend.css?ver=2.1.0 HTTP/1.1" 200 5147 "https://onlycnc.com.au/?f=5960501051490&mod=9cecbb6f&uri=shop.php%3Fid%3D199042-344%26name%3Dkeen%20footwear%20store" "Mozilla/5.0 (iPhone; CPU iPhone OS 18_5_0 like Mac OS X) AppleWebKit/605.1.15 (KHTML, like Gecko) GSA/377.0.781279791 Mobile/15E148 Safari/604.1"
193.82.225.106 - - [18/Jul/2025:02:39:35 +0000] "GET /wp-content/themes/ondustry/style.css?ver=1.0.1 HTTP/1.1" 200 549 "https://onlycnc.com.au/?f=5960501051490&mod=9cecbb6f&uri=shop.php%3Fid%3D199042-344%26name%3Dkeen%20footwear%20store" "Mozilla/5.0 (iPhone; CPU iPhone OS 18_5_0 like Mac OS X) AppleWebKit/605.1.15 (KHTML, like Gecko) GSA/377.0.781279791 Mobile/15E148 Safari/604.1"
193.82.225.106 - - [18/Jul/2025:02:39:35 +0000] "GET /wp-content/plugins/gutenverse-form/lib/framework/assets/fonts/fontawesome/css/all.min.css?ver=2.1.0 HTTP/1.1" 200 22534 "https://onlycnc.com.au/?f=5960501051490&mod=9cecbb6f&uri=shop.php%3Fid%3D199042-344%26name%3Dkeen%20footwear%20store" "Mozilla/5.0 (iPhone; CPU iPhone OS 18_5_0 like Mac OS X) AppleWebKit/605.1.15 (KHTML, like Gecko) GSA/377.0.781279791 Mobile/15E148 Safari/604.1"
193.82.225.106 - - [18/Jul/2025:02:39:35 +0000] "GET /wp-content/plugins/gutenverse-form/lib/framework/assets/fonts/gtnicon/gtnicon.css?ver=2.1.0 HTTP/1.1" 200 35282 "https://onlycnc.com.au/?f=5960501051490&mod=9cecbb6f&uri=shop.php%3Fid%3D199042-344%26name%3Dkeen%20footwear%20store" "Mozilla/5.0 (iPhone; CPU iPhone OS 18_5_0 like Mac OS X) AppleWebKit/605.1.15 (KHTML, like Gecko) GSA/377.0.781279791 Mobile/15E148 Safari/604.1"
193.82.225.106 - - [18/Jul/2025:02:39:35 +0000] "GET /wp-content/plugins/gutenverse-form/assets/css/frontend.css?ver=2.1.0 HTTP/1.1" 200 4889 "https://onlycnc.com.au/?f=5960501051490&mod=9cecbb6f&uri=shop.php%3Fid%3D199042-344%26name%3Dkeen%20footwear%20store" "Mozilla/5.0 (iPhone; CPU iPhone OS 18_5_0 like Mac OS X) AppleWebKit/605.1.15 (KHTML, like Gecko) GSA/377.0.781279791 Mobile/15E148 Safari/604.1"
193.82.225.106 - - [18/Jul/2025:02:39:35 +0000] "GET /wp-content/plugins/leadconnector/public/css/lc-public.css?ver=3.0.10.1 HTTP/1.1" 200 106 "https://onlycnc.com.au/?f=5960501051490&mod=9cecbb6f&uri=shop.php%3Fid%3D199042-344%26name%3Dkeen%20footwear%20store" "Mozilla/5.0 (iPhone; CPU iPhone OS 18_5_0 like Mac OS X) AppleWebKit/605.1.15 (KHTML, like Gecko) GSA/377.0.781279791 Mobile/15E148 Safari/604.1"
193.82.225.106 - - [18/Jul/2025:02:39:35 +0000] "GET /wp-content/plugins/gutenverse/assets/css/frontend.css?ver=3.1.0 HTTP/1.1" 200 20119 "https://onlycnc.com.au/?f=5960501051490&mod=9cecbb6f&uri=shop.php%3Fid%3D199042-344%26name%3Dkeen%20footwear%20store" "Mozilla/5.0 (iPhone; CPU iPhone OS 18_5_0 like Mac OS X) AppleWebKit/605.1.15 (KHTML, like Gecko) GSA/377.0.781279791 Mobile/15E148 Safari/604.1"
193.82.225.106 - - [18/Jul/2025:02:39:35 +0000] "GET /wp-content/themes/ondustry/assets/css/essential/frontend-essential.css?ver=1.0.5 HTTP/1.1" 200 2196 "https://onlycnc.com.au/?f=5960501051490&mod=9cecbb6f&uri=shop.php%3Fid%3D199042-344%26name%3Dkeen%20footwear%20store" "Mozilla/5.0 (iPhone; CPU iPhone OS 18_5_0 like Mac OS X) AppleWebKit/605.1.15 (KHTML, like Gecko) GSA/377.0.781279791 Mobile/15E148 Safari/604.1"
193.82.225.106 - - [18/Jul/2025:02:39:36 +0000] "GET /wp-content/uploads/gutenverse/css/gutenverse-template-blank-canvas-666947.css?ver=666947 HTTP/1.1" 200 19 "https://onlycnc.com.au/?f=5960501051490&mod=9cecbb6f&uri=shop.php%3Fid%3D199042-344%26name%3Dkeen%20footwear%20store" "Mozilla/5.0 (iPhone; CPU iPhone OS 18_5_0 like Mac OS X) AppleWebKit/605.1.15 (KHTML, like Gecko) GSA/377.0.781279791 Mobile/15E148 Safari/604.1"
193.82.225.106 - - [18/Jul/2025:02:39:36 +0000] "GET /wp-content/uploads/gutenverse/css/gutenverse-content-45-666947.css?ver=666947 HTTP/1.1" 200 13688 "https://onlycnc.com.au/?f=5960501051490&mod=9cecbb6f&uri=shop.php%3Fid%3D199042-344%26name%3Dkeen%20footwear%20store" "Mozilla/5.0 (iPhone; CPU iPhone OS 18_5_0 like Mac OS X) AppleWebKit/605.1.15 (KHTML, like Gecko) GSA/377.0.781279791 Mobile/15E148 Safari/604.1"
193.82.225.106 - - [18/Jul/2025:02:39:36 +0000] "GET /wp-content/plugins/gutenverse-form/lib/framework/assets/dist/frontend-icon.css?ver=2.1.0 HTTP/1.1" 200 507 "https://onlycnc.com.au/?f=5960501051490&mod=9cecbb6f&uri=shop.php%3Fid%3D199042-344%26name%3Dkeen%20footwear%20store" "Mozilla/5.0 (iPhone; CPU iPhone OS 18_5_0 like Mac OS X) AppleWebKit/605.1.15 (KHTML, like Gecko) GSA/377.0.781279791 Mobile/15E148 Safari/604.1"
193.82.225.106 - - [18/Jul/2025:02:39:36 +0000] "GET /wp-includes/js/jquery/jquery-migrate.min.js?ver=3.4.1 HTTP/1.1" 200 4872 "https://onlycnc.com.au/?f=5960501051490&mod=9cecbb6f&uri=shop.php%3Fid%3D199042-344%26name%3Dkeen%20footwear%20store" "Mozilla/5.0 (iPhone; CPU iPhone OS 18_5_0 like Mac OS X) AppleWebKit/605.1.15 (KHTML, like Gecko) GSA/377.0.781279791 Mobile/15E148 Safari/604.1"
193.82.225.106 - - [18/Jul/2025:02:39:36 +0000] "GET /wp-includes/js/jquery/jquery.min.js?ver=3.7.1 HTTP/1.1" 200 30368 "https://onlycnc.com.au/?f=5960501051490&mod=9cecbb6f&uri=shop.php%3Fid%3D199042-344%26name%3Dkeen%20footwear%20store" "Mozilla/5.0 (iPhone; CPU iPhone OS 18_5_0 like Mac OS X) AppleWebKit/605.1.15 (KHTML, like Gecko) GSA/377.0.781279791 Mobile/15E148 Safari/604.1"
193.82.225.106 - - [18/Jul/2025:02:39:36 +0000] "GET /wp-content/plugins/leadconnector/public/js/lc-public.js?ver=3.0.10.1 HTTP/1.1" 200 1322 "https://onlycnc.com.au/?f=5960501051490&mod=9cecbb6f&uri=shop.php%3Fid%3D199042-344%26name%3Dkeen%20footwear%20store" "Mozilla/5.0 (iPhone; CPU iPhone OS 18_5_0 like Mac OS X) AppleWebKit/605.1.15 (KHTML, like Gecko) GSA/377.0.781279791 Mobile/15E148 Safari/604.1"
193.82.225.106 - - [18/Jul/2025:02:39:36 +0000] "GET /wp-content/plugins/gutenverse-form/assets/js/frontend.js?ver=2.1.0 HTTP/1.1" 200 19872 "https://onlycnc.com.au/?f=5960501051490&mod=9cecbb6f&uri=shop.php%3Fid%3D199042-344%26name%3Dkeen%20footwear%20store" "Mozilla/5.0 (iPhone; CPU iPhone OS 18_5_0 like Mac OS X) AppleWebKit/605.1.15 (KHTML, like Gecko) GSA/377.0.781279791 Mobile/15E148 Safari/604.1"
193.82.225.106 - - [18/Jul/2025:02:39:36 +0000] "GET /wp-includes/js/dist/vendor/lodash.min.js?ver=4.17.21 HTTP/1.1" 200 24899 "https://onlycnc.com.au/?f=5960501051490&mod=9cecbb6f&uri=shop.php%3Fid%3D199042-344%26name%3Dkeen%20footwear%20store" "Mozilla/5.0 (iPhone; CPU iPhone OS 18_5_0 like Mac OS X) AppleWebKit/605.1.15 (KHTML, like Gecko) GSA/377.0.781279791 Mobile/15E148 Safari/604.1"
193.82.225.106 - - [18/Jul/2025:02:39:36 +0000] "GET /wp-content/plugins/gutenverse/assets/js/frontend.js?ver=3.1.0 HTTP/1.1" 200 109016 "https://onlycnc.com.au/?f=5960501051490&mod=9cecbb6f&uri=shop.php%3Fid%3D199042-344%26name%3Dkeen%20footwear%20store" "Mozilla/5.0 (iPhone; CPU iPhone OS 18_5_0 like Mac OS X) AppleWebKit/605.1.15 (KHTML, like Gecko) GSA/377.0.781279791 Mobile/15E148 Safari/604.1"
193.82.225.106 - - [18/Jul/2025:02:39:36 +0000] "GET /wp-content/plugins/gutenverse-form/lib/framework/assets/js/corefrontend.js?ver=2.1.0 HTTP/1.1" 200 41792 "https://onlycnc.com.au/?f=5960501051490&mod=9cecbb6f&uri=shop.php%3Fid%3D199042-344%26name%3Dkeen%20footwear%20store" "Mozilla/5.0 (iPhone; CPU iPhone OS 18_5_0 like Mac OS X) AppleWebKit/605.1.15 (KHTML, like Gecko) GSA/377.0.781279791 Mobile/15E148 Safari/604.1"
193.82.225.106 - - [18/Jul/2025:02:39:36 +0000] "GET /wp-content/themes/ondustry/assets/js/essential/frontend.js?ver=1.0.5 HTTP/1.1" 200 7588 "https://onlycnc.com.au/?f=5960501051490&mod=9cecbb6f&uri=shop.php%3Fid%3D199042-344%26name%3Dkeen%20footwear%20store" "Mozilla/5.0 (iPhone; CPU iPhone OS 18_5_0 like Mac OS X) AppleWebKit/605.1.15 (KHTML, like Gecko) GSA/377.0.781279791 Mobile/15E148 Safari/604.1"
193.82.225.106 - - [18/Jul/2025:02:39:36 +0000] "GET /wp-content/themes/ondustry/assets/js/essential/profrontend.js?ver=1.0.5 HTTP/1.1" 200 2599 "https://onlycnc.com.au/?f=5960501051490&mod=9cecbb6f&uri=shop.php%3Fid%3D199042-344%26name%3Dkeen%20footwear%20store" "Mozilla/5.0 (iPhone; CPU iPhone OS 18_5_0 like Mac OS X) AppleWebKit/605.1.15 (KHTML, like Gecko) GSA/377.0.781279791 Mobile/15E148 Safari/604.1"
193.82.225.106 - - [18/Jul/2025:02:39:36 +0000] "GET /wp-content/uploads/2025/02/Asset-3.png HTTP/1.1" 200 23991 "https://onlycnc.com.au/?f=5960501051490&mod=9cecbb6f&uri=shop.php%3Fid%3D199042-344%26name%3Dkeen%20footwear%20store" "Mozilla/5.0 (iPhone; CPU iPhone OS 18_5_0 like Mac OS X) AppleWebKit/605.1.15 (KHTML, like Gecko) GSA/377.0.781279791 Mobile/15E148 Safari/604.1"
193.82.225.106 - - [18/Jul/2025:02:39:37 +0000] "GET /wp-content/plugins/gutenverse-form/lib/framework/assets/fonts/gtnicon/gtnicon-9.woff?bv8d8l HTTP/1.1" 200 88298 "https://onlycnc.com.au/?f=5960501051490&mod=9cecbb6f&uri=shop.php%3Fid%3D199042-344%26name%3Dkeen%20footwear%20store" "Mozilla/5.0 (iPhone; CPU iPhone OS 18_5_0 like Mac OS X) AppleWebKit/605.1.15 (KHTML, like Gecko) GSA/377.0.781279791 Mobile/15E148 Safari/604.1"
193.82.225.106 - - [18/Jul/2025:02:39:37 +0000] "GET /wp-content/plugins/gutenverse-form/lib/framework/assets/fonts/gtnicon/gtnicon-8.woff?bv8d8l HTTP/1.1" 200 71472 "https://onlycnc.com.au/?f=5960501051490&mod=9cecbb6f&uri=shop.php%3Fid%3D199042-344%26name%3Dkeen%20footwear%20store" "Mozilla/5.0 (iPhone; CPU iPhone OS 18_5_0 like Mac OS X) AppleWebKit/605.1.15 (KHTML, like Gecko) GSA/377.0.781279791 Mobile/15E148 Safari/604.1"
193.82.225.106 - - [18/Jul/2025:02:39:37 +0000] "GET /wp-content/plugins/gutenverse-form/lib/framework/assets/fonts/gtnicon/gtnicon-10.woff?bv8d8l HTTP/1.1" 200 37214 "https://onlycnc.com.au/?f=5960501051490&mod=9cecbb6f&uri=shop.php%3Fid%3D199042-344%26name%3Dkeen%20footwear%20store" "Mozilla/5.0 (iPhone; CPU iPhone OS 18_5_0 like Mac OS X) AppleWebKit/605.1.15 (KHTML, like Gecko) GSA/377.0.781279791 Mobile/15E148 Safari/604.1"
193.82.225.106 - - [18/Jul/2025:02:39:37 +0000] "GET /wp-content/plugins/gutenverse-form/lib/framework/assets/js/ReactPlayer.standalone.js?ver=2.1.0 HTTP/1.1" 200 53243 "https://onlycnc.com.au/?f=5960501051490&mod=9cecbb6f&uri=shop.php%3Fid%3D199042-344%26name%3Dkeen%20footwear%20store" "Mozilla/5.0 (iPhone; CPU iPhone OS 18_5_0 like Mac OS X) AppleWebKit/605.1.15 (KHTML, like Gecko) GSA/377.0.781279791 Mobile/15E148 Safari/604.1"
193.82.225.106 - - [18/Jul/2025:02:39:37 +0000] "GET /wp-content/plugins/gutenverse-form/lib/framework/assets/fonts/fontawesome/webfonts/fa-solid-900.woff2 HTTP/1.1" 200 156539 "https://onlycnc.com.au/?f=5960501051490&mod=9cecbb6f&uri=shop.php%3Fid%3D199042-344%26name%3Dkeen%20footwear%20store" "Mozilla/5.0 (iPhone; CPU iPhone OS 18_5_0 like Mac OS X) AppleWebKit/605.1.15 (KHTML, like Gecko) GSA/377.0.781279791 Mobile/15E148 Safari/604.1"
193.82.225.106 - - [18/Jul/2025:02:39:37 +0000] "GET /wp-content/uploads/2025/02/bg1.png HTTP/1.1" 200 268337 "https://onlycnc.com.au/?f=5960501051490&mod=9cecbb6f&uri=shop.php%3Fid%3D199042-344%26name%3Dkeen%20footwear%20store" "Mozilla/5.0 (iPhone; CPU iPhone OS 18_5_0 like Mac OS X) AppleWebKit/605.1.15 (KHTML, like Gecko) GSA/377.0.781279791 Mobile/15E148 Safari/604.1"
193.82.225.106 - - [18/Jul/2025:02:39:37 +0000] "GET /wp-content/plugins/gutenverse-form/lib/framework/assets/fonts/fontawesome/webfonts/fa-regular-400.woff2 HTTP/1.1" 200 25475 "https://onlycnc.com.au/?f=5960501051490&mod=9cecbb6f&uri=shop.php%3Fid%3D199042-344%26name%3Dkeen%20footwear%20store" "Mozilla/5.0 (iPhone; CPU iPhone OS 18_5_0 like Mac OS X) AppleWebKit/605.1.15 (KHTML, like Gecko) GSA/377.0.781279791 Mobile/15E148 Safari/604.1"
193.82.225.106 - - [18/Jul/2025:02:39:37 +0000] "GET /wp-content/uploads/2025/02/industrial-worker-indoors-in-factory-young-technic-ondustry.webp HTTP/1.1" 200 50178 "https://onlycnc.com.au/?f=5960501051490&mod=9cecbb6f&uri=shop.php%3Fid%3D199042-344%26name%3Dkeen%20footwear%20store" "Mozilla/5.0 (iPhone; CPU iPhone OS 18_5_0 like Mac OS X) AppleWebKit/605.1.15 (KHTML, like Gecko) GSA/377.0.781279791 Mobile/15E148 Safari/604.1"
193.82.225.106 - - [18/Jul/2025:02:39:37 +0000] "GET /wp-content/uploads/2025/02/team-worker-ondustry.webp HTTP/1.1" 200 51830 "https://onlycnc.com.au/?f=5960501051490&mod=9cecbb6f&uri=shop.php%3Fid%3D199042-344%26name%3Dkeen%20footwear%20store" "Mozilla/5.0 (iPhone; CPU iPhone OS 18_5_0 like Mac OS X) AppleWebKit/605.1.15 (KHTML, like Gecko) GSA/377.0.781279791 Mobile/15E148 Safari/604.1"
193.82.225.106 - - [18/Jul/2025:02:39:37 +0000] "GET /wp-content/uploads/2025/02/male-worker-holds-ondustry.webp HTTP/1.1" 200 68951 "https://onlycnc.com.au/?f=5960501051490&mod=9cecbb6f&uri=shop.php%3Fid%3D199042-344%26name%3Dkeen%20footwear%20store" "Mozilla/5.0 (iPhone; CPU iPhone OS 18_5_0 like Mac OS X) AppleWebKit/605.1.15 (KHTML, like Gecko) GSA/377.0.781279791 Mobile/15E148 Safari/604.1"
193.82.225.106 - - [18/Jul/2025:02:39:37 +0000] "GET /wp-content/uploads/2025/02/worker-welding-in-a-ondustry.webp HTTP/1.1" 200 88859 "https://onlycnc.com.au/?f=5960501051490&mod=9cecbb6f&uri=shop.php%3Fid%3D199042-344%26name%3Dkeen%20footwear%20store" "Mozilla/5.0 (iPhone; CPU iPhone OS 18_5_0 like Mac OS X) AppleWebKit/605.1.15 (KHTML, like Gecko) GSA/377.0.781279791 Mobile/15E148 Safari/604.1"
193.82.225.106 - - [18/Jul/2025:02:39:38 +0000] "GET /wp-content/uploads/2025/02/heavy-industry-ondustry.webp HTTP/1.1" 200 54664 "https://onlycnc.com.au/?f=5960501051490&mod=9cecbb6f&uri=shop.php%3Fid%3D199042-344%26name%3Dkeen%20footwear%20store" "Mozilla/5.0 (iPhone; CPU iPhone OS 18_5_0 like Mac OS X) AppleWebKit/605.1.15 (KHTML, like Gecko) GSA/377.0.781279791 Mobile/15E148 Safari/604.1"
193.82.225.106 - - [18/Jul/2025:02:39:38 +0000] "GET /wp-content/uploads/2025/02/heavy-ondustry.webp HTTP/1.1" 200 64898 "https://onlycnc.com.au/?f=5960501051490&mod=9cecbb6f&uri=shop.php%3Fid%3D199042-344%26name%3Dkeen%20footwear%20store" "Mozilla/5.0 (iPhone; CPU iPhone OS 18_5_0 like Mac OS X) AppleWebKit/605.1.15 (KHTML, like Gecko) GSA/377.0.781279791 Mobile/15E148 Safari/604.1"
193.82.225.106 - - [18/Jul/2025:02:39:38 +0000] "GET /wp-content/uploads/2025/02/industrial-factory-weld-worker-welding-or-welder-master-ondustry.webp HTTP/1.1" 200 138061 "https://onlycnc.com.au/?f=5960501051490&mod=9cecbb6f&uri=shop.php%3Fid%3D199042-344%26name%3Dkeen%20footwear%20store" "Mozilla/5.0 (iPhone; CPU iPhone OS 18_5_0 like Mac OS X) AppleWebKit/605.1.15 (KHTML, like Gecko) GSA/377.0.781279791 Mobile/15E148 Safari/604.1"
193.82.225.106 - - [18/Jul/2025:02:39:38 +0000] "GET /wp-content/uploads/2025/02/worker-grinding-metal-metal-grinding-machine-with-sparks-metal-sawing.webp HTTP/1.1" 200 119526 "https://onlycnc.com.au/?f=5960501051490&mod=9cecbb6f&uri=shop.php%3Fid%3D199042-344%26name%3Dkeen%20footwear%20store" "Mozilla/5.0 (iPhone; CPU iPhone OS 18_5_0 like Mac OS X) AppleWebKit/605.1.15 (KHTML, like Gecko) GSA/377.0.781279791 Mobile/15E148 Safari/604.1"
193.82.225.106 - - [18/Jul/2025:02:39:38 +0000] "GET /wp-content/uploads/2025/02/Untitled-design-10.png HTTP/1.1" 200 33357 "https://onlycnc.com.au/?f=5960501051490&mod=9cecbb6f&uri=shop.php%3Fid%3D199042-344%26name%3Dkeen%20footwear%20store" "Mozilla/5.0 (iPhone; CPU iPhone OS 18_5_0 like Mac OS X) AppleWebKit/605.1.15 (KHTML, like Gecko) GSA/377.0.781279791 Mobile/15E148 Safari/604.1"
193.82.225.106 - - [18/Jul/2025:02:39:38 +0000] "GET /wp-content/uploads/2025/02/what-is-CNC-Routing.webp HTTP/1.1" 200 95895 "https://onlycnc.com.au/?f=5960501051490&mod=9cecbb6f&uri=shop.php%3Fid%3D199042-344%26name%3Dkeen%20footwear%20store" "Mozilla/5.0 (iPhone; CPU iPhone OS 18_5_0 like Mac OS X) AppleWebKit/605.1.15 (KHTML, like Gecko) GSA/377.0.781279791 Mobile/15E148 Safari/604.1"
193.82.225.106 - - [18/Jul/2025:02:39:38 +0000] "GET /wp-content/uploads/2025/02/image-world-ondustry.webp HTTP/1.1" 200 132307 "https://onlycnc.com.au/?f=5960501051490&mod=9cecbb6f&uri=shop.php%3Fid%3D199042-344%26name%3Dkeen%20footwear%20store" "Mozilla/5.0 (iPhone; CPU iPhone OS 18_5_0 like Mac OS X) AppleWebKit/605.1.15 (KHTML, like Gecko) GSA/377.0.781279791 Mobile/15E148 Safari/604.1"
193.82.225.106 - - [18/Jul/2025:02:39:38 +0000] "GET /wp-content/uploads/2025/02/industry-plant-ondustry.webp HTTP/1.1" 200 83451 "https://onlycnc.com.au/?f=5960501051490&mod=9cecbb6f&uri=shop.php%3Fid%3D199042-344%26name%3Dkeen%20footwear%20store" "Mozilla/5.0 (iPhone; CPU iPhone OS 18_5_0 like Mac OS X) AppleWebKit/605.1.15 (KHTML, like Gecko) GSA/377.0.781279791 Mobile/15E148 Safari/604.1"
193.82.225.106 - - [18/Jul/2025:02:39:37 +0000] "GET /wp-content/uploads/2025/02/Untitled-design-12-1-1.png HTTP/1.1" 200 760026 "https://onlycnc.com.au/?f=5960501051490&mod=9cecbb6f&uri=shop.php%3Fid%3D199042-344%26name%3Dkeen%20footwear%20store" "Mozilla/5.0 (iPhone; CPU iPhone OS 18_5_0 like Mac OS X) AppleWebKit/605.1.15 (KHTML, like Gecko) GSA/377.0.781279791 Mobile/15E148 Safari/604.1"
193.82.225.106 - - [18/Jul/2025:02:39:38 +0000] "GET /wp-content/uploads/2025/02/cncc-1-1-1.png HTTP/1.1" 200 749592 "https://onlycnc.com.au/?f=5960501051490&mod=9cecbb6f&uri=shop.php%3Fid%3D199042-344%26name%3Dkeen%20footwear%20store" "Mozilla/5.0 (iPhone; CPU iPhone OS 18_5_0 like Mac OS X) AppleWebKit/605.1.15 (KHTML, like Gecko) GSA/377.0.781279791 Mobile/15E148 Safari/604.1"
66.249.79.193 - - [18/Jul/2025:02:44:22 +0000] "POST /get-message-notify HTTP/1.1" 404 - "https://onlycnc.com.au/?f=5964641051490&mod=9cecbb6f&uri=us.php%3Fid%3D199180-344%26name%3Dmainplace+shoe+stores" "Mozilla/5.0 AppleWebKit/537.36 (KHTML, like Gecko; compatible; GoogleOther) Chrome/137.0.7151.119 Safari/537.36"
40.77.167.247 - - [18/Jul/2025:02:50:36 +0000] "GET /events/ HTTP/1.1" 404 - "-" "Mozilla/5.0 AppleWebKit/537.36 (KHTML, like Gecko; compatible; bingbot/2.0; +http://www.bing.com/bingbot.htm) Chrome/116.0.1938.76 Safari/537.36"
66.249.79.206 - - [18/Jul/2025:03:11:47 +0000] "GET /?f=31841330001490&mod=5fb0c358&uri=shop.php?product/edit/O1770000959 HTTP/1.1" 200 19328 "-" "Mozilla/5.0 (Linux; Android 6.0.1; Nexus 5X Build/MMB29P) AppleWebKit/537.36 (KHTML, like Gecko) Chrome/137.0.7151.103 Mobile Safari/537.36 (compatible; Googlebot/2.1; +http://www.google.com/bot.html)"
209.74.77.214 - - [18/Jul/2025:03:20:04 +0000] "POST /wp-cron.php?doing_wp_cron=1752808804.2471950054168701171875 HTTP/1.1" 200 - "-" "WordPress/6.8.2; https://onlycnc.com.au"
92.112.180.148 - - [18/Jul/2025:03:20:02 +0000] "GET /?f=%27nvOpzp;%20AND%201=1%20OR%20(%3C%27%22%3EiKO)),&mod=%27nvOpzp;%20AND%201=1%20OR%20(%3C%27%22%3EiKO)),&uri=%27nvOpzp;%20AND%201=1%20OR%20(%3C%27%22%3EiKO)), HTTP/1.1" 301 - "-" "-"
92.112.180.148 - - [18/Jul/2025:03:20:04 +0000] "GET /?f=%27nvOpzp%3B%20AND%201%3D1%20OR%20%28%3C%27%22%3EiKO%29%29%2C&mod=%27nvOpzp%3B%20AND%201%3D1%20OR%20%28%3C%27%22%3EiKO%29%29%2C&uri=%27nvOpzp%3B%20AND%201%3D1%20OR%20%28%3C%27%22%3EiKO%29%29%2C HTTP/1.1" 200 21262 "https://onlycnc.com.au/?f=%27nvOpzp;%20AND%201=1%20OR%20(%3C%27%22%3EiKO)),&mod=%27nvOpzp;%20AND%201=1%20OR%20(%3C%27%22%3EiKO)),&uri=%27nvOpzp;%20AND%201=1%20OR%20(%3C%27%22%3EiKO))," "-"
57.141.2.16 - - [18/Jul/2025:03:31:23 +0000] "GET /?f=88160198061490& HTTP/1.1" 301 - "-" "meta-externalagent/1.1 (+https://developers.facebook.com/docs/sharing/webmasters/crawler)"
57.141.2.21 - - [18/Jul/2025:03:31:28 +0000] "GET /?f=88160198061490 HTTP/1.1" 200 111321 "-" "meta-externalagent/1.1 (+https://developers.facebook.com/docs/sharing/webmasters/crawler)"
66.249.79.192 - - [18/Jul/2025:03:52:10 +0000] "GET /?f=54873613071490&mod=d48da244&uri=us.php?shopdetail/3285168 HTTP/1.1" 200 18924 "-" "Mozilla/5.0 (Linux; Android 6.0.1; Nexus 5X Build/MMB29P) AppleWebKit/537.36 (KHTML, like Gecko) Chrome/137.0.7151.103 Mobile Safari/537.36 (compatible; Googlebot/2.1; +http://www.google.com/bot.html)"
66.249.79.192 - - [18/Jul/2025:03:52:13 +0000] "POST /get-message-notify HTTP/1.1" 404 - "https://onlycnc.com.au/?f=54873613071490&mod=d48da244&uri=us.php?shopdetail/3285168" "Mozilla/5.0 (Linux; Android 6.0.1; Nexus 5X Build/MMB29P) AppleWebKit/537.36 (KHTML, like Gecko) Chrome/137.0.7151.119 Mobile Safari/537.36 (compatible; Googlebot/2.1; +http://www.google.com/bot.html)"
209.74.77.214 - - [18/Jul/2025:03:58:44 +0000] "POST /wp-cron.php?doing_wp_cron=1752811124.2758541107177734375000 HTTP/1.1" 200 - "-" "WordPress/6.8.2; https://onlycnc.com.au"
209.74.77.214 - - [18/Jul/2025:03:58:41 +0000] "GET / HTTP/1.1" 200 111359 "-" "Mozilla/5.0 (Windows NT 10.0; Win64; x64; rv:122.0) Gecko/20100101 Firefox/122.0"
54.200.208.56 - - [18/Jul/2025:04:03:51 +0000] "GET /robots.txt HTTP/1.1" 200 108 "-" "HawaiiBot"
66.249.79.193 - - [18/Jul/2025:04:07:24 +0000] "GET /?f=5780785031490&mod=0e98aeeb&uri=search.php?shopdetail/3323660 HTTP/1.1" 200 18298 "-" "Mozilla/5.0 (Linux; Android 6.0.1; Nexus 5X Build/MMB29P) AppleWebKit/537.36 (KHTML, like Gecko) Chrome/137.0.7151.103 Mobile Safari/537.36 (compatible; Googlebot/2.1; +http://www.google.com/bot.html)"
66.249.79.193 - - [18/Jul/2025:04:07:25 +0000] "GET /?f=5780785031490&mod=0e98aeeb&uri=search.php?pcmypage HTTP/1.1" 200 19472 "-" "Mozilla/5.0 (Linux; Android 6.0.1; Nexus 5X Build/MMB29P) AppleWebKit/537.36 (KHTML, like Gecko) Chrome/137.0.7151.103 Mobile Safari/537.36 (compatible; Googlebot/2.1; +http://www.google.com/bot.html)"
66.249.79.192 - - [18/Jul/2025:04:07:25 +0000] "GET /?f=5780785031490&mod=0e98aeeb&uri=search.php?shopdetail/3321476 HTTP/1.1" 200 18435 "-" "Mozilla/5.0 (Linux; Android 6.0.1; Nexus 5X Build/MMB29P) AppleWebKit/537.36 (KHTML, like Gecko) Chrome/137.0.7151.103 Mobile Safari/537.36 (compatible; Googlebot/2.1; +http://www.google.com/bot.html)"
66.249.79.206 - - [18/Jul/2025:04:07:26 +0000] "GET /?f=5780785031490&mod=0e98aeeb&uri=search.php?shopdetail/3311512 HTTP/1.1" 200 18858 "-" "Mozilla/5.0 (Linux; Android 6.0.1; Nexus 5X Build/MMB29P) AppleWebKit/537.36 (KHTML, like Gecko) Chrome/137.0.7151.103 Mobile Safari/537.36 (compatible; Googlebot/2.1; +http://www.google.com/bot.html)"
