51.222.253.19 - - [17/Jul/2025:22:08:56 +0000] "GET /?f=62578942111490&uri=info.php%3Fid%3D2088330-1372%26name%3Dwhere%20to%20put%20the%20dog%20crate HTTP/1.1" 200 21262 "-" "Mozilla/5.0 (compatible; AhrefsBot/7.0; +http://ahrefs.com/robot/)"
66.249.79.192 - - [17/Jul/2025:22:08:56 +0000] "GET /?f=31778834061490&mod=80ebd641&uri=article.php?shopdetail/3301684 HTTP/1.1" 200 19676 "-" "Mozilla/5.0 (Linux; Android 6.0.1; Nexus 5X Build/MMB29P) AppleWebKit/537.36 (KHTML, like Gecko) Chrome/137.0.7151.103 Mobile Safari/537.36 (compatible; Googlebot/2.1; +http://www.google.com/bot.html)"
66.249.79.192 - - [17/Jul/2025:22:08:56 +0000] "GET /?f=98054508041490&mod=28d4b91b&uri=shop.php?shopdetail/58307772 HTTP/1.1" 200 18393 "-" "Mozilla/5.0 (Linux; Android 6.0.1; Nexus 5X Build/MMB29P) AppleWebKit/537.36 (KHTML, like Gecko) Chrome/137.0.7151.103 Mobile Safari/537.36 (compatible; Googlebot/2.1; +http://www.google.com/bot.html)"
66.249.79.192 - - [17/Jul/2025:22:08:57 +0000] "POST /get-message-notify HTTP/1.1" 404 - "https://onlycnc.com.au/?f=98054508041490&mod=28d4b91b&uri=shop.php?shopdetail/54405364" "Mozilla/5.0 (Linux; Android 6.0.1; Nexus 5X Build/MMB29P) AppleWebKit/537.36 (KHTML, like Gecko) Chrome/137.0.7151.119 Mobile Safari/537.36 (compatible; Googlebot/2.1; +http://www.google.com/bot.html)"
66.249.79.192 - - [17/Jul/2025:22:09:00 +0000] "GET /?f=98054508041490&mod=28d4b91b&uri=shop.php?shopdetail/54416156 HTTP/1.1" 200 19610 "-" "Mozilla/5.0 (Linux; Android 6.0.1; Nexus 5X Build/MMB29P) AppleWebKit/537.36 (KHTML, like Gecko) Chrome/137.0.7151.103 Mobile Safari/537.36 (compatible; Googlebot/2.1; +http://www.google.com/bot.html)"
66.249.79.206 - - [17/Jul/2025:22:09:04 +0000] "GET /?f=98054508041490&mod=28d4b91b&uri=shop.php?shopdetail/58311048 HTTP/1.1" 200 19345 "-" "Mozilla/5.0 (Linux; Android 6.0.1; Nexus 5X Build/MMB29P) AppleWebKit/537.36 (KHTML, like Gecko) Chrome/137.0.7151.103 Mobile Safari/537.36 (compatible; Googlebot/2.1; +http://www.google.com/bot.html)"
66.249.79.206 - - [17/Jul/2025:22:09:08 +0000] "GET /?f=98054508041490&mod=28d4b91b&uri=shop.php?shopdetail/54464876 HTTP/1.1" 200 19408 "-" "Mozilla/5.0 (Linux; Android 6.0.1; Nexus 5X Build/MMB29P) AppleWebKit/537.36 (KHTML, like Gecko) Chrome/137.0.7151.103 Mobile Safari/537.36 (compatible; Googlebot/2.1; +http://www.google.com/bot.html)"
66.249.79.206 - - [17/Jul/2025:22:09:12 +0000] "GET /?f=98054508041490&mod=28d4b91b&uri=shop.php?shopdetail/54461472 HTTP/1.1" 200 19351 "-" "Mozilla/5.0 (Linux; Android 6.0.1; Nexus 5X Build/MMB29P) AppleWebKit/537.36 (KHTML, like Gecko) Chrome/137.0.7151.103 Mobile Safari/537.36 (compatible; Googlebot/2.1; +http://www.google.com/bot.html)"
66.249.79.206 - - [17/Jul/2025:22:09:16 +0000] "POST /get-message-notify HTTP/1.1" 404 - "https://onlycnc.com.au/?f=98054508041490&mod=28d4b91b&uri=shop.php?shopdetail/54406328" "Mozilla/5.0 (Linux; Android 6.0.1; Nexus 5X Build/MMB29P) AppleWebKit/537.36 (KHTML, like Gecko) Chrome/137.0.7151.119 Mobile Safari/537.36 (compatible; Googlebot/2.1; +http://www.google.com/bot.html)"
66.249.79.206 - - [17/Jul/2025:22:09:16 +0000] "GET /?f=98054508041490&mod=28d4b91b&uri=shop.php?shopdetail/54465840 HTTP/1.1" 200 19636 "-" "Mozilla/5.0 (Linux; Android 6.0.1; Nexus 5X Build/MMB29P) AppleWebKit/537.36 (KHTML, like Gecko) Chrome/137.0.7151.103 Mobile Safari/537.36 (compatible; Googlebot/2.1; +http://www.google.com/bot.html)"
66.249.79.206 - - [17/Jul/2025:22:09:16 +0000] "POST /get-message-notify HTTP/1.1" 404 - "https://onlycnc.com.au/?f=98054508041490&mod=28d4b91b&uri=shop.php?shopdetail/54417376" "Mozilla/5.0 (Linux; Android 6.0.1; Nexus 5X Build/MMB29P) AppleWebKit/537.36 (KHTML, like Gecko) Chrome/137.0.7151.119 Mobile Safari/537.36 (compatible; Googlebot/2.1; +http://www.google.com/bot.html)"
66.249.79.206 - - [17/Jul/2025:22:09:20 +0000] "GET /?f=98054508041490&mod=28d4b91b&uri=shop.php?shopdetail/54475668 HTTP/1.1" 200 18958 "-" "Mozilla/5.0 (Linux; Android 6.0.1; Nexus 5X Build/MMB29P) AppleWebKit/537.36 (KHTML, like Gecko) Chrome/137.0.7151.103 Mobile Safari/537.36 (compatible; Googlebot/2.1; +http://www.google.com/bot.html)"
66.249.79.206 - - [17/Jul/2025:22:09:24 +0000] "POST /get-message-notify HTTP/1.1" 404 - "https://onlycnc.com.au/?f=98054508041490&mod=28d4b91b&uri=shop.php?shopdetail/54465840" "Mozilla/5.0 (Linux; Android 6.0.1; Nexus 5X Build/MMB29P) AppleWebKit/537.36 (KHTML, like Gecko) Chrome/137.0.7151.119 Mobile Safari/537.36 (compatible; Googlebot/2.1; +http://www.google.com/bot.html)"
66.249.79.206 - - [17/Jul/2025:22:09:24 +0000] "GET /?f=98054508041490&mod=28d4b91b&uri=shop.php?shopdetail/58331932 HTTP/1.1" 200 18774 "-" "Mozilla/5.0 (Linux; Android 6.0.1; Nexus 5X Build/MMB29P) AppleWebKit/537.36 (KHTML, like Gecko) Chrome/137.0.7151.103 Mobile Safari/537.36 (compatible; Googlebot/2.1; +http://www.google.com/bot.html)"
66.249.79.206 - - [17/Jul/2025:22:09:28 +0000] "GET /?f=98054508041490&mod=28d4b91b&uri=shop.php?shopdetail/58316636 HTTP/1.1" 200 19653 "-" "Mozilla/5.0 (Linux; Android 6.0.1; Nexus 5X Build/MMB29P) AppleWebKit/537.36 (KHTML, like Gecko) Chrome/137.0.7151.103 Mobile Safari/537.36 (compatible; Googlebot/2.1; +http://www.google.com/bot.html)"
198.98.62.248 - - [17/Jul/2025:22:09:32 +0000] "GET /wp-login.php HTTP/1.1" 200 5755 "-" "Mozilla/5.0 (Windows NT 6.3; WOW64) AppleWebKit/537.36 (KHTML, like Gecko) Chrome/36.0.1985.125 Safari/537.36"
66.249.79.206 - - [17/Jul/2025:22:09:32 +0000] "GET /?f=98054508041490&mod=28d4b91b&uri=shop.php?shopdetail/54404144 HTTP/1.1" 200 19416 "-" "Mozilla/5.0 (Linux; Android 6.0.1; Nexus 5X Build/MMB29P) AppleWebKit/537.36 (KHTML, like Gecko) Chrome/137.0.7151.103 Mobile Safari/537.36 (compatible; Googlebot/2.1; +http://www.google.com/bot.html)"
66.249.79.206 - - [17/Jul/2025:22:09:35 +0000] "POST /get-message-notify HTTP/1.1" 404 - "https://onlycnc.com.au/?f=98054508041490&mod=28d4b91b&uri=shop.php?shopdetail/54404144" "Mozilla/5.0 (Linux; Android 6.0.1; Nexus 5X Build/MMB29P) AppleWebKit/537.36 (KHTML, like Gecko) Chrome/137.0.7151.119 Mobile Safari/537.36 (compatible; Googlebot/2.1; +http://www.google.com/bot.html)"
66.249.79.206 - - [17/Jul/2025:22:09:36 +0000] "GET /?f=98054508041490&mod=28d4b91b&uri=shop.php?shopdetail/54450544 HTTP/1.1" 200 19037 "-" "Mozilla/5.0 (Linux; Android 6.0.1; Nexus 5X Build/MMB29P) AppleWebKit/537.36 (KHTML, like Gecko) Chrome/137.0.7151.103 Mobile Safari/537.36 (compatible; Googlebot/2.1; +http://www.google.com/bot.html)"
66.249.79.206 - - [17/Jul/2025:22:09:37 +0000] "POST /get-message-notify HTTP/1.1" 404 - "https://onlycnc.com.au/?f=98054508041490&mod=28d4b91b&uri=shop.php?shopdetail/54417512" "Mozilla/5.0 (Linux; Android 6.0.1; Nexus 5X Build/MMB29P) AppleWebKit/537.36 (KHTML, like Gecko) Chrome/137.0.7151.119 Mobile Safari/537.36 (compatible; Googlebot/2.1; +http://www.google.com/bot.html)"
66.249.79.206 - - [17/Jul/2025:22:09:40 +0000] "GET /?f=98054508041490&mod=28d4b91b&uri=shop.php?shopdetail/58328784 HTTP/1.1" 200 18878 "-" "Mozilla/5.0 (Linux; Android 6.0.1; Nexus 5X Build/MMB29P) AppleWebKit/537.36 (KHTML, like Gecko) Chrome/137.0.7151.103 Mobile Safari/537.36 (compatible; Googlebot/2.1; +http://www.google.com/bot.html)"
66.249.79.206 - - [17/Jul/2025:22:09:43 +0000] "POST /get-message-notify HTTP/1.1" 404 - "https://onlycnc.com.au/?f=98054508041490&mod=28d4b91b&uri=shop.php?shopdetail/58328784" "Mozilla/5.0 (Linux; Android 6.0.1; Nexus 5X Build/MMB29P) AppleWebKit/537.36 (KHTML, like Gecko) Chrome/137.0.7151.119 Mobile Safari/537.36 (compatible; Googlebot/2.1; +http://www.google.com/bot.html)"
66.249.79.206 - - [17/Jul/2025:22:09:45 +0000] "GET /?f=98054508041490&mod=28d4b91b&uri=shop.php?shopdetail/4679740 HTTP/1.1" 200 18197 "-" "Mozilla/5.0 (Linux; Android 6.0.1; Nexus 5X Build/MMB29P) AppleWebKit/537.36 (KHTML, like Gecko) Chrome/137.0.7151.103 Mobile Safari/537.36 (compatible; Googlebot/2.1; +http://www.google.com/bot.html)"
66.249.79.206 - - [17/Jul/2025:22:09:51 +0000] "GET /?f=98054508041490&mod=28d4b91b&uri=shop.php?shopdetail/54446040 HTTP/1.1" 200 18893 "-" "Mozilla/5.0 (Linux; Android 6.0.1; Nexus 5X Build/MMB29P) AppleWebKit/537.36 (KHTML, like Gecko) Chrome/137.0.7151.103 Mobile Safari/537.36 (compatible; Googlebot/2.1; +http://www.google.com/bot.html)"
66.249.79.206 - - [17/Jul/2025:22:09:52 +0000] "POST /get-message-notify HTTP/1.1" 404 - "https://onlycnc.com.au/?f=98054508041490&mod=28d4b91b&uri=shop.php?shopdetail/58331932" "Mozilla/5.0 (Linux; Android 6.0.1; Nexus 5X Build/MMB29P) AppleWebKit/537.36 (KHTML, like Gecko) Chrome/137.0.7151.119 Mobile Safari/537.36 (compatible; Googlebot/2.1; +http://www.google.com/bot.html)"
66.249.79.206 - - [17/Jul/2025:22:09:52 +0000] "GET /?f=62762756061490&mod=0e98aeeb&uri=dp.php?feature/omiya_marui/index.html HTTP/1.1" 200 19503 "-" "Mozilla/5.0 (Linux; Android 6.0.1; Nexus 5X Build/MMB29P) AppleWebKit/537.36 (KHTML, like Gecko) Chrome/137.0.7151.103 Mobile Safari/537.36 (compatible; Googlebot/2.1; +http://www.google.com/bot.html)"
66.249.79.206 - - [17/Jul/2025:22:09:56 +0000] "GET /?f=98054508041490&mod=28d4b91b&uri=shop.php?shopdetail/54415192 HTTP/1.1" 200 19184 "-" "Mozilla/5.0 (Linux; Android 6.0.1; Nexus 5X Build/MMB29P) AppleWebKit/537.36 (KHTML, like Gecko) Chrome/137.0.7151.103 Mobile Safari/537.36 (compatible; Googlebot/2.1; +http://www.google.com/bot.html)"
66.249.79.206 - - [17/Jul/2025:22:09:59 +0000] "GET /?f=98054508041490&mod=28d4b91b&uri=shop.php?shopdetail/58315416 HTTP/1.1" 200 18250 "-" "Mozilla/5.0 (Linux; Android 6.0.1; Nexus 5X Build/MMB29P) AppleWebKit/537.36 (KHTML, like Gecko) Chrome/137.0.7151.103 Mobile Safari/537.36 (compatible; Googlebot/2.1; +http://www.google.com/bot.html)"
66.249.79.206 - - [17/Jul/2025:22:10:02 +0000] "GET /?f=98054508041490&mod=28d4b91b&uri=shop.php?shopdetail/54468024 HTTP/1.1" 200 19011 "-" "Mozilla/5.0 (Linux; Android 6.0.1; Nexus 5X Build/MMB29P) AppleWebKit/537.36 (KHTML, like Gecko) Chrome/137.0.7151.103 Mobile Safari/537.36 (compatible; Googlebot/2.1; +http://www.google.com/bot.html)"
66.249.79.206 - - [17/Jul/2025:22:10:07 +0000] "GET /?f=98054508041490&mod=28d4b91b&uri=shop.php?shopdetail/58334116 HTTP/1.1" 200 18907 "-" "Mozilla/5.0 (Linux; Android 6.0.1; Nexus 5X Build/MMB29P) AppleWebKit/537.36 (KHTML, like Gecko) Chrome/137.0.7151.103 Mobile Safari/537.36 (compatible; Googlebot/2.1; +http://www.google.com/bot.html)"
66.249.79.206 - - [17/Jul/2025:22:10:11 +0000] "GET /?f=98054508041490&mod=28d4b91b&uri=shop.php?shopdetail/54459152 HTTP/1.1" 200 19087 "-" "Mozilla/5.0 (Linux; Android 6.0.1; Nexus 5X Build/MMB29P) AppleWebKit/537.36 (KHTML, like Gecko) Chrome/137.0.7151.103 Mobile Safari/537.36 (compatible; Googlebot/2.1; +http://www.google.com/bot.html)"
66.249.79.206 - - [17/Jul/2025:22:10:14 +0000] "GET /?f=98054508041490&mod=28d4b91b&uri=shop.php?shopdetail/54452728 HTTP/1.1" 200 19395 "-" "Mozilla/5.0 (Linux; Android 6.0.1; Nexus 5X Build/MMB29P) AppleWebKit/537.36 (KHTML, like Gecko) Chrome/137.0.7151.103 Mobile Safari/537.36 (compatible; Googlebot/2.1; +http://www.google.com/bot.html)"
66.249.79.206 - - [17/Jul/2025:22:10:15 +0000] "GET /?f=62762756061490&mod=0e98aeeb&uri=dp.php?shopdetail/3275332 HTTP/1.1" 200 19194 "-" "Mozilla/5.0 (Linux; Android 6.0.1; Nexus 5X Build/MMB29P) AppleWebKit/537.36 (KHTML, like Gecko) Chrome/137.0.7151.103 Mobile Safari/537.36 (compatible; Googlebot/2.1; +http://www.google.com/bot.html)"
66.249.79.206 - - [17/Jul/2025:22:10:18 +0000] "GET /?f=98054508041490&mod=28d4b91b&uri=shop.php?shopdetail/54482356 HTTP/1.1" 200 18690 "-" "Mozilla/5.0 (Linux; Android 6.0.1; Nexus 5X Build/MMB29P) AppleWebKit/537.36 (KHTML, like Gecko) Chrome/137.0.7151.103 Mobile Safari/537.36 (compatible; Googlebot/2.1; +http://www.google.com/bot.html)"
66.249.79.206 - - [17/Jul/2025:22:10:19 +0000] "GET /?f=31766474001490&mod=80ebd641&uri=us.php%3Fid%3D1060252-1003%26name%3Dlebron+15+low+qs HTTP/1.1" 200 18981 "-" "Mozilla/5.0 (Linux; Android 6.0.1; Nexus 5X Build/MMB29P) AppleWebKit/537.36 (KHTML, like Gecko) Chrome/137.0.7151.103 Mobile Safari/537.36 (compatible; Googlebot/2.1; +http://www.google.com/bot.html)"
66.249.79.206 - - [17/Jul/2025:22:10:22 +0000] "GET /?f=98054508041490&mod=28d4b91b&uri=shop.php?shopdetail/58305588 HTTP/1.1" 200 18245 "-" "Mozilla/5.0 (Linux; Android 6.0.1; Nexus 5X Build/MMB29P) AppleWebKit/537.36 (KHTML, like Gecko) Chrome/137.0.7151.103 Mobile Safari/537.36 (compatible; Googlebot/2.1; +http://www.google.com/bot.html)"
66.249.79.206 - - [17/Jul/2025:22:10:28 +0000] "POST /get-message-notify HTTP/1.1" 404 - "https://onlycnc.com.au/?f=31766474001490&mod=80ebd641&uri=us.php%3Fid%3D1060252-1003%26name%3Dlebron+15+low+qs" "Mozilla/5.0 (Linux; Android 6.0.1; Nexus 5X Build/MMB29P) AppleWebKit/537.36 (KHTML, like Gecko) Chrome/137.0.7151.119 Mobile Safari/537.36 (compatible; Googlebot/2.1; +http://www.google.com/bot.html)"
66.249.79.206 - - [17/Jul/2025:22:10:28 +0000] "GET /?f=98054508041490&mod=28d4b91b&uri=shop.php?shopdetail/54474704 HTTP/1.1" 200 19285 "-" "Mozilla/5.0 (Linux; Android 6.0.1; Nexus 5X Build/MMB29P) AppleWebKit/537.36 (KHTML, like Gecko) Chrome/137.0.7151.103 Mobile Safari/537.36 (compatible; Googlebot/2.1; +http://www.google.com/bot.html)"
66.249.79.206 - - [17/Jul/2025:22:10:31 +0000] "GET /?f=98054508041490&mod=28d4b91b&uri=shop.php?shopdetail/4685200 HTTP/1.1" 200 18481 "-" "Mozilla/5.0 (Linux; Android 6.0.1; Nexus 5X Build/MMB29P) AppleWebKit/537.36 (KHTML, like Gecko) Chrome/137.0.7151.103 Mobile Safari/537.36 (compatible; Googlebot/2.1; +http://www.google.com/bot.html)"
66.249.79.206 - - [17/Jul/2025:22:10:34 +0000] "POST /get-message-notify HTTP/1.1" 404 - "https://onlycnc.com.au/?f=98054508041490&mod=28d4b91b&uri=shop.php?shopdetail/4685200" "Mozilla/5.0 (Linux; Android 6.0.1; Nexus 5X Build/MMB29P) AppleWebKit/537.36 (KHTML, like Gecko) Chrome/137.0.7151.119 Mobile Safari/537.36 (compatible; Googlebot/2.1; +http://www.google.com/bot.html)"
66.249.79.206 - - [17/Jul/2025:22:10:34 +0000] "GET /?f=98054508041490&mod=28d4b91b&uri=shop.php?shopdetail/54449324 HTTP/1.1" 200 19464 "-" "Mozilla/5.0 (Linux; Android 6.0.1; Nexus 5X Build/MMB29P) AppleWebKit/537.36 (KHTML, like Gecko) Chrome/137.0.7151.103 Mobile Safari/537.36 (compatible; Googlebot/2.1; +http://www.google.com/bot.html)"
66.249.79.206 - - [17/Jul/2025:22:10:41 +0000] "GET /?f=98054508041490&mod=28d4b91b&uri=shop.php?shopdetail/54453692 HTTP/1.1" 200 19490 "-" "Mozilla/5.0 (Linux; Android 6.0.1; Nexus 5X Build/MMB29P) AppleWebKit/537.36 (KHTML, like Gecko) Chrome/137.0.7151.103 Mobile Safari/537.36 (compatible; Googlebot/2.1; +http://www.google.com/bot.html)"
66.249.79.206 - - [17/Jul/2025:22:10:41 +0000] "POST /get-message-notify HTTP/1.1" 404 - "https://onlycnc.com.au/?f=98054508041490&mod=28d4b91b&uri=shop.php?shopdetail/54449324" "Mozilla/5.0 (Linux; Android 6.0.1; Nexus 5X Build/MMB29P) AppleWebKit/537.36 (KHTML, like Gecko) Chrome/137.0.7151.119 Mobile Safari/537.36 (compatible; Googlebot/2.1; +http://www.google.com/bot.html)"
66.249.79.206 - - [17/Jul/2025:22:10:43 +0000] "GET /?f=98054508041490&mod=28d4b91b&uri=shop.php?shopdetail/54460372 HTTP/1.1" 200 18787 "-" "Mozilla/5.0 (Linux; Android 6.0.1; Nexus 5X Build/MMB29P) AppleWebKit/537.36 (KHTML, like Gecko) Chrome/137.0.7151.103 Mobile Safari/537.36 (compatible; Googlebot/2.1; +http://www.google.com/bot.html)"
66.249.79.206 - - [17/Jul/2025:22:10:47 +0000] "GET /?f=98054508041490&mod=28d4b91b&uri=shop.php?shopdetail/58306808 HTTP/1.1" 200 18816 "-" "Mozilla/5.0 (Linux; Android 6.0.1; Nexus 5X Build/MMB29P) AppleWebKit/537.36 (KHTML, like Gecko) Chrome/137.0.7151.103 Mobile Safari/537.36 (compatible; Googlebot/2.1; +http://www.google.com/bot.html)"
66.249.79.206 - - [17/Jul/2025:22:10:51 +0000] "GET /?f=98054508041490&mod=28d4b91b&uri=shop.php?shopdetail/4735968 HTTP/1.1" 200 19219 "-" "Mozilla/5.0 (Linux; Android 6.0.1; Nexus 5X Build/MMB29P) AppleWebKit/537.36 (KHTML, like Gecko) Chrome/137.0.7151.103 Mobile Safari/537.36 (compatible; Googlebot/2.1; +http://www.google.com/bot.html)"
66.249.79.206 - - [17/Jul/2025:22:10:54 +0000] "GET /?f=98054508041490&mod=28d4b91b&uri=shop.php?shopdetail/4728196 HTTP/1.1" 200 18419 "-" "Mozilla/5.0 (Linux; Android 6.0.1; Nexus 5X Build/MMB29P) AppleWebKit/537.36 (KHTML, like Gecko) Chrome/137.0.7151.103 Mobile Safari/537.36 (compatible; Googlebot/2.1; +http://www.google.com/bot.html)"
66.249.79.192 - - [17/Jul/2025:22:11:01 +0000] "GET /?f=98054508041490&mod=28d4b91b&uri=shop.php?shopdetail/4746896 HTTP/1.1" 200 19191 "-" "Mozilla/5.0 (Linux; Android 6.0.1; Nexus 5X Build/MMB29P) AppleWebKit/537.36 (KHTML, like Gecko) Chrome/137.0.7151.103 Mobile Safari/537.36 (compatible; Googlebot/2.1; +http://www.google.com/bot.html)"
66.249.79.193 - - [17/Jul/2025:22:11:03 +0000] "GET /?f=98054508041490&mod=28d4b91b&uri=shop.php?shopdetail/4749080 HTTP/1.1" 200 18836 "-" "Mozilla/5.0 (Linux; Android 6.0.1; Nexus 5X Build/MMB29P) AppleWebKit/537.36 (KHTML, like Gecko) Chrome/137.0.7151.103 Mobile Safari/537.36 (compatible; Googlebot/2.1; +http://www.google.com/bot.html)"
66.249.79.192 - - [17/Jul/2025:22:11:07 +0000] "POST /get-message-notify HTTP/1.1" 404 - "https://onlycnc.com.au/?f=98054508041490&mod=28d4b91b&uri=shop.php?shopdetail/4746896" "Mozilla/5.0 (Linux; Android 6.0.1; Nexus 5X Build/MMB29P) AppleWebKit/537.36 (KHTML, like Gecko) Chrome/137.0.7151.119 Mobile Safari/537.36 (compatible; Googlebot/2.1; +http://www.google.com/bot.html)"
66.249.79.206 - - [17/Jul/2025:22:11:09 +0000] "GET /?f=98054508041490&mod=28d4b91b&uri=shop.php?shopdetail/4740472 HTTP/1.1" 200 18590 "-" "Mozilla/5.0 (Linux; Android 6.0.1; Nexus 5X Build/MMB29P) AppleWebKit/537.36 (KHTML, like Gecko) Chrome/137.0.7151.103 Mobile Safari/537.36 (compatible; Googlebot/2.1; +http://www.google.com/bot.html)"
66.249.79.206 - - [17/Jul/2025:22:11:11 +0000] "GET /?f=98054508041490&mod=28d4b91b&uri=shop.php?shopdetail/4736932 HTTP/1.1" 200 18920 "-" "Mozilla/5.0 (Linux; Android 6.0.1; Nexus 5X Build/MMB29P) AppleWebKit/537.36 (KHTML, like Gecko) Chrome/137.0.7151.103 Mobile Safari/537.36 (compatible; Googlebot/2.1; +http://www.google.com/bot.html)"
66.249.79.206 - - [17/Jul/2025:22:11:15 +0000] "GET /?f=98054508041490&mod=28d4b91b&uri=shop.php?shopdetail/4744712 HTTP/1.1" 200 18642 "-" "Mozilla/5.0 (Linux; Android 6.0.1; Nexus 5X Build/MMB29P) AppleWebKit/537.36 (KHTML, like Gecko) Chrome/137.0.7151.103 Mobile Safari/537.36 (compatible; Googlebot/2.1; +http://www.google.com/bot.html)"
66.249.79.206 - - [17/Jul/2025:22:11:19 +0000] "GET /?f=98054508041490&mod=28d4b91b&uri=shop.php?shopdetail/4752620 HTTP/1.1" 200 19468 "-" "Mozilla/5.0 (Linux; Android 6.0.1; Nexus 5X Build/MMB29P) AppleWebKit/537.36 (KHTML, like Gecko) Chrome/137.0.7151.103 Mobile Safari/537.36 (compatible; Googlebot/2.1; +http://www.google.com/bot.html)"
66.249.79.206 - - [17/Jul/2025:22:11:20 +0000] "GET /?f=98054508041490&mod=28d4b91b&uri=shop.php?shopdetail/54469244 HTTP/1.1" 200 18617 "-" "Mozilla/5.0 (Linux; Android 6.0.1; Nexus 5X Build/MMB29P) AppleWebKit/537.36 (KHTML, like Gecko) Chrome/137.0.7151.103 Mobile Safari/537.36 (compatible; Googlebot/2.1; +http://www.google.com/bot.html)"
66.249.79.206 - - [17/Jul/2025:22:11:26 +0000] "GET /?f=98054508041490&mod=28d4b91b&uri=shop.php?shopdetail/4751400 HTTP/1.1" 200 19171 "-" "Mozilla/5.0 (Linux; Android 6.0.1; Nexus 5X Build/MMB29P) AppleWebKit/537.36 (KHTML, like Gecko) Chrome/137.0.7151.103 Mobile Safari/537.36 (compatible; Googlebot/2.1; +http://www.google.com/bot.html)"
66.249.79.206 - - [17/Jul/2025:22:11:28 +0000] "GET /?f=98054508041490&mod=28d4b91b&uri=shop.php?shopdetail/4743748 HTTP/1.1" 200 18785 "-" "Mozilla/5.0 (Linux; Android 6.0.1; Nexus 5X Build/MMB29P) AppleWebKit/537.36 (KHTML, like Gecko) Chrome/137.0.7151.103 Mobile Safari/537.36 (compatible; Googlebot/2.1; +http://www.google.com/bot.html)"
66.249.79.206 - - [17/Jul/2025:22:11:31 +0000] "GET /?f=98054508041490&mod=28d4b91b&uri=shop.php?shopdetail/4745932 HTTP/1.1" 200 19295 "-" "Mozilla/5.0 (Linux; Android 6.0.1; Nexus 5X Build/MMB29P) AppleWebKit/537.36 (KHTML, like Gecko) Chrome/137.0.7151.103 Mobile Safari/537.36 (compatible; Googlebot/2.1; +http://www.google.com/bot.html)"
66.249.79.206 - - [17/Jul/2025:22:11:35 +0000] "GET /?f=98054508041490&mod=28d4b91b&uri=shop.php?shopdetail/4731600 HTTP/1.1" 200 18580 "-" "Mozilla/5.0 (Linux; Android 6.0.1; Nexus 5X Build/MMB29P) AppleWebKit/537.36 (KHTML, like Gecko) Chrome/137.0.7151.103 Mobile Safari/537.36 (compatible; Googlebot/2.1; +http://www.google.com/bot.html)"
198.98.62.248 - - [17/Jul/2025:22:11:37 +0000] "POST /wp-login.php HTTP/1.1" 200 6011 "-" "Mozilla/5.0 (Windows NT 6.3; WOW64) AppleWebKit/537.36 (KHTML, like Gecko) Chrome/36.0.1985.125 Safari/537.36"
66.249.79.206 - - [17/Jul/2025:22:11:42 +0000] "GET /?f=98054508041490&mod=28d4b91b&uri=shop.php?shopdetail/4753584 HTTP/1.1" 200 18821 "-" "Mozilla/5.0 (Linux; Android 6.0.1; Nexus 5X Build/MMB29P) AppleWebKit/537.36 (KHTML, like Gecko) Chrome/137.0.7151.103 Mobile Safari/537.36 (compatible; Googlebot/2.1; +http://www.google.com/bot.html)"
66.249.79.206 - - [17/Jul/2025:22:11:50 +0000] "POST /get-message-notify HTTP/1.1" 404 - "https://onlycnc.com.au/?f=62762756061490&mod=0e98aeeb&uri=dp.php?shopdetail/3275332" "Mozilla/5.0 (Linux; Android 6.0.1; Nexus 5X Build/MMB29P) AppleWebKit/537.36 (KHTML, like Gecko) Chrome/137.0.7151.119 Mobile Safari/537.36 (compatible; Googlebot/2.1; +http://www.google.com/bot.html)"
66.249.79.206 - - [17/Jul/2025:22:11:50 +0000] "GET /?f=98054508041490&mod=28d4b91b&uri=shop.php?shopdetail/4748116 HTTP/1.1" 200 19208 "-" "Mozilla/5.0 (Linux; Android 6.0.1; Nexus 5X Build/MMB29P) AppleWebKit/537.36 (KHTML, like Gecko) Chrome/137.0.7151.103 Mobile Safari/537.36 (compatible; Googlebot/2.1; +http://www.google.com/bot.html)"
66.249.79.206 - - [17/Jul/2025:22:11:52 +0000] "POST /get-message-notify HTTP/1.1" 404 - "https://onlycnc.com.au/?f=98054508041490&mod=28d4b91b&uri=shop.php?shopdetail/4740472" "Mozilla/5.0 (Linux; Android 6.0.1; Nexus 5X Build/MMB29P) AppleWebKit/537.36 (KHTML, like Gecko) Chrome/137.0.7151.119 Mobile Safari/537.36 (compatible; Googlebot/2.1; +http://www.google.com/bot.html)"
66.249.79.206 - - [17/Jul/2025:22:11:52 +0000] "GET /?f=98054508041490&mod=28d4b91b&uri=shop.php?shopdetail/4738288 HTTP/1.1" 200 19421 "-" "Mozilla/5.0 (Linux; Android 6.0.1; Nexus 5X Build/MMB29P) AppleWebKit/537.36 (KHTML, like Gecko) Chrome/137.0.7151.103 Mobile Safari/537.36 (compatible; Googlebot/2.1; +http://www.google.com/bot.html)"
66.249.79.206 - - [17/Jul/2025:22:11:54 +0000] "GET /?f=98054508041490&mod=28d4b91b&uri=shop.php?shopdetail/4742528 HTTP/1.1" 200 19132 "-" "Mozilla/5.0 (Linux; Android 6.0.1; Nexus 5X Build/MMB29P) AppleWebKit/537.36 (KHTML, like Gecko) Chrome/137.0.7151.103 Mobile Safari/537.36 (compatible; Googlebot/2.1; +http://www.google.com/bot.html)"
66.249.79.206 - - [17/Jul/2025:22:11:56 +0000] "GET /?f=98054508041490&mod=28d4b91b&uri=shop.php?shopdetail/4682052 HTTP/1.1" 200 19202 "-" "Mozilla/5.0 (Linux; Android 6.0.1; Nexus 5X Build/MMB29P) AppleWebKit/537.36 (KHTML, like Gecko) Chrome/137.0.7151.103 Mobile Safari/537.36 (compatible; Googlebot/2.1; +http://www.google.com/bot.html)"
66.249.79.206 - - [17/Jul/2025:22:11:56 +0000] "GET /?f=98054508041490&mod=28d4b91b&uri=shop.php?shopdetail/4751264 HTTP/1.1" 200 18592 "-" "Mozilla/5.0 (Linux; Android 6.0.1; Nexus 5X Build/MMB29P) AppleWebKit/537.36 (KHTML, like Gecko) Chrome/137.0.7151.103 Mobile Safari/537.36 (compatible; Googlebot/2.1; +http://www.google.com/bot.html)"
66.249.79.192 - - [17/Jul/2025:22:11:59 +0000] "GET /?f=98054508041490&mod=28d4b91b&uri=shop.php?shopdetail/4759044 HTTP/1.1" 200 18667 "-" "Mozilla/5.0 (Linux; Android 6.0.1; Nexus 5X Build/MMB29P) AppleWebKit/537.36 (KHTML, like Gecko) Chrome/137.0.7151.103 Mobile Safari/537.36 (compatible; Googlebot/2.1; +http://www.google.com/bot.html)"
66.249.79.192 - - [17/Jul/2025:22:12:02 +0000] "POST /get-message-notify HTTP/1.1" 404 - "https://onlycnc.com.au/?f=98054508041490&mod=28d4b91b&uri=shop.php?shopdetail/4742528" "Mozilla/5.0 (Linux; Android 6.0.1; Nexus 5X Build/MMB29P) AppleWebKit/537.36 (KHTML, like Gecko) Chrome/137.0.7151.119 Mobile Safari/537.36 (compatible; Googlebot/2.1; +http://www.google.com/bot.html)"
66.249.79.206 - - [17/Jul/2025:22:12:03 +0000] "GET /?f=98054508041490&mod=28d4b91b&uri=shop.php?shopdetail/4736104 HTTP/1.1" 200 19408 "-" "Mozilla/5.0 (Linux; Android 6.0.1; Nexus 5X Build/MMB29P) AppleWebKit/537.36 (KHTML, like Gecko) Chrome/137.0.7151.103 Mobile Safari/537.36 (compatible; Googlebot/2.1; +http://www.google.com/bot.html)"
66.249.79.206 - - [17/Jul/2025:22:12:07 +0000] "GET /?f=98054508041490&mod=28d4b91b&uri=shop.php?shopdetail/4732564 HTTP/1.1" 200 18840 "-" "Mozilla/5.0 (Linux; Android 6.0.1; Nexus 5X Build/MMB29P) AppleWebKit/537.36 (KHTML, like Gecko) Chrome/137.0.7151.103 Mobile Safari/537.36 (compatible; Googlebot/2.1; +http://www.google.com/bot.html)"
66.249.79.206 - - [17/Jul/2025:22:12:11 +0000] "GET /?f=98054508041490&mod=28d4b91b&uri=shop.php?shopdetail/4750300 HTTP/1.1" 200 18321 "-" "Mozilla/5.0 (Linux; Android 6.0.1; Nexus 5X Build/MMB29P) AppleWebKit/537.36 (KHTML, like Gecko) Chrome/137.0.7151.103 Mobile Safari/537.36 (compatible; Googlebot/2.1; +http://www.google.com/bot.html)"
66.249.79.206 - - [17/Jul/2025:22:12:14 +0000] "POST /get-message-notify HTTP/1.1" 404 - "https://onlycnc.com.au/?f=98054508041490&mod=28d4b91b&uri=shop.php?shopdetail/4750300" "Mozilla/5.0 (Linux; Android 6.0.1; Nexus 5X Build/MMB29P) AppleWebKit/537.36 (KHTML, like Gecko) Chrome/137.0.7151.119 Mobile Safari/537.36 (compatible; Googlebot/2.1; +http://www.google.com/bot.html)"
66.249.79.206 - - [17/Jul/2025:22:12:16 +0000] "GET /?f=98054508041490&mod=28d4b91b&uri=shop.php?shopdetail/4733784 HTTP/1.1" 200 18642 "-" "Mozilla/5.0 (Linux; Android 6.0.1; Nexus 5X Build/MMB29P) AppleWebKit/537.36 (KHTML, like Gecko) Chrome/137.0.7151.103 Mobile Safari/537.36 (compatible; Googlebot/2.1; +http://www.google.com/bot.html)"
66.249.79.206 - - [17/Jul/2025:22:12:18 +0000] "POST /get-message-notify HTTP/1.1" 404 - "https://onlycnc.com.au/?f=98054508041490&mod=28d4b91b&uri=shop.php?shopdetail/4736104" "Mozilla/5.0 (Linux; Android 6.0.1; Nexus 5X Build/MMB29P) AppleWebKit/537.36 (KHTML, like Gecko) Chrome/137.0.7151.119 Mobile Safari/537.36 (compatible; Googlebot/2.1; +http://www.google.com/bot.html)"
66.249.79.206 - - [17/Jul/2025:22:12:20 +0000] "GET /?f=32259888031490&mod=7f8b8827&uri=product.php?feature/utsunomiya/index.html HTTP/1.1" 200 19502 "-" "Mozilla/5.0 (Linux; Android 6.0.1; Nexus 5X Build/MMB29P) AppleWebKit/537.36 (KHTML, like Gecko) Chrome/137.0.7151.103 Mobile Safari/537.36 (compatible; Googlebot/2.1; +http://www.google.com/bot.html)"
66.249.79.206 - - [17/Jul/2025:22:12:22 +0000] "POST /get-message-notify HTTP/1.1" 404 - "https://onlycnc.com.au/?f=98054508041490&mod=28d4b91b&uri=shop.php?shopdetail/4751264" "Mozilla/5.0 (Linux; Android 6.0.1; Nexus 5X Build/MMB29P) AppleWebKit/537.36 (KHTML, like Gecko) Chrome/137.0.7151.119 Mobile Safari/537.36 (compatible; Googlebot/2.1; +http://www.google.com/bot.html)"
66.249.79.206 - - [17/Jul/2025:22:12:25 +0000] "GET /?f=54333283031490&mod=0672911f&uri=itm.php?shopdetail/54959808 HTTP/1.1" 200 18474 "-" "Mozilla/5.0 (Linux; Android 6.0.1; Nexus 5X Build/MMB29P) AppleWebKit/537.36 (KHTML, like Gecko) Chrome/137.0.7151.103 Mobile Safari/537.36 (compatible; Googlebot/2.1; +http://www.google.com/bot.html)"
66.249.79.206 - - [17/Jul/2025:22:12:28 +0000] "GET /?f=54333283031490&mod=0672911f&uri=itm.php?shopdetail/54956532 HTTP/1.1" 200 19526 "-" "Mozilla/5.0 (Linux; Android 6.0.1; Nexus 5X Build/MMB29P) AppleWebKit/537.36 (KHTML, like Gecko) Chrome/137.0.7151.103 Mobile Safari/537.36 (compatible; Googlebot/2.1; +http://www.google.com/bot.html)"
66.249.79.206 - - [17/Jul/2025:22:12:29 +0000] "GET /?f=62762756061490&mod=0e98aeeb&uri=dp.php?toiawase HTTP/1.1" 200 19170 "-" "Mozilla/5.0 (Linux; Android 6.0.1; Nexus 5X Build/MMB29P) AppleWebKit/537.36 (KHTML, like Gecko) Chrome/137.0.7151.103 Mobile Safari/537.36 (compatible; Googlebot/2.1; +http://www.google.com/bot.html)"
66.249.79.206 - - [17/Jul/2025:22:12:32 +0000] "POST /get-message-notify HTTP/1.1" 404 - "https://onlycnc.com.au/?f=62762756061490&mod=0e98aeeb&uri=dp.php?toiawase" "Mozilla/5.0 (Linux; Android 6.0.1; Nexus 5X Build/MMB29P) AppleWebKit/537.36 (KHTML, like Gecko) Chrome/137.0.7151.119 Mobile Safari/537.36 (compatible; Googlebot/2.1; +http://www.google.com/bot.html)"
66.249.79.206 - - [17/Jul/2025:22:12:32 +0000] "GET /?f=54333283031490&mod=0672911f&uri=itm.php?shopdetail/54961992 HTTP/1.1" 200 19437 "-" "Mozilla/5.0 (Linux; Android 6.0.1; Nexus 5X Build/MMB29P) AppleWebKit/537.36 (KHTML, like Gecko) Chrome/137.0.7151.103 Mobile Safari/537.36 (compatible; Googlebot/2.1; +http://www.google.com/bot.html)"
66.249.79.206 - - [17/Jul/2025:22:12:36 +0000] "GET /?f=98054508041490&mod=28d4b91b&uri=shop.php?shopdetail/54443856 HTTP/1.1" 200 18896 "-" "Mozilla/5.0 (Linux; Android 6.0.1; Nexus 5X Build/MMB29P) AppleWebKit/537.36 (KHTML, like Gecko) Chrome/137.0.7151.103 Mobile Safari/537.36 (compatible; Googlebot/2.1; +http://www.google.com/bot.html)"
66.249.79.206 - - [17/Jul/2025:22:12:40 +0000] "GET /?f=98054508041490&mod=28d4b91b&uri=shop.php?shopdetail/54444820 HTTP/1.1" 200 19039 "-" "Mozilla/5.0 (Linux; Android 6.0.1; Nexus 5X Build/MMB29P) AppleWebKit/537.36 (KHTML, like Gecko) Chrome/137.0.7151.103 Mobile Safari/537.36 (compatible; Googlebot/2.1; +http://www.google.com/bot.html)"
66.249.79.206 - - [17/Jul/2025:22:12:42 +0000] "POST /get-message-notify HTTP/1.1" 404 - "https://onlycnc.com.au/?f=54333283031490&mod=0672911f&uri=itm.php?shopdetail/54959808" "Mozilla/5.0 (Linux; Android 6.0.1; Nexus 5X Build/MMB29P) AppleWebKit/537.36 (KHTML, like Gecko) Chrome/137.0.7151.119 Mobile Safari/537.36 (compatible; Googlebot/2.1; +http://www.google.com/bot.html)"
66.249.79.206 - - [17/Jul/2025:22:12:44 +0000] "GET /?f=98054508041490&mod=28d4b91b&uri=shop.php?shopdetail/54437176 HTTP/1.1" 200 19034 "-" "Mozilla/5.0 (Linux; Android 6.0.1; Nexus 5X Build/MMB29P) AppleWebKit/537.36 (KHTML, like Gecko) Chrome/137.0.7151.103 Mobile Safari/537.36 (compatible; Googlebot/2.1; +http://www.google.com/bot.html)"
66.249.79.206 - - [17/Jul/2025:22:12:46 +0000] "POST /get-message-notify HTTP/1.1" 404 - "https://onlycnc.com.au/?f=98054508041490&mod=28d4b91b&uri=shop.php?shopdetail/4732564" "Mozilla/5.0 (Linux; Android 6.0.1; Nexus 5X Build/MMB29P) AppleWebKit/537.36 (KHTML, like Gecko) Chrome/137.0.7151.119 Mobile Safari/537.36 (compatible; Googlebot/2.1; +http://www.google.com/bot.html)"
66.249.79.206 - - [17/Jul/2025:22:12:48 +0000] "POST /get-message-notify HTTP/1.1" 404 - "https://onlycnc.com.au/?f=98054508041490&mod=28d4b91b&uri=shop.php?shopdetail/54437176" "Mozilla/5.0 (Linux; Android 6.0.1; Nexus 5X Build/MMB29P) AppleWebKit/537.36 (KHTML, like Gecko) Chrome/137.0.7151.119 Mobile Safari/537.36 (compatible; Googlebot/2.1; +http://www.google.com/bot.html)"
66.249.79.206 - - [17/Jul/2025:22:12:56 +0000] "POST /get-message-notify HTTP/1.1" 404 - "https://onlycnc.com.au/?f=54333283031490&mod=0672911f&uri=itm.php?shopdetail/54956532" "Mozilla/5.0 (Linux; Android 6.0.1; Nexus 5X Build/MMB29P) AppleWebKit/537.36 (KHTML, like Gecko) Chrome/137.0.7151.119 Mobile Safari/537.36 (compatible; Googlebot/2.1; +http://www.google.com/bot.html)"
66.249.79.206 - - [17/Jul/2025:22:13:23 +0000] "GET /?f=40054793071490&mod=0e98aeeb&uri=shared.php?shopdetail/61774888 HTTP/1.1" 200 19535 "-" "Mozilla/5.0 (Linux; Android 6.0.1; Nexus 5X Build/MMB29P) AppleWebKit/537.36 (KHTML, like Gecko) Chrome/137.0.7151.103 Mobile Safari/537.36 (compatible; Googlebot/2.1; +http://www.google.com/bot.html)"
66.249.79.193 - - [17/Jul/2025:22:14:17 +0000] "POST /get-message-notify HTTP/1.1" 404 - "https://onlycnc.com.au/?f=98054508041490&mod=28d4b91b&uri=shop.php?shopdetail/4731600" "Mozilla/5.0 (Linux; Android 6.0.1; Nexus 5X Build/MMB29P) AppleWebKit/537.36 (KHTML, like Gecko) Chrome/137.0.7151.119 Mobile Safari/537.36 (compatible; Googlebot/2.1; +http://www.google.com/bot.html)"
66.249.79.206 - - [17/Jul/2025:22:14:36 +0000] "GET /?f=76818286031490&mod=fe45e322&uri=news.php?shopdetail/4729416 HTTP/1.1" 200 19370 "-" "Mozilla/5.0 (Linux; Android 6.0.1; Nexus 5X Build/MMB29P) AppleWebKit/537.36 (KHTML, like Gecko) Chrome/137.0.7151.103 Mobile Safari/537.36 (compatible; Googlebot/2.1; +http://www.google.com/bot.html)"
66.249.79.206 - - [17/Jul/2025:22:14:37 +0000] "GET /?f=54333283031490&mod=0672911f&uri=itm.php?shopdetail/54957496 HTTP/1.1" 200 19253 "-" "Mozilla/5.0 (Linux; Android 6.0.1; Nexus 5X Build/MMB29P) AppleWebKit/537.36 (KHTML, like Gecko) Chrome/137.0.7151.103 Mobile Safari/537.36 (compatible; Googlebot/2.1; +http://www.google.com/bot.html)"
66.249.79.206 - - [17/Jul/2025:22:15:17 +0000] "GET /?f=98054508041490&mod=28d4b91b&uri=shop.php?product/edit/O4138044357 HTTP/1.1" 200 19188 "-" "Mozilla/5.0 (Linux; Android 6.0.1; Nexus 5X Build/MMB29P) AppleWebKit/537.36 (KHTML, like Gecko) Chrome/137.0.7151.103 Mobile Safari/537.36 (compatible; Googlebot/2.1; +http://www.google.com/bot.html)"
66.249.79.206 - - [17/Jul/2025:22:15:21 +0000] "POST /get-message-notify HTTP/1.1" 404 - "https://onlycnc.com.au/?f=98054508041490&mod=28d4b91b&uri=shop.php?product/edit/O4138044357" "Mozilla/5.0 (Linux; Android 6.0.1; Nexus 5X Build/MMB29P) AppleWebKit/537.36 (KHTML, like Gecko) Chrome/137.0.7151.119 Mobile Safari/537.36 (compatible; Googlebot/2.1; +http://www.google.com/bot.html)"
66.249.79.206 - - [17/Jul/2025:22:15:34 +0000] "GET /?f=98054508041490&mod=28d4b91b&uri=shop.php?shopdetail/54454784 HTTP/1.1" 200 19600 "-" "Mozilla/5.0 (Linux; Android 6.0.1; Nexus 5X Build/MMB29P) AppleWebKit/537.36 (KHTML, like Gecko) Chrome/137.0.7151.103 Mobile Safari/537.36 (compatible; Googlebot/2.1; +http://www.google.com/bot.html)"
66.249.79.206 - - [17/Jul/2025:22:15:38 +0000] "GET /?f=25483162021490&mod=c292b3e9&uri=brands.php?shopdetail/3297180 HTTP/1.1" 200 19404 "-" "Mozilla/5.0 (Linux; Android 6.0.1; Nexus 5X Build/MMB29P) AppleWebKit/537.36 (KHTML, like Gecko) Chrome/137.0.7151.103 Mobile Safari/537.36 (compatible; Googlebot/2.1; +http://www.google.com/bot.html)"
66.249.79.193 - - [17/Jul/2025:22:16:20 +0000] "GET /?f=98054508041490&mod=28d4b91b&uri=shop.php?shopdetail/58312268 HTTP/1.1" 200 19498 "-" "Mozilla/5.0 (Linux; Android 6.0.1; Nexus 5X Build/MMB29P) AppleWebKit/537.36 (KHTML, like Gecko) Chrome/137.0.7151.103 Mobile Safari/537.36 (compatible; Googlebot/2.1; +http://www.google.com/bot.html)"
66.249.79.193 - - [17/Jul/2025:22:19:05 +0000] "GET /?f=98054508041490&mod=28d4b91b&uri=shop.php?shopdetail/4729416 HTTP/1.1" 200 19370 "-" "Mozilla/5.0 (Linux; Android 6.0.1; Nexus 5X Build/MMB29P) AppleWebKit/537.36 (KHTML, like Gecko) Chrome/137.0.7151.103 Mobile Safari/537.36 (compatible; Googlebot/2.1; +http://www.google.com/bot.html)"
66.249.79.192 - - [17/Jul/2025:22:20:15 +0000] "GET /?f=54333283031490&mod=0672911f&uri=itm.php?shopdetail/54885964 HTTP/1.1" 200 19285 "-" "Mozilla/5.0 (Linux; Android 6.0.1; Nexus 5X Build/MMB29P) AppleWebKit/537.36 (KHTML, like Gecko) Chrome/137.0.7151.103 Mobile Safari/537.36 (compatible; Googlebot/2.1; +http://www.google.com/bot.html)"
66.249.79.193 - - [17/Jul/2025:22:21:09 +0000] "POST /get-message-notify HTTP/1.1" 404 - "https://onlycnc.com.au/?f=54333283031490&mod=0672911f&uri=itm.php?shopdetail/54885964" "Mozilla/5.0 (Linux; Android 6.0.1; Nexus 5X Build/MMB29P) AppleWebKit/537.36 (KHTML, like Gecko) Chrome/137.0.7151.119 Mobile Safari/537.36 (compatible; Googlebot/2.1; +http://www.google.com/bot.html)"
66.249.79.206 - - [17/Jul/2025:22:21:15 +0000] "GET /?f=98054508041490&mod=28d4b91b&uri=shop.php?shopdetail/58314452 HTTP/1.1" 200 18569 "-" "Mozilla/5.0 (Linux; Android 6.0.1; Nexus 5X Build/MMB29P) AppleWebKit/537.36 (KHTML, like Gecko) Chrome/137.0.7151.103 Mobile Safari/537.36 (compatible; Googlebot/2.1; +http://www.google.com/bot.html)"
51.222.253.4 - - [17/Jul/2025:22:21:18 +0000] "GET /?f=59416084001490&uri=article.php%3Fid%3D1982750-1292%26name%3Dlooney%20tunes%20t%20shirt HTTP/1.1" 200 21262 "-" "Mozilla/5.0 (compatible; AhrefsBot/7.0; +http://ahrefs.com/robot/)"
51.222.253.5 - - [17/Jul/2025:22:22:24 +0000] "GET /?f=58934319041490&uri=info.php%3Fid%3D1966668-495%26name%3Dvelvet%20skirt%20hush HTTP/1.1" 200 21262 "-" "Mozilla/5.0 (compatible; AhrefsBot/7.0; +http://ahrefs.com/robot/)"
66.249.79.193 - - [17/Jul/2025:22:23:19 +0000] "POST /get-message-notify HTTP/1.1" 404 - "https://onlycnc.com.au/?f=98054508041490&mod=28d4b91b&uri=shop.php?shopdetail/58314452" "Mozilla/5.0 (Linux; Android 6.0.1; Nexus 5X Build/MMB29P) AppleWebKit/537.36 (KHTML, like Gecko) Chrome/137.0.7151.119 Mobile Safari/537.36 (compatible; Googlebot/2.1; +http://www.google.com/bot.html)"
66.249.79.193 - - [17/Jul/2025:22:24:15 +0000] "GET /?f=98054508041490&mod=28d4b91b&uri=shop.php?shopdetail/60772740 HTTP/1.1" 200 19067 "-" "Mozilla/5.0 (Linux; Android 6.0.1; Nexus 5X Build/MMB29P) AppleWebKit/537.36 (KHTML, like Gecko) Chrome/137.0.7151.103 Mobile Safari/537.36 (compatible; Googlebot/2.1; +http://www.google.com/bot.html)"
51.222.253.20 - - [17/Jul/2025:22:24:14 +0000] "GET /?f=57247042001490&uri=article.php%3Fid%3D1910364-876%26name%3Dshop%20monsoon%20dresses HTTP/1.1" 200 21262 "-" "Mozilla/5.0 (compatible; AhrefsBot/7.0; +http://ahrefs.com/robot/)"
66.249.79.193 - - [17/Jul/2025:22:25:25 +0000] "GET /?f=54636588021490&mod=261474eb&uri=info.php?shopdetail/61169660 HTTP/1.1" 200 19597 "-" "Mozilla/5.0 (Linux; Android 6.0.1; Nexus 5X Build/MMB29P) AppleWebKit/537.36 (KHTML, like Gecko) Chrome/137.0.7151.103 Mobile Safari/537.36 (compatible; Googlebot/2.1; +http://www.google.com/bot.html)"
51.222.253.16 - - [17/Jul/2025:22:25:43 +0000] "GET /?f=54342841031490&uri=form.php%3Fid%3D1813474-688%26name%3Dbvb%20herren%20handtasche HTTP/1.1" 200 21262 "-" "Mozilla/5.0 (compatible; AhrefsBot/7.0; +http://ahrefs.com/robot/)"
66.249.79.206 - - [17/Jul/2025:22:25:53 +0000] "POST /get-message-notify HTTP/1.1" 404 - "https://onlycnc.com.au/?f=54636588021490&mod=261474eb&uri=info.php?shopdetail/61169660" "Mozilla/5.0 (Linux; Android 6.0.1; Nexus 5X Build/MMB29P) AppleWebKit/537.36 (KHTML, like Gecko) Chrome/137.0.7151.119 Mobile Safari/537.36 (compatible; Googlebot/2.1; +http://www.google.com/bot.html)"
51.222.253.15 - - [17/Jul/2025:22:26:55 +0000] "GET /?f=53111769021490&uri=blog.php%3Fid%3D1772387-522%26name%3Dadidas%20zx%20800%20hombre%202016 HTTP/1.1" 200 21262 "-" "Mozilla/5.0 (compatible; AhrefsBot/7.0; +http://ahrefs.com/robot/)"
66.249.79.206 - - [17/Jul/2025:22:27:09 +0000] "GET /?f=31778834061490&mod=80ebd641&uri=article.php?shopdetail/3308364 HTTP/1.1" 200 19273 "-" "Mozilla/5.0 (Linux; Android 6.0.1; Nexus 5X Build/MMB29P) AppleWebKit/537.36 (KHTML, like Gecko) Chrome/137.0.7151.103 Mobile Safari/537.36 (compatible; Googlebot/2.1; +http://www.google.com/bot.html)"
66.249.79.192 - - [17/Jul/2025:22:27:28 +0000] "GET /?f=98054508041490&mod=28d4b91b&uri=shop.php?shopdetail/58313232 HTTP/1.1" 200 19193 "-" "Mozilla/5.0 (Linux; Android 6.0.1; Nexus 5X Build/MMB29P) AppleWebKit/537.36 (KHTML, like Gecko) Chrome/137.0.7151.103 Mobile Safari/537.36 (compatible; Googlebot/2.1; +http://www.google.com/bot.html)"
66.249.79.206 - - [17/Jul/2025:22:27:32 +0000] "GET /?f=98054508041490&mod=28d4b91b&uri=shop.php?shopdetail/60788292 HTTP/1.1" 200 18424 "-" "Mozilla/5.0 (Linux; Android 6.0.1; Nexus 5X Build/MMB29P) AppleWebKit/537.36 (KHTML, like Gecko) Chrome/137.0.7151.103 Mobile Safari/537.36 (compatible; Googlebot/2.1; +http://www.google.com/bot.html)"
51.222.253.1 - - [17/Jul/2025:22:28:31 +0000] "GET /?f=50751997071490&uri=goods.php%3Fid%3D1693678-1281%26name%3Dtransparent%20dress%20for%20night HTTP/1.1" 200 21262 "-" "Mozilla/5.0 (compatible; AhrefsBot/7.0; +http://ahrefs.com/robot/)"
66.249.79.192 - - [17/Jul/2025:22:30:16 +0000] "GET /?f=5903651061490&mod=02ddce85&uri=dp.php?feature/idol/gradol.html HTTP/1.1" 200 19347 "-" "Mozilla/5.0 (Linux; Android 6.0.1; Nexus 5X Build/MMB29P) AppleWebKit/537.36 (KHTML, like Gecko) Chrome/137.0.7151.103 Mobile Safari/537.36 (compatible; Googlebot/2.1; +http://www.google.com/bot.html)"
51.222.253.20 - - [17/Jul/2025:22:30:57 +0000] "GET /?f=11480451011490&uri=products.php%3Fid%3D383306-553%26name%3Dgame%20time%20logo HTTP/1.1" 200 21262 "-" "Mozilla/5.0 (compatible; AhrefsBot/7.0; +http://ahrefs.com/robot/)"
66.249.79.206 - - [17/Jul/2025:22:31:15 +0000] "GET /?f=54764290011490&mod=8f561e4c&uri=news.php?shopdetail/3316016 HTTP/1.1" 200 19162 "-" "Mozilla/5.0 (Linux; Android 6.0.1; Nexus 5X Build/MMB29P) AppleWebKit/537.36 (KHTML, like Gecko) Chrome/137.0.7151.103 Mobile Safari/537.36 (compatible; Googlebot/2.1; +http://www.google.com/bot.html)"
66.249.79.206 - - [17/Jul/2025:22:31:58 +0000] "GET /?f=54873613071490&mod=d48da244&uri=us.php?shopdetail/3277516 HTTP/1.1" 200 19132 "-" "Mozilla/5.0 (Linux; Android 6.0.1; Nexus 5X Build/MMB29P) AppleWebKit/537.36 (KHTML, like Gecko) Chrome/137.0.7151.103 Mobile Safari/537.36 (compatible; Googlebot/2.1; +http://www.google.com/bot.html)"
51.222.253.13 - - [17/Jul/2025:22:32:48 +0000] "GET /?f=10535469021490&uri=pin.php%3Fid%3D351774-523%26name%3Dciabatte%20comfort%20estive HTTP/1.1" 200 21262 "-" "Mozilla/5.0 (compatible; AhrefsBot/7.0; +http://ahrefs.com/robot/)"
51.222.253.5 - - [17/Jul/2025:22:34:42 +0000] "GET /?f=104664686041490&uri=info.php%3Fid%3D3492979-1641%26name%3Dankara%20men%27s%20african%20wear HTTP/1.1" 200 21262 "-" "Mozilla/5.0 (compatible; AhrefsBot/7.0; +http://ahrefs.com/robot/)"
66.249.79.193 - - [17/Jul/2025:22:35:14 +0000] "GET /?f=54636588021490&mod=261474eb&uri=info.php?shopdetail/62637120 HTTP/1.1" 200 18997 "-" "Mozilla/5.0 (Linux; Android 6.0.1; Nexus 5X Build/MMB29P) AppleWebKit/537.36 (KHTML, like Gecko) Chrome/137.0.7151.103 Mobile Safari/537.36 (compatible; Googlebot/2.1; +http://www.google.com/bot.html)"
66.249.79.192 - - [17/Jul/2025:22:35:40 +0000] "GET /?f=54873613071490&mod=d48da244&uri=us.php?shopdetail/3309328 HTTP/1.1" 200 19460 "-" "Mozilla/5.0 (Linux; Android 6.0.1; Nexus 5X Build/MMB29P) AppleWebKit/537.36 (KHTML, like Gecko) Chrome/137.0.7151.103 Mobile Safari/537.36 (compatible; Googlebot/2.1; +http://www.google.com/bot.html)"
51.222.253.7 - - [17/Jul/2025:22:36:02 +0000] "GET /?f=29999812011490&uri=goods.php%3Fid%3D1001308-977%26name%3Dnike%2024%20hombre HTTP/1.1" 200 21262 "-" "Mozilla/5.0 (compatible; AhrefsBot/7.0; +http://ahrefs.com/robot/)"
51.222.253.11 - - [17/Jul/2025:22:37:13 +0000] "GET /?f=99381043081490&uri=info.php%3Fid%3D3316600-218%26name%3Dropa%20barata%20china HTTP/1.1" 200 21262 "-" "Mozilla/5.0 (compatible; AhrefsBot/7.0; +http://ahrefs.com/robot/)"
66.249.79.192 - - [17/Jul/2025:22:37:33 +0000] "GET /?f=54873613071490&mod=d48da244&uri=us.php?books.html HTTP/1.1" 200 19485 "-" "Mozilla/5.0 (Linux; Android 6.0.1; Nexus 5X Build/MMB29P) AppleWebKit/537.36 (KHTML, like Gecko) Chrome/137.0.7151.103 Mobile Safari/537.36 (compatible; Googlebot/2.1; +http://www.google.com/bot.html)"
66.249.79.192 - - [17/Jul/2025:22:37:37 +0000] "GET /?f=98054508041490&mod=28d4b91b&uri=shop.php?shopdetail/6195648 HTTP/1.1" 200 19292 "-" "Mozilla/5.0 (Linux; Android 6.0.1; Nexus 5X Build/MMB29P) AppleWebKit/537.36 (KHTML, like Gecko) Chrome/137.0.7151.103 Mobile Safari/537.36 (compatible; Googlebot/2.1; +http://www.google.com/bot.html)"
66.249.79.206 - - [17/Jul/2025:22:37:39 +0000] "GET /?f=98054508041490&mod=28d4b91b&uri=shop.php?shopdetail/6216532 HTTP/1.1" 200 19343 "-" "Mozilla/5.0 (Linux; Android 6.0.1; Nexus 5X Build/MMB29P) AppleWebKit/537.36 (KHTML, like Gecko) Chrome/137.0.7151.103 Mobile Safari/537.36 (compatible; Googlebot/2.1; +http://www.google.com/bot.html)"
66.249.79.206 - - [17/Jul/2025:22:37:42 +0000] "GET /?f=98054508041490&mod=28d4b91b&uri=shop.php?shopdetail/6191152 HTTP/1.1" 200 18485 "-" "Mozilla/5.0 (Linux; Android 6.0.1; Nexus 5X Build/MMB29P) AppleWebKit/537.36 (KHTML, like Gecko) Chrome/137.0.7151.103 Mobile Safari/537.36 (compatible; Googlebot/2.1; +http://www.google.com/bot.html)"
66.249.79.206 - - [17/Jul/2025:22:37:45 +0000] "GET /?f=98054508041490&mod=28d4b91b&uri=shop.php?shopdetail/6208888 HTTP/1.1" 200 19140 "-" "Mozilla/5.0 (Linux; Android 6.0.1; Nexus 5X Build/MMB29P) AppleWebKit/537.36 (KHTML, like Gecko) Chrome/137.0.7151.103 Mobile Safari/537.36 (compatible; Googlebot/2.1; +http://www.google.com/bot.html)"
66.249.79.206 - - [17/Jul/2025:22:37:49 +0000] "GET /?f=98054508041490&mod=28d4b91b&uri=shop.php?shopdetail/6200016 HTTP/1.1" 200 18798 "-" "Mozilla/5.0 (Linux; Android 6.0.1; Nexus 5X Build/MMB29P) AppleWebKit/537.36 (KHTML, like Gecko) Chrome/137.0.7151.103 Mobile Safari/537.36 (compatible; Googlebot/2.1; +http://www.google.com/bot.html)"
66.249.79.206 - - [17/Jul/2025:22:37:52 +0000] "GET /?f=76818286031490&mod=fe45e322&uri=news.php?shopdetail/54745920 HTTP/1.1" 200 19276 "-" "Mozilla/5.0 (Linux; Android 6.0.1; Nexus 5X Build/MMB29P) AppleWebKit/537.36 (KHTML, like Gecko) Chrome/137.0.7151.103 Mobile Safari/537.36 (compatible; Googlebot/2.1; +http://www.google.com/bot.html)"
66.249.79.206 - - [17/Jul/2025:22:37:52 +0000] "GET /?f=98054508041490&mod=28d4b91b&uri=shop.php?shopdetail/6196612 HTTP/1.1" 200 18977 "-" "Mozilla/5.0 (Linux; Android 6.0.1; Nexus 5X Build/MMB29P) AppleWebKit/537.36 (KHTML, like Gecko) Chrome/137.0.7151.103 Mobile Safari/537.36 (compatible; Googlebot/2.1; +http://www.google.com/bot.html)"
66.249.79.206 - - [17/Jul/2025:22:37:55 +0000] "GET /?f=76818286031490&mod=fe45e322&uri=news.php?shopdetail/54743608 HTTP/1.1" 200 18433 "-" "Mozilla/5.0 (Linux; Android 6.0.1; Nexus 5X Build/MMB29P) AppleWebKit/537.36 (KHTML, like Gecko) Chrome/137.0.7151.103 Mobile Safari/537.36 (compatible; Googlebot/2.1; +http://www.google.com/bot.html)"
66.249.79.192 - - [17/Jul/2025:22:38:08 +0000] "POST /get-message-notify HTTP/1.1" 404 - "https://onlycnc.com.au/?f=98054508041490&mod=28d4b91b&uri=shop.php?shopdetail/6208888" "Mozilla/5.0 (Linux; Android 6.0.1; Nexus 5X Build/MMB29P) AppleWebKit/537.36 (KHTML, like Gecko) Chrome/137.0.7151.119 Mobile Safari/537.36 (compatible; Googlebot/2.1; +http://www.google.com/bot.html)"
66.249.79.192 - - [17/Jul/2025:22:38:13 +0000] "GET /?f=62762756061490&mod=0e98aeeb&uri=dp.php?shopdetail/3273020 HTTP/1.1" 200 19005 "-" "Mozilla/5.0 (Linux; Android 6.0.1; Nexus 5X Build/MMB29P) AppleWebKit/537.36 (KHTML, like Gecko) Chrome/137.0.7151.103 Mobile Safari/537.36 (compatible; Googlebot/2.1; +http://www.google.com/bot.html)"
66.249.79.206 - - [17/Jul/2025:22:38:50 +0000] "GET /?f=5903651061490&mod=02ddce85&uri=dp.php?shopdetail/57868940 HTTP/1.1" 200 18699 "-" "Mozilla/5.0 (Linux; Android 6.0.1; Nexus 5X Build/MMB29P) AppleWebKit/537.36 (KHTML, like Gecko) Chrome/137.0.7151.103 Mobile Safari/537.36 (compatible; Googlebot/2.1; +http://www.google.com/bot.html)"
66.249.79.192 - - [17/Jul/2025:22:39:16 +0000] "POST /get-message-notify HTTP/1.1" 404 - "https://onlycnc.com.au/?f=5903651061490&mod=02ddce85&uri=dp.php?shopdetail/57868940" "Mozilla/5.0 (Linux; Android 6.0.1; Nexus 5X Build/MMB29P) AppleWebKit/537.36 (KHTML, like Gecko) Chrome/137.0.7151.119 Mobile Safari/537.36 (compatible; Googlebot/2.1; +http://www.google.com/bot.html)"
51.222.253.1 - - [17/Jul/2025:22:39:30 +0000] "GET /?f=9380972001490&uri=form.php%3Fid%3D313227-480%26name%3Dleichte%20handtasche%20nylon HTTP/1.1" 200 21262 "-" "Mozilla/5.0 (compatible; AhrefsBot/7.0; +http://ahrefs.com/robot/)"
66.249.79.206 - - [17/Jul/2025:22:39:31 +0000] "GET /?f=54766090051490&mod=8f561e4c&uri=pin.php%3Fid%3D1827592-335%26name%3Ddarkside+detective+switch HTTP/1.1" 200 19003 "-" "Mozilla/5.0 (Linux; Android 6.0.1; Nexus 5X Build/MMB29P) AppleWebKit/537.36 (KHTML, like Gecko) Chrome/137.0.7151.103 Mobile Safari/537.36 (compatible; Googlebot/2.1; +http://www.google.com/bot.html)"
66.249.79.206 - - [17/Jul/2025:22:39:33 +0000] "GET /?f=31841330001490&mod=5fb0c358&uri=shop.php?product/edit/O1112014273 HTTP/1.1" 200 19578 "-" "Mozilla/5.0 (Linux; Android 6.0.1; Nexus 5X Build/MMB29P) AppleWebKit/537.36 (KHTML, like Gecko) Chrome/137.0.7151.103 Mobile Safari/537.36 (compatible; Googlebot/2.1; +http://www.google.com/bot.html)"
66.249.79.206 - - [17/Jul/2025:22:39:43 +0000] "POST /get-message-notify HTTP/1.1" 404 - "https://onlycnc.com.au/?f=31841330001490&mod=5fb0c358&uri=shop.php?product/edit/O1112014273" "Mozilla/5.0 (Linux; Android 6.0.1; Nexus 5X Build/MMB29P) AppleWebKit/537.36 (KHTML, like Gecko) Chrome/137.0.7151.119 Mobile Safari/537.36 (compatible; Googlebot/2.1; +http://www.google.com/bot.html)"
66.249.79.206 - - [17/Jul/2025:22:39:45 +0000] "GET /?f=98054508041490&mod=28d4b91b&uri=shop.php?shopdetail/4684236 HTTP/1.1" 200 19260 "-" "Mozilla/5.0 (Linux; Android 6.0.1; Nexus 5X Build/MMB29P) AppleWebKit/537.36 (KHTML, like Gecko) Chrome/137.0.7151.103 Mobile Safari/537.36 (compatible; Googlebot/2.1; +http://www.google.com/bot.html)"
66.249.79.206 - - [17/Jul/2025:22:39:53 +0000] "GET /?f=98054508041490&mod=28d4b91b&uri=shop.php?shopdetail/4758080 HTTP/1.1" 200 19282 "-" "Mozilla/5.0 (Linux; Android 6.0.1; Nexus 5X Build/MMB29P) AppleWebKit/537.36 (KHTML, like Gecko) Chrome/137.0.7151.103 Mobile Safari/537.36 (compatible; Googlebot/2.1; +http://www.google.com/bot.html)"
51.222.253.14 - - [17/Jul/2025:22:40:23 +0000] "GET /?f=91304367031490&uri=category-info.php%3Fid%3D3046975-1564%26name%3Dmarvel%20jumper%20womens HTTP/1.1" 200 21262 "-" "Mozilla/5.0 (compatible; AhrefsBot/7.0; +http://ahrefs.com/robot/)"
66.249.79.192 - - [17/Jul/2025:22:40:31 +0000] "POST /get-message-notify HTTP/1.1" 404 - "https://onlycnc.com.au/?f=98054508041490&mod=28d4b91b&uri=shop.php?shopdetail/4758080" "Mozilla/5.0 (Linux; Android 6.0.1; Nexus 5X Build/MMB29P) AppleWebKit/537.36 (KHTML, like Gecko) Chrome/137.0.7151.119 Mobile Safari/537.36 (compatible; Googlebot/2.1; +http://www.google.com/bot.html)"
