20.171.207.83 - - [17/Jul/2025:13:36:31 +0000] "GET /items/interior/carpets/3718728/ HTTP/1.1" 404 13248 "-" "Mozilla/5.0 AppleWebKit/537.36 (KHTML, like Gecko; compatible; GPTBot/1.2; +https://openai.com/gptbot)"
216.73.216.36 - - [17/Jul/2025:13:36:32 +0000] "GET /special/2505454204.phtml HTTP/1.1" 404 13248 "-" "Mozilla/5.0 AppleWebKit/537.36 (KHTML, like Gecko; compatible; ClaudeBot/1.0; [email protected])"
20.171.207.83 - - [17/Jul/2025:13:36:32 +0000] "GET /items/diet/supplements/3677839/ HTTP/1.1" 404 13248 "-" "Mozilla/5.0 AppleWebKit/537.36 (KHTML, like Gecko; compatible; GPTBot/1.2; +https://openai.com/gptbot)"
40.77.167.4 - - [17/Jul/2025:13:36:34 +0000] "GET /special/1591964210.phtml HTTP/1.1" 200 18499 "-" "Mozilla/5.0 AppleWebKit/537.36 (KHTML, like Gecko; compatible; bingbot/2.0; +http://www.bing.com/bingbot.htm) Chrome/116.0.1938.76 Safari/537.36"
20.171.207.83 - - [17/Jul/2025:13:36:34 +0000] "GET /items/magazines/sports/4425767/ HTTP/1.1" 404 13248 "-" "Mozilla/5.0 AppleWebKit/537.36 (KHTML, like Gecko; compatible; GPTBot/1.2; +https://openai.com/gptbot)"
216.73.216.36 - - [17/Jul/2025:13:36:35 +0000] "GET /special/2505342362.phtml HTTP/1.1" 404 13248 "-" "Mozilla/5.0 AppleWebKit/537.36 (KHTML, like Gecko; compatible; ClaudeBot/1.0; [email protected])"
20.171.207.83 - - [17/Jul/2025:13:36:35 +0000] "GET /items/cars/motorcycles/3273035/ HTTP/1.1" 404 13248 "-" "Mozilla/5.0 AppleWebKit/537.36 (KHTML, like Gecko; compatible; GPTBot/1.2; +https://openai.com/gptbot)"
20.171.207.83 - - [17/Jul/2025:13:36:36 +0000] "GET /items/motorcycles/cars/2673886/ HTTP/1.1" 404 13248 "-" "Mozilla/5.0 AppleWebKit/537.36 (KHTML, like Gecko; compatible; GPTBot/1.2; +https://openai.com/gptbot)"
20.171.207.83 - - [17/Jul/2025:13:36:37 +0000] "GET /items/furniture/chairs/3806230/ HTTP/1.1" 404 13248 "-" "Mozilla/5.0 AppleWebKit/537.36 (KHTML, like Gecko; compatible; GPTBot/1.2; +https://openai.com/gptbot)"
20.171.207.83 - - [17/Jul/2025:13:36:38 +0000] "GET /items/tablets/notebook/4863272/ HTTP/1.1" 404 13248 "-" "Mozilla/5.0 AppleWebKit/537.36 (KHTML, like Gecko; compatible; GPTBot/1.2; +https://openai.com/gptbot)"
20.171.207.83 - - [17/Jul/2025:13:36:40 +0000] "GET /items/tickets/baseball/3408569/ HTTP/1.1" 404 13248 "-" "Mozilla/5.0 AppleWebKit/537.36 (KHTML, like Gecko; compatible; GPTBot/1.2; +https://openai.com/gptbot)"
20.171.207.83 - - [17/Jul/2025:13:36:41 +0000] "GET /items/handmade/fashion/2926530/ HTTP/1.1" 404 13248 "-" "Mozilla/5.0 AppleWebKit/537.36 (KHTML, like Gecko; compatible; GPTBot/1.2; +https://openai.com/gptbot)"
20.171.207.83 - - [17/Jul/2025:13:36:42 +0000] "GET /items/handmade/fashion/4545862/ HTTP/1.1" 404 13248 "-" "Mozilla/5.0 AppleWebKit/537.36 (KHTML, like Gecko; compatible; GPTBot/1.2; +https://openai.com/gptbot)"
20.171.207.83 - - [17/Jul/2025:13:36:43 +0000] "GET /items/motorcycles/cars/4210852/ HTTP/1.1" 404 13248 "-" "Mozilla/5.0 AppleWebKit/537.36 (KHTML, like Gecko; compatible; GPTBot/1.2; +https://openai.com/gptbot)"
20.171.207.83 - - [17/Jul/2025:13:36:44 +0000] "GET /items/motorcycles/cars/2729930/ HTTP/1.1" 404 13248 "-" "Mozilla/5.0 AppleWebKit/537.36 (KHTML, like Gecko; compatible; GPTBot/1.2; +https://openai.com/gptbot)"
20.171.207.83 - - [17/Jul/2025:13:36:45 +0000] "GET /items/furniture/others/3984830/ HTTP/1.1" 404 13248 "-" "Mozilla/5.0 AppleWebKit/537.36 (KHTML, like Gecko; compatible; GPTBot/1.2; +https://openai.com/gptbot)"
20.171.207.83 - - [17/Jul/2025:13:36:47 +0000] "GET /items/motorcycles/cars/3103155/ HTTP/1.1" 404 13248 "-" "Mozilla/5.0 AppleWebKit/537.36 (KHTML, like Gecko; compatible; GPTBot/1.2; +https://openai.com/gptbot)"
20.171.207.83 - - [17/Jul/2025:13:36:48 +0000] "GET /items/tickets/shopping/3851689/ HTTP/1.1" 404 13248 "-" "Mozilla/5.0 AppleWebKit/537.36 (KHTML, like Gecko; compatible; GPTBot/1.2; +https://openai.com/gptbot)"
20.171.207.83 - - [17/Jul/2025:13:36:49 +0000] "GET /items/diy/screwdrivers/1560395/ HTTP/1.1" 404 13248 "-" "Mozilla/5.0 AppleWebKit/537.36 (KHTML, like Gecko; compatible; GPTBot/1.2; +https://openai.com/gptbot)"
20.171.207.83 - - [17/Jul/2025:13:36:50 +0000] "GET /items/cars/motorcycles/2881609/ HTTP/1.1" 404 13248 "-" "Mozilla/5.0 AppleWebKit/537.36 (KHTML, like Gecko; compatible; GPTBot/1.2; +https://openai.com/gptbot)"
20.171.207.83 - - [17/Jul/2025:13:36:51 +0000] "GET /items/audio/amplifiers/5131395/ HTTP/1.1" 404 13248 "-" "Mozilla/5.0 AppleWebKit/537.36 (KHTML, like Gecko; compatible; GPTBot/1.2; +https://openai.com/gptbot)"
20.171.207.83 - - [17/Jul/2025:13:36:52 +0000] "GET /items/cosmetics/makeup/3837759/ HTTP/1.1" 404 13248 "-" "Mozilla/5.0 AppleWebKit/537.36 (KHTML, like Gecko; compatible; GPTBot/1.2; +https://openai.com/gptbot)"
20.171.207.83 - - [17/Jul/2025:13:36:54 +0000] "GET /items/motorcycles/cars/1726166/ HTTP/1.1" 404 13248 "-" "Mozilla/5.0 AppleWebKit/537.36 (KHTML, like Gecko; compatible; GPTBot/1.2; +https://openai.com/gptbot)"
20.171.207.83 - - [17/Jul/2025:13:36:55 +0000] "GET /items/cars/motorcycles/2636356/ HTTP/1.1" 404 13248 "-" "Mozilla/5.0 AppleWebKit/537.36 (KHTML, like Gecko; compatible; GPTBot/1.2; +https://openai.com/gptbot)"
52.167.144.206 - - [17/Jul/2025:13:36:55 +0000] "GET /special/1002673072.phtml HTTP/1.1" 200 19731 "-" "Mozilla/5.0 AppleWebKit/537.36 (KHTML, like Gecko; compatible; bingbot/2.0; +http://www.bing.com/bingbot.htm) Chrome/116.0.1938.76 Safari/537.36"
20.171.207.83 - - [17/Jul/2025:13:36:56 +0000] "GET /items/cars/motorcycles/2218753/ HTTP/1.1" 404 13248 "-" "Mozilla/5.0 AppleWebKit/537.36 (KHTML, like Gecko; compatible; GPTBot/1.2; +https://openai.com/gptbot)"
216.73.216.36 - - [17/Jul/2025:13:36:56 +0000] "GET /special/2505121336.phtml HTTP/1.1" 404 13248 "-" "Mozilla/5.0 AppleWebKit/537.36 (KHTML, like Gecko; compatible; ClaudeBot/1.0; [email protected])"
20.171.207.83 - - [17/Jul/2025:13:36:57 +0000] "GET /items/tablets/notebook/3704736/ HTTP/1.1" 404 13248 "-" "Mozilla/5.0 AppleWebKit/537.36 (KHTML, like Gecko; compatible; GPTBot/1.2; +https://openai.com/gptbot)"
216.73.216.36 - - [17/Jul/2025:13:36:57 +0000] "GET /special/2505124224.phtml HTTP/1.1" 404 13248 "-" "Mozilla/5.0 AppleWebKit/537.36 (KHTML, like Gecko; compatible; ClaudeBot/1.0; [email protected])"
20.171.207.83 - - [17/Jul/2025:13:36:58 +0000] "GET /items/audio/television/1539220/ HTTP/1.1" 404 13248 "-" "Mozilla/5.0 AppleWebKit/537.36 (KHTML, like Gecko; compatible; GPTBot/1.2; +https://openai.com/gptbot)"
20.171.207.83 - - [17/Jul/2025:13:36:59 +0000] "GET /items/tickets/shopping/3851689/ HTTP/1.1" 404 13248 "-" "Mozilla/5.0 AppleWebKit/537.36 (KHTML, like Gecko; compatible; GPTBot/1.2; +https://openai.com/gptbot)"
216.73.216.36 - - [17/Jul/2025:13:37:00 +0000] "GET /special/2505536670.phtml HTTP/1.1" 404 13248 "-" "Mozilla/5.0 AppleWebKit/537.36 (KHTML, like Gecko; compatible; ClaudeBot/1.0; [email protected])"
20.171.207.83 - - [17/Jul/2025:13:37:01 +0000] "GET /items/motorcycles/cars/4553532/ HTTP/1.1" 404 13248 "-" "Mozilla/5.0 AppleWebKit/537.36 (KHTML, like Gecko; compatible; GPTBot/1.2; +https://openai.com/gptbot)"
20.171.207.83 - - [17/Jul/2025:13:37:02 +0000] "GET /items/motorcycles/cars/1693385/ HTTP/1.1" 404 13248 "-" "Mozilla/5.0 AppleWebKit/537.36 (KHTML, like Gecko; compatible; GPTBot/1.2; +https://openai.com/gptbot)"
20.171.207.83 - - [17/Jul/2025:13:37:03 +0000] "GET /items/magazines/sports/3328179/ HTTP/1.1" 404 13248 "-" "Mozilla/5.0 AppleWebKit/537.36 (KHTML, like Gecko; compatible; GPTBot/1.2; +https://openai.com/gptbot)"
216.73.216.36 - - [17/Jul/2025:13:37:03 +0000] "GET /special/2505207104.phtml HTTP/1.1" 404 13248 "-" "Mozilla/5.0 AppleWebKit/537.36 (KHTML, like Gecko; compatible; ClaudeBot/1.0; [email protected])"
40.77.167.4 - - [17/Jul/2025:13:37:04 +0000] "GET /special/1591472510.phtml HTTP/1.1" 200 18705 "-" "Mozilla/5.0 AppleWebKit/537.36 (KHTML, like Gecko; compatible; bingbot/2.0; +http://www.bing.com/bingbot.htm) Chrome/116.0.1938.76 Safari/537.36"
20.171.207.83 - - [17/Jul/2025:13:37:04 +0000] "GET /items/tablets/monitors/3293199/ HTTP/1.1" 404 13248 "-" "Mozilla/5.0 AppleWebKit/537.36 (KHTML, like Gecko; compatible; GPTBot/1.2; +https://openai.com/gptbot)"
20.171.207.83 - - [17/Jul/2025:13:37:05 +0000] "GET /items/motorcycles/cars/1525214/ HTTP/1.1" 404 13248 "-" "Mozilla/5.0 AppleWebKit/537.36 (KHTML, like Gecko; compatible; GPTBot/1.2; +https://openai.com/gptbot)"
216.73.216.36 - - [17/Jul/2025:13:37:06 +0000] "GET /special/2504971130.phtml HTTP/1.1" 404 13248 "-" "Mozilla/5.0 AppleWebKit/537.36 (KHTML, like Gecko; compatible; ClaudeBot/1.0; [email protected])"
20.171.207.83 - - [17/Jul/2025:13:37:07 +0000] "GET /items/handmade/fashion/3760748/ HTTP/1.1" 404 13248 "-" "Mozilla/5.0 AppleWebKit/537.36 (KHTML, like Gecko; compatible; GPTBot/1.2; +https://openai.com/gptbot)"
20.171.207.83 - - [17/Jul/2025:13:37:08 +0000] "GET /items/cosmetics/others/2966035/ HTTP/1.1" 404 13248 "-" "Mozilla/5.0 AppleWebKit/537.36 (KHTML, like Gecko; compatible; GPTBot/1.2; +https://openai.com/gptbot)"
20.171.207.83 - - [17/Jul/2025:13:37:09 +0000] "GET /items/motorcycles/cars/2663635/ HTTP/1.1" 404 13248 "-" "Mozilla/5.0 AppleWebKit/537.36 (KHTML, like Gecko; compatible; GPTBot/1.2; +https://openai.com/gptbot)"
216.73.216.36 - - [17/Jul/2025:13:37:09 +0000] "GET /special/2505219612.phtml HTTP/1.1" 404 13248 "-" "Mozilla/5.0 AppleWebKit/537.36 (KHTML, like Gecko; compatible; ClaudeBot/1.0; [email protected])"
20.171.207.83 - - [17/Jul/2025:13:37:10 +0000] "GET /items/cars/motorcycles/4106611/ HTTP/1.1" 404 13248 "-" "Mozilla/5.0 AppleWebKit/537.36 (KHTML, like Gecko; compatible; GPTBot/1.2; +https://openai.com/gptbot)"
20.171.207.83 - - [17/Jul/2025:13:37:11 +0000] "GET /items/diet/supplements/2009271/ HTTP/1.1" 404 13248 "-" "Mozilla/5.0 AppleWebKit/537.36 (KHTML, like Gecko; compatible; GPTBot/1.2; +https://openai.com/gptbot)"
20.171.207.83 - - [17/Jul/2025:13:37:12 +0000] "GET /items/diet/supplements/4694541/ HTTP/1.1" 404 13248 "-" "Mozilla/5.0 AppleWebKit/537.36 (KHTML, like Gecko; compatible; GPTBot/1.2; +https://openai.com/gptbot)"
216.73.216.36 - - [17/Jul/2025:13:37:12 +0000] "GET /special/2504870610.phtml HTTP/1.1" 404 13248 "-" "Mozilla/5.0 AppleWebKit/537.36 (KHTML, like Gecko; compatible; ClaudeBot/1.0; [email protected])"
20.171.207.83 - - [17/Jul/2025:13:37:14 +0000] "GET /items/cars/motorcycles/4756989/ HTTP/1.1" 404 13248 "-" "Mozilla/5.0 AppleWebKit/537.36 (KHTML, like Gecko; compatible; GPTBot/1.2; +https://openai.com/gptbot)"
20.171.207.83 - - [17/Jul/2025:13:37:15 +0000] "GET /items/motorcycles/cars/5042989/ HTTP/1.1" 404 13248 "-" "Mozilla/5.0 AppleWebKit/537.36 (KHTML, like Gecko; compatible; GPTBot/1.2; +https://openai.com/gptbot)"
216.73.216.36 - - [17/Jul/2025:13:37:15 +0000] "GET /special/2505495934.phtml HTTP/1.1" 404 13248 "-" "Mozilla/5.0 AppleWebKit/537.36 (KHTML, like Gecko; compatible; ClaudeBot/1.0; [email protected])"
20.171.207.83 - - [17/Jul/2025:13:37:16 +0000] "GET /items/gardening/bonsai/4774534/ HTTP/1.1" 404 13248 "-" "Mozilla/5.0 AppleWebKit/537.36 (KHTML, like Gecko; compatible; GPTBot/1.2; +https://openai.com/gptbot)"
20.171.207.83 - - [17/Jul/2025:13:37:17 +0000] "GET /items/diet/supplements/1849678/ HTTP/1.1" 404 13248 "-" "Mozilla/5.0 AppleWebKit/537.36 (KHTML, like Gecko; compatible; GPTBot/1.2; +https://openai.com/gptbot)"
20.171.207.83 - - [17/Jul/2025:13:37:18 +0000] "GET /items/magazines/others/1608766/ HTTP/1.1" 404 13248 "-" "Mozilla/5.0 AppleWebKit/537.36 (KHTML, like Gecko; compatible; GPTBot/1.2; +https://openai.com/gptbot)"
216.73.216.36 - - [17/Jul/2025:13:37:18 +0000] "GET /special/2504841520.phtml HTTP/1.1" 404 13248 "-" "Mozilla/5.0 AppleWebKit/537.36 (KHTML, like Gecko; compatible; ClaudeBot/1.0; [email protected])"
20.171.207.83 - - [17/Jul/2025:13:37:20 +0000] "GET /items/motorcycles/cars/1645951/ HTTP/1.1" 404 13248 "-" "Mozilla/5.0 AppleWebKit/537.36 (KHTML, like Gecko; compatible; GPTBot/1.2; +https://openai.com/gptbot)"
20.171.207.83 - - [17/Jul/2025:13:37:21 +0000] "GET /items/motorcycles/cars/2698699/ HTTP/1.1" 404 13248 "-" "Mozilla/5.0 AppleWebKit/537.36 (KHTML, like Gecko; compatible; GPTBot/1.2; +https://openai.com/gptbot)"
216.73.216.36 - - [17/Jul/2025:13:37:21 +0000] "GET /special/2505122714.phtml HTTP/1.1" 404 13248 "-" "Mozilla/5.0 AppleWebKit/537.36 (KHTML, like Gecko; compatible; ClaudeBot/1.0; [email protected])"
20.171.207.83 - - [17/Jul/2025:13:37:22 +0000] "GET /items/motorcycles/cars/5236378/ HTTP/1.1" 404 13248 "-" "Mozilla/5.0 AppleWebKit/537.36 (KHTML, like Gecko; compatible; GPTBot/1.2; +https://openai.com/gptbot)"
20.171.207.83 - - [17/Jul/2025:13:37:23 +0000] "GET /items/cosmetics/makeup/1816190/ HTTP/1.1" 404 13248 "-" "Mozilla/5.0 AppleWebKit/537.36 (KHTML, like Gecko; compatible; GPTBot/1.2; +https://openai.com/gptbot)"
20.171.207.83 - - [17/Jul/2025:13:37:24 +0000] "GET /items/audio/components/3586805/ HTTP/1.1" 404 13248 "-" "Mozilla/5.0 AppleWebKit/537.36 (KHTML, like Gecko; compatible; GPTBot/1.2; +https://openai.com/gptbot)"
216.73.216.36 - - [17/Jul/2025:13:37:24 +0000] "GET /special/2505215794.phtml HTTP/1.1" 404 13248 "-" "Mozilla/5.0 AppleWebKit/537.36 (KHTML, like Gecko; compatible; ClaudeBot/1.0; [email protected])"
20.171.207.83 - - [17/Jul/2025:13:37:26 +0000] "GET /items/fishing/outdoors/2242108/ HTTP/1.1" 404 13248 "-" "Mozilla/5.0 AppleWebKit/537.36 (KHTML, like Gecko; compatible; GPTBot/1.2; +https://openai.com/gptbot)"
20.171.207.83 - - [17/Jul/2025:13:37:27 +0000] "GET /items/cars/motorcycles/3177642/ HTTP/1.1" 404 13248 "-" "Mozilla/5.0 AppleWebKit/537.36 (KHTML, like Gecko; compatible; GPTBot/1.2; +https://openai.com/gptbot)"
216.73.216.36 - - [17/Jul/2025:13:37:27 +0000] "GET /special/2505111456.phtml HTTP/1.1" 404 13248 "-" "Mozilla/5.0 AppleWebKit/537.36 (KHTML, like Gecko; compatible; ClaudeBot/1.0; [email protected])"
20.171.207.83 - - [17/Jul/2025:13:37:28 +0000] "GET /items/tablets/notebook/3809313/ HTTP/1.1" 404 13248 "-" "Mozilla/5.0 AppleWebKit/537.36 (KHTML, like Gecko; compatible; GPTBot/1.2; +https://openai.com/gptbot)"
20.171.207.83 - - [17/Jul/2025:13:37:29 +0000] "GET /items/kitchen/weddings/3052995/ HTTP/1.1" 404 13248 "-" "Mozilla/5.0 AppleWebKit/537.36 (KHTML, like Gecko; compatible; GPTBot/1.2; +https://openai.com/gptbot)"
20.171.207.83 - - [17/Jul/2025:13:37:30 +0000] "GET /items/hobbies/aircraft/2556382/ HTTP/1.1" 404 13248 "-" "Mozilla/5.0 AppleWebKit/537.36 (KHTML, like Gecko; compatible; GPTBot/1.2; +https://openai.com/gptbot)"
216.73.216.36 - - [17/Jul/2025:13:37:30 +0000] "GET /special/2505478550.phtml HTTP/1.1" 404 13248 "-" "Mozilla/5.0 AppleWebKit/537.36 (KHTML, like Gecko; compatible; ClaudeBot/1.0; [email protected])"
20.171.207.83 - - [17/Jul/2025:13:37:31 +0000] "GET /items/flowers/bouquets/1497949/ HTTP/1.1" 404 13248 "-" "Mozilla/5.0 AppleWebKit/537.36 (KHTML, like Gecko; compatible; GPTBot/1.2; +https://openai.com/gptbot)"
20.171.207.83 - - [17/Jul/2025:13:37:33 +0000] "GET /items/handmade/fashion/2791010/ HTTP/1.1" 404 13248 "-" "Mozilla/5.0 AppleWebKit/537.36 (KHTML, like Gecko; compatible; GPTBot/1.2; +https://openai.com/gptbot)"
20.171.207.83 - - [17/Jul/2025:13:37:34 +0000] "GET /items/motorcycles/cars/2028415/ HTTP/1.1" 404 13248 "-" "Mozilla/5.0 AppleWebKit/537.36 (KHTML, like Gecko; compatible; GPTBot/1.2; +https://openai.com/gptbot)"
20.171.207.83 - - [17/Jul/2025:13:37:35 +0000] "GET /items/motorcycles/cars/4142261/ HTTP/1.1" 404 13248 "-" "Mozilla/5.0 AppleWebKit/537.36 (KHTML, like Gecko; compatible; GPTBot/1.2; +https://openai.com/gptbot)"
20.171.207.83 - - [17/Jul/2025:13:37:36 +0000] "GET /items/handmade/rippers/4268289/ HTTP/1.1" 404 13248 "-" "Mozilla/5.0 AppleWebKit/537.36 (KHTML, like Gecko; compatible; GPTBot/1.2; +https://openai.com/gptbot)"
20.171.207.83 - - [17/Jul/2025:13:37:37 +0000] "GET /items/fishing/outdoors/2567561/ HTTP/1.1" 404 13248 "-" "Mozilla/5.0 AppleWebKit/537.36 (KHTML, like Gecko; compatible; GPTBot/1.2; +https://openai.com/gptbot)"
20.171.207.83 - - [17/Jul/2025:13:37:39 +0000] "GET /items/outdoor/lanterns/5166366/ HTTP/1.1" 404 13248 "-" "Mozilla/5.0 AppleWebKit/537.36 (KHTML, like Gecko; compatible; GPTBot/1.2; +https://openai.com/gptbot)"
20.171.207.83 - - [17/Jul/2025:13:37:40 +0000] "GET /items/tickets/shopping/1866293/ HTTP/1.1" 404 13248 "-" "Mozilla/5.0 AppleWebKit/537.36 (KHTML, like Gecko; compatible; GPTBot/1.2; +https://openai.com/gptbot)"
20.171.207.83 - - [17/Jul/2025:13:37:41 +0000] "GET /items/tickets/musicals/3251870/ HTTP/1.1" 404 13248 "-" "Mozilla/5.0 AppleWebKit/537.36 (KHTML, like Gecko; compatible; GPTBot/1.2; +https://openai.com/gptbot)"
20.171.207.83 - - [17/Jul/2025:13:37:42 +0000] "GET /items/cosmetics/makeup/1809819/ HTTP/1.1" 404 13248 "-" "Mozilla/5.0 AppleWebKit/537.36 (KHTML, like Gecko; compatible; GPTBot/1.2; +https://openai.com/gptbot)"
20.171.207.83 - - [17/Jul/2025:13:37:43 +0000] "GET /items/handmade/fashion/4759426/ HTTP/1.1" 404 13248 "-" "Mozilla/5.0 AppleWebKit/537.36 (KHTML, like Gecko; compatible; GPTBot/1.2; +https://openai.com/gptbot)"
20.171.207.83 - - [17/Jul/2025:13:37:44 +0000] "GET /items/diet/supplements/4535280/ HTTP/1.1" 404 13248 "-" "Mozilla/5.0 AppleWebKit/537.36 (KHTML, like Gecko; compatible; GPTBot/1.2; +https://openai.com/gptbot)"
20.171.207.83 - - [17/Jul/2025:13:37:46 +0000] "GET /items/cars/motorcycles/3362506/ HTTP/1.1" 404 13248 "-" "Mozilla/5.0 AppleWebKit/537.36 (KHTML, like Gecko; compatible; GPTBot/1.2; +https://openai.com/gptbot)"
20.171.207.83 - - [17/Jul/2025:13:37:47 +0000] "GET /items/motorcycles/cars/3577024/ HTTP/1.1" 404 13248 "-" "Mozilla/5.0 AppleWebKit/537.36 (KHTML, like Gecko; compatible; GPTBot/1.2; +https://openai.com/gptbot)"
20.171.207.83 - - [17/Jul/2025:13:37:48 +0000] "GET /items/motorcycles/cars/3401090/ HTTP/1.1" 404 13248 "-" "Mozilla/5.0 AppleWebKit/537.36 (KHTML, like Gecko; compatible; GPTBot/1.2; +https://openai.com/gptbot)"
20.171.207.83 - - [17/Jul/2025:13:37:49 +0000] "GET /items/tablets/macbooks/4957619/ HTTP/1.1" 404 13248 "-" "Mozilla/5.0 AppleWebKit/537.36 (KHTML, like Gecko; compatible; GPTBot/1.2; +https://openai.com/gptbot)"
216.73.216.36 - - [17/Jul/2025:13:37:50 +0000] "GET /special/2505228562.phtml HTTP/1.1" 404 13248 "-" "Mozilla/5.0 AppleWebKit/537.36 (KHTML, like Gecko; compatible; ClaudeBot/1.0; [email protected])"
20.171.207.83 - - [17/Jul/2025:13:37:50 +0000] "GET /items/furniture/covers/4232478/ HTTP/1.1" 404 13248 "-" "Mozilla/5.0 AppleWebKit/537.36 (KHTML, like Gecko; compatible; GPTBot/1.2; +https://openai.com/gptbot)"
20.171.207.83 - - [17/Jul/2025:13:37:51 +0000] "GET /items/cosmetics/makeup/2549659/ HTTP/1.1" 404 13248 "-" "Mozilla/5.0 AppleWebKit/537.36 (KHTML, like Gecko; compatible; GPTBot/1.2; +https://openai.com/gptbot)"
216.73.216.36 - - [17/Jul/2025:13:37:53 +0000] "GET /special/2505527784.phtml HTTP/1.1" 404 13248 "-" "Mozilla/5.0 AppleWebKit/537.36 (KHTML, like Gecko; compatible; ClaudeBot/1.0; [email protected])"
20.171.207.83 - - [17/Jul/2025:13:37:53 +0000] "GET /items/handmade/fashion/3357923/ HTTP/1.1" 404 13248 "-" "Mozilla/5.0 AppleWebKit/537.36 (KHTML, like Gecko; compatible; GPTBot/1.2; +https://openai.com/gptbot)"
20.171.207.83 - - [17/Jul/2025:13:37:54 +0000] "GET /items/diy/screwdrivers/1651478/ HTTP/1.1" 404 13248 "-" "Mozilla/5.0 AppleWebKit/537.36 (KHTML, like Gecko; compatible; GPTBot/1.2; +https://openai.com/gptbot)"
20.171.207.83 - - [17/Jul/2025:13:37:55 +0000] "GET /items/tickets/shopping/1485838/ HTTP/1.1" 404 13248 "-" "Mozilla/5.0 AppleWebKit/537.36 (KHTML, like Gecko; compatible; GPTBot/1.2; +https://openai.com/gptbot)"
216.73.216.36 - - [17/Jul/2025:13:37:56 +0000] "GET /special/2505433002.phtml HTTP/1.1" 404 13248 "-" "Mozilla/5.0 AppleWebKit/537.36 (KHTML, like Gecko; compatible; ClaudeBot/1.0; [email protected])"
20.171.207.83 - - [17/Jul/2025:13:37:56 +0000] "GET /items/fishing/outdoors/4610644/ HTTP/1.1" 404 13248 "-" "Mozilla/5.0 AppleWebKit/537.36 (KHTML, like Gecko; compatible; GPTBot/1.2; +https://openai.com/gptbot)"
20.171.207.83 - - [17/Jul/2025:13:37:57 +0000] "GET /items/motorcycles/cars/5008527/ HTTP/1.1" 404 13248 "-" "Mozilla/5.0 AppleWebKit/537.36 (KHTML, like Gecko; compatible; GPTBot/1.2; +https://openai.com/gptbot)"
20.171.207.83 - - [17/Jul/2025:13:37:59 +0000] "GET /items/sports/badminton/3543745/ HTTP/1.1" 404 13248 "-" "Mozilla/5.0 AppleWebKit/537.36 (KHTML, like Gecko; compatible; GPTBot/1.2; +https://openai.com/gptbot)"
216.73.216.36 - - [17/Jul/2025:13:37:59 +0000] "GET /special/2504802742.phtml HTTP/1.1" 404 13248 "-" "Mozilla/5.0 AppleWebKit/537.36 (KHTML, like Gecko; compatible; ClaudeBot/1.0; [email protected])"
20.171.207.83 - - [17/Jul/2025:13:38:00 +0000] "GET /items/furniture/chairs/2137375/ HTTP/1.1" 404 13248 "-" "Mozilla/5.0 AppleWebKit/537.36 (KHTML, like Gecko; compatible; GPTBot/1.2; +https://openai.com/gptbot)"
20.171.207.83 - - [17/Jul/2025:13:38:01 +0000] "GET /items/handmade/fashion/4421101/ HTTP/1.1" 404 13248 "-" "Mozilla/5.0 AppleWebKit/537.36 (KHTML, like Gecko; compatible; GPTBot/1.2; +https://openai.com/gptbot)"
216.73.216.36 - - [17/Jul/2025:13:38:02 +0000] "GET /special/2505429380.phtml HTTP/1.1" 404 13248 "-" "Mozilla/5.0 AppleWebKit/537.36 (KHTML, like Gecko; compatible; ClaudeBot/1.0; [email protected])"
20.171.207.83 - - [17/Jul/2025:13:38:02 +0000] "GET /items/fishing/outdoors/3347142/ HTTP/1.1" 404 13248 "-" "Mozilla/5.0 AppleWebKit/537.36 (KHTML, like Gecko; compatible; GPTBot/1.2; +https://openai.com/gptbot)"
20.171.207.83 - - [17/Jul/2025:13:38:03 +0000] "GET /items/motorcycles/cars/2631438/ HTTP/1.1" 404 13248 "-" "Mozilla/5.0 AppleWebKit/537.36 (KHTML, like Gecko; compatible; GPTBot/1.2; +https://openai.com/gptbot)"
20.171.207.83 - - [17/Jul/2025:13:38:04 +0000] "GET /items/cars/motorcycles/2484359/ HTTP/1.1" 404 13248 "-" "Mozilla/5.0 AppleWebKit/537.36 (KHTML, like Gecko; compatible; GPTBot/1.2; +https://openai.com/gptbot)"
216.73.216.36 - - [17/Jul/2025:13:38:05 +0000] "GET /special/2505029186.phtml HTTP/1.1" 404 13248 "-" "Mozilla/5.0 AppleWebKit/537.36 (KHTML, like Gecko; compatible; ClaudeBot/1.0; [email protected])"
20.171.207.83 - - [17/Jul/2025:13:38:06 +0000] "GET /items/tickets/shopping/1369446/ HTTP/1.1" 404 13248 "-" "Mozilla/5.0 AppleWebKit/537.36 (KHTML, like Gecko; compatible; GPTBot/1.2; +https://openai.com/gptbot)"
20.171.207.83 - - [17/Jul/2025:13:38:07 +0000] "GET /items/audio/headphones/4930773/ HTTP/1.1" 404 13248 "-" "Mozilla/5.0 AppleWebKit/537.36 (KHTML, like Gecko; compatible; GPTBot/1.2; +https://openai.com/gptbot)"
216.73.216.36 - - [17/Jul/2025:13:38:08 +0000] "GET /special/2505548662.phtml HTTP/1.1" 404 13248 "-" "Mozilla/5.0 AppleWebKit/537.36 (KHTML, like Gecko; compatible; ClaudeBot/1.0; [email protected])"
20.171.207.83 - - [17/Jul/2025:13:38:08 +0000] "GET /items/diy/screwdrivers/4712779/ HTTP/1.1" 404 13248 "-" "Mozilla/5.0 AppleWebKit/537.36 (KHTML, like Gecko; compatible; GPTBot/1.2; +https://openai.com/gptbot)"
20.171.207.83 - - [17/Jul/2025:13:38:09 +0000] "GET /items/motorcycles/cars/2590947/ HTTP/1.1" 404 13248 "-" "Mozilla/5.0 AppleWebKit/537.36 (KHTML, like Gecko; compatible; GPTBot/1.2; +https://openai.com/gptbot)"
20.171.207.83 - - [17/Jul/2025:13:38:10 +0000] "GET /items/cars/motorcycles/2411071/ HTTP/1.1" 404 13248 "-" "Mozilla/5.0 AppleWebKit/537.36 (KHTML, like Gecko; compatible; GPTBot/1.2; +https://openai.com/gptbot)"
216.73.216.36 - - [17/Jul/2025:13:38:11 +0000] "GET /special/2505241134.phtml HTTP/1.1" 404 13248 "-" "Mozilla/5.0 AppleWebKit/537.36 (KHTML, like Gecko; compatible; ClaudeBot/1.0; [email protected])"
20.171.207.83 - - [17/Jul/2025:13:38:11 +0000] "GET /items/cars/motorcycles/4986046/ HTTP/1.1" 404 13248 "-" "Mozilla/5.0 AppleWebKit/537.36 (KHTML, like Gecko; compatible; GPTBot/1.2; +https://openai.com/gptbot)"
20.171.207.83 - - [17/Jul/2025:13:38:13 +0000] "GET /items/cars/motorcycles/1665483/ HTTP/1.1" 404 13248 "-" "Mozilla/5.0 AppleWebKit/537.36 (KHTML, like Gecko; compatible; GPTBot/1.2; +https://openai.com/gptbot)"
216.73.216.36 - - [17/Jul/2025:13:38:14 +0000] "GET /special/2504795302.phtml HTTP/1.1" 404 13248 "-" "Mozilla/5.0 AppleWebKit/537.36 (KHTML, like Gecko; compatible; ClaudeBot/1.0; [email protected])"
20.171.207.83 - - [17/Jul/2025:13:38:14 +0000] "GET /items/fishing/outdoors/1606654/ HTTP/1.1" 404 13248 "-" "Mozilla/5.0 AppleWebKit/537.36 (KHTML, like Gecko; compatible; GPTBot/1.2; +https://openai.com/gptbot)"
20.171.207.83 - - [17/Jul/2025:13:38:15 +0000] "GET /items/decor/components/4927424/ HTTP/1.1" 404 13248 "-" "Mozilla/5.0 AppleWebKit/537.36 (KHTML, like Gecko; compatible; GPTBot/1.2; +https://openai.com/gptbot)"
20.171.207.83 - - [17/Jul/2025:13:38:16 +0000] "GET /items/motorcycles/cars/2604996/ HTTP/1.1" 404 13248 "-" "Mozilla/5.0 AppleWebKit/537.36 (KHTML, like Gecko; compatible; GPTBot/1.2; +https://openai.com/gptbot)"
216.73.216.36 - - [17/Jul/2025:13:38:17 +0000] "GET /special/2504818552.phtml HTTP/1.1" 404 13248 "-" "Mozilla/5.0 AppleWebKit/537.36 (KHTML, like Gecko; compatible; ClaudeBot/1.0; [email protected])"
20.171.207.83 - - [17/Jul/2025:13:38:17 +0000] "GET /items/tablets/printers/3717126/ HTTP/1.1" 404 13248 "-" "Mozilla/5.0 AppleWebKit/537.36 (KHTML, like Gecko; compatible; GPTBot/1.2; +https://openai.com/gptbot)"
20.171.207.83 - - [17/Jul/2025:13:38:19 +0000] "GET /items/cars/motorcycles/2331141/ HTTP/1.1" 404 13248 "-" "Mozilla/5.0 AppleWebKit/537.36 (KHTML, like Gecko; compatible; GPTBot/1.2; +https://openai.com/gptbot)"
216.73.216.36 - - [17/Jul/2025:13:38:20 +0000] "GET /special/2505141608.phtml HTTP/1.1" 404 13248 "-" "Mozilla/5.0 AppleWebKit/537.36 (KHTML, like Gecko; compatible; ClaudeBot/1.0; [email protected])"
20.171.207.83 - - [17/Jul/2025:13:38:20 +0000] "GET /items/motorcycles/cars/3559435/ HTTP/1.1" 404 13248 "-" "Mozilla/5.0 AppleWebKit/537.36 (KHTML, like Gecko; compatible; GPTBot/1.2; +https://openai.com/gptbot)"
20.171.207.83 - - [17/Jul/2025:13:38:21 +0000] "GET /items/cosmetics/makeup/4265343/ HTTP/1.1" 404 13248 "-" "Mozilla/5.0 AppleWebKit/537.36 (KHTML, like Gecko; compatible; GPTBot/1.2; +https://openai.com/gptbot)"
20.171.207.83 - - [17/Jul/2025:13:38:22 +0000] "GET /items/fishing/outdoors/1505435/ HTTP/1.1" 404 13248 "-" "Mozilla/5.0 AppleWebKit/537.36 (KHTML, like Gecko; compatible; GPTBot/1.2; +https://openai.com/gptbot)"
216.73.216.36 - - [17/Jul/2025:13:38:23 +0000] "GET /special/2505536090.phtml HTTP/1.1" 404 13248 "-" "Mozilla/5.0 AppleWebKit/537.36 (KHTML, like Gecko; compatible; ClaudeBot/1.0; [email protected])"
20.171.207.83 - - [17/Jul/2025:13:38:23 +0000] "GET /items/motorcycles/cars/4675592/ HTTP/1.1" 404 13248 "-" "Mozilla/5.0 AppleWebKit/537.36 (KHTML, like Gecko; compatible; GPTBot/1.2; +https://openai.com/gptbot)"
20.171.207.83 - - [17/Jul/2025:13:38:24 +0000] "GET /items/tickets/shopping/2911418/ HTTP/1.1" 404 13248 "-" "Mozilla/5.0 AppleWebKit/537.36 (KHTML, like Gecko; compatible; GPTBot/1.2; +https://openai.com/gptbot)"
20.171.207.83 - - [17/Jul/2025:13:38:26 +0000] "GET /items/diet/supplements/5046679/ HTTP/1.1" 404 13248 "-" "Mozilla/5.0 AppleWebKit/537.36 (KHTML, like Gecko; compatible; GPTBot/1.2; +https://openai.com/gptbot)"
216.73.216.36 - - [17/Jul/2025:13:38:26 +0000] "GET /special/2505315644.phtml HTTP/1.1" 404 13248 "-" "Mozilla/5.0 AppleWebKit/537.36 (KHTML, like Gecko; compatible; ClaudeBot/1.0; [email protected])"
20.171.207.83 - - [17/Jul/2025:13:38:27 +0000] "GET /items/fishing/outdoors/2247413/ HTTP/1.1" 404 13248 "-" "Mozilla/5.0 AppleWebKit/537.36 (KHTML, like Gecko; compatible; GPTBot/1.2; +https://openai.com/gptbot)"
20.171.207.83 - - [17/Jul/2025:13:38:28 +0000] "GET /items/tablets/notebook/5082816/ HTTP/1.1" 404 13248 "-" "Mozilla/5.0 AppleWebKit/537.36 (KHTML, like Gecko; compatible; GPTBot/1.2; +https://openai.com/gptbot)"
20.171.207.83 - - [17/Jul/2025:13:38:29 +0000] "GET /items/magazines/sports/4684920/ HTTP/1.1" 404 13248 "-" "Mozilla/5.0 AppleWebKit/537.36 (KHTML, like Gecko; compatible; GPTBot/1.2; +https://openai.com/gptbot)"
20.171.207.83 - - [17/Jul/2025:13:38:30 +0000] "GET /items/magazines/sports/3005931/ HTTP/1.1" 404 13248 "-" "Mozilla/5.0 AppleWebKit/537.36 (KHTML, like Gecko; compatible; GPTBot/1.2; +https://openai.com/gptbot)"
20.171.207.83 - - [17/Jul/2025:13:38:32 +0000] "GET /items/diet/supplements/4879028/ HTTP/1.1" 404 13248 "-" "Mozilla/5.0 AppleWebKit/537.36 (KHTML, like Gecko; compatible; GPTBot/1.2; +https://openai.com/gptbot)"
20.171.207.83 - - [17/Jul/2025:13:38:33 +0000] "GET /items/fishing/outdoors/2476697/ HTTP/1.1" 404 13248 "-" "Mozilla/5.0 AppleWebKit/537.36 (KHTML, like Gecko; compatible; GPTBot/1.2; +https://openai.com/gptbot)"
20.171.207.83 - - [17/Jul/2025:13:38:34 +0000] "GET /items/handmade/fashion/3863478/ HTTP/1.1" 404 13248 "-" "Mozilla/5.0 AppleWebKit/537.36 (KHTML, like Gecko; compatible; GPTBot/1.2; +https://openai.com/gptbot)"
20.171.207.83 - - [17/Jul/2025:13:38:35 +0000] "GET /items/cars/motorcycles/4995957/ HTTP/1.1" 404 13248 "-" "Mozilla/5.0 AppleWebKit/537.36 (KHTML, like Gecko; compatible; GPTBot/1.2; +https://openai.com/gptbot)"
20.171.207.83 - - [17/Jul/2025:13:38:36 +0000] "GET /items/cars/motorcycles/4570104/ HTTP/1.1" 404 13248 "-" "Mozilla/5.0 AppleWebKit/537.36 (KHTML, like Gecko; compatible; GPTBot/1.2; +https://openai.com/gptbot)"
20.171.207.83 - - [17/Jul/2025:13:38:37 +0000] "GET /items/sports/badminton/2270374/ HTTP/1.1" 404 13248 "-" "Mozilla/5.0 AppleWebKit/537.36 (KHTML, like Gecko; compatible; GPTBot/1.2; +https://openai.com/gptbot)"
20.171.207.83 - - [17/Jul/2025:13:38:38 +0000] "GET /items/motorcycles/cars/4782918/ HTTP/1.1" 404 13248 "-" "Mozilla/5.0 AppleWebKit/537.36 (KHTML, like Gecko; compatible; GPTBot/1.2; +https://openai.com/gptbot)"
20.171.207.83 - - [17/Jul/2025:13:38:40 +0000] "GET /items/tickets/shopping/4146904/ HTTP/1.1" 404 13248 "-" "Mozilla/5.0 AppleWebKit/537.36 (KHTML, like Gecko; compatible; GPTBot/1.2; +https://openai.com/gptbot)"
20.171.207.83 - - [17/Jul/2025:13:38:41 +0000] "GET /items/motorcycles/cars/3327007/ HTTP/1.1" 404 13248 "-" "Mozilla/5.0 AppleWebKit/537.36 (KHTML, like Gecko; compatible; GPTBot/1.2; +https://openai.com/gptbot)"
20.171.207.83 - - [17/Jul/2025:13:38:42 +0000] "GET /items/cars/motorcycles/5210690/ HTTP/1.1" 404 13248 "-" "Mozilla/5.0 AppleWebKit/537.36 (KHTML, like Gecko; compatible; GPTBot/1.2; +https://openai.com/gptbot)"
20.171.207.83 - - [17/Jul/2025:13:38:43 +0000] "GET /items/furniture/others/3593450/ HTTP/1.1" 404 13248 "-" "Mozilla/5.0 AppleWebKit/537.36 (KHTML, like Gecko; compatible; GPTBot/1.2; +https://openai.com/gptbot)"
20.171.207.83 - - [17/Jul/2025:13:38:44 +0000] "GET /items/cars/motorcycles/2837244/ HTTP/1.1" 404 13248 "-" "Mozilla/5.0 AppleWebKit/537.36 (KHTML, like Gecko; compatible; GPTBot/1.2; +https://openai.com/gptbot)"
20.171.207.83 - - [17/Jul/2025:13:38:46 +0000] "GET /items/tickets/shopping/3612216/ HTTP/1.1" 404 13248 "-" "Mozilla/5.0 AppleWebKit/537.36 (KHTML, like Gecko; compatible; GPTBot/1.2; +https://openai.com/gptbot)"
20.171.207.83 - - [17/Jul/2025:13:38:47 +0000] "GET /items/interior/bedding/2749964/ HTTP/1.1" 404 13248 "-" "Mozilla/5.0 AppleWebKit/537.36 (KHTML, like Gecko; compatible; GPTBot/1.2; +https://openai.com/gptbot)"
20.171.207.83 - - [17/Jul/2025:13:38:48 +0000] "GET /items/furniture/lights/1903203/ HTTP/1.1" 404 13248 "-" "Mozilla/5.0 AppleWebKit/537.36 (KHTML, like Gecko; compatible; GPTBot/1.2; +https://openai.com/gptbot)"
20.171.207.83 - - [17/Jul/2025:13:38:49 +0000] "GET /items/fishing/outdoors/3440995/ HTTP/1.1" 404 13248 "-" "Mozilla/5.0 AppleWebKit/537.36 (KHTML, like Gecko; compatible; GPTBot/1.2; +https://openai.com/gptbot)"
20.171.207.83 - - [17/Jul/2025:13:38:50 +0000] "GET /items/handmade/fashion/2958913/ HTTP/1.1" 404 13248 "-" "Mozilla/5.0 AppleWebKit/537.36 (KHTML, like Gecko; compatible; GPTBot/1.2; +https://openai.com/gptbot)"
20.171.207.83 - - [17/Jul/2025:13:38:51 +0000] "GET /items/motorcycles/cars/2363123/ HTTP/1.1" 404 13248 "-" "Mozilla/5.0 AppleWebKit/537.36 (KHTML, like Gecko; compatible; GPTBot/1.2; +https://openai.com/gptbot)"
20.171.207.83 - - [17/Jul/2025:13:38:52 +0000] "GET /items/tools/inspection/2175118/ HTTP/1.1" 404 13248 "-" "Mozilla/5.0 AppleWebKit/537.36 (KHTML, like Gecko; compatible; GPTBot/1.2; +https://openai.com/gptbot)"
20.171.207.83 - - [17/Jul/2025:13:38:54 +0000] "GET /items/motorcycles/cars/2965939/ HTTP/1.1" 404 13248 "-" "Mozilla/5.0 AppleWebKit/537.36 (KHTML, like Gecko; compatible; GPTBot/1.2; +https://openai.com/gptbot)"
20.171.207.83 - - [17/Jul/2025:13:38:55 +0000] "GET /items/handmade/fashion/4511414/ HTTP/1.1" 404 13248 "-" "Mozilla/5.0 AppleWebKit/537.36 (KHTML, like Gecko; compatible; GPTBot/1.2; +https://openai.com/gptbot)"
20.171.207.83 - - [17/Jul/2025:13:38:56 +0000] "GET /items/fishing/outdoors/3671001/ HTTP/1.1" 404 13248 "-" "Mozilla/5.0 AppleWebKit/537.36 (KHTML, like Gecko; compatible; GPTBot/1.2; +https://openai.com/gptbot)"
20.171.207.83 - - [17/Jul/2025:13:38:57 +0000] "GET /items/tickets/shopping/3575168/ HTTP/1.1" 404 13248 "-" "Mozilla/5.0 AppleWebKit/537.36 (KHTML, like Gecko; compatible; GPTBot/1.2; +https://openai.com/gptbot)"
20.171.207.83 - - [17/Jul/2025:13:38:58 +0000] "GET /items/motorcycles/cars/4667946/ HTTP/1.1" 404 13248 "-" "Mozilla/5.0 AppleWebKit/537.36 (KHTML, like Gecko; compatible; GPTBot/1.2; +https://openai.com/gptbot)"
20.171.207.83 - - [17/Jul/2025:13:39:00 +0000] "GET /items/motorcycles/cars/3808826/ HTTP/1.1" 404 13248 "-" "Mozilla/5.0 AppleWebKit/537.36 (KHTML, like Gecko; compatible; GPTBot/1.2; +https://openai.com/gptbot)"
20.171.207.83 - - [17/Jul/2025:13:39:01 +0000] "GET /items/cars/motorcycles/4101423/ HTTP/1.1" 404 13248 "-" "Mozilla/5.0 AppleWebKit/537.36 (KHTML, like Gecko; compatible; GPTBot/1.2; +https://openai.com/gptbot)"
216.73.216.36 - - [17/Jul/2025:13:39:01 +0000] "GET /special/2505362310.phtml HTTP/1.1" 404 13248 "-" "Mozilla/5.0 AppleWebKit/537.36 (KHTML, like Gecko; compatible; ClaudeBot/1.0; [email protected])"
20.171.207.83 - - [17/Jul/2025:13:39:02 +0000] "GET /items/fishing/outdoors/4543049/ HTTP/1.1" 404 13248 "-" "Mozilla/5.0 AppleWebKit/537.36 (KHTML, like Gecko; compatible; GPTBot/1.2; +https://openai.com/gptbot)"
20.171.207.83 - - [17/Jul/2025:13:39:03 +0000] "GET /items/furniture/lights/4456909/ HTTP/1.1" 404 13248 "-" "Mozilla/5.0 AppleWebKit/537.36 (KHTML, like Gecko; compatible; GPTBot/1.2; +https://openai.com/gptbot)"
216.73.216.36 - - [17/Jul/2025:13:39:04 +0000] "GET /special/2505450582.phtml HTTP/1.1" 404 13248 "-" "Mozilla/5.0 AppleWebKit/537.36 (KHTML, like Gecko; compatible; ClaudeBot/1.0; [email protected])"
20.171.207.83 - - [17/Jul/2025:13:39:04 +0000] "GET /items/furniture/chairs/2118022/ HTTP/1.1" 404 13248 "-" "Mozilla/5.0 AppleWebKit/537.36 (KHTML, like Gecko; compatible; GPTBot/1.2; +https://openai.com/gptbot)"
20.171.207.83 - - [17/Jul/2025:13:39:05 +0000] "GET /items/magazines/sports/2342511/ HTTP/1.1" 404 13248 "-" "Mozilla/5.0 AppleWebKit/537.36 (KHTML, like Gecko; compatible; GPTBot/1.2; +https://openai.com/gptbot)"
216.73.216.36 - - [17/Jul/2025:13:39:07 +0000] "GET /special/2505281290.phtml HTTP/1.1" 404 13248 "-" "Mozilla/5.0 AppleWebKit/537.36 (KHTML, like Gecko; compatible; ClaudeBot/1.0; [email protected])"
20.171.207.83 - - [17/Jul/2025:13:39:07 +0000] "GET /items/diy/screwdrivers/4034124/ HTTP/1.1" 404 13248 "-" "Mozilla/5.0 AppleWebKit/537.36 (KHTML, like Gecko; compatible; GPTBot/1.2; +https://openai.com/gptbot)"
20.171.207.83 - - [17/Jul/2025:13:39:08 +0000] "GET /items/magazines/sports/3775652/ HTTP/1.1" 404 13248 "-" "Mozilla/5.0 AppleWebKit/537.36 (KHTML, like Gecko; compatible; GPTBot/1.2; +https://openai.com/gptbot)"
20.171.207.83 - - [17/Jul/2025:13:39:09 +0000] "GET /items/fishing/outdoors/2953459/ HTTP/1.1" 404 13248 "-" "Mozilla/5.0 AppleWebKit/537.36 (KHTML, like Gecko; compatible; GPTBot/1.2; +https://openai.com/gptbot)"
216.73.216.36 - - [17/Jul/2025:13:39:10 +0000] "GET /special/2505149628.phtml HTTP/1.1" 404 13248 "-" "Mozilla/5.0 AppleWebKit/537.36 (KHTML, like Gecko; compatible; ClaudeBot/1.0; [email protected])"
20.171.207.83 - - [17/Jul/2025:13:39:10 +0000] "GET /items/decor/mattresses/3282895/ HTTP/1.1" 404 13248 "-" "Mozilla/5.0 AppleWebKit/537.36 (KHTML, like Gecko; compatible; GPTBot/1.2; +https://openai.com/gptbot)"
20.171.207.83 - - [17/Jul/2025:13:39:11 +0000] "GET /items/handmade/fashion/3456483/ HTTP/1.1" 404 13248 "-" "Mozilla/5.0 AppleWebKit/537.36 (KHTML, like Gecko; compatible; GPTBot/1.2; +https://openai.com/gptbot)"
20.171.207.83 - - [17/Jul/2025:13:39:13 +0000] "GET /items/motorcycles/cars/2930790/ HTTP/1.1" 404 13248 "-" "Mozilla/5.0 AppleWebKit/537.36 (KHTML, like Gecko; compatible; GPTBot/1.2; +https://openai.com/gptbot)"
216.73.216.36 - - [17/Jul/2025:13:39:13 +0000] "GET /special/2505343356.phtml HTTP/1.1" 404 13248 "-" "Mozilla/5.0 AppleWebKit/537.36 (KHTML, like Gecko; compatible; ClaudeBot/1.0; [email protected])"
20.171.207.83 - - [17/Jul/2025:13:39:14 +0000] "GET /items/handmade/fashion/2461024/ HTTP/1.1" 404 13248 "-" "Mozilla/5.0 AppleWebKit/537.36 (KHTML, like Gecko; compatible; GPTBot/1.2; +https://openai.com/gptbot)"
20.171.207.83 - - [17/Jul/2025:13:39:15 +0000] "GET /items/handmade/fashion/2359612/ HTTP/1.1" 404 13248 "-" "Mozilla/5.0 AppleWebKit/537.36 (KHTML, like Gecko; compatible; GPTBot/1.2; +https://openai.com/gptbot)"
216.73.216.36 - - [17/Jul/2025:13:39:16 +0000] "GET /special/2505396664.phtml HTTP/1.1" 404 13248 "-" "Mozilla/5.0 AppleWebKit/537.36 (KHTML, like Gecko; compatible; ClaudeBot/1.0; [email protected])"
20.171.207.83 - - [17/Jul/2025:13:39:16 +0000] "GET /items/tickets/shopping/4863110/ HTTP/1.1" 404 13248 "-" "Mozilla/5.0 AppleWebKit/537.36 (KHTML, like Gecko; compatible; GPTBot/1.2; +https://openai.com/gptbot)"
20.171.207.83 - - [17/Jul/2025:13:39:17 +0000] "GET /items/interior/carpets/3897669/ HTTP/1.1" 404 13248 "-" "Mozilla/5.0 AppleWebKit/537.36 (KHTML, like Gecko; compatible; GPTBot/1.2; +https://openai.com/gptbot)"
20.171.207.83 - - [17/Jul/2025:13:39:18 +0000] "GET /items/motorcycles/cars/2435656/ HTTP/1.1" 404 13248 "-" "Mozilla/5.0 AppleWebKit/537.36 (KHTML, like Gecko; compatible; GPTBot/1.2; +https://openai.com/gptbot)"
216.73.216.36 - - [17/Jul/2025:13:39:19 +0000] "GET /special/2505340984.phtml HTTP/1.1" 404 13248 "-" "Mozilla/5.0 AppleWebKit/537.36 (KHTML, like Gecko; compatible; ClaudeBot/1.0; [email protected])"
20.171.207.83 - - [17/Jul/2025:13:39:19 +0000] "GET /items/fishing/lanterns/3053552/ HTTP/1.1" 404 13248 "-" "Mozilla/5.0 AppleWebKit/537.36 (KHTML, like Gecko; compatible; GPTBot/1.2; +https://openai.com/gptbot)"
20.171.207.83 - - [17/Jul/2025:13:39:21 +0000] "GET /items/magazines/sports/3775337/ HTTP/1.1" 404 13248 "-" "Mozilla/5.0 AppleWebKit/537.36 (KHTML, like Gecko; compatible; GPTBot/1.2; +https://openai.com/gptbot)"
216.73.216.36 - - [17/Jul/2025:13:39:22 +0000] "GET /special/2505341782.phtml HTTP/1.1" 404 13248 "-" "Mozilla/5.0 AppleWebKit/537.36 (KHTML, like Gecko; compatible; ClaudeBot/1.0; [email protected])"
20.171.207.83 - - [17/Jul/2025:13:39:22 +0000] "GET /items/fishing/outdoors/5172651/ HTTP/1.1" 404 13248 "-" "Mozilla/5.0 AppleWebKit/537.36 (KHTML, like Gecko; compatible; GPTBot/1.2; +https://openai.com/gptbot)"
20.171.207.83 - - [17/Jul/2025:13:39:23 +0000] "GET /items/magazines/sports/3905430/ HTTP/1.1" 404 13248 "-" "Mozilla/5.0 AppleWebKit/537.36 (KHTML, like Gecko; compatible; GPTBot/1.2; +https://openai.com/gptbot)"
20.171.207.83 - - [17/Jul/2025:13:39:24 +0000] "GET /items/diet/supplements/4169134/ HTTP/1.1" 404 13248 "-" "Mozilla/5.0 AppleWebKit/537.36 (KHTML, like Gecko; compatible; GPTBot/1.2; +https://openai.com/gptbot)"
216.73.216.36 - - [17/Jul/2025:13:39:25 +0000] "GET /special/2505090258.phtml HTTP/1.1" 404 13248 "-" "Mozilla/5.0 AppleWebKit/537.36 (KHTML, like Gecko; compatible; ClaudeBot/1.0; [email protected])"
20.171.207.83 - - [17/Jul/2025:13:39:25 +0000] "GET /items/diet/supplements/4820587/ HTTP/1.1" 404 13248 "-" "Mozilla/5.0 AppleWebKit/537.36 (KHTML, like Gecko; compatible; GPTBot/1.2; +https://openai.com/gptbot)"
20.171.207.83 - - [17/Jul/2025:13:39:27 +0000] "GET /items/fishing/outdoors/3259396/ HTTP/1.1" 404 13248 "-" "Mozilla/5.0 AppleWebKit/537.36 (KHTML, like Gecko; compatible; GPTBot/1.2; +https://openai.com/gptbot)"
216.73.216.36 - - [17/Jul/2025:13:39:28 +0000] "GET /special/2505533718.phtml HTTP/1.1" 404 13248 "-" "Mozilla/5.0 AppleWebKit/537.36 (KHTML, like Gecko; compatible; ClaudeBot/1.0; [email protected])"
20.171.207.83 - - [17/Jul/2025:13:39:28 +0000] "GET /items/motorcycles/cars/2135220/ HTTP/1.1" 404 13248 "-" "Mozilla/5.0 AppleWebKit/537.36 (KHTML, like Gecko; compatible; GPTBot/1.2; +https://openai.com/gptbot)"
20.171.207.83 - - [17/Jul/2025:13:39:29 +0000] "GET /items/diet/supplements/4372641/ HTTP/1.1" 404 13248 "-" "Mozilla/5.0 AppleWebKit/537.36 (KHTML, like Gecko; compatible; GPTBot/1.2; +https://openai.com/gptbot)"
20.171.207.83 - - [17/Jul/2025:13:39:30 +0000] "GET /items/magazines/sports/1722669/ HTTP/1.1" 404 13248 "-" "Mozilla/5.0 AppleWebKit/537.36 (KHTML, like Gecko; compatible; GPTBot/1.2; +https://openai.com/gptbot)"
216.73.216.36 - - [17/Jul/2025:13:39:31 +0000] "GET /special/2505479544.phtml HTTP/1.1" 404 13248 "-" "Mozilla/5.0 AppleWebKit/537.36 (KHTML, like Gecko; compatible; ClaudeBot/1.0; [email protected])"
20.171.207.83 - - [17/Jul/2025:13:39:31 +0000] "GET /items/motorcycles/cars/3044259/ HTTP/1.1" 404 13248 "-" "Mozilla/5.0 AppleWebKit/537.36 (KHTML, like Gecko; compatible; GPTBot/1.2; +https://openai.com/gptbot)"
20.171.207.83 - - [17/Jul/2025:13:39:33 +0000] "GET /items/cosmetics/makeup/3293169/ HTTP/1.1" 404 13248 "-" "Mozilla/5.0 AppleWebKit/537.36 (KHTML, like Gecko; compatible; GPTBot/1.2; +https://openai.com/gptbot)"
216.73.216.36 - - [17/Jul/2025:13:39:34 +0000] "GET /special/2505276286.phtml HTTP/1.1" 404 13248 "-" "Mozilla/5.0 AppleWebKit/537.36 (KHTML, like Gecko; compatible; ClaudeBot/1.0; [email protected])"
20.171.207.83 - - [17/Jul/2025:13:39:34 +0000] "GET /items/motorcycles/cars/2078928/ HTTP/1.1" 404 13248 "-" "Mozilla/5.0 AppleWebKit/537.36 (KHTML, like Gecko; compatible; GPTBot/1.2; +https://openai.com/gptbot)"
20.171.207.83 - - [17/Jul/2025:13:39:35 +0000] "GET /items/cars/motorcycles/1658541/ HTTP/1.1" 404 13248 "-" "Mozilla/5.0 AppleWebKit/537.36 (KHTML, like Gecko; compatible; GPTBot/1.2; +https://openai.com/gptbot)"
20.171.207.83 - - [17/Jul/2025:13:39:36 +0000] "GET /items/magazines/others/1984861/ HTTP/1.1" 404 13248 "-" "Mozilla/5.0 AppleWebKit/537.36 (KHTML, like Gecko; compatible; GPTBot/1.2; +https://openai.com/gptbot)"
216.73.216.36 - - [17/Jul/2025:13:39:37 +0000] "GET /special/2505100458.phtml HTTP/1.1" 404 13248 "-" "Mozilla/5.0 AppleWebKit/537.36 (KHTML, like Gecko; compatible; ClaudeBot/1.0; [email protected])"
20.171.207.83 - - [17/Jul/2025:13:39:37 +0000] "GET /items/fishing/lanterns/2240458/ HTTP/1.1" 404 13248 "-" "Mozilla/5.0 AppleWebKit/537.36 (KHTML, like Gecko; compatible; GPTBot/1.2; +https://openai.com/gptbot)"
20.171.207.83 - - [17/Jul/2025:13:39:38 +0000] "GET /items/interior/benches/4133891/ HTTP/1.1" 404 13248 "-" "Mozilla/5.0 AppleWebKit/537.36 (KHTML, like Gecko; compatible; GPTBot/1.2; +https://openai.com/gptbot)"
20.171.207.83 - - [17/Jul/2025:13:39:39 +0000] "GET /items/furniture/others/3482947/ HTTP/1.1" 404 13248 "-" "Mozilla/5.0 AppleWebKit/537.36 (KHTML, like Gecko; compatible; GPTBot/1.2; +https://openai.com/gptbot)"
20.171.207.83 - - [17/Jul/2025:13:39:41 +0000] "GET /items/gardening/others/4678824/ HTTP/1.1" 404 13248 "-" "Mozilla/5.0 AppleWebKit/537.36 (KHTML, like Gecko; compatible; GPTBot/1.2; +https://openai.com/gptbot)"
20.171.207.83 - - [17/Jul/2025:13:39:42 +0000] "GET /items/cars/motorcycles/3316701/ HTTP/1.1" 404 13248 "-" "Mozilla/5.0 AppleWebKit/537.36 (KHTML, like Gecko; compatible; GPTBot/1.2; +https://openai.com/gptbot)"
20.171.207.83 - - [17/Jul/2025:13:39:43 +0000] "GET /items/tickets/shopping/4769204/ HTTP/1.1" 404 13248 "-" "Mozilla/5.0 AppleWebKit/537.36 (KHTML, like Gecko; compatible; GPTBot/1.2; +https://openai.com/gptbot)"
20.171.207.83 - - [17/Jul/2025:13:39:44 +0000] "GET /items/motorcycles/cars/3778227/ HTTP/1.1" 404 13248 "-" "Mozilla/5.0 AppleWebKit/537.36 (KHTML, like Gecko; compatible; GPTBot/1.2; +https://openai.com/gptbot)"
20.171.207.83 - - [17/Jul/2025:13:39:45 +0000] "GET /items/audio/headphones/5138919/ HTTP/1.1" 404 13248 "-" "Mozilla/5.0 AppleWebKit/537.36 (KHTML, like Gecko; compatible; GPTBot/1.2; +https://openai.com/gptbot)"
20.171.207.83 - - [17/Jul/2025:13:39:47 +0000] "GET /items/diet/supplements/1353681/ HTTP/1.1" 404 13248 "-" "Mozilla/5.0 AppleWebKit/537.36 (KHTML, like Gecko; compatible; GPTBot/1.2; +https://openai.com/gptbot)"
20.171.207.83 - - [17/Jul/2025:13:39:48 +0000] "GET /items/computers/tablet/4355312/ HTTP/1.1" 404 13248 "-" "Mozilla/5.0 AppleWebKit/537.36 (KHTML, like Gecko; compatible; GPTBot/1.2; +https://openai.com/gptbot)"
20.171.207.83 - - [17/Jul/2025:13:39:49 +0000] "GET /items/tablets/printers/2825359/ HTTP/1.1" 404 13248 "-" "Mozilla/5.0 AppleWebKit/537.36 (KHTML, like Gecko; compatible; GPTBot/1.2; +https://openai.com/gptbot)"
20.171.207.83 - - [17/Jul/2025:13:39:50 +0000] "GET /items/tickets/shopping/2977830/ HTTP/1.1" 404 13248 "-" "Mozilla/5.0 AppleWebKit/537.36 (KHTML, like Gecko; compatible; GPTBot/1.2; +https://openai.com/gptbot)"
20.171.207.83 - - [17/Jul/2025:13:39:51 +0000] "GET /items/motorcycles/cars/2646269/ HTTP/1.1" 404 13248 "-" "Mozilla/5.0 AppleWebKit/537.36 (KHTML, like Gecko; compatible; GPTBot/1.2; +https://openai.com/gptbot)"
20.171.207.83 - - [17/Jul/2025:13:39:52 +0000] "GET /items/handmade/fashion/4461234/ HTTP/1.1" 404 13248 "-" "Mozilla/5.0 AppleWebKit/537.36 (KHTML, like Gecko; compatible; GPTBot/1.2; +https://openai.com/gptbot)"
20.171.207.83 - - [17/Jul/2025:13:39:54 +0000] "GET /items/cars/motorcycles/3535431/ HTTP/1.1" 404 13248 "-" "Mozilla/5.0 AppleWebKit/537.36 (KHTML, like Gecko; compatible; GPTBot/1.2; +https://openai.com/gptbot)"
20.171.207.83 - - [17/Jul/2025:13:39:55 +0000] "GET /items/fishing/outdoors/4166318/ HTTP/1.1" 404 13248 "-" "Mozilla/5.0 AppleWebKit/537.36 (KHTML, like Gecko; compatible; GPTBot/1.2; +https://openai.com/gptbot)"
20.171.207.83 - - [17/Jul/2025:13:39:56 +0000] "GET /items/motorcycles/cars/3981741/ HTTP/1.1" 404 13248 "-" "Mozilla/5.0 AppleWebKit/537.36 (KHTML, like Gecko; compatible; GPTBot/1.2; +https://openai.com/gptbot)"
20.171.207.83 - - [17/Jul/2025:13:39:57 +0000] "GET /items/cosmetics/makeup/1662663/ HTTP/1.1" 404 13248 "-" "Mozilla/5.0 AppleWebKit/537.36 (KHTML, like Gecko; compatible; GPTBot/1.2; +https://openai.com/gptbot)"
20.171.207.83 - - [17/Jul/2025:13:39:58 +0000] "GET /items/motorcycles/cars/3377123/ HTTP/1.1" 404 13248 "-" "Mozilla/5.0 AppleWebKit/537.36 (KHTML, like Gecko; compatible; GPTBot/1.2; +https://openai.com/gptbot)"
20.171.207.83 - - [17/Jul/2025:13:39:59 +0000] "GET /items/handmade/fashion/4565607/ HTTP/1.1" 404 13248 "-" "Mozilla/5.0 AppleWebKit/537.36 (KHTML, like Gecko; compatible; GPTBot/1.2; +https://openai.com/gptbot)"
20.171.207.83 - - [17/Jul/2025:13:40:01 +0000] "GET /items/furniture/others/5095396/ HTTP/1.1" 404 13248 "-" "Mozilla/5.0 AppleWebKit/537.36 (KHTML, like Gecko; compatible; GPTBot/1.2; +https://openai.com/gptbot)"
20.171.207.83 - - [17/Jul/2025:13:40:02 +0000] "GET /items/motorcycles/cars/3534340/ HTTP/1.1" 404 13248 "-" "Mozilla/5.0 AppleWebKit/537.36 (KHTML, like Gecko; compatible; GPTBot/1.2; +https://openai.com/gptbot)"
20.171.207.83 - - [17/Jul/2025:13:40:03 +0000] "GET /items/cars/motorcycles/3305426/ HTTP/1.1" 404 13248 "-" "Mozilla/5.0 AppleWebKit/537.36 (KHTML, like Gecko; compatible; GPTBot/1.2; +https://openai.com/gptbot)"
216.73.216.36 - - [17/Jul/2025:13:40:04 +0000] "GET /special/2504912340.phtml HTTP/1.1" 404 13248 "-" "Mozilla/5.0 AppleWebKit/537.36 (KHTML, like Gecko; compatible; ClaudeBot/1.0; [email protected])"
20.171.207.83 - - [17/Jul/2025:13:40:04 +0000] "GET /items/handmade/wallets/3317190/ HTTP/1.1" 404 13248 "-" "Mozilla/5.0 AppleWebKit/537.36 (KHTML, like Gecko; compatible; GPTBot/1.2; +https://openai.com/gptbot)"
20.171.207.83 - - [17/Jul/2025:13:40:05 +0000] "GET /items/handmade/fashion/3267641/ HTTP/1.1" 404 13248 "-" "Mozilla/5.0 AppleWebKit/537.36 (KHTML, like Gecko; compatible; GPTBot/1.2; +https://openai.com/gptbot)"
20.171.207.83 - - [17/Jul/2025:13:40:07 +0000] "GET /items/interior/shelves/4495383/ HTTP/1.1" 404 13248 "-" "Mozilla/5.0 AppleWebKit/537.36 (KHTML, like Gecko; compatible; GPTBot/1.2; +https://openai.com/gptbot)"
216.73.216.36 - - [17/Jul/2025:13:40:07 +0000] "GET /special/2505466972.phtml HTTP/1.1" 404 13248 "-" "Mozilla/5.0 AppleWebKit/537.36 (KHTML, like Gecko; compatible; ClaudeBot/1.0; [email protected])"
20.171.207.83 - - [17/Jul/2025:13:40:08 +0000] "GET /items/interior/bedding/4044891/ HTTP/1.1" 404 13248 "-" "Mozilla/5.0 AppleWebKit/537.36 (KHTML, like Gecko; compatible; GPTBot/1.2; +https://openai.com/gptbot)"
20.171.207.83 - - [17/Jul/2025:13:40:09 +0000] "GET /items/motorcycles/cars/4736863/ HTTP/1.1" 404 13248 "-" "Mozilla/5.0 AppleWebKit/537.36 (KHTML, like Gecko; compatible; GPTBot/1.2; +https://openai.com/gptbot)"
216.73.216.36 - - [17/Jul/2025:13:40:10 +0000] "GET /special/2505453210.phtml HTTP/1.1" 404 13248 "-" "Mozilla/5.0 AppleWebKit/537.36 (KHTML, like Gecko; compatible; ClaudeBot/1.0; [email protected])"
20.171.207.83 - - [17/Jul/2025:13:40:10 +0000] "GET /items/audio/television/3604255/ HTTP/1.1" 404 13248 "-" "Mozilla/5.0 AppleWebKit/537.36 (KHTML, like Gecko; compatible; GPTBot/1.2; +https://openai.com/gptbot)"
20.171.207.83 - - [17/Jul/2025:13:40:11 +0000] "GET /items/cars/motorcycles/1755751/ HTTP/1.1" 404 13248 "-" "Mozilla/5.0 AppleWebKit/537.36 (KHTML, like Gecko; compatible; GPTBot/1.2; +https://openai.com/gptbot)"
