20.171.207.83 - - [17/Jul/2025:13:50:58 +0000] "GET /items/cosmetics/perfumes/5102856/ HTTP/1.1" 404 13248 "-" "Mozilla/5.0 AppleWebKit/537.36 (KHTML, like Gecko; compatible; GPTBot/1.2; +https://openai.com/gptbot)"
20.171.207.83 - - [17/Jul/2025:13:50:59 +0000] "GET /items/cosmetics/skincare/2430456/ HTTP/1.1" 404 13248 "-" "Mozilla/5.0 AppleWebKit/537.36 (KHTML, like Gecko; compatible; GPTBot/1.2; +https://openai.com/gptbot)"
20.171.207.83 - - [17/Jul/2025:13:51:00 +0000] "GET /items/motorcycles/safety/4184677/ HTTP/1.1" 404 13248 "-" "Mozilla/5.0 AppleWebKit/537.36 (KHTML, like Gecko; compatible; GPTBot/1.2; +https://openai.com/gptbot)"
20.171.207.83 - - [17/Jul/2025:13:51:02 +0000] "GET /items/cameras/amplifiers/4491250/ HTTP/1.1" 404 13248 "-" "Mozilla/5.0 AppleWebKit/537.36 (KHTML, like Gecko; compatible; GPTBot/1.2; +https://openai.com/gptbot)"
216.73.216.36 - - [17/Jul/2025:13:51:02 +0000] "GET /special/2504847710.phtml HTTP/1.1" 404 13248 "-" "Mozilla/5.0 AppleWebKit/537.36 (KHTML, like Gecko; compatible; ClaudeBot/1.0; [email protected])"
20.171.207.83 - - [17/Jul/2025:13:51:03 +0000] "GET /items/cameras/amplifiers/3611577/ HTTP/1.1" 404 13248 "-" "Mozilla/5.0 AppleWebKit/537.36 (KHTML, like Gecko; compatible; GPTBot/1.2; +https://openai.com/gptbot)"
20.171.207.83 - - [17/Jul/2025:13:51:04 +0000] "GET /items/handmade/materials/4057571/ HTTP/1.1" 404 13248 "-" "Mozilla/5.0 AppleWebKit/537.36 (KHTML, like Gecko; compatible; GPTBot/1.2; +https://openai.com/gptbot)"
20.171.207.83 - - [17/Jul/2025:13:51:05 +0000] "GET /items/furniture/interior/5142883/ HTTP/1.1" 404 13248 "-" "Mozilla/5.0 AppleWebKit/537.36 (KHTML, like Gecko; compatible; GPTBot/1.2; +https://openai.com/gptbot)"
216.73.216.36 - - [17/Jul/2025:13:51:05 +0000] "GET /special/2504850470.phtml HTTP/1.1" 404 13248 "-" "Mozilla/5.0 AppleWebKit/537.36 (KHTML, like Gecko; compatible; ClaudeBot/1.0; [email protected])"
20.171.207.83 - - [17/Jul/2025:13:51:06 +0000] "GET /items/hobbies/characters/3688197/ HTTP/1.1" 404 13248 "-" "Mozilla/5.0 AppleWebKit/537.36 (KHTML, like Gecko; compatible; GPTBot/1.2; +https://openai.com/gptbot)"
20.171.207.83 - - [17/Jul/2025:13:51:07 +0000] "GET /items/cosmetics/perfumes/2841495/ HTTP/1.1" 404 13248 "-" "Mozilla/5.0 AppleWebKit/537.36 (KHTML, like Gecko; compatible; GPTBot/1.2; +https://openai.com/gptbot)"
216.73.216.36 - - [17/Jul/2025:13:51:08 +0000] "GET /special/2504808740.phtml HTTP/1.1" 404 13248 "-" "Mozilla/5.0 AppleWebKit/537.36 (KHTML, like Gecko; compatible; ClaudeBot/1.0; [email protected])"
20.171.207.83 - - [17/Jul/2025:13:51:09 +0000] "GET /items/handmade/ornaments/2146956/ HTTP/1.1" 404 13248 "-" "Mozilla/5.0 AppleWebKit/537.36 (KHTML, like Gecko; compatible; GPTBot/1.2; +https://openai.com/gptbot)"
20.171.207.83 - - [17/Jul/2025:13:51:10 +0000] "GET /items/flowers/vegetables/4842181/ HTTP/1.1" 404 13248 "-" "Mozilla/5.0 AppleWebKit/537.36 (KHTML, like Gecko; compatible; GPTBot/1.2; +https://openai.com/gptbot)"
20.171.207.83 - - [17/Jul/2025:13:51:11 +0000] "GET /items/computers/macbooks/4434305/ HTTP/1.1" 404 13248 "-" "Mozilla/5.0 AppleWebKit/537.36 (KHTML, like Gecko; compatible; GPTBot/1.2; +https://openai.com/gptbot)"
216.73.216.36 - - [17/Jul/2025:13:51:11 +0000] "GET /special/2505202356.phtml HTTP/1.1" 404 13248 "-" "Mozilla/5.0 AppleWebKit/537.36 (KHTML, like Gecko; compatible; ClaudeBot/1.0; [email protected])"
20.171.207.83 - - [17/Jul/2025:13:51:12 +0000] "GET /items/health/supplements/3500311/ HTTP/1.1" 404 13248 "-" "Mozilla/5.0 AppleWebKit/537.36 (KHTML, like Gecko; compatible; GPTBot/1.2; +https://openai.com/gptbot)"
20.171.207.83 - - [17/Jul/2025:13:51:13 +0000] "GET /items/cosmetics/skincare/5230726/ HTTP/1.1" 404 13248 "-" "Mozilla/5.0 AppleWebKit/537.36 (KHTML, like Gecko; compatible; GPTBot/1.2; +https://openai.com/gptbot)"
216.73.216.36 - - [17/Jul/2025:13:51:14 +0000] "GET /special/2505483038.phtml HTTP/1.1" 404 13248 "-" "Mozilla/5.0 AppleWebKit/537.36 (KHTML, like Gecko; compatible; ClaudeBot/1.0; [email protected])"
20.171.207.83 - - [17/Jul/2025:13:51:15 +0000] "GET /items/smartphones/tablet/3395536/ HTTP/1.1" 404 13248 "-" "Mozilla/5.0 AppleWebKit/537.36 (KHTML, like Gecko; compatible; GPTBot/1.2; +https://openai.com/gptbot)"
40.77.167.7 - - [17/Jul/2025:13:51:15 +0000] "GET /special/1138083410.phtml HTTP/1.1" 200 19302 "-" "Mozilla/5.0 AppleWebKit/537.36 (KHTML, like Gecko; compatible; bingbot/2.0; +http://www.bing.com/bingbot.htm) Chrome/116.0.1938.76 Safari/537.36"
20.171.207.83 - - [17/Jul/2025:13:51:16 +0000] "GET /items/cameras/projectors/1833577/ HTTP/1.1" 404 13248 "-" "Mozilla/5.0 AppleWebKit/537.36 (KHTML, like Gecko; compatible; GPTBot/1.2; +https://openai.com/gptbot)"
20.171.207.83 - - [17/Jul/2025:13:51:17 +0000] "GET /items/cameras/projectors/1871835/ HTTP/1.1" 404 13248 "-" "Mozilla/5.0 AppleWebKit/537.36 (KHTML, like Gecko; compatible; GPTBot/1.2; +https://openai.com/gptbot)"
216.73.216.36 - - [17/Jul/2025:13:51:17 +0000] "GET /special/2505419052.phtml HTTP/1.1" 404 13248 "-" "Mozilla/5.0 AppleWebKit/537.36 (KHTML, like Gecko; compatible; ClaudeBot/1.0; [email protected])"
20.171.207.83 - - [17/Jul/2025:13:51:18 +0000] "GET /items/cameras/telescopes/1951120/ HTTP/1.1" 404 13248 "-" "Mozilla/5.0 AppleWebKit/537.36 (KHTML, like Gecko; compatible; GPTBot/1.2; +https://openai.com/gptbot)"
20.171.207.83 - - [17/Jul/2025:13:51:19 +0000] "GET /items/cosmetics/perfumes/2185142/ HTTP/1.1" 404 13248 "-" "Mozilla/5.0 AppleWebKit/537.36 (KHTML, like Gecko; compatible; GPTBot/1.2; +https://openai.com/gptbot)"
216.73.216.36 - - [17/Jul/2025:13:51:20 +0000] "GET /special/2505246458.phtml HTTP/1.1" 404 13248 "-" "Mozilla/5.0 AppleWebKit/537.36 (KHTML, like Gecko; compatible; ClaudeBot/1.0; [email protected])"
20.171.207.83 - - [17/Jul/2025:13:51:20 +0000] "GET /items/bicycles/equipment/2454964/ HTTP/1.1" 404 13248 "-" "Mozilla/5.0 AppleWebKit/537.36 (KHTML, like Gecko; compatible; GPTBot/1.2; +https://openai.com/gptbot)"
20.171.207.83 - - [17/Jul/2025:13:51:22 +0000] "GET /items/computers/macbooks/4542848/ HTTP/1.1" 404 13248 "-" "Mozilla/5.0 AppleWebKit/537.36 (KHTML, like Gecko; compatible; GPTBot/1.2; +https://openai.com/gptbot)"
20.171.207.83 - - [17/Jul/2025:13:51:23 +0000] "GET /items/sports/accessories/2156002/ HTTP/1.1" 404 13248 "-" "Mozilla/5.0 AppleWebKit/537.36 (KHTML, like Gecko; compatible; GPTBot/1.2; +https://openai.com/gptbot)"
216.73.216.36 - - [17/Jul/2025:13:51:23 +0000] "GET /special/2504908522.phtml HTTP/1.1" 404 13248 "-" "Mozilla/5.0 AppleWebKit/537.36 (KHTML, like Gecko; compatible; ClaudeBot/1.0; [email protected])"
20.171.207.83 - - [17/Jul/2025:13:51:24 +0000] "GET /items/tablets/smartphone/3681933/ HTTP/1.1" 404 13248 "-" "Mozilla/5.0 AppleWebKit/537.36 (KHTML, like Gecko; compatible; GPTBot/1.2; +https://openai.com/gptbot)"
20.171.207.83 - - [17/Jul/2025:13:51:25 +0000] "GET /items/computers/notebook/2931629/ HTTP/1.1" 404 13248 "-" "Mozilla/5.0 AppleWebKit/537.36 (KHTML, like Gecko; compatible; GPTBot/1.2; +https://openai.com/gptbot)"
216.73.216.36 - - [17/Jul/2025:13:51:26 +0000] "GET /special/2505036626.phtml HTTP/1.1" 404 13248 "-" "Mozilla/5.0 AppleWebKit/537.36 (KHTML, like Gecko; compatible; ClaudeBot/1.0; [email protected])"
20.171.207.83 - - [17/Jul/2025:13:51:26 +0000] "GET /items/tickets/restaurant/2893410/ HTTP/1.1" 404 13248 "-" "Mozilla/5.0 AppleWebKit/537.36 (KHTML, like Gecko; compatible; GPTBot/1.2; +https://openai.com/gptbot)"
20.171.207.83 - - [17/Jul/2025:13:51:27 +0000] "GET /items/tablets/smartphone/1687184/ HTTP/1.1" 404 13248 "-" "Mozilla/5.0 AppleWebKit/537.36 (KHTML, like Gecko; compatible; GPTBot/1.2; +https://openai.com/gptbot)"
20.171.207.83 - - [17/Jul/2025:13:51:29 +0000] "GET /items/motorcycles/safety/3248814/ HTTP/1.1" 404 13248 "-" "Mozilla/5.0 AppleWebKit/537.36 (KHTML, like Gecko; compatible; GPTBot/1.2; +https://openai.com/gptbot)"
216.73.216.36 - - [17/Jul/2025:13:51:29 +0000] "GET /special/2505008048.phtml HTTP/1.1" 404 13248 "-" "Mozilla/5.0 AppleWebKit/537.36 (KHTML, like Gecko; compatible; ClaudeBot/1.0; [email protected])"
20.171.207.83 - - [17/Jul/2025:13:51:30 +0000] "GET /items/smartphones/tablet/1466261/ HTTP/1.1" 404 13248 "-" "Mozilla/5.0 AppleWebKit/537.36 (KHTML, like Gecko; compatible; GPTBot/1.2; +https://openai.com/gptbot)"
20.171.207.83 - - [17/Jul/2025:13:51:31 +0000] "GET /items/handmade/materials/4953323/ HTTP/1.1" 404 13248 "-" "Mozilla/5.0 AppleWebKit/537.36 (KHTML, like Gecko; compatible; GPTBot/1.2; +https://openai.com/gptbot)"
20.171.207.83 - - [17/Jul/2025:13:51:32 +0000] "GET /items/handmade/materials/4911969/ HTTP/1.1" 404 13248 "-" "Mozilla/5.0 AppleWebKit/537.36 (KHTML, like Gecko; compatible; GPTBot/1.2; +https://openai.com/gptbot)"
216.73.216.36 - - [17/Jul/2025:13:51:32 +0000] "GET /special/2504852842.phtml HTTP/1.1" 404 13248 "-" "Mozilla/5.0 AppleWebKit/537.36 (KHTML, like Gecko; compatible; ClaudeBot/1.0; [email protected])"
20.171.207.83 - - [17/Jul/2025:13:51:33 +0000] "GET /items/health/supplements/5161579/ HTTP/1.1" 404 13248 "-" "Mozilla/5.0 AppleWebKit/537.36 (KHTML, like Gecko; compatible; GPTBot/1.2; +https://openai.com/gptbot)"
20.171.207.83 - - [17/Jul/2025:13:51:35 +0000] "GET /items/handmade/paintings/2041942/ HTTP/1.1" 404 13248 "-" "Mozilla/5.0 AppleWebKit/537.36 (KHTML, like Gecko; compatible; GPTBot/1.2; +https://openai.com/gptbot)"
216.73.216.36 - - [17/Jul/2025:13:51:35 +0000] "GET /special/2505120086.phtml HTTP/1.1" 404 13248 "-" "Mozilla/5.0 AppleWebKit/537.36 (KHTML, like Gecko; compatible; ClaudeBot/1.0; [email protected])"
20.171.207.83 - - [17/Jul/2025:13:51:36 +0000] "GET /items/tickets/restaurant/1597850/ HTTP/1.1" 404 13248 "-" "Mozilla/5.0 AppleWebKit/537.36 (KHTML, like Gecko; compatible; GPTBot/1.2; +https://openai.com/gptbot)"
20.171.207.83 - - [17/Jul/2025:13:51:37 +0000] "GET /items/tools/screwdrivers/4361535/ HTTP/1.1" 404 13248 "-" "Mozilla/5.0 AppleWebKit/537.36 (KHTML, like Gecko; compatible; GPTBot/1.2; +https://openai.com/gptbot)"
20.171.207.83 - - [17/Jul/2025:13:51:38 +0000] "GET /items/furniture/interior/3379645/ HTTP/1.1" 404 13248 "-" "Mozilla/5.0 AppleWebKit/537.36 (KHTML, like Gecko; compatible; GPTBot/1.2; +https://openai.com/gptbot)"
216.73.216.36 - - [17/Jul/2025:13:51:38 +0000] "GET /special/2505093880.phtml HTTP/1.1" 404 13248 "-" "Mozilla/5.0 AppleWebKit/537.36 (KHTML, like Gecko; compatible; ClaudeBot/1.0; [email protected])"
20.171.207.83 - - [17/Jul/2025:13:51:39 +0000] "GET /items/cameras/amplifiers/5146986/ HTTP/1.1" 404 13248 "-" "Mozilla/5.0 AppleWebKit/537.36 (KHTML, like Gecko; compatible; GPTBot/1.2; +https://openai.com/gptbot)"
20.171.207.83 - - [17/Jul/2025:13:51:41 +0000] "GET /items/sports/accessories/4853602/ HTTP/1.1" 404 13248 "-" "Mozilla/5.0 AppleWebKit/537.36 (KHTML, like Gecko; compatible; GPTBot/1.2; +https://openai.com/gptbot)"
20.171.207.83 - - [17/Jul/2025:13:51:42 +0000] "GET /items/cosmetics/skincare/1582920/ HTTP/1.1" 404 13248 "-" "Mozilla/5.0 AppleWebKit/537.36 (KHTML, like Gecko; compatible; GPTBot/1.2; +https://openai.com/gptbot)"
20.171.207.83 - - [17/Jul/2025:13:51:43 +0000] "GET /items/furniture/blankets/3930191/ HTTP/1.1" 404 13248 "-" "Mozilla/5.0 AppleWebKit/537.36 (KHTML, like Gecko; compatible; GPTBot/1.2; +https://openai.com/gptbot)"
20.171.207.83 - - [17/Jul/2025:13:51:44 +0000] "GET /items/health/supplements/1488622/ HTTP/1.1" 404 13248 "-" "Mozilla/5.0 AppleWebKit/537.36 (KHTML, like Gecko; compatible; GPTBot/1.2; +https://openai.com/gptbot)"
20.171.207.83 - - [17/Jul/2025:13:51:45 +0000] "GET /items/handmade/materials/3944323/ HTTP/1.1" 404 13248 "-" "Mozilla/5.0 AppleWebKit/537.36 (KHTML, like Gecko; compatible; GPTBot/1.2; +https://openai.com/gptbot)"
20.171.207.83 - - [17/Jul/2025:13:51:46 +0000] "GET /items/smartphones/others/2312500/ HTTP/1.1" 404 13248 "-" "Mozilla/5.0 AppleWebKit/537.36 (KHTML, like Gecko; compatible; GPTBot/1.2; +https://openai.com/gptbot)"
20.171.207.83 - - [17/Jul/2025:13:51:48 +0000] "GET /items/health/supplements/3914359/ HTTP/1.1" 404 13248 "-" "Mozilla/5.0 AppleWebKit/537.36 (KHTML, like Gecko; compatible; GPTBot/1.2; +https://openai.com/gptbot)"
20.171.207.83 - - [17/Jul/2025:13:51:49 +0000] "GET /items/tablets/smartphone/4642863/ HTTP/1.1" 404 13248 "-" "Mozilla/5.0 AppleWebKit/537.36 (KHTML, like Gecko; compatible; GPTBot/1.2; +https://openai.com/gptbot)"
20.171.207.83 - - [17/Jul/2025:13:51:50 +0000] "GET /items/cosmetics/skincare/3142940/ HTTP/1.1" 404 13248 "-" "Mozilla/5.0 AppleWebKit/537.36 (KHTML, like Gecko; compatible; GPTBot/1.2; +https://openai.com/gptbot)"
57.141.2.21 - - [17/Jul/2025:13:51:51 +0000] "GET /index.html HTTP/1.1" 301 - "-" "meta-externalagent/1.1 (+https://developers.facebook.com/docs/sharing/webmasters/crawler)"
20.171.207.83 - - [17/Jul/2025:13:51:51 +0000] "GET /items/handmade/materials/3969136/ HTTP/1.1" 404 13248 "-" "Mozilla/5.0 AppleWebKit/537.36 (KHTML, like Gecko; compatible; GPTBot/1.2; +https://openai.com/gptbot)"
20.171.207.83 - - [17/Jul/2025:13:51:52 +0000] "GET /items/cosmetics/perfumes/4576330/ HTTP/1.1" 404 13248 "-" "Mozilla/5.0 AppleWebKit/537.36 (KHTML, like Gecko; compatible; GPTBot/1.2; +https://openai.com/gptbot)"
20.171.207.83 - - [17/Jul/2025:13:51:53 +0000] "GET /items/cosmetics/skincare/4672509/ HTTP/1.1" 404 13248 "-" "Mozilla/5.0 AppleWebKit/537.36 (KHTML, like Gecko; compatible; GPTBot/1.2; +https://openai.com/gptbot)"
20.171.207.83 - - [17/Jul/2025:13:51:55 +0000] "GET /items/tickets/restaurant/2152597/ HTTP/1.1" 404 13248 "-" "Mozilla/5.0 AppleWebKit/537.36 (KHTML, like Gecko; compatible; GPTBot/1.2; +https://openai.com/gptbot)"
20.171.207.83 - - [17/Jul/2025:13:51:56 +0000] "GET /items/cosmetics/perfumes/2082971/ HTTP/1.1" 404 13248 "-" "Mozilla/5.0 AppleWebKit/537.36 (KHTML, like Gecko; compatible; GPTBot/1.2; +https://openai.com/gptbot)"
20.171.207.83 - - [17/Jul/2025:13:51:57 +0000] "GET /items/flowers/vegetables/4211402/ HTTP/1.1" 404 13248 "-" "Mozilla/5.0 AppleWebKit/537.36 (KHTML, like Gecko; compatible; GPTBot/1.2; +https://openai.com/gptbot)"
20.171.207.83 - - [17/Jul/2025:13:51:58 +0000] "GET /items/health/supplements/1896501/ HTTP/1.1" 404 13248 "-" "Mozilla/5.0 AppleWebKit/537.36 (KHTML, like Gecko; compatible; GPTBot/1.2; +https://openai.com/gptbot)"
20.171.207.83 - - [17/Jul/2025:13:51:59 +0000] "GET /items/cameras/television/3716170/ HTTP/1.1" 404 13248 "-" "Mozilla/5.0 AppleWebKit/537.36 (KHTML, like Gecko; compatible; GPTBot/1.2; +https://openai.com/gptbot)"
20.171.207.83 - - [17/Jul/2025:13:52:01 +0000] "GET /items/cameras/projectors/4639481/ HTTP/1.1" 404 13248 "-" "Mozilla/5.0 AppleWebKit/537.36 (KHTML, like Gecko; compatible; GPTBot/1.2; +https://openai.com/gptbot)"
20.171.207.83 - - [17/Jul/2025:13:52:02 +0000] "GET /items/furniture/interior/1386467/ HTTP/1.1" 404 13248 "-" "Mozilla/5.0 AppleWebKit/537.36 (KHTML, like Gecko; compatible; GPTBot/1.2; +https://openai.com/gptbot)"
20.171.207.83 - - [17/Jul/2025:13:52:03 +0000] "GET /items/sports/accessories/4145108/ HTTP/1.1" 404 13248 "-" "Mozilla/5.0 AppleWebKit/537.36 (KHTML, like Gecko; compatible; GPTBot/1.2; +https://openai.com/gptbot)"
20.171.207.83 - - [17/Jul/2025:13:52:04 +0000] "GET /items/motorcycles/wheels/5232370/ HTTP/1.1" 404 13248 "-" "Mozilla/5.0 AppleWebKit/537.36 (KHTML, like Gecko; compatible; GPTBot/1.2; +https://openai.com/gptbot)"
20.171.207.83 - - [17/Jul/2025:13:52:05 +0000] "GET /items/cosmetics/skincare/4179492/ HTTP/1.1" 404 13248 "-" "Mozilla/5.0 AppleWebKit/537.36 (KHTML, like Gecko; compatible; GPTBot/1.2; +https://openai.com/gptbot)"
216.73.216.36 - - [17/Jul/2025:13:52:05 +0000] "GET /special/2505360932.phtml HTTP/1.1" 404 13248 "-" "Mozilla/5.0 AppleWebKit/537.36 (KHTML, like Gecko; compatible; ClaudeBot/1.0; [email protected])"
20.171.207.83 - - [17/Jul/2025:13:52:06 +0000] "GET /items/cameras/headphones/5262868/ HTTP/1.1" 404 13248 "-" "Mozilla/5.0 AppleWebKit/537.36 (KHTML, like Gecko; compatible; GPTBot/1.2; +https://openai.com/gptbot)"
20.171.207.83 - - [17/Jul/2025:13:52:08 +0000] "GET /items/tools/screwdrivers/4410877/ HTTP/1.1" 404 13248 "-" "Mozilla/5.0 AppleWebKit/537.36 (KHTML, like Gecko; compatible; GPTBot/1.2; +https://openai.com/gptbot)"
216.73.216.36 - - [17/Jul/2025:13:52:08 +0000] "GET /special/2505039578.phtml HTTP/1.1" 404 13248 "-" "Mozilla/5.0 AppleWebKit/537.36 (KHTML, like Gecko; compatible; ClaudeBot/1.0; [email protected])"
20.171.207.83 - - [17/Jul/2025:13:52:09 +0000] "GET /items/motorcycles/wheels/4970489/ HTTP/1.1" 404 13248 "-" "Mozilla/5.0 AppleWebKit/537.36 (KHTML, like Gecko; compatible; GPTBot/1.2; +https://openai.com/gptbot)"
20.171.207.83 - - [17/Jul/2025:13:52:10 +0000] "GET /items/health/supplements/3126987/ HTTP/1.1" 404 13248 "-" "Mozilla/5.0 AppleWebKit/537.36 (KHTML, like Gecko; compatible; GPTBot/1.2; +https://openai.com/gptbot)"
20.171.207.83 - - [17/Jul/2025:13:52:11 +0000] "GET /items/furniture/interior/1762314/ HTTP/1.1" 404 13248 "-" "Mozilla/5.0 AppleWebKit/537.36 (KHTML, like Gecko; compatible; GPTBot/1.2; +https://openai.com/gptbot)"
216.73.216.36 - - [17/Jul/2025:13:52:11 +0000] "GET /special/2505159376.phtml HTTP/1.1" 404 13248 "-" "Mozilla/5.0 AppleWebKit/537.36 (KHTML, like Gecko; compatible; ClaudeBot/1.0; [email protected])"
20.171.207.83 - - [17/Jul/2025:13:52:12 +0000] "GET /items/health/supplements/4172835/ HTTP/1.1" 404 13248 "-" "Mozilla/5.0 AppleWebKit/537.36 (KHTML, like Gecko; compatible; GPTBot/1.2; +https://openai.com/gptbot)"
20.171.207.83 - - [17/Jul/2025:13:52:13 +0000] "GET /items/cosmetics/perfumes/3174072/ HTTP/1.1" 404 13248 "-" "Mozilla/5.0 AppleWebKit/537.36 (KHTML, like Gecko; compatible; GPTBot/1.2; +https://openai.com/gptbot)"
216.73.216.36 - - [17/Jul/2025:13:52:14 +0000] "GET /special/2505125218.phtml HTTP/1.1" 404 13248 "-" "Mozilla/5.0 AppleWebKit/537.36 (KHTML, like Gecko; compatible; ClaudeBot/1.0; [email protected])"
20.171.207.83 - - [17/Jul/2025:13:52:15 +0000] "GET /items/health/supplements/3114906/ HTTP/1.1" 404 13248 "-" "Mozilla/5.0 AppleWebKit/537.36 (KHTML, like Gecko; compatible; GPTBot/1.2; +https://openai.com/gptbot)"
20.171.207.83 - - [17/Jul/2025:13:52:16 +0000] "GET /items/handicrafts/others/2550200/ HTTP/1.1" 404 13248 "-" "Mozilla/5.0 AppleWebKit/537.36 (KHTML, like Gecko; compatible; GPTBot/1.2; +https://openai.com/gptbot)"
20.171.207.83 - - [17/Jul/2025:13:52:17 +0000] "GET /items/cosmetics/skincare/4179492/ HTTP/1.1" 404 13248 "-" "Mozilla/5.0 AppleWebKit/537.36 (KHTML, like Gecko; compatible; GPTBot/1.2; +https://openai.com/gptbot)"
216.73.216.36 - - [17/Jul/2025:13:52:17 +0000] "GET /special/2505068540.phtml HTTP/1.1" 404 13248 "-" "Mozilla/5.0 AppleWebKit/537.36 (KHTML, like Gecko; compatible; ClaudeBot/1.0; [email protected])"
20.171.207.83 - - [17/Jul/2025:13:52:18 +0000] "GET /items/tools/screwdrivers/4106986/ HTTP/1.1" 404 13248 "-" "Mozilla/5.0 AppleWebKit/537.36 (KHTML, like Gecko; compatible; GPTBot/1.2; +https://openai.com/gptbot)"
20.171.207.83 - - [17/Jul/2025:13:52:19 +0000] "GET /items/tablets/smartphone/1560088/ HTTP/1.1" 404 13248 "-" "Mozilla/5.0 AppleWebKit/537.36 (KHTML, like Gecko; compatible; GPTBot/1.2; +https://openai.com/gptbot)"
216.73.216.36 - - [17/Jul/2025:13:52:20 +0000] "GET /special/2504834942.phtml HTTP/1.1" 404 13248 "-" "Mozilla/5.0 AppleWebKit/537.36 (KHTML, like Gecko; compatible; ClaudeBot/1.0; [email protected])"
20.171.207.83 - - [17/Jul/2025:13:52:21 +0000] "GET /items/smartphones/others/4068975/ HTTP/1.1" 404 13248 "-" "Mozilla/5.0 AppleWebKit/537.36 (KHTML, like Gecko; compatible; GPTBot/1.2; +https://openai.com/gptbot)"
20.171.207.83 - - [17/Jul/2025:13:52:22 +0000] "GET /items/motorcycles/wheels/2261129/ HTTP/1.1" 404 13248 "-" "Mozilla/5.0 AppleWebKit/537.36 (KHTML, like Gecko; compatible; GPTBot/1.2; +https://openai.com/gptbot)"
20.171.207.83 - - [17/Jul/2025:13:52:23 +0000] "GET /items/interior/ornaments/2890698/ HTTP/1.1" 404 13248 "-" "Mozilla/5.0 AppleWebKit/537.36 (KHTML, like Gecko; compatible; GPTBot/1.2; +https://openai.com/gptbot)"
216.73.216.36 - - [17/Jul/2025:13:52:23 +0000] "GET /special/2505256274.phtml HTTP/1.1" 404 13248 "-" "Mozilla/5.0 AppleWebKit/537.36 (KHTML, like Gecko; compatible; ClaudeBot/1.0; [email protected])"
20.171.207.83 - - [17/Jul/2025:13:52:24 +0000] "GET /items/cameras/television/3542359/ HTTP/1.1" 404 13248 "-" "Mozilla/5.0 AppleWebKit/537.36 (KHTML, like Gecko; compatible; GPTBot/1.2; +https://openai.com/gptbot)"
20.171.207.83 - - [17/Jul/2025:13:52:25 +0000] "GET /items/health/supplements/3645752/ HTTP/1.1" 404 13248 "-" "Mozilla/5.0 AppleWebKit/537.36 (KHTML, like Gecko; compatible; GPTBot/1.2; +https://openai.com/gptbot)"
216.73.216.36 - - [17/Jul/2025:13:52:26 +0000] "GET /special/2505436820.phtml HTTP/1.1" 404 13248 "-" "Mozilla/5.0 AppleWebKit/537.36 (KHTML, like Gecko; compatible; ClaudeBot/1.0; [email protected])"
20.171.207.83 - - [17/Jul/2025:13:52:27 +0000] "GET /items/health/supplements/4286615/ HTTP/1.1" 404 13248 "-" "Mozilla/5.0 AppleWebKit/537.36 (KHTML, like Gecko; compatible; GPTBot/1.2; +https://openai.com/gptbot)"
20.171.207.83 - - [17/Jul/2025:13:52:28 +0000] "GET /items/interior/ornaments/1602897/ HTTP/1.1" 404 13248 "-" "Mozilla/5.0 AppleWebKit/537.36 (KHTML, like Gecko; compatible; GPTBot/1.2; +https://openai.com/gptbot)"
20.171.207.83 - - [17/Jul/2025:13:52:29 +0000] "GET /items/health/supplements/1705237/ HTTP/1.1" 404 13248 "-" "Mozilla/5.0 AppleWebKit/537.36 (KHTML, like Gecko; compatible; GPTBot/1.2; +https://openai.com/gptbot)"
216.73.216.36 - - [17/Jul/2025:13:52:29 +0000] "GET /special/2505494360.phtml HTTP/1.1" 404 13248 "-" "Mozilla/5.0 AppleWebKit/537.36 (KHTML, like Gecko; compatible; ClaudeBot/1.0; [email protected])"
20.171.207.83 - - [17/Jul/2025:13:52:30 +0000] "GET /items/interior/ornaments/1995586/ HTTP/1.1" 404 13248 "-" "Mozilla/5.0 AppleWebKit/537.36 (KHTML, like Gecko; compatible; GPTBot/1.2; +https://openai.com/gptbot)"
20.171.207.83 - - [17/Jul/2025:13:52:31 +0000] "GET /items/gardening/monstera/1506261/ HTTP/1.1" 404 13248 "-" "Mozilla/5.0 AppleWebKit/537.36 (KHTML, like Gecko; compatible; GPTBot/1.2; +https://openai.com/gptbot)"
20.171.207.83 - - [17/Jul/2025:13:52:32 +0000] "GET /items/smartphones/tablet/3557275/ HTTP/1.1" 404 13248 "-" "Mozilla/5.0 AppleWebKit/537.36 (KHTML, like Gecko; compatible; GPTBot/1.2; +https://openai.com/gptbot)"
216.73.216.36 - - [17/Jul/2025:13:52:32 +0000] "GET /special/2505088556.phtml HTTP/1.1" 404 13248 "-" "Mozilla/5.0 AppleWebKit/537.36 (KHTML, like Gecko; compatible; ClaudeBot/1.0; [email protected])"
20.171.207.83 - - [17/Jul/2025:13:52:33 +0000] "GET /items/smartphones/memory/3563209/ HTTP/1.1" 404 13248 "-" "Mozilla/5.0 AppleWebKit/537.36 (KHTML, like Gecko; compatible; GPTBot/1.2; +https://openai.com/gptbot)"
20.171.207.83 - - [17/Jul/2025:13:52:35 +0000] "GET /items/musical-instruments/furniture/3939661/ HTTP/1.1" 404 13248 "-" "Mozilla/5.0 AppleWebKit/537.36 (KHTML, like Gecko; compatible; GPTBot/1.2; +https://openai.com/gptbot)"
216.73.216.36 - - [17/Jul/2025:13:52:35 +0000] "GET /special/2505289054.phtml HTTP/1.1" 404 13248 "-" "Mozilla/5.0 AppleWebKit/537.36 (KHTML, like Gecko; compatible; ClaudeBot/1.0; [email protected])"
20.171.207.83 - - [17/Jul/2025:13:52:36 +0000] "GET /items/tablets/smartphones/3602225/ HTTP/1.1" 404 13248 "-" "Mozilla/5.0 AppleWebKit/537.36 (KHTML, like Gecko; compatible; GPTBot/1.2; +https://openai.com/gptbot)"
20.171.207.83 - - [17/Jul/2025:13:52:37 +0000] "GET /items/fashion/accessories/3334358/ HTTP/1.1" 404 13248 "-" "Mozilla/5.0 AppleWebKit/537.36 (KHTML, like Gecko; compatible; GPTBot/1.2; +https://openai.com/gptbot)"
20.171.207.83 - - [17/Jul/2025:13:52:38 +0000] "GET /items/furniture/ornaments/4194222/ HTTP/1.1" 404 13248 "-" "Mozilla/5.0 AppleWebKit/537.36 (KHTML, like Gecko; compatible; GPTBot/1.2; +https://openai.com/gptbot)"
216.73.216.36 - - [17/Jul/2025:13:52:38 +0000] "GET /special/2505072166.phtml HTTP/1.1" 404 13248 "-" "Mozilla/5.0 AppleWebKit/537.36 (KHTML, like Gecko; compatible; ClaudeBot/1.0; [email protected])"
20.171.207.83 - - [17/Jul/2025:13:52:39 +0000] "GET /items/fashion/accessories/4442570/ HTTP/1.1" 404 13248 "-" "Mozilla/5.0 AppleWebKit/537.36 (KHTML, like Gecko; compatible; GPTBot/1.2; +https://openai.com/gptbot)"
20.171.207.83 - - [17/Jul/2025:13:52:41 +0000] "GET /items/fashion/accessories/5006888/ HTTP/1.1" 404 13248 "-" "Mozilla/5.0 AppleWebKit/537.36 (KHTML, like Gecko; compatible; GPTBot/1.2; +https://openai.com/gptbot)"
216.73.216.36 - - [17/Jul/2025:13:52:41 +0000] "GET /special/2505157004.phtml HTTP/1.1" 404 13248 "-" "Mozilla/5.0 AppleWebKit/537.36 (KHTML, like Gecko; compatible; ClaudeBot/1.0; [email protected])"
20.171.207.83 - - [17/Jul/2025:13:52:42 +0000] "GET /items/handicrafts/fashion/3005551/ HTTP/1.1" 404 13248 "-" "Mozilla/5.0 AppleWebKit/537.36 (KHTML, like Gecko; compatible; GPTBot/1.2; +https://openai.com/gptbot)"
20.171.207.83 - - [17/Jul/2025:13:52:43 +0000] "GET /items/tablets/smartphones/2539991/ HTTP/1.1" 404 13248 "-" "Mozilla/5.0 AppleWebKit/537.36 (KHTML, like Gecko; compatible; GPTBot/1.2; +https://openai.com/gptbot)"
20.171.207.83 - - [17/Jul/2025:13:52:44 +0000] "GET /items/handicrafts/fashion/4918881/ HTTP/1.1" 404 13248 "-" "Mozilla/5.0 AppleWebKit/537.36 (KHTML, like Gecko; compatible; GPTBot/1.2; +https://openai.com/gptbot)"
20.171.207.83 - - [17/Jul/2025:13:52:45 +0000] "GET /items/furniture/ornaments/4744476/ HTTP/1.1" 404 13248 "-" "Mozilla/5.0 AppleWebKit/537.36 (KHTML, like Gecko; compatible; GPTBot/1.2; +https://openai.com/gptbot)"
20.171.207.83 - - [17/Jul/2025:13:52:46 +0000] "GET /items/fashion/accessories/1755566/ HTTP/1.1" 404 13248 "-" "Mozilla/5.0 AppleWebKit/537.36 (KHTML, like Gecko; compatible; GPTBot/1.2; +https://openai.com/gptbot)"
20.171.207.83 - - [17/Jul/2025:13:52:48 +0000] "GET /items/fashion/outerwear/3378182/ HTTP/1.1" 404 13248 "-" "Mozilla/5.0 AppleWebKit/537.36 (KHTML, like Gecko; compatible; GPTBot/1.2; +https://openai.com/gptbot)"
52.167.144.172 - - [17/Jul/2025:13:52:48 +0000] "GET /special/1766470568.phtml HTTP/1.1" 200 18481 "-" "Mozilla/5.0 AppleWebKit/537.36 (KHTML, like Gecko; compatible; bingbot/2.0; +http://www.bing.com/bingbot.htm) Chrome/116.0.1938.76 Safari/537.36"
20.171.207.83 - - [17/Jul/2025:13:52:49 +0000] "GET /items/fashion/outerwear/4776052/ HTTP/1.1" 404 13248 "-" "Mozilla/5.0 AppleWebKit/537.36 (KHTML, like Gecko; compatible; GPTBot/1.2; +https://openai.com/gptbot)"
20.171.207.83 - - [17/Jul/2025:13:52:50 +0000] "GET /items/flowers/gardening/2826788/ HTTP/1.1" 404 13248 "-" "Mozilla/5.0 AppleWebKit/537.36 (KHTML, like Gecko; compatible; GPTBot/1.2; +https://openai.com/gptbot)"
20.171.207.83 - - [17/Jul/2025:13:52:51 +0000] "GET /items/flowers/echeveria/1569868/ HTTP/1.1" 404 13248 "-" "Mozilla/5.0 AppleWebKit/537.36 (KHTML, like Gecko; compatible; GPTBot/1.2; +https://openai.com/gptbot)"
20.171.207.83 - - [17/Jul/2025:13:52:52 +0000] "GET /items/kitchen/tableware/1795996/ HTTP/1.1" 404 13248 "-" "Mozilla/5.0 AppleWebKit/537.36 (KHTML, like Gecko; compatible; GPTBot/1.2; +https://openai.com/gptbot)"
20.171.207.83 - - [17/Jul/2025:13:52:54 +0000] "GET /items/fashion/outerwear/1519927/ HTTP/1.1" 404 13248 "-" "Mozilla/5.0 AppleWebKit/537.36 (KHTML, like Gecko; compatible; GPTBot/1.2; +https://openai.com/gptbot)"
20.171.207.83 - - [17/Jul/2025:13:52:55 +0000] "GET /items/drinks/vegetables/4668425/ HTTP/1.1" 404 13248 "-" "Mozilla/5.0 AppleWebKit/537.36 (KHTML, like Gecko; compatible; GPTBot/1.2; +https://openai.com/gptbot)"
40.77.167.41 - - [17/Jul/2025:13:52:56 +0000] "GET /special/1591521616.phtml HTTP/1.1" 200 18166 "-" "Mozilla/5.0 AppleWebKit/537.36 (KHTML, like Gecko; compatible; bingbot/2.0; +http://www.bing.com/bingbot.htm) Chrome/116.0.1938.76 Safari/537.36"
20.171.207.83 - - [17/Jul/2025:13:52:56 +0000] "GET /items/kitchen/tableware/3232610/ HTTP/1.1" 404 13248 "-" "Mozilla/5.0 AppleWebKit/537.36 (KHTML, like Gecko; compatible; GPTBot/1.2; +https://openai.com/gptbot)"
20.171.207.83 - - [17/Jul/2025:13:52:57 +0000] "GET /items/fashion/outerwear/1778644/ HTTP/1.1" 404 13248 "-" "Mozilla/5.0 AppleWebKit/537.36 (KHTML, like Gecko; compatible; GPTBot/1.2; +https://openai.com/gptbot)"
20.171.207.83 - - [17/Jul/2025:13:52:58 +0000] "GET /items/kitchen/tableware/4205226/ HTTP/1.1" 404 13248 "-" "Mozilla/5.0 AppleWebKit/537.36 (KHTML, like Gecko; compatible; GPTBot/1.2; +https://openai.com/gptbot)"
20.171.207.83 - - [17/Jul/2025:13:53:00 +0000] "GET /items/fashion/outerwear/1694594/ HTTP/1.1" 404 13248 "-" "Mozilla/5.0 AppleWebKit/537.36 (KHTML, like Gecko; compatible; GPTBot/1.2; +https://openai.com/gptbot)"
20.171.207.83 - - [17/Jul/2025:13:53:01 +0000] "GET /items/kitchen/tableware/3876031/ HTTP/1.1" 404 13248 "-" "Mozilla/5.0 AppleWebKit/537.36 (KHTML, like Gecko; compatible; GPTBot/1.2; +https://openai.com/gptbot)"
20.171.207.83 - - [17/Jul/2025:13:53:02 +0000] "GET /items/fashion/outerwear/3515899/ HTTP/1.1" 404 13248 "-" "Mozilla/5.0 AppleWebKit/537.36 (KHTML, like Gecko; compatible; GPTBot/1.2; +https://openai.com/gptbot)"
20.171.207.83 - - [17/Jul/2025:13:53:03 +0000] "GET /items/kitchen/tableware/3237481/ HTTP/1.1" 404 13248 "-" "Mozilla/5.0 AppleWebKit/537.36 (KHTML, like Gecko; compatible; GPTBot/1.2; +https://openai.com/gptbot)"
20.171.207.83 - - [17/Jul/2025:13:53:04 +0000] "GET /items/fashion/outerwear/1992082/ HTTP/1.1" 404 13248 "-" "Mozilla/5.0 AppleWebKit/537.36 (KHTML, like Gecko; compatible; GPTBot/1.2; +https://openai.com/gptbot)"
216.73.216.36 - - [17/Jul/2025:13:53:04 +0000] "GET /special/2504860282.phtml HTTP/1.1" 404 13248 "-" "Mozilla/5.0 AppleWebKit/537.36 (KHTML, like Gecko; compatible; ClaudeBot/1.0; [email protected])"
20.171.207.83 - - [17/Jul/2025:13:53:05 +0000] "GET /items/fishing/barbecues/1872960/ HTTP/1.1" 404 13248 "-" "Mozilla/5.0 AppleWebKit/537.36 (KHTML, like Gecko; compatible; GPTBot/1.2; +https://openai.com/gptbot)"
20.171.207.83 - - [17/Jul/2025:13:53:07 +0000] "GET /items/fashion/outerwear/4622975/ HTTP/1.1" 404 13248 "-" "Mozilla/5.0 AppleWebKit/537.36 (KHTML, like Gecko; compatible; GPTBot/1.2; +https://openai.com/gptbot)"
216.73.216.36 - - [17/Jul/2025:13:53:07 +0000] "GET /special/2505108764.phtml HTTP/1.1" 404 13248 "-" "Mozilla/5.0 AppleWebKit/537.36 (KHTML, like Gecko; compatible; ClaudeBot/1.0; [email protected])"
20.171.207.83 - - [17/Jul/2025:13:53:08 +0000] "GET /items/handmade/uwedding/4821607/ HTTP/1.1" 404 13248 "-" "Mozilla/5.0 AppleWebKit/537.36 (KHTML, like Gecko; compatible; GPTBot/1.2; +https://openai.com/gptbot)"
20.171.207.83 - - [17/Jul/2025:13:53:09 +0000] "GET /items/kitchen/tableware/3129454/ HTTP/1.1" 404 13248 "-" "Mozilla/5.0 AppleWebKit/537.36 (KHTML, like Gecko; compatible; GPTBot/1.2; +https://openai.com/gptbot)"
216.73.216.36 - - [17/Jul/2025:13:53:10 +0000] "GET /special/2504901018.phtml HTTP/1.1" 404 13248 "-" "Mozilla/5.0 AppleWebKit/537.36 (KHTML, like Gecko; compatible; ClaudeBot/1.0; [email protected])"
20.171.207.83 - - [17/Jul/2025:13:53:10 +0000] "GET /items/motorcycles/parts/3260542/ HTTP/1.1" 404 13248 "-" "Mozilla/5.0 AppleWebKit/537.36 (KHTML, like Gecko; compatible; GPTBot/1.2; +https://openai.com/gptbot)"
20.171.207.83 - - [17/Jul/2025:13:53:11 +0000] "GET /items/fashion/outerwear/3884511/ HTTP/1.1" 404 13248 "-" "Mozilla/5.0 AppleWebKit/537.36 (KHTML, like Gecko; compatible; GPTBot/1.2; +https://openai.com/gptbot)"
20.171.207.83 - - [17/Jul/2025:13:53:12 +0000] "GET /items/fashion/outerwear/2511768/ HTTP/1.1" 404 13248 "-" "Mozilla/5.0 AppleWebKit/537.36 (KHTML, like Gecko; compatible; GPTBot/1.2; +https://openai.com/gptbot)"
216.73.216.36 - - [17/Jul/2025:13:53:13 +0000] "GET /special/2504831320.phtml HTTP/1.1" 404 13248 "-" "Mozilla/5.0 AppleWebKit/537.36 (KHTML, like Gecko; compatible; ClaudeBot/1.0; [email protected])"
20.171.207.83 - - [17/Jul/2025:13:53:14 +0000] "GET /items/fashion/outerwear/3816225/ HTTP/1.1" 404 13248 "-" "Mozilla/5.0 AppleWebKit/537.36 (KHTML, like Gecko; compatible; GPTBot/1.2; +https://openai.com/gptbot)"
20.171.207.83 - - [17/Jul/2025:13:53:15 +0000] "GET /items/fashion/outerwear/2753349/ HTTP/1.1" 404 13248 "-" "Mozilla/5.0 AppleWebKit/537.36 (KHTML, like Gecko; compatible; GPTBot/1.2; +https://openai.com/gptbot)"
20.171.207.83 - - [17/Jul/2025:13:53:16 +0000] "GET /items/health/relaxation/3465059/ HTTP/1.1" 404 13248 "-" "Mozilla/5.0 AppleWebKit/537.36 (KHTML, like Gecko; compatible; GPTBot/1.2; +https://openai.com/gptbot)"
216.73.216.36 - - [17/Jul/2025:13:53:16 +0000] "GET /special/2504910962.phtml HTTP/1.1" 404 13248 "-" "Mozilla/5.0 AppleWebKit/537.36 (KHTML, like Gecko; compatible; ClaudeBot/1.0; [email protected])"
40.77.167.41 - - [17/Jul/2025:13:53:16 +0000] "GET /special/1592074388.phtml HTTP/1.1" 200 18591 "-" "Mozilla/5.0 AppleWebKit/537.36 (KHTML, like Gecko; compatible; bingbot/2.0; +http://www.bing.com/bingbot.htm) Chrome/116.0.1938.76 Safari/537.36"
20.171.207.83 - - [17/Jul/2025:13:53:17 +0000] "GET /items/motorcycles/parts/4604152/ HTTP/1.1" 404 13248 "-" "Mozilla/5.0 AppleWebKit/537.36 (KHTML, like Gecko; compatible; GPTBot/1.2; +https://openai.com/gptbot)"
20.171.207.83 - - [17/Jul/2025:13:53:18 +0000] "GET /items/fashion/outerwear/2275849/ HTTP/1.1" 404 13248 "-" "Mozilla/5.0 AppleWebKit/537.36 (KHTML, like Gecko; compatible; GPTBot/1.2; +https://openai.com/gptbot)"
40.77.167.41 - - [17/Jul/2025:13:53:19 +0000] "GET /special/1766321808.phtml HTTP/1.1" 200 19402 "-" "Mozilla/5.0 AppleWebKit/537.36 (KHTML, like Gecko; compatible; bingbot/2.0; +http://www.bing.com/bingbot.htm) Chrome/116.0.1938.76 Safari/537.36"
216.73.216.36 - - [17/Jul/2025:13:53:19 +0000] "GET /special/2504875678.phtml HTTP/1.1" 404 13248 "-" "Mozilla/5.0 AppleWebKit/537.36 (KHTML, like Gecko; compatible; ClaudeBot/1.0; [email protected])"
20.171.207.83 - - [17/Jul/2025:13:53:19 +0000] "GET /items/fashion/outerwear/2621318/ HTTP/1.1" 404 13248 "-" "Mozilla/5.0 AppleWebKit/537.36 (KHTML, like Gecko; compatible; GPTBot/1.2; +https://openai.com/gptbot)"
20.171.207.83 - - [17/Jul/2025:13:53:21 +0000] "GET /items/motorcycles/parts/3476096/ HTTP/1.1" 404 13248 "-" "Mozilla/5.0 AppleWebKit/537.36 (KHTML, like Gecko; compatible; GPTBot/1.2; +https://openai.com/gptbot)"
20.171.207.83 - - [17/Jul/2025:13:53:22 +0000] "GET /items/furniture/pillows/5061714/ HTTP/1.1" 404 13248 "-" "Mozilla/5.0 AppleWebKit/537.36 (KHTML, like Gecko; compatible; GPTBot/1.2; +https://openai.com/gptbot)"
216.73.216.36 - - [17/Jul/2025:13:53:22 +0000] "GET /special/2505232184.phtml HTTP/1.1" 404 13248 "-" "Mozilla/5.0 AppleWebKit/537.36 (KHTML, like Gecko; compatible; ClaudeBot/1.0; [email protected])"
20.171.207.83 - - [17/Jul/2025:13:53:23 +0000] "GET /items/computers/display/2029134/ HTTP/1.1" 404 13248 "-" "Mozilla/5.0 AppleWebKit/537.36 (KHTML, like Gecko; compatible; GPTBot/1.2; +https://openai.com/gptbot)"
20.171.207.83 - - [17/Jul/2025:13:53:24 +0000] "GET /items/motorcycles/parts/4317978/ HTTP/1.1" 404 13248 "-" "Mozilla/5.0 AppleWebKit/537.36 (KHTML, like Gecko; compatible; GPTBot/1.2; +https://openai.com/gptbot)"
40.77.167.7 - - [17/Jul/2025:13:53:25 +0000] "GET /special/1002429274.phtml HTTP/1.1" 200 19062 "-" "Mozilla/5.0 AppleWebKit/537.36 (KHTML, like Gecko; compatible; bingbot/2.0; +http://www.bing.com/bingbot.htm) Chrome/116.0.1938.76 Safari/537.36"
216.73.216.36 - - [17/Jul/2025:13:53:25 +0000] "GET /special/2505177016.phtml HTTP/1.1" 404 13248 "-" "Mozilla/5.0 AppleWebKit/537.36 (KHTML, like Gecko; compatible; ClaudeBot/1.0; [email protected])"
20.171.207.83 - - [17/Jul/2025:13:53:25 +0000] "GET /items/tablets/keyboards/1952177/ HTTP/1.1" 404 13248 "-" "Mozilla/5.0 AppleWebKit/537.36 (KHTML, like Gecko; compatible; GPTBot/1.2; +https://openai.com/gptbot)"
20.171.207.83 - - [17/Jul/2025:13:53:27 +0000] "GET /items/health/relaxation/2558016/ HTTP/1.1" 404 13248 "-" "Mozilla/5.0 AppleWebKit/537.36 (KHTML, like Gecko; compatible; GPTBot/1.2; +https://openai.com/gptbot)"
20.171.207.83 - - [17/Jul/2025:13:53:28 +0000] "GET /items/gardening/flowers/4811877/ HTTP/1.1" 404 13248 "-" "Mozilla/5.0 AppleWebKit/537.36 (KHTML, like Gecko; compatible; GPTBot/1.2; +https://openai.com/gptbot)"
216.73.216.36 - - [17/Jul/2025:13:53:28 +0000] "GET /special/2505510750.phtml HTTP/1.1" 404 13248 "-" "Mozilla/5.0 AppleWebKit/537.36 (KHTML, like Gecko; compatible; ClaudeBot/1.0; [email protected])"
20.171.207.83 - - [17/Jul/2025:13:53:29 +0000] "GET /items/fashion/outerwear/3527217/ HTTP/1.1" 404 13248 "-" "Mozilla/5.0 AppleWebKit/537.36 (KHTML, like Gecko; compatible; GPTBot/1.2; +https://openai.com/gptbot)"
20.171.207.83 - - [17/Jul/2025:13:53:30 +0000] "GET /items/fashion/outerwear/3943725/ HTTP/1.1" 404 13248 "-" "Mozilla/5.0 AppleWebKit/537.36 (KHTML, like Gecko; compatible; GPTBot/1.2; +https://openai.com/gptbot)"
216.73.216.36 - - [17/Jul/2025:13:53:31 +0000] "GET /special/2505221118.phtml HTTP/1.1" 404 13248 "-" "Mozilla/5.0 AppleWebKit/537.36 (KHTML, like Gecko; compatible; ClaudeBot/1.0; [email protected])"
20.171.207.83 - - [17/Jul/2025:13:53:31 +0000] "GET /items/fashion/outerwear/4967442/ HTTP/1.1" 404 13248 "-" "Mozilla/5.0 AppleWebKit/537.36 (KHTML, like Gecko; compatible; GPTBot/1.2; +https://openai.com/gptbot)"
20.171.207.83 - - [17/Jul/2025:13:53:32 +0000] "GET /items/flowers/gardening/5129698/ HTTP/1.1" 404 13248 "-" "Mozilla/5.0 AppleWebKit/537.36 (KHTML, like Gecko; compatible; GPTBot/1.2; +https://openai.com/gptbot)"
20.171.207.83 - - [17/Jul/2025:13:53:34 +0000] "GET /items/fashion/outerwear/4132299/ HTTP/1.1" 404 13248 "-" "Mozilla/5.0 AppleWebKit/537.36 (KHTML, like Gecko; compatible; GPTBot/1.2; +https://openai.com/gptbot)"
216.73.216.36 - - [17/Jul/2025:13:53:34 +0000] "GET /special/2504921290.phtml HTTP/1.1" 404 13248 "-" "Mozilla/5.0 AppleWebKit/537.36 (KHTML, like Gecko; compatible; ClaudeBot/1.0; [email protected])"
20.171.207.83 - - [17/Jul/2025:13:53:35 +0000] "GET /items/flowers/gardening/2266125/ HTTP/1.1" 404 13248 "-" "Mozilla/5.0 AppleWebKit/537.36 (KHTML, like Gecko; compatible; GPTBot/1.2; +https://openai.com/gptbot)"
20.171.207.83 - - [17/Jul/2025:13:53:36 +0000] "GET /items/kitchen/tableware/4561079/ HTTP/1.1" 404 13248 "-" "Mozilla/5.0 AppleWebKit/537.36 (KHTML, like Gecko; compatible; GPTBot/1.2; +https://openai.com/gptbot)"
216.73.216.36 - - [17/Jul/2025:13:53:37 +0000] "GET /special/2505061100.phtml HTTP/1.1" 404 13248 "-" "Mozilla/5.0 AppleWebKit/537.36 (KHTML, like Gecko; compatible; ClaudeBot/1.0; [email protected])"
20.171.207.83 - - [17/Jul/2025:13:53:37 +0000] "GET /items/tablets/keyboards/1952177/ HTTP/1.1" 404 13248 "-" "Mozilla/5.0 AppleWebKit/537.36 (KHTML, like Gecko; compatible; GPTBot/1.2; +https://openai.com/gptbot)"
20.171.207.83 - - [17/Jul/2025:13:53:38 +0000] "GET /items/health/relaxation/3472011/ HTTP/1.1" 404 13248 "-" "Mozilla/5.0 AppleWebKit/537.36 (KHTML, like Gecko; compatible; GPTBot/1.2; +https://openai.com/gptbot)"
20.171.207.83 - - [17/Jul/2025:13:53:40 +0000] "GET /items/kitchen/tableware/2458892/ HTTP/1.1" 404 13248 "-" "Mozilla/5.0 AppleWebKit/537.36 (KHTML, like Gecko; compatible; GPTBot/1.2; +https://openai.com/gptbot)"
216.73.216.36 - - [17/Jul/2025:13:53:40 +0000] "GET /special/2505268846.phtml HTTP/1.1" 404 13248 "-" "Mozilla/5.0 AppleWebKit/537.36 (KHTML, like Gecko; compatible; ClaudeBot/1.0; [email protected])"
20.171.207.83 - - [17/Jul/2025:13:53:41 +0000] "GET /items/bicycles/clothing/2359463/ HTTP/1.1" 404 13248 "-" "Mozilla/5.0 AppleWebKit/537.36 (KHTML, like Gecko; compatible; GPTBot/1.2; +https://openai.com/gptbot)"
20.171.207.83 - - [17/Jul/2025:13:53:42 +0000] "GET /items/kitchen/tableware/2195561/ HTTP/1.1" 404 13248 "-" "Mozilla/5.0 AppleWebKit/537.36 (KHTML, like Gecko; compatible; GPTBot/1.2; +https://openai.com/gptbot)"
20.171.207.83 - - [17/Jul/2025:13:53:43 +0000] "GET /items/sports/basketball/3504786/ HTTP/1.1" 404 13248 "-" "Mozilla/5.0 AppleWebKit/537.36 (KHTML, like Gecko; compatible; GPTBot/1.2; +https://openai.com/gptbot)"
20.171.207.83 - - [17/Jul/2025:13:53:44 +0000] "GET /items/fashion/outerwear/4614236/ HTTP/1.1" 404 13248 "-" "Mozilla/5.0 AppleWebKit/537.36 (KHTML, like Gecko; compatible; GPTBot/1.2; +https://openai.com/gptbot)"
20.171.207.83 - - [17/Jul/2025:13:53:45 +0000] "GET /items/fashion/outerwear/2896624/ HTTP/1.1" 404 13248 "-" "Mozilla/5.0 AppleWebKit/537.36 (KHTML, like Gecko; compatible; GPTBot/1.2; +https://openai.com/gptbot)"
20.171.207.83 - - [17/Jul/2025:13:53:47 +0000] "GET /items/kitchen/tableware/4001156/ HTTP/1.1" 404 13248 "-" "Mozilla/5.0 AppleWebKit/537.36 (KHTML, like Gecko; compatible; GPTBot/1.2; +https://openai.com/gptbot)"
20.171.207.83 - - [17/Jul/2025:13:53:48 +0000] "GET /items/fashion/outerwear/3278258/ HTTP/1.1" 404 13248 "-" "Mozilla/5.0 AppleWebKit/537.36 (KHTML, like Gecko; compatible; GPTBot/1.2; +https://openai.com/gptbot)"
20.171.207.83 - - [17/Jul/2025:13:53:49 +0000] "GET /items/kitchen/tableware/1817961/ HTTP/1.1" 404 13248 "-" "Mozilla/5.0 AppleWebKit/537.36 (KHTML, like Gecko; compatible; GPTBot/1.2; +https://openai.com/gptbot)"
20.171.207.83 - - [17/Jul/2025:13:53:50 +0000] "GET /items/fashion/outerwear/2973362/ HTTP/1.1" 404 13248 "-" "Mozilla/5.0 AppleWebKit/537.36 (KHTML, like Gecko; compatible; GPTBot/1.2; +https://openai.com/gptbot)"
20.171.207.83 - - [17/Jul/2025:13:53:52 +0000] "GET /items/fashion/outerwear/4629611/ HTTP/1.1" 404 13248 "-" "Mozilla/5.0 AppleWebKit/537.36 (KHTML, like Gecko; compatible; GPTBot/1.2; +https://openai.com/gptbot)"
20.171.207.83 - - [17/Jul/2025:13:53:53 +0000] "GET /items/kitchen/tableware/3955384/ HTTP/1.1" 404 13248 "-" "Mozilla/5.0 AppleWebKit/537.36 (KHTML, like Gecko; compatible; GPTBot/1.2; +https://openai.com/gptbot)"
20.171.207.83 - - [17/Jul/2025:13:53:54 +0000] "GET /items/diet/aromatherapy/2743315/ HTTP/1.1" 404 13248 "-" "Mozilla/5.0 AppleWebKit/537.36 (KHTML, like Gecko; compatible; GPTBot/1.2; +https://openai.com/gptbot)"
20.171.207.83 - - [17/Jul/2025:13:53:55 +0000] "GET /items/health/relaxation/1930432/ HTTP/1.1" 404 13248 "-" "Mozilla/5.0 AppleWebKit/537.36 (KHTML, like Gecko; compatible; GPTBot/1.2; +https://openai.com/gptbot)"
20.171.207.83 - - [17/Jul/2025:13:53:56 +0000] "GET /items/decor/entranceway/2690954/ HTTP/1.1" 404 13248 "-" "Mozilla/5.0 AppleWebKit/537.36 (KHTML, like Gecko; compatible; GPTBot/1.2; +https://openai.com/gptbot)"
20.171.207.83 - - [17/Jul/2025:13:53:57 +0000] "GET /items/fashion/outerwear/2814728/ HTTP/1.1" 404 13248 "-" "Mozilla/5.0 AppleWebKit/537.36 (KHTML, like Gecko; compatible; GPTBot/1.2; +https://openai.com/gptbot)"
20.171.207.83 - - [17/Jul/2025:13:53:58 +0000] "GET /items/handicrafts/dolls/5002269/ HTTP/1.1" 404 13248 "-" "Mozilla/5.0 AppleWebKit/537.36 (KHTML, like Gecko; compatible; GPTBot/1.2; +https://openai.com/gptbot)"
20.171.207.83 - - [17/Jul/2025:13:54:00 +0000] "GET /items/gardening/flowers/1345223/ HTTP/1.1" 404 13248 "-" "Mozilla/5.0 AppleWebKit/537.36 (KHTML, like Gecko; compatible; GPTBot/1.2; +https://openai.com/gptbot)"
20.171.207.83 - - [17/Jul/2025:13:54:01 +0000] "GET /items/fashion/outerwear/3974471/ HTTP/1.1" 404 13248 "-" "Mozilla/5.0 AppleWebKit/537.36 (KHTML, like Gecko; compatible; GPTBot/1.2; +https://openai.com/gptbot)"
20.171.207.83 - - [17/Jul/2025:13:54:02 +0000] "GET /items/fashion/outerwear/3293127/ HTTP/1.1" 404 13248 "-" "Mozilla/5.0 AppleWebKit/537.36 (KHTML, like Gecko; compatible; GPTBot/1.2; +https://openai.com/gptbot)"
20.171.207.83 - - [17/Jul/2025:13:54:03 +0000] "GET /items/bicycles/clothing/3591106/ HTTP/1.1" 404 13248 "-" "Mozilla/5.0 AppleWebKit/537.36 (KHTML, like Gecko; compatible; GPTBot/1.2; +https://openai.com/gptbot)"
20.171.207.83 - - [17/Jul/2025:13:54:04 +0000] "GET /items/fashion/outerwear/2185090/ HTTP/1.1" 404 13248 "-" "Mozilla/5.0 AppleWebKit/537.36 (KHTML, like Gecko; compatible; GPTBot/1.2; +https://openai.com/gptbot)"
20.171.207.83 - - [17/Jul/2025:13:54:05 +0000] "GET /items/fashion/outerwear/3827403/ HTTP/1.1" 404 13248 "-" "Mozilla/5.0 AppleWebKit/537.36 (KHTML, like Gecko; compatible; GPTBot/1.2; +https://openai.com/gptbot)"
20.171.207.83 - - [17/Jul/2025:13:54:07 +0000] "GET /items/health/relaxation/1930432/ HTTP/1.1" 404 13248 "-" "Mozilla/5.0 AppleWebKit/537.36 (KHTML, like Gecko; compatible; GPTBot/1.2; +https://openai.com/gptbot)"
20.171.207.83 - - [17/Jul/2025:13:54:08 +0000] "GET /items/motorcycles/parts/1430725/ HTTP/1.1" 404 13248 "-" "Mozilla/5.0 AppleWebKit/537.36 (KHTML, like Gecko; compatible; GPTBot/1.2; +https://openai.com/gptbot)"
216.73.216.36 - - [17/Jul/2025:13:54:08 +0000] "GET /special/2505434192.phtml HTTP/1.1" 404 13248 "-" "Mozilla/5.0 AppleWebKit/537.36 (KHTML, like Gecko; compatible; ClaudeBot/1.0; [email protected])"
20.171.207.83 - - [17/Jul/2025:13:54:09 +0000] "GET /items/tablets/keyboards/2556142/ HTTP/1.1" 404 13248 "-" "Mozilla/5.0 AppleWebKit/537.36 (KHTML, like Gecko; compatible; GPTBot/1.2; +https://openai.com/gptbot)"
20.171.207.83 - - [17/Jul/2025:13:54:10 +0000] "GET /items/kitchen/tableware/2198044/ HTTP/1.1" 404 13248 "-" "Mozilla/5.0 AppleWebKit/537.36 (KHTML, like Gecko; compatible; GPTBot/1.2; +https://openai.com/gptbot)"
20.171.207.83 - - [17/Jul/2025:13:54:11 +0000] "GET /items/flowers/gardening/2080163/ HTTP/1.1" 404 13248 "-" "Mozilla/5.0 AppleWebKit/537.36 (KHTML, like Gecko; compatible; GPTBot/1.2; +https://openai.com/gptbot)"
216.73.216.36 - - [17/Jul/2025:13:54:11 +0000] "GET /special/2504844472.phtml HTTP/1.1" 404 13248 "-" "Mozilla/5.0 AppleWebKit/537.36 (KHTML, like Gecko; compatible; ClaudeBot/1.0; [email protected])"
20.171.207.83 - - [17/Jul/2025:13:54:13 +0000] "GET /items/fashion/outerwear/4568260/ HTTP/1.1" 404 13248 "-" "Mozilla/5.0 AppleWebKit/537.36 (KHTML, like Gecko; compatible; GPTBot/1.2; +https://openai.com/gptbot)"
20.171.207.83 - - [17/Jul/2025:13:54:14 +0000] "GET /items/flowers/gardening/3913540/ HTTP/1.1" 404 13248 "-" "Mozilla/5.0 AppleWebKit/537.36 (KHTML, like Gecko; compatible; GPTBot/1.2; +https://openai.com/gptbot)"
216.73.216.36 - - [17/Jul/2025:13:54:14 +0000] "GET /special/2505387650.phtml HTTP/1.1" 404 13248 "-" "Mozilla/5.0 AppleWebKit/537.36 (KHTML, like Gecko; compatible; ClaudeBot/1.0; [email protected])"
20.171.207.83 - - [17/Jul/2025:13:54:15 +0000] "GET /items/fashion/outerwear/2219808/ HTTP/1.1" 404 13248 "-" "Mozilla/5.0 AppleWebKit/537.36 (KHTML, like Gecko; compatible; GPTBot/1.2; +https://openai.com/gptbot)"
20.171.207.83 - - [17/Jul/2025:13:54:16 +0000] "GET /items/fashion/outerwear/3046804/ HTTP/1.1" 404 13248 "-" "Mozilla/5.0 AppleWebKit/537.36 (KHTML, like Gecko; compatible; GPTBot/1.2; +https://openai.com/gptbot)"
216.73.216.36 - - [17/Jul/2025:13:54:17 +0000] "GET /special/2504930846.phtml HTTP/1.1" 404 13248 "-" "Mozilla/5.0 AppleWebKit/537.36 (KHTML, like Gecko; compatible; ClaudeBot/1.0; [email protected])"
20.171.207.83 - - [17/Jul/2025:13:54:17 +0000] "GET /items/fashion/outerwear/4295937/ HTTP/1.1" 404 13248 "-" "Mozilla/5.0 AppleWebKit/537.36 (KHTML, like Gecko; compatible; GPTBot/1.2; +https://openai.com/gptbot)"
20.171.207.83 - - [17/Jul/2025:13:54:19 +0000] "GET /items/kitchen/tableware/1517568/ HTTP/1.1" 404 13248 "-" "Mozilla/5.0 AppleWebKit/537.36 (KHTML, like Gecko; compatible; GPTBot/1.2; +https://openai.com/gptbot)"
20.171.207.83 - - [17/Jul/2025:13:54:20 +0000] "GET /items/fashion/outerwear/2971213/ HTTP/1.1" 404 13248 "-" "Mozilla/5.0 AppleWebKit/537.36 (KHTML, like Gecko; compatible; GPTBot/1.2; +https://openai.com/gptbot)"
216.73.216.36 - - [17/Jul/2025:13:54:20 +0000] "GET /special/2505131664.phtml HTTP/1.1" 404 13248 "-" "Mozilla/5.0 AppleWebKit/537.36 (KHTML, like Gecko; compatible; ClaudeBot/1.0; [email protected])"
20.171.207.83 - - [17/Jul/2025:13:54:21 +0000] "GET /items/motorcycles/parts/3612714/ HTTP/1.1" 404 13248 "-" "Mozilla/5.0 AppleWebKit/537.36 (KHTML, like Gecko; compatible; GPTBot/1.2; +https://openai.com/gptbot)"
20.171.207.83 - - [17/Jul/2025:13:54:22 +0000] "GET /items/fashion/outerwear/3150354/ HTTP/1.1" 404 13248 "-" "Mozilla/5.0 AppleWebKit/537.36 (KHTML, like Gecko; compatible; GPTBot/1.2; +https://openai.com/gptbot)"
20.171.207.83 - - [17/Jul/2025:13:54:23 +0000] "GET /items/fashion/outerwear/4241073/ HTTP/1.1" 404 13248 "-" "Mozilla/5.0 AppleWebKit/537.36 (KHTML, like Gecko; compatible; GPTBot/1.2; +https://openai.com/gptbot)"
216.73.216.36 - - [17/Jul/2025:13:54:23 +0000] "GET /special/2505206174.phtml HTTP/1.1" 404 13248 "-" "Mozilla/5.0 AppleWebKit/537.36 (KHTML, like Gecko; compatible; ClaudeBot/1.0; [email protected])"
20.171.207.83 - - [17/Jul/2025:13:54:24 +0000] "GET /items/fashion/outerwear/1533257/ HTTP/1.1" 404 13248 "-" "Mozilla/5.0 AppleWebKit/537.36 (KHTML, like Gecko; compatible; GPTBot/1.2; +https://openai.com/gptbot)"
20.171.207.83 - - [17/Jul/2025:13:54:25 +0000] "GET /items/fashion/outerwear/3376815/ HTTP/1.1" 404 13248 "-" "Mozilla/5.0 AppleWebKit/537.36 (KHTML, like Gecko; compatible; GPTBot/1.2; +https://openai.com/gptbot)"
216.73.216.36 - - [17/Jul/2025:13:54:26 +0000] "GET /special/2505445770.phtml HTTP/1.1" 404 13248 "-" "Mozilla/5.0 AppleWebKit/537.36 (KHTML, like Gecko; compatible; ClaudeBot/1.0; [email protected])"
20.171.207.83 - - [17/Jul/2025:13:54:27 +0000] "GET /items/smartphones/ipads/2054870/ HTTP/1.1" 404 13248 "-" "Mozilla/5.0 AppleWebKit/537.36 (KHTML, like Gecko; compatible; GPTBot/1.2; +https://openai.com/gptbot)"
20.171.207.83 - - [17/Jul/2025:13:54:28 +0000] "GET /items/furniture/carpets/1602988/ HTTP/1.1" 404 13248 "-" "Mozilla/5.0 AppleWebKit/537.36 (KHTML, like Gecko; compatible; GPTBot/1.2; +https://openai.com/gptbot)"
20.171.207.83 - - [17/Jul/2025:13:54:29 +0000] "GET /items/tools/workbenches/5193877/ HTTP/1.1" 404 13248 "-" "Mozilla/5.0 AppleWebKit/537.36 (KHTML, like Gecko; compatible; GPTBot/1.2; +https://openai.com/gptbot)"
216.73.216.36 - - [17/Jul/2025:13:54:29 +0000] "GET /special/2504819998.phtml HTTP/1.1" 404 13248 "-" "Mozilla/5.0 AppleWebKit/537.36 (KHTML, like Gecko; compatible; ClaudeBot/1.0; [email protected])"
