216.73.216.36 - - [17/Jul/2025:13:43:48 +0000] "GET /special/2505460782.phtml HTTP/1.1" 404 13248 "-" "Mozilla/5.0 AppleWebKit/537.36 (KHTML, like Gecko; compatible; ClaudeBot/1.0; [email protected])"
20.171.207.83 - - [17/Jul/2025:13:43:48 +0000] "GET /items/tablets/smartphones/3535733/ HTTP/1.1" 404 13248 "-" "Mozilla/5.0 AppleWebKit/537.36 (KHTML, like Gecko; compatible; GPTBot/1.2; +https://openai.com/gptbot)"
20.171.207.83 - - [17/Jul/2025:13:43:49 +0000] "GET /items/fashion/accessories/5050062/ HTTP/1.1" 404 13248 "-" "Mozilla/5.0 AppleWebKit/537.36 (KHTML, like Gecko; compatible; GPTBot/1.2; +https://openai.com/gptbot)"
20.171.207.83 - - [17/Jul/2025:13:43:50 +0000] "GET /items/health/aromatherapy/3712902/ HTTP/1.1" 404 13248 "-" "Mozilla/5.0 AppleWebKit/537.36 (KHTML, like Gecko; compatible; GPTBot/1.2; +https://openai.com/gptbot)"
20.171.207.83 - - [17/Jul/2025:13:43:52 +0000] "GET /items/fashion/accessories/3630428/ HTTP/1.1" 404 13248 "-" "Mozilla/5.0 AppleWebKit/537.36 (KHTML, like Gecko; compatible; GPTBot/1.2; +https://openai.com/gptbot)"
20.171.207.83 - - [17/Jul/2025:13:43:53 +0000] "GET /items/fashion/accessories/2314160/ HTTP/1.1" 404 13248 "-" "Mozilla/5.0 AppleWebKit/537.36 (KHTML, like Gecko; compatible; GPTBot/1.2; +https://openai.com/gptbot)"
20.171.207.83 - - [17/Jul/2025:13:43:54 +0000] "GET /items/fashion/accessories/2959130/ HTTP/1.1" 404 13248 "-" "Mozilla/5.0 AppleWebKit/537.36 (KHTML, like Gecko; compatible; GPTBot/1.2; +https://openai.com/gptbot)"
20.171.207.83 - - [17/Jul/2025:13:43:55 +0000] "GET /items/fashion/accessories/1527165/ HTTP/1.1" 404 13248 "-" "Mozilla/5.0 AppleWebKit/537.36 (KHTML, like Gecko; compatible; GPTBot/1.2; +https://openai.com/gptbot)"
20.171.207.83 - - [17/Jul/2025:13:43:56 +0000] "GET /items/furniture/ornaments/4770449/ HTTP/1.1" 404 13248 "-" "Mozilla/5.0 AppleWebKit/537.36 (KHTML, like Gecko; compatible; GPTBot/1.2; +https://openai.com/gptbot)"
20.171.207.83 - - [17/Jul/2025:13:43:58 +0000] "GET /items/fashion/accessories/3292620/ HTTP/1.1" 404 13248 "-" "Mozilla/5.0 AppleWebKit/537.36 (KHTML, like Gecko; compatible; GPTBot/1.2; +https://openai.com/gptbot)"
20.171.207.83 - - [17/Jul/2025:13:43:59 +0000] "GET /items/furniture/ornaments/2738279/ HTTP/1.1" 404 13248 "-" "Mozilla/5.0 AppleWebKit/537.36 (KHTML, like Gecko; compatible; GPTBot/1.2; +https://openai.com/gptbot)"
20.171.207.83 - - [17/Jul/2025:13:44:00 +0000] "GET /items/fashion/accessories/3573507/ HTTP/1.1" 404 13248 "-" "Mozilla/5.0 AppleWebKit/537.36 (KHTML, like Gecko; compatible; GPTBot/1.2; +https://openai.com/gptbot)"
20.171.207.83 - - [17/Jul/2025:13:44:01 +0000] "GET /items/fashion/accessories/2292688/ HTTP/1.1" 404 13248 "-" "Mozilla/5.0 AppleWebKit/537.36 (KHTML, like Gecko; compatible; GPTBot/1.2; +https://openai.com/gptbot)"
20.171.207.83 - - [17/Jul/2025:13:44:02 +0000] "GET /items/fashion/accessories/4910478/ HTTP/1.1" 404 13248 "-" "Mozilla/5.0 AppleWebKit/537.36 (KHTML, like Gecko; compatible; GPTBot/1.2; +https://openai.com/gptbot)"
20.171.207.83 - - [17/Jul/2025:13:44:04 +0000] "GET /items/fashion/accessories/3835426/ HTTP/1.1" 404 13248 "-" "Mozilla/5.0 AppleWebKit/537.36 (KHTML, like Gecko; compatible; GPTBot/1.2; +https://openai.com/gptbot)"
20.171.207.83 - - [17/Jul/2025:13:44:05 +0000] "GET /items/fashion/accessories/4979685/ HTTP/1.1" 404 13248 "-" "Mozilla/5.0 AppleWebKit/537.36 (KHTML, like Gecko; compatible; GPTBot/1.2; +https://openai.com/gptbot)"
20.171.207.83 - - [17/Jul/2025:13:44:06 +0000] "GET /items/fashion/accessories/3292028/ HTTP/1.1" 404 13248 "-" "Mozilla/5.0 AppleWebKit/537.36 (KHTML, like Gecko; compatible; GPTBot/1.2; +https://openai.com/gptbot)"
20.171.207.83 - - [17/Jul/2025:13:44:07 +0000] "GET /items/furniture/ornaments/2043303/ HTTP/1.1" 404 13248 "-" "Mozilla/5.0 AppleWebKit/537.36 (KHTML, like Gecko; compatible; GPTBot/1.2; +https://openai.com/gptbot)"
20.171.207.83 - - [17/Jul/2025:13:44:08 +0000] "GET /items/fashion/accessories/3089510/ HTTP/1.1" 404 13248 "-" "Mozilla/5.0 AppleWebKit/537.36 (KHTML, like Gecko; compatible; GPTBot/1.2; +https://openai.com/gptbot)"
20.171.207.83 - - [17/Jul/2025:13:44:09 +0000] "GET /items/fashion/accessories/4364511/ HTTP/1.1" 404 13248 "-" "Mozilla/5.0 AppleWebKit/537.36 (KHTML, like Gecko; compatible; GPTBot/1.2; +https://openai.com/gptbot)"
20.171.207.83 - - [17/Jul/2025:13:44:11 +0000] "GET /items/handicrafts/fashion/4759755/ HTTP/1.1" 404 13248 "-" "Mozilla/5.0 AppleWebKit/537.36 (KHTML, like Gecko; compatible; GPTBot/1.2; +https://openai.com/gptbot)"
20.171.207.83 - - [17/Jul/2025:13:44:12 +0000] "GET /items/fashion/accessories/1592235/ HTTP/1.1" 404 13248 "-" "Mozilla/5.0 AppleWebKit/537.36 (KHTML, like Gecko; compatible; GPTBot/1.2; +https://openai.com/gptbot)"
20.171.207.83 - - [17/Jul/2025:13:44:13 +0000] "GET /items/furniture/ornaments/4174186/ HTTP/1.1" 404 13248 "-" "Mozilla/5.0 AppleWebKit/537.36 (KHTML, like Gecko; compatible; GPTBot/1.2; +https://openai.com/gptbot)"
20.171.207.83 - - [17/Jul/2025:13:44:14 +0000] "GET /items/fashion/accessories/2542054/ HTTP/1.1" 404 13248 "-" "Mozilla/5.0 AppleWebKit/537.36 (KHTML, like Gecko; compatible; GPTBot/1.2; +https://openai.com/gptbot)"
216.73.216.36 - - [17/Jul/2025:13:44:15 +0000] "GET /special/2505532272.phtml HTTP/1.1" 404 13248 "-" "Mozilla/5.0 AppleWebKit/537.36 (KHTML, like Gecko; compatible; ClaudeBot/1.0; [email protected])"
20.171.207.83 - - [17/Jul/2025:13:44:15 +0000] "GET /items/smartphones/monitor/4253314/ HTTP/1.1" 404 13248 "-" "Mozilla/5.0 AppleWebKit/537.36 (KHTML, like Gecko; compatible; GPTBot/1.2; +https://openai.com/gptbot)"
52.167.144.206 - - [17/Jul/2025:13:44:16 +0000] "GET /special/1592143506.phtml HTTP/1.1" 200 18448 "-" "Mozilla/5.0 AppleWebKit/537.36 (KHTML, like Gecko; compatible; bingbot/2.0; +http://www.bing.com/bingbot.htm) Chrome/116.0.1938.76 Safari/537.36"
20.171.207.83 - - [17/Jul/2025:13:44:16 +0000] "GET /items/fashion/accessories/3381141/ HTTP/1.1" 404 13248 "-" "Mozilla/5.0 AppleWebKit/537.36 (KHTML, like Gecko; compatible; GPTBot/1.2; +https://openai.com/gptbot)"
20.171.207.83 - - [17/Jul/2025:13:44:18 +0000] "GET /items/furniture/ornaments/4773426/ HTTP/1.1" 404 13248 "-" "Mozilla/5.0 AppleWebKit/537.36 (KHTML, like Gecko; compatible; GPTBot/1.2; +https://openai.com/gptbot)"
216.73.216.36 - - [17/Jul/2025:13:44:19 +0000] "GET /special/2504866792.phtml HTTP/1.1" 404 13248 "-" "Mozilla/5.0 AppleWebKit/537.36 (KHTML, like Gecko; compatible; ClaudeBot/1.0; [email protected])"
20.171.207.83 - - [17/Jul/2025:13:44:19 +0000] "GET /items/handicrafts/fashion/5226620/ HTTP/1.1" 404 13248 "-" "Mozilla/5.0 AppleWebKit/537.36 (KHTML, like Gecko; compatible; GPTBot/1.2; +https://openai.com/gptbot)"
20.171.207.83 - - [17/Jul/2025:13:44:20 +0000] "GET /items/fashion/accessories/3595884/ HTTP/1.1" 404 13248 "-" "Mozilla/5.0 AppleWebKit/537.36 (KHTML, like Gecko; compatible; GPTBot/1.2; +https://openai.com/gptbot)"
20.171.207.83 - - [17/Jul/2025:13:44:21 +0000] "GET /items/fashion/accessories/1349482/ HTTP/1.1" 404 13248 "-" "Mozilla/5.0 AppleWebKit/537.36 (KHTML, like Gecko; compatible; GPTBot/1.2; +https://openai.com/gptbot)"
216.73.216.36 - - [17/Jul/2025:13:44:21 +0000] "GET /special/2505017864.phtml HTTP/1.1" 404 13248 "-" "Mozilla/5.0 AppleWebKit/537.36 (KHTML, like Gecko; compatible; ClaudeBot/1.0; [email protected])"
20.171.207.83 - - [17/Jul/2025:13:44:22 +0000] "GET /items/fashion/accessories/2544650/ HTTP/1.1" 404 13248 "-" "Mozilla/5.0 AppleWebKit/537.36 (KHTML, like Gecko; compatible; GPTBot/1.2; +https://openai.com/gptbot)"
20.171.207.83 - - [17/Jul/2025:13:44:23 +0000] "GET /items/tablets/smartphones/3731304/ HTTP/1.1" 404 13248 "-" "Mozilla/5.0 AppleWebKit/537.36 (KHTML, like Gecko; compatible; GPTBot/1.2; +https://openai.com/gptbot)"
216.73.216.36 - - [17/Jul/2025:13:44:24 +0000] "GET /special/2505385086.phtml HTTP/1.1" 404 13248 "-" "Mozilla/5.0 AppleWebKit/537.36 (KHTML, like Gecko; compatible; ClaudeBot/1.0; [email protected])"
20.171.207.83 - - [17/Jul/2025:13:44:25 +0000] "GET /items/fashion/accessories/4268856/ HTTP/1.1" 404 13248 "-" "Mozilla/5.0 AppleWebKit/537.36 (KHTML, like Gecko; compatible; GPTBot/1.2; +https://openai.com/gptbot)"
20.171.207.83 - - [17/Jul/2025:13:44:26 +0000] "GET /items/computers/wearables/1966163/ HTTP/1.1" 404 13248 "-" "Mozilla/5.0 AppleWebKit/537.36 (KHTML, like Gecko; compatible; GPTBot/1.2; +https://openai.com/gptbot)"
20.171.207.83 - - [17/Jul/2025:13:44:27 +0000] "GET /items/fashion/accessories/5138183/ HTTP/1.1" 404 13248 "-" "Mozilla/5.0 AppleWebKit/537.36 (KHTML, like Gecko; compatible; GPTBot/1.2; +https://openai.com/gptbot)"
216.73.216.36 - - [17/Jul/2025:13:44:27 +0000] "GET /special/2504888250.phtml HTTP/1.1" 404 13248 "-" "Mozilla/5.0 AppleWebKit/537.36 (KHTML, like Gecko; compatible; ClaudeBot/1.0; [email protected])"
20.171.207.83 - - [17/Jul/2025:13:44:28 +0000] "GET /items/handicrafts/fashion/3893859/ HTTP/1.1" 404 13248 "-" "Mozilla/5.0 AppleWebKit/537.36 (KHTML, like Gecko; compatible; GPTBot/1.2; +https://openai.com/gptbot)"
20.171.207.83 - - [17/Jul/2025:13:44:29 +0000] "GET /items/fashion/accessories/4602028/ HTTP/1.1" 404 13248 "-" "Mozilla/5.0 AppleWebKit/537.36 (KHTML, like Gecko; compatible; GPTBot/1.2; +https://openai.com/gptbot)"
20.171.207.83 - - [17/Jul/2025:13:44:30 +0000] "GET /items/fashion/accessories/3736641/ HTTP/1.1" 404 13248 "-" "Mozilla/5.0 AppleWebKit/537.36 (KHTML, like Gecko; compatible; GPTBot/1.2; +https://openai.com/gptbot)"
216.73.216.36 - - [17/Jul/2025:13:44:30 +0000] "GET /special/2505373700.phtml HTTP/1.1" 404 13248 "-" "Mozilla/5.0 AppleWebKit/537.36 (KHTML, like Gecko; compatible; ClaudeBot/1.0; [email protected])"
20.171.207.83 - - [17/Jul/2025:13:44:32 +0000] "GET /items/fashion/accessories/1784866/ HTTP/1.1" 404 13248 "-" "Mozilla/5.0 AppleWebKit/537.36 (KHTML, like Gecko; compatible; GPTBot/1.2; +https://openai.com/gptbot)"
20.171.207.83 - - [17/Jul/2025:13:44:33 +0000] "GET /items/fashion/accessories/1585933/ HTTP/1.1" 404 13248 "-" "Mozilla/5.0 AppleWebKit/537.36 (KHTML, like Gecko; compatible; GPTBot/1.2; +https://openai.com/gptbot)"
216.73.216.36 - - [17/Jul/2025:13:44:33 +0000] "GET /special/2505475598.phtml HTTP/1.1" 404 13248 "-" "Mozilla/5.0 AppleWebKit/537.36 (KHTML, like Gecko; compatible; ClaudeBot/1.0; [email protected])"
20.171.207.83 - - [17/Jul/2025:13:44:34 +0000] "GET /items/fashion/accessories/2050930/ HTTP/1.1" 404 13248 "-" "Mozilla/5.0 AppleWebKit/537.36 (KHTML, like Gecko; compatible; GPTBot/1.2; +https://openai.com/gptbot)"
20.171.207.83 - - [17/Jul/2025:13:44:35 +0000] "GET /items/smartphones/routers/4748258/ HTTP/1.1" 404 13248 "-" "Mozilla/5.0 AppleWebKit/537.36 (KHTML, like Gecko; compatible; GPTBot/1.2; +https://openai.com/gptbot)"
20.171.207.83 - - [17/Jul/2025:13:44:36 +0000] "GET /items/fashion/accessories/2070502/ HTTP/1.1" 404 13248 "-" "Mozilla/5.0 AppleWebKit/537.36 (KHTML, like Gecko; compatible; GPTBot/1.2; +https://openai.com/gptbot)"
216.73.216.36 - - [17/Jul/2025:13:44:36 +0000] "GET /special/2504839946.phtml HTTP/1.1" 404 13248 "-" "Mozilla/5.0 AppleWebKit/537.36 (KHTML, like Gecko; compatible; ClaudeBot/1.0; [email protected])"
20.171.207.83 - - [17/Jul/2025:13:44:37 +0000] "GET /items/fashion/accessories/2043377/ HTTP/1.1" 404 13248 "-" "Mozilla/5.0 AppleWebKit/537.36 (KHTML, like Gecko; compatible; GPTBot/1.2; +https://openai.com/gptbot)"
20.171.207.83 - - [17/Jul/2025:13:44:39 +0000] "GET /items/fashion/accessories/1537312/ HTTP/1.1" 404 13248 "-" "Mozilla/5.0 AppleWebKit/537.36 (KHTML, like Gecko; compatible; GPTBot/1.2; +https://openai.com/gptbot)"
216.73.216.36 - - [17/Jul/2025:13:44:39 +0000] "GET /special/2504857910.phtml HTTP/1.1" 404 13248 "-" "Mozilla/5.0 AppleWebKit/537.36 (KHTML, like Gecko; compatible; ClaudeBot/1.0; [email protected])"
20.171.207.83 - - [17/Jul/2025:13:44:40 +0000] "GET /items/fashion/accessories/4864530/ HTTP/1.1" 404 13248 "-" "Mozilla/5.0 AppleWebKit/537.36 (KHTML, like Gecko; compatible; GPTBot/1.2; +https://openai.com/gptbot)"
20.171.207.83 - - [17/Jul/2025:13:44:41 +0000] "GET /items/fashion/accessories/5236835/ HTTP/1.1" 404 13248 "-" "Mozilla/5.0 AppleWebKit/537.36 (KHTML, like Gecko; compatible; GPTBot/1.2; +https://openai.com/gptbot)"
20.171.207.83 - - [17/Jul/2025:13:44:42 +0000] "GET /items/furniture/ornaments/1502433/ HTTP/1.1" 404 13248 "-" "Mozilla/5.0 AppleWebKit/537.36 (KHTML, like Gecko; compatible; GPTBot/1.2; +https://openai.com/gptbot)"
216.73.216.36 - - [17/Jul/2025:13:44:42 +0000] "GET /special/2505296814.phtml HTTP/1.1" 404 13248 "-" "Mozilla/5.0 AppleWebKit/537.36 (KHTML, like Gecko; compatible; ClaudeBot/1.0; [email protected])"
20.171.207.83 - - [17/Jul/2025:13:44:43 +0000] "GET /items/health/aromatherapy/4450235/ HTTP/1.1" 404 13248 "-" "Mozilla/5.0 AppleWebKit/537.36 (KHTML, like Gecko; compatible; GPTBot/1.2; +https://openai.com/gptbot)"
20.171.207.83 - - [17/Jul/2025:13:44:45 +0000] "GET /items/fashion/accessories/2567672/ HTTP/1.1" 404 13248 "-" "Mozilla/5.0 AppleWebKit/537.36 (KHTML, like Gecko; compatible; GPTBot/1.2; +https://openai.com/gptbot)"
216.73.216.36 - - [17/Jul/2025:13:44:45 +0000] "GET /special/2505444392.phtml HTTP/1.1" 404 13248 "-" "Mozilla/5.0 AppleWebKit/537.36 (KHTML, like Gecko; compatible; ClaudeBot/1.0; [email protected])"
20.171.207.83 - - [17/Jul/2025:13:44:46 +0000] "GET /items/cosmetics/treatment/1972498/ HTTP/1.1" 404 13248 "-" "Mozilla/5.0 AppleWebKit/537.36 (KHTML, like Gecko; compatible; GPTBot/1.2; +https://openai.com/gptbot)"
20.171.207.83 - - [17/Jul/2025:13:44:47 +0000] "GET /items/fashion/accessories/2608818/ HTTP/1.1" 404 13248 "-" "Mozilla/5.0 AppleWebKit/537.36 (KHTML, like Gecko; compatible; GPTBot/1.2; +https://openai.com/gptbot)"
20.171.207.83 - - [17/Jul/2025:13:44:48 +0000] "GET /items/fashion/accessories/2449635/ HTTP/1.1" 404 13248 "-" "Mozilla/5.0 AppleWebKit/537.36 (KHTML, like Gecko; compatible; GPTBot/1.2; +https://openai.com/gptbot)"
216.73.216.36 - - [17/Jul/2025:13:44:49 +0000] "GET /special/2505350732.phtml HTTP/1.1" 404 13248 "-" "Mozilla/5.0 AppleWebKit/537.36 (KHTML, like Gecko; compatible; ClaudeBot/1.0; [email protected])"
20.171.207.83 - - [17/Jul/2025:13:44:49 +0000] "GET /items/handicrafts/fashion/5071157/ HTTP/1.1" 404 13248 "-" "Mozilla/5.0 AppleWebKit/537.36 (KHTML, like Gecko; compatible; GPTBot/1.2; +https://openai.com/gptbot)"
20.171.207.83 - - [17/Jul/2025:13:44:50 +0000] "GET /items/flowers/houseplants/4345455/ HTTP/1.1" 404 13248 "-" "Mozilla/5.0 AppleWebKit/537.36 (KHTML, like Gecko; compatible; GPTBot/1.2; +https://openai.com/gptbot)"
216.73.216.36 - - [17/Jul/2025:13:44:51 +0000] "GET /special/2504985148.phtml HTTP/1.1" 404 13248 "-" "Mozilla/5.0 AppleWebKit/537.36 (KHTML, like Gecko; compatible; ClaudeBot/1.0; [email protected])"
20.171.207.83 - - [17/Jul/2025:13:44:52 +0000] "GET /items/handicrafts/fabrics/4355040/ HTTP/1.1" 404 13248 "-" "Mozilla/5.0 AppleWebKit/537.36 (KHTML, like Gecko; compatible; GPTBot/1.2; +https://openai.com/gptbot)"
20.171.207.83 - - [17/Jul/2025:13:44:53 +0000] "GET /items/furniture/ornaments/1946064/ HTTP/1.1" 404 13248 "-" "Mozilla/5.0 AppleWebKit/537.36 (KHTML, like Gecko; compatible; GPTBot/1.2; +https://openai.com/gptbot)"
20.171.207.83 - - [17/Jul/2025:13:44:54 +0000] "GET /items/fashion/accessories/5251317/ HTTP/1.1" 404 13248 "-" "Mozilla/5.0 AppleWebKit/537.36 (KHTML, like Gecko; compatible; GPTBot/1.2; +https://openai.com/gptbot)"
20.171.207.83 - - [17/Jul/2025:13:44:55 +0000] "GET /items/fashion/accessories/5157628/ HTTP/1.1" 404 13248 "-" "Mozilla/5.0 AppleWebKit/537.36 (KHTML, like Gecko; compatible; GPTBot/1.2; +https://openai.com/gptbot)"
20.171.207.83 - - [17/Jul/2025:13:44:56 +0000] "GET /items/fashion/accessories/4577899/ HTTP/1.1" 404 13248 "-" "Mozilla/5.0 AppleWebKit/537.36 (KHTML, like Gecko; compatible; GPTBot/1.2; +https://openai.com/gptbot)"
20.171.207.83 - - [17/Jul/2025:13:44:57 +0000] "GET /items/furniture/ornaments/4257822/ HTTP/1.1" 404 13248 "-" "Mozilla/5.0 AppleWebKit/537.36 (KHTML, like Gecko; compatible; GPTBot/1.2; +https://openai.com/gptbot)"
20.171.207.83 - - [17/Jul/2025:13:44:59 +0000] "GET /items/furniture/ornaments/3266042/ HTTP/1.1" 404 13248 "-" "Mozilla/5.0 AppleWebKit/537.36 (KHTML, like Gecko; compatible; GPTBot/1.2; +https://openai.com/gptbot)"
20.171.207.83 - - [17/Jul/2025:13:45:00 +0000] "GET /items/fashion/accessories/4156434/ HTTP/1.1" 404 13248 "-" "Mozilla/5.0 AppleWebKit/537.36 (KHTML, like Gecko; compatible; GPTBot/1.2; +https://openai.com/gptbot)"
20.171.207.83 - - [17/Jul/2025:13:45:01 +0000] "GET /items/fashion/accessories/3503387/ HTTP/1.1" 404 13248 "-" "Mozilla/5.0 AppleWebKit/537.36 (KHTML, like Gecko; compatible; GPTBot/1.2; +https://openai.com/gptbot)"
20.171.207.83 - - [17/Jul/2025:13:45:02 +0000] "GET /items/health/aromatherapy/1582392/ HTTP/1.1" 404 13248 "-" "Mozilla/5.0 AppleWebKit/537.36 (KHTML, like Gecko; compatible; GPTBot/1.2; +https://openai.com/gptbot)"
20.171.207.83 - - [17/Jul/2025:13:45:03 +0000] "GET /items/cosmetics/deodorant/4123949/ HTTP/1.1" 404 13248 "-" "Mozilla/5.0 AppleWebKit/537.36 (KHTML, like Gecko; compatible; GPTBot/1.2; +https://openai.com/gptbot)"
20.171.207.83 - - [17/Jul/2025:13:45:05 +0000] "GET /items/handicrafts/fashion/1911960/ HTTP/1.1" 404 13248 "-" "Mozilla/5.0 AppleWebKit/537.36 (KHTML, like Gecko; compatible; GPTBot/1.2; +https://openai.com/gptbot)"
20.171.207.83 - - [17/Jul/2025:13:45:06 +0000] "GET /items/fashion/accessories/2275535/ HTTP/1.1" 404 13248 "-" "Mozilla/5.0 AppleWebKit/537.36 (KHTML, like Gecko; compatible; GPTBot/1.2; +https://openai.com/gptbot)"
20.171.207.83 - - [17/Jul/2025:13:45:07 +0000] "GET /items/furniture/ornaments/2458270/ HTTP/1.1" 404 13248 "-" "Mozilla/5.0 AppleWebKit/537.36 (KHTML, like Gecko; compatible; GPTBot/1.2; +https://openai.com/gptbot)"
20.171.207.83 - - [17/Jul/2025:13:45:08 +0000] "GET /items/fashion/accessories/3048734/ HTTP/1.1" 404 13248 "-" "Mozilla/5.0 AppleWebKit/537.36 (KHTML, like Gecko; compatible; GPTBot/1.2; +https://openai.com/gptbot)"
20.171.207.83 - - [17/Jul/2025:13:45:09 +0000] "GET /items/tablets/smartphones/4678754/ HTTP/1.1" 404 13248 "-" "Mozilla/5.0 AppleWebKit/537.36 (KHTML, like Gecko; compatible; GPTBot/1.2; +https://openai.com/gptbot)"
20.171.207.83 - - [17/Jul/2025:13:45:10 +0000] "GET /items/fashion/accessories/2267286/ HTTP/1.1" 404 13248 "-" "Mozilla/5.0 AppleWebKit/537.36 (KHTML, like Gecko; compatible; GPTBot/1.2; +https://openai.com/gptbot)"
20.171.207.83 - - [17/Jul/2025:13:45:12 +0000] "GET /items/fashion/accessories/4606463/ HTTP/1.1" 404 13248 "-" "Mozilla/5.0 AppleWebKit/537.36 (KHTML, like Gecko; compatible; GPTBot/1.2; +https://openai.com/gptbot)"
20.171.207.83 - - [17/Jul/2025:13:45:13 +0000] "GET /items/fashion/accessories/4513405/ HTTP/1.1" 404 13248 "-" "Mozilla/5.0 AppleWebKit/537.36 (KHTML, like Gecko; compatible; GPTBot/1.2; +https://openai.com/gptbot)"
216.73.216.36 - - [17/Jul/2025:13:45:13 +0000] "GET /special/2505090928.phtml HTTP/1.1" 404 13248 "-" "Mozilla/5.0 AppleWebKit/537.36 (KHTML, like Gecko; compatible; ClaudeBot/1.0; [email protected])"
20.171.207.83 - - [17/Jul/2025:13:45:14 +0000] "GET /items/fashion/accessories/4766354/ HTTP/1.1" 404 13248 "-" "Mozilla/5.0 AppleWebKit/537.36 (KHTML, like Gecko; compatible; GPTBot/1.2; +https://openai.com/gptbot)"
20.171.207.83 - - [17/Jul/2025:13:45:15 +0000] "GET /items/fashion/accessories/5160719/ HTTP/1.1" 404 13248 "-" "Mozilla/5.0 AppleWebKit/537.36 (KHTML, like Gecko; compatible; GPTBot/1.2; +https://openai.com/gptbot)"
52.167.144.206 - - [17/Jul/2025:13:45:16 +0000] "GET /special/1002581852.phtml HTTP/1.1" 200 20593 "-" "Mozilla/5.0 AppleWebKit/537.36 (KHTML, like Gecko; compatible; bingbot/2.0; +http://www.bing.com/bingbot.htm) Chrome/116.0.1938.76 Safari/537.36"
216.73.216.36 - - [17/Jul/2025:13:45:16 +0000] "GET /special/2505347494.phtml HTTP/1.1" 404 13248 "-" "Mozilla/5.0 AppleWebKit/537.36 (KHTML, like Gecko; compatible; ClaudeBot/1.0; [email protected])"
20.171.207.83 - - [17/Jul/2025:13:45:16 +0000] "GET /items/tablets/smartphones/1922033/ HTTP/1.1" 404 13248 "-" "Mozilla/5.0 AppleWebKit/537.36 (KHTML, like Gecko; compatible; GPTBot/1.2; +https://openai.com/gptbot)"
20.171.207.83 - - [17/Jul/2025:13:45:17 +0000] "GET /items/tablets/smartphones/3738764/ HTTP/1.1" 404 13248 "-" "Mozilla/5.0 AppleWebKit/537.36 (KHTML, like Gecko; compatible; GPTBot/1.2; +https://openai.com/gptbot)"
20.171.207.83 - - [17/Jul/2025:13:45:19 +0000] "GET /items/fashion/accessories/2967397/ HTTP/1.1" 404 13248 "-" "Mozilla/5.0 AppleWebKit/537.36 (KHTML, like Gecko; compatible; GPTBot/1.2; +https://openai.com/gptbot)"
216.73.216.36 - - [17/Jul/2025:13:45:19 +0000] "GET /special/2505140034.phtml HTTP/1.1" 404 13248 "-" "Mozilla/5.0 AppleWebKit/537.36 (KHTML, like Gecko; compatible; ClaudeBot/1.0; [email protected])"
20.171.207.83 - - [17/Jul/2025:13:45:20 +0000] "GET /items/fashion/accessories/1447081/ HTTP/1.1" 404 13248 "-" "Mozilla/5.0 AppleWebKit/537.36 (KHTML, like Gecko; compatible; GPTBot/1.2; +https://openai.com/gptbot)"
20.171.207.83 - - [17/Jul/2025:13:45:21 +0000] "GET /items/fashion/accessories/4479521/ HTTP/1.1" 404 13248 "-" "Mozilla/5.0 AppleWebKit/537.36 (KHTML, like Gecko; compatible; GPTBot/1.2; +https://openai.com/gptbot)"
216.73.216.36 - - [17/Jul/2025:13:45:22 +0000] "GET /special/2505486054.phtml HTTP/1.1" 404 13248 "-" "Mozilla/5.0 AppleWebKit/537.36 (KHTML, like Gecko; compatible; ClaudeBot/1.0; [email protected])"
20.171.207.83 - - [17/Jul/2025:13:45:22 +0000] "GET /items/health/aromatherapy/2899606/ HTTP/1.1" 404 13248 "-" "Mozilla/5.0 AppleWebKit/537.36 (KHTML, like Gecko; compatible; GPTBot/1.2; +https://openai.com/gptbot)"
20.171.207.83 - - [17/Jul/2025:13:45:23 +0000] "GET /items/handicrafts/fabrics/4001707/ HTTP/1.1" 404 13248 "-" "Mozilla/5.0 AppleWebKit/537.36 (KHTML, like Gecko; compatible; GPTBot/1.2; +https://openai.com/gptbot)"
20.171.207.83 - - [17/Jul/2025:13:45:24 +0000] "GET /items/fashion/accessories/2840894/ HTTP/1.1" 404 13248 "-" "Mozilla/5.0 AppleWebKit/537.36 (KHTML, like Gecko; compatible; GPTBot/1.2; +https://openai.com/gptbot)"
216.73.216.36 - - [17/Jul/2025:13:45:25 +0000] "GET /special/2505248834.phtml HTTP/1.1" 404 13248 "-" "Mozilla/5.0 AppleWebKit/537.36 (KHTML, like Gecko; compatible; ClaudeBot/1.0; [email protected])"
20.171.207.83 - - [17/Jul/2025:13:45:26 +0000] "GET /items/fashion/accessories/3429612/ HTTP/1.1" 404 13248 "-" "Mozilla/5.0 AppleWebKit/537.36 (KHTML, like Gecko; compatible; GPTBot/1.2; +https://openai.com/gptbot)"
20.171.207.83 - - [17/Jul/2025:13:45:27 +0000] "GET /items/fashion/accessories/4255647/ HTTP/1.1" 404 13248 "-" "Mozilla/5.0 AppleWebKit/537.36 (KHTML, like Gecko; compatible; GPTBot/1.2; +https://openai.com/gptbot)"
216.73.216.36 - - [17/Jul/2025:13:45:28 +0000] "GET /special/2505253834.phtml HTTP/1.1" 404 13248 "-" "Mozilla/5.0 AppleWebKit/537.36 (KHTML, like Gecko; compatible; ClaudeBot/1.0; [email protected])"
20.171.207.83 - - [17/Jul/2025:13:45:28 +0000] "GET /items/fashion/accessories/2987728/ HTTP/1.1" 404 13248 "-" "Mozilla/5.0 AppleWebKit/537.36 (KHTML, like Gecko; compatible; GPTBot/1.2; +https://openai.com/gptbot)"
20.171.207.83 - - [17/Jul/2025:13:45:29 +0000] "GET /items/fashion/accessories/4419763/ HTTP/1.1" 404 13248 "-" "Mozilla/5.0 AppleWebKit/537.36 (KHTML, like Gecko; compatible; GPTBot/1.2; +https://openai.com/gptbot)"
20.171.207.83 - - [17/Jul/2025:13:45:31 +0000] "GET /items/fashion/accessories/3563232/ HTTP/1.1" 404 13248 "-" "Mozilla/5.0 AppleWebKit/537.36 (KHTML, like Gecko; compatible; GPTBot/1.2; +https://openai.com/gptbot)"
216.73.216.36 - - [17/Jul/2025:13:45:31 +0000] "GET /special/2505264358.phtml HTTP/1.1" 404 13248 "-" "Mozilla/5.0 AppleWebKit/537.36 (KHTML, like Gecko; compatible; ClaudeBot/1.0; [email protected])"
20.171.207.83 - - [17/Jul/2025:13:45:32 +0000] "GET /items/fashion/accessories/5219931/ HTTP/1.1" 404 13248 "-" "Mozilla/5.0 AppleWebKit/537.36 (KHTML, like Gecko; compatible; GPTBot/1.2; +https://openai.com/gptbot)"
20.171.207.83 - - [17/Jul/2025:13:45:33 +0000] "GET /items/handicrafts/fashion/3926269/ HTTP/1.1" 404 13248 "-" "Mozilla/5.0 AppleWebKit/537.36 (KHTML, like Gecko; compatible; GPTBot/1.2; +https://openai.com/gptbot)"
216.73.216.36 - - [17/Jul/2025:13:45:34 +0000] "GET /special/2505153186.phtml HTTP/1.1" 404 13248 "-" "Mozilla/5.0 AppleWebKit/537.36 (KHTML, like Gecko; compatible; ClaudeBot/1.0; [email protected])"
20.171.207.83 - - [17/Jul/2025:13:45:34 +0000] "GET /items/furniture/ornaments/1876044/ HTTP/1.1" 404 13248 "-" "Mozilla/5.0 AppleWebKit/537.36 (KHTML, like Gecko; compatible; GPTBot/1.2; +https://openai.com/gptbot)"
20.171.207.83 - - [17/Jul/2025:13:45:35 +0000] "GET /items/fashion/accessories/4487711/ HTTP/1.1" 404 13248 "-" "Mozilla/5.0 AppleWebKit/537.36 (KHTML, like Gecko; compatible; GPTBot/1.2; +https://openai.com/gptbot)"
20.171.207.83 - - [17/Jul/2025:13:45:36 +0000] "GET /items/fashion/accessories/4212015/ HTTP/1.1" 404 13248 "-" "Mozilla/5.0 AppleWebKit/537.36 (KHTML, like Gecko; compatible; GPTBot/1.2; +https://openai.com/gptbot)"
216.73.216.36 - - [17/Jul/2025:13:45:37 +0000] "GET /special/2505384092.phtml HTTP/1.1" 404 13248 "-" "Mozilla/5.0 AppleWebKit/537.36 (KHTML, like Gecko; compatible; ClaudeBot/1.0; [email protected])"
20.171.207.83 - - [17/Jul/2025:13:45:37 +0000] "GET /items/fashion/accessories/4327996/ HTTP/1.1" 404 13248 "-" "Mozilla/5.0 AppleWebKit/537.36 (KHTML, like Gecko; compatible; GPTBot/1.2; +https://openai.com/gptbot)"
40.77.167.28 - - [17/Jul/2025:13:45:38 +0000] "GET /special/1002957636.phtml HTTP/1.1" 200 19803 "-" "Mozilla/5.0 AppleWebKit/537.36 (KHTML, like Gecko; compatible; bingbot/2.0; +http://www.bing.com/bingbot.htm) Chrome/116.0.1938.76 Safari/537.36"
20.171.207.83 - - [17/Jul/2025:13:45:39 +0000] "GET /items/fashion/accessories/2651322/ HTTP/1.1" 404 13248 "-" "Mozilla/5.0 AppleWebKit/537.36 (KHTML, like Gecko; compatible; GPTBot/1.2; +https://openai.com/gptbot)"
20.171.207.83 - - [17/Jul/2025:13:45:40 +0000] "GET /items/fashion/accessories/3451895/ HTTP/1.1" 404 13248 "-" "Mozilla/5.0 AppleWebKit/537.36 (KHTML, like Gecko; compatible; GPTBot/1.2; +https://openai.com/gptbot)"
216.73.216.36 - - [17/Jul/2025:13:45:40 +0000] "GET /special/2505469664.phtml HTTP/1.1" 404 13248 "-" "Mozilla/5.0 AppleWebKit/537.36 (KHTML, like Gecko; compatible; ClaudeBot/1.0; [email protected])"
20.171.207.83 - - [17/Jul/2025:13:45:41 +0000] "GET /items/fashion/accessories/4880261/ HTTP/1.1" 404 13248 "-" "Mozilla/5.0 AppleWebKit/537.36 (KHTML, like Gecko; compatible; GPTBot/1.2; +https://openai.com/gptbot)"
20.171.207.83 - - [17/Jul/2025:13:45:42 +0000] "GET /items/smartphones/monitor/4246758/ HTTP/1.1" 404 13248 "-" "Mozilla/5.0 AppleWebKit/537.36 (KHTML, like Gecko; compatible; GPTBot/1.2; +https://openai.com/gptbot)"
216.73.216.36 - - [17/Jul/2025:13:45:43 +0000] "GET /special/2504811692.phtml HTTP/1.1" 404 13248 "-" "Mozilla/5.0 AppleWebKit/537.36 (KHTML, like Gecko; compatible; ClaudeBot/1.0; [email protected])"
20.171.207.83 - - [17/Jul/2025:13:45:43 +0000] "GET /items/fashion/accessories/1541422/ HTTP/1.1" 404 13248 "-" "Mozilla/5.0 AppleWebKit/537.36 (KHTML, like Gecko; compatible; GPTBot/1.2; +https://openai.com/gptbot)"
20.171.207.83 - - [17/Jul/2025:13:45:44 +0000] "GET /items/fashion/accessories/3981385/ HTTP/1.1" 404 13248 "-" "Mozilla/5.0 AppleWebKit/537.36 (KHTML, like Gecko; compatible; GPTBot/1.2; +https://openai.com/gptbot)"
20.171.207.83 - - [17/Jul/2025:13:45:46 +0000] "GET /items/diet/supplements/3019999/ HTTP/1.1" 404 13248 "-" "Mozilla/5.0 AppleWebKit/537.36 (KHTML, like Gecko; compatible; GPTBot/1.2; +https://openai.com/gptbot)"
216.73.216.36 - - [17/Jul/2025:13:45:46 +0000] "GET /special/2505294186.phtml HTTP/1.1" 404 13248 "-" "Mozilla/5.0 AppleWebKit/537.36 (KHTML, like Gecko; compatible; ClaudeBot/1.0; [email protected])"
20.171.207.83 - - [17/Jul/2025:13:45:47 +0000] "GET /items/hobbies/antiques/2109479/ HTTP/1.1" 404 13248 "-" "Mozilla/5.0 AppleWebKit/537.36 (KHTML, like Gecko; compatible; GPTBot/1.2; +https://openai.com/gptbot)"
20.171.207.83 - - [17/Jul/2025:13:45:48 +0000] "GET /items/hobbies/antiques/4377873/ HTTP/1.1" 404 13248 "-" "Mozilla/5.0 AppleWebKit/537.36 (KHTML, like Gecko; compatible; GPTBot/1.2; +https://openai.com/gptbot)"
216.73.216.36 - - [17/Jul/2025:13:45:49 +0000] "GET /special/2504814064.phtml HTTP/1.1" 404 13248 "-" "Mozilla/5.0 AppleWebKit/537.36 (KHTML, like Gecko; compatible; ClaudeBot/1.0; [email protected])"
20.171.207.83 - - [17/Jul/2025:13:45:49 +0000] "GET /items/sports/snowboard/3283354/ HTTP/1.1" 404 13248 "-" "Mozilla/5.0 AppleWebKit/537.36 (KHTML, like Gecko; compatible; GPTBot/1.2; +https://openai.com/gptbot)"
20.171.207.83 - - [17/Jul/2025:13:45:50 +0000] "GET /items/manga/humanities/1503279/ HTTP/1.1" 404 13248 "-" "Mozilla/5.0 AppleWebKit/537.36 (KHTML, like Gecko; compatible; GPTBot/1.2; +https://openai.com/gptbot)"
20.171.207.83 - - [17/Jul/2025:13:45:51 +0000] "GET /items/motorcycles/cars/4191191/ HTTP/1.1" 404 13248 "-" "Mozilla/5.0 AppleWebKit/537.36 (KHTML, like Gecko; compatible; GPTBot/1.2; +https://openai.com/gptbot)"
20.171.207.83 - - [17/Jul/2025:13:45:53 +0000] "GET /items/hobbies/antiques/3700192/ HTTP/1.1" 404 13248 "-" "Mozilla/5.0 AppleWebKit/537.36 (KHTML, like Gecko; compatible; GPTBot/1.2; +https://openai.com/gptbot)"
20.171.207.83 - - [17/Jul/2025:13:45:54 +0000] "GET /items/hobbies/antiques/3776488/ HTTP/1.1" 404 13248 "-" "Mozilla/5.0 AppleWebKit/537.36 (KHTML, like Gecko; compatible; GPTBot/1.2; +https://openai.com/gptbot)"
20.171.207.83 - - [17/Jul/2025:13:45:55 +0000] "GET /items/hobbies/antiques/1963648/ HTTP/1.1" 404 13248 "-" "Mozilla/5.0 AppleWebKit/537.36 (KHTML, like Gecko; compatible; GPTBot/1.2; +https://openai.com/gptbot)"
20.171.207.83 - - [17/Jul/2025:13:45:56 +0000] "GET /items/hobbies/costumes/4430515/ HTTP/1.1" 404 13248 "-" "Mozilla/5.0 AppleWebKit/537.36 (KHTML, like Gecko; compatible; GPTBot/1.2; +https://openai.com/gptbot)"
20.171.207.83 - - [17/Jul/2025:13:45:57 +0000] "GET /items/hobbies/antiques/2995538/ HTTP/1.1" 404 13248 "-" "Mozilla/5.0 AppleWebKit/537.36 (KHTML, like Gecko; compatible; GPTBot/1.2; +https://openai.com/gptbot)"
20.171.207.83 - - [17/Jul/2025:13:45:59 +0000] "GET /items/hobbies/antiques/2962966/ HTTP/1.1" 404 13248 "-" "Mozilla/5.0 AppleWebKit/537.36 (KHTML, like Gecko; compatible; GPTBot/1.2; +https://openai.com/gptbot)"
20.171.207.83 - - [17/Jul/2025:13:46:00 +0000] "GET /items/hobbies/antiques/1592739/ HTTP/1.1" 404 13248 "-" "Mozilla/5.0 AppleWebKit/537.36 (KHTML, like Gecko; compatible; GPTBot/1.2; +https://openai.com/gptbot)"
20.171.207.83 - - [17/Jul/2025:13:46:01 +0000] "GET /items/hobbies/antiques/3887461/ HTTP/1.1" 404 13248 "-" "Mozilla/5.0 AppleWebKit/537.36 (KHTML, like Gecko; compatible; GPTBot/1.2; +https://openai.com/gptbot)"
20.171.207.83 - - [17/Jul/2025:13:46:02 +0000] "GET /items/hobbies/antiques/2936918/ HTTP/1.1" 404 13248 "-" "Mozilla/5.0 AppleWebKit/537.36 (KHTML, like Gecko; compatible; GPTBot/1.2; +https://openai.com/gptbot)"
20.171.207.83 - - [17/Jul/2025:13:46:03 +0000] "GET /items/handicrafts/bags/2188188/ HTTP/1.1" 404 13248 "-" "Mozilla/5.0 AppleWebKit/537.36 (KHTML, like Gecko; compatible; GPTBot/1.2; +https://openai.com/gptbot)"
20.171.207.83 - - [17/Jul/2025:13:46:04 +0000] "GET /items/hobbies/antiques/4963671/ HTTP/1.1" 404 13248 "-" "Mozilla/5.0 AppleWebKit/537.36 (KHTML, like Gecko; compatible; GPTBot/1.2; +https://openai.com/gptbot)"
20.171.207.83 - - [17/Jul/2025:13:46:06 +0000] "GET /items/cds/comedy/2504256/ HTTP/1.1" 404 13248 "-" "Mozilla/5.0 AppleWebKit/537.36 (KHTML, like Gecko; compatible; GPTBot/1.2; +https://openai.com/gptbot)"
20.171.207.83 - - [17/Jul/2025:13:46:07 +0000] "GET /items/kitchen/stationery/3169505/ HTTP/1.1" 404 13248 "-" "Mozilla/5.0 AppleWebKit/537.36 (KHTML, like Gecko; compatible; GPTBot/1.2; +https://openai.com/gptbot)"
20.171.207.83 - - [17/Jul/2025:13:46:08 +0000] "GET /items/computers/notebook/4392981/ HTTP/1.1" 404 13248 "-" "Mozilla/5.0 AppleWebKit/537.36 (KHTML, like Gecko; compatible; GPTBot/1.2; +https://openai.com/gptbot)"
20.171.207.83 - - [17/Jul/2025:13:46:09 +0000] "GET /items/computers/displays/1488750/ HTTP/1.1" 404 13248 "-" "Mozilla/5.0 AppleWebKit/537.36 (KHTML, like Gecko; compatible; GPTBot/1.2; +https://openai.com/gptbot)"
20.171.207.83 - - [17/Jul/2025:13:46:10 +0000] "GET /items/motorcycles/wheels/2005938/ HTTP/1.1" 404 13248 "-" "Mozilla/5.0 AppleWebKit/537.36 (KHTML, like Gecko; compatible; GPTBot/1.2; +https://openai.com/gptbot)"
20.171.207.83 - - [17/Jul/2025:13:46:11 +0000] "GET /items/motorcycles/wheels/4698223/ HTTP/1.1" 404 13248 "-" "Mozilla/5.0 AppleWebKit/537.36 (KHTML, like Gecko; compatible; GPTBot/1.2; +https://openai.com/gptbot)"
216.73.216.36 - - [17/Jul/2025:13:46:12 +0000] "GET /special/2505096256.phtml HTTP/1.1" 404 13248 "-" "Mozilla/5.0 AppleWebKit/537.36 (KHTML, like Gecko; compatible; ClaudeBot/1.0; [email protected])"
20.171.207.83 - - [17/Jul/2025:13:46:13 +0000] "GET /items/smartphones/tablet/3026954/ HTTP/1.1" 404 13248 "-" "Mozilla/5.0 AppleWebKit/537.36 (KHTML, like Gecko; compatible; GPTBot/1.2; +https://openai.com/gptbot)"
20.171.207.83 - - [17/Jul/2025:13:46:14 +0000] "GET /items/tablets/smartphone/4320849/ HTTP/1.1" 404 13248 "-" "Mozilla/5.0 AppleWebKit/537.36 (KHTML, like Gecko; compatible; GPTBot/1.2; +https://openai.com/gptbot)"
20.171.207.83 - - [17/Jul/2025:13:46:15 +0000] "GET /items/smartphones/tablet/2290173/ HTTP/1.1" 404 13248 "-" "Mozilla/5.0 AppleWebKit/537.36 (KHTML, like Gecko; compatible; GPTBot/1.2; +https://openai.com/gptbot)"
216.73.216.36 - - [17/Jul/2025:13:46:15 +0000] "GET /special/2505396084.phtml HTTP/1.1" 404 13248 "-" "Mozilla/5.0 AppleWebKit/537.36 (KHTML, like Gecko; compatible; ClaudeBot/1.0; [email protected])"
20.171.207.83 - - [17/Jul/2025:13:46:16 +0000] "GET /items/computers/displays/1685180/ HTTP/1.1" 404 13248 "-" "Mozilla/5.0 AppleWebKit/537.36 (KHTML, like Gecko; compatible; GPTBot/1.2; +https://openai.com/gptbot)"
20.171.207.83 - - [17/Jul/2025:13:46:17 +0000] "GET /items/motorcycles/wheels/3020746/ HTTP/1.1" 404 13248 "-" "Mozilla/5.0 AppleWebKit/537.36 (KHTML, like Gecko; compatible; GPTBot/1.2; +https://openai.com/gptbot)"
216.73.216.36 - - [17/Jul/2025:13:46:18 +0000] "GET /special/2505258902.phtml HTTP/1.1" 404 13248 "-" "Mozilla/5.0 AppleWebKit/537.36 (KHTML, like Gecko; compatible; ClaudeBot/1.0; [email protected])"
20.171.207.83 - - [17/Jul/2025:13:46:19 +0000] "GET /items/computers/notebook/3853249/ HTTP/1.1" 404 13248 "-" "Mozilla/5.0 AppleWebKit/537.36 (KHTML, like Gecko; compatible; GPTBot/1.2; +https://openai.com/gptbot)"
20.171.207.83 - - [17/Jul/2025:13:46:20 +0000] "GET /items/tablets/smartphone/3956864/ HTTP/1.1" 404 13248 "-" "Mozilla/5.0 AppleWebKit/537.36 (KHTML, like Gecko; compatible; GPTBot/1.2; +https://openai.com/gptbot)"
20.171.207.83 - - [17/Jul/2025:13:46:21 +0000] "GET /items/handmade/furniture/4288177/ HTTP/1.1" 404 13248 "-" "Mozilla/5.0 AppleWebKit/537.36 (KHTML, like Gecko; compatible; GPTBot/1.2; +https://openai.com/gptbot)"
216.73.216.36 - - [17/Jul/2025:13:46:21 +0000] "GET /special/2505477104.phtml HTTP/1.1" 404 13248 "-" "Mozilla/5.0 AppleWebKit/537.36 (KHTML, like Gecko; compatible; ClaudeBot/1.0; [email protected])"
20.171.207.83 - - [17/Jul/2025:13:46:22 +0000] "GET /items/computers/displays/4403589/ HTTP/1.1" 404 13248 "-" "Mozilla/5.0 AppleWebKit/537.36 (KHTML, like Gecko; compatible; GPTBot/1.2; +https://openai.com/gptbot)"
20.171.207.83 - - [17/Jul/2025:13:46:23 +0000] "GET /items/tablets/smartphone/1834745/ HTTP/1.1" 404 13248 "-" "Mozilla/5.0 AppleWebKit/537.36 (KHTML, like Gecko; compatible; GPTBot/1.2; +https://openai.com/gptbot)"
216.73.216.36 - - [17/Jul/2025:13:46:24 +0000] "GET /special/2505079930.phtml HTTP/1.1" 404 13248 "-" "Mozilla/5.0 AppleWebKit/537.36 (KHTML, like Gecko; compatible; ClaudeBot/1.0; [email protected])"
20.171.207.83 - - [17/Jul/2025:13:46:24 +0000] "GET /items/handicrafts/others/3358401/ HTTP/1.1" 404 13248 "-" "Mozilla/5.0 AppleWebKit/537.36 (KHTML, like Gecko; compatible; GPTBot/1.2; +https://openai.com/gptbot)"
20.171.207.83 - - [17/Jul/2025:13:46:26 +0000] "GET /items/furniture/blankets/2791958/ HTTP/1.1" 404 13248 "-" "Mozilla/5.0 AppleWebKit/537.36 (KHTML, like Gecko; compatible; GPTBot/1.2; +https://openai.com/gptbot)"
20.171.207.83 - - [17/Jul/2025:13:46:27 +0000] "GET /items/cameras/headphones/2194823/ HTTP/1.1" 404 13248 "-" "Mozilla/5.0 AppleWebKit/537.36 (KHTML, like Gecko; compatible; GPTBot/1.2; +https://openai.com/gptbot)"
216.73.216.36 - - [17/Jul/2025:13:46:27 +0000] "GET /special/2505401088.phtml HTTP/1.1" 404 13248 "-" "Mozilla/5.0 AppleWebKit/537.36 (KHTML, like Gecko; compatible; ClaudeBot/1.0; [email protected])"
20.171.207.83 - - [17/Jul/2025:13:46:28 +0000] "GET /items/smartphones/tablet/4998210/ HTTP/1.1" 404 13248 "-" "Mozilla/5.0 AppleWebKit/537.36 (KHTML, like Gecko; compatible; GPTBot/1.2; +https://openai.com/gptbot)"
20.171.207.83 - - [17/Jul/2025:13:46:29 +0000] "GET /items/motorcycles/wheels/2038437/ HTTP/1.1" 404 13248 "-" "Mozilla/5.0 AppleWebKit/537.36 (KHTML, like Gecko; compatible; GPTBot/1.2; +https://openai.com/gptbot)"
216.73.216.36 - - [17/Jul/2025:13:46:30 +0000] "GET /special/2505466106.phtml HTTP/1.1" 404 13248 "-" "Mozilla/5.0 AppleWebKit/537.36 (KHTML, like Gecko; compatible; ClaudeBot/1.0; [email protected])"
20.171.207.83 - - [17/Jul/2025:13:46:30 +0000] "GET /items/smartphones/tablet/1638345/ HTTP/1.1" 404 13248 "-" "Mozilla/5.0 AppleWebKit/537.36 (KHTML, like Gecko; compatible; GPTBot/1.2; +https://openai.com/gptbot)"
20.171.207.83 - - [17/Jul/2025:13:46:32 +0000] "GET /items/handicrafts/others/1564711/ HTTP/1.1" 404 13248 "-" "Mozilla/5.0 AppleWebKit/537.36 (KHTML, like Gecko; compatible; GPTBot/1.2; +https://openai.com/gptbot)"
20.171.207.83 - - [17/Jul/2025:13:46:33 +0000] "GET /items/gardening/bouquets/3198829/ HTTP/1.1" 404 13248 "-" "Mozilla/5.0 AppleWebKit/537.36 (KHTML, like Gecko; compatible; GPTBot/1.2; +https://openai.com/gptbot)"
216.73.216.36 - - [17/Jul/2025:13:46:33 +0000] "GET /special/2505024762.phtml HTTP/1.1" 404 13248 "-" "Mozilla/5.0 AppleWebKit/537.36 (KHTML, like Gecko; compatible; ClaudeBot/1.0; [email protected])"
20.171.207.83 - - [17/Jul/2025:13:46:34 +0000] "GET /items/handicrafts/living/3964749/ HTTP/1.1" 404 13248 "-" "Mozilla/5.0 AppleWebKit/537.36 (KHTML, like Gecko; compatible; GPTBot/1.2; +https://openai.com/gptbot)"
20.171.207.83 - - [17/Jul/2025:13:46:35 +0000] "GET /items/computers/displays/4519154/ HTTP/1.1" 404 13248 "-" "Mozilla/5.0 AppleWebKit/537.36 (KHTML, like Gecko; compatible; GPTBot/1.2; +https://openai.com/gptbot)"
216.73.216.36 - - [17/Jul/2025:13:46:36 +0000] "GET /special/2505025304.phtml HTTP/1.1" 404 13248 "-" "Mozilla/5.0 AppleWebKit/537.36 (KHTML, like Gecko; compatible; ClaudeBot/1.0; [email protected])"
20.171.207.83 - - [17/Jul/2025:13:46:36 +0000] "GET /items/smartphones/tablet/2380670/ HTTP/1.1" 404 13248 "-" "Mozilla/5.0 AppleWebKit/537.36 (KHTML, like Gecko; compatible; GPTBot/1.2; +https://openai.com/gptbot)"
20.171.207.83 - - [17/Jul/2025:13:46:38 +0000] "GET /items/tablets/smartphone/2089157/ HTTP/1.1" 404 13248 "-" "Mozilla/5.0 AppleWebKit/537.36 (KHTML, like Gecko; compatible; GPTBot/1.2; +https://openai.com/gptbot)"
20.171.207.83 - - [17/Jul/2025:13:46:39 +0000] "GET /items/smartphones/tablet/3204937/ HTTP/1.1" 404 13248 "-" "Mozilla/5.0 AppleWebKit/537.36 (KHTML, like Gecko; compatible; GPTBot/1.2; +https://openai.com/gptbot)"
216.73.216.36 - - [17/Jul/2025:13:46:39 +0000] "GET /special/2505253036.phtml HTTP/1.1" 404 13248 "-" "Mozilla/5.0 AppleWebKit/537.36 (KHTML, like Gecko; compatible; ClaudeBot/1.0; [email protected])"
20.171.207.83 - - [17/Jul/2025:13:46:40 +0000] "GET /items/tablets/smartphone/1460982/ HTTP/1.1" 404 13248 "-" "Mozilla/5.0 AppleWebKit/537.36 (KHTML, like Gecko; compatible; GPTBot/1.2; +https://openai.com/gptbot)"
20.171.207.83 - - [17/Jul/2025:13:46:41 +0000] "GET /items/cameras/headphones/2304783/ HTTP/1.1" 404 13248 "-" "Mozilla/5.0 AppleWebKit/537.36 (KHTML, like Gecko; compatible; GPTBot/1.2; +https://openai.com/gptbot)"
216.73.216.36 - - [17/Jul/2025:13:46:42 +0000] "GET /special/2505545040.phtml HTTP/1.1" 404 13248 "-" "Mozilla/5.0 AppleWebKit/537.36 (KHTML, like Gecko; compatible; ClaudeBot/1.0; [email protected])"
20.171.207.83 - - [17/Jul/2025:13:46:42 +0000] "GET /items/smartphones/tablet/5048336/ HTTP/1.1" 404 13248 "-" "Mozilla/5.0 AppleWebKit/537.36 (KHTML, like Gecko; compatible; GPTBot/1.2; +https://openai.com/gptbot)"
20.171.207.83 - - [17/Jul/2025:13:46:43 +0000] "GET /items/tablets/smartphone/1596067/ HTTP/1.1" 404 13248 "-" "Mozilla/5.0 AppleWebKit/537.36 (KHTML, like Gecko; compatible; GPTBot/1.2; +https://openai.com/gptbot)"
20.171.207.83 - - [17/Jul/2025:13:46:45 +0000] "GET /items/cameras/headphones/1720754/ HTTP/1.1" 404 13248 "-" "Mozilla/5.0 AppleWebKit/537.36 (KHTML, like Gecko; compatible; GPTBot/1.2; +https://openai.com/gptbot)"
216.73.216.36 - - [17/Jul/2025:13:46:45 +0000] "GET /special/2504989030.phtml HTTP/1.1" 404 13248 "-" "Mozilla/5.0 AppleWebKit/537.36 (KHTML, like Gecko; compatible; ClaudeBot/1.0; [email protected])"
20.171.207.83 - - [17/Jul/2025:13:46:46 +0000] "GET /items/flowers/vegetables/3275492/ HTTP/1.1" 404 13248 "-" "Mozilla/5.0 AppleWebKit/537.36 (KHTML, like Gecko; compatible; GPTBot/1.2; +https://openai.com/gptbot)"
20.171.207.83 - - [17/Jul/2025:13:46:47 +0000] "GET /items/handicrafts/stools/3093404/ HTTP/1.1" 404 13248 "-" "Mozilla/5.0 AppleWebKit/537.36 (KHTML, like Gecko; compatible; GPTBot/1.2; +https://openai.com/gptbot)"
216.73.216.36 - - [17/Jul/2025:13:46:48 +0000] "GET /special/2505421424.phtml HTTP/1.1" 404 13248 "-" "Mozilla/5.0 AppleWebKit/537.36 (KHTML, like Gecko; compatible; ClaudeBot/1.0; [email protected])"
20.171.207.83 - - [17/Jul/2025:13:46:48 +0000] "GET /items/gardening/planters/4126034/ HTTP/1.1" 404 13248 "-" "Mozilla/5.0 AppleWebKit/537.36 (KHTML, like Gecko; compatible; GPTBot/1.2; +https://openai.com/gptbot)"
20.171.207.83 - - [17/Jul/2025:13:46:49 +0000] "GET /items/smartphones/tablet/1626795/ HTTP/1.1" 404 13248 "-" "Mozilla/5.0 AppleWebKit/537.36 (KHTML, like Gecko; compatible; GPTBot/1.2; +https://openai.com/gptbot)"
20.171.207.83 - - [17/Jul/2025:13:46:51 +0000] "GET /items/computers/notebook/3729431/ HTTP/1.1" 404 13248 "-" "Mozilla/5.0 AppleWebKit/537.36 (KHTML, like Gecko; compatible; GPTBot/1.2; +https://openai.com/gptbot)"
20.171.207.83 - - [17/Jul/2025:13:46:52 +0000] "GET /items/computers/notebook/2649287/ HTTP/1.1" 404 13248 "-" "Mozilla/5.0 AppleWebKit/537.36 (KHTML, like Gecko; compatible; GPTBot/1.2; +https://openai.com/gptbot)"
20.171.207.83 - - [17/Jul/2025:13:46:53 +0000] "GET /items/smartphones/tablet/3173605/ HTTP/1.1" 404 13248 "-" "Mozilla/5.0 AppleWebKit/537.36 (KHTML, like Gecko; compatible; GPTBot/1.2; +https://openai.com/gptbot)"
20.171.207.83 - - [17/Jul/2025:13:46:54 +0000] "GET /items/bicycles/equipment/3386298/ HTTP/1.1" 404 13248 "-" "Mozilla/5.0 AppleWebKit/537.36 (KHTML, like Gecko; compatible; GPTBot/1.2; +https://openai.com/gptbot)"
20.171.207.83 - - [17/Jul/2025:13:46:55 +0000] "GET /items/smartphones/tablet/3031458/ HTTP/1.1" 404 13248 "-" "Mozilla/5.0 AppleWebKit/537.36 (KHTML, like Gecko; compatible; GPTBot/1.2; +https://openai.com/gptbot)"
20.171.207.83 - - [17/Jul/2025:13:46:56 +0000] "GET /items/furniture/lighting/4598312/ HTTP/1.1" 404 13248 "-" "Mozilla/5.0 AppleWebKit/537.36 (KHTML, like Gecko; compatible; GPTBot/1.2; +https://openai.com/gptbot)"
20.171.207.83 - - [17/Jul/2025:13:46:58 +0000] "GET /items/audio/other/3666631/ HTTP/1.1" 404 13248 "-" "Mozilla/5.0 AppleWebKit/537.36 (KHTML, like Gecko; compatible; GPTBot/1.2; +https://openai.com/gptbot)"
20.171.207.83 - - [17/Jul/2025:13:46:59 +0000] "GET /items/diet/self-help-devices/3093533/ HTTP/1.1" 404 13248 "-" "Mozilla/5.0 AppleWebKit/537.36 (KHTML, like Gecko; compatible; GPTBot/1.2; +https://openai.com/gptbot)"
20.171.207.83 - - [17/Jul/2025:13:47:00 +0000] "GET /items/air-conditioning/refrigerator/2859443/ HTTP/1.1" 404 13248 "-" "Mozilla/5.0 AppleWebKit/537.36 (KHTML, like Gecko; compatible; GPTBot/1.2; +https://openai.com/gptbot)"
20.171.207.83 - - [17/Jul/2025:13:47:01 +0000] "GET /items/tablets/smartphone-accessories/4048613/ HTTP/1.1" 404 13248 "-" "Mozilla/5.0 AppleWebKit/537.36 (KHTML, like Gecko; compatible; GPTBot/1.2; +https://openai.com/gptbot)"
20.171.207.83 - - [17/Jul/2025:13:47:02 +0000] "GET /items/tablets/smartphone-accessories/5118801/ HTTP/1.1" 404 13248 "-" "Mozilla/5.0 AppleWebKit/537.36 (KHTML, like Gecko; compatible; GPTBot/1.2; +https://openai.com/gptbot)"
20.171.207.83 - - [17/Jul/2025:13:47:03 +0000] "GET /items/smartphones/windows-notebooks/4956697/ HTTP/1.1" 404 13248 "-" "Mozilla/5.0 AppleWebKit/537.36 (KHTML, like Gecko; compatible; GPTBot/1.2; +https://openai.com/gptbot)"
20.171.207.83 - - [17/Jul/2025:13:47:05 +0000] "GET /items/smartphones/windows-notebooks/2535570/ HTTP/1.1" 404 13248 "-" "Mozilla/5.0 AppleWebKit/537.36 (KHTML, like Gecko; compatible; GPTBot/1.2; +https://openai.com/gptbot)"
20.171.207.83 - - [17/Jul/2025:13:47:06 +0000] "GET /items/smartphones/windows-notebooks/4052646/ HTTP/1.1" 404 13248 "-" "Mozilla/5.0 AppleWebKit/537.36 (KHTML, like Gecko; compatible; GPTBot/1.2; +https://openai.com/gptbot)"
20.171.207.83 - - [17/Jul/2025:13:47:07 +0000] "GET /items/smartphones/windows-notebooks/3261163/ HTTP/1.1" 404 13248 "-" "Mozilla/5.0 AppleWebKit/537.36 (KHTML, like Gecko; compatible; GPTBot/1.2; +https://openai.com/gptbot)"
20.171.207.83 - - [17/Jul/2025:13:47:08 +0000] "GET /items/smartphones/windows-notebooks/2249457/ HTTP/1.1" 404 13248 "-" "Mozilla/5.0 AppleWebKit/537.36 (KHTML, like Gecko; compatible; GPTBot/1.2; +https://openai.com/gptbot)"
216.73.216.36 - - [17/Jul/2025:13:47:09 +0000] "GET /special/2505379024.phtml HTTP/1.1" 404 13248 "-" "Mozilla/5.0 AppleWebKit/537.36 (KHTML, like Gecko; compatible; ClaudeBot/1.0; [email protected])"
20.171.207.83 - - [17/Jul/2025:13:47:09 +0000] "GET /items/smartphones/windows-notebooks/1377163/ HTTP/1.1" 404 13248 "-" "Mozilla/5.0 AppleWebKit/537.36 (KHTML, like Gecko; compatible; GPTBot/1.2; +https://openai.com/gptbot)"
20.171.207.83 - - [17/Jul/2025:13:47:10 +0000] "GET /items/smartphones/windows-notebooks/3438939/ HTTP/1.1" 404 13248 "-" "Mozilla/5.0 AppleWebKit/537.36 (KHTML, like Gecko; compatible; GPTBot/1.2; +https://openai.com/gptbot)"
216.73.216.36 - - [17/Jul/2025:13:47:12 +0000] "GET /special/2505407986.phtml HTTP/1.1" 404 13248 "-" "Mozilla/5.0 AppleWebKit/537.36 (KHTML, like Gecko; compatible; ClaudeBot/1.0; [email protected])"
20.171.207.83 - - [17/Jul/2025:13:47:12 +0000] "GET /items/musical-instruments/paintings/4358819/ HTTP/1.1" 404 13248 "-" "Mozilla/5.0 AppleWebKit/537.36 (KHTML, like Gecko; compatible; GPTBot/1.2; +https://openai.com/gptbot)"
20.171.207.83 - - [17/Jul/2025:13:47:13 +0000] "GET /items/air-conditioning/dehumidifiers/2815766/ HTTP/1.1" 404 13248 "-" "Mozilla/5.0 AppleWebKit/537.36 (KHTML, like Gecko; compatible; GPTBot/1.2; +https://openai.com/gptbot)"
20.171.207.83 - - [17/Jul/2025:13:47:14 +0000] "GET /items/tablets/multifunction-devices/1792601/ HTTP/1.1" 404 13248 "-" "Mozilla/5.0 AppleWebKit/537.36 (KHTML, like Gecko; compatible; GPTBot/1.2; +https://openai.com/gptbot)"
52.167.144.171 - - [17/Jul/2025:13:47:14 +0000] "GET /special/1002974026.phtml HTTP/1.1" 200 20134 "-" "Mozilla/5.0 AppleWebKit/537.36 (KHTML, like Gecko; compatible; bingbot/2.0; +http://www.bing.com/bingbot.htm) Chrome/116.0.1938.76 Safari/537.36"
216.73.216.36 - - [17/Jul/2025:13:47:15 +0000] "GET /special/2504817558.phtml HTTP/1.1" 404 13248 "-" "Mozilla/5.0 AppleWebKit/537.36 (KHTML, like Gecko; compatible; ClaudeBot/1.0; [email protected])"
20.171.207.83 - - [17/Jul/2025:13:47:15 +0000] "GET /items/air-conditioning/refrigerator/1335646/ HTTP/1.1" 404 13248 "-" "Mozilla/5.0 AppleWebKit/537.36 (KHTML, like Gecko; compatible; GPTBot/1.2; +https://openai.com/gptbot)"
20.171.207.83 - - [17/Jul/2025:13:47:16 +0000] "GET /items/air-conditioning/refrigerator/3815070/ HTTP/1.1" 404 13248 "-" "Mozilla/5.0 AppleWebKit/537.36 (KHTML, like Gecko; compatible; GPTBot/1.2; +https://openai.com/gptbot)"
216.73.216.36 - - [17/Jul/2025:13:47:18 +0000] "GET /special/2505144236.phtml HTTP/1.1" 404 13248 "-" "Mozilla/5.0 AppleWebKit/537.36 (KHTML, like Gecko; compatible; ClaudeBot/1.0; [email protected])"
20.171.207.83 - - [17/Jul/2025:13:47:17 +0000] "GET /items/smartphones/windows-notebooks/1974051/ HTTP/1.1" 404 13248 "-" "Mozilla/5.0 AppleWebKit/537.36 (KHTML, like Gecko; compatible; GPTBot/1.2; +https://openai.com/gptbot)"
20.171.207.83 - - [17/Jul/2025:13:47:19 +0000] "GET /items/air-conditioning/refrigerator/4807389/ HTTP/1.1" 404 13248 "-" "Mozilla/5.0 AppleWebKit/537.36 (KHTML, like Gecko; compatible; GPTBot/1.2; +https://openai.com/gptbot)"
20.171.207.83 - - [17/Jul/2025:13:47:20 +0000] "GET /items/goods/playstation4/2005021/ HTTP/1.1" 404 13248 "-" "Mozilla/5.0 AppleWebKit/537.36 (KHTML, like Gecko; compatible; GPTBot/1.2; +https://openai.com/gptbot)"
216.73.216.36 - - [17/Jul/2025:13:47:21 +0000] "GET /special/2505457092.phtml HTTP/1.1" 404 13248 "-" "Mozilla/5.0 AppleWebKit/537.36 (KHTML, like Gecko; compatible; ClaudeBot/1.0; [email protected])"
20.171.207.83 - - [17/Jul/2025:13:47:21 +0000] "GET /items/sports/accessories/3743742/ HTTP/1.1" 404 13248 "-" "Mozilla/5.0 AppleWebKit/537.36 (KHTML, like Gecko; compatible; GPTBot/1.2; +https://openai.com/gptbot)"
20.171.207.83 - - [17/Jul/2025:13:47:22 +0000] "GET /items/flowers/houseplants/3540777/ HTTP/1.1" 404 13248 "-" "Mozilla/5.0 AppleWebKit/537.36 (KHTML, like Gecko; compatible; GPTBot/1.2; +https://openai.com/gptbot)"
