20.171.207.83 - - [17/Jul/2025:14:05:16 +0000] "GET /items/tablets/mobile-phone/2257063/ HTTP/1.1" 404 13248 "-" "Mozilla/5.0 AppleWebKit/537.36 (KHTML, like Gecko; compatible; GPTBot/1.2; +https://openai.com/gptbot)"
216.73.216.36 - - [17/Jul/2025:14:05:17 +0000] "GET /special/2505165438.phtml HTTP/1.1" 404 13248 "-" "Mozilla/5.0 AppleWebKit/537.36 (KHTML, like Gecko; compatible; ClaudeBot/1.0; [email protected])"
20.171.207.83 - - [17/Jul/2025:14:05:18 +0000] "GET /items/tablets/mobile-phone/2896031/ HTTP/1.1" 404 13248 "-" "Mozilla/5.0 AppleWebKit/537.36 (KHTML, like Gecko; compatible; GPTBot/1.2; +https://openai.com/gptbot)"
20.171.207.83 - - [17/Jul/2025:14:05:19 +0000] "GET /items/tablets/mobile-phone/3667488/ HTTP/1.1" 404 13248 "-" "Mozilla/5.0 AppleWebKit/537.36 (KHTML, like Gecko; compatible; GPTBot/1.2; +https://openai.com/gptbot)"
20.171.207.83 - - [17/Jul/2025:14:05:20 +0000] "GET /items/tablets/mobile-phone/4765531/ HTTP/1.1" 404 13248 "-" "Mozilla/5.0 AppleWebKit/537.36 (KHTML, like Gecko; compatible; GPTBot/1.2; +https://openai.com/gptbot)"
20.171.207.83 - - [17/Jul/2025:14:05:21 +0000] "GET /items/tablets/mobile-phone/2419067/ HTTP/1.1" 404 13248 "-" "Mozilla/5.0 AppleWebKit/537.36 (KHTML, like Gecko; compatible; GPTBot/1.2; +https://openai.com/gptbot)"
20.171.207.83 - - [17/Jul/2025:14:05:22 +0000] "GET /items/tablets/mobile-phone/2159934/ HTTP/1.1" 404 13248 "-" "Mozilla/5.0 AppleWebKit/537.36 (KHTML, like Gecko; compatible; GPTBot/1.2; +https://openai.com/gptbot)"
20.171.207.83 - - [17/Jul/2025:14:05:23 +0000] "GET /items/tablets/mobile-phone/3420673/ HTTP/1.1" 404 13248 "-" "Mozilla/5.0 AppleWebKit/537.36 (KHTML, like Gecko; compatible; GPTBot/1.2; +https://openai.com/gptbot)"
20.171.207.83 - - [17/Jul/2025:14:05:25 +0000] "GET /items/dvds/dvd/2064999/ HTTP/1.1" 404 13248 "-" "Mozilla/5.0 AppleWebKit/537.36 (KHTML, like Gecko; compatible; GPTBot/1.2; +https://openai.com/gptbot)"
20.171.207.83 - - [17/Jul/2025:14:05:26 +0000] "GET /items/dvds/cds/2431000/ HTTP/1.1" 404 13248 "-" "Mozilla/5.0 AppleWebKit/537.36 (KHTML, like Gecko; compatible; GPTBot/1.2; +https://openai.com/gptbot)"
20.171.207.83 - - [17/Jul/2025:14:05:27 +0000] "GET /items/dvds/k-pop/1582823/ HTTP/1.1" 404 13248 "-" "Mozilla/5.0 AppleWebKit/537.36 (KHTML, like Gecko; compatible; GPTBot/1.2; +https://openai.com/gptbot)"
20.171.207.83 - - [17/Jul/2025:14:05:28 +0000] "GET /items/dvds/k-pop/2162148/ HTTP/1.1" 404 13248 "-" "Mozilla/5.0 AppleWebKit/537.36 (KHTML, like Gecko; compatible; GPTBot/1.2; +https://openai.com/gptbot)"
20.171.207.83 - - [17/Jul/2025:14:05:29 +0000] "GET /items/dvds/k-pop/3781822/ HTTP/1.1" 404 13248 "-" "Mozilla/5.0 AppleWebKit/537.36 (KHTML, like Gecko; compatible; GPTBot/1.2; +https://openai.com/gptbot)"
216.73.216.36 - - [17/Jul/2025:14:05:30 +0000] "GET /special/2504884628.phtml HTTP/1.1" 404 13248 "-" "Mozilla/5.0 AppleWebKit/537.36 (KHTML, like Gecko; compatible; ClaudeBot/1.0; [email protected])"
20.171.207.83 - - [17/Jul/2025:14:05:31 +0000] "GET /items/tablets/mobile-phone/5052425/ HTTP/1.1" 404 13248 "-" "Mozilla/5.0 AppleWebKit/537.36 (KHTML, like Gecko; compatible; GPTBot/1.2; +https://openai.com/gptbot)"
20.171.207.83 - - [17/Jul/2025:14:05:32 +0000] "GET /items/tablets/mobile-phone/4096044/ HTTP/1.1" 404 13248 "-" "Mozilla/5.0 AppleWebKit/537.36 (KHTML, like Gecko; compatible; GPTBot/1.2; +https://openai.com/gptbot)"
20.171.207.83 - - [17/Jul/2025:14:05:33 +0000] "GET /items/tablets/mobile-phone/5165855/ HTTP/1.1" 404 13248 "-" "Mozilla/5.0 AppleWebKit/537.36 (KHTML, like Gecko; compatible; GPTBot/1.2; +https://openai.com/gptbot)"
216.73.216.36 - - [17/Jul/2025:14:05:33 +0000] "GET /special/2505413984.phtml HTTP/1.1" 404 13248 "-" "Mozilla/5.0 AppleWebKit/537.36 (KHTML, like Gecko; compatible; ClaudeBot/1.0; [email protected])"
20.171.207.83 - - [17/Jul/2025:14:05:34 +0000] "GET /items/tablets/mobile-phone/4968686/ HTTP/1.1" 404 13248 "-" "Mozilla/5.0 AppleWebKit/537.36 (KHTML, like Gecko; compatible; GPTBot/1.2; +https://openai.com/gptbot)"
20.171.207.83 - - [17/Jul/2025:14:05:35 +0000] "GET /items/tablets/mobile-phones/2981985/ HTTP/1.1" 404 13248 "-" "Mozilla/5.0 AppleWebKit/537.36 (KHTML, like Gecko; compatible; GPTBot/1.2; +https://openai.com/gptbot)"
20.171.207.83 - - [17/Jul/2025:14:05:36 +0000] "GET /items/tablets/mobile-phones/4982131/ HTTP/1.1" 404 13248 "-" "Mozilla/5.0 AppleWebKit/537.36 (KHTML, like Gecko; compatible; GPTBot/1.2; +https://openai.com/gptbot)"
216.73.216.36 - - [17/Jul/2025:14:05:36 +0000] "GET /special/2505384762.phtml HTTP/1.1" 404 13248 "-" "Mozilla/5.0 AppleWebKit/537.36 (KHTML, like Gecko; compatible; ClaudeBot/1.0; [email protected])"
20.171.207.83 - - [17/Jul/2025:14:05:37 +0000] "GET /items/diet/relaxation-products/1904811/ HTTP/1.1" 404 13248 "-" "Mozilla/5.0 AppleWebKit/537.36 (KHTML, like Gecko; compatible; GPTBot/1.2; +https://openai.com/gptbot)"
20.171.207.83 - - [17/Jul/2025:14:05:39 +0000] "GET /items/health/medical-products/3067920/ HTTP/1.1" 404 13248 "-" "Mozilla/5.0 AppleWebKit/537.36 (KHTML, like Gecko; compatible; GPTBot/1.2; +https://openai.com/gptbot)"
216.73.216.36 - - [17/Jul/2025:14:05:39 +0000] "GET /special/2505541222.phtml HTTP/1.1" 404 13248 "-" "Mozilla/5.0 AppleWebKit/537.36 (KHTML, like Gecko; compatible; ClaudeBot/1.0; [email protected])"
20.171.207.83 - - [17/Jul/2025:14:05:40 +0000] "GET /items/health/relaxation-products/2705356/ HTTP/1.1" 404 13248 "-" "Mozilla/5.0 AppleWebKit/537.36 (KHTML, like Gecko; compatible; GPTBot/1.2; +https://openai.com/gptbot)"
20.171.207.83 - - [17/Jul/2025:14:05:41 +0000] "GET /items/health/relaxation-products/1410600/ HTTP/1.1" 404 13248 "-" "Mozilla/5.0 AppleWebKit/537.36 (KHTML, like Gecko; compatible; GPTBot/1.2; +https://openai.com/gptbot)"
20.171.207.83 - - [17/Jul/2025:14:05:42 +0000] "GET /items/diet/care-products/3733063/ HTTP/1.1" 404 13248 "-" "Mozilla/5.0 AppleWebKit/537.36 (KHTML, like Gecko; compatible; GPTBot/1.2; +https://openai.com/gptbot)"
216.73.216.36 - - [17/Jul/2025:14:05:42 +0000] "GET /special/2505155626.phtml HTTP/1.1" 404 13248 "-" "Mozilla/5.0 AppleWebKit/537.36 (KHTML, like Gecko; compatible; ClaudeBot/1.0; [email protected])"
20.171.207.83 - - [17/Jul/2025:14:05:43 +0000] "GET /items/diet/care-products/3455394/ HTTP/1.1" 404 13248 "-" "Mozilla/5.0 AppleWebKit/537.36 (KHTML, like Gecko; compatible; GPTBot/1.2; +https://openai.com/gptbot)"
20.171.207.83 - - [17/Jul/2025:14:05:45 +0000] "GET /items/health/care-products/2490424/ HTTP/1.1" 404 13248 "-" "Mozilla/5.0 AppleWebKit/537.36 (KHTML, like Gecko; compatible; GPTBot/1.2; +https://openai.com/gptbot)"
216.73.216.36 - - [17/Jul/2025:14:05:45 +0000] "GET /special/2505405034.phtml HTTP/1.1" 404 13248 "-" "Mozilla/5.0 AppleWebKit/537.36 (KHTML, like Gecko; compatible; ClaudeBot/1.0; [email protected])"
20.171.207.83 - - [17/Jul/2025:14:05:46 +0000] "GET /items/health/care-products/4907022/ HTTP/1.1" 404 13248 "-" "Mozilla/5.0 AppleWebKit/537.36 (KHTML, like Gecko; compatible; GPTBot/1.2; +https://openai.com/gptbot)"
20.171.207.83 - - [17/Jul/2025:14:05:47 +0000] "GET /items/health/care-products/4535012/ HTTP/1.1" 404 13248 "-" "Mozilla/5.0 AppleWebKit/537.36 (KHTML, like Gecko; compatible; GPTBot/1.2; +https://openai.com/gptbot)"
20.171.207.83 - - [17/Jul/2025:14:05:48 +0000] "GET /items/health/care-products/5263424/ HTTP/1.1" 404 13248 "-" "Mozilla/5.0 AppleWebKit/537.36 (KHTML, like Gecko; compatible; GPTBot/1.2; +https://openai.com/gptbot)"
216.73.216.36 - - [17/Jul/2025:14:05:48 +0000] "GET /special/2505438394.phtml HTTP/1.1" 404 13248 "-" "Mozilla/5.0 AppleWebKit/537.36 (KHTML, like Gecko; compatible; ClaudeBot/1.0; [email protected])"
20.171.207.83 - - [17/Jul/2025:14:05:50 +0000] "GET /sitemap-1.xml HTTP/1.1" 200 4383 "-" "Mozilla/5.0 AppleWebKit/537.36 (KHTML, like Gecko; compatible; GPTBot/1.2; +https://openai.com/gptbot)"
20.171.207.83 - - [17/Jul/2025:14:05:51 +0000] "GET /sitemap-3.xml HTTP/1.1" 200 4383 "-" "Mozilla/5.0 AppleWebKit/537.36 (KHTML, like Gecko; compatible; GPTBot/1.2; +https://openai.com/gptbot)"
216.73.216.36 - - [17/Jul/2025:14:05:51 +0000] "GET /special/2505144560.phtml HTTP/1.1" 404 13248 "-" "Mozilla/5.0 AppleWebKit/537.36 (KHTML, like Gecko; compatible; ClaudeBot/1.0; [email protected])"
20.171.207.83 - - [17/Jul/2025:14:05:52 +0000] "GET /sitemap-7.xml HTTP/1.1" 200 4379 "-" "Mozilla/5.0 AppleWebKit/537.36 (KHTML, like Gecko; compatible; GPTBot/1.2; +https://openai.com/gptbot)"
20.171.207.83 - - [17/Jul/2025:14:05:53 +0000] "GET /sitemap-6.xml HTTP/1.1" 200 4381 "-" "Mozilla/5.0 AppleWebKit/537.36 (KHTML, like Gecko; compatible; GPTBot/1.2; +https://openai.com/gptbot)"
20.171.207.83 - - [17/Jul/2025:14:05:54 +0000] "GET /sitemap-5.xml HTTP/1.1" 200 4380 "-" "Mozilla/5.0 AppleWebKit/537.36 (KHTML, like Gecko; compatible; GPTBot/1.2; +https://openai.com/gptbot)"
216.73.216.36 - - [17/Jul/2025:14:05:54 +0000] "GET /special/2504994098.phtml HTTP/1.1" 404 13248 "-" "Mozilla/5.0 AppleWebKit/537.36 (KHTML, like Gecko; compatible; ClaudeBot/1.0; [email protected])"
20.171.207.83 - - [17/Jul/2025:14:05:55 +0000] "GET /items/diet/care-products/3455394/ HTTP/1.1" 404 13248 "-" "Mozilla/5.0 AppleWebKit/537.36 (KHTML, like Gecko; compatible; GPTBot/1.2; +https://openai.com/gptbot)"
20.171.207.83 - - [17/Jul/2025:14:05:57 +0000] "GET /sitemap-9.xml HTTP/1.1" 200 4378 "-" "Mozilla/5.0 AppleWebKit/537.36 (KHTML, like Gecko; compatible; GPTBot/1.2; +https://openai.com/gptbot)"
216.73.216.36 - - [17/Jul/2025:14:05:57 +0000] "GET /special/2505058728.phtml HTTP/1.1" 404 13248 "-" "Mozilla/5.0 AppleWebKit/537.36 (KHTML, like Gecko; compatible; ClaudeBot/1.0; [email protected])"
20.171.207.83 - - [17/Jul/2025:14:05:58 +0000] "GET /sitemap-8.xml HTTP/1.1" 200 4377 "-" "Mozilla/5.0 AppleWebKit/537.36 (KHTML, like Gecko; compatible; GPTBot/1.2; +https://openai.com/gptbot)"
20.171.207.83 - - [17/Jul/2025:14:05:59 +0000] "GET /sitemap-4.xml HTTP/1.1" 200 4382 "-" "Mozilla/5.0 AppleWebKit/537.36 (KHTML, like Gecko; compatible; GPTBot/1.2; +https://openai.com/gptbot)"
20.171.207.83 - - [17/Jul/2025:14:06:00 +0000] "GET /sitemap-2.xml HTTP/1.1" 200 4385 "-" "Mozilla/5.0 AppleWebKit/537.36 (KHTML, like Gecko; compatible; GPTBot/1.2; +https://openai.com/gptbot)"
216.73.216.36 - - [17/Jul/2025:14:06:01 +0000] "GET /special/2504792542.phtml HTTP/1.1" 404 13248 "-" "Mozilla/5.0 AppleWebKit/537.36 (KHTML, like Gecko; compatible; ClaudeBot/1.0; [email protected])"
20.171.207.83 - - [17/Jul/2025:14:06:01 +0000] "GET /sitemap-14.xml HTTP/1.1" 200 4379 "-" "Mozilla/5.0 AppleWebKit/537.36 (KHTML, like Gecko; compatible; GPTBot/1.2; +https://openai.com/gptbot)"
20.171.207.83 - - [17/Jul/2025:14:06:02 +0000] "GET /sitemap-17.xml HTTP/1.1" 200 4381 "-" "Mozilla/5.0 AppleWebKit/537.36 (KHTML, like Gecko; compatible; GPTBot/1.2; +https://openai.com/gptbot)"
216.73.216.36 - - [17/Jul/2025:14:06:03 +0000] "GET /special/2505402662.phtml HTTP/1.1" 404 13248 "-" "Mozilla/5.0 AppleWebKit/537.36 (KHTML, like Gecko; compatible; ClaudeBot/1.0; [email protected])"
20.171.207.83 - - [17/Jul/2025:14:06:04 +0000] "GET /special/1519846.phtml HTTP/1.1" 404 13248 "-" "Mozilla/5.0 AppleWebKit/537.36 (KHTML, like Gecko; compatible; GPTBot/1.2; +https://openai.com/gptbot)"
20.171.207.83 - - [17/Jul/2025:14:06:05 +0000] "GET /special/1520712.phtml HTTP/1.1" 404 13248 "-" "Mozilla/5.0 AppleWebKit/537.36 (KHTML, like Gecko; compatible; GPTBot/1.2; +https://openai.com/gptbot)"
40.77.167.126 - - [17/Jul/2025:14:06:06 +0000] "GET /special/1138038442.phtml HTTP/1.1" 200 18845 "-" "Mozilla/5.0 AppleWebKit/537.36 (KHTML, like Gecko; compatible; bingbot/2.0; +http://www.bing.com/bingbot.htm) Chrome/116.0.1938.76 Safari/537.36"
20.171.207.83 - - [17/Jul/2025:14:06:06 +0000] "GET /special/935480.phtml HTTP/1.1" 404 13248 "-" "Mozilla/5.0 AppleWebKit/537.36 (KHTML, like Gecko; compatible; GPTBot/1.2; +https://openai.com/gptbot)"
216.73.216.36 - - [17/Jul/2025:14:06:06 +0000] "GET /special/2504877858.phtml HTTP/1.1" 404 13248 "-" "Mozilla/5.0 AppleWebKit/537.36 (KHTML, like Gecko; compatible; ClaudeBot/1.0; [email protected])"
20.171.207.83 - - [17/Jul/2025:14:06:07 +0000] "GET /special/1141110.phtml HTTP/1.1" 404 13248 "-" "Mozilla/5.0 AppleWebKit/537.36 (KHTML, like Gecko; compatible; GPTBot/1.2; +https://openai.com/gptbot)"
20.171.207.83 - - [17/Jul/2025:14:06:08 +0000] "GET /special/1201794.phtml HTTP/1.1" 404 13248 "-" "Mozilla/5.0 AppleWebKit/537.36 (KHTML, like Gecko; compatible; GPTBot/1.2; +https://openai.com/gptbot)"
20.171.207.83 - - [17/Jul/2025:14:06:10 +0000] "GET /special/1367810.phtml HTTP/1.1" 404 13248 "-" "Mozilla/5.0 AppleWebKit/537.36 (KHTML, like Gecko; compatible; GPTBot/1.2; +https://openai.com/gptbot)"
20.171.207.83 - - [17/Jul/2025:14:06:11 +0000] "GET /sitemap-4.xml HTTP/1.1" 200 4382 "-" "Mozilla/5.0 AppleWebKit/537.36 (KHTML, like Gecko; compatible; GPTBot/1.2; +https://openai.com/gptbot)"
20.171.207.83 - - [17/Jul/2025:14:06:12 +0000] "GET /special/1301064.phtml HTTP/1.1" 404 13248 "-" "Mozilla/5.0 AppleWebKit/537.36 (KHTML, like Gecko; compatible; GPTBot/1.2; +https://openai.com/gptbot)"
216.73.216.36 - - [17/Jul/2025:14:06:12 +0000] "GET /special/2505424376.phtml HTTP/1.1" 404 13248 "-" "Mozilla/5.0 AppleWebKit/537.36 (KHTML, like Gecko; compatible; ClaudeBot/1.0; [email protected])"
20.171.207.83 - - [17/Jul/2025:14:06:13 +0000] "GET /special/1216806.phtml HTTP/1.1" 404 13248 "-" "Mozilla/5.0 AppleWebKit/537.36 (KHTML, like Gecko; compatible; GPTBot/1.2; +https://openai.com/gptbot)"
20.171.207.83 - - [17/Jul/2025:14:06:14 +0000] "GET /special/1228128.phtml HTTP/1.1" 404 13248 "-" "Mozilla/5.0 AppleWebKit/537.36 (KHTML, like Gecko; compatible; GPTBot/1.2; +https://openai.com/gptbot)"
216.73.216.36 - - [17/Jul/2025:14:06:15 +0000] "GET /special/2505382646.phtml HTTP/1.1" 404 13248 "-" "Mozilla/5.0 AppleWebKit/537.36 (KHTML, like Gecko; compatible; ClaudeBot/1.0; [email protected])"
20.171.207.83 - - [17/Jul/2025:14:06:15 +0000] "GET /special/790602.phtml HTTP/1.1" 404 13248 "-" "Mozilla/5.0 AppleWebKit/537.36 (KHTML, like Gecko; compatible; GPTBot/1.2; +https://openai.com/gptbot)"
20.171.207.83 - - [17/Jul/2025:14:06:17 +0000] "GET /special/1362136.phtml HTTP/1.1" 404 13248 "-" "Mozilla/5.0 AppleWebKit/537.36 (KHTML, like Gecko; compatible; GPTBot/1.2; +https://openai.com/gptbot)"
20.171.207.83 - - [17/Jul/2025:14:06:18 +0000] "GET /special/1453642.phtml HTTP/1.1" 404 13248 "-" "Mozilla/5.0 AppleWebKit/537.36 (KHTML, like Gecko; compatible; GPTBot/1.2; +https://openai.com/gptbot)"
216.73.216.36 - - [17/Jul/2025:14:06:18 +0000] "GET /special/2505557612.phtml HTTP/1.1" 404 13248 "-" "Mozilla/5.0 AppleWebKit/537.36 (KHTML, like Gecko; compatible; ClaudeBot/1.0; [email protected])"
20.171.207.83 - - [17/Jul/2025:14:06:19 +0000] "GET /special/1437832.phtml HTTP/1.1" 404 13248 "-" "Mozilla/5.0 AppleWebKit/537.36 (KHTML, like Gecko; compatible; GPTBot/1.2; +https://openai.com/gptbot)"
20.171.207.83 - - [17/Jul/2025:14:06:20 +0000] "GET /special/1229506.phtml HTTP/1.1" 404 13248 "-" "Mozilla/5.0 AppleWebKit/537.36 (KHTML, like Gecko; compatible; GPTBot/1.2; +https://openai.com/gptbot)"
20.171.207.83 - - [17/Jul/2025:14:06:21 +0000] "GET /special/1078502.phtml HTTP/1.1" 404 13248 "-" "Mozilla/5.0 AppleWebKit/537.36 (KHTML, like Gecko; compatible; GPTBot/1.2; +https://openai.com/gptbot)"
216.73.216.36 - - [17/Jul/2025:14:06:21 +0000] "GET /special/2504823014.phtml HTTP/1.1" 404 13248 "-" "Mozilla/5.0 AppleWebKit/537.36 (KHTML, like Gecko; compatible; ClaudeBot/1.0; [email protected])"
20.171.207.83 - - [17/Jul/2025:14:06:22 +0000] "GET /special/1324894.phtml HTTP/1.1" 404 13248 "-" "Mozilla/5.0 AppleWebKit/537.36 (KHTML, like Gecko; compatible; GPTBot/1.2; +https://openai.com/gptbot)"
20.171.207.83 - - [17/Jul/2025:14:06:24 +0000] "GET /special/1234574.phtml HTTP/1.1" 404 13248 "-" "Mozilla/5.0 AppleWebKit/537.36 (KHTML, like Gecko; compatible; GPTBot/1.2; +https://openai.com/gptbot)"
216.73.216.36 - - [17/Jul/2025:14:06:24 +0000] "GET /special/2505397530.phtml HTTP/1.1" 404 13248 "-" "Mozilla/5.0 AppleWebKit/537.36 (KHTML, like Gecko; compatible; ClaudeBot/1.0; [email protected])"
20.171.207.83 - - [17/Jul/2025:14:06:25 +0000] "GET /special/1350814.phtml HTTP/1.1" 404 13248 "-" "Mozilla/5.0 AppleWebKit/537.36 (KHTML, like Gecko; compatible; GPTBot/1.2; +https://openai.com/gptbot)"
20.171.207.83 - - [17/Jul/2025:14:06:26 +0000] "GET /special/1384524.phtml HTTP/1.1" 404 13248 "-" "Mozilla/5.0 AppleWebKit/537.36 (KHTML, like Gecko; compatible; GPTBot/1.2; +https://openai.com/gptbot)"
20.171.207.83 - - [17/Jul/2025:14:06:27 +0000] "GET /special/1023876.phtml HTTP/1.1" 404 13248 "-" "Mozilla/5.0 AppleWebKit/537.36 (KHTML, like Gecko; compatible; GPTBot/1.2; +https://openai.com/gptbot)"
216.73.216.36 - - [17/Jul/2025:14:06:27 +0000] "GET /special/2505257524.phtml HTTP/1.1" 404 13248 "-" "Mozilla/5.0 AppleWebKit/537.36 (KHTML, like Gecko; compatible; ClaudeBot/1.0; [email protected])"
20.171.207.83 - - [17/Jul/2025:14:06:28 +0000] "GET /special/1296576.phtml HTTP/1.1" 404 13248 "-" "Mozilla/5.0 AppleWebKit/537.36 (KHTML, like Gecko; compatible; GPTBot/1.2; +https://openai.com/gptbot)"
20.171.207.83 - - [17/Jul/2025:14:06:29 +0000] "GET /special/1067978.phtml HTTP/1.1" 404 13248 "-" "Mozilla/5.0 AppleWebKit/537.36 (KHTML, like Gecko; compatible; GPTBot/1.2; +https://openai.com/gptbot)"
216.73.216.36 - - [17/Jul/2025:14:06:30 +0000] "GET /special/2505273914.phtml HTTP/1.1" 404 13248 "-" "Mozilla/5.0 AppleWebKit/537.36 (KHTML, like Gecko; compatible; ClaudeBot/1.0; [email protected])"
20.171.207.83 - - [17/Jul/2025:14:06:31 +0000] "GET /special/1509322.phtml HTTP/1.1" 404 13248 "-" "Mozilla/5.0 AppleWebKit/537.36 (KHTML, like Gecko; compatible; GPTBot/1.2; +https://openai.com/gptbot)"
20.171.207.83 - - [17/Jul/2025:14:06:32 +0000] "GET /special/1487996.phtml HTTP/1.1" 404 13248 "-" "Mozilla/5.0 AppleWebKit/537.36 (KHTML, like Gecko; compatible; GPTBot/1.2; +https://openai.com/gptbot)"
20.171.207.83 - - [17/Jul/2025:14:06:33 +0000] "GET /special/1083570.phtml HTTP/1.1" 404 13248 "-" "Mozilla/5.0 AppleWebKit/537.36 (KHTML, like Gecko; compatible; GPTBot/1.2; +https://openai.com/gptbot)"
216.73.216.36 - - [17/Jul/2025:14:06:33 +0000] "GET /special/2505513510.phtml HTTP/1.1" 404 13248 "-" "Mozilla/5.0 AppleWebKit/537.36 (KHTML, like Gecko; compatible; ClaudeBot/1.0; [email protected])"
20.171.207.83 - - [17/Jul/2025:14:06:34 +0000] "GET /special/1389524.phtml HTTP/1.1" 404 13248 "-" "Mozilla/5.0 AppleWebKit/537.36 (KHTML, like Gecko; compatible; GPTBot/1.2; +https://openai.com/gptbot)"
20.171.207.83 - - [17/Jul/2025:14:06:35 +0000] "GET /special/1302638.phtml HTTP/1.1" 404 13248 "-" "Mozilla/5.0 AppleWebKit/537.36 (KHTML, like Gecko; compatible; GPTBot/1.2; +https://openai.com/gptbot)"
216.73.216.36 - - [17/Jul/2025:14:06:36 +0000] "GET /special/2505542600.phtml HTTP/1.1" 404 13248 "-" "Mozilla/5.0 AppleWebKit/537.36 (KHTML, like Gecko; compatible; ClaudeBot/1.0; [email protected])"
20.171.207.83 - - [17/Jul/2025:14:06:37 +0000] "GET /special/1289742.phtml HTTP/1.1" 404 13248 "-" "Mozilla/5.0 AppleWebKit/537.36 (KHTML, like Gecko; compatible; GPTBot/1.2; +https://openai.com/gptbot)"
20.171.207.83 - - [17/Jul/2025:14:06:38 +0000] "GET /special/1338046.phtml HTTP/1.1" 404 13248 "-" "Mozilla/5.0 AppleWebKit/537.36 (KHTML, like Gecko; compatible; GPTBot/1.2; +https://openai.com/gptbot)"
52.167.144.189 - - [17/Jul/2025:14:06:38 +0000] "GET /special/1138373426.phtml HTTP/1.1" 200 18440 "-" "Mozilla/5.0 AppleWebKit/537.36 (KHTML, like Gecko; compatible; bingbot/2.0; +http://www.bing.com/bingbot.htm) Chrome/116.0.1938.76 Safari/537.36"
20.171.207.83 - - [17/Jul/2025:14:06:39 +0000] "GET /special/1076928.phtml HTTP/1.1" 404 13248 "-" "Mozilla/5.0 AppleWebKit/537.36 (KHTML, like Gecko; compatible; GPTBot/1.2; +https://openai.com/gptbot)"
216.73.216.36 - - [17/Jul/2025:14:06:39 +0000] "GET /special/2505386272.phtml HTTP/1.1" 404 13248 "-" "Mozilla/5.0 AppleWebKit/537.36 (KHTML, like Gecko; compatible; ClaudeBot/1.0; [email protected])"
20.171.207.83 - - [17/Jul/2025:14:06:40 +0000] "GET /special/1265976.phtml HTTP/1.1" 404 13248 "-" "Mozilla/5.0 AppleWebKit/537.36 (KHTML, like Gecko; compatible; GPTBot/1.2; +https://openai.com/gptbot)"
20.171.207.83 - - [17/Jul/2025:14:06:41 +0000] "GET /special/1324028.phtml HTTP/1.1" 404 13248 "-" "Mozilla/5.0 AppleWebKit/537.36 (KHTML, like Gecko; compatible; GPTBot/1.2; +https://openai.com/gptbot)"
216.73.216.36 - - [17/Jul/2025:14:06:42 +0000] "GET /special/2505348360.phtml HTTP/1.1" 404 13248 "-" "Mozilla/5.0 AppleWebKit/537.36 (KHTML, like Gecko; compatible; ClaudeBot/1.0; [email protected])"
20.171.207.83 - - [17/Jul/2025:14:06:43 +0000] "GET /special/1463842.phtml HTTP/1.1" 404 13248 "-" "Mozilla/5.0 AppleWebKit/537.36 (KHTML, like Gecko; compatible; GPTBot/1.2; +https://openai.com/gptbot)"
20.171.207.83 - - [17/Jul/2025:14:06:44 +0000] "GET /special/1136298.phtml HTTP/1.1" 404 13248 "-" "Mozilla/5.0 AppleWebKit/537.36 (KHTML, like Gecko; compatible; GPTBot/1.2; +https://openai.com/gptbot)"
20.171.207.83 - - [17/Jul/2025:14:06:45 +0000] "GET /special/1405982.phtml HTTP/1.1" 404 13248 "-" "Mozilla/5.0 AppleWebKit/537.36 (KHTML, like Gecko; compatible; GPTBot/1.2; +https://openai.com/gptbot)"
216.73.216.36 - - [17/Jul/2025:14:06:45 +0000] "GET /special/2505243506.phtml HTTP/1.1" 404 13248 "-" "Mozilla/5.0 AppleWebKit/537.36 (KHTML, like Gecko; compatible; ClaudeBot/1.0; [email protected])"
20.171.207.83 - - [17/Jul/2025:14:06:46 +0000] "GET /special/1207856.phtml HTTP/1.1" 404 13248 "-" "Mozilla/5.0 AppleWebKit/537.36 (KHTML, like Gecko; compatible; GPTBot/1.2; +https://openai.com/gptbot)"
20.171.207.83 - - [17/Jul/2025:14:06:47 +0000] "GET /special/1399724.phtml HTTP/1.1" 404 13248 "-" "Mozilla/5.0 AppleWebKit/537.36 (KHTML, like Gecko; compatible; GPTBot/1.2; +https://openai.com/gptbot)"
216.73.216.36 - - [17/Jul/2025:14:06:48 +0000] "GET /special/2505426492.phtml HTTP/1.1" 404 13248 "-" "Mozilla/5.0 AppleWebKit/537.36 (KHTML, like Gecko; compatible; ClaudeBot/1.0; [email protected])"
20.171.207.83 - - [17/Jul/2025:14:06:48 +0000] "GET /special/1335094.phtml HTTP/1.1" 404 13248 "-" "Mozilla/5.0 AppleWebKit/537.36 (KHTML, like Gecko; compatible; GPTBot/1.2; +https://openai.com/gptbot)"
20.171.207.83 - - [17/Jul/2025:14:06:50 +0000] "GET /special/1332978.phtml HTTP/1.1" 404 13248 "-" "Mozilla/5.0 AppleWebKit/537.36 (KHTML, like Gecko; compatible; GPTBot/1.2; +https://openai.com/gptbot)"
20.171.207.83 - - [17/Jul/2025:14:06:51 +0000] "GET /special/1036772.phtml HTTP/1.1" 404 13248 "-" "Mozilla/5.0 AppleWebKit/537.36 (KHTML, like Gecko; compatible; GPTBot/1.2; +https://openai.com/gptbot)"
20.171.207.83 - - [17/Jul/2025:14:06:52 +0000] "GET /special/1079368.phtml HTTP/1.1" 404 13248 "-" "Mozilla/5.0 AppleWebKit/537.36 (KHTML, like Gecko; compatible; GPTBot/1.2; +https://openai.com/gptbot)"
20.171.207.83 - - [17/Jul/2025:14:06:53 +0000] "GET /special/1494506.phtml HTTP/1.1" 404 13248 "-" "Mozilla/5.0 AppleWebKit/537.36 (KHTML, like Gecko; compatible; GPTBot/1.2; +https://openai.com/gptbot)"
20.171.207.83 - - [17/Jul/2025:14:06:55 +0000] "GET /special/1238520.phtml HTTP/1.1" 404 13248 "-" "Mozilla/5.0 AppleWebKit/537.36 (KHTML, like Gecko; compatible; GPTBot/1.2; +https://openai.com/gptbot)"
20.171.207.83 - - [17/Jul/2025:14:06:57 +0000] "GET /special/1203368.phtml HTTP/1.1" 404 13248 "-" "Mozilla/5.0 AppleWebKit/537.36 (KHTML, like Gecko; compatible; GPTBot/1.2; +https://openai.com/gptbot)"
20.171.207.83 - - [17/Jul/2025:14:06:57 +0000] "GET /special/1516830.phtml HTTP/1.1" 404 13248 "-" "Mozilla/5.0 AppleWebKit/537.36 (KHTML, like Gecko; compatible; GPTBot/1.2; +https://openai.com/gptbot)"
20.171.207.83 - - [17/Jul/2025:14:06:58 +0000] "GET /special/1389592.phtml HTTP/1.1" 404 13248 "-" "Mozilla/5.0 AppleWebKit/537.36 (KHTML, like Gecko; compatible; GPTBot/1.2; +https://openai.com/gptbot)"
20.171.207.83 - - [17/Jul/2025:14:06:59 +0000] "GET /special/1503456.phtml HTTP/1.1" 404 13248 "-" "Mozilla/5.0 AppleWebKit/537.36 (KHTML, like Gecko; compatible; GPTBot/1.2; +https://openai.com/gptbot)"
20.171.207.83 - - [17/Jul/2025:14:07:01 +0000] "GET /special/1084368.phtml HTTP/1.1" 404 13248 "-" "Mozilla/5.0 AppleWebKit/537.36 (KHTML, like Gecko; compatible; GPTBot/1.2; +https://openai.com/gptbot)"
20.171.207.83 - - [17/Jul/2025:14:07:02 +0000] "GET /special/1388726.phtml HTTP/1.1" 404 13248 "-" "Mozilla/5.0 AppleWebKit/537.36 (KHTML, like Gecko; compatible; GPTBot/1.2; +https://openai.com/gptbot)"
20.171.207.83 - - [17/Jul/2025:14:07:03 +0000] "GET /special/1438502.phtml HTTP/1.1" 404 13248 "-" "Mozilla/5.0 AppleWebKit/537.36 (KHTML, like Gecko; compatible; GPTBot/1.2; +https://openai.com/gptbot)"
20.171.207.83 - - [17/Jul/2025:14:07:04 +0000] "GET /special/1274858.phtml HTTP/1.1" 404 13248 "-" "Mozilla/5.0 AppleWebKit/537.36 (KHTML, like Gecko; compatible; GPTBot/1.2; +https://openai.com/gptbot)"
20.171.207.83 - - [17/Jul/2025:14:07:05 +0000] "GET /special/1308504.phtml HTTP/1.1" 404 13248 "-" "Mozilla/5.0 AppleWebKit/537.36 (KHTML, like Gecko; compatible; GPTBot/1.2; +https://openai.com/gptbot)"
20.171.207.83 - - [17/Jul/2025:14:07:06 +0000] "GET /special/1378202.phtml HTTP/1.1" 404 13248 "-" "Mozilla/5.0 AppleWebKit/537.36 (KHTML, like Gecko; compatible; GPTBot/1.2; +https://openai.com/gptbot)"
20.171.207.83 - - [17/Jul/2025:14:07:08 +0000] "GET /special/1374708.phtml HTTP/1.1" 404 13248 "-" "Mozilla/5.0 AppleWebKit/537.36 (KHTML, like Gecko; compatible; GPTBot/1.2; +https://openai.com/gptbot)"
20.171.207.83 - - [17/Jul/2025:14:07:09 +0000] "GET /special/1029938.phtml HTTP/1.1" 404 13248 "-" "Mozilla/5.0 AppleWebKit/537.36 (KHTML, like Gecko; compatible; GPTBot/1.2; +https://openai.com/gptbot)"
20.171.207.83 - - [17/Jul/2025:14:07:10 +0000] "GET /special/1369384.phtml HTTP/1.1" 404 13248 "-" "Mozilla/5.0 AppleWebKit/537.36 (KHTML, like Gecko; compatible; GPTBot/1.2; +https://openai.com/gptbot)"
20.171.207.83 - - [17/Jul/2025:14:07:11 +0000] "GET /special/1209234.phtml HTTP/1.1" 404 13248 "-" "Mozilla/5.0 AppleWebKit/537.36 (KHTML, like Gecko; compatible; GPTBot/1.2; +https://openai.com/gptbot)"
20.171.207.83 - - [17/Jul/2025:14:07:12 +0000] "GET /special/1237014.phtml HTTP/1.1" 404 13248 "-" "Mozilla/5.0 AppleWebKit/537.36 (KHTML, like Gecko; compatible; GPTBot/1.2; +https://openai.com/gptbot)"
216.73.216.36 - - [17/Jul/2025:14:07:13 +0000] "GET /special/2504902012.phtml HTTP/1.1" 404 13248 "-" "Mozilla/5.0 AppleWebKit/537.36 (KHTML, like Gecko; compatible; ClaudeBot/1.0; [email protected])"
20.171.207.83 - - [17/Jul/2025:14:07:13 +0000] "GET /special/1297826.phtml HTTP/1.1" 404 13248 "-" "Mozilla/5.0 AppleWebKit/537.36 (KHTML, like Gecko; compatible; GPTBot/1.2; +https://openai.com/gptbot)"
20.171.207.83 - - [17/Jul/2025:14:07:15 +0000] "GET /special/1482604.phtml HTTP/1.1" 404 13248 "-" "Mozilla/5.0 AppleWebKit/537.36 (KHTML, like Gecko; compatible; GPTBot/1.2; +https://openai.com/gptbot)"
216.73.216.36 - - [17/Jul/2025:14:07:15 +0000] "GET /special/2505151936.phtml HTTP/1.1" 404 13248 "-" "Mozilla/5.0 AppleWebKit/537.36 (KHTML, like Gecko; compatible; ClaudeBot/1.0; [email protected])"
20.171.207.83 - - [17/Jul/2025:14:07:16 +0000] "GET /special/1094892.phtml HTTP/1.1" 404 13248 "-" "Mozilla/5.0 AppleWebKit/537.36 (KHTML, like Gecko; compatible; GPTBot/1.2; +https://openai.com/gptbot)"
20.171.207.83 - - [17/Jul/2025:14:07:17 +0000] "GET /special/1258468.phtml HTTP/1.1" 404 13248 "-" "Mozilla/5.0 AppleWebKit/537.36 (KHTML, like Gecko; compatible; GPTBot/1.2; +https://openai.com/gptbot)"
20.171.207.83 - - [17/Jul/2025:14:07:18 +0000] "GET /special/1355946.phtml HTTP/1.1" 404 13248 "-" "Mozilla/5.0 AppleWebKit/537.36 (KHTML, like Gecko; compatible; GPTBot/1.2; +https://openai.com/gptbot)"
216.73.216.36 - - [17/Jul/2025:14:07:18 +0000] "GET /special/2505503890.phtml HTTP/1.1" 404 13248 "-" "Mozilla/5.0 AppleWebKit/537.36 (KHTML, like Gecko; compatible; ClaudeBot/1.0; [email protected])"
20.171.207.83 - - [17/Jul/2025:14:07:19 +0000] "GET /special/1049216.phtml HTTP/1.1" 404 13248 "-" "Mozilla/5.0 AppleWebKit/537.36 (KHTML, like Gecko; compatible; GPTBot/1.2; +https://openai.com/gptbot)"
20.171.207.83 - - [17/Jul/2025:14:07:21 +0000] "GET /special/1235568.phtml HTTP/1.1" 404 13248 "-" "Mozilla/5.0 AppleWebKit/537.36 (KHTML, like Gecko; compatible; GPTBot/1.2; +https://openai.com/gptbot)"
216.73.216.36 - - [17/Jul/2025:14:07:21 +0000] "GET /special/2504968758.phtml HTTP/1.1" 404 13248 "-" "Mozilla/5.0 AppleWebKit/537.36 (KHTML, like Gecko; compatible; ClaudeBot/1.0; [email protected])"
20.171.207.83 - - [17/Jul/2025:14:07:22 +0000] "GET /special/1460284.phtml HTTP/1.1" 404 13248 "-" "Mozilla/5.0 AppleWebKit/537.36 (KHTML, like Gecko; compatible; GPTBot/1.2; +https://openai.com/gptbot)"
20.171.207.83 - - [17/Jul/2025:14:07:23 +0000] "GET /special/1189350.phtml HTTP/1.1" 404 13248 "-" "Mozilla/5.0 AppleWebKit/537.36 (KHTML, like Gecko; compatible; GPTBot/1.2; +https://openai.com/gptbot)"
20.171.207.83 - - [17/Jul/2025:14:07:24 +0000] "GET /special/1307638.phtml HTTP/1.1" 404 13248 "-" "Mozilla/5.0 AppleWebKit/537.36 (KHTML, like Gecko; compatible; GPTBot/1.2; +https://openai.com/gptbot)"
216.73.216.36 - - [17/Jul/2025:14:07:24 +0000] "GET /special/2505001474.phtml HTTP/1.1" 404 13248 "-" "Mozilla/5.0 AppleWebKit/537.36 (KHTML, like Gecko; compatible; ClaudeBot/1.0; [email protected])"
20.171.207.83 - - [17/Jul/2025:14:07:25 +0000] "GET /special/1451270.phtml HTTP/1.1" 404 13248 "-" "Mozilla/5.0 AppleWebKit/537.36 (KHTML, like Gecko; compatible; GPTBot/1.2; +https://openai.com/gptbot)"
40.77.167.126 - - [17/Jul/2025:14:07:26 +0000] "GET /special/1138465836.phtml HTTP/1.1" 200 19927 "-" "Mozilla/5.0 AppleWebKit/537.36 (KHTML, like Gecko; compatible; bingbot/2.0; +http://www.bing.com/bingbot.htm) Chrome/116.0.1938.76 Safari/537.36"
20.171.207.83 - - [17/Jul/2025:14:07:26 +0000] "GET /special/1533284.phtml HTTP/1.1" 404 13248 "-" "Mozilla/5.0 AppleWebKit/537.36 (KHTML, like Gecko; compatible; GPTBot/1.2; +https://openai.com/gptbot)"
216.73.216.36 - - [17/Jul/2025:14:07:27 +0000] "GET /special/2504980080.phtml HTTP/1.1" 404 13248 "-" "Mozilla/5.0 AppleWebKit/537.36 (KHTML, like Gecko; compatible; ClaudeBot/1.0; [email protected])"
20.171.207.83 - - [17/Jul/2025:14:07:28 +0000] "GET /special/1162504.phtml HTTP/1.1" 404 13248 "-" "Mozilla/5.0 AppleWebKit/537.36 (KHTML, like Gecko; compatible; GPTBot/1.2; +https://openai.com/gptbot)"
20.171.207.83 - - [17/Jul/2025:14:07:29 +0000] "GET /special/1046652.phtml HTTP/1.1" 404 13248 "-" "Mozilla/5.0 AppleWebKit/537.36 (KHTML, like Gecko; compatible; GPTBot/1.2; +https://openai.com/gptbot)"
20.171.207.83 - - [17/Jul/2025:14:07:30 +0000] "GET /special/1510896.phtml HTTP/1.1" 404 13248 "-" "Mozilla/5.0 AppleWebKit/537.36 (KHTML, like Gecko; compatible; GPTBot/1.2; +https://openai.com/gptbot)"
216.73.216.36 - - [17/Jul/2025:14:07:30 +0000] "GET /special/2504855470.phtml HTTP/1.1" 404 13248 "-" "Mozilla/5.0 AppleWebKit/537.36 (KHTML, like Gecko; compatible; ClaudeBot/1.0; [email protected])"
20.171.207.83 - - [17/Jul/2025:14:07:31 +0000] "GET /special/1378526.phtml HTTP/1.1" 404 13248 "-" "Mozilla/5.0 AppleWebKit/537.36 (KHTML, like Gecko; compatible; GPTBot/1.2; +https://openai.com/gptbot)"
20.171.207.83 - - [17/Jul/2025:14:07:32 +0000] "GET /special/1504322.phtml HTTP/1.1" 404 13248 "-" "Mozilla/5.0 AppleWebKit/537.36 (KHTML, like Gecko; compatible; GPTBot/1.2; +https://openai.com/gptbot)"
216.73.216.36 - - [17/Jul/2025:14:07:33 +0000] "GET /special/2505160950.phtml HTTP/1.1" 404 13248 "-" "Mozilla/5.0 AppleWebKit/537.36 (KHTML, like Gecko; compatible; ClaudeBot/1.0; [email protected])"
20.171.207.83 - - [17/Jul/2025:14:07:34 +0000] "GET /special/1019738.phtml HTTP/1.1" 404 13248 "-" "Mozilla/5.0 AppleWebKit/537.36 (KHTML, like Gecko; compatible; GPTBot/1.2; +https://openai.com/gptbot)"
20.171.207.83 - - [17/Jul/2025:14:07:35 +0000] "GET /special/1198236.phtml HTTP/1.1" 404 13248 "-" "Mozilla/5.0 AppleWebKit/537.36 (KHTML, like Gecko; compatible; GPTBot/1.2; +https://openai.com/gptbot)"
20.171.207.83 - - [17/Jul/2025:14:07:36 +0000] "GET /special/1254910.phtml HTTP/1.1" 404 13248 "-" "Mozilla/5.0 AppleWebKit/537.36 (KHTML, like Gecko; compatible; GPTBot/1.2; +https://openai.com/gptbot)"
216.73.216.36 - - [17/Jul/2025:14:07:36 +0000] "GET /special/2504937356.phtml HTTP/1.1" 404 13248 "-" "Mozilla/5.0 AppleWebKit/537.36 (KHTML, like Gecko; compatible; ClaudeBot/1.0; [email protected])"
20.171.207.83 - - [17/Jul/2025:14:07:37 +0000] "GET /special/1084436.phtml HTTP/1.1" 404 13248 "-" "Mozilla/5.0 AppleWebKit/537.36 (KHTML, like Gecko; compatible; GPTBot/1.2; +https://openai.com/gptbot)"
20.171.207.83 - - [17/Jul/2025:14:07:38 +0000] "GET /special/1231946.phtml HTTP/1.1" 404 13248 "-" "Mozilla/5.0 AppleWebKit/537.36 (KHTML, like Gecko; compatible; GPTBot/1.2; +https://openai.com/gptbot)"
20.171.207.83 - - [17/Jul/2025:14:07:39 +0000] "GET /special/1425930.phtml HTTP/1.1" 404 13248 "-" "Mozilla/5.0 AppleWebKit/537.36 (KHTML, like Gecko; compatible; GPTBot/1.2; +https://openai.com/gptbot)"
216.73.216.36 - - [17/Jul/2025:14:07:40 +0000] "GET /special/2504992848.phtml HTTP/1.1" 404 13248 "-" "Mozilla/5.0 AppleWebKit/537.36 (KHTML, like Gecko; compatible; ClaudeBot/1.0; [email protected])"
20.171.207.83 - - [17/Jul/2025:14:07:41 +0000] "GET /special/1454892.phtml HTTP/1.1" 404 13248 "-" "Mozilla/5.0 AppleWebKit/537.36 (KHTML, like Gecko; compatible; GPTBot/1.2; +https://openai.com/gptbot)"
20.171.207.83 - - [17/Jul/2025:14:07:42 +0000] "GET /special/1498324.phtml HTTP/1.1" 404 13248 "-" "Mozilla/5.0 AppleWebKit/537.36 (KHTML, like Gecko; compatible; GPTBot/1.2; +https://openai.com/gptbot)"
216.73.216.36 - - [17/Jul/2025:14:07:42 +0000] "GET /special/2505329594.phtml HTTP/1.1" 404 13248 "-" "Mozilla/5.0 AppleWebKit/537.36 (KHTML, like Gecko; compatible; ClaudeBot/1.0; [email protected])"
20.171.207.83 - - [17/Jul/2025:14:07:43 +0000] "GET /special/1250964.phtml HTTP/1.1" 404 13248 "-" "Mozilla/5.0 AppleWebKit/537.36 (KHTML, like Gecko; compatible; GPTBot/1.2; +https://openai.com/gptbot)"
20.171.207.83 - - [17/Jul/2025:14:07:44 +0000] "GET /special/1074620.phtml HTTP/1.1" 404 13248 "-" "Mozilla/5.0 AppleWebKit/537.36 (KHTML, like Gecko; compatible; GPTBot/1.2; +https://openai.com/gptbot)"
20.171.207.83 - - [17/Jul/2025:14:07:45 +0000] "GET /special/1272486.phtml HTTP/1.1" 404 13248 "-" "Mozilla/5.0 AppleWebKit/537.36 (KHTML, like Gecko; compatible; GPTBot/1.2; +https://openai.com/gptbot)"
216.73.216.36 - - [17/Jul/2025:14:07:45 +0000] "GET /special/2505405614.phtml HTTP/1.1" 404 13248 "-" "Mozilla/5.0 AppleWebKit/537.36 (KHTML, like Gecko; compatible; ClaudeBot/1.0; [email protected])"
20.171.207.83 - - [17/Jul/2025:14:07:46 +0000] "GET /special/1320406.phtml HTTP/1.1" 404 13248 "-" "Mozilla/5.0 AppleWebKit/537.36 (KHTML, like Gecko; compatible; GPTBot/1.2; +https://openai.com/gptbot)"
20.171.207.83 - - [17/Jul/2025:14:07:48 +0000] "GET /special/1236148.phtml HTTP/1.1" 404 13248 "-" "Mozilla/5.0 AppleWebKit/537.36 (KHTML, like Gecko; compatible; GPTBot/1.2; +https://openai.com/gptbot)"
216.73.216.36 - - [17/Jul/2025:14:07:48 +0000] "GET /special/2505226446.phtml HTTP/1.1" 404 13248 "-" "Mozilla/5.0 AppleWebKit/537.36 (KHTML, like Gecko; compatible; ClaudeBot/1.0; [email protected])"
20.171.207.83 - - [17/Jul/2025:14:07:49 +0000] "GET /special/1033756.phtml HTTP/1.1" 404 13248 "-" "Mozilla/5.0 AppleWebKit/537.36 (KHTML, like Gecko; compatible; GPTBot/1.2; +https://openai.com/gptbot)"
20.171.207.83 - - [17/Jul/2025:14:07:50 +0000] "GET /special/1349368.phtml HTTP/1.1" 404 13248 "-" "Mozilla/5.0 AppleWebKit/537.36 (KHTML, like Gecko; compatible; GPTBot/1.2; +https://openai.com/gptbot)"
20.171.207.83 - - [17/Jul/2025:14:07:51 +0000] "GET /special/1470612.phtml HTTP/1.1" 404 13248 "-" "Mozilla/5.0 AppleWebKit/537.36 (KHTML, like Gecko; compatible; GPTBot/1.2; +https://openai.com/gptbot)"
20.171.207.83 - - [17/Jul/2025:14:07:52 +0000] "GET /special/1397096.phtml HTTP/1.1" 404 13248 "-" "Mozilla/5.0 AppleWebKit/537.36 (KHTML, like Gecko; compatible; GPTBot/1.2; +https://openai.com/gptbot)"
20.171.207.83 - - [17/Jul/2025:14:07:53 +0000] "GET /special/1367268.phtml HTTP/1.1" 404 13248 "-" "Mozilla/5.0 AppleWebKit/537.36 (KHTML, like Gecko; compatible; GPTBot/1.2; +https://openai.com/gptbot)"
20.171.207.83 - - [17/Jul/2025:14:07:55 +0000] "GET /special/1269858.phtml HTTP/1.1" 404 13248 "-" "Mozilla/5.0 AppleWebKit/537.36 (KHTML, like Gecko; compatible; GPTBot/1.2; +https://openai.com/gptbot)"
20.171.207.83 - - [17/Jul/2025:14:07:56 +0000] "GET /special/1404536.phtml HTTP/1.1" 404 13248 "-" "Mozilla/5.0 AppleWebKit/537.36 (KHTML, like Gecko; compatible; GPTBot/1.2; +https://openai.com/gptbot)"
20.171.207.83 - - [17/Jul/2025:14:07:57 +0000] "GET /special/1465220.phtml HTTP/1.1" 404 13248 "-" "Mozilla/5.0 AppleWebKit/537.36 (KHTML, like Gecko; compatible; GPTBot/1.2; +https://openai.com/gptbot)"
20.171.207.83 - - [17/Jul/2025:14:07:58 +0000] "GET /special/1458710.phtml HTTP/1.1" 404 13248 "-" "Mozilla/5.0 AppleWebKit/537.36 (KHTML, like Gecko; compatible; GPTBot/1.2; +https://openai.com/gptbot)"
20.171.207.83 - - [17/Jul/2025:14:07:59 +0000] "GET /special/1058230.phtml HTTP/1.1" 404 13248 "-" "Mozilla/5.0 AppleWebKit/537.36 (KHTML, like Gecko; compatible; GPTBot/1.2; +https://openai.com/gptbot)"
20.171.207.83 - - [17/Jul/2025:14:08:01 +0000] "GET /special/1230756.phtml HTTP/1.1" 404 13248 "-" "Mozilla/5.0 AppleWebKit/537.36 (KHTML, like Gecko; compatible; GPTBot/1.2; +https://openai.com/gptbot)"
20.171.207.83 - - [17/Jul/2025:14:08:02 +0000] "GET /special/1053162.phtml HTTP/1.1" 404 13248 "-" "Mozilla/5.0 AppleWebKit/537.36 (KHTML, like Gecko; compatible; GPTBot/1.2; +https://openai.com/gptbot)"
20.171.207.83 - - [17/Jul/2025:14:08:03 +0000] "GET /special/1042706.phtml HTTP/1.1" 404 13248 "-" "Mozilla/5.0 AppleWebKit/537.36 (KHTML, like Gecko; compatible; GPTBot/1.2; +https://openai.com/gptbot)"
20.171.207.83 - - [17/Jul/2025:14:08:04 +0000] "GET /special/1285924.phtml HTTP/1.1" 404 13248 "-" "Mozilla/5.0 AppleWebKit/537.36 (KHTML, like Gecko; compatible; GPTBot/1.2; +https://openai.com/gptbot)"
20.171.207.83 - - [17/Jul/2025:14:08:05 +0000] "GET /special/1209558.phtml HTTP/1.1" 404 13248 "-" "Mozilla/5.0 AppleWebKit/537.36 (KHTML, like Gecko; compatible; GPTBot/1.2; +https://openai.com/gptbot)"
216.73.216.36 - - [17/Jul/2025:14:08:05 +0000] "GET /special/2505266474.phtml HTTP/1.1" 404 13248 "-" "Mozilla/5.0 AppleWebKit/537.36 (KHTML, like Gecko; compatible; ClaudeBot/1.0; [email protected])"
20.171.207.83 - - [17/Jul/2025:14:08:07 +0000] "GET /special/1268348.phtml HTTP/1.1" 404 13248 "-" "Mozilla/5.0 AppleWebKit/537.36 (KHTML, like Gecko; compatible; GPTBot/1.2; +https://openai.com/gptbot)"
20.171.207.83 - - [17/Jul/2025:14:08:08 +0000] "GET /special/1315082.phtml HTTP/1.1" 404 13248 "-" "Mozilla/5.0 AppleWebKit/537.36 (KHTML, like Gecko; compatible; GPTBot/1.2; +https://openai.com/gptbot)"
216.73.216.36 - - [17/Jul/2025:14:08:08 +0000] "GET /special/2505057478.phtml HTTP/1.1" 404 13248 "-" "Mozilla/5.0 AppleWebKit/537.36 (KHTML, like Gecko; compatible; ClaudeBot/1.0; [email protected])"
20.171.207.83 - - [17/Jul/2025:14:08:09 +0000] "GET /special/1276304.phtml HTTP/1.1" 404 13248 "-" "Mozilla/5.0 AppleWebKit/537.36 (KHTML, like Gecko; compatible; GPTBot/1.2; +https://openai.com/gptbot)"
20.171.207.83 - - [17/Jul/2025:14:08:10 +0000] "GET /special/1236946.phtml HTTP/1.1" 404 13248 "-" "Mozilla/5.0 AppleWebKit/537.36 (KHTML, like Gecko; compatible; GPTBot/1.2; +https://openai.com/gptbot)"
216.73.216.36 - - [17/Jul/2025:14:08:11 +0000] "GET /special/2505259226.phtml HTTP/1.1" 404 13248 "-" "Mozilla/5.0 AppleWebKit/537.36 (KHTML, like Gecko; compatible; ClaudeBot/1.0; [email protected])"
20.171.207.83 - - [17/Jul/2025:14:08:11 +0000] "GET /special/1062978.phtml HTTP/1.1" 404 13248 "-" "Mozilla/5.0 AppleWebKit/537.36 (KHTML, like Gecko; compatible; GPTBot/1.2; +https://openai.com/gptbot)"
20.171.207.83 - - [17/Jul/2025:14:08:12 +0000] "GET /special/1461082.phtml HTTP/1.1" 404 13248 "-" "Mozilla/5.0 AppleWebKit/537.36 (KHTML, like Gecko; compatible; GPTBot/1.2; +https://openai.com/gptbot)"
20.171.207.83 - - [17/Jul/2025:14:08:14 +0000] "GET /special/1205740.phtml HTTP/1.1" 404 13248 "-" "Mozilla/5.0 AppleWebKit/537.36 (KHTML, like Gecko; compatible; GPTBot/1.2; +https://openai.com/gptbot)"
216.73.216.36 - - [17/Jul/2025:14:08:14 +0000] "GET /special/2505520950.phtml HTTP/1.1" 404 13248 "-" "Mozilla/5.0 AppleWebKit/537.36 (KHTML, like Gecko; compatible; ClaudeBot/1.0; [email protected])"
20.171.207.83 - - [17/Jul/2025:14:08:15 +0000] "GET /special/1293688.phtml HTTP/1.1" 404 13248 "-" "Mozilla/5.0 AppleWebKit/537.36 (KHTML, like Gecko; compatible; GPTBot/1.2; +https://openai.com/gptbot)"
20.171.207.83 - - [17/Jul/2025:14:08:16 +0000] "GET /special/1495372.phtml HTTP/1.1" 404 13248 "-" "Mozilla/5.0 AppleWebKit/537.36 (KHTML, like Gecko; compatible; GPTBot/1.2; +https://openai.com/gptbot)"
216.73.216.36 - - [17/Jul/2025:14:08:17 +0000] "GET /special/2505325972.phtml HTTP/1.1" 404 13248 "-" "Mozilla/5.0 AppleWebKit/537.36 (KHTML, like Gecko; compatible; ClaudeBot/1.0; [email protected])"
20.171.207.83 - - [17/Jul/2025:14:08:18 +0000] "GET /special/1425064.phtml HTTP/1.1" 404 13248 "-" "Mozilla/5.0 AppleWebKit/537.36 (KHTML, like Gecko; compatible; GPTBot/1.2; +https://openai.com/gptbot)"
20.171.207.83 - - [17/Jul/2025:14:08:19 +0000] "GET /special/1073046.phtml HTTP/1.1" 404 13248 "-" "Mozilla/5.0 AppleWebKit/537.36 (KHTML, like Gecko; compatible; GPTBot/1.2; +https://openai.com/gptbot)"
20.171.207.83 - - [17/Jul/2025:14:08:20 +0000] "GET /special/1319028.phtml HTTP/1.1" 404 13248 "-" "Mozilla/5.0 AppleWebKit/537.36 (KHTML, like Gecko; compatible; GPTBot/1.2; +https://openai.com/gptbot)"
216.73.216.36 - - [17/Jul/2025:14:08:20 +0000] "GET /special/2504832570.phtml HTTP/1.1" 404 13248 "-" "Mozilla/5.0 AppleWebKit/537.36 (KHTML, like Gecko; compatible; ClaudeBot/1.0; [email protected])"
20.171.207.83 - - [17/Jul/2025:14:08:21 +0000] "GET /special/1489374.phtml HTTP/1.1" 404 13248 "-" "Mozilla/5.0 AppleWebKit/537.36 (KHTML, like Gecko; compatible; GPTBot/1.2; +https://openai.com/gptbot)"
20.171.207.83 - - [17/Jul/2025:14:08:22 +0000] "GET /special/1350234.phtml HTTP/1.1" 404 13248 "-" "Mozilla/5.0 AppleWebKit/537.36 (KHTML, like Gecko; compatible; GPTBot/1.2; +https://openai.com/gptbot)"
216.73.216.36 - - [17/Jul/2025:14:08:23 +0000] "GET /special/2505044710.phtml HTTP/1.1" 404 13248 "-" "Mozilla/5.0 AppleWebKit/537.36 (KHTML, like Gecko; compatible; ClaudeBot/1.0; [email protected])"
20.171.207.83 - - [17/Jul/2025:14:08:24 +0000] "GET /special/1385774.phtml HTTP/1.1" 404 13248 "-" "Mozilla/5.0 AppleWebKit/537.36 (KHTML, like Gecko; compatible; GPTBot/1.2; +https://openai.com/gptbot)"
20.171.207.83 - - [17/Jul/2025:14:08:25 +0000] "GET /special/1035266.phtml HTTP/1.1" 404 13248 "-" "Mozilla/5.0 AppleWebKit/537.36 (KHTML, like Gecko; compatible; GPTBot/1.2; +https://openai.com/gptbot)"
20.171.207.83 - - [17/Jul/2025:14:08:26 +0000] "GET /special/1013548.phtml HTTP/1.1" 404 13248 "-" "Mozilla/5.0 AppleWebKit/537.36 (KHTML, like Gecko; compatible; GPTBot/1.2; +https://openai.com/gptbot)"
216.73.216.36 - - [17/Jul/2025:14:08:26 +0000] "GET /special/2505035828.phtml HTTP/1.1" 404 13248 "-" "Mozilla/5.0 AppleWebKit/537.36 (KHTML, like Gecko; compatible; ClaudeBot/1.0; [email protected])"
20.171.207.83 - - [17/Jul/2025:14:08:27 +0000] "GET /special/1376824.phtml HTTP/1.1" 404 13248 "-" "Mozilla/5.0 AppleWebKit/537.36 (KHTML, like Gecko; compatible; GPTBot/1.2; +https://openai.com/gptbot)"
20.171.207.83 - - [17/Jul/2025:14:08:28 +0000] "GET /special/1318704.phtml HTTP/1.1" 404 13248 "-" "Mozilla/5.0 AppleWebKit/537.36 (KHTML, like Gecko; compatible; GPTBot/1.2; +https://openai.com/gptbot)"
216.73.216.36 - - [17/Jul/2025:14:08:29 +0000] "GET /special/2505128170.phtml HTTP/1.1" 404 13248 "-" "Mozilla/5.0 AppleWebKit/537.36 (KHTML, like Gecko; compatible; ClaudeBot/1.0; [email protected])"
20.171.207.83 - - [17/Jul/2025:14:08:29 +0000] "GET /special/1520388.phtml HTTP/1.1" 404 13248 "-" "Mozilla/5.0 AppleWebKit/537.36 (KHTML, like Gecko; compatible; GPTBot/1.2; +https://openai.com/gptbot)"
20.171.207.83 - - [17/Jul/2025:14:08:30 +0000] "GET /special/1428302.phtml HTTP/1.1" 404 13248 "-" "Mozilla/5.0 AppleWebKit/537.36 (KHTML, like Gecko; compatible; GPTBot/1.2; +https://openai.com/gptbot)"
20.171.207.83 - - [17/Jul/2025:14:08:32 +0000] "GET /special/1260908.phtml HTTP/1.1" 404 13248 "-" "Mozilla/5.0 AppleWebKit/537.36 (KHTML, like Gecko; compatible; GPTBot/1.2; +https://openai.com/gptbot)"
216.73.216.36 - - [17/Jul/2025:14:08:32 +0000] "GET /special/2504866860.phtml HTTP/1.1" 404 13248 "-" "Mozilla/5.0 AppleWebKit/537.36 (KHTML, like Gecko; compatible; ClaudeBot/1.0; [email protected])"
20.171.207.83 - - [17/Jul/2025:14:08:33 +0000] "GET /special/1172960.phtml HTTP/1.1" 404 13248 "-" "Mozilla/5.0 AppleWebKit/537.36 (KHTML, like Gecko; compatible; GPTBot/1.2; +https://openai.com/gptbot)"
20.171.207.83 - - [17/Jul/2025:14:08:34 +0000] "GET /special/1309084.phtml HTTP/1.1" 404 13248 "-" "Mozilla/5.0 AppleWebKit/537.36 (KHTML, like Gecko; compatible; GPTBot/1.2; +https://openai.com/gptbot)"
20.171.207.83 - - [17/Jul/2025:14:08:35 +0000] "GET /special/1385774.phtml HTTP/1.1" 404 13248 "-" "Mozilla/5.0 AppleWebKit/537.36 (KHTML, like Gecko; compatible; GPTBot/1.2; +https://openai.com/gptbot)"
216.73.216.36 - - [17/Jul/2025:14:08:35 +0000] "GET /special/2504954740.phtml HTTP/1.1" 404 13248 "-" "Mozilla/5.0 AppleWebKit/537.36 (KHTML, like Gecko; compatible; ClaudeBot/1.0; [email protected])"
20.171.207.83 - - [17/Jul/2025:14:08:36 +0000] "GET /special/1045078.phtml HTTP/1.1" 404 13248 "-" "Mozilla/5.0 AppleWebKit/537.36 (KHTML, like Gecko; compatible; GPTBot/1.2; +https://openai.com/gptbot)"
20.171.207.83 - - [17/Jul/2025:14:08:37 +0000] "GET /special/1356812.phtml HTTP/1.1" 404 13248 "-" "Mozilla/5.0 AppleWebKit/537.36 (KHTML, like Gecko; compatible; GPTBot/1.2; +https://openai.com/gptbot)"
216.73.216.36 - - [17/Jul/2025:14:08:38 +0000] "GET /special/2505020816.phtml HTTP/1.1" 404 13248 "-" "Mozilla/5.0 AppleWebKit/537.36 (KHTML, like Gecko; compatible; ClaudeBot/1.0; [email protected])"
20.171.207.83 - - [17/Jul/2025:14:08:39 +0000] "GET /special/1347862.phtml HTTP/1.1" 404 13248 "-" "Mozilla/5.0 AppleWebKit/537.36 (KHTML, like Gecko; compatible; GPTBot/1.2; +https://openai.com/gptbot)"
20.171.207.83 - - [17/Jul/2025:14:08:40 +0000] "GET /special/1327654.phtml HTTP/1.1" 404 13248 "-" "Mozilla/5.0 AppleWebKit/537.36 (KHTML, like Gecko; compatible; GPTBot/1.2; +https://openai.com/gptbot)"
20.171.207.83 - - [17/Jul/2025:14:08:41 +0000] "GET /special/1326404.phtml HTTP/1.1" 404 13248 "-" "Mozilla/5.0 AppleWebKit/537.36 (KHTML, like Gecko; compatible; GPTBot/1.2; +https://openai.com/gptbot)"
216.73.216.36 - - [17/Jul/2025:14:08:41 +0000] "GET /special/2504918338.phtml HTTP/1.1" 404 13248 "-" "Mozilla/5.0 AppleWebKit/537.36 (KHTML, like Gecko; compatible; ClaudeBot/1.0; [email protected])"
20.171.207.83 - - [17/Jul/2025:14:08:42 +0000] "GET /special/1514390.phtml HTTP/1.1" 404 13248 "-" "Mozilla/5.0 AppleWebKit/537.36 (KHTML, like Gecko; compatible; GPTBot/1.2; +https://openai.com/gptbot)"
20.171.207.83 - - [17/Jul/2025:14:08:43 +0000] "GET /special/1408674.phtml HTTP/1.1" 404 13248 "-" "Mozilla/5.0 AppleWebKit/537.36 (KHTML, like Gecko; compatible; GPTBot/1.2; +https://openai.com/gptbot)"
20.171.207.83 - - [17/Jul/2025:14:08:45 +0000] "GET /special/1089568.phtml HTTP/1.1" 404 13248 "-" "Mozilla/5.0 AppleWebKit/537.36 (KHTML, like Gecko; compatible; GPTBot/1.2; +https://openai.com/gptbot)"
20.171.207.83 - - [17/Jul/2025:14:08:46 +0000] "GET /special/1035262.phtml HTTP/1.1" 404 13248 "-" "Mozilla/5.0 AppleWebKit/537.36 (KHTML, like Gecko; compatible; GPTBot/1.2; +https://openai.com/gptbot)"
20.171.207.83 - - [17/Jul/2025:14:08:47 +0000] "GET /special/1532290.phtml HTTP/1.1" 404 13248 "-" "Mozilla/5.0 AppleWebKit/537.36 (KHTML, like Gecko; compatible; GPTBot/1.2; +https://openai.com/gptbot)"
20.171.207.83 - - [17/Jul/2025:14:08:48 +0000] "GET /special/1195284.phtml HTTP/1.1" 404 13248 "-" "Mozilla/5.0 AppleWebKit/537.36 (KHTML, like Gecko; compatible; GPTBot/1.2; +https://openai.com/gptbot)"
20.171.207.83 - - [17/Jul/2025:14:08:49 +0000] "GET /special/1029268.phtml HTTP/1.1" 404 13248 "-" "Mozilla/5.0 AppleWebKit/537.36 (KHTML, like Gecko; compatible; GPTBot/1.2; +https://openai.com/gptbot)"
20.171.207.83 - - [17/Jul/2025:14:08:50 +0000] "GET /special/1147620.phtml HTTP/1.1" 404 13248 "-" "Mozilla/5.0 AppleWebKit/537.36 (KHTML, like Gecko; compatible; GPTBot/1.2; +https://openai.com/gptbot)"
20.171.207.83 - - [17/Jul/2025:14:08:52 +0000] "GET /special/1416980.phtml HTTP/1.1" 404 13248 "-" "Mozilla/5.0 AppleWebKit/537.36 (KHTML, like Gecko; compatible; GPTBot/1.2; +https://openai.com/gptbot)"
20.171.207.83 - - [17/Jul/2025:14:08:53 +0000] "GET /special/1032890.phtml HTTP/1.1" 404 13248 "-" "Mozilla/5.0 AppleWebKit/537.36 (KHTML, like Gecko; compatible; GPTBot/1.2; +https://openai.com/gptbot)"
20.171.207.83 - - [17/Jul/2025:14:08:54 +0000] "GET /special/1267354.phtml HTTP/1.1" 404 13248 "-" "Mozilla/5.0 AppleWebKit/537.36 (KHTML, like Gecko; compatible; GPTBot/1.2; +https://openai.com/gptbot)"
216.73.216.36 - - [17/Jul/2025:14:08:55 +0000] "GET /special/2504948746.phtml HTTP/1.1" 404 13248 "-" "Mozilla/5.0 AppleWebKit/537.36 (KHTML, like Gecko; compatible; ClaudeBot/1.0; [email protected])"
20.171.207.83 - - [17/Jul/2025:14:08:55 +0000] "GET /special/1258536.phtml HTTP/1.1" 404 13248 "-" "Mozilla/5.0 AppleWebKit/537.36 (KHTML, like Gecko; compatible; GPTBot/1.2; +https://openai.com/gptbot)"
