20.171.207.83 - - [17/Jul/2025:13:47:24 +0000] "GET /items/flowers/houseplants/1666581/ HTTP/1.1" 404 13248 "-" "Mozilla/5.0 AppleWebKit/537.36 (KHTML, like Gecko; compatible; GPTBot/1.2; +https://openai.com/gptbot)"
216.73.216.36 - - [17/Jul/2025:13:47:24 +0000] "GET /special/2504924912.phtml HTTP/1.1" 404 13248 "-" "Mozilla/5.0 AppleWebKit/537.36 (KHTML, like Gecko; compatible; ClaudeBot/1.0; [email protected])"
20.171.207.83 - - [17/Jul/2025:13:47:25 +0000] "GET /items/motorcycles/cars/3338874/ HTTP/1.1" 404 13248 "-" "Mozilla/5.0 AppleWebKit/537.36 (KHTML, like Gecko; compatible; GPTBot/1.2; +https://openai.com/gptbot)"
20.171.207.83 - - [17/Jul/2025:13:47:26 +0000] "GET /items/motorcycles/cars/2999606/ HTTP/1.1" 404 13248 "-" "Mozilla/5.0 AppleWebKit/537.36 (KHTML, like Gecko; compatible; GPTBot/1.2; +https://openai.com/gptbot)"
216.73.216.36 - - [17/Jul/2025:13:47:27 +0000] "GET /special/2504899572.phtml HTTP/1.1" 404 13248 "-" "Mozilla/5.0 AppleWebKit/537.36 (KHTML, like Gecko; compatible; ClaudeBot/1.0; [email protected])"
20.171.207.83 - - [17/Jul/2025:13:47:27 +0000] "GET /items/handmade/fashion/2221625/ HTTP/1.1" 404 13248 "-" "Mozilla/5.0 AppleWebKit/537.36 (KHTML, like Gecko; compatible; GPTBot/1.2; +https://openai.com/gptbot)"
20.171.207.83 - - [17/Jul/2025:13:47:28 +0000] "GET /items/handmade/fashion/1790002/ HTTP/1.1" 404 13248 "-" "Mozilla/5.0 AppleWebKit/537.36 (KHTML, like Gecko; compatible; GPTBot/1.2; +https://openai.com/gptbot)"
20.171.207.83 - - [17/Jul/2025:13:47:29 +0000] "GET /items/interior/bedding/4777831/ HTTP/1.1" 404 13248 "-" "Mozilla/5.0 AppleWebKit/537.36 (KHTML, like Gecko; compatible; GPTBot/1.2; +https://openai.com/gptbot)"
216.73.216.36 - - [17/Jul/2025:13:47:30 +0000] "GET /special/2505393712.phtml HTTP/1.1" 404 13248 "-" "Mozilla/5.0 AppleWebKit/537.36 (KHTML, like Gecko; compatible; ClaudeBot/1.0; [email protected])"
20.171.207.83 - - [17/Jul/2025:13:47:30 +0000] "GET /items/furniture/chairs/4063000/ HTTP/1.1" 404 13248 "-" "Mozilla/5.0 AppleWebKit/537.36 (KHTML, like Gecko; compatible; GPTBot/1.2; +https://openai.com/gptbot)"
20.171.207.83 - - [17/Jul/2025:13:47:32 +0000] "GET /items/fishing/outdoors/1333709/ HTTP/1.1" 404 13248 "-" "Mozilla/5.0 AppleWebKit/537.36 (KHTML, like Gecko; compatible; GPTBot/1.2; +https://openai.com/gptbot)"
216.73.216.36 - - [17/Jul/2025:13:47:33 +0000] "GET /special/2505237512.phtml HTTP/1.1" 404 13248 "-" "Mozilla/5.0 AppleWebKit/537.36 (KHTML, like Gecko; compatible; ClaudeBot/1.0; [email protected])"
20.171.207.83 - - [17/Jul/2025:13:47:33 +0000] "GET /items/magazines/sports/5000627/ HTTP/1.1" 404 13248 "-" "Mozilla/5.0 AppleWebKit/537.36 (KHTML, like Gecko; compatible; GPTBot/1.2; +https://openai.com/gptbot)"
20.171.207.83 - - [17/Jul/2025:13:47:34 +0000] "GET /items/tickets/motorsports/1856223/ HTTP/1.1" 404 13248 "-" "Mozilla/5.0 AppleWebKit/537.36 (KHTML, like Gecko; compatible; GPTBot/1.2; +https://openai.com/gptbot)"
20.171.207.83 - - [17/Jul/2025:13:47:35 +0000] "GET /items/cosmetics/cleansing/5037193/ HTTP/1.1" 404 13248 "-" "Mozilla/5.0 AppleWebKit/537.36 (KHTML, like Gecko; compatible; GPTBot/1.2; +https://openai.com/gptbot)"
216.73.216.36 - - [17/Jul/2025:13:47:36 +0000] "GET /special/2505033388.phtml HTTP/1.1" 404 13248 "-" "Mozilla/5.0 AppleWebKit/537.36 (KHTML, like Gecko; compatible; ClaudeBot/1.0; [email protected])"
20.171.207.83 - - [17/Jul/2025:13:47:36 +0000] "GET /items/cosmetics/whitening/1582211/ HTTP/1.1" 404 13248 "-" "Mozilla/5.0 AppleWebKit/537.36 (KHTML, like Gecko; compatible; GPTBot/1.2; +https://openai.com/gptbot)"
20.171.207.83 - - [17/Jul/2025:13:47:38 +0000] "GET /items/magazines/languages/1784729/ HTTP/1.1" 404 13248 "-" "Mozilla/5.0 AppleWebKit/537.36 (KHTML, like Gecko; compatible; GPTBot/1.2; +https://openai.com/gptbot)"
216.73.216.36 - - [17/Jul/2025:13:47:39 +0000] "GET /special/2505040828.phtml HTTP/1.1" 404 13248 "-" "Mozilla/5.0 AppleWebKit/537.36 (KHTML, like Gecko; compatible; ClaudeBot/1.0; [email protected])"
20.171.207.83 - - [17/Jul/2025:13:47:39 +0000] "GET /items/tickets/motorsports/3774932/ HTTP/1.1" 404 13248 "-" "Mozilla/5.0 AppleWebKit/537.36 (KHTML, like Gecko; compatible; GPTBot/1.2; +https://openai.com/gptbot)"
20.171.207.83 - - [17/Jul/2025:13:47:40 +0000] "GET /items/handicrafts/illustrations/3848313/ HTTP/1.1" 404 13248 "-" "Mozilla/5.0 AppleWebKit/537.36 (KHTML, like Gecko; compatible; GPTBot/1.2; +https://openai.com/gptbot)"
20.171.207.83 - - [17/Jul/2025:13:47:41 +0000] "GET /items/handicrafts/miscellaneous/5033233/ HTTP/1.1" 404 13248 "-" "Mozilla/5.0 AppleWebKit/537.36 (KHTML, like Gecko; compatible; GPTBot/1.2; +https://openai.com/gptbot)"
216.73.216.36 - - [17/Jul/2025:13:47:42 +0000] "GET /special/2504997050.phtml HTTP/1.1" 404 13248 "-" "Mozilla/5.0 AppleWebKit/537.36 (KHTML, like Gecko; compatible; ClaudeBot/1.0; [email protected])"
20.171.207.83 - - [17/Jul/2025:13:47:42 +0000] "GET /items/handicrafts/miscellaneous/4746215/ HTTP/1.1" 404 13248 "-" "Mozilla/5.0 AppleWebKit/537.36 (KHTML, like Gecko; compatible; GPTBot/1.2; +https://openai.com/gptbot)"
20.171.207.83 - - [17/Jul/2025:13:47:43 +0000] "GET /items/handicrafts/illustrations/4965736/ HTTP/1.1" 404 13248 "-" "Mozilla/5.0 AppleWebKit/537.36 (KHTML, like Gecko; compatible; GPTBot/1.2; +https://openai.com/gptbot)"
216.73.216.36 - - [17/Jul/2025:13:47:45 +0000] "GET /special/2505370074.phtml HTTP/1.1" 404 13248 "-" "Mozilla/5.0 AppleWebKit/537.36 (KHTML, like Gecko; compatible; ClaudeBot/1.0; [email protected])"
20.171.207.83 - - [17/Jul/2025:13:47:45 +0000] "GET /items/handicrafts/miscellaneous/4745579/ HTTP/1.1" 404 13248 "-" "Mozilla/5.0 AppleWebKit/537.36 (KHTML, like Gecko; compatible; GPTBot/1.2; +https://openai.com/gptbot)"
20.171.207.83 - - [17/Jul/2025:13:47:46 +0000] "GET /items/handicrafts/miscellaneous/1585688/ HTTP/1.1" 404 13248 "-" "Mozilla/5.0 AppleWebKit/537.36 (KHTML, like Gecko; compatible; GPTBot/1.2; +https://openai.com/gptbot)"
40.77.167.41 - - [17/Jul/2025:13:47:46 +0000] "GET /special/1138208276.phtml HTTP/1.1" 200 20579 "-" "Mozilla/5.0 AppleWebKit/537.36 (KHTML, like Gecko; compatible; bingbot/2.0; +http://www.bing.com/bingbot.htm) Chrome/116.0.1938.76 Safari/537.36"
20.171.207.83 - - [17/Jul/2025:13:47:47 +0000] "GET /items/blu-ray/cds/3801847/ HTTP/1.1" 404 13248 "-" "Mozilla/5.0 AppleWebKit/537.36 (KHTML, like Gecko; compatible; GPTBot/1.2; +https://openai.com/gptbot)"
20.171.207.83 - - [17/Jul/2025:13:47:48 +0000] "GET /items/blu-ray/cds/2247796/ HTTP/1.1" 404 13248 "-" "Mozilla/5.0 AppleWebKit/537.36 (KHTML, like Gecko; compatible; GPTBot/1.2; +https://openai.com/gptbot)"
20.171.207.83 - - [17/Jul/2025:13:47:50 +0000] "GET /items/cds/blu-ray/5232563/ HTTP/1.1" 404 13248 "-" "Mozilla/5.0 AppleWebKit/537.36 (KHTML, like Gecko; compatible; GPTBot/1.2; +https://openai.com/gptbot)"
20.171.207.83 - - [17/Jul/2025:13:47:51 +0000] "GET /items/cds/blu-ray/3180701/ HTTP/1.1" 404 13248 "-" "Mozilla/5.0 AppleWebKit/537.36 (KHTML, like Gecko; compatible; GPTBot/1.2; +https://openai.com/gptbot)"
20.171.207.83 - - [17/Jul/2025:13:47:52 +0000] "GET /items/cds/blu-ray/2839910/ HTTP/1.1" 404 13248 "-" "Mozilla/5.0 AppleWebKit/537.36 (KHTML, like Gecko; compatible; GPTBot/1.2; +https://openai.com/gptbot)"
20.171.207.83 - - [17/Jul/2025:13:47:53 +0000] "GET /items/blu-ray/dvd/1529029/ HTTP/1.1" 404 13248 "-" "Mozilla/5.0 AppleWebKit/537.36 (KHTML, like Gecko; compatible; GPTBot/1.2; +https://openai.com/gptbot)"
20.171.207.83 - - [17/Jul/2025:13:47:54 +0000] "GET /items/blu-ray/dvd/2680681/ HTTP/1.1" 404 13248 "-" "Mozilla/5.0 AppleWebKit/537.36 (KHTML, like Gecko; compatible; GPTBot/1.2; +https://openai.com/gptbot)"
20.171.207.83 - - [17/Jul/2025:13:47:55 +0000] "GET /items/blu-ray/cds/5020196/ HTTP/1.1" 404 13248 "-" "Mozilla/5.0 AppleWebKit/537.36 (KHTML, like Gecko; compatible; GPTBot/1.2; +https://openai.com/gptbot)"
20.171.207.83 - - [17/Jul/2025:13:47:56 +0000] "GET /items/blu-ray/dvd/1424589/ HTTP/1.1" 404 13248 "-" "Mozilla/5.0 AppleWebKit/537.36 (KHTML, like Gecko; compatible; GPTBot/1.2; +https://openai.com/gptbot)"
20.171.207.83 - - [17/Jul/2025:13:47:58 +0000] "GET /items/blu-ray/cds/4778162/ HTTP/1.1" 404 13248 "-" "Mozilla/5.0 AppleWebKit/537.36 (KHTML, like Gecko; compatible; GPTBot/1.2; +https://openai.com/gptbot)"
20.171.207.83 - - [17/Jul/2025:13:47:59 +0000] "GET /items/blu-ray/cds/1387966/ HTTP/1.1" 404 13248 "-" "Mozilla/5.0 AppleWebKit/537.36 (KHTML, like Gecko; compatible; GPTBot/1.2; +https://openai.com/gptbot)"
20.171.207.83 - - [17/Jul/2025:13:48:00 +0000] "GET /items/blu-ray/cds/2683940/ HTTP/1.1" 404 13248 "-" "Mozilla/5.0 AppleWebKit/537.36 (KHTML, like Gecko; compatible; GPTBot/1.2; +https://openai.com/gptbot)"
20.171.207.83 - - [17/Jul/2025:13:48:01 +0000] "GET /items/blu-ray/dvd/4395316/ HTTP/1.1" 404 13248 "-" "Mozilla/5.0 AppleWebKit/537.36 (KHTML, like Gecko; compatible; GPTBot/1.2; +https://openai.com/gptbot)"
20.171.207.83 - - [17/Jul/2025:13:48:02 +0000] "GET /items/blu-ray/dvd/2661170/ HTTP/1.1" 404 13248 "-" "Mozilla/5.0 AppleWebKit/537.36 (KHTML, like Gecko; compatible; GPTBot/1.2; +https://openai.com/gptbot)"
20.171.207.83 - - [17/Jul/2025:13:48:03 +0000] "GET /items/blu-ray/vhs/3903526/ HTTP/1.1" 404 13248 "-" "Mozilla/5.0 AppleWebKit/537.36 (KHTML, like Gecko; compatible; GPTBot/1.2; +https://openai.com/gptbot)"
20.171.207.83 - - [17/Jul/2025:13:48:05 +0000] "GET /items/blu-ray/cds/4562457/ HTTP/1.1" 404 13248 "-" "Mozilla/5.0 AppleWebKit/537.36 (KHTML, like Gecko; compatible; GPTBot/1.2; +https://openai.com/gptbot)"
20.171.207.83 - - [17/Jul/2025:13:48:06 +0000] "GET /items/blu-ray/dvd/2610097/ HTTP/1.1" 404 13248 "-" "Mozilla/5.0 AppleWebKit/537.36 (KHTML, like Gecko; compatible; GPTBot/1.2; +https://openai.com/gptbot)"
20.171.207.83 - - [17/Jul/2025:13:48:07 +0000] "GET /items/blu-ray/cds/3076671/ HTTP/1.1" 404 13248 "-" "Mozilla/5.0 AppleWebKit/537.36 (KHTML, like Gecko; compatible; GPTBot/1.2; +https://openai.com/gptbot)"
20.171.207.83 - - [17/Jul/2025:13:48:08 +0000] "GET /items/blu-ray/cds/1399220/ HTTP/1.1" 404 13248 "-" "Mozilla/5.0 AppleWebKit/537.36 (KHTML, like Gecko; compatible; GPTBot/1.2; +https://openai.com/gptbot)"
20.171.207.83 - - [17/Jul/2025:13:48:09 +0000] "GET /items/blu-ray/cds/4259430/ HTTP/1.1" 404 13248 "-" "Mozilla/5.0 AppleWebKit/537.36 (KHTML, like Gecko; compatible; GPTBot/1.2; +https://openai.com/gptbot)"
20.171.207.83 - - [17/Jul/2025:13:48:11 +0000] "GET /items/blu-ray/cds/1339462/ HTTP/1.1" 404 13248 "-" "Mozilla/5.0 AppleWebKit/537.36 (KHTML, like Gecko; compatible; GPTBot/1.2; +https://openai.com/gptbot)"
20.171.207.83 - - [17/Jul/2025:13:48:12 +0000] "GET /items/blu-ray/dvd/1915656/ HTTP/1.1" 404 13248 "-" "Mozilla/5.0 AppleWebKit/537.36 (KHTML, like Gecko; compatible; GPTBot/1.2; +https://openai.com/gptbot)"
20.171.207.83 - - [17/Jul/2025:13:48:13 +0000] "GET /items/blu-ray/dvd/2854893/ HTTP/1.1" 404 13248 "-" "Mozilla/5.0 AppleWebKit/537.36 (KHTML, like Gecko; compatible; GPTBot/1.2; +https://openai.com/gptbot)"
216.73.216.36 - - [17/Jul/2025:13:48:14 +0000] "GET /special/2505355800.phtml HTTP/1.1" 404 13248 "-" "Mozilla/5.0 AppleWebKit/537.36 (KHTML, like Gecko; compatible; ClaudeBot/1.0; [email protected])"
20.171.207.83 - - [17/Jul/2025:13:48:14 +0000] "GET /items/blu-ray/cds/3746139/ HTTP/1.1" 404 13248 "-" "Mozilla/5.0 AppleWebKit/537.36 (KHTML, like Gecko; compatible; GPTBot/1.2; +https://openai.com/gptbot)"
20.171.207.83 - - [17/Jul/2025:13:48:15 +0000] "GET /items/blu-ray/cds/2101582/ HTTP/1.1" 404 13248 "-" "Mozilla/5.0 AppleWebKit/537.36 (KHTML, like Gecko; compatible; GPTBot/1.2; +https://openai.com/gptbot)"
216.73.216.36 - - [17/Jul/2025:13:48:16 +0000] "GET /special/2505034254.phtml HTTP/1.1" 404 13248 "-" "Mozilla/5.0 AppleWebKit/537.36 (KHTML, like Gecko; compatible; ClaudeBot/1.0; [email protected])"
20.171.207.83 - - [17/Jul/2025:13:48:17 +0000] "GET /items/blu-ray/dvd/3037224/ HTTP/1.1" 404 13248 "-" "Mozilla/5.0 AppleWebKit/537.36 (KHTML, like Gecko; compatible; GPTBot/1.2; +https://openai.com/gptbot)"
20.171.207.83 - - [17/Jul/2025:13:48:18 +0000] "GET /items/blu-ray/cds/4638494/ HTTP/1.1" 404 13248 "-" "Mozilla/5.0 AppleWebKit/537.36 (KHTML, like Gecko; compatible; GPTBot/1.2; +https://openai.com/gptbot)"
20.171.207.83 - - [17/Jul/2025:13:48:19 +0000] "GET /items/blu-ray/cds/4086016/ HTTP/1.1" 404 13248 "-" "Mozilla/5.0 AppleWebKit/537.36 (KHTML, like Gecko; compatible; GPTBot/1.2; +https://openai.com/gptbot)"
216.73.216.36 - - [17/Jul/2025:13:48:19 +0000] "GET /special/2505378700.phtml HTTP/1.1" 404 13248 "-" "Mozilla/5.0 AppleWebKit/537.36 (KHTML, like Gecko; compatible; ClaudeBot/1.0; [email protected])"
20.171.207.83 - - [17/Jul/2025:13:48:20 +0000] "GET /items/blu-ray/dvd/4362046/ HTTP/1.1" 404 13248 "-" "Mozilla/5.0 AppleWebKit/537.36 (KHTML, like Gecko; compatible; GPTBot/1.2; +https://openai.com/gptbot)"
20.171.207.83 - - [17/Jul/2025:13:48:21 +0000] "GET /items/blu-ray/dvd/2797102/ HTTP/1.1" 404 13248 "-" "Mozilla/5.0 AppleWebKit/537.36 (KHTML, like Gecko; compatible; GPTBot/1.2; +https://openai.com/gptbot)"
216.73.216.36 - - [17/Jul/2025:13:48:22 +0000] "GET /special/2505454720.phtml HTTP/1.1" 404 13248 "-" "Mozilla/5.0 AppleWebKit/537.36 (KHTML, like Gecko; compatible; ClaudeBot/1.0; [email protected])"
20.171.207.83 - - [17/Jul/2025:13:48:22 +0000] "GET /items/blu-ray/dvd/4897591/ HTTP/1.1" 404 13248 "-" "Mozilla/5.0 AppleWebKit/537.36 (KHTML, like Gecko; compatible; GPTBot/1.2; +https://openai.com/gptbot)"
20.171.207.83 - - [17/Jul/2025:13:48:24 +0000] "GET /items/blu-ray/cds/1755909/ HTTP/1.1" 404 13248 "-" "Mozilla/5.0 AppleWebKit/537.36 (KHTML, like Gecko; compatible; GPTBot/1.2; +https://openai.com/gptbot)"
20.171.207.83 - - [17/Jul/2025:13:48:25 +0000] "GET /items/computers/others/4033373/ HTTP/1.1" 404 13248 "-" "Mozilla/5.0 AppleWebKit/537.36 (KHTML, like Gecko; compatible; GPTBot/1.2; +https://openai.com/gptbot)"
216.73.216.36 - - [17/Jul/2025:13:48:25 +0000] "GET /special/2505416612.phtml HTTP/1.1" 404 13248 "-" "Mozilla/5.0 AppleWebKit/537.36 (KHTML, like Gecko; compatible; ClaudeBot/1.0; [email protected])"
20.171.207.83 - - [17/Jul/2025:13:48:26 +0000] "GET /items/handicrafts/skirts/2770564/ HTTP/1.1" 404 13248 "-" "Mozilla/5.0 AppleWebKit/537.36 (KHTML, like Gecko; compatible; GPTBot/1.2; +https://openai.com/gptbot)"
20.171.207.83 - - [17/Jul/2025:13:48:27 +0000] "GET /items/smartphones/smartphones/2555482/ HTTP/1.1" 404 13248 "-" "Mozilla/5.0 AppleWebKit/537.36 (KHTML, like Gecko; compatible; GPTBot/1.2; +https://openai.com/gptbot)"
20.171.207.83 - - [17/Jul/2025:13:48:28 +0000] "GET /items/motorcycles/motorcycles/3000620/ HTTP/1.1" 404 13248 "-" "Mozilla/5.0 AppleWebKit/537.36 (KHTML, like Gecko; compatible; GPTBot/1.2; +https://openai.com/gptbot)"
216.73.216.36 - - [17/Jul/2025:13:48:28 +0000] "GET /special/2504966642.phtml HTTP/1.1" 404 13248 "-" "Mozilla/5.0 AppleWebKit/537.36 (KHTML, like Gecko; compatible; ClaudeBot/1.0; [email protected])"
20.171.207.83 - - [17/Jul/2025:13:48:30 +0000] "GET /items/motorcycles/motorcycles/2043335/ HTTP/1.1" 404 13248 "-" "Mozilla/5.0 AppleWebKit/537.36 (KHTML, like Gecko; compatible; GPTBot/1.2; +https://openai.com/gptbot)"
20.171.207.83 - - [17/Jul/2025:13:48:31 +0000] "GET /items/motorcycles/motorcycles/3336476/ HTTP/1.1" 404 13248 "-" "Mozilla/5.0 AppleWebKit/537.36 (KHTML, like Gecko; compatible; GPTBot/1.2; +https://openai.com/gptbot)"
216.73.216.36 - - [17/Jul/2025:13:48:31 +0000] "GET /special/2505455714.phtml HTTP/1.1" 404 13248 "-" "Mozilla/5.0 AppleWebKit/537.36 (KHTML, like Gecko; compatible; ClaudeBot/1.0; [email protected])"
20.171.207.83 - - [17/Jul/2025:13:48:32 +0000] "GET /items/musical-instruments/equipment/3872201/ HTTP/1.1" 404 13248 "-" "Mozilla/5.0 AppleWebKit/537.36 (KHTML, like Gecko; compatible; GPTBot/1.2; +https://openai.com/gptbot)"
20.171.207.83 - - [17/Jul/2025:13:48:33 +0000] "GET /items/musical-instruments/equipment/1940329/ HTTP/1.1" 404 13248 "-" "Mozilla/5.0 AppleWebKit/537.36 (KHTML, like Gecko; compatible; GPTBot/1.2; +https://openai.com/gptbot)"
20.171.207.83 - - [17/Jul/2025:13:48:34 +0000] "GET /items/musical-instruments/equipment/2536215/ HTTP/1.1" 404 13248 "-" "Mozilla/5.0 AppleWebKit/537.36 (KHTML, like Gecko; compatible; GPTBot/1.2; +https://openai.com/gptbot)"
216.73.216.36 - - [17/Jul/2025:13:48:34 +0000] "GET /special/2504903390.phtml HTTP/1.1" 404 13248 "-" "Mozilla/5.0 AppleWebKit/537.36 (KHTML, like Gecko; compatible; ClaudeBot/1.0; [email protected])"
20.171.207.83 - - [17/Jul/2025:13:48:35 +0000] "GET /items/musical-instruments/equipment/1755302/ HTTP/1.1" 404 13248 "-" "Mozilla/5.0 AppleWebKit/537.36 (KHTML, like Gecko; compatible; GPTBot/1.2; +https://openai.com/gptbot)"
40.77.167.41 - - [17/Jul/2025:13:48:36 +0000] "GET /special/1138067600.phtml HTTP/1.1" 200 20536 "-" "Mozilla/5.0 AppleWebKit/537.36 (KHTML, like Gecko; compatible; bingbot/2.0; +http://www.bing.com/bingbot.htm) Chrome/116.0.1938.76 Safari/537.36"
20.171.207.83 - - [17/Jul/2025:13:48:37 +0000] "GET /items/musical-instruments/equipment/4632828/ HTTP/1.1" 404 13248 "-" "Mozilla/5.0 AppleWebKit/537.36 (KHTML, like Gecko; compatible; GPTBot/1.2; +https://openai.com/gptbot)"
216.73.216.36 - - [17/Jul/2025:13:48:37 +0000] "GET /special/2505354934.phtml HTTP/1.1" 404 13248 "-" "Mozilla/5.0 AppleWebKit/537.36 (KHTML, like Gecko; compatible; ClaudeBot/1.0; [email protected])"
20.171.207.83 - - [17/Jul/2025:13:48:38 +0000] "GET /items/musical-instruments/equipment/2902425/ HTTP/1.1" 404 13248 "-" "Mozilla/5.0 AppleWebKit/537.36 (KHTML, like Gecko; compatible; GPTBot/1.2; +https://openai.com/gptbot)"
20.171.207.83 - - [17/Jul/2025:13:48:39 +0000] "GET /items/musical-instruments/equipment/3662927/ HTTP/1.1" 404 13248 "-" "Mozilla/5.0 AppleWebKit/537.36 (KHTML, like Gecko; compatible; GPTBot/1.2; +https://openai.com/gptbot)"
20.171.207.83 - - [17/Jul/2025:13:48:40 +0000] "GET /items/art/crafts/3092220/ HTTP/1.1" 404 13248 "-" "Mozilla/5.0 AppleWebKit/537.36 (KHTML, like Gecko; compatible; GPTBot/1.2; +https://openai.com/gptbot)"
216.73.216.36 - - [17/Jul/2025:13:48:40 +0000] "GET /special/2505037206.phtml HTTP/1.1" 404 13248 "-" "Mozilla/5.0 AppleWebKit/537.36 (KHTML, like Gecko; compatible; ClaudeBot/1.0; [email protected])"
20.171.207.83 - - [17/Jul/2025:13:48:41 +0000] "GET /items/diy/roller/2225011/ HTTP/1.1" 404 13248 "-" "Mozilla/5.0 AppleWebKit/537.36 (KHTML, like Gecko; compatible; GPTBot/1.2; +https://openai.com/gptbot)"
20.171.207.83 - - [17/Jul/2025:13:48:43 +0000] "GET /items/tv/cameras/3552999/ HTTP/1.1" 404 13248 "-" "Mozilla/5.0 AppleWebKit/537.36 (KHTML, like Gecko; compatible; GPTBot/1.2; +https://openai.com/gptbot)"
216.73.216.36 - - [17/Jul/2025:13:48:43 +0000] "GET /special/2505129036.phtml HTTP/1.1" 404 13248 "-" "Mozilla/5.0 AppleWebKit/537.36 (KHTML, like Gecko; compatible; ClaudeBot/1.0; [email protected])"
20.171.207.83 - - [17/Jul/2025:13:48:44 +0000] "GET /items/art/robots/5111392/ HTTP/1.1" 404 13248 "-" "Mozilla/5.0 AppleWebKit/537.36 (KHTML, like Gecko; compatible; GPTBot/1.2; +https://openai.com/gptbot)"
20.171.207.83 - - [17/Jul/2025:13:48:45 +0000] "GET /items/tv/cameras/4111827/ HTTP/1.1" 404 13248 "-" "Mozilla/5.0 AppleWebKit/537.36 (KHTML, like Gecko; compatible; GPTBot/1.2; +https://openai.com/gptbot)"
20.171.207.83 - - [17/Jul/2025:13:48:46 +0000] "GET /items/cars/parts/2221169/ HTTP/1.1" 404 13248 "-" "Mozilla/5.0 AppleWebKit/537.36 (KHTML, like Gecko; compatible; GPTBot/1.2; +https://openai.com/gptbot)"
216.73.216.36 - - [17/Jul/2025:13:48:46 +0000] "GET /special/2505049778.phtml HTTP/1.1" 404 13248 "-" "Mozilla/5.0 AppleWebKit/537.36 (KHTML, like Gecko; compatible; ClaudeBot/1.0; [email protected])"
20.171.207.83 - - [17/Jul/2025:13:48:47 +0000] "GET /items/fashion/mens/3131113/ HTTP/1.1" 404 13248 "-" "Mozilla/5.0 AppleWebKit/537.36 (KHTML, like Gecko; compatible; GPTBot/1.2; +https://openai.com/gptbot)"
20.171.207.83 - - [17/Jul/2025:13:48:48 +0000] "GET /items/diet/massage/1555157/ HTTP/1.1" 404 13248 "-" "Mozilla/5.0 AppleWebKit/537.36 (KHTML, like Gecko; compatible; GPTBot/1.2; +https://openai.com/gptbot)"
216.73.216.36 - - [17/Jul/2025:13:48:49 +0000] "GET /special/2505480922.phtml HTTP/1.1" 404 13248 "-" "Mozilla/5.0 AppleWebKit/537.36 (KHTML, like Gecko; compatible; ClaudeBot/1.0; [email protected])"
20.171.207.83 - - [17/Jul/2025:13:48:50 +0000] "GET /items/cosmetics/booster/2992820/ HTTP/1.1" 404 13248 "-" "Mozilla/5.0 AppleWebKit/537.36 (KHTML, like Gecko; compatible; GPTBot/1.2; +https://openai.com/gptbot)"
20.171.207.83 - - [17/Jul/2025:13:48:51 +0000] "GET /items/handicrafts/hobbies/2659994/ HTTP/1.1" 404 13248 "-" "Mozilla/5.0 AppleWebKit/537.36 (KHTML, like Gecko; compatible; GPTBot/1.2; +https://openai.com/gptbot)"
20.171.207.83 - - [17/Jul/2025:13:48:52 +0000] "GET /items/diy/air-tools/2190777/ HTTP/1.1" 404 13248 "-" "Mozilla/5.0 AppleWebKit/537.36 (KHTML, like Gecko; compatible; GPTBot/1.2; +https://openai.com/gptbot)"
20.171.207.83 - - [17/Jul/2025:13:48:53 +0000] "GET /items/gardening/watering/3953116/ HTTP/1.1" 404 13248 "-" "Mozilla/5.0 AppleWebKit/537.36 (KHTML, like Gecko; compatible; GPTBot/1.2; +https://openai.com/gptbot)"
20.171.207.83 - - [17/Jul/2025:13:48:54 +0000] "GET /items/gardening/watering/2864611/ HTTP/1.1" 404 13248 "-" "Mozilla/5.0 AppleWebKit/537.36 (KHTML, like Gecko; compatible; GPTBot/1.2; +https://openai.com/gptbot)"
20.171.207.83 - - [17/Jul/2025:13:48:55 +0000] "GET /items/cosmetics/coloring/4858976/ HTTP/1.1" 404 13248 "-" "Mozilla/5.0 AppleWebKit/537.36 (KHTML, like Gecko; compatible; GPTBot/1.2; +https://openai.com/gptbot)"
20.171.207.83 - - [17/Jul/2025:13:48:57 +0000] "GET /items/furniture/interior/5111675/ HTTP/1.1" 404 13248 "-" "Mozilla/5.0 AppleWebKit/537.36 (KHTML, like Gecko; compatible; GPTBot/1.2; +https://openai.com/gptbot)"
20.171.207.83 - - [17/Jul/2025:13:48:58 +0000] "GET /items/fashion/mens/3666105/ HTTP/1.1" 404 13248 "-" "Mozilla/5.0 AppleWebKit/537.36 (KHTML, like Gecko; compatible; GPTBot/1.2; +https://openai.com/gptbot)"
20.171.207.83 - - [17/Jul/2025:13:48:59 +0000] "GET /items/tickets/golf/2811138/ HTTP/1.1" 404 13248 "-" "Mozilla/5.0 AppleWebKit/537.36 (KHTML, like Gecko; compatible; GPTBot/1.2; +https://openai.com/gptbot)"
20.171.207.83 - - [17/Jul/2025:13:49:00 +0000] "GET /items/fashion/bags/3666379/ HTTP/1.1" 404 13248 "-" "Mozilla/5.0 AppleWebKit/537.36 (KHTML, like Gecko; compatible; GPTBot/1.2; +https://openai.com/gptbot)"
20.171.207.83 - - [17/Jul/2025:13:49:01 +0000] "GET /items/fashion/bags/1394999/ HTTP/1.1" 404 13248 "-" "Mozilla/5.0 AppleWebKit/537.36 (KHTML, like Gecko; compatible; GPTBot/1.2; +https://openai.com/gptbot)"
20.171.207.83 - - [17/Jul/2025:13:49:02 +0000] "GET /items/fashion/mens/2096665/ HTTP/1.1" 404 13248 "-" "Mozilla/5.0 AppleWebKit/537.36 (KHTML, like Gecko; compatible; GPTBot/1.2; +https://openai.com/gptbot)"
20.171.207.83 - - [17/Jul/2025:13:49:04 +0000] "GET /items/fashion/mens/4079993/ HTTP/1.1" 404 13248 "-" "Mozilla/5.0 AppleWebKit/537.36 (KHTML, like Gecko; compatible; GPTBot/1.2; +https://openai.com/gptbot)"
20.171.207.83 - - [17/Jul/2025:13:49:05 +0000] "GET /items/fashion/tops/1845111/ HTTP/1.1" 404 13248 "-" "Mozilla/5.0 AppleWebKit/537.36 (KHTML, like Gecko; compatible; GPTBot/1.2; +https://openai.com/gptbot)"
20.171.207.83 - - [17/Jul/2025:13:49:06 +0000] "GET /items/fashion/bags/3888975/ HTTP/1.1" 404 13248 "-" "Mozilla/5.0 AppleWebKit/537.36 (KHTML, like Gecko; compatible; GPTBot/1.2; +https://openai.com/gptbot)"
20.171.207.83 - - [17/Jul/2025:13:49:07 +0000] "GET /items/outdoor/bags/3711179/ HTTP/1.1" 404 13248 "-" "Mozilla/5.0 AppleWebKit/537.36 (KHTML, like Gecko; compatible; GPTBot/1.2; +https://openai.com/gptbot)"
20.171.207.83 - - [17/Jul/2025:13:49:08 +0000] "GET /items/fashion/bags/2777618/ HTTP/1.1" 404 13248 "-" "Mozilla/5.0 AppleWebKit/537.36 (KHTML, like Gecko; compatible; GPTBot/1.2; +https://openai.com/gptbot)"
20.171.207.83 - - [17/Jul/2025:13:49:10 +0000] "GET /items/tools/repair/1579992/ HTTP/1.1" 404 13248 "-" "Mozilla/5.0 AppleWebKit/537.36 (KHTML, like Gecko; compatible; GPTBot/1.2; +https://openai.com/gptbot)"
20.171.207.83 - - [17/Jul/2025:13:49:11 +0000] "GET /items/fashion/tops/1840001/ HTTP/1.1" 404 13248 "-" "Mozilla/5.0 AppleWebKit/537.36 (KHTML, like Gecko; compatible; GPTBot/1.2; +https://openai.com/gptbot)"
216.73.216.36 - - [17/Jul/2025:13:49:12 +0000] "GET /special/2505127846.phtml HTTP/1.1" 404 13248 "-" "Mozilla/5.0 AppleWebKit/537.36 (KHTML, like Gecko; compatible; ClaudeBot/1.0; [email protected])"
20.171.207.83 - - [17/Jul/2025:13:49:12 +0000] "GET /items/alcohol/food/2777381/ HTTP/1.1" 404 13248 "-" "Mozilla/5.0 AppleWebKit/537.36 (KHTML, like Gecko; compatible; GPTBot/1.2; +https://openai.com/gptbot)"
20.171.207.83 - - [17/Jul/2025:13:49:13 +0000] "GET /items/fashion/mens/5248886/ HTTP/1.1" 404 13248 "-" "Mozilla/5.0 AppleWebKit/537.36 (KHTML, like Gecko; compatible; GPTBot/1.2; +https://openai.com/gptbot)"
20.171.207.83 - - [17/Jul/2025:13:49:14 +0000] "GET /items/fashion/mens/3944428/ HTTP/1.1" 404 13248 "-" "Mozilla/5.0 AppleWebKit/537.36 (KHTML, like Gecko; compatible; GPTBot/1.2; +https://openai.com/gptbot)"
216.73.216.36 - - [17/Jul/2025:13:49:14 +0000] "GET /special/2505043204.phtml HTTP/1.1" 404 13248 "-" "Mozilla/5.0 AppleWebKit/537.36 (KHTML, like Gecko; compatible; ClaudeBot/1.0; [email protected])"
20.171.207.83 - - [17/Jul/2025:13:49:15 +0000] "GET /items/fashion/tops/3999750/ HTTP/1.1" 404 13248 "-" "Mozilla/5.0 AppleWebKit/537.36 (KHTML, like Gecko; compatible; GPTBot/1.2; +https://openai.com/gptbot)"
20.171.207.83 - - [17/Jul/2025:13:49:17 +0000] "GET /items/fashion/bags/4441879/ HTTP/1.1" 404 13248 "-" "Mozilla/5.0 AppleWebKit/537.36 (KHTML, like Gecko; compatible; GPTBot/1.2; +https://openai.com/gptbot)"
216.73.216.36 - - [17/Jul/2025:13:49:18 +0000] "GET /special/2505466648.phtml HTTP/1.1" 404 13248 "-" "Mozilla/5.0 AppleWebKit/537.36 (KHTML, like Gecko; compatible; ClaudeBot/1.0; [email protected])"
20.171.207.83 - - [17/Jul/2025:13:49:18 +0000] "GET /items/handicrafts/fashion-accessories/5129475/ HTTP/1.1" 404 13248 "-" "Mozilla/5.0 AppleWebKit/537.36 (KHTML, like Gecko; compatible; GPTBot/1.2; +https://openai.com/gptbot)"
20.171.207.83 - - [17/Jul/2025:13:49:19 +0000] "GET /items/handicrafts/fashion-accessories/5243699/ HTTP/1.1" 404 13248 "-" "Mozilla/5.0 AppleWebKit/537.36 (KHTML, like Gecko; compatible; GPTBot/1.2; +https://openai.com/gptbot)"
20.171.207.83 - - [17/Jul/2025:13:49:20 +0000] "GET /items/musical-instruments/accessories/4882736/ HTTP/1.1" 404 13248 "-" "Mozilla/5.0 AppleWebKit/537.36 (KHTML, like Gecko; compatible; GPTBot/1.2; +https://openai.com/gptbot)"
216.73.216.36 - - [17/Jul/2025:13:49:20 +0000] "GET /special/2504787218.phtml HTTP/1.1" 404 13248 "-" "Mozilla/5.0 AppleWebKit/537.36 (KHTML, like Gecko; compatible; ClaudeBot/1.0; [email protected])"
20.171.207.83 - - [17/Jul/2025:13:49:21 +0000] "GET /items/handicrafts/fashion-accessories/4425293/ HTTP/1.1" 404 13248 "-" "Mozilla/5.0 AppleWebKit/537.36 (KHTML, like Gecko; compatible; GPTBot/1.2; +https://openai.com/gptbot)"
20.171.207.83 - - [17/Jul/2025:13:49:22 +0000] "GET /items/handicrafts/fashion-accessories/1362998/ HTTP/1.1" 404 13248 "-" "Mozilla/5.0 AppleWebKit/537.36 (KHTML, like Gecko; compatible; GPTBot/1.2; +https://openai.com/gptbot)"
216.73.216.36 - - [17/Jul/2025:13:49:23 +0000] "GET /special/2504861792.phtml HTTP/1.1" 404 13248 "-" "Mozilla/5.0 AppleWebKit/537.36 (KHTML, like Gecko; compatible; ClaudeBot/1.0; [email protected])"
20.171.207.83 - - [17/Jul/2025:13:49:24 +0000] "GET /items/handicrafts/fashion-accessories/5180828/ HTTP/1.1" 404 13248 "-" "Mozilla/5.0 AppleWebKit/537.36 (KHTML, like Gecko; compatible; GPTBot/1.2; +https://openai.com/gptbot)"
20.171.207.83 - - [17/Jul/2025:13:49:25 +0000] "GET /items/handicrafts/fashion-accessories/2308826/ HTTP/1.1" 404 13248 "-" "Mozilla/5.0 AppleWebKit/537.36 (KHTML, like Gecko; compatible; GPTBot/1.2; +https://openai.com/gptbot)"
20.171.207.83 - - [17/Jul/2025:13:49:26 +0000] "GET /items/musical-instruments/accessories/3726946/ HTTP/1.1" 404 13248 "-" "Mozilla/5.0 AppleWebKit/537.36 (KHTML, like Gecko; compatible; GPTBot/1.2; +https://openai.com/gptbot)"
216.73.216.36 - - [17/Jul/2025:13:49:26 +0000] "GET /special/2505189784.phtml HTTP/1.1" 404 13248 "-" "Mozilla/5.0 AppleWebKit/537.36 (KHTML, like Gecko; compatible; ClaudeBot/1.0; [email protected])"
20.171.207.83 - - [17/Jul/2025:13:49:27 +0000] "GET /items/musical-instruments/accessories/3959216/ HTTP/1.1" 404 13248 "-" "Mozilla/5.0 AppleWebKit/537.36 (KHTML, like Gecko; compatible; GPTBot/1.2; +https://openai.com/gptbot)"
20.171.207.83 - - [17/Jul/2025:13:49:28 +0000] "GET /items/interior/sideboard/4459083/ HTTP/1.1" 404 13248 "-" "Mozilla/5.0 AppleWebKit/537.36 (KHTML, like Gecko; compatible; GPTBot/1.2; +https://openai.com/gptbot)"
216.73.216.36 - - [17/Jul/2025:13:49:29 +0000] "GET /special/2504836452.phtml HTTP/1.1" 404 13248 "-" "Mozilla/5.0 AppleWebKit/537.36 (KHTML, like Gecko; compatible; ClaudeBot/1.0; [email protected])"
20.171.207.83 - - [17/Jul/2025:13:49:30 +0000] "GET /items/handmade/materials/4354818/ HTTP/1.1" 404 13248 "-" "Mozilla/5.0 AppleWebKit/537.36 (KHTML, like Gecko; compatible; GPTBot/1.2; +https://openai.com/gptbot)"
20.171.207.83 - - [17/Jul/2025:13:49:31 +0000] "GET /items/kitchen/stationery/3770834/ HTTP/1.1" 404 13248 "-" "Mozilla/5.0 AppleWebKit/537.36 (KHTML, like Gecko; compatible; GPTBot/1.2; +https://openai.com/gptbot)"
20.171.207.83 - - [17/Jul/2025:13:49:32 +0000] "GET /items/health/supplements/2716856/ HTTP/1.1" 404 13248 "-" "Mozilla/5.0 AppleWebKit/537.36 (KHTML, like Gecko; compatible; GPTBot/1.2; +https://openai.com/gptbot)"
216.73.216.36 - - [17/Jul/2025:13:49:32 +0000] "GET /special/2505379694.phtml HTTP/1.1" 404 13248 "-" "Mozilla/5.0 AppleWebKit/537.36 (KHTML, like Gecko; compatible; ClaudeBot/1.0; [email protected])"
20.171.207.83 - - [17/Jul/2025:13:49:33 +0000] "GET /items/tablets/smartphone/2894779/ HTTP/1.1" 404 13248 "-" "Mozilla/5.0 AppleWebKit/537.36 (KHTML, like Gecko; compatible; GPTBot/1.2; +https://openai.com/gptbot)"
20.171.207.83 - - [17/Jul/2025:13:49:34 +0000] "GET /items/cosmetics/perfumes/3202494/ HTTP/1.1" 404 13248 "-" "Mozilla/5.0 AppleWebKit/537.36 (KHTML, like Gecko; compatible; GPTBot/1.2; +https://openai.com/gptbot)"
20.171.207.83 - - [17/Jul/2025:13:49:35 +0000] "GET /items/furniture/interior/1519413/ HTTP/1.1" 404 13248 "-" "Mozilla/5.0 AppleWebKit/537.36 (KHTML, like Gecko; compatible; GPTBot/1.2; +https://openai.com/gptbot)"
216.73.216.36 - - [17/Jul/2025:13:49:36 +0000] "GET /special/2505084934.phtml HTTP/1.1" 404 13248 "-" "Mozilla/5.0 AppleWebKit/537.36 (KHTML, like Gecko; compatible; ClaudeBot/1.0; [email protected])"
20.171.207.83 - - [17/Jul/2025:13:49:37 +0000] "GET /items/cameras/amplifiers/2056119/ HTTP/1.1" 404 13248 "-" "Mozilla/5.0 AppleWebKit/537.36 (KHTML, like Gecko; compatible; GPTBot/1.2; +https://openai.com/gptbot)"
20.171.207.83 - - [17/Jul/2025:13:49:38 +0000] "GET /items/tools/screwdrivers/2508805/ HTTP/1.1" 404 13248 "-" "Mozilla/5.0 AppleWebKit/537.36 (KHTML, like Gecko; compatible; GPTBot/1.2; +https://openai.com/gptbot)"
216.73.216.36 - - [17/Jul/2025:13:49:38 +0000] "GET /special/2505500938.phtml HTTP/1.1" 404 13248 "-" "Mozilla/5.0 AppleWebKit/537.36 (KHTML, like Gecko; compatible; ClaudeBot/1.0; [email protected])"
20.171.207.83 - - [17/Jul/2025:13:49:39 +0000] "GET /items/interior/ornaments/4495734/ HTTP/1.1" 404 13248 "-" "Mozilla/5.0 AppleWebKit/537.36 (KHTML, like Gecko; compatible; GPTBot/1.2; +https://openai.com/gptbot)"
20.171.207.83 - - [17/Jul/2025:13:49:40 +0000] "GET /items/cosmetics/skincare/2885220/ HTTP/1.1" 404 13248 "-" "Mozilla/5.0 AppleWebKit/537.36 (KHTML, like Gecko; compatible; GPTBot/1.2; +https://openai.com/gptbot)"
20.171.207.83 - - [17/Jul/2025:13:49:41 +0000] "GET /items/smartphones/tablet/4657844/ HTTP/1.1" 404 13248 "-" "Mozilla/5.0 AppleWebKit/537.36 (KHTML, like Gecko; compatible; GPTBot/1.2; +https://openai.com/gptbot)"
216.73.216.36 - - [17/Jul/2025:13:49:41 +0000] "GET /special/2505547992.phtml HTTP/1.1" 404 13248 "-" "Mozilla/5.0 AppleWebKit/537.36 (KHTML, like Gecko; compatible; ClaudeBot/1.0; [email protected])"
20.171.207.83 - - [17/Jul/2025:13:49:43 +0000] "GET /items/kitchen/stationery/3511663/ HTTP/1.1" 404 13248 "-" "Mozilla/5.0 AppleWebKit/537.36 (KHTML, like Gecko; compatible; GPTBot/1.2; +https://openai.com/gptbot)"
20.171.207.83 - - [17/Jul/2025:13:49:44 +0000] "GET /items/cosmetics/skincare/4247970/ HTTP/1.1" 404 13248 "-" "Mozilla/5.0 AppleWebKit/537.36 (KHTML, like Gecko; compatible; GPTBot/1.2; +https://openai.com/gptbot)"
216.73.216.36 - - [17/Jul/2025:13:49:44 +0000] "GET /special/2504972640.phtml HTTP/1.1" 404 13248 "-" "Mozilla/5.0 AppleWebKit/537.36 (KHTML, like Gecko; compatible; ClaudeBot/1.0; [email protected])"
20.171.207.83 - - [17/Jul/2025:13:49:45 +0000] "GET /items/tickets/restaurant/5142851/ HTTP/1.1" 404 13248 "-" "Mozilla/5.0 AppleWebKit/537.36 (KHTML, like Gecko; compatible; GPTBot/1.2; +https://openai.com/gptbot)"
20.171.207.83 - - [17/Jul/2025:13:49:46 +0000] "GET /items/furniture/interior/4047234/ HTTP/1.1" 404 13248 "-" "Mozilla/5.0 AppleWebKit/537.36 (KHTML, like Gecko; compatible; GPTBot/1.2; +https://openai.com/gptbot)"
20.171.207.83 - - [17/Jul/2025:13:49:47 +0000] "GET /items/tools/screwdrivers/4036990/ HTTP/1.1" 404 13248 "-" "Mozilla/5.0 AppleWebKit/537.36 (KHTML, like Gecko; compatible; GPTBot/1.2; +https://openai.com/gptbot)"
216.73.216.36 - - [17/Jul/2025:13:49:47 +0000] "GET /special/2505349866.phtml HTTP/1.1" 404 13248 "-" "Mozilla/5.0 AppleWebKit/537.36 (KHTML, like Gecko; compatible; ClaudeBot/1.0; [email protected])"
20.171.207.83 - - [17/Jul/2025:13:49:48 +0000] "GET /items/cosmetics/perfumes/2074966/ HTTP/1.1" 404 13248 "-" "Mozilla/5.0 AppleWebKit/537.36 (KHTML, like Gecko; compatible; GPTBot/1.2; +https://openai.com/gptbot)"
20.171.207.83 - - [17/Jul/2025:13:49:50 +0000] "GET /items/cosmetics/skincare/5121905/ HTTP/1.1" 404 13248 "-" "Mozilla/5.0 AppleWebKit/537.36 (KHTML, like Gecko; compatible; GPTBot/1.2; +https://openai.com/gptbot)"
20.171.207.83 - - [17/Jul/2025:13:49:51 +0000] "GET /items/cameras/amplifiers/1532593/ HTTP/1.1" 404 13248 "-" "Mozilla/5.0 AppleWebKit/537.36 (KHTML, like Gecko; compatible; GPTBot/1.2; +https://openai.com/gptbot)"
20.171.207.83 - - [17/Jul/2025:13:49:52 +0000] "GET /items/health/supplements/2553927/ HTTP/1.1" 404 13248 "-" "Mozilla/5.0 AppleWebKit/537.36 (KHTML, like Gecko; compatible; GPTBot/1.2; +https://openai.com/gptbot)"
20.171.207.83 - - [17/Jul/2025:13:49:53 +0000] "GET /items/cosmetics/skincare/3008842/ HTTP/1.1" 404 13248 "-" "Mozilla/5.0 AppleWebKit/537.36 (KHTML, like Gecko; compatible; GPTBot/1.2; +https://openai.com/gptbot)"
20.171.207.83 - - [17/Jul/2025:13:49:54 +0000] "GET /items/kitchen/stationery/5156108/ HTTP/1.1" 404 13248 "-" "Mozilla/5.0 AppleWebKit/537.36 (KHTML, like Gecko; compatible; GPTBot/1.2; +https://openai.com/gptbot)"
20.171.207.83 - - [17/Jul/2025:13:49:55 +0000] "GET /items/interior/ornaments/4935630/ HTTP/1.1" 404 13248 "-" "Mozilla/5.0 AppleWebKit/537.36 (KHTML, like Gecko; compatible; GPTBot/1.2; +https://openai.com/gptbot)"
20.171.207.83 - - [17/Jul/2025:13:49:57 +0000] "GET /items/tablets/smartphone/1694618/ HTTP/1.1" 404 13248 "-" "Mozilla/5.0 AppleWebKit/537.36 (KHTML, like Gecko; compatible; GPTBot/1.2; +https://openai.com/gptbot)"
20.171.207.83 - - [17/Jul/2025:13:49:58 +0000] "GET /items/tickets/restaurant/3719462/ HTTP/1.1" 404 13248 "-" "Mozilla/5.0 AppleWebKit/537.36 (KHTML, like Gecko; compatible; GPTBot/1.2; +https://openai.com/gptbot)"
20.171.207.83 - - [17/Jul/2025:13:49:59 +0000] "GET /items/furniture/curtains/4534008/ HTTP/1.1" 404 13248 "-" "Mozilla/5.0 AppleWebKit/537.36 (KHTML, like Gecko; compatible; GPTBot/1.2; +https://openai.com/gptbot)"
20.171.207.83 - - [17/Jul/2025:13:50:00 +0000] "GET /items/interior/ornaments/3461055/ HTTP/1.1" 404 13248 "-" "Mozilla/5.0 AppleWebKit/537.36 (KHTML, like Gecko; compatible; GPTBot/1.2; +https://openai.com/gptbot)"
20.171.207.83 - - [17/Jul/2025:13:50:01 +0000] "GET /items/interior/ornaments/3598313/ HTTP/1.1" 404 13248 "-" "Mozilla/5.0 AppleWebKit/537.36 (KHTML, like Gecko; compatible; GPTBot/1.2; +https://openai.com/gptbot)"
20.171.207.83 - - [17/Jul/2025:13:50:02 +0000] "GET /items/health/supplements/3979187/ HTTP/1.1" 404 13248 "-" "Mozilla/5.0 AppleWebKit/537.36 (KHTML, like Gecko; compatible; GPTBot/1.2; +https://openai.com/gptbot)"
20.171.207.83 - - [17/Jul/2025:13:50:04 +0000] "GET /items/sports/accessories/2218084/ HTTP/1.1" 404 13248 "-" "Mozilla/5.0 AppleWebKit/537.36 (KHTML, like Gecko; compatible; GPTBot/1.2; +https://openai.com/gptbot)"
20.171.207.83 - - [17/Jul/2025:13:50:05 +0000] "GET /items/cosmetics/perfumes/1840812/ HTTP/1.1" 404 13248 "-" "Mozilla/5.0 AppleWebKit/537.36 (KHTML, like Gecko; compatible; GPTBot/1.2; +https://openai.com/gptbot)"
20.171.207.83 - - [17/Jul/2025:13:50:06 +0000] "GET /items/tools/screwdrivers/5035910/ HTTP/1.1" 404 13248 "-" "Mozilla/5.0 AppleWebKit/537.36 (KHTML, like Gecko; compatible; GPTBot/1.2; +https://openai.com/gptbot)"
216.73.216.36 - - [17/Jul/2025:13:50:07 +0000] "GET /special/2505174388.phtml HTTP/1.1" 404 13248 "-" "Mozilla/5.0 AppleWebKit/537.36 (KHTML, like Gecko; compatible; ClaudeBot/1.0; [email protected])"
20.171.207.83 - - [17/Jul/2025:13:50:07 +0000] "GET /items/smartphones/others/3740645/ HTTP/1.1" 404 13248 "-" "Mozilla/5.0 AppleWebKit/537.36 (KHTML, like Gecko; compatible; GPTBot/1.2; +https://openai.com/gptbot)"
20.171.207.83 - - [17/Jul/2025:13:50:08 +0000] "GET /items/computers/notebook/4934113/ HTTP/1.1" 404 13248 "-" "Mozilla/5.0 AppleWebKit/537.36 (KHTML, like Gecko; compatible; GPTBot/1.2; +https://openai.com/gptbot)"
20.171.207.83 - - [17/Jul/2025:13:50:10 +0000] "GET /items/health/supplements/1680419/ HTTP/1.1" 404 13248 "-" "Mozilla/5.0 AppleWebKit/537.36 (KHTML, like Gecko; compatible; GPTBot/1.2; +https://openai.com/gptbot)"
216.73.216.36 - - [17/Jul/2025:13:50:10 +0000] "GET /special/2505058148.phtml HTTP/1.1" 404 13248 "-" "Mozilla/5.0 AppleWebKit/537.36 (KHTML, like Gecko; compatible; ClaudeBot/1.0; [email protected])"
20.171.207.83 - - [17/Jul/2025:13:50:11 +0000] "GET /items/kitchen/stationery/1841827/ HTTP/1.1" 404 13248 "-" "Mozilla/5.0 AppleWebKit/537.36 (KHTML, like Gecko; compatible; GPTBot/1.2; +https://openai.com/gptbot)"
20.171.207.83 - - [17/Jul/2025:13:50:12 +0000] "GET /items/cosmetics/perfumes/5114836/ HTTP/1.1" 404 13248 "-" "Mozilla/5.0 AppleWebKit/537.36 (KHTML, like Gecko; compatible; GPTBot/1.2; +https://openai.com/gptbot)"
216.73.216.36 - - [17/Jul/2025:13:50:13 +0000] "GET /special/2505542668.phtml HTTP/1.1" 404 13248 "-" "Mozilla/5.0 AppleWebKit/537.36 (KHTML, like Gecko; compatible; ClaudeBot/1.0; [email protected])"
20.171.207.83 - - [17/Jul/2025:13:50:13 +0000] "GET /items/cameras/television/1854966/ HTTP/1.1" 404 13248 "-" "Mozilla/5.0 AppleWebKit/537.36 (KHTML, like Gecko; compatible; GPTBot/1.2; +https://openai.com/gptbot)"
20.171.207.83 - - [17/Jul/2025:13:50:14 +0000] "GET /items/handmade/ornaments/4354550/ HTTP/1.1" 404 13248 "-" "Mozilla/5.0 AppleWebKit/537.36 (KHTML, like Gecko; compatible; GPTBot/1.2; +https://openai.com/gptbot)"
20.171.207.83 - - [17/Jul/2025:13:50:15 +0000] "GET /items/tablets/smartphone/5105218/ HTTP/1.1" 404 13248 "-" "Mozilla/5.0 AppleWebKit/537.36 (KHTML, like Gecko; compatible; GPTBot/1.2; +https://openai.com/gptbot)"
216.73.216.36 - - [17/Jul/2025:13:50:16 +0000] "GET /special/2505300632.phtml HTTP/1.1" 404 13248 "-" "Mozilla/5.0 AppleWebKit/537.36 (KHTML, like Gecko; compatible; ClaudeBot/1.0; [email protected])"
40.77.167.41 - - [17/Jul/2025:13:50:17 +0000] "GET /special/1591873634.phtml HTTP/1.1" 200 18564 "-" "Mozilla/5.0 AppleWebKit/537.36 (KHTML, like Gecko; compatible; bingbot/2.0; +http://www.bing.com/bingbot.htm) Chrome/116.0.1938.76 Safari/537.36"
20.171.207.83 - - [17/Jul/2025:13:50:17 +0000] "GET /items/handmade/furniture/2583535/ HTTP/1.1" 404 13248 "-" "Mozilla/5.0 AppleWebKit/537.36 (KHTML, like Gecko; compatible; GPTBot/1.2; +https://openai.com/gptbot)"
20.171.207.83 - - [17/Jul/2025:13:50:18 +0000] "GET /items/handicrafts/others/2470200/ HTTP/1.1" 404 13248 "-" "Mozilla/5.0 AppleWebKit/537.36 (KHTML, like Gecko; compatible; GPTBot/1.2; +https://openai.com/gptbot)"
216.73.216.36 - - [17/Jul/2025:13:50:19 +0000] "GET /special/2504928730.phtml HTTP/1.1" 404 13248 "-" "Mozilla/5.0 AppleWebKit/537.36 (KHTML, like Gecko; compatible; ClaudeBot/1.0; [email protected])"
20.171.207.83 - - [17/Jul/2025:13:50:19 +0000] "GET /items/tablets/smartphone/2285527/ HTTP/1.1" 404 13248 "-" "Mozilla/5.0 AppleWebKit/537.36 (KHTML, like Gecko; compatible; GPTBot/1.2; +https://openai.com/gptbot)"
20.171.207.83 - - [17/Jul/2025:13:50:20 +0000] "GET /items/sports/accessories/1951976/ HTTP/1.1" 404 13248 "-" "Mozilla/5.0 AppleWebKit/537.36 (KHTML, like Gecko; compatible; GPTBot/1.2; +https://openai.com/gptbot)"
52.167.144.172 - - [17/Jul/2025:13:50:21 +0000] "GET /special/1002912992.phtml HTTP/1.1" 200 20799 "-" "Mozilla/5.0 AppleWebKit/537.36 (KHTML, like Gecko; compatible; bingbot/2.0; +http://www.bing.com/bingbot.htm) Chrome/116.0.1938.76 Safari/537.36"
20.171.207.83 - - [17/Jul/2025:13:50:22 +0000] "GET /items/gardening/monstera/3912909/ HTTP/1.1" 404 13248 "-" "Mozilla/5.0 AppleWebKit/537.36 (KHTML, like Gecko; compatible; GPTBot/1.2; +https://openai.com/gptbot)"
216.73.216.36 - - [17/Jul/2025:13:50:22 +0000] "GET /special/2505253902.phtml HTTP/1.1" 404 13248 "-" "Mozilla/5.0 AppleWebKit/537.36 (KHTML, like Gecko; compatible; ClaudeBot/1.0; [email protected])"
20.171.207.83 - - [17/Jul/2025:13:50:23 +0000] "GET /items/cameras/amplifiers/3729455/ HTTP/1.1" 404 13248 "-" "Mozilla/5.0 AppleWebKit/537.36 (KHTML, like Gecko; compatible; GPTBot/1.2; +https://openai.com/gptbot)"
52.167.144.172 - - [17/Jul/2025:13:50:24 +0000] "GET /special/1002967230.phtml HTTP/1.1" 200 23308 "-" "Mozilla/5.0 AppleWebKit/537.36 (KHTML, like Gecko; compatible; bingbot/2.0; +http://www.bing.com/bingbot.htm) Chrome/116.0.1938.76 Safari/537.36"
20.171.207.83 - - [17/Jul/2025:13:50:24 +0000] "GET /items/cameras/headphones/3637311/ HTTP/1.1" 404 13248 "-" "Mozilla/5.0 AppleWebKit/537.36 (KHTML, like Gecko; compatible; GPTBot/1.2; +https://openai.com/gptbot)"
216.73.216.36 - - [17/Jul/2025:13:50:25 +0000] "GET /special/2505353684.phtml HTTP/1.1" 404 13248 "-" "Mozilla/5.0 AppleWebKit/537.36 (KHTML, like Gecko; compatible; ClaudeBot/1.0; [email protected])"
20.171.207.83 - - [17/Jul/2025:13:50:25 +0000] "GET /items/handmade/materials/4468198/ HTTP/1.1" 404 13248 "-" "Mozilla/5.0 AppleWebKit/537.36 (KHTML, like Gecko; compatible; GPTBot/1.2; +https://openai.com/gptbot)"
20.171.207.83 - - [17/Jul/2025:13:50:26 +0000] "GET /items/interior/ornaments/3601692/ HTTP/1.1" 404 13248 "-" "Mozilla/5.0 AppleWebKit/537.36 (KHTML, like Gecko; compatible; GPTBot/1.2; +https://openai.com/gptbot)"
20.171.207.83 - - [17/Jul/2025:13:50:27 +0000] "GET /items/handmade/materials/2839022/ HTTP/1.1" 404 13248 "-" "Mozilla/5.0 AppleWebKit/537.36 (KHTML, like Gecko; compatible; GPTBot/1.2; +https://openai.com/gptbot)"
216.73.216.36 - - [17/Jul/2025:13:50:28 +0000] "GET /special/2504878182.phtml HTTP/1.1" 404 13248 "-" "Mozilla/5.0 AppleWebKit/537.36 (KHTML, like Gecko; compatible; ClaudeBot/1.0; [email protected])"
20.171.207.83 - - [17/Jul/2025:13:50:29 +0000] "GET /items/cosmetics/skincare/1820424/ HTTP/1.1" 404 13248 "-" "Mozilla/5.0 AppleWebKit/537.36 (KHTML, like Gecko; compatible; GPTBot/1.2; +https://openai.com/gptbot)"
20.171.207.83 - - [17/Jul/2025:13:50:30 +0000] "GET /items/furniture/interior/4779113/ HTTP/1.1" 404 13248 "-" "Mozilla/5.0 AppleWebKit/537.36 (KHTML, like Gecko; compatible; GPTBot/1.2; +https://openai.com/gptbot)"
216.73.216.36 - - [17/Jul/2025:13:50:31 +0000] "GET /special/2505047150.phtml HTTP/1.1" 404 13248 "-" "Mozilla/5.0 AppleWebKit/537.36 (KHTML, like Gecko; compatible; ClaudeBot/1.0; [email protected])"
20.171.207.83 - - [17/Jul/2025:13:50:31 +0000] "GET /items/smartphones/tablet/3667260/ HTTP/1.1" 404 13248 "-" "Mozilla/5.0 AppleWebKit/537.36 (KHTML, like Gecko; compatible; GPTBot/1.2; +https://openai.com/gptbot)"
20.171.207.83 - - [17/Jul/2025:13:50:32 +0000] "GET /items/handmade/materials/2875786/ HTTP/1.1" 404 13248 "-" "Mozilla/5.0 AppleWebKit/537.36 (KHTML, like Gecko; compatible; GPTBot/1.2; +https://openai.com/gptbot)"
20.171.207.83 - - [17/Jul/2025:13:50:33 +0000] "GET /items/furniture/interior/1656871/ HTTP/1.1" 404 13248 "-" "Mozilla/5.0 AppleWebKit/537.36 (KHTML, like Gecko; compatible; GPTBot/1.2; +https://openai.com/gptbot)"
216.73.216.36 - - [17/Jul/2025:13:50:34 +0000] "GET /special/2505156424.phtml HTTP/1.1" 404 13248 "-" "Mozilla/5.0 AppleWebKit/537.36 (KHTML, like Gecko; compatible; ClaudeBot/1.0; [email protected])"
20.171.207.83 - - [17/Jul/2025:13:50:34 +0000] "GET /items/health/supplements/1708879/ HTTP/1.1" 404 13248 "-" "Mozilla/5.0 AppleWebKit/537.36 (KHTML, like Gecko; compatible; GPTBot/1.2; +https://openai.com/gptbot)"
20.171.207.83 - - [17/Jul/2025:13:50:36 +0000] "GET /items/cosmetics/skincare/2781376/ HTTP/1.1" 404 13248 "-" "Mozilla/5.0 AppleWebKit/537.36 (KHTML, like Gecko; compatible; GPTBot/1.2; +https://openai.com/gptbot)"
216.73.216.36 - - [17/Jul/2025:13:50:37 +0000] "GET /special/2505248574.phtml HTTP/1.1" 404 13248 "-" "Mozilla/5.0 AppleWebKit/537.36 (KHTML, like Gecko; compatible; ClaudeBot/1.0; [email protected])"
20.171.207.83 - - [17/Jul/2025:13:50:37 +0000] "GET /items/furniture/interior/1810254/ HTTP/1.1" 404 13248 "-" "Mozilla/5.0 AppleWebKit/537.36 (KHTML, like Gecko; compatible; GPTBot/1.2; +https://openai.com/gptbot)"
20.171.207.83 - - [17/Jul/2025:13:50:38 +0000] "GET /items/tickets/restaurant/3789943/ HTTP/1.1" 404 13248 "-" "Mozilla/5.0 AppleWebKit/537.36 (KHTML, like Gecko; compatible; GPTBot/1.2; +https://openai.com/gptbot)"
20.171.207.83 - - [17/Jul/2025:13:50:39 +0000] "GET /items/tickets/restaurant/4290926/ HTTP/1.1" 404 13248 "-" "Mozilla/5.0 AppleWebKit/537.36 (KHTML, like Gecko; compatible; GPTBot/1.2; +https://openai.com/gptbot)"
216.73.216.36 - - [17/Jul/2025:13:50:40 +0000] "GET /special/2505299254.phtml HTTP/1.1" 404 13248 "-" "Mozilla/5.0 AppleWebKit/537.36 (KHTML, like Gecko; compatible; ClaudeBot/1.0; [email protected])"
20.171.207.83 - - [17/Jul/2025:13:50:40 +0000] "GET /items/health/supplements/3364990/ HTTP/1.1" 404 13248 "-" "Mozilla/5.0 AppleWebKit/537.36 (KHTML, like Gecko; compatible; GPTBot/1.2; +https://openai.com/gptbot)"
20.171.207.83 - - [17/Jul/2025:13:50:42 +0000] "GET /items/sports/accessories/5049370/ HTTP/1.1" 404 13248 "-" "Mozilla/5.0 AppleWebKit/537.36 (KHTML, like Gecko; compatible; GPTBot/1.2; +https://openai.com/gptbot)"
216.73.216.36 - - [17/Jul/2025:13:50:43 +0000] "GET /special/2504817882.phtml HTTP/1.1" 404 13248 "-" "Mozilla/5.0 AppleWebKit/537.36 (KHTML, like Gecko; compatible; ClaudeBot/1.0; [email protected])"
20.171.207.83 - - [17/Jul/2025:13:50:43 +0000] "GET /items/tablets/smartphone/3439351/ HTTP/1.1" 404 13248 "-" "Mozilla/5.0 AppleWebKit/537.36 (KHTML, like Gecko; compatible; GPTBot/1.2; +https://openai.com/gptbot)"
20.171.207.83 - - [17/Jul/2025:13:50:44 +0000] "GET /items/cosmetics/skincare/5102378/ HTTP/1.1" 404 13248 "-" "Mozilla/5.0 AppleWebKit/537.36 (KHTML, like Gecko; compatible; GPTBot/1.2; +https://openai.com/gptbot)"
20.171.207.83 - - [17/Jul/2025:13:50:45 +0000] "GET /items/tools/screwdrivers/2175016/ HTTP/1.1" 404 13248 "-" "Mozilla/5.0 AppleWebKit/537.36 (KHTML, like Gecko; compatible; GPTBot/1.2; +https://openai.com/gptbot)"
20.171.207.83 - - [17/Jul/2025:13:50:46 +0000] "GET /items/health/supplements/4423364/ HTTP/1.1" 404 13248 "-" "Mozilla/5.0 AppleWebKit/537.36 (KHTML, like Gecko; compatible; GPTBot/1.2; +https://openai.com/gptbot)"
20.171.207.83 - - [17/Jul/2025:13:50:48 +0000] "GET /items/smartphones/others/1955498/ HTTP/1.1" 404 13248 "-" "Mozilla/5.0 AppleWebKit/537.36 (KHTML, like Gecko; compatible; GPTBot/1.2; +https://openai.com/gptbot)"
20.171.207.83 - - [17/Jul/2025:13:50:49 +0000] "GET /items/flowers/vegetables/3525588/ HTTP/1.1" 404 13248 "-" "Mozilla/5.0 AppleWebKit/537.36 (KHTML, like Gecko; compatible; GPTBot/1.2; +https://openai.com/gptbot)"
20.171.207.83 - - [17/Jul/2025:13:50:50 +0000] "GET /items/tickets/restaurant/3483088/ HTTP/1.1" 404 13248 "-" "Mozilla/5.0 AppleWebKit/537.36 (KHTML, like Gecko; compatible; GPTBot/1.2; +https://openai.com/gptbot)"
20.171.207.83 - - [17/Jul/2025:13:50:51 +0000] "GET /items/cosmetics/skincare/3873794/ HTTP/1.1" 404 13248 "-" "Mozilla/5.0 AppleWebKit/537.36 (KHTML, like Gecko; compatible; GPTBot/1.2; +https://openai.com/gptbot)"
20.171.207.83 - - [17/Jul/2025:13:50:52 +0000] "GET /items/cosmetics/perfumes/3450755/ HTTP/1.1" 404 13248 "-" "Mozilla/5.0 AppleWebKit/537.36 (KHTML, like Gecko; compatible; GPTBot/1.2; +https://openai.com/gptbot)"
20.171.207.83 - - [17/Jul/2025:13:50:53 +0000] "GET /items/cosmetics/skincare/1447827/ HTTP/1.1" 404 13248 "-" "Mozilla/5.0 AppleWebKit/537.36 (KHTML, like Gecko; compatible; GPTBot/1.2; +https://openai.com/gptbot)"
20.171.207.83 - - [17/Jul/2025:13:50:55 +0000] "GET /items/interior/ornaments/3650609/ HTTP/1.1" 404 13248 "-" "Mozilla/5.0 AppleWebKit/537.36 (KHTML, like Gecko; compatible; GPTBot/1.2; +https://openai.com/gptbot)"
20.171.207.83 - - [17/Jul/2025:13:50:56 +0000] "GET /items/cameras/television/3342755/ HTTP/1.1" 404 13248 "-" "Mozilla/5.0 AppleWebKit/537.36 (KHTML, like Gecko; compatible; GPTBot/1.2; +https://openai.com/gptbot)"
20.171.207.83 - - [17/Jul/2025:13:50:57 +0000] "GET /items/computers/notebook/4336156/ HTTP/1.1" 404 13248 "-" "Mozilla/5.0 AppleWebKit/537.36 (KHTML, like Gecko; compatible; GPTBot/1.2; +https://openai.com/gptbot)"
