Current File : /home/kelaby89/access-logs/topflowroofingplumbing.com.au.sixpack.studio-ssl_log |
20.171.207.99 - - [18/Jul/2025:12:04:25 +0000] "GET /search.php?casualty186042793.html HTTP/1.1" 200 86835 "-" "Mozilla/5.0 AppleWebKit/537.36 (KHTML, like Gecko; compatible; GPTBot/1.2; +https://openai.com/gptbot)"
20.171.207.99 - - [18/Jul/2025:12:05:28 +0000] "GET /search.php?auction186049193.html HTTP/1.1" 200 86913 "-" "Mozilla/5.0 AppleWebKit/537.36 (KHTML, like Gecko; compatible; GPTBot/1.2; +https://openai.com/gptbot)"
20.171.207.99 - - [18/Jul/2025:12:06:29 +0000] "GET /search.php?business193042574.html HTTP/1.1" 200 87602 "-" "Mozilla/5.0 AppleWebKit/537.36 (KHTML, like Gecko; compatible; GPTBot/1.2; +https://openai.com/gptbot)"
20.171.207.99 - - [18/Jul/2025:12:07:32 +0000] "GET /search.php?highway143026754.html HTTP/1.1" 200 86949 "-" "Mozilla/5.0 AppleWebKit/537.36 (KHTML, like Gecko; compatible; GPTBot/1.2; +https://openai.com/gptbot)"
20.171.207.99 - - [18/Jul/2025:12:08:36 +0000] "GET /search.php?incident193042564.html HTTP/1.1" 200 87588 "-" "Mozilla/5.0 AppleWebKit/537.36 (KHTML, like Gecko; compatible; GPTBot/1.2; +https://openai.com/gptbot)"
40.77.167.116 - - [18/Jul/2025:12:09:33 +0000] "GET /view-all-services/faucet-leak-repairs/ HTTP/1.1" 200 33 "-" "Mozilla/5.0 AppleWebKit/537.36 (KHTML, like Gecko; compatible; bingbot/2.0; +http://www.bing.com/bingbot.htm) Chrome/116.0.1938.76 Safari/537.36"
209.74.77.214 - - [18/Jul/2025:12:09:43 +0000] "POST /wp-cron.php?doing_wp_cron=1752840583.2927150726318359375000 HTTP/1.1" 403 33 "-" "WordPress/6.8.2; https://topflowroofingplumbing.com.au"
20.171.207.99 - - [18/Jul/2025:12:09:42 +0000] "GET /?_bd_prev_page=https%3A%2F%2Ftopflowroofingplumbing.com.au%2Fsuper.php%3Fm021000059%3Fsrsltid%3DAfmBOoGDqhwTPcevEXMVXx_JYWJKQxX2h_aPY9t8kJ-Z-oZNQISpfA&_bdsid=gj9gbu.n%7EXKZYM.173731041.175731817&_gz=2.190550713.194459015.171265578-867736498.163300847 HTTP/1.1" 301 - "-" "Mozilla/5.0 AppleWebKit/537.36 (KHTML, like Gecko; compatible; GPTBot/1.2; +https://openai.com/gptbot)"
20.171.207.99 - - [18/Jul/2025:12:09:43 +0000] "GET /?_bd_prev_page=https%3A%2F%2Ftopflowroofingplumbing.com.au%2Fsuper.php%3Fm021000059%3Fsrsltid%3DAfmBOoGDqhwTPcevEXMVXx_JYWJKQxX2h_aPY9t8kJ-Z-oZNQISpfA&_bdsid=gj9gbu.n~XKZYM.173731041.175731817&_gz=2.190550713.194459015.171265578-867736498.163300847 HTTP/1.1" 200 17674 "-" "Mozilla/5.0 AppleWebKit/537.36 (KHTML, like Gecko; compatible; GPTBot/1.2; +https://openai.com/gptbot)"
20.171.207.99 - - [18/Jul/2025:12:10:46 +0000] "GET /search.php?election186049531.html HTTP/1.1" 200 86159 "-" "Mozilla/5.0 AppleWebKit/537.36 (KHTML, like Gecko; compatible; GPTBot/1.2; +https://openai.com/gptbot)"
20.171.207.99 - - [18/Jul/2025:12:11:48 +0000] "GET /search.php?deficit186049531.html HTTP/1.1" 200 86971 "-" "Mozilla/5.0 AppleWebKit/537.36 (KHTML, like Gecko; compatible; GPTBot/1.2; +https://openai.com/gptbot)"
20.171.207.99 - - [18/Jul/2025:12:12:52 +0000] "GET /search.php?survival164038779.html HTTP/1.1" 200 87270 "-" "Mozilla/5.0 AppleWebKit/537.36 (KHTML, like Gecko; compatible; GPTBot/1.2; +https://openai.com/gptbot)"
20.171.207.99 - - [18/Jul/2025:12:13:58 +0000] "GET /search.php?items%2F145034082.html%3Fsrsltid=AfmBOodhmDWDUUNBtlxU9oeFZAAvCBqoCyE72lIlAOO46Pl8PtZF HTTP/1.1" 200 87033 "-" "Mozilla/5.0 AppleWebKit/537.36 (KHTML, like Gecko; compatible; GPTBot/1.2; +https://openai.com/gptbot)"
20.171.207.99 - - [18/Jul/2025:12:14:59 +0000] "GET /search.php?country186049193.html HTTP/1.1" 200 86619 "-" "Mozilla/5.0 AppleWebKit/537.36 (KHTML, like Gecko; compatible; GPTBot/1.2; +https://openai.com/gptbot)"
20.171.207.99 - - [18/Jul/2025:12:16:03 +0000] "GET /search.php?m047000697%3Fsrsltid=AfmBOoWoLJOcRzAjMPkrWB_x4ZFBXLiUA_of7NEmqb-L-z7iIPBymK HTTP/1.1" 200 87490 "-" "Mozilla/5.0 AppleWebKit/537.36 (KHTML, like Gecko; compatible; GPTBot/1.2; +https://openai.com/gptbot)"
20.171.207.99 - - [18/Jul/2025:12:17:06 +0000] "GET /search.php?birthday186049531.html HTTP/1.1" 200 86767 "-" "Mozilla/5.0 AppleWebKit/537.36 (KHTML, like Gecko; compatible; GPTBot/1.2; +https://openai.com/gptbot)"
20.171.207.99 - - [18/Jul/2025:12:18:10 +0000] "GET /search.php?outsider016004287.html HTTP/1.1" 200 87690 "-" "Mozilla/5.0 AppleWebKit/537.36 (KHTML, like Gecko; compatible; GPTBot/1.2; +https://openai.com/gptbot)"
20.171.207.99 - - [18/Jul/2025:12:19:11 +0000] "GET /search.php?question299047452.html HTTP/1.1" 200 86854 "-" "Mozilla/5.0 AppleWebKit/537.36 (KHTML, like Gecko; compatible; GPTBot/1.2; +https://openai.com/gptbot)"
20.171.207.99 - - [18/Jul/2025:12:20:12 +0000] "GET /search.php?edition140049853.html HTTP/1.1" 200 87628 "-" "Mozilla/5.0 AppleWebKit/537.36 (KHTML, like Gecko; compatible; GPTBot/1.2; +https://openai.com/gptbot)"
209.74.77.214 - - [18/Jul/2025:12:20:49 +0000] "POST /wp-cron.php?doing_wp_cron=1752841249.6685640811920166015625 HTTP/1.1" 403 33 "-" "WordPress/6.8.2; https://topflowroofingplumbing.com.au"
2a03:2880:f800:11:: - - [18/Jul/2025:12:20:47 +0000] "GET /shopdetail/324187352 HTTP/1.1" 404 11695 "-" "meta-externalagent/1.1 (+https://developers.facebook.com/docs/sharing/webmasters/crawler)"
20.171.207.99 - - [18/Jul/2025:12:21:15 +0000] "GET /search.php?zhHant%2Fproduct%2Fsurugaya%2Fautopartsdirect-6582031781778176269%3Fcampaign_uid=f64d716db5e979ed2f947dbaf4296895b951ae7f HTTP/1.1" 200 87741 "-" "Mozilla/5.0 AppleWebKit/537.36 (KHTML, like Gecko; compatible; GPTBot/1.2; +https://openai.com/gptbot)"
2a03:2880:f800:6:: - - [18/Jul/2025:12:21:19 +0000] "GET /shopdetail/587119652 HTTP/1.1" 404 11695 "-" "meta-externalagent/1.1 (+https://developers.facebook.com/docs/sharing/webmasters/crawler)"
20.171.207.99 - - [18/Jul/2025:12:22:15 +0000] "GET /search.php?m108005924%3Fsrsltid=AfmBOoEQVREjvtERDhheEf_LLVfC5tKbJ_WXMjDANV-N-taN9zpFrr HTTP/1.1" 200 86707 "-" "Mozilla/5.0 AppleWebKit/537.36 (KHTML, like Gecko; compatible; GPTBot/1.2; +https://openai.com/gptbot)"
20.171.207.99 - - [18/Jul/2025:12:23:20 +0000] "GET /search.php?student193042566.html HTTP/1.1" 200 87043 "-" "Mozilla/5.0 AppleWebKit/537.36 (KHTML, like Gecko; compatible; GPTBot/1.2; +https://openai.com/gptbot)"
20.171.207.99 - - [18/Jul/2025:12:24:21 +0000] "GET /search.php?m038000500%3Fsrsltid=AfmBOoygQvJFperr1dno6W_APWK7iog85_jzpRSrXw-O-YFd41OpJb HTTP/1.1" 200 86868 "-" "Mozilla/5.0 AppleWebKit/537.36 (KHTML, like Gecko; compatible; GPTBot/1.2; +https://openai.com/gptbot)"
20.171.207.99 - - [18/Jul/2025:12:25:26 +0000] "GET /search.php?mission193042574.html HTTP/1.1" 200 87545 "-" "Mozilla/5.0 AppleWebKit/537.36 (KHTML, like Gecko; compatible; GPTBot/1.2; +https://openai.com/gptbot)"
20.171.207.99 - - [18/Jul/2025:12:26:26 +0000] "GET /search.php?curtain193042572.html HTTP/1.1" 200 87006 "-" "Mozilla/5.0 AppleWebKit/537.36 (KHTML, like Gecko; compatible; GPTBot/1.2; +https://openai.com/gptbot)"
20.171.207.99 - - [18/Jul/2025:12:27:29 +0000] "GET /search.php?product/edit/kys-tr-6730566 HTTP/1.1" 200 86398 "-" "Mozilla/5.0 AppleWebKit/537.36 (KHTML, like Gecko; compatible; GPTBot/1.2; +https://openai.com/gptbot)"
20.171.207.99 - - [18/Jul/2025:12:28:32 +0000] "GET /search.php?zhHant%2Fproduct%2Fsurugaya%2Ffirst23-trusco-5213122%3Fcampaign_uid=f64d716db5e979ed2f947dbaf4296895b951ae7f HTTP/1.1" 200 86969 "-" "Mozilla/5.0 AppleWebKit/537.36 (KHTML, like Gecko; compatible; GPTBot/1.2; +https://openai.com/gptbot)"
20.171.207.99 - - [18/Jul/2025:12:29:32 +0000] "GET /search.php?relation193042572.html HTTP/1.1" 200 86909 "-" "Mozilla/5.0 AppleWebKit/537.36 (KHTML, like Gecko; compatible; GPTBot/1.2; +https://openai.com/gptbot)"
20.171.207.99 - - [18/Jul/2025:12:30:35 +0000] "GET /search.php?tragedy186049533.html HTTP/1.1" 200 86351 "-" "Mozilla/5.0 AppleWebKit/537.36 (KHTML, like Gecko; compatible; GPTBot/1.2; +https://openai.com/gptbot)"
20.171.207.99 - - [18/Jul/2025:12:31:37 +0000] "GET /search.php?items%2F298049119.html%3Fsrsltid=AfmBOotroDpgedamZQfiD4ZvWUbKVwMspJEhWSHp2syEmal5rSSq HTTP/1.1" 200 86869 "-" "Mozilla/5.0 AppleWebKit/537.36 (KHTML, like Gecko; compatible; GPTBot/1.2; +https://openai.com/gptbot)"
20.171.207.99 - - [18/Jul/2025:12:32:40 +0000] "GET /search.php?product/edit/sht-shtrading-125522 HTTP/1.1" 200 87214 "-" "Mozilla/5.0 AppleWebKit/537.36 (KHTML, like Gecko; compatible; GPTBot/1.2; +https://openai.com/gptbot)"
20.171.207.99 - - [18/Jul/2025:12:33:44 +0000] "GET /search.php?football186049533.html HTTP/1.1" 200 87294 "-" "Mozilla/5.0 AppleWebKit/537.36 (KHTML, like Gecko; compatible; GPTBot/1.2; +https://openai.com/gptbot)"
20.171.207.99 - - [18/Jul/2025:12:34:45 +0000] "GET /search.php?domestic186049533.html HTTP/1.1" 200 86667 "-" "Mozilla/5.0 AppleWebKit/537.36 (KHTML, like Gecko; compatible; GPTBot/1.2; +https://openai.com/gptbot)"
20.171.207.99 - - [18/Jul/2025:12:35:45 +0000] "GET /search.php?investor106049473.html HTTP/1.1" 200 87375 "-" "Mozilla/5.0 AppleWebKit/537.36 (KHTML, like Gecko; compatible; GPTBot/1.2; +https://openai.com/gptbot)"
20.171.207.99 - - [18/Jul/2025:12:36:45 +0000] "GET /search.php?m085000687%3Fsrsltid=AfmBOokHkBdIKTnnnHFkLR_WhKy1UJfNk_5PomWvIG-Y-416Bj8X9d HTTP/1.1" 200 87391 "-" "Mozilla/5.0 AppleWebKit/537.36 (KHTML, like Gecko; compatible; GPTBot/1.2; +https://openai.com/gptbot)"
209.74.77.214 - - [18/Jul/2025:12:37:44 +0000] "POST /wp-cron.php?doing_wp_cron=1752842264.1448400020599365234375 HTTP/1.1" 403 33 "-" "WordPress/6.8.2; https://topflowroofingplumbing.com.au"
2a03:2880:f800:c:: - - [18/Jul/2025:12:37:42 +0000] "GET /shopdetail/546983652 HTTP/1.1" 404 11695 "-" "meta-externalagent/1.1 (+https://developers.facebook.com/docs/sharing/webmasters/crawler)"
20.171.207.99 - - [18/Jul/2025:12:37:49 +0000] "GET /search.php?business186049535.html HTTP/1.1" 200 86253 "-" "Mozilla/5.0 AppleWebKit/537.36 (KHTML, like Gecko; compatible; GPTBot/1.2; +https://openai.com/gptbot)"
20.171.207.99 - - [18/Jul/2025:12:38:55 +0000] "GET /search.php?dancing109027784.html HTTP/1.1" 200 87515 "-" "Mozilla/5.0 AppleWebKit/537.36 (KHTML, like Gecko; compatible; GPTBot/1.2; +https://openai.com/gptbot)"
68.183.36.52 - - [18/Jul/2025:12:39:06 +0000] "GET / HTTP/1.1" 200 12372 "-" "Mozilla/5.0 (X11; Linux x86_64; rv:137.0) Gecko/20100101 Firefox/137.0"
20.171.207.99 - - [18/Jul/2025:12:40:00 +0000] "GET /search.php?disagree193042566.html HTTP/1.1" 200 86215 "-" "Mozilla/5.0 AppleWebKit/537.36 (KHTML, like Gecko; compatible; GPTBot/1.2; +https://openai.com/gptbot)"
20.171.207.99 - - [18/Jul/2025:12:41:02 +0000] "GET /search.php?justice186049531.html HTTP/1.1" 200 87128 "-" "Mozilla/5.0 AppleWebKit/537.36 (KHTML, like Gecko; compatible; GPTBot/1.2; +https://openai.com/gptbot)"
20.171.207.99 - - [18/Jul/2025:12:42:05 +0000] "GET /search.php?product/edit/tuzukiya-p14-16107 HTTP/1.1" 200 86722 "-" "Mozilla/5.0 AppleWebKit/537.36 (KHTML, like Gecko; compatible; GPTBot/1.2; +https://openai.com/gptbot)"
20.171.207.99 - - [18/Jul/2025:12:43:07 +0000] "GET /search.php?founder077047592.html HTTP/1.1" 200 85983 "-" "Mozilla/5.0 AppleWebKit/537.36 (KHTML, like Gecko; compatible; GPTBot/1.2; +https://openai.com/gptbot)"
209.74.77.214 - - [18/Jul/2025:12:43:30 +0000] "POST /wp-cron.php?doing_wp_cron=1752842610.5393478870391845703125 HTTP/1.1" 403 33 "-" "WordPress/6.8.2; https://topflowroofingplumbing.com.au"
2a03:2880:3ff:9:: - - [18/Jul/2025:12:43:29 +0000] "GET /about-us HTTP/1.1" 301 - "-" "facebookexternalhit/1.1 (+http://www.facebook.com/externalhit_uatext.php)"
2a03:2880:3ff:71:: - - [18/Jul/2025:12:43:31 +0000] "GET /about-us/ HTTP/1.1" 200 15125 "-" "facebookexternalhit/1.1 (+http://www.facebook.com/externalhit_uatext.php)"
20.171.207.99 - - [18/Jul/2025:12:44:13 +0000] "GET /search.php?quietly186049193.html HTTP/1.1" 200 86781 "-" "Mozilla/5.0 AppleWebKit/537.36 (KHTML, like Gecko; compatible; GPTBot/1.2; +https://openai.com/gptbot)"
20.171.207.99 - - [18/Jul/2025:12:45:15 +0000] "GET /search.php?prohibit193042576.html HTTP/1.1" 200 87618 "-" "Mozilla/5.0 AppleWebKit/537.36 (KHTML, like Gecko; compatible; GPTBot/1.2; +https://openai.com/gptbot)"
20.171.207.99 - - [18/Jul/2025:12:46:15 +0000] "GET /search.php?safe_search%2Fconfig%3Freturn_url=%2Fproduct%2Fdetail%2Fshopdeclinic-67-7229-59 HTTP/1.1" 200 88184 "-" "Mozilla/5.0 AppleWebKit/537.36 (KHTML, like Gecko; compatible; GPTBot/1.2; +https://openai.com/gptbot)"
20.171.207.99 - - [18/Jul/2025:12:47:16 +0000] "GET /search.php?survival186049533.html HTTP/1.1" 200 86579 "-" "Mozilla/5.0 AppleWebKit/537.36 (KHTML, like Gecko; compatible; GPTBot/1.2; +https://openai.com/gptbot)"
20.171.207.99 - - [18/Jul/2025:12:48:18 +0000] "GET /search.php?product/edit/tuzukiya-i52-32469 HTTP/1.1" 200 87501 "-" "Mozilla/5.0 AppleWebKit/537.36 (KHTML, like Gecko; compatible; GPTBot/1.2; +https://openai.com/gptbot)"
20.171.207.99 - - [18/Jul/2025:12:49:22 +0000] "GET /search.php?revenue193042568.html HTTP/1.1" 200 89045 "-" "Mozilla/5.0 AppleWebKit/537.36 (KHTML, like Gecko; compatible; GPTBot/1.2; +https://openai.com/gptbot)"
20.171.207.99 - - [18/Jul/2025:12:50:22 +0000] "GET /search.php?stadium193042572.html HTTP/1.1" 200 86886 "-" "Mozilla/5.0 AppleWebKit/537.36 (KHTML, like Gecko; compatible; GPTBot/1.2; +https://openai.com/gptbot)"
20.171.207.99 - - [18/Jul/2025:12:51:26 +0000] "GET /search.php?civilian193042572.html HTTP/1.1" 200 86531 "-" "Mozilla/5.0 AppleWebKit/537.36 (KHTML, like Gecko; compatible; GPTBot/1.2; +https://openai.com/gptbot)"
20.171.207.99 - - [18/Jul/2025:12:52:29 +0000] "GET /search.php?product/edit/cathy-b-xs513130bc1 HTTP/1.1" 200 87206 "-" "Mozilla/5.0 AppleWebKit/537.36 (KHTML, like Gecko; compatible; GPTBot/1.2; +https://openai.com/gptbot)"
20.171.207.99 - - [18/Jul/2025:12:53:31 +0000] "GET /search.php?indicate186049535.html HTTP/1.1" 200 86669 "-" "Mozilla/5.0 AppleWebKit/537.36 (KHTML, like Gecko; compatible; GPTBot/1.2; +https://openai.com/gptbot)"
20.171.207.99 - - [18/Jul/2025:12:54:33 +0000] "GET /search.php?illusion124009361.html HTTP/1.1" 200 86891 "-" "Mozilla/5.0 AppleWebKit/537.36 (KHTML, like Gecko; compatible; GPTBot/1.2; +https://openai.com/gptbot)"
20.171.207.99 - - [18/Jul/2025:12:55:35 +0000] "GET /search.php?swimming177049350.html HTTP/1.1" 200 88666 "-" "Mozilla/5.0 AppleWebKit/537.36 (KHTML, like Gecko; compatible; GPTBot/1.2; +https://openai.com/gptbot)"
66.249.73.97 - - [18/Jul/2025:12:55:51 +0000] "GET /pcmypage?callback=product/review/frontop-vx76l63wrc4qw2qy46scscm4o4-imp-1 HTTP/1.1" 200 85379 "-" "Mozilla/5.0 (Linux; Android 6.0.1; Nexus 5X Build/MMB29P) AppleWebKit/537.36 (KHTML, like Gecko) Chrome/137.0.7151.103 Mobile Safari/537.36 (compatible; Googlebot/2.1; +http://www.google.com/bot.html)"
20.171.207.99 - - [18/Jul/2025:12:56:35 +0000] "GET /search.php?fragment186049535.html HTTP/1.1" 200 86271 "-" "Mozilla/5.0 AppleWebKit/537.36 (KHTML, like Gecko; compatible; GPTBot/1.2; +https://openai.com/gptbot)"
20.171.207.99 - - [18/Jul/2025:12:57:40 +0000] "GET /search.php?powerful186049193.html HTTP/1.1" 200 86915 "-" "Mozilla/5.0 AppleWebKit/537.36 (KHTML, like Gecko; compatible; GPTBot/1.2; +https://openai.com/gptbot)"
20.171.207.99 - - [18/Jul/2025:12:58:45 +0000] "GET /search.php?transfer186042793.html HTTP/1.1" 200 86587 "-" "Mozilla/5.0 AppleWebKit/537.36 (KHTML, like Gecko; compatible; GPTBot/1.2; +https://openai.com/gptbot)"
20.171.207.99 - - [18/Jul/2025:12:59:50 +0000] "GET /search.php?symbolic179030848.html HTTP/1.1" 200 87594 "-" "Mozilla/5.0 AppleWebKit/537.36 (KHTML, like Gecko; compatible; GPTBot/1.2; +https://openai.com/gptbot)"
20.171.207.99 - - [18/Jul/2025:13:00:53 +0000] "GET /search.php?items%2F035000460.html%3Fsrsltid=AfmBOoefvXJxigFHZLZJ8AZBGkiSoNeNesAN4ja34b84TBbLf0re HTTP/1.1" 200 86332 "-" "Mozilla/5.0 AppleWebKit/537.36 (KHTML, like Gecko; compatible; GPTBot/1.2; +https://openai.com/gptbot)"
20.171.207.99 - - [18/Jul/2025:13:01:56 +0000] "GET /search.php?growing293026866.html HTTP/1.1" 200 86837 "-" "Mozilla/5.0 AppleWebKit/537.36 (KHTML, like Gecko; compatible; GPTBot/1.2; +https://openai.com/gptbot)"
20.171.207.99 - - [18/Jul/2025:13:02:58 +0000] "GET /search.php?analyst186042793.html HTTP/1.1" 200 86580 "-" "Mozilla/5.0 AppleWebKit/537.36 (KHTML, like Gecko; compatible; GPTBot/1.2; +https://openai.com/gptbot)"
20.171.207.99 - - [18/Jul/2025:13:04:01 +0000] "GET /search.php?safe_search%2Fconfig%3Freturn_url=%2Fproduct%2Fdetail%2Fsakan8man-trus-2616600 HTTP/1.1" 200 87578 "-" "Mozilla/5.0 AppleWebKit/537.36 (KHTML, like Gecko; compatible; GPTBot/1.2; +https://openai.com/gptbot)"
20.171.207.99 - - [18/Jul/2025:13:05:04 +0000] "GET /search.php?diabetes193042564.html HTTP/1.1" 200 86401 "-" "Mozilla/5.0 AppleWebKit/537.36 (KHTML, like Gecko; compatible; GPTBot/1.2; +https://openai.com/gptbot)"
66.249.65.98 - - [18/Jul/2025:13:05:36 +0000] "GET /robots.txt HTTP/1.1" 304 - "-" "Mozilla/5.0 (compatible; Googlebot/2.1; +http://www.google.com/bot.html)"
209.74.77.214 - - [18/Jul/2025:13:05:36 +0000] "POST /wp-cron.php?doing_wp_cron=1752843936.4776639938354492187500 HTTP/1.1" 403 33 "-" "WordPress/6.8.2; https://topflowroofingplumbing.com.au"
209.74.77.214 - - [18/Jul/2025:13:05:36 +0000] "POST /wp-cron.php?doing_wp_cron=1752843936.4507510662078857421875 HTTP/1.1" 403 33 "-" "WordPress/6.8.2; https://topflowroofingplumbing.com.au"
78.153.140.222 - - [18/Jul/2025:13:05:35 +0000] "GET /.env HTTP/1.1" 301 - "-" "Mozilla/5.0 (Linux; Android 7.0; SM-G950U Build/NRD90M) AppleWebKit/537.36 (KHTML, like Gecko) Chrome/64.0.3282.137 Mobile Safari/537.36"
78.153.140.222 - - [18/Jul/2025:13:05:35 +0000] "GET /.env HTTP/1.1" 404 11695 "-" "Mozilla/5.0 (Macintosh; Intel Mac OS X 10_11_1) AppleWebKit/601.2.7 (KHTML, like Gecko) Version/9.0.1 Safari/601.2.7"
66.249.65.98 - - [18/Jul/2025:13:05:36 +0000] "GET /shopbrand/9249750 HTTP/1.1" 200 85566 "-" "Mozilla/5.0 (compatible; Googlebot/2.1; +http://www.google.com/bot.html)"
78.153.140.222 - - [18/Jul/2025:13:05:37 +0000] "GET /.env HTTP/1.1" 404 11695 "-" "Mozilla/5.0 (Linux; Android 7.0; SM-G950U Build/NRD90M) AppleWebKit/537.36 (KHTML, like Gecko) Chrome/64.0.3282.137 Mobile Safari/537.36"
78.153.140.222 - - [18/Jul/2025:13:05:39 +0000] "GET / HTTP/1.1" 301 - "-" "Mozilla/4.0 (compatible; MSIE 6.0; Windows ME; pl) Opera 8.02"
78.153.140.222 - - [18/Jul/2025:13:05:39 +0000] "GET / HTTP/1.1" 200 17490 "-" "Mozilla/5.0 (Windows NT 5.1) AppleWebKit/537.36 (KHTML, like Gecko) Chrome/36.0.1985.67 Safari/537.36"
78.153.140.222 - - [18/Jul/2025:13:05:39 +0000] "GET / HTTP/1.1" 200 17490 "-" "Mozilla/5.0 (X11; Linux x86_64) AppleWebKit/537.36 (KHTML, like Gecko) Ubuntu Chromium/33.0.1750.152 Chrome/33.0.1750.152 Safari/537.36"
78.153.140.222 - - [18/Jul/2025:13:05:42 +0000] "GET /sendgrid.env HTTP/1.1" 404 11695 "-" "Mozilla/5.0 (Windows NT 6.1; WOW64; rv:6.0a2) Gecko/20110612 Firefox/6.0a2"
78.153.140.222 - - [18/Jul/2025:13:05:44 +0000] "GET /twilio.env HTTP/1.1" 404 11695 "-" "Mozilla/5.0 (iPod touch; CPU iPhone OS 9_1 like Mac OS X) AppleWebKit/601.1.46 (KHTML, like Gecko) Version/9.0 Mobile/13B143 Safari/601.1"
20.171.207.99 - - [18/Jul/2025:13:06:05 +0000] "GET /search.php?m065000241%3Fsrsltid=AfmBOooKqHyrxmwzmgYMTu_byX4hR03t0_j4sBnqE7-G-ymE39R3bk HTTP/1.1" 200 86487 "-" "Mozilla/5.0 AppleWebKit/537.36 (KHTML, like Gecko; compatible; GPTBot/1.2; +https://openai.com/gptbot)"
20.171.207.99 - - [18/Jul/2025:13:07:09 +0000] "GET /search.php?product/edit/zoee-i1e30-1 HTTP/1.1" 200 86409 "-" "Mozilla/5.0 AppleWebKit/537.36 (KHTML, like Gecko; compatible; GPTBot/1.2; +https://openai.com/gptbot)"
20.171.207.99 - - [18/Jul/2025:13:08:12 +0000] "GET /search.php?conduct297012668.html HTTP/1.1" 200 87424 "-" "Mozilla/5.0 AppleWebKit/537.36 (KHTML, like Gecko; compatible; GPTBot/1.2; +https://openai.com/gptbot)"
20.171.207.99 - - [18/Jul/2025:13:09:17 +0000] "GET /search.php?m012000832%3Fsrsltid=AfmBOofTGeDayKOVerCzlJ_hIdrymrBZ8_rNinwiAs-T-oJyo1UbQn HTTP/1.1" 200 86561 "-" "Mozilla/5.0 AppleWebKit/537.36 (KHTML, like Gecko; compatible; GPTBot/1.2; +https://openai.com/gptbot)"
20.171.207.99 - - [18/Jul/2025:13:10:18 +0000] "GET /search.php?product/edit/hamaken-1641720 HTTP/1.1" 200 86904 "-" "Mozilla/5.0 AppleWebKit/537.36 (KHTML, like Gecko; compatible; GPTBot/1.2; +https://openai.com/gptbot)"
20.171.207.99 - - [18/Jul/2025:13:11:19 +0000] "GET /search.php?slavery193042568.html HTTP/1.1" 200 86621 "-" "Mozilla/5.0 AppleWebKit/537.36 (KHTML, like Gecko; compatible; GPTBot/1.2; +https://openai.com/gptbot)"
20.171.207.99 - - [18/Jul/2025:13:12:22 +0000] "GET /search.php?mansion193042574.html HTTP/1.1" 200 87582 "-" "Mozilla/5.0 AppleWebKit/537.36 (KHTML, like Gecko; compatible; GPTBot/1.2; +https://openai.com/gptbot)"
20.171.207.99 - - [18/Jul/2025:13:13:24 +0000] "GET /search.php?invasion162029057.html HTTP/1.1" 200 86964 "-" "Mozilla/5.0 AppleWebKit/537.36 (KHTML, like Gecko; compatible; GPTBot/1.2; +https://openai.com/gptbot)"
20.171.207.99 - - [18/Jul/2025:13:14:25 +0000] "GET /search.php?zhHant%2Fproduct%2Fsurugaya%2Frcmdse-4t-2553155%3Fcampaign_uid=f64d716db5e979ed2f947dbaf4296895b951ae7f HTTP/1.1" 200 86347 "-" "Mozilla/5.0 AppleWebKit/537.36 (KHTML, like Gecko; compatible; GPTBot/1.2; +https://openai.com/gptbot)"
20.171.207.99 - - [18/Jul/2025:13:15:28 +0000] "GET /search.php?provoke193042572.html HTTP/1.1" 200 87673 "-" "Mozilla/5.0 AppleWebKit/537.36 (KHTML, like Gecko; compatible; GPTBot/1.2; +https://openai.com/gptbot)"
20.171.207.99 - - [18/Jul/2025:13:16:34 +0000] "GET /search.php?textbook192043145.html HTTP/1.1" 200 87937 "-" "Mozilla/5.0 AppleWebKit/537.36 (KHTML, like Gecko; compatible; GPTBot/1.2; +https://openai.com/gptbot)"
20.171.207.99 - - [18/Jul/2025:13:17:35 +0000] "GET /search.php?violate193042562.html HTTP/1.1" 200 86709 "-" "Mozilla/5.0 AppleWebKit/537.36 (KHTML, like Gecko; compatible; GPTBot/1.2; +https://openai.com/gptbot)"
20.171.207.99 - - [18/Jul/2025:13:18:39 +0000] "GET /search.php?grateful193042572.html HTTP/1.1" 200 87129 "-" "Mozilla/5.0 AppleWebKit/537.36 (KHTML, like Gecko; compatible; GPTBot/1.2; +https://openai.com/gptbot)"
20.171.207.99 - - [18/Jul/2025:13:19:41 +0000] "GET /search.php?subject193042566.html HTTP/1.1" 200 86966 "-" "Mozilla/5.0 AppleWebKit/537.36 (KHTML, like Gecko; compatible; GPTBot/1.2; +https://openai.com/gptbot)"
20.171.207.99 - - [18/Jul/2025:13:20:43 +0000] "GET /search.php?items%2F080032923.html%3Fsrsltid=AfmBOojvhTXunZHJXqdoKWi4AePZQUmL3Z79LDjEjYWIyF8yByei HTTP/1.1" 200 86808 "-" "Mozilla/5.0 AppleWebKit/537.36 (KHTML, like Gecko; compatible; GPTBot/1.2; +https://openai.com/gptbot)"
66.249.73.103 - - [18/Jul/2025:13:20:52 +0000] "GET /search?category=302&search_word= HTTP/1.1" 200 85303 "-" "Mozilla/5.0 (Linux; Android 6.0.1; Nexus 5X Build/MMB29P) AppleWebKit/537.36 (KHTML, like Gecko) Chrome/137.0.7151.103 Mobile Safari/537.36 (compatible; Googlebot/2.1; +http://www.google.com/bot.html)"
20.171.207.99 - - [18/Jul/2025:13:21:46 +0000] "GET /search.php?weekend193042574.html HTTP/1.1" 200 87631 "-" "Mozilla/5.0 AppleWebKit/537.36 (KHTML, like Gecko; compatible; GPTBot/1.2; +https://openai.com/gptbot)"
20.171.207.99 - - [18/Jul/2025:13:22:48 +0000] "GET /search.php?welcome193042568.html HTTP/1.1" 200 87318 "-" "Mozilla/5.0 AppleWebKit/537.36 (KHTML, like Gecko; compatible; GPTBot/1.2; +https://openai.com/gptbot)"
20.171.207.99 - - [18/Jul/2025:13:23:50 +0000] "GET /search.php?strongly226008471.html HTTP/1.1" 200 86779 "-" "Mozilla/5.0 AppleWebKit/537.36 (KHTML, like Gecko; compatible; GPTBot/1.2; +https://openai.com/gptbot)"
66.249.73.97 - - [18/Jul/2025:13:24:53 +0000] "GET /shopbrand/1493789 HTTP/1.1" 200 85788 "-" "Mozilla/5.0 (Linux; Android 6.0.1; Nexus 5X Build/MMB29P) AppleWebKit/537.36 (KHTML, like Gecko) Chrome/137.0.7151.103 Mobile Safari/537.36 (compatible; Googlebot/2.1; +http://www.google.com/bot.html)"
20.171.207.99 - - [18/Jul/2025:13:24:53 +0000] "GET /search.php?zhHant%2Fproduct%2Fsurugaya%2Fcyberbay-ds-2214569%3Fcampaign_uid=f64d716db5e979ed2f947dbaf4296895b951ae7f HTTP/1.1" 200 86590 "-" "Mozilla/5.0 AppleWebKit/537.36 (KHTML, like Gecko; compatible; GPTBot/1.2; +https://openai.com/gptbot)"
20.171.207.99 - - [18/Jul/2025:13:25:57 +0000] "GET /search.php?privacy193042570.html HTTP/1.1" 200 86965 "-" "Mozilla/5.0 AppleWebKit/537.36 (KHTML, like Gecko; compatible; GPTBot/1.2; +https://openai.com/gptbot)"
20.171.207.99 - - [18/Jul/2025:13:26:57 +0000] "GET /search.php?festival186049535.html HTTP/1.1" 200 87262 "-" "Mozilla/5.0 AppleWebKit/537.36 (KHTML, like Gecko; compatible; GPTBot/1.2; +https://openai.com/gptbot)"
20.171.207.99 - - [18/Jul/2025:13:28:01 +0000] "GET /search.php?rebuild273015622.html HTTP/1.1" 200 86340 "-" "Mozilla/5.0 AppleWebKit/537.36 (KHTML, like Gecko; compatible; GPTBot/1.2; +https://openai.com/gptbot)"
51.222.253.8 - - [18/Jul/2025:13:28:12 +0000] "GET /?sitemap278.xml HTTP/1.1" 200 33 "-" "Mozilla/5.0 (compatible; AhrefsBot/7.0; +http://ahrefs.com/robot/)"
20.171.207.99 - - [18/Jul/2025:13:29:02 +0000] "GET /search.php?fitness186049535.html HTTP/1.1" 200 87609 "-" "Mozilla/5.0 AppleWebKit/537.36 (KHTML, like Gecko; compatible; GPTBot/1.2; +https://openai.com/gptbot)"
20.171.207.99 - - [18/Jul/2025:13:30:08 +0000] "GET /search.php?mission193042564.html HTTP/1.1" 200 87447 "-" "Mozilla/5.0 AppleWebKit/537.36 (KHTML, like Gecko; compatible; GPTBot/1.2; +https://openai.com/gptbot)"
20.171.207.99 - - [18/Jul/2025:13:31:13 +0000] "GET /search.php?m106016402%3Fsrsltid=AfmBOobNhyuAFxmpwWabde_xUWDi21pAl_2oexghzj-P-YZc1tLQmV HTTP/1.1" 200 87161 "-" "Mozilla/5.0 AppleWebKit/537.36 (KHTML, like Gecko; compatible; GPTBot/1.2; +https://openai.com/gptbot)"
20.171.207.99 - - [18/Jul/2025:13:32:15 +0000] "GET /search.php?precious186049535.html HTTP/1.1" 200 87134 "-" "Mozilla/5.0 AppleWebKit/537.36 (KHTML, like Gecko; compatible; GPTBot/1.2; +https://openai.com/gptbot)"
20.171.207.99 - - [18/Jul/2025:13:33:19 +0000] "GET /search.php?nervous157034202.html HTTP/1.1" 200 87217 "-" "Mozilla/5.0 AppleWebKit/537.36 (KHTML, like Gecko; compatible; GPTBot/1.2; +https://openai.com/gptbot)"
51.222.253.15 - - [18/Jul/2025:13:33:21 +0000] "GET /?sitemap975.xml HTTP/1.1" 200 33 "-" "Mozilla/5.0 (compatible; AhrefsBot/7.0; +http://ahrefs.com/robot/)"
20.171.207.99 - - [18/Jul/2025:13:34:21 +0000] "GET /search.php?product/edit/honkeya-ds-2415863 HTTP/1.1" 200 86748 "-" "Mozilla/5.0 AppleWebKit/537.36 (KHTML, like Gecko; compatible; GPTBot/1.2; +https://openai.com/gptbot)"
20.171.207.99 - - [18/Jul/2025:13:35:21 +0000] "GET /search.php?m084000554%3Fsrsltid=AfmBOoykbdsDvXeV2B27pI_VTrIniU98t_2IcGEULZ-C-SXd0x7wg0 HTTP/1.1" 200 87140 "-" "Mozilla/5.0 AppleWebKit/537.36 (KHTML, like Gecko; compatible; GPTBot/1.2; +https://openai.com/gptbot)"
20.171.207.99 - - [18/Jul/2025:13:36:25 +0000] "GET /search.php?organism024012375.html HTTP/1.1" 200 87081 "-" "Mozilla/5.0 AppleWebKit/537.36 (KHTML, like Gecko; compatible; GPTBot/1.2; +https://openai.com/gptbot)"
20.171.207.99 - - [18/Jul/2025:13:37:27 +0000] "GET /search.php?mixture193042574.html HTTP/1.1" 200 87179 "-" "Mozilla/5.0 AppleWebKit/537.36 (KHTML, like Gecko; compatible; GPTBot/1.2; +https://openai.com/gptbot)"
209.74.77.214 - - [18/Jul/2025:13:38:21 +0000] "POST /wp-cron.php?doing_wp_cron=1752845900.9556329250335693359375 HTTP/1.1" 403 33 "-" "WordPress/6.8.2; https://topflowroofingplumbing.com.au"
2a03:2880:f800:19:: - - [18/Jul/2025:13:38:19 +0000] "GET /shopbrand/347434085 HTTP/1.1" 404 11695 "-" "meta-externalagent/1.1 (+https://developers.facebook.com/docs/sharing/webmasters/crawler)"
20.171.207.99 - - [18/Jul/2025:13:38:30 +0000] "GET /search.php?incident117026548.html HTTP/1.1" 200 87455 "-" "Mozilla/5.0 AppleWebKit/537.36 (KHTML, like Gecko; compatible; GPTBot/1.2; +https://openai.com/gptbot)"
51.222.253.20 - - [18/Jul/2025:13:38:58 +0000] "GET /shopbrand/13547488 HTTP/1.1" 404 11695 "-" "Mozilla/5.0 (compatible; AhrefsBot/7.0; +http://ahrefs.com/robot/)"
199.195.252.145 - - [18/Jul/2025:13:39:04 +0000] "GET /wp-login.php HTTP/1.1" 302 - "-" "Mozilla/5.0 (Macintosh; Intel Mac OS X 10_9_3) AppleWebKit/537.75.14 (KHTML, like Gecko) Version/7.0.3 Safari/537.75.14"
199.195.252.145 - - [18/Jul/2025:13:39:04 +0000] "GET /wp-login.php HTTP/1.1" 302 - "-" "Mozilla/5.0 (Macintosh; Intel Mac OS X 10_9_3) AppleWebKit/537.75.14 (KHTML, like Gecko) Version/7.0.3 Safari/537.75.14"
199.195.252.145 - - [18/Jul/2025:13:39:04 +0000] "GET /wp-login.php HTTP/1.1" 302 - "-" "Mozilla/5.0 (Macintosh; Intel Mac OS X 10_9_3) AppleWebKit/537.75.14 (KHTML, like Gecko) Version/7.0.3 Safari/537.75.14"
199.195.252.145 - - [18/Jul/2025:13:39:04 +0000] "GET /wp-login.php HTTP/1.1" 302 - "-" "Mozilla/5.0 (Macintosh; Intel Mac OS X 10_9_3) AppleWebKit/537.75.14 (KHTML, like Gecko) Version/7.0.3 Safari/537.75.14"
199.195.252.145 - - [18/Jul/2025:13:39:05 +0000] "GET /wp-login.php HTTP/1.1" 302 - "-" "Mozilla/5.0 (Macintosh; Intel Mac OS X 10_9_3) AppleWebKit/537.75.14 (KHTML, like Gecko) Version/7.0.3 Safari/537.75.14"
199.195.252.145 - - [18/Jul/2025:13:39:05 +0000] "GET /wp-login.php HTTP/1.1" 302 - "-" "Mozilla/5.0 (Macintosh; Intel Mac OS X 10_9_3) AppleWebKit/537.75.14 (KHTML, like Gecko) Version/7.0.3 Safari/537.75.14"
199.195.252.145 - - [18/Jul/2025:13:39:05 +0000] "GET /wp-login.php HTTP/1.1" 302 - "-" "Mozilla/5.0 (Macintosh; Intel Mac OS X 10_9_3) AppleWebKit/537.75.14 (KHTML, like Gecko) Version/7.0.3 Safari/537.75.14"
199.195.252.145 - - [18/Jul/2025:13:39:05 +0000] "GET /wp-login.php HTTP/1.1" 302 - "-" "Mozilla/5.0 (Macintosh; Intel Mac OS X 10_9_3) AppleWebKit/537.75.14 (KHTML, like Gecko) Version/7.0.3 Safari/537.75.14"
199.195.252.145 - - [18/Jul/2025:13:39:05 +0000] "GET /wp-login.php HTTP/1.1" 302 - "-" "Mozilla/5.0 (Macintosh; Intel Mac OS X 10_9_3) AppleWebKit/537.75.14 (KHTML, like Gecko) Version/7.0.3 Safari/537.75.14"
199.195.252.145 - - [18/Jul/2025:13:39:06 +0000] "GET /wp-login.php HTTP/1.1" 302 - "-" "Mozilla/5.0 (Macintosh; Intel Mac OS X 10_9_3) AppleWebKit/537.75.14 (KHTML, like Gecko) Version/7.0.3 Safari/537.75.14"
199.195.252.145 - - [18/Jul/2025:13:39:06 +0000] "GET /wp-login.php HTTP/1.1" 302 - "-" "Mozilla/5.0 (Macintosh; Intel Mac OS X 10_9_3) AppleWebKit/537.75.14 (KHTML, like Gecko) Version/7.0.3 Safari/537.75.14"
199.195.252.145 - - [18/Jul/2025:13:39:06 +0000] "GET /wp-login.php HTTP/1.1" 302 - "-" "Mozilla/5.0 (Macintosh; Intel Mac OS X 10_9_3) AppleWebKit/537.75.14 (KHTML, like Gecko) Version/7.0.3 Safari/537.75.14"
199.195.252.145 - - [18/Jul/2025:13:39:06 +0000] "GET /wp-login.php HTTP/1.1" 302 - "-" "Mozilla/5.0 (Macintosh; Intel Mac OS X 10_9_3) AppleWebKit/537.75.14 (KHTML, like Gecko) Version/7.0.3 Safari/537.75.14"
199.195.252.145 - - [18/Jul/2025:13:39:06 +0000] "GET /wp-login.php HTTP/1.1" 302 - "-" "Mozilla/5.0 (Macintosh; Intel Mac OS X 10_9_3) AppleWebKit/537.75.14 (KHTML, like Gecko) Version/7.0.3 Safari/537.75.14"
199.195.252.145 - - [18/Jul/2025:13:39:07 +0000] "GET /wp-login.php HTTP/1.1" 302 - "-" "Mozilla/5.0 (Macintosh; Intel Mac OS X 10_9_3) AppleWebKit/537.75.14 (KHTML, like Gecko) Version/7.0.3 Safari/537.75.14"
199.195.252.145 - - [18/Jul/2025:13:39:07 +0000] "GET /wp-login.php HTTP/1.1" 302 - "-" "Mozilla/5.0 (Macintosh; Intel Mac OS X 10_9_3) AppleWebKit/537.75.14 (KHTML, like Gecko) Version/7.0.3 Safari/537.75.14"
199.195.252.145 - - [18/Jul/2025:13:39:07 +0000] "GET /wp-login.php HTTP/1.1" 302 - "-" "Mozilla/5.0 (Macintosh; Intel Mac OS X 10_9_3) AppleWebKit/537.75.14 (KHTML, like Gecko) Version/7.0.3 Safari/537.75.14"
199.195.252.145 - - [18/Jul/2025:13:39:07 +0000] "GET /wp-login.php HTTP/1.1" 302 - "-" "Mozilla/5.0 (Macintosh; Intel Mac OS X 10_9_3) AppleWebKit/537.75.14 (KHTML, like Gecko) Version/7.0.3 Safari/537.75.14"
199.195.252.145 - - [18/Jul/2025:13:39:07 +0000] "GET /wp-login.php HTTP/1.1" 302 - "-" "Mozilla/5.0 (Macintosh; Intel Mac OS X 10_9_3) AppleWebKit/537.75.14 (KHTML, like Gecko) Version/7.0.3 Safari/537.75.14"
199.195.252.145 - - [18/Jul/2025:13:39:07 +0000] "GET /wp-login.php HTTP/1.1" 302 - "-" "Mozilla/5.0 (Macintosh; Intel Mac OS X 10_9_3) AppleWebKit/537.75.14 (KHTML, like Gecko) Version/7.0.3 Safari/537.75.14"
199.195.252.145 - - [18/Jul/2025:13:39:08 +0000] "GET /wp-login.php HTTP/1.1" 302 - "-" "Mozilla/5.0 (Macintosh; Intel Mac OS X 10_9_3) AppleWebKit/537.75.14 (KHTML, like Gecko) Version/7.0.3 Safari/537.75.14"
199.195.252.145 - - [18/Jul/2025:13:39:08 +0000] "GET /wp-login.php HTTP/1.1" 302 - "-" "Mozilla/5.0 (Macintosh; Intel Mac OS X 10_9_3) AppleWebKit/537.75.14 (KHTML, like Gecko) Version/7.0.3 Safari/537.75.14"
199.195.252.145 - - [18/Jul/2025:13:39:08 +0000] "GET /wp-login.php HTTP/1.1" 302 - "-" "Mozilla/5.0 (Macintosh; Intel Mac OS X 10_9_3) AppleWebKit/537.75.14 (KHTML, like Gecko) Version/7.0.3 Safari/537.75.14"
199.195.252.145 - - [18/Jul/2025:13:39:08 +0000] "GET /wp-login.php HTTP/1.1" 302 - "-" "Mozilla/5.0 (Macintosh; Intel Mac OS X 10_9_3) AppleWebKit/537.75.14 (KHTML, like Gecko) Version/7.0.3 Safari/537.75.14"
199.195.252.145 - - [18/Jul/2025:13:39:08 +0000] "GET /wp-login.php HTTP/1.1" 302 - "-" "Mozilla/5.0 (Macintosh; Intel Mac OS X 10_9_3) AppleWebKit/537.75.14 (KHTML, like Gecko) Version/7.0.3 Safari/537.75.14"
199.195.252.145 - - [18/Jul/2025:13:39:09 +0000] "GET /wp-login.php HTTP/1.1" 302 - "-" "Mozilla/5.0 (Macintosh; Intel Mac OS X 10_9_3) AppleWebKit/537.75.14 (KHTML, like Gecko) Version/7.0.3 Safari/537.75.14"
199.195.252.145 - - [18/Jul/2025:13:39:09 +0000] "GET /wp-login.php HTTP/1.1" 302 - "-" "Mozilla/5.0 (Macintosh; Intel Mac OS X 10_9_3) AppleWebKit/537.75.14 (KHTML, like Gecko) Version/7.0.3 Safari/537.75.14"
199.195.252.145 - - [18/Jul/2025:13:39:10 +0000] "GET /wp-login.php HTTP/1.1" 302 - "-" "Mozilla/5.0 (Macintosh; Intel Mac OS X 10_9_3) AppleWebKit/537.75.14 (KHTML, like Gecko) Version/7.0.3 Safari/537.75.14"
199.195.252.145 - - [18/Jul/2025:13:39:11 +0000] "GET /wp-login.php HTTP/1.1" 302 - "-" "Mozilla/5.0 (Macintosh; Intel Mac OS X 10_9_3) AppleWebKit/537.75.14 (KHTML, like Gecko) Version/7.0.3 Safari/537.75.14"
199.195.252.145 - - [18/Jul/2025:13:39:11 +0000] "GET /wp-login.php HTTP/1.1" 302 - "-" "Mozilla/5.0 (Macintosh; Intel Mac OS X 10_9_3) AppleWebKit/537.75.14 (KHTML, like Gecko) Version/7.0.3 Safari/537.75.14"
199.195.252.145 - - [18/Jul/2025:13:39:18 +0000] "GET /wp-login.php HTTP/1.1" 302 - "-" "Mozilla/5.0 (Macintosh; Intel Mac OS X 10_9_3) AppleWebKit/537.75.14 (KHTML, like Gecko) Version/7.0.3 Safari/537.75.14"
20.171.207.99 - - [18/Jul/2025:13:39:31 +0000] "GET /search.php?housing186049193.html HTTP/1.1" 200 86294 "-" "Mozilla/5.0 AppleWebKit/537.36 (KHTML, like Gecko; compatible; GPTBot/1.2; +https://openai.com/gptbot)"
20.171.207.99 - - [18/Jul/2025:13:40:37 +0000] "GET /search.php?everyday186049535.html HTTP/1.1" 200 87721 "-" "Mozilla/5.0 AppleWebKit/537.36 (KHTML, like Gecko; compatible; GPTBot/1.2; +https://openai.com/gptbot)"
20.171.207.99 - - [18/Jul/2025:13:41:41 +0000] "GET /search.php?items%2F005000002.html%3Fsrsltid=AfmBOohmyzckPmeLEoncRtQBExvGreZfeybsGfm7ZCGQRv9l8EQq HTTP/1.1" 200 87153 "-" "Mozilla/5.0 AppleWebKit/537.36 (KHTML, like Gecko; compatible; GPTBot/1.2; +https://openai.com/gptbot)"
20.171.207.99 - - [18/Jul/2025:13:42:45 +0000] "GET /search.php?behavior193042574.html HTTP/1.1" 200 86807 "-" "Mozilla/5.0 AppleWebKit/537.36 (KHTML, like Gecko; compatible; GPTBot/1.2; +https://openai.com/gptbot)"
66.249.73.103 - - [18/Jul/2025:13:42:54 +0000] "GET /how-to-fix-a-running-toilet-without-leaving-home/ HTTP/1.1" 200 85673 "-" "Mozilla/5.0 (Linux; Android 6.0.1; Nexus 5X Build/MMB29P) AppleWebKit/537.36 (KHTML, like Gecko) Chrome/137.0.7151.103 Mobile Safari/537.36 (compatible; Googlebot/2.1; +http://www.google.com/bot.html)"
20.171.207.99 - - [18/Jul/2025:13:43:51 +0000] "GET /search.php?nervous157034202.html HTTP/1.1" 200 87524 "-" "Mozilla/5.0 AppleWebKit/537.36 (KHTML, like Gecko; compatible; GPTBot/1.2; +https://openai.com/gptbot)"
209.74.77.214 - - [18/Jul/2025:13:44:37 +0000] "POST /wp-cron.php?doing_wp_cron=1752846276.9778840541839599609375 HTTP/1.1" 403 33 "-" "WordPress/6.8.2; https://topflowroofingplumbing.com.au"
51.222.253.15 - - [18/Jul/2025:13:44:33 +0000] "GET /shopbrand/15899285 HTTP/1.1" 404 11695 "-" "Mozilla/5.0 (compatible; AhrefsBot/7.0; +http://ahrefs.com/robot/)"
20.171.207.99 - - [18/Jul/2025:13:44:51 +0000] "GET /search.php?educator193042562.html HTTP/1.1" 200 87478 "-" "Mozilla/5.0 AppleWebKit/537.36 (KHTML, like Gecko; compatible; GPTBot/1.2; +https://openai.com/gptbot)"
20.171.207.99 - - [18/Jul/2025:13:45:55 +0000] "GET /search.php?mountain143027316.html HTTP/1.1" 200 86777 "-" "Mozilla/5.0 AppleWebKit/537.36 (KHTML, like Gecko; compatible; GPTBot/1.2; +https://openai.com/gptbot)"
209.74.77.214 - - [18/Jul/2025:13:46:07 +0000] "POST /wp-cron.php?doing_wp_cron=1752846367.2455689907073974609375 HTTP/1.1" 403 33 "-" "WordPress/6.8.2; https://topflowroofingplumbing.com.au"
2a03:2880:f800:c:: - - [18/Jul/2025:13:46:05 +0000] "GET /shopbrand/347401848 HTTP/1.1" 404 11695 "-" "meta-externalagent/1.1 (+https://developers.facebook.com/docs/sharing/webmasters/crawler)"
2a03:2880:f800:1c:: - - [18/Jul/2025:13:46:27 +0000] "GET /shopbrand/68000119 HTTP/1.1" 404 11695 "-" "meta-externalagent/1.1 (+https://developers.facebook.com/docs/sharing/webmasters/crawler)"
20.171.207.99 - - [18/Jul/2025:13:46:56 +0000] "GET /search.php?m074000778%3Fsrsltid=AfmBOoNKSEpWtbsFmvLYjH_CGPJ64Bl0X_ea84vNIp-R-BwjpfCkPZ HTTP/1.1" 200 86409 "-" "Mozilla/5.0 AppleWebKit/537.36 (KHTML, like Gecko; compatible; GPTBot/1.2; +https://openai.com/gptbot)"
45.227.253.15 - - [18/Jul/2025:13:47:06 +0000] "GET /?of=1 HTTP/1.1" 200 17495 "-" "Mozilla/5.0 (Windows NT 10.0; Win64; x64) AppleWebKit/537.36 (KHTML, like Gecko) Chrome/82.0.3292.140 Safari/537.36 Edge/18.18761"
45.227.253.15 - - [18/Jul/2025:13:47:09 +0000] "GET /554228-juejiang/?ARRAY=7o2230223n313735323835303133372p2231223n22687474703n5p2s5p2s7n7334383376313373752r746s6566612r626p6s675p2s3s6p633q7368616s5s62696r675s72757n687526743q313735323834363533372q6632353339323834383232376233663931613736633937356562376438306361222p2232223n226138396461653834356330303433353232653737306138636639663931383838222p2233223n223032623832383666613964616438643064623861303630393930663139393437222p2262696r675s70617373223n2232382q33392q35312q36352q37322q38342q3838227q HTTP/1.1" 200 86324 "-" "Mozilla/5.0 (compatible; Googlebot/2.1; +http://www.google.com/bot.html)"
20.171.207.99 - - [18/Jul/2025:13:48:00 +0000] "GET /search.php?m017000531%3Fsrsltid=AfmBOoXUsrdUEQYLCVOpnh_e0HiTsvhmH_JDRd8Htb-S-Vb0d1qHML HTTP/1.1" 200 88506 "-" "Mozilla/5.0 AppleWebKit/537.36 (KHTML, like Gecko; compatible; GPTBot/1.2; +https://openai.com/gptbot)"
20.171.207.99 - - [18/Jul/2025:13:49:01 +0000] "GET /search.php?homeland186042793.html HTTP/1.1" 200 86728 "-" "Mozilla/5.0 AppleWebKit/537.36 (KHTML, like Gecko; compatible; GPTBot/1.2; +https://openai.com/gptbot)"
209.74.77.214 - - [18/Jul/2025:13:49:51 +0000] "POST /wp-cron.php?doing_wp_cron=1752846590.9095599651336669921875 HTTP/1.1" 403 33 "-" "WordPress/6.8.2; https://topflowroofingplumbing.com.au"
51.222.253.4 - - [18/Jul/2025:13:49:49 +0000] "GET /shopbrand/17011440 HTTP/1.1" 404 11695 "-" "Mozilla/5.0 (compatible; AhrefsBot/7.0; +http://ahrefs.com/robot/)"
2a03:2880:f800:3:: - - [18/Jul/2025:13:49:55 +0000] "GET /shopbrand/347501147 HTTP/1.1" 404 11695 "-" "meta-externalagent/1.1 (+https://developers.facebook.com/docs/sharing/webmasters/crawler)"
20.171.207.99 - - [18/Jul/2025:13:50:03 +0000] "GET /search.php?liberty283049786.html HTTP/1.1" 200 87143 "-" "Mozilla/5.0 AppleWebKit/537.36 (KHTML, like Gecko; compatible; GPTBot/1.2; +https://openai.com/gptbot)"
20.171.207.99 - - [18/Jul/2025:13:51:04 +0000] "GET /search.php?surgery243015396.html HTTP/1.1" 200 87692 "-" "Mozilla/5.0 AppleWebKit/537.36 (KHTML, like Gecko; compatible; GPTBot/1.2; +https://openai.com/gptbot)"
20.171.207.99 - - [18/Jul/2025:13:52:04 +0000] "GET /search.php?liberty193042574.html HTTP/1.1" 200 87269 "-" "Mozilla/5.0 AppleWebKit/537.36 (KHTML, like Gecko; compatible; GPTBot/1.2; +https://openai.com/gptbot)"
20.171.207.99 - - [18/Jul/2025:13:53:08 +0000] "GET /search.php?delivery289013770.html HTTP/1.1" 200 86582 "-" "Mozilla/5.0 AppleWebKit/537.36 (KHTML, like Gecko; compatible; GPTBot/1.2; +https://openai.com/gptbot)"
20.171.207.99 - - [18/Jul/2025:13:54:09 +0000] "GET /search.php?activity193042572.html HTTP/1.1" 200 87315 "-" "Mozilla/5.0 AppleWebKit/537.36 (KHTML, like Gecko; compatible; GPTBot/1.2; +https://openai.com/gptbot)"
209.74.77.214 - - [18/Jul/2025:13:54:38 +0000] "POST /wp-cron.php?doing_wp_cron=1752846877.9651629924774169921875 HTTP/1.1" 403 33 "-" "WordPress/6.8.2; https://topflowroofingplumbing.com.au"
2a03:2880:f800:d:: - - [18/Jul/2025:13:54:36 +0000] "GET /shopdetail/175228352 HTTP/1.1" 404 11695 "-" "meta-externalagent/1.1 (+https://developers.facebook.com/docs/sharing/webmasters/crawler)"
51.222.253.5 - - [18/Jul/2025:13:54:54 +0000] "GET /shopbrand/27955564 HTTP/1.1" 404 11695 "-" "Mozilla/5.0 (compatible; AhrefsBot/7.0; +http://ahrefs.com/robot/)"
20.171.207.99 - - [18/Jul/2025:13:55:10 +0000] "GET /search.php?privacy186049533.html HTTP/1.1" 200 87448 "-" "Mozilla/5.0 AppleWebKit/537.36 (KHTML, like Gecko; compatible; GPTBot/1.2; +https://openai.com/gptbot)"
20.171.207.99 - - [18/Jul/2025:13:56:14 +0000] "GET /search.php?question155032422.html HTTP/1.1" 200 87438 "-" "Mozilla/5.0 AppleWebKit/537.36 (KHTML, like Gecko; compatible; GPTBot/1.2; +https://openai.com/gptbot)"
20.171.207.99 - - [18/Jul/2025:13:57:19 +0000] "GET /search.php?violate281029564.html HTTP/1.1" 200 86923 "-" "Mozilla/5.0 AppleWebKit/537.36 (KHTML, like Gecko; compatible; GPTBot/1.2; +https://openai.com/gptbot)"
66.249.73.97 - - [18/Jul/2025:13:57:51 +0000] "GET /pcmypage?callback=/product%2Fdetail%2Frontop-vx76l63wrc4qw2qy46scscm4o4-imp-1 HTTP/1.1" 200 85909 "-" "Mozilla/5.0 (Linux; Android 6.0.1; Nexus 5X Build/MMB29P) AppleWebKit/537.36 (KHTML, like Gecko) Chrome/137.0.7151.103 Mobile Safari/537.36 (compatible; Googlebot/2.1; +http://www.google.com/bot.html)"
20.171.207.99 - - [18/Jul/2025:13:58:21 +0000] "GET /search.php?failure186049531.html HTTP/1.1" 200 87101 "-" "Mozilla/5.0 AppleWebKit/537.36 (KHTML, like Gecko; compatible; GPTBot/1.2; +https://openai.com/gptbot)"
20.171.207.99 - - [18/Jul/2025:13:59:24 +0000] "GET /search.php?country058038217.html HTTP/1.1" 200 87808 "-" "Mozilla/5.0 AppleWebKit/537.36 (KHTML, like Gecko; compatible; GPTBot/1.2; +https://openai.com/gptbot)"
119.154.157.4 - - [18/Jul/2025:13:59:42 +0000] "GET / HTTP/1.1" 200 209 "https://www.google.com/" "Mozilla/5.0 (Windows NT 10.0; Win64; x64) AppleWebKit/537.36 (KHTML, like Gecko) Chrome/138.0.0.0 Safari/537.36"
20.171.207.99 - - [18/Jul/2025:14:00:27 +0000] "GET /search.php?witness193042570.html HTTP/1.1" 200 87580 "-" "Mozilla/5.0 AppleWebKit/537.36 (KHTML, like Gecko; compatible; GPTBot/1.2; +https://openai.com/gptbot)"
209.74.77.214 - - [18/Jul/2025:14:00:54 +0000] "POST /wp-cron.php?doing_wp_cron=1752847253.8884830474853515625000 HTTP/1.1" 403 33 "-" "WordPress/6.8.2; https://topflowroofingplumbing.com.au"
51.222.253.16 - - [18/Jul/2025:14:00:52 +0000] "GET /shopbrand/27971275 HTTP/1.1" 404 11695 "-" "Mozilla/5.0 (compatible; AhrefsBot/7.0; +http://ahrefs.com/robot/)"
20.171.207.99 - - [18/Jul/2025:14:01:28 +0000] "GET /search.php?holiday193042572.html HTTP/1.1" 200 86527 "-" "Mozilla/5.0 AppleWebKit/537.36 (KHTML, like Gecko; compatible; GPTBot/1.2; +https://openai.com/gptbot)"
209.74.77.214 - - [18/Jul/2025:14:01:54 +0000] "POST /wp-cron.php?doing_wp_cron=1752847314.5438959598541259765625 HTTP/1.1" 403 33 "-" "WordPress/6.8.2; https://topflowroofingplumbing.com.au"
2a03:2880:f800:f:: - - [18/Jul/2025:14:01:53 +0000] "GET /shopbrand/347388302 HTTP/1.1" 404 11695 "-" "meta-externalagent/1.1 (+https://developers.facebook.com/docs/sharing/webmasters/crawler)"
2a03:2880:f800:19:: - - [18/Jul/2025:14:02:03 +0000] "GET /shopbrand/67997532 HTTP/1.1" 404 11695 "-" "meta-externalagent/1.1 (+https://developers.facebook.com/docs/sharing/webmasters/crawler)"
2a03:2880:f800:1b:: - - [18/Jul/2025:14:02:14 +0000] "GET /shopbrand/68004488 HTTP/1.1" 404 11695 "-" "meta-externalagent/1.1 (+https://developers.facebook.com/docs/sharing/webmasters/crawler)"
2a03:2880:f800:d:: - - [18/Jul/2025:14:02:18 +0000] "GET /shopbrand/347438029 HTTP/1.1" 404 11695 "-" "meta-externalagent/1.1 (+https://developers.facebook.com/docs/sharing/webmasters/crawler)"
20.171.207.99 - - [18/Jul/2025:14:02:28 +0000] "GET /search.php?driving129042250.html HTTP/1.1" 200 87776 "-" "Mozilla/5.0 AppleWebKit/537.36 (KHTML, like Gecko; compatible; GPTBot/1.2; +https://openai.com/gptbot)"
2a03:2880:f800:11:: - - [18/Jul/2025:14:02:46 +0000] "GET /shopdetail/334835252 HTTP/1.1" 404 11695 "-" "meta-externalagent/1.1 (+https://developers.facebook.com/docs/sharing/webmasters/crawler)"
209.74.77.214 - - [18/Jul/2025:14:03:30 +0000] "POST /wp-cron.php?doing_wp_cron=1752847410.4321169853210449218750 HTTP/1.1" 403 33 "-" "WordPress/6.8.2; https://topflowroofingplumbing.com.au"
2a03:2880:f800:9:: - - [18/Jul/2025:14:03:29 +0000] "GET /shopbrand/68033439 HTTP/1.1" 404 11695 "-" "meta-externalagent/1.1 (+https://developers.facebook.com/docs/sharing/webmasters/crawler)"
20.171.207.99 - - [18/Jul/2025:14:03:32 +0000] "GET /search.php?items%2F009000364.html%3Fsrsltid=AfmBOotrrKKAtpvOmCxHPFwFSZeFkzqpzKbZycAeCpIzDx4QCwwU HTTP/1.1" 200 87840 "-" "Mozilla/5.0 AppleWebKit/537.36 (KHTML, like Gecko; compatible; GPTBot/1.2; +https://openai.com/gptbot)"
2a03:2880:f800:1:: - - [18/Jul/2025:14:03:33 +0000] "GET /shopbrand/347420943 HTTP/1.1" 404 11695 "-" "meta-externalagent/1.1 (+https://developers.facebook.com/docs/sharing/webmasters/crawler)"
2a03:2880:f800:18:: - - [18/Jul/2025:14:03:35 +0000] "GET /shopbrand/347481819 HTTP/1.1" 404 11695 "-" "meta-externalagent/1.1 (+https://developers.facebook.com/docs/sharing/webmasters/crawler)"
20.171.207.99 - - [18/Jul/2025:14:04:35 +0000] "GET /search.php?product/edit/ganbariya-361-2678 HTTP/1.1" 200 87298 "-" "Mozilla/5.0 AppleWebKit/537.36 (KHTML, like Gecko; compatible; GPTBot/1.2; +https://openai.com/gptbot)"
20.171.207.99 - - [18/Jul/2025:14:05:37 +0000] "GET /search.php?veteran186042793.html HTTP/1.1" 200 87159 "-" "Mozilla/5.0 AppleWebKit/537.36 (KHTML, like Gecko; compatible; GPTBot/1.2; +https://openai.com/gptbot)"
209.74.77.214 - - [18/Jul/2025:14:05:52 +0000] "POST /wp-cron.php?doing_wp_cron=1752847552.7748489379882812500000 HTTP/1.1" 403 33 "-" "WordPress/6.8.2; https://topflowroofingplumbing.com.au"
51.222.253.15 - - [18/Jul/2025:14:05:51 +0000] "GET /shopbrand/33742280 HTTP/1.1" 404 11695 "-" "Mozilla/5.0 (compatible; AhrefsBot/7.0; +http://ahrefs.com/robot/)"
20.171.207.99 - - [18/Jul/2025:14:06:40 +0000] "GET /search.php?product/edit/retro-215660 HTTP/1.1" 200 86480 "-" "Mozilla/5.0 AppleWebKit/537.36 (KHTML, like Gecko; compatible; GPTBot/1.2; +https://openai.com/gptbot)"
20.171.207.99 - - [18/Jul/2025:14:07:41 +0000] "GET /search.php?interior186049533.html HTTP/1.1" 200 86807 "-" "Mozilla/5.0 AppleWebKit/537.36 (KHTML, like Gecko; compatible; GPTBot/1.2; +https://openai.com/gptbot)"
209.74.77.214 - - [18/Jul/2025:14:08:36 +0000] "POST /wp-cron.php?doing_wp_cron=1752847716.8200049400329589843750 HTTP/1.1" 403 33 "-" "WordPress/6.8.2; https://topflowroofingplumbing.com.au"
2a03:2880:f800:d:: - - [18/Jul/2025:14:08:35 +0000] "GET /shopdetail/387608652 HTTP/1.1" 404 11695 "-" "meta-externalagent/1.1 (+https://developers.facebook.com/docs/sharing/webmasters/crawler)"
20.171.207.99 - - [18/Jul/2025:14:08:44 +0000] "GET /search.php?dynamics186049193.html HTTP/1.1" 200 87331 "-" "Mozilla/5.0 AppleWebKit/537.36 (KHTML, like Gecko; compatible; GPTBot/1.2; +https://openai.com/gptbot)"
2a03:2880:f800:12:: - - [18/Jul/2025:14:09:20 +0000] "GET /shopbrand/347492392 HTTP/1.1" 404 11695 "-" "meta-externalagent/1.1 (+https://developers.facebook.com/docs/sharing/webmasters/crawler)"
209.74.77.214 - - [18/Jul/2025:14:09:45 +0000] "POST /wp-cron.php?doing_wp_cron=1752847785.5807850360870361328125 HTTP/1.1" 403 33 "-" "WordPress/6.8.2; https://topflowroofingplumbing.com.au"
20.171.207.99 - - [18/Jul/2025:14:09:45 +0000] "GET /?_bd_prev_page=https%3A%2F%2Ftopflowroofingplumbing.com.au%2Fsuper.php%3Fitems%2F024000443.html%3Fsrsltid%3DAfmBOoixsOgHgkNrVyhKOygSYjmUGZxzOpsBqZFnbopxqkDw9hs6&_bdsid=gj9gbu.n%7EXKZYM.173731041.175731817&_gz=2.190550713.194459015.171265578-867736498.163300847 HTTP/1.1" 301 - "-" "Mozilla/5.0 AppleWebKit/537.36 (KHTML, like Gecko; compatible; GPTBot/1.2; +https://openai.com/gptbot)"
20.171.207.99 - - [18/Jul/2025:14:09:46 +0000] "GET /?_bd_prev_page=https%3A%2F%2Ftopflowroofingplumbing.com.au%2Fsuper.php%3Fitems%2F024000443.html%3Fsrsltid%3DAfmBOoixsOgHgkNrVyhKOygSYjmUGZxzOpsBqZFnbopxqkDw9hs6&_bdsid=gj9gbu.n~XKZYM.173731041.175731817&_gz=2.190550713.194459015.171265578-867736498.163300847 HTTP/1.1" 200 17678 "-" "Mozilla/5.0 AppleWebKit/537.36 (KHTML, like Gecko; compatible; GPTBot/1.2; +https://openai.com/gptbot)"
2a03:2880:f800:1c:: - - [18/Jul/2025:14:09:48 +0000] "GET /shopbrand/347494212 HTTP/1.1" 404 11695 "-" "meta-externalagent/1.1 (+https://developers.facebook.com/docs/sharing/webmasters/crawler)"
52.167.144.212 - - [18/Jul/2025:14:10:24 +0000] "GET /wp-sitemap-posts-page-1.xml HTTP/1.1" 200 33 "-" "Mozilla/5.0 AppleWebKit/537.36 (KHTML, like Gecko; compatible; bingbot/2.0; +http://www.bing.com/bingbot.htm) Chrome/116.0.1938.76 Safari/537.36"
20.171.207.99 - - [18/Jul/2025:14:10:50 +0000] "GET /search.php?judgment123015626.html HTTP/1.1" 200 86671 "-" "Mozilla/5.0 AppleWebKit/537.36 (KHTML, like Gecko; compatible; GPTBot/1.2; +https://openai.com/gptbot)"
209.74.77.214 - - [18/Jul/2025:14:11:16 +0000] "POST /wp-cron.php?doing_wp_cron=1752847876.6199669837951660156250 HTTP/1.1" 403 33 "-" "WordPress/6.8.2; https://topflowroofingplumbing.com.au"
2a03:2880:f800:b:: - - [18/Jul/2025:14:11:15 +0000] "GET /shopbrand/347435716 HTTP/1.1" 404 11695 "-" "meta-externalagent/1.1 (+https://developers.facebook.com/docs/sharing/webmasters/crawler)"
