66.249.65.197 - - [20/Jul/2025:18:24:53 +0000] "POST /get-message-notify HTTP/1.1" 200 40299 "https://abl.academy/item/rewar20170273/" "Mozilla/5.0 (Linux; Android 6.0.1; Nexus 5X Build/MMB29P) AppleWebKit/537.36 (KHTML, like Gecko) Chrome/137.0.7151.119 Mobile Safari/537.36 (compatible; Googlebot/2.1; +http://www.google.com/bot.html)"
66.249.65.197 - - [20/Jul/2025:18:24:55 +0000] "GET /item/whose10612400/ HTTP/1.1" 200 40001 "-" "Mozilla/5.0 (Linux; Android 6.0.1; Nexus 5X Build/MMB29P) AppleWebKit/537.36 (KHTML, like Gecko) Chrome/137.0.7151.103 Mobile Safari/537.36 (compatible; Googlebot/2.1; +http://www.google.com/bot.html)"
66.249.65.197 - - [20/Jul/2025:18:24:57 +0000] "POST /get-message-notify HTTP/1.1" 200 40326 "https://abl.academy/item/south10808376/" "Mozilla/5.0 (Linux; Android 6.0.1; Nexus 5X Build/MMB29P) AppleWebKit/537.36 (KHTML, like Gecko) Chrome/137.0.7151.119 Mobile Safari/537.36 (compatible; Googlebot/2.1; +http://www.google.com/bot.html)"
66.249.65.198 - - [20/Jul/2025:18:24:58 +0000] "GET /item/globa52475716/ HTTP/1.1" 200 40155 "-" "Mozilla/5.0 (Linux; Android 6.0.1; Nexus 5X Build/MMB29P) AppleWebKit/537.36 (KHTML, like Gecko) Chrome/137.0.7151.103 Mobile Safari/537.36 (compatible; Googlebot/2.1; +http://www.google.com/bot.html)"
66.249.65.198 - - [20/Jul/2025:18:25:01 +0000] "GET /item/gin42159979/ HTTP/1.1" 200 39880 "-" "Mozilla/5.0 (Linux; Android 6.0.1; Nexus 5X Build/MMB29P) AppleWebKit/537.36 (KHTML, like Gecko) Chrome/137.0.7151.103 Mobile Safari/537.36 (compatible; Googlebot/2.1; +http://www.google.com/bot.html)"
66.249.65.198 - - [20/Jul/2025:18:25:04 +0000] "GET /item/execu51098476/ HTTP/1.1" 200 40267 "-" "Mozilla/5.0 (Linux; Android 6.0.1; Nexus 5X Build/MMB29P) AppleWebKit/537.36 (KHTML, like Gecko) Chrome/137.0.7151.103 Mobile Safari/537.36 (compatible; Googlebot/2.1; +http://www.google.com/bot.html)"
66.249.65.198 - - [20/Jul/2025:18:25:07 +0000] "GET /item/revol10282296/ HTTP/1.1" 200 40274 "-" "Mozilla/5.0 (Linux; Android 6.0.1; Nexus 5X Build/MMB29P) AppleWebKit/537.36 (KHTML, like Gecko) Chrome/137.0.7151.103 Mobile Safari/537.36 (compatible; Googlebot/2.1; +http://www.google.com/bot.html)"
66.249.65.197 - - [20/Jul/2025:18:25:12 +0000] "GET /item/third62681221/ HTTP/1.1" 200 40201 "-" "Mozilla/5.0 (Linux; Android 6.0.1; Nexus 5X Build/MMB29P) AppleWebKit/537.36 (KHTML, like Gecko) Chrome/137.0.7151.103 Mobile Safari/537.36 (compatible; Googlebot/2.1; +http://www.google.com/bot.html)"
66.249.65.197 - - [20/Jul/2025:18:25:14 +0000] "GET /item/exami41772187/ HTTP/1.1" 200 39704 "-" "Mozilla/5.0 (Linux; Android 6.0.1; Nexus 5X Build/MMB29P) AppleWebKit/537.36 (KHTML, like Gecko) Chrome/137.0.7151.103 Mobile Safari/537.36 (compatible; Googlebot/2.1; +http://www.google.com/bot.html)"
66.249.65.197 - - [20/Jul/2025:18:27:23 +0000] "GET /item/visua50874628/ HTTP/1.1" 200 40019 "-" "Mozilla/5.0 (Linux; Android 6.0.1; Nexus 5X Build/MMB29P) AppleWebKit/537.36 (KHTML, like Gecko) Chrome/137.0.7151.103 Mobile Safari/537.36 (compatible; Googlebot/2.1; +http://www.google.com/bot.html)"
209.74.77.214 - - [20/Jul/2025:18:28:16 +0000] "POST /wp-cron.php?doing_wp_cron=1753036096.7732079029083251953125 HTTP/1.1" 200 - "-" "WordPress/6.8.2; https://abl.academy"
199.195.249.170 - - [20/Jul/2025:18:28:14 +0000] "GET /wp-login.php HTTP/1.1" 200 6488 "-" "Mozilla/5.0 (Macintosh; Intel Mac OS X 10.6; rv:31.0) Gecko/20100101 Firefox/31.0"
207.46.13.230 - - [20/Jul/2025:18:28:31 +0000] "GET /robots.txt HTTP/1.1" 200 114 "-" "Mozilla/5.0 AppleWebKit/537.36 (KHTML, like Gecko; compatible; bingbot/2.0; +http://www.bing.com/bingbot.htm) Chrome/116.0.1938.76 Safari/537.36"
207.46.13.230 - - [20/Jul/2025:18:28:32 +0000] "GET /robots.txt HTTP/1.1" 200 114 "-" "Mozilla/5.0 AppleWebKit/537.36 (KHTML, like Gecko; compatible; bingbot/2.0; +http://www.bing.com/bingbot.htm) Chrome/116.0.1938.76 Safari/537.36"
207.46.13.156 - - [20/Jul/2025:18:28:36 +0000] "GET /wp-sitemap-posts-post-1.xml HTTP/1.1" 200 17286 "-" "Mozilla/5.0 AppleWebKit/537.36 (KHTML, like Gecko; compatible; bingbot/2.0; +http://www.bing.com/bingbot.htm) Chrome/116.0.1938.76 Safari/537.36"
207.46.13.156 - - [20/Jul/2025:18:30:47 +0000] "GET /wp-sitemap.xml HTTP/1.1" 200 200 "-" "Mozilla/5.0 AppleWebKit/537.36 (KHTML, like Gecko; compatible; bingbot/2.0; +http://www.bing.com/bingbot.htm) Chrome/116.0.1938.76 Safari/537.36"
66.249.65.199 - - [20/Jul/2025:18:31:58 +0000] "GET /item/anywh51416716/ HTTP/1.1" 200 40809 "-" "Mozilla/5.0 (Linux; Android 6.0.1; Nexus 5X Build/MMB29P) AppleWebKit/537.36 (KHTML, like Gecko) Chrome/137.0.7151.103 Mobile Safari/537.36 (compatible; Googlebot/2.1; +http://www.google.com/bot.html)"
207.46.13.156 - - [20/Jul/2025:18:32:48 +0000] "GET /wp-sitemap-posts-lp_course-1.xml HTTP/1.1" 200 17173 "-" "Mozilla/5.0 AppleWebKit/537.36 (KHTML, like Gecko; compatible; bingbot/2.0; +http://www.bing.com/bingbot.htm) Chrome/116.0.1938.76 Safari/537.36"
209.74.77.214 - - [20/Jul/2025:18:33:23 +0000] "POST /wp-cron.php?doing_wp_cron=1753036403.3380990028381347656250 HTTP/1.1" 200 - "-" "WordPress/6.8.2; https://abl.academy"
199.195.249.170 - - [20/Jul/2025:18:33:21 +0000] "POST /wp-login.php HTTP/1.1" 200 6965 "-" "Mozilla/5.0 (Macintosh; Intel Mac OS X 10.6; rv:31.0) Gecko/20100101 Firefox/31.0"
66.249.65.199 - - [20/Jul/2025:18:36:44 +0000] "GET /item/anybo51385324/ HTTP/1.1" 200 39928 "-" "Mozilla/5.0 (Linux; Android 6.0.1; Nexus 5X Build/MMB29P) AppleWebKit/537.36 (KHTML, like Gecko) Chrome/137.0.7151.103 Mobile Safari/537.36 (compatible; Googlebot/2.1; +http://www.google.com/bot.html)"
207.46.13.156 - - [20/Jul/2025:18:39:14 +0000] "GET /sitemap.xml HTTP/1.1" 200 200 "-" "Mozilla/5.0 AppleWebKit/537.36 (KHTML, like Gecko; compatible; bingbot/2.0; +http://www.bing.com/bingbot.htm) Chrome/116.0.1938.76 Safari/537.36"
113.141.91.58 - - [20/Jul/2025:18:43:41 +0000] "GET / HTTP/1.1" 200 9694 "http://abl.academy" "Mozilla/5.0 (iPhone; CPU iPhone OS 13_2_3 like Mac OS X) AppleWebKit/605.1.15 (KHTML, like Gecko) Version/13.0.3 Mobile/15E148 Safari/604.1"
5.255.231.11 - - [20/Jul/2025:18:54:14 +0000] "GET /robots.txt HTTP/1.1" 200 285 "-" "Mozilla/5.0 (compatible; YandexBot/3.0; +http://yandex.com/bots)"
213.180.203.6 - - [20/Jul/2025:18:54:15 +0000] "GET /sitemap.xml HTTP/1.1" 200 200 "-" "Mozilla/5.0 (compatible; YandexBot/3.0; +http://yandex.com/bots)"
209.74.77.214 - - [20/Jul/2025:18:56:00 +0000] "POST /wp-cron.php?doing_wp_cron=1753037760.8235690593719482421875 HTTP/1.1" 200 - "-" "WordPress/6.8.2; https://abl.academy"
87.250.224.34 - - [20/Jul/2025:18:55:59 +0000] "GET /item/fix61328309/ HTTP/1.1" 404 9551 "-" "Mozilla/5.0 (compatible; YandexBot/3.0; +http://yandex.com/bots)"
66.249.65.197 - - [20/Jul/2025:18:56:35 +0000] "GET /item/cubic41746675/ HTTP/1.1" 200 40164 "-" "Mozilla/5.0 (Linux; Android 6.0.1; Nexus 5X Build/MMB29P) AppleWebKit/537.36 (KHTML, like Gecko) Chrome/137.0.7151.103 Mobile Safari/537.36 (compatible; Googlebot/2.1; +http://www.google.com/bot.html)"
66.249.65.198 - - [20/Jul/2025:18:56:47 +0000] "POST /get-message-notify HTTP/1.1" 200 40336 "https://abl.academy/item/cubic41746675/" "Mozilla/5.0 (Linux; Android 6.0.1; Nexus 5X Build/MMB29P) AppleWebKit/537.36 (KHTML, like Gecko) Chrome/137.0.7151.119 Mobile Safari/537.36 (compatible; Googlebot/2.1; +http://www.google.com/bot.html)"
85.208.96.199 - - [20/Jul/2025:18:59:18 +0000] "GET /robots.txt HTTP/1.1" 200 114 "-" "Mozilla/5.0 (compatible; SemrushBot/7~bl; +http://www.semrush.com/bot.html)"
209.74.77.214 - - [20/Jul/2025:18:59:21 +0000] "POST /wp-cron.php?doing_wp_cron=1753037961.1445260047912597656250 HTTP/1.1" 200 - "-" "WordPress/6.8.2; https://abl.academy"
185.191.171.11 - - [20/Jul/2025:18:59:18 +0000] "GET /course-category/teaching-online/ HTTP/1.1" 200 15179 "-" "Mozilla/5.0 (compatible; SemrushBot/7~bl; +http://www.semrush.com/bot.html)"
209.74.77.214 - - [20/Jul/2025:19:02:56 +0000] "POST /wp-cron.php?doing_wp_cron=1753038176.0530118942260742187500 HTTP/1.1" 200 - "-" "WordPress/6.8.2; https://abl.academy"
212.34.140.72 - - [20/Jul/2025:19:02:53 +0000] "GET /lms-wordpress-plugin/?unapproved=5465&moderation-hash=285d9522013d2a0eea6b88534e4c1b26 HTTP/1.0" 200 69483 "https://abl.academy/lms-wordpress-plugin/?unapproved=5465&moderation-hash=285d9522013d2a0eea6b88534e4c1b26#comment-5465" "Mozilla/5.0 (Windows NT 10.0; Win64; x64) AppleWebKit/537.36 (KHTML, like Gecko) Chrome/131.0.0.0 Safari/537.36"
212.34.140.72 - - [20/Jul/2025:19:02:57 +0000] "POST /wp-comments-post.php HTTP/1.0" 302 - "https://abl.academy/lms-wordpress-plugin/?unapproved=5465&moderation-hash=285d9522013d2a0eea6b88534e4c1b26#comment-5465" "Mozilla/5.0 (Windows NT 10.0; Win64; x64) AppleWebKit/537.36 (KHTML, like Gecko) Chrome/131.0.0.0 Safari/537.36"
212.34.140.72 - - [20/Jul/2025:19:02:58 +0000] "GET /lms-wordpress-plugin/?unapproved=6288&moderation-hash=ee49e34b70d6a15d5352a1955dc0fc4a HTTP/1.0" 200 69483 "https://abl.academy/lms-wordpress-plugin/?unapproved=6288&moderation-hash=ee49e34b70d6a15d5352a1955dc0fc4a#comment-6288" "Mozilla/5.0 (Windows NT 10.0; Win64; x64) AppleWebKit/537.36 (KHTML, like Gecko) Chrome/131.0.0.0 Safari/537.36"
209.74.77.214 - - [20/Jul/2025:19:20:45 +0000] "POST /wp-cron.php?doing_wp_cron=1753039245.0723049640655517578125 HTTP/1.1" 200 - "-" "WordPress/6.8.2; https://abl.academy"
185.245.106.236 - - [20/Jul/2025:19:20:42 +0000] "GET /lms-wordpress-plugin/?unapproved=5465&moderation-hash=285d9522013d2a0eea6b88534e4c1b26 HTTP/1.0" 200 69483 "https://abl.academy/lms-wordpress-plugin/?unapproved=5465&moderation-hash=285d9522013d2a0eea6b88534e4c1b26#comment-5465" "Mozilla/5.0 (Windows NT 6.1) AppleWebKit/537.36 (KHTML, like Gecko) Chrome/103.0.0.0 Safari/537.36"
185.245.106.236 - - [20/Jul/2025:19:20:46 +0000] "POST /wp-comments-post.php HTTP/1.0" 302 - "https://abl.academy/lms-wordpress-plugin/?unapproved=5465&moderation-hash=285d9522013d2a0eea6b88534e4c1b26#comment-5465" "Mozilla/5.0 (Windows NT 6.1) AppleWebKit/537.36 (KHTML, like Gecko) Chrome/103.0.0.0 Safari/537.36"
185.245.106.236 - - [20/Jul/2025:19:20:46 +0000] "GET /lms-wordpress-plugin/?unapproved=6289&moderation-hash=e4e0f762cdbf4cc69b716cacd27a82ab HTTP/1.0" 200 69483 "https://abl.academy/lms-wordpress-plugin/?unapproved=6289&moderation-hash=e4e0f762cdbf4cc69b716cacd27a82ab#comment-6289" "Mozilla/5.0 (Windows NT 6.1) AppleWebKit/537.36 (KHTML, like Gecko) Chrome/103.0.0.0 Safari/537.36"
213.180.203.234 - - [20/Jul/2025:19:26:10 +0000] "GET /robots.txt HTTP/1.1" 200 285 "-" "Mozilla/5.0 (compatible; YandexBot/3.0; +http://yandex.com/bots)"
209.74.77.214 - - [20/Jul/2025:19:26:12 +0000] "POST /wp-cron.php?doing_wp_cron=1753039572.8711340427398681640625 HTTP/1.1" 200 - "-" "WordPress/6.8.2; https://abl.academy"
95.108.213.224 - - [20/Jul/2025:19:26:11 +0000] "GET /item/dance62028477/ HTTP/1.1" 404 9551 "-" "Mozilla/5.0 (compatible; YandexBot/3.0; +http://yandex.com/bots)"
66.249.65.199 - - [20/Jul/2025:19:26:37 +0000] "GET /item/homel52313692/ HTTP/1.1" 200 40387 "-" "Mozilla/5.0 (Linux; Android 6.0.1; Nexus 5X Build/MMB29P) AppleWebKit/537.36 (KHTML, like Gecko) Chrome/137.0.7151.103 Mobile Safari/537.36 (compatible; Googlebot/2.1; +http://www.google.com/bot.html)"
66.249.65.198 - - [20/Jul/2025:19:31:34 +0000] "GET /item/febru32436370/ HTTP/1.1" 200 41309 "-" "Mozilla/5.0 (Linux; Android 6.0.1; Nexus 5X Build/MMB29P) AppleWebKit/537.36 (KHTML, like Gecko) Chrome/137.0.7151.103 Mobile Safari/537.36 (compatible; Googlebot/2.1; +http://www.google.com/bot.html)"
66.249.65.197 - - [20/Jul/2025:19:40:06 +0000] "GET /item/marry70208726/ HTTP/1.1" 200 39852 "-" "Mozilla/5.0 (Linux; Android 6.0.1; Nexus 5X Build/MMB29P) AppleWebKit/537.36 (KHTML, like Gecko) Chrome/137.0.7151.103 Mobile Safari/537.36 (compatible; Googlebot/2.1; +http://www.google.com/bot.html)"
66.249.65.198 - - [20/Jul/2025:19:40:28 +0000] "POST /get-message-notify HTTP/1.1" 200 40405 "https://abl.academy/item/marry70208726/" "Mozilla/5.0 (Linux; Android 6.0.1; Nexus 5X Build/MMB29P) AppleWebKit/537.36 (KHTML, like Gecko) Chrome/137.0.7151.119 Mobile Safari/537.36 (compatible; Googlebot/2.1; +http://www.google.com/bot.html)"
49.232.89.214 - - [20/Jul/2025:20:02:25 +0000] "POST /wp-comments-post.php HTTP/1.1" 302 - "-" "Mozilla/5.0 (Windows NT 10.0; Win64; x64) AppleWebKit/537.36 (KHTML, like Gecko) Chrome/120.0.0.0 Safari/537.36"
209.74.77.214 - - [20/Jul/2025:20:02:44 +0000] "POST /wp-cron.php?doing_wp_cron=1753041764.7703700065612792968750 HTTP/1.1" 200 - "-" "WordPress/6.8.2; https://abl.academy"
49.232.89.214 - - [20/Jul/2025:20:02:44 +0000] "POST /wp-comments-post.php HTTP/1.1" 302 - "-" "Mozilla/5.0 (Windows NT 10.0; Win64; x64) AppleWebKit/537.36 (KHTML, like Gecko) Chrome/120.0.0.0 Safari/537.36"
49.232.89.214 - - [20/Jul/2025:20:03:04 +0000] "POST /wp-comments-post.php HTTP/1.1" 302 - "-" "Mozilla/5.0 (Windows NT 10.0; Win64; x64) AppleWebKit/537.36 (KHTML, like Gecko) Chrome/120.0.0.0 Safari/537.36"
209.74.77.214 - - [20/Jul/2025:20:03:25 +0000] "POST /wp-cron.php?doing_wp_cron=1753041805.9169061183929443359375 HTTP/1.1" 200 - "-" "WordPress/6.8.2; https://abl.academy"
49.232.89.214 - - [20/Jul/2025:20:03:25 +0000] "POST /wp-comments-post.php HTTP/1.1" 302 - "-" "Mozilla/5.0 (Windows NT 10.0; Win64; x64) AppleWebKit/537.36 (KHTML, like Gecko) Chrome/120.0.0.0 Safari/537.36"
209.74.77.214 - - [20/Jul/2025:20:03:47 +0000] "POST /wp-cron.php?doing_wp_cron=1753041827.8252429962158203125000 HTTP/1.1" 200 - "-" "WordPress/6.8.2; https://abl.academy"
49.232.89.214 - - [20/Jul/2025:20:03:47 +0000] "POST /wp-comments-post.php HTTP/1.1" 302 - "-" "Mozilla/5.0 (Windows NT 10.0; Win64; x64) AppleWebKit/537.36 (KHTML, like Gecko) Chrome/120.0.0.0 Safari/537.36"
49.232.89.214 - - [20/Jul/2025:20:04:09 +0000] "POST /wp-comments-post.php HTTP/1.1" 302 - "-" "Mozilla/5.0 (Windows NT 10.0; Win64; x64) AppleWebKit/537.36 (KHTML, like Gecko) Chrome/120.0.0.0 Safari/537.36"
209.74.77.214 - - [20/Jul/2025:20:04:34 +0000] "POST /wp-cron.php?doing_wp_cron=1753041874.1131079196929931640625 HTTP/1.1" 200 - "-" "WordPress/6.8.2; https://abl.academy"
49.232.89.214 - - [20/Jul/2025:20:04:33 +0000] "POST /wp-comments-post.php HTTP/1.1" 302 - "-" "Mozilla/5.0 (Windows NT 10.0; Win64; x64) AppleWebKit/537.36 (KHTML, like Gecko) Chrome/120.0.0.0 Safari/537.36"
49.232.89.214 - - [20/Jul/2025:20:04:58 +0000] "POST /wp-comments-post.php HTTP/1.1" 302 - "-" "Mozilla/5.0 (Windows NT 10.0; Win64; x64) AppleWebKit/537.36 (KHTML, like Gecko) Chrome/120.0.0.0 Safari/537.36"
66.249.65.197 - - [20/Jul/2025:20:07:15 +0000] "GET /sitemape.xml HTTP/1.1" 200 17428 "-" "Mozilla/5.0 (compatible; Googlebot/2.1; +http://www.google.com/bot.html)"
45.227.253.15 - - [20/Jul/2025:20:10:18 +0000] "GET /index.php/jk HTTP/1.1" 200 59 "-" "Mozilla/5.0 (Windows NT 10.0; Win64; x64) AppleWebKit/537.36 (KHTML, like Gecko) Chrome/80.0.3980 Safari/537.36 Edg/80.0.145.1"
45.227.253.15 - - [20/Jul/2025:20:11:24 +0000] "GET /wp-includes/blocks/buttons/buttons/index.php?ARRAY=7o2230223n313735333034353939322p2231223n22687474703n5p2s5p2s6p776n39302r67756172652r77696o695p2s3s6p633q78696164616r5s72616r645s7061746826743q313735333034323339322q3266656261333232393734663938353536636536386561383263333439333837222p2232223n223436636563303337303930396638396165333264613231383234623762313331222p2233223n226638613531633563383166656138353739393038393634373032363437643264222p2262696r675s70617373223n2232302q34392q35382q36332q37372q38382q3135227q HTTP/1.1" 200 458 "-" "Mozilla/5.0 (Macintosh; Intel Mac OS X 10.15; rv:80.0) Gecko/20100101 Firefox/80.0"
66.249.65.197 - - [20/Jul/2025:20:19:51 +0000] "GET /sitemapl.xml HTTP/1.1" 200 18290 "-" "Mozilla/5.0 (compatible; Googlebot/2.1; +http://www.google.com/bot.html)"
45.84.107.182 - - [20/Jul/2025:20:21:50 +0000] "GET / HTTP/1.1" 200 44668 "abl.academy" "Mozilla/5.0 (iPhone; CPU iPhone OS 12_3_1 like Mac OS X) AppleWebKit/605.1.15 (KHTML, like Gecko) Mobile/16F203 QQ/8.3.5.612 V1_IPH_SQ_8.3.5_1_APP_A Pixel/750 MiniAppEnable SimpleUISwitch/0 QQTheme/1000 Core/WKWebView Device/Apple(iPhone 7) NetType/WIFI QBWebViewType/1 WKType/1"
45.84.107.182 - - [20/Jul/2025:20:21:53 +0000] "GET / HTTP/1.1" 200 44668 "https://abl.academy" "Mozilla/5.0 (iPhone; CPU iPhone OS 12_3_1 like Mac OS X) AppleWebKit/605.1.15 (KHTML, like Gecko) Mobile/16F203 QQ/8.3.5.612 V1_IPH_SQ_8.3.5_1_APP_A Pixel/750 MiniAppEnable SimpleUISwitch/0 QQTheme/1000 Core/WKWebView Device/Apple(iPhone 7) NetType/WIFI QBWebViewType/1 WKType/1"
45.84.107.182 - - [20/Jul/2025:20:21:54 +0000] "GET /about-us HTTP/1.1" 301 - "https://abl.academy/about-us" "Mozilla/5.0 (iPhone; CPU iPhone OS 12_3_1 like Mac OS X) AppleWebKit/605.1.15 (KHTML, like Gecko) Mobile/16F203 QQ/8.3.5.612 V1_IPH_SQ_8.3.5_1_APP_A Pixel/750 MiniAppEnable SimpleUISwitch/0 QQTheme/1000 Core/WKWebView Device/Apple(iPhone 7) NetType/WIFI QBWebViewType/1 WKType/1"
45.84.107.182 - - [20/Jul/2025:20:21:55 +0000] "GET /about-us/ HTTP/1.1" 200 55019 "https://abl.academy/about-us" "Mozilla/5.0 (iPhone; CPU iPhone OS 12_3_1 like Mac OS X) AppleWebKit/605.1.15 (KHTML, like Gecko) Mobile/16F203 QQ/8.3.5.612 V1_IPH_SQ_8.3.5_1_APP_A Pixel/750 MiniAppEnable SimpleUISwitch/0 QQTheme/1000 Core/WKWebView Device/Apple(iPhone 7) NetType/WIFI QBWebViewType/1 WKType/1"
192.42.116.194 - - [20/Jul/2025:20:21:56 +0000] "GET /become-a-teacher HTTP/1.1" 301 - "https://abl.academy/become-a-teacher" "Mozilla/5.0 (iPhone; CPU iPhone OS 12_3_1 like Mac OS X) AppleWebKit/605.1.15 (KHTML, like Gecko) Mobile/16F203 QQ/8.3.5.612 V1_IPH_SQ_8.3.5_1_APP_A Pixel/750 MiniAppEnable SimpleUISwitch/0 QQTheme/1000 Core/WKWebView Device/Apple(iPhone 7) NetType/WIFI QBWebViewType/1 WKType/1"
192.42.116.194 - - [20/Jul/2025:20:21:56 +0000] "GET /become-a-teacher/ HTTP/1.1" 200 48526 "https://abl.academy/become-a-teacher" "Mozilla/5.0 (iPhone; CPU iPhone OS 12_3_1 like Mac OS X) AppleWebKit/605.1.15 (KHTML, like Gecko) Mobile/16F203 QQ/8.3.5.612 V1_IPH_SQ_8.3.5_1_APP_A Pixel/750 MiniAppEnable SimpleUISwitch/0 QQTheme/1000 Core/WKWebView Device/Apple(iPhone 7) NetType/WIFI QBWebViewType/1 WKType/1"
192.42.116.194 - - [20/Jul/2025:20:21:57 +0000] "GET /blog HTTP/1.1" 301 - "https://abl.academy/blog" "Mozilla/5.0 (iPhone; CPU iPhone OS 12_3_1 like Mac OS X) AppleWebKit/605.1.15 (KHTML, like Gecko) Mobile/16F203 QQ/8.3.5.612 V1_IPH_SQ_8.3.5_1_APP_A Pixel/750 MiniAppEnable SimpleUISwitch/0 QQTheme/1000 Core/WKWebView Device/Apple(iPhone 7) NetType/WIFI QBWebViewType/1 WKType/1"
192.42.116.194 - - [20/Jul/2025:20:21:58 +0000] "GET /blog/ HTTP/1.1" 200 78636 "https://abl.academy/blog" "Mozilla/5.0 (iPhone; CPU iPhone OS 12_3_1 like Mac OS X) AppleWebKit/605.1.15 (KHTML, like Gecko) Mobile/16F203 QQ/8.3.5.612 V1_IPH_SQ_8.3.5_1_APP_A Pixel/750 MiniAppEnable SimpleUISwitch/0 QQTheme/1000 Core/WKWebView Device/Apple(iPhone 7) NetType/WIFI QBWebViewType/1 WKType/1"
192.42.116.194 - - [20/Jul/2025:20:21:59 +0000] "GET /comments/feed HTTP/1.1" 301 - "https://abl.academy/comments/feed" "Mozilla/5.0 (iPhone; CPU iPhone OS 12_3_1 like Mac OS X) AppleWebKit/605.1.15 (KHTML, like Gecko) Mobile/16F203 QQ/8.3.5.612 V1_IPH_SQ_8.3.5_1_APP_A Pixel/750 MiniAppEnable SimpleUISwitch/0 QQTheme/1000 Core/WKWebView Device/Apple(iPhone 7) NetType/WIFI QBWebViewType/1 WKType/1"
192.42.116.194 - - [20/Jul/2025:20:21:59 +0000] "GET /comments/feed/ HTTP/1.1" 200 1470 "https://abl.academy/comments/feed" "Mozilla/5.0 (iPhone; CPU iPhone OS 12_3_1 like Mac OS X) AppleWebKit/605.1.15 (KHTML, like Gecko) Mobile/16F203 QQ/8.3.5.612 V1_IPH_SQ_8.3.5_1_APP_A Pixel/750 MiniAppEnable SimpleUISwitch/0 QQTheme/1000 Core/WKWebView Device/Apple(iPhone 7) NetType/WIFI QBWebViewType/1 WKType/1"
192.42.116.194 - - [20/Jul/2025:20:22:00 +0000] "GET /contact HTTP/1.1" 301 - "https://abl.academy/contact" "Mozilla/5.0 (iPhone; CPU iPhone OS 12_3_1 like Mac OS X) AppleWebKit/605.1.15 (KHTML, like Gecko) Mobile/16F203 QQ/8.3.5.612 V1_IPH_SQ_8.3.5_1_APP_A Pixel/750 MiniAppEnable SimpleUISwitch/0 QQTheme/1000 Core/WKWebView Device/Apple(iPhone 7) NetType/WIFI QBWebViewType/1 WKType/1"
192.42.116.194 - - [20/Jul/2025:20:22:01 +0000] "GET /contact/ HTTP/1.1" 200 46960 "https://abl.academy/contact" "Mozilla/5.0 (iPhone; CPU iPhone OS 12_3_1 like Mac OS X) AppleWebKit/605.1.15 (KHTML, like Gecko) Mobile/16F203 QQ/8.3.5.612 V1_IPH_SQ_8.3.5_1_APP_A Pixel/750 MiniAppEnable SimpleUISwitch/0 QQTheme/1000 Core/WKWebView Device/Apple(iPhone 7) NetType/WIFI QBWebViewType/1 WKType/1"
192.42.116.194 - - [20/Jul/2025:20:22:02 +0000] "GET /demo-main/courses HTTP/1.1" 301 - "https://abl.academy/demo-main/courses" "Mozilla/5.0 (iPhone; CPU iPhone OS 12_3_1 like Mac OS X) AppleWebKit/605.1.15 (KHTML, like Gecko) Mobile/16F203 QQ/8.3.5.612 V1_IPH_SQ_8.3.5_1_APP_A Pixel/750 MiniAppEnable SimpleUISwitch/0 QQTheme/1000 Core/WKWebView Device/Apple(iPhone 7) NetType/WIFI QBWebViewType/1 WKType/1"
192.42.116.194 - - [20/Jul/2025:20:22:02 +0000] "GET /courses/ HTTP/1.1" 200 77896 "https://abl.academy/demo-main/courses" "Mozilla/5.0 (iPhone; CPU iPhone OS 12_3_1 like Mac OS X) AppleWebKit/605.1.15 (KHTML, like Gecko) Mobile/16F203 QQ/8.3.5.612 V1_IPH_SQ_8.3.5_1_APP_A Pixel/750 MiniAppEnable SimpleUISwitch/0 QQTheme/1000 Core/WKWebView Device/Apple(iPhone 7) NetType/WIFI QBWebViewType/1 WKType/1"
192.42.116.194 - - [20/Jul/2025:20:22:04 +0000] "GET /demo-main/shop HTTP/1.1" 301 - "https://abl.academy/demo-main/shop" "Mozilla/5.0 (iPhone; CPU iPhone OS 12_3_1 like Mac OS X) AppleWebKit/605.1.15 (KHTML, like Gecko) Mobile/16F203 QQ/8.3.5.612 V1_IPH_SQ_8.3.5_1_APP_A Pixel/750 MiniAppEnable SimpleUISwitch/0 QQTheme/1000 Core/WKWebView Device/Apple(iPhone 7) NetType/WIFI QBWebViewType/1 WKType/1"
192.42.116.194 - - [20/Jul/2025:20:22:04 +0000] "GET /shop/ HTTP/1.1" 200 237631 "https://abl.academy/demo-main/shop" "Mozilla/5.0 (iPhone; CPU iPhone OS 12_3_1 like Mac OS X) AppleWebKit/605.1.15 (KHTML, like Gecko) Mobile/16F203 QQ/8.3.5.612 V1_IPH_SQ_8.3.5_1_APP_A Pixel/750 MiniAppEnable SimpleUISwitch/0 QQTheme/1000 Core/WKWebView Device/Apple(iPhone 7) NetType/WIFI QBWebViewType/1 WKType/1"
192.42.116.194 - - [20/Jul/2025:20:22:05 +0000] "GET /faqs HTTP/1.1" 301 - "https://abl.academy/faqs" "Mozilla/5.0 (iPhone; CPU iPhone OS 12_3_1 like Mac OS X) AppleWebKit/605.1.15 (KHTML, like Gecko) Mobile/16F203 QQ/8.3.5.612 V1_IPH_SQ_8.3.5_1_APP_A Pixel/750 MiniAppEnable SimpleUISwitch/0 QQTheme/1000 Core/WKWebView Device/Apple(iPhone 7) NetType/WIFI QBWebViewType/1 WKType/1"
192.42.116.194 - - [20/Jul/2025:20:22:06 +0000] "GET /faqs/ HTTP/1.1" 200 50129 "https://abl.academy/faqs" "Mozilla/5.0 (iPhone; CPU iPhone OS 12_3_1 like Mac OS X) AppleWebKit/605.1.15 (KHTML, like Gecko) Mobile/16F203 QQ/8.3.5.612 V1_IPH_SQ_8.3.5_1_APP_A Pixel/750 MiniAppEnable SimpleUISwitch/0 QQTheme/1000 Core/WKWebView Device/Apple(iPhone 7) NetType/WIFI QBWebViewType/1 WKType/1"
45.84.107.128 - - [20/Jul/2025:20:22:07 +0000] "POST /demo-main/wp-admin/admin-ajax.php HTTP/1.1" 404 44299 "https://abl.academy/demo-main/wp-admin/admin-ajax.php#wpcf7-f13916-o3" "Mozilla/5.0 (iPhone; CPU iPhone OS 12_3_1 like Mac OS X) AppleWebKit/605.1.15 (KHTML, like Gecko) Mobile/16F203 QQ/8.3.5.612 V1_IPH_SQ_8.3.5_1_APP_A Pixel/750 MiniAppEnable SimpleUISwitch/0 QQTheme/1000 Core/WKWebView Device/Apple(iPhone 7) NetType/WIFI QBWebViewType/1 WKType/1"
45.84.107.128 - - [20/Jul/2025:20:22:09 +0000] "GET /feed HTTP/1.1" 301 - "https://abl.academy/feed" "Mozilla/5.0 (iPhone; CPU iPhone OS 12_3_1 like Mac OS X) AppleWebKit/605.1.15 (KHTML, like Gecko) Mobile/16F203 QQ/8.3.5.612 V1_IPH_SQ_8.3.5_1_APP_A Pixel/750 MiniAppEnable SimpleUISwitch/0 QQTheme/1000 Core/WKWebView Device/Apple(iPhone 7) NetType/WIFI QBWebViewType/1 WKType/1"
45.84.107.128 - - [20/Jul/2025:20:22:10 +0000] "GET /feed/ HTTP/1.1" 200 34020 "https://abl.academy/feed" "Mozilla/5.0 (iPhone; CPU iPhone OS 12_3_1 like Mac OS X) AppleWebKit/605.1.15 (KHTML, like Gecko) Mobile/16F203 QQ/8.3.5.612 V1_IPH_SQ_8.3.5_1_APP_A Pixel/750 MiniAppEnable SimpleUISwitch/0 QQTheme/1000 Core/WKWebView Device/Apple(iPhone 7) NetType/WIFI QBWebViewType/1 WKType/1"
45.84.107.128 - - [20/Jul/2025:20:22:11 +0000] "GET /gallery HTTP/1.1" 301 - "https://abl.academy/gallery" "Mozilla/5.0 (iPhone; CPU iPhone OS 12_3_1 like Mac OS X) AppleWebKit/605.1.15 (KHTML, like Gecko) Mobile/16F203 QQ/8.3.5.612 V1_IPH_SQ_8.3.5_1_APP_A Pixel/750 MiniAppEnable SimpleUISwitch/0 QQTheme/1000 Core/WKWebView Device/Apple(iPhone 7) NetType/WIFI QBWebViewType/1 WKType/1"
45.84.107.128 - - [20/Jul/2025:20:22:11 +0000] "GET /gallery/ HTTP/1.1" 200 46664 "https://abl.academy/gallery" "Mozilla/5.0 (iPhone; CPU iPhone OS 12_3_1 like Mac OS X) AppleWebKit/605.1.15 (KHTML, like Gecko) Mobile/16F203 QQ/8.3.5.612 V1_IPH_SQ_8.3.5_1_APP_A Pixel/750 MiniAppEnable SimpleUISwitch/0 QQTheme/1000 Core/WKWebView Device/Apple(iPhone 7) NetType/WIFI QBWebViewType/1 WKType/1"
209.74.77.214 - - [20/Jul/2025:20:22:13 +0000] "POST /wp-cron.php?doing_wp_cron=1753042933.8838670253753662109375 HTTP/1.1" 200 - "-" "WordPress/6.8.2; https://abl.academy"
45.84.107.128 - - [20/Jul/2025:20:22:13 +0000] "GET /portfolio-masonry HTTP/1.1" 301 - "https://abl.academy/portfolio-masonry" "Mozilla/5.0 (iPhone; CPU iPhone OS 12_3_1 like Mac OS X) AppleWebKit/605.1.15 (KHTML, like Gecko) Mobile/16F203 QQ/8.3.5.612 V1_IPH_SQ_8.3.5_1_APP_A Pixel/750 MiniAppEnable SimpleUISwitch/0 QQTheme/1000 Core/WKWebView Device/Apple(iPhone 7) NetType/WIFI QBWebViewType/1 WKType/1"
45.84.107.128 - - [20/Jul/2025:20:22:14 +0000] "GET /portfolio-masonry/ HTTP/1.1" 200 51648 "https://abl.academy/portfolio-masonry" "Mozilla/5.0 (iPhone; CPU iPhone OS 12_3_1 like Mac OS X) AppleWebKit/605.1.15 (KHTML, like Gecko) Mobile/16F203 QQ/8.3.5.612 V1_IPH_SQ_8.3.5_1_APP_A Pixel/750 MiniAppEnable SimpleUISwitch/0 QQTheme/1000 Core/WKWebView Device/Apple(iPhone 7) NetType/WIFI QBWebViewType/1 WKType/1"
45.84.107.128 - - [20/Jul/2025:20:22:15 +0000] "GET /portfolio-masonry-2 HTTP/1.1" 301 - "https://abl.academy/portfolio-masonry-2" "Mozilla/5.0 (iPhone; CPU iPhone OS 12_3_1 like Mac OS X) AppleWebKit/605.1.15 (KHTML, like Gecko) Mobile/16F203 QQ/8.3.5.612 V1_IPH_SQ_8.3.5_1_APP_A Pixel/750 MiniAppEnable SimpleUISwitch/0 QQTheme/1000 Core/WKWebView Device/Apple(iPhone 7) NetType/WIFI QBWebViewType/1 WKType/1"
45.84.107.128 - - [20/Jul/2025:20:22:15 +0000] "GET /portfolio-masonry-2/ HTTP/1.1" 200 57231 "https://abl.academy/portfolio-masonry-2" "Mozilla/5.0 (iPhone; CPU iPhone OS 12_3_1 like Mac OS X) AppleWebKit/605.1.15 (KHTML, like Gecko) Mobile/16F203 QQ/8.3.5.612 V1_IPH_SQ_8.3.5_1_APP_A Pixel/750 MiniAppEnable SimpleUISwitch/0 QQTheme/1000 Core/WKWebView Device/Apple(iPhone 7) NetType/WIFI QBWebViewType/1 WKType/1"
45.84.107.128 - - [20/Jul/2025:20:22:17 +0000] "GET /wp-json HTTP/1.1" 200 1536192 "https://abl.academy/wp-json" "Mozilla/5.0 (iPhone; CPU iPhone OS 12_3_1 like Mac OS X) AppleWebKit/605.1.15 (KHTML, like Gecko) Mobile/16F203 QQ/8.3.5.612 V1_IPH_SQ_8.3.5_1_APP_A Pixel/750 MiniAppEnable SimpleUISwitch/0 QQTheme/1000 Core/WKWebView Device/Apple(iPhone 7) NetType/WIFI QBWebViewType/1 WKType/1"
192.42.116.212 - - [20/Jul/2025:20:22:20 +0000] "GET /wp-json/oembed/1.0/embed?url=https%3A%2F%2Fabl.academy%2F HTTP/1.1" 200 2081 "https://abl.academy/wp-json/oembed/1.0/embed?url=https%3A%2F%2Fabl.academy%2F" "Mozilla/5.0 (iPhone; CPU iPhone OS 12_3_1 like Mac OS X) AppleWebKit/605.1.15 (KHTML, like Gecko) Mobile/16F203 QQ/8.3.5.612 V1_IPH_SQ_8.3.5_1_APP_A Pixel/750 MiniAppEnable SimpleUISwitch/0 QQTheme/1000 Core/WKWebView Device/Apple(iPhone 7) NetType/WIFI QBWebViewType/1 WKType/1"
192.42.116.212 - - [20/Jul/2025:20:22:21 +0000] "GET /wp-json/oembed/1.0/embed?url=https%3A%2F%2Fabl.academy%2F&format=xml HTTP/1.1" 200 2240 "https://abl.academy/wp-json/oembed/1.0/embed?url=https%3A%2F%2Fabl.academy%2F&format=xml" "Mozilla/5.0 (iPhone; CPU iPhone OS 12_3_1 like Mac OS X) AppleWebKit/605.1.15 (KHTML, like Gecko) Mobile/16F203 QQ/8.3.5.612 V1_IPH_SQ_8.3.5_1_APP_A Pixel/750 MiniAppEnable SimpleUISwitch/0 QQTheme/1000 Core/WKWebView Device/Apple(iPhone 7) NetType/WIFI QBWebViewType/1 WKType/1"
192.42.116.212 - - [20/Jul/2025:20:22:22 +0000] "GET /wp-json/wp/v2/pages/89 HTTP/1.1" 200 1633 "https://abl.academy/wp-json/wp/v2/pages/89" "Mozilla/5.0 (iPhone; CPU iPhone OS 12_3_1 like Mac OS X) AppleWebKit/605.1.15 (KHTML, like Gecko) Mobile/16F203 QQ/8.3.5.612 V1_IPH_SQ_8.3.5_1_APP_A Pixel/750 MiniAppEnable SimpleUISwitch/0 QQTheme/1000 Core/WKWebView Device/Apple(iPhone 7) NetType/WIFI QBWebViewType/1 WKType/1"
192.42.116.212 - - [20/Jul/2025:20:22:23 +0000] "GET /xmlrpc.php HTTP/1.1" 405 42 "https://abl.academy/xmlrpc.php" "Mozilla/5.0 (iPhone; CPU iPhone OS 12_3_1 like Mac OS X) AppleWebKit/605.1.15 (KHTML, like Gecko) Mobile/16F203 QQ/8.3.5.612 V1_IPH_SQ_8.3.5_1_APP_A Pixel/750 MiniAppEnable SimpleUISwitch/0 QQTheme/1000 Core/WKWebView Device/Apple(iPhone 7) NetType/WIFI QBWebViewType/1 WKType/1"
192.42.116.212 - - [20/Jul/2025:20:22:24 +0000] "GET /xmlrpc.php?rsd HTTP/1.1" 200 780 "https://abl.academy/xmlrpc.php?rsd" "Mozilla/5.0 (iPhone; CPU iPhone OS 12_3_1 like Mac OS X) AppleWebKit/605.1.15 (KHTML, like Gecko) Mobile/16F203 QQ/8.3.5.612 V1_IPH_SQ_8.3.5_1_APP_A Pixel/750 MiniAppEnable SimpleUISwitch/0 QQTheme/1000 Core/WKWebView Device/Apple(iPhone 7) NetType/WIFI QBWebViewType/1 WKType/1"
66.249.65.199 - - [20/Jul/2025:20:22:45 +0000] "GET /item/metri42439179/ HTTP/1.1" 200 39671 "-" "Mozilla/5.0 (Linux; Android 6.0.1; Nexus 5X Build/MMB29P) AppleWebKit/537.36 (KHTML, like Gecko) Chrome/137.0.7151.103 Mobile Safari/537.36 (compatible; Googlebot/2.1; +http://www.google.com/bot.html)"
66.249.65.197 - - [20/Jul/2025:20:22:53 +0000] "POST /get-message-notify HTTP/1.1" 200 40346 "https://abl.academy/item/metri42439179/" "Mozilla/5.0 (Linux; Android 6.0.1; Nexus 5X Build/MMB29P) AppleWebKit/537.36 (KHTML, like Gecko) Chrome/137.0.7151.119 Mobile Safari/537.36 (compatible; Googlebot/2.1; +http://www.google.com/bot.html)"
66.249.65.197 - - [20/Jul/2025:20:25:44 +0000] "GET /item/mail60140245/ HTTP/1.1" 200 39836 "-" "Mozilla/5.0 (Linux; Android 6.0.1; Nexus 5X Build/MMB29P) AppleWebKit/537.36 (KHTML, like Gecko) Chrome/137.0.7151.103 Mobile Safari/537.36 (compatible; Googlebot/2.1; +http://www.google.com/bot.html)"
66.249.65.198 - - [20/Jul/2025:20:25:49 +0000] "POST /get-message-notify HTTP/1.1" 200 40308 "https://abl.academy/item/mail60140245/" "Mozilla/5.0 (Linux; Android 6.0.1; Nexus 5X Build/MMB29P) AppleWebKit/537.36 (KHTML, like Gecko) Chrome/137.0.7151.119 Mobile Safari/537.36 (compatible; Googlebot/2.1; +http://www.google.com/bot.html)"
95.108.213.203 - - [20/Jul/2025:20:26:19 +0000] "GET /robots.txt HTTP/1.1" 200 285 "-" "Mozilla/5.0 (compatible; YandexBot/3.0; +http://yandex.com/bots)"
209.74.77.214 - - [20/Jul/2025:20:26:21 +0000] "POST /wp-cron.php?doing_wp_cron=1753043181.1794569492340087890625 HTTP/1.1" 200 - "-" "WordPress/6.8.2; https://abl.academy"
87.250.224.109 - - [20/Jul/2025:20:26:20 +0000] "GET /item/hesit71143222/ HTTP/1.1" 404 9551 "-" "Mozilla/5.0 (compatible; YandexBot/3.0; +http://yandex.com/bots)"
66.249.65.198 - - [20/Jul/2025:20:27:22 +0000] "GET /sitemapk.xml HTTP/1.1" 200 12157 "-" "Mozilla/5.0 (compatible; Googlebot/2.1; +http://www.google.com/bot.html)"
66.249.65.197 - - [20/Jul/2025:20:27:58 +0000] "GET /item/judge82050327/ HTTP/1.1" 200 40462 "-" "Mozilla/5.0 (Linux; Android 6.0.1; Nexus 5X Build/MMB29P) AppleWebKit/537.36 (KHTML, like Gecko) Chrome/137.0.7151.103 Mobile Safari/537.36 (compatible; Googlebot/2.1; +http://www.google.com/bot.html)"
85.208.96.205 - - [20/Jul/2025:20:29:01 +0000] "GET /robots.txt HTTP/1.1" 200 114 "-" "Mozilla/5.0 (compatible; SemrushBot/7~bl; +http://www.semrush.com/bot.html)"
209.74.77.214 - - [20/Jul/2025:20:29:04 +0000] "POST /wp-cron.php?doing_wp_cron=1753043344.4613978862762451171875 HTTP/1.1" 200 - "-" "WordPress/6.8.2; https://abl.academy"
185.191.171.16 - - [20/Jul/2025:20:29:02 +0000] "GET /lms-wordpress-plugin/ HTTP/1.1" 200 15350 "-" "Mozilla/5.0 (compatible; SemrushBot/7~bl; +http://www.semrush.com/bot.html)"
66.249.65.198 - - [20/Jul/2025:20:30:34 +0000] "GET /item/oppon32518354/ HTTP/1.1" 200 39795 "-" "Mozilla/5.0 (Linux; Android 6.0.1; Nexus 5X Build/MMB29P) AppleWebKit/537.36 (KHTML, like Gecko) Chrome/137.0.7151.103 Mobile Safari/537.36 (compatible; Googlebot/2.1; +http://www.google.com/bot.html)"
66.249.65.198 - - [20/Jul/2025:20:30:54 +0000] "POST /get-message-notify HTTP/1.1" 200 40364 "https://abl.academy/item/oppon32518354/" "Mozilla/5.0 (Linux; Android 6.0.1; Nexus 5X Build/MMB29P) AppleWebKit/537.36 (KHTML, like Gecko) Chrome/137.0.7151.119 Mobile Safari/537.36 (compatible; Googlebot/2.1; +http://www.google.com/bot.html)"
66.249.65.197 - - [20/Jul/2025:20:33:32 +0000] "GET /item/canno42539603/ HTTP/1.1" 200 41061 "-" "Mozilla/5.0 (Linux; Android 6.0.1; Nexus 5X Build/MMB29P) AppleWebKit/537.36 (KHTML, like Gecko) Chrome/137.0.7151.103 Mobile Safari/537.36 (compatible; Googlebot/2.1; +http://www.google.com/bot.html)"
66.249.65.198 - - [20/Jul/2025:20:33:36 +0000] "POST /get-message-notify HTTP/1.1" 200 40280 "https://abl.academy/item/canno42539603/" "Mozilla/5.0 (Linux; Android 6.0.1; Nexus 5X Build/MMB29P) AppleWebKit/537.36 (KHTML, like Gecko) Chrome/137.0.7151.119 Mobile Safari/537.36 (compatible; Googlebot/2.1; +http://www.google.com/bot.html)"
66.249.65.198 - - [20/Jul/2025:20:35:47 +0000] "GET /item/prime30947114/ HTTP/1.1" 200 39673 "-" "Mozilla/5.0 (Linux; Android 6.0.1; Nexus 5X Build/MMB29P) AppleWebKit/537.36 (KHTML, like Gecko) Chrome/137.0.7151.103 Mobile Safari/537.36 (compatible; Googlebot/2.1; +http://www.google.com/bot.html)"
66.249.65.197 - - [20/Jul/2025:20:38:47 +0000] "GET /item/wash22380417/ HTTP/1.1" 200 40060 "-" "Mozilla/5.0 (Linux; Android 6.0.1; Nexus 5X Build/MMB29P) AppleWebKit/537.36 (KHTML, like Gecko) Chrome/137.0.7151.103 Mobile Safari/537.36 (compatible; Googlebot/2.1; +http://www.google.com/bot.html)"
66.249.65.198 - - [20/Jul/2025:20:41:05 +0000] "GET /item/frequ70542526/ HTTP/1.1" 200 39956 "-" "Mozilla/5.0 (Linux; Android 6.0.1; Nexus 5X Build/MMB29P) AppleWebKit/537.36 (KHTML, like Gecko) Chrome/137.0.7151.103 Mobile Safari/537.36 (compatible; Googlebot/2.1; +http://www.google.com/bot.html)"
66.249.65.199 - - [20/Jul/2025:20:43:29 +0000] "GET /item/buy21421761/ HTTP/1.1" 200 41082 "-" "Mozilla/5.0 (Linux; Android 6.0.1; Nexus 5X Build/MMB29P) AppleWebKit/537.36 (KHTML, like Gecko) Chrome/137.0.7151.103 Mobile Safari/537.36 (compatible; Googlebot/2.1; +http://www.google.com/bot.html)"
66.249.65.198 - - [20/Jul/2025:20:43:45 +0000] "GET /item/highl41074363/ HTTP/1.1" 200 40237 "-" "Mozilla/5.0 (Linux; Android 6.0.1; Nexus 5X Build/MMB29P) AppleWebKit/537.36 (KHTML, like Gecko) Chrome/137.0.7151.103 Mobile Safari/537.36 (compatible; Googlebot/2.1; +http://www.google.com/bot.html)"
66.249.65.197 - - [20/Jul/2025:20:51:31 +0000] "GET /item/cheer82765095/ HTTP/1.1" 200 40259 "-" "Mozilla/5.0 (Linux; Android 6.0.1; Nexus 5X Build/MMB29P) AppleWebKit/537.36 (KHTML, like Gecko) Chrome/137.0.7151.103 Mobile Safari/537.36 (compatible; Googlebot/2.1; +http://www.google.com/bot.html)"
66.249.65.197 - - [20/Jul/2025:20:51:32 +0000] "GET /item/spend72313550/ HTTP/1.1" 200 40864 "-" "Mozilla/5.0 (Linux; Android 6.0.1; Nexus 5X Build/MMB29P) AppleWebKit/537.36 (KHTML, like Gecko) Chrome/137.0.7151.103 Mobile Safari/537.36 (compatible; Googlebot/2.1; +http://www.google.com/bot.html)"
66.249.65.197 - - [20/Jul/2025:20:51:35 +0000] "POST /get-message-notify HTTP/1.1" 200 40388 "https://abl.academy/item/spend72313550/" "Mozilla/5.0 (Linux; Android 6.0.1; Nexus 5X Build/MMB29P) AppleWebKit/537.36 (KHTML, like Gecko) Chrome/137.0.7151.119 Mobile Safari/537.36 (compatible; Googlebot/2.1; +http://www.google.com/bot.html)"
66.249.65.197 - - [20/Jul/2025:20:54:07 +0000] "GET /item/canva72226798/ HTTP/1.1" 200 40284 "-" "Mozilla/5.0 (Linux; Android 6.0.1; Nexus 5X Build/MMB29P) AppleWebKit/537.36 (KHTML, like Gecko) Chrome/137.0.7151.103 Mobile Safari/537.36 (compatible; Googlebot/2.1; +http://www.google.com/bot.html)"
66.249.65.198 - - [20/Jul/2025:20:54:37 +0000] "POST /get-message-notify HTTP/1.1" 200 40344 "https://abl.academy/item/canva72226798/" "Mozilla/5.0 (Linux; Android 6.0.1; Nexus 5X Build/MMB29P) AppleWebKit/537.36 (KHTML, like Gecko) Chrome/137.0.7151.119 Mobile Safari/537.36 (compatible; Googlebot/2.1; +http://www.google.com/bot.html)"
66.249.65.198 - - [20/Jul/2025:20:55:08 +0000] "GET /item/elast20066529/ HTTP/1.1" 200 40103 "-" "Mozilla/5.0 (Linux; Android 6.0.1; Nexus 5X Build/MMB29P) AppleWebKit/537.36 (KHTML, like Gecko) Chrome/137.0.7151.103 Mobile Safari/537.36 (compatible; Googlebot/2.1; +http://www.google.com/bot.html)"
66.249.65.197 - - [20/Jul/2025:20:56:42 +0000] "GET /item/versi70886110/ HTTP/1.1" 200 40780 "-" "Mozilla/5.0 (Linux; Android 6.0.1; Nexus 5X Build/MMB29P) AppleWebKit/537.36 (KHTML, like Gecko) Chrome/137.0.7151.103 Mobile Safari/537.36 (compatible; Googlebot/2.1; +http://www.google.com/bot.html)"
66.249.65.197 - - [20/Jul/2025:20:58:19 +0000] "GET /item/curse20383473/ HTTP/1.1" 200 39828 "-" "Mozilla/5.0 (Linux; Android 6.0.1; Nexus 5X Build/MMB29P) AppleWebKit/537.36 (KHTML, like Gecko) Chrome/137.0.7151.103 Mobile Safari/537.36 (compatible; Googlebot/2.1; +http://www.google.com/bot.html)"
66.249.65.197 - - [20/Jul/2025:20:58:46 +0000] "GET /item/cone10511952/ HTTP/1.1" 200 39809 "-" "Mozilla/5.0 (Linux; Android 6.0.1; Nexus 5X Build/MMB29P) AppleWebKit/537.36 (KHTML, like Gecko) Chrome/137.0.7151.103 Mobile Safari/537.36 (compatible; Googlebot/2.1; +http://www.google.com/bot.html)"
66.249.65.197 - - [20/Jul/2025:20:59:40 +0000] "GET /item/immig71207206/ HTTP/1.1" 200 39825 "-" "Mozilla/5.0 (Linux; Android 6.0.1; Nexus 5X Build/MMB29P) AppleWebKit/537.36 (KHTML, like Gecko) Chrome/137.0.7151.103 Mobile Safari/537.36 (compatible; Googlebot/2.1; +http://www.google.com/bot.html)"
66.249.65.198 - - [20/Jul/2025:21:00:10 +0000] "GET /item/remin51283140/ HTTP/1.1" 200 39723 "-" "Mozilla/5.0 (Linux; Android 6.0.1; Nexus 5X Build/MMB29P) AppleWebKit/537.36 (KHTML, like Gecko) Chrome/137.0.7151.103 Mobile Safari/537.36 (compatible; Googlebot/2.1; +http://www.google.com/bot.html)"
66.249.65.199 - - [20/Jul/2025:21:03:45 +0000] "POST /get-message-notify HTTP/1.1" 200 40182 "https://abl.academy/item/cone10511952/" "Mozilla/5.0 (Linux; Android 6.0.1; Nexus 5X Build/MMB29P) AppleWebKit/537.36 (KHTML, like Gecko) Chrome/137.0.7151.119 Mobile Safari/537.36 (compatible; Googlebot/2.1; +http://www.google.com/bot.html)"
66.249.65.198 - - [20/Jul/2025:21:04:03 +0000] "GET /item/cryst81123431/ HTTP/1.1" 200 40414 "-" "Mozilla/5.0 (Linux; Android 6.0.1; Nexus 5X Build/MMB29P) AppleWebKit/537.36 (KHTML, like Gecko) Chrome/137.0.7151.103 Mobile Safari/537.36 (compatible; Googlebot/2.1; +http://www.google.com/bot.html)"
66.249.65.197 - - [20/Jul/2025:21:06:01 +0000] "POST /get-message-notify HTTP/1.1" 200 40364 "https://abl.academy/item/cone10511952/" "Mozilla/5.0 (Linux; Android 6.0.1; Nexus 5X Build/MMB29P) AppleWebKit/537.36 (KHTML, like Gecko) Chrome/137.0.7151.119 Mobile Safari/537.36 (compatible; Googlebot/2.1; +http://www.google.com/bot.html)"
66.249.65.198 - - [20/Jul/2025:21:07:54 +0000] "GET /item/argum62274861/ HTTP/1.1" 200 40686 "-" "Mozilla/5.0 (Linux; Android 6.0.1; Nexus 5X Build/MMB29P) AppleWebKit/537.36 (KHTML, like Gecko) Chrome/137.0.7151.103 Mobile Safari/537.36 (compatible; Googlebot/2.1; +http://www.google.com/bot.html)"
66.249.65.199 - - [20/Jul/2025:21:14:21 +0000] "GET /item/coppe81747135/ HTTP/1.1" 200 40081 "-" "Mozilla/5.0 (Linux; Android 6.0.1; Nexus 5X Build/MMB29P) AppleWebKit/537.36 (KHTML, like Gecko) Chrome/137.0.7151.103 Mobile Safari/537.36 (compatible; Googlebot/2.1; +http://www.google.com/bot.html)"
66.249.65.197 - - [20/Jul/2025:21:15:32 +0000] "GET /item/pain21413409/ HTTP/1.1" 200 40343 "-" "Mozilla/5.0 (Linux; Android 6.0.1; Nexus 5X Build/MMB29P) AppleWebKit/537.36 (KHTML, like Gecko) Chrome/137.0.7151.103 Mobile Safari/537.36 (compatible; Googlebot/2.1; +http://www.google.com/bot.html)"
66.249.65.199 - - [20/Jul/2025:21:15:36 +0000] "POST /get-message-notify HTTP/1.1" 200 40288 "https://abl.academy/item/pain21413409/" "Mozilla/5.0 (Linux; Android 6.0.1; Nexus 5X Build/MMB29P) AppleWebKit/537.36 (KHTML, like Gecko) Chrome/137.0.7151.119 Mobile Safari/537.36 (compatible; Googlebot/2.1; +http://www.google.com/bot.html)"
209.74.77.214 - - [20/Jul/2025:21:17:16 +0000] "POST /wp-cron.php?doing_wp_cron=1753046236.7245540618896484375000 HTTP/1.1" 200 - "-" "WordPress/6.8.2; https://abl.academy"
31.128.76.0 - - [20/Jul/2025:21:17:14 +0000] "GET /lms-wordpress-plugin/ HTTP/1.0" 200 69394 "https://abl.academy/lms-wordpress-plugin/" "Mozilla/5.0 (Windows NT 10.0; Win64; x64) AppleWebKit/537.36 (KHTML, like Gecko) Chrome/129.0.0.0 Safari/537.36"
31.128.76.0 - - [20/Jul/2025:21:17:18 +0000] "POST /wp-comments-post.php HTTP/1.0" 302 - "https://abl.academy/lms-wordpress-plugin/" "Mozilla/5.0 (Windows NT 10.0; Win64; x64) AppleWebKit/537.36 (KHTML, like Gecko) Chrome/129.0.0.0 Safari/537.36"
66.249.65.199 - - [20/Jul/2025:21:17:22 +0000] "GET /item/ours42060947/ HTTP/1.1" 200 40310 "-" "Mozilla/5.0 (Linux; Android 6.0.1; Nexus 5X Build/MMB29P) AppleWebKit/537.36 (KHTML, like Gecko) Chrome/137.0.7151.103 Mobile Safari/537.36 (compatible; Googlebot/2.1; +http://www.google.com/bot.html)"
66.249.65.198 - - [20/Jul/2025:21:20:12 +0000] "GET /item/name81025239/ HTTP/1.1" 200 40149 "-" "Mozilla/5.0 (Linux; Android 6.0.1; Nexus 5X Build/MMB29P) AppleWebKit/537.36 (KHTML, like Gecko) Chrome/137.0.7151.103 Mobile Safari/537.36 (compatible; Googlebot/2.1; +http://www.google.com/bot.html)"
66.249.65.198 - - [20/Jul/2025:21:22:49 +0000] "GET /item/rice32973074/ HTTP/1.1" 200 40565 "-" "Mozilla/5.0 (Linux; Android 6.0.1; Nexus 5X Build/MMB29P) AppleWebKit/537.36 (KHTML, like Gecko) Chrome/137.0.7151.103 Mobile Safari/537.36 (compatible; Googlebot/2.1; +http://www.google.com/bot.html)"
66.249.65.198 - - [20/Jul/2025:21:23:17 +0000] "GET /item/favou30934586/ HTTP/1.1" 200 40867 "-" "Mozilla/5.0 (Linux; Android 6.0.1; Nexus 5X Build/MMB29P) AppleWebKit/537.36 (KHTML, like Gecko) Chrome/137.0.7151.103 Mobile Safari/537.36 (compatible; Googlebot/2.1; +http://www.google.com/bot.html)"
66.249.65.197 - - [20/Jul/2025:21:23:36 +0000] "GET /item/pipe82474519/ HTTP/1.1" 200 40117 "-" "Mozilla/5.0 (Linux; Android 6.0.1; Nexus 5X Build/MMB29P) AppleWebKit/537.36 (KHTML, like Gecko) Chrome/137.0.7151.103 Mobile Safari/537.36 (compatible; Googlebot/2.1; +http://www.google.com/bot.html)"
66.249.65.197 - - [20/Jul/2025:21:23:40 +0000] "POST /get-message-notify HTTP/1.1" 200 40336 "https://abl.academy/item/pipe82474519/" "Mozilla/5.0 (Linux; Android 6.0.1; Nexus 5X Build/MMB29P) AppleWebKit/537.36 (KHTML, like Gecko) Chrome/137.0.7151.119 Mobile Safari/537.36 (compatible; Googlebot/2.1; +http://www.google.com/bot.html)"
66.249.65.197 - - [20/Jul/2025:21:23:44 +0000] "GET /item/same61848405/ HTTP/1.1" 200 39972 "-" "Mozilla/5.0 (Linux; Android 6.0.1; Nexus 5X Build/MMB29P) AppleWebKit/537.36 (KHTML, like Gecko) Chrome/137.0.7151.103 Mobile Safari/537.36 (compatible; Googlebot/2.1; +http://www.google.com/bot.html)"
66.249.65.197 - - [20/Jul/2025:21:23:47 +0000] "POST /get-message-notify HTTP/1.1" 200 40296 "https://abl.academy/item/same61848405/" "Mozilla/5.0 (Linux; Android 6.0.1; Nexus 5X Build/MMB29P) AppleWebKit/537.36 (KHTML, like Gecko) Chrome/137.0.7151.119 Mobile Safari/537.36 (compatible; Googlebot/2.1; +http://www.google.com/bot.html)"
209.74.77.214 - - [20/Jul/2025:21:24:46 +0000] "POST /wp-cron.php?doing_wp_cron=1753046686.7092399597167968750000 HTTP/1.1" 200 - "-" "WordPress/6.8.2; https://abl.academy"
209.141.50.27 - - [20/Jul/2025:21:24:44 +0000] "GET /wp-login.php HTTP/1.1" 200 6488 "-" "Mozilla/5.0 (Windows NT 6.3; WOW64) AppleWebKit/537.36 (KHTML, like Gecko) Chrome/36.0.1985.143 Safari/537.36"
209.141.50.27 - - [20/Jul/2025:21:24:49 +0000] "POST /wp-login.php HTTP/1.1" 200 6965 "-" "Mozilla/5.0 (Windows NT 6.3; WOW64) AppleWebKit/537.36 (KHTML, like Gecko) Chrome/36.0.1985.143 Safari/537.36"
66.249.65.197 - - [20/Jul/2025:21:25:48 +0000] "GET /item/camer21185089/ HTTP/1.1" 200 39918 "-" "Mozilla/5.0 (Linux; Android 6.0.1; Nexus 5X Build/MMB29P) AppleWebKit/537.36 (KHTML, like Gecko) Chrome/137.0.7151.103 Mobile Safari/537.36 (compatible; Googlebot/2.1; +http://www.google.com/bot.html)"
66.249.65.198 - - [20/Jul/2025:21:27:40 +0000] "GET /item/hill21393105/ HTTP/1.1" 200 40809 "-" "Mozilla/5.0 (Linux; Android 6.0.1; Nexus 5X Build/MMB29P) AppleWebKit/537.36 (KHTML, like Gecko) Chrome/137.0.7151.103 Mobile Safari/537.36 (compatible; Googlebot/2.1; +http://www.google.com/bot.html)"
66.249.65.197 - - [20/Jul/2025:21:27:43 +0000] "POST /get-message-notify HTTP/1.1" 200 40254 "https://abl.academy/item/hill21393105/" "Mozilla/5.0 (Linux; Android 6.0.1; Nexus 5X Build/MMB29P) AppleWebKit/537.36 (KHTML, like Gecko) Chrome/137.0.7151.119 Mobile Safari/537.36 (compatible; Googlebot/2.1; +http://www.google.com/bot.html)"
66.249.65.198 - - [20/Jul/2025:21:30:44 +0000] "GET /item/offer72949246/ HTTP/1.1" 200 39945 "-" "Mozilla/5.0 (Linux; Android 6.0.1; Nexus 5X Build/MMB29P) AppleWebKit/537.36 (KHTML, like Gecko) Chrome/137.0.7151.103 Mobile Safari/537.36 (compatible; Googlebot/2.1; +http://www.google.com/bot.html)"
66.249.65.197 - - [20/Jul/2025:21:30:48 +0000] "GET /item/celeb40700971/ HTTP/1.1" 200 40112 "-" "Mozilla/5.0 (Linux; Android 6.0.1; Nexus 5X Build/MMB29P) AppleWebKit/537.36 (KHTML, like Gecko) Chrome/137.0.7151.103 Mobile Safari/537.36 (compatible; Googlebot/2.1; +http://www.google.com/bot.html)"
66.249.65.197 - - [20/Jul/2025:21:31:36 +0000] "POST /get-message-notify HTTP/1.1" 200 40241 "https://abl.academy/item/offer72949246/" "Mozilla/5.0 (Linux; Android 6.0.1; Nexus 5X Build/MMB29P) AppleWebKit/537.36 (KHTML, like Gecko) Chrome/137.0.7151.119 Mobile Safari/537.36 (compatible; Googlebot/2.1; +http://www.google.com/bot.html)"
43.155.188.157 - - [20/Jul/2025:21:40:52 +0000] "GET / HTTP/1.1" 200 9694 "http://abl.academy" "Mozilla/5.0 (iPhone; CPU iPhone OS 13_2_3 like Mac OS X) AppleWebKit/605.1.15 (KHTML, like Gecko) Version/13.0.3 Mobile/15E148 Safari/604.1"
115.77.168.62 - - [20/Jul/2025:21:44:24 +0000] "POST /wp-comments-post.php HTTP/1.1" 302 - "-" "Mozilla/5.0 (Windows NT 10.0; Win64; x64) AppleWebKit/537.36 (KHTML, like Gecko) Chrome/120.0.0.0 Safari/537.36"
209.74.77.214 - - [20/Jul/2025:21:44:49 +0000] "POST /wp-cron.php?doing_wp_cron=1753047889.1548159122467041015625 HTTP/1.1" 200 - "-" "WordPress/6.8.2; https://abl.academy"
115.77.168.62 - - [20/Jul/2025:21:44:49 +0000] "POST /wp-comments-post.php HTTP/1.1" 302 - "-" "Mozilla/5.0 (Windows NT 10.0; Win64; x64) AppleWebKit/537.36 (KHTML, like Gecko) Chrome/120.0.0.0 Safari/537.36"
182.43.70.143 - - [20/Jul/2025:21:45:02 +0000] "GET / HTTP/1.1" 200 9694 "http://www.abl.academy" "Mozilla/5.0 (iPhone; CPU iPhone OS 13_2_3 like Mac OS X) AppleWebKit/605.1.15 (KHTML, like Gecko) Version/13.0.3 Mobile/15E148 Safari/604.1"
209.74.77.214 - - [20/Jul/2025:21:45:14 +0000] "POST /wp-cron.php?doing_wp_cron=1753047914.8528120517730712890625 HTTP/1.1" 200 - "-" "WordPress/6.8.2; https://abl.academy"
115.77.168.62 - - [20/Jul/2025:21:45:14 +0000] "POST /wp-comments-post.php HTTP/1.1" 302 - "-" "Mozilla/5.0 (Windows NT 10.0; Win64; x64) AppleWebKit/537.36 (KHTML, like Gecko) Chrome/120.0.0.0 Safari/537.36"
209.74.77.214 - - [20/Jul/2025:21:45:40 +0000] "POST /wp-cron.php?doing_wp_cron=1753047940.6442179679870605468750 HTTP/1.1" 200 - "-" "WordPress/6.8.2; https://abl.academy"
115.77.168.62 - - [20/Jul/2025:21:45:40 +0000] "POST /wp-comments-post.php HTTP/1.1" 302 - "-" "Mozilla/5.0 (Windows NT 10.0; Win64; x64) AppleWebKit/537.36 (KHTML, like Gecko) Chrome/120.0.0.0 Safari/537.36"
115.77.168.62 - - [20/Jul/2025:21:46:05 +0000] "POST /wp-comments-post.php HTTP/1.1" 302 - "-" "Mozilla/5.0 (Windows NT 10.0; Win64; x64) AppleWebKit/537.36 (KHTML, like Gecko) Chrome/120.0.0.0 Safari/537.36"
209.74.77.214 - - [20/Jul/2025:21:46:31 +0000] "POST /wp-cron.php?doing_wp_cron=1753047991.0013520717620849609375 HTTP/1.1" 200 - "-" "WordPress/6.8.2; https://abl.academy"
115.77.168.62 - - [20/Jul/2025:21:46:30 +0000] "POST /wp-comments-post.php HTTP/1.1" 302 - "-" "Mozilla/5.0 (Windows NT 10.0; Win64; x64) AppleWebKit/537.36 (KHTML, like Gecko) Chrome/120.0.0.0 Safari/537.36"
115.77.168.62 - - [20/Jul/2025:21:46:56 +0000] "POST /wp-comments-post.php HTTP/1.1" 302 - "-" "Mozilla/5.0 (Windows NT 10.0; Win64; x64) AppleWebKit/537.36 (KHTML, like Gecko) Chrome/120.0.0.0 Safari/537.36"
209.74.77.214 - - [20/Jul/2025:21:47:21 +0000] "POST /wp-cron.php?doing_wp_cron=1753048041.1003439426422119140625 HTTP/1.1" 200 - "-" "WordPress/6.8.2; https://abl.academy"
115.77.168.62 - - [20/Jul/2025:21:47:20 +0000] "POST /wp-comments-post.php HTTP/1.1" 302 - "-" "Mozilla/5.0 (Windows NT 10.0; Win64; x64) AppleWebKit/537.36 (KHTML, like Gecko) Chrome/120.0.0.0 Safari/537.36"
209.74.77.214 - - [20/Jul/2025:21:48:18 +0000] "POST /wp-cron.php?doing_wp_cron=1753048098.0355150699615478515625 HTTP/1.1" 200 - "-" "WordPress/6.8.2; https://abl.academy"
198.235.24.162 - - [20/Jul/2025:21:48:16 +0000] "GET / HTTP/1.1" 301 - "-" "-"
198.235.24.162 - - [20/Jul/2025:21:48:18 +0000] "GET / HTTP/1.1" 200 44668 "-" "-"
66.249.65.197 - - [20/Jul/2025:21:49:30 +0000] "GET /sitemapd.xml HTTP/1.1" 200 17257 "-" "Mozilla/5.0 (compatible; Googlebot/2.1; +http://www.google.com/bot.html)"
66.249.65.198 - - [20/Jul/2025:21:49:57 +0000] "GET /item/con31573354/ HTTP/1.1" 200 40010 "-" "Mozilla/5.0 (Linux; Android 6.0.1; Nexus 5X Build/MMB29P) AppleWebKit/537.36 (KHTML, like Gecko) Chrome/137.0.7151.103 Mobile Safari/537.36 (compatible; Googlebot/2.1; +http://www.google.com/bot.html)"
