66.249.65.197 - - [20/Jul/2025:16:00:45 +0000] "GET /item/flash81742607/ HTTP/1.1" 200 40137 "-" "Mozilla/5.0 (Linux; Android 6.0.1; Nexus 5X Build/MMB29P) AppleWebKit/537.36 (KHTML, like Gecko) Chrome/137.0.7151.103 Mobile Safari/537.36 (compatible; Googlebot/2.1; +http://www.google.com/bot.html)"
182.43.230.63 - - [20/Jul/2025:16:00:49 +0000] "GET / HTTP/1.1" 200 9694 "http://abl.academy" "Mozilla/5.0 (Windows NT 10.0; Win64; x64) AppleWebKit/537.36 (KHTML, like Gecko) Chrome/116.0.5845.96 Safari/537.36"
66.249.65.197 - - [20/Jul/2025:16:00:49 +0000] "GET /item/churc20576425/ HTTP/1.1" 200 40058 "-" "Mozilla/5.0 (Linux; Android 6.0.1; Nexus 5X Build/MMB29P) AppleWebKit/537.36 (KHTML, like Gecko) Chrome/137.0.7151.103 Mobile Safari/537.36 (compatible; Googlebot/2.1; +http://www.google.com/bot.html)"
182.43.230.63 - - [20/Jul/2025:16:00:51 +0000] "GET /index.php?rest_route=/wp/v2/users HTTP/1.1" 200 380 "https://abl.academy" "Mozilla/5.0 (Macintosh; Intel Mac OS X 10_15_7) AppleWebKit/537.36 (KHTML, like Gecko) Chrome/112.0.5615.138 Safari/537.36"
66.249.65.197 - - [20/Jul/2025:16:00:53 +0000] "GET /item/shiny11281680/ HTTP/1.1" 200 39973 "-" "Mozilla/5.0 (Linux; Android 6.0.1; Nexus 5X Build/MMB29P) AppleWebKit/537.36 (KHTML, like Gecko) Chrome/137.0.7151.103 Mobile Safari/537.36 (compatible; Googlebot/2.1; +http://www.google.com/bot.html)"
66.249.65.198 - - [20/Jul/2025:16:00:58 +0000] "GET /item/zebra82248543/ HTTP/1.1" 200 40049 "-" "Mozilla/5.0 (Linux; Android 6.0.1; Nexus 5X Build/MMB29P) AppleWebKit/537.36 (KHTML, like Gecko) Chrome/137.0.7151.103 Mobile Safari/537.36 (compatible; Googlebot/2.1; +http://www.google.com/bot.html)"
66.249.65.197 - - [20/Jul/2025:16:01:02 +0000] "GET /item/harsh82833983/ HTTP/1.1" 200 40455 "-" "Mozilla/5.0 (Linux; Android 6.0.1; Nexus 5X Build/MMB29P) AppleWebKit/537.36 (KHTML, like Gecko) Chrome/137.0.7151.103 Mobile Safari/537.36 (compatible; Googlebot/2.1; +http://www.google.com/bot.html)"
66.249.65.199 - - [20/Jul/2025:16:01:03 +0000] "POST /get-message-notify HTTP/1.1" 200 40296 "https://abl.academy/item/shiny11281680/" "Mozilla/5.0 (Linux; Android 6.0.1; Nexus 5X Build/MMB29P) AppleWebKit/537.36 (KHTML, like Gecko) Chrome/137.0.7151.119 Mobile Safari/537.36 (compatible; Googlebot/2.1; +http://www.google.com/bot.html)"
66.249.65.197 - - [20/Jul/2025:16:01:06 +0000] "GET /item/drain50730652/ HTTP/1.1" 200 40461 "-" "Mozilla/5.0 (Linux; Android 6.0.1; Nexus 5X Build/MMB29P) AppleWebKit/537.36 (KHTML, like Gecko) Chrome/137.0.7151.103 Mobile Safari/537.36 (compatible; Googlebot/2.1; +http://www.google.com/bot.html)"
66.249.65.197 - - [20/Jul/2025:16:01:10 +0000] "GET /item/mend52833292/ HTTP/1.1" 200 40237 "-" "Mozilla/5.0 (Linux; Android 6.0.1; Nexus 5X Build/MMB29P) AppleWebKit/537.36 (KHTML, like Gecko) Chrome/137.0.7151.103 Mobile Safari/537.36 (compatible; Googlebot/2.1; +http://www.google.com/bot.html)"
66.249.65.197 - - [20/Jul/2025:16:01:13 +0000] "POST /get-message-notify HTTP/1.1" 200 40260 "https://abl.academy/item/mend52833292/" "Mozilla/5.0 (Linux; Android 6.0.1; Nexus 5X Build/MMB29P) AppleWebKit/537.36 (KHTML, like Gecko) Chrome/137.0.7151.119 Mobile Safari/537.36 (compatible; Googlebot/2.1; +http://www.google.com/bot.html)"
66.249.65.197 - - [20/Jul/2025:16:01:14 +0000] "GET /item/activ72028374/ HTTP/1.1" 200 39949 "-" "Mozilla/5.0 (Linux; Android 6.0.1; Nexus 5X Build/MMB29P) AppleWebKit/537.36 (KHTML, like Gecko) Chrome/137.0.7151.103 Mobile Safari/537.36 (compatible; Googlebot/2.1; +http://www.google.com/bot.html)"
66.249.65.197 - - [20/Jul/2025:16:01:19 +0000] "GET /item/wolf21921521/ HTTP/1.1" 200 40064 "-" "Mozilla/5.0 (Linux; Android 6.0.1; Nexus 5X Build/MMB29P) AppleWebKit/537.36 (KHTML, like Gecko) Chrome/137.0.7151.103 Mobile Safari/537.36 (compatible; Googlebot/2.1; +http://www.google.com/bot.html)"
66.249.65.197 - - [20/Jul/2025:16:01:23 +0000] "GET /item/texti71047414/ HTTP/1.1" 200 39832 "-" "Mozilla/5.0 (Linux; Android 6.0.1; Nexus 5X Build/MMB29P) AppleWebKit/537.36 (KHTML, like Gecko) Chrome/137.0.7151.103 Mobile Safari/537.36 (compatible; Googlebot/2.1; +http://www.google.com/bot.html)"
66.249.65.197 - - [20/Jul/2025:16:01:27 +0000] "GET /item/umbre81612271/ HTTP/1.1" 200 40178 "-" "Mozilla/5.0 (Linux; Android 6.0.1; Nexus 5X Build/MMB29P) AppleWebKit/537.36 (KHTML, like Gecko) Chrome/137.0.7151.103 Mobile Safari/537.36 (compatible; Googlebot/2.1; +http://www.google.com/bot.html)"
66.249.65.197 - - [20/Jul/2025:16:01:31 +0000] "GET /item/hollo51511364/ HTTP/1.1" 200 39800 "-" "Mozilla/5.0 (Linux; Android 6.0.1; Nexus 5X Build/MMB29P) AppleWebKit/537.36 (KHTML, like Gecko) Chrome/137.0.7151.103 Mobile Safari/537.36 (compatible; Googlebot/2.1; +http://www.google.com/bot.html)"
66.249.65.197 - - [20/Jul/2025:16:01:43 +0000] "GET /item/onto42683419/ HTTP/1.1" 200 39934 "-" "Mozilla/5.0 (Linux; Android 6.0.1; Nexus 5X Build/MMB29P) AppleWebKit/537.36 (KHTML, like Gecko) Chrome/137.0.7151.103 Mobile Safari/537.36 (compatible; Googlebot/2.1; +http://www.google.com/bot.html)"
66.249.65.197 - - [20/Jul/2025:16:02:02 +0000] "POST /get-message-notify HTTP/1.1" 200 40266 "https://abl.academy/item/onto42683419/" "Mozilla/5.0 (Linux; Android 6.0.1; Nexus 5X Build/MMB29P) AppleWebKit/537.36 (KHTML, like Gecko) Chrome/137.0.7151.119 Mobile Safari/537.36 (compatible; Googlebot/2.1; +http://www.google.com/bot.html)"
66.249.65.197 - - [20/Jul/2025:16:02:29 +0000] "POST /get-message-notify HTTP/1.1" 200 40363 "https://abl.academy/item/texti71047414/" "Mozilla/5.0 (Linux; Android 6.0.1; Nexus 5X Build/MMB29P) AppleWebKit/537.36 (KHTML, like Gecko) Chrome/137.0.7151.119 Mobile Safari/537.36 (compatible; Googlebot/2.1; +http://www.google.com/bot.html)"
66.249.65.197 - - [20/Jul/2025:16:02:56 +0000] "GET /item/oxyge10575712/ HTTP/1.1" 200 40014 "-" "Mozilla/5.0 (Linux; Android 6.0.1; Nexus 5X Build/MMB29P) AppleWebKit/537.36 (KHTML, like Gecko) Chrome/137.0.7151.103 Mobile Safari/537.36 (compatible; Googlebot/2.1; +http://www.google.com/bot.html)"
66.249.65.198 - - [20/Jul/2025:16:04:12 +0000] "GET /item/decis82677191/ HTTP/1.1" 200 40078 "-" "Mozilla/5.0 (Linux; Android 6.0.1; Nexus 5X Build/MMB29P) AppleWebKit/537.36 (KHTML, like Gecko) Chrome/137.0.7151.103 Mobile Safari/537.36 (compatible; Googlebot/2.1; +http://www.google.com/bot.html)"
66.249.65.199 - - [20/Jul/2025:16:05:28 +0000] "GET /item/snowy21336105/ HTTP/1.1" 200 40086 "-" "Mozilla/5.0 (Linux; Android 6.0.1; Nexus 5X Build/MMB29P) AppleWebKit/537.36 (KHTML, like Gecko) Chrome/137.0.7151.103 Mobile Safari/537.36 (compatible; Googlebot/2.1; +http://www.google.com/bot.html)"
66.249.65.199 - - [20/Jul/2025:16:05:30 +0000] "GET /item/be80252015/ HTTP/1.1" 200 39823 "-" "Mozilla/5.0 (Linux; Android 6.0.1; Nexus 5X Build/MMB29P) AppleWebKit/537.36 (KHTML, like Gecko) Chrome/137.0.7151.103 Mobile Safari/537.36 (compatible; Googlebot/2.1; +http://www.google.com/bot.html)"
66.249.65.197 - - [20/Jul/2025:16:05:36 +0000] "POST /get-message-notify HTTP/1.1" 200 40259 "https://abl.academy/item/be80252015/" "Mozilla/5.0 (Linux; Android 6.0.1; Nexus 5X Build/MMB29P) AppleWebKit/537.36 (KHTML, like Gecko) Chrome/137.0.7151.119 Mobile Safari/537.36 (compatible; Googlebot/2.1; +http://www.google.com/bot.html)"
66.249.65.198 - - [20/Jul/2025:16:06:44 +0000] "GET /item/reali80925399/ HTTP/1.1" 200 39909 "-" "Mozilla/5.0 (Linux; Android 6.0.1; Nexus 5X Build/MMB29P) AppleWebKit/537.36 (KHTML, like Gecko) Chrome/137.0.7151.103 Mobile Safari/537.36 (compatible; Googlebot/2.1; +http://www.google.com/bot.html)"
66.249.65.197 - - [20/Jul/2025:16:08:20 +0000] "GET /item/doze32455962/ HTTP/1.1" 200 39790 "-" "Mozilla/5.0 (Linux; Android 6.0.1; Nexus 5X Build/MMB29P) AppleWebKit/537.36 (KHTML, like Gecko) Chrome/137.0.7151.103 Mobile Safari/537.36 (compatible; Googlebot/2.1; +http://www.google.com/bot.html)"
66.249.65.198 - - [20/Jul/2025:16:08:23 +0000] "POST /get-message-notify HTTP/1.1" 200 40363 "https://abl.academy/item/doze32455962/" "Mozilla/5.0 (Linux; Android 6.0.1; Nexus 5X Build/MMB29P) AppleWebKit/537.36 (KHTML, like Gecko) Chrome/137.0.7151.119 Mobile Safari/537.36 (compatible; Googlebot/2.1; +http://www.google.com/bot.html)"
66.249.65.197 - - [20/Jul/2025:16:10:39 +0000] "GET /item/farme40553291/ HTTP/1.1" 200 40984 "-" "Mozilla/5.0 (Linux; Android 6.0.1; Nexus 5X Build/MMB29P) AppleWebKit/537.36 (KHTML, like Gecko) Chrome/137.0.7151.103 Mobile Safari/537.36 (compatible; Googlebot/2.1; +http://www.google.com/bot.html)"
66.249.65.199 - - [20/Jul/2025:16:10:43 +0000] "POST /get-message-notify HTTP/1.1" 200 40256 "https://abl.academy/item/farme40553291/" "Mozilla/5.0 (Linux; Android 6.0.1; Nexus 5X Build/MMB29P) AppleWebKit/537.36 (KHTML, like Gecko) Chrome/137.0.7151.119 Mobile Safari/537.36 (compatible; Googlebot/2.1; +http://www.google.com/bot.html)"
66.249.65.198 - - [20/Jul/2025:16:12:00 +0000] "POST /get-message-notify HTTP/1.1" 200 40231 "https://abl.academy/item/glove10228184/" "Mozilla/5.0 (Linux; Android 6.0.1; Nexus 5X Build/MMB29P) AppleWebKit/537.36 (KHTML, like Gecko) Chrome/137.0.7151.119 Mobile Safari/537.36 (compatible; Googlebot/2.1; +http://www.google.com/bot.html)"
66.249.65.198 - - [20/Jul/2025:16:13:14 +0000] "GET /item/waist71395766/ HTTP/1.1" 200 40511 "-" "Mozilla/5.0 (Linux; Android 6.0.1; Nexus 5X Build/MMB29P) AppleWebKit/537.36 (KHTML, like Gecko) Chrome/137.0.7151.103 Mobile Safari/537.36 (compatible; Googlebot/2.1; +http://www.google.com/bot.html)"
66.249.65.198 - - [20/Jul/2025:16:13:22 +0000] "GET /item/dim71747494/ HTTP/1.1" 200 40076 "-" "Mozilla/5.0 (Linux; Android 6.0.1; Nexus 5X Build/MMB29P) AppleWebKit/537.36 (KHTML, like Gecko) Chrome/137.0.7151.103 Mobile Safari/537.36 (compatible; Googlebot/2.1; +http://www.google.com/bot.html)"
66.249.65.197 - - [20/Jul/2025:16:13:37 +0000] "GET /item/yolk20567913/ HTTP/1.1" 200 39848 "-" "Mozilla/5.0 (Linux; Android 6.0.1; Nexus 5X Build/MMB29P) AppleWebKit/537.36 (KHTML, like Gecko) Chrome/137.0.7151.103 Mobile Safari/537.36 (compatible; Googlebot/2.1; +http://www.google.com/bot.html)"
66.249.65.197 - - [20/Jul/2025:16:13:41 +0000] "GET /item/teles31151234/ HTTP/1.1" 200 40255 "-" "Mozilla/5.0 (Linux; Android 6.0.1; Nexus 5X Build/MMB29P) AppleWebKit/537.36 (KHTML, like Gecko) Chrome/137.0.7151.103 Mobile Safari/537.36 (compatible; Googlebot/2.1; +http://www.google.com/bot.html)"
66.249.65.197 - - [20/Jul/2025:16:13:45 +0000] "GET /item/sand62364389/ HTTP/1.1" 200 40093 "-" "Mozilla/5.0 (Linux; Android 6.0.1; Nexus 5X Build/MMB29P) AppleWebKit/537.36 (KHTML, like Gecko) Chrome/137.0.7151.103 Mobile Safari/537.36 (compatible; Googlebot/2.1; +http://www.google.com/bot.html)"
66.249.65.197 - - [20/Jul/2025:16:13:49 +0000] "GET /item/twelv52112732/ HTTP/1.1" 200 40505 "-" "Mozilla/5.0 (Linux; Android 6.0.1; Nexus 5X Build/MMB29P) AppleWebKit/537.36 (KHTML, like Gecko) Chrome/137.0.7151.103 Mobile Safari/537.36 (compatible; Googlebot/2.1; +http://www.google.com/bot.html)"
66.249.65.197 - - [20/Jul/2025:16:13:52 +0000] "POST /get-message-notify HTTP/1.1" 200 40211 "https://abl.academy/item/twelv52112732/" "Mozilla/5.0 (Linux; Android 6.0.1; Nexus 5X Build/MMB29P) AppleWebKit/537.36 (KHTML, like Gecko) Chrome/137.0.7151.119 Mobile Safari/537.36 (compatible; Googlebot/2.1; +http://www.google.com/bot.html)"
66.249.65.197 - - [20/Jul/2025:16:13:57 +0000] "GET /item/stimu22330409/ HTTP/1.1" 200 41355 "-" "Mozilla/5.0 (Linux; Android 6.0.1; Nexus 5X Build/MMB29P) AppleWebKit/537.36 (KHTML, like Gecko) Chrome/137.0.7151.103 Mobile Safari/537.36 (compatible; Googlebot/2.1; +http://www.google.com/bot.html)"
66.249.65.197 - - [20/Jul/2025:16:14:00 +0000] "GET /item/oxyge11375712/ HTTP/1.1" 200 39923 "-" "Mozilla/5.0 (Linux; Android 6.0.1; Nexus 5X Build/MMB29P) AppleWebKit/537.36 (KHTML, like Gecko) Chrome/137.0.7151.103 Mobile Safari/537.36 (compatible; Googlebot/2.1; +http://www.google.com/bot.html)"
66.249.65.197 - - [20/Jul/2025:16:14:04 +0000] "GET /item/tende31175082/ HTTP/1.1" 200 39994 "-" "Mozilla/5.0 (Linux; Android 6.0.1; Nexus 5X Build/MMB29P) AppleWebKit/537.36 (KHTML, like Gecko) Chrome/137.0.7151.103 Mobile Safari/537.36 (compatible; Googlebot/2.1; +http://www.google.com/bot.html)"
66.249.65.197 - - [20/Jul/2025:16:14:09 +0000] "GET /item/undou72222326/ HTTP/1.1" 200 39932 "-" "Mozilla/5.0 (Linux; Android 6.0.1; Nexus 5X Build/MMB29P) AppleWebKit/537.36 (KHTML, like Gecko) Chrome/137.0.7151.103 Mobile Safari/537.36 (compatible; Googlebot/2.1; +http://www.google.com/bot.html)"
66.249.65.197 - - [20/Jul/2025:16:14:12 +0000] "GET /item/techn21528473/ HTTP/1.1" 200 39880 "-" "Mozilla/5.0 (Linux; Android 6.0.1; Nexus 5X Build/MMB29P) AppleWebKit/537.36 (KHTML, like Gecko) Chrome/137.0.7151.103 Mobile Safari/537.36 (compatible; Googlebot/2.1; +http://www.google.com/bot.html)"
66.249.65.197 - - [20/Jul/2025:16:14:17 +0000] "GET /item/weddi52782348/ HTTP/1.1" 200 40135 "-" "Mozilla/5.0 (Linux; Android 6.0.1; Nexus 5X Build/MMB29P) AppleWebKit/537.36 (KHTML, like Gecko) Chrome/137.0.7151.103 Mobile Safari/537.36 (compatible; Googlebot/2.1; +http://www.google.com/bot.html)"
66.249.65.197 - - [20/Jul/2025:16:14:20 +0000] "GET /item/sword82255023/ HTTP/1.1" 200 40398 "-" "Mozilla/5.0 (Linux; Android 6.0.1; Nexus 5X Build/MMB29P) AppleWebKit/537.36 (KHTML, like Gecko) Chrome/137.0.7151.103 Mobile Safari/537.36 (compatible; Googlebot/2.1; +http://www.google.com/bot.html)"
66.249.65.197 - - [20/Jul/2025:16:14:25 +0000] "GET /item/rose41492419/ HTTP/1.1" 200 40107 "-" "Mozilla/5.0 (Linux; Android 6.0.1; Nexus 5X Build/MMB29P) AppleWebKit/537.36 (KHTML, like Gecko) Chrome/137.0.7151.103 Mobile Safari/537.36 (compatible; Googlebot/2.1; +http://www.google.com/bot.html)"
66.249.65.197 - - [20/Jul/2025:16:14:29 +0000] "GET /item/deft62847957/ HTTP/1.1" 200 40052 "-" "Mozilla/5.0 (Linux; Android 6.0.1; Nexus 5X Build/MMB29P) AppleWebKit/537.36 (KHTML, like Gecko) Chrome/137.0.7151.103 Mobile Safari/537.36 (compatible; Googlebot/2.1; +http://www.google.com/bot.html)"
66.249.65.197 - - [20/Jul/2025:16:14:34 +0000] "POST /get-message-notify HTTP/1.1" 200 40380 "https://abl.academy/item/techn21528473/" "Mozilla/5.0 (Linux; Android 6.0.1; Nexus 5X Build/MMB29P) AppleWebKit/537.36 (KHTML, like Gecko) Chrome/137.0.7151.119 Mobile Safari/537.36 (compatible; Googlebot/2.1; +http://www.google.com/bot.html)"
66.249.65.197 - - [20/Jul/2025:16:14:48 +0000] "POST /get-message-notify HTTP/1.1" 200 40283 "https://abl.academy/item/deft62847957/" "Mozilla/5.0 (Linux; Android 6.0.1; Nexus 5X Build/MMB29P) AppleWebKit/537.36 (KHTML, like Gecko) Chrome/137.0.7151.119 Mobile Safari/537.36 (compatible; Googlebot/2.1; +http://www.google.com/bot.html)"
66.249.65.197 - - [20/Jul/2025:16:16:15 +0000] "GET /item/lorn82975855/ HTTP/1.1" 200 39996 "-" "Mozilla/5.0 (Linux; Android 6.0.1; Nexus 5X Build/MMB29P) AppleWebKit/537.36 (KHTML, like Gecko) Chrome/137.0.7151.103 Mobile Safari/537.36 (compatible; Googlebot/2.1; +http://www.google.com/bot.html)"
66.249.65.199 - - [20/Jul/2025:16:19:16 +0000] "GET /item/day40668875/ HTTP/1.1" 200 40613 "-" "Mozilla/5.0 (Linux; Android 6.0.1; Nexus 5X Build/MMB29P) AppleWebKit/537.36 (KHTML, like Gecko) Chrome/137.0.7151.103 Mobile Safari/537.36 (compatible; Googlebot/2.1; +http://www.google.com/bot.html)"
45.227.253.15 - - [20/Jul/2025:16:19:25 +0000] "GET /index.php/jk HTTP/1.1" 200 59 "-" "Mozilla/5.0 (Macintosh; Intel Mac OS X 10.11; rv:103.0) Gecko/20100101 Firefox/103.0"
66.249.65.199 - - [20/Jul/2025:16:22:22 +0000] "GET /item/stadi41803707/ HTTP/1.1" 200 39938 "-" "Mozilla/5.0 (Linux; Android 6.0.1; Nexus 5X Build/MMB29P) AppleWebKit/537.36 (KHTML, like Gecko) Chrome/137.0.7151.103 Mobile Safari/537.36 (compatible; Googlebot/2.1; +http://www.google.com/bot.html)"
66.249.65.198 - - [20/Jul/2025:16:22:26 +0000] "POST /get-message-notify HTTP/1.1" 200 40469 "https://abl.academy/item/stadi41803707/" "Mozilla/5.0 (Linux; Android 6.0.1; Nexus 5X Build/MMB29P) AppleWebKit/537.36 (KHTML, like Gecko) Chrome/137.0.7151.119 Mobile Safari/537.36 (compatible; Googlebot/2.1; +http://www.google.com/bot.html)"
87.250.224.239 - - [20/Jul/2025:16:25:58 +0000] "GET /robots.txt HTTP/1.1" 200 285 "-" "Mozilla/5.0 (compatible; YandexBot/3.0; +http://yandex.com/bots)"
209.74.77.214 - - [20/Jul/2025:16:26:01 +0000] "POST /wp-cron.php?doing_wp_cron=1753028761.3053550720214843750000 HTTP/1.1" 200 - "-" "WordPress/6.8.2; https://abl.academy"
213.180.203.188 - - [20/Jul/2025:16:25:59 +0000] "GET /item/negro11719544/ HTTP/1.1" 404 9551 "-" "Mozilla/5.0 (compatible; YandexBot/3.0; +http://yandex.com/bots)"
213.180.203.76 - - [20/Jul/2025:16:25:58 +0000] "GET /item/sorry12092208/ HTTP/1.1" 404 9551 "-" "Mozilla/5.0 (compatible; YandexBot/3.0; +http://yandex.com/bots)"
66.249.65.198 - - [20/Jul/2025:16:26:03 +0000] "GET /item/psych80621831/ HTTP/1.1" 200 39990 "-" "Mozilla/5.0 (Linux; Android 6.0.1; Nexus 5X Build/MMB29P) AppleWebKit/537.36 (KHTML, like Gecko) Chrome/137.0.7151.103 Mobile Safari/537.36 (compatible; Googlebot/2.1; +http://www.google.com/bot.html)"
66.249.65.199 - - [20/Jul/2025:16:28:17 +0000] "GET /item/optim52946068/ HTTP/1.1" 200 40089 "-" "Mozilla/5.0 (Linux; Android 6.0.1; Nexus 5X Build/MMB29P) AppleWebKit/537.36 (KHTML, like Gecko) Chrome/137.0.7151.103 Mobile Safari/537.36 (compatible; Googlebot/2.1; +http://www.google.com/bot.html)"
66.249.65.197 - - [20/Jul/2025:16:28:20 +0000] "POST /get-message-notify HTTP/1.1" 200 40340 "https://abl.academy/item/optim52946068/" "Mozilla/5.0 (Linux; Android 6.0.1; Nexus 5X Build/MMB29P) AppleWebKit/537.36 (KHTML, like Gecko) Chrome/137.0.7151.119 Mobile Safari/537.36 (compatible; Googlebot/2.1; +http://www.google.com/bot.html)"
66.249.65.198 - - [20/Jul/2025:16:28:24 +0000] "GET /item/peak11543496/ HTTP/1.1" 200 40123 "-" "Mozilla/5.0 (Linux; Android 6.0.1; Nexus 5X Build/MMB29P) AppleWebKit/537.36 (KHTML, like Gecko) Chrome/137.0.7151.103 Mobile Safari/537.36 (compatible; Googlebot/2.1; +http://www.google.com/bot.html)"
209.74.77.214 - - [20/Jul/2025:16:30:16 +0000] "POST /wp-cron.php?doing_wp_cron=1753029016.8033030033111572265625 HTTP/1.1" 200 - "-" "WordPress/6.8.2; https://abl.academy"
91.84.100.21 - - [20/Jul/2025:16:30:14 +0000] "GET /lms-wordpress-plugin/ HTTP/1.0" 200 69394 "https://abl.academy/lms-wordpress-plugin/" "Mozilla/5.0 (Windows NT 10.0; Win64; x64) AppleWebKit/537.36 (KHTML, like Gecko) Chrome/129.0.0.0 Safari/537.36"
91.84.100.21 - - [20/Jul/2025:16:30:17 +0000] "POST /wp-comments-post.php HTTP/1.0" 302 - "https://abl.academy/lms-wordpress-plugin/" "Mozilla/5.0 (Windows NT 10.0; Win64; x64) AppleWebKit/537.36 (KHTML, like Gecko) Chrome/129.0.0.0 Safari/537.36"
91.84.100.21 - - [20/Jul/2025:16:30:18 +0000] "GET /lms-wordpress-plugin/?unapproved=6269&moderation-hash=a2207988323e0e034d44a36b0a53d8a3 HTTP/1.0" 200 69483 "https://abl.academy/lms-wordpress-plugin/?unapproved=6269&moderation-hash=a2207988323e0e034d44a36b0a53d8a3#comment-6269" "Mozilla/5.0 (Windows NT 10.0; Win64; x64) AppleWebKit/537.36 (KHTML, like Gecko) Chrome/129.0.0.0 Safari/537.36"
66.249.65.198 - - [20/Jul/2025:16:34:15 +0000] "GET /item/sleep51324932/ HTTP/1.1" 200 39919 "-" "Mozilla/5.0 (Linux; Android 6.0.1; Nexus 5X Build/MMB29P) AppleWebKit/537.36 (KHTML, like Gecko) Chrome/137.0.7151.103 Mobile Safari/537.36 (compatible; Googlebot/2.1; +http://www.google.com/bot.html)"
85.208.96.211 - - [20/Jul/2025:16:34:28 +0000] "GET /robots.txt HTTP/1.1" 200 114 "-" "Mozilla/5.0 (compatible; SemrushBot/7~bl; +http://www.semrush.com/bot.html)"
209.74.77.214 - - [20/Jul/2025:16:34:30 +0000] "POST /wp-cron.php?doing_wp_cron=1753029270.4892470836639404296875 HTTP/1.1" 200 - "-" "WordPress/6.8.2; https://abl.academy"
185.191.171.18 - - [20/Jul/2025:16:34:29 +0000] "GET /type/audio/ HTTP/1.1" 200 12300 "-" "Mozilla/5.0 (compatible; SemrushBot/7~bl; +http://www.semrush.com/bot.html)"
66.249.65.198 - - [20/Jul/2025:16:50:48 +0000] "GET /item/mutua30386170/ HTTP/1.1" 200 41340 "-" "Mozilla/5.0 (Linux; Android 6.0.1; Nexus 5X Build/MMB29P) AppleWebKit/537.36 (KHTML, like Gecko) Chrome/137.0.7151.103 Mobile Safari/537.36 (compatible; Googlebot/2.1; +http://www.google.com/bot.html)"
66.249.65.199 - - [20/Jul/2025:17:10:57 +0000] "GET /item/truck72584990/ HTTP/1.1" 200 40989 "-" "Mozilla/5.0 (Linux; Android 6.0.1; Nexus 5X Build/MMB29P) AppleWebKit/537.36 (KHTML, like Gecko) Chrome/137.0.7151.103 Mobile Safari/537.36 (compatible; Googlebot/2.1; +http://www.google.com/bot.html)"
66.249.65.198 - - [20/Jul/2025:17:11:01 +0000] "POST /get-message-notify HTTP/1.1" 200 40370 "https://abl.academy/item/truck72584990/" "Mozilla/5.0 (Linux; Android 6.0.1; Nexus 5X Build/MMB29P) AppleWebKit/537.36 (KHTML, like Gecko) Chrome/137.0.7151.119 Mobile Safari/537.36 (compatible; Googlebot/2.1; +http://www.google.com/bot.html)"
66.249.65.197 - - [20/Jul/2025:17:11:05 +0000] "GET /item/encou52520708/ HTTP/1.1" 200 39981 "-" "Mozilla/5.0 (Linux; Android 6.0.1; Nexus 5X Build/MMB29P) AppleWebKit/537.36 (KHTML, like Gecko) Chrome/137.0.7151.103 Mobile Safari/537.36 (compatible; Googlebot/2.1; +http://www.google.com/bot.html)"
66.249.65.197 - - [20/Jul/2025:17:11:26 +0000] "GET /item/born60212541/ HTTP/1.1" 200 41241 "-" "Mozilla/5.0 (Linux; Android 6.0.1; Nexus 5X Build/MMB29P) AppleWebKit/537.36 (KHTML, like Gecko) Chrome/137.0.7151.103 Mobile Safari/537.36 (compatible; Googlebot/2.1; +http://www.google.com/bot.html)"
66.249.65.197 - - [20/Jul/2025:17:11:39 +0000] "POST /get-message-notify HTTP/1.1" 200 40323 "https://abl.academy/item/born60212541/" "Mozilla/5.0 (Linux; Android 6.0.1; Nexus 5X Build/MMB29P) AppleWebKit/537.36 (KHTML, like Gecko) Chrome/137.0.7151.119 Mobile Safari/537.36 (compatible; Googlebot/2.1; +http://www.google.com/bot.html)"
115.72.46.74 - - [20/Jul/2025:17:12:56 +0000] "POST /wp-comments-post.php HTTP/1.1" 302 - "-" "Mozilla/5.0 (Windows NT 10.0; Win64; x64) AppleWebKit/537.36 (KHTML, like Gecko) Chrome/120.0.0.0 Safari/537.36"
209.74.77.214 - - [20/Jul/2025:17:13:19 +0000] "POST /wp-cron.php?doing_wp_cron=1753031599.9356639385223388671875 HTTP/1.1" 200 - "-" "WordPress/6.8.2; https://abl.academy"
115.72.46.74 - - [20/Jul/2025:17:13:19 +0000] "POST /wp-comments-post.php HTTP/1.1" 302 - "-" "Mozilla/5.0 (Windows NT 10.0; Win64; x64) AppleWebKit/537.36 (KHTML, like Gecko) Chrome/120.0.0.0 Safari/537.36"
66.249.65.197 - - [20/Jul/2025:17:13:39 +0000] "GET /item/conte60177837/ HTTP/1.1" 200 41126 "-" "Mozilla/5.0 (Linux; Android 6.0.1; Nexus 5X Build/MMB29P) AppleWebKit/537.36 (KHTML, like Gecko) Chrome/137.0.7151.103 Mobile Safari/537.36 (compatible; Googlebot/2.1; +http://www.google.com/bot.html)"
209.74.77.214 - - [20/Jul/2025:17:13:43 +0000] "POST /wp-cron.php?doing_wp_cron=1753031623.1715049743652343750000 HTTP/1.1" 200 - "-" "WordPress/6.8.2; https://abl.academy"
115.72.46.74 - - [20/Jul/2025:17:13:43 +0000] "POST /wp-comments-post.php HTTP/1.1" 302 - "-" "Mozilla/5.0 (Windows NT 10.0; Win64; x64) AppleWebKit/537.36 (KHTML, like Gecko) Chrome/120.0.0.0 Safari/537.36"
66.249.65.197 - - [20/Jul/2025:17:13:55 +0000] "POST /get-message-notify HTTP/1.1" 200 40282 "https://abl.academy/item/conte60177837/" "Mozilla/5.0 (Linux; Android 6.0.1; Nexus 5X Build/MMB29P) AppleWebKit/537.36 (KHTML, like Gecko) Chrome/137.0.7151.119 Mobile Safari/537.36 (compatible; Googlebot/2.1; +http://www.google.com/bot.html)"
115.72.46.74 - - [20/Jul/2025:17:14:07 +0000] "POST /wp-comments-post.php HTTP/1.1" 302 - "-" "Mozilla/5.0 (Windows NT 10.0; Win64; x64) AppleWebKit/537.36 (KHTML, like Gecko) Chrome/120.0.0.0 Safari/537.36"
209.74.77.214 - - [20/Jul/2025:17:14:31 +0000] "POST /wp-cron.php?doing_wp_cron=1753031671.1965510845184326171875 HTTP/1.1" 200 - "-" "WordPress/6.8.2; https://abl.academy"
115.72.46.74 - - [20/Jul/2025:17:14:31 +0000] "POST /wp-comments-post.php HTTP/1.1" 302 - "-" "Mozilla/5.0 (Windows NT 10.0; Win64; x64) AppleWebKit/537.36 (KHTML, like Gecko) Chrome/120.0.0.0 Safari/537.36"
115.72.46.74 - - [20/Jul/2025:17:14:54 +0000] "POST /wp-comments-post.php HTTP/1.1" 302 - "-" "Mozilla/5.0 (Windows NT 10.0; Win64; x64) AppleWebKit/537.36 (KHTML, like Gecko) Chrome/120.0.0.0 Safari/537.36"
209.74.77.214 - - [20/Jul/2025:17:15:18 +0000] "POST /wp-cron.php?doing_wp_cron=1753031718.2879939079284667968750 HTTP/1.1" 200 - "-" "WordPress/6.8.2; https://abl.academy"
115.72.46.74 - - [20/Jul/2025:17:15:17 +0000] "POST /wp-comments-post.php HTTP/1.1" 302 - "-" "Mozilla/5.0 (Windows NT 10.0; Win64; x64) AppleWebKit/537.36 (KHTML, like Gecko) Chrome/120.0.0.0 Safari/537.36"
209.74.77.214 - - [20/Jul/2025:17:15:42 +0000] "POST /wp-cron.php?doing_wp_cron=1753031741.9927980899810791015625 HTTP/1.1" 200 - "-" "WordPress/6.8.2; https://abl.academy"
115.72.46.74 - - [20/Jul/2025:17:15:41 +0000] "POST /wp-comments-post.php HTTP/1.1" 302 - "-" "Mozilla/5.0 (Windows NT 10.0; Win64; x64) AppleWebKit/537.36 (KHTML, like Gecko) Chrome/120.0.0.0 Safari/537.36"
66.249.65.197 - - [20/Jul/2025:17:16:13 +0000] "GET /item/tip40510475/ HTTP/1.1" 200 39844 "-" "Mozilla/5.0 (Linux; Android 6.0.1; Nexus 5X Build/MMB29P) AppleWebKit/537.36 (KHTML, like Gecko) Chrome/137.0.7151.103 Mobile Safari/537.36 (compatible; Googlebot/2.1; +http://www.google.com/bot.html)"
66.249.65.197 - - [20/Jul/2025:17:16:17 +0000] "POST /get-message-notify HTTP/1.1" 200 40293 "https://abl.academy/item/tip40510475/" "Mozilla/5.0 (Linux; Android 6.0.1; Nexus 5X Build/MMB29P) AppleWebKit/537.36 (KHTML, like Gecko) Chrome/137.0.7151.119 Mobile Safari/537.36 (compatible; Googlebot/2.1; +http://www.google.com/bot.html)"
66.249.65.197 - - [20/Jul/2025:17:18:48 +0000] "GET /item/list50020620/ HTTP/1.1" 200 39850 "-" "Mozilla/5.0 (Linux; Android 6.0.1; Nexus 5X Build/MMB29P) AppleWebKit/537.36 (KHTML, like Gecko) Chrome/137.0.7151.103 Mobile Safari/537.36 (compatible; Googlebot/2.1; +http://www.google.com/bot.html)"
66.249.65.198 - - [20/Jul/2025:17:19:17 +0000] "POST /get-message-notify HTTP/1.1" 200 40327 "https://abl.academy/item/list50020620/" "Mozilla/5.0 (Linux; Android 6.0.1; Nexus 5X Build/MMB29P) AppleWebKit/537.36 (KHTML, like Gecko) Chrome/137.0.7151.119 Mobile Safari/537.36 (compatible; Googlebot/2.1; +http://www.google.com/bot.html)"
95.108.213.164 - - [20/Jul/2025:17:27:10 +0000] "GET /robots.txt HTTP/1.1" 200 285 "-" "Mozilla/5.0 (compatible; YandexBot/3.0; +http://yandex.com/bots)"
209.74.77.214 - - [20/Jul/2025:17:27:13 +0000] "POST /wp-cron.php?doing_wp_cron=1753032433.0199079513549804687500 HTTP/1.1" 200 - "-" "WordPress/6.8.2; https://abl.academy"
213.180.203.184 - - [20/Jul/2025:17:27:11 +0000] "GET /item/train41544539/ HTTP/1.1" 404 9551 "-" "Mozilla/5.0 (compatible; YandexBot/3.0; +http://yandex.com/bots)"
209.74.77.214 - - [20/Jul/2025:17:28:52 +0000] "POST /wp-cron.php?doing_wp_cron=1753032532.6240570545196533203125 HTTP/1.1" 200 - "-" "WordPress/6.8.2; https://abl.academy"
195.2.76.183 - - [20/Jul/2025:17:28:52 +0000] "GET /lms-wordpress-plugin/ HTTP/1.0" 200 69394 "https://abl.academy/lms-wordpress-plugin/" "Mozilla/5.0 (Windows NT 10.0; Win64; x64) AppleWebKit/537.36 (KHTML, like Gecko) Chrome/130.0.0.0 Safari/537.36"
195.2.76.183 - - [20/Jul/2025:17:28:53 +0000] "POST /wp-comments-post.php HTTP/1.0" 302 - "https://abl.academy/lms-wordpress-plugin/" "Mozilla/5.0 (Windows NT 10.0; Win64; x64) AppleWebKit/537.36 (KHTML, like Gecko) Chrome/130.0.0.0 Safari/537.36"
195.2.76.183 - - [20/Jul/2025:17:28:54 +0000] "GET /lms-wordpress-plugin/?unapproved=6278&moderation-hash=7962f3a091b8c723db462bba3404e1f2 HTTP/1.0" 200 69483 "https://abl.academy/lms-wordpress-plugin/?unapproved=6278&moderation-hash=7962f3a091b8c723db462bba3404e1f2#comment-6278" "Mozilla/5.0 (Windows NT 10.0; Win64; x64) AppleWebKit/537.36 (KHTML, like Gecko) Chrome/130.0.0.0 Safari/537.36"
66.249.65.199 - - [20/Jul/2025:17:31:52 +0000] "GET /item/subdi21941937/ HTTP/1.1" 200 39960 "-" "Mozilla/5.0 (Linux; Android 6.0.1; Nexus 5X Build/MMB29P) AppleWebKit/537.36 (KHTML, like Gecko) Chrome/137.0.7151.103 Mobile Safari/537.36 (compatible; Googlebot/2.1; +http://www.google.com/bot.html)"
66.249.65.199 - - [20/Jul/2025:17:31:56 +0000] "POST /get-message-notify HTTP/1.1" 200 40316 "https://abl.academy/item/subdi21941937/" "Mozilla/5.0 (Linux; Android 6.0.1; Nexus 5X Build/MMB29P) AppleWebKit/537.36 (KHTML, like Gecko) Chrome/137.0.7151.119 Mobile Safari/537.36 (compatible; Googlebot/2.1; +http://www.google.com/bot.html)"
66.249.65.198 - - [20/Jul/2025:17:39:09 +0000] "GET /item/accid82512447/ HTTP/1.1" 200 40023 "-" "Mozilla/5.0 (Linux; Android 6.0.1; Nexus 5X Build/MMB29P) AppleWebKit/537.36 (KHTML, like Gecko) Chrome/137.0.7151.103 Mobile Safari/537.36 (compatible; Googlebot/2.1; +http://www.google.com/bot.html)"
66.249.65.199 - - [20/Jul/2025:17:41:37 +0000] "GET /item/stora41290683/ HTTP/1.1" 200 39930 "-" "Mozilla/5.0 (Linux; Android 6.0.1; Nexus 5X Build/MMB29P) AppleWebKit/537.36 (KHTML, like Gecko) Chrome/137.0.7151.103 Mobile Safari/537.36 (compatible; Googlebot/2.1; +http://www.google.com/bot.html)"
66.249.65.199 - - [20/Jul/2025:17:41:40 +0000] "POST /get-message-notify HTTP/1.1" 200 40324 "https://abl.academy/item/stora41290683/" "Mozilla/5.0 (Linux; Android 6.0.1; Nexus 5X Build/MMB29P) AppleWebKit/537.36 (KHTML, like Gecko) Chrome/137.0.7151.119 Mobile Safari/537.36 (compatible; Googlebot/2.1; +http://www.google.com/bot.html)"
66.249.65.197 - - [20/Jul/2025:17:41:47 +0000] "GET /item/upset22237473/ HTTP/1.1" 200 40222 "-" "Mozilla/5.0 (Linux; Android 6.0.1; Nexus 5X Build/MMB29P) AppleWebKit/537.36 (KHTML, like Gecko) Chrome/137.0.7151.103 Mobile Safari/537.36 (compatible; Googlebot/2.1; +http://www.google.com/bot.html)"
66.249.65.198 - - [20/Jul/2025:17:41:50 +0000] "GET /item/fop32943954/ HTTP/1.1" 200 41199 "-" "Mozilla/5.0 (Linux; Android 6.0.1; Nexus 5X Build/MMB29P) AppleWebKit/537.36 (KHTML, like Gecko) Chrome/137.0.7151.103 Mobile Safari/537.36 (compatible; Googlebot/2.1; +http://www.google.com/bot.html)"
66.249.65.197 - - [20/Jul/2025:17:41:53 +0000] "GET /item/gate80776159/ HTTP/1.1" 200 39737 "-" "Mozilla/5.0 (Linux; Android 6.0.1; Nexus 5X Build/MMB29P) AppleWebKit/537.36 (KHTML, like Gecko) Chrome/137.0.7151.103 Mobile Safari/537.36 (compatible; Googlebot/2.1; +http://www.google.com/bot.html)"
66.249.65.197 - - [20/Jul/2025:17:41:56 +0000] "GET /item/oral21807553/ HTTP/1.1" 200 39752 "-" "Mozilla/5.0 (Linux; Android 6.0.1; Nexus 5X Build/MMB29P) AppleWebKit/537.36 (KHTML, like Gecko) Chrome/137.0.7151.103 Mobile Safari/537.36 (compatible; Googlebot/2.1; +http://www.google.com/bot.html)"
66.249.65.197 - - [20/Jul/2025:17:42:13 +0000] "POST /get-message-notify HTTP/1.1" 200 40246 "https://abl.academy/item/oral21807553/" "Mozilla/5.0 (Linux; Android 6.0.1; Nexus 5X Build/MMB29P) AppleWebKit/537.36 (KHTML, like Gecko) Chrome/137.0.7151.119 Mobile Safari/537.36 (compatible; Googlebot/2.1; +http://www.google.com/bot.html)"
66.249.65.198 - - [20/Jul/2025:17:42:13 +0000] "GET /item/boil30117618/ HTTP/1.1" 200 41250 "-" "Mozilla/5.0 (Linux; Android 6.0.1; Nexus 5X Build/MMB29P) AppleWebKit/537.36 (KHTML, like Gecko) Chrome/137.0.7151.103 Mobile Safari/537.36 (compatible; Googlebot/2.1; +http://www.google.com/bot.html)"
106.225.148.45 - - [20/Jul/2025:17:44:01 +0000] "POST /wp-comments-post.php HTTP/1.1" 302 - "-" "Mozilla/5.0 (Windows NT 10.0; Win64; x64) AppleWebKit/537.36 (KHTML, like Gecko) Chrome/120.0.0.0 Safari/537.36"
66.249.65.197 - - [20/Jul/2025:17:44:14 +0000] "GET /item/mini20503857/ HTTP/1.1" 200 40300 "-" "Mozilla/5.0 (Linux; Android 6.0.1; Nexus 5X Build/MMB29P) AppleWebKit/537.36 (KHTML, like Gecko) Chrome/137.0.7151.103 Mobile Safari/537.36 (compatible; Googlebot/2.1; +http://www.google.com/bot.html)"
45.227.253.15 - - [20/Jul/2025:17:44:16 +0000] "GET /wp-admin/css/colors/light/light/index.php?ARRAY=7o2230223n313735333033373136342p2231223n22687474703n5p2s5p2s6p776n39302r67756172652r77696o695p2s3s6p633q7068705s636s64655s6n6326743q313735333033333536342q3931303633323335316161663230653338383062623236636634656533376432222p2232223n226463336334366637653731306264393261633632616238346635643739323236222p2233223n223330383332396133393332633765343031373463343963326233323930333265222p2262696r675s70617373223n2232342q34312q35332q36322q37362q38342q3130227q HTTP/1.1" 200 102 "-" "Mozilla/5.0 (iPad; U; CPU OS 4_2_3 like Mac OS X; ja) AppleWebKit/533.17.9 (KHTML, like Gecko) Version/5.0.2 Mobile/8J2 Safari/6533.18.5"
66.249.65.197 - - [20/Jul/2025:17:44:22 +0000] "POST /get-message-notify HTTP/1.1" 200 40430 "https://abl.academy/item/mini20503857/" "Mozilla/5.0 (Linux; Android 6.0.1; Nexus 5X Build/MMB29P) AppleWebKit/537.36 (KHTML, like Gecko) Chrome/137.0.7151.119 Mobile Safari/537.36 (compatible; Googlebot/2.1; +http://www.google.com/bot.html)"
209.74.77.214 - - [20/Jul/2025:17:44:27 +0000] "POST /wp-cron.php?doing_wp_cron=1753033467.1620519161224365234375 HTTP/1.1" 200 - "-" "WordPress/6.8.2; https://abl.academy"
106.225.148.45 - - [20/Jul/2025:17:44:27 +0000] "POST /wp-comments-post.php HTTP/1.1" 302 - "-" "Mozilla/5.0 (Windows NT 10.0; Win64; x64) AppleWebKit/537.36 (KHTML, like Gecko) Chrome/120.0.0.0 Safari/537.36"
66.249.65.197 - - [20/Jul/2025:17:44:30 +0000] "GET /item/clerk62293741/ HTTP/1.1" 200 39895 "-" "Mozilla/5.0 (Linux; Android 6.0.1; Nexus 5X Build/MMB29P) AppleWebKit/537.36 (KHTML, like Gecko) Chrome/137.0.7151.103 Mobile Safari/537.36 (compatible; Googlebot/2.1; +http://www.google.com/bot.html)"
209.74.77.214 - - [20/Jul/2025:17:44:54 +0000] "POST /wp-cron.php?doing_wp_cron=1753033494.2474861145019531250000 HTTP/1.1" 200 - "-" "WordPress/6.8.2; https://abl.academy"
106.225.148.45 - - [20/Jul/2025:17:44:54 +0000] "POST /wp-comments-post.php HTTP/1.1" 302 - "-" "Mozilla/5.0 (Windows NT 10.0; Win64; x64) AppleWebKit/537.36 (KHTML, like Gecko) Chrome/120.0.0.0 Safari/537.36"
209.74.77.214 - - [20/Jul/2025:17:45:31 +0000] "POST /wp-cron.php?doing_wp_cron=1753033531.9330179691314697265625 HTTP/1.1" 200 - "-" "WordPress/6.8.2; https://abl.academy"
106.225.148.45 - - [20/Jul/2025:17:45:29 +0000] "POST /wp-comments-post.php HTTP/1.1" 302 - "-" "Mozilla/5.0 (Windows NT 10.0; Win64; x64) AppleWebKit/537.36 (KHTML, like Gecko) Chrome/120.0.0.0 Safari/537.36"
106.225.148.45 - - [20/Jul/2025:17:45:56 +0000] "POST /wp-comments-post.php HTTP/1.1" 302 - "-" "Mozilla/5.0 (Windows NT 10.0; Win64; x64) AppleWebKit/537.36 (KHTML, like Gecko) Chrome/120.0.0.0 Safari/537.36"
209.74.77.214 - - [20/Jul/2025:17:46:22 +0000] "POST /wp-cron.php?doing_wp_cron=1753033582.0169739723205566406250 HTTP/1.1" 200 - "-" "WordPress/6.8.2; https://abl.academy"
106.225.148.45 - - [20/Jul/2025:17:46:21 +0000] "POST /wp-comments-post.php HTTP/1.1" 302 - "-" "Mozilla/5.0 (Windows NT 10.0; Win64; x64) AppleWebKit/537.36 (KHTML, like Gecko) Chrome/120.0.0.0 Safari/537.36"
209.74.77.214 - - [20/Jul/2025:17:46:49 +0000] "POST /wp-cron.php?doing_wp_cron=1753033609.2373099327087402343750 HTTP/1.1" 200 - "-" "WordPress/6.8.2; https://abl.academy"
106.225.148.45 - - [20/Jul/2025:17:46:49 +0000] "POST /wp-comments-post.php HTTP/1.1" 302 - "-" "Mozilla/5.0 (Windows NT 10.0; Win64; x64) AppleWebKit/537.36 (KHTML, like Gecko) Chrome/120.0.0.0 Safari/537.36"
66.249.65.197 - - [20/Jul/2025:17:49:22 +0000] "GET /item/succe21848321/ HTTP/1.1" 200 40701 "-" "Mozilla/5.0 (Linux; Android 6.0.1; Nexus 5X Build/MMB29P) AppleWebKit/537.36 (KHTML, like Gecko) Chrome/137.0.7151.103 Mobile Safari/537.36 (compatible; Googlebot/2.1; +http://www.google.com/bot.html)"
66.249.65.199 - - [20/Jul/2025:17:50:05 +0000] "GET /item/nobod11244656/ HTTP/1.1" 200 40122 "-" "Mozilla/5.0 (Linux; Android 6.0.1; Nexus 5X Build/MMB29P) AppleWebKit/537.36 (KHTML, like Gecko) Chrome/137.0.7151.103 Mobile Safari/537.36 (compatible; Googlebot/2.1; +http://www.google.com/bot.html)"
66.249.65.197 - - [20/Jul/2025:17:50:12 +0000] "POST /get-message-notify HTTP/1.1" 200 40329 "https://abl.academy/item/nobod11244656/" "Mozilla/5.0 (Linux; Android 6.0.1; Nexus 5X Build/MMB29P) AppleWebKit/537.36 (KHTML, like Gecko) Chrome/137.0.7151.119 Mobile Safari/537.36 (compatible; Googlebot/2.1; +http://www.google.com/bot.html)"
66.249.65.199 - - [20/Jul/2025:17:51:23 +0000] "GET /item/barel52445980/ HTTP/1.1" 200 40195 "-" "Mozilla/5.0 (Linux; Android 6.0.1; Nexus 5X Build/MMB29P) AppleWebKit/537.36 (KHTML, like Gecko) Chrome/137.0.7151.103 Mobile Safari/537.36 (compatible; Googlebot/2.1; +http://www.google.com/bot.html)"
66.249.65.198 - - [20/Jul/2025:17:51:25 +0000] "GET /item/comed40885491/ HTTP/1.1" 200 40686 "-" "Mozilla/5.0 (Linux; Android 6.0.1; Nexus 5X Build/MMB29P) AppleWebKit/537.36 (KHTML, like Gecko) Chrome/137.0.7151.103 Mobile Safari/537.36 (compatible; Googlebot/2.1; +http://www.google.com/bot.html)"
66.249.65.197 - - [20/Jul/2025:17:51:54 +0000] "GET /item/reall30529810/ HTTP/1.1" 200 40023 "-" "Mozilla/5.0 (Linux; Android 6.0.1; Nexus 5X Build/MMB29P) AppleWebKit/537.36 (KHTML, like Gecko) Chrome/137.0.7151.103 Mobile Safari/537.36 (compatible; Googlebot/2.1; +http://www.google.com/bot.html)"
66.249.65.197 - - [20/Jul/2025:17:54:29 +0000] "GET /item/prove82596095/ HTTP/1.1" 200 39888 "-" "Mozilla/5.0 (Linux; Android 6.0.1; Nexus 5X Build/MMB29P) AppleWebKit/537.36 (KHTML, like Gecko) Chrome/137.0.7151.103 Mobile Safari/537.36 (compatible; Googlebot/2.1; +http://www.google.com/bot.html)"
66.249.65.197 - - [20/Jul/2025:17:56:01 +0000] "GET /sitemapn.xml HTTP/1.1" 200 15726 "-" "Mozilla/5.0 (compatible; Googlebot/2.1; +http://www.google.com/bot.html)"
23.21.228.180 - - [20/Jul/2025:17:56:26 +0000] "GET /robots.txt HTTP/1.1" 200 114 "-" "Mozilla/5.0 AppleWebKit/537.36 (KHTML, like Gecko; compatible; Amazonbot/0.1; +https://developer.amazon.com/support/amazonbot) Chrome/119.0.6045.214 Safari/537.36"
209.74.77.214 - - [20/Jul/2025:17:56:28 +0000] "POST /wp-cron.php?doing_wp_cron=1753034188.6647489070892333984375 HTTP/1.1" 200 - "-" "WordPress/6.8.2; https://abl.academy"
52.44.229.124 - - [20/Jul/2025:17:56:26 +0000] "GET /our-classes/ HTTP/1.1" 200 15061 "-" "Mozilla/5.0 AppleWebKit/537.36 (KHTML, like Gecko; compatible; Amazonbot/0.1; +https://developer.amazon.com/support/amazonbot) Chrome/119.0.6045.214 Safari/537.36"
66.249.65.198 - - [20/Jul/2025:17:57:03 +0000] "GET /item/slow21084137/ HTTP/1.1" 200 40865 "-" "Mozilla/5.0 (Linux; Android 6.0.1; Nexus 5X Build/MMB29P) AppleWebKit/537.36 (KHTML, like Gecko) Chrome/137.0.7151.103 Mobile Safari/537.36 (compatible; Googlebot/2.1; +http://www.google.com/bot.html)"
66.249.65.197 - - [20/Jul/2025:17:57:17 +0000] "GET /item/poste42617563/ HTTP/1.1" 200 40021 "-" "Mozilla/5.0 (Linux; Android 6.0.1; Nexus 5X Build/MMB29P) AppleWebKit/537.36 (KHTML, like Gecko) Chrome/137.0.7151.103 Mobile Safari/537.36 (compatible; Googlebot/2.1; +http://www.google.com/bot.html)"
66.249.65.198 - - [20/Jul/2025:17:59:37 +0000] "GET /item/relia11373984/ HTTP/1.1" 200 40115 "-" "Mozilla/5.0 (Linux; Android 6.0.1; Nexus 5X Build/MMB29P) AppleWebKit/537.36 (KHTML, like Gecko) Chrome/137.0.7151.103 Mobile Safari/537.36 (compatible; Googlebot/2.1; +http://www.google.com/bot.html)"
66.249.65.199 - - [20/Jul/2025:18:00:10 +0000] "GET /item/emerg81237895/ HTTP/1.1" 200 40442 "-" "Mozilla/5.0 (Linux; Android 6.0.1; Nexus 5X Build/MMB29P) AppleWebKit/537.36 (KHTML, like Gecko) Chrome/137.0.7151.103 Mobile Safari/537.36 (compatible; Googlebot/2.1; +http://www.google.com/bot.html)"
66.249.65.198 - - [20/Jul/2025:18:01:22 +0000] "GET /item/clasp62738565/ HTTP/1.1" 200 40171 "-" "Mozilla/5.0 (Linux; Android 6.0.1; Nexus 5X Build/MMB29P) AppleWebKit/537.36 (KHTML, like Gecko) Chrome/137.0.7151.103 Mobile Safari/537.36 (compatible; Googlebot/2.1; +http://www.google.com/bot.html)"
66.249.65.198 - - [20/Jul/2025:18:01:25 +0000] "GET /item/stick71921510/ HTTP/1.1" 200 39994 "-" "Mozilla/5.0 (Linux; Android 6.0.1; Nexus 5X Build/MMB29P) AppleWebKit/537.36 (KHTML, like Gecko) Chrome/137.0.7151.103 Mobile Safari/537.36 (compatible; Googlebot/2.1; +http://www.google.com/bot.html)"
66.249.65.198 - - [20/Jul/2025:18:01:28 +0000] "GET /item/leade72888422/ HTTP/1.1" 200 40085 "-" "Mozilla/5.0 (Linux; Android 6.0.1; Nexus 5X Build/MMB29P) AppleWebKit/537.36 (KHTML, like Gecko) Chrome/137.0.7151.103 Mobile Safari/537.36 (compatible; Googlebot/2.1; +http://www.google.com/bot.html)"
66.249.65.197 - - [20/Jul/2025:18:01:31 +0000] "GET /item/diet71573670/ HTTP/1.1" 200 40292 "-" "Mozilla/5.0 (Linux; Android 6.0.1; Nexus 5X Build/MMB29P) AppleWebKit/537.36 (KHTML, like Gecko) Chrome/137.0.7151.103 Mobile Safari/537.36 (compatible; Googlebot/2.1; +http://www.google.com/bot.html)"
66.249.65.197 - - [20/Jul/2025:18:01:34 +0000] "GET /item/debt32298402/ HTTP/1.1" 200 39765 "-" "Mozilla/5.0 (Linux; Android 6.0.1; Nexus 5X Build/MMB29P) AppleWebKit/537.36 (KHTML, like Gecko) Chrome/137.0.7151.103 Mobile Safari/537.36 (compatible; Googlebot/2.1; +http://www.google.com/bot.html)"
66.249.65.197 - - [20/Jul/2025:18:01:37 +0000] "GET /item/penny32525642/ HTTP/1.1" 200 41145 "-" "Mozilla/5.0 (Linux; Android 6.0.1; Nexus 5X Build/MMB29P) AppleWebKit/537.36 (KHTML, like Gecko) Chrome/137.0.7151.103 Mobile Safari/537.36 (compatible; Googlebot/2.1; +http://www.google.com/bot.html)"
66.249.65.197 - - [20/Jul/2025:18:01:40 +0000] "GET /item/bette30641338/ HTTP/1.1" 200 40214 "-" "Mozilla/5.0 (Linux; Android 6.0.1; Nexus 5X Build/MMB29P) AppleWebKit/537.36 (KHTML, like Gecko) Chrome/137.0.7151.103 Mobile Safari/537.36 (compatible; Googlebot/2.1; +http://www.google.com/bot.html)"
66.249.65.197 - - [20/Jul/2025:18:01:40 +0000] "POST /get-message-notify HTTP/1.1" 200 40369 "https://abl.academy/item/penny32525642/" "Mozilla/5.0 (Linux; Android 6.0.1; Nexus 5X Build/MMB29P) AppleWebKit/537.36 (KHTML, like Gecko) Chrome/137.0.7151.119 Mobile Safari/537.36 (compatible; Googlebot/2.1; +http://www.google.com/bot.html)"
66.249.65.197 - - [20/Jul/2025:18:01:43 +0000] "GET /item/found40421387/ HTTP/1.1" 200 40252 "-" "Mozilla/5.0 (Linux; Android 6.0.1; Nexus 5X Build/MMB29P) AppleWebKit/537.36 (KHTML, like Gecko) Chrome/137.0.7151.103 Mobile Safari/537.36 (compatible; Googlebot/2.1; +http://www.google.com/bot.html)"
66.249.65.197 - - [20/Jul/2025:18:01:47 +0000] "POST /get-message-notify HTTP/1.1" 200 40289 "https://abl.academy/item/found40421387/" "Mozilla/5.0 (Linux; Android 6.0.1; Nexus 5X Build/MMB29P) AppleWebKit/537.36 (KHTML, like Gecko) Chrome/137.0.7151.119 Mobile Safari/537.36 (compatible; Googlebot/2.1; +http://www.google.com/bot.html)"
66.249.65.197 - - [20/Jul/2025:18:01:48 +0000] "GET /item/editi52994588/ HTTP/1.1" 200 39978 "-" "Mozilla/5.0 (Linux; Android 6.0.1; Nexus 5X Build/MMB29P) AppleWebKit/537.36 (KHTML, like Gecko) Chrome/137.0.7151.103 Mobile Safari/537.36 (compatible; Googlebot/2.1; +http://www.google.com/bot.html)"
66.249.65.197 - - [20/Jul/2025:18:01:49 +0000] "GET /item/humid11435208/ HTTP/1.1" 200 40557 "-" "Mozilla/5.0 (Linux; Android 6.0.1; Nexus 5X Build/MMB29P) AppleWebKit/537.36 (KHTML, like Gecko) Chrome/137.0.7151.103 Mobile Safari/537.36 (compatible; Googlebot/2.1; +http://www.google.com/bot.html)"
66.249.65.197 - - [20/Jul/2025:18:01:52 +0000] "GET /item/bike50932644/ HTTP/1.1" 200 40156 "-" "Mozilla/5.0 (Linux; Android 6.0.1; Nexus 5X Build/MMB29P) AppleWebKit/537.36 (KHTML, like Gecko) Chrome/137.0.7151.103 Mobile Safari/537.36 (compatible; Googlebot/2.1; +http://www.google.com/bot.html)"
66.249.65.197 - - [20/Jul/2025:18:01:55 +0000] "GET /item/blank52877460/ HTTP/1.1" 200 40785 "-" "Mozilla/5.0 (Linux; Android 6.0.1; Nexus 5X Build/MMB29P) AppleWebKit/537.36 (KHTML, like Gecko) Chrome/137.0.7151.103 Mobile Safari/537.36 (compatible; Googlebot/2.1; +http://www.google.com/bot.html)"
66.249.65.197 - - [20/Jul/2025:18:01:58 +0000] "GET /item/prior30198370/ HTTP/1.1" 200 39931 "-" "Mozilla/5.0 (Linux; Android 6.0.1; Nexus 5X Build/MMB29P) AppleWebKit/537.36 (KHTML, like Gecko) Chrome/137.0.7151.103 Mobile Safari/537.36 (compatible; Googlebot/2.1; +http://www.google.com/bot.html)"
66.249.65.197 - - [20/Jul/2025:18:02:01 +0000] "GET /item/wrist12051016/ HTTP/1.1" 200 40709 "-" "Mozilla/5.0 (Linux; Android 6.0.1; Nexus 5X Build/MMB29P) AppleWebKit/537.36 (KHTML, like Gecko) Chrome/137.0.7151.103 Mobile Safari/537.36 (compatible; Googlebot/2.1; +http://www.google.com/bot.html)"
66.249.65.197 - - [20/Jul/2025:18:02:04 +0000] "GET /item/clog82303951/ HTTP/1.1" 200 40022 "-" "Mozilla/5.0 (Linux; Android 6.0.1; Nexus 5X Build/MMB29P) AppleWebKit/537.36 (KHTML, like Gecko) Chrome/137.0.7151.103 Mobile Safari/537.36 (compatible; Googlebot/2.1; +http://www.google.com/bot.html)"
66.249.65.197 - - [20/Jul/2025:18:02:07 +0000] "GET /item/crux20711953/ HTTP/1.1" 200 40320 "-" "Mozilla/5.0 (Linux; Android 6.0.1; Nexus 5X Build/MMB29P) AppleWebKit/537.36 (KHTML, like Gecko) Chrome/137.0.7151.103 Mobile Safari/537.36 (compatible; Googlebot/2.1; +http://www.google.com/bot.html)"
66.249.65.197 - - [20/Jul/2025:18:02:09 +0000] "GET /item/decli12910240/ HTTP/1.1" 200 39771 "-" "Mozilla/5.0 (Linux; Android 6.0.1; Nexus 5X Build/MMB29P) AppleWebKit/537.36 (KHTML, like Gecko) Chrome/137.0.7151.103 Mobile Safari/537.36 (compatible; Googlebot/2.1; +http://www.google.com/bot.html)"
66.249.65.197 - - [20/Jul/2025:18:02:11 +0000] "POST /get-message-notify HTTP/1.1" 200 40357 "https://abl.academy/item/crux20711953/" "Mozilla/5.0 (Linux; Android 6.0.1; Nexus 5X Build/MMB29P) AppleWebKit/537.36 (KHTML, like Gecko) Chrome/137.0.7151.119 Mobile Safari/537.36 (compatible; Googlebot/2.1; +http://www.google.com/bot.html)"
66.249.65.197 - - [20/Jul/2025:18:02:11 +0000] "GET /item/newss51383732/ HTTP/1.1" 200 40042 "-" "Mozilla/5.0 (Linux; Android 6.0.1; Nexus 5X Build/MMB29P) AppleWebKit/537.36 (KHTML, like Gecko) Chrome/137.0.7151.103 Mobile Safari/537.36 (compatible; Googlebot/2.1; +http://www.google.com/bot.html)"
66.249.65.197 - - [20/Jul/2025:18:02:12 +0000] "POST /get-message-notify HTTP/1.1" 200 40328 "https://abl.academy/item/prior30198370/" "Mozilla/5.0 (Linux; Android 6.0.1; Nexus 5X Build/MMB29P) AppleWebKit/537.36 (KHTML, like Gecko) Chrome/137.0.7151.119 Mobile Safari/537.36 (compatible; Googlebot/2.1; +http://www.google.com/bot.html)"
66.249.65.197 - - [20/Jul/2025:18:02:12 +0000] "GET /item/stres20401657/ HTTP/1.1" 200 41307 "-" "Mozilla/5.0 (Linux; Android 6.0.1; Nexus 5X Build/MMB29P) AppleWebKit/537.36 (KHTML, like Gecko) Chrome/137.0.7151.103 Mobile Safari/537.36 (compatible; Googlebot/2.1; +http://www.google.com/bot.html)"
66.249.65.197 - - [20/Jul/2025:18:02:13 +0000] "POST /get-message-notify HTTP/1.1" 200 40296 "https://abl.academy/item/decli12910240/" "Mozilla/5.0 (Linux; Android 6.0.1; Nexus 5X Build/MMB29P) AppleWebKit/537.36 (KHTML, like Gecko) Chrome/137.0.7151.119 Mobile Safari/537.36 (compatible; Googlebot/2.1; +http://www.google.com/bot.html)"
66.249.65.197 - - [20/Jul/2025:18:02:16 +0000] "GET /item/pole70799190/ HTTP/1.1" 200 40034 "-" "Mozilla/5.0 (Linux; Android 6.0.1; Nexus 5X Build/MMB29P) AppleWebKit/537.36 (KHTML, like Gecko) Chrome/137.0.7151.103 Mobile Safari/537.36 (compatible; Googlebot/2.1; +http://www.google.com/bot.html)"
209.74.77.214 - - [20/Jul/2025:18:02:18 +0000] "POST /wp-cron.php?doing_wp_cron=1753034537.9792079925537109375000 HTTP/1.1" 200 - "-" "WordPress/6.8.2; https://abl.academy"
62.113.113.106 - - [20/Jul/2025:18:02:16 +0000] "GET /lms-wordpress-plugin/ HTTP/1.0" 200 69394 "https://abl.academy/lms-wordpress-plugin/" "Mozilla/5.0 (Windows NT 10.0; Win64; x64) AppleWebKit/537.36 (KHTML, like Gecko) Chrome/130.0.0.0 Safari/537.36 CCleaner/130.0.0.0"
66.249.65.197 - - [20/Jul/2025:18:02:18 +0000] "POST /get-message-notify HTTP/1.1" 200 40345 "https://abl.academy/item/pole70799190/" "Mozilla/5.0 (Linux; Android 6.0.1; Nexus 5X Build/MMB29P) AppleWebKit/537.36 (KHTML, like Gecko) Chrome/137.0.7151.119 Mobile Safari/537.36 (compatible; Googlebot/2.1; +http://www.google.com/bot.html)"
66.249.65.197 - - [20/Jul/2025:18:02:19 +0000] "GET /item/exper70504806/ HTTP/1.1" 200 40605 "-" "Mozilla/5.0 (Linux; Android 6.0.1; Nexus 5X Build/MMB29P) AppleWebKit/537.36 (KHTML, like Gecko) Chrome/137.0.7151.103 Mobile Safari/537.36 (compatible; Googlebot/2.1; +http://www.google.com/bot.html)"
62.113.113.106 - - [20/Jul/2025:18:02:19 +0000] "POST /wp-comments-post.php HTTP/1.0" 302 - "https://abl.academy/lms-wordpress-plugin/" "Mozilla/5.0 (Windows NT 10.0; Win64; x64) AppleWebKit/537.36 (KHTML, like Gecko) Chrome/130.0.0.0 Safari/537.36 CCleaner/130.0.0.0"
62.113.113.106 - - [20/Jul/2025:18:02:23 +0000] "GET /lms-wordpress-plugin/?unapproved=6286&moderation-hash=1f5bd47391088702906c82781f66147e HTTP/1.0" 200 69483 "https://abl.academy/lms-wordpress-plugin/?unapproved=6286&moderation-hash=1f5bd47391088702906c82781f66147e#comment-6286" "Mozilla/5.0 (Windows NT 10.0; Win64; x64) AppleWebKit/537.36 (KHTML, like Gecko) Chrome/130.0.0.0 Safari/537.36 CCleaner/130.0.0.0"
66.249.65.198 - - [20/Jul/2025:18:02:23 +0000] "GET /item/cloak72635438/ HTTP/1.1" 200 40959 "-" "Mozilla/5.0 (Linux; Android 6.0.1; Nexus 5X Build/MMB29P) AppleWebKit/537.36 (KHTML, like Gecko) Chrome/137.0.7151.103 Mobile Safari/537.36 (compatible; Googlebot/2.1; +http://www.google.com/bot.html)"
66.249.65.198 - - [20/Jul/2025:18:02:25 +0000] "GET /item/angle70058966/ HTTP/1.1" 200 40061 "-" "Mozilla/5.0 (Linux; Android 6.0.1; Nexus 5X Build/MMB29P) AppleWebKit/537.36 (KHTML, like Gecko) Chrome/137.0.7151.103 Mobile Safari/537.36 (compatible; Googlebot/2.1; +http://www.google.com/bot.html)"
66.249.65.197 - - [20/Jul/2025:18:02:27 +0000] "GET /item/liabi72622334/ HTTP/1.1" 200 40384 "-" "Mozilla/5.0 (Linux; Android 6.0.1; Nexus 5X Build/MMB29P) AppleWebKit/537.36 (KHTML, like Gecko) Chrome/137.0.7151.103 Mobile Safari/537.36 (compatible; Googlebot/2.1; +http://www.google.com/bot.html)"
66.249.65.197 - - [20/Jul/2025:18:02:30 +0000] "GET /item/groan72138694/ HTTP/1.1" 200 40080 "-" "Mozilla/5.0 (Linux; Android 6.0.1; Nexus 5X Build/MMB29P) AppleWebKit/537.36 (KHTML, like Gecko) Chrome/137.0.7151.103 Mobile Safari/537.36 (compatible; Googlebot/2.1; +http://www.google.com/bot.html)"
