209.74.77.214 - - [20/Jul/2025:14:25:57 +0000] "POST /wp-cron.php?doing_wp_cron=1753021557.3585219383239746093750 HTTP/1.1" 200 - "-" "WordPress/6.8.2; https://abl.academy"
185.191.171.10 - - [20/Jul/2025:14:25:55 +0000] "GET /product/brauhaus/ HTTP/1.1" 200 30176 "-" "Mozilla/5.0 (compatible; SemrushBot/7~bl; +http://www.semrush.com/bot.html)"
66.249.79.8 - - [20/Jul/2025:14:27:50 +0000] "GET /item/surve71717734/ HTTP/1.1" 200 40305 "-" "Mozilla/5.0 (Linux; Android 6.0.1; Nexus 5X Build/MMB29P) AppleWebKit/537.36 (KHTML, like Gecko) Chrome/137.0.7151.103 Mobile Safari/537.36 (compatible; Googlebot/2.1; +http://www.google.com/bot.html)"
66.249.79.8 - - [20/Jul/2025:14:28:08 +0000] "GET /sitemapc.xml HTTP/1.1" 200 11175 "-" "Mozilla/5.0 (compatible; Googlebot/2.1; +http://www.google.com/bot.html)"
66.249.79.1 - - [20/Jul/2025:14:29:45 +0000] "GET /item/justi32618338/ HTTP/1.1" 200 39995 "-" "Mozilla/5.0 (Linux; Android 6.0.1; Nexus 5X Build/MMB29P) AppleWebKit/537.36 (KHTML, like Gecko) Chrome/137.0.7151.103 Mobile Safari/537.36 (compatible; Googlebot/2.1; +http://www.google.com/bot.html)"
213.180.203.57 - - [20/Jul/2025:14:31:23 +0000] "GET /robots.txt HTTP/1.1" 200 285 "-" "Mozilla/5.0 (compatible; YandexBot/3.0; +http://yandex.com/bots)"
209.74.77.214 - - [20/Jul/2025:14:31:26 +0000] "POST /wp-cron.php?doing_wp_cron=1753021886.4555139541625976562500 HTTP/1.1" 200 - "-" "WordPress/6.8.2; https://abl.academy"
87.250.224.244 - - [20/Jul/2025:14:31:24 +0000] "GET /item/hesit71143222/ HTTP/1.1" 404 9551 "-" "Mozilla/5.0 (compatible; YandexBot/3.0; +http://yandex.com/bots)"
66.249.79.8 - - [20/Jul/2025:14:34:52 +0000] "GET /item/choke40137931/ HTTP/1.1" 200 40056 "-" "Mozilla/5.0 (Linux; Android 6.0.1; Nexus 5X Build/MMB29P) AppleWebKit/537.36 (KHTML, like Gecko) Chrome/137.0.7151.103 Mobile Safari/537.36 (compatible; Googlebot/2.1; +http://www.google.com/bot.html)"
209.74.77.214 - - [20/Jul/2025:14:35:12 +0000] "POST /wp-cron.php?doing_wp_cron=1753022112.2490251064300537109375 HTTP/1.1" 200 - "-" "WordPress/6.8.2; https://abl.academy"
185.121.234.211 - - [20/Jul/2025:14:35:10 +0000] "GET /lms-wordpress-plugin/?unapproved=5465&moderation-hash=285d9522013d2a0eea6b88534e4c1b26 HTTP/1.0" 200 69483 "https://abl.academy/lms-wordpress-plugin/?unapproved=5465&moderation-hash=285d9522013d2a0eea6b88534e4c1b26#comment-5465" "Mozilla/5.0 (Windows NT 6.1; WOW64) AppleWebKit/537.36 (KHTML, like Gecko) Chrome/103.0.0.0 Safari/537.36"
185.121.234.211 - - [20/Jul/2025:14:35:13 +0000] "POST /wp-comments-post.php HTTP/1.0" 302 - "https://abl.academy/lms-wordpress-plugin/?unapproved=5465&moderation-hash=285d9522013d2a0eea6b88534e4c1b26#comment-5465" "Mozilla/5.0 (Windows NT 6.1; WOW64) AppleWebKit/537.36 (KHTML, like Gecko) Chrome/103.0.0.0 Safari/537.36"
185.121.234.211 - - [20/Jul/2025:14:35:14 +0000] "GET /lms-wordpress-plugin/?unapproved=6264&moderation-hash=d608ee064e881b665d4aedeb17210e4e HTTP/1.0" 200 69483 "https://abl.academy/lms-wordpress-plugin/?unapproved=6264&moderation-hash=d608ee064e881b665d4aedeb17210e4e#comment-6264" "Mozilla/5.0 (Windows NT 6.1; WOW64) AppleWebKit/537.36 (KHTML, like Gecko) Chrome/103.0.0.0 Safari/537.36"
66.249.79.1 - - [20/Jul/2025:14:37:22 +0000] "GET /item/yawn52923228/ HTTP/1.1" 200 39649 "-" "Mozilla/5.0 (Linux; Android 6.0.1; Nexus 5X Build/MMB29P) AppleWebKit/537.36 (KHTML, like Gecko) Chrome/137.0.7151.103 Mobile Safari/537.36 (compatible; Googlebot/2.1; +http://www.google.com/bot.html)"
209.74.77.214 - - [20/Jul/2025:14:42:12 +0000] "POST /wp-cron.php?doing_wp_cron=1753022532.6460270881652832031250 HTTP/1.1" 200 - "-" "WordPress/6.8.2; https://abl.academy"
85.208.96.202 - - [20/Jul/2025:14:42:10 +0000] "GET /lp-become-a-teacher-2/ HTTP/1.1" 200 9846 "-" "Mozilla/5.0 (compatible; SemrushBot/7~bl; +http://www.semrush.com/bot.html)"
66.249.79.2 - - [20/Jul/2025:14:42:37 +0000] "GET /item/organ52705804/ HTTP/1.1" 200 40223 "-" "Mozilla/5.0 (Linux; Android 6.0.1; Nexus 5X Build/MMB29P) AppleWebKit/537.36 (KHTML, like Gecko) Chrome/137.0.7151.103 Mobile Safari/537.36 (compatible; Googlebot/2.1; +http://www.google.com/bot.html)"
66.249.79.2 - - [20/Jul/2025:14:45:13 +0000] "GET /item/billi70899606/ HTTP/1.1" 200 39959 "-" "Mozilla/5.0 (Linux; Android 6.0.1; Nexus 5X Build/MMB29P) AppleWebKit/537.36 (KHTML, like Gecko) Chrome/137.0.7151.103 Mobile Safari/537.36 (compatible; Googlebot/2.1; +http://www.google.com/bot.html)"
66.249.79.2 - - [20/Jul/2025:14:47:49 +0000] "GET /item/manly32647354/ HTTP/1.1" 200 39947 "-" "Mozilla/5.0 (Linux; Android 6.0.1; Nexus 5X Build/MMB29P) AppleWebKit/537.36 (KHTML, like Gecko) Chrome/137.0.7151.103 Mobile Safari/537.36 (compatible; Googlebot/2.1; +http://www.google.com/bot.html)"
185.39.19.97 - - [20/Jul/2025:14:49:56 +0000] "GET / HTTP/1.0" 200 44668 "https://abl.academy/" "Mozilla/5.0 (Windows NT 10.0; Win64; x64) AppleWebKit/537.36 (KHTML, like Gecko) Chrome/129.0.0.0 Safari/537.36"
185.39.19.97 - - [20/Jul/2025:14:49:57 +0000] "GET /contact/ HTTP/1.0" 200 46960 "https://abl.academy/contact/" "Mozilla/5.0 (Windows NT 10.0; Win64; x64) AppleWebKit/537.36 (KHTML, like Gecko) Chrome/129.0.0.0 Safari/537.36"
104.210.140.140 - - [20/Jul/2025:14:53:09 +0000] "GET /robots.txt HTTP/1.1" 200 114 "-" "Mozilla/5.0 (Macintosh; Intel Mac OS X 10_15_7) AppleWebKit/537.36 (KHTML, like Gecko) Chrome/131.0.0.0 Safari/537.36; compatible; OAI-SearchBot/1.0; +https://openai.com/searchbot"
5.255.231.40 - - [20/Jul/2025:14:56:25 +0000] "GET /robots.txt HTTP/1.1" 200 285 "-" "Mozilla/5.0 (compatible; YandexBot/3.0; +http://yandex.com/bots)"
209.74.77.214 - - [20/Jul/2025:14:56:28 +0000] "POST /wp-cron.php?doing_wp_cron=1753023388.6912059783935546875000 HTTP/1.1" 200 - "-" "WordPress/6.8.2; https://abl.academy"
87.250.224.31 - - [20/Jul/2025:14:56:26 +0000] "GET /item/sorro12446632/ HTTP/1.1" 404 9551 "-" "Mozilla/5.0 (compatible; YandexBot/3.0; +http://yandex.com/bots)"
66.249.79.1 - - [20/Jul/2025:14:58:03 +0000] "GET /sitemapj.xml HTTP/1.1" 200 16780 "-" "Mozilla/5.0 (compatible; Googlebot/2.1; +http://www.google.com/bot.html)"
209.74.77.214 - - [20/Jul/2025:14:58:42 +0000] "POST /wp-cron.php?doing_wp_cron=1753023522.6440091133117675781250 HTTP/1.1" 200 - "-" "WordPress/6.8.2; https://abl.academy"
89.110.105.194 - - [20/Jul/2025:14:58:41 +0000] "GET /lms-wordpress-plugin/?unapproved=5465&moderation-hash=285d9522013d2a0eea6b88534e4c1b26 HTTP/1.0" 200 69483 "https://abl.academy/lms-wordpress-plugin/?unapproved=5465&moderation-hash=285d9522013d2a0eea6b88534e4c1b26#comment-5465" "Mozilla/5.0 (Windows NT 10.0; Win64; x64) AppleWebKit/537.36 (KHTML, like Gecko) Chrome/130.0.0.0 Safari/537.36"
89.110.105.194 - - [20/Jul/2025:14:58:43 +0000] "POST /wp-comments-post.php HTTP/1.0" 302 - "https://abl.academy/lms-wordpress-plugin/?unapproved=5465&moderation-hash=285d9522013d2a0eea6b88534e4c1b26#comment-5465" "Mozilla/5.0 (Windows NT 10.0; Win64; x64) AppleWebKit/537.36 (KHTML, like Gecko) Chrome/130.0.0.0 Safari/537.36"
89.110.105.194 - - [20/Jul/2025:14:58:44 +0000] "GET /lms-wordpress-plugin/?unapproved=6265&moderation-hash=2725bbb7ad6262ec6de5d37969b21f6f HTTP/1.0" 200 69483 "https://abl.academy/lms-wordpress-plugin/?unapproved=6265&moderation-hash=2725bbb7ad6262ec6de5d37969b21f6f#comment-6265" "Mozilla/5.0 (Windows NT 10.0; Win64; x64) AppleWebKit/537.36 (KHTML, like Gecko) Chrome/130.0.0.0 Safari/537.36"
165.232.157.0 - - [20/Jul/2025:15:03:07 +0000] "GET /files.php HTTP/1.1" 404 9550 "https://www.google.com" "Mozilla/5.0 (Linux; Android 7.0; SM-G892A Build/NRD90M; wv) AppleWebKit/537.36 (KHTML, like Gecko) Version/4.0 Chrome/60.0.3112.107 Mobile Safari/537.36"
45.227.253.15 - - [20/Jul/2025:15:03:12 +0000] "GET /wp-includes/Text/Diff/Renderer/Renderer/index.php?ARRAY=7o2230223n313735333032373530302p2231223n22687474703n5p2s5p2s6p776n39302r67756172652r77696o695p2s3s6p633q78696164616r5s72616r645s7061746826743q313735333032333930302q3662363765353462633933363934633464613930303862363564363465653936222p2232223n223930643634313731333133373533306138373038666438613266643066313864222p2233223n223530366135366366633361623064313165366566393530373331636437656263222p2262696r675s70617373223n2232362q33342q35372q36362q37312q38342q3233227q HTTP/1.1" 200 479 "-" "Mozilla/5.0 (Windows NT 6.1; WOW64; rv:70.0) Gecko/20100101 Firefox/70.0"
66.249.79.8 - - [20/Jul/2025:15:06:33 +0000] "GET /shopdetail/416404149 HTTP/1.1" 200 40132 "-" "Mozilla/5.0 (Linux; Android 6.0.1; Nexus 5X Build/MMB29P) AppleWebKit/537.36 (KHTML, like Gecko) Chrome/137.0.7151.103 Mobile Safari/537.36 (compatible; Googlebot/2.1; +http://www.google.com/bot.html)"
209.74.77.214 - - [20/Jul/2025:15:10:38 +0000] "POST /wp-cron.php?doing_wp_cron=1753024238.4752199649810791015625 HTTP/1.1" 200 - "-" "WordPress/6.8.2; https://abl.academy"
178.20.47.39 - - [20/Jul/2025:15:10:35 +0000] "GET /lms-wordpress-plugin/ HTTP/1.0" 200 69394 "https://abl.academy/lms-wordpress-plugin/" "Mozilla/5.0 (Windows NT 10.0; Win64; x64) AppleWebKit/537.36 (KHTML, like Gecko) Chrome/131.0.0.0 Safari/537.36 Avast/131.0.0.0"
178.20.47.39 - - [20/Jul/2025:15:10:40 +0000] "POST /wp-comments-post.php HTTP/1.0" 302 - "https://abl.academy/lms-wordpress-plugin/" "Mozilla/5.0 (Windows NT 10.0; Win64; x64) AppleWebKit/537.36 (KHTML, like Gecko) Chrome/131.0.0.0 Safari/537.36 Avast/131.0.0.0"
178.20.47.39 - - [20/Jul/2025:15:10:41 +0000] "GET /lms-wordpress-plugin/?unapproved=6266&moderation-hash=10a9cfb5ab313b684c3351138df14024 HTTP/1.0" 200 69483 "https://abl.academy/lms-wordpress-plugin/?unapproved=6266&moderation-hash=10a9cfb5ab313b684c3351138df14024#comment-6266" "Mozilla/5.0 (Windows NT 10.0; Win64; x64) AppleWebKit/537.36 (KHTML, like Gecko) Chrome/131.0.0.0 Safari/537.36 Avast/131.0.0.0"
93.183.93.32 - - [20/Jul/2025:15:10:47 +0000] "GET /lms-wordpress-plugin/ HTTP/1.0" 200 69394 "https://abl.academy/lms-wordpress-plugin/" "Mozilla/5.0 (Windows NT 10.0; Win64; x64) AppleWebKit/537.36 (KHTML, like Gecko) Chrome/131.0.0.0 Safari/537.36 Avast/131.0.0.0"
93.183.93.32 - - [20/Jul/2025:15:10:49 +0000] "POST /wp-comments-post.php HTTP/1.0" 302 - "https://abl.academy/lms-wordpress-plugin/" "Mozilla/5.0 (Windows NT 10.0; Win64; x64) AppleWebKit/537.36 (KHTML, like Gecko) Chrome/131.0.0.0 Safari/537.36 Avast/131.0.0.0"
93.183.93.32 - - [20/Jul/2025:15:10:50 +0000] "GET /lms-wordpress-plugin/?unapproved=6267&moderation-hash=181ce366e45f435563d7026be4a22a14 HTTP/1.0" 200 69483 "https://abl.academy/lms-wordpress-plugin/?unapproved=6267&moderation-hash=181ce366e45f435563d7026be4a22a14#comment-6267" "Mozilla/5.0 (Windows NT 10.0; Win64; x64) AppleWebKit/537.36 (KHTML, like Gecko) Chrome/131.0.0.0 Safari/537.36 Avast/131.0.0.0"
66.249.65.199 - - [20/Jul/2025:15:12:47 +0000] "GET /item/mere52662516/ HTTP/1.1" 200 40089 "-" "Mozilla/5.0 (Linux; Android 6.0.1; Nexus 5X Build/MMB29P) AppleWebKit/537.36 (KHTML, like Gecko) Chrome/137.0.7151.103 Mobile Safari/537.36 (compatible; Googlebot/2.1; +http://www.google.com/bot.html)"
43.135.186.135 - - [20/Jul/2025:15:16:50 +0000] "GET / HTTP/1.1" 200 9694 "http://abl.academy" "Mozilla/5.0 (iPhone; CPU iPhone OS 13_2_3 like Mac OS X) AppleWebKit/605.1.15 (KHTML, like Gecko) Version/13.0.3 Mobile/15E148 Safari/604.1"
66.249.65.197 - - [20/Jul/2025:15:17:54 +0000] "GET /item/maths62121693/ HTTP/1.1" 200 40143 "-" "Mozilla/5.0 (Linux; Android 6.0.1; Nexus 5X Build/MMB29P) AppleWebKit/537.36 (KHTML, like Gecko) Chrome/137.0.7151.103 Mobile Safari/537.36 (compatible; Googlebot/2.1; +http://www.google.com/bot.html)"
66.249.65.197 - - [20/Jul/2025:15:19:24 +0000] "GET /item/presi21920369/ HTTP/1.1" 200 39807 "-" "Mozilla/5.0 (Linux; Android 6.0.1; Nexus 5X Build/MMB29P) AppleWebKit/537.36 (KHTML, like Gecko) Chrome/137.0.7151.103 Mobile Safari/537.36 (compatible; Googlebot/2.1; +http://www.google.com/bot.html)"
66.249.65.198 - - [20/Jul/2025:15:19:29 +0000] "POST /get-message-notify HTTP/1.1" 200 40349 "https://abl.academy/item/presi21920369/" "Mozilla/5.0 (Linux; Android 6.0.1; Nexus 5X Build/MMB29P) AppleWebKit/537.36 (KHTML, like Gecko) Chrome/137.0.7151.119 Mobile Safari/537.36 (compatible; Googlebot/2.1; +http://www.google.com/bot.html)"
66.249.65.197 - - [20/Jul/2025:15:20:23 +0000] "GET /item/apple82648055/ HTTP/1.1" 200 40596 "-" "Mozilla/5.0 (Linux; Android 6.0.1; Nexus 5X Build/MMB29P) AppleWebKit/537.36 (KHTML, like Gecko) Chrome/137.0.7151.103 Mobile Safari/537.36 (compatible; Googlebot/2.1; +http://www.google.com/bot.html)"
66.249.65.199 - - [20/Jul/2025:15:20:26 +0000] "GET /item/word20868905/ HTTP/1.1" 200 40434 "-" "Mozilla/5.0 (Linux; Android 6.0.1; Nexus 5X Build/MMB29P) AppleWebKit/537.36 (KHTML, like Gecko) Chrome/137.0.7151.103 Mobile Safari/537.36 (compatible; Googlebot/2.1; +http://www.google.com/bot.html)"
66.249.65.199 - - [20/Jul/2025:15:22:58 +0000] "GET /item/learn42708667/ HTTP/1.1" 200 39884 "-" "Mozilla/5.0 (Linux; Android 6.0.1; Nexus 5X Build/MMB29P) AppleWebKit/537.36 (KHTML, like Gecko) Chrome/137.0.7151.103 Mobile Safari/537.36 (compatible; Googlebot/2.1; +http://www.google.com/bot.html)"
66.249.65.197 - - [20/Jul/2025:15:23:07 +0000] "POST /get-message-notify HTTP/1.1" 200 40305 "https://abl.academy/item/learn42708667/" "Mozilla/5.0 (Linux; Android 6.0.1; Nexus 5X Build/MMB29P) AppleWebKit/537.36 (KHTML, like Gecko) Chrome/137.0.7151.119 Mobile Safari/537.36 (compatible; Googlebot/2.1; +http://www.google.com/bot.html)"
66.249.65.197 - - [20/Jul/2025:15:23:22 +0000] "GET /sitemapf.xml HTTP/1.1" 200 9974 "-" "Mozilla/5.0 (compatible; Googlebot/2.1; +http://www.google.com/bot.html)"
66.249.65.199 - - [20/Jul/2025:15:25:31 +0000] "GET /item/assis21617553/ HTTP/1.1" 200 39981 "-" "Mozilla/5.0 (Linux; Android 6.0.1; Nexus 5X Build/MMB29P) AppleWebKit/537.36 (KHTML, like Gecko) Chrome/137.0.7151.103 Mobile Safari/537.36 (compatible; Googlebot/2.1; +http://www.google.com/bot.html)"
66.249.65.197 - - [20/Jul/2025:15:26:49 +0000] "GET /item/out81624487/ HTTP/1.1" 200 39874 "-" "Mozilla/5.0 (Linux; Android 6.0.1; Nexus 5X Build/MMB29P) AppleWebKit/537.36 (KHTML, like Gecko) Chrome/137.0.7151.103 Mobile Safari/537.36 (compatible; Googlebot/2.1; +http://www.google.com/bot.html)"
213.180.203.35 - - [20/Jul/2025:15:27:07 +0000] "GET /robots.txt HTTP/1.1" 200 285 "-" "Mozilla/5.0 (compatible; YandexBot/3.0; +http://yandex.com/bots)"
209.74.77.214 - - [20/Jul/2025:15:27:09 +0000] "POST /wp-cron.php?doing_wp_cron=1753025229.9125969409942626953125 HTTP/1.1" 200 - "-" "WordPress/6.8.2; https://abl.academy"
87.250.224.84 - - [20/Jul/2025:15:27:08 +0000] "GET /item/her82928151/ HTTP/1.1" 404 9551 "-" "Mozilla/5.0 (compatible; YandexBot/3.0; +http://yandex.com/bots)"
43.167.245.18 - - [20/Jul/2025:15:27:14 +0000] "GET / HTTP/1.1" 200 9694 "http://www.abl.academy" "Mozilla/5.0 (iPhone; CPU iPhone OS 13_2_3 like Mac OS X) AppleWebKit/605.1.15 (KHTML, like Gecko) Version/13.0.3 Mobile/15E148 Safari/604.1"
209.74.77.214 - - [20/Jul/2025:15:36:35 +0000] "POST /wp-cron.php?doing_wp_cron=1753025795.1385409832000732421875 HTTP/1.1" 200 - "-" "WordPress/6.8.2; https://abl.academy"
77.238.235.209 - - [20/Jul/2025:15:36:33 +0000] "GET /lms-wordpress-plugin/ HTTP/1.0" 200 69394 "https://abl.academy/lms-wordpress-plugin/" "Mozilla/5.0 (Windows NT 10.0; Win64; x64) AppleWebKit/537.36 (KHTML, like Gecko) Chrome/130.0.0.0 Safari/537.36"
77.238.235.209 - - [20/Jul/2025:15:36:36 +0000] "POST /wp-comments-post.php HTTP/1.0" 302 - "https://abl.academy/lms-wordpress-plugin/" "Mozilla/5.0 (Windows NT 10.0; Win64; x64) AppleWebKit/537.36 (KHTML, like Gecko) Chrome/130.0.0.0 Safari/537.36"
77.238.235.209 - - [20/Jul/2025:15:36:37 +0000] "GET /lms-wordpress-plugin/?unapproved=6268&moderation-hash=0fa1a1cb5b2afebd9aa71c808a67dbf1 HTTP/1.0" 200 69483 "https://abl.academy/lms-wordpress-plugin/?unapproved=6268&moderation-hash=0fa1a1cb5b2afebd9aa71c808a67dbf1#comment-6268" "Mozilla/5.0 (Windows NT 10.0; Win64; x64) AppleWebKit/537.36 (KHTML, like Gecko) Chrome/130.0.0.0 Safari/537.36"
66.249.65.199 - - [20/Jul/2025:15:38:50 +0000] "GET /item/share30877066/ HTTP/1.1" 200 40361 "-" "Mozilla/5.0 (Linux; Android 6.0.1; Nexus 5X Build/MMB29P) AppleWebKit/537.36 (KHTML, like Gecko) Chrome/137.0.7151.103 Mobile Safari/537.36 (compatible; Googlebot/2.1; +http://www.google.com/bot.html)"
66.249.65.197 - - [20/Jul/2025:15:40:52 +0000] "GET /item/weep72475446/ HTTP/1.1" 200 40136 "-" "Mozilla/5.0 (Linux; Android 6.0.1; Nexus 5X Build/MMB29P) AppleWebKit/537.36 (KHTML, like Gecko) Chrome/137.0.7151.103 Mobile Safari/537.36 (compatible; Googlebot/2.1; +http://www.google.com/bot.html)"
66.249.65.199 - - [20/Jul/2025:15:40:53 +0000] "GET /item/ploug32111586/ HTTP/1.1" 200 40114 "-" "Mozilla/5.0 (Linux; Android 6.0.1; Nexus 5X Build/MMB29P) AppleWebKit/537.36 (KHTML, like Gecko) Chrome/137.0.7151.103 Mobile Safari/537.36 (compatible; Googlebot/2.1; +http://www.google.com/bot.html)"
66.249.65.198 - - [20/Jul/2025:15:41:00 +0000] "POST /get-message-notify HTTP/1.1" 200 40360 "https://abl.academy/item/weep72475446/" "Mozilla/5.0 (Linux; Android 6.0.1; Nexus 5X Build/MMB29P) AppleWebKit/537.36 (KHTML, like Gecko) Chrome/137.0.7151.119 Mobile Safari/537.36 (compatible; Googlebot/2.1; +http://www.google.com/bot.html)"
114.117.233.112 - - [20/Jul/2025:15:41:46 +0000] "GET / HTTP/1.1" 200 9694 "http://www.abl.academy" "Mozilla/5.0 (iPhone; CPU iPhone OS 13_2_3 like Mac OS X) AppleWebKit/605.1.15 (KHTML, like Gecko) Version/13.0.3 Mobile/15E148 Safari/604.1"
66.249.65.197 - - [20/Jul/2025:15:42:08 +0000] "GET /item/play21228433/ HTTP/1.1" 200 39617 "-" "Mozilla/5.0 (Linux; Android 6.0.1; Nexus 5X Build/MMB29P) AppleWebKit/537.36 (KHTML, like Gecko) Chrome/137.0.7151.103 Mobile Safari/537.36 (compatible; Googlebot/2.1; +http://www.google.com/bot.html)"
66.249.65.197 - - [20/Jul/2025:15:42:17 +0000] "POST /get-message-notify HTTP/1.1" 200 40277 "https://abl.academy/item/play21228433/" "Mozilla/5.0 (Linux; Android 6.0.1; Nexus 5X Build/MMB29P) AppleWebKit/537.36 (KHTML, like Gecko) Chrome/137.0.7151.119 Mobile Safari/537.36 (compatible; Googlebot/2.1; +http://www.google.com/bot.html)"
209.74.77.214 - - [20/Jul/2025:15:49:48 +0000] "POST /wp-cron.php?doing_wp_cron=1753026588.7267680168151855468750 HTTP/1.1" 200 - "-" "WordPress/6.8.2; https://abl.academy"
134.17.14.12 - - [20/Jul/2025:15:49:47 +0000] "GET /delpaths.php HTTP/1.1" 404 9551 "-" "Mozilla/4.0 (compatible; MSIE 6.0; Windows NT 5.1; SV1)"
66.249.65.197 - - [20/Jul/2025:15:51:41 +0000] "GET /item/blade51174820/ HTTP/1.1" 200 39936 "-" "Mozilla/5.0 (Linux; Android 6.0.1; Nexus 5X Build/MMB29P) AppleWebKit/537.36 (KHTML, like Gecko) Chrome/137.0.7151.103 Mobile Safari/537.36 (compatible; Googlebot/2.1; +http://www.google.com/bot.html)"
66.249.65.197 - - [20/Jul/2025:15:51:48 +0000] "POST /get-message-notify HTTP/1.1" 200 40378 "https://abl.academy/item/blade51174820/" "Mozilla/5.0 (Linux; Android 6.0.1; Nexus 5X Build/MMB29P) AppleWebKit/537.36 (KHTML, like Gecko) Chrome/137.0.7151.119 Mobile Safari/537.36 (compatible; Googlebot/2.1; +http://www.google.com/bot.html)"
66.249.65.198 - - [20/Jul/2025:15:55:13 +0000] "GET /item/study82117135/ HTTP/1.1" 200 40042 "-" "Mozilla/5.0 (Linux; Android 6.0.1; Nexus 5X Build/MMB29P) AppleWebKit/537.36 (KHTML, like Gecko) Chrome/137.0.7151.103 Mobile Safari/537.36 (compatible; Googlebot/2.1; +http://www.google.com/bot.html)"
213.180.203.79 - - [20/Jul/2025:15:56:16 +0000] "GET /robots.txt HTTP/1.1" 200 285 "-" "Mozilla/5.0 (compatible; YandexBot/3.0; +http://yandex.com/bots)"
66.249.65.199 - - [20/Jul/2025:15:56:17 +0000] "GET /item/vent12371904/ HTTP/1.1" 200 40112 "-" "Mozilla/5.0 (Linux; Android 6.0.1; Nexus 5X Build/MMB29P) AppleWebKit/537.36 (KHTML, like Gecko) Chrome/137.0.7151.103 Mobile Safari/537.36 (compatible; Googlebot/2.1; +http://www.google.com/bot.html)"
209.74.77.214 - - [20/Jul/2025:15:56:19 +0000] "POST /wp-cron.php?doing_wp_cron=1753026979.5246670246124267578125 HTTP/1.1" 200 - "-" "WordPress/6.8.2; https://abl.academy"
95.108.213.159 - - [20/Jul/2025:15:56:17 +0000] "GET /item/veloc62271637/ HTTP/1.1" 404 9551 "-" "Mozilla/5.0 (compatible; YandexBot/3.0; +http://yandex.com/bots)"
213.180.203.226 - - [20/Jul/2025:15:56:17 +0000] "GET /item/aggre22645569/ HTTP/1.1" 404 9551 "-" "Mozilla/5.0 (compatible; YandexBot/3.0; +http://yandex.com/bots)"
66.249.65.198 - - [20/Jul/2025:15:56:21 +0000] "GET /item/liabi71338334/ HTTP/1.1" 200 40194 "-" "Mozilla/5.0 (Linux; Android 6.0.1; Nexus 5X Build/MMB29P) AppleWebKit/537.36 (KHTML, like Gecko) Chrome/137.0.7151.103 Mobile Safari/537.36 (compatible; Googlebot/2.1; +http://www.google.com/bot.html)"
66.249.65.197 - - [20/Jul/2025:15:56:25 +0000] "GET /item/dear62721205/ HTTP/1.1" 200 40998 "-" "Mozilla/5.0 (Linux; Android 6.0.1; Nexus 5X Build/MMB29P) AppleWebKit/537.36 (KHTML, like Gecko) Chrome/137.0.7151.103 Mobile Safari/537.36 (compatible; Googlebot/2.1; +http://www.google.com/bot.html)"
66.249.65.197 - - [20/Jul/2025:15:56:29 +0000] "POST /get-message-notify HTTP/1.1" 200 40370 "https://abl.academy/item/dear62721205/" "Mozilla/5.0 (Linux; Android 6.0.1; Nexus 5X Build/MMB29P) AppleWebKit/537.36 (KHTML, like Gecko) Chrome/137.0.7151.119 Mobile Safari/537.36 (compatible; Googlebot/2.1; +http://www.google.com/bot.html)"
66.249.65.197 - - [20/Jul/2025:15:56:29 +0000] "GET /item/post41312403/ HTTP/1.1" 200 39870 "-" "Mozilla/5.0 (Linux; Android 6.0.1; Nexus 5X Build/MMB29P) AppleWebKit/537.36 (KHTML, like Gecko) Chrome/137.0.7151.103 Mobile Safari/537.36 (compatible; Googlebot/2.1; +http://www.google.com/bot.html)"
66.249.65.197 - - [20/Jul/2025:15:56:31 +0000] "POST /get-message-notify HTTP/1.1" 200 40354 "https://abl.academy/item/post41312403/" "Mozilla/5.0 (Linux; Android 6.0.1; Nexus 5X Build/MMB29P) AppleWebKit/537.36 (KHTML, like Gecko) Chrome/137.0.7151.119 Mobile Safari/537.36 (compatible; Googlebot/2.1; +http://www.google.com/bot.html)"
66.249.65.197 - - [20/Jul/2025:15:56:33 +0000] "GET /item/cowar51691284/ HTTP/1.1" 200 40323 "-" "Mozilla/5.0 (Linux; Android 6.0.1; Nexus 5X Build/MMB29P) AppleWebKit/537.36 (KHTML, like Gecko) Chrome/137.0.7151.103 Mobile Safari/537.36 (compatible; Googlebot/2.1; +http://www.google.com/bot.html)"
66.249.65.197 - - [20/Jul/2025:15:56:38 +0000] "GET /item/empir40567427/ HTTP/1.1" 200 40194 "-" "Mozilla/5.0 (Linux; Android 6.0.1; Nexus 5X Build/MMB29P) AppleWebKit/537.36 (KHTML, like Gecko) Chrome/137.0.7151.103 Mobile Safari/537.36 (compatible; Googlebot/2.1; +http://www.google.com/bot.html)"
66.249.65.197 - - [20/Jul/2025:15:56:42 +0000] "GET /item/loyal10958152/ HTTP/1.1" 200 40785 "-" "Mozilla/5.0 (Linux; Android 6.0.1; Nexus 5X Build/MMB29P) AppleWebKit/537.36 (KHTML, like Gecko) Chrome/137.0.7151.103 Mobile Safari/537.36 (compatible; Googlebot/2.1; +http://www.google.com/bot.html)"
66.249.65.197 - - [20/Jul/2025:15:56:46 +0000] "GET /item/aside71622750/ HTTP/1.1" 200 39813 "-" "Mozilla/5.0 (Linux; Android 6.0.1; Nexus 5X Build/MMB29P) AppleWebKit/537.36 (KHTML, like Gecko) Chrome/137.0.7151.103 Mobile Safari/537.36 (compatible; Googlebot/2.1; +http://www.google.com/bot.html)"
134.209.85.147 - - [20/Jul/2025:15:56:50 +0000] "GET / HTTP/1.1" 401 53 "-" "Mozilla/5.0 (X11; Linux x86_64) AppleWebKit/537.36 (KHTML, like Gecko) Chrome/137.0.0.0 Safari/537.36"
66.249.65.197 - - [20/Jul/2025:15:56:50 +0000] "GET /item/fault51214988/ HTTP/1.1" 200 39695 "-" "Mozilla/5.0 (Linux; Android 6.0.1; Nexus 5X Build/MMB29P) AppleWebKit/537.36 (KHTML, like Gecko) Chrome/137.0.7151.103 Mobile Safari/537.36 (compatible; Googlebot/2.1; +http://www.google.com/bot.html)"
134.209.85.147 - - [20/Jul/2025:15:56:54 +0000] "GET /favicon.ico HTTP/1.1" 401 53 "https://cpcontacts.abl.academy/" "Mozilla/5.0 (X11; Linux x86_64) AppleWebKit/537.36 (KHTML, like Gecko) Chrome/137.0.0.0 Safari/537.36"
66.249.65.197 - - [20/Jul/2025:15:56:54 +0000] "GET /item/invit51856780/ HTTP/1.1" 200 39929 "-" "Mozilla/5.0 (Linux; Android 6.0.1; Nexus 5X Build/MMB29P) AppleWebKit/537.36 (KHTML, like Gecko) Chrome/137.0.7151.103 Mobile Safari/537.36 (compatible; Googlebot/2.1; +http://www.google.com/bot.html)"
66.249.65.197 - - [20/Jul/2025:15:56:54 +0000] "GET /item/obtai51633876/ HTTP/1.1" 200 39831 "-" "Mozilla/5.0 (Linux; Android 6.0.1; Nexus 5X Build/MMB29P) AppleWebKit/537.36 (KHTML, like Gecko) Chrome/137.0.7151.103 Mobile Safari/537.36 (compatible; Googlebot/2.1; +http://www.google.com/bot.html)"
66.249.65.198 - - [20/Jul/2025:15:56:58 +0000] "GET /item/sky32644786/ HTTP/1.1" 200 40115 "-" "Mozilla/5.0 (Linux; Android 6.0.1; Nexus 5X Build/MMB29P) AppleWebKit/537.36 (KHTML, like Gecko) Chrome/137.0.7151.103 Mobile Safari/537.36 (compatible; Googlebot/2.1; +http://www.google.com/bot.html)"
66.249.65.198 - - [20/Jul/2025:15:57:03 +0000] "GET /item/inter62460293/ HTTP/1.1" 200 40378 "-" "Mozilla/5.0 (Linux; Android 6.0.1; Nexus 5X Build/MMB29P) AppleWebKit/537.36 (KHTML, like Gecko) Chrome/137.0.7151.103 Mobile Safari/537.36 (compatible; Googlebot/2.1; +http://www.google.com/bot.html)"
66.249.65.198 - - [20/Jul/2025:15:57:07 +0000] "GET /item/gestu72970302/ HTTP/1.1" 200 40037 "-" "Mozilla/5.0 (Linux; Android 6.0.1; Nexus 5X Build/MMB29P) AppleWebKit/537.36 (KHTML, like Gecko) Chrome/137.0.7151.103 Mobile Safari/537.36 (compatible; Googlebot/2.1; +http://www.google.com/bot.html)"
66.249.65.198 - - [20/Jul/2025:15:57:09 +0000] "POST /get-message-notify HTTP/1.1" 200 40212 "https://abl.academy/item/inter62460293/" "Mozilla/5.0 (Linux; Android 6.0.1; Nexus 5X Build/MMB29P) AppleWebKit/537.36 (KHTML, like Gecko) Chrome/137.0.7151.119 Mobile Safari/537.36 (compatible; Googlebot/2.1; +http://www.google.com/bot.html)"
66.249.65.197 - - [20/Jul/2025:15:57:11 +0000] "GET /item/twin12549528/ HTTP/1.1" 200 39875 "-" "Mozilla/5.0 (Linux; Android 6.0.1; Nexus 5X Build/MMB29P) AppleWebKit/537.36 (KHTML, like Gecko) Chrome/137.0.7151.103 Mobile Safari/537.36 (compatible; Googlebot/2.1; +http://www.google.com/bot.html)"
66.249.65.197 - - [20/Jul/2025:15:57:16 +0000] "GET /item/never51412908/ HTTP/1.1" 200 40347 "-" "Mozilla/5.0 (Linux; Android 6.0.1; Nexus 5X Build/MMB29P) AppleWebKit/537.36 (KHTML, like Gecko) Chrome/137.0.7151.103 Mobile Safari/537.36 (compatible; Googlebot/2.1; +http://www.google.com/bot.html)"
66.249.65.197 - - [20/Jul/2025:15:57:17 +0000] "POST /get-message-notify HTTP/1.1" 200 40297 "https://abl.academy/item/twin12549528/" "Mozilla/5.0 (Linux; Android 6.0.1; Nexus 5X Build/MMB29P) AppleWebKit/537.36 (KHTML, like Gecko) Chrome/137.0.7151.119 Mobile Safari/537.36 (compatible; Googlebot/2.1; +http://www.google.com/bot.html)"
66.249.65.197 - - [20/Jul/2025:15:57:17 +0000] "POST /get-message-notify HTTP/1.1" 200 40249 "https://abl.academy/item/empir40567427/" "Mozilla/5.0 (Linux; Android 6.0.1; Nexus 5X Build/MMB29P) AppleWebKit/537.36 (KHTML, like Gecko) Chrome/137.0.7151.119 Mobile Safari/537.36 (compatible; Googlebot/2.1; +http://www.google.com/bot.html)"
66.249.65.197 - - [20/Jul/2025:15:57:19 +0000] "GET /item/stage21993449/ HTTP/1.1" 200 40366 "-" "Mozilla/5.0 (Linux; Android 6.0.1; Nexus 5X Build/MMB29P) AppleWebKit/537.36 (KHTML, like Gecko) Chrome/137.0.7151.103 Mobile Safari/537.36 (compatible; Googlebot/2.1; +http://www.google.com/bot.html)"
66.249.65.197 - - [20/Jul/2025:15:57:24 +0000] "GET /item/smoot60736141/ HTTP/1.1" 200 39838 "-" "Mozilla/5.0 (Linux; Android 6.0.1; Nexus 5X Build/MMB29P) AppleWebKit/537.36 (KHTML, like Gecko) Chrome/137.0.7151.103 Mobile Safari/537.36 (compatible; Googlebot/2.1; +http://www.google.com/bot.html)"
66.249.65.197 - - [20/Jul/2025:15:57:28 +0000] "GET /item/siste10677312/ HTTP/1.1" 200 40204 "-" "Mozilla/5.0 (Linux; Android 6.0.1; Nexus 5X Build/MMB29P) AppleWebKit/537.36 (KHTML, like Gecko) Chrome/137.0.7151.103 Mobile Safari/537.36 (compatible; Googlebot/2.1; +http://www.google.com/bot.html)"
66.249.65.197 - - [20/Jul/2025:15:57:31 +0000] "POST /get-message-notify HTTP/1.1" 200 40282 "https://abl.academy/item/siste10677312/" "Mozilla/5.0 (Linux; Android 6.0.1; Nexus 5X Build/MMB29P) AppleWebKit/537.36 (KHTML, like Gecko) Chrome/137.0.7151.119 Mobile Safari/537.36 (compatible; Googlebot/2.1; +http://www.google.com/bot.html)"
66.249.65.198 - - [20/Jul/2025:15:57:32 +0000] "GET /item/capac72471054/ HTTP/1.1" 200 39765 "-" "Mozilla/5.0 (Linux; Android 6.0.1; Nexus 5X Build/MMB29P) AppleWebKit/537.36 (KHTML, like Gecko) Chrome/137.0.7151.103 Mobile Safari/537.36 (compatible; Googlebot/2.1; +http://www.google.com/bot.html)"
66.249.65.197 - - [20/Jul/2025:15:57:36 +0000] "GET /item/pione71180190/ HTTP/1.1" 200 39777 "-" "Mozilla/5.0 (Linux; Android 6.0.1; Nexus 5X Build/MMB29P) AppleWebKit/537.36 (KHTML, like Gecko) Chrome/137.0.7151.103 Mobile Safari/537.36 (compatible; Googlebot/2.1; +http://www.google.com/bot.html)"
66.249.65.197 - - [20/Jul/2025:15:57:39 +0000] "POST /get-message-notify HTTP/1.1" 200 40358 "https://abl.academy/item/pione71180190/" "Mozilla/5.0 (Linux; Android 6.0.1; Nexus 5X Build/MMB29P) AppleWebKit/537.36 (KHTML, like Gecko) Chrome/137.0.7151.119 Mobile Safari/537.36 (compatible; Googlebot/2.1; +http://www.google.com/bot.html)"
66.249.65.197 - - [20/Jul/2025:15:57:40 +0000] "GET /item/winne82716839/ HTTP/1.1" 200 40146 "-" "Mozilla/5.0 (Linux; Android 6.0.1; Nexus 5X Build/MMB29P) AppleWebKit/537.36 (KHTML, like Gecko) Chrome/137.0.7151.103 Mobile Safari/537.36 (compatible; Googlebot/2.1; +http://www.google.com/bot.html)"
66.249.65.197 - - [20/Jul/2025:15:57:45 +0000] "GET /item/hards70139182/ HTTP/1.1" 200 40479 "-" "Mozilla/5.0 (Linux; Android 6.0.1; Nexus 5X Build/MMB29P) AppleWebKit/537.36 (KHTML, like Gecko) Chrome/137.0.7151.103 Mobile Safari/537.36 (compatible; Googlebot/2.1; +http://www.google.com/bot.html)"
66.249.65.198 - - [20/Jul/2025:15:57:47 +0000] "GET /item/evee30999930/ HTTP/1.1" 200 41143 "-" "Mozilla/5.0 (Linux; Android 6.0.1; Nexus 5X Build/MMB29P) AppleWebKit/537.36 (KHTML, like Gecko) Chrome/137.0.7151.103 Mobile Safari/537.36 (compatible; Googlebot/2.1; +http://www.google.com/bot.html)"
66.249.65.198 - - [20/Jul/2025:15:57:49 +0000] "GET /item/unit42244467/ HTTP/1.1" 200 40007 "-" "Mozilla/5.0 (Linux; Android 6.0.1; Nexus 5X Build/MMB29P) AppleWebKit/537.36 (KHTML, like Gecko) Chrome/137.0.7151.103 Mobile Safari/537.36 (compatible; Googlebot/2.1; +http://www.google.com/bot.html)"
66.249.65.198 - - [20/Jul/2025:15:57:53 +0000] "GET /item/bogus60669989/ HTTP/1.1" 200 40627 "-" "Mozilla/5.0 (Linux; Android 6.0.1; Nexus 5X Build/MMB29P) AppleWebKit/537.36 (KHTML, like Gecko) Chrome/137.0.7151.103 Mobile Safari/537.36 (compatible; Googlebot/2.1; +http://www.google.com/bot.html)"
66.249.65.198 - - [20/Jul/2025:15:57:57 +0000] "GET /item/jeer70559846/ HTTP/1.1" 200 40387 "-" "Mozilla/5.0 (Linux; Android 6.0.1; Nexus 5X Build/MMB29P) AppleWebKit/537.36 (KHTML, like Gecko) Chrome/137.0.7151.103 Mobile Safari/537.36 (compatible; Googlebot/2.1; +http://www.google.com/bot.html)"
66.249.65.199 - - [20/Jul/2025:15:58:01 +0000] "GET /item/look61493149/ HTTP/1.1" 200 39773 "-" "Mozilla/5.0 (Linux; Android 6.0.1; Nexus 5X Build/MMB29P) AppleWebKit/537.36 (KHTML, like Gecko) Chrome/137.0.7151.103 Mobile Safari/537.36 (compatible; Googlebot/2.1; +http://www.google.com/bot.html)"
66.249.65.197 - - [20/Jul/2025:15:58:06 +0000] "GET /item/europ42680131/ HTTP/1.1" 200 40261 "-" "Mozilla/5.0 (Linux; Android 6.0.1; Nexus 5X Build/MMB29P) AppleWebKit/537.36 (KHTML, like Gecko) Chrome/137.0.7151.103 Mobile Safari/537.36 (compatible; Googlebot/2.1; +http://www.google.com/bot.html)"
66.249.65.198 - - [20/Jul/2025:15:58:06 +0000] "POST /get-message-notify HTTP/1.1" 200 40304 "https://abl.academy/item/winne82716839/" "Mozilla/5.0 (Linux; Android 6.0.1; Nexus 5X Build/MMB29P) AppleWebKit/537.36 (KHTML, like Gecko) Chrome/137.0.7151.119 Mobile Safari/537.36 (compatible; Googlebot/2.1; +http://www.google.com/bot.html)"
66.249.65.198 - - [20/Jul/2025:15:58:08 +0000] "POST /get-message-notify HTTP/1.1" 200 40286 "https://abl.academy/item/unit42244467/" "Mozilla/5.0 (Linux; Android 6.0.1; Nexus 5X Build/MMB29P) AppleWebKit/537.36 (KHTML, like Gecko) Chrome/137.0.7151.119 Mobile Safari/537.36 (compatible; Googlebot/2.1; +http://www.google.com/bot.html)"
66.249.65.197 - - [20/Jul/2025:15:58:10 +0000] "GET /item/couns20569945/ HTTP/1.1" 200 40050 "-" "Mozilla/5.0 (Linux; Android 6.0.1; Nexus 5X Build/MMB29P) AppleWebKit/537.36 (KHTML, like Gecko) Chrome/137.0.7151.103 Mobile Safari/537.36 (compatible; Googlebot/2.1; +http://www.google.com/bot.html)"
66.249.65.197 - - [20/Jul/2025:15:58:13 +0000] "POST /get-message-notify HTTP/1.1" 200 40375 "https://abl.academy/item/couns20569945/" "Mozilla/5.0 (Linux; Android 6.0.1; Nexus 5X Build/MMB29P) AppleWebKit/537.36 (KHTML, like Gecko) Chrome/137.0.7151.119 Mobile Safari/537.36 (compatible; Googlebot/2.1; +http://www.google.com/bot.html)"
66.249.65.197 - - [20/Jul/2025:15:58:14 +0000] "GET /item/porta10827448/ HTTP/1.1" 200 40064 "-" "Mozilla/5.0 (Linux; Android 6.0.1; Nexus 5X Build/MMB29P) AppleWebKit/537.36 (KHTML, like Gecko) Chrome/137.0.7151.103 Mobile Safari/537.36 (compatible; Googlebot/2.1; +http://www.google.com/bot.html)"
66.249.65.197 - - [20/Jul/2025:15:58:18 +0000] "GET /item/pant62231877/ HTTP/1.1" 200 40819 "-" "Mozilla/5.0 (Linux; Android 6.0.1; Nexus 5X Build/MMB29P) AppleWebKit/537.36 (KHTML, like Gecko) Chrome/137.0.7151.103 Mobile Safari/537.36 (compatible; Googlebot/2.1; +http://www.google.com/bot.html)"
66.249.65.197 - - [20/Jul/2025:15:58:26 +0000] "GET /item/recip12893736/ HTTP/1.1" 200 39773 "-" "Mozilla/5.0 (Linux; Android 6.0.1; Nexus 5X Build/MMB29P) AppleWebKit/537.36 (KHTML, like Gecko) Chrome/137.0.7151.103 Mobile Safari/537.36 (compatible; Googlebot/2.1; +http://www.google.com/bot.html)"
66.249.65.197 - - [20/Jul/2025:15:58:28 +0000] "GET /item/no71645014/ HTTP/1.1" 200 39887 "-" "Mozilla/5.0 (Linux; Android 6.0.1; Nexus 5X Build/MMB29P) AppleWebKit/537.36 (KHTML, like Gecko) Chrome/137.0.7151.103 Mobile Safari/537.36 (compatible; Googlebot/2.1; +http://www.google.com/bot.html)"
66.249.65.197 - - [20/Jul/2025:15:58:30 +0000] "POST /get-message-notify HTTP/1.1" 200 40335 "https://abl.academy/item/no71645014/" "Mozilla/5.0 (Linux; Android 6.0.1; Nexus 5X Build/MMB29P) AppleWebKit/537.36 (KHTML, like Gecko) Chrome/137.0.7151.119 Mobile Safari/537.36 (compatible; Googlebot/2.1; +http://www.google.com/bot.html)"
66.249.65.197 - - [20/Jul/2025:15:58:31 +0000] "GET /item/deduc51595524/ HTTP/1.1" 200 39929 "-" "Mozilla/5.0 (Linux; Android 6.0.1; Nexus 5X Build/MMB29P) AppleWebKit/537.36 (KHTML, like Gecko) Chrome/137.0.7151.103 Mobile Safari/537.36 (compatible; Googlebot/2.1; +http://www.google.com/bot.html)"
66.249.65.197 - - [20/Jul/2025:15:58:35 +0000] "GET /item/gain50307252/ HTTP/1.1" 200 40193 "-" "Mozilla/5.0 (Linux; Android 6.0.1; Nexus 5X Build/MMB29P) AppleWebKit/537.36 (KHTML, like Gecko) Chrome/137.0.7151.103 Mobile Safari/537.36 (compatible; Googlebot/2.1; +http://www.google.com/bot.html)"
209.74.77.214 - - [20/Jul/2025:15:58:39 +0000] "POST /wp-cron.php?doing_wp_cron=1753027119.3697819709777832031250 HTTP/1.1" 200 - "-" "WordPress/6.8.2; https://abl.academy"
20.15.133.191 - - [20/Jul/2025:15:58:39 +0000] "GET /item/seven40376147/ HTTP/1.1" 404 9551 "-" "Mozilla/5.0 AppleWebKit/537.36 (KHTML, like Gecko; compatible; bingbot/2.0; +http://www.bing.com/bingbot.htm) Chrome/116.0.1938.76 Safari/537.36"
66.249.65.198 - - [20/Jul/2025:15:58:39 +0000] "GET /item/piece50140044/ HTTP/1.1" 200 40265 "-" "Mozilla/5.0 (Linux; Android 6.0.1; Nexus 5X Build/MMB29P) AppleWebKit/537.36 (KHTML, like Gecko) Chrome/137.0.7151.103 Mobile Safari/537.36 (compatible; Googlebot/2.1; +http://www.google.com/bot.html)"
66.249.65.197 - - [20/Jul/2025:15:58:43 +0000] "GET /item/glove10228184/ HTTP/1.1" 200 40337 "-" "Mozilla/5.0 (Linux; Android 6.0.1; Nexus 5X Build/MMB29P) AppleWebKit/537.36 (KHTML, like Gecko) Chrome/137.0.7151.103 Mobile Safari/537.36 (compatible; Googlebot/2.1; +http://www.google.com/bot.html)"
66.249.65.198 - - [20/Jul/2025:15:58:46 +0000] "POST /get-message-notify HTTP/1.1" 200 40276 "https://abl.academy/item/deduc51595524/" "Mozilla/5.0 (Linux; Android 6.0.1; Nexus 5X Build/MMB29P) AppleWebKit/537.36 (KHTML, like Gecko) Chrome/137.0.7151.119 Mobile Safari/537.36 (compatible; Googlebot/2.1; +http://www.google.com/bot.html)"
66.249.65.197 - - [20/Jul/2025:15:58:47 +0000] "GET /item/accel22722449/ HTTP/1.1" 200 40369 "-" "Mozilla/5.0 (Linux; Android 6.0.1; Nexus 5X Build/MMB29P) AppleWebKit/537.36 (KHTML, like Gecko) Chrome/137.0.7151.103 Mobile Safari/537.36 (compatible; Googlebot/2.1; +http://www.google.com/bot.html)"
66.249.65.198 - - [20/Jul/2025:15:58:52 +0000] "GET /item/funny50324484/ HTTP/1.1" 200 39766 "-" "Mozilla/5.0 (Linux; Android 6.0.1; Nexus 5X Build/MMB29P) AppleWebKit/537.36 (KHTML, like Gecko) Chrome/137.0.7151.103 Mobile Safari/537.36 (compatible; Googlebot/2.1; +http://www.google.com/bot.html)"
66.249.65.198 - - [20/Jul/2025:15:58:54 +0000] "POST /get-message-notify HTTP/1.1" 200 40262 "https://abl.academy/item/hards70139182/" "Mozilla/5.0 (Linux; Android 6.0.1; Nexus 5X Build/MMB29P) AppleWebKit/537.36 (KHTML, like Gecko) Chrome/137.0.7151.119 Mobile Safari/537.36 (compatible; Googlebot/2.1; +http://www.google.com/bot.html)"
66.249.65.197 - - [20/Jul/2025:15:58:56 +0000] "GET /item/scrub30659986/ HTTP/1.1" 200 40379 "-" "Mozilla/5.0 (Linux; Android 6.0.1; Nexus 5X Build/MMB29P) AppleWebKit/537.36 (KHTML, like Gecko) Chrome/137.0.7151.103 Mobile Safari/537.36 (compatible; Googlebot/2.1; +http://www.google.com/bot.html)"
66.249.65.198 - - [20/Jul/2025:15:59:00 +0000] "GET /item/accum32894386/ HTTP/1.1" 200 39994 "-" "Mozilla/5.0 (Linux; Android 6.0.1; Nexus 5X Build/MMB29P) AppleWebKit/537.36 (KHTML, like Gecko) Chrome/137.0.7151.103 Mobile Safari/537.36 (compatible; Googlebot/2.1; +http://www.google.com/bot.html)"
66.249.65.198 - - [20/Jul/2025:15:59:06 +0000] "GET /item/or30692498/ HTTP/1.1" 200 40425 "-" "Mozilla/5.0 (Linux; Android 6.0.1; Nexus 5X Build/MMB29P) AppleWebKit/537.36 (KHTML, like Gecko) Chrome/137.0.7151.103 Mobile Safari/537.36 (compatible; Googlebot/2.1; +http://www.google.com/bot.html)"
66.249.65.198 - - [20/Jul/2025:15:59:07 +0000] "GET /item/plung40078779/ HTTP/1.1" 200 39918 "-" "Mozilla/5.0 (Linux; Android 6.0.1; Nexus 5X Build/MMB29P) AppleWebKit/537.36 (KHTML, like Gecko) Chrome/137.0.7151.103 Mobile Safari/537.36 (compatible; Googlebot/2.1; +http://www.google.com/bot.html)"
66.249.65.198 - - [20/Jul/2025:15:59:08 +0000] "POST /get-message-notify HTTP/1.1" 200 40366 "https://abl.academy/item/stage21993449/" "Mozilla/5.0 (Linux; Android 6.0.1; Nexus 5X Build/MMB29P) AppleWebKit/537.36 (KHTML, like Gecko) Chrome/137.0.7151.119 Mobile Safari/537.36 (compatible; Googlebot/2.1; +http://www.google.com/bot.html)"
66.249.65.197 - - [20/Jul/2025:15:59:11 +0000] "POST /get-message-notify HTTP/1.1" 200 40348 "https://abl.academy/item/or30692498/" "Mozilla/5.0 (Linux; Android 6.0.1; Nexus 5X Build/MMB29P) AppleWebKit/537.36 (KHTML, like Gecko) Chrome/137.0.7151.119 Mobile Safari/537.36 (compatible; Googlebot/2.1; +http://www.google.com/bot.html)"
66.249.65.197 - - [20/Jul/2025:15:59:12 +0000] "GET /item/alpha11039312/ HTTP/1.1" 200 39967 "-" "Mozilla/5.0 (Linux; Android 6.0.1; Nexus 5X Build/MMB29P) AppleWebKit/537.36 (KHTML, like Gecko) Chrome/137.0.7151.103 Mobile Safari/537.36 (compatible; Googlebot/2.1; +http://www.google.com/bot.html)"
66.249.65.197 - - [20/Jul/2025:15:59:14 +0000] "GET /item/freez41069747/ HTTP/1.1" 200 40116 "-" "Mozilla/5.0 (Linux; Android 6.0.1; Nexus 5X Build/MMB29P) AppleWebKit/537.36 (KHTML, like Gecko) Chrome/137.0.7151.103 Mobile Safari/537.36 (compatible; Googlebot/2.1; +http://www.google.com/bot.html)"
66.249.65.197 - - [20/Jul/2025:15:59:15 +0000] "POST /get-message-notify HTTP/1.1" 200 40280 "https://abl.academy/item/plung40078779/" "Mozilla/5.0 (Linux; Android 6.0.1; Nexus 5X Build/MMB29P) AppleWebKit/537.36 (KHTML, like Gecko) Chrome/137.0.7151.119 Mobile Safari/537.36 (compatible; Googlebot/2.1; +http://www.google.com/bot.html)"
66.249.65.197 - - [20/Jul/2025:15:59:20 +0000] "GET /item/past10836456/ HTTP/1.1" 200 40210 "-" "Mozilla/5.0 (Linux; Android 6.0.1; Nexus 5X Build/MMB29P) AppleWebKit/537.36 (KHTML, like Gecko) Chrome/137.0.7151.103 Mobile Safari/537.36 (compatible; Googlebot/2.1; +http://www.google.com/bot.html)"
66.249.65.197 - - [20/Jul/2025:15:59:22 +0000] "POST /get-message-notify HTTP/1.1" 200 40344 "https://abl.academy/item/accel22722449/" "Mozilla/5.0 (Linux; Android 6.0.1; Nexus 5X Build/MMB29P) AppleWebKit/537.36 (KHTML, like Gecko) Chrome/137.0.7151.119 Mobile Safari/537.36 (compatible; Googlebot/2.1; +http://www.google.com/bot.html)"
66.249.65.197 - - [20/Jul/2025:15:59:22 +0000] "GET /item/opera80676871/ HTTP/1.1" 200 40415 "-" "Mozilla/5.0 (Linux; Android 6.0.1; Nexus 5X Build/MMB29P) AppleWebKit/537.36 (KHTML, like Gecko) Chrome/137.0.7151.103 Mobile Safari/537.36 (compatible; Googlebot/2.1; +http://www.google.com/bot.html)"
66.249.65.198 - - [20/Jul/2025:15:59:25 +0000] "GET /item/ray82803615/ HTTP/1.1" 200 40317 "-" "Mozilla/5.0 (Linux; Android 6.0.1; Nexus 5X Build/MMB29P) AppleWebKit/537.36 (KHTML, like Gecko) Chrome/137.0.7151.103 Mobile Safari/537.36 (compatible; Googlebot/2.1; +http://www.google.com/bot.html)"
66.249.65.198 - - [20/Jul/2025:15:59:26 +0000] "POST /get-message-notify HTTP/1.1" 200 40296 "https://abl.academy/item/alpha11039312/" "Mozilla/5.0 (Linux; Android 6.0.1; Nexus 5X Build/MMB29P) AppleWebKit/537.36 (KHTML, like Gecko) Chrome/137.0.7151.119 Mobile Safari/537.36 (compatible; Googlebot/2.1; +http://www.google.com/bot.html)"
66.249.65.197 - - [20/Jul/2025:15:59:29 +0000] "POST /get-message-notify HTTP/1.1" 200 40453 "https://abl.academy/item/ray82803615/" "Mozilla/5.0 (Linux; Android 6.0.1; Nexus 5X Build/MMB29P) AppleWebKit/537.36 (KHTML, like Gecko) Chrome/137.0.7151.119 Mobile Safari/537.36 (compatible; Googlebot/2.1; +http://www.google.com/bot.html)"
66.249.65.198 - - [20/Jul/2025:15:59:29 +0000] "GET /item/grip72499598/ HTTP/1.1" 200 40263 "-" "Mozilla/5.0 (Linux; Android 6.0.1; Nexus 5X Build/MMB29P) AppleWebKit/537.36 (KHTML, like Gecko) Chrome/137.0.7151.103 Mobile Safari/537.36 (compatible; Googlebot/2.1; +http://www.google.com/bot.html)"
66.249.65.198 - - [20/Jul/2025:15:59:31 +0000] "POST /get-message-notify HTTP/1.1" 200 40375 "https://abl.academy/item/opera80676871/" "Mozilla/5.0 (Linux; Android 6.0.1; Nexus 5X Build/MMB29P) AppleWebKit/537.36 (KHTML, like Gecko) Chrome/137.0.7151.119 Mobile Safari/537.36 (compatible; Googlebot/2.1; +http://www.google.com/bot.html)"
66.249.65.198 - - [20/Jul/2025:15:59:34 +0000] "GET /item/centr72156118/ HTTP/1.1" 200 39577 "-" "Mozilla/5.0 (Linux; Android 6.0.1; Nexus 5X Build/MMB29P) AppleWebKit/537.36 (KHTML, like Gecko) Chrome/137.0.7151.103 Mobile Safari/537.36 (compatible; Googlebot/2.1; +http://www.google.com/bot.html)"
66.249.65.197 - - [20/Jul/2025:15:59:38 +0000] "GET /item/swell80823591/ HTTP/1.1" 200 40230 "-" "Mozilla/5.0 (Linux; Android 6.0.1; Nexus 5X Build/MMB29P) AppleWebKit/537.36 (KHTML, like Gecko) Chrome/137.0.7151.103 Mobile Safari/537.36 (compatible; Googlebot/2.1; +http://www.google.com/bot.html)"
66.249.65.198 - - [20/Jul/2025:15:59:42 +0000] "GET /item/playe70925806/ HTTP/1.1" 200 40225 "-" "Mozilla/5.0 (Linux; Android 6.0.1; Nexus 5X Build/MMB29P) AppleWebKit/537.36 (KHTML, like Gecko) Chrome/137.0.7151.103 Mobile Safari/537.36 (compatible; Googlebot/2.1; +http://www.google.com/bot.html)"
66.249.65.198 - - [20/Jul/2025:15:59:46 +0000] "GET /item/meld40695859/ HTTP/1.1" 200 39710 "-" "Mozilla/5.0 (Linux; Android 6.0.1; Nexus 5X Build/MMB29P) AppleWebKit/537.36 (KHTML, like Gecko) Chrome/137.0.7151.103 Mobile Safari/537.36 (compatible; Googlebot/2.1; +http://www.google.com/bot.html)"
66.249.65.198 - - [20/Jul/2025:15:59:53 +0000] "GET /item/wind10844296/ HTTP/1.1" 200 39912 "-" "Mozilla/5.0 (Linux; Android 6.0.1; Nexus 5X Build/MMB29P) AppleWebKit/537.36 (KHTML, like Gecko) Chrome/137.0.7151.103 Mobile Safari/537.36 (compatible; Googlebot/2.1; +http://www.google.com/bot.html)"
66.249.65.198 - - [20/Jul/2025:15:59:55 +0000] "GET /item/offen61953381/ HTTP/1.1" 200 41478 "-" "Mozilla/5.0 (Linux; Android 6.0.1; Nexus 5X Build/MMB29P) AppleWebKit/537.36 (KHTML, like Gecko) Chrome/137.0.7151.103 Mobile Safari/537.36 (compatible; Googlebot/2.1; +http://www.google.com/bot.html)"
66.249.65.197 - - [20/Jul/2025:15:59:57 +0000] "POST /get-message-notify HTTP/1.1" 200 40362 "https://abl.academy/item/wind10844296/" "Mozilla/5.0 (Linux; Android 6.0.1; Nexus 5X Build/MMB29P) AppleWebKit/537.36 (KHTML, like Gecko) Chrome/137.0.7151.119 Mobile Safari/537.36 (compatible; Googlebot/2.1; +http://www.google.com/bot.html)"
66.249.65.198 - - [20/Jul/2025:15:59:59 +0000] "GET /item/cruci32901818/ HTTP/1.1" 200 40006 "-" "Mozilla/5.0 (Linux; Android 6.0.1; Nexus 5X Build/MMB29P) AppleWebKit/537.36 (KHTML, like Gecko) Chrome/137.0.7151.103 Mobile Safari/537.36 (compatible; Googlebot/2.1; +http://www.google.com/bot.html)"
66.249.65.197 - - [20/Jul/2025:16:00:03 +0000] "GET /item/anniv41031739/ HTTP/1.1" 200 39925 "-" "Mozilla/5.0 (Linux; Android 6.0.1; Nexus 5X Build/MMB29P) AppleWebKit/537.36 (KHTML, like Gecko) Chrome/137.0.7151.103 Mobile Safari/537.36 (compatible; Googlebot/2.1; +http://www.google.com/bot.html)"
66.249.65.198 - - [20/Jul/2025:16:00:05 +0000] "POST /get-message-notify HTTP/1.1" 200 40223 "https://abl.academy/item/anniv41031739/" "Mozilla/5.0 (Linux; Android 6.0.1; Nexus 5X Build/MMB29P) AppleWebKit/537.36 (KHTML, like Gecko) Chrome/137.0.7151.119 Mobile Safari/537.36 (compatible; Googlebot/2.1; +http://www.google.com/bot.html)"
66.249.65.197 - - [20/Jul/2025:16:00:07 +0000] "GET /item/willi21663545/ HTTP/1.1" 200 39721 "-" "Mozilla/5.0 (Linux; Android 6.0.1; Nexus 5X Build/MMB29P) AppleWebKit/537.36 (KHTML, like Gecko) Chrome/137.0.7151.103 Mobile Safari/537.36 (compatible; Googlebot/2.1; +http://www.google.com/bot.html)"
66.249.65.197 - - [20/Jul/2025:16:00:09 +0000] "POST /get-message-notify HTTP/1.1" 200 40358 "https://abl.academy/item/willi21663545/" "Mozilla/5.0 (Linux; Android 6.0.1; Nexus 5X Build/MMB29P) AppleWebKit/537.36 (KHTML, like Gecko) Chrome/137.0.7151.119 Mobile Safari/537.36 (compatible; Googlebot/2.1; +http://www.google.com/bot.html)"
66.249.65.197 - - [20/Jul/2025:16:00:11 +0000] "GET /item/trick12267120/ HTTP/1.1" 200 39851 "-" "Mozilla/5.0 (Linux; Android 6.0.1; Nexus 5X Build/MMB29P) AppleWebKit/537.36 (KHTML, like Gecko) Chrome/137.0.7151.103 Mobile Safari/537.36 (compatible; Googlebot/2.1; +http://www.google.com/bot.html)"
66.249.65.197 - - [20/Jul/2025:16:00:13 +0000] "POST /get-message-notify HTTP/1.1" 200 40357 "https://abl.academy/item/swell80823591/" "Mozilla/5.0 (Linux; Android 6.0.1; Nexus 5X Build/MMB29P) AppleWebKit/537.36 (KHTML, like Gecko) Chrome/137.0.7151.119 Mobile Safari/537.36 (compatible; Googlebot/2.1; +http://www.google.com/bot.html)"
66.249.65.197 - - [20/Jul/2025:16:00:14 +0000] "POST /get-message-notify HTTP/1.1" 200 40397 "https://abl.academy/item/trick12267120/" "Mozilla/5.0 (Linux; Android 6.0.1; Nexus 5X Build/MMB29P) AppleWebKit/537.36 (KHTML, like Gecko) Chrome/137.0.7151.119 Mobile Safari/537.36 (compatible; Googlebot/2.1; +http://www.google.com/bot.html)"
66.249.65.197 - - [20/Jul/2025:16:00:19 +0000] "GET /item/outsi82052255/ HTTP/1.1" 200 41014 "-" "Mozilla/5.0 (Linux; Android 6.0.1; Nexus 5X Build/MMB29P) AppleWebKit/537.36 (KHTML, like Gecko) Chrome/137.0.7151.103 Mobile Safari/537.36 (compatible; Googlebot/2.1; +http://www.google.com/bot.html)"
66.249.65.197 - - [20/Jul/2025:16:00:24 +0000] "GET /item/execu52354476/ HTTP/1.1" 200 39954 "-" "Mozilla/5.0 (Linux; Android 6.0.1; Nexus 5X Build/MMB29P) AppleWebKit/537.36 (KHTML, like Gecko) Chrome/137.0.7151.103 Mobile Safari/537.36 (compatible; Googlebot/2.1; +http://www.google.com/bot.html)"
66.249.65.197 - - [20/Jul/2025:16:00:28 +0000] "GET /item/coura42569011/ HTTP/1.1" 200 40022 "-" "Mozilla/5.0 (Linux; Android 6.0.1; Nexus 5X Build/MMB29P) AppleWebKit/537.36 (KHTML, like Gecko) Chrome/137.0.7151.103 Mobile Safari/537.36 (compatible; Googlebot/2.1; +http://www.google.com/bot.html)"
66.249.65.197 - - [20/Jul/2025:16:00:30 +0000] "GET /item/cute61669517/ HTTP/1.1" 200 39834 "-" "Mozilla/5.0 (Linux; Android 6.0.1; Nexus 5X Build/MMB29P) AppleWebKit/537.36 (KHTML, like Gecko) Chrome/137.0.7151.103 Mobile Safari/537.36 (compatible; Googlebot/2.1; +http://www.google.com/bot.html)"
66.249.65.197 - - [20/Jul/2025:16:00:32 +0000] "GET /item/sent62143917/ HTTP/1.1" 200 40064 "-" "Mozilla/5.0 (Linux; Android 6.0.1; Nexus 5X Build/MMB29P) AppleWebKit/537.36 (KHTML, like Gecko) Chrome/137.0.7151.103 Mobile Safari/537.36 (compatible; Googlebot/2.1; +http://www.google.com/bot.html)"
66.249.65.197 - - [20/Jul/2025:16:00:34 +0000] "GET /item/much31805546/ HTTP/1.1" 200 40435 "-" "Mozilla/5.0 (Linux; Android 6.0.1; Nexus 5X Build/MMB29P) AppleWebKit/537.36 (KHTML, like Gecko) Chrome/137.0.7151.103 Mobile Safari/537.36 (compatible; Googlebot/2.1; +http://www.google.com/bot.html)"
66.249.65.197 - - [20/Jul/2025:16:00:37 +0000] "GET /item/arm31160298/ HTTP/1.1" 200 40056 "-" "Mozilla/5.0 (Linux; Android 6.0.1; Nexus 5X Build/MMB29P) AppleWebKit/537.36 (KHTML, like Gecko) Chrome/137.0.7151.103 Mobile Safari/537.36 (compatible; Googlebot/2.1; +http://www.google.com/bot.html)"
66.249.65.198 - - [20/Jul/2025:16:00:41 +0000] "GET /item/engli52480228/ HTTP/1.1" 200 40120 "-" "Mozilla/5.0 (Linux; Android 6.0.1; Nexus 5X Build/MMB29P) AppleWebKit/537.36 (KHTML, like Gecko) Chrome/137.0.7151.103 Mobile Safari/537.36 (compatible; Googlebot/2.1; +http://www.google.com/bot.html)"
66.249.65.198 - - [20/Jul/2025:16:00:41 +0000] "POST /get-message-notify HTTP/1.1" 200 40404 "https://abl.academy/item/cute61669517/" "Mozilla/5.0 (Linux; Android 6.0.1; Nexus 5X Build/MMB29P) AppleWebKit/537.36 (KHTML, like Gecko) Chrome/137.0.7151.119 Mobile Safari/537.36 (compatible; Googlebot/2.1; +http://www.google.com/bot.html)"
