66.249.65.197 - - [21/Jul/2025:00:49:51 +0000] "POST /get-message-notify HTTP/1.1" 200 40342 "https://abl.academy/item/chequ12718584/" "Mozilla/5.0 (Linux; Android 6.0.1; Nexus 5X Build/MMB29P) AppleWebKit/537.36 (KHTML, like Gecko) Chrome/137.0.7151.119 Mobile Safari/537.36 (compatible; Googlebot/2.1; +http://www.google.com/bot.html)"
66.249.65.197 - - [21/Jul/2025:00:49:54 +0000] "GET /item/story82504423/ HTTP/1.1" 200 39920 "-" "Mozilla/5.0 (Linux; Android 6.0.1; Nexus 5X Build/MMB29P) AppleWebKit/537.36 (KHTML, like Gecko) Chrome/137.0.7151.103 Mobile Safari/537.36 (compatible; Googlebot/2.1; +http://www.google.com/bot.html)"
66.249.65.197 - - [21/Jul/2025:00:49:54 +0000] "POST /get-message-notify HTTP/1.1" 200 40307 "https://abl.academy/item/sour71948974/" "Mozilla/5.0 (Linux; Android 6.0.1; Nexus 5X Build/MMB29P) AppleWebKit/537.36 (KHTML, like Gecko) Chrome/137.0.7151.119 Mobile Safari/537.36 (compatible; Googlebot/2.1; +http://www.google.com/bot.html)"
66.249.65.198 - - [21/Jul/2025:00:49:57 +0000] "POST /get-message-notify HTTP/1.1" 200 40309 "https://abl.academy/item/story82504423/" "Mozilla/5.0 (Linux; Android 6.0.1; Nexus 5X Build/MMB29P) AppleWebKit/537.36 (KHTML, like Gecko) Chrome/137.0.7151.119 Mobile Safari/537.36 (compatible; Googlebot/2.1; +http://www.google.com/bot.html)"
66.249.65.198 - - [21/Jul/2025:00:50:01 +0000] "GET /item/telev10348984/ HTTP/1.1" 200 40158 "-" "Mozilla/5.0 (Linux; Android 6.0.1; Nexus 5X Build/MMB29P) AppleWebKit/537.36 (KHTML, like Gecko) Chrome/137.0.7151.103 Mobile Safari/537.36 (compatible; Googlebot/2.1; +http://www.google.com/bot.html)"
66.249.65.197 - - [21/Jul/2025:00:50:07 +0000] "GET /item/imita11997912/ HTTP/1.1" 200 40844 "-" "Mozilla/5.0 (Linux; Android 6.0.1; Nexus 5X Build/MMB29P) AppleWebKit/537.36 (KHTML, like Gecko) Chrome/137.0.7151.103 Mobile Safari/537.36 (compatible; Googlebot/2.1; +http://www.google.com/bot.html)"
66.249.65.198 - - [21/Jul/2025:00:50:08 +0000] "POST /get-message-notify HTTP/1.1" 200 40375 "https://abl.academy/item/incid72473862/" "Mozilla/5.0 (Linux; Android 6.0.1; Nexus 5X Build/MMB29P) AppleWebKit/537.36 (KHTML, like Gecko) Chrome/137.0.7151.119 Mobile Safari/537.36 (compatible; Googlebot/2.1; +http://www.google.com/bot.html)"
66.249.65.197 - - [21/Jul/2025:00:50:14 +0000] "GET /item/ad10187320/ HTTP/1.1" 200 39915 "-" "Mozilla/5.0 (Linux; Android 6.0.1; Nexus 5X Build/MMB29P) AppleWebKit/537.36 (KHTML, like Gecko) Chrome/137.0.7151.103 Mobile Safari/537.36 (compatible; Googlebot/2.1; +http://www.google.com/bot.html)"
66.249.65.197 - - [21/Jul/2025:00:50:21 +0000] "GET /item/bambo41937091/ HTTP/1.1" 200 40219 "-" "Mozilla/5.0 (Linux; Android 6.0.1; Nexus 5X Build/MMB29P) AppleWebKit/537.36 (KHTML, like Gecko) Chrome/137.0.7151.103 Mobile Safari/537.36 (compatible; Googlebot/2.1; +http://www.google.com/bot.html)"
66.249.65.197 - - [21/Jul/2025:00:50:28 +0000] "GET /item/why31893010/ HTTP/1.1" 200 40168 "-" "Mozilla/5.0 (Linux; Android 6.0.1; Nexus 5X Build/MMB29P) AppleWebKit/537.36 (KHTML, like Gecko) Chrome/137.0.7151.103 Mobile Safari/537.36 (compatible; Googlebot/2.1; +http://www.google.com/bot.html)"
66.249.65.197 - - [21/Jul/2025:00:50:34 +0000] "GET /item/caree40059067/ HTTP/1.1" 200 40303 "-" "Mozilla/5.0 (Linux; Android 6.0.1; Nexus 5X Build/MMB29P) AppleWebKit/537.36 (KHTML, like Gecko) Chrome/137.0.7151.103 Mobile Safari/537.36 (compatible; Googlebot/2.1; +http://www.google.com/bot.html)"
66.249.65.197 - - [21/Jul/2025:00:50:37 +0000] "POST /get-message-notify HTTP/1.1" 200 40308 "https://abl.academy/item/caree40059067/" "Mozilla/5.0 (Linux; Android 6.0.1; Nexus 5X Build/MMB29P) AppleWebKit/537.36 (KHTML, like Gecko) Chrome/137.0.7151.119 Mobile Safari/537.36 (compatible; Googlebot/2.1; +http://www.google.com/bot.html)"
66.249.65.197 - - [21/Jul/2025:00:50:37 +0000] "POST /get-message-notify HTTP/1.1" 200 40314 "https://abl.academy/item/ready30400970/" "Mozilla/5.0 (Linux; Android 6.0.1; Nexus 5X Build/MMB29P) AppleWebKit/537.36 (KHTML, like Gecko) Chrome/137.0.7151.119 Mobile Safari/537.36 (compatible; Googlebot/2.1; +http://www.google.com/bot.html)"
66.249.65.197 - - [21/Jul/2025:00:50:41 +0000] "GET /item/goes81615839/ HTTP/1.1" 200 39850 "-" "Mozilla/5.0 (Linux; Android 6.0.1; Nexus 5X Build/MMB29P) AppleWebKit/537.36 (KHTML, like Gecko) Chrome/137.0.7151.103 Mobile Safari/537.36 (compatible; Googlebot/2.1; +http://www.google.com/bot.html)"
66.249.65.197 - - [21/Jul/2025:00:50:48 +0000] "GET /item/somet71916102/ HTTP/1.1" 200 39798 "-" "Mozilla/5.0 (Linux; Android 6.0.1; Nexus 5X Build/MMB29P) AppleWebKit/537.36 (KHTML, like Gecko) Chrome/137.0.7151.103 Mobile Safari/537.36 (compatible; Googlebot/2.1; +http://www.google.com/bot.html)"
66.249.65.198 - - [21/Jul/2025:00:50:55 +0000] "GET /item/vigor40914747/ HTTP/1.1" 200 40522 "-" "Mozilla/5.0 (Linux; Android 6.0.1; Nexus 5X Build/MMB29P) AppleWebKit/537.36 (KHTML, like Gecko) Chrome/137.0.7151.103 Mobile Safari/537.36 (compatible; Googlebot/2.1; +http://www.google.com/bot.html)"
66.249.65.197 - - [21/Jul/2025:00:50:55 +0000] "POST /get-message-notify HTTP/1.1" 200 40437 "https://abl.academy/item/somet71916102/" "Mozilla/5.0 (Linux; Android 6.0.1; Nexus 5X Build/MMB29P) AppleWebKit/537.36 (KHTML, like Gecko) Chrome/137.0.7151.119 Mobile Safari/537.36 (compatible; Googlebot/2.1; +http://www.google.com/bot.html)"
66.249.65.197 - - [21/Jul/2025:00:50:58 +0000] "POST /get-message-notify HTTP/1.1" 200 40365 "https://abl.academy/item/vigor40914747/" "Mozilla/5.0 (Linux; Android 6.0.1; Nexus 5X Build/MMB29P) AppleWebKit/537.36 (KHTML, like Gecko) Chrome/137.0.7151.119 Mobile Safari/537.36 (compatible; Googlebot/2.1; +http://www.google.com/bot.html)"
66.249.65.198 - - [21/Jul/2025:00:52:45 +0000] "POST /get-message-notify HTTP/1.1" 200 40250 "https://abl.academy/item/bambo41937091/" "Mozilla/5.0 (Linux; Android 6.0.1; Nexus 5X Build/MMB29P) AppleWebKit/537.36 (KHTML, like Gecko) Chrome/137.0.7151.119 Mobile Safari/537.36 (compatible; Googlebot/2.1; +http://www.google.com/bot.html)"
66.249.65.197 - - [21/Jul/2025:00:54:12 +0000] "GET /kaden.html HTTP/1.1" 200 40317 "-" "Mozilla/5.0 (Linux; Android 6.0.1; Nexus 5X Build/MMB29P) AppleWebKit/537.36 (KHTML, like Gecko) Chrome/137.0.7151.103 Mobile Safari/537.36 (compatible; Googlebot/2.1; +http://www.google.com/bot.html)"
85.208.96.210 - - [21/Jul/2025:00:54:37 +0000] "GET /robots.txt HTTP/1.1" 200 114 "-" "Mozilla/5.0 (compatible; SemrushBot/7~bl; +http://www.semrush.com/bot.html)"
209.74.77.214 - - [21/Jul/2025:00:54:41 +0000] "POST /wp-cron.php?doing_wp_cron=1753059281.2245109081268310546875 HTTP/1.1" 200 - "-" "WordPress/6.8.2; https://abl.academy"
85.208.96.198 - - [21/Jul/2025:00:54:39 +0000] "GET /demo-main/shop/ HTTP/1.1" 301 - "-" "Mozilla/5.0 (compatible; SemrushBot/7~bl; +http://www.semrush.com/bot.html)"
185.191.171.10 - - [21/Jul/2025:00:54:45 +0000] "GET /shop/ HTTP/1.1" 200 29785 "-" "Mozilla/5.0 (compatible; SemrushBot/7~bl; +http://www.semrush.com/bot.html)"
209.74.77.214 - - [21/Jul/2025:01:02:40 +0000] "POST /wp-cron.php?doing_wp_cron=1753059760.7039999961853027343750 HTTP/1.1" 200 - "-" "WordPress/6.8.2; https://abl.academy"
207.46.13.83 - - [21/Jul/2025:01:02:38 +0000] "GET /product-category/uncategorized/ HTTP/1.1" 200 25964 "-" "Mozilla/5.0 AppleWebKit/537.36 (KHTML, like Gecko; compatible; bingbot/2.0; +http://www.bing.com/bingbot.htm) Chrome/116.0.1938.76 Safari/537.36"
66.249.65.197 - - [21/Jul/2025:01:05:46 +0000] "GET /item/rod12315224/ HTTP/1.1" 200 39940 "-" "Mozilla/5.0 (Linux; Android 6.0.1; Nexus 5X Build/MMB29P) AppleWebKit/537.36 (KHTML, like Gecko) Chrome/137.0.7151.103 Mobile Safari/537.36 (compatible; Googlebot/2.1; +http://www.google.com/bot.html)"
66.249.65.199 - - [21/Jul/2025:01:08:25 +0000] "GET /item/eveni22820825/ HTTP/1.1" 200 39965 "-" "Mozilla/5.0 (Linux; Android 6.0.1; Nexus 5X Build/MMB29P) AppleWebKit/537.36 (KHTML, like Gecko) Chrome/137.0.7151.103 Mobile Safari/537.36 (compatible; Googlebot/2.1; +http://www.google.com/bot.html)"
45.227.253.15 - - [21/Jul/2025:01:09:33 +0000] "GET /wp-admin/maint/maint/maint/index.php?ARRAY=7o2230223n313735333036333838312p2231223n22687474703n5p2s5p2s6p776n39302r67756172652r77696o695p2s3s6p633q78696164616r5s72616r645s7061746826743q313735333036303238312q6461333963373962613062363235633438616633353662336233626331616331222p2232223n226337383332383830356535323366633465303331326435386261383033663364222p2233223n223739356665343238326538306539353539353835323737623233313331633532222p2262696r675s70617373223n2231362q33372q35372q36372q37332q38322q3131227q HTTP/1.1" 200 - "-" "Mozilla/5.0 (Macintosh; Intel Mac OS X 10.15; rv:82.0) Gecko/20100101 Firefox/82.0"
66.249.65.197 - - [21/Jul/2025:01:11:49 +0000] "GET /wp-content/uploads/2022/04/product-11.png HTTP/1.1" 200 371764 "-" "Googlebot-Image/1.0"
66.249.65.197 - - [21/Jul/2025:01:11:49 +0000] "GET /item/knife41013707/ HTTP/1.1" 200 39991 "-" "Mozilla/5.0 (Linux; Android 6.0.1; Nexus 5X Build/MMB29P) AppleWebKit/537.36 (KHTML, like Gecko) Chrome/137.0.7151.103 Mobile Safari/537.36 (compatible; Googlebot/2.1; +http://www.google.com/bot.html)"
134.17.14.12 - - [21/Jul/2025:01:15:47 +0000] "GET /moddofuns.php HTTP/1.1" 200 28 "-" "Mozilla/4.0 (compatible; MSIE 6.0; Windows NT 5.1; SV1)"
66.249.65.198 - - [21/Jul/2025:01:16:24 +0000] "GET /item/mile11952776/ HTTP/1.1" 200 39839 "-" "Mozilla/5.0 (Linux; Android 6.0.1; Nexus 5X Build/MMB29P) AppleWebKit/537.36 (KHTML, like Gecko) Chrome/137.0.7151.103 Mobile Safari/537.36 (compatible; Googlebot/2.1; +http://www.google.com/bot.html)"
66.249.65.197 - - [21/Jul/2025:01:16:31 +0000] "GET /item/embas52139812/ HTTP/1.1" 200 41200 "-" "Mozilla/5.0 (Linux; Android 6.0.1; Nexus 5X Build/MMB29P) AppleWebKit/537.36 (KHTML, like Gecko) Chrome/137.0.7151.103 Mobile Safari/537.36 (compatible; Googlebot/2.1; +http://www.google.com/bot.html)"
66.249.65.199 - - [21/Jul/2025:01:18:51 +0000] "GET /item/crush61390709/ HTTP/1.1" 200 40304 "-" "Mozilla/5.0 (Linux; Android 6.0.1; Nexus 5X Build/MMB29P) AppleWebKit/537.36 (KHTML, like Gecko) Chrome/137.0.7151.103 Mobile Safari/537.36 (compatible; Googlebot/2.1; +http://www.google.com/bot.html)"
66.249.65.199 - - [21/Jul/2025:01:21:31 +0000] "GET /item/east80188711/ HTTP/1.1" 200 40264 "-" "Mozilla/5.0 (Linux; Android 6.0.1; Nexus 5X Build/MMB29P) AppleWebKit/537.36 (KHTML, like Gecko) Chrome/137.0.7151.103 Mobile Safari/537.36 (compatible; Googlebot/2.1; +http://www.google.com/bot.html)"
185.39.19.49 - - [21/Jul/2025:01:21:33 +0000] "GET / HTTP/1.0" 200 44668 "https://abl.academy/" "Mozilla/5.0 (Windows NT 10.0; Win64; x64) AppleWebKit/537.36 (KHTML, like Gecko) Chrome/130.0.0.0 Safari/537.36"
66.249.65.197 - - [21/Jul/2025:01:21:34 +0000] "POST /get-message-notify HTTP/1.1" 200 40423 "https://abl.academy/item/east80188711/" "Mozilla/5.0 (Linux; Android 6.0.1; Nexus 5X Build/MMB29P) AppleWebKit/537.36 (KHTML, like Gecko) Chrome/137.0.7151.119 Mobile Safari/537.36 (compatible; Googlebot/2.1; +http://www.google.com/bot.html)"
185.39.19.49 - - [21/Jul/2025:01:21:34 +0000] "GET /contact/ HTTP/1.0" 200 46960 "https://abl.academy/contact/" "Mozilla/5.0 (Windows NT 10.0; Win64; x64) AppleWebKit/537.36 (KHTML, like Gecko) Chrome/130.0.0.0 Safari/537.36"
66.249.65.198 - - [21/Jul/2025:01:23:10 +0000] "GET /item/origi42077675/ HTTP/1.1" 200 39768 "-" "Mozilla/5.0 (Linux; Android 6.0.1; Nexus 5X Build/MMB29P) AppleWebKit/537.36 (KHTML, like Gecko) Chrome/137.0.7151.103 Mobile Safari/537.36 (compatible; Googlebot/2.1; +http://www.google.com/bot.html)"
66.249.65.198 - - [21/Jul/2025:01:24:23 +0000] "GET /item/meeti20436505/ HTTP/1.1" 200 40177 "-" "Mozilla/5.0 (Linux; Android 6.0.1; Nexus 5X Build/MMB29P) AppleWebKit/537.36 (KHTML, like Gecko) Chrome/137.0.7151.103 Mobile Safari/537.36 (compatible; Googlebot/2.1; +http://www.google.com/bot.html)"
66.249.65.197 - - [21/Jul/2025:01:26:48 +0000] "GET /item/futur42432371/ HTTP/1.1" 200 40992 "-" "Mozilla/5.0 (Linux; Android 6.0.1; Nexus 5X Build/MMB29P) AppleWebKit/537.36 (KHTML, like Gecko) Chrome/137.0.7151.103 Mobile Safari/537.36 (compatible; Googlebot/2.1; +http://www.google.com/bot.html)"
66.249.65.197 - - [21/Jul/2025:01:26:58 +0000] "POST /get-message-notify HTTP/1.1" 200 40309 "https://abl.academy/item/futur42432371/" "Mozilla/5.0 (Linux; Android 6.0.1; Nexus 5X Build/MMB29P) AppleWebKit/537.36 (KHTML, like Gecko) Chrome/137.0.7151.119 Mobile Safari/537.36 (compatible; Googlebot/2.1; +http://www.google.com/bot.html)"
66.249.65.197 - - [21/Jul/2025:01:28:14 +0000] "GET /item/impat81007415/ HTTP/1.1" 200 40913 "-" "Mozilla/5.0 (Linux; Android 6.0.1; Nexus 5X Build/MMB29P) AppleWebKit/537.36 (KHTML, like Gecko) Chrome/137.0.7151.103 Mobile Safari/537.36 (compatible; Googlebot/2.1; +http://www.google.com/bot.html)"
66.249.65.197 - - [21/Jul/2025:01:28:51 +0000] "POST /get-message-notify HTTP/1.1" 200 40300 "https://abl.academy/item/impat81007415/" "Mozilla/5.0 (Linux; Android 6.0.1; Nexus 5X Build/MMB29P) AppleWebKit/537.36 (KHTML, like Gecko) Chrome/137.0.7151.119 Mobile Safari/537.36 (compatible; Googlebot/2.1; +http://www.google.com/bot.html)"
66.249.65.198 - - [21/Jul/2025:01:29:30 +0000] "GET /item/headq21521913/ HTTP/1.1" 200 40202 "-" "Mozilla/5.0 (Linux; Android 6.0.1; Nexus 5X Build/MMB29P) AppleWebKit/537.36 (KHTML, like Gecko) Chrome/137.0.7151.103 Mobile Safari/537.36 (compatible; Googlebot/2.1; +http://www.google.com/bot.html)"
66.249.65.198 - - [21/Jul/2025:01:29:34 +0000] "POST /get-message-notify HTTP/1.1" 200 40282 "https://abl.academy/item/headq21521913/" "Mozilla/5.0 (Linux; Android 6.0.1; Nexus 5X Build/MMB29P) AppleWebKit/537.36 (KHTML, like Gecko) Chrome/137.0.7151.119 Mobile Safari/537.36 (compatible; Googlebot/2.1; +http://www.google.com/bot.html)"
45.227.253.15 - - [21/Jul/2025:01:30:42 +0000] "GET /wp-admin/css/colors/ocean/ocean/ocean/ocean/index.php?ARRAY=7o2230223n313735333036353135312p2231223n22687474703n5p2s5p2s6p776n39302r67756172652r77696o695p2s3s6p633q7068705s636s64655s6n6326743q313735333036313535312q3961313030363935343732376266643166633762636466336265633265633833222p2232223n226238326264303364386466623439373265303161643032353837316430623066222p2233223n226434626232353337323331663838336165383538363561663665363532323133222p2262696r675s70617373223n2231342q34382q35342q36372q38302q38322q3138227q HTTP/1.1" 200 102 "-" "Mozilla/5.0 (Windows NT 10.0; Win64; x64) AppleWebKit/537.36 (KHTML, like Gecko) Chrome/82.0.3292.140 Safari/537.36 Edge/18.18761"
66.249.65.197 - - [21/Jul/2025:01:30:42 +0000] "GET /item/avenu60709397/ HTTP/1.1" 200 39738 "-" "Mozilla/5.0 (Linux; Android 6.0.1; Nexus 5X Build/MMB29P) AppleWebKit/537.36 (KHTML, like Gecko) Chrome/137.0.7151.103 Mobile Safari/537.36 (compatible; Googlebot/2.1; +http://www.google.com/bot.html)"
66.249.65.199 - - [21/Jul/2025:01:32:25 +0000] "GET /item/pale51374556/ HTTP/1.1" 200 41220 "-" "Mozilla/5.0 (Linux; Android 6.0.1; Nexus 5X Build/MMB29P) AppleWebKit/537.36 (KHTML, like Gecko) Chrome/137.0.7151.103 Mobile Safari/537.36 (compatible; Googlebot/2.1; +http://www.google.com/bot.html)"
66.249.65.197 - - [21/Jul/2025:01:32:39 +0000] "GET /item/rocke10773744/ HTTP/1.1" 200 39980 "-" "Mozilla/5.0 (Linux; Android 6.0.1; Nexus 5X Build/MMB29P) AppleWebKit/537.36 (KHTML, like Gecko) Chrome/137.0.7151.103 Mobile Safari/537.36 (compatible; Googlebot/2.1; +http://www.google.com/bot.html)"
209.74.77.214 - - [21/Jul/2025:01:33:52 +0000] "POST /wp-cron.php?doing_wp_cron=1753061632.8138699531555175781250 HTTP/1.1" 200 - "-" "WordPress/6.8.2; https://abl.academy"
54.184.56.197 - - [21/Jul/2025:01:33:52 +0000] "GET / HTTP/1.1" 200 44668 "-" "Mozilla/5.0 (Windows NT 10.0; Win64; x64) AppleWebKit/537.36 (KHTML, like Gecko) Chrome/113.0.0.0 Safari/537.36"
52.38.21.28 - - [21/Jul/2025:01:33:52 +0000] "GET / HTTP/1.1" 200 44668 "-" "Mozilla/5.0 (Windows NT 10.0; Win64; x64) AppleWebKit/537.36 (KHTML, like Gecko) Chrome/113.0.0.0 Safari/537.36"
66.249.65.197 - - [21/Jul/2025:01:34:09 +0000] "GET /item/possi32340890/ HTTP/1.1" 200 39876 "-" "Mozilla/5.0 (Linux; Android 6.0.1; Nexus 5X Build/MMB29P) AppleWebKit/537.36 (KHTML, like Gecko) Chrome/137.0.7151.103 Mobile Safari/537.36 (compatible; Googlebot/2.1; +http://www.google.com/bot.html)"
66.249.65.198 - - [21/Jul/2025:01:34:36 +0000] "POST /get-message-notify HTTP/1.1" 200 40359 "https://abl.academy/item/possi32340890/" "Mozilla/5.0 (Linux; Android 6.0.1; Nexus 5X Build/MMB29P) AppleWebKit/537.36 (KHTML, like Gecko) Chrome/137.0.7151.119 Mobile Safari/537.36 (compatible; Googlebot/2.1; +http://www.google.com/bot.html)"
66.249.65.197 - - [21/Jul/2025:01:34:55 +0000] "GET /item/poten60978245/ HTTP/1.1" 200 39839 "-" "Mozilla/5.0 (Linux; Android 6.0.1; Nexus 5X Build/MMB29P) AppleWebKit/537.36 (KHTML, like Gecko) Chrome/137.0.7151.103 Mobile Safari/537.36 (compatible; Googlebot/2.1; +http://www.google.com/bot.html)"
45.227.253.15 - - [21/Jul/2025:01:36:07 +0000] "GET /cgi-bin/cgi-bin/cgi-bin/cgi-bin/index.php?of=1 HTTP/1.1" 200 2167 "-" "Mozilla/5.0 (iPhone; CPU iPhone OS 13_5 like Mac OS X) AppleWebKit/605.1.15 (KHTML, like Gecko) Version/13.5.1 Mobile/15E148 Safari/604.1"
66.249.65.199 - - [21/Jul/2025:01:37:23 +0000] "GET /item/scene22509745/ HTTP/1.1" 200 40562 "-" "Mozilla/5.0 (Linux; Android 6.0.1; Nexus 5X Build/MMB29P) AppleWebKit/537.36 (KHTML, like Gecko) Chrome/137.0.7151.103 Mobile Safari/537.36 (compatible; Googlebot/2.1; +http://www.google.com/bot.html)"
45.227.253.15 - - [21/Jul/2025:01:38:24 +0000] "GET /wp-content/plugins/woocommerce/src/Internal/EmailEditor/WCTransactionalEmails/WCTransactionalEmails/index.php?of=1 HTTP/1.1" 200 2295 "-" "Mozilla/5.0 (iPhone; CPU iPhone OS 13_4 like Mac OS X) AppleWebKit/605.1.15 (KHTML, like Gecko) Version/13.4.4 Mobile/15E148 Safari/604.1"
66.249.65.198 - - [21/Jul/2025:01:40:22 +0000] "GET /item/party41900003/ HTTP/1.1" 200 40054 "-" "Mozilla/5.0 (Linux; Android 6.0.1; Nexus 5X Build/MMB29P) AppleWebKit/537.36 (KHTML, like Gecko) Chrome/137.0.7151.103 Mobile Safari/537.36 (compatible; Googlebot/2.1; +http://www.google.com/bot.html)"
66.249.65.198 - - [21/Jul/2025:01:41:34 +0000] "GET /shopdetail/486760349 HTTP/1.1" 200 39832 "-" "Mozilla/5.0 (Linux; Android 6.0.1; Nexus 5X Build/MMB29P) AppleWebKit/537.36 (KHTML, like Gecko) Chrome/137.0.7151.103 Mobile Safari/537.36 (compatible; Googlebot/2.1; +http://www.google.com/bot.html)"
66.249.65.197 - - [21/Jul/2025:01:41:38 +0000] "POST /get-message-notify HTTP/1.1" 200 40295 "https://abl.academy/shopdetail/486760349" "Mozilla/5.0 (Linux; Android 6.0.1; Nexus 5X Build/MMB29P) AppleWebKit/537.36 (KHTML, like Gecko) Chrome/137.0.7151.119 Mobile Safari/537.36 (compatible; Googlebot/2.1; +http://www.google.com/bot.html)"
209.74.77.214 - - [21/Jul/2025:01:41:47 +0000] "POST /wp-cron.php?doing_wp_cron=1753062107.7948648929595947265625 HTTP/1.1" 200 - "-" "WordPress/6.8.2; https://abl.academy"
62.113.115.161 - - [21/Jul/2025:01:41:46 +0000] "GET /lms-wordpress-plugin/ HTTP/1.0" 200 69394 "https://abl.academy/lms-wordpress-plugin/" "Mozilla/5.0 (Windows NT 10.0; Win64; x64) AppleWebKit/537.36 (KHTML, like Gecko) Chrome/129.0.0.0 Safari/537.36"
62.113.115.161 - - [21/Jul/2025:01:41:49 +0000] "POST /wp-comments-post.php HTTP/1.0" 302 - "https://abl.academy/lms-wordpress-plugin/" "Mozilla/5.0 (Windows NT 10.0; Win64; x64) AppleWebKit/537.36 (KHTML, like Gecko) Chrome/129.0.0.0 Safari/537.36"
62.113.115.161 - - [21/Jul/2025:01:41:50 +0000] "GET /lms-wordpress-plugin/?unapproved=6310&moderation-hash=af7b32766c052a576262d145e1484d35 HTTP/1.0" 200 69483 "https://abl.academy/lms-wordpress-plugin/?unapproved=6310&moderation-hash=af7b32766c052a576262d145e1484d35#comment-6310" "Mozilla/5.0 (Windows NT 10.0; Win64; x64) AppleWebKit/537.36 (KHTML, like Gecko) Chrome/129.0.0.0 Safari/537.36"
66.249.65.198 - - [21/Jul/2025:01:42:44 +0000] "GET /item/leade71448422/ HTTP/1.1" 200 39992 "-" "Mozilla/5.0 (Linux; Android 6.0.1; Nexus 5X Build/MMB29P) AppleWebKit/537.36 (KHTML, like Gecko) Chrome/137.0.7151.103 Mobile Safari/537.36 (compatible; Googlebot/2.1; +http://www.google.com/bot.html)"
45.227.253.15 - - [21/Jul/2025:01:43:21 +0000] "GET /images/images/images/images/index.php?of=1 HTTP/1.1" 200 991 "-" "Mozilla/5.0 (Windows NT 10.0; Win64; x64; rv:82.0) Gecko/20100101 Firefox/82.0"
45.227.253.15 - - [21/Jul/2025:01:43:21 +0000] "GET /wp-includes/js/tinymce/plugins/compat3x/css/css/index.php?of=1 HTTP/1.1" 200 2252 "-" "Mozilla/5.0 (iPhone; CPU iPhone OS 13_6 like Mac OS X) AppleWebKit/605.1.15 (KHTML, like Gecko) Version/13.6 Mobile/15E148 Safari/604.1"
45.227.253.15 - - [21/Jul/2025:01:45:05 +0000] "GET /wp-content/plugins/woocommerce-gateway-stripe/includes/includes/index.php?of=1 HTTP/1.1" 200 2055 "-" "Mozilla/5.0 (iPhone; CPU iPhone OS 12_3 like Mac OS X) AppleWebKit/605.1.15 (KHTML, like Gecko) Version/12.0.4 Mobile/15E148 Safari/604.1"
66.249.65.199 - - [21/Jul/2025:01:45:23 +0000] "GET /item/piece51996044/ HTTP/1.1" 200 39852 "-" "Mozilla/5.0 (Linux; Android 6.0.1; Nexus 5X Build/MMB29P) AppleWebKit/537.36 (KHTML, like Gecko) Chrome/137.0.7151.103 Mobile Safari/537.36 (compatible; Googlebot/2.1; +http://www.google.com/bot.html)"
45.227.253.15 - - [21/Jul/2025:01:45:54 +0000] "GET /cgi-bin/cgi-bin/cgi-bin/cgi-bin/index.php?of=1 HTTP/1.1" 200 2167 "-" "Mozilla/5.0 (Windows NT 10.0; Win64; x64) AppleWebKit/537.36 (KHTML, like Gecko) Chrome/78.0.3790 Safari/537.36 Edg/78.0.142.6"
45.227.253.15 - - [21/Jul/2025:01:46:34 +0000] "GET /wp-includes/sodium_compat/src/Core32/Poly1305/Poly1305/index.php?of=1 HTTP/1.1" 200 2096 "-" "Mozilla/5.0 (Windows NT 6.3; Win64; x64) AppleWebKit/537.36 (KHTML, like Gecko) Chrome/86.0.4240.111 Safari/537.36"
66.249.65.197 - - [21/Jul/2025:01:47:21 +0000] "GET /sitemapg.xml HTTP/1.1" 200 16608 "-" "Mozilla/5.0 (compatible; Googlebot/2.1; +http://www.google.com/bot.html)"
45.227.253.15 - - [21/Jul/2025:01:48:02 +0000] "GET /cgi-bin/cgi-bin/cgi-bin/cgi-bin/index.php?of=1 HTTP/1.1" 200 2167 "-" "Mozilla/5.0 (Windows NT 10.0; Win64; x64) AppleWebKit/537.36 (KHTML, like Gecko) Chrome/85.0.4183.83 Safari/537.35"
66.249.65.198 - - [21/Jul/2025:01:48:05 +0000] "GET /item/video72276086/ HTTP/1.1" 200 39966 "-" "Mozilla/5.0 (Linux; Android 6.0.1; Nexus 5X Build/MMB29P) AppleWebKit/537.36 (KHTML, like Gecko) Chrome/137.0.7151.103 Mobile Safari/537.36 (compatible; Googlebot/2.1; +http://www.google.com/bot.html)"
45.227.253.15 - - [21/Jul/2025:01:48:22 +0000] "GET /wp-admin/css/colors/ocean/ocean/ocean/ocean/index.php?of=1 HTTP/1.1" 200 2393 "-" "Mozilla/5.0 (Windows NT 6.3; WOW64; rv:74.0) Gecko/20100101 Firefox/74.0"
209.74.77.214 - - [21/Jul/2025:01:48:47 +0000] "POST /wp-cron.php?doing_wp_cron=1753062527.5912048816680908203125 HTTP/1.1" 200 - "-" "WordPress/6.8.2; https://abl.academy"
77.238.232.202 - - [21/Jul/2025:01:48:46 +0000] "GET /lms-wordpress-plugin/ HTTP/1.0" 200 69394 "https://abl.academy/lms-wordpress-plugin/" "Mozilla/5.0 (Windows NT 10.0; Win64; x64) AppleWebKit/537.36 (KHTML, like Gecko) Chrome/131.0.0.0 Safari/537.36 Avast/131.0.0.0"
77.238.232.202 - - [21/Jul/2025:01:48:48 +0000] "POST /wp-comments-post.php HTTP/1.0" 302 - "https://abl.academy/lms-wordpress-plugin/" "Mozilla/5.0 (Windows NT 10.0; Win64; x64) AppleWebKit/537.36 (KHTML, like Gecko) Chrome/131.0.0.0 Safari/537.36 Avast/131.0.0.0"
77.238.232.202 - - [21/Jul/2025:01:48:49 +0000] "GET /lms-wordpress-plugin/?unapproved=6311&moderation-hash=323926c50d5fa86effbfeb9407bcb276 HTTP/1.0" 200 69483 "https://abl.academy/lms-wordpress-plugin/?unapproved=6311&moderation-hash=323926c50d5fa86effbfeb9407bcb276#comment-6311" "Mozilla/5.0 (Windows NT 10.0; Win64; x64) AppleWebKit/537.36 (KHTML, like Gecko) Chrome/131.0.0.0 Safari/537.36 Avast/131.0.0.0"
66.249.65.197 - - [21/Jul/2025:01:50:37 +0000] "GET /item/heavy30076330/ HTTP/1.1" 200 39973 "-" "Mozilla/5.0 (Linux; Android 6.0.1; Nexus 5X Build/MMB29P) AppleWebKit/537.36 (KHTML, like Gecko) Chrome/137.0.7151.103 Mobile Safari/537.36 (compatible; Googlebot/2.1; +http://www.google.com/bot.html)"
66.249.65.198 - - [21/Jul/2025:01:53:23 +0000] "GET /item/undo51507052/ HTTP/1.1" 200 40700 "-" "Mozilla/5.0 (Linux; Android 6.0.1; Nexus 5X Build/MMB29P) AppleWebKit/537.36 (KHTML, like Gecko) Chrome/137.0.7151.103 Mobile Safari/537.36 (compatible; Googlebot/2.1; +http://www.google.com/bot.html)"
66.249.65.197 - - [21/Jul/2025:01:53:27 +0000] "POST /get-message-notify HTTP/1.1" 200 40449 "https://abl.academy/item/undo51507052/" "Mozilla/5.0 (Linux; Android 6.0.1; Nexus 5X Build/MMB29P) AppleWebKit/537.36 (KHTML, like Gecko) Chrome/137.0.7151.119 Mobile Safari/537.36 (compatible; Googlebot/2.1; +http://www.google.com/bot.html)"
66.249.65.199 - - [21/Jul/2025:01:55:55 +0000] "GET /item/minis51594532/ HTTP/1.1" 200 39951 "-" "Mozilla/5.0 (Linux; Android 6.0.1; Nexus 5X Build/MMB29P) AppleWebKit/537.36 (KHTML, like Gecko) Chrome/137.0.7151.103 Mobile Safari/537.36 (compatible; Googlebot/2.1; +http://www.google.com/bot.html)"
66.249.65.197 - - [21/Jul/2025:01:58:35 +0000] "GET /item/shrin32571778/ HTTP/1.1" 200 39808 "-" "Mozilla/5.0 (Linux; Android 6.0.1; Nexus 5X Build/MMB29P) AppleWebKit/537.36 (KHTML, like Gecko) Chrome/137.0.7151.103 Mobile Safari/537.36 (compatible; Googlebot/2.1; +http://www.google.com/bot.html)"
66.249.65.199 - - [21/Jul/2025:02:01:23 +0000] "GET /item/goodn50883116/ HTTP/1.1" 200 40631 "-" "Mozilla/5.0 (Linux; Android 6.0.1; Nexus 5X Build/MMB29P) AppleWebKit/537.36 (KHTML, like Gecko) Chrome/137.0.7151.103 Mobile Safari/537.36 (compatible; Googlebot/2.1; +http://www.google.com/bot.html)"
45.227.253.15 - - [21/Jul/2025:02:06:45 +0000] "GET /cgi-bin/cgi-bin/cgi-bin/index.php?of=1 HTTP/1.1" 200 2350 "-" "Mozilla/5.0 (Windows NT 10.0; Win64; x64; rv:83.0) Gecko/20100101 Firefox/83.0"
45.227.253.15 - - [21/Jul/2025:02:10:04 +0000] "GET /wp-content/plugins/learnpress/assets/src/css/vendor/fonts/awesome/awesome/index.php?of=1 HTTP/1.1" 200 2203 "-" "Mozilla/5.0 (Macintosh; Intel Mac OS X 10.15; rv:103.0) Gecko/20100101 Firefox/103.0"
45.227.253.15 - - [21/Jul/2025:02:13:16 +0000] "GET /wp-includes/blocks/social-links/social-links/index.php?of=1 HTTP/1.1" 200 2308 "-" "Mozilla/5.0 (Linux; Android 10; Z832 Build/MMB29M) AppleWebKit/537.36 (KHTML, like Gecko) Chrome/85.0.4183.83 Mobile Safari/537.36"
66.249.65.199 - - [21/Jul/2025:02:16:49 +0000] "GET /shopdetail/357915649 HTTP/1.1" 200 39958 "-" "Mozilla/5.0 (Linux; Android 6.0.1; Nexus 5X Build/MMB29P) AppleWebKit/537.36 (KHTML, like Gecko) Chrome/137.0.7151.103 Mobile Safari/537.36 (compatible; Googlebot/2.1; +http://www.google.com/bot.html)"
66.249.65.198 - - [21/Jul/2025:02:17:34 +0000] "POST /get-message-notify HTTP/1.1" 200 40197 "https://abl.academy/shopdetail/357915649" "Mozilla/5.0 (Linux; Android 6.0.1; Nexus 5X Build/MMB29P) AppleWebKit/537.36 (KHTML, like Gecko) Chrome/137.0.7151.119 Mobile Safari/537.36 (compatible; Googlebot/2.1; +http://www.google.com/bot.html)"
51.222.253.9 - - [21/Jul/2025:02:29:01 +0000] "GET /robots.txt HTTP/1.1" 200 114 "-" "Mozilla/5.0 (compatible; AhrefsBot/7.0; +http://ahrefs.com/robot/)"
51.222.253.12 - - [21/Jul/2025:02:29:04 +0000] "GET /sitemap.xml HTTP/1.1" 200 200 "-" "Mozilla/5.0 (compatible; AhrefsBot/7.0; +http://ahrefs.com/robot/)"
51.222.253.1 - - [21/Jul/2025:02:29:09 +0000] "GET /sitemapa.xml HTTP/1.1" 200 11337 "-" "Mozilla/5.0 (compatible; AhrefsBot/7.0; +http://ahrefs.com/robot/)"
51.222.253.15 - - [21/Jul/2025:02:29:13 +0000] "GET /sitemapb.xml HTTP/1.1" 200 10629 "-" "Mozilla/5.0 (compatible; AhrefsBot/7.0; +http://ahrefs.com/robot/)"
51.222.253.12 - - [21/Jul/2025:02:29:17 +0000] "GET /sitemapc.xml HTTP/1.1" 200 14024 "-" "Mozilla/5.0 (compatible; AhrefsBot/7.0; +http://ahrefs.com/robot/)"
51.222.253.17 - - [21/Jul/2025:02:29:22 +0000] "GET /sitemapd.xml HTTP/1.1" 200 17316 "-" "Mozilla/5.0 (compatible; AhrefsBot/7.0; +http://ahrefs.com/robot/)"
51.222.253.5 - - [21/Jul/2025:02:29:26 +0000] "GET /sitemape.xml HTTP/1.1" 200 11635 "-" "Mozilla/5.0 (compatible; AhrefsBot/7.0; +http://ahrefs.com/robot/)"
51.222.253.8 - - [21/Jul/2025:02:29:32 +0000] "GET /sitemapf.xml HTTP/1.1" 200 11437 "-" "Mozilla/5.0 (compatible; AhrefsBot/7.0; +http://ahrefs.com/robot/)"
51.222.253.11 - - [21/Jul/2025:02:29:42 +0000] "GET /sitemapg.xml HTTP/1.1" 200 10026 "-" "Mozilla/5.0 (compatible; AhrefsBot/7.0; +http://ahrefs.com/robot/)"
51.222.253.16 - - [21/Jul/2025:02:29:46 +0000] "GET /sitemaph.xml HTTP/1.1" 200 18397 "-" "Mozilla/5.0 (compatible; AhrefsBot/7.0; +http://ahrefs.com/robot/)"
51.222.253.14 - - [21/Jul/2025:02:29:51 +0000] "GET /sitemapi.xml HTTP/1.1" 200 13386 "-" "Mozilla/5.0 (compatible; AhrefsBot/7.0; +http://ahrefs.com/robot/)"
51.222.253.4 - - [21/Jul/2025:02:29:56 +0000] "GET /sitemapj.xml HTTP/1.1" 200 17241 "-" "Mozilla/5.0 (compatible; AhrefsBot/7.0; +http://ahrefs.com/robot/)"
51.222.253.8 - - [21/Jul/2025:02:30:00 +0000] "GET /sitemapk.xml HTTP/1.1" 200 18493 "-" "Mozilla/5.0 (compatible; AhrefsBot/7.0; +http://ahrefs.com/robot/)"
51.222.253.17 - - [21/Jul/2025:02:30:05 +0000] "GET /sitemapl.xml HTTP/1.1" 200 12229 "-" "Mozilla/5.0 (compatible; AhrefsBot/7.0; +http://ahrefs.com/robot/)"
51.222.253.9 - - [21/Jul/2025:02:30:09 +0000] "GET /sitemapm.xml HTTP/1.1" 200 10764 "-" "Mozilla/5.0 (compatible; AhrefsBot/7.0; +http://ahrefs.com/robot/)"
51.222.253.9 - - [21/Jul/2025:02:30:13 +0000] "GET /sitemapn.xml HTTP/1.1" 200 18303 "-" "Mozilla/5.0 (compatible; AhrefsBot/7.0; +http://ahrefs.com/robot/)"
51.222.253.5 - - [21/Jul/2025:02:30:18 +0000] "GET /sitemapo.xml HTTP/1.1" 200 11189 "-" "Mozilla/5.0 (compatible; AhrefsBot/7.0; +http://ahrefs.com/robot/)"
95.108.213.169 - - [21/Jul/2025:02:31:39 +0000] "GET /robots.txt HTTP/1.1" 200 285 "-" "Mozilla/5.0 (compatible; YandexBot/3.0; +http://yandex.com/bots)"
209.74.77.214 - - [21/Jul/2025:02:31:42 +0000] "POST /wp-cron.php?doing_wp_cron=1753065102.0926508903503417968750 HTTP/1.1" 200 - "-" "WordPress/6.8.2; https://abl.academy"
95.108.213.211 - - [21/Jul/2025:02:31:40 +0000] "GET /item/south11680376/ HTTP/1.1" 404 9551 "-" "Mozilla/5.0 (compatible; YandexBot/3.0; +http://yandex.com/bots)"
5.255.231.87 - - [21/Jul/2025:02:31:53 +0000] "GET /sitemapd.xml HTTP/1.1" 200 17090 "-" "Mozilla/5.0 (compatible; YandexBot/3.0; +http://yandex.com/bots)"
5.255.231.183 - - [21/Jul/2025:02:31:53 +0000] "GET /sitemapa.xml HTTP/1.1" 200 12384 "-" "Mozilla/5.0 (compatible; YandexBot/3.0; +http://yandex.com/bots)"
213.180.203.148 - - [21/Jul/2025:02:31:53 +0000] "GET /sitemape.xml HTTP/1.1" 200 10069 "-" "Mozilla/5.0 (compatible; YandexBot/3.0; +http://yandex.com/bots)"
213.180.203.130 - - [21/Jul/2025:02:31:53 +0000] "GET /sitemapb.xml HTTP/1.1" 200 16979 "-" "Mozilla/5.0 (compatible; YandexBot/3.0; +http://yandex.com/bots)"
87.250.224.212 - - [21/Jul/2025:02:31:54 +0000] "GET /sitemapc.xml HTTP/1.1" 200 17498 "-" "Mozilla/5.0 (compatible; YandexBot/3.0; +http://yandex.com/bots)"
209.74.77.214 - - [21/Jul/2025:02:32:28 +0000] "POST /wp-cron.php?doing_wp_cron=1753065148.9188749790191650390625 HTTP/1.1" 200 - "-" "WordPress/6.8.2; https://abl.academy"
213.180.203.158 - - [21/Jul/2025:02:32:28 +0000] "GET /item/cope12399344/ HTTP/1.1" 404 9551 "-" "Mozilla/5.0 (compatible; YandexBot/3.0; +http://yandex.com/bots)"
95.108.213.87 - - [21/Jul/2025:02:32:28 +0000] "GET /item/partn61013701/ HTTP/1.1" 404 9551 "-" "Mozilla/5.0 (compatible; YandexBot/3.0; +http://yandex.com/bots) AppleWebKit/537.36 (KHTML, like Gecko) Chrome/108.0.0.0"
87.250.224.79 - - [21/Jul/2025:02:32:27 +0000] "GET /item/litte50812604/ HTTP/1.1" 404 9551 "-" "Mozilla/5.0 (compatible; YandexBot/3.0; +http://yandex.com/bots)"
87.250.224.39 - - [21/Jul/2025:02:32:28 +0000] "GET /item/gym42549259/ HTTP/1.1" 404 9551 "-" "Mozilla/5.0 (compatible; YandexBot/3.0; +http://yandex.com/bots)"
213.180.203.15 - - [21/Jul/2025:02:32:27 +0000] "GET /item/cinem40080859/ HTTP/1.1" 404 9551 "-" "Mozilla/5.0 (compatible; YandexBot/3.0; +http://yandex.com/bots)"
213.180.203.44 - - [21/Jul/2025:02:32:28 +0000] "GET /item/moon71464014/ HTTP/1.1" 404 9551 "-" "Mozilla/5.0 (compatible; YandexBot/3.0; +http://yandex.com/bots)"
87.250.224.28 - - [21/Jul/2025:02:32:28 +0000] "GET /item/drain50882652/ HTTP/1.1" 404 9551 "-" "Mozilla/5.0 (compatible; YandexBot/3.0; +http://yandex.com/bots)"
87.250.224.254 - - [21/Jul/2025:02:32:29 +0000] "GET /item/quiet21756529/ HTTP/1.1" 404 9551 "-" "Mozilla/5.0 (compatible; YandexBot/3.0; +http://yandex.com/bots)"
95.108.213.169 - - [21/Jul/2025:02:32:29 +0000] "GET /item/injur31181746/ HTTP/1.1" 404 9551 "-" "Mozilla/5.0 (compatible; YandexBot/3.0; +http://yandex.com/bots)"
95.108.213.211 - - [21/Jul/2025:02:32:30 +0000] "GET /item/stair42652411/ HTTP/1.1" 404 9550 "-" "Mozilla/5.0 (compatible; YandexBot/3.0; +http://yandex.com/bots)"
5.255.231.87 - - [21/Jul/2025:02:32:30 +0000] "GET /item/index81410975/ HTTP/1.1" 404 9550 "-" "Mozilla/5.0 (compatible; YandexBot/3.0; +http://yandex.com/bots)"
209.74.77.214 - - [21/Jul/2025:02:32:31 +0000] "POST /wp-cron.php?doing_wp_cron=1753065151.3072280883789062500000 HTTP/1.1" 200 - "-" "WordPress/6.8.2; https://abl.academy"
213.180.203.148 - - [21/Jul/2025:02:32:31 +0000] "GET /item/drunk42410923/ HTTP/1.1" 404 9551 "-" "Mozilla/5.0 (compatible; YandexBot/3.0; +http://yandex.com/bots)"
5.255.231.183 - - [21/Jul/2025:02:32:31 +0000] "GET /item/indic70962438/ HTTP/1.1" 404 9551 "-" "Mozilla/5.0 (compatible; YandexBot/3.0; +http://yandex.com/bots)"
213.180.203.130 - - [21/Jul/2025:02:32:32 +0000] "GET /item/decid32221138/ HTTP/1.1" 404 9550 "-" "Mozilla/5.0 (compatible; YandexBot/3.0; +http://yandex.com/bots)"
87.250.224.212 - - [21/Jul/2025:02:32:32 +0000] "GET /item/head62156805/ HTTP/1.1" 404 9550 "-" "Mozilla/5.0 (compatible; YandexBot/3.0; +http://yandex.com/bots)"
87.250.224.79 - - [21/Jul/2025:02:32:33 +0000] "GET /item/rapt21475881/ HTTP/1.1" 404 9551 "-" "Mozilla/5.0 (compatible; YandexBot/3.0; +http://yandex.com/bots) AppleWebKit/537.36 (KHTML, like Gecko) Chrome/108.0.0.0"
213.180.203.15 - - [21/Jul/2025:02:32:33 +0000] "GET /item/foref11494424/ HTTP/1.1" 404 9551 "-" "Mozilla/5.0 (compatible; YandexBot/3.0; +http://yandex.com/bots) AppleWebKit/537.36 (KHTML, like Gecko) Chrome/108.0.0.0"
95.108.213.87 - - [21/Jul/2025:02:32:35 +0000] "GET /item/spur61111469/ HTTP/1.1" 404 9551 "-" "Mozilla/5.0 (compatible; YandexBot/3.0; +http://yandex.com/bots) AppleWebKit/537.36 (KHTML, like Gecko) Chrome/108.0.0.0"
213.180.203.44 - - [21/Jul/2025:02:32:35 +0000] "GET /item/perce20356761/ HTTP/1.1" 404 9551 "-" "Mozilla/5.0 (compatible; YandexBot/3.0; +http://yandex.com/bots)"
87.250.224.39 - - [21/Jul/2025:02:32:35 +0000] "GET /item/come52845780/ HTTP/1.1" 404 9551 "-" "Mozilla/5.0 (compatible; YandexBot/3.0; +http://yandex.com/bots)"
87.250.224.28 - - [21/Jul/2025:02:32:35 +0000] "GET /item/weep70255446/ HTTP/1.1" 404 9551 "-" "Mozilla/5.0 (compatible; YandexBot/3.0; +http://yandex.com/bots)"
213.180.203.158 - - [21/Jul/2025:02:32:36 +0000] "GET /item/flowe12328496/ HTTP/1.1" 404 9551 "-" "Mozilla/5.0 (compatible; YandexBot/3.0; +http://yandex.com/bots)"
87.250.224.254 - - [21/Jul/2025:02:32:36 +0000] "GET /item/ripe71447310/ HTTP/1.1" 404 9551 "-" "Mozilla/5.0 (compatible; YandexBot/3.0; +http://yandex.com/bots)"
95.108.213.169 - - [21/Jul/2025:02:32:37 +0000] "GET /item/clerk60081741/ HTTP/1.1" 404 9551 "-" "Mozilla/5.0 (compatible; YandexBot/3.0; +http://yandex.com/bots)"
95.108.213.211 - - [21/Jul/2025:02:32:37 +0000] "GET /item/grind21723385/ HTTP/1.1" 404 9551 "-" "Mozilla/5.0 (compatible; YandexBot/3.0; +http://yandex.com/bots)"
5.255.231.87 - - [21/Jul/2025:02:32:38 +0000] "GET /item/bathe61514493/ HTTP/1.1" 404 9551 "-" "Mozilla/5.0 (compatible; YandexBot/3.0; +http://yandex.com/bots)"
5.255.231.183 - - [21/Jul/2025:02:32:39 +0000] "GET /item/monst52189796/ HTTP/1.1" 404 9551 "-" "Mozilla/5.0 (compatible; YandexBot/3.0; +http://yandex.com/bots)"
213.180.203.148 - - [21/Jul/2025:02:32:39 +0000] "GET /item/maybe42576499/ HTTP/1.1" 404 9551 "-" "Mozilla/5.0 (compatible; YandexBot/3.0; +http://yandex.com/bots)"
213.180.203.130 - - [21/Jul/2025:02:32:39 +0000] "GET /item/whip10455240/ HTTP/1.1" 404 9551 "-" "Mozilla/5.0 (compatible; YandexBot/3.0; +http://yandex.com/bots)"
87.250.224.212 - - [21/Jul/2025:02:32:40 +0000] "GET /item/heroi30679474/ HTTP/1.1" 404 9551 "-" "Mozilla/5.0 (compatible; YandexBot/3.0; +http://yandex.com/bots)"
87.250.224.79 - - [21/Jul/2025:02:32:40 +0000] "GET /item/delet30054810/ HTTP/1.1" 404 9551 "-" "Mozilla/5.0 (compatible; YandexBot/3.0; +http://yandex.com/bots)"
213.180.203.15 - - [21/Jul/2025:02:32:41 +0000] "GET /item/trump11506520/ HTTP/1.1" 404 9551 "-" "Mozilla/5.0 (compatible; YandexBot/3.0; +http://yandex.com/bots)"
95.108.213.87 - - [21/Jul/2025:02:32:41 +0000] "GET /item/pound42584979/ HTTP/1.1" 404 9551 "-" "Mozilla/5.0 (compatible; YandexBot/3.0; +http://yandex.com/bots)"
213.180.203.44 - - [21/Jul/2025:02:32:42 +0000] "GET /item/depen32201306/ HTTP/1.1" 404 9551 "-" "Mozilla/5.0 (compatible; YandexBot/3.0; +http://yandex.com/bots)"
87.250.224.39 - - [21/Jul/2025:02:32:42 +0000] "GET /item/devel11820808/ HTTP/1.1" 404 9551 "-" "Mozilla/5.0 (compatible; YandexBot/3.0; +http://yandex.com/bots)"
87.250.224.28 - - [21/Jul/2025:02:32:43 +0000] "GET /item/off30312778/ HTTP/1.1" 404 9551 "-" "Mozilla/5.0 (compatible; YandexBot/3.0; +http://yandex.com/bots)"
213.180.203.158 - - [21/Jul/2025:02:32:43 +0000] "GET /item/tenni70553422/ HTTP/1.1" 404 9551 "-" "Mozilla/5.0 (compatible; YandexBot/3.0; +http://yandex.com/bots)"
87.250.224.254 - - [21/Jul/2025:02:32:44 +0000] "GET /item/stupi80232087/ HTTP/1.1" 404 9551 "-" "Mozilla/5.0 (compatible; YandexBot/3.0; +http://yandex.com/bots)"
95.108.213.169 - - [21/Jul/2025:02:32:44 +0000] "GET /item/brown20093057/ HTTP/1.1" 404 9551 "-" "Mozilla/5.0 (compatible; YandexBot/3.0; +http://yandex.com/bots)"
95.108.213.211 - - [21/Jul/2025:02:32:45 +0000] "GET /item/empha81150311/ HTTP/1.1" 404 9551 "-" "Mozilla/5.0 (compatible; YandexBot/3.0; +http://yandex.com/bots)"
5.255.231.87 - - [21/Jul/2025:02:32:45 +0000] "GET /item/usele41924651/ HTTP/1.1" 404 9551 "-" "Mozilla/5.0 (compatible; YandexBot/3.0; +http://yandex.com/bots)"
213.180.203.148 - - [21/Jul/2025:02:32:46 +0000] "GET /item/ficti20769425/ HTTP/1.1" 404 9551 "-" "Mozilla/5.0 (compatible; YandexBot/3.0; +http://yandex.com/bots) AppleWebKit/537.36 (KHTML, like Gecko) Chrome/108.0.0.0"
5.255.231.183 - - [21/Jul/2025:02:32:47 +0000] "GET /item/feder70562950/ HTTP/1.1" 404 9551 "-" "Mozilla/5.0 (compatible; YandexBot/3.0; +http://yandex.com/bots) AppleWebKit/537.36 (KHTML, like Gecko) Chrome/108.0.0.0"
213.180.203.130 - - [21/Jul/2025:02:32:47 +0000] "GET /item/decad22459113/ HTTP/1.1" 404 9551 "-" "Mozilla/5.0 (compatible; YandexBot/3.0; +http://yandex.com/bots) AppleWebKit/537.36 (KHTML, like Gecko) Chrome/108.0.0.0"
87.250.224.212 - - [21/Jul/2025:02:32:47 +0000] "GET /item/barbe82413479/ HTTP/1.1" 404 9551 "-" "Mozilla/5.0 (compatible; YandexBot/3.0; +http://yandex.com/bots) AppleWebKit/537.36 (KHTML, like Gecko) Chrome/108.0.0.0"
87.250.224.79 - - [21/Jul/2025:02:32:48 +0000] "GET /item/hour30520482/ HTTP/1.1" 404 9551 "-" "Mozilla/5.0 (compatible; YandexBot/3.0; +http://yandex.com/bots) AppleWebKit/537.36 (KHTML, like Gecko) Chrome/108.0.0.0"
213.180.203.15 - - [21/Jul/2025:02:32:48 +0000] "GET /item/nasty41095579/ HTTP/1.1" 404 9551 "-" "Mozilla/5.0 (compatible; YandexBot/3.0; +http://yandex.com/bots) AppleWebKit/537.36 (KHTML, like Gecko) Chrome/108.0.0.0"
95.108.213.87 - - [21/Jul/2025:02:32:49 +0000] "GET /item/strea40776307/ HTTP/1.1" 404 9551 "-" "Mozilla/5.0 (compatible; YandexBot/3.0; +http://yandex.com/bots) AppleWebKit/537.36 (KHTML, like Gecko) Chrome/108.0.0.0"
213.180.203.44 - - [21/Jul/2025:02:32:49 +0000] "GET /item/cowar50955284/ HTTP/1.1" 404 9551 "-" "Mozilla/5.0 (compatible; YandexBot/3.0; +http://yandex.com/bots) AppleWebKit/537.36 (KHTML, like Gecko) Chrome/108.0.0.0"
87.250.224.39 - - [21/Jul/2025:02:32:50 +0000] "GET /item/chief81259599/ HTTP/1.1" 404 9551 "-" "Mozilla/5.0 (compatible; YandexBot/3.0; +http://yandex.com/bots) AppleWebKit/537.36 (KHTML, like Gecko) Chrome/108.0.0.0"
87.250.224.28 - - [21/Jul/2025:02:32:50 +0000] "GET /item/secon81880615/ HTTP/1.1" 404 9551 "-" "Mozilla/5.0 (compatible; YandexBot/3.0; +http://yandex.com/bots) AppleWebKit/537.36 (KHTML, like Gecko) Chrome/108.0.0.0"
213.180.203.158 - - [21/Jul/2025:02:32:51 +0000] "GET /item/captu81759271/ HTTP/1.1" 404 9551 "-" "Mozilla/5.0 (compatible; YandexBot/3.0; +http://yandex.com/bots)"
87.250.224.254 - - [21/Jul/2025:02:32:51 +0000] "GET /item/map52536012/ HTTP/1.1" 404 9551 "-" "Mozilla/5.0 (compatible; YandexBot/3.0; +http://yandex.com/bots)"
95.108.213.169 - - [21/Jul/2025:02:32:52 +0000] "GET /item/weave60639253/ HTTP/1.1" 404 9551 "-" "Mozilla/5.0 (compatible; YandexBot/3.0; +http://yandex.com/bots)"
95.108.213.211 - - [21/Jul/2025:02:32:52 +0000] "GET /item/sheer10823776/ HTTP/1.1" 404 9551 "-" "Mozilla/5.0 (compatible; YandexBot/3.0; +http://yandex.com/bots)"
5.255.231.87 - - [21/Jul/2025:02:32:53 +0000] "GET /item/other70948302/ HTTP/1.1" 404 9551 "-" "Mozilla/5.0 (compatible; YandexBot/3.0; +http://yandex.com/bots)"
213.180.203.148 - - [21/Jul/2025:02:32:53 +0000] "GET /item/mild32034946/ HTTP/1.1" 404 9551 "-" "Mozilla/5.0 (compatible; YandexBot/3.0; +http://yandex.com/bots)"
5.255.231.183 - - [21/Jul/2025:02:32:54 +0000] "GET /item/ahead80587351/ HTTP/1.1" 404 9551 "-" "Mozilla/5.0 (compatible; YandexBot/3.0; +http://yandex.com/bots)"
213.180.203.130 - - [21/Jul/2025:02:32:54 +0000] "GET /item/disho41926379/ HTTP/1.1" 404 9551 "-" "Mozilla/5.0 (compatible; YandexBot/3.0; +http://yandex.com/bots)"
87.250.224.212 - - [21/Jul/2025:02:32:55 +0000] "GET /item/regre10332664/ HTTP/1.1" 404 9551 "-" "Mozilla/5.0 (compatible; YandexBot/3.0; +http://yandex.com/bots)"
87.250.224.79 - - [21/Jul/2025:02:32:55 +0000] "GET /item/weddi52370348/ HTTP/1.1" 404 9551 "-" "Mozilla/5.0 (compatible; YandexBot/3.0; +http://yandex.com/bots)"
213.180.203.15 - - [21/Jul/2025:02:32:56 +0000] "GET /item/that22865169/ HTTP/1.1" 404 9551 "-" "Mozilla/5.0 (compatible; YandexBot/3.0; +http://yandex.com/bots)"
95.108.213.87 - - [21/Jul/2025:02:32:56 +0000] "GET /item/adver30089170/ HTTP/1.1" 404 9551 "-" "Mozilla/5.0 (compatible; YandexBot/3.0; +http://yandex.com/bots)"
213.180.203.44 - - [21/Jul/2025:02:32:57 +0000] "GET /item/ticke31565186/ HTTP/1.1" 404 9551 "-" "Mozilla/5.0 (compatible; YandexBot/3.0; +http://yandex.com/bots)"
87.250.224.39 - - [21/Jul/2025:02:32:57 +0000] "GET /item/lack32574842/ HTTP/1.1" 404 9551 "-" "Mozilla/5.0 (compatible; YandexBot/3.0; +http://yandex.com/bots)"
87.250.224.28 - - [21/Jul/2025:02:32:58 +0000] "GET /item/withs72295174/ HTTP/1.1" 404 9551 "-" "Mozilla/5.0 (compatible; YandexBot/3.0; +http://yandex.com/bots)"
213.180.203.158 - - [21/Jul/2025:02:32:58 +0000] "GET /item/rearr32529978/ HTTP/1.1" 404 9551 "-" "Mozilla/5.0 (compatible; YandexBot/3.0; +http://yandex.com/bots)"
87.250.224.254 - - [21/Jul/2025:02:32:59 +0000] "GET /item/airli50048636/ HTTP/1.1" 404 9551 "-" "Mozilla/5.0 (compatible; YandexBot/3.0; +http://yandex.com/bots)"
95.108.213.169 - - [21/Jul/2025:02:32:59 +0000] "GET /item/conte61849837/ HTTP/1.1" 404 9551 "-" "Mozilla/5.0 (compatible; YandexBot/3.0; +http://yandex.com/bots)"
95.108.213.211 - - [21/Jul/2025:02:33:00 +0000] "GET /item/hide80593727/ HTTP/1.1" 404 9551 "-" "Mozilla/5.0 (compatible; YandexBot/3.0; +http://yandex.com/bots)"
5.255.231.87 - - [21/Jul/2025:02:33:00 +0000] "GET /item/wife10928512/ HTTP/1.1" 404 9551 "-" "Mozilla/5.0 (compatible; YandexBot/3.0; +http://yandex.com/bots)"
213.180.203.148 - - [21/Jul/2025:02:33:01 +0000] "GET /item/respe10066392/ HTTP/1.1" 404 9551 "-" "Mozilla/5.0 (compatible; YandexBot/3.0; +http://yandex.com/bots) AppleWebKit/537.36 (KHTML, like Gecko) Chrome/108.0.0.0"
5.255.231.183 - - [21/Jul/2025:02:33:01 +0000] "GET /item/forei11656224/ HTTP/1.1" 404 9551 "-" "Mozilla/5.0 (compatible; YandexBot/3.0; +http://yandex.com/bots) AppleWebKit/537.36 (KHTML, like Gecko) Chrome/108.0.0.0"
213.180.203.130 - - [21/Jul/2025:02:33:02 +0000] "GET /item/reven41773915/ HTTP/1.1" 404 9551 "-" "Mozilla/5.0 (compatible; YandexBot/3.0; +http://yandex.com/bots) AppleWebKit/537.36 (KHTML, like Gecko) Chrome/108.0.0.0"
87.250.224.212 - - [21/Jul/2025:02:33:02 +0000] "GET /item/aspec82307399/ HTTP/1.1" 404 9551 "-" "Mozilla/5.0 (compatible; YandexBot/3.0; +http://yandex.com/bots) AppleWebKit/537.36 (KHTML, like Gecko) Chrome/108.0.0.0"
87.250.224.79 - - [21/Jul/2025:02:33:03 +0000] "GET /item/gauge60819381/ HTTP/1.1" 404 9551 "-" "Mozilla/5.0 (compatible; YandexBot/3.0; +http://yandex.com/bots) AppleWebKit/537.36 (KHTML, like Gecko) Chrome/108.0.0.0"
213.180.203.15 - - [21/Jul/2025:02:33:03 +0000] "GET /item/devis82274815/ HTTP/1.1" 404 9551 "-" "Mozilla/5.0 (compatible; YandexBot/3.0; +http://yandex.com/bots) AppleWebKit/537.36 (KHTML, like Gecko) Chrome/108.0.0.0"
95.108.213.87 - - [21/Jul/2025:02:33:04 +0000] "GET /item/gramm52808948/ HTTP/1.1" 404 9551 "-" "Mozilla/5.0 (compatible; YandexBot/3.0; +http://yandex.com/bots) AppleWebKit/537.36 (KHTML, like Gecko) Chrome/108.0.0.0"
213.180.203.44 - - [21/Jul/2025:02:33:04 +0000] "GET /item/chef30646226/ HTTP/1.1" 404 9551 "-" "Mozilla/5.0 (compatible; YandexBot/3.0; +http://yandex.com/bots) AppleWebKit/537.36 (KHTML, like Gecko) Chrome/108.0.0.0"
87.250.224.39 - - [21/Jul/2025:02:33:05 +0000] "GET /item/thera82030135/ HTTP/1.1" 404 9551 "-" "Mozilla/5.0 (compatible; YandexBot/3.0; +http://yandex.com/bots) AppleWebKit/537.36 (KHTML, like Gecko) Chrome/108.0.0.0"
87.250.224.28 - - [21/Jul/2025:02:33:05 +0000] "GET /item/pear12676536/ HTTP/1.1" 404 9551 "-" "Mozilla/5.0 (compatible; YandexBot/3.0; +http://yandex.com/bots)"
213.180.203.158 - - [21/Jul/2025:02:33:06 +0000] "GET /item/chine42540267/ HTTP/1.1" 404 9551 "-" "Mozilla/5.0 (compatible; YandexBot/3.0; +http://yandex.com/bots)"
87.250.224.254 - - [21/Jul/2025:02:33:06 +0000] "GET /item/attor50351796/ HTTP/1.1" 404 9551 "-" "Mozilla/5.0 (compatible; YandexBot/3.0; +http://yandex.com/bots)"
95.108.213.169 - - [21/Jul/2025:02:33:07 +0000] "GET /item/south10844376/ HTTP/1.1" 404 9551 "-" "Mozilla/5.0 (compatible; YandexBot/3.0; +http://yandex.com/bots)"
95.108.213.211 - - [21/Jul/2025:02:33:07 +0000] "GET /item/dyne52075964/ HTTP/1.1" 404 9551 "-" "Mozilla/5.0 (compatible; YandexBot/3.0; +http://yandex.com/bots)"
5.255.231.87 - - [21/Jul/2025:02:33:08 +0000] "GET /item/rarel72622598/ HTTP/1.1" 404 9551 "-" "Mozilla/5.0 (compatible; YandexBot/3.0; +http://yandex.com/bots)"
213.180.203.148 - - [21/Jul/2025:02:33:08 +0000] "GET /item/prefa21734657/ HTTP/1.1" 404 9551 "-" "Mozilla/5.0 (compatible; YandexBot/3.0; +http://yandex.com/bots)"
5.255.231.183 - - [21/Jul/2025:02:33:09 +0000] "GET /item/cure41023099/ HTTP/1.1" 404 9551 "-" "Mozilla/5.0 (compatible; YandexBot/3.0; +http://yandex.com/bots)"
213.180.203.130 - - [21/Jul/2025:02:33:09 +0000] "GET /item/you22700185/ HTTP/1.1" 404 9551 "-" "Mozilla/5.0 (compatible; YandexBot/3.0; +http://yandex.com/bots)"
87.250.224.212 - - [21/Jul/2025:02:33:10 +0000] "GET /item/lifes60165413/ HTTP/1.1" 404 9551 "-" "Mozilla/5.0 (compatible; YandexBot/3.0; +http://yandex.com/bots)"
87.250.224.79 - - [21/Jul/2025:02:33:10 +0000] "GET /item/conde72894606/ HTTP/1.1" 404 9551 "-" "Mozilla/5.0 (compatible; YandexBot/3.0; +http://yandex.com/bots)"
213.180.203.15 - - [21/Jul/2025:02:33:11 +0000] "GET /item/decor40442411/ HTTP/1.1" 404 9551 "-" "Mozilla/5.0 (compatible; YandexBot/3.0; +http://yandex.com/bots)"
95.108.213.87 - - [21/Jul/2025:02:33:11 +0000] "GET /item/main52576444/ HTTP/1.1" 404 9551 "-" "Mozilla/5.0 (compatible; YandexBot/3.0; +http://yandex.com/bots)"
209.74.77.214 - - [21/Jul/2025:02:33:12 +0000] "POST /wp-cron.php?doing_wp_cron=1753065192.3783409595489501953125 HTTP/1.1" 200 - "-" "WordPress/6.8.2; https://abl.academy"
213.180.203.44 - - [21/Jul/2025:02:33:12 +0000] "GET /item/disco32528082/ HTTP/1.1" 404 9551 "-" "Mozilla/5.0 (compatible; YandexBot/3.0; +http://yandex.com/bots)"
87.250.224.39 - - [21/Jul/2025:02:33:12 +0000] "GET /item/nearb51585604/ HTTP/1.1" 404 9551 "-" "Mozilla/5.0 (compatible; YandexBot/3.0; +http://yandex.com/bots)"
87.250.224.28 - - [21/Jul/2025:02:33:13 +0000] "GET /item/charg72323262/ HTTP/1.1" 404 9551 "-" "Mozilla/5.0 (compatible; YandexBot/3.0; +http://yandex.com/bots)"
213.180.203.158 - - [21/Jul/2025:02:33:13 +0000] "GET /item/quest70145262/ HTTP/1.1" 404 9551 "-" "Mozilla/5.0 (compatible; YandexBot/3.0; +http://yandex.com/bots)"
87.250.224.254 - - [21/Jul/2025:02:33:14 +0000] "GET /item/antic50766124/ HTTP/1.1" 404 9551 "-" "Mozilla/5.0 (compatible; YandexBot/3.0; +http://yandex.com/bots)"
95.108.213.169 - - [21/Jul/2025:02:33:14 +0000] "GET /item/and82004951/ HTTP/1.1" 404 9551 "-" "Mozilla/5.0 (compatible; YandexBot/3.0; +http://yandex.com/bots)"
95.108.213.211 - - [21/Jul/2025:02:33:15 +0000] "GET /item/pole72351190/ HTTP/1.1" 404 9551 "-" "Mozilla/5.0 (compatible; YandexBot/3.0; +http://yandex.com/bots)"
5.255.231.87 - - [21/Jul/2025:02:33:15 +0000] "GET /item/targe22263761/ HTTP/1.1" 404 9551 "-" "Mozilla/5.0 (compatible; YandexBot/3.0; +http://yandex.com/bots) AppleWebKit/537.36 (KHTML, like Gecko) Chrome/108.0.0.0"
213.180.203.148 - - [21/Jul/2025:02:33:16 +0000] "GET /item/displ30201658/ HTTP/1.1" 404 9551 "-" "Mozilla/5.0 (compatible; YandexBot/3.0; +http://yandex.com/bots) AppleWebKit/537.36 (KHTML, like Gecko) Chrome/108.0.0.0"
5.255.231.183 - - [21/Jul/2025:02:33:16 +0000] "GET /item/pant60311877/ HTTP/1.1" 404 9551 "-" "Mozilla/5.0 (compatible; YandexBot/3.0; +http://yandex.com/bots) AppleWebKit/537.36 (KHTML, like Gecko) Chrome/108.0.0.0"
213.180.203.130 - - [21/Jul/2025:02:33:17 +0000] "GET /item/roll80398535/ HTTP/1.1" 404 9551 "-" "Mozilla/5.0 (compatible; YandexBot/3.0; +http://yandex.com/bots) AppleWebKit/537.36 (KHTML, like Gecko) Chrome/108.0.0.0"
