87.250.224.212 - - [21/Jul/2025:02:45:39 +0000] "GET /item/horse22660657/ HTTP/1.1" 404 9551 "-" "Mozilla/5.0 (compatible; YandexBot/3.0; +http://yandex.com/bots)"
87.250.224.79 - - [21/Jul/2025:02:45:39 +0000] "GET /item/tape50880964/ HTTP/1.1" 404 9551 "-" "Mozilla/5.0 (compatible; YandexBot/3.0; +http://yandex.com/bots)"
95.108.213.2 - - [21/Jul/2025:02:45:40 +0000] "GET /item/tape50880964/ HTTP/1.1" 404 9551 "-" "Mozilla/5.0 (compatible; YandexBot/3.0; +http://yandex.com/bots)"
213.180.203.15 - - [21/Jul/2025:02:45:41 +0000] "GET /item/thera82202135/ HTTP/1.1" 404 9551 "-" "Mozilla/5.0 (compatible; YandexBot/3.0; +http://yandex.com/bots) AppleWebKit/537.36 (KHTML, like Gecko) Chrome/108.0.0.0"
213.180.203.44 - - [21/Jul/2025:02:45:41 +0000] "GET /item/serb72303918/ HTTP/1.1" 404 9551 "-" "Mozilla/5.0 (compatible; YandexBot/3.0; +http://yandex.com/bots)"
87.250.224.39 - - [21/Jul/2025:02:45:42 +0000] "GET /item/heat72656910/ HTTP/1.1" 404 9551 "-" "Mozilla/5.0 (compatible; YandexBot/3.0; +http://yandex.com/bots) AppleWebKit/537.36 (KHTML, like Gecko) Chrome/108.0.0.0"
95.108.213.87 - - [21/Jul/2025:02:45:43 +0000] "GET /item/among31216626/ HTTP/1.1" 404 9551 "-" "Mozilla/5.0 (compatible; YandexBot/3.0; +http://yandex.com/bots)"
87.250.224.28 - - [21/Jul/2025:02:45:43 +0000] "GET /item/mote81771863/ HTTP/1.1" 404 9551 "-" "Mozilla/5.0 (compatible; YandexBot/3.0; +http://yandex.com/bots)"
213.180.203.158 - - [21/Jul/2025:02:45:45 +0000] "GET /item/appla52975780/ HTTP/1.1" 404 9551 "-" "Mozilla/5.0 (compatible; YandexBot/3.0; +http://yandex.com/bots)"
87.250.224.254 - - [21/Jul/2025:02:45:48 +0000] "GET /item/prove81132095/ HTTP/1.1" 404 9551 "-" "Mozilla/5.0 (compatible; YandexBot/3.0; +http://yandex.com/bots)"
95.108.213.169 - - [21/Jul/2025:02:45:49 +0000] "GET /item/sign12501728/ HTTP/1.1" 404 9551 "-" "Mozilla/5.0 (compatible; YandexBot/3.0; +http://yandex.com/bots) AppleWebKit/537.36 (KHTML, like Gecko) Chrome/108.0.0.0"
95.108.213.211 - - [21/Jul/2025:02:45:50 +0000] "GET /item/mouse40013547/ HTTP/1.1" 404 9551 "-" "Mozilla/5.0 (compatible; YandexBot/3.0; +http://yandex.com/bots)"
5.255.231.87 - - [21/Jul/2025:02:45:53 +0000] "GET /item/ink50116492/ HTTP/1.1" 404 9551 "-" "Mozilla/5.0 (compatible; YandexBot/3.0; +http://yandex.com/bots)"
5.255.231.183 - - [21/Jul/2025:02:45:55 +0000] "GET /item/refin22470337/ HTTP/1.1" 404 9551 "-" "Mozilla/5.0 (compatible; YandexBot/3.0; +http://yandex.com/bots)"
213.180.203.148 - - [21/Jul/2025:02:45:55 +0000] "GET /item/lick21519465/ HTTP/1.1" 404 9551 "-" "Mozilla/5.0 (compatible; YandexBot/3.0; +http://yandex.com/bots)"
213.180.203.130 - - [21/Jul/2025:02:45:56 +0000] "GET /item/junio40159467/ HTTP/1.1" 404 9551 "-" "Mozilla/5.0 (compatible; YandexBot/3.0; +http://yandex.com/bots)"
87.250.224.212 - - [21/Jul/2025:02:46:00 +0000] "GET /item/pint12319064/ HTTP/1.1" 404 9551 "-" "Mozilla/5.0 (compatible; YandexBot/3.0; +http://yandex.com/bots)"
213.180.203.15 - - [21/Jul/2025:02:46:01 +0000] "GET /item/fact21824521/ HTTP/1.1" 404 9551 "-" "Mozilla/5.0 (compatible; YandexBot/3.0; +http://yandex.com/bots)"
87.250.224.79 - - [21/Jul/2025:02:46:01 +0000] "GET /item/chamb10599400/ HTTP/1.1" 404 9551 "-" "Mozilla/5.0 (compatible; YandexBot/3.0; +http://yandex.com/bots) AppleWebKit/537.36 (KHTML, like Gecko) Chrome/108.0.0.0"
95.108.213.87 - - [21/Jul/2025:02:46:03 +0000] "GET /item/deed50898932/ HTTP/1.1" 404 9551 "-" "Mozilla/5.0 (compatible; YandexBot/3.0; +http://yandex.com/bots)"
87.250.224.39 - - [21/Jul/2025:02:46:03 +0000] "GET /item/new31520018/ HTTP/1.1" 404 9551 "-" "Mozilla/5.0 (compatible; YandexBot/3.0; +http://yandex.com/bots)"
213.180.203.44 - - [21/Jul/2025:02:46:03 +0000] "GET /item/paper22296217/ HTTP/1.1" 404 9551 "-" "Mozilla/5.0 (compatible; YandexBot/3.0; +http://yandex.com/bots)"
87.250.224.28 - - [21/Jul/2025:02:46:04 +0000] "GET /item/trage82669391/ HTTP/1.1" 404 9551 "-" "Mozilla/5.0 (compatible; YandexBot/3.0; +http://yandex.com/bots)"
213.180.203.158 - - [21/Jul/2025:02:46:07 +0000] "GET /item/law82593223/ HTTP/1.1" 404 9551 "-" "Mozilla/5.0 (compatible; YandexBot/3.0; +http://yandex.com/bots) AppleWebKit/537.36 (KHTML, like Gecko) Chrome/108.0.0.0"
87.250.224.254 - - [21/Jul/2025:02:46:08 +0000] "GET /item/prete10113320/ HTTP/1.1" 404 9551 "-" "Mozilla/5.0 (compatible; YandexBot/3.0; +http://yandex.com/bots)"
95.108.213.169 - - [21/Jul/2025:02:46:08 +0000] "GET /item/compi71686830/ HTTP/1.1" 404 9551 "-" "Mozilla/5.0 (compatible; YandexBot/3.0; +http://yandex.com/bots)"
95.108.213.211 - - [21/Jul/2025:02:46:08 +0000] "GET /item/inval82425975/ HTTP/1.1" 404 9551 "-" "Mozilla/5.0 (compatible; YandexBot/3.0; +http://yandex.com/bots)"
5.255.231.87 - - [21/Jul/2025:02:46:09 +0000] "GET /item/regar62080373/ HTTP/1.1" 404 9551 "-" "Mozilla/5.0 (compatible; YandexBot/3.0; +http://yandex.com/bots) AppleWebKit/537.36 (KHTML, like Gecko) Chrome/108.0.0.0"
213.180.203.148 - - [21/Jul/2025:02:46:09 +0000] "GET /item/view72457630/ HTTP/1.1" 404 9551 "-" "Mozilla/5.0 (compatible; YandexBot/3.0; +http://yandex.com/bots)"
5.255.231.183 - - [21/Jul/2025:02:46:10 +0000] "GET /item/wit81890623/ HTTP/1.1" 404 9551 "-" "Mozilla/5.0 (compatible; YandexBot/3.0; +http://yandex.com/bots)"
209.74.77.214 - - [21/Jul/2025:02:46:12 +0000] "POST /wp-cron.php?doing_wp_cron=1753065972.0079209804534912109375 HTTP/1.1" 200 - "-" "WordPress/6.8.2; https://abl.academy"
87.250.224.212 - - [21/Jul/2025:02:46:11 +0000] "GET /item/nearl81960135/ HTTP/1.1" 404 9551 "-" "Mozilla/5.0 (compatible; YandexBot/3.0; +http://yandex.com/bots)"
87.250.224.79 - - [21/Jul/2025:02:46:11 +0000] "GET /item/furth32491202/ HTTP/1.1" 404 9551 "-" "Mozilla/5.0 (compatible; YandexBot/3.0; +http://yandex.com/bots)"
213.180.203.130 - - [21/Jul/2025:02:46:11 +0000] "GET /item/much30725546/ HTTP/1.1" 404 9551 "-" "Mozilla/5.0 (compatible; YandexBot/3.0; +http://yandex.com/bots) AppleWebKit/537.36 (KHTML, like Gecko) Chrome/108.0.0.0"
213.180.203.15 - - [21/Jul/2025:02:46:11 +0000] "GET /item/money61332997/ HTTP/1.1" 404 9551 "-" "Mozilla/5.0 (compatible; YandexBot/3.0; +http://yandex.com/bots)"
95.108.213.87 - - [21/Jul/2025:02:46:12 +0000] "GET /item/veloc60271637/ HTTP/1.1" 404 9551 "-" "Mozilla/5.0 (compatible; YandexBot/3.0; +http://yandex.com/bots)"
213.180.203.44 - - [21/Jul/2025:02:46:12 +0000] "GET /item/woode11591288/ HTTP/1.1" 404 9551 "-" "Mozilla/5.0 (compatible; YandexBot/3.0; +http://yandex.com/bots)"
87.250.224.39 - - [21/Jul/2025:02:46:14 +0000] "GET /item/green11752832/ HTTP/1.1" 404 9551 "-" "Mozilla/5.0 (compatible; YandexBot/3.0; +http://yandex.com/bots)"
87.250.224.28 - - [21/Jul/2025:02:46:18 +0000] "GET /item/gestu70314302/ HTTP/1.1" 404 9551 "-" "Mozilla/5.0 (compatible; YandexBot/3.0; +http://yandex.com/bots) AppleWebKit/537.36 (KHTML, like Gecko) Chrome/108.0.0.0"
213.180.203.158 - - [21/Jul/2025:02:46:19 +0000] "GET /item/suspe80034103/ HTTP/1.1" 404 9551 "-" "Mozilla/5.0 (compatible; YandexBot/3.0; +http://yandex.com/bots)"
87.250.224.254 - - [21/Jul/2025:02:46:20 +0000] "GET /item/misle41805459/ HTTP/1.1" 404 9551 "-" "Mozilla/5.0 (compatible; YandexBot/3.0; +http://yandex.com/bots)"
95.108.213.169 - - [21/Jul/2025:02:46:21 +0000] "GET /item/oven22430825/ HTTP/1.1" 404 9551 "-" "Mozilla/5.0 (compatible; YandexBot/3.0; +http://yandex.com/bots)"
5.255.231.87 - - [21/Jul/2025:02:46:22 +0000] "GET /item/barel51189980/ HTTP/1.1" 404 9551 "-" "Mozilla/5.0 (compatible; YandexBot/3.0; +http://yandex.com/bots) AppleWebKit/537.36 (KHTML, like Gecko) Chrome/108.0.0.0"
95.108.213.211 - - [21/Jul/2025:02:46:22 +0000] "GET /item/limp72595814/ HTTP/1.1" 404 9551 "-" "Mozilla/5.0 (compatible; YandexBot/3.0; +http://yandex.com/bots) AppleWebKit/537.36 (KHTML, like Gecko) Chrome/108.0.0.0"
213.180.203.148 - - [21/Jul/2025:02:46:23 +0000] "GET /item/chain72034894/ HTTP/1.1" 404 9551 "-" "Mozilla/5.0 (compatible; YandexBot/3.0; +http://yandex.com/bots)"
5.255.231.183 - - [21/Jul/2025:02:46:23 +0000] "GET /item/help32504522/ HTTP/1.1" 404 9551 "-" "Mozilla/5.0 (compatible; YandexBot/3.0; +http://yandex.com/bots)"
213.180.203.130 - - [21/Jul/2025:02:46:24 +0000] "GET /item/varia60763397/ HTTP/1.1" 404 9551 "-" "Mozilla/5.0 (compatible; YandexBot/3.0; +http://yandex.com/bots)"
87.250.224.212 - - [21/Jul/2025:02:46:26 +0000] "GET /item/timbe10835808/ HTTP/1.1" 404 9551 "-" "Mozilla/5.0 (compatible; YandexBot/3.0; +http://yandex.com/bots)"
87.250.224.79 - - [21/Jul/2025:02:46:27 +0000] "GET /item/frank11910552/ HTTP/1.1" 404 9551 "-" "Mozilla/5.0 (compatible; YandexBot/3.0; +http://yandex.com/bots)"
213.180.203.15 - - [21/Jul/2025:02:46:27 +0000] "GET /item/card41100707/ HTTP/1.1" 404 9551 "-" "Mozilla/5.0 (compatible; YandexBot/3.0; +http://yandex.com/bots)"
95.108.213.87 - - [21/Jul/2025:02:46:28 +0000] "GET /item/bed71753198/ HTTP/1.1" 404 9551 "-" "Mozilla/5.0 (compatible; YandexBot/3.0; +http://yandex.com/bots)"
213.180.203.44 - - [21/Jul/2025:02:46:29 +0000] "GET /item/twent80940535/ HTTP/1.1" 404 9551 "-" "Mozilla/5.0 (compatible; YandexBot/3.0; +http://yandex.com/bots) AppleWebKit/537.36 (KHTML, like Gecko) Chrome/108.0.0.0"
209.74.77.214 - - [21/Jul/2025:02:46:31 +0000] "POST /wp-cron.php?doing_wp_cron=1753065991.0155439376831054687500 HTTP/1.1" 200 - "-" "WordPress/6.8.2; https://abl.academy"
87.250.224.28 - - [21/Jul/2025:02:46:30 +0000] "GET /item/kiss52836028/ HTTP/1.1" 404 9551 "-" "Mozilla/5.0 (compatible; YandexBot/3.0; +http://yandex.com/bots)"
87.250.224.39 - - [21/Jul/2025:02:46:30 +0000] "GET /item/maid52703308/ HTTP/1.1" 404 9551 "-" "Mozilla/5.0 (compatible; YandexBot/3.0; +http://yandex.com/bots)"
213.180.203.158 - - [21/Jul/2025:02:46:31 +0000] "GET /item/stude21652489/ HTTP/1.1" 404 9551 "-" "Mozilla/5.0 (compatible; YandexBot/3.0; +http://yandex.com/bots)"
87.250.224.254 - - [21/Jul/2025:02:46:32 +0000] "GET /item/scrub30403986/ HTTP/1.1" 404 9551 "-" "Mozilla/5.0 (compatible; YandexBot/3.0; +http://yandex.com/bots)"
95.108.213.169 - - [21/Jul/2025:02:46:35 +0000] "GET /item/nor31497258/ HTTP/1.1" 404 9551 "-" "Mozilla/5.0 (compatible; YandexBot/3.0; +http://yandex.com/bots) AppleWebKit/537.36 (KHTML, like Gecko) Chrome/108.0.0.0"
95.108.213.211 - - [21/Jul/2025:02:46:35 +0000] "GET /item/yet40660451/ HTTP/1.1" 404 9551 "-" "Mozilla/5.0 (compatible; YandexBot/3.0; +http://yandex.com/bots)"
5.255.231.87 - - [21/Jul/2025:02:46:36 +0000] "GET /item/outgo61585333/ HTTP/1.1" 404 9551 "-" "Mozilla/5.0 (compatible; YandexBot/3.0; +http://yandex.com/bots)"
5.255.231.183 - - [21/Jul/2025:02:46:37 +0000] "GET /item/chair51392236/ HTTP/1.1" 404 9551 "-" "Mozilla/5.0 (compatible; YandexBot/3.0; +http://yandex.com/bots)"
213.180.203.148 - - [21/Jul/2025:02:46:37 +0000] "GET /item/maste51685300/ HTTP/1.1" 404 9551 "-" "Mozilla/5.0 (compatible; YandexBot/3.0; +http://yandex.com/bots)"
213.180.203.130 - - [21/Jul/2025:02:46:38 +0000] "GET /item/behav71648310/ HTTP/1.1" 404 9551 "-" "Mozilla/5.0 (compatible; YandexBot/3.0; +http://yandex.com/bots)"
87.250.224.212 - - [21/Jul/2025:02:46:39 +0000] "GET /item/confl41146259/ HTTP/1.1" 404 9551 "-" "Mozilla/5.0 (compatible; YandexBot/3.0; +http://yandex.com/bots) AppleWebKit/537.36 (KHTML, like Gecko) Chrome/108.0.0.0"
87.250.224.79 - - [21/Jul/2025:02:46:39 +0000] "GET /item/fishe80672495/ HTTP/1.1" 404 9551 "-" "Mozilla/5.0 (compatible; YandexBot/3.0; +http://yandex.com/bots)"
213.180.203.15 - - [21/Jul/2025:02:46:39 +0000] "GET /item/chick41880387/ HTTP/1.1" 404 9551 "-" "Mozilla/5.0 (compatible; YandexBot/3.0; +http://yandex.com/bots)"
95.108.213.87 - - [21/Jul/2025:02:46:44 +0000] "GET /item/celeb41080971/ HTTP/1.1" 404 9551 "-" "Mozilla/5.0 (compatible; YandexBot/3.0; +http://yandex.com/bots)"
213.180.203.44 - - [21/Jul/2025:02:46:44 +0000] "GET /item/actua22930961/ HTTP/1.1" 404 9551 "-" "Mozilla/5.0 (compatible; YandexBot/3.0; +http://yandex.com/bots) AppleWebKit/537.36 (KHTML, like Gecko) Chrome/108.0.0.0"
87.250.224.39 - - [21/Jul/2025:02:46:46 +0000] "GET /item/headm10479440/ HTTP/1.1" 404 9551 "-" "Mozilla/5.0 (compatible; YandexBot/3.0; +http://yandex.com/bots)"
87.250.224.28 - - [21/Jul/2025:02:46:48 +0000] "GET /item/chanc72885150/ HTTP/1.1" 404 9551 "-" "Mozilla/5.0 (compatible; YandexBot/3.0; +http://yandex.com/bots)"
213.180.203.158 - - [21/Jul/2025:02:46:50 +0000] "GET /item/dawn10619056/ HTTP/1.1" 404 9551 "-" "Mozilla/5.0 (compatible; YandexBot/3.0; +http://yandex.com/bots)"
87.250.224.254 - - [21/Jul/2025:02:46:50 +0000] "GET /item/remar12170568/ HTTP/1.1" 404 9551 "-" "Mozilla/5.0 (compatible; YandexBot/3.0; +http://yandex.com/bots) AppleWebKit/537.36 (KHTML, like Gecko) Chrome/108.0.0.0"
95.108.213.169 - - [21/Jul/2025:02:46:51 +0000] "GET /item/facil81370407/ HTTP/1.1" 404 9551 "-" "Mozilla/5.0 (compatible; YandexBot/3.0; +http://yandex.com/bots)"
95.108.213.211 - - [21/Jul/2025:02:46:52 +0000] "GET /item/calm41857627/ HTTP/1.1" 404 9551 "-" "Mozilla/5.0 (compatible; YandexBot/3.0; +http://yandex.com/bots)"
5.255.231.87 - - [21/Jul/2025:02:46:53 +0000] "GET /item/disco31412082/ HTTP/1.1" 404 9551 "-" "Mozilla/5.0 (compatible; YandexBot/3.0; +http://yandex.com/bots)"
213.180.203.148 - - [21/Jul/2025:02:46:53 +0000] "GET /item/freel71378646/ HTTP/1.1" 404 9551 "-" "Mozilla/5.0 (compatible; YandexBot/3.0; +http://yandex.com/bots)"
5.255.231.183 - - [21/Jul/2025:02:46:53 +0000] "GET /item/drain50850652/ HTTP/1.1" 404 9551 "-" "Mozilla/5.0 (compatible; YandexBot/3.0; +http://yandex.com/bots)"
45.227.253.15 - - [21/Jul/2025:02:46:55 +0000] "GET /?of=1 HTTP/1.1" 200 6021 "-" "Mozilla/5.0 (Macintosh; Intel Mac OS X 10.15; rv:103.0) Gecko/20100101 Firefox/101.0"
213.180.203.130 - - [21/Jul/2025:02:46:57 +0000] "GET /item/foul50295972/ HTTP/1.1" 404 9551 "-" "Mozilla/5.0 (compatible; YandexBot/3.0; +http://yandex.com/bots)"
87.250.224.212 - - [21/Jul/2025:02:46:59 +0000] "GET /item/judge80594327/ HTTP/1.1" 404 9551 "-" "Mozilla/5.0 (compatible; YandexBot/3.0; +http://yandex.com/bots)"
213.180.203.15 - - [21/Jul/2025:02:46:59 +0000] "GET /item/inser60027101/ HTTP/1.1" 404 9551 "-" "Mozilla/5.0 (compatible; YandexBot/3.0; +http://yandex.com/bots)"
87.250.224.79 - - [21/Jul/2025:02:47:00 +0000] "GET /item/place10424408/ HTTP/1.1" 404 9551 "-" "Mozilla/5.0 (compatible; YandexBot/3.0; +http://yandex.com/bots) AppleWebKit/537.36 (KHTML, like Gecko) Chrome/108.0.0.0"
213.180.203.44 - - [21/Jul/2025:02:47:01 +0000] "GET /item/effec82674399/ HTTP/1.1" 404 9551 "-" "Mozilla/5.0 (compatible; YandexBot/3.0; +http://yandex.com/bots)"
95.108.213.87 - - [21/Jul/2025:02:47:01 +0000] "GET /item/costl41795459/ HTTP/1.1" 404 9551 "-" "Mozilla/5.0 (compatible; YandexBot/3.0; +http://yandex.com/bots)"
87.250.224.39 - - [21/Jul/2025:02:47:02 +0000] "GET /item/struc72697502/ HTTP/1.1" 404 9551 "-" "Mozilla/5.0 (compatible; YandexBot/3.0; +http://yandex.com/bots) AppleWebKit/537.36 (KHTML, like Gecko) Chrome/108.0.0.0"
87.250.224.254 - - [21/Jul/2025:02:47:02 +0000] "GET /item/shell82657575/ HTTP/1.1" 404 9551 "-" "Mozilla/5.0 (compatible; YandexBot/3.0; +http://yandex.com/bots)"
87.250.224.28 - - [21/Jul/2025:02:47:02 +0000] "GET /item/ad10551320/ HTTP/1.1" 404 9551 "-" "Mozilla/5.0 (compatible; YandexBot/3.0; +http://yandex.com/bots) AppleWebKit/537.36 (KHTML, like Gecko) Chrome/108.0.0.0"
213.180.203.158 - - [21/Jul/2025:02:47:03 +0000] "GET /item/reade62738661/ HTTP/1.1" 404 9551 "-" "Mozilla/5.0 (compatible; YandexBot/3.0; +http://yandex.com/bots)"
95.108.213.169 - - [21/Jul/2025:02:47:04 +0000] "GET /item/manag71112126/ HTTP/1.1" 404 9551 "-" "Mozilla/5.0 (compatible; YandexBot/3.0; +http://yandex.com/bots)"
95.108.213.211 - - [21/Jul/2025:02:47:05 +0000] "GET /item/museu50380900/ HTTP/1.1" 404 9551 "-" "Mozilla/5.0 (compatible; YandexBot/3.0; +http://yandex.com/bots) AppleWebKit/537.36 (KHTML, like Gecko) Chrome/108.0.0.0"
5.255.231.87 - - [21/Jul/2025:02:47:05 +0000] "GET /item/gay51994796/ HTTP/1.1" 404 9551 "-" "Mozilla/5.0 (compatible; YandexBot/3.0; +http://yandex.com/bots)"
213.180.203.148 - - [21/Jul/2025:02:47:06 +0000] "GET /item/behav70372310/ HTTP/1.1" 404 9551 "-" "Mozilla/5.0 (compatible; YandexBot/3.0; +http://yandex.com/bots)"
5.255.231.183 - - [21/Jul/2025:02:47:10 +0000] "GET /item/error51326580/ HTTP/1.1" 404 9551 "-" "Mozilla/5.0 (compatible; YandexBot/3.0; +http://yandex.com/bots)"
213.180.203.130 - - [21/Jul/2025:02:47:10 +0000] "GET /item/media72887750/ HTTP/1.1" 404 9551 "-" "Mozilla/5.0 (compatible; YandexBot/3.0; +http://yandex.com/bots)"
87.250.224.212 - - [21/Jul/2025:02:47:11 +0000] "GET /item/intak50194372/ HTTP/1.1" 404 9551 "-" "Mozilla/5.0 (compatible; YandexBot/3.0; +http://yandex.com/bots)"
209.74.77.214 - - [21/Jul/2025:02:47:12 +0000] "POST /wp-cron.php?doing_wp_cron=1753066032.0582239627838134765625 HTTP/1.1" 200 - "-" "WordPress/6.8.2; https://abl.academy"
87.250.224.79 - - [21/Jul/2025:02:47:11 +0000] "GET /item/devel11232808/ HTTP/1.1" 404 9551 "-" "Mozilla/5.0 (compatible; YandexBot/3.0; +http://yandex.com/bots)"
213.180.203.15 - - [21/Jul/2025:02:47:12 +0000] "GET /item/issue51081884/ HTTP/1.1" 404 9551 "-" "Mozilla/5.0 (compatible; YandexBot/3.0; +http://yandex.com/bots)"
95.108.213.87 - - [21/Jul/2025:02:47:13 +0000] "GET /item/salar50403652/ HTTP/1.1" 404 9551 "-" "Mozilla/5.0 (compatible; YandexBot/3.0; +http://yandex.com/bots)"
213.180.203.44 - - [21/Jul/2025:02:47:14 +0000] "GET /item/flap21511969/ HTTP/1.1" 404 9551 "-" "Mozilla/5.0 (compatible; YandexBot/3.0; +http://yandex.com/bots)"
87.250.224.39 - - [21/Jul/2025:02:47:16 +0000] "GET /item/east80500711/ HTTP/1.1" 404 9551 "-" "Mozilla/5.0 (compatible; YandexBot/3.0; +http://yandex.com/bots)"
87.250.224.28 - - [21/Jul/2025:02:47:19 +0000] "GET /item/root81741335/ HTTP/1.1" 404 9551 "-" "Mozilla/5.0 (compatible; YandexBot/3.0; +http://yandex.com/bots) AppleWebKit/537.36 (KHTML, like Gecko) Chrome/108.0.0.0"
213.180.203.158 - - [21/Jul/2025:02:47:19 +0000] "GET /item/freed70210638/ HTTP/1.1" 404 9551 "-" "Mozilla/5.0 (compatible; YandexBot/3.0; +http://yandex.com/bots)"
87.250.224.254 - - [21/Jul/2025:02:47:23 +0000] "GET /item/targe20019761/ HTTP/1.1" 404 9551 "-" "Mozilla/5.0 (compatible; YandexBot/3.0; +http://yandex.com/bots) AppleWebKit/537.36 (KHTML, like Gecko) Chrome/108.0.0.0"
95.108.213.211 - - [21/Jul/2025:02:47:24 +0000] "GET /item/guess31769082/ HTTP/1.1" 404 9551 "-" "Mozilla/5.0 (compatible; YandexBot/3.0; +http://yandex.com/bots)"
95.108.213.169 - - [21/Jul/2025:02:47:24 +0000] "GET /item/assoc50969516/ HTTP/1.1" 404 9551 "-" "Mozilla/5.0 (compatible; YandexBot/3.0; +http://yandex.com/bots) AppleWebKit/537.36 (KHTML, like Gecko) Chrome/108.0.0.0"
5.255.231.87 - - [21/Jul/2025:02:47:25 +0000] "GET /item/menta31930634/ HTTP/1.1" 404 9551 "-" "Mozilla/5.0 (compatible; YandexBot/3.0; +http://yandex.com/bots)"
213.180.203.148 - - [21/Jul/2025:02:47:28 +0000] "GET /item/annou10481720/ HTTP/1.1" 404 9551 "-" "Mozilla/5.0 (compatible; YandexBot/3.0; +http://yandex.com/bots)"
209.74.77.214 - - [21/Jul/2025:02:47:33 +0000] "POST /wp-cron.php?doing_wp_cron=1753066053.1298189163208007812500 HTTP/1.1" 200 - "-" "WordPress/6.8.2; https://abl.academy"
5.255.231.183 - - [21/Jul/2025:02:47:33 +0000] "GET /item/harsh80361983/ HTTP/1.1" 404 9551 "-" "Mozilla/5.0 (compatible; YandexBot/3.0; +http://yandex.com/bots) AppleWebKit/537.36 (KHTML, like Gecko) Chrome/108.0.0.0"
213.180.203.130 - - [21/Jul/2025:02:47:34 +0000] "GET /item/gauge60819381/ HTTP/1.1" 404 9551 "-" "Mozilla/5.0 (compatible; YandexBot/3.0; +http://yandex.com/bots) AppleWebKit/537.36 (KHTML, like Gecko) Chrome/108.0.0.0"
87.250.224.212 - - [21/Jul/2025:02:47:34 +0000] "GET /item/neigh20117617/ HTTP/1.1" 404 9551 "-" "Mozilla/5.0 (compatible; YandexBot/3.0; +http://yandex.com/bots)"
87.250.224.79 - - [21/Jul/2025:02:47:42 +0000] "GET /item/tiro31447898/ HTTP/1.1" 404 9551 "-" "Mozilla/5.0 (compatible; YandexBot/3.0; +http://yandex.com/bots)"
213.180.203.15 - - [21/Jul/2025:02:47:42 +0000] "GET /item/weld31803602/ HTTP/1.1" 404 9551 "-" "Mozilla/5.0 (compatible; YandexBot/3.0; +http://yandex.com/bots)"
95.108.213.87 - - [21/Jul/2025:02:47:43 +0000] "GET /item/semin81519807/ HTTP/1.1" 404 9551 "-" "Mozilla/5.0 (compatible; YandexBot/3.0; +http://yandex.com/bots) AppleWebKit/537.36 (KHTML, like Gecko) Chrome/108.0.0.0"
213.180.203.44 - - [21/Jul/2025:02:48:10 +0000] "GET /item/add12237240/ HTTP/1.1" 404 9551 "-" "Mozilla/5.0 (compatible; YandexBot/3.0; +http://yandex.com/bots)"
209.74.77.214 - - [21/Jul/2025:02:48:30 +0000] "POST /wp-cron.php?doing_wp_cron=1753066110.1924760341644287109375 HTTP/1.1" 200 - "-" "WordPress/6.8.2; https://abl.academy"
87.250.224.39 - - [21/Jul/2025:02:48:30 +0000] "GET /item/writi82455727/ HTTP/1.1" 404 9551 "-" "Mozilla/5.0 (compatible; YandexBot/3.0; +http://yandex.com/bots)"
209.74.77.214 - - [21/Jul/2025:02:48:32 +0000] "POST /wp-cron.php?doing_wp_cron=1753066112.2014260292053222656250 HTTP/1.1" 200 - "-" "WordPress/6.8.2; https://abl.academy"
87.250.224.28 - - [21/Jul/2025:02:48:32 +0000] "GET /item/beard72213526/ HTTP/1.1" 404 9551 "-" "Mozilla/5.0 (compatible; YandexBot/3.0; +http://yandex.com/bots)"
45.227.253.15 - - [21/Jul/2025:02:48:37 +0000] "GET /images/images/images/images/index.php?of=1 HTTP/1.1" 200 991 "-" "Mozilla/5.0 (iPhone; CPU iPhone OS 14_1 like Mac OS X) AppleWebKit/605.1.15 (KHTML, like Gecko) Version/14.0 Mobile/15E148 Safari/604.1"
207.180.204.84 - - [21/Jul/2025:02:48:40 +0000] "GET /.env HTTP/1.1" 404 9551 "-" "Mozilla/5.0 (Macintosh; Intel Mac OS X 10_7_2; rv:10.0.1) Gecko/20100101 Firefox/10.0.1"
213.180.203.158 - - [21/Jul/2025:02:48:41 +0000] "GET /item/inser60715101/ HTTP/1.1" 404 9551 "-" "Mozilla/5.0 (compatible; YandexBot/3.0; +http://yandex.com/bots)"
87.250.224.254 - - [21/Jul/2025:02:48:52 +0000] "GET /item/oven22090825/ HTTP/1.1" 404 9551 "-" "Mozilla/5.0 (compatible; YandexBot/3.0; +http://yandex.com/bots)"
95.108.213.169 - - [21/Jul/2025:02:48:55 +0000] "GET /item/ball%2020415825/ HTTP/1.1" 404 9551 "-" "Mozilla/5.0 (compatible; YandexBot/3.0; +http://yandex.com/bots)"
95.108.213.211 - - [21/Jul/2025:02:48:57 +0000] "GET /item/other70948302/ HTTP/1.1" 404 9551 "-" "Mozilla/5.0 (compatible; YandexBot/3.0; +http://yandex.com/bots)"
45.227.253.15 - - [21/Jul/2025:02:48:57 +0000] "GET /wp-admin/css/colors/midnight/midnight/midnight/index.php?of=1 HTTP/1.1" 200 2364 "-" "Mozilla/5.0 (Windows NT 10.0; Win64; x64) AppleWebKit/537.36 (KHTML, like Gecko) Chrome/80.0.3980 Safari/537.36 Edg/80.0.145.1"
209.74.77.214 - - [21/Jul/2025:02:49:13 +0000] "POST /wp-cron.php?doing_wp_cron=1753066153.2435579299926757812500 HTTP/1.1" 200 - "-" "WordPress/6.8.2; https://abl.academy"
5.255.231.87 - - [21/Jul/2025:02:49:13 +0000] "GET /item/glimp41499163/ HTTP/1.1" 404 9551 "-" "Mozilla/5.0 (compatible; YandexBot/3.0; +http://yandex.com/bots) AppleWebKit/537.36 (KHTML, like Gecko) Chrome/108.0.0.0"
45.227.253.15 - - [21/Jul/2025:02:49:17 +0000] "GET /images/images/images/images/index.php?of=1 HTTP/1.1" 200 991 "-" "Mozilla/5.0 (Macintosh; Intel Mac OS X 10.15; rv:103.0) Gecko/20100101 Firefox/101.0"
213.180.203.148 - - [21/Jul/2025:02:49:18 +0000] "GET /item/aspec82307399/ HTTP/1.1" 404 9551 "-" "Mozilla/5.0 (compatible; YandexBot/3.0; +http://yandex.com/bots) AppleWebKit/537.36 (KHTML, like Gecko) Chrome/108.0.0.0"
209.74.77.214 - - [21/Jul/2025:02:49:55 +0000] "POST /wp-cron.php?doing_wp_cron=1753066195.6852560043334960937500 HTTP/1.1" 200 - "-" "WordPress/6.8.2; https://abl.academy"
5.255.231.183 - - [21/Jul/2025:02:49:54 +0000] "GET /item/wire30711490/ HTTP/1.1" 404 9551 "-" "Mozilla/5.0 (compatible; YandexBot/3.0; +http://yandex.com/bots)"
213.180.203.130 - - [21/Jul/2025:02:49:59 +0000] "GET /item/vario12842728/ HTTP/1.1" 404 9551 "-" "Mozilla/5.0 (compatible; YandexBot/3.0; +http://yandex.com/bots)"
95.108.213.4 - - [21/Jul/2025:02:50:09 +0000] "GET /item/targe20019761/ HTTP/1.1" 404 9551 "-" "Mozilla/5.0 (compatible; YandexBot/3.0; +http://yandex.com/bots) AppleWebKit/537.36 (KHTML, like Gecko) Chrome/108.0.0.0"
45.227.253.15 - - [21/Jul/2025:02:50:20 +0000] "GET /wp-admin/maint/maint/maint/index.php?of=1 HTTP/1.1" 200 2139 "-" "Mozilla/5.0 (Windows NT 6.3; WOW64; rv:74.0) Gecko/20100101 Firefox/74.0"
209.74.77.214 - - [21/Jul/2025:02:50:24 +0000] "POST /wp-cron.php?doing_wp_cron=1753066224.9339880943298339843750 HTTP/1.1" 200 - "-" "WordPress/6.8.2; https://abl.academy"
87.250.224.212 - - [21/Jul/2025:02:50:24 +0000] "GET /item/extra61053365/ HTTP/1.1" 404 9551 "-" "Mozilla/5.0 (compatible; YandexBot/3.0; +http://yandex.com/bots) AppleWebKit/537.36 (KHTML, like Gecko) Chrome/108.0.0.0"
209.74.77.214 - - [21/Jul/2025:02:50:53 +0000] "POST /wp-cron.php?doing_wp_cron=1753066253.4088308811187744140625 HTTP/1.1" 200 - "-" "WordPress/6.8.2; https://abl.academy"
87.250.224.79 - - [21/Jul/2025:02:50:53 +0000] "GET /item/quit31173970/ HTTP/1.1" 404 9550 "-" "Mozilla/5.0 (compatible; YandexBot/3.0; +http://yandex.com/bots)"
213.180.203.15 - - [21/Jul/2025:02:50:59 +0000] "GET /item/eveni20448825/ HTTP/1.1" 404 9550 "-" "Mozilla/5.0 (compatible; YandexBot/3.0; +http://yandex.com/bots)"
185.191.171.9 - - [21/Jul/2025:02:51:00 +0000] "GET /robots.txt HTTP/1.1" 200 114 "-" "Mozilla/5.0 (compatible; SemrushBot/7~bl; +http://www.semrush.com/bot.html)"
85.208.96.202 - - [21/Jul/2025:02:51:00 +0000] "GET / HTTP/1.1" 200 9693 "-" "Mozilla/5.0 (compatible; SemrushBot/7~bl; +http://www.semrush.com/bot.html)"
95.108.213.87 - - [21/Jul/2025:02:51:08 +0000] "GET /item/noise31568410/ HTTP/1.1" 404 9551 "-" "Mozilla/5.0 (compatible; YandexBot/3.0; +http://yandex.com/bots)"
209.74.77.214 - - [21/Jul/2025:02:51:24 +0000] "POST /wp-cron.php?doing_wp_cron=1753066283.9926741123199462890625 HTTP/1.1" 200 - "-" "WordPress/6.8.2; https://abl.academy"
213.180.203.44 - - [21/Jul/2025:02:51:23 +0000] "GET /item/while62081165/ HTTP/1.1" 404 9551 "-" "Mozilla/5.0 (compatible; YandexBot/3.0; +http://yandex.com/bots)"
209.74.77.214 - - [21/Jul/2025:02:51:34 +0000] "POST /wp-cron.php?doing_wp_cron=1753066294.9755809307098388671875 HTTP/1.1" 200 - "-" "WordPress/6.8.2; https://abl.academy"
87.250.224.39 - - [21/Jul/2025:02:51:34 +0000] "GET /item/strip81350751/ HTTP/1.1" 404 9551 "-" "Mozilla/5.0 (compatible; YandexBot/3.0; +http://yandex.com/bots)"
87.250.224.28 - - [21/Jul/2025:02:51:35 +0000] "GET /item/loud31432466/ HTTP/1.1" 404 9551 "-" "Mozilla/5.0 (compatible; YandexBot/3.0; +http://yandex.com/bots)"
213.180.203.158 - - [21/Jul/2025:02:51:39 +0000] "GET /item/gunpo61955117/ HTTP/1.1" 404 9551 "-" "Mozilla/5.0 (compatible; YandexBot/3.0; +http://yandex.com/bots)"
87.250.224.254 - - [21/Jul/2025:02:51:47 +0000] "GET /item/indic72790438/ HTTP/1.1" 404 9551 "-" "Mozilla/5.0 (compatible; YandexBot/3.0; +http://yandex.com/bots)"
95.108.213.169 - - [21/Jul/2025:02:51:53 +0000] "GET /item/dying51130732/ HTTP/1.1" 404 9551 "-" "Mozilla/5.0 (compatible; YandexBot/3.0; +http://yandex.com/bots)"
95.108.213.211 - - [21/Jul/2025:02:51:54 +0000] "GET /item/be81920015/ HTTP/1.1" 404 9551 "-" "Mozilla/5.0 (compatible; YandexBot/3.0; +http://yandex.com/bots) AppleWebKit/537.36 (KHTML, like Gecko) Chrome/108.0.0.0"
5.255.231.87 - - [21/Jul/2025:02:51:54 +0000] "GET /item/cube11011264/ HTTP/1.1" 404 9551 "-" "Mozilla/5.0 (compatible; YandexBot/3.0; +http://yandex.com/bots)"
213.180.203.148 - - [21/Jul/2025:02:52:02 +0000] "GET /item/gulf10815352/ HTTP/1.1" 404 9551 "-" "Mozilla/5.0 (compatible; YandexBot/3.0; +http://yandex.com/bots)"
5.255.231.183 - - [21/Jul/2025:02:52:04 +0000] "GET /item/loft21207849/ HTTP/1.1" 404 9551 "-" "Mozilla/5.0 (compatible; YandexBot/3.0; +http://yandex.com/bots)"
209.74.77.214 - - [21/Jul/2025:02:52:18 +0000] "POST /wp-cron.php?doing_wp_cron=1753066338.0430159568786621093750 HTTP/1.1" 200 - "-" "WordPress/6.8.2; https://abl.academy"
213.180.203.130 - - [21/Jul/2025:02:52:17 +0000] "GET /item/motio41619075/ HTTP/1.1" 404 9551 "-" "Mozilla/5.0 (compatible; YandexBot/3.0; +http://yandex.com/bots)"
87.250.224.212 - - [21/Jul/2025:02:52:23 +0000] "GET /item/concr11073944/ HTTP/1.1" 404 9551 "-" "Mozilla/5.0 (compatible; YandexBot/3.0; +http://yandex.com/bots)"
209.74.77.214 - - [21/Jul/2025:02:52:32 +0000] "POST /wp-cron.php?doing_wp_cron=1753066352.0646278858184814453125 HTTP/1.1" 200 - "-" "WordPress/6.8.2; https://abl.academy"
87.250.224.79 - - [21/Jul/2025:02:52:31 +0000] "GET /item/money61332997/ HTTP/1.1" 404 9551 "-" "Mozilla/5.0 (compatible; YandexBot/3.0; +http://yandex.com/bots)"
213.180.203.15 - - [21/Jul/2025:02:52:48 +0000] "GET /item/mill22058281/ HTTP/1.1" 404 9551 "-" "Mozilla/5.0 (compatible; YandexBot/3.0; +http://yandex.com/bots)"
95.108.213.87 - - [21/Jul/2025:02:53:03 +0000] "GET /item/briti52803300/ HTTP/1.1" 404 9551 "-" "Mozilla/5.0 (compatible; YandexBot/3.0; +http://yandex.com/bots)"
209.74.77.214 - - [21/Jul/2025:02:53:13 +0000] "POST /wp-cron.php?doing_wp_cron=1753066393.1137380599975585937500 HTTP/1.1" 200 - "-" "WordPress/6.8.2; https://abl.academy"
213.180.203.44 - - [21/Jul/2025:02:53:13 +0000] "GET /item/confi61401589/ HTTP/1.1" 404 9551 "-" "Mozilla/5.0 (compatible; YandexBot/3.0; +http://yandex.com/bots)"
87.250.224.39 - - [21/Jul/2025:02:53:15 +0000] "GET /item/knit40111403/ HTTP/1.1" 404 9551 "-" "Mozilla/5.0 (compatible; YandexBot/3.0; +http://yandex.com/bots)"
209.74.77.214 - - [21/Jul/2025:02:53:53 +0000] "POST /wp-cron.php?doing_wp_cron=1753066433.0210459232330322265625 HTTP/1.1" 200 - "-" "WordPress/6.8.2; https://abl.academy"
87.250.224.28 - - [21/Jul/2025:02:53:51 +0000] "GET /item/machi82124383/ HTTP/1.1" 404 9550 "-" "Mozilla/5.0 (compatible; YandexBot/3.0; +http://yandex.com/bots)"
213.180.203.158 - - [21/Jul/2025:02:53:53 +0000] "GET /item/discr71490406/ HTTP/1.1" 404 9550 "-" "Mozilla/5.0 (compatible; YandexBot/3.0; +http://yandex.com/bots)"
87.250.224.254 - - [21/Jul/2025:02:53:53 +0000] "GET /item/decor40442411/ HTTP/1.1" 404 9550 "-" "Mozilla/5.0 (compatible; YandexBot/3.0; +http://yandex.com/bots)"
95.108.213.169 - - [21/Jul/2025:02:54:07 +0000] "GET /item/uniqu30558074/ HTTP/1.1" 404 9551 "-" "Mozilla/5.0 (compatible; YandexBot/3.0; +http://yandex.com/bots)"
209.74.77.214 - - [21/Jul/2025:02:54:24 +0000] "POST /wp-cron.php?doing_wp_cron=1753066464.2502090930938720703125 HTTP/1.1" 200 - "-" "WordPress/6.8.2; https://abl.academy"
95.108.213.211 - - [21/Jul/2025:02:54:24 +0000] "GET /item/gym42441259/ HTTP/1.1" 404 9551 "-" "Mozilla/5.0 (compatible; YandexBot/3.0; +http://yandex.com/bots)"
45.227.253.15 - - [21/Jul/2025:02:54:40 +0000] "GET /wp-content/plugins/elementor/data/base/processor/processor/index.php?of=1 HTTP/1.1" 200 2251 "-" "Mozilla/5.0 (Windows NT 10.0; Win64; x64) AppleWebKit/537.36 (KHTML, like Gecko) Chrome/78.0.3790 Safari/537.36 Edg/78.0.142.6"
209.74.77.214 - - [21/Jul/2025:02:54:42 +0000] "POST /wp-cron.php?doing_wp_cron=1753066482.7479660511016845703125 HTTP/1.1" 200 - "-" "WordPress/6.8.2; https://abl.academy"
5.255.231.87 - - [21/Jul/2025:02:54:42 +0000] "GET /item/pale51490556/ HTTP/1.1" 404 9551 "-" "Mozilla/5.0 (compatible; YandexBot/3.0; +http://yandex.com/bots)"
213.180.203.148 - - [21/Jul/2025:02:54:53 +0000] "GET /item/tired40792291/ HTTP/1.1" 404 9551 "-" "Mozilla/5.0 (compatible; YandexBot/3.0; +http://yandex.com/bots)"
45.227.253.15 - - [21/Jul/2025:02:55:00 +0000] "GET /wp-includes/blocks/buttons/buttons/index.php?of=1 HTTP/1.1" 200 2068 "-" "Mozilla/5.0 (iPhone; CPU iPhone OS 11_3 like Mac OS X) AppleWebKit/605.1.15 (KHTML, like Gecko) Version/11.0.4 Mobile/15E148 Safari/604.1"
209.74.77.214 - - [21/Jul/2025:02:55:25 +0000] "POST /wp-cron.php?doing_wp_cron=1753066525.8859899044036865234375 HTTP/1.1" 200 - "-" "WordPress/6.8.2; https://abl.academy"
5.255.231.183 - - [21/Jul/2025:02:55:25 +0000] "GET /item/behav70372310/ HTTP/1.1" 404 9551 "-" "Mozilla/5.0 (compatible; YandexBot/3.0; +http://yandex.com/bots)"
45.227.253.15 - - [21/Jul/2025:02:55:29 +0000] "GET /wp-includes/blocks/rss/rss/index.php?of=1 HTTP/1.1" 200 2443 "-" "Mozilla/5.0 (Windows NT 10.0; Win64; x64) AppleWebKit/537.36 (KHTML, like Gecko) Chrome/77.0.3760. Safari/537.36 Edg/77.0.141.7"
209.74.77.214 - - [21/Jul/2025:02:55:41 +0000] "POST /wp-cron.php?doing_wp_cron=1753066541.3637709617614746093750 HTTP/1.1" 200 - "-" "WordPress/6.8.2; https://abl.academy"
213.180.203.130 - - [21/Jul/2025:02:55:41 +0000] "GET /item/porri42645659/ HTTP/1.1" 404 9551 "-" "Mozilla/5.0 (compatible; YandexBot/3.0; +http://yandex.com/bots)"
87.250.224.212 - - [21/Jul/2025:02:55:52 +0000] "GET /item/cable41255019/ HTTP/1.1" 404 9551 "-" "Mozilla/5.0 (compatible; YandexBot/3.0; +http://yandex.com/bots)"
87.250.224.79 - - [21/Jul/2025:02:56:00 +0000] "GET /item/migra50014172/ HTTP/1.1" 404 9551 "-" "Mozilla/5.0 (compatible; YandexBot/3.0; +http://yandex.com/bots) AppleWebKit/537.36 (KHTML, like Gecko) Chrome/108.0.0.0"
209.74.77.214 - - [21/Jul/2025:02:56:39 +0000] "POST /wp-cron.php?doing_wp_cron=1753066599.4321520328521728515625 HTTP/1.1" 200 - "-" "WordPress/6.8.2; https://abl.academy"
213.180.203.15 - - [21/Jul/2025:02:56:37 +0000] "GET /item/marri52328004/ HTTP/1.1" 404 9551 "-" "Mozilla/5.0 (compatible; YandexBot/3.0; +http://yandex.com/bots)"
45.227.253.15 - - [21/Jul/2025:02:57:09 +0000] "GET /wp-includes/Text/Diff/Renderer/Renderer/index.php?of=1 HTTP/1.1" 200 2269 "-" "Mozilla/5.0 (Macintosh; Intel Mac OS X 10.13; rv:103.0) Gecko/20100101 Firefox/103.0"
209.74.77.214 - - [21/Jul/2025:02:57:14 +0000] "POST /wp-cron.php?doing_wp_cron=1753066634.0454421043395996093750 HTTP/1.1" 200 - "-" "WordPress/6.8.2; https://abl.academy"
95.108.213.87 - - [21/Jul/2025:02:57:13 +0000] "GET /item/shave52350612/ HTTP/1.1" 404 9551 "-" "Mozilla/5.0 (compatible; YandexBot/3.0; +http://yandex.com/bots)"
213.180.203.44 - - [21/Jul/2025:02:57:18 +0000] "GET /item/way71012198/ HTTP/1.1" 503 428 "-" "Mozilla/5.0 (compatible; YandexBot/3.0; +http://yandex.com/bots)"
45.227.253.15 - - [21/Jul/2025:02:57:29 +0000] "GET /wp-content/plugins/woocommerce-payments/vendor/woocommerce/subscriptions-core/subscriptions-core/index.php?of=1 HTTP/1.1" 200 2373 "-" "Mozilla/5.0 (Macintosh; Intel Mac OS X 10.13; rv:103.0) Gecko/20100101 Firefox/102.0"
87.250.224.39 - - [21/Jul/2025:02:57:29 +0000] "GET /item/altit40590099/ HTTP/1.1" 404 9551 "-" "Mozilla/5.0 (compatible; YandexBot/3.0; +http://yandex.com/bots)"
45.227.253.15 - - [21/Jul/2025:02:57:31 +0000] "GET /wp-admin/css/colors/midnight/midnight/index.php?of=1 HTTP/1.1" 200 2139 "-" "Mozilla/5.0 (Macintosh; Intel Mac OS X 10_15_7) AppleWebKit/537.36 (KHTML, like Gecko) Chrome/86.0.4240.111 Safari/537.36"
209.74.77.214 - - [21/Jul/2025:02:57:38 +0000] "POST /wp-cron.php?doing_wp_cron=1753066658.5138249397277832031250 HTTP/1.1" 200 - "-" "WordPress/6.8.2; https://abl.academy"
87.250.224.28 - - [21/Jul/2025:02:57:38 +0000] "GET /item/sever61340029/ HTTP/1.1" 404 9551 "-" "Mozilla/5.0 (compatible; YandexBot/3.0; +http://yandex.com/bots) AppleWebKit/537.36 (KHTML, like Gecko) Chrome/108.0.0.0"
45.227.253.15 - - [21/Jul/2025:02:58:11 +0000] "GET /images/images/images/images/images/index.php?of=1 HTTP/1.1" 200 2373 "-" "Mozilla/5.0 (iPhone; CPU iPhone OS 12_4 like Mac OS X) AppleWebKit/605.1.15 (KHTML, like Gecko) Version/12.4.2 Mobile/15E148 Safari/604.1"
209.74.77.214 - - [21/Jul/2025:02:58:24 +0000] "POST /wp-cron.php?doing_wp_cron=1753066704.8668460845947265625000 HTTP/1.1" 200 - "-" "WordPress/6.8.2; https://abl.academy"
213.180.203.158 - - [21/Jul/2025:02:58:23 +0000] "GET /item/appea22544233/ HTTP/1.1" 404 9551 "-" "Mozilla/5.0 (compatible; YandexBot/3.0; +http://yandex.com/bots)"
87.250.224.254 - - [21/Jul/2025:02:58:24 +0000] "GET /item/mobil61763493/ HTTP/1.1" 404 9551 "-" "Mozilla/5.0 (compatible; YandexBot/3.0; +http://yandex.com/bots)"
45.227.253.15 - - [21/Jul/2025:02:58:31 +0000] "GET /wp-admin/css/colors/coffee/coffee/index.php?of=1 HTTP/1.1" 200 2295 "-" "Mozilla/5.0 (Macintosh; Intel Mac OS X 10_15_7) AppleWebKit/537.36 (KHTML, like Gecko) Chrome/86.0.4240.111 Safari/537.36 Edg/86.0.622.51"
45.227.253.15 - - [21/Jul/2025:02:59:11 +0000] "GET /wp-includes/js/crop/crop/index.php?of=1 HTTP/1.1" 200 2258 "-" "Mozilla/5.0 (Windows NT 6.3; WOW64; rv:74.0) Gecko/20100101 Firefox/74.0"
209.74.77.214 - - [21/Jul/2025:02:59:14 +0000] "POST /wp-cron.php?doing_wp_cron=1753066754.0426321029663085937500 HTTP/1.1" 200 - "-" "WordPress/6.8.2; https://abl.academy"
95.108.213.169 - - [21/Jul/2025:02:59:13 +0000] "GET /item/royal81163055/ HTTP/1.1" 404 9551 "-" "Mozilla/5.0 (compatible; YandexBot/3.0; +http://yandex.com/bots)"
95.108.213.211 - - [21/Jul/2025:02:59:26 +0000] "GET /item/seep80779887/ HTTP/1.1" 404 9551 "-" "Mozilla/5.0 (compatible; YandexBot/3.0; +http://yandex.com/bots)"
45.227.253.15 - - [21/Jul/2025:02:59:31 +0000] "GET /wp-includes/Requests/src/Utility/Utility/index.php?of=1 HTTP/1.1" 200 2290 "-" "Mozilla/5.0 (Macintosh; Intel Mac OS X 10.12; rv:103.0) Gecko/20100101 Firefox/103.0"
209.74.77.214 - - [21/Jul/2025:02:59:33 +0000] "POST /wp-cron.php?doing_wp_cron=1753066773.2014029026031494140625 HTTP/1.1" 200 - "-" "WordPress/6.8.2; https://abl.academy"
5.255.231.87 - - [21/Jul/2025:02:59:33 +0000] "GET /item/docum11057352/ HTTP/1.1" 404 9551 "-" "Mozilla/5.0 (compatible; YandexBot/3.0; +http://yandex.com/bots)"
213.180.203.148 - - [21/Jul/2025:02:59:58 +0000] "GET /item/empow32351754/ HTTP/1.1" 404 9551 "-" "Mozilla/5.0 (compatible; YandexBot/3.0; +http://yandex.com/bots)"
5.255.231.183 - - [21/Jul/2025:03:00:03 +0000] "GET /item/emplo62694509/ HTTP/1.1" 404 9551 "-" "Mozilla/5.0 (compatible; YandexBot/3.0; +http://yandex.com/bots) AppleWebKit/537.36 (KHTML, like Gecko) Chrome/108.0.0.0"
209.74.77.214 - - [21/Jul/2025:03:00:22 +0000] "POST /wp-cron.php?doing_wp_cron=1753066822.7201681137084960937500 HTTP/1.1" 200 - "-" "WordPress/6.8.2; https://abl.academy"
213.180.203.130 - - [21/Jul/2025:03:00:21 +0000] "GET /item/xray81457551/ HTTP/1.1" 404 9551 "-" "Mozilla/5.0 (compatible; YandexBot/3.0; +http://yandex.com/bots)"
209.74.77.214 - - [21/Jul/2025:03:01:06 +0000] "POST /wp-cron.php?doing_wp_cron=1753066866.1718668937683105468750 HTTP/1.1" 200 - "-" "WordPress/6.8.2; https://abl.academy"
87.250.224.212 - - [21/Jul/2025:03:01:04 +0000] "GET /item/adver30089170/ HTTP/1.1" 404 9550 "-" "Mozilla/5.0 (compatible; YandexBot/3.0; +http://yandex.com/bots)"
209.74.77.214 - - [21/Jul/2025:03:01:27 +0000] "POST /wp-cron.php?doing_wp_cron=1753066887.8893189430236816406250 HTTP/1.1" 200 - "-" "WordPress/6.8.2; https://abl.academy"
87.250.224.79 - - [21/Jul/2025:03:01:27 +0000] "GET /item/outlo22423345/ HTTP/1.1" 404 9551 "-" "Mozilla/5.0 (compatible; YandexBot/3.0; +http://yandex.com/bots)"
209.74.77.214 - - [21/Jul/2025:03:01:48 +0000] "POST /wp-cron.php?doing_wp_cron=1753066907.9888861179351806640625 HTTP/1.1" 200 - "-" "WordPress/6.8.2; https://abl.academy"
213.180.203.15 - - [21/Jul/2025:03:01:47 +0000] "GET /item/tasty60745621/ HTTP/1.1" 404 9551 "-" "Mozilla/5.0 (compatible; YandexBot/3.0; +http://yandex.com/bots)"
45.227.253.15 - - [21/Jul/2025:03:01:51 +0000] "GET /wp-includes/blocks/post-excerpt/post-excerpt/index.php?of=1 HTTP/1.1" 200 2116 "-" "Mozilla/5.0 (Macintosh; Intel Mac OS X 10.11; rv:103.0) Gecko/20100101 Firefox/102.0"
45.227.253.15 - - [21/Jul/2025:03:01:51 +0000] "GET /cgi-bin/cgi-bin/cgi-bin/cgi-bin/index.php?of=1 HTTP/1.1" 200 2167 "-" "Mozilla/5.0 (Windows NT 10.0; Win64; x64) AppleWebKit/537.36 (KHTML, like Gecko) Chrome/81.0.3282.140 Safari/537.36 Edge/18.17763"
95.108.213.87 - - [21/Jul/2025:03:02:09 +0000] "GET /item/sciss32166570/ HTTP/1.1" 404 9551 "-" "Mozilla/5.0 (compatible; YandexBot/3.0; +http://yandex.com/bots) AppleWebKit/537.36 (KHTML, like Gecko) Chrome/108.0.0.0"
209.74.77.214 - - [21/Jul/2025:03:02:17 +0000] "POST /wp-cron.php?doing_wp_cron=1753066937.9711849689483642578125 HTTP/1.1" 200 - "-" "WordPress/6.8.2; https://abl.academy"
213.180.203.44 - - [21/Jul/2025:03:02:17 +0000] "GET /item/high22792633/ HTTP/1.1" 404 9551 "-" "Mozilla/5.0 (compatible; YandexBot/3.0; +http://yandex.com/bots)"
209.74.77.214 - - [21/Jul/2025:03:02:49 +0000] "POST /wp-cron.php?doing_wp_cron=1753066969.0109179019927978515625 HTTP/1.1" 200 - "-" "WordPress/6.8.2; https://abl.academy"
87.250.224.39 - - [21/Jul/2025:03:02:48 +0000] "GET /item/singu72725750/ HTTP/1.1" 404 9551 "-" "Mozilla/5.0 (compatible; YandexBot/3.0; +http://yandex.com/bots)"
209.74.77.214 - - [21/Jul/2025:03:03:13 +0000] "POST /wp-cron.php?doing_wp_cron=1753066993.7210369110107421875000 HTTP/1.1" 200 - "-" "WordPress/6.8.2; https://abl.academy"
51.222.253.13 - - [21/Jul/2025:03:03:13 +0000] "GET /courses/begin-teaching-online-full-time/ HTTP/1.1" 200 33345 "-" "Mozilla/5.0 (compatible; AhrefsBot/7.0; +http://ahrefs.com/robot/)"
209.74.77.214 - - [21/Jul/2025:03:03:47 +0000] "POST /wp-cron.php?doing_wp_cron=1753067027.5130479335784912109375 HTTP/1.1" 200 - "-" "WordPress/6.8.2; https://abl.academy"
87.250.224.28 - - [21/Jul/2025:03:03:45 +0000] "GET /item/infin30161730/ HTTP/1.1" 404 9551 "-" "Mozilla/5.0 (compatible; YandexBot/3.0; +http://yandex.com/bots)"
213.180.203.158 - - [21/Jul/2025:03:03:48 +0000] "GET /item/newss50591732/ HTTP/1.1" 404 9551 "-" "Mozilla/5.0 (compatible; YandexBot/3.0; +http://yandex.com/bots)"
209.74.77.214 - - [21/Jul/2025:03:04:35 +0000] "POST /wp-cron.php?doing_wp_cron=1753067075.4889600276947021484375 HTTP/1.1" 200 - "-" "WordPress/6.8.2; https://abl.academy"
87.250.224.254 - - [21/Jul/2025:03:04:34 +0000] "GET /item/indiv51541836/ HTTP/1.1" 404 9551 "-" "Mozilla/5.0 (compatible; YandexBot/3.0; +http://yandex.com/bots)"
95.108.213.169 - - [21/Jul/2025:03:05:03 +0000] "GET /item/cope11975344/ HTTP/1.1" 404 9551 "-" "Mozilla/5.0 (compatible; YandexBot/3.0; +http://yandex.com/bots)"
95.108.213.211 - - [21/Jul/2025:03:05:10 +0000] "GET /item/terro60545549/ HTTP/1.1" 404 9551 "-" "Mozilla/5.0 (compatible; YandexBot/3.0; +http://yandex.com/bots) AppleWebKit/537.36 (KHTML, like Gecko) Chrome/108.0.0.0"
5.255.231.87 - - [21/Jul/2025:03:05:11 +0000] "GET /item/there51120652/ HTTP/1.1" 404 9551 "-" "Mozilla/5.0 (compatible; YandexBot/3.0; +http://yandex.com/bots)"
45.227.253.15 - - [21/Jul/2025:03:05:51 +0000] "GET /wp-content/plugins/all-in-one-wp-migration/lib/vendor/bandar/bandar/lib/lib/index.php?of=1 HTTP/1.1" 200 6021 "-" "Mozilla/5.0 (Macintosh; Intel Mac OS X 10.15; rv:103.0) Gecko/20100101 Firefox/103.0"
209.74.77.214 - - [21/Jul/2025:03:05:52 +0000] "POST /wp-cron.php?doing_wp_cron=1753067152.9793779850006103515625 HTTP/1.1" 200 - "-" "WordPress/6.8.2; https://abl.academy"
213.180.203.148 - - [21/Jul/2025:03:05:51 +0000] "GET /item/gaze81266871/ HTTP/1.1" 404 9551 "-" "Mozilla/5.0 (compatible; YandexBot/3.0; +http://yandex.com/bots)"
209.74.77.214 - - [21/Jul/2025:03:06:13 +0000] "POST /wp-cron.php?doing_wp_cron=1753067173.7778151035308837890625 HTTP/1.1" 200 - "-" "WordPress/6.8.2; https://abl.academy"
5.255.231.183 - - [21/Jul/2025:03:06:13 +0000] "GET /item/lesse41218019/ HTTP/1.1" 404 9551 "-" "Mozilla/5.0 (compatible; YandexBot/3.0; +http://yandex.com/bots)"
213.180.203.130 - - [21/Jul/2025:03:06:29 +0000] "GET /item/prepa71192166/ HTTP/1.1" 404 9551 "-" "Mozilla/5.0 (compatible; YandexBot/3.0; +http://yandex.com/bots)"
209.74.77.214 - - [21/Jul/2025:03:06:34 +0000] "POST /wp-cron.php?doing_wp_cron=1753067194.5730628967285156250000 HTTP/1.1" 200 - "-" "WordPress/6.8.2; https://abl.academy"
47.82.11.16 - - [21/Jul/2025:03:06:34 +0000] "GET /shopdetail/65687449 HTTP/1.1" 404 9551 "https://abl.academy/shopdetail/65687449" "Mozilla/5.0 (Windows NT 10.0; Win64; x64) AppleWebKit/537.36 (KHTML, like Gecko) Chrome/114.0.0.0 Safari/537.36 Edg/114.0.1823.43"
87.250.224.212 - - [21/Jul/2025:03:07:05 +0000] "GET /item/stair42768411/ HTTP/1.1" 404 9551 "-" "Mozilla/5.0 (compatible; YandexBot/3.0; +http://yandex.com/bots) AppleWebKit/537.36 (KHTML, like Gecko) Chrome/108.0.0.0"
45.227.253.15 - - [21/Jul/2025:03:07:33 +0000] "GET /wp-content/plugins/elementor/includes/settings/settings/index.php?of=1 HTTP/1.1" 200 2148 "-" "Mozilla/5.0 (iPad; U; CPU OS 4_2_1 like Mac OS X; ja) AppleWebKit/533.17.9 (KHTML, like Gecko) Version/5.0.2 Mobile/8C148 Safari/6533.18.5"
45.227.253.15 - - [21/Jul/2025:03:07:33 +0000] "GET /wp-admin/css/colors/light/light/light/light/index.php?of=1 HTTP/1.1" 200 2371 "-" "Mozilla/5.0 (Windows NT 10.0; Win64; x64; rv:80.0) Gecko/20100101 Firefox/80.0"
209.74.77.214 - - [21/Jul/2025:03:07:36 +0000] "POST /wp-cron.php?doing_wp_cron=1753067256.8899800777435302734375 HTTP/1.1" 200 - "-" "WordPress/6.8.2; https://abl.academy"
87.250.224.79 - - [21/Jul/2025:03:07:36 +0000] "GET /item/panda30804538/ HTTP/1.1" 404 9551 "-" "Mozilla/5.0 (compatible; YandexBot/3.0; +http://yandex.com/bots)"
213.180.203.15 - - [21/Jul/2025:03:07:46 +0000] "GET /item/analy42422107/ HTTP/1.1" 404 9551 "-" "Mozilla/5.0 (compatible; YandexBot/3.0; +http://yandex.com/bots)"
95.108.213.87 - - [21/Jul/2025:03:07:47 +0000] "GET /item/handf12931272/ HTTP/1.1" 404 9551 "-" "Mozilla/5.0 (compatible; YandexBot/3.0; +http://yandex.com/bots)"
209.74.77.214 - - [21/Jul/2025:03:09:32 +0000] "POST /wp-cron.php?doing_wp_cron=1753067372.6829268932342529296875 HTTP/1.1" 200 - "-" "WordPress/6.8.2; https://abl.academy"
213.180.203.44 - - [21/Jul/2025:03:09:30 +0000] "GET /item/upper12507296/ HTTP/1.1" 404 9551 "-" "Mozilla/5.0 (compatible; YandexBot/3.0; +http://yandex.com/bots)"
89.110.99.82 - - [21/Jul/2025:03:09:32 +0000] "GET /lms-wordpress-plugin/ HTTP/1.0" 200 69394 "https://abl.academy/lms-wordpress-plugin/" "Mozilla/5.0 (Windows NT 10.0; Win64; x64) AppleWebKit/537.36 (KHTML, like Gecko) Chrome/130.0.0.0 Safari/537.36"
87.250.224.39 - - [21/Jul/2025:03:09:33 +0000] "GET /item/pupil11796120/ HTTP/1.1" 404 9551 "-" "Mozilla/5.0 (compatible; YandexBot/3.0; +http://yandex.com/bots)"
89.110.99.82 - - [21/Jul/2025:03:09:40 +0000] "POST /wp-comments-post.php HTTP/1.0" 302 - "https://abl.academy/lms-wordpress-plugin/" "Mozilla/5.0 (Windows NT 10.0; Win64; x64) AppleWebKit/537.36 (KHTML, like Gecko) Chrome/130.0.0.0 Safari/537.36"
89.110.99.82 - - [21/Jul/2025:03:09:43 +0000] "GET /lms-wordpress-plugin/?unapproved=6312&moderation-hash=2ccfbf0cf3deaf3493eb52395cbafb41 HTTP/1.0" 200 69483 "https://abl.academy/lms-wordpress-plugin/?unapproved=6312&moderation-hash=2ccfbf0cf3deaf3493eb52395cbafb41#comment-6312" "Mozilla/5.0 (Windows NT 10.0; Win64; x64) AppleWebKit/537.36 (KHTML, like Gecko) Chrome/130.0.0.0 Safari/537.36"
87.250.224.28 - - [21/Jul/2025:03:09:46 +0000] "GET /item/china81281111/ HTTP/1.1" 404 9551 "-" "Mozilla/5.0 (compatible; YandexBot/3.0; +http://yandex.com/bots) AppleWebKit/537.36 (KHTML, like Gecko) Chrome/108.0.0.0"
89.110.99.82 - - [21/Jul/2025:03:09:49 +0000] "GET /lms-wordpress-plugin/ HTTP/1.0" 200 69394 "https://abl.academy/lms-wordpress-plugin/" "Mozilla/5.0 (Windows NT 10.0; Win64; x64) AppleWebKit/537.36 (KHTML, like Gecko) Chrome/131.0.0.0 Safari/537.36"
213.180.203.158 - - [21/Jul/2025:03:09:55 +0000] "GET /item/staff81749447/ HTTP/1.1" 404 9551 "-" "Mozilla/5.0 (compatible; YandexBot/3.0; +http://yandex.com/bots) AppleWebKit/537.36 (KHTML, like Gecko) Chrome/108.0.0.0"
87.250.224.254 - - [21/Jul/2025:03:09:55 +0000] "GET /item/take31013458/ HTTP/1.1" 404 9551 "-" "Mozilla/5.0 (compatible; YandexBot/3.0; +http://yandex.com/bots)"
95.108.213.169 - - [21/Jul/2025:03:09:58 +0000] "GET /item/trade10352944/ HTTP/1.1" 404 9551 "-" "Mozilla/5.0 (compatible; YandexBot/3.0; +http://yandex.com/bots) AppleWebKit/537.36 (KHTML, like Gecko) Chrome/108.0.0.0"
95.108.213.211 - - [21/Jul/2025:03:10:02 +0000] "GET /item/promi20948545/ HTTP/1.1" 404 9551 "-" "Mozilla/5.0 (compatible; YandexBot/3.0; +http://yandex.com/bots) AppleWebKit/537.36 (KHTML, like Gecko) Chrome/108.0.0.0"
89.110.99.82 - - [21/Jul/2025:03:10:04 +0000] "POST /wp-comments-post.php HTTP/1.0" 302 - "https://abl.academy/lms-wordpress-plugin/" "Mozilla/5.0 (Windows NT 10.0; Win64; x64) AppleWebKit/537.36 (KHTML, like Gecko) Chrome/131.0.0.0 Safari/537.36"
5.255.231.87 - - [21/Jul/2025:03:10:04 +0000] "GET /item/himse41881211/ HTTP/1.1" 404 9551 "-" "Mozilla/5.0 (compatible; YandexBot/3.0; +http://yandex.com/bots) AppleWebKit/537.36 (KHTML, like Gecko) Chrome/108.0.0.0"
89.110.99.82 - - [21/Jul/2025:03:10:05 +0000] "GET /lms-wordpress-plugin/?unapproved=6313&moderation-hash=4a0dccc6920dc45e06b866ea46147081 HTTP/1.0" 200 69483 "https://abl.academy/lms-wordpress-plugin/?unapproved=6313&moderation-hash=4a0dccc6920dc45e06b866ea46147081#comment-6313" "Mozilla/5.0 (Windows NT 10.0; Win64; x64) AppleWebKit/537.36 (KHTML, like Gecko) Chrome/131.0.0.0 Safari/537.36"
213.180.203.148 - - [21/Jul/2025:03:10:09 +0000] "GET /item/base52974892/ HTTP/1.1" 404 9551 "-" "Mozilla/5.0 (compatible; YandexBot/3.0; +http://yandex.com/bots) AppleWebKit/537.36 (KHTML, like Gecko) Chrome/108.0.0.0"
209.74.77.214 - - [21/Jul/2025:03:10:23 +0000] "POST /wp-cron.php?doing_wp_cron=1753067423.6803851127624511718750 HTTP/1.1" 200 - "-" "WordPress/6.8.2; https://abl.academy"
5.255.231.183 - - [21/Jul/2025:03:10:23 +0000] "GET /item/easte10969400/ HTTP/1.1" 404 9551 "-" "Mozilla/5.0 (compatible; YandexBot/3.0; +http://yandex.com/bots) AppleWebKit/537.36 (KHTML, like Gecko) Chrome/108.0.0.0"
209.74.77.214 - - [21/Jul/2025:03:10:35 +0000] "POST /wp-cron.php?doing_wp_cron=1753067435.2475609779357910156250 HTTP/1.1" 200 - "-" "WordPress/6.8.2; https://abl.academy"
213.180.203.130 - - [21/Jul/2025:03:10:35 +0000] "GET /item/silk81328439/ HTTP/1.1" 404 9551 "-" "Mozilla/5.0 (compatible; YandexBot/3.0; +http://yandex.com/bots) AppleWebKit/537.36 (KHTML, like Gecko) Chrome/108.0.0.0"
209.74.77.214 - - [21/Jul/2025:03:11:19 +0000] "POST /wp-cron.php?doing_wp_cron=1753067479.6967930793762207031250 HTTP/1.1" 200 - "-" "WordPress/6.8.2; https://abl.academy"
87.250.224.212 - - [21/Jul/2025:03:11:18 +0000] "GET /item/hat60569189/ HTTP/1.1" 404 9549 "-" "Mozilla/5.0 (compatible; YandexBot/3.0; +http://yandex.com/bots)"
87.250.224.79 - - [21/Jul/2025:03:11:26 +0000] "GET /item/newss50591732/ HTTP/1.1" 404 9550 "-" "Mozilla/5.0 (compatible; YandexBot/3.0; +http://yandex.com/bots)"
