74.125.217.130 - - [20/Jul/2025:19:18:30 +0000] "GET /wp-content/uploads/2024/11/LOGO-1.png HTTP/1.1" 200 5055 "https://akaventures.com.au/?y=5694897071940&mod=45624715&uri=product.php%3Fid%3D190151-333%26name%3Dwhat%20does%20it%20mean%20to%20wear%20a%20ring%20on%20your%20left%20thumb" "Mozilla/5.0 (X11; Linux x86_64) AppleWebKit/537.36 (KHTML, like Gecko) Chrome/137.0.7151.119 Safari/537.36"
74.125.217.131 - - [20/Jul/2025:19:18:31 +0000] "GET /wp-content/uploads/2024/12/dferUntitled-design.jpg HTTP/1.1" 200 80041 "https://akaventures.com.au/?y=5694897071940&mod=45624715&uri=product.php%3Fid%3D190151-333%26name%3Dwhat%20does%20it%20mean%20to%20wear%20a%20ring%20on%20your%20left%20thumb" "Mozilla/5.0 (X11; Linux x86_64) AppleWebKit/537.36 (KHTML, like Gecko) Chrome/137.0.7151.119 Safari/537.36"
74.125.217.130 - - [20/Jul/2025:19:18:31 +0000] "GET /wp-content/plugins/elementor/assets/lib/animations/styles/fadeInRight.min.css?ver=3.30.2 HTTP/1.1" 200 120 "https://akaventures.com.au/?y=5694897071940&mod=45624715&uri=product.php%3Fid%3D190151-333%26name%3Dwhat%20does%20it%20mean%20to%20wear%20a%20ring%20on%20your%20left%20thumb" "Mozilla/5.0 (X11; Linux x86_64) AppleWebKit/537.36 (KHTML, like Gecko) Chrome/137.0.7151.119 Safari/537.36"
74.125.217.130 - - [20/Jul/2025:19:18:31 +0000] "GET /wp-content/plugins/elementor/assets/lib/animations/styles/e-animation-shrink.min.css?ver=3.30.2 HTTP/1.1" 200 118 "https://akaventures.com.au/?y=5694897071940&mod=45624715&uri=product.php%3Fid%3D190151-333%26name%3Dwhat%20does%20it%20mean%20to%20wear%20a%20ring%20on%20your%20left%20thumb" "Mozilla/5.0 (X11; Linux x86_64) AppleWebKit/537.36 (KHTML, like Gecko) Chrome/137.0.7151.119 Safari/537.36"
74.125.217.130 - - [20/Jul/2025:19:18:31 +0000] "GET /wp-content/uploads/elementor/google-fonts/css/roboto.css?ver=1742274564 HTTP/1.1" 200 2868 "https://akaventures.com.au/?y=5694897071940&mod=45624715&uri=product.php%3Fid%3D190151-333%26name%3Dwhat%20does%20it%20mean%20to%20wear%20a%20ring%20on%20your%20left%20thumb" "Mozilla/5.0 (X11; Linux x86_64) AppleWebKit/537.36 (KHTML, like Gecko) Chrome/137.0.7151.119 Safari/537.36"
74.125.217.130 - - [20/Jul/2025:19:18:31 +0000] "GET /wp-content/uploads/elementor/google-fonts/css/playfairdisplay.css?ver=1742274537 HTTP/1.1" 200 816 "https://akaventures.com.au/?y=5694897071940&mod=45624715&uri=product.php%3Fid%3D190151-333%26name%3Dwhat%20does%20it%20mean%20to%20wear%20a%20ring%20on%20your%20left%20thumb" "Mozilla/5.0 (X11; Linux x86_64) AppleWebKit/537.36 (KHTML, like Gecko) Chrome/137.0.7151.119 Safari/537.36"
74.125.217.130 - - [20/Jul/2025:19:18:32 +0000] "GET /wp-content/uploads/2024/11/banner-image-2.png HTTP/1.1" 200 136273 "https://akaventures.com.au/?y=5694897071940&mod=45624715&uri=product.php%3Fid%3D190151-333%26name%3Dwhat%20does%20it%20mean%20to%20wear%20a%20ring%20on%20your%20left%20thumb" "Mozilla/5.0 (X11; Linux x86_64) AppleWebKit/537.36 (KHTML, like Gecko) Chrome/137.0.7151.119 Safari/537.36"
74.125.217.130 - - [20/Jul/2025:19:18:32 +0000] "GET /wp-content/uploads/elementor/google-fonts/css/barlow.css?ver=1742274543 HTTP/1.1" 200 901 "https://akaventures.com.au/?y=5694897071940&mod=45624715&uri=product.php%3Fid%3D190151-333%26name%3Dwhat%20does%20it%20mean%20to%20wear%20a%20ring%20on%20your%20left%20thumb" "Mozilla/5.0 (X11; Linux x86_64) AppleWebKit/537.36 (KHTML, like Gecko) Chrome/137.0.7151.119 Safari/537.36"
74.125.217.130 - - [20/Jul/2025:19:18:32 +0000] "GET /wp-content/plugins/elementor/assets/css/widget-image.min.css?ver=3.30.2 HTTP/1.1" 200 164 "https://akaventures.com.au/?y=5694897071940&mod=45624715&uri=product.php%3Fid%3D190151-333%26name%3Dwhat%20does%20it%20mean%20to%20wear%20a%20ring%20on%20your%20left%20thumb" "Mozilla/5.0 (X11; Linux x86_64) AppleWebKit/537.36 (KHTML, like Gecko) Chrome/137.0.7151.119 Safari/537.36"
74.125.217.130 - - [20/Jul/2025:19:18:32 +0000] "GET /wp-content/plugins/leadconnector/public/js/lc-public.js?ver=3.0.10.1 HTTP/1.1" 200 1322 "https://akaventures.com.au/?y=5694897071940&mod=45624715&uri=product.php%3Fid%3D190151-333%26name%3Dwhat%20does%20it%20mean%20to%20wear%20a%20ring%20on%20your%20left%20thumb" "Mozilla/5.0 (X11; Linux x86_64) AppleWebKit/537.36 (KHTML, like Gecko) Chrome/137.0.7151.119 Safari/537.36"
74.125.217.130 - - [20/Jul/2025:19:18:33 +0000] "GET /wp-includes/js/jquery/jquery-migrate.min.js?ver=3.4.1 HTTP/1.1" 200 4872 "https://akaventures.com.au/?y=5694897071940&mod=45624715&uri=product.php%3Fid%3D190151-333%26name%3Dwhat%20does%20it%20mean%20to%20wear%20a%20ring%20on%20your%20left%20thumb" "Mozilla/5.0 (X11; Linux x86_64) AppleWebKit/537.36 (KHTML, like Gecko) Chrome/137.0.7151.119 Safari/537.36"
74.125.217.130 - - [20/Jul/2025:19:18:33 +0000] "GET /wp-content/uploads/elementor/css/post-123.css?ver=1752379116 HTTP/1.1" 200 1988 "https://akaventures.com.au/?y=5694897071940&mod=45624715&uri=product.php%3Fid%3D190151-333%26name%3Dwhat%20does%20it%20mean%20to%20wear%20a%20ring%20on%20your%20left%20thumb" "Mozilla/5.0 (X11; Linux x86_64) AppleWebKit/537.36 (KHTML, like Gecko) Chrome/137.0.7151.119 Safari/537.36"
74.125.217.130 - - [20/Jul/2025:19:18:33 +0000] "GET /wp-content/themes/hello-elementor/assets/css/header-footer.css?ver=3.4.4 HTTP/1.1" 200 1423 "https://akaventures.com.au/?y=5694897071940&mod=45624715&uri=product.php%3Fid%3D190151-333%26name%3Dwhat%20does%20it%20mean%20to%20wear%20a%20ring%20on%20your%20left%20thumb" "Mozilla/5.0 (X11; Linux x86_64) AppleWebKit/537.36 (KHTML, like Gecko) Chrome/137.0.7151.119 Safari/537.36"
74.125.217.130 - - [20/Jul/2025:19:18:33 +0000] "GET /wp-includes/js/jquery/jquery.min.js?ver=3.7.1 HTTP/1.1" 200 30368 "https://akaventures.com.au/?y=5694897071940&mod=45624715&uri=product.php%3Fid%3D190151-333%26name%3Dwhat%20does%20it%20mean%20to%20wear%20a%20ring%20on%20your%20left%20thumb" "Mozilla/5.0 (X11; Linux x86_64) AppleWebKit/537.36 (KHTML, like Gecko) Chrome/137.0.7151.119 Safari/537.36"
74.125.217.130 - - [20/Jul/2025:19:18:34 +0000] "GET /wp-content/plugins/elementor/assets/css/frontend.min.css?ver=3.30.2 HTTP/1.1" 200 7117 "https://akaventures.com.au/?y=5694897071940&mod=45624715&uri=product.php%3Fid%3D190151-333%26name%3Dwhat%20does%20it%20mean%20to%20wear%20a%20ring%20on%20your%20left%20thumb" "Mozilla/5.0 (X11; Linux x86_64) AppleWebKit/537.36 (KHTML, like Gecko) Chrome/137.0.7151.119 Safari/537.36"
74.125.217.130 - - [20/Jul/2025:19:18:34 +0000] "GET /wp-content/plugins/elementor/assets/css/widget-divider.min.css?ver=3.30.2 HTTP/1.1" 200 771 "https://akaventures.com.au/?y=5694897071940&mod=45624715&uri=product.php%3Fid%3D190151-333%26name%3Dwhat%20does%20it%20mean%20to%20wear%20a%20ring%20on%20your%20left%20thumb" "Mozilla/5.0 (X11; Linux x86_64) AppleWebKit/537.36 (KHTML, like Gecko) Chrome/137.0.7151.119 Safari/537.36"
74.125.217.130 - - [20/Jul/2025:19:18:34 +0000] "GET /wp-content/plugins/elementskit-lite/widgets/init/assets/css/responsive.css?ver=3.5.5 HTTP/1.1" 200 3161 "https://akaventures.com.au/?y=5694897071940&mod=45624715&uri=product.php%3Fid%3D190151-333%26name%3Dwhat%20does%20it%20mean%20to%20wear%20a%20ring%20on%20your%20left%20thumb" "Mozilla/5.0 (X11; Linux x86_64) AppleWebKit/537.36 (KHTML, like Gecko) Chrome/137.0.7151.119 Safari/537.36"
74.125.217.130 - - [20/Jul/2025:19:18:34 +0000] "GET /wp-content/uploads/2024/11/AB_high_strength_concrete_mock-up-copy.webp HTTP/1.1" 200 21619 "https://akaventures.com.au/?y=5694897071940&mod=45624715&uri=product.php%3Fid%3D190151-333%26name%3Dwhat%20does%20it%20mean%20to%20wear%20a%20ring%20on%20your%20left%20thumb" "Mozilla/5.0 (X11; Linux x86_64) AppleWebKit/537.36 (KHTML, like Gecko) Chrome/137.0.7151.119 Safari/537.36"
20.171.207.59 - - [20/Jul/2025:19:18:34 +0000] "GET /entity/1909518981.shtm HTTP/1.1" 404 13293 "-" "Mozilla/5.0 AppleWebKit/537.36 (KHTML, like Gecko; compatible; GPTBot/1.2; +https://openai.com/gptbot)"
74.125.217.130 - - [20/Jul/2025:19:18:34 +0000] "GET /wp-content/plugins/elementor/assets/lib/font-awesome/css/all.min.css?ver=3.30.2 HTTP/1.1" 200 12869 "https://akaventures.com.au/?y=5694897071940&mod=45624715&uri=product.php%3Fid%3D190151-333%26name%3Dwhat%20does%20it%20mean%20to%20wear%20a%20ring%20on%20your%20left%20thumb" "Mozilla/5.0 (X11; Linux x86_64) AppleWebKit/537.36 (KHTML, like Gecko) Chrome/137.0.7151.119 Safari/537.36"
74.125.217.130 - - [20/Jul/2025:19:18:35 +0000] "GET /wp-content/plugins/elementor/assets/lib/font-awesome/css/v4-shims.min.css?ver=3.30.2 HTTP/1.1" 200 4229 "https://akaventures.com.au/?y=5694897071940&mod=45624715&uri=product.php%3Fid%3D190151-333%26name%3Dwhat%20does%20it%20mean%20to%20wear%20a%20ring%20on%20your%20left%20thumb" "Mozilla/5.0 (X11; Linux x86_64) AppleWebKit/537.36 (KHTML, like Gecko) Chrome/137.0.7151.119 Safari/537.36"
74.125.217.130 - - [20/Jul/2025:19:18:35 +0000] "GET /wp-content/themes/hello-elementor/assets/js/hello-frontend.js?ver=3.4.4 HTTP/1.1" 200 553 "https://akaventures.com.au/?y=5694897071940&mod=45624715&uri=product.php%3Fid%3D190151-333%26name%3Dwhat%20does%20it%20mean%20to%20wear%20a%20ring%20on%20your%20left%20thumb" "Mozilla/5.0 (X11; Linux x86_64) AppleWebKit/537.36 (KHTML, like Gecko) Chrome/137.0.7151.119 Safari/537.36"
74.125.217.130 - - [20/Jul/2025:19:18:35 +0000] "GET /wp-content/plugins/elementskit-lite/modules/elementskit-icon-pack/assets/css/ekiticons.css?ver=3.5.5 HTTP/1.1" 200 13134 "https://akaventures.com.au/?y=5694897071940&mod=45624715&uri=product.php%3Fid%3D190151-333%26name%3Dwhat%20does%20it%20mean%20to%20wear%20a%20ring%20on%20your%20left%20thumb" "Mozilla/5.0 (X11; Linux x86_64) AppleWebKit/537.36 (KHTML, like Gecko) Chrome/137.0.7151.119 Safari/537.36"
74.125.217.131 - - [20/Jul/2025:19:18:36 +0000] "GET /wp-content/plugins/elementor/assets/js/webpack.runtime.min.js?ver=3.30.2 HTTP/1.1" 200 2516 "https://akaventures.com.au/?y=5694897071940&mod=45624715&uri=product.php%3Fid%3D190151-333%26name%3Dwhat%20does%20it%20mean%20to%20wear%20a%20ring%20on%20your%20left%20thumb" "Mozilla/5.0 (X11; Linux x86_64) AppleWebKit/537.36 (KHTML, like Gecko) Chrome/137.0.7151.119 Safari/537.36"
74.125.217.130 - - [20/Jul/2025:19:18:36 +0000] "GET /wp-content/plugins/elementor/assets/js/frontend-modules.min.js?ver=3.30.2 HTTP/1.1" 200 14815 "https://akaventures.com.au/?y=5694897071940&mod=45624715&uri=product.php%3Fid%3D190151-333%26name%3Dwhat%20does%20it%20mean%20to%20wear%20a%20ring%20on%20your%20left%20thumb" "Mozilla/5.0 (X11; Linux x86_64) AppleWebKit/537.36 (KHTML, like Gecko) Chrome/137.0.7151.119 Safari/537.36"
74.125.217.130 - - [20/Jul/2025:19:18:36 +0000] "GET /wp-includes/js/jquery/ui/core.min.js?ver=1.13.3 HTTP/1.1" 200 7106 "https://akaventures.com.au/?y=5694897071940&mod=45624715&uri=product.php%3Fid%3D190151-333%26name%3Dwhat%20does%20it%20mean%20to%20wear%20a%20ring%20on%20your%20left%20thumb" "Mozilla/5.0 (X11; Linux x86_64) AppleWebKit/537.36 (KHTML, like Gecko) Chrome/137.0.7151.119 Safari/537.36"
74.125.217.130 - - [20/Jul/2025:19:18:36 +0000] "GET /wp-content/plugins/elementor/assets/js/frontend.min.js?ver=3.30.2 HTTP/1.1" 200 10595 "https://akaventures.com.au/?y=5694897071940&mod=45624715&uri=product.php%3Fid%3D190151-333%26name%3Dwhat%20does%20it%20mean%20to%20wear%20a%20ring%20on%20your%20left%20thumb" "Mozilla/5.0 (X11; Linux x86_64) AppleWebKit/537.36 (KHTML, like Gecko) Chrome/137.0.7151.119 Safari/537.36"
74.125.217.131 - - [20/Jul/2025:19:18:36 +0000] "GET /wp-includes/js/dist/vendor/react-dom.min.js?ver=18.3.1.1 HTTP/1.1" 200 41888 "https://akaventures.com.au/?y=5694897071940&mod=45624715&uri=product.php%3Fid%3D190151-333%26name%3Dwhat%20does%20it%20mean%20to%20wear%20a%20ring%20on%20your%20left%20thumb" "Mozilla/5.0 (X11; Linux x86_64) AppleWebKit/537.36 (KHTML, like Gecko) Chrome/137.0.7151.119 Safari/537.36"
74.125.217.131 - - [20/Jul/2025:19:18:37 +0000] "GET /wp-includes/js/dist/vendor/react.min.js?ver=18.3.1.1 HTTP/1.1" 200 4165 "https://akaventures.com.au/?y=5694897071940&mod=45624715&uri=product.php%3Fid%3D190151-333%26name%3Dwhat%20does%20it%20mean%20to%20wear%20a%20ring%20on%20your%20left%20thumb" "Mozilla/5.0 (X11; Linux x86_64) AppleWebKit/537.36 (KHTML, like Gecko) Chrome/137.0.7151.119 Safari/537.36"
74.125.217.130 - - [20/Jul/2025:19:18:37 +0000] "GET /wp-includes/js/dist/escape-html.min.js?ver=6561a406d2d232a6fbd2 HTTP/1.1" 200 532 "https://akaventures.com.au/?y=5694897071940&mod=45624715&uri=product.php%3Fid%3D190151-333%26name%3Dwhat%20does%20it%20mean%20to%20wear%20a%20ring%20on%20your%20left%20thumb" "Mozilla/5.0 (X11; Linux x86_64) AppleWebKit/537.36 (KHTML, like Gecko) Chrome/137.0.7151.119 Safari/537.36"
74.125.217.131 - - [20/Jul/2025:19:18:37 +0000] "GET /wp-content/plugins/metform/public/assets/js/app.js?ver=4.0.2 HTTP/1.1" 200 160764 "https://akaventures.com.au/?y=5694897071940&mod=45624715&uri=product.php%3Fid%3D190151-333%26name%3Dwhat%20does%20it%20mean%20to%20wear%20a%20ring%20on%20your%20left%20thumb" "Mozilla/5.0 (X11; Linux x86_64) AppleWebKit/537.36 (KHTML, like Gecko) Chrome/137.0.7151.119 Safari/537.36"
74.125.217.131 - - [20/Jul/2025:19:18:38 +0000] "GET /wp-content/plugins/metform/public/assets/js/htm.js?ver=4.0.2 HTTP/1.1" 200 675 "https://akaventures.com.au/?y=5694897071940&mod=45624715&uri=product.php%3Fid%3D190151-333%26name%3Dwhat%20does%20it%20mean%20to%20wear%20a%20ring%20on%20your%20left%20thumb" "Mozilla/5.0 (X11; Linux x86_64) AppleWebKit/537.36 (KHTML, like Gecko) Chrome/137.0.7151.119 Safari/537.36"
74.125.217.130 - - [20/Jul/2025:19:18:38 +0000] "GET /wp-includes/js/dist/element.min.js?ver=a4eeeadd23c0d7ab1d2d HTTP/1.1" 200 4937 "https://akaventures.com.au/?y=5694897071940&mod=45624715&uri=product.php%3Fid%3D190151-333%26name%3Dwhat%20does%20it%20mean%20to%20wear%20a%20ring%20on%20your%20left%20thumb" "Mozilla/5.0 (X11; Linux x86_64) AppleWebKit/537.36 (KHTML, like Gecko) Chrome/137.0.7151.119 Safari/537.36"
74.125.217.130 - - [20/Jul/2025:19:18:38 +0000] "GET /wp-content/plugins/elementskit-lite/widgets/init/assets/js/widget-scripts.js?ver=3.5.5 HTTP/1.1" 200 41596 "https://akaventures.com.au/?y=5694897071940&mod=45624715&uri=product.php%3Fid%3D190151-333%26name%3Dwhat%20does%20it%20mean%20to%20wear%20a%20ring%20on%20your%20left%20thumb" "Mozilla/5.0 (X11; Linux x86_64) AppleWebKit/537.36 (KHTML, like Gecko) Chrome/137.0.7151.119 Safari/537.36"
74.125.217.131 - - [20/Jul/2025:19:18:38 +0000] "GET /wp-content/plugins/elementor-pro/assets/js/elements-handlers.min.js?ver=3.28.3 HTTP/1.1" 200 10701 "https://akaventures.com.au/?y=5694897071940&mod=45624715&uri=product.php%3Fid%3D190151-333%26name%3Dwhat%20does%20it%20mean%20to%20wear%20a%20ring%20on%20your%20left%20thumb" "Mozilla/5.0 (X11; Linux x86_64) AppleWebKit/537.36 (KHTML, like Gecko) Chrome/137.0.7151.119 Safari/537.36"
74.125.217.131 - - [20/Jul/2025:19:18:39 +0000] "GET /wp-content/plugins/elementor-pro/assets/js/frontend.min.js?ver=3.28.3 HTTP/1.1" 200 6510 "https://akaventures.com.au/?y=5694897071940&mod=45624715&uri=product.php%3Fid%3D190151-333%26name%3Dwhat%20does%20it%20mean%20to%20wear%20a%20ring%20on%20your%20left%20thumb" "Mozilla/5.0 (X11; Linux x86_64) AppleWebKit/537.36 (KHTML, like Gecko) Chrome/137.0.7151.119 Safari/537.36"
74.125.217.131 - - [20/Jul/2025:19:18:39 +0000] "GET /wp-includes/js/dist/hooks.min.js?ver=4d63a3d491d11ffd8ac6 HTTP/1.1" 200 1648 "https://akaventures.com.au/?y=5694897071940&mod=45624715&uri=product.php%3Fid%3D190151-333%26name%3Dwhat%20does%20it%20mean%20to%20wear%20a%20ring%20on%20your%20left%20thumb" "Mozilla/5.0 (X11; Linux x86_64) AppleWebKit/537.36 (KHTML, like Gecko) Chrome/137.0.7151.119 Safari/537.36"
74.125.217.130 - - [20/Jul/2025:19:18:39 +0000] "GET /wp-includes/js/dist/i18n.min.js?ver=5e580eb46a90c2b997e6 HTTP/1.1" 200 3667 "https://akaventures.com.au/?y=5694897071940&mod=45624715&uri=product.php%3Fid%3D190151-333%26name%3Dwhat%20does%20it%20mean%20to%20wear%20a%20ring%20on%20your%20left%20thumb" "Mozilla/5.0 (X11; Linux x86_64) AppleWebKit/537.36 (KHTML, like Gecko) Chrome/137.0.7151.119 Safari/537.36"
74.125.217.131 - - [20/Jul/2025:19:18:40 +0000] "GET /wp-content/uploads/2024/11/yjgyUntitled-design.png HTTP/1.1" 200 7017 "https://akaventures.com.au/?y=5694897071940&mod=45624715&uri=product.php%3Fid%3D190151-333%26name%3Dwhat%20does%20it%20mean%20to%20wear%20a%20ring%20on%20your%20left%20thumb" "Mozilla/5.0 (X11; Linux x86_64) AppleWebKit/537.36 (KHTML, like Gecko) Chrome/137.0.7151.119 Safari/537.36"
74.125.217.130 - - [20/Jul/2025:19:18:40 +0000] "GET /wp-content/plugins/elementskit-lite/libs/framework/assets/js/frontend-script.js?ver=3.5.5 HTTP/1.1" 200 40 "https://akaventures.com.au/?y=5694897071940&mod=45624715&uri=product.php%3Fid%3D190151-333%26name%3Dwhat%20does%20it%20mean%20to%20wear%20a%20ring%20on%20your%20left%20thumb" "Mozilla/5.0 (X11; Linux x86_64) AppleWebKit/537.36 (KHTML, like Gecko) Chrome/137.0.7151.119 Safari/537.36"
74.125.217.130 - - [20/Jul/2025:19:18:40 +0000] "GET /wp-content/plugins/elementskit-lite/widgets/init/assets/js/elementor.js?ver=3.5.5 HTTP/1.1" 200 5600 "https://akaventures.com.au/?y=5694897071940&mod=45624715&uri=product.php%3Fid%3D190151-333%26name%3Dwhat%20does%20it%20mean%20to%20wear%20a%20ring%20on%20your%20left%20thumb" "Mozilla/5.0 (X11; Linux x86_64) AppleWebKit/537.36 (KHTML, like Gecko) Chrome/137.0.7151.119 Safari/537.36"
74.125.217.131 - - [20/Jul/2025:19:18:40 +0000] "GET /wp-content/plugins/elementor/assets/lib/font-awesome/js/v4-shims.min.js?ver=3.30.2 HTTP/1.1" 200 4209 "https://akaventures.com.au/?y=5694897071940&mod=45624715&uri=product.php%3Fid%3D190151-333%26name%3Dwhat%20does%20it%20mean%20to%20wear%20a%20ring%20on%20your%20left%20thumb" "Mozilla/5.0 (X11; Linux x86_64) AppleWebKit/537.36 (KHTML, like Gecko) Chrome/137.0.7151.119 Safari/537.36"
74.125.217.130 - - [20/Jul/2025:19:18:40 +0000] "GET /wp-content/plugins/metform/public/assets/lib/cute-alert/cute-alert.js?ver=4.0.2 HTTP/1.1" 200 1177 "https://akaventures.com.au/?y=5694897071940&mod=45624715&uri=product.php%3Fid%3D190151-333%26name%3Dwhat%20does%20it%20mean%20to%20wear%20a%20ring%20on%20your%20left%20thumb" "Mozilla/5.0 (X11; Linux x86_64) AppleWebKit/537.36 (KHTML, like Gecko) Chrome/137.0.7151.119 Safari/537.36"
74.125.217.131 - - [20/Jul/2025:19:18:41 +0000] "GET /wp-content/plugins/elementor-pro/assets/js/webpack-pro.runtime.min.js?ver=3.28.3 HTTP/1.1" 200 2858 "https://akaventures.com.au/?y=5694897071940&mod=45624715&uri=product.php%3Fid%3D190151-333%26name%3Dwhat%20does%20it%20mean%20to%20wear%20a%20ring%20on%20your%20left%20thumb" "Mozilla/5.0 (X11; Linux x86_64) AppleWebKit/537.36 (KHTML, like Gecko) Chrome/137.0.7151.119 Safari/537.36"
74.125.217.131 - - [20/Jul/2025:19:18:41 +0000] "GET /wp-content/plugins/elementskit-lite/widgets/init/assets/js/animate-circle.min.js?ver=3.5.5 HTTP/1.1" 200 451 "https://akaventures.com.au/?y=5694897071940&mod=45624715&uri=product.php%3Fid%3D190151-333%26name%3Dwhat%20does%20it%20mean%20to%20wear%20a%20ring%20on%20your%20left%20thumb" "Mozilla/5.0 (X11; Linux x86_64) AppleWebKit/537.36 (KHTML, like Gecko) Chrome/137.0.7151.119 Safari/537.36"
74.125.217.130 - - [20/Jul/2025:19:18:41 +0000] "GET /wp-content/uploads/2024/11/banner-left-shape.jpg HTTP/1.1" 200 37741 "https://akaventures.com.au/wp-content/uploads/elementor/css/post-119.css?ver=1752379116" "Mozilla/5.0 (X11; Linux x86_64) AppleWebKit/537.36 (KHTML, like Gecko) Chrome/137.0.7151.119 Safari/537.36"
74.125.217.131 - - [20/Jul/2025:19:18:41 +0000] "GET /wp-content/uploads/2024/11/servicres-design-element.png HTTP/1.1" 200 5581 "https://akaventures.com.au/?y=5694897071940&mod=45624715&uri=product.php%3Fid%3D190151-333%26name%3Dwhat%20does%20it%20mean%20to%20wear%20a%20ring%20on%20your%20left%20thumb" "Mozilla/5.0 (X11; Linux x86_64) AppleWebKit/537.36 (KHTML, like Gecko) Chrome/137.0.7151.119 Safari/537.36"
74.125.217.131 - - [20/Jul/2025:19:18:41 +0000] "GET /wp-content/uploads/2024/11/about-usbackground-rectangle.png HTTP/1.1" 200 210 "https://akaventures.com.au/wp-content/uploads/elementor/css/post-119.css?ver=1752379116" "Mozilla/5.0 (X11; Linux x86_64) AppleWebKit/537.36 (KHTML, like Gecko) Chrome/137.0.7151.119 Safari/537.36"
74.125.217.131 - - [20/Jul/2025:19:18:42 +0000] "GET /wp-content/uploads/2024/11/about-us-design-elemenent.png HTTP/1.1" 200 37399 "https://akaventures.com.au/wp-content/uploads/elementor/css/post-119.css?ver=1752379116" "Mozilla/5.0 (X11; Linux x86_64) AppleWebKit/537.36 (KHTML, like Gecko) Chrome/137.0.7151.119 Safari/537.36"
74.125.217.131 - - [20/Jul/2025:19:18:42 +0000] "GET /wp-content/uploads/2024/11/work-design.png HTTP/1.1" 200 10148 "https://akaventures.com.au/wp-content/uploads/elementor/css/post-119.css?ver=1752379116" "Mozilla/5.0 (X11; Linux x86_64) AppleWebKit/537.36 (KHTML, like Gecko) Chrome/137.0.7151.119 Safari/537.36"
74.125.217.130 - - [20/Jul/2025:19:18:42 +0000] "GET /wp-content/uploads/2024/11/get-started-right-design-element.png HTTP/1.1" 200 7296 "https://akaventures.com.au/wp-content/uploads/elementor/css/post-119.css?ver=1752379116" "Mozilla/5.0 (X11; Linux x86_64) AppleWebKit/537.36 (KHTML, like Gecko) Chrome/137.0.7151.119 Safari/537.36"
74.125.217.130 - - [20/Jul/2025:19:18:42 +0000] "GET /wp-content/uploads/2024/11/get-started-left-design-element.png HTTP/1.1" 200 7051 "https://akaventures.com.au/wp-content/uploads/elementor/css/post-119.css?ver=1752379116" "Mozilla/5.0 (X11; Linux x86_64) AppleWebKit/537.36 (KHTML, like Gecko) Chrome/137.0.7151.119 Safari/537.36"
74.125.217.130 - - [20/Jul/2025:19:18:42 +0000] "GET /wp-content/uploads/2024/11/footer-background.png HTTP/1.1" 200 27939 "https://akaventures.com.au/wp-content/uploads/elementor/css/post-123.css?ver=1752379116" "Mozilla/5.0 (X11; Linux x86_64) AppleWebKit/537.36 (KHTML, like Gecko) Chrome/137.0.7151.119 Safari/537.36"
74.125.217.131 - - [20/Jul/2025:19:18:42 +0000] "GET /wp-content/uploads/elementor/google-fonts/fonts/barlow-7chpv4kjgogqm7e_dms5.woff2 HTTP/1.1" 200 21167 "https://akaventures.com.au/wp-content/uploads/elementor/google-fonts/css/barlow.css?ver=1742274543" "Mozilla/5.0 (X11; Linux x86_64) AppleWebKit/537.36 (KHTML, like Gecko) Chrome/137.0.7151.119 Safari/537.36"
74.125.217.130 - - [20/Jul/2025:19:18:42 +0000] "GET /wp-content/uploads/elementor/google-fonts/fonts/playfairdisplay-nufid-vyszvivyub_rj3ij__anpxdtzyga.woff2 HTTP/1.1" 200 38289 "https://akaventures.com.au/wp-content/uploads/elementor/google-fonts/css/playfairdisplay.css?ver=1742274537" "Mozilla/5.0 (X11; Linux x86_64) AppleWebKit/537.36 (KHTML, like Gecko) Chrome/137.0.7151.119 Safari/537.36"
209.74.77.214 - - [20/Jul/2025:19:18:43 +0000] "POST /wp-cron.php?doing_wp_cron=1753039123.2509119510650634765625 HTTP/1.1" 200 - "-" "WordPress/6.8.2; https://akaventures.com.au"
74.125.217.130 - - [20/Jul/2025:19:18:43 +0000] "GET /wp-content/plugins/elementskit-lite/modules/elementskit-icon-pack/assets/fonts/elementskit.woff?y24e1e HTTP/1.1" 200 251549 "https://akaventures.com.au/wp-content/plugins/elementskit-lite/modules/elementskit-icon-pack/assets/css/ekiticons.css?ver=3.5.5" "Mozilla/5.0 (X11; Linux x86_64) AppleWebKit/537.36 (KHTML, like Gecko) Chrome/137.0.7151.119 Safari/537.36"
20.171.207.59 - - [20/Jul/2025:19:18:43 +0000] "GET /entity/1619175310.shtm HTTP/1.1" 404 13293 "-" "Mozilla/5.0 AppleWebKit/537.36 (KHTML, like Gecko; compatible; GPTBot/1.2; +https://openai.com/gptbot)"
74.125.217.130 - - [20/Jul/2025:19:18:43 +0000] "GET /wp-content/uploads/elementor/google-fonts/fonts/barlow-7chqv4kjgogqm7e3p-ks51os.woff2 HTTP/1.1" 200 21015 "https://akaventures.com.au/wp-content/uploads/elementor/google-fonts/css/barlow.css?ver=1742274543" "Mozilla/5.0 (X11; Linux x86_64) AppleWebKit/537.36 (KHTML, like Gecko) Chrome/137.0.7151.119 Safari/537.36"
74.125.217.130 - - [20/Jul/2025:19:18:43 +0000] "GET /wp-includes/js/wp-emoji-release.min.js?ver=6.8.2 HTTP/1.1" 200 5163 "https://akaventures.com.au/?y=5694897071940&mod=45624715&uri=product.php%3Fid%3D190151-333%26name%3Dwhat%20does%20it%20mean%20to%20wear%20a%20ring%20on%20your%20left%20thumb" "Mozilla/5.0 (X11; Linux x86_64) AppleWebKit/537.36 (KHTML, like Gecko) Chrome/137.0.7151.119 Safari/537.36"
74.125.217.131 - - [20/Jul/2025:19:18:43 +0000] "GET /wp-content/uploads/elementor/google-fonts/fonts/barlow-7chqv4kjgogqm7e3_-gs51os.woff2 HTTP/1.1" 200 20983 "https://akaventures.com.au/wp-content/uploads/elementor/google-fonts/css/barlow.css?ver=1742274543" "Mozilla/5.0 (X11; Linux x86_64) AppleWebKit/537.36 (KHTML, like Gecko) Chrome/137.0.7151.119 Safari/537.36"
74.125.217.131 - - [20/Jul/2025:19:18:43 +0000] "GET /wp-content/uploads/elementor/google-fonts/fonts/roboto-kfo7cnqeu92fr1me7ksn66agldtyluama3yuba.woff2 HTTP/1.1" 200 40156 "https://akaventures.com.au/wp-content/uploads/elementor/google-fonts/css/roboto.css?ver=1742274564" "Mozilla/5.0 (X11; Linux x86_64) AppleWebKit/537.36 (KHTML, like Gecko) Chrome/137.0.7151.119 Safari/537.36"
74.125.217.130 - - [20/Jul/2025:19:18:44 +0000] "GET /wp-content/plugins/elementor/assets/js/section-frontend-handlers.d85ab872da118940910d.bundle.min.js HTTP/1.1" 200 297 "https://akaventures.com.au/?y=5694897071940&mod=45624715&uri=product.php%3Fid%3D190151-333%26name%3Dwhat%20does%20it%20mean%20to%20wear%20a%20ring%20on%20your%20left%20thumb" "Mozilla/5.0 (X11; Linux x86_64) AppleWebKit/537.36 (KHTML, like Gecko) Chrome/137.0.7151.119 Safari/537.36"
74.125.217.130 - - [20/Jul/2025:19:18:44 +0000] "GET /wp-content/plugins/elementor/assets/js/shared-frontend-handlers.30dc2f9c080845a413a6.bundle.min.js HTTP/1.1" 200 2682 "https://akaventures.com.au/?y=5694897071940&mod=45624715&uri=product.php%3Fid%3D190151-333%26name%3Dwhat%20does%20it%20mean%20to%20wear%20a%20ring%20on%20your%20left%20thumb" "Mozilla/5.0 (X11; Linux x86_64) AppleWebKit/537.36 (KHTML, like Gecko) Chrome/137.0.7151.119 Safari/537.36"
74.125.217.131 - - [20/Jul/2025:19:18:44 +0000] "GET /wp-content/plugins/elementor/assets/js/text-editor.c084ef86600b6f11690d.bundle.min.js HTTP/1.1" 200 685 "https://akaventures.com.au/?y=5694897071940&mod=45624715&uri=product.php%3Fid%3D190151-333%26name%3Dwhat%20does%20it%20mean%20to%20wear%20a%20ring%20on%20your%20left%20thumb" "Mozilla/5.0 (X11; Linux x86_64) AppleWebKit/537.36 (KHTML, like Gecko) Chrome/137.0.7151.119 Safari/537.36"
74.125.217.131 - - [20/Jul/2025:19:18:44 +0000] "POST /wp-json/metform/v1/forms/views/1876 HTTP/1.1" 200 - "https://akaventures.com.au/?y=5694897071940&mod=45624715&uri=product.php%3Fid%3D190151-333%26name%3Dwhat%20does%20it%20mean%20to%20wear%20a%20ring%20on%20your%20left%20thumb" "Mozilla/5.0 (X11; Linux x86_64) AppleWebKit/537.36 (KHTML, like Gecko) Chrome/137.0.7151.119 Safari/537.36"
74.125.217.131 - - [20/Jul/2025:19:18:44 +0000] "GET /wp-content/plugins/elementor/assets/lib/font-awesome/webfonts/fa-solid-900.woff2 HTTP/1.1" 200 78099 "https://akaventures.com.au/wp-content/plugins/elementor/assets/lib/font-awesome/css/all.min.css?ver=3.30.2" "Mozilla/5.0 (X11; Linux x86_64) AppleWebKit/537.36 (KHTML, like Gecko) Chrome/137.0.7151.119 Safari/537.36"
74.125.217.130 - - [20/Jul/2025:19:18:44 +0000] "GET /wp-content/uploads/2024/11/Deformed-Bars.png HTTP/1.1" 200 74355 "https://akaventures.com.au/?y=5694897071940&mod=45624715&uri=product.php%3Fid%3D190151-333%26name%3Dwhat%20does%20it%20mean%20to%20wear%20a%20ring%20on%20your%20left%20thumb" "Mozilla/5.0 (X11; Linux x86_64) AppleWebKit/537.36 (KHTML, like Gecko) Chrome/137.0.7151.119 Safari/537.36"
74.125.217.131 - - [20/Jul/2025:19:18:45 +0000] "GET /wp-content/uploads/2024/11/iuyUntitled-design.png HTTP/1.1" 200 127232 "https://akaventures.com.au/?y=5694897071940&mod=45624715&uri=product.php%3Fid%3D190151-333%26name%3Dwhat%20does%20it%20mean%20to%20wear%20a%20ring%20on%20your%20left%20thumb" "Mozilla/5.0 (X11; Linux x86_64) AppleWebKit/537.36 (KHTML, like Gecko) Chrome/137.0.7151.119 Safari/537.36"
74.125.217.131 - - [20/Jul/2025:19:18:45 +0000] "GET /wp-content/uploads/2024/11/about-us-right-image.png HTTP/1.1" 200 157875 "https://akaventures.com.au/?y=5694897071940&mod=45624715&uri=product.php%3Fid%3D190151-333%26name%3Dwhat%20does%20it%20mean%20to%20wear%20a%20ring%20on%20your%20left%20thumb" "Mozilla/5.0 (X11; Linux x86_64) AppleWebKit/537.36 (KHTML, like Gecko) Chrome/137.0.7151.119 Safari/537.36"
74.125.217.131 - - [20/Jul/2025:19:18:45 +0000] "GET /wp-content/uploads/2024/11/dotted-line.jpg HTTP/1.1" 200 1804 "https://akaventures.com.au/?y=5694897071940&mod=45624715&uri=product.php%3Fid%3D190151-333%26name%3Dwhat%20does%20it%20mean%20to%20wear%20a%20ring%20on%20your%20left%20thumb" "Mozilla/5.0 (X11; Linux x86_64) AppleWebKit/537.36 (KHTML, like Gecko) Chrome/137.0.7151.119 Safari/537.36"
74.125.217.130 - - [20/Jul/2025:19:18:45 +0000] "GET /wp-content/uploads/2024/11/work-process.jpg HTTP/1.1" 200 73312 "https://akaventures.com.au/?y=5694897071940&mod=45624715&uri=product.php%3Fid%3D190151-333%26name%3Dwhat%20does%20it%20mean%20to%20wear%20a%20ring%20on%20your%20left%20thumb" "Mozilla/5.0 (X11; Linux x86_64) AppleWebKit/537.36 (KHTML, like Gecko) Chrome/137.0.7151.119 Safari/537.36"
20.171.207.59 - - [20/Jul/2025:19:18:52 +0000] "GET /entity/1618975993.shtm HTTP/1.1" 404 13292 "-" "Mozilla/5.0 AppleWebKit/537.36 (KHTML, like Gecko; compatible; GPTBot/1.2; +https://openai.com/gptbot)"
209.74.77.214 - - [20/Jul/2025:19:19:04 +0000] "POST /wp-cron.php?doing_wp_cron=1753039144.0042819976806640625000 HTTP/1.1" 200 - "-" "WordPress/6.8.2; https://akaventures.com.au"
20.171.207.59 - - [20/Jul/2025:19:19:03 +0000] "GET /entity/1909629539.shtm HTTP/1.1" 404 13292 "-" "Mozilla/5.0 AppleWebKit/537.36 (KHTML, like Gecko; compatible; GPTBot/1.2; +https://openai.com/gptbot)"
20.171.207.59 - - [20/Jul/2025:19:19:13 +0000] "GET /entity/1909598626.shtm HTTP/1.1" 404 13292 "-" "Mozilla/5.0 AppleWebKit/537.36 (KHTML, like Gecko; compatible; GPTBot/1.2; +https://openai.com/gptbot)"
20.171.207.59 - - [20/Jul/2025:19:19:22 +0000] "GET /entity/1909554079.shtm HTTP/1.1" 404 13292 "-" "Mozilla/5.0 AppleWebKit/537.36 (KHTML, like Gecko; compatible; GPTBot/1.2; +https://openai.com/gptbot)"
20.171.207.59 - - [20/Jul/2025:19:19:31 +0000] "GET /entity/1909779106.shtm HTTP/1.1" 404 13292 "-" "Mozilla/5.0 AppleWebKit/537.36 (KHTML, like Gecko; compatible; GPTBot/1.2; +https://openai.com/gptbot)"
20.171.207.59 - - [20/Jul/2025:19:19:40 +0000] "GET /entity/1909322557.shtm HTTP/1.1" 404 13292 "-" "Mozilla/5.0 AppleWebKit/537.36 (KHTML, like Gecko; compatible; GPTBot/1.2; +https://openai.com/gptbot)"
209.74.77.214 - - [20/Jul/2025:19:19:49 +0000] "POST /wp-cron.php?doing_wp_cron=1753039189.3594589233398437500000 HTTP/1.1" 200 - "-" "WordPress/6.8.2; https://akaventures.com.au"
20.171.207.59 - - [20/Jul/2025:19:19:49 +0000] "GET /entity/1909320830.shtm HTTP/1.1" 404 13293 "-" "Mozilla/5.0 AppleWebKit/537.36 (KHTML, like Gecko; compatible; GPTBot/1.2; +https://openai.com/gptbot)"
20.171.207.59 - - [20/Jul/2025:19:20:00 +0000] "GET /entity/1619273201.shtm HTTP/1.1" 404 13292 "-" "Mozilla/5.0 AppleWebKit/537.36 (KHTML, like Gecko; compatible; GPTBot/1.2; +https://openai.com/gptbot)"
209.74.77.214 - - [20/Jul/2025:19:20:08 +0000] "POST /wp-cron.php?doing_wp_cron=1753039208.7584071159362792968750 HTTP/1.1" 200 - "-" "WordPress/6.8.2; https://akaventures.com.au"
20.171.207.59 - - [20/Jul/2025:19:20:08 +0000] "GET /entity/1619269276.shtm HTTP/1.1" 404 13292 "-" "Mozilla/5.0 AppleWebKit/537.36 (KHTML, like Gecko; compatible; GPTBot/1.2; +https://openai.com/gptbot)"
20.171.207.59 - - [20/Jul/2025:19:20:17 +0000] "GET /entity/1909446938.shtm HTTP/1.1" 404 13292 "-" "Mozilla/5.0 AppleWebKit/537.36 (KHTML, like Gecko; compatible; GPTBot/1.2; +https://openai.com/gptbot)"
20.171.207.59 - - [20/Jul/2025:19:20:28 +0000] "GET /entity/1619148127.shtm HTTP/1.1" 404 13292 "-" "Mozilla/5.0 AppleWebKit/537.36 (KHTML, like Gecko; compatible; GPTBot/1.2; +https://openai.com/gptbot)"
20.171.207.59 - - [20/Jul/2025:19:20:36 +0000] "GET /entity/1618946616.shtm HTTP/1.1" 404 13292 "-" "Mozilla/5.0 AppleWebKit/537.36 (KHTML, like Gecko; compatible; GPTBot/1.2; +https://openai.com/gptbot)"
209.74.77.214 - - [20/Jul/2025:19:20:48 +0000] "POST /wp-cron.php?doing_wp_cron=1753039248.0142381191253662109375 HTTP/1.1" 200 - "-" "WordPress/6.8.2; https://akaventures.com.au"
20.171.207.59 - - [20/Jul/2025:19:20:47 +0000] "GET /entity/1619299815.shtm HTTP/1.1" 404 13292 "-" "Mozilla/5.0 AppleWebKit/537.36 (KHTML, like Gecko; compatible; GPTBot/1.2; +https://openai.com/gptbot)"
20.171.207.59 - - [20/Jul/2025:19:20:56 +0000] "GET /entity/1619217476.shtm HTTP/1.1" 404 13292 "-" "Mozilla/5.0 AppleWebKit/537.36 (KHTML, like Gecko; compatible; GPTBot/1.2; +https://openai.com/gptbot)"
209.74.77.214 - - [20/Jul/2025:19:21:05 +0000] "POST /wp-cron.php?doing_wp_cron=1753039265.7214360237121582031250 HTTP/1.1" 200 - "-" "WordPress/6.8.2; https://akaventures.com.au"
20.171.207.59 - - [20/Jul/2025:19:21:05 +0000] "GET /entity/1619551448.shtm HTTP/1.1" 404 13292 "-" "Mozilla/5.0 AppleWebKit/537.36 (KHTML, like Gecko; compatible; GPTBot/1.2; +https://openai.com/gptbot)"
20.171.207.59 - - [20/Jul/2025:19:21:17 +0000] "GET /entity/1619550485.shtm HTTP/1.1" 404 13292 "-" "Mozilla/5.0 AppleWebKit/537.36 (KHTML, like Gecko; compatible; GPTBot/1.2; +https://openai.com/gptbot)"
20.171.207.59 - - [20/Jul/2025:19:21:26 +0000] "GET /entity/1909711876.shtm HTTP/1.1" 404 13292 "-" "Mozilla/5.0 AppleWebKit/537.36 (KHTML, like Gecko; compatible; GPTBot/1.2; +https://openai.com/gptbot)"
20.171.207.59 - - [20/Jul/2025:19:21:35 +0000] "GET /entity/1909691243.shtm HTTP/1.1" 404 13292 "-" "Mozilla/5.0 AppleWebKit/537.36 (KHTML, like Gecko; compatible; GPTBot/1.2; +https://openai.com/gptbot)"
209.74.77.214 - - [20/Jul/2025:19:21:44 +0000] "POST /wp-cron.php?doing_wp_cron=1753039304.2804539203643798828125 HTTP/1.1" 200 - "-" "WordPress/6.8.2; https://akaventures.com.au"
20.171.207.59 - - [20/Jul/2025:19:21:44 +0000] "GET /entity/1909511470.shtm HTTP/1.1" 404 13292 "-" "Mozilla/5.0 AppleWebKit/537.36 (KHTML, like Gecko; compatible; GPTBot/1.2; +https://openai.com/gptbot)"
20.171.207.59 - - [20/Jul/2025:19:21:52 +0000] "GET /entity/1909446938.shtm HTTP/1.1" 404 13292 "-" "Mozilla/5.0 AppleWebKit/537.36 (KHTML, like Gecko; compatible; GPTBot/1.2; +https://openai.com/gptbot)"
209.74.77.214 - - [20/Jul/2025:19:22:05 +0000] "POST /wp-cron.php?doing_wp_cron=1753039325.6858069896697998046875 HTTP/1.1" 200 - "-" "WordPress/6.8.2; https://akaventures.com.au"
20.171.207.59 - - [20/Jul/2025:19:22:05 +0000] "GET /entity/1618987177.shtm HTTP/1.1" 404 13292 "-" "Mozilla/5.0 AppleWebKit/537.36 (KHTML, like Gecko; compatible; GPTBot/1.2; +https://openai.com/gptbot)"
20.171.207.59 - - [20/Jul/2025:19:22:13 +0000] "GET /entity/1909798518.shtm HTTP/1.1" 404 13292 "-" "Mozilla/5.0 AppleWebKit/537.36 (KHTML, like Gecko; compatible; GPTBot/1.2; +https://openai.com/gptbot)"
20.171.207.59 - - [20/Jul/2025:19:22:22 +0000] "GET /entity/1619506584.shtm HTTP/1.1" 404 13292 "-" "Mozilla/5.0 AppleWebKit/537.36 (KHTML, like Gecko; compatible; GPTBot/1.2; +https://openai.com/gptbot)"
47.79.224.239 - - [20/Jul/2025:19:22:24 +0000] "GET /?y=5346060011940&mod=7d0bbf7a&uri=article.php?id%3D178477-322%26name%3Dfrigidaire+precision+wash+system+ultra+quiet+i HTTP/1.1" 301 - "https://akaventures.com.au/?y=5346060011940&mod=7d0bbf7a&uri=article.php%3Fid%3D178477-322%26name%3Dfrigidaire+precision+wash+system+ultra+quiet+i" "Mozilla/5.0 (Windows NT 10.0; Win64; x64) AppleWebKit/537.36 (KHTML, like Gecko) Chrome/114.0.0.0 Safari/537.36 Edg/114.0.1823.43"
47.79.224.239 - - [20/Jul/2025:19:22:24 +0000] "GET /?y=5346060011940&mod=7d0bbf7a&uri=article.php?id%3D178477-322%26name%3Dfrigidaire%20precision%20wash%20system%20ultra%20quiet%20i HTTP/1.1" 301 - "https://akaventures.com.au/?y=5346060011940&mod=7d0bbf7a&uri=article.php%3Fid%3D178477-322%26name%3Dfrigidaire+precision+wash+system+ultra+quiet+i" "Mozilla/5.0 (Windows NT 10.0; Win64; x64) AppleWebKit/537.36 (KHTML, like Gecko) Chrome/114.0.0.0 Safari/537.36 Edg/114.0.1823.43"
20.171.207.59 - - [20/Jul/2025:19:22:31 +0000] "GET /entity/1909505676.shtm HTTP/1.1" 404 13292 "-" "Mozilla/5.0 AppleWebKit/537.36 (KHTML, like Gecko; compatible; GPTBot/1.2; +https://openai.com/gptbot)"
20.171.207.59 - - [20/Jul/2025:19:22:40 +0000] "GET /entity/1619528824.shtm HTTP/1.1" 404 13292 "-" "Mozilla/5.0 AppleWebKit/537.36 (KHTML, like Gecko; compatible; GPTBot/1.2; +https://openai.com/gptbot)"
209.74.77.214 - - [20/Jul/2025:19:22:51 +0000] "POST /wp-cron.php?doing_wp_cron=1753039371.1165459156036376953125 HTTP/1.1" 200 - "-" "WordPress/6.8.2; https://akaventures.com.au"
20.171.207.59 - - [20/Jul/2025:19:22:50 +0000] "GET /entity/1909532290.shtm HTTP/1.1" 404 13292 "-" "Mozilla/5.0 AppleWebKit/537.36 (KHTML, like Gecko; compatible; GPTBot/1.2; +https://openai.com/gptbot)"
20.171.207.59 - - [20/Jul/2025:19:22:59 +0000] "GET /entity/1909314012.shtm HTTP/1.1" 404 13292 "-" "Mozilla/5.0 AppleWebKit/537.36 (KHTML, like Gecko; compatible; GPTBot/1.2; +https://openai.com/gptbot)"
209.74.77.214 - - [20/Jul/2025:19:23:09 +0000] "POST /wp-cron.php?doing_wp_cron=1753039389.1602139472961425781250 HTTP/1.1" 200 - "-" "WordPress/6.8.2; https://akaventures.com.au"
20.171.207.59 - - [20/Jul/2025:19:23:08 +0000] "GET /entity/1909574198.shtm HTTP/1.1" 404 13292 "-" "Mozilla/5.0 AppleWebKit/537.36 (KHTML, like Gecko; compatible; GPTBot/1.2; +https://openai.com/gptbot)"
20.171.207.59 - - [20/Jul/2025:19:23:18 +0000] "GET /entity/1619522717.shtm HTTP/1.1" 404 13292 "-" "Mozilla/5.0 AppleWebKit/537.36 (KHTML, like Gecko; compatible; GPTBot/1.2; +https://openai.com/gptbot)"
20.171.207.59 - - [20/Jul/2025:19:23:27 +0000] "GET /entity/1909653317.shtm HTTP/1.1" 404 13292 "-" "Mozilla/5.0 AppleWebKit/537.36 (KHTML, like Gecko; compatible; GPTBot/1.2; +https://openai.com/gptbot)"
20.171.207.59 - - [20/Jul/2025:19:23:39 +0000] "GET /entity/1909642840.shtm HTTP/1.1" 404 13293 "-" "Mozilla/5.0 AppleWebKit/537.36 (KHTML, like Gecko; compatible; GPTBot/1.2; +https://openai.com/gptbot)"
209.74.77.214 - - [20/Jul/2025:19:23:47 +0000] "POST /wp-cron.php?doing_wp_cron=1753039427.7490088939666748046875 HTTP/1.1" 200 - "-" "WordPress/6.8.2; https://akaventures.com.au"
20.171.207.59 - - [20/Jul/2025:19:23:47 +0000] "GET /entity/1909796332.shtm HTTP/1.1" 404 13293 "-" "Mozilla/5.0 AppleWebKit/537.36 (KHTML, like Gecko; compatible; GPTBot/1.2; +https://openai.com/gptbot)"
20.171.207.59 - - [20/Jul/2025:19:23:58 +0000] "GET /entity/1619371029.shtm HTTP/1.1" 404 13293 "-" "Mozilla/5.0 AppleWebKit/537.36 (KHTML, like Gecko; compatible; GPTBot/1.2; +https://openai.com/gptbot)"
209.74.77.214 - - [20/Jul/2025:19:24:07 +0000] "POST /wp-cron.php?doing_wp_cron=1753039447.4164409637451171875000 HTTP/1.1" 200 - "-" "WordPress/6.8.2; https://akaventures.com.au"
20.171.207.59 - - [20/Jul/2025:19:24:07 +0000] "GET /entity/1909845759.shtm HTTP/1.1" 404 13292 "-" "Mozilla/5.0 AppleWebKit/537.36 (KHTML, like Gecko; compatible; GPTBot/1.2; +https://openai.com/gptbot)"
20.171.207.59 - - [20/Jul/2025:19:24:15 +0000] "GET /entity/1619300522.shtm HTTP/1.1" 404 13292 "-" "Mozilla/5.0 AppleWebKit/537.36 (KHTML, like Gecko; compatible; GPTBot/1.2; +https://openai.com/gptbot)"
20.171.207.59 - - [20/Jul/2025:19:24:24 +0000] "GET /entity/1909390045.shtm HTTP/1.1" 404 13292 "-" "Mozilla/5.0 AppleWebKit/537.36 (KHTML, like Gecko; compatible; GPTBot/1.2; +https://openai.com/gptbot)"
20.171.207.59 - - [20/Jul/2025:19:24:33 +0000] "GET /entity/1619334970.shtm HTTP/1.1" 404 13293 "-" "Mozilla/5.0 AppleWebKit/537.36 (KHTML, like Gecko; compatible; GPTBot/1.2; +https://openai.com/gptbot)"
209.74.77.214 - - [20/Jul/2025:19:24:46 +0000] "POST /wp-cron.php?doing_wp_cron=1753039486.3135049343109130859375 HTTP/1.1" 200 - "-" "WordPress/6.8.2; https://akaventures.com.au"
20.171.207.59 - - [20/Jul/2025:19:24:46 +0000] "GET /entity/1909860925.shtm HTTP/1.1" 404 13293 "-" "Mozilla/5.0 AppleWebKit/537.36 (KHTML, like Gecko; compatible; GPTBot/1.2; +https://openai.com/gptbot)"
20.171.207.59 - - [20/Jul/2025:19:24:55 +0000] "GET /entity/1909387355.shtm HTTP/1.1" 404 13293 "-" "Mozilla/5.0 AppleWebKit/537.36 (KHTML, like Gecko; compatible; GPTBot/1.2; +https://openai.com/gptbot)"
209.74.77.214 - - [20/Jul/2025:19:25:04 +0000] "POST /wp-cron.php?doing_wp_cron=1753039504.1565198898315429687500 HTTP/1.1" 200 - "-" "WordPress/6.8.2; https://akaventures.com.au"
20.171.207.59 - - [20/Jul/2025:19:25:03 +0000] "GET /entity/1618935954.shtm HTTP/1.1" 404 13292 "-" "Mozilla/5.0 AppleWebKit/537.36 (KHTML, like Gecko; compatible; GPTBot/1.2; +https://openai.com/gptbot)"
20.171.207.59 - - [20/Jul/2025:19:25:12 +0000] "GET /entity/1619053056.shtm HTTP/1.1" 404 13292 "-" "Mozilla/5.0 AppleWebKit/537.36 (KHTML, like Gecko; compatible; GPTBot/1.2; +https://openai.com/gptbot)"
20.171.207.59 - - [20/Jul/2025:19:25:23 +0000] "GET /entity/1909798197.shtm HTTP/1.1" 404 13292 "-" "Mozilla/5.0 AppleWebKit/537.36 (KHTML, like Gecko; compatible; GPTBot/1.2; +https://openai.com/gptbot)"
20.171.207.59 - - [20/Jul/2025:19:25:32 +0000] "GET /entity/1909327382.shtm HTTP/1.1" 404 13292 "-" "Mozilla/5.0 AppleWebKit/537.36 (KHTML, like Gecko; compatible; GPTBot/1.2; +https://openai.com/gptbot)"
20.171.207.59 - - [20/Jul/2025:19:25:40 +0000] "GET /entity/1619377006.shtm HTTP/1.1" 404 13292 "-" "Mozilla/5.0 AppleWebKit/537.36 (KHTML, like Gecko; compatible; GPTBot/1.2; +https://openai.com/gptbot)"
209.74.77.214 - - [20/Jul/2025:19:25:50 +0000] "POST /wp-cron.php?doing_wp_cron=1753039550.0866250991821289062500 HTTP/1.1" 200 - "-" "WordPress/6.8.2; https://akaventures.com.au"
20.171.207.59 - - [20/Jul/2025:19:25:49 +0000] "GET /entity/1619335612.shtm HTTP/1.1" 404 13292 "-" "Mozilla/5.0 AppleWebKit/537.36 (KHTML, like Gecko; compatible; GPTBot/1.2; +https://openai.com/gptbot)"
20.171.207.59 - - [20/Jul/2025:19:26:00 +0000] "GET /entity/1619113029.shtm HTTP/1.1" 404 13292 "-" "Mozilla/5.0 AppleWebKit/537.36 (KHTML, like Gecko; compatible; GPTBot/1.2; +https://openai.com/gptbot)"
209.74.77.214 - - [20/Jul/2025:19:26:09 +0000] "POST /wp-cron.php?doing_wp_cron=1753039569.6892180442810058593750 HTTP/1.1" 200 - "-" "WordPress/6.8.2; https://akaventures.com.au"
20.171.207.59 - - [20/Jul/2025:19:26:09 +0000] "GET /entity/1619014945.shtm HTTP/1.1" 404 13292 "-" "Mozilla/5.0 AppleWebKit/537.36 (KHTML, like Gecko; compatible; GPTBot/1.2; +https://openai.com/gptbot)"
20.171.207.59 - - [20/Jul/2025:19:26:18 +0000] "GET /entity/1909347436.shtm HTTP/1.1" 404 13292 "-" "Mozilla/5.0 AppleWebKit/537.36 (KHTML, like Gecko; compatible; GPTBot/1.2; +https://openai.com/gptbot)"
20.171.207.59 - - [20/Jul/2025:19:26:30 +0000] "GET /entity/1619478174.shtm HTTP/1.1" 404 13292 "-" "Mozilla/5.0 AppleWebKit/537.36 (KHTML, like Gecko; compatible; GPTBot/1.2; +https://openai.com/gptbot)"
20.171.207.59 - - [20/Jul/2025:19:26:38 +0000] "GET /entity/1909344608.shtm HTTP/1.1" 404 13293 "-" "Mozilla/5.0 AppleWebKit/537.36 (KHTML, like Gecko; compatible; GPTBot/1.2; +https://openai.com/gptbot)"
209.74.77.214 - - [20/Jul/2025:19:26:47 +0000] "POST /wp-cron.php?doing_wp_cron=1753039607.5517830848693847656250 HTTP/1.1" 200 - "-" "WordPress/6.8.2; https://akaventures.com.au"
20.171.207.59 - - [20/Jul/2025:19:26:47 +0000] "GET /entity/1619464162.shtm HTTP/1.1" 404 13293 "-" "Mozilla/5.0 AppleWebKit/537.36 (KHTML, like Gecko; compatible; GPTBot/1.2; +https://openai.com/gptbot)"
20.171.207.59 - - [20/Jul/2025:19:26:57 +0000] "GET /entity/1619379513.shtm HTTP/1.1" 404 13293 "-" "Mozilla/5.0 AppleWebKit/537.36 (KHTML, like Gecko; compatible; GPTBot/1.2; +https://openai.com/gptbot)"
209.74.77.214 - - [20/Jul/2025:19:27:08 +0000] "POST /wp-cron.php?doing_wp_cron=1753039628.9454460144042968750000 HTTP/1.1" 200 - "-" "WordPress/6.8.2; https://akaventures.com.au"
20.171.207.59 - - [20/Jul/2025:19:27:08 +0000] "GET /entity/1619070863.shtm HTTP/1.1" 404 13292 "-" "Mozilla/5.0 AppleWebKit/537.36 (KHTML, like Gecko; compatible; GPTBot/1.2; +https://openai.com/gptbot)"
20.171.207.59 - - [20/Jul/2025:19:27:17 +0000] "GET /entity/1619295313.shtm HTTP/1.1" 404 13292 "-" "Mozilla/5.0 AppleWebKit/537.36 (KHTML, like Gecko; compatible; GPTBot/1.2; +https://openai.com/gptbot)"
20.171.207.59 - - [20/Jul/2025:19:27:25 +0000] "GET /entity/1909770429.shtm HTTP/1.1" 404 13292 "-" "Mozilla/5.0 AppleWebKit/537.36 (KHTML, like Gecko; compatible; GPTBot/1.2; +https://openai.com/gptbot)"
20.171.207.59 - - [20/Jul/2025:19:27:35 +0000] "GET /entity/1619113029.shtm HTTP/1.1" 404 13293 "-" "Mozilla/5.0 AppleWebKit/537.36 (KHTML, like Gecko; compatible; GPTBot/1.2; +https://openai.com/gptbot)"
209.74.77.214 - - [20/Jul/2025:19:27:48 +0000] "POST /wp-cron.php?doing_wp_cron=1753039668.0701749324798583984375 HTTP/1.1" 200 - "-" "WordPress/6.8.2; https://akaventures.com.au"
20.171.207.59 - - [20/Jul/2025:19:27:47 +0000] "GET /entity/1619070290.shtm HTTP/1.1" 404 13293 "-" "Mozilla/5.0 AppleWebKit/537.36 (KHTML, like Gecko; compatible; GPTBot/1.2; +https://openai.com/gptbot)"
20.171.207.59 - - [20/Jul/2025:19:27:53 +0000] "GET /entity/1619144137.shtm HTTP/1.1" 404 13293 "-" "Mozilla/5.0 AppleWebKit/537.36 (KHTML, like Gecko; compatible; GPTBot/1.2; +https://openai.com/gptbot)"
209.74.77.214 - - [20/Jul/2025:19:28:05 +0000] "POST /wp-cron.php?doing_wp_cron=1753039685.3450620174407958984375 HTTP/1.1" 200 - "-" "WordPress/6.8.2; https://akaventures.com.au"
20.171.207.59 - - [20/Jul/2025:19:28:05 +0000] "GET /entity/1909799160.shtm HTTP/1.1" 404 13292 "-" "Mozilla/5.0 AppleWebKit/537.36 (KHTML, like Gecko; compatible; GPTBot/1.2; +https://openai.com/gptbot)"
20.171.207.59 - - [20/Jul/2025:19:28:13 +0000] "GET /entity/1909439155.shtm HTTP/1.1" 404 13292 "-" "Mozilla/5.0 AppleWebKit/537.36 (KHTML, like Gecko; compatible; GPTBot/1.2; +https://openai.com/gptbot)"
20.171.207.59 - - [20/Jul/2025:19:28:22 +0000] "GET /entity/1909676463.shtm HTTP/1.1" 404 13292 "-" "Mozilla/5.0 AppleWebKit/537.36 (KHTML, like Gecko; compatible; GPTBot/1.2; +https://openai.com/gptbot)"
20.171.207.59 - - [20/Jul/2025:19:28:31 +0000] "GET /entity/1909762969.shtm HTTP/1.1" 404 13292 "-" "Mozilla/5.0 AppleWebKit/537.36 (KHTML, like Gecko; compatible; GPTBot/1.2; +https://openai.com/gptbot)"
209.74.77.214 - - [20/Jul/2025:19:28:43 +0000] "POST /wp-cron.php?doing_wp_cron=1753039723.7481889724731445312500 HTTP/1.1" 200 - "-" "WordPress/6.8.2; https://akaventures.com.au"
20.171.207.59 - - [20/Jul/2025:19:28:43 +0000] "GET /entity/1909336508.shtm HTTP/1.1" 404 13293 "-" "Mozilla/5.0 AppleWebKit/537.36 (KHTML, like Gecko; compatible; GPTBot/1.2; +https://openai.com/gptbot)"
20.171.207.59 - - [20/Jul/2025:19:28:55 +0000] "GET /entity/1909636861.shtm HTTP/1.1" 404 13293 "-" "Mozilla/5.0 AppleWebKit/537.36 (KHTML, like Gecko; compatible; GPTBot/1.2; +https://openai.com/gptbot)"
20.171.207.59 - - [20/Jul/2025:19:29:00 +0000] "GET /entity/1619213366.shtm HTTP/1.1" 404 13292 "-" "Mozilla/5.0 AppleWebKit/537.36 (KHTML, like Gecko; compatible; GPTBot/1.2; +https://openai.com/gptbot)"
209.74.77.214 - - [20/Jul/2025:19:29:10 +0000] "POST /wp-cron.php?doing_wp_cron=1753039749.9512219429016113281250 HTTP/1.1" 200 - "-" "WordPress/6.8.2; https://akaventures.com.au"
20.171.207.59 - - [20/Jul/2025:19:29:09 +0000] "GET /entity/1909583513.shtm HTTP/1.1" 404 13292 "-" "Mozilla/5.0 AppleWebKit/537.36 (KHTML, like Gecko; compatible; GPTBot/1.2; +https://openai.com/gptbot)"
20.171.207.59 - - [20/Jul/2025:19:29:21 +0000] "GET /entity/1619159311.shtm HTTP/1.1" 404 13292 "-" "Mozilla/5.0 AppleWebKit/537.36 (KHTML, like Gecko; compatible; GPTBot/1.2; +https://openai.com/gptbot)"
20.171.207.59 - - [20/Jul/2025:19:29:31 +0000] "GET /entity/1619179292.shtm HTTP/1.1" 404 13292 "-" "Mozilla/5.0 AppleWebKit/537.36 (KHTML, like Gecko; compatible; GPTBot/1.2; +https://openai.com/gptbot)"
20.171.207.59 - - [20/Jul/2025:19:29:39 +0000] "GET /entity/1909403354.shtm HTTP/1.1" 404 13292 "-" "Mozilla/5.0 AppleWebKit/537.36 (KHTML, like Gecko; compatible; GPTBot/1.2; +https://openai.com/gptbot)"
20.171.207.59 - - [20/Jul/2025:19:29:48 +0000] "GET /entity/1909439155.shtm HTTP/1.1" 404 13293 "-" "Mozilla/5.0 AppleWebKit/537.36 (KHTML, like Gecko; compatible; GPTBot/1.2; +https://openai.com/gptbot)"
20.171.207.59 - - [20/Jul/2025:19:29:57 +0000] "GET /entity/1909534094.shtm HTTP/1.1" 404 13293 "-" "Mozilla/5.0 AppleWebKit/537.36 (KHTML, like Gecko; compatible; GPTBot/1.2; +https://openai.com/gptbot)"
209.74.77.214 - - [20/Jul/2025:19:30:09 +0000] "POST /wp-cron.php?doing_wp_cron=1753039809.4964230060577392578125 HTTP/1.1" 200 - "-" "WordPress/6.8.2; https://akaventures.com.au"
20.171.207.59 - - [20/Jul/2025:19:30:09 +0000] "GET /entity/1619073691.shtm HTTP/1.1" 404 13292 "-" "Mozilla/5.0 AppleWebKit/537.36 (KHTML, like Gecko; compatible; GPTBot/1.2; +https://openai.com/gptbot)"
20.171.207.59 - - [20/Jul/2025:19:30:17 +0000] "GET /entity/1619245945.shtm HTTP/1.1" 404 13292 "-" "Mozilla/5.0 AppleWebKit/537.36 (KHTML, like Gecko; compatible; GPTBot/1.2; +https://openai.com/gptbot)"
20.171.207.59 - - [20/Jul/2025:19:30:28 +0000] "GET /entity/1909780910.shtm HTTP/1.1" 404 13292 "-" "Mozilla/5.0 AppleWebKit/537.36 (KHTML, like Gecko; compatible; GPTBot/1.2; +https://openai.com/gptbot)"
20.171.207.59 - - [20/Jul/2025:19:30:37 +0000] "GET /entity/1909780260.shtm HTTP/1.1" 404 13293 "-" "Mozilla/5.0 AppleWebKit/537.36 (KHTML, like Gecko; compatible; GPTBot/1.2; +https://openai.com/gptbot)"
209.74.77.214 - - [20/Jul/2025:19:30:45 +0000] "POST /wp-cron.php?doing_wp_cron=1753039845.9393250942230224609375 HTTP/1.1" 200 - "-" "WordPress/6.8.2; https://akaventures.com.au"
20.171.207.59 - - [20/Jul/2025:19:30:45 +0000] "GET /entity/1619124341.shtm HTTP/1.1" 404 13293 "-" "Mozilla/5.0 AppleWebKit/537.36 (KHTML, like Gecko; compatible; GPTBot/1.2; +https://openai.com/gptbot)"
20.171.207.59 - - [20/Jul/2025:19:30:56 +0000] "GET /entity/1909323392.shtm HTTP/1.1" 404 13293 "-" "Mozilla/5.0 AppleWebKit/537.36 (KHTML, like Gecko; compatible; GPTBot/1.2; +https://openai.com/gptbot)"
