20.171.207.59 - - [20/Jul/2025:21:25:55 +0000] "GET /entity/1619086285.shtm HTTP/1.1" 404 13293 "-" "Mozilla/5.0 AppleWebKit/537.36 (KHTML, like Gecko; compatible; GPTBot/1.2; +https://openai.com/gptbot)"
209.74.77.214 - - [20/Jul/2025:21:26:04 +0000] "POST /wp-cron.php?doing_wp_cron=1753046764.2061259746551513671875 HTTP/1.1" 200 - "-" "WordPress/6.8.2; https://akaventures.com.au"
20.171.207.59 - - [20/Jul/2025:21:26:04 +0000] "GET /entity/1619037055.shtm HTTP/1.1" 404 13292 "-" "Mozilla/5.0 AppleWebKit/537.36 (KHTML, like Gecko; compatible; GPTBot/1.2; +https://openai.com/gptbot)"
20.171.207.59 - - [20/Jul/2025:21:26:15 +0000] "GET /entity/1619432733.shtm HTTP/1.1" 404 13292 "-" "Mozilla/5.0 AppleWebKit/537.36 (KHTML, like Gecko; compatible; GPTBot/1.2; +https://openai.com/gptbot)"
20.171.207.59 - - [20/Jul/2025:21:26:23 +0000] "GET /entity/1909807516.shtm HTTP/1.1" 404 13292 "-" "Mozilla/5.0 AppleWebKit/537.36 (KHTML, like Gecko; compatible; GPTBot/1.2; +https://openai.com/gptbot)"
20.171.207.59 - - [20/Jul/2025:21:26:32 +0000] "GET /entity/1619172612.shtm HTTP/1.1" 404 13292 "-" "Mozilla/5.0 AppleWebKit/537.36 (KHTML, like Gecko; compatible; GPTBot/1.2; +https://openai.com/gptbot)"
209.74.77.214 - - [20/Jul/2025:21:26:42 +0000] "POST /wp-cron.php?doing_wp_cron=1753046802.2761270999908447265625 HTTP/1.1" 200 - "-" "WordPress/6.8.2; https://akaventures.com.au"
20.171.207.59 - - [20/Jul/2025:21:26:42 +0000] "GET /entity/1909640012.shtm HTTP/1.1" 404 13292 "-" "Mozilla/5.0 AppleWebKit/537.36 (KHTML, like Gecko; compatible; GPTBot/1.2; +https://openai.com/gptbot)"
20.171.207.59 - - [20/Jul/2025:21:26:53 +0000] "GET /entity/1619471494.shtm HTTP/1.1" 404 13293 "-" "Mozilla/5.0 AppleWebKit/537.36 (KHTML, like Gecko; compatible; GPTBot/1.2; +https://openai.com/gptbot)"
209.74.77.214 - - [20/Jul/2025:21:27:02 +0000] "POST /wp-cron.php?doing_wp_cron=1753046822.8439049720764160156250 HTTP/1.1" 200 - "-" "WordPress/6.8.2; https://akaventures.com.au"
20.171.207.59 - - [20/Jul/2025:21:27:02 +0000] "GET /entity/1909288109.shtm HTTP/1.1" 404 13292 "-" "Mozilla/5.0 AppleWebKit/537.36 (KHTML, like Gecko; compatible; GPTBot/1.2; +https://openai.com/gptbot)"
20.171.207.59 - - [20/Jul/2025:21:27:13 +0000] "GET /entity/1618948548.shtm HTTP/1.1" 404 13292 "-" "Mozilla/5.0 AppleWebKit/537.36 (KHTML, like Gecko; compatible; GPTBot/1.2; +https://openai.com/gptbot)"
20.171.207.59 - - [20/Jul/2025:21:27:19 +0000] "GET /entity/1909745105.shtm HTTP/1.1" 404 13292 "-" "Mozilla/5.0 AppleWebKit/537.36 (KHTML, like Gecko; compatible; GPTBot/1.2; +https://openai.com/gptbot)"
47.79.226.68 - - [20/Jul/2025:21:27:19 +0000] "GET /?y=5481312021940&mod=234c7ac2&uri=us.php?id%3D182988-326%26name%3Dcosto+de+bolsas+louis+vuitton+originales HTTP/1.1" 301 - "https://akaventures.com.au/?y=5481312021940&mod=234c7ac2&uri=us.php%3Fid%3D182988-326%26name%3Dcosto+de+bolsas+louis+vuitton+originales" "Mozilla/5.0 (Windows NT 10.0; Win64; x64) AppleWebKit/537.36 (KHTML, like Gecko) Chrome/114.0.0.0 Safari/537.36 Edg/114.0.1823.43"
47.79.226.68 - - [20/Jul/2025:21:27:19 +0000] "GET /?y=5481312021940&mod=234c7ac2&uri=us.php?id%3D182988-326%26name%3Dcosto%20de%20bolsas%20louis%20vuitton%20originales HTTP/1.1" 301 - "https://akaventures.com.au/?y=5481312021940&mod=234c7ac2&uri=us.php%3Fid%3D182988-326%26name%3Dcosto+de+bolsas+louis+vuitton+originales" "Mozilla/5.0 (Windows NT 10.0; Win64; x64) AppleWebKit/537.36 (KHTML, like Gecko) Chrome/114.0.0.0 Safari/537.36 Edg/114.0.1823.43"
20.171.207.59 - - [20/Jul/2025:21:27:28 +0000] "GET /entity/1619266448.shtm HTTP/1.1" 404 13292 "-" "Mozilla/5.0 AppleWebKit/537.36 (KHTML, like Gecko; compatible; GPTBot/1.2; +https://openai.com/gptbot)"
209.74.77.214 - - [20/Jul/2025:21:27:41 +0000] "POST /wp-cron.php?doing_wp_cron=1753046861.1303300857543945312500 HTTP/1.1" 200 - "-" "WordPress/6.8.2; https://akaventures.com.au"
20.171.207.59 - - [20/Jul/2025:21:27:40 +0000] "GET /entity/1909425143.shtm HTTP/1.1" 404 13292 "-" "Mozilla/5.0 AppleWebKit/537.36 (KHTML, like Gecko; compatible; GPTBot/1.2; +https://openai.com/gptbot)"
20.171.207.59 - - [20/Jul/2025:21:27:48 +0000] "GET /entity/1619086285.shtm HTTP/1.1" 404 13293 "-" "Mozilla/5.0 AppleWebKit/537.36 (KHTML, like Gecko; compatible; GPTBot/1.2; +https://openai.com/gptbot)"
20.171.207.59 - - [20/Jul/2025:21:27:57 +0000] "GET /entity/1619297044.shtm HTTP/1.1" 404 13293 "-" "Mozilla/5.0 AppleWebKit/537.36 (KHTML, like Gecko; compatible; GPTBot/1.2; +https://openai.com/gptbot)"
209.74.77.214 - - [20/Jul/2025:21:28:07 +0000] "POST /wp-cron.php?doing_wp_cron=1753046887.7510321140289306640625 HTTP/1.1" 200 - "-" "WordPress/6.8.2; https://akaventures.com.au"
20.171.207.59 - - [20/Jul/2025:21:28:07 +0000] "GET /entity/1619037055.shtm HTTP/1.1" 404 13292 "-" "Mozilla/5.0 AppleWebKit/537.36 (KHTML, like Gecko; compatible; GPTBot/1.2; +https://openai.com/gptbot)"
20.171.207.59 - - [20/Jul/2025:21:28:19 +0000] "GET /entity/1619139377.shtm HTTP/1.1" 404 13292 "-" "Mozilla/5.0 AppleWebKit/537.36 (KHTML, like Gecko; compatible; GPTBot/1.2; +https://openai.com/gptbot)"
20.171.207.59 - - [20/Jul/2025:21:28:26 +0000] "GET /entity/1619248584.shtm HTTP/1.1" 404 13292 "-" "Mozilla/5.0 AppleWebKit/537.36 (KHTML, like Gecko; compatible; GPTBot/1.2; +https://openai.com/gptbot)"
20.171.207.59 - - [20/Jul/2025:21:28:35 +0000] "GET /entity/1909807516.shtm HTTP/1.1" 404 13293 "-" "Mozilla/5.0 AppleWebKit/537.36 (KHTML, like Gecko; compatible; GPTBot/1.2; +https://openai.com/gptbot)"
209.74.77.214 - - [20/Jul/2025:21:28:41 +0000] "POST /wp-cron.php?doing_wp_cron=1753046921.9079999923706054687500 HTTP/1.1" 200 - "-" "WordPress/6.8.2; https://akaventures.com.au"
74.125.217.130 - - [20/Jul/2025:21:28:41 +0000] "GET /?y=5694897071940&mod=45624715&uri=product.php%3Fid%3D190151-333%26name%3Dwhat+does+it+mean+to+wear+a+ring+on+your+left+thumb HTTP/1.1" 301 - "-" "Mozilla/5.0 (X11; Linux x86_64) AppleWebKit/537.36 (KHTML, like Gecko) Chrome/137.0.7151.119 Safari/537.36"
74.125.217.131 - - [20/Jul/2025:21:28:42 +0000] "GET /?y=5694897071940&mod=45624715&uri=product.php%3Fid%3D190151-333%26name%3Dwhat%20does%20it%20mean%20to%20wear%20a%20ring%20on%20your%20left%20thumb HTTP/1.1" 200 21885 "-" "Mozilla/5.0 (X11; Linux x86_64) AppleWebKit/537.36 (KHTML, like Gecko) Chrome/137.0.7151.119 Safari/537.36"
74.125.217.131 - - [20/Jul/2025:21:28:42 +0000] "GET /wp-content/plugins/metform/public/assets/css/text-editor.css?ver=4.0.2 HTTP/1.1" 200 3545 "https://akaventures.com.au/?y=5694897071940&mod=45624715&uri=product.php%3Fid%3D190151-333%26name%3Dwhat%20does%20it%20mean%20to%20wear%20a%20ring%20on%20your%20left%20thumb" "Mozilla/5.0 (X11; Linux x86_64) AppleWebKit/537.36 (KHTML, like Gecko) Chrome/137.0.7151.119 Safari/537.36"
74.125.217.131 - - [20/Jul/2025:21:28:42 +0000] "GET /wp-content/themes/hello-elementor/assets/css/reset.css?ver=3.4.4 HTTP/1.1" 200 1792 "https://akaventures.com.au/?y=5694897071940&mod=45624715&uri=product.php%3Fid%3D190151-333%26name%3Dwhat%20does%20it%20mean%20to%20wear%20a%20ring%20on%20your%20left%20thumb" "Mozilla/5.0 (X11; Linux x86_64) AppleWebKit/537.36 (KHTML, like Gecko) Chrome/137.0.7151.119 Safari/537.36"
74.125.217.131 - - [20/Jul/2025:21:28:42 +0000] "GET /wp-content/uploads/elementor/css/post-121.css?ver=1752379116 HTTP/1.1" 200 1704 "https://akaventures.com.au/?y=5694897071940&mod=45624715&uri=product.php%3Fid%3D190151-333%26name%3Dwhat%20does%20it%20mean%20to%20wear%20a%20ring%20on%20your%20left%20thumb" "Mozilla/5.0 (X11; Linux x86_64) AppleWebKit/537.36 (KHTML, like Gecko) Chrome/137.0.7151.119 Safari/537.36"
74.125.217.130 - - [20/Jul/2025:21:28:43 +0000] "GET /wp-content/plugins/elementor/assets/css/conditionals/apple-webkit.min.css?ver=3.30.2 HTTP/1.1" 200 557 "https://akaventures.com.au/?y=5694897071940&mod=45624715&uri=product.php%3Fid%3D190151-333%26name%3Dwhat%20does%20it%20mean%20to%20wear%20a%20ring%20on%20your%20left%20thumb" "Mozilla/5.0 (X11; Linux x86_64) AppleWebKit/537.36 (KHTML, like Gecko) Chrome/137.0.7151.119 Safari/537.36"
74.125.217.132 - - [20/Jul/2025:21:28:43 +0000] "GET /wp-includes/js/jquery/jquery.min.js?ver=3.7.1 HTTP/1.1" 200 30368 "https://akaventures.com.au/?y=5694897071940&mod=45624715&uri=product.php%3Fid%3D190151-333%26name%3Dwhat%20does%20it%20mean%20to%20wear%20a%20ring%20on%20your%20left%20thumb" "Mozilla/5.0 (X11; Linux x86_64) AppleWebKit/537.36 (KHTML, like Gecko) Chrome/137.0.7151.119 Safari/537.36"
74.125.217.131 - - [20/Jul/2025:21:28:43 +0000] "GET /wp-content/uploads/2024/11/LOGO-1.png HTTP/1.1" 200 5055 "https://akaventures.com.au/?y=5694897071940&mod=45624715&uri=product.php%3Fid%3D190151-333%26name%3Dwhat%20does%20it%20mean%20to%20wear%20a%20ring%20on%20your%20left%20thumb" "Mozilla/5.0 (X11; Linux x86_64) AppleWebKit/537.36 (KHTML, like Gecko) Chrome/137.0.7151.119 Safari/537.36"
74.125.217.132 - - [20/Jul/2025:21:28:43 +0000] "GET /wp-content/plugins/elementor/assets/css/widget-testimonial.min.css?ver=3.30.2 HTTP/1.1" 200 378 "https://akaventures.com.au/?y=5694897071940&mod=45624715&uri=product.php%3Fid%3D190151-333%26name%3Dwhat%20does%20it%20mean%20to%20wear%20a%20ring%20on%20your%20left%20thumb" "Mozilla/5.0 (X11; Linux x86_64) AppleWebKit/537.36 (KHTML, like Gecko) Chrome/137.0.7151.119 Safari/537.36"
74.125.217.132 - - [20/Jul/2025:21:28:43 +0000] "GET /wp-content/uploads/elementor/css/post-15.css?ver=1752379116 HTTP/1.1" 200 1695 "https://akaventures.com.au/?y=5694897071940&mod=45624715&uri=product.php%3Fid%3D190151-333%26name%3Dwhat%20does%20it%20mean%20to%20wear%20a%20ring%20on%20your%20left%20thumb" "Mozilla/5.0 (X11; Linux x86_64) AppleWebKit/537.36 (KHTML, like Gecko) Chrome/137.0.7151.119 Safari/537.36"
74.125.217.131 - - [20/Jul/2025:21:28:43 +0000] "GET /wp-content/plugins/elementor/assets/css/widget-image-box.min.css?ver=3.30.2 HTTP/1.1" 200 379 "https://akaventures.com.au/?y=5694897071940&mod=45624715&uri=product.php%3Fid%3D190151-333%26name%3Dwhat%20does%20it%20mean%20to%20wear%20a%20ring%20on%20your%20left%20thumb" "Mozilla/5.0 (X11; Linux x86_64) AppleWebKit/537.36 (KHTML, like Gecko) Chrome/137.0.7151.119 Safari/537.36"
74.125.217.131 - - [20/Jul/2025:21:28:43 +0000] "GET /wp-content/plugins/elementor/assets/lib/animations/styles/fadeIn.min.css?ver=3.30.2 HTTP/1.1" 200 79 "https://akaventures.com.au/?y=5694897071940&mod=45624715&uri=product.php%3Fid%3D190151-333%26name%3Dwhat%20does%20it%20mean%20to%20wear%20a%20ring%20on%20your%20left%20thumb" "Mozilla/5.0 (X11; Linux x86_64) AppleWebKit/537.36 (KHTML, like Gecko) Chrome/137.0.7151.119 Safari/537.36"
74.125.217.131 - - [20/Jul/2025:21:28:44 +0000] "GET /wp-content/uploads/elementor/google-fonts/css/roboto.css?ver=1742274564 HTTP/1.1" 200 2868 "https://akaventures.com.au/?y=5694897071940&mod=45624715&uri=product.php%3Fid%3D190151-333%26name%3Dwhat%20does%20it%20mean%20to%20wear%20a%20ring%20on%20your%20left%20thumb" "Mozilla/5.0 (X11; Linux x86_64) AppleWebKit/537.36 (KHTML, like Gecko) Chrome/137.0.7151.119 Safari/537.36"
74.125.217.131 - - [20/Jul/2025:21:28:44 +0000] "GET /wp-content/plugins/leadconnector/public/css/lc-public.css?ver=3.0.10.1 HTTP/1.1" 200 106 "https://akaventures.com.au/?y=5694897071940&mod=45624715&uri=product.php%3Fid%3D190151-333%26name%3Dwhat%20does%20it%20mean%20to%20wear%20a%20ring%20on%20your%20left%20thumb" "Mozilla/5.0 (X11; Linux x86_64) AppleWebKit/537.36 (KHTML, like Gecko) Chrome/137.0.7151.119 Safari/537.36"
74.125.217.132 - - [20/Jul/2025:21:28:44 +0000] "GET /wp-content/plugins/elementor/assets/lib/animations/styles/e-animation-shrink.min.css?ver=3.30.2 HTTP/1.1" 200 118 "https://akaventures.com.au/?y=5694897071940&mod=45624715&uri=product.php%3Fid%3D190151-333%26name%3Dwhat%20does%20it%20mean%20to%20wear%20a%20ring%20on%20your%20left%20thumb" "Mozilla/5.0 (X11; Linux x86_64) AppleWebKit/537.36 (KHTML, like Gecko) Chrome/137.0.7151.119 Safari/537.36"
74.125.217.132 - - [20/Jul/2025:21:28:44 +0000] "GET /wp-content/uploads/elementor/google-fonts/css/dmserifdisplay.css?ver=1742317692 HTTP/1.1" 200 455 "https://akaventures.com.au/?y=5694897071940&mod=45624715&uri=product.php%3Fid%3D190151-333%26name%3Dwhat%20does%20it%20mean%20to%20wear%20a%20ring%20on%20your%20left%20thumb" "Mozilla/5.0 (X11; Linux x86_64) AppleWebKit/537.36 (KHTML, like Gecko) Chrome/137.0.7151.119 Safari/537.36"
74.125.217.131 - - [20/Jul/2025:21:28:45 +0000] "GET /wp-includes/css/dashicons.min.css?ver=6.8.2 HTTP/1.1" 200 35730 "https://akaventures.com.au/?y=5694897071940&mod=45624715&uri=product.php%3Fid%3D190151-333%26name%3Dwhat%20does%20it%20mean%20to%20wear%20a%20ring%20on%20your%20left%20thumb" "Mozilla/5.0 (X11; Linux x86_64) AppleWebKit/537.36 (KHTML, like Gecko) Chrome/137.0.7151.119 Safari/537.36"
74.125.217.131 - - [20/Jul/2025:21:28:45 +0000] "GET /wp-content/plugins/elementor/assets/lib/animations/styles/e-animation-float.min.css?ver=3.30.2 HTTP/1.1" 200 139 "https://akaventures.com.au/?y=5694897071940&mod=45624715&uri=product.php%3Fid%3D190151-333%26name%3Dwhat%20does%20it%20mean%20to%20wear%20a%20ring%20on%20your%20left%20thumb" "Mozilla/5.0 (X11; Linux x86_64) AppleWebKit/537.36 (KHTML, like Gecko) Chrome/137.0.7151.119 Safari/537.36"
74.125.217.132 - - [20/Jul/2025:21:28:45 +0000] "GET /wp-content/plugins/elementor/assets/lib/animations/styles/fadeInUp.min.css?ver=3.30.2 HTTP/1.1" 200 117 "https://akaventures.com.au/?y=5694897071940&mod=45624715&uri=product.php%3Fid%3D190151-333%26name%3Dwhat%20does%20it%20mean%20to%20wear%20a%20ring%20on%20your%20left%20thumb" "Mozilla/5.0 (X11; Linux x86_64) AppleWebKit/537.36 (KHTML, like Gecko) Chrome/137.0.7151.119 Safari/537.36"
74.125.217.132 - - [20/Jul/2025:21:28:45 +0000] "GET /wp-content/themes/hello-elementor/assets/css/header-footer.css?ver=3.4.4 HTTP/1.1" 200 1423 "https://akaventures.com.au/?y=5694897071940&mod=45624715&uri=product.php%3Fid%3D190151-333%26name%3Dwhat%20does%20it%20mean%20to%20wear%20a%20ring%20on%20your%20left%20thumb" "Mozilla/5.0 (X11; Linux x86_64) AppleWebKit/537.36 (KHTML, like Gecko) Chrome/137.0.7151.119 Safari/537.36"
74.125.217.131 - - [20/Jul/2025:21:28:45 +0000] "GET /wp-content/plugins/elementor/assets/lib/animations/styles/e-animation-bob.min.css?ver=3.30.2 HTTP/1.1" 200 236 "https://akaventures.com.au/?y=5694897071940&mod=45624715&uri=product.php%3Fid%3D190151-333%26name%3Dwhat%20does%20it%20mean%20to%20wear%20a%20ring%20on%20your%20left%20thumb" "Mozilla/5.0 (X11; Linux x86_64) AppleWebKit/537.36 (KHTML, like Gecko) Chrome/137.0.7151.119 Safari/537.36"
74.125.217.131 - - [20/Jul/2025:21:28:45 +0000] "GET /wp-content/plugins/elementor/assets/lib/animations/styles/fadeInLeft.min.css?ver=3.30.2 HTTP/1.1" 200 120 "https://akaventures.com.au/?y=5694897071940&mod=45624715&uri=product.php%3Fid%3D190151-333%26name%3Dwhat%20does%20it%20mean%20to%20wear%20a%20ring%20on%20your%20left%20thumb" "Mozilla/5.0 (X11; Linux x86_64) AppleWebKit/537.36 (KHTML, like Gecko) Chrome/137.0.7151.119 Safari/537.36"
74.125.217.131 - - [20/Jul/2025:21:28:45 +0000] "GET /wp-content/plugins/elementskit-lite/widgets/init/assets/css/widget-styles.css?ver=3.5.5 HTTP/1.1" 200 51548 "https://akaventures.com.au/?y=5694897071940&mod=45624715&uri=product.php%3Fid%3D190151-333%26name%3Dwhat%20does%20it%20mean%20to%20wear%20a%20ring%20on%20your%20left%20thumb" "Mozilla/5.0 (X11; Linux x86_64) AppleWebKit/537.36 (KHTML, like Gecko) Chrome/137.0.7151.119 Safari/537.36"
74.125.217.130 - - [20/Jul/2025:21:28:45 +0000] "GET /wp-content/uploads/elementor/google-fonts/css/barlow.css?ver=1742274543 HTTP/1.1" 200 901 "https://akaventures.com.au/?y=5694897071940&mod=45624715&uri=product.php%3Fid%3D190151-333%26name%3Dwhat%20does%20it%20mean%20to%20wear%20a%20ring%20on%20your%20left%20thumb" "Mozilla/5.0 (X11; Linux x86_64) AppleWebKit/537.36 (KHTML, like Gecko) Chrome/137.0.7151.119 Safari/537.36"
74.125.217.130 - - [20/Jul/2025:21:28:46 +0000] "GET /wp-content/plugins/elementor/assets/css/widget-icon-list.min.css?ver=3.30.2 HTTP/1.1" 200 1069 "https://akaventures.com.au/?y=5694897071940&mod=45624715&uri=product.php%3Fid%3D190151-333%26name%3Dwhat%20does%20it%20mean%20to%20wear%20a%20ring%20on%20your%20left%20thumb" "Mozilla/5.0 (X11; Linux x86_64) AppleWebKit/537.36 (KHTML, like Gecko) Chrome/137.0.7151.119 Safari/537.36"
74.125.217.130 - - [20/Jul/2025:21:28:46 +0000] "GET /wp-content/uploads/2024/11/banner-image-2.png HTTP/1.1" 200 136273 "https://akaventures.com.au/?y=5694897071940&mod=45624715&uri=product.php%3Fid%3D190151-333%26name%3Dwhat%20does%20it%20mean%20to%20wear%20a%20ring%20on%20your%20left%20thumb" "Mozilla/5.0 (X11; Linux x86_64) AppleWebKit/537.36 (KHTML, like Gecko) Chrome/137.0.7151.119 Safari/537.36"
74.125.217.130 - - [20/Jul/2025:21:28:46 +0000] "GET /wp-content/plugins/elementor/assets/css/widget-image.min.css?ver=3.30.2 HTTP/1.1" 200 164 "https://akaventures.com.au/?y=5694897071940&mod=45624715&uri=product.php%3Fid%3D190151-333%26name%3Dwhat%20does%20it%20mean%20to%20wear%20a%20ring%20on%20your%20left%20thumb" "Mozilla/5.0 (X11; Linux x86_64) AppleWebKit/537.36 (KHTML, like Gecko) Chrome/137.0.7151.119 Safari/537.36"
74.125.217.130 - - [20/Jul/2025:21:28:46 +0000] "GET /wp-content/plugins/elementor/assets/lib/animations/styles/fadeInRight.min.css?ver=3.30.2 HTTP/1.1" 200 120 "https://akaventures.com.au/?y=5694897071940&mod=45624715&uri=product.php%3Fid%3D190151-333%26name%3Dwhat%20does%20it%20mean%20to%20wear%20a%20ring%20on%20your%20left%20thumb" "Mozilla/5.0 (X11; Linux x86_64) AppleWebKit/537.36 (KHTML, like Gecko) Chrome/137.0.7151.119 Safari/537.36"
74.125.217.130 - - [20/Jul/2025:21:28:46 +0000] "GET /wp-content/uploads/elementor/google-fonts/css/playfairdisplay.css?ver=1742274537 HTTP/1.1" 200 816 "https://akaventures.com.au/?y=5694897071940&mod=45624715&uri=product.php%3Fid%3D190151-333%26name%3Dwhat%20does%20it%20mean%20to%20wear%20a%20ring%20on%20your%20left%20thumb" "Mozilla/5.0 (X11; Linux x86_64) AppleWebKit/537.36 (KHTML, like Gecko) Chrome/137.0.7151.119 Safari/537.36"
74.125.217.131 - - [20/Jul/2025:21:28:46 +0000] "GET /wp-content/plugins/elementor/assets/css/frontend.min.css?ver=3.30.2 HTTP/1.1" 200 7117 "https://akaventures.com.au/?y=5694897071940&mod=45624715&uri=product.php%3Fid%3D190151-333%26name%3Dwhat%20does%20it%20mean%20to%20wear%20a%20ring%20on%20your%20left%20thumb" "Mozilla/5.0 (X11; Linux x86_64) AppleWebKit/537.36 (KHTML, like Gecko) Chrome/137.0.7151.119 Safari/537.36"
74.125.217.130 - - [20/Jul/2025:21:28:46 +0000] "GET /wp-content/plugins/metform/public/assets/css/metform-ui.css?ver=4.0.2 HTTP/1.1" 200 15416 "https://akaventures.com.au/?y=5694897071940&mod=45624715&uri=product.php%3Fid%3D190151-333%26name%3Dwhat%20does%20it%20mean%20to%20wear%20a%20ring%20on%20your%20left%20thumb" "Mozilla/5.0 (X11; Linux x86_64) AppleWebKit/537.36 (KHTML, like Gecko) Chrome/137.0.7151.119 Safari/537.36"
74.125.217.130 - - [20/Jul/2025:21:28:47 +0000] "GET /wp-content/plugins/elementor/assets/css/widget-divider.min.css?ver=3.30.2 HTTP/1.1" 200 771 "https://akaventures.com.au/?y=5694897071940&mod=45624715&uri=product.php%3Fid%3D190151-333%26name%3Dwhat%20does%20it%20mean%20to%20wear%20a%20ring%20on%20your%20left%20thumb" "Mozilla/5.0 (X11; Linux x86_64) AppleWebKit/537.36 (KHTML, like Gecko) Chrome/137.0.7151.119 Safari/537.36"
74.125.217.130 - - [20/Jul/2025:21:28:47 +0000] "GET /wp-content/themes/hello-elementor/assets/css/theme.css?ver=3.4.4 HTTP/1.1" 200 1271 "https://akaventures.com.au/?y=5694897071940&mod=45624715&uri=product.php%3Fid%3D190151-333%26name%3Dwhat%20does%20it%20mean%20to%20wear%20a%20ring%20on%20your%20left%20thumb" "Mozilla/5.0 (X11; Linux x86_64) AppleWebKit/537.36 (KHTML, like Gecko) Chrome/137.0.7151.119 Safari/537.36"
74.125.217.130 - - [20/Jul/2025:21:28:47 +0000] "GET /wp-content/uploads/2024/12/dferUntitled-design.jpg HTTP/1.1" 200 80041 "https://akaventures.com.au/?y=5694897071940&mod=45624715&uri=product.php%3Fid%3D190151-333%26name%3Dwhat%20does%20it%20mean%20to%20wear%20a%20ring%20on%20your%20left%20thumb" "Mozilla/5.0 (X11; Linux x86_64) AppleWebKit/537.36 (KHTML, like Gecko) Chrome/137.0.7151.119 Safari/537.36"
74.125.217.130 - - [20/Jul/2025:21:28:47 +0000] "GET /wp-includes/js/jquery/jquery-migrate.min.js?ver=3.4.1 HTTP/1.1" 200 4872 "https://akaventures.com.au/?y=5694897071940&mod=45624715&uri=product.php%3Fid%3D190151-333%26name%3Dwhat%20does%20it%20mean%20to%20wear%20a%20ring%20on%20your%20left%20thumb" "Mozilla/5.0 (X11; Linux x86_64) AppleWebKit/537.36 (KHTML, like Gecko) Chrome/137.0.7151.119 Safari/537.36"
74.125.217.131 - - [20/Jul/2025:21:28:47 +0000] "GET /wp-content/plugins/elementor/assets/css/widget-heading.min.css?ver=3.30.2 HTTP/1.1" 200 188 "https://akaventures.com.au/?y=5694897071940&mod=45624715&uri=product.php%3Fid%3D190151-333%26name%3Dwhat%20does%20it%20mean%20to%20wear%20a%20ring%20on%20your%20left%20thumb" "Mozilla/5.0 (X11; Linux x86_64) AppleWebKit/537.36 (KHTML, like Gecko) Chrome/137.0.7151.119 Safari/537.36"
74.125.217.130 - - [20/Jul/2025:21:28:47 +0000] "GET /wp-content/plugins/metform/public/assets/css/style.css?ver=4.0.2 HTTP/1.1" 200 4763 "https://akaventures.com.au/?y=5694897071940&mod=45624715&uri=product.php%3Fid%3D190151-333%26name%3Dwhat%20does%20it%20mean%20to%20wear%20a%20ring%20on%20your%20left%20thumb" "Mozilla/5.0 (X11; Linux x86_64) AppleWebKit/537.36 (KHTML, like Gecko) Chrome/137.0.7151.119 Safari/537.36"
74.125.217.131 - - [20/Jul/2025:21:28:47 +0000] "GET /wp-content/plugins/elementor/assets/css/widget-social-icons.min.css?ver=3.30.2 HTTP/1.1" 200 1170 "https://akaventures.com.au/?y=5694897071940&mod=45624715&uri=product.php%3Fid%3D190151-333%26name%3Dwhat%20does%20it%20mean%20to%20wear%20a%20ring%20on%20your%20left%20thumb" "Mozilla/5.0 (X11; Linux x86_64) AppleWebKit/537.36 (KHTML, like Gecko) Chrome/137.0.7151.119 Safari/537.36"
74.125.217.131 - - [20/Jul/2025:21:28:47 +0000] "GET /wp-content/plugins/leadconnector/public/js/lc-public.js?ver=3.0.10.1 HTTP/1.1" 200 1322 "https://akaventures.com.au/?y=5694897071940&mod=45624715&uri=product.php%3Fid%3D190151-333%26name%3Dwhat%20does%20it%20mean%20to%20wear%20a%20ring%20on%20your%20left%20thumb" "Mozilla/5.0 (X11; Linux x86_64) AppleWebKit/537.36 (KHTML, like Gecko) Chrome/137.0.7151.119 Safari/537.36"
74.125.217.131 - - [20/Jul/2025:21:28:48 +0000] "GET /wp-content/uploads/elementor/css/post-119.css?ver=1752379116 HTTP/1.1" 200 9581 "https://akaventures.com.au/?y=5694897071940&mod=45624715&uri=product.php%3Fid%3D190151-333%26name%3Dwhat%20does%20it%20mean%20to%20wear%20a%20ring%20on%20your%20left%20thumb" "Mozilla/5.0 (X11; Linux x86_64) AppleWebKit/537.36 (KHTML, like Gecko) Chrome/137.0.7151.119 Safari/537.36"
20.171.207.59 - - [20/Jul/2025:21:28:48 +0000] "GET /entity/1619416917.shtm HTTP/1.1" 404 13293 "-" "Mozilla/5.0 AppleWebKit/537.36 (KHTML, like Gecko; compatible; GPTBot/1.2; +https://openai.com/gptbot)"
74.125.217.130 - - [20/Jul/2025:21:28:48 +0000] "GET /wp-content/uploads/elementor/css/post-123.css?ver=1752379116 HTTP/1.1" 200 1988 "https://akaventures.com.au/?y=5694897071940&mod=45624715&uri=product.php%3Fid%3D190151-333%26name%3Dwhat%20does%20it%20mean%20to%20wear%20a%20ring%20on%20your%20left%20thumb" "Mozilla/5.0 (X11; Linux x86_64) AppleWebKit/537.36 (KHTML, like Gecko) Chrome/137.0.7151.119 Safari/537.36"
74.125.217.130 - - [20/Jul/2025:21:28:48 +0000] "GET /wp-content/plugins/elementor/assets/css/widget-google_maps.min.css?ver=3.30.2 HTTP/1.1" 200 163 "https://akaventures.com.au/?y=5694897071940&mod=45624715&uri=product.php%3Fid%3D190151-333%26name%3Dwhat%20does%20it%20mean%20to%20wear%20a%20ring%20on%20your%20left%20thumb" "Mozilla/5.0 (X11; Linux x86_64) AppleWebKit/537.36 (KHTML, like Gecko) Chrome/137.0.7151.119 Safari/537.36"
74.125.217.130 - - [20/Jul/2025:21:28:48 +0000] "GET /wp-content/plugins/metform/public/assets/lib/cute-alert/style.css?ver=4.0.2 HTTP/1.1" 200 1225 "https://akaventures.com.au/?y=5694897071940&mod=45624715&uri=product.php%3Fid%3D190151-333%26name%3Dwhat%20does%20it%20mean%20to%20wear%20a%20ring%20on%20your%20left%20thumb" "Mozilla/5.0 (X11; Linux x86_64) AppleWebKit/537.36 (KHTML, like Gecko) Chrome/137.0.7151.119 Safari/537.36"
74.125.217.130 - - [20/Jul/2025:21:28:48 +0000] "GET /wp-content/plugins/elementskit-lite/widgets/init/assets/css/responsive.css?ver=3.5.5 HTTP/1.1" 200 3161 "https://akaventures.com.au/?y=5694897071940&mod=45624715&uri=product.php%3Fid%3D190151-333%26name%3Dwhat%20does%20it%20mean%20to%20wear%20a%20ring%20on%20your%20left%20thumb" "Mozilla/5.0 (X11; Linux x86_64) AppleWebKit/537.36 (KHTML, like Gecko) Chrome/137.0.7151.119 Safari/537.36"
74.125.217.131 - - [20/Jul/2025:21:28:48 +0000] "GET /wp-content/uploads/2024/11/AB_high_strength_concrete_mock-up-copy.webp HTTP/1.1" 200 21619 "https://akaventures.com.au/?y=5694897071940&mod=45624715&uri=product.php%3Fid%3D190151-333%26name%3Dwhat%20does%20it%20mean%20to%20wear%20a%20ring%20on%20your%20left%20thumb" "Mozilla/5.0 (X11; Linux x86_64) AppleWebKit/537.36 (KHTML, like Gecko) Chrome/137.0.7151.119 Safari/537.36"
74.125.217.130 - - [20/Jul/2025:21:28:49 +0000] "GET /wp-content/plugins/elementor/assets/lib/font-awesome/css/all.min.css?ver=3.30.2 HTTP/1.1" 200 12869 "https://akaventures.com.au/?y=5694897071940&mod=45624715&uri=product.php%3Fid%3D190151-333%26name%3Dwhat%20does%20it%20mean%20to%20wear%20a%20ring%20on%20your%20left%20thumb" "Mozilla/5.0 (X11; Linux x86_64) AppleWebKit/537.36 (KHTML, like Gecko) Chrome/137.0.7151.119 Safari/537.36"
74.125.217.131 - - [20/Jul/2025:21:28:49 +0000] "GET /wp-content/plugins/elementor/assets/lib/font-awesome/css/v4-shims.min.css?ver=3.30.2 HTTP/1.1" 200 4229 "https://akaventures.com.au/?y=5694897071940&mod=45624715&uri=product.php%3Fid%3D190151-333%26name%3Dwhat%20does%20it%20mean%20to%20wear%20a%20ring%20on%20your%20left%20thumb" "Mozilla/5.0 (X11; Linux x86_64) AppleWebKit/537.36 (KHTML, like Gecko) Chrome/137.0.7151.119 Safari/537.36"
74.125.217.130 - - [20/Jul/2025:21:28:49 +0000] "GET /wp-content/plugins/elementskit-lite/modules/elementskit-icon-pack/assets/css/ekiticons.css?ver=3.5.5 HTTP/1.1" 200 13134 "https://akaventures.com.au/?y=5694897071940&mod=45624715&uri=product.php%3Fid%3D190151-333%26name%3Dwhat%20does%20it%20mean%20to%20wear%20a%20ring%20on%20your%20left%20thumb" "Mozilla/5.0 (X11; Linux x86_64) AppleWebKit/537.36 (KHTML, like Gecko) Chrome/137.0.7151.119 Safari/537.36"
74.125.217.131 - - [20/Jul/2025:21:28:49 +0000] "GET /wp-content/plugins/elementor/assets/js/frontend-modules.min.js?ver=3.30.2 HTTP/1.1" 200 14815 "https://akaventures.com.au/?y=5694897071940&mod=45624715&uri=product.php%3Fid%3D190151-333%26name%3Dwhat%20does%20it%20mean%20to%20wear%20a%20ring%20on%20your%20left%20thumb" "Mozilla/5.0 (X11; Linux x86_64) AppleWebKit/537.36 (KHTML, like Gecko) Chrome/137.0.7151.119 Safari/537.36"
74.125.217.131 - - [20/Jul/2025:21:28:49 +0000] "GET /wp-includes/js/jquery/ui/core.min.js?ver=1.13.3 HTTP/1.1" 200 7106 "https://akaventures.com.au/?y=5694897071940&mod=45624715&uri=product.php%3Fid%3D190151-333%26name%3Dwhat%20does%20it%20mean%20to%20wear%20a%20ring%20on%20your%20left%20thumb" "Mozilla/5.0 (X11; Linux x86_64) AppleWebKit/537.36 (KHTML, like Gecko) Chrome/137.0.7151.119 Safari/537.36"
74.125.217.130 - - [20/Jul/2025:21:28:49 +0000] "GET /wp-content/plugins/metform/public/assets/lib/cute-alert/cute-alert.js?ver=4.0.2 HTTP/1.1" 200 1177 "https://akaventures.com.au/?y=5694897071940&mod=45624715&uri=product.php%3Fid%3D190151-333%26name%3Dwhat%20does%20it%20mean%20to%20wear%20a%20ring%20on%20your%20left%20thumb" "Mozilla/5.0 (X11; Linux x86_64) AppleWebKit/537.36 (KHTML, like Gecko) Chrome/137.0.7151.119 Safari/537.36"
74.125.217.130 - - [20/Jul/2025:21:28:49 +0000] "GET /wp-content/plugins/elementor/assets/js/frontend.min.js?ver=3.30.2 HTTP/1.1" 200 10595 "https://akaventures.com.au/?y=5694897071940&mod=45624715&uri=product.php%3Fid%3D190151-333%26name%3Dwhat%20does%20it%20mean%20to%20wear%20a%20ring%20on%20your%20left%20thumb" "Mozilla/5.0 (X11; Linux x86_64) AppleWebKit/537.36 (KHTML, like Gecko) Chrome/137.0.7151.119 Safari/537.36"
74.125.217.131 - - [20/Jul/2025:21:28:50 +0000] "GET /wp-includes/js/dist/vendor/react-dom.min.js?ver=18.3.1.1 HTTP/1.1" 200 41888 "https://akaventures.com.au/?y=5694897071940&mod=45624715&uri=product.php%3Fid%3D190151-333%26name%3Dwhat%20does%20it%20mean%20to%20wear%20a%20ring%20on%20your%20left%20thumb" "Mozilla/5.0 (X11; Linux x86_64) AppleWebKit/537.36 (KHTML, like Gecko) Chrome/137.0.7151.119 Safari/537.36"
74.125.217.131 - - [20/Jul/2025:21:28:50 +0000] "GET /wp-content/plugins/elementskit-lite/libs/framework/assets/js/frontend-script.js?ver=3.5.5 HTTP/1.1" 200 40 "https://akaventures.com.au/?y=5694897071940&mod=45624715&uri=product.php%3Fid%3D190151-333%26name%3Dwhat%20does%20it%20mean%20to%20wear%20a%20ring%20on%20your%20left%20thumb" "Mozilla/5.0 (X11; Linux x86_64) AppleWebKit/537.36 (KHTML, like Gecko) Chrome/137.0.7151.119 Safari/537.36"
74.125.217.131 - - [20/Jul/2025:21:28:50 +0000] "GET /wp-content/plugins/elementor-pro/assets/js/elements-handlers.min.js?ver=3.28.3 HTTP/1.1" 200 10701 "https://akaventures.com.au/?y=5694897071940&mod=45624715&uri=product.php%3Fid%3D190151-333%26name%3Dwhat%20does%20it%20mean%20to%20wear%20a%20ring%20on%20your%20left%20thumb" "Mozilla/5.0 (X11; Linux x86_64) AppleWebKit/537.36 (KHTML, like Gecko) Chrome/137.0.7151.119 Safari/537.36"
74.125.217.130 - - [20/Jul/2025:21:28:50 +0000] "GET /wp-includes/js/dist/i18n.min.js?ver=5e580eb46a90c2b997e6 HTTP/1.1" 200 3667 "https://akaventures.com.au/?y=5694897071940&mod=45624715&uri=product.php%3Fid%3D190151-333%26name%3Dwhat%20does%20it%20mean%20to%20wear%20a%20ring%20on%20your%20left%20thumb" "Mozilla/5.0 (X11; Linux x86_64) AppleWebKit/537.36 (KHTML, like Gecko) Chrome/137.0.7151.119 Safari/537.36"
74.125.217.131 - - [20/Jul/2025:21:28:50 +0000] "GET /wp-includes/js/dist/element.min.js?ver=a4eeeadd23c0d7ab1d2d HTTP/1.1" 200 4937 "https://akaventures.com.au/?y=5694897071940&mod=45624715&uri=product.php%3Fid%3D190151-333%26name%3Dwhat%20does%20it%20mean%20to%20wear%20a%20ring%20on%20your%20left%20thumb" "Mozilla/5.0 (X11; Linux x86_64) AppleWebKit/537.36 (KHTML, like Gecko) Chrome/137.0.7151.119 Safari/537.36"
74.125.217.131 - - [20/Jul/2025:21:28:50 +0000] "GET /wp-includes/js/dist/hooks.min.js?ver=4d63a3d491d11ffd8ac6 HTTP/1.1" 200 1648 "https://akaventures.com.au/?y=5694897071940&mod=45624715&uri=product.php%3Fid%3D190151-333%26name%3Dwhat%20does%20it%20mean%20to%20wear%20a%20ring%20on%20your%20left%20thumb" "Mozilla/5.0 (X11; Linux x86_64) AppleWebKit/537.36 (KHTML, like Gecko) Chrome/137.0.7151.119 Safari/537.36"
74.125.217.130 - - [20/Jul/2025:21:28:50 +0000] "GET /wp-content/plugins/elementor-pro/assets/js/frontend.min.js?ver=3.28.3 HTTP/1.1" 200 6510 "https://akaventures.com.au/?y=5694897071940&mod=45624715&uri=product.php%3Fid%3D190151-333%26name%3Dwhat%20does%20it%20mean%20to%20wear%20a%20ring%20on%20your%20left%20thumb" "Mozilla/5.0 (X11; Linux x86_64) AppleWebKit/537.36 (KHTML, like Gecko) Chrome/137.0.7151.119 Safari/537.36"
74.125.217.131 - - [20/Jul/2025:21:28:50 +0000] "GET /wp-content/uploads/2024/11/yjgyUntitled-design.png HTTP/1.1" 200 7017 "https://akaventures.com.au/?y=5694897071940&mod=45624715&uri=product.php%3Fid%3D190151-333%26name%3Dwhat%20does%20it%20mean%20to%20wear%20a%20ring%20on%20your%20left%20thumb" "Mozilla/5.0 (X11; Linux x86_64) AppleWebKit/537.36 (KHTML, like Gecko) Chrome/137.0.7151.119 Safari/537.36"
74.125.217.130 - - [20/Jul/2025:21:28:51 +0000] "GET /wp-content/plugins/elementskit-lite/widgets/init/assets/js/widget-scripts.js?ver=3.5.5 HTTP/1.1" 200 41596 "https://akaventures.com.au/?y=5694897071940&mod=45624715&uri=product.php%3Fid%3D190151-333%26name%3Dwhat%20does%20it%20mean%20to%20wear%20a%20ring%20on%20your%20left%20thumb" "Mozilla/5.0 (X11; Linux x86_64) AppleWebKit/537.36 (KHTML, like Gecko) Chrome/137.0.7151.119 Safari/537.36"
74.125.217.131 - - [20/Jul/2025:21:28:51 +0000] "GET /wp-includes/js/dist/vendor/react.min.js?ver=18.3.1.1 HTTP/1.1" 200 4165 "https://akaventures.com.au/?y=5694897071940&mod=45624715&uri=product.php%3Fid%3D190151-333%26name%3Dwhat%20does%20it%20mean%20to%20wear%20a%20ring%20on%20your%20left%20thumb" "Mozilla/5.0 (X11; Linux x86_64) AppleWebKit/537.36 (KHTML, like Gecko) Chrome/137.0.7151.119 Safari/537.36"
74.125.217.130 - - [20/Jul/2025:21:28:51 +0000] "GET /wp-content/plugins/elementor/assets/lib/font-awesome/js/v4-shims.min.js?ver=3.30.2 HTTP/1.1" 200 4209 "https://akaventures.com.au/?y=5694897071940&mod=45624715&uri=product.php%3Fid%3D190151-333%26name%3Dwhat%20does%20it%20mean%20to%20wear%20a%20ring%20on%20your%20left%20thumb" "Mozilla/5.0 (X11; Linux x86_64) AppleWebKit/537.36 (KHTML, like Gecko) Chrome/137.0.7151.119 Safari/537.36"
74.125.217.131 - - [20/Jul/2025:21:28:51 +0000] "GET /wp-content/plugins/metform/public/assets/js/htm.js?ver=4.0.2 HTTP/1.1" 200 675 "https://akaventures.com.au/?y=5694897071940&mod=45624715&uri=product.php%3Fid%3D190151-333%26name%3Dwhat%20does%20it%20mean%20to%20wear%20a%20ring%20on%20your%20left%20thumb" "Mozilla/5.0 (X11; Linux x86_64) AppleWebKit/537.36 (KHTML, like Gecko) Chrome/137.0.7151.119 Safari/537.36"
74.125.217.130 - - [20/Jul/2025:21:28:51 +0000] "GET /wp-content/plugins/elementskit-lite/widgets/init/assets/js/elementor.js?ver=3.5.5 HTTP/1.1" 200 5600 "https://akaventures.com.au/?y=5694897071940&mod=45624715&uri=product.php%3Fid%3D190151-333%26name%3Dwhat%20does%20it%20mean%20to%20wear%20a%20ring%20on%20your%20left%20thumb" "Mozilla/5.0 (X11; Linux x86_64) AppleWebKit/537.36 (KHTML, like Gecko) Chrome/137.0.7151.119 Safari/537.36"
74.125.217.130 - - [20/Jul/2025:21:28:51 +0000] "GET /wp-content/themes/hello-elementor/assets/js/hello-frontend.js?ver=3.4.4 HTTP/1.1" 200 553 "https://akaventures.com.au/?y=5694897071940&mod=45624715&uri=product.php%3Fid%3D190151-333%26name%3Dwhat%20does%20it%20mean%20to%20wear%20a%20ring%20on%20your%20left%20thumb" "Mozilla/5.0 (X11; Linux x86_64) AppleWebKit/537.36 (KHTML, like Gecko) Chrome/137.0.7151.119 Safari/537.36"
74.125.217.130 - - [20/Jul/2025:21:28:51 +0000] "GET /wp-content/plugins/elementskit-lite/widgets/init/assets/js/animate-circle.min.js?ver=3.5.5 HTTP/1.1" 200 451 "https://akaventures.com.au/?y=5694897071940&mod=45624715&uri=product.php%3Fid%3D190151-333%26name%3Dwhat%20does%20it%20mean%20to%20wear%20a%20ring%20on%20your%20left%20thumb" "Mozilla/5.0 (X11; Linux x86_64) AppleWebKit/537.36 (KHTML, like Gecko) Chrome/137.0.7151.119 Safari/537.36"
74.125.217.130 - - [20/Jul/2025:21:28:51 +0000] "GET /wp-includes/js/dist/escape-html.min.js?ver=6561a406d2d232a6fbd2 HTTP/1.1" 200 532 "https://akaventures.com.au/?y=5694897071940&mod=45624715&uri=product.php%3Fid%3D190151-333%26name%3Dwhat%20does%20it%20mean%20to%20wear%20a%20ring%20on%20your%20left%20thumb" "Mozilla/5.0 (X11; Linux x86_64) AppleWebKit/537.36 (KHTML, like Gecko) Chrome/137.0.7151.119 Safari/537.36"
74.125.217.130 - - [20/Jul/2025:21:28:52 +0000] "GET /wp-content/plugins/elementor/assets/js/webpack.runtime.min.js?ver=3.30.2 HTTP/1.1" 200 2516 "https://akaventures.com.au/?y=5694897071940&mod=45624715&uri=product.php%3Fid%3D190151-333%26name%3Dwhat%20does%20it%20mean%20to%20wear%20a%20ring%20on%20your%20left%20thumb" "Mozilla/5.0 (X11; Linux x86_64) AppleWebKit/537.36 (KHTML, like Gecko) Chrome/137.0.7151.119 Safari/537.36"
74.125.217.130 - - [20/Jul/2025:21:28:52 +0000] "GET /wp-content/plugins/elementor-pro/assets/js/webpack-pro.runtime.min.js?ver=3.28.3 HTTP/1.1" 200 2858 "https://akaventures.com.au/?y=5694897071940&mod=45624715&uri=product.php%3Fid%3D190151-333%26name%3Dwhat%20does%20it%20mean%20to%20wear%20a%20ring%20on%20your%20left%20thumb" "Mozilla/5.0 (X11; Linux x86_64) AppleWebKit/537.36 (KHTML, like Gecko) Chrome/137.0.7151.119 Safari/537.36"
74.125.217.130 - - [20/Jul/2025:21:28:52 +0000] "GET /wp-content/plugins/metform/public/assets/js/app.js?ver=4.0.2 HTTP/1.1" 200 160764 "https://akaventures.com.au/?y=5694897071940&mod=45624715&uri=product.php%3Fid%3D190151-333%26name%3Dwhat%20does%20it%20mean%20to%20wear%20a%20ring%20on%20your%20left%20thumb" "Mozilla/5.0 (X11; Linux x86_64) AppleWebKit/537.36 (KHTML, like Gecko) Chrome/137.0.7151.119 Safari/537.36"
74.125.217.130 - - [20/Jul/2025:21:28:52 +0000] "GET /wp-content/uploads/2024/11/banner-left-shape.jpg HTTP/1.1" 200 37741 "https://akaventures.com.au/wp-content/uploads/elementor/css/post-119.css?ver=1752379116" "Mozilla/5.0 (X11; Linux x86_64) AppleWebKit/537.36 (KHTML, like Gecko) Chrome/137.0.7151.119 Safari/537.36"
74.125.217.131 - - [20/Jul/2025:21:28:52 +0000] "GET /wp-content/uploads/2024/11/servicres-design-element.png HTTP/1.1" 200 5581 "https://akaventures.com.au/?y=5694897071940&mod=45624715&uri=product.php%3Fid%3D190151-333%26name%3Dwhat%20does%20it%20mean%20to%20wear%20a%20ring%20on%20your%20left%20thumb" "Mozilla/5.0 (X11; Linux x86_64) AppleWebKit/537.36 (KHTML, like Gecko) Chrome/137.0.7151.119 Safari/537.36"
74.125.217.130 - - [20/Jul/2025:21:28:52 +0000] "GET /wp-content/uploads/2024/11/about-usbackground-rectangle.png HTTP/1.1" 200 210 "https://akaventures.com.au/wp-content/uploads/elementor/css/post-119.css?ver=1752379116" "Mozilla/5.0 (X11; Linux x86_64) AppleWebKit/537.36 (KHTML, like Gecko) Chrome/137.0.7151.119 Safari/537.36"
74.125.217.130 - - [20/Jul/2025:21:28:53 +0000] "GET /wp-content/uploads/2024/11/about-us-design-elemenent.png HTTP/1.1" 200 37399 "https://akaventures.com.au/wp-content/uploads/elementor/css/post-119.css?ver=1752379116" "Mozilla/5.0 (X11; Linux x86_64) AppleWebKit/537.36 (KHTML, like Gecko) Chrome/137.0.7151.119 Safari/537.36"
74.125.217.131 - - [20/Jul/2025:21:28:53 +0000] "GET /wp-content/uploads/2024/11/work-design.png HTTP/1.1" 200 10148 "https://akaventures.com.au/wp-content/uploads/elementor/css/post-119.css?ver=1752379116" "Mozilla/5.0 (X11; Linux x86_64) AppleWebKit/537.36 (KHTML, like Gecko) Chrome/137.0.7151.119 Safari/537.36"
74.125.217.131 - - [20/Jul/2025:21:28:53 +0000] "GET /wp-content/uploads/2024/11/get-started-left-design-element.png HTTP/1.1" 200 7051 "https://akaventures.com.au/wp-content/uploads/elementor/css/post-119.css?ver=1752379116" "Mozilla/5.0 (X11; Linux x86_64) AppleWebKit/537.36 (KHTML, like Gecko) Chrome/137.0.7151.119 Safari/537.36"
74.125.217.131 - - [20/Jul/2025:21:28:53 +0000] "GET /wp-content/uploads/2024/11/get-started-right-design-element.png HTTP/1.1" 200 7296 "https://akaventures.com.au/wp-content/uploads/elementor/css/post-119.css?ver=1752379116" "Mozilla/5.0 (X11; Linux x86_64) AppleWebKit/537.36 (KHTML, like Gecko) Chrome/137.0.7151.119 Safari/537.36"
74.125.217.130 - - [20/Jul/2025:21:28:53 +0000] "GET /wp-content/uploads/2024/11/footer-background.png HTTP/1.1" 200 27939 "https://akaventures.com.au/wp-content/uploads/elementor/css/post-123.css?ver=1752379116" "Mozilla/5.0 (X11; Linux x86_64) AppleWebKit/537.36 (KHTML, like Gecko) Chrome/137.0.7151.119 Safari/537.36"
74.125.217.131 - - [20/Jul/2025:21:28:53 +0000] "GET /wp-content/uploads/elementor/google-fonts/fonts/barlow-7chpv4kjgogqm7e_dms5.woff2 HTTP/1.1" 200 21167 "https://akaventures.com.au/wp-content/uploads/elementor/google-fonts/css/barlow.css?ver=1742274543" "Mozilla/5.0 (X11; Linux x86_64) AppleWebKit/537.36 (KHTML, like Gecko) Chrome/137.0.7151.119 Safari/537.36"
74.125.217.130 - - [20/Jul/2025:21:28:53 +0000] "GET /wp-content/plugins/elementskit-lite/modules/elementskit-icon-pack/assets/fonts/elementskit.woff?y24e1e HTTP/1.1" 200 251549 "https://akaventures.com.au/wp-content/plugins/elementskit-lite/modules/elementskit-icon-pack/assets/css/ekiticons.css?ver=3.5.5" "Mozilla/5.0 (X11; Linux x86_64) AppleWebKit/537.36 (KHTML, like Gecko) Chrome/137.0.7151.119 Safari/537.36"
74.125.217.131 - - [20/Jul/2025:21:28:53 +0000] "GET /wp-content/uploads/elementor/google-fonts/fonts/barlow-7chqv4kjgogqm7e3_-gs51os.woff2 HTTP/1.1" 200 20983 "https://akaventures.com.au/wp-content/uploads/elementor/google-fonts/css/barlow.css?ver=1742274543" "Mozilla/5.0 (X11; Linux x86_64) AppleWebKit/537.36 (KHTML, like Gecko) Chrome/137.0.7151.119 Safari/537.36"
74.125.217.131 - - [20/Jul/2025:21:28:54 +0000] "GET /wp-content/uploads/elementor/google-fonts/fonts/playfairdisplay-nufid-vyszvivyub_rj3ij__anpxdtzyga.woff2 HTTP/1.1" 200 38289 "https://akaventures.com.au/wp-content/uploads/elementor/google-fonts/css/playfairdisplay.css?ver=1742274537" "Mozilla/5.0 (X11; Linux x86_64) AppleWebKit/537.36 (KHTML, like Gecko) Chrome/137.0.7151.119 Safari/537.36"
74.125.217.131 - - [20/Jul/2025:21:28:54 +0000] "GET /wp-content/uploads/elementor/google-fonts/fonts/barlow-7chqv4kjgogqm7e3p-ks51os.woff2 HTTP/1.1" 200 21015 "https://akaventures.com.au/wp-content/uploads/elementor/google-fonts/css/barlow.css?ver=1742274543" "Mozilla/5.0 (X11; Linux x86_64) AppleWebKit/537.36 (KHTML, like Gecko) Chrome/137.0.7151.119 Safari/537.36"
74.125.217.131 - - [20/Jul/2025:21:28:54 +0000] "GET /wp-includes/js/wp-emoji-release.min.js?ver=6.8.2 HTTP/1.1" 200 5163 "https://akaventures.com.au/?y=5694897071940&mod=45624715&uri=product.php%3Fid%3D190151-333%26name%3Dwhat%20does%20it%20mean%20to%20wear%20a%20ring%20on%20your%20left%20thumb" "Mozilla/5.0 (X11; Linux x86_64) AppleWebKit/537.36 (KHTML, like Gecko) Chrome/137.0.7151.119 Safari/537.36"
74.125.217.130 - - [20/Jul/2025:21:28:54 +0000] "GET /wp-content/uploads/elementor/google-fonts/fonts/roboto-kfo7cnqeu92fr1me7ksn66agldtyluama3yuba.woff2 HTTP/1.1" 200 40156 "https://akaventures.com.au/wp-content/uploads/elementor/google-fonts/css/roboto.css?ver=1742274564" "Mozilla/5.0 (X11; Linux x86_64) AppleWebKit/537.36 (KHTML, like Gecko) Chrome/137.0.7151.119 Safari/537.36"
74.125.217.131 - - [20/Jul/2025:21:28:54 +0000] "GET /wp-content/plugins/elementor/assets/js/shared-frontend-handlers.30dc2f9c080845a413a6.bundle.min.js HTTP/1.1" 200 2682 "https://akaventures.com.au/?y=5694897071940&mod=45624715&uri=product.php%3Fid%3D190151-333%26name%3Dwhat%20does%20it%20mean%20to%20wear%20a%20ring%20on%20your%20left%20thumb" "Mozilla/5.0 (X11; Linux x86_64) AppleWebKit/537.36 (KHTML, like Gecko) Chrome/137.0.7151.119 Safari/537.36"
74.125.217.131 - - [20/Jul/2025:21:28:54 +0000] "GET /wp-content/plugins/elementor/assets/js/section-frontend-handlers.d85ab872da118940910d.bundle.min.js HTTP/1.1" 200 297 "https://akaventures.com.au/?y=5694897071940&mod=45624715&uri=product.php%3Fid%3D190151-333%26name%3Dwhat%20does%20it%20mean%20to%20wear%20a%20ring%20on%20your%20left%20thumb" "Mozilla/5.0 (X11; Linux x86_64) AppleWebKit/537.36 (KHTML, like Gecko) Chrome/137.0.7151.119 Safari/537.36"
74.125.217.131 - - [20/Jul/2025:21:28:55 +0000] "GET /wp-content/plugins/elementor/assets/js/text-editor.c084ef86600b6f11690d.bundle.min.js HTTP/1.1" 200 685 "https://akaventures.com.au/?y=5694897071940&mod=45624715&uri=product.php%3Fid%3D190151-333%26name%3Dwhat%20does%20it%20mean%20to%20wear%20a%20ring%20on%20your%20left%20thumb" "Mozilla/5.0 (X11; Linux x86_64) AppleWebKit/537.36 (KHTML, like Gecko) Chrome/137.0.7151.119 Safari/537.36"
74.125.217.130 - - [20/Jul/2025:21:28:55 +0000] "POST /wp-json/metform/v1/forms/views/1876 HTTP/1.1" 200 - "https://akaventures.com.au/?y=5694897071940&mod=45624715&uri=product.php%3Fid%3D190151-333%26name%3Dwhat%20does%20it%20mean%20to%20wear%20a%20ring%20on%20your%20left%20thumb" "Mozilla/5.0 (X11; Linux x86_64) AppleWebKit/537.36 (KHTML, like Gecko) Chrome/137.0.7151.119 Safari/537.36"
74.125.217.130 - - [20/Jul/2025:21:28:55 +0000] "GET /wp-content/plugins/elementor/assets/lib/font-awesome/webfonts/fa-solid-900.woff2 HTTP/1.1" 200 78099 "https://akaventures.com.au/wp-content/plugins/elementor/assets/lib/font-awesome/css/all.min.css?ver=3.30.2" "Mozilla/5.0 (X11; Linux x86_64) AppleWebKit/537.36 (KHTML, like Gecko) Chrome/137.0.7151.119 Safari/537.36"
74.125.217.131 - - [20/Jul/2025:21:28:55 +0000] "GET /wp-content/uploads/2024/11/work-process.jpg HTTP/1.1" 200 73312 "https://akaventures.com.au/?y=5694897071940&mod=45624715&uri=product.php%3Fid%3D190151-333%26name%3Dwhat%20does%20it%20mean%20to%20wear%20a%20ring%20on%20your%20left%20thumb" "Mozilla/5.0 (X11; Linux x86_64) AppleWebKit/537.36 (KHTML, like Gecko) Chrome/137.0.7151.119 Safari/537.36"
74.125.217.131 - - [20/Jul/2025:21:28:55 +0000] "GET /wp-content/uploads/2024/11/iuyUntitled-design.png HTTP/1.1" 200 127232 "https://akaventures.com.au/?y=5694897071940&mod=45624715&uri=product.php%3Fid%3D190151-333%26name%3Dwhat%20does%20it%20mean%20to%20wear%20a%20ring%20on%20your%20left%20thumb" "Mozilla/5.0 (X11; Linux x86_64) AppleWebKit/537.36 (KHTML, like Gecko) Chrome/137.0.7151.119 Safari/537.36"
74.125.217.131 - - [20/Jul/2025:21:28:55 +0000] "GET /wp-content/uploads/2024/11/Deformed-Bars.png HTTP/1.1" 200 74355 "https://akaventures.com.au/?y=5694897071940&mod=45624715&uri=product.php%3Fid%3D190151-333%26name%3Dwhat%20does%20it%20mean%20to%20wear%20a%20ring%20on%20your%20left%20thumb" "Mozilla/5.0 (X11; Linux x86_64) AppleWebKit/537.36 (KHTML, like Gecko) Chrome/137.0.7151.119 Safari/537.36"
74.125.217.131 - - [20/Jul/2025:21:28:55 +0000] "GET /wp-content/uploads/2024/11/about-us-right-image.png HTTP/1.1" 200 157875 "https://akaventures.com.au/?y=5694897071940&mod=45624715&uri=product.php%3Fid%3D190151-333%26name%3Dwhat%20does%20it%20mean%20to%20wear%20a%20ring%20on%20your%20left%20thumb" "Mozilla/5.0 (X11; Linux x86_64) AppleWebKit/537.36 (KHTML, like Gecko) Chrome/137.0.7151.119 Safari/537.36"
74.125.217.130 - - [20/Jul/2025:21:28:56 +0000] "GET /wp-content/uploads/2024/11/dotted-line.jpg HTTP/1.1" 200 1804 "https://akaventures.com.au/?y=5694897071940&mod=45624715&uri=product.php%3Fid%3D190151-333%26name%3Dwhat%20does%20it%20mean%20to%20wear%20a%20ring%20on%20your%20left%20thumb" "Mozilla/5.0 (X11; Linux x86_64) AppleWebKit/537.36 (KHTML, like Gecko) Chrome/137.0.7151.119 Safari/537.36"
20.171.207.59 - - [20/Jul/2025:21:28:56 +0000] "GET /entity/1909640012.shtm HTTP/1.1" 404 13293 "-" "Mozilla/5.0 AppleWebKit/537.36 (KHTML, like Gecko; compatible; GPTBot/1.2; +https://openai.com/gptbot)"
209.74.77.214 - - [20/Jul/2025:21:29:06 +0000] "POST /wp-cron.php?doing_wp_cron=1753046946.1980950832366943359375 HTTP/1.1" 200 - "-" "WordPress/6.8.2; https://akaventures.com.au"
20.171.207.59 - - [20/Jul/2025:21:29:05 +0000] "GET /entity/1909705194.shtm HTTP/1.1" 404 13292 "-" "Mozilla/5.0 AppleWebKit/537.36 (KHTML, like Gecko; compatible; GPTBot/1.2; +https://openai.com/gptbot)"
20.171.207.59 - - [20/Jul/2025:21:29:15 +0000] "GET /entity/1909542895.shtm HTTP/1.1" 404 13292 "-" "Mozilla/5.0 AppleWebKit/537.36 (KHTML, like Gecko; compatible; GPTBot/1.2; +https://openai.com/gptbot)"
20.171.207.59 - - [20/Jul/2025:21:29:24 +0000] "GET /entity/1618948548.shtm HTTP/1.1" 404 13292 "-" "Mozilla/5.0 AppleWebKit/537.36 (KHTML, like Gecko; compatible; GPTBot/1.2; +https://openai.com/gptbot)"
20.171.207.59 - - [20/Jul/2025:21:29:32 +0000] "GET /entity/1618941927.shtm HTTP/1.1" 404 13293 "-" "Mozilla/5.0 AppleWebKit/537.36 (KHTML, like Gecko; compatible; GPTBot/1.2; +https://openai.com/gptbot)"
209.74.77.214 - - [20/Jul/2025:21:29:42 +0000] "POST /wp-cron.php?doing_wp_cron=1753046982.8123040199279785156250 HTTP/1.1" 200 - "-" "WordPress/6.8.2; https://akaventures.com.au"
20.171.207.59 - - [20/Jul/2025:21:29:42 +0000] "GET /entity/1909357913.shtm HTTP/1.1" 404 13292 "-" "Mozilla/5.0 AppleWebKit/537.36 (KHTML, like Gecko; compatible; GPTBot/1.2; +https://openai.com/gptbot)"
20.171.207.59 - - [20/Jul/2025:21:29:52 +0000] "GET /entity/1909741308.shtm HTTP/1.1" 404 13292 "-" "Mozilla/5.0 AppleWebKit/537.36 (KHTML, like Gecko; compatible; GPTBot/1.2; +https://openai.com/gptbot)"
209.74.77.214 - - [20/Jul/2025:21:30:05 +0000] "POST /wp-cron.php?doing_wp_cron=1753047005.2100450992584228515625 HTTP/1.1" 200 - "-" "WordPress/6.8.2; https://akaventures.com.au"
20.171.207.59 - - [20/Jul/2025:21:30:04 +0000] "GET /entity/1619128715.shtm HTTP/1.1" 404 13292 "-" "Mozilla/5.0 AppleWebKit/537.36 (KHTML, like Gecko; compatible; GPTBot/1.2; +https://openai.com/gptbot)"
20.171.207.59 - - [20/Jul/2025:21:30:13 +0000] "GET /entity/1619330411.shtm HTTP/1.1" 404 13292 "-" "Mozilla/5.0 AppleWebKit/537.36 (KHTML, like Gecko; compatible; GPTBot/1.2; +https://openai.com/gptbot)"
20.171.207.59 - - [20/Jul/2025:21:30:23 +0000] "GET /entity/1619530559.shtm HTTP/1.1" 404 13292 "-" "Mozilla/5.0 AppleWebKit/537.36 (KHTML, like Gecko; compatible; GPTBot/1.2; +https://openai.com/gptbot)"
20.171.207.59 - - [20/Jul/2025:21:30:32 +0000] "GET /entity/1909300711.shtm HTTP/1.1" 404 13292 "-" "Mozilla/5.0 AppleWebKit/537.36 (KHTML, like Gecko; compatible; GPTBot/1.2; +https://openai.com/gptbot)"
209.74.77.214 - - [20/Jul/2025:21:30:42 +0000] "POST /wp-cron.php?doing_wp_cron=1753047042.4250009059906005859375 HTTP/1.1" 200 - "-" "WordPress/6.8.2; https://akaventures.com.au"
20.171.207.59 - - [20/Jul/2025:21:30:42 +0000] "GET /entity/1619525996.shtm HTTP/1.1" 404 13292 "-" "Mozilla/5.0 AppleWebKit/537.36 (KHTML, like Gecko; compatible; GPTBot/1.2; +https://openai.com/gptbot)"
20.171.207.59 - - [20/Jul/2025:21:30:52 +0000] "GET /entity/1909427270.shtm HTTP/1.1" 404 13293 "-" "Mozilla/5.0 AppleWebKit/537.36 (KHTML, like Gecko; compatible; GPTBot/1.2; +https://openai.com/gptbot)"
209.74.77.214 - - [20/Jul/2025:21:31:02 +0000] "POST /wp-cron.php?doing_wp_cron=1753047062.6354780197143554687500 HTTP/1.1" 200 - "-" "WordPress/6.8.2; https://akaventures.com.au"
20.171.207.59 - - [20/Jul/2025:21:31:02 +0000] "GET /entity/1619460310.shtm HTTP/1.1" 404 13292 "-" "Mozilla/5.0 AppleWebKit/537.36 (KHTML, like Gecko; compatible; GPTBot/1.2; +https://openai.com/gptbot)"
20.171.207.59 - - [20/Jul/2025:21:31:10 +0000] "GET /entity/1618941927.shtm HTTP/1.1" 404 13292 "-" "Mozilla/5.0 AppleWebKit/537.36 (KHTML, like Gecko; compatible; GPTBot/1.2; +https://openai.com/gptbot)"
20.171.207.59 - - [20/Jul/2025:21:31:20 +0000] "GET /entity/1909510308.shtm HTTP/1.1" 404 13292 "-" "Mozilla/5.0 AppleWebKit/537.36 (KHTML, like Gecko; compatible; GPTBot/1.2; +https://openai.com/gptbot)"
