Current File : /home/kelaby89/access-logs/akaventures.com.au.sixpack.studio-ssl_log |
209.74.77.214 - - [20/Jul/2025:12:15:30 +0000] "POST /wp-cron.php?doing_wp_cron=1753013730.0109379291534423828125 HTTP/1.1" 200 - "-" "WordPress/6.8.2; https://akaventures.com.au"
47.82.1.61 - - [20/Jul/2025:12:15:27 +0000] "GET /?y=5360802051940&mod=7d0bbf7a&uri=goods.php?id%3D178969-322%26name%3Dfisher+and+paykel+dd60dcw9 HTTP/1.1" 301 - "https://akaventures.com.au/?y=5360802051940&mod=7d0bbf7a&uri=goods.php%3Fid%3D178969-322%26name%3Dfisher+and+paykel+dd60dcw9" "Mozilla/5.0 (Windows NT 10.0; Win64; x64) AppleWebKit/537.36 (KHTML, like Gecko) Chrome/114.0.0.0 Safari/537.36 Edg/114.0.1823.43"
47.82.1.61 - - [20/Jul/2025:12:15:30 +0000] "GET /?y=5360802051940&mod=7d0bbf7a&uri=goods.php?id%3D178969-322%26name%3Dfisher%20and%20paykel%20dd60dcw9 HTTP/1.1" 301 - "https://akaventures.com.au/?y=5360802051940&mod=7d0bbf7a&uri=goods.php%3Fid%3D178969-322%26name%3Dfisher+and+paykel+dd60dcw9" "Mozilla/5.0 (Windows NT 10.0; Win64; x64) AppleWebKit/537.36 (KHTML, like Gecko) Chrome/114.0.0.0 Safari/537.36 Edg/114.0.1823.43"
173.252.87.16 - - [20/Jul/2025:12:19:32 +0000] "GET /robots.txt HTTP/1.1" 206 83 "-" "facebookexternalhit/1.1 (+http://www.facebook.com/externalhit_uatext.php)"
209.74.77.214 - - [20/Jul/2025:12:24:44 +0000] "POST /wp-cron.php?doing_wp_cron=1753014284.1284129619598388671875 HTTP/1.1" 200 - "-" "WordPress/6.8.2; https://akaventures.com.au"
47.82.0.65 - - [20/Jul/2025:12:24:42 +0000] "GET /?y=5208746031940&mod=75a380a0&uri=article.php?id%3D173885-187%26name%3D7g+rainbow+colony+tamilyogi HTTP/1.1" 301 - "https://akaventures.com.au/?y=5208746031940&mod=75a380a0&uri=article.php%3Fid%3D173885-187%26name%3D7g+rainbow+colony+tamilyogi" "Mozilla/5.0 (Windows NT 10.0; Win64; x64) AppleWebKit/537.36 (KHTML, like Gecko) Chrome/114.0.0.0 Safari/537.36 Edg/114.0.1823.43"
47.82.0.65 - - [20/Jul/2025:12:24:44 +0000] "GET /?y=5208746031940&mod=75a380a0&uri=article.php?id%3D173885-187%26name%3D7g%20rainbow%20colony%20tamilyogi HTTP/1.1" 301 - "https://akaventures.com.au/?y=5208746031940&mod=75a380a0&uri=article.php%3Fid%3D173885-187%26name%3D7g+rainbow+colony+tamilyogi" "Mozilla/5.0 (Windows NT 10.0; Win64; x64) AppleWebKit/537.36 (KHTML, like Gecko) Chrome/114.0.0.0 Safari/537.36 Edg/114.0.1823.43"
209.74.77.214 - - [20/Jul/2025:12:38:35 +0000] "POST /wp-cron.php?doing_wp_cron=1753015115.0078740119934082031250 HTTP/1.1" 200 - "-" "WordPress/6.8.2; https://akaventures.com.au"
47.79.120.226 - - [20/Jul/2025:12:38:33 +0000] "GET /?y=5264505021940&mod=539c2943&uri=products.php?id%3D175758-294%26name%3Danji+ungaram+cost HTTP/1.1" 301 - "https://akaventures.com.au/?y=5264505021940&mod=539c2943&uri=products.php%3Fid%3D175758-294%26name%3Danji+ungaram+cost" "Mozilla/5.0 (Windows NT 10.0; Win64; x64) AppleWebKit/537.36 (KHTML, like Gecko) Chrome/114.0.0.0 Safari/537.36 Edg/114.0.1823.43"
47.79.120.226 - - [20/Jul/2025:12:38:35 +0000] "GET /?y=5264505021940&mod=539c2943&uri=products.php?id%3D175758-294%26name%3Danji%20ungaram%20cost HTTP/1.1" 301 - "https://akaventures.com.au/?y=5264505021940&mod=539c2943&uri=products.php%3Fid%3D175758-294%26name%3Danji+ungaram+cost" "Mozilla/5.0 (Windows NT 10.0; Win64; x64) AppleWebKit/537.36 (KHTML, like Gecko) Chrome/114.0.0.0 Safari/537.36 Edg/114.0.1823.43"
209.74.77.214 - - [20/Jul/2025:12:41:30 +0000] "POST /wp-cron.php?doing_wp_cron=1753015290.0908269882202148437500 HTTP/1.1" 200 - "-" "WordPress/6.8.2; https://akaventures.com.au"
47.79.226.44 - - [20/Jul/2025:12:41:28 +0000] "GET /?y=5687970021940&mod=45624715&uri=goods.php?id%3D189920-333%26name%3Dsaravana+stores+padi+gold HTTP/1.1" 301 - "https://akaventures.com.au/?y=5687970021940&mod=45624715&uri=goods.php%3Fid%3D189920-333%26name%3Dsaravana+stores+padi+gold" "Mozilla/5.0 (Windows NT 10.0; Win64; x64) AppleWebKit/537.36 (KHTML, like Gecko) Chrome/114.0.0.0 Safari/537.36 Edg/114.0.1823.43"
47.79.226.44 - - [20/Jul/2025:12:41:30 +0000] "GET /?y=5687970021940&mod=45624715&uri=goods.php?id%3D189920-333%26name%3Dsaravana%20stores%20padi%20gold HTTP/1.1" 301 - "https://akaventures.com.au/?y=5687970021940&mod=45624715&uri=goods.php%3Fid%3D189920-333%26name%3Dsaravana+stores+padi+gold" "Mozilla/5.0 (Windows NT 10.0; Win64; x64) AppleWebKit/537.36 (KHTML, like Gecko) Chrome/114.0.0.0 Safari/537.36 Edg/114.0.1823.43"
209.74.77.214 - - [20/Jul/2025:12:49:42 +0000] "POST /wp-cron.php?doing_wp_cron=1753015782.7914741039276123046875 HTTP/1.1" 200 - "-" "WordPress/6.8.2; https://akaventures.com.au"
47.79.226.44 - - [20/Jul/2025:12:49:41 +0000] "GET /?y=35565724141940&mod=9365fb98&uri=us.php?id%3D1187047-806%26name%3Dcarhartt+menson+pant+corduroy HTTP/1.1" 301 - "https://akaventures.com.au/?y=35565724141940&mod=9365fb98&uri=us.php%3Fid%3D1187047-806%26name%3Dcarhartt+menson+pant+corduroy" "Mozilla/5.0 (Windows NT 10.0; Win64; x64) AppleWebKit/537.36 (KHTML, like Gecko) Chrome/114.0.0.0 Safari/537.36 Edg/114.0.1823.43"
47.79.226.44 - - [20/Jul/2025:12:49:43 +0000] "GET /?y=35565724141940&mod=9365fb98&uri=us.php?id%3D1187047-806%26name%3Dcarhartt%20menson%20pant%20corduroy HTTP/1.1" 301 - "https://akaventures.com.au/?y=35565724141940&mod=9365fb98&uri=us.php%3Fid%3D1187047-806%26name%3Dcarhartt+menson+pant+corduroy" "Mozilla/5.0 (Windows NT 10.0; Win64; x64) AppleWebKit/537.36 (KHTML, like Gecko) Chrome/114.0.0.0 Safari/537.36 Edg/114.0.1823.43"
209.74.77.214 - - [20/Jul/2025:12:52:56 +0000] "POST /wp-cron.php?doing_wp_cron=1753015976.1635439395904541015625 HTTP/1.1" 200 - "-" "WordPress/6.8.2; https://akaventures.com.au"
47.79.226.70 - - [20/Jul/2025:12:52:54 +0000] "GET /?y=5638712061940&mod=c20cbf08&uri=news.php?id%3D188274-315%26name%3Duhr+anker HTTP/1.1" 301 - "https://akaventures.com.au/?y=5638712061940&mod=c20cbf08&uri=news.php%3Fid%3D188274-315%26name%3Duhr+anker" "Mozilla/5.0 (Windows NT 10.0; Win64; x64) AppleWebKit/537.36 (KHTML, like Gecko) Chrome/114.0.0.0 Safari/537.36 Edg/114.0.1823.43"
47.79.226.70 - - [20/Jul/2025:12:52:56 +0000] "GET /?y=5638712061940&mod=c20cbf08&uri=news.php?id%3D188274-315%26name%3Duhr%20anker HTTP/1.1" 301 - "https://akaventures.com.au/?y=5638712061940&mod=c20cbf08&uri=news.php%3Fid%3D188274-315%26name%3Duhr+anker" "Mozilla/5.0 (Windows NT 10.0; Win64; x64) AppleWebKit/537.36 (KHTML, like Gecko) Chrome/114.0.0.0 Safari/537.36 Edg/114.0.1823.43"
47.79.226.44 - - [20/Jul/2025:12:57:23 +0000] "GET /?y=5361642011940&mod=7d0bbf7a&uri=news.php?id%3D178997-322%26name%3Dmiele+g+4228 HTTP/1.1" 301 - "https://akaventures.com.au/?y=5361642011940&mod=7d0bbf7a&uri=news.php%3Fid%3D178997-322%26name%3Dmiele+g+4228" "Mozilla/5.0 (Windows NT 10.0; Win64; x64) AppleWebKit/537.36 (KHTML, like Gecko) Chrome/114.0.0.0 Safari/537.36 Edg/114.0.1823.43"
47.79.226.44 - - [20/Jul/2025:12:57:24 +0000] "GET /?y=5361642011940&mod=7d0bbf7a&uri=news.php?id%3D178997-322%26name%3Dmiele%20g%204228 HTTP/1.1" 301 - "https://akaventures.com.au/?y=5361642011940&mod=7d0bbf7a&uri=news.php%3Fid%3D178997-322%26name%3Dmiele+g+4228" "Mozilla/5.0 (Windows NT 10.0; Win64; x64) AppleWebKit/537.36 (KHTML, like Gecko) Chrome/114.0.0.0 Safari/537.36 Edg/114.0.1823.43"
209.74.77.214 - - [20/Jul/2025:13:09:31 +0000] "POST /wp-cron.php?doing_wp_cron=1753016971.9623150825500488281250 HTTP/1.1" 200 - "-" "WordPress/6.8.2; https://akaventures.com.au"
47.79.120.226 - - [20/Jul/2025:13:09:30 +0000] "GET /?y=5339829051940&mod=ca50333d&uri=article.php?id%3D178269-318%26name%3Dzapatillas+futbol+sala+adidas+nuevas HTTP/1.1" 301 - "https://akaventures.com.au/?y=5339829051940&mod=ca50333d&uri=article.php%3Fid%3D178269-318%26name%3Dzapatillas+futbol+sala+adidas+nuevas" "Mozilla/5.0 (Windows NT 10.0; Win64; x64) AppleWebKit/537.36 (KHTML, like Gecko) Chrome/114.0.0.0 Safari/537.36 Edg/114.0.1823.43"
47.79.120.226 - - [20/Jul/2025:13:09:32 +0000] "GET /?y=5339829051940&mod=ca50333d&uri=article.php?id%3D178269-318%26name%3Dzapatillas%20futbol%20sala%20adidas%20nuevas HTTP/1.1" 301 - "https://akaventures.com.au/?y=5339829051940&mod=ca50333d&uri=article.php%3Fid%3D178269-318%26name%3Dzapatillas+futbol+sala+adidas+nuevas" "Mozilla/5.0 (Windows NT 10.0; Win64; x64) AppleWebKit/537.36 (KHTML, like Gecko) Chrome/114.0.0.0 Safari/537.36 Edg/114.0.1823.43"
209.74.77.214 - - [20/Jul/2025:13:19:12 +0000] "POST /wp-cron.php?doing_wp_cron=1753017552.3299748897552490234375 HTTP/1.1" 200 - "-" "WordPress/6.8.2; https://akaventures.com.au"
47.79.224.239 - - [20/Jul/2025:13:19:10 +0000] "GET /?y=5443062131940&mod=edb446b6&uri=product.php?id%3D181713-59%26name%3Dabiti+gucci+cerimonia HTTP/1.1" 301 - "https://akaventures.com.au/?y=5443062131940&mod=edb446b6&uri=product.php%3Fid%3D181713-59%26name%3Dabiti+gucci+cerimonia" "Mozilla/5.0 (Windows NT 10.0; Win64; x64) AppleWebKit/537.36 (KHTML, like Gecko) Chrome/114.0.0.0 Safari/537.36 Edg/114.0.1823.43"
47.79.224.239 - - [20/Jul/2025:13:19:12 +0000] "GET /?y=5443062131940&mod=edb446b6&uri=product.php?id%3D181713-59%26name%3Dabiti%20gucci%20cerimonia HTTP/1.1" 301 - "https://akaventures.com.au/?y=5443062131940&mod=edb446b6&uri=product.php%3Fid%3D181713-59%26name%3Dabiti+gucci+cerimonia" "Mozilla/5.0 (Windows NT 10.0; Win64; x64) AppleWebKit/537.36 (KHTML, like Gecko) Chrome/114.0.0.0 Safari/537.36 Edg/114.0.1823.43"
209.74.77.214 - - [20/Jul/2025:13:28:20 +0000] "POST /wp-cron.php?doing_wp_cron=1753018100.5614678859710693359375 HTTP/1.1" 200 - "-" "WordPress/6.8.2; https://akaventures.com.au"
135.234.64.8 - - [20/Jul/2025:13:28:18 +0000] "GET /?mod=c20cbf08&uri=category-info.php%3Fid%3D188188-315%26name%3Djunghans+max+bill+armb%C3%83%C2%A4nder&y=5636167081940 HTTP/1.1" 301 - "-" "Mozilla/5.0 (Macintosh; Intel Mac OS X 10_15_7) AppleWebKit/537.36 (KHTML, like Gecko) Chrome/131.0.0.0 Safari/537.36; compatible; OAI-SearchBot/1.0; +https://openai.com/searchbot"
135.234.64.8 - - [20/Jul/2025:13:28:20 +0000] "GET /?mod=c20cbf08&uri=category-info.php%3Fid%3D188188-315%26name%3Djunghans%20max%20bill%20armb%C3%83%C2%A4nder&y=5636167081940 HTTP/1.1" 200 21885 "-" "Mozilla/5.0 (Macintosh; Intel Mac OS X 10_15_7) AppleWebKit/537.36 (KHTML, like Gecko) Chrome/131.0.0.0 Safari/537.36; compatible; OAI-SearchBot/1.0; +https://openai.com/searchbot"
45.227.253.15 - - [20/Jul/2025:13:33:57 +0000] "GET /index.php/jk HTTP/1.1" 200 59 "-" "Mozilla/5.0 (Macintosh; Intel Mac OS X 10.15; rv:103.0) Gecko/20100101 Firefox/103.0"
209.74.77.214 - - [20/Jul/2025:13:36:43 +0000] "POST /wp-cron.php?doing_wp_cron=1753018603.8488550186157226562500 HTTP/1.1" 200 - "-" "WordPress/6.8.2; https://akaventures.com.au"
47.82.7.201 - - [20/Jul/2025:13:36:42 +0000] "GET /?y=5264625041940&mod=539c2943&uri=search.php?id%3D175762-294%26name%3Dkhloe+kardashian+necklace+name HTTP/1.1" 301 - "https://akaventures.com.au/?y=5264625041940&mod=539c2943&uri=search.php%3Fid%3D175762-294%26name%3Dkhloe+kardashian+necklace+name" "Mozilla/5.0 (Windows NT 10.0; Win64; x64) AppleWebKit/537.36 (KHTML, like Gecko) Chrome/114.0.0.0 Safari/537.36 Edg/114.0.1823.43"
47.82.7.201 - - [20/Jul/2025:13:36:44 +0000] "GET /?y=5264625041940&mod=539c2943&uri=search.php?id%3D175762-294%26name%3Dkhloe%20kardashian%20necklace%20name HTTP/1.1" 301 - "https://akaventures.com.au/?y=5264625041940&mod=539c2943&uri=search.php%3Fid%3D175762-294%26name%3Dkhloe+kardashian+necklace+name" "Mozilla/5.0 (Windows NT 10.0; Win64; x64) AppleWebKit/537.36 (KHTML, like Gecko) Chrome/114.0.0.0 Safari/537.36 Edg/114.0.1823.43"
17.241.227.46 - - [20/Jul/2025:13:42:35 +0000] "GET /robots.txt HTTP/1.1" 200 97 "-" "Mozilla/5.0 (Macintosh; Intel Mac OS X 10_15_7) AppleWebKit/605.1.15 (KHTML, like Gecko) Version/17.4 Safari/605.1.15 (Applebot/0.1; +http://www.apple.com/go/applebot)"
209.74.77.214 - - [20/Jul/2025:13:42:37 +0000] "POST /wp-cron.php?doing_wp_cron=1753018957.6780140399932861328125 HTTP/1.1" 200 - "-" "WordPress/6.8.2; https://akaventures.com.au"
17.241.227.46 - - [20/Jul/2025:13:42:35 +0000] "GET / HTTP/1.1" 200 21885 "-" "Mozilla/5.0 (Macintosh; Intel Mac OS X 10_15_7) AppleWebKit/605.1.15 (KHTML, like Gecko) Version/17.4 Safari/605.1.15 (Applebot/0.1; +http://www.apple.com/go/applebot)"
209.74.77.214 - - [20/Jul/2025:13:43:36 +0000] "POST /wp-cron.php?doing_wp_cron=1753019016.5046980381011962890625 HTTP/1.1" 200 - "-" "WordPress/6.8.2; https://akaventures.com.au"
47.79.225.216 - - [20/Jul/2025:13:43:35 +0000] "GET /?y=5402775031940&mod=7467fc45&uri=us.php?id%3D180369-88%26name%3D8ft+pool+with+pump HTTP/1.1" 301 - "https://akaventures.com.au/?y=5402775031940&mod=7467fc45&uri=us.php%3Fid%3D180369-88%26name%3D8ft+pool+with+pump" "Mozilla/5.0 (Windows NT 10.0; Win64; x64) AppleWebKit/537.36 (KHTML, like Gecko) Chrome/114.0.0.0 Safari/537.36 Edg/114.0.1823.43"
47.79.225.216 - - [20/Jul/2025:13:43:36 +0000] "GET /?y=5402775031940&mod=7467fc45&uri=us.php?id%3D180369-88%26name%3D8ft%20pool%20with%20pump HTTP/1.1" 301 - "https://akaventures.com.au/?y=5402775031940&mod=7467fc45&uri=us.php%3Fid%3D180369-88%26name%3D8ft+pool+with+pump" "Mozilla/5.0 (Windows NT 10.0; Win64; x64) AppleWebKit/537.36 (KHTML, like Gecko) Chrome/114.0.0.0 Safari/537.36 Edg/114.0.1823.43"
17.241.75.88 - - [20/Jul/2025:13:49:38 +0000] "GET /wp-includes/css/dashicons.min.css?ver=6.8.2 HTTP/1.1" 200 35730 "https://akaventures.com.au/" "Mozilla/5.0 (Macintosh; Intel Mac OS X 10_15_7) AppleWebKit/605.1.15 (KHTML, like Gecko) Version/17.4 Safari/605.1.15 (Applebot/0.1; +http://www.apple.com/go/applebot)"
17.241.75.242 - - [20/Jul/2025:13:49:38 +0000] "GET /wp-content/themes/hello-elementor/assets/css/reset.css?ver=3.4.4 HTTP/1.1" 200 1792 "https://akaventures.com.au/" "Mozilla/5.0 (Macintosh; Intel Mac OS X 10_15_7) AppleWebKit/605.1.15 (KHTML, like Gecko) Version/17.4 Safari/605.1.15 (Applebot/0.1; +http://www.apple.com/go/applebot)"
17.241.227.82 - - [20/Jul/2025:13:49:39 +0000] "GET /wp-content/plugins/metform/public/assets/css/text-editor.css?ver=4.0.2 HTTP/1.1" 200 3545 "https://akaventures.com.au/" "Mozilla/5.0 (Macintosh; Intel Mac OS X 10_15_7) AppleWebKit/605.1.15 (KHTML, like Gecko) Version/17.4 Safari/605.1.15 (Applebot/0.1; +http://www.apple.com/go/applebot)"
17.241.227.235 - - [20/Jul/2025:13:49:39 +0000] "GET /wp-content/plugins/metform/public/assets/lib/cute-alert/style.css?ver=4.0.2 HTTP/1.1" 200 1225 "https://akaventures.com.au/" "Mozilla/5.0 (Macintosh; Intel Mac OS X 10_15_7) AppleWebKit/605.1.15 (KHTML, like Gecko) Version/17.4 Safari/605.1.15 (Applebot/0.1; +http://www.apple.com/go/applebot)"
17.241.75.88 - - [20/Jul/2025:13:49:40 +0000] "GET /wp-content/themes/hello-elementor/assets/css/header-footer.css?ver=3.4.4 HTTP/1.1" 200 1423 "https://akaventures.com.au/" "Mozilla/5.0 (Macintosh; Intel Mac OS X 10_15_7) AppleWebKit/605.1.15 (KHTML, like Gecko) Version/17.4 Safari/605.1.15 (Applebot/0.1; +http://www.apple.com/go/applebot)"
17.241.227.220 - - [20/Jul/2025:13:49:40 +0000] "GET /wp-content/themes/hello-elementor/assets/css/theme.css?ver=3.4.4 HTTP/1.1" 200 1271 "https://akaventures.com.au/" "Mozilla/5.0 (Macintosh; Intel Mac OS X 10_15_7) AppleWebKit/605.1.15 (KHTML, like Gecko) Version/17.4 Safari/605.1.15 (Applebot/0.1; +http://www.apple.com/go/applebot)"
17.241.75.242 - - [20/Jul/2025:13:49:40 +0000] "GET /wp-content/plugins/elementor/assets/css/frontend.min.css?ver=3.30.2 HTTP/1.1" 200 7117 "https://akaventures.com.au/" "Mozilla/5.0 (Macintosh; Intel Mac OS X 10_15_7) AppleWebKit/605.1.15 (KHTML, like Gecko) Version/17.4 Safari/605.1.15 (Applebot/0.1; +http://www.apple.com/go/applebot)"
17.241.227.82 - - [20/Jul/2025:13:49:41 +0000] "GET /wp-content/uploads/elementor/css/post-15.css?ver=1752379116 HTTP/1.1" 200 1695 "https://akaventures.com.au/" "Mozilla/5.0 (Macintosh; Intel Mac OS X 10_15_7) AppleWebKit/605.1.15 (KHTML, like Gecko) Version/17.4 Safari/605.1.15 (Applebot/0.1; +http://www.apple.com/go/applebot)"
17.241.75.53 - - [20/Jul/2025:13:49:41 +0000] "GET /wp-content/plugins/leadconnector/public/css/lc-public.css?ver=3.0.10.1 HTTP/1.1" 200 106 "https://akaventures.com.au/" "Mozilla/5.0 (Macintosh; Intel Mac OS X 10_15_7) AppleWebKit/605.1.15 (KHTML, like Gecko) Version/17.4 Safari/605.1.15 (Applebot/0.1; +http://www.apple.com/go/applebot)"
17.241.227.220 - - [20/Jul/2025:13:49:42 +0000] "GET /wp-content/plugins/metform/public/assets/css/style.css?ver=4.0.2 HTTP/1.1" 200 4763 "https://akaventures.com.au/" "Mozilla/5.0 (Macintosh; Intel Mac OS X 10_15_7) AppleWebKit/605.1.15 (KHTML, like Gecko) Version/17.4 Safari/605.1.15 (Applebot/0.1; +http://www.apple.com/go/applebot)"
17.241.219.144 - - [20/Jul/2025:13:49:42 +0000] "GET /wp-content/plugins/elementor/assets/css/widget-image.min.css?ver=3.30.2 HTTP/1.1" 200 164 "https://akaventures.com.au/" "Mozilla/5.0 (Macintosh; Intel Mac OS X 10_15_7) AppleWebKit/605.1.15 (KHTML, like Gecko) Version/17.4 Safari/605.1.15 (Applebot/0.1; +http://www.apple.com/go/applebot)"
17.241.227.235 - - [20/Jul/2025:13:49:43 +0000] "GET /wp-content/plugins/elementor/assets/css/widget-heading.min.css?ver=3.30.2 HTTP/1.1" 200 188 "https://akaventures.com.au/" "Mozilla/5.0 (Macintosh; Intel Mac OS X 10_15_7) AppleWebKit/605.1.15 (KHTML, like Gecko) Version/17.4 Safari/605.1.15 (Applebot/0.1; +http://www.apple.com/go/applebot)"
17.241.75.125 - - [20/Jul/2025:13:49:43 +0000] "GET /wp-content/plugins/metform/public/assets/css/metform-ui.css?ver=4.0.2 HTTP/1.1" 200 15416 "https://akaventures.com.au/" "Mozilla/5.0 (Macintosh; Intel Mac OS X 10_15_7) AppleWebKit/605.1.15 (KHTML, like Gecko) Version/17.4 Safari/605.1.15 (Applebot/0.1; +http://www.apple.com/go/applebot)"
17.241.75.187 - - [20/Jul/2025:13:49:44 +0000] "GET /wp-content/plugins/elementor/assets/css/widget-icon-list.min.css?ver=3.30.2 HTTP/1.1" 200 1069 "https://akaventures.com.au/" "Mozilla/5.0 (Macintosh; Intel Mac OS X 10_15_7) AppleWebKit/605.1.15 (KHTML, like Gecko) Version/17.4 Safari/605.1.15 (Applebot/0.1; +http://www.apple.com/go/applebot)"
17.241.75.53 - - [20/Jul/2025:13:49:45 +0000] "GET /wp-content/plugins/elementor/assets/lib/animations/styles/fadeIn.min.css?ver=3.30.2 HTTP/1.1" 200 79 "https://akaventures.com.au/" "Mozilla/5.0 (Macintosh; Intel Mac OS X 10_15_7) AppleWebKit/605.1.15 (KHTML, like Gecko) Version/17.4 Safari/605.1.15 (Applebot/0.1; +http://www.apple.com/go/applebot)"
17.241.75.53 - - [20/Jul/2025:13:49:45 +0000] "GET /wp-content/plugins/elementor/assets/lib/animations/styles/e-animation-float.min.css?ver=3.30.2 HTTP/1.1" 200 139 "https://akaventures.com.au/" "Mozilla/5.0 (Macintosh; Intel Mac OS X 10_15_7) AppleWebKit/605.1.15 (KHTML, like Gecko) Version/17.4 Safari/605.1.15 (Applebot/0.1; +http://www.apple.com/go/applebot)"
17.241.75.242 - - [20/Jul/2025:13:49:45 +0000] "GET /wp-content/plugins/elementor/assets/css/widget-social-icons.min.css?ver=3.30.2 HTTP/1.1" 200 1170 "https://akaventures.com.au/" "Mozilla/5.0 (Macintosh; Intel Mac OS X 10_15_7) AppleWebKit/605.1.15 (KHTML, like Gecko) Version/17.4 Safari/605.1.15 (Applebot/0.1; +http://www.apple.com/go/applebot)"
17.241.75.125 - - [20/Jul/2025:13:49:46 +0000] "GET /wp-content/plugins/elementor/assets/css/widget-divider.min.css?ver=3.30.2 HTTP/1.1" 200 771 "https://akaventures.com.au/" "Mozilla/5.0 (Macintosh; Intel Mac OS X 10_15_7) AppleWebKit/605.1.15 (KHTML, like Gecko) Version/17.4 Safari/605.1.15 (Applebot/0.1; +http://www.apple.com/go/applebot)"
17.241.219.187 - - [20/Jul/2025:13:49:47 +0000] "GET /wp-content/plugins/elementor/assets/css/conditionals/apple-webkit.min.css?ver=3.30.2 HTTP/1.1" 200 557 "https://akaventures.com.au/" "Mozilla/5.0 (Macintosh; Intel Mac OS X 10_15_7) AppleWebKit/605.1.15 (KHTML, like Gecko) Version/17.4 Safari/605.1.15 (Applebot/0.1; +http://www.apple.com/go/applebot)"
17.241.75.53 - - [20/Jul/2025:13:49:47 +0000] "GET /wp-content/plugins/elementor/assets/css/widget-image-box.min.css?ver=3.30.2 HTTP/1.1" 200 379 "https://akaventures.com.au/" "Mozilla/5.0 (Macintosh; Intel Mac OS X 10_15_7) AppleWebKit/605.1.15 (KHTML, like Gecko) Version/17.4 Safari/605.1.15 (Applebot/0.1; +http://www.apple.com/go/applebot)"
17.241.75.99 - - [20/Jul/2025:13:49:47 +0000] "GET /wp-content/plugins/elementor/assets/lib/animations/styles/e-animation-bob.min.css?ver=3.30.2 HTTP/1.1" 200 236 "https://akaventures.com.au/" "Mozilla/5.0 (Macintosh; Intel Mac OS X 10_15_7) AppleWebKit/605.1.15 (KHTML, like Gecko) Version/17.4 Safari/605.1.15 (Applebot/0.1; +http://www.apple.com/go/applebot)"
17.241.219.69 - - [20/Jul/2025:13:49:48 +0000] "GET /wp-content/plugins/elementor/assets/lib/animations/styles/fadeInUp.min.css?ver=3.30.2 HTTP/1.1" 200 117 "https://akaventures.com.au/" "Mozilla/5.0 (Macintosh; Intel Mac OS X 10_15_7) AppleWebKit/605.1.15 (KHTML, like Gecko) Version/17.4 Safari/605.1.15 (Applebot/0.1; +http://www.apple.com/go/applebot)"
17.241.75.187 - - [20/Jul/2025:13:49:48 +0000] "GET /wp-content/plugins/elementor/assets/lib/animations/styles/fadeInRight.min.css?ver=3.30.2 HTTP/1.1" 200 120 "https://akaventures.com.au/" "Mozilla/5.0 (Macintosh; Intel Mac OS X 10_15_7) AppleWebKit/605.1.15 (KHTML, like Gecko) Version/17.4 Safari/605.1.15 (Applebot/0.1; +http://www.apple.com/go/applebot)"
17.241.219.76 - - [20/Jul/2025:13:49:49 +0000] "GET /wp-content/plugins/elementor/assets/lib/animations/styles/fadeInLeft.min.css?ver=3.30.2 HTTP/1.1" 200 120 "https://akaventures.com.au/" "Mozilla/5.0 (Macintosh; Intel Mac OS X 10_15_7) AppleWebKit/605.1.15 (KHTML, like Gecko) Version/17.4 Safari/605.1.15 (Applebot/0.1; +http://www.apple.com/go/applebot)"
17.241.75.53 - - [20/Jul/2025:13:49:50 +0000] "GET /wp-content/plugins/elementor/assets/css/widget-testimonial.min.css?ver=3.30.2 HTTP/1.1" 200 378 "https://akaventures.com.au/" "Mozilla/5.0 (Macintosh; Intel Mac OS X 10_15_7) AppleWebKit/605.1.15 (KHTML, like Gecko) Version/17.4 Safari/605.1.15 (Applebot/0.1; +http://www.apple.com/go/applebot)"
17.241.219.235 - - [20/Jul/2025:13:49:50 +0000] "GET /wp-content/plugins/elementor/assets/lib/animations/styles/e-animation-shrink.min.css?ver=3.30.2 HTTP/1.1" 200 118 "https://akaventures.com.au/" "Mozilla/5.0 (Macintosh; Intel Mac OS X 10_15_7) AppleWebKit/605.1.15 (KHTML, like Gecko) Version/17.4 Safari/605.1.15 (Applebot/0.1; +http://www.apple.com/go/applebot)"
17.241.75.125 - - [20/Jul/2025:13:49:50 +0000] "GET /wp-content/plugins/elementor/assets/css/widget-google_maps.min.css?ver=3.30.2 HTTP/1.1" 200 163 "https://akaventures.com.au/" "Mozilla/5.0 (Macintosh; Intel Mac OS X 10_15_7) AppleWebKit/605.1.15 (KHTML, like Gecko) Version/17.4 Safari/605.1.15 (Applebot/0.1; +http://www.apple.com/go/applebot)"
17.241.75.99 - - [20/Jul/2025:13:49:51 +0000] "GET /wp-content/uploads/elementor/css/post-121.css?ver=1752379116 HTTP/1.1" 200 1704 "https://akaventures.com.au/" "Mozilla/5.0 (Macintosh; Intel Mac OS X 10_15_7) AppleWebKit/605.1.15 (KHTML, like Gecko) Version/17.4 Safari/605.1.15 (Applebot/0.1; +http://www.apple.com/go/applebot)"
17.241.219.138 - - [20/Jul/2025:13:49:51 +0000] "GET /wp-content/uploads/elementor/css/post-119.css?ver=1752379116 HTTP/1.1" 200 9581 "https://akaventures.com.au/" "Mozilla/5.0 (Macintosh; Intel Mac OS X 10_15_7) AppleWebKit/605.1.15 (KHTML, like Gecko) Version/17.4 Safari/605.1.15 (Applebot/0.1; +http://www.apple.com/go/applebot)"
17.241.219.76 - - [20/Jul/2025:13:49:52 +0000] "GET /wp-content/uploads/elementor/css/post-123.css?ver=1752379116 HTTP/1.1" 200 1988 "https://akaventures.com.au/" "Mozilla/5.0 (Macintosh; Intel Mac OS X 10_15_7) AppleWebKit/605.1.15 (KHTML, like Gecko) Version/17.4 Safari/605.1.15 (Applebot/0.1; +http://www.apple.com/go/applebot)"
17.241.219.235 - - [20/Jul/2025:13:49:52 +0000] "GET /wp-content/plugins/elementskit-lite/widgets/init/assets/css/widget-styles.css?ver=3.5.5 HTTP/1.1" 200 51548 "https://akaventures.com.au/" "Mozilla/5.0 (Macintosh; Intel Mac OS X 10_15_7) AppleWebKit/605.1.15 (KHTML, like Gecko) Version/17.4 Safari/605.1.15 (Applebot/0.1; +http://www.apple.com/go/applebot)"
17.241.75.53 - - [20/Jul/2025:13:49:53 +0000] "GET /wp-content/plugins/elementskit-lite/widgets/init/assets/css/responsive.css?ver=3.5.5 HTTP/1.1" 200 3161 "https://akaventures.com.au/" "Mozilla/5.0 (Macintosh; Intel Mac OS X 10_15_7) AppleWebKit/605.1.15 (KHTML, like Gecko) Version/17.4 Safari/605.1.15 (Applebot/0.1; +http://www.apple.com/go/applebot)"
17.241.75.125 - - [20/Jul/2025:13:49:53 +0000] "GET /wp-content/uploads/elementor/google-fonts/css/playfairdisplay.css?ver=1742274537 HTTP/1.1" 200 816 "https://akaventures.com.au/" "Mozilla/5.0 (Macintosh; Intel Mac OS X 10_15_7) AppleWebKit/605.1.15 (KHTML, like Gecko) Version/17.4 Safari/605.1.15 (Applebot/0.1; +http://www.apple.com/go/applebot)"
17.241.75.99 - - [20/Jul/2025:13:49:54 +0000] "GET /wp-content/uploads/elementor/google-fonts/css/barlow.css?ver=1742274543 HTTP/1.1" 200 901 "https://akaventures.com.au/" "Mozilla/5.0 (Macintosh; Intel Mac OS X 10_15_7) AppleWebKit/605.1.15 (KHTML, like Gecko) Version/17.4 Safari/605.1.15 (Applebot/0.1; +http://www.apple.com/go/applebot)"
17.241.219.138 - - [20/Jul/2025:13:49:54 +0000] "GET /wp-content/uploads/elementor/google-fonts/css/roboto.css?ver=1742274564 HTTP/1.1" 200 2868 "https://akaventures.com.au/" "Mozilla/5.0 (Macintosh; Intel Mac OS X 10_15_7) AppleWebKit/605.1.15 (KHTML, like Gecko) Version/17.4 Safari/605.1.15 (Applebot/0.1; +http://www.apple.com/go/applebot)"
17.241.219.76 - - [20/Jul/2025:13:49:55 +0000] "GET /wp-content/uploads/elementor/google-fonts/css/dmserifdisplay.css?ver=1742317692 HTTP/1.1" 200 455 "https://akaventures.com.au/" "Mozilla/5.0 (Macintosh; Intel Mac OS X 10_15_7) AppleWebKit/605.1.15 (KHTML, like Gecko) Version/17.4 Safari/605.1.15 (Applebot/0.1; +http://www.apple.com/go/applebot)"
17.241.219.235 - - [20/Jul/2025:13:49:55 +0000] "GET /wp-includes/js/jquery/jquery.min.js?ver=3.7.1 HTTP/1.1" 200 30368 "https://akaventures.com.au/" "Mozilla/5.0 (Macintosh; Intel Mac OS X 10_15_7) AppleWebKit/605.1.15 (KHTML, like Gecko) Version/17.4 Safari/605.1.15 (Applebot/0.1; +http://www.apple.com/go/applebot)"
17.241.75.53 - - [20/Jul/2025:13:49:56 +0000] "GET /wp-includes/js/jquery/jquery-migrate.min.js?ver=3.4.1 HTTP/1.1" 200 4872 "https://akaventures.com.au/" "Mozilla/5.0 (Macintosh; Intel Mac OS X 10_15_7) AppleWebKit/605.1.15 (KHTML, like Gecko) Version/17.4 Safari/605.1.15 (Applebot/0.1; +http://www.apple.com/go/applebot)"
17.241.75.125 - - [20/Jul/2025:13:49:56 +0000] "GET /wp-content/plugins/leadconnector/public/js/lc-public.js?ver=3.0.10.1 HTTP/1.1" 200 1322 "https://akaventures.com.au/" "Mozilla/5.0 (Macintosh; Intel Mac OS X 10_15_7) AppleWebKit/605.1.15 (KHTML, like Gecko) Version/17.4 Safari/605.1.15 (Applebot/0.1; +http://www.apple.com/go/applebot)"
17.241.75.99 - - [20/Jul/2025:13:49:57 +0000] "GET /wp-content/plugins/elementor/assets/lib/font-awesome/css/all.min.css?ver=3.30.2 HTTP/1.1" 200 12869 "https://akaventures.com.au/" "Mozilla/5.0 (Macintosh; Intel Mac OS X 10_15_7) AppleWebKit/605.1.15 (KHTML, like Gecko) Version/17.4 Safari/605.1.15 (Applebot/0.1; +http://www.apple.com/go/applebot)"
17.241.219.101 - - [20/Jul/2025:13:49:58 +0000] "GET /wp-content/plugins/elementor/assets/lib/font-awesome/css/v4-shims.min.css?ver=3.30.2 HTTP/1.1" 200 4229 "https://akaventures.com.au/" "Mozilla/5.0 (Macintosh; Intel Mac OS X 10_15_7) AppleWebKit/605.1.15 (KHTML, like Gecko) Version/17.4 Safari/605.1.15 (Applebot/0.1; +http://www.apple.com/go/applebot)"
17.241.227.250 - - [20/Jul/2025:13:49:59 +0000] "GET /wp-content/plugins/elementskit-lite/modules/elementskit-icon-pack/assets/css/ekiticons.css?ver=3.5.5 HTTP/1.1" 200 13134 "https://akaventures.com.au/" "Mozilla/5.0 (Macintosh; Intel Mac OS X 10_15_7) AppleWebKit/605.1.15 (KHTML, like Gecko) Version/17.4 Safari/605.1.15 (Applebot/0.1; +http://www.apple.com/go/applebot)"
17.241.219.215 - - [20/Jul/2025:13:49:59 +0000] "GET /wp-content/plugins/metform/public/assets/lib/cute-alert/cute-alert.js?ver=4.0.2 HTTP/1.1" 200 1177 "https://akaventures.com.au/" "Mozilla/5.0 (Macintosh; Intel Mac OS X 10_15_7) AppleWebKit/605.1.15 (KHTML, like Gecko) Version/17.4 Safari/605.1.15 (Applebot/0.1; +http://www.apple.com/go/applebot)"
17.241.75.118 - - [20/Jul/2025:13:49:59 +0000] "GET /wp-content/themes/hello-elementor/assets/js/hello-frontend.js?ver=3.4.4 HTTP/1.1" 200 553 "https://akaventures.com.au/" "Mozilla/5.0 (Macintosh; Intel Mac OS X 10_15_7) AppleWebKit/605.1.15 (KHTML, like Gecko) Version/17.4 Safari/605.1.15 (Applebot/0.1; +http://www.apple.com/go/applebot)"
17.241.227.235 - - [20/Jul/2025:13:50:00 +0000] "GET /wp-content/plugins/elementor/assets/js/webpack.runtime.min.js?ver=3.30.2 HTTP/1.1" 200 2516 "https://akaventures.com.au/" "Mozilla/5.0 (Macintosh; Intel Mac OS X 10_15_7) AppleWebKit/605.1.15 (KHTML, like Gecko) Version/17.4 Safari/605.1.15 (Applebot/0.1; +http://www.apple.com/go/applebot)"
17.241.75.22 - - [20/Jul/2025:13:50:00 +0000] "GET /wp-content/plugins/elementor/assets/js/frontend-modules.min.js?ver=3.30.2 HTTP/1.1" 200 14815 "https://akaventures.com.au/" "Mozilla/5.0 (Macintosh; Intel Mac OS X 10_15_7) AppleWebKit/605.1.15 (KHTML, like Gecko) Version/17.4 Safari/605.1.15 (Applebot/0.1; +http://www.apple.com/go/applebot)"
17.241.75.80 - - [20/Jul/2025:13:50:01 +0000] "GET /wp-includes/js/jquery/ui/core.min.js?ver=1.13.3 HTTP/1.1" 200 7106 "https://akaventures.com.au/" "Mozilla/5.0 (Macintosh; Intel Mac OS X 10_15_7) AppleWebKit/605.1.15 (KHTML, like Gecko) Version/17.4 Safari/605.1.15 (Applebot/0.1; +http://www.apple.com/go/applebot)"
17.241.75.209 - - [20/Jul/2025:13:50:02 +0000] "GET /wp-content/plugins/elementor/assets/js/frontend.min.js?ver=3.30.2 HTTP/1.1" 200 10595 "https://akaventures.com.au/" "Mozilla/5.0 (Macintosh; Intel Mac OS X 10_15_7) AppleWebKit/605.1.15 (KHTML, like Gecko) Version/17.4 Safari/605.1.15 (Applebot/0.1; +http://www.apple.com/go/applebot)"
17.241.75.118 - - [20/Jul/2025:13:50:02 +0000] "GET /wp-includes/js/dist/vendor/react.min.js?ver=18.3.1.1 HTTP/1.1" 200 4165 "https://akaventures.com.au/" "Mozilla/5.0 (Macintosh; Intel Mac OS X 10_15_7) AppleWebKit/605.1.15 (KHTML, like Gecko) Version/17.4 Safari/605.1.15 (Applebot/0.1; +http://www.apple.com/go/applebot)"
17.241.227.148 - - [20/Jul/2025:13:50:02 +0000] "GET /wp-content/plugins/metform/public/assets/js/htm.js?ver=4.0.2 HTTP/1.1" 200 675 "https://akaventures.com.au/" "Mozilla/5.0 (Macintosh; Intel Mac OS X 10_15_7) AppleWebKit/605.1.15 (KHTML, like Gecko) Version/17.4 Safari/605.1.15 (Applebot/0.1; +http://www.apple.com/go/applebot)"
17.241.227.235 - - [20/Jul/2025:13:50:02 +0000] "GET /wp-includes/js/dist/vendor/react-dom.min.js?ver=18.3.1.1 HTTP/1.1" 200 41888 "https://akaventures.com.au/" "Mozilla/5.0 (Macintosh; Intel Mac OS X 10_15_7) AppleWebKit/605.1.15 (KHTML, like Gecko) Version/17.4 Safari/605.1.15 (Applebot/0.1; +http://www.apple.com/go/applebot)"
17.241.219.17 - - [20/Jul/2025:13:50:04 +0000] "GET /wp-includes/js/dist/escape-html.min.js?ver=6561a406d2d232a6fbd2 HTTP/1.1" 200 532 "https://akaventures.com.au/" "Mozilla/5.0 (Macintosh; Intel Mac OS X 10_15_7) AppleWebKit/605.1.15 (KHTML, like Gecko) Version/17.4 Safari/605.1.15 (Applebot/0.1; +http://www.apple.com/go/applebot)"
17.241.75.203 - - [20/Jul/2025:13:50:04 +0000] "GET /wp-includes/js/dist/element.min.js?ver=a4eeeadd23c0d7ab1d2d HTTP/1.1" 200 4937 "https://akaventures.com.au/" "Mozilla/5.0 (Macintosh; Intel Mac OS X 10_15_7) AppleWebKit/605.1.15 (KHTML, like Gecko) Version/17.4 Safari/605.1.15 (Applebot/0.1; +http://www.apple.com/go/applebot)"
17.241.227.44 - - [20/Jul/2025:13:50:04 +0000] "GET /wp-content/plugins/metform/public/assets/js/app.js?ver=4.0.2 HTTP/1.1" 200 160764 "https://akaventures.com.au/" "Mozilla/5.0 (Macintosh; Intel Mac OS X 10_15_7) AppleWebKit/605.1.15 (KHTML, like Gecko) Version/17.4 Safari/605.1.15 (Applebot/0.1; +http://www.apple.com/go/applebot)"
17.241.219.20 - - [20/Jul/2025:13:50:05 +0000] "GET /wp-content/plugins/elementskit-lite/libs/framework/assets/js/frontend-script.js?ver=3.5.5 HTTP/1.1" 200 40 "https://akaventures.com.au/" "Mozilla/5.0 (Macintosh; Intel Mac OS X 10_15_7) AppleWebKit/605.1.15 (KHTML, like Gecko) Version/17.4 Safari/605.1.15 (Applebot/0.1; +http://www.apple.com/go/applebot)"
17.241.75.238 - - [20/Jul/2025:13:50:05 +0000] "GET /wp-content/plugins/elementskit-lite/widgets/init/assets/js/widget-scripts.js?ver=3.5.5 HTTP/1.1" 200 41596 "https://akaventures.com.au/" "Mozilla/5.0 (Macintosh; Intel Mac OS X 10_15_7) AppleWebKit/605.1.15 (KHTML, like Gecko) Version/17.4 Safari/605.1.15 (Applebot/0.1; +http://www.apple.com/go/applebot)"
17.241.75.63 - - [20/Jul/2025:13:50:06 +0000] "GET /wp-content/plugins/elementor/assets/lib/font-awesome/js/v4-shims.min.js?ver=3.30.2 HTTP/1.1" 200 4209 "https://akaventures.com.au/" "Mozilla/5.0 (Macintosh; Intel Mac OS X 10_15_7) AppleWebKit/605.1.15 (KHTML, like Gecko) Version/17.4 Safari/605.1.15 (Applebot/0.1; +http://www.apple.com/go/applebot)"
17.241.219.17 - - [20/Jul/2025:13:50:06 +0000] "GET /wp-content/plugins/elementor-pro/assets/js/webpack-pro.runtime.min.js?ver=3.28.3 HTTP/1.1" 200 2858 "https://akaventures.com.au/" "Mozilla/5.0 (Macintosh; Intel Mac OS X 10_15_7) AppleWebKit/605.1.15 (KHTML, like Gecko) Version/17.4 Safari/605.1.15 (Applebot/0.1; +http://www.apple.com/go/applebot)"
17.241.227.235 - - [20/Jul/2025:13:50:06 +0000] "GET /wp-includes/js/dist/hooks.min.js?ver=4d63a3d491d11ffd8ac6 HTTP/1.1" 200 1648 "https://akaventures.com.au/" "Mozilla/5.0 (Macintosh; Intel Mac OS X 10_15_7) AppleWebKit/605.1.15 (KHTML, like Gecko) Version/17.4 Safari/605.1.15 (Applebot/0.1; +http://www.apple.com/go/applebot)"
17.241.75.223 - - [20/Jul/2025:13:50:07 +0000] "GET /wp-includes/js/dist/i18n.min.js?ver=5e580eb46a90c2b997e6 HTTP/1.1" 200 3667 "https://akaventures.com.au/" "Mozilla/5.0 (Macintosh; Intel Mac OS X 10_15_7) AppleWebKit/605.1.15 (KHTML, like Gecko) Version/17.4 Safari/605.1.15 (Applebot/0.1; +http://www.apple.com/go/applebot)"
17.241.227.44 - - [20/Jul/2025:13:50:07 +0000] "GET /wp-content/plugins/elementor-pro/assets/js/frontend.min.js?ver=3.28.3 HTTP/1.1" 200 6510 "https://akaventures.com.au/" "Mozilla/5.0 (Macintosh; Intel Mac OS X 10_15_7) AppleWebKit/605.1.15 (KHTML, like Gecko) Version/17.4 Safari/605.1.15 (Applebot/0.1; +http://www.apple.com/go/applebot)"
17.241.227.138 - - [20/Jul/2025:13:50:08 +0000] "GET /wp-content/plugins/elementor-pro/assets/js/elements-handlers.min.js?ver=3.28.3 HTTP/1.1" 200 10701 "https://akaventures.com.au/" "Mozilla/5.0 (Macintosh; Intel Mac OS X 10_15_7) AppleWebKit/605.1.15 (KHTML, like Gecko) Version/17.4 Safari/605.1.15 (Applebot/0.1; +http://www.apple.com/go/applebot)"
17.241.75.73 - - [20/Jul/2025:13:50:09 +0000] "GET /wp-content/plugins/elementskit-lite/widgets/init/assets/js/animate-circle.min.js?ver=3.5.5 HTTP/1.1" 200 451 "https://akaventures.com.au/" "Mozilla/5.0 (Macintosh; Intel Mac OS X 10_15_7) AppleWebKit/605.1.15 (KHTML, like Gecko) Version/17.4 Safari/605.1.15 (Applebot/0.1; +http://www.apple.com/go/applebot)"
17.241.219.17 - - [20/Jul/2025:13:50:09 +0000] "GET /wp-content/plugins/elementskit-lite/widgets/init/assets/js/elementor.js?ver=3.5.5 HTTP/1.1" 200 5600 "https://akaventures.com.au/" "Mozilla/5.0 (Macintosh; Intel Mac OS X 10_15_7) AppleWebKit/605.1.15 (KHTML, like Gecko) Version/17.4 Safari/605.1.15 (Applebot/0.1; +http://www.apple.com/go/applebot)"
17.241.227.235 - - [20/Jul/2025:13:50:10 +0000] "GET /wp-content/plugins/elementor/assets/js/section-frontend-handlers.d85ab872da118940910d.bundle.min.js HTTP/1.1" 200 297 "https://akaventures.com.au/" "Mozilla/5.0 (Macintosh; Intel Mac OS X 10_15_7) AppleWebKit/605.1.15 (KHTML, like Gecko) Version/17.4 Safari/605.1.15 (Applebot/0.1; +http://www.apple.com/go/applebot)"
17.241.75.223 - - [20/Jul/2025:13:50:11 +0000] "GET /wp-content/plugins/elementor/assets/js/text-editor.c084ef86600b6f11690d.bundle.min.js HTTP/1.1" 200 685 "https://akaventures.com.au/" "Mozilla/5.0 (Macintosh; Intel Mac OS X 10_15_7) AppleWebKit/605.1.15 (KHTML, like Gecko) Version/17.4 Safari/605.1.15 (Applebot/0.1; +http://www.apple.com/go/applebot)"
17.241.227.44 - - [20/Jul/2025:13:50:10 +0000] "GET /wp-content/plugins/elementor/assets/js/shared-frontend-handlers.30dc2f9c080845a413a6.bundle.min.js HTTP/1.1" 200 2682 "https://akaventures.com.au/" "Mozilla/5.0 (Macintosh; Intel Mac OS X 10_15_7) AppleWebKit/605.1.15 (KHTML, like Gecko) Version/17.4 Safari/605.1.15 (Applebot/0.1; +http://www.apple.com/go/applebot)"
17.241.75.51 - - [20/Jul/2025:13:50:10 +0000] "GET /wp-includes/js/wp-emoji-release.min.js?ver=6.8.2 HTTP/1.1" 200 5163 "https://akaventures.com.au/" "Mozilla/5.0 (Macintosh; Intel Mac OS X 10_15_7) AppleWebKit/605.1.15 (KHTML, like Gecko) Version/17.4 Safari/605.1.15 (Applebot/0.1; +http://www.apple.com/go/applebot)"
209.74.77.214 - - [20/Jul/2025:13:50:14 +0000] "POST /wp-cron.php?doing_wp_cron=1753019414.0207650661468505859375 HTTP/1.1" 200 - "-" "WordPress/6.8.2; https://akaventures.com.au"
17.241.227.138 - - [20/Jul/2025:13:50:11 +0000] "POST /wp-json/metform/v1/forms/views/1876 HTTP/1.1" 200 - "https://akaventures.com.au/" "Mozilla/5.0 (Macintosh; Intel Mac OS X 10_15_7) AppleWebKit/605.1.15 (KHTML, like Gecko) Version/17.4 Safari/605.1.15 (Applebot/0.1; +http://www.apple.com/go/applebot)"
47.79.236.146 - - [20/Jul/2025:13:50:32 +0000] "GET /?y=5790505001940&mod=5d55e7c1&uri=article.php?id%3D193370-57%26name%3Dbest+boat+earbuds+under+3000 HTTP/1.1" 301 - "https://akaventures.com.au/?y=5790505001940&mod=5d55e7c1&uri=article.php%3Fid%3D193370-57%26name%3Dbest+boat+earbuds+under+3000" "Mozilla/5.0 (Windows NT 10.0; Win64; x64) AppleWebKit/537.36 (KHTML, like Gecko) Chrome/114.0.0.0 Safari/537.36 Edg/114.0.1823.43"
47.79.236.146 - - [20/Jul/2025:13:50:33 +0000] "GET /?y=5790505001940&mod=5d55e7c1&uri=article.php?id%3D193370-57%26name%3Dbest%20boat%20earbuds%20under%203000 HTTP/1.1" 301 - "https://akaventures.com.au/?y=5790505001940&mod=5d55e7c1&uri=article.php%3Fid%3D193370-57%26name%3Dbest+boat+earbuds+under+3000" "Mozilla/5.0 (Windows NT 10.0; Win64; x64) AppleWebKit/537.36 (KHTML, like Gecko) Chrome/114.0.0.0 Safari/537.36 Edg/114.0.1823.43"
209.74.77.214 - - [20/Jul/2025:13:52:11 +0000] "POST /wp-cron.php?doing_wp_cron=1753019531.2127640247344970703125 HTTP/1.1" 200 - "-" "WordPress/6.8.2; https://akaventures.com.au"
92.96.214.77 - - [20/Jul/2025:13:52:09 +0000] "GET /?y=5215847021940&mod=75a380a0&uri=pin.php%3Fid%3D174130-187%26name%3Djohn+wick+tamilyogi HTTP/1.1" 301 - "https://www.google.com/" "Mozilla/5.0 (Linux; Android 10; K) AppleWebKit/537.36 (KHTML, like Gecko) Chrome/138.0.0.0 Mobile Safari/537.36"
92.96.214.77 - - [20/Jul/2025:13:52:11 +0000] "GET /?y=5215847021940&mod=75a380a0&uri=pin.php%3Fid%3D174130-187%26name%3Djohn%20wick%20tamilyogi HTTP/1.1" 200 21885 "https://www.google.com/" "Mozilla/5.0 (Linux; Android 10; K) AppleWebKit/537.36 (KHTML, like Gecko) Chrome/138.0.0.0 Mobile Safari/537.36"
92.96.214.77 - - [20/Jul/2025:13:52:12 +0000] "GET /wp-includes/css/dashicons.min.css?ver=6.8.2 HTTP/1.1" 200 35730 "https://akaventures.com.au/?y=5215847021940&mod=75a380a0&uri=pin.php%3Fid%3D174130-187%26name%3Djohn%20wick%20tamilyogi" "Mozilla/5.0 (Linux; Android 10; K) AppleWebKit/537.36 (KHTML, like Gecko) Chrome/138.0.0.0 Mobile Safari/537.36"
92.96.214.77 - - [20/Jul/2025:13:52:12 +0000] "GET /wp-content/plugins/leadconnector/public/css/lc-public.css?ver=3.0.10.1 HTTP/1.1" 200 106 "https://akaventures.com.au/?y=5215847021940&mod=75a380a0&uri=pin.php%3Fid%3D174130-187%26name%3Djohn%20wick%20tamilyogi" "Mozilla/5.0 (Linux; Android 10; K) AppleWebKit/537.36 (KHTML, like Gecko) Chrome/138.0.0.0 Mobile Safari/537.36"
92.96.214.77 - - [20/Jul/2025:13:52:12 +0000] "GET /wp-content/plugins/metform/public/assets/lib/cute-alert/style.css?ver=4.0.2 HTTP/1.1" 200 1225 "https://akaventures.com.au/?y=5215847021940&mod=75a380a0&uri=pin.php%3Fid%3D174130-187%26name%3Djohn%20wick%20tamilyogi" "Mozilla/5.0 (Linux; Android 10; K) AppleWebKit/537.36 (KHTML, like Gecko) Chrome/138.0.0.0 Mobile Safari/537.36"
92.96.214.77 - - [20/Jul/2025:13:52:12 +0000] "GET /wp-content/plugins/metform/public/assets/css/text-editor.css?ver=4.0.2 HTTP/1.1" 200 3545 "https://akaventures.com.au/?y=5215847021940&mod=75a380a0&uri=pin.php%3Fid%3D174130-187%26name%3Djohn%20wick%20tamilyogi" "Mozilla/5.0 (Linux; Android 10; K) AppleWebKit/537.36 (KHTML, like Gecko) Chrome/138.0.0.0 Mobile Safari/537.36"
92.96.214.77 - - [20/Jul/2025:13:52:13 +0000] "GET /wp-content/themes/hello-elementor/assets/css/reset.css?ver=3.4.4 HTTP/1.1" 200 1792 "https://akaventures.com.au/?y=5215847021940&mod=75a380a0&uri=pin.php%3Fid%3D174130-187%26name%3Djohn%20wick%20tamilyogi" "Mozilla/5.0 (Linux; Android 10; K) AppleWebKit/537.36 (KHTML, like Gecko) Chrome/138.0.0.0 Mobile Safari/537.36"
92.96.214.77 - - [20/Jul/2025:13:52:13 +0000] "GET /wp-content/themes/hello-elementor/assets/css/header-footer.css?ver=3.4.4 HTTP/1.1" 200 1423 "https://akaventures.com.au/?y=5215847021940&mod=75a380a0&uri=pin.php%3Fid%3D174130-187%26name%3Djohn%20wick%20tamilyogi" "Mozilla/5.0 (Linux; Android 10; K) AppleWebKit/537.36 (KHTML, like Gecko) Chrome/138.0.0.0 Mobile Safari/537.36"
92.96.214.77 - - [20/Jul/2025:13:52:13 +0000] "GET /wp-content/themes/hello-elementor/assets/css/theme.css?ver=3.4.4 HTTP/1.1" 200 1271 "https://akaventures.com.au/?y=5215847021940&mod=75a380a0&uri=pin.php%3Fid%3D174130-187%26name%3Djohn%20wick%20tamilyogi" "Mozilla/5.0 (Linux; Android 10; K) AppleWebKit/537.36 (KHTML, like Gecko) Chrome/138.0.0.0 Mobile Safari/537.36"
92.96.214.77 - - [20/Jul/2025:13:52:13 +0000] "GET /wp-content/plugins/elementor/assets/css/frontend.min.css?ver=3.30.2 HTTP/1.1" 200 7117 "https://akaventures.com.au/?y=5215847021940&mod=75a380a0&uri=pin.php%3Fid%3D174130-187%26name%3Djohn%20wick%20tamilyogi" "Mozilla/5.0 (Linux; Android 10; K) AppleWebKit/537.36 (KHTML, like Gecko) Chrome/138.0.0.0 Mobile Safari/537.36"
92.96.214.77 - - [20/Jul/2025:13:52:13 +0000] "GET /wp-content/uploads/elementor/css/post-15.css?ver=1752379116 HTTP/1.1" 200 1695 "https://akaventures.com.au/?y=5215847021940&mod=75a380a0&uri=pin.php%3Fid%3D174130-187%26name%3Djohn%20wick%20tamilyogi" "Mozilla/5.0 (Linux; Android 10; K) AppleWebKit/537.36 (KHTML, like Gecko) Chrome/138.0.0.0 Mobile Safari/537.36"
92.96.214.77 - - [20/Jul/2025:13:52:13 +0000] "GET /wp-content/plugins/elementor/assets/css/widget-image.min.css?ver=3.30.2 HTTP/1.1" 200 164 "https://akaventures.com.au/?y=5215847021940&mod=75a380a0&uri=pin.php%3Fid%3D174130-187%26name%3Djohn%20wick%20tamilyogi" "Mozilla/5.0 (Linux; Android 10; K) AppleWebKit/537.36 (KHTML, like Gecko) Chrome/138.0.0.0 Mobile Safari/537.36"
92.96.214.77 - - [20/Jul/2025:13:52:13 +0000] "GET /wp-content/plugins/metform/public/assets/css/metform-ui.css?ver=4.0.2 HTTP/1.1" 200 15416 "https://akaventures.com.au/?y=5215847021940&mod=75a380a0&uri=pin.php%3Fid%3D174130-187%26name%3Djohn%20wick%20tamilyogi" "Mozilla/5.0 (Linux; Android 10; K) AppleWebKit/537.36 (KHTML, like Gecko) Chrome/138.0.0.0 Mobile Safari/537.36"
92.96.214.77 - - [20/Jul/2025:13:52:13 +0000] "GET /wp-content/plugins/metform/public/assets/css/style.css?ver=4.0.2 HTTP/1.1" 200 4763 "https://akaventures.com.au/?y=5215847021940&mod=75a380a0&uri=pin.php%3Fid%3D174130-187%26name%3Djohn%20wick%20tamilyogi" "Mozilla/5.0 (Linux; Android 10; K) AppleWebKit/537.36 (KHTML, like Gecko) Chrome/138.0.0.0 Mobile Safari/537.36"
92.96.214.77 - - [20/Jul/2025:13:52:13 +0000] "GET /wp-content/plugins/elementor/assets/css/widget-heading.min.css?ver=3.30.2 HTTP/1.1" 200 188 "https://akaventures.com.au/?y=5215847021940&mod=75a380a0&uri=pin.php%3Fid%3D174130-187%26name%3Djohn%20wick%20tamilyogi" "Mozilla/5.0 (Linux; Android 10; K) AppleWebKit/537.36 (KHTML, like Gecko) Chrome/138.0.0.0 Mobile Safari/537.36"
92.96.214.77 - - [20/Jul/2025:13:52:13 +0000] "GET /wp-content/plugins/elementor/assets/css/widget-icon-list.min.css?ver=3.30.2 HTTP/1.1" 200 1069 "https://akaventures.com.au/?y=5215847021940&mod=75a380a0&uri=pin.php%3Fid%3D174130-187%26name%3Djohn%20wick%20tamilyogi" "Mozilla/5.0 (Linux; Android 10; K) AppleWebKit/537.36 (KHTML, like Gecko) Chrome/138.0.0.0 Mobile Safari/537.36"
92.96.214.77 - - [20/Jul/2025:13:52:13 +0000] "GET /wp-content/plugins/elementor/assets/lib/animations/styles/e-animation-float.min.css?ver=3.30.2 HTTP/1.1" 200 139 "https://akaventures.com.au/?y=5215847021940&mod=75a380a0&uri=pin.php%3Fid%3D174130-187%26name%3Djohn%20wick%20tamilyogi" "Mozilla/5.0 (Linux; Android 10; K) AppleWebKit/537.36 (KHTML, like Gecko) Chrome/138.0.0.0 Mobile Safari/537.36"
92.96.214.77 - - [20/Jul/2025:13:52:13 +0000] "GET /wp-content/plugins/elementor/assets/lib/animations/styles/fadeIn.min.css?ver=3.30.2 HTTP/1.1" 200 79 "https://akaventures.com.au/?y=5215847021940&mod=75a380a0&uri=pin.php%3Fid%3D174130-187%26name%3Djohn%20wick%20tamilyogi" "Mozilla/5.0 (Linux; Android 10; K) AppleWebKit/537.36 (KHTML, like Gecko) Chrome/138.0.0.0 Mobile Safari/537.36"
92.96.214.77 - - [20/Jul/2025:13:52:13 +0000] "GET /wp-content/plugins/elementor/assets/css/widget-divider.min.css?ver=3.30.2 HTTP/1.1" 200 771 "https://akaventures.com.au/?y=5215847021940&mod=75a380a0&uri=pin.php%3Fid%3D174130-187%26name%3Djohn%20wick%20tamilyogi" "Mozilla/5.0 (Linux; Android 10; K) AppleWebKit/537.36 (KHTML, like Gecko) Chrome/138.0.0.0 Mobile Safari/537.36"
92.96.214.77 - - [20/Jul/2025:13:52:13 +0000] "GET /wp-content/plugins/elementor/assets/css/conditionals/apple-webkit.min.css?ver=3.30.2 HTTP/1.1" 200 557 "https://akaventures.com.au/?y=5215847021940&mod=75a380a0&uri=pin.php%3Fid%3D174130-187%26name%3Djohn%20wick%20tamilyogi" "Mozilla/5.0 (Linux; Android 10; K) AppleWebKit/537.36 (KHTML, like Gecko) Chrome/138.0.0.0 Mobile Safari/537.36"
92.96.214.77 - - [20/Jul/2025:13:52:13 +0000] "GET /wp-content/plugins/elementor/assets/css/widget-social-icons.min.css?ver=3.30.2 HTTP/1.1" 200 1170 "https://akaventures.com.au/?y=5215847021940&mod=75a380a0&uri=pin.php%3Fid%3D174130-187%26name%3Djohn%20wick%20tamilyogi" "Mozilla/5.0 (Linux; Android 10; K) AppleWebKit/537.36 (KHTML, like Gecko) Chrome/138.0.0.0 Mobile Safari/537.36"
92.96.214.77 - - [20/Jul/2025:13:52:13 +0000] "GET /wp-content/plugins/elementor/assets/lib/animations/styles/e-animation-bob.min.css?ver=3.30.2 HTTP/1.1" 200 236 "https://akaventures.com.au/?y=5215847021940&mod=75a380a0&uri=pin.php%3Fid%3D174130-187%26name%3Djohn%20wick%20tamilyogi" "Mozilla/5.0 (Linux; Android 10; K) AppleWebKit/537.36 (KHTML, like Gecko) Chrome/138.0.0.0 Mobile Safari/537.36"
92.96.214.77 - - [20/Jul/2025:13:52:13 +0000] "GET /wp-content/plugins/elementor/assets/css/widget-image-box.min.css?ver=3.30.2 HTTP/1.1" 200 379 "https://akaventures.com.au/?y=5215847021940&mod=75a380a0&uri=pin.php%3Fid%3D174130-187%26name%3Djohn%20wick%20tamilyogi" "Mozilla/5.0 (Linux; Android 10; K) AppleWebKit/537.36 (KHTML, like Gecko) Chrome/138.0.0.0 Mobile Safari/537.36"
92.96.214.77 - - [20/Jul/2025:13:52:13 +0000] "GET /wp-content/plugins/elementor/assets/lib/animations/styles/fadeInUp.min.css?ver=3.30.2 HTTP/1.1" 200 117 "https://akaventures.com.au/?y=5215847021940&mod=75a380a0&uri=pin.php%3Fid%3D174130-187%26name%3Djohn%20wick%20tamilyogi" "Mozilla/5.0 (Linux; Android 10; K) AppleWebKit/537.36 (KHTML, like Gecko) Chrome/138.0.0.0 Mobile Safari/537.36"
92.96.214.77 - - [20/Jul/2025:13:52:13 +0000] "GET /wp-content/plugins/elementor/assets/lib/animations/styles/fadeInLeft.min.css?ver=3.30.2 HTTP/1.1" 200 120 "https://akaventures.com.au/?y=5215847021940&mod=75a380a0&uri=pin.php%3Fid%3D174130-187%26name%3Djohn%20wick%20tamilyogi" "Mozilla/5.0 (Linux; Android 10; K) AppleWebKit/537.36 (KHTML, like Gecko) Chrome/138.0.0.0 Mobile Safari/537.36"
92.96.214.77 - - [20/Jul/2025:13:52:13 +0000] "GET /wp-content/plugins/elementor/assets/lib/animations/styles/fadeInRight.min.css?ver=3.30.2 HTTP/1.1" 200 120 "https://akaventures.com.au/?y=5215847021940&mod=75a380a0&uri=pin.php%3Fid%3D174130-187%26name%3Djohn%20wick%20tamilyogi" "Mozilla/5.0 (Linux; Android 10; K) AppleWebKit/537.36 (KHTML, like Gecko) Chrome/138.0.0.0 Mobile Safari/537.36"
92.96.214.77 - - [20/Jul/2025:13:52:13 +0000] "GET /wp-content/plugins/elementor/assets/lib/animations/styles/e-animation-shrink.min.css?ver=3.30.2 HTTP/1.1" 200 118 "https://akaventures.com.au/?y=5215847021940&mod=75a380a0&uri=pin.php%3Fid%3D174130-187%26name%3Djohn%20wick%20tamilyogi" "Mozilla/5.0 (Linux; Android 10; K) AppleWebKit/537.36 (KHTML, like Gecko) Chrome/138.0.0.0 Mobile Safari/537.36"
92.96.214.77 - - [20/Jul/2025:13:52:13 +0000] "GET /wp-content/plugins/elementor/assets/css/widget-testimonial.min.css?ver=3.30.2 HTTP/1.1" 200 378 "https://akaventures.com.au/?y=5215847021940&mod=75a380a0&uri=pin.php%3Fid%3D174130-187%26name%3Djohn%20wick%20tamilyogi" "Mozilla/5.0 (Linux; Android 10; K) AppleWebKit/537.36 (KHTML, like Gecko) Chrome/138.0.0.0 Mobile Safari/537.36"
92.96.214.77 - - [20/Jul/2025:13:52:14 +0000] "GET /wp-content/plugins/elementor/assets/css/widget-google_maps.min.css?ver=3.30.2 HTTP/1.1" 200 163 "https://akaventures.com.au/?y=5215847021940&mod=75a380a0&uri=pin.php%3Fid%3D174130-187%26name%3Djohn%20wick%20tamilyogi" "Mozilla/5.0 (Linux; Android 10; K) AppleWebKit/537.36 (KHTML, like Gecko) Chrome/138.0.0.0 Mobile Safari/537.36"
92.96.214.77 - - [20/Jul/2025:13:52:14 +0000] "GET /wp-content/uploads/elementor/css/post-119.css?ver=1752379116 HTTP/1.1" 200 9581 "https://akaventures.com.au/?y=5215847021940&mod=75a380a0&uri=pin.php%3Fid%3D174130-187%26name%3Djohn%20wick%20tamilyogi" "Mozilla/5.0 (Linux; Android 10; K) AppleWebKit/537.36 (KHTML, like Gecko) Chrome/138.0.0.0 Mobile Safari/537.36"
92.96.214.77 - - [20/Jul/2025:13:52:14 +0000] "GET /wp-content/uploads/elementor/css/post-121.css?ver=1752379116 HTTP/1.1" 200 1704 "https://akaventures.com.au/?y=5215847021940&mod=75a380a0&uri=pin.php%3Fid%3D174130-187%26name%3Djohn%20wick%20tamilyogi" "Mozilla/5.0 (Linux; Android 10; K) AppleWebKit/537.36 (KHTML, like Gecko) Chrome/138.0.0.0 Mobile Safari/537.36"
