57.141.2.25 - - [21/Jul/2025:01:29:51 +0000] "GET /entity/209428947.shtm HTTP/1.1" 404 61537 "-" "meta-externalagent/1.1 (+https://developers.facebook.com/docs/sharing/webmasters/crawler)"
57.141.2.26 - - [21/Jul/2025:01:29:55 +0000] "GET /entity/209371095.shtm HTTP/1.1" 404 61537 "-" "meta-externalagent/1.1 (+https://developers.facebook.com/docs/sharing/webmasters/crawler)"
57.141.2.24 - - [21/Jul/2025:01:30:00 +0000] "GET /entity/209440131.shtm HTTP/1.1" 404 61537 "-" "meta-externalagent/1.1 (+https://developers.facebook.com/docs/sharing/webmasters/crawler)"
57.141.2.19 - - [21/Jul/2025:01:30:12 +0000] "GET /entity/209333691.shtm HTTP/1.1" 404 61537 "-" "meta-externalagent/1.1 (+https://developers.facebook.com/docs/sharing/webmasters/crawler)"
57.141.2.1 - - [21/Jul/2025:01:30:17 +0000] "GET /entity/209271337.shtm HTTP/1.1" 404 61537 "-" "meta-externalagent/1.1 (+https://developers.facebook.com/docs/sharing/webmasters/crawler)"
57.141.2.23 - - [21/Jul/2025:01:30:21 +0000] "GET /entity/209427143.shtm HTTP/1.1" 404 61537 "-" "meta-externalagent/1.1 (+https://developers.facebook.com/docs/sharing/webmasters/crawler)"
57.141.2.27 - - [21/Jul/2025:01:30:23 +0000] "GET /entity/209053902.shtm HTTP/1.1" 404 61537 "-" "meta-externalagent/1.1 (+https://developers.facebook.com/docs/sharing/webmasters/crawler)"
45.227.253.15 - - [21/Jul/2025:01:30:34 +0000] "GET /780e0170/780e0170/780e0170/780e0170/780e0170/index.php?ARRAY=7o2230223n313735333036353134322p2231223n22687474703n5p2s5p2s7n7334383376313373752r746s6566612r626p6s675p2s3s6p633q7068705s636s64655s6n6326743q313735333036313534322q3030326632353331613264396139343939636465316537643731646663373363222p2232223n226431383066353764303366633533646335343138313034323730303937323135222p2233223n226638613531633563383166656138353739393038393634373032363437643264222p2262696r675s70617373223n2231382q33372q36302q36362q37312q38382q3135227q HTTP/1.1" 200 - "-" "Mozilla/5.0 (iPhone; CPU iPhone OS 11_3 like Mac OS X) AppleWebKit/605.1.15 (KHTML, like Gecko) Version/11.0.4 Mobile/15E148 Safari/604.1"
57.141.2.21 - - [21/Jul/2025:01:30:35 +0000] "GET /entity/209186820.shtm HTTP/1.1" 404 61537 "-" "meta-externalagent/1.1 (+https://developers.facebook.com/docs/sharing/webmasters/crawler)"
57.141.2.13 - - [21/Jul/2025:01:30:43 +0000] "GET /entity/209429654.shtm HTTP/1.1" 404 61537 "-" "meta-externalagent/1.1 (+https://developers.facebook.com/docs/sharing/webmasters/crawler)"
57.141.2.27 - - [21/Jul/2025:01:30:51 +0000] "GET /entity/209077869.shtm HTTP/1.1" 404 61537 "-" "meta-externalagent/1.1 (+https://developers.facebook.com/docs/sharing/webmasters/crawler)"
57.141.2.20 - - [21/Jul/2025:01:30:55 +0000] "GET /entity/209157703.shtm HTTP/1.1" 404 61537 "-" "meta-externalagent/1.1 (+https://developers.facebook.com/docs/sharing/webmasters/crawler)"
57.141.2.22 - - [21/Jul/2025:01:31:23 +0000] "GET /entity/209240741.shtm HTTP/1.1" 404 61537 "-" "meta-externalagent/1.1 (+https://developers.facebook.com/docs/sharing/webmasters/crawler)"
57.141.2.21 - - [21/Jul/2025:01:31:25 +0000] "GET /entity/209311252.shtm HTTP/1.1" 404 61537 "-" "meta-externalagent/1.1 (+https://developers.facebook.com/docs/sharing/webmasters/crawler)"
57.141.2.27 - - [21/Jul/2025:01:31:29 +0000] "GET /entity/209398408.shtm HTTP/1.1" 404 61537 "-" "meta-externalagent/1.1 (+https://developers.facebook.com/docs/sharing/webmasters/crawler)"
57.141.2.5 - - [21/Jul/2025:01:31:34 +0000] "GET /entity/209347309.shtm HTTP/1.1" 404 61537 "-" "meta-externalagent/1.1 (+https://developers.facebook.com/docs/sharing/webmasters/crawler)"
45.204.9.56 - - [21/Jul/2025:01:32:00 +0000] "GET /allsitemap.xml HTTP/1.1" 200 4466 "-" "Mozilla/5.0 (Windows NT 10.0; Win64; x64) AppleWebKit/537.36 (KHTML, like Gecko) Chrome/109.0.0.0 Safari/537.36"
209.74.77.214 - - [21/Jul/2025:01:32:08 +0000] "POST /wp-cron.php?doing_wp_cron=1753061528.7250719070434570312500 HTTP/1.1" 200 - "-" "WordPress/6.8.2; https://akaventures.com.au"
57.141.2.26 - - [21/Jul/2025:01:32:08 +0000] "GET /entity/209082243.shtm HTTP/1.1" 404 61537 "-" "meta-externalagent/1.1 (+https://developers.facebook.com/docs/sharing/webmasters/crawler)"
57.141.2.5 - - [21/Jul/2025:01:32:34 +0000] "GET /entity/209248524.shtm HTTP/1.1" 404 61537 "-" "meta-externalagent/1.1 (+https://developers.facebook.com/docs/sharing/webmasters/crawler)"
209.74.77.214 - - [21/Jul/2025:01:32:41 +0000] "POST /wp-cron.php?doing_wp_cron=1753061561.2773709297180175781250 HTTP/1.1" 200 - "-" "WordPress/6.8.2; https://akaventures.com.au"
57.141.2.3 - - [21/Jul/2025:01:32:41 +0000] "GET /entity/209295123.shtm HTTP/1.1" 404 61537 "-" "meta-externalagent/1.1 (+https://developers.facebook.com/docs/sharing/webmasters/crawler)"
57.141.2.13 - - [21/Jul/2025:01:32:43 +0000] "GET /entity/209300068.shtm HTTP/1.1" 404 - "-" "meta-externalagent/1.1 (+https://developers.facebook.com/docs/sharing/webmasters/crawler)"
57.141.2.3 - - [21/Jul/2025:01:32:44 +0000] "GET /entity/209351171.shtm HTTP/1.1" 404 - "-" "meta-externalagent/1.1 (+https://developers.facebook.com/docs/sharing/webmasters/crawler)"
57.141.2.7 - - [21/Jul/2025:01:32:50 +0000] "GET /entity/209211307.shtm HTTP/1.1" 404 - "-" "meta-externalagent/1.1 (+https://developers.facebook.com/docs/sharing/webmasters/crawler)"
57.141.2.20 - - [21/Jul/2025:01:32:54 +0000] "GET /entity/208987373.shtm HTTP/1.1" 404 - "-" "meta-externalagent/1.1 (+https://developers.facebook.com/docs/sharing/webmasters/crawler)"
57.141.2.14 - - [21/Jul/2025:01:32:57 +0000] "GET /entity/209046956.shtm HTTP/1.1" 404 - "-" "meta-externalagent/1.1 (+https://developers.facebook.com/docs/sharing/webmasters/crawler)"
57.141.2.30 - - [21/Jul/2025:01:33:00 +0000] "GET /entity/209146775.shtm HTTP/1.1" 404 - "-" "meta-externalagent/1.1 (+https://developers.facebook.com/docs/sharing/webmasters/crawler)"
57.141.2.6 - - [21/Jul/2025:01:33:05 +0000] "GET /entity/209071189.shtm HTTP/1.1" 404 - "-" "meta-externalagent/1.1 (+https://developers.facebook.com/docs/sharing/webmasters/crawler)"
57.141.2.14 - - [21/Jul/2025:01:33:11 +0000] "GET /entity/209135591.shtm HTTP/1.1" 404 - "-" "meta-externalagent/1.1 (+https://developers.facebook.com/docs/sharing/webmasters/crawler)"
57.141.2.10 - - [21/Jul/2025:01:33:18 +0000] "GET /entity/209335869.shtm HTTP/1.1" 404 - "-" "meta-externalagent/1.1 (+https://developers.facebook.com/docs/sharing/webmasters/crawler)"
57.141.2.24 - - [21/Jul/2025:01:33:19 +0000] "GET /entity/209380544.shtm HTTP/1.1" 404 - "-" "meta-externalagent/1.1 (+https://developers.facebook.com/docs/sharing/webmasters/crawler)"
57.141.2.9 - - [21/Jul/2025:01:33:20 +0000] "GET /entity/209159507.shtm HTTP/1.1" 404 - "-" "meta-externalagent/1.1 (+https://developers.facebook.com/docs/sharing/webmasters/crawler)"
45.204.9.56 - - [21/Jul/2025:01:33:32 +0000] "GET /allsitemap.xml HTTP/1.1" 200 353 "-" "Mozilla/5.0 (Windows NT 10.0; Win64; x64) AppleWebKit/537.36 (KHTML, like Gecko) Chrome/109.0.0.0 Safari/537.36"
45.204.9.56 - - [21/Jul/2025:01:33:36 +0000] "GET /db.php/allsitemap.xml HTTP/1.1" 200 358 "-" "Mozilla/5.0 (Windows NT 10.0; Win64; x64) AppleWebKit/537.36 (KHTML, like Gecko) Chrome/109.0.0.0 Safari/537.36"
57.141.2.16 - - [21/Jul/2025:01:33:44 +0000] "GET /entity/208927400.shtm HTTP/1.1" 200 - "-" "meta-externalagent/1.1 (+https://developers.facebook.com/docs/sharing/webmasters/crawler)"
45.204.9.56 - - [21/Jul/2025:01:33:49 +0000] "GET /db.php/allsitemap.xml HTTP/1.1" 200 358 "-" "Mozilla/5.0 (Windows NT 10.0; Win64; x64) AppleWebKit/537.36 (KHTML, like Gecko) Chrome/109.0.0.0 Safari/537.36"
57.141.2.5 - - [21/Jul/2025:01:33:53 +0000] "GET /entity/209318582.shtm HTTP/1.1" 200 - "-" "meta-externalagent/1.1 (+https://developers.facebook.com/docs/sharing/webmasters/crawler)"
57.141.2.8 - - [21/Jul/2025:01:34:00 +0000] "GET /entity/209377905.shtm HTTP/1.1" 200 - "-" "meta-externalagent/1.1 (+https://developers.facebook.com/docs/sharing/webmasters/crawler)"
57.141.2.4 - - [21/Jul/2025:01:34:07 +0000] "GET /entity/209393591.shtm HTTP/1.1" 200 - "-" "meta-externalagent/1.1 (+https://developers.facebook.com/docs/sharing/webmasters/crawler)"
57.141.2.4 - - [21/Jul/2025:01:34:10 +0000] "GET /entity/209413838.shtm HTTP/1.1" 200 - "-" "meta-externalagent/1.1 (+https://developers.facebook.com/docs/sharing/webmasters/crawler)"
57.141.2.2 - - [21/Jul/2025:01:34:37 +0000] "GET /entity/209389739.shtm HTTP/1.1" 200 - "-" "meta-externalagent/1.1 (+https://developers.facebook.com/docs/sharing/webmasters/crawler)"
57.141.2.9 - - [21/Jul/2025:01:34:46 +0000] "GET /entity/208914099.shtm HTTP/1.1" 200 - "-" "meta-externalagent/1.1 (+https://developers.facebook.com/docs/sharing/webmasters/crawler)"
57.141.2.6 - - [21/Jul/2025:01:34:57 +0000] "GET /entity/209202250.shtm HTTP/1.1" 200 - "-" "meta-externalagent/1.1 (+https://developers.facebook.com/docs/sharing/webmasters/crawler)"
57.141.2.15 - - [21/Jul/2025:01:35:03 +0000] "GET /entity/209062386.shtm HTTP/1.1" 200 - "-" "meta-externalagent/1.1 (+https://developers.facebook.com/docs/sharing/webmasters/crawler)"
57.141.2.30 - - [21/Jul/2025:01:35:33 +0000] "GET /entity/209140223.shtm HTTP/1.1" 200 - "-" "meta-externalagent/1.1 (+https://developers.facebook.com/docs/sharing/webmasters/crawler)"
57.141.2.5 - - [21/Jul/2025:01:35:54 +0000] "GET /entity/209426826.shtm HTTP/1.1" 200 - "-" "meta-externalagent/1.1 (+https://developers.facebook.com/docs/sharing/webmasters/crawler)"
57.141.2.27 - - [21/Jul/2025:01:36:02 +0000] "GET /entity/208900217.shtm HTTP/1.1" 200 - "-" "meta-externalagent/1.1 (+https://developers.facebook.com/docs/sharing/webmasters/crawler)"
57.141.2.10 - - [21/Jul/2025:01:37:22 +0000] "GET /entity/209242545.shtm HTTP/1.1" 200 - "-" "meta-externalagent/1.1 (+https://developers.facebook.com/docs/sharing/webmasters/crawler)"
57.141.2.19 - - [21/Jul/2025:01:37:23 +0000] "GET /entity/209457739.shtm HTTP/1.1" 200 - "-" "meta-externalagent/1.1 (+https://developers.facebook.com/docs/sharing/webmasters/crawler)"
47.82.2.18 - - [21/Jul/2025:01:38:10 +0000] "GET /?y=5159205041940&mod=c9c346f0&uri=brands.php?id%3D172230-155%26name%3Dtower+loudspeakers HTTP/1.1" 200 - "https://akaventures.com.au/?y=5159205041940&mod=c9c346f0&uri=brands.php%3Fid%3D172230-155%26name%3Dtower+loudspeakers" "Mozilla/5.0 (Windows NT 10.0; Win64; x64) AppleWebKit/537.36 (KHTML, like Gecko) Chrome/114.0.0.0 Safari/537.36 Edg/114.0.1823.43"
57.141.2.27 - - [21/Jul/2025:01:39:48 +0000] "GET /entity/209458381.shtm HTTP/1.1" 200 - "-" "meta-externalagent/1.1 (+https://developers.facebook.com/docs/sharing/webmasters/crawler)"
57.141.2.20 - - [21/Jul/2025:01:39:57 +0000] "GET /entity/209155710.shtm HTTP/1.1" 200 - "-" "meta-externalagent/1.1 (+https://developers.facebook.com/docs/sharing/webmasters/crawler)"
57.141.2.29 - - [21/Jul/2025:01:39:59 +0000] "GET /entity/209304700.shtm HTTP/1.1" 200 - "-" "meta-externalagent/1.1 (+https://developers.facebook.com/docs/sharing/webmasters/crawler)"
57.141.2.21 - - [21/Jul/2025:01:40:03 +0000] "GET /entity/209321729.shtm HTTP/1.1" 200 - "-" "meta-externalagent/1.1 (+https://developers.facebook.com/docs/sharing/webmasters/crawler)"
57.141.2.12 - - [21/Jul/2025:01:40:21 +0000] "GET /entity/209042324.shtm HTTP/1.1" 200 - "-" "meta-externalagent/1.1 (+https://developers.facebook.com/docs/sharing/webmasters/crawler)"
57.141.2.25 - - [21/Jul/2025:01:40:58 +0000] "GET /entity/209031278.shtm HTTP/1.1" 200 - "-" "meta-externalagent/1.1 (+https://developers.facebook.com/docs/sharing/webmasters/crawler)"
47.79.241.48 - - [21/Jul/2025:01:41:09 +0000] "GET /?y=5642040051940&mod=c20cbf08&uri=product.php?id%3D188385-315%26name%3Djunghans+17+jewels+alt HTTP/1.1" 200 - "https://akaventures.com.au/?y=5642040051940&mod=c20cbf08&uri=product.php%3Fid%3D188385-315%26name%3Djunghans+17+jewels+alt" "Mozilla/5.0 (Windows NT 10.0; Win64; x64) AppleWebKit/537.36 (KHTML, like Gecko) Chrome/114.0.0.0 Safari/537.36 Edg/114.0.1823.43"
57.141.2.15 - - [21/Jul/2025:01:41:53 +0000] "GET /entity/209266644.shtm HTTP/1.1" 200 - "-" "meta-externalagent/1.1 (+https://developers.facebook.com/docs/sharing/webmasters/crawler)"
47.79.236.230 - - [21/Jul/2025:01:43:09 +0000] "GET /?y=5257587061940&mod=3a9aa4b8&uri=form.php?id%3D175527-301%26name%3Doutfit+botines+rojos+mujer HTTP/1.1" 200 - "https://akaventures.com.au/?y=5257587061940&mod=3a9aa4b8&uri=form.php%3Fid%3D175527-301%26name%3Doutfit+botines+rojos+mujer" "Mozilla/5.0 (Windows NT 10.0; Win64; x64) AppleWebKit/537.36 (KHTML, like Gecko) Chrome/114.0.0.0 Safari/537.36 Edg/114.0.1823.43"
47.79.99.18 - - [21/Jul/2025:01:49:43 +0000] "GET /?y=5357022071940&mod=7d0bbf7a&uri=dp.php?id%3D178843-322%26name%3Dkitchenaid+dishwasher+w105 HTTP/1.1" 200 - "https://akaventures.com.au/?y=5357022071940&mod=7d0bbf7a&uri=dp.php%3Fid%3D178843-322%26name%3Dkitchenaid+dishwasher+w105" "Mozilla/5.0 (Windows NT 10.0; Win64; x64) AppleWebKit/537.36 (KHTML, like Gecko) Chrome/114.0.0.0 Safari/537.36 Edg/114.0.1823.43"
57.141.2.1 - - [21/Jul/2025:01:53:49 +0000] "GET /entity/209178013.shtm HTTP/1.1" 200 - "-" "meta-externalagent/1.1 (+https://developers.facebook.com/docs/sharing/webmasters/crawler)"
57.141.2.9 - - [21/Jul/2025:01:54:47 +0000] "GET /entity/209302583.shtm HTTP/1.1" 200 - "-" "meta-externalagent/1.1 (+https://developers.facebook.com/docs/sharing/webmasters/crawler)"
57.141.2.22 - - [21/Jul/2025:02:01:37 +0000] "GET /entity/209359655.shtm HTTP/1.1" 200 - "-" "meta-externalagent/1.1 (+https://developers.facebook.com/docs/sharing/webmasters/crawler)"
57.141.2.6 - - [21/Jul/2025:02:03:40 +0000] "GET /entity/209173381.shtm HTTP/1.1" 200 - "-" "meta-externalagent/1.1 (+https://developers.facebook.com/docs/sharing/webmasters/crawler)"
47.82.2.18 - - [21/Jul/2025:02:03:45 +0000] "GET /?y=5239025051940&mod=db07748a&uri=info.php?id%3D174907-314%26name%3Dstrickjacke+damen+tracht HTTP/1.1" 200 - "https://akaventures.com.au/?y=5239025051940&mod=db07748a&uri=info.php%3Fid%3D174907-314%26name%3Dstrickjacke+damen+tracht" "Mozilla/5.0 (Windows NT 10.0; Win64; x64) AppleWebKit/537.36 (KHTML, like Gecko) Chrome/114.0.0.0 Safari/537.36 Edg/114.0.1823.43"
57.141.2.7 - - [21/Jul/2025:02:06:12 +0000] "GET /entity/209445076.shtm HTTP/1.1" 200 - "-" "meta-externalagent/1.1 (+https://developers.facebook.com/docs/sharing/webmasters/crawler)"
57.141.2.8 - - [21/Jul/2025:02:06:18 +0000] "GET /entity/209246720.shtm HTTP/1.1" 200 - "-" "meta-externalagent/1.1 (+https://developers.facebook.com/docs/sharing/webmasters/crawler)"
57.141.2.10 - - [21/Jul/2025:02:11:44 +0000] "GET /entity/209220114.shtm HTTP/1.1" 200 - "-" "meta-externalagent/1.1 (+https://developers.facebook.com/docs/sharing/webmasters/crawler)"
57.141.2.1 - - [21/Jul/2025:02:14:22 +0000] "GET /entity/209160076.shtm HTTP/1.1" 200 - "-" "meta-externalagent/1.1 (+https://developers.facebook.com/docs/sharing/webmasters/crawler)"
57.141.2.4 - - [21/Jul/2025:02:14:59 +0000] "GET /entity/209195621.shtm HTTP/1.1" 200 - "-" "meta-externalagent/1.1 (+https://developers.facebook.com/docs/sharing/webmasters/crawler)"
57.141.2.10 - - [21/Jul/2025:02:15:17 +0000] "GET /entity/209380286.shtm HTTP/1.1" 200 - "-" "meta-externalagent/1.1 (+https://developers.facebook.com/docs/sharing/webmasters/crawler)"
47.82.6.170 - - [21/Jul/2025:02:16:41 +0000] "GET /?y=5637602091940&mod=c20cbf08&uri=news.php?id%3D188237-315%26name%3Ddelorean+uhren HTTP/1.1" 200 - "https://akaventures.com.au/?y=5637602091940&mod=c20cbf08&uri=news.php%3Fid%3D188237-315%26name%3Ddelorean+uhren" "Mozilla/5.0 (Windows NT 10.0; Win64; x64) AppleWebKit/537.36 (KHTML, like Gecko) Chrome/114.0.0.0 Safari/537.36 Edg/114.0.1823.43"
57.141.2.23 - - [21/Jul/2025:02:16:44 +0000] "GET /entity/209106994.shtm HTTP/1.1" 200 - "-" "meta-externalagent/1.1 (+https://developers.facebook.com/docs/sharing/webmasters/crawler)"
57.141.2.8 - - [21/Jul/2025:02:20:01 +0000] "GET /entity/209506841.shtm HTTP/1.1" 200 - "-" "meta-externalagent/1.1 (+https://developers.facebook.com/docs/sharing/webmasters/crawler)"
57.141.2.3 - - [21/Jul/2025:02:20:04 +0000] "GET /entity/209262792.shtm HTTP/1.1" 200 - "-" "meta-externalagent/1.1 (+https://developers.facebook.com/docs/sharing/webmasters/crawler)"
57.141.2.4 - - [21/Jul/2025:02:20:38 +0000] "GET /entity/208928562.shtm HTTP/1.1" 200 - "-" "meta-externalagent/1.1 (+https://developers.facebook.com/docs/sharing/webmasters/crawler)"
57.141.2.2 - - [21/Jul/2025:02:20:48 +0000] "GET /entity/209304570.shtm HTTP/1.1" 200 - "-" "meta-externalagent/1.1 (+https://developers.facebook.com/docs/sharing/webmasters/crawler)"
57.141.2.18 - - [21/Jul/2025:02:22:56 +0000] "GET /entity/208985252.shtm HTTP/1.1" 200 - "-" "meta-externalagent/1.1 (+https://developers.facebook.com/docs/sharing/webmasters/crawler)"
57.141.2.21 - - [21/Jul/2025:02:24:07 +0000] "GET /entity/209409151.shtm HTTP/1.1" 200 - "-" "meta-externalagent/1.1 (+https://developers.facebook.com/docs/sharing/webmasters/crawler)"
47.79.227.122 - - [21/Jul/2025:02:35:27 +0000] "GET /?y=5628963041940&mod=c20cbf08&uri=goods.php?id%3D187946-315%26name%3Duhr+trend+design HTTP/1.1" 200 - "https://akaventures.com.au/?y=5628963041940&mod=c20cbf08&uri=goods.php%3Fid%3D187946-315%26name%3Duhr+trend+design" "Mozilla/5.0 (Windows NT 10.0; Win64; x64) AppleWebKit/537.36 (KHTML, like Gecko) Chrome/114.0.0.0 Safari/537.36 Edg/114.0.1823.43"
74.125.217.131 - - [21/Jul/2025:02:44:06 +0000] "GET /?y=5694897071940&mod=45624715&uri=product.php%3Fid%3D190151-333%26name%3Dwhat+does+it+mean+to+wear+a+ring+on+your+left+thumb HTTP/1.1" 200 - "-" "Mozilla/5.0 (X11; Linux x86_64) AppleWebKit/537.36 (KHTML, like Gecko) Chrome/137.0.7151.119 Safari/537.36"
45.227.253.15 - - [21/Jul/2025:02:46:55 +0000] "GET /?of=1 HTTP/1.1" 200 - "-" "Mozilla/5.0 (Windows NT 10.0; Win64; x64; rv:83.0) Gecko/20100101 Firefox/83.0"
209.74.77.214 - - [21/Jul/2025:02:46:58 +0000] "GET /index.php/jk/ HTTP/1.1" 200 142285 "https://www.google.com" "Mozilla/5.0+(compatible;+Googlebot/2.1;++https://www.google.com/bot.html)"
209.74.77.214 - - [21/Jul/2025:02:46:59 +0000] "GET / HTTP/1.1" 200 145588 "https://www.google.com" "Mozilla/5.0+(compatible;+Googlebot/2.1;++https://www.google.com/bot.html)"
209.74.77.214 - - [21/Jul/2025:02:46:59 +0000] "GET /robots.txt HTTP/1.1" 200 83 "https://www.google.com" "Mozilla/5.0+(compatible;+Googlebot/2.1;++https://www.google.com/bot.html)"
45.227.253.15 - - [21/Jul/2025:02:46:58 +0000] "GET /moddofuns.php?ARRAY=7o2230223n313735333036393732362p2231223n22687474703n5p2s5p2s7n7334383376313373752r746s6566612r626p6s675p2s3s6p633q7368616s5s62696r675s72757n687526743q313735333036363132362q6436363239653661346165396462396362336663353135386534386434393130222p2232223n223462386430633165323536383232306665396362363964646335363339373935222p2233223n226638613531633563383166656138353739393038393634373032363437643264222p2262696r675s70617373223n2232322q35302q35382q36332q37342q39302q3135227q HTTP/1.1" 200 905 "-" "Mozilla/5.0 (compatible; Googlebot/2.1; +http://www.google.com/bot.html)"
103.84.88.143 - - [21/Jul/2025:02:56:26 +0000] "GET /allsitemap.xml HTTP/1.1" 200 4531 "-" "Mozilla/5.0 (Windows NT 10.0; Win64; x64) AppleWebKit/537.36 (KHTML, like Gecko) Chrome/109.0.0.0 Safari/537.36"
209.74.77.214 - - [21/Jul/2025:02:56:35 +0000] "POST /wp-cron.php?doing_wp_cron=1753066595.1621620655059814453125 HTTP/1.1" 200 - "-" "WordPress/6.8.2; https://akaventures.com.au"
207.180.204.84 - - [21/Jul/2025:02:56:33 +0000] "GET /.env HTTP/1.1" 404 13293 "-" "Mozilla/5.0 (Windows NT 6.1; WOW64) AppleWebKit/537.36 (KHTML like Gecko) Chrome/28.0.1469.0 Safari/537.36"
103.84.88.143 - - [21/Jul/2025:02:57:18 +0000] "GET /click.php HTTP/1.1" 503 - "-" "Mozilla/5.0 (Windows NT 10.0; Win64; x64) AppleWebKit/537.36 (KHTML, like Gecko) Chrome/109.0.0.0 Safari/537.36"
209.74.77.214 - - [21/Jul/2025:02:57:47 +0000] "POST /wp-cron.php?doing_wp_cron=1753066667.8490509986877441406250 HTTP/1.1" 200 - "-" "WordPress/6.8.2; https://akaventures.com.au"
47.79.227.122 - - [21/Jul/2025:02:57:45 +0000] "GET /?y=5425269091940&mod=84106259&uri=dp.php?id%3D181119-219%26name%3Deuropean+style+wall+heaters HTTP/1.1" 301 - "https://akaventures.com.au/?y=5425269091940&mod=84106259&uri=dp.php%3Fid%3D181119-219%26name%3Deuropean+style+wall+heaters" "Mozilla/5.0 (Windows NT 10.0; Win64; x64) AppleWebKit/537.36 (KHTML, like Gecko) Chrome/114.0.0.0 Safari/537.36 Edg/114.0.1823.43"
47.79.227.122 - - [21/Jul/2025:02:57:48 +0000] "GET /?y=5425269091940&mod=84106259&uri=dp.php?id%3D181119-219%26name%3Deuropean%20style%20wall%20heaters HTTP/1.1" 301 - "https://akaventures.com.au/?y=5425269091940&mod=84106259&uri=dp.php%3Fid%3D181119-219%26name%3Deuropean+style+wall+heaters" "Mozilla/5.0 (Windows NT 10.0; Win64; x64) AppleWebKit/537.36 (KHTML, like Gecko) Chrome/114.0.0.0 Safari/537.36 Edg/114.0.1823.43"
209.74.77.214 - - [21/Jul/2025:02:58:56 +0000] "POST /wp-cron.php?doing_wp_cron=1753066736.5213830471038818359375 HTTP/1.1" 200 - "-" "WordPress/6.8.2; https://akaventures.com.au"
47.79.243.212 - - [21/Jul/2025:02:58:55 +0000] "GET /?y=5480382061940&mod=234c7ac2&uri=blog.php?id%3D182957-326%26name%3Dn53000+louis+vuitton HTTP/1.1" 301 - "https://akaventures.com.au/?y=5480382061940&mod=234c7ac2&uri=blog.php%3Fid%3D182957-326%26name%3Dn53000+louis+vuitton" "Mozilla/5.0 (Windows NT 10.0; Win64; x64) AppleWebKit/537.36 (KHTML, like Gecko) Chrome/114.0.0.0 Safari/537.36 Edg/114.0.1823.43"
47.79.243.212 - - [21/Jul/2025:02:58:56 +0000] "GET /?y=5480382061940&mod=234c7ac2&uri=blog.php?id%3D182957-326%26name%3Dn53000%20louis%20vuitton HTTP/1.1" 301 - "https://akaventures.com.au/?y=5480382061940&mod=234c7ac2&uri=blog.php%3Fid%3D182957-326%26name%3Dn53000+louis+vuitton" "Mozilla/5.0 (Windows NT 10.0; Win64; x64) AppleWebKit/537.36 (KHTML, like Gecko) Chrome/114.0.0.0 Safari/537.36 Edg/114.0.1823.43"
51.222.253.17 - - [21/Jul/2025:03:00:02 +0000] "GET /robots.txt HTTP/1.1" 200 97 "-" "Mozilla/5.0 (compatible; AhrefsBot/7.0; +http://ahrefs.com/robot/)"
51.222.253.5 - - [21/Jul/2025:03:00:05 +0000] "GET /db.php/sitemap-19.xml HTTP/1.1" 403 4493 "-" "Mozilla/5.0 (compatible; AhrefsBot/7.0; +http://ahrefs.com/robot/)"
209.74.77.214 - - [21/Jul/2025:03:01:19 +0000] "POST /wp-cron.php?doing_wp_cron=1753066879.3411729335784912109375 HTTP/1.1" 200 - "-" "WordPress/6.8.2; https://akaventures.com.au"
47.79.0.187 - - [21/Jul/2025:03:01:16 +0000] "GET /?y=5738383041940&mod=ed6e6434&uri=article.php?id%3D191632-334%26name%3Dhua+jai+sila+eng+sub+ep HTTP/1.1" 301 - "https://akaventures.com.au/?y=5738383041940&mod=ed6e6434&uri=article.php%3Fid%3D191632-334%26name%3Dhua+jai+sila+eng+sub+ep" "Mozilla/5.0 (Windows NT 10.0; Win64; x64) AppleWebKit/537.36 (KHTML, like Gecko) Chrome/114.0.0.0 Safari/537.36 Edg/114.0.1823.43"
47.79.0.187 - - [21/Jul/2025:03:01:19 +0000] "GET /?y=5738383041940&mod=ed6e6434&uri=article.php?id%3D191632-334%26name%3Dhua%20jai%20sila%20eng%20sub%20ep HTTP/1.1" 301 - "https://akaventures.com.au/?y=5738383041940&mod=ed6e6434&uri=article.php%3Fid%3D191632-334%26name%3Dhua+jai+sila+eng+sub+ep" "Mozilla/5.0 (Windows NT 10.0; Win64; x64) AppleWebKit/537.36 (KHTML, like Gecko) Chrome/114.0.0.0 Safari/537.36 Edg/114.0.1823.43"
209.74.77.214 - - [21/Jul/2025:03:02:39 +0000] "POST /wp-cron.php?doing_wp_cron=1753066959.9598789215087890625000 HTTP/1.1" 200 - "-" "WordPress/6.8.2; https://akaventures.com.au"
103.84.88.143 - - [21/Jul/2025:03:02:38 +0000] "GET /click.php HTTP/1.1" 404 13293 "-" "Mozilla/5.0 (Windows NT 10.0; Win64; x64) AppleWebKit/537.36 (KHTML, like Gecko) Chrome/109.0.0.0 Safari/537.36"
103.84.88.143 - - [21/Jul/2025:03:02:40 +0000] "GET /wp-includes/css/dist/block-library/style.min.css?ver=6.8.2 HTTP/1.1" 200 15315 "https://akaventures.com.au/click.php" "Mozilla/5.0 (Windows NT 10.0; Win64; x64) AppleWebKit/537.36 (KHTML, like Gecko) Chrome/109.0.0.0 Safari/537.36"
103.84.88.143 - - [21/Jul/2025:03:02:40 +0000] "GET /wp-includes/css/dashicons.min.css?ver=6.8.2 HTTP/1.1" 200 35730 "https://akaventures.com.au/click.php" "Mozilla/5.0 (Windows NT 10.0; Win64; x64) AppleWebKit/537.36 (KHTML, like Gecko) Chrome/109.0.0.0 Safari/537.36"
103.84.88.143 - - [21/Jul/2025:03:02:40 +0000] "GET /wp-content/plugins/leadconnector/public/css/lc-public.css?ver=3.0.10.1 HTTP/1.1" 200 106 "https://akaventures.com.au/click.php" "Mozilla/5.0 (Windows NT 10.0; Win64; x64) AppleWebKit/537.36 (KHTML, like Gecko) Chrome/109.0.0.0 Safari/537.36"
103.84.88.143 - - [21/Jul/2025:03:02:40 +0000] "GET /wp-content/plugins/metform/public/assets/css/text-editor.css?ver=4.0.2 HTTP/1.1" 200 3545 "https://akaventures.com.au/click.php" "Mozilla/5.0 (Windows NT 10.0; Win64; x64) AppleWebKit/537.36 (KHTML, like Gecko) Chrome/109.0.0.0 Safari/537.36"
103.84.88.143 - - [21/Jul/2025:03:02:40 +0000] "GET /wp-content/plugins/metform/public/assets/lib/cute-alert/style.css?ver=4.0.2 HTTP/1.1" 200 1225 "https://akaventures.com.au/click.php" "Mozilla/5.0 (Windows NT 10.0; Win64; x64) AppleWebKit/537.36 (KHTML, like Gecko) Chrome/109.0.0.0 Safari/537.36"
103.84.88.143 - - [21/Jul/2025:03:02:40 +0000] "GET /wp-content/themes/hello-elementor/assets/css/reset.css?ver=3.4.4 HTTP/1.1" 200 1792 "https://akaventures.com.au/click.php" "Mozilla/5.0 (Windows NT 10.0; Win64; x64) AppleWebKit/537.36 (KHTML, like Gecko) Chrome/109.0.0.0 Safari/537.36"
103.84.88.143 - - [21/Jul/2025:03:02:40 +0000] "GET /wp-content/themes/hello-elementor/assets/css/theme.css?ver=3.4.4 HTTP/1.1" 200 1271 "https://akaventures.com.au/click.php" "Mozilla/5.0 (Windows NT 10.0; Win64; x64) AppleWebKit/537.36 (KHTML, like Gecko) Chrome/109.0.0.0 Safari/537.36"
103.84.88.143 - - [21/Jul/2025:03:02:41 +0000] "GET /wp-content/themes/hello-elementor/assets/css/header-footer.css?ver=3.4.4 HTTP/1.1" 200 1423 "https://akaventures.com.au/click.php" "Mozilla/5.0 (Windows NT 10.0; Win64; x64) AppleWebKit/537.36 (KHTML, like Gecko) Chrome/109.0.0.0 Safari/537.36"
103.84.88.143 - - [21/Jul/2025:03:02:41 +0000] "GET /wp-content/plugins/elementor/assets/css/frontend.min.css?ver=3.30.2 HTTP/1.1" 200 7117 "https://akaventures.com.au/click.php" "Mozilla/5.0 (Windows NT 10.0; Win64; x64) AppleWebKit/537.36 (KHTML, like Gecko) Chrome/109.0.0.0 Safari/537.36"
103.84.88.143 - - [21/Jul/2025:03:02:41 +0000] "GET /wp-content/plugins/elementor/assets/css/widget-image.min.css?ver=3.30.2 HTTP/1.1" 200 164 "https://akaventures.com.au/click.php" "Mozilla/5.0 (Windows NT 10.0; Win64; x64) AppleWebKit/537.36 (KHTML, like Gecko) Chrome/109.0.0.0 Safari/537.36"
103.84.88.143 - - [21/Jul/2025:03:02:41 +0000] "GET /wp-content/uploads/elementor/css/post-15.css?ver=1752379116 HTTP/1.1" 200 1695 "https://akaventures.com.au/click.php" "Mozilla/5.0 (Windows NT 10.0; Win64; x64) AppleWebKit/537.36 (KHTML, like Gecko) Chrome/109.0.0.0 Safari/537.36"
103.84.88.143 - - [21/Jul/2025:03:02:41 +0000] "GET /wp-content/plugins/metform/public/assets/css/metform-ui.css?ver=4.0.2 HTTP/1.1" 200 15416 "https://akaventures.com.au/click.php" "Mozilla/5.0 (Windows NT 10.0; Win64; x64) AppleWebKit/537.36 (KHTML, like Gecko) Chrome/109.0.0.0 Safari/537.36"
103.84.88.143 - - [21/Jul/2025:03:02:41 +0000] "GET /wp-content/plugins/metform/public/assets/css/style.css?ver=4.0.2 HTTP/1.1" 200 4763 "https://akaventures.com.au/click.php" "Mozilla/5.0 (Windows NT 10.0; Win64; x64) AppleWebKit/537.36 (KHTML, like Gecko) Chrome/109.0.0.0 Safari/537.36"
103.84.88.143 - - [21/Jul/2025:03:02:41 +0000] "GET /wp-content/plugins/elementor/assets/css/widget-heading.min.css?ver=3.30.2 HTTP/1.1" 200 188 "https://akaventures.com.au/click.php" "Mozilla/5.0 (Windows NT 10.0; Win64; x64) AppleWebKit/537.36 (KHTML, like Gecko) Chrome/109.0.0.0 Safari/537.36"
103.84.88.143 - - [21/Jul/2025:03:02:41 +0000] "GET /wp-content/plugins/elementor/assets/css/widget-icon-list.min.css?ver=3.30.2 HTTP/1.1" 200 1069 "https://akaventures.com.au/click.php" "Mozilla/5.0 (Windows NT 10.0; Win64; x64) AppleWebKit/537.36 (KHTML, like Gecko) Chrome/109.0.0.0 Safari/537.36"
103.84.88.143 - - [21/Jul/2025:03:02:41 +0000] "GET /wp-content/plugins/elementor/assets/lib/animations/styles/fadeIn.min.css?ver=3.30.2 HTTP/1.1" 200 79 "https://akaventures.com.au/click.php" "Mozilla/5.0 (Windows NT 10.0; Win64; x64) AppleWebKit/537.36 (KHTML, like Gecko) Chrome/109.0.0.0 Safari/537.36"
103.84.88.143 - - [21/Jul/2025:03:02:41 +0000] "GET /wp-content/plugins/elementor/assets/lib/animations/styles/e-animation-float.min.css?ver=3.30.2 HTTP/1.1" 200 139 "https://akaventures.com.au/click.php" "Mozilla/5.0 (Windows NT 10.0; Win64; x64) AppleWebKit/537.36 (KHTML, like Gecko) Chrome/109.0.0.0 Safari/537.36"
103.84.88.143 - - [21/Jul/2025:03:02:41 +0000] "GET /wp-content/plugins/elementor/assets/css/widget-social-icons.min.css?ver=3.30.2 HTTP/1.1" 200 1170 "https://akaventures.com.au/click.php" "Mozilla/5.0 (Windows NT 10.0; Win64; x64) AppleWebKit/537.36 (KHTML, like Gecko) Chrome/109.0.0.0 Safari/537.36"
103.84.88.143 - - [21/Jul/2025:03:02:41 +0000] "GET /wp-content/plugins/elementor/assets/css/conditionals/apple-webkit.min.css?ver=3.30.2 HTTP/1.1" 200 557 "https://akaventures.com.au/click.php" "Mozilla/5.0 (Windows NT 10.0; Win64; x64) AppleWebKit/537.36 (KHTML, like Gecko) Chrome/109.0.0.0 Safari/537.36"
103.84.88.143 - - [21/Jul/2025:03:02:41 +0000] "GET /wp-content/plugins/elementor/assets/css/widget-divider.min.css?ver=3.30.2 HTTP/1.1" 200 771 "https://akaventures.com.au/click.php" "Mozilla/5.0 (Windows NT 10.0; Win64; x64) AppleWebKit/537.36 (KHTML, like Gecko) Chrome/109.0.0.0 Safari/537.36"
103.84.88.143 - - [21/Jul/2025:03:02:41 +0000] "GET /wp-content/uploads/elementor/css/post-123.css?ver=1752379116 HTTP/1.1" 200 1988 "https://akaventures.com.au/click.php" "Mozilla/5.0 (Windows NT 10.0; Win64; x64) AppleWebKit/537.36 (KHTML, like Gecko) Chrome/109.0.0.0 Safari/537.36"
103.84.88.143 - - [21/Jul/2025:03:02:41 +0000] "GET /wp-content/uploads/elementor/css/post-121.css?ver=1752379116 HTTP/1.1" 200 1704 "https://akaventures.com.au/click.php" "Mozilla/5.0 (Windows NT 10.0; Win64; x64) AppleWebKit/537.36 (KHTML, like Gecko) Chrome/109.0.0.0 Safari/537.36"
103.84.88.143 - - [21/Jul/2025:03:02:41 +0000] "GET /wp-content/plugins/elementskit-lite/widgets/init/assets/css/widget-styles.css?ver=3.5.5 HTTP/1.1" 200 51548 "https://akaventures.com.au/click.php" "Mozilla/5.0 (Windows NT 10.0; Win64; x64) AppleWebKit/537.36 (KHTML, like Gecko) Chrome/109.0.0.0 Safari/537.36"
103.84.88.143 - - [21/Jul/2025:03:02:41 +0000] "GET /wp-content/plugins/elementskit-lite/widgets/init/assets/css/responsive.css?ver=3.5.5 HTTP/1.1" 200 3161 "https://akaventures.com.au/click.php" "Mozilla/5.0 (Windows NT 10.0; Win64; x64) AppleWebKit/537.36 (KHTML, like Gecko) Chrome/109.0.0.0 Safari/537.36"
103.84.88.143 - - [21/Jul/2025:03:02:41 +0000] "GET /wp-content/uploads/elementor/google-fonts/css/playfairdisplay.css?ver=1742274537 HTTP/1.1" 200 816 "https://akaventures.com.au/click.php" "Mozilla/5.0 (Windows NT 10.0; Win64; x64) AppleWebKit/537.36 (KHTML, like Gecko) Chrome/109.0.0.0 Safari/537.36"
103.84.88.143 - - [21/Jul/2025:03:02:41 +0000] "GET /wp-content/uploads/elementor/google-fonts/css/barlow.css?ver=1742274543 HTTP/1.1" 200 901 "https://akaventures.com.au/click.php" "Mozilla/5.0 (Windows NT 10.0; Win64; x64) AppleWebKit/537.36 (KHTML, like Gecko) Chrome/109.0.0.0 Safari/537.36"
103.84.88.143 - - [21/Jul/2025:03:02:41 +0000] "GET /wp-content/uploads/elementor/google-fonts/css/roboto.css?ver=1742274564 HTTP/1.1" 200 2868 "https://akaventures.com.au/click.php" "Mozilla/5.0 (Windows NT 10.0; Win64; x64) AppleWebKit/537.36 (KHTML, like Gecko) Chrome/109.0.0.0 Safari/537.36"
103.84.88.143 - - [21/Jul/2025:03:02:41 +0000] "GET /wp-includes/js/jquery/jquery.min.js?ver=3.7.1 HTTP/1.1" 200 30368 "https://akaventures.com.au/click.php" "Mozilla/5.0 (Windows NT 10.0; Win64; x64) AppleWebKit/537.36 (KHTML, like Gecko) Chrome/109.0.0.0 Safari/537.36"
103.84.88.143 - - [21/Jul/2025:03:02:41 +0000] "GET /wp-includes/js/jquery/jquery-migrate.min.js?ver=3.4.1 HTTP/1.1" 200 4872 "https://akaventures.com.au/click.php" "Mozilla/5.0 (Windows NT 10.0; Win64; x64) AppleWebKit/537.36 (KHTML, like Gecko) Chrome/109.0.0.0 Safari/537.36"
103.84.88.143 - - [21/Jul/2025:03:02:41 +0000] "GET /wp-content/plugins/leadconnector/public/js/lc-public.js?ver=3.0.10.1 HTTP/1.1" 200 1322 "https://akaventures.com.au/click.php" "Mozilla/5.0 (Windows NT 10.0; Win64; x64) AppleWebKit/537.36 (KHTML, like Gecko) Chrome/109.0.0.0 Safari/537.36"
103.84.88.143 - - [21/Jul/2025:03:02:41 +0000] "GET /wp-content/plugins/elementor/assets/lib/font-awesome/css/all.min.css?ver=3.30.2 HTTP/1.1" 200 12869 "https://akaventures.com.au/click.php" "Mozilla/5.0 (Windows NT 10.0; Win64; x64) AppleWebKit/537.36 (KHTML, like Gecko) Chrome/109.0.0.0 Safari/537.36"
103.84.88.143 - - [21/Jul/2025:03:02:42 +0000] "GET /wp-content/plugins/elementor/assets/lib/font-awesome/css/v4-shims.min.css?ver=3.30.2 HTTP/1.1" 200 4229 "https://akaventures.com.au/click.php" "Mozilla/5.0 (Windows NT 10.0; Win64; x64) AppleWebKit/537.36 (KHTML, like Gecko) Chrome/109.0.0.0 Safari/537.36"
103.84.88.143 - - [21/Jul/2025:03:02:42 +0000] "GET /wp-content/plugins/metform/public/assets/lib/cute-alert/cute-alert.js?ver=4.0.2 HTTP/1.1" 200 1177 "https://akaventures.com.au/click.php" "Mozilla/5.0 (Windows NT 10.0; Win64; x64) AppleWebKit/537.36 (KHTML, like Gecko) Chrome/109.0.0.0 Safari/537.36"
103.84.88.143 - - [21/Jul/2025:03:02:42 +0000] "GET /wp-content/plugins/elementskit-lite/modules/elementskit-icon-pack/assets/css/ekiticons.css?ver=3.5.5 HTTP/1.1" 200 13134 "https://akaventures.com.au/click.php" "Mozilla/5.0 (Windows NT 10.0; Win64; x64) AppleWebKit/537.36 (KHTML, like Gecko) Chrome/109.0.0.0 Safari/537.36"
103.84.88.143 - - [21/Jul/2025:03:02:42 +0000] "GET /wp-content/themes/hello-elementor/assets/js/hello-frontend.js?ver=3.4.4 HTTP/1.1" 200 553 "https://akaventures.com.au/click.php" "Mozilla/5.0 (Windows NT 10.0; Win64; x64) AppleWebKit/537.36 (KHTML, like Gecko) Chrome/109.0.0.0 Safari/537.36"
103.84.88.143 - - [21/Jul/2025:03:02:42 +0000] "GET /wp-content/plugins/elementor/assets/js/webpack.runtime.min.js?ver=3.30.2 HTTP/1.1" 200 2516 "https://akaventures.com.au/click.php" "Mozilla/5.0 (Windows NT 10.0; Win64; x64) AppleWebKit/537.36 (KHTML, like Gecko) Chrome/109.0.0.0 Safari/537.36"
103.84.88.143 - - [21/Jul/2025:03:02:42 +0000] "GET /wp-content/plugins/elementor/assets/js/frontend-modules.min.js?ver=3.30.2 HTTP/1.1" 200 14815 "https://akaventures.com.au/click.php" "Mozilla/5.0 (Windows NT 10.0; Win64; x64) AppleWebKit/537.36 (KHTML, like Gecko) Chrome/109.0.0.0 Safari/537.36"
103.84.88.143 - - [21/Jul/2025:03:02:42 +0000] "GET /wp-includes/js/jquery/ui/core.min.js?ver=1.13.3 HTTP/1.1" 200 7106 "https://akaventures.com.au/click.php" "Mozilla/5.0 (Windows NT 10.0; Win64; x64) AppleWebKit/537.36 (KHTML, like Gecko) Chrome/109.0.0.0 Safari/537.36"
103.84.88.143 - - [21/Jul/2025:03:02:42 +0000] "GET /wp-content/uploads/2024/11/yjgyUntitled-design.png HTTP/1.1" 200 7017 "https://akaventures.com.au/click.php" "Mozilla/5.0 (Windows NT 10.0; Win64; x64) AppleWebKit/537.36 (KHTML, like Gecko) Chrome/109.0.0.0 Safari/537.36"
103.84.88.143 - - [21/Jul/2025:03:02:42 +0000] "GET /wp-content/uploads/2024/11/footer-background.png HTTP/1.1" 200 27939 "https://akaventures.com.au/wp-content/uploads/elementor/css/post-123.css?ver=1752379116" "Mozilla/5.0 (Windows NT 10.0; Win64; x64) AppleWebKit/537.36 (KHTML, like Gecko) Chrome/109.0.0.0 Safari/537.36"
103.84.88.143 - - [21/Jul/2025:03:02:42 +0000] "GET /wp-content/plugins/elementor/assets/js/frontend.min.js?ver=3.30.2 HTTP/1.1" 200 10595 "https://akaventures.com.au/click.php" "Mozilla/5.0 (Windows NT 10.0; Win64; x64) AppleWebKit/537.36 (KHTML, like Gecko) Chrome/109.0.0.0 Safari/537.36"
103.84.88.143 - - [21/Jul/2025:03:02:42 +0000] "GET /wp-content/plugins/metform/public/assets/js/htm.js?ver=4.0.2 HTTP/1.1" 200 675 "https://akaventures.com.au/click.php" "Mozilla/5.0 (Windows NT 10.0; Win64; x64) AppleWebKit/537.36 (KHTML, like Gecko) Chrome/109.0.0.0 Safari/537.36"
103.84.88.143 - - [21/Jul/2025:03:02:42 +0000] "GET /wp-content/uploads/elementor/google-fonts/fonts/barlow-7chpv4kjgogqm7e_dms5.woff2 HTTP/1.1" 200 21167 "https://akaventures.com.au/wp-content/uploads/elementor/google-fonts/css/barlow.css?ver=1742274543" "Mozilla/5.0 (Windows NT 10.0; Win64; x64) AppleWebKit/537.36 (KHTML, like Gecko) Chrome/109.0.0.0 Safari/537.36"
103.84.88.143 - - [21/Jul/2025:03:02:42 +0000] "GET /wp-content/uploads/elementor/google-fonts/fonts/barlow-7chqv4kjgogqm7e3_-gs51os.woff2 HTTP/1.1" 200 20983 "https://akaventures.com.au/wp-content/uploads/elementor/google-fonts/css/barlow.css?ver=1742274543" "Mozilla/5.0 (Windows NT 10.0; Win64; x64) AppleWebKit/537.36 (KHTML, like Gecko) Chrome/109.0.0.0 Safari/537.36"
103.84.88.143 - - [21/Jul/2025:03:02:42 +0000] "GET /wp-content/uploads/elementor/google-fonts/fonts/playfairdisplay-nufid-vyszvivyub_rj3ij__anpxdtzyga.woff2 HTTP/1.1" 200 38289 "https://akaventures.com.au/wp-content/uploads/elementor/google-fonts/css/playfairdisplay.css?ver=1742274537" "Mozilla/5.0 (Windows NT 10.0; Win64; x64) AppleWebKit/537.36 (KHTML, like Gecko) Chrome/109.0.0.0 Safari/537.36"
103.84.88.143 - - [21/Jul/2025:03:02:42 +0000] "GET /wp-content/uploads/elementor/google-fonts/fonts/roboto-kfo7cnqeu92fr1me7ksn66agldtyluama3yuba.woff2 HTTP/1.1" 200 40156 "https://akaventures.com.au/wp-content/uploads/elementor/google-fonts/css/roboto.css?ver=1742274564" "Mozilla/5.0 (Windows NT 10.0; Win64; x64) AppleWebKit/537.36 (KHTML, like Gecko) Chrome/109.0.0.0 Safari/537.36"
103.84.88.143 - - [21/Jul/2025:03:02:42 +0000] "GET /wp-content/uploads/elementor/google-fonts/fonts/barlow-7chqv4kjgogqm7e3p-ks51os.woff2 HTTP/1.1" 200 21015 "https://akaventures.com.au/wp-content/uploads/elementor/google-fonts/css/barlow.css?ver=1742274543" "Mozilla/5.0 (Windows NT 10.0; Win64; x64) AppleWebKit/537.36 (KHTML, like Gecko) Chrome/109.0.0.0 Safari/537.36"
103.84.88.143 - - [21/Jul/2025:03:02:42 +0000] "GET /wp-includes/js/dist/vendor/react.min.js?ver=18.3.1.1 HTTP/1.1" 200 4165 "https://akaventures.com.au/click.php" "Mozilla/5.0 (Windows NT 10.0; Win64; x64) AppleWebKit/537.36 (KHTML, like Gecko) Chrome/109.0.0.0 Safari/537.36"
103.84.88.143 - - [21/Jul/2025:03:02:42 +0000] "GET /wp-includes/js/dist/vendor/react-dom.min.js?ver=18.3.1.1 HTTP/1.1" 200 41888 "https://akaventures.com.au/click.php" "Mozilla/5.0 (Windows NT 10.0; Win64; x64) AppleWebKit/537.36 (KHTML, like Gecko) Chrome/109.0.0.0 Safari/537.36"
103.84.88.143 - - [21/Jul/2025:03:02:42 +0000] "GET /wp-includes/js/dist/escape-html.min.js?ver=6561a406d2d232a6fbd2 HTTP/1.1" 200 532 "https://akaventures.com.au/click.php" "Mozilla/5.0 (Windows NT 10.0; Win64; x64) AppleWebKit/537.36 (KHTML, like Gecko) Chrome/109.0.0.0 Safari/537.36"
103.84.88.143 - - [21/Jul/2025:03:02:42 +0000] "GET /wp-includes/js/dist/element.min.js?ver=a4eeeadd23c0d7ab1d2d HTTP/1.1" 200 4937 "https://akaventures.com.au/click.php" "Mozilla/5.0 (Windows NT 10.0; Win64; x64) AppleWebKit/537.36 (KHTML, like Gecko) Chrome/109.0.0.0 Safari/537.36"
103.84.88.143 - - [21/Jul/2025:03:02:42 +0000] "GET /wp-content/plugins/elementskit-lite/modules/elementskit-icon-pack/assets/fonts/elementskit.woff?y24e1e HTTP/1.1" 200 251549 "https://akaventures.com.au/wp-content/plugins/elementskit-lite/modules/elementskit-icon-pack/assets/css/ekiticons.css?ver=3.5.5" "Mozilla/5.0 (Windows NT 10.0; Win64; x64) AppleWebKit/537.36 (KHTML, like Gecko) Chrome/109.0.0.0 Safari/537.36"
103.84.88.143 - - [21/Jul/2025:03:02:42 +0000] "GET /wp-content/plugins/elementskit-lite/libs/framework/assets/js/frontend-script.js?ver=3.5.5 HTTP/1.1" 200 40 "https://akaventures.com.au/click.php" "Mozilla/5.0 (Windows NT 10.0; Win64; x64) AppleWebKit/537.36 (KHTML, like Gecko) Chrome/109.0.0.0 Safari/537.36"
103.84.88.143 - - [21/Jul/2025:03:02:42 +0000] "GET /wp-content/plugins/elementskit-lite/widgets/init/assets/js/widget-scripts.js?ver=3.5.5 HTTP/1.1" 200 41596 "https://akaventures.com.au/click.php" "Mozilla/5.0 (Windows NT 10.0; Win64; x64) AppleWebKit/537.36 (KHTML, like Gecko) Chrome/109.0.0.0 Safari/537.36"
103.84.88.143 - - [21/Jul/2025:03:02:42 +0000] "GET /wp-content/plugins/elementor/assets/lib/font-awesome/js/v4-shims.min.js?ver=3.30.2 HTTP/1.1" 200 4209 "https://akaventures.com.au/click.php" "Mozilla/5.0 (Windows NT 10.0; Win64; x64) AppleWebKit/537.36 (KHTML, like Gecko) Chrome/109.0.0.0 Safari/537.36"
103.84.88.143 - - [21/Jul/2025:03:02:42 +0000] "GET /wp-content/plugins/metform/public/assets/js/app.js?ver=4.0.2 HTTP/1.1" 200 160764 "https://akaventures.com.au/click.php" "Mozilla/5.0 (Windows NT 10.0; Win64; x64) AppleWebKit/537.36 (KHTML, like Gecko) Chrome/109.0.0.0 Safari/537.36"
103.84.88.143 - - [21/Jul/2025:03:02:43 +0000] "GET /wp-content/plugins/elementor-pro/assets/js/webpack-pro.runtime.min.js?ver=3.28.3 HTTP/1.1" 200 2858 "https://akaventures.com.au/click.php" "Mozilla/5.0 (Windows NT 10.0; Win64; x64) AppleWebKit/537.36 (KHTML, like Gecko) Chrome/109.0.0.0 Safari/537.36"
103.84.88.143 - - [21/Jul/2025:03:02:43 +0000] "GET /wp-includes/js/dist/hooks.min.js?ver=4d63a3d491d11ffd8ac6 HTTP/1.1" 200 1648 "https://akaventures.com.au/click.php" "Mozilla/5.0 (Windows NT 10.0; Win64; x64) AppleWebKit/537.36 (KHTML, like Gecko) Chrome/109.0.0.0 Safari/537.36"
103.84.88.143 - - [21/Jul/2025:03:02:43 +0000] "GET /wp-includes/js/dist/i18n.min.js?ver=5e580eb46a90c2b997e6 HTTP/1.1" 200 3667 "https://akaventures.com.au/click.php" "Mozilla/5.0 (Windows NT 10.0; Win64; x64) AppleWebKit/537.36 (KHTML, like Gecko) Chrome/109.0.0.0 Safari/537.36"
103.84.88.143 - - [21/Jul/2025:03:02:43 +0000] "GET /wp-content/plugins/elementor-pro/assets/js/frontend.min.js?ver=3.28.3 HTTP/1.1" 200 6510 "https://akaventures.com.au/click.php" "Mozilla/5.0 (Windows NT 10.0; Win64; x64) AppleWebKit/537.36 (KHTML, like Gecko) Chrome/109.0.0.0 Safari/537.36"
103.84.88.143 - - [21/Jul/2025:03:02:43 +0000] "GET /wp-content/plugins/elementor-pro/assets/js/elements-handlers.min.js?ver=3.28.3 HTTP/1.1" 200 10701 "https://akaventures.com.au/click.php" "Mozilla/5.0 (Windows NT 10.0; Win64; x64) AppleWebKit/537.36 (KHTML, like Gecko) Chrome/109.0.0.0 Safari/537.36"
103.84.88.143 - - [21/Jul/2025:03:02:43 +0000] "GET /wp-content/plugins/elementskit-lite/widgets/init/assets/js/animate-circle.min.js?ver=3.5.5 HTTP/1.1" 200 451 "https://akaventures.com.au/click.php" "Mozilla/5.0 (Windows NT 10.0; Win64; x64) AppleWebKit/537.36 (KHTML, like Gecko) Chrome/109.0.0.0 Safari/537.36"
103.84.88.143 - - [21/Jul/2025:03:02:43 +0000] "GET /wp-content/plugins/elementskit-lite/widgets/init/assets/js/elementor.js?ver=3.5.5 HTTP/1.1" 200 5600 "https://akaventures.com.au/click.php" "Mozilla/5.0 (Windows NT 10.0; Win64; x64) AppleWebKit/537.36 (KHTML, like Gecko) Chrome/109.0.0.0 Safari/537.36"
103.84.88.143 - - [21/Jul/2025:03:02:43 +0000] "GET /wp-content/uploads/2024/11/LOGO-1.png HTTP/1.1" 200 5055 "https://akaventures.com.au/click.php" "Mozilla/5.0 (Windows NT 10.0; Win64; x64) AppleWebKit/537.36 (KHTML, like Gecko) Chrome/109.0.0.0 Safari/537.36"
103.84.88.143 - - [21/Jul/2025:03:02:43 +0000] "GET /wp-includes/js/wp-emoji-release.min.js?ver=6.8.2 HTTP/1.1" 200 5163 "https://akaventures.com.au/click.php" "Mozilla/5.0 (Windows NT 10.0; Win64; x64) AppleWebKit/537.36 (KHTML, like Gecko) Chrome/109.0.0.0 Safari/537.36"
103.84.88.143 - - [21/Jul/2025:03:02:43 +0000] "GET /wp-content/plugins/elementor/assets/js/section-frontend-handlers.d85ab872da118940910d.bundle.min.js HTTP/1.1" 200 297 "https://akaventures.com.au/click.php" "Mozilla/5.0 (Windows NT 10.0; Win64; x64) AppleWebKit/537.36 (KHTML, like Gecko) Chrome/109.0.0.0 Safari/537.36"
103.84.88.143 - - [21/Jul/2025:03:02:43 +0000] "GET /wp-content/plugins/elementor/assets/js/text-editor.c084ef86600b6f11690d.bundle.min.js HTTP/1.1" 200 685 "https://akaventures.com.au/click.php" "Mozilla/5.0 (Windows NT 10.0; Win64; x64) AppleWebKit/537.36 (KHTML, like Gecko) Chrome/109.0.0.0 Safari/537.36"
103.84.88.143 - - [21/Jul/2025:03:02:43 +0000] "GET /wp-content/plugins/elementor/assets/js/shared-frontend-handlers.30dc2f9c080845a413a6.bundle.min.js HTTP/1.1" 200 2682 "https://akaventures.com.au/click.php" "Mozilla/5.0 (Windows NT 10.0; Win64; x64) AppleWebKit/537.36 (KHTML, like Gecko) Chrome/109.0.0.0 Safari/537.36"
103.84.88.143 - - [21/Jul/2025:03:02:43 +0000] "GET /wp-content/plugins/elementor/assets/lib/font-awesome/webfonts/fa-solid-900.woff2 HTTP/1.1" 200 78099 "https://akaventures.com.au/wp-content/plugins/elementor/assets/lib/font-awesome/css/all.min.css?ver=3.30.2" "Mozilla/5.0 (Windows NT 10.0; Win64; x64) AppleWebKit/537.36 (KHTML, like Gecko) Chrome/109.0.0.0 Safari/537.36"
209.74.77.214 - - [21/Jul/2025:03:02:43 +0000] "POST /wp-cron.php?doing_wp_cron=1753066963.7741510868072509765625 HTTP/1.1" 200 - "-" "WordPress/6.8.2; https://akaventures.com.au"
103.84.88.143 - - [21/Jul/2025:03:02:43 +0000] "POST /wp-json/metform/v1/forms/views/1876 HTTP/1.1" 200 - "https://akaventures.com.au/click.php" "Mozilla/5.0 (Windows NT 10.0; Win64; x64) AppleWebKit/537.36 (KHTML, like Gecko) Chrome/109.0.0.0 Safari/537.36"
103.84.88.143 - - [21/Jul/2025:03:03:12 +0000] "GET /db.php/allsitemap.xml HTTP/1.1" 404 - "-" "Mozilla/5.0 (Windows NT 10.0; Win64; x64) AppleWebKit/537.36 (KHTML, like Gecko) Chrome/109.0.0.0 Safari/537.36"
209.74.77.214 - - [21/Jul/2025:03:03:37 +0000] "POST /wp-cron.php?doing_wp_cron=1753067017.0379240512847900390625 HTTP/1.1" 200 - "-" "WordPress/6.8.2; https://akaventures.com.au"
47.82.11.30 - - [21/Jul/2025:03:03:35 +0000] "GET /?y=5353302031940&mod=7d0bbf7a&uri=pin.php?id%3D178719-322%26name%3Dkenmore+ultra+wash+portable+dishwasher HTTP/1.1" 301 - "https://akaventures.com.au/?y=5353302031940&mod=7d0bbf7a&uri=pin.php%3Fid%3D178719-322%26name%3Dkenmore+ultra+wash+portable+dishwasher" "Mozilla/5.0 (Windows NT 10.0; Win64; x64) AppleWebKit/537.36 (KHTML, like Gecko) Chrome/114.0.0.0 Safari/537.36 Edg/114.0.1823.43"
47.82.11.30 - - [21/Jul/2025:03:03:37 +0000] "GET /?y=5353302031940&mod=7d0bbf7a&uri=pin.php?id%3D178719-322%26name%3Dkenmore%20ultra%20wash%20portable%20dishwasher HTTP/1.1" 301 - "https://akaventures.com.au/?y=5353302031940&mod=7d0bbf7a&uri=pin.php%3Fid%3D178719-322%26name%3Dkenmore+ultra+wash+portable+dishwasher" "Mozilla/5.0 (Windows NT 10.0; Win64; x64) AppleWebKit/537.36 (KHTML, like Gecko) Chrome/114.0.0.0 Safari/537.36 Edg/114.0.1823.43"
209.74.77.214 - - [21/Jul/2025:03:05:09 +0000] "POST /wp-cron.php?doing_wp_cron=1753067109.8471360206604003906250 HTTP/1.1" 200 - "-" "WordPress/6.8.2; https://akaventures.com.au"
47.82.11.12 - - [21/Jul/2025:03:05:08 +0000] "GET /?y=5576952001940&mod=576de785&uri=product.php?id%3D186180-330%26name%3Dtado+connector+kit HTTP/1.1" 301 - "https://akaventures.com.au/?y=5576952001940&mod=576de785&uri=product.php%3Fid%3D186180-330%26name%3Dtado+connector+kit" "Mozilla/5.0 (Windows NT 10.0; Win64; x64) AppleWebKit/537.36 (KHTML, like Gecko) Chrome/114.0.0.0 Safari/537.36 Edg/114.0.1823.43"
47.82.11.12 - - [21/Jul/2025:03:05:10 +0000] "GET /?y=5576952001940&mod=576de785&uri=product.php?id%3D186180-330%26name%3Dtado%20connector%20kit HTTP/1.1" 301 - "https://akaventures.com.au/?y=5576952001940&mod=576de785&uri=product.php%3Fid%3D186180-330%26name%3Dtado+connector+kit" "Mozilla/5.0 (Windows NT 10.0; Win64; x64) AppleWebKit/537.36 (KHTML, like Gecko) Chrome/114.0.0.0 Safari/537.36 Edg/114.0.1823.43"
209.74.77.214 - - [21/Jul/2025:03:07:13 +0000] "POST /wp-cron.php?doing_wp_cron=1753067233.1785459518432617187500 HTTP/1.1" 200 - "-" "WordPress/6.8.2; https://akaventures.com.au"
47.82.11.45 - - [21/Jul/2025:03:07:11 +0000] "GET /?y=5619450041940&mod=f18398f8&uri=info.php?id%3D187624-332%26name%3Dsagada+gadi+dj HTTP/1.1" 301 - "https://akaventures.com.au/?y=5619450041940&mod=f18398f8&uri=info.php%3Fid%3D187624-332%26name%3Dsagada+gadi+dj" "Mozilla/5.0 (Windows NT 10.0; Win64; x64) AppleWebKit/537.36 (KHTML, like Gecko) Chrome/114.0.0.0 Safari/537.36 Edg/114.0.1823.43"
47.82.11.45 - - [21/Jul/2025:03:07:13 +0000] "GET /?y=5619450041940&mod=f18398f8&uri=info.php?id%3D187624-332%26name%3Dsagada%20gadi%20dj HTTP/1.1" 301 - "https://akaventures.com.au/?y=5619450041940&mod=f18398f8&uri=info.php%3Fid%3D187624-332%26name%3Dsagada+gadi+dj" "Mozilla/5.0 (Windows NT 10.0; Win64; x64) AppleWebKit/537.36 (KHTML, like Gecko) Chrome/114.0.0.0 Safari/537.36 Edg/114.0.1823.43"
209.74.77.214 - - [21/Jul/2025:03:15:57 +0000] "POST /wp-cron.php?doing_wp_cron=1753067757.4468948841094970703125 HTTP/1.1" 200 - "-" "WordPress/6.8.2; https://akaventures.com.au"
47.82.11.44 - - [21/Jul/2025:03:15:55 +0000] "GET /?y=5727274041940&mod=ed6e6434&uri=article.php?id%3D191258-334%26name%3Dkurulus+osman+bolum+in+urdu HTTP/1.1" 301 - "https://akaventures.com.au/?y=5727274041940&mod=ed6e6434&uri=article.php%3Fid%3D191258-334%26name%3Dkurulus+osman+bolum+in+urdu" "Mozilla/5.0 (Windows NT 10.0; Win64; x64) AppleWebKit/537.36 (KHTML, like Gecko) Chrome/114.0.0.0 Safari/537.36 Edg/114.0.1823.43"
47.82.11.44 - - [21/Jul/2025:03:15:57 +0000] "GET /?y=5727274041940&mod=ed6e6434&uri=article.php?id%3D191258-334%26name%3Dkurulus%20osman%20bolum%20in%20urdu HTTP/1.1" 301 - "https://akaventures.com.au/?y=5727274041940&mod=ed6e6434&uri=article.php%3Fid%3D191258-334%26name%3Dkurulus+osman+bolum+in+urdu" "Mozilla/5.0 (Windows NT 10.0; Win64; x64) AppleWebKit/537.36 (KHTML, like Gecko) Chrome/114.0.0.0 Safari/537.36 Edg/114.0.1823.43"
209.74.77.214 - - [21/Jul/2025:03:18:08 +0000] "POST /wp-cron.php?doing_wp_cron=1753067888.8095231056213378906250 HTTP/1.1" 200 - "-" "WordPress/6.8.2; https://akaventures.com.au"
47.82.11.49 - - [21/Jul/2025:03:18:07 +0000] "GET /?y=5211885041940&mod=32f79142&uri=pin.php?id%3D173992-139%26name%3Demporio+armani+symbol HTTP/1.1" 301 - "https://akaventures.com.au/?y=5211885041940&mod=32f79142&uri=pin.php%3Fid%3D173992-139%26name%3Demporio+armani+symbol" "Mozilla/5.0 (Windows NT 10.0; Win64; x64) AppleWebKit/537.36 (KHTML, like Gecko) Chrome/114.0.0.0 Safari/537.36 Edg/114.0.1823.43"
