20.171.207.59 - - [20/Jul/2025:19:01:38 +0000] "GET /entity/1909489547.shtm HTTP/1.1" 404 13292 "-" "Mozilla/5.0 AppleWebKit/537.36 (KHTML, like Gecko; compatible; GPTBot/1.2; +https://openai.com/gptbot)"
209.74.77.214 - - [20/Jul/2025:19:01:42 +0000] "POST /wp-cron.php?doing_wp_cron=1753038102.5960381031036376953125 HTTP/1.1" 200 - "-" "WordPress/6.8.2; https://akaventures.com.au"
20.171.207.59 - - [20/Jul/2025:19:01:42 +0000] "GET /entity/1909597976.shtm HTTP/1.1" 404 13292 "-" "Mozilla/5.0 AppleWebKit/537.36 (KHTML, like Gecko; compatible; GPTBot/1.2; +https://openai.com/gptbot)"
20.171.207.59 - - [20/Jul/2025:19:01:46 +0000] "GET /entity/1618979144.shtm HTTP/1.1" 404 13292 "-" "Mozilla/5.0 AppleWebKit/537.36 (KHTML, like Gecko; compatible; GPTBot/1.2; +https://openai.com/gptbot)"
20.171.207.59 - - [20/Jul/2025:19:01:47 +0000] "GET /entity/1909831749.shtm HTTP/1.1" 404 13292 "-" "Mozilla/5.0 AppleWebKit/537.36 (KHTML, like Gecko; compatible; GPTBot/1.2; +https://openai.com/gptbot)"
20.171.207.59 - - [20/Jul/2025:19:01:51 +0000] "GET /entity/1909596245.shtm HTTP/1.1" 404 13292 "-" "Mozilla/5.0 AppleWebKit/537.36 (KHTML, like Gecko; compatible; GPTBot/1.2; +https://openai.com/gptbot)"
20.171.207.59 - - [20/Jul/2025:19:01:55 +0000] "GET /entity/1619508705.shtm HTTP/1.1" 404 13292 "-" "Mozilla/5.0 AppleWebKit/537.36 (KHTML, like Gecko; compatible; GPTBot/1.2; +https://openai.com/gptbot)"
209.74.77.214 - - [20/Jul/2025:19:02:00 +0000] "POST /wp-cron.php?doing_wp_cron=1753038120.1955149173736572265625 HTTP/1.1" 200 - "-" "WordPress/6.8.2; https://akaventures.com.au"
20.171.207.59 - - [20/Jul/2025:19:01:59 +0000] "GET /entity/1909650170.shtm HTTP/1.1" 404 13292 "-" "Mozilla/5.0 AppleWebKit/537.36 (KHTML, like Gecko; compatible; GPTBot/1.2; +https://openai.com/gptbot)"
209.74.77.214 - - [20/Jul/2025:19:02:04 +0000] "POST /wp-cron.php?doing_wp_cron=1753038124.2318940162658691406250 HTTP/1.1" 200 - "-" "WordPress/6.8.2; https://akaventures.com.au"
20.171.207.59 - - [20/Jul/2025:19:02:03 +0000] "GET /entity/1909731800.shtm HTTP/1.1" 404 13292 "-" "Mozilla/5.0 AppleWebKit/537.36 (KHTML, like Gecko; compatible; GPTBot/1.2; +https://openai.com/gptbot)"
20.171.207.59 - - [20/Jul/2025:19:02:05 +0000] "GET /entity/1909729033.shtm HTTP/1.1" 404 13292 "-" "Mozilla/5.0 AppleWebKit/537.36 (KHTML, like Gecko; compatible; GPTBot/1.2; +https://openai.com/gptbot)"
20.171.207.59 - - [20/Jul/2025:19:02:09 +0000] "GET /entity/1619194722.shtm HTTP/1.1" 404 13292 "-" "Mozilla/5.0 AppleWebKit/537.36 (KHTML, like Gecko; compatible; GPTBot/1.2; +https://openai.com/gptbot)"
20.171.207.59 - - [20/Jul/2025:19:02:12 +0000] "GET /entity/1909311895.shtm HTTP/1.1" 404 13292 "-" "Mozilla/5.0 AppleWebKit/537.36 (KHTML, like Gecko; compatible; GPTBot/1.2; +https://openai.com/gptbot)"
47.79.243.232 - - [20/Jul/2025:19:02:15 +0000] "GET /?y=5212899041940&mod=75a380a0&uri=search.php?id%3D174028-187%26name%3Dtoday+ipl+match+delhi+score HTTP/1.1" 301 - "https://akaventures.com.au/?y=5212899041940&mod=75a380a0&uri=search.php%3Fid%3D174028-187%26name%3Dtoday+ipl+match+delhi+score" "Mozilla/5.0 (Windows NT 10.0; Win64; x64) AppleWebKit/537.36 (KHTML, like Gecko) Chrome/114.0.0.0 Safari/537.36 Edg/114.0.1823.43"
47.79.243.232 - - [20/Jul/2025:19:02:16 +0000] "GET /?y=5212899041940&mod=75a380a0&uri=search.php?id%3D174028-187%26name%3Dtoday%20ipl%20match%20delhi%20score HTTP/1.1" 301 - "https://akaventures.com.au/?y=5212899041940&mod=75a380a0&uri=search.php%3Fid%3D174028-187%26name%3Dtoday+ipl+match+delhi+score" "Mozilla/5.0 (Windows NT 10.0; Win64; x64) AppleWebKit/537.36 (KHTML, like Gecko) Chrome/114.0.0.0 Safari/537.36 Edg/114.0.1823.43"
20.171.207.59 - - [20/Jul/2025:19:02:16 +0000] "GET /entity/1618984670.shtm HTTP/1.1" 404 13292 "-" "Mozilla/5.0 AppleWebKit/537.36 (KHTML, like Gecko; compatible; GPTBot/1.2; +https://openai.com/gptbot)"
20.171.207.59 - - [20/Jul/2025:19:02:20 +0000] "GET /entity/1618979144.shtm HTTP/1.1" 404 13292 "-" "Mozilla/5.0 AppleWebKit/537.36 (KHTML, like Gecko; compatible; GPTBot/1.2; +https://openai.com/gptbot)"
20.171.207.59 - - [20/Jul/2025:19:02:21 +0000] "GET /entity/1909520143.shtm HTTP/1.1" 404 13292 "-" "Mozilla/5.0 AppleWebKit/537.36 (KHTML, like Gecko; compatible; GPTBot/1.2; +https://openai.com/gptbot)"
20.171.207.59 - - [20/Jul/2025:19:02:25 +0000] "GET /entity/1909618611.shtm HTTP/1.1" 404 13292 "-" "Mozilla/5.0 AppleWebKit/537.36 (KHTML, like Gecko; compatible; GPTBot/1.2; +https://openai.com/gptbot)"
20.171.207.59 - - [20/Jul/2025:19:02:30 +0000] "GET /entity/1619290492.shtm HTTP/1.1" 404 13292 "-" "Mozilla/5.0 AppleWebKit/537.36 (KHTML, like Gecko; compatible; GPTBot/1.2; +https://openai.com/gptbot)"
20.171.207.59 - - [20/Jul/2025:19:02:31 +0000] "GET /entity/1909611931.shtm HTTP/1.1" 404 13292 "-" "Mozilla/5.0 AppleWebKit/537.36 (KHTML, like Gecko; compatible; GPTBot/1.2; +https://openai.com/gptbot)"
20.171.207.59 - - [20/Jul/2025:19:02:34 +0000] "GET /entity/1909380409.shtm HTTP/1.1" 404 13292 "-" "Mozilla/5.0 AppleWebKit/537.36 (KHTML, like Gecko; compatible; GPTBot/1.2; +https://openai.com/gptbot)"
20.171.207.59 - - [20/Jul/2025:19:02:39 +0000] "GET /entity/1909489677.shtm HTTP/1.1" 404 13292 "-" "Mozilla/5.0 AppleWebKit/537.36 (KHTML, like Gecko; compatible; GPTBot/1.2; +https://openai.com/gptbot)"
209.74.77.214 - - [20/Jul/2025:19:02:43 +0000] "POST /wp-cron.php?doing_wp_cron=1753038163.3464961051940917968750 HTTP/1.1" 200 - "-" "WordPress/6.8.2; https://akaventures.com.au"
20.171.207.59 - - [20/Jul/2025:19:02:43 +0000] "GET /entity/1909816317.shtm HTTP/1.1" 404 13292 "-" "Mozilla/5.0 AppleWebKit/537.36 (KHTML, like Gecko; compatible; GPTBot/1.2; +https://openai.com/gptbot)"
20.171.207.59 - - [20/Jul/2025:19:02:44 +0000] "GET /entity/1909540774.shtm HTTP/1.1" 404 13292 "-" "Mozilla/5.0 AppleWebKit/537.36 (KHTML, like Gecko; compatible; GPTBot/1.2; +https://openai.com/gptbot)"
20.171.207.59 - - [20/Jul/2025:19:02:47 +0000] "GET /entity/1619090275.shtm HTTP/1.1" 404 13292 "-" "Mozilla/5.0 AppleWebKit/537.36 (KHTML, like Gecko; compatible; GPTBot/1.2; +https://openai.com/gptbot)"
20.171.207.59 - - [20/Jul/2025:19:02:51 +0000] "GET /entity/1909658656.shtm HTTP/1.1" 404 13292 "-" "Mozilla/5.0 AppleWebKit/537.36 (KHTML, like Gecko; compatible; GPTBot/1.2; +https://openai.com/gptbot)"
20.171.207.59 - - [20/Jul/2025:19:02:55 +0000] "GET /entity/1619389149.shtm HTTP/1.1" 404 13292 "-" "Mozilla/5.0 AppleWebKit/537.36 (KHTML, like Gecko; compatible; GPTBot/1.2; +https://openai.com/gptbot)"
20.171.207.59 - - [20/Jul/2025:19:02:56 +0000] "GET /entity/1619315944.shtm HTTP/1.1" 404 13292 "-" "Mozilla/5.0 AppleWebKit/537.36 (KHTML, like Gecko; compatible; GPTBot/1.2; +https://openai.com/gptbot)"
20.171.207.59 - - [20/Jul/2025:19:03:00 +0000] "GET /entity/1619290492.shtm HTTP/1.1" 404 13291 "-" "Mozilla/5.0 AppleWebKit/537.36 (KHTML, like Gecko; compatible; GPTBot/1.2; +https://openai.com/gptbot)"
209.74.77.214 - - [20/Jul/2025:19:03:04 +0000] "POST /wp-cron.php?doing_wp_cron=1753038184.8588140010833740234375 HTTP/1.1" 200 - "-" "WordPress/6.8.2; https://akaventures.com.au"
20.171.207.59 - - [20/Jul/2025:19:03:04 +0000] "GET /entity/1619212659.shtm HTTP/1.1" 404 13291 "-" "Mozilla/5.0 AppleWebKit/537.36 (KHTML, like Gecko; compatible; GPTBot/1.2; +https://openai.com/gptbot)"
20.171.207.59 - - [20/Jul/2025:19:03:08 +0000] "GET /entity/1619242093.shtm HTTP/1.1" 404 13291 "-" "Mozilla/5.0 AppleWebKit/537.36 (KHTML, like Gecko; compatible; GPTBot/1.2; +https://openai.com/gptbot)"
20.171.207.59 - - [20/Jul/2025:19:03:12 +0000] "GET /entity/1618979717.shtm HTTP/1.1" 404 13292 "-" "Mozilla/5.0 AppleWebKit/537.36 (KHTML, like Gecko; compatible; GPTBot/1.2; +https://openai.com/gptbot)"
20.171.207.59 - - [20/Jul/2025:19:03:13 +0000] "GET /entity/1619223843.shtm HTTP/1.1" 404 13292 "-" "Mozilla/5.0 AppleWebKit/537.36 (KHTML, like Gecko; compatible; GPTBot/1.2; +https://openai.com/gptbot)"
20.171.207.59 - - [20/Jul/2025:19:03:17 +0000] "GET /entity/1909407023.shtm HTTP/1.1" 404 13292 "-" "Mozilla/5.0 AppleWebKit/537.36 (KHTML, like Gecko; compatible; GPTBot/1.2; +https://openai.com/gptbot)"
20.171.207.59 - - [20/Jul/2025:19:03:22 +0000] "GET /entity/1909447255.shtm HTTP/1.1" 404 13292 "-" "Mozilla/5.0 AppleWebKit/537.36 (KHTML, like Gecko; compatible; GPTBot/1.2; +https://openai.com/gptbot)"
20.171.207.59 - - [20/Jul/2025:19:03:23 +0000] "GET /entity/1909792411.shtm HTTP/1.1" 404 13292 "-" "Mozilla/5.0 AppleWebKit/537.36 (KHTML, like Gecko; compatible; GPTBot/1.2; +https://openai.com/gptbot)"
20.171.207.59 - - [20/Jul/2025:19:03:26 +0000] "GET /entity/1619499390.shtm HTTP/1.1" 404 13292 "-" "Mozilla/5.0 AppleWebKit/537.36 (KHTML, like Gecko; compatible; GPTBot/1.2; +https://openai.com/gptbot)"
20.171.207.59 - - [20/Jul/2025:19:03:30 +0000] "GET /entity/1619089113.shtm HTTP/1.1" 404 13292 "-" "Mozilla/5.0 AppleWebKit/537.36 (KHTML, like Gecko; compatible; GPTBot/1.2; +https://openai.com/gptbot)"
20.171.207.59 - - [20/Jul/2025:19:03:34 +0000] "GET /entity/1619377648.shtm HTTP/1.1" 404 13292 "-" "Mozilla/5.0 AppleWebKit/537.36 (KHTML, like Gecko; compatible; GPTBot/1.2; +https://openai.com/gptbot)"
20.171.207.59 - - [20/Jul/2025:19:03:38 +0000] "GET /entity/1909285281.shtm HTTP/1.1" 404 13292 "-" "Mozilla/5.0 AppleWebKit/537.36 (KHTML, like Gecko; compatible; GPTBot/1.2; +https://openai.com/gptbot)"
20.171.207.59 - - [20/Jul/2025:19:03:39 +0000] "GET /entity/1619281878.shtm HTTP/1.1" 404 13292 "-" "Mozilla/5.0 AppleWebKit/537.36 (KHTML, like Gecko; compatible; GPTBot/1.2; +https://openai.com/gptbot)"
209.74.77.214 - - [20/Jul/2025:19:03:44 +0000] "POST /wp-cron.php?doing_wp_cron=1753038224.4301240444183349609375 HTTP/1.1" 200 - "-" "WordPress/6.8.2; https://akaventures.com.au"
20.171.207.59 - - [20/Jul/2025:19:03:44 +0000] "GET /entity/1619250449.shtm HTTP/1.1" 404 13292 "-" "Mozilla/5.0 AppleWebKit/537.36 (KHTML, like Gecko; compatible; GPTBot/1.2; +https://openai.com/gptbot)"
20.171.207.59 - - [20/Jul/2025:19:03:45 +0000] "GET /entity/1619437686.shtm HTTP/1.1" 404 13292 "-" "Mozilla/5.0 AppleWebKit/537.36 (KHTML, like Gecko; compatible; GPTBot/1.2; +https://openai.com/gptbot)"
20.171.207.59 - - [20/Jul/2025:19:03:52 +0000] "GET /entity/1619039044.shtm HTTP/1.1" 404 13292 "-" "Mozilla/5.0 AppleWebKit/537.36 (KHTML, like Gecko; compatible; GPTBot/1.2; +https://openai.com/gptbot)"
20.171.207.59 - - [20/Jul/2025:19:03:52 +0000] "GET /entity/1909526892.shtm HTTP/1.1" 404 13292 "-" "Mozilla/5.0 AppleWebKit/537.36 (KHTML, like Gecko; compatible; GPTBot/1.2; +https://openai.com/gptbot)"
20.171.207.59 - - [20/Jul/2025:19:03:57 +0000] "GET /entity/1909306690.shtm HTTP/1.1" 404 13292 "-" "Mozilla/5.0 AppleWebKit/537.36 (KHTML, like Gecko; compatible; GPTBot/1.2; +https://openai.com/gptbot)"
209.74.77.214 - - [20/Jul/2025:19:04:02 +0000] "POST /wp-cron.php?doing_wp_cron=1753038242.6898949146270751953125 HTTP/1.1" 200 - "-" "WordPress/6.8.2; https://akaventures.com.au"
20.171.207.59 - - [20/Jul/2025:19:04:01 +0000] "GET /entity/1909534411.shtm HTTP/1.1" 404 13292 "-" "Mozilla/5.0 AppleWebKit/537.36 (KHTML, like Gecko; compatible; GPTBot/1.2; +https://openai.com/gptbot)"
20.171.207.59 - - [20/Jul/2025:19:04:05 +0000] "GET /entity/1619410942.shtm HTTP/1.1" 404 13292 "-" "Mozilla/5.0 AppleWebKit/537.36 (KHTML, like Gecko; compatible; GPTBot/1.2; +https://openai.com/gptbot)"
20.171.207.59 - - [20/Jul/2025:19:04:09 +0000] "GET /entity/1909758414.shtm HTTP/1.1" 404 13292 "-" "Mozilla/5.0 AppleWebKit/537.36 (KHTML, like Gecko; compatible; GPTBot/1.2; +https://openai.com/gptbot)"
20.171.207.59 - - [20/Jul/2025:19:04:10 +0000] "GET /entity/1909285281.shtm HTTP/1.1" 404 13292 "-" "Mozilla/5.0 AppleWebKit/537.36 (KHTML, like Gecko; compatible; GPTBot/1.2; +https://openai.com/gptbot)"
20.171.207.59 - - [20/Jul/2025:19:04:13 +0000] "GET /entity/1909740611.shtm HTTP/1.1" 404 13292 "-" "Mozilla/5.0 AppleWebKit/537.36 (KHTML, like Gecko; compatible; GPTBot/1.2; +https://openai.com/gptbot)"
20.171.207.59 - - [20/Jul/2025:19:04:18 +0000] "GET /entity/1909742984.shtm HTTP/1.1" 404 13292 "-" "Mozilla/5.0 AppleWebKit/537.36 (KHTML, like Gecko; compatible; GPTBot/1.2; +https://openai.com/gptbot)"
20.171.207.59 - - [20/Jul/2025:19:04:21 +0000] "GET /entity/1909654674.shtm HTTP/1.1" 404 13292 "-" "Mozilla/5.0 AppleWebKit/537.36 (KHTML, like Gecko; compatible; GPTBot/1.2; +https://openai.com/gptbot)"
20.171.207.59 - - [20/Jul/2025:19:04:22 +0000] "GET /entity/1909311245.shtm HTTP/1.1" 404 13292 "-" "Mozilla/5.0 AppleWebKit/537.36 (KHTML, like Gecko; compatible; GPTBot/1.2; +https://openai.com/gptbot)"
20.171.207.59 - - [20/Jul/2025:19:04:26 +0000] "GET /entity/1619547978.shtm HTTP/1.1" 404 13292 "-" "Mozilla/5.0 AppleWebKit/537.36 (KHTML, like Gecko; compatible; GPTBot/1.2; +https://openai.com/gptbot)"
20.171.207.59 - - [20/Jul/2025:19:04:30 +0000] "GET /entity/1618959921.shtm HTTP/1.1" 404 13292 "-" "Mozilla/5.0 AppleWebKit/537.36 (KHTML, like Gecko; compatible; GPTBot/1.2; +https://openai.com/gptbot)"
20.171.207.59 - - [20/Jul/2025:19:04:35 +0000] "GET /entity/1619218049.shtm HTTP/1.1" 404 13293 "-" "Mozilla/5.0 AppleWebKit/537.36 (KHTML, like Gecko; compatible; GPTBot/1.2; +https://openai.com/gptbot)"
20.171.207.59 - - [20/Jul/2025:19:04:38 +0000] "GET /entity/1909387217.shtm HTTP/1.1" 404 13293 "-" "Mozilla/5.0 AppleWebKit/537.36 (KHTML, like Gecko; compatible; GPTBot/1.2; +https://openai.com/gptbot)"
20.171.207.59 - - [20/Jul/2025:19:04:39 +0000] "GET /entity/1909371795.shtm HTTP/1.1" 404 13293 "-" "Mozilla/5.0 AppleWebKit/537.36 (KHTML, like Gecko; compatible; GPTBot/1.2; +https://openai.com/gptbot)"
209.74.77.214 - - [20/Jul/2025:19:04:43 +0000] "POST /wp-cron.php?doing_wp_cron=1753038283.0425779819488525390625 HTTP/1.1" 200 - "-" "WordPress/6.8.2; https://akaventures.com.au"
20.171.207.59 - - [20/Jul/2025:19:04:42 +0000] "GET /entity/1619133018.shtm HTTP/1.1" 404 13293 "-" "Mozilla/5.0 AppleWebKit/537.36 (KHTML, like Gecko; compatible; GPTBot/1.2; +https://openai.com/gptbot)"
20.171.207.59 - - [20/Jul/2025:19:04:47 +0000] "GET /entity/1619430929.shtm HTTP/1.1" 404 13293 "-" "Mozilla/5.0 AppleWebKit/537.36 (KHTML, like Gecko; compatible; GPTBot/1.2; +https://openai.com/gptbot)"
20.171.207.59 - - [20/Jul/2025:19:04:50 +0000] "GET /entity/1909535565.shtm HTTP/1.1" 404 13292 "-" "Mozilla/5.0 AppleWebKit/537.36 (KHTML, like Gecko; compatible; GPTBot/1.2; +https://openai.com/gptbot)"
20.171.207.59 - - [20/Jul/2025:19:04:51 +0000] "GET /entity/1909654674.shtm HTTP/1.1" 404 13292 "-" "Mozilla/5.0 AppleWebKit/537.36 (KHTML, like Gecko; compatible; GPTBot/1.2; +https://openai.com/gptbot)"
20.171.207.59 - - [20/Jul/2025:19:04:55 +0000] "GET /entity/1909465058.shtm HTTP/1.1" 404 13293 "-" "Mozilla/5.0 AppleWebKit/537.36 (KHTML, like Gecko; compatible; GPTBot/1.2; +https://openai.com/gptbot)"
209.74.77.214 - - [20/Jul/2025:19:05:02 +0000] "POST /wp-cron.php?doing_wp_cron=1753038302.9254119396209716796875 HTTP/1.1" 200 - "-" "WordPress/6.8.2; https://akaventures.com.au"
20.171.207.59 - - [20/Jul/2025:19:05:02 +0000] "GET /entity/1909867416.shtm HTTP/1.1" 404 13292 "-" "Mozilla/5.0 AppleWebKit/537.36 (KHTML, like Gecko; compatible; GPTBot/1.2; +https://openai.com/gptbot)"
20.171.207.59 - - [20/Jul/2025:19:05:03 +0000] "GET /entity/1619370899.shtm HTTP/1.1" 404 13292 "-" "Mozilla/5.0 AppleWebKit/537.36 (KHTML, like Gecko; compatible; GPTBot/1.2; +https://openai.com/gptbot)"
20.171.207.59 - - [20/Jul/2025:19:05:06 +0000] "GET /entity/1909321403.shtm HTTP/1.1" 500 1046 "-" "Mozilla/5.0 AppleWebKit/537.36 (KHTML, like Gecko; compatible; GPTBot/1.2; +https://openai.com/gptbot)"
20.171.207.59 - - [20/Jul/2025:19:05:27 +0000] "GET /entity/1909449059.shtm HTTP/1.1" 404 13292 "-" "Mozilla/5.0 AppleWebKit/537.36 (KHTML, like Gecko; compatible; GPTBot/1.2; +https://openai.com/gptbot)"
20.171.207.59 - - [20/Jul/2025:19:05:36 +0000] "GET /entity/1909305270.shtm HTTP/1.1" 404 13293 "-" "Mozilla/5.0 AppleWebKit/537.36 (KHTML, like Gecko; compatible; GPTBot/1.2; +https://openai.com/gptbot)"
209.74.77.214 - - [20/Jul/2025:19:05:44 +0000] "POST /wp-cron.php?doing_wp_cron=1753038344.2825450897216796875000 HTTP/1.1" 200 - "-" "WordPress/6.8.2; https://akaventures.com.au"
20.171.207.59 - - [20/Jul/2025:19:05:44 +0000] "GET /entity/1619037890.shtm HTTP/1.1" 404 13293 "-" "Mozilla/5.0 AppleWebKit/537.36 (KHTML, like Gecko; compatible; GPTBot/1.2; +https://openai.com/gptbot)"
20.171.207.59 - - [20/Jul/2025:19:05:54 +0000] "GET /entity/1909771719.shtm HTTP/1.1" 404 13293 "-" "Mozilla/5.0 AppleWebKit/537.36 (KHTML, like Gecko; compatible; GPTBot/1.2; +https://openai.com/gptbot)"
209.74.77.214 - - [20/Jul/2025:19:06:04 +0000] "POST /wp-cron.php?doing_wp_cron=1753038364.4626560211181640625000 HTTP/1.1" 200 - "-" "WordPress/6.8.2; https://akaventures.com.au"
20.171.207.59 - - [20/Jul/2025:19:06:04 +0000] "GET /entity/1909435754.shtm HTTP/1.1" 404 13292 "-" "Mozilla/5.0 AppleWebKit/537.36 (KHTML, like Gecko; compatible; GPTBot/1.2; +https://openai.com/gptbot)"
20.171.207.59 - - [20/Jul/2025:19:06:12 +0000] "GET /entity/1909389728.shtm HTTP/1.1" 404 13292 "-" "Mozilla/5.0 AppleWebKit/537.36 (KHTML, like Gecko; compatible; GPTBot/1.2; +https://openai.com/gptbot)"
20.171.207.59 - - [20/Jul/2025:19:06:21 +0000] "GET /entity/1619341908.shtm HTTP/1.1" 404 13292 "-" "Mozilla/5.0 AppleWebKit/537.36 (KHTML, like Gecko; compatible; GPTBot/1.2; +https://openai.com/gptbot)"
20.171.207.59 - - [20/Jul/2025:19:06:30 +0000] "GET /entity/1619055177.shtm HTTP/1.1" 404 13292 "-" "Mozilla/5.0 AppleWebKit/537.36 (KHTML, like Gecko; compatible; GPTBot/1.2; +https://openai.com/gptbot)"
20.171.207.59 - - [20/Jul/2025:19:06:40 +0000] "GET /entity/1619003761.shtm HTTP/1.1" 404 13292 "-" "Mozilla/5.0 AppleWebKit/537.36 (KHTML, like Gecko; compatible; GPTBot/1.2; +https://openai.com/gptbot)"
209.74.77.214 - - [20/Jul/2025:19:06:51 +0000] "POST /wp-cron.php?doing_wp_cron=1753038411.1379790306091308593750 HTTP/1.1" 200 - "-" "WordPress/6.8.2; https://akaventures.com.au"
20.171.207.59 - - [20/Jul/2025:19:06:50 +0000] "GET /entity/1909807833.shtm HTTP/1.1" 404 13292 "-" "Mozilla/5.0 AppleWebKit/537.36 (KHTML, like Gecko; compatible; GPTBot/1.2; +https://openai.com/gptbot)"
20.171.207.59 - - [20/Jul/2025:19:06:58 +0000] "GET /entity/1909760592.shtm HTTP/1.1" 404 13293 "-" "Mozilla/5.0 AppleWebKit/537.36 (KHTML, like Gecko; compatible; GPTBot/1.2; +https://openai.com/gptbot)"
209.74.77.214 - - [20/Jul/2025:19:07:10 +0000] "POST /wp-cron.php?doing_wp_cron=1753038430.6016430854797363281250 HTTP/1.1" 200 - "-" "WordPress/6.8.2; https://akaventures.com.au"
20.171.207.59 - - [20/Jul/2025:19:07:10 +0000] "GET /entity/1909596822.shtm HTTP/1.1" 404 13292 "-" "Mozilla/5.0 AppleWebKit/537.36 (KHTML, like Gecko; compatible; GPTBot/1.2; +https://openai.com/gptbot)"
20.171.207.59 - - [20/Jul/2025:19:07:18 +0000] "GET /entity/1619226533.shtm HTTP/1.1" 404 13292 "-" "Mozilla/5.0 AppleWebKit/537.36 (KHTML, like Gecko; compatible; GPTBot/1.2; +https://openai.com/gptbot)"
20.171.207.59 - - [20/Jul/2025:19:07:27 +0000] "GET /entity/1619233162.shtm HTTP/1.1" 404 13292 "-" "Mozilla/5.0 AppleWebKit/537.36 (KHTML, like Gecko; compatible; GPTBot/1.2; +https://openai.com/gptbot)"
20.171.207.59 - - [20/Jul/2025:19:07:36 +0000] "GET /entity/1619529397.shtm HTTP/1.1" 404 13293 "-" "Mozilla/5.0 AppleWebKit/537.36 (KHTML, like Gecko; compatible; GPTBot/1.2; +https://openai.com/gptbot)"
209.74.77.214 - - [20/Jul/2025:19:07:45 +0000] "POST /wp-cron.php?doing_wp_cron=1753038465.5709779262542724609375 HTTP/1.1" 200 - "-" "WordPress/6.8.2; https://akaventures.com.au"
20.171.207.59 - - [20/Jul/2025:19:07:45 +0000] "GET /entity/1909498161.shtm HTTP/1.1" 404 13293 "-" "Mozilla/5.0 AppleWebKit/537.36 (KHTML, like Gecko; compatible; GPTBot/1.2; +https://openai.com/gptbot)"
20.171.207.59 - - [20/Jul/2025:19:07:56 +0000] "GET /entity/1619383631.shtm HTTP/1.1" 404 13293 "-" "Mozilla/5.0 AppleWebKit/537.36 (KHTML, like Gecko; compatible; GPTBot/1.2; +https://openai.com/gptbot)"
209.74.77.214 - - [20/Jul/2025:19:08:05 +0000] "POST /wp-cron.php?doing_wp_cron=1753038485.6879479885101318359375 HTTP/1.1" 200 - "-" "WordPress/6.8.2; https://akaventures.com.au"
20.171.207.59 - - [20/Jul/2025:19:08:05 +0000] "GET /entity/1909502848.shtm HTTP/1.1" 404 13292 "-" "Mozilla/5.0 AppleWebKit/537.36 (KHTML, like Gecko; compatible; GPTBot/1.2; +https://openai.com/gptbot)"
20.171.207.59 - - [20/Jul/2025:19:08:14 +0000] "GET /entity/1909722481.shtm HTTP/1.1" 404 13292 "-" "Mozilla/5.0 AppleWebKit/537.36 (KHTML, like Gecko; compatible; GPTBot/1.2; +https://openai.com/gptbot)"
20.171.207.59 - - [20/Jul/2025:19:08:23 +0000] "GET /entity/1909545406.shtm HTTP/1.1" 404 13292 "-" "Mozilla/5.0 AppleWebKit/537.36 (KHTML, like Gecko; compatible; GPTBot/1.2; +https://openai.com/gptbot)"
20.171.207.59 - - [20/Jul/2025:19:08:32 +0000] "GET /entity/1909713997.shtm HTTP/1.1" 404 13292 "-" "Mozilla/5.0 AppleWebKit/537.36 (KHTML, like Gecko; compatible; GPTBot/1.2; +https://openai.com/gptbot)"
209.74.77.214 - - [20/Jul/2025:19:08:43 +0000] "POST /wp-cron.php?doing_wp_cron=1753038523.5853478908538818359375 HTTP/1.1" 200 - "-" "WordPress/6.8.2; https://akaventures.com.au"
20.171.207.59 - - [20/Jul/2025:19:08:43 +0000] "GET /entity/1619510891.shtm HTTP/1.1" 404 13293 "-" "Mozilla/5.0 AppleWebKit/537.36 (KHTML, like Gecko; compatible; GPTBot/1.2; +https://openai.com/gptbot)"
20.171.207.59 - - [20/Jul/2025:19:08:52 +0000] "GET /entity/1909849552.shtm HTTP/1.1" 404 13292 "-" "Mozilla/5.0 AppleWebKit/537.36 (KHTML, like Gecko; compatible; GPTBot/1.2; +https://openai.com/gptbot)"
20.171.207.59 - - [20/Jul/2025:19:09:00 +0000] "GET /entity/1619522075.shtm HTTP/1.1" 404 13292 "-" "Mozilla/5.0 AppleWebKit/537.36 (KHTML, like Gecko; compatible; GPTBot/1.2; +https://openai.com/gptbot)"
209.74.77.214 - - [20/Jul/2025:19:09:12 +0000] "POST /wp-cron.php?doing_wp_cron=1753038552.9807848930358886718750 HTTP/1.1" 200 - "-" "WordPress/6.8.2; https://akaventures.com.au"
20.171.207.59 - - [20/Jul/2025:19:09:12 +0000] "GET /entity/1909525088.shtm HTTP/1.1" 404 13292 "-" "Mozilla/5.0 AppleWebKit/537.36 (KHTML, like Gecko; compatible; GPTBot/1.2; +https://openai.com/gptbot)"
20.171.207.59 - - [20/Jul/2025:19:09:19 +0000] "GET /entity/1909249541.shtm HTTP/1.1" 404 13292 "-" "Mozilla/5.0 AppleWebKit/537.36 (KHTML, like Gecko; compatible; GPTBot/1.2; +https://openai.com/gptbot)"
20.171.207.59 - - [20/Jul/2025:19:09:31 +0000] "GET /entity/1909769787.shtm HTTP/1.1" 404 13292 "-" "Mozilla/5.0 AppleWebKit/537.36 (KHTML, like Gecko; compatible; GPTBot/1.2; +https://openai.com/gptbot)"
20.171.207.59 - - [20/Jul/2025:19:09:40 +0000] "GET /entity/1619013791.shtm HTTP/1.1" 404 13292 "-" "Mozilla/5.0 AppleWebKit/537.36 (KHTML, like Gecko; compatible; GPTBot/1.2; +https://openai.com/gptbot)"
209.74.77.214 - - [20/Jul/2025:19:09:50 +0000] "POST /wp-cron.php?doing_wp_cron=1753038590.0397450923919677734375 HTTP/1.1" 200 - "-" "WordPress/6.8.2; https://akaventures.com.au"
20.171.207.59 - - [20/Jul/2025:19:09:49 +0000] "GET /entity/1909782381.shtm HTTP/1.1" 404 13292 "-" "Mozilla/5.0 AppleWebKit/537.36 (KHTML, like Gecko; compatible; GPTBot/1.2; +https://openai.com/gptbot)"
20.171.207.59 - - [20/Jul/2025:19:09:59 +0000] "GET /entity/1909509601.shtm HTTP/1.1" 404 13292 "-" "Mozilla/5.0 AppleWebKit/537.36 (KHTML, like Gecko; compatible; GPTBot/1.2; +https://openai.com/gptbot)"
209.74.77.214 - - [20/Jul/2025:19:10:08 +0000] "POST /wp-cron.php?doing_wp_cron=1753038608.2389609813690185546875 HTTP/1.1" 200 - "-" "WordPress/6.8.2; https://akaventures.com.au"
20.171.207.59 - - [20/Jul/2025:19:10:07 +0000] "GET /entity/1619211497.shtm HTTP/1.1" 404 13292 "-" "Mozilla/5.0 AppleWebKit/537.36 (KHTML, like Gecko; compatible; GPTBot/1.2; +https://openai.com/gptbot)"
20.171.207.59 - - [20/Jul/2025:19:10:17 +0000] "GET /entity/1619510891.shtm HTTP/1.1" 404 13292 "-" "Mozilla/5.0 AppleWebKit/537.36 (KHTML, like Gecko; compatible; GPTBot/1.2; +https://openai.com/gptbot)"
20.171.207.59 - - [20/Jul/2025:19:10:26 +0000] "GET /entity/1618960571.shtm HTTP/1.1" 404 13292 "-" "Mozilla/5.0 AppleWebKit/537.36 (KHTML, like Gecko; compatible; GPTBot/1.2; +https://openai.com/gptbot)"
47.79.241.91 - - [20/Jul/2025:19:10:33 +0000] "GET /?y=5226252001940&mod=75a380a0&uri=blog.php?id%3D174480-187%26name%3Dwatch+justice+league+dark+apokolips+war+for+free HTTP/1.1" 301 - "https://akaventures.com.au/?y=5226252001940&mod=75a380a0&uri=blog.php%3Fid%3D174480-187%26name%3Dwatch+justice+league+dark+apokolips+war+for+free" "Mozilla/5.0 (Windows NT 10.0; Win64; x64) AppleWebKit/537.36 (KHTML, like Gecko) Chrome/114.0.0.0 Safari/537.36 Edg/114.0.1823.43"
47.79.241.91 - - [20/Jul/2025:19:10:34 +0000] "GET /?y=5226252001940&mod=75a380a0&uri=blog.php?id%3D174480-187%26name%3Dwatch%20justice%20league%20dark%20apokolips%20war%20for%20free HTTP/1.1" 301 - "https://akaventures.com.au/?y=5226252001940&mod=75a380a0&uri=blog.php%3Fid%3D174480-187%26name%3Dwatch+justice+league+dark+apokolips+war+for+free" "Mozilla/5.0 (Windows NT 10.0; Win64; x64) AppleWebKit/537.36 (KHTML, like Gecko) Chrome/114.0.0.0 Safari/537.36 Edg/114.0.1823.43"
20.171.207.59 - - [20/Jul/2025:19:10:36 +0000] "GET /entity/1619433696.shtm HTTP/1.1" 404 13292 "-" "Mozilla/5.0 AppleWebKit/537.36 (KHTML, like Gecko; compatible; GPTBot/1.2; +https://openai.com/gptbot)"
209.74.77.214 - - [20/Jul/2025:19:10:48 +0000] "POST /wp-cron.php?doing_wp_cron=1753038648.4540410041809082031250 HTTP/1.1" 200 - "-" "WordPress/6.8.2; https://akaventures.com.au"
20.171.207.59 - - [20/Jul/2025:19:10:48 +0000] "GET /entity/1619413642.shtm HTTP/1.1" 404 13292 "-" "Mozilla/5.0 AppleWebKit/537.36 (KHTML, like Gecko; compatible; GPTBot/1.2; +https://openai.com/gptbot)"
20.171.207.59 - - [20/Jul/2025:19:10:56 +0000] "GET /entity/1909395839.shtm HTTP/1.1" 404 13292 "-" "Mozilla/5.0 AppleWebKit/537.36 (KHTML, like Gecko; compatible; GPTBot/1.2; +https://openai.com/gptbot)"
209.74.77.214 - - [20/Jul/2025:19:11:06 +0000] "POST /wp-cron.php?doing_wp_cron=1753038666.0811979770660400390625 HTTP/1.1" 200 - "-" "WordPress/6.8.2; https://akaventures.com.au"
20.171.207.59 - - [20/Jul/2025:19:11:05 +0000] "GET /entity/1909774547.shtm HTTP/1.1" 404 13292 "-" "Mozilla/5.0 AppleWebKit/537.36 (KHTML, like Gecko; compatible; GPTBot/1.2; +https://openai.com/gptbot)"
20.171.207.59 - - [20/Jul/2025:19:11:14 +0000] "GET /entity/1909479070.shtm HTTP/1.1" 404 13292 "-" "Mozilla/5.0 AppleWebKit/537.36 (KHTML, like Gecko; compatible; GPTBot/1.2; +https://openai.com/gptbot)"
20.171.207.59 - - [20/Jul/2025:19:11:24 +0000] "GET /entity/1619443531.shtm HTTP/1.1" 404 13292 "-" "Mozilla/5.0 AppleWebKit/537.36 (KHTML, like Gecko; compatible; GPTBot/1.2; +https://openai.com/gptbot)"
20.171.207.59 - - [20/Jul/2025:19:11:33 +0000] "GET /entity/1619251412.shtm HTTP/1.1" 404 13292 "-" "Mozilla/5.0 AppleWebKit/537.36 (KHTML, like Gecko; compatible; GPTBot/1.2; +https://openai.com/gptbot)"
209.74.77.214 - - [20/Jul/2025:19:11:43 +0000] "POST /wp-cron.php?doing_wp_cron=1753038703.3001151084899902343750 HTTP/1.1" 200 - "-" "WordPress/6.8.2; https://akaventures.com.au"
20.171.207.59 - - [20/Jul/2025:19:11:43 +0000] "GET /entity/1909580823.shtm HTTP/1.1" 404 13292 "-" "Mozilla/5.0 AppleWebKit/537.36 (KHTML, like Gecko; compatible; GPTBot/1.2; +https://openai.com/gptbot)"
20.171.207.59 - - [20/Jul/2025:19:11:55 +0000] "GET /entity/1619175440.shtm HTTP/1.1" 404 13292 "-" "Mozilla/5.0 AppleWebKit/537.36 (KHTML, like Gecko; compatible; GPTBot/1.2; +https://openai.com/gptbot)"
209.74.77.214 - - [20/Jul/2025:19:12:03 +0000] "POST /wp-cron.php?doing_wp_cron=1753038723.6698400974273681640625 HTTP/1.1" 200 - "-" "WordPress/6.8.2; https://akaventures.com.au"
20.171.207.59 - - [20/Jul/2025:19:12:03 +0000] "GET /entity/1619143495.shtm HTTP/1.1" 404 13292 "-" "Mozilla/5.0 AppleWebKit/537.36 (KHTML, like Gecko; compatible; GPTBot/1.2; +https://openai.com/gptbot)"
20.171.207.59 - - [20/Jul/2025:19:12:12 +0000] "GET /entity/1619488078.shtm HTTP/1.1" 404 13292 "-" "Mozilla/5.0 AppleWebKit/537.36 (KHTML, like Gecko; compatible; GPTBot/1.2; +https://openai.com/gptbot)"
20.171.207.59 - - [20/Jul/2025:19:12:24 +0000] "GET /entity/1909398539.shtm HTTP/1.1" 404 13292 "-" "Mozilla/5.0 AppleWebKit/537.36 (KHTML, like Gecko; compatible; GPTBot/1.2; +https://openai.com/gptbot)"
20.171.207.59 - - [20/Jul/2025:19:12:33 +0000] "GET /entity/1909809637.shtm HTTP/1.1" 404 13292 "-" "Mozilla/5.0 AppleWebKit/537.36 (KHTML, like Gecko; compatible; GPTBot/1.2; +https://openai.com/gptbot)"
209.74.77.214 - - [20/Jul/2025:19:12:42 +0000] "POST /wp-cron.php?doing_wp_cron=1753038762.8391430377960205078125 HTTP/1.1" 200 - "-" "WordPress/6.8.2; https://akaventures.com.au"
20.171.207.59 - - [20/Jul/2025:19:12:42 +0000] "GET /entity/1909690081.shtm HTTP/1.1" 404 13292 "-" "Mozilla/5.0 AppleWebKit/537.36 (KHTML, like Gecko; compatible; GPTBot/1.2; +https://openai.com/gptbot)"
20.171.207.59 - - [20/Jul/2025:19:12:51 +0000] "GET /entity/1619208027.shtm HTTP/1.1" 404 13292 "-" "Mozilla/5.0 AppleWebKit/537.36 (KHTML, like Gecko; compatible; GPTBot/1.2; +https://openai.com/gptbot)"
20.171.207.59 - - [20/Jul/2025:19:13:00 +0000] "GET /entity/1619100297.shtm HTTP/1.1" 404 13292 "-" "Mozilla/5.0 AppleWebKit/537.36 (KHTML, like Gecko; compatible; GPTBot/1.2; +https://openai.com/gptbot)"
209.74.77.214 - - [20/Jul/2025:19:13:08 +0000] "POST /wp-cron.php?doing_wp_cron=1753038788.9627850055694580078125 HTTP/1.1" 200 - "-" "WordPress/6.8.2; https://akaventures.com.au"
20.171.207.59 - - [20/Jul/2025:19:13:08 +0000] "GET /entity/1909794215.shtm HTTP/1.1" 404 13292 "-" "Mozilla/5.0 AppleWebKit/537.36 (KHTML, like Gecko; compatible; GPTBot/1.2; +https://openai.com/gptbot)"
20.171.207.59 - - [20/Jul/2025:19:13:19 +0000] "GET /entity/1619484927.shtm HTTP/1.1" 404 13292 "-" "Mozilla/5.0 AppleWebKit/537.36 (KHTML, like Gecko; compatible; GPTBot/1.2; +https://openai.com/gptbot)"
20.171.207.59 - - [20/Jul/2025:19:13:28 +0000] "GET /entity/1909491664.shtm HTTP/1.1" 404 13292 "-" "Mozilla/5.0 AppleWebKit/537.36 (KHTML, like Gecko; compatible; GPTBot/1.2; +https://openai.com/gptbot)"
20.171.207.59 - - [20/Jul/2025:19:13:39 +0000] "GET /entity/1619493283.shtm HTTP/1.1" 404 13293 "-" "Mozilla/5.0 AppleWebKit/537.36 (KHTML, like Gecko; compatible; GPTBot/1.2; +https://openai.com/gptbot)"
209.74.77.214 - - [20/Jul/2025:19:13:48 +0000] "POST /wp-cron.php?doing_wp_cron=1753038828.1244289875030517578125 HTTP/1.1" 200 - "-" "WordPress/6.8.2; https://akaventures.com.au"
20.171.207.59 - - [20/Jul/2025:19:13:47 +0000] "GET /entity/1909845058.shtm HTTP/1.1" 404 13293 "-" "Mozilla/5.0 AppleWebKit/537.36 (KHTML, like Gecko; compatible; GPTBot/1.2; +https://openai.com/gptbot)"
20.171.207.59 - - [20/Jul/2025:19:13:56 +0000] "GET /entity/1619010963.shtm HTTP/1.1" 404 13293 "-" "Mozilla/5.0 AppleWebKit/537.36 (KHTML, like Gecko; compatible; GPTBot/1.2; +https://openai.com/gptbot)"
209.74.77.214 - - [20/Jul/2025:19:14:07 +0000] "POST /wp-cron.php?doing_wp_cron=1753038847.1791219711303710937500 HTTP/1.1" 200 - "-" "WordPress/6.8.2; https://akaventures.com.au"
20.171.207.59 - - [20/Jul/2025:19:14:06 +0000] "GET /entity/1909556334.shtm HTTP/1.1" 404 13292 "-" "Mozilla/5.0 AppleWebKit/537.36 (KHTML, like Gecko; compatible; GPTBot/1.2; +https://openai.com/gptbot)"
20.171.207.59 - - [20/Jul/2025:19:14:15 +0000] "GET /entity/1909652163.shtm HTTP/1.1" 404 13292 "-" "Mozilla/5.0 AppleWebKit/537.36 (KHTML, like Gecko; compatible; GPTBot/1.2; +https://openai.com/gptbot)"
20.171.207.59 - - [20/Jul/2025:19:14:27 +0000] "GET /entity/1619504211.shtm HTTP/1.1" 404 13292 "-" "Mozilla/5.0 AppleWebKit/537.36 (KHTML, like Gecko; compatible; GPTBot/1.2; +https://openai.com/gptbot)"
20.171.207.59 - - [20/Jul/2025:19:14:36 +0000] "GET /entity/1619006459.shtm HTTP/1.1" 404 13293 "-" "Mozilla/5.0 AppleWebKit/537.36 (KHTML, like Gecko; compatible; GPTBot/1.2; +https://openai.com/gptbot)"
209.74.77.214 - - [20/Jul/2025:19:14:45 +0000] "POST /wp-cron.php?doing_wp_cron=1753038885.5290160179138183593750 HTTP/1.1" 200 - "-" "WordPress/6.8.2; https://akaventures.com.au"
20.171.207.59 - - [20/Jul/2025:19:14:45 +0000] "GET /entity/1909242859.shtm HTTP/1.1" 404 13293 "-" "Mozilla/5.0 AppleWebKit/537.36 (KHTML, like Gecko; compatible; GPTBot/1.2; +https://openai.com/gptbot)"
20.171.207.59 - - [20/Jul/2025:19:14:53 +0000] "GET /entity/1909604729.shtm HTTP/1.1" 404 13293 "-" "Mozilla/5.0 AppleWebKit/537.36 (KHTML, like Gecko; compatible; GPTBot/1.2; +https://openai.com/gptbot)"
209.74.77.214 - - [20/Jul/2025:19:15:03 +0000] "POST /wp-cron.php?doing_wp_cron=1753038903.4486689567565917968750 HTTP/1.1" 200 - "-" "WordPress/6.8.2; https://akaventures.com.au"
20.171.207.59 - - [20/Jul/2025:19:15:03 +0000] "GET /entity/1909442306.shtm HTTP/1.1" 404 13292 "-" "Mozilla/5.0 AppleWebKit/537.36 (KHTML, like Gecko; compatible; GPTBot/1.2; +https://openai.com/gptbot)"
20.171.207.59 - - [20/Jul/2025:19:15:11 +0000] "GET /entity/1619164126.shtm HTTP/1.1" 404 13292 "-" "Mozilla/5.0 AppleWebKit/537.36 (KHTML, like Gecko; compatible; GPTBot/1.2; +https://openai.com/gptbot)"
20.171.207.59 - - [20/Jul/2025:19:15:20 +0000] "GET /entity/1619301993.shtm HTTP/1.1" 404 13292 "-" "Mozilla/5.0 AppleWebKit/537.36 (KHTML, like Gecko; compatible; GPTBot/1.2; +https://openai.com/gptbot)"
20.171.207.59 - - [20/Jul/2025:19:15:32 +0000] "GET /entity/1619142205.shtm HTTP/1.1" 404 13292 "-" "Mozilla/5.0 AppleWebKit/537.36 (KHTML, like Gecko; compatible; GPTBot/1.2; +https://openai.com/gptbot)"
209.74.77.214 - - [20/Jul/2025:19:15:41 +0000] "POST /wp-cron.php?doing_wp_cron=1753038941.3113050460815429687500 HTTP/1.1" 200 - "-" "WordPress/6.8.2; https://akaventures.com.au"
20.171.207.59 - - [20/Jul/2025:19:15:41 +0000] "GET /entity/1909556334.shtm HTTP/1.1" 404 13292 "-" "Mozilla/5.0 AppleWebKit/537.36 (KHTML, like Gecko; compatible; GPTBot/1.2; +https://openai.com/gptbot)"
20.171.207.59 - - [20/Jul/2025:19:15:49 +0000] "GET /entity/1619164829.shtm HTTP/1.1" 404 13292 "-" "Mozilla/5.0 AppleWebKit/537.36 (KHTML, like Gecko; compatible; GPTBot/1.2; +https://openai.com/gptbot)"
20.171.207.59 - - [20/Jul/2025:19:15:59 +0000] "GET /entity/1909280076.shtm HTTP/1.1" 404 13293 "-" "Mozilla/5.0 AppleWebKit/537.36 (KHTML, like Gecko; compatible; GPTBot/1.2; +https://openai.com/gptbot)"
209.74.77.214 - - [20/Jul/2025:19:16:11 +0000] "POST /wp-cron.php?doing_wp_cron=1753038971.6199090480804443359375 HTTP/1.1" 200 - "-" "WordPress/6.8.2; https://akaventures.com.au"
20.171.207.59 - - [20/Jul/2025:19:16:11 +0000] "GET /entity/1619505942.shtm HTTP/1.1" 404 13292 "-" "Mozilla/5.0 AppleWebKit/537.36 (KHTML, like Gecko; compatible; GPTBot/1.2; +https://openai.com/gptbot)"
20.171.207.59 - - [20/Jul/2025:19:16:17 +0000] "GET /entity/1619009159.shtm HTTP/1.1" 404 13292 "-" "Mozilla/5.0 AppleWebKit/537.36 (KHTML, like Gecko; compatible; GPTBot/1.2; +https://openai.com/gptbot)"
20.171.207.59 - - [20/Jul/2025:19:16:31 +0000] "GET /entity/1619414796.shtm HTTP/1.1" 404 13292 "-" "Mozilla/5.0 AppleWebKit/537.36 (KHTML, like Gecko; compatible; GPTBot/1.2; +https://openai.com/gptbot)"
20.171.207.59 - - [20/Jul/2025:19:16:40 +0000] "GET /entity/1619039755.shtm HTTP/1.1" 404 13292 "-" "Mozilla/5.0 AppleWebKit/537.36 (KHTML, like Gecko; compatible; GPTBot/1.2; +https://openai.com/gptbot)"
209.74.77.214 - - [20/Jul/2025:19:16:47 +0000] "POST /wp-cron.php?doing_wp_cron=1753039007.7529380321502685546875 HTTP/1.1" 200 - "-" "WordPress/6.8.2; https://akaventures.com.au"
20.171.207.59 - - [20/Jul/2025:19:16:47 +0000] "GET /entity/1909463071.shtm HTTP/1.1" 404 13293 "-" "Mozilla/5.0 AppleWebKit/537.36 (KHTML, like Gecko; compatible; GPTBot/1.2; +https://openai.com/gptbot)"
20.171.207.59 - - [20/Jul/2025:19:16:58 +0000] "GET /entity/1619464292.shtm HTTP/1.1" 404 13293 "-" "Mozilla/5.0 AppleWebKit/537.36 (KHTML, like Gecko; compatible; GPTBot/1.2; +https://openai.com/gptbot)"
209.74.77.214 - - [20/Jul/2025:19:17:08 +0000] "POST /wp-cron.php?doing_wp_cron=1753039028.0183870792388916015625 HTTP/1.1" 200 - "-" "WordPress/6.8.2; https://akaventures.com.au"
20.171.207.59 - - [20/Jul/2025:19:17:07 +0000] "GET /entity/1619350392.shtm HTTP/1.1" 404 13292 "-" "Mozilla/5.0 AppleWebKit/537.36 (KHTML, like Gecko; compatible; GPTBot/1.2; +https://openai.com/gptbot)"
20.171.207.59 - - [20/Jul/2025:19:17:16 +0000] "GET /entity/1909564690.shtm HTTP/1.1" 404 13292 "-" "Mozilla/5.0 AppleWebKit/537.36 (KHTML, like Gecko; compatible; GPTBot/1.2; +https://openai.com/gptbot)"
20.171.207.59 - - [20/Jul/2025:19:17:27 +0000] "GET /entity/1909516291.shtm HTTP/1.1" 404 13292 "-" "Mozilla/5.0 AppleWebKit/537.36 (KHTML, like Gecko; compatible; GPTBot/1.2; +https://openai.com/gptbot)"
20.171.207.59 - - [20/Jul/2025:19:17:36 +0000] "GET /entity/1619051006.shtm HTTP/1.1" 404 13293 "-" "Mozilla/5.0 AppleWebKit/537.36 (KHTML, like Gecko; compatible; GPTBot/1.2; +https://openai.com/gptbot)"
209.74.77.214 - - [20/Jul/2025:19:17:47 +0000] "POST /wp-cron.php?doing_wp_cron=1753039066.9860210418701171875000 HTTP/1.1" 200 - "-" "WordPress/6.8.2; https://akaventures.com.au"
20.171.207.59 - - [20/Jul/2025:19:17:46 +0000] "GET /entity/1909420324.shtm HTTP/1.1" 404 13293 "-" "Mozilla/5.0 AppleWebKit/537.36 (KHTML, like Gecko; compatible; GPTBot/1.2; +https://openai.com/gptbot)"
20.171.207.59 - - [20/Jul/2025:19:17:55 +0000] "GET /entity/1909411838.shtm HTTP/1.1" 404 13293 "-" "Mozilla/5.0 AppleWebKit/537.36 (KHTML, like Gecko; compatible; GPTBot/1.2; +https://openai.com/gptbot)"
209.74.77.214 - - [20/Jul/2025:19:18:06 +0000] "POST /wp-cron.php?doing_wp_cron=1753039086.2654669284820556640625 HTTP/1.1" 200 - "-" "WordPress/6.8.2; https://akaventures.com.au"
20.171.207.59 - - [20/Jul/2025:19:18:06 +0000] "GET /entity/1909669454.shtm HTTP/1.1" 404 13292 "-" "Mozilla/5.0 AppleWebKit/537.36 (KHTML, like Gecko; compatible; GPTBot/1.2; +https://openai.com/gptbot)"
20.171.207.59 - - [20/Jul/2025:19:18:13 +0000] "GET /entity/1619381827.shtm HTTP/1.1" 404 13292 "-" "Mozilla/5.0 AppleWebKit/537.36 (KHTML, like Gecko; compatible; GPTBot/1.2; +https://openai.com/gptbot)"
74.125.217.132 - - [20/Jul/2025:19:18:23 +0000] "GET /?y=5694897071940&mod=45624715&uri=product.php%3Fid%3D190151-333%26name%3Dwhat+does+it+mean+to+wear+a+ring+on+your+left+thumb HTTP/1.1" 301 - "-" "Mozilla/5.0 (X11; Linux x86_64) AppleWebKit/537.36 (KHTML, like Gecko) Chrome/137.0.7151.119 Safari/537.36"
74.125.217.132 - - [20/Jul/2025:19:18:23 +0000] "GET /?y=5694897071940&mod=45624715&uri=product.php%3Fid%3D190151-333%26name%3Dwhat%20does%20it%20mean%20to%20wear%20a%20ring%20on%20your%20left%20thumb HTTP/1.1" 200 21885 "-" "Mozilla/5.0 (X11; Linux x86_64) AppleWebKit/537.36 (KHTML, like Gecko) Chrome/137.0.7151.119 Safari/537.36"
74.125.217.132 - - [20/Jul/2025:19:18:24 +0000] "GET /wp-includes/css/dashicons.min.css?ver=6.8.2 HTTP/1.1" 200 35730 "https://akaventures.com.au/?y=5694897071940&mod=45624715&uri=product.php%3Fid%3D190151-333%26name%3Dwhat%20does%20it%20mean%20to%20wear%20a%20ring%20on%20your%20left%20thumb" "Mozilla/5.0 (X11; Linux x86_64) AppleWebKit/537.36 (KHTML, like Gecko) Chrome/137.0.7151.119 Safari/537.36"
74.125.217.131 - - [20/Jul/2025:19:18:24 +0000] "GET /wp-content/plugins/leadconnector/public/css/lc-public.css?ver=3.0.10.1 HTTP/1.1" 200 106 "https://akaventures.com.au/?y=5694897071940&mod=45624715&uri=product.php%3Fid%3D190151-333%26name%3Dwhat%20does%20it%20mean%20to%20wear%20a%20ring%20on%20your%20left%20thumb" "Mozilla/5.0 (X11; Linux x86_64) AppleWebKit/537.36 (KHTML, like Gecko) Chrome/137.0.7151.119 Safari/537.36"
74.125.217.130 - - [20/Jul/2025:19:18:24 +0000] "GET /wp-content/plugins/metform/public/assets/css/text-editor.css?ver=4.0.2 HTTP/1.1" 200 3545 "https://akaventures.com.au/?y=5694897071940&mod=45624715&uri=product.php%3Fid%3D190151-333%26name%3Dwhat%20does%20it%20mean%20to%20wear%20a%20ring%20on%20your%20left%20thumb" "Mozilla/5.0 (X11; Linux x86_64) AppleWebKit/537.36 (KHTML, like Gecko) Chrome/137.0.7151.119 Safari/537.36"
74.125.217.131 - - [20/Jul/2025:19:18:24 +0000] "GET /wp-content/themes/hello-elementor/assets/css/theme.css?ver=3.4.4 HTTP/1.1" 200 1271 "https://akaventures.com.au/?y=5694897071940&mod=45624715&uri=product.php%3Fid%3D190151-333%26name%3Dwhat%20does%20it%20mean%20to%20wear%20a%20ring%20on%20your%20left%20thumb" "Mozilla/5.0 (X11; Linux x86_64) AppleWebKit/537.36 (KHTML, like Gecko) Chrome/137.0.7151.119 Safari/537.36"
20.171.207.59 - - [20/Jul/2025:19:18:24 +0000] "GET /entity/1619084164.shtm HTTP/1.1" 404 13292 "-" "Mozilla/5.0 AppleWebKit/537.36 (KHTML, like Gecko; compatible; GPTBot/1.2; +https://openai.com/gptbot)"
74.125.217.131 - - [20/Jul/2025:19:18:25 +0000] "GET /wp-content/plugins/metform/public/assets/css/style.css?ver=4.0.2 HTTP/1.1" 200 4763 "https://akaventures.com.au/?y=5694897071940&mod=45624715&uri=product.php%3Fid%3D190151-333%26name%3Dwhat%20does%20it%20mean%20to%20wear%20a%20ring%20on%20your%20left%20thumb" "Mozilla/5.0 (X11; Linux x86_64) AppleWebKit/537.36 (KHTML, like Gecko) Chrome/137.0.7151.119 Safari/537.36"
74.125.217.131 - - [20/Jul/2025:19:18:25 +0000] "GET /wp-content/plugins/metform/public/assets/css/metform-ui.css?ver=4.0.2 HTTP/1.1" 200 15416 "https://akaventures.com.au/?y=5694897071940&mod=45624715&uri=product.php%3Fid%3D190151-333%26name%3Dwhat%20does%20it%20mean%20to%20wear%20a%20ring%20on%20your%20left%20thumb" "Mozilla/5.0 (X11; Linux x86_64) AppleWebKit/537.36 (KHTML, like Gecko) Chrome/137.0.7151.119 Safari/537.36"
74.125.217.131 - - [20/Jul/2025:19:18:25 +0000] "GET /wp-content/plugins/metform/public/assets/lib/cute-alert/style.css?ver=4.0.2 HTTP/1.1" 200 1225 "https://akaventures.com.au/?y=5694897071940&mod=45624715&uri=product.php%3Fid%3D190151-333%26name%3Dwhat%20does%20it%20mean%20to%20wear%20a%20ring%20on%20your%20left%20thumb" "Mozilla/5.0 (X11; Linux x86_64) AppleWebKit/537.36 (KHTML, like Gecko) Chrome/137.0.7151.119 Safari/537.36"
74.125.217.132 - - [20/Jul/2025:19:18:25 +0000] "GET /wp-content/plugins/elementor/assets/css/widget-social-icons.min.css?ver=3.30.2 HTTP/1.1" 200 1170 "https://akaventures.com.au/?y=5694897071940&mod=45624715&uri=product.php%3Fid%3D190151-333%26name%3Dwhat%20does%20it%20mean%20to%20wear%20a%20ring%20on%20your%20left%20thumb" "Mozilla/5.0 (X11; Linux x86_64) AppleWebKit/537.36 (KHTML, like Gecko) Chrome/137.0.7151.119 Safari/537.36"
74.125.217.131 - - [20/Jul/2025:19:18:26 +0000] "GET /wp-content/themes/hello-elementor/assets/css/reset.css?ver=3.4.4 HTTP/1.1" 200 1792 "https://akaventures.com.au/?y=5694897071940&mod=45624715&uri=product.php%3Fid%3D190151-333%26name%3Dwhat%20does%20it%20mean%20to%20wear%20a%20ring%20on%20your%20left%20thumb" "Mozilla/5.0 (X11; Linux x86_64) AppleWebKit/537.36 (KHTML, like Gecko) Chrome/137.0.7151.119 Safari/537.36"
74.125.217.132 - - [20/Jul/2025:19:18:26 +0000] "GET /wp-content/plugins/elementor/assets/lib/animations/styles/e-animation-bob.min.css?ver=3.30.2 HTTP/1.1" 200 236 "https://akaventures.com.au/?y=5694897071940&mod=45624715&uri=product.php%3Fid%3D190151-333%26name%3Dwhat%20does%20it%20mean%20to%20wear%20a%20ring%20on%20your%20left%20thumb" "Mozilla/5.0 (X11; Linux x86_64) AppleWebKit/537.36 (KHTML, like Gecko) Chrome/137.0.7151.119 Safari/537.36"
74.125.217.131 - - [20/Jul/2025:19:18:26 +0000] "GET /wp-content/plugins/elementor/assets/lib/animations/styles/e-animation-float.min.css?ver=3.30.2 HTTP/1.1" 200 139 "https://akaventures.com.au/?y=5694897071940&mod=45624715&uri=product.php%3Fid%3D190151-333%26name%3Dwhat%20does%20it%20mean%20to%20wear%20a%20ring%20on%20your%20left%20thumb" "Mozilla/5.0 (X11; Linux x86_64) AppleWebKit/537.36 (KHTML, like Gecko) Chrome/137.0.7151.119 Safari/537.36"
74.125.217.130 - - [20/Jul/2025:19:18:27 +0000] "GET /wp-content/plugins/elementor/assets/css/conditionals/apple-webkit.min.css?ver=3.30.2 HTTP/1.1" 200 557 "https://akaventures.com.au/?y=5694897071940&mod=45624715&uri=product.php%3Fid%3D190151-333%26name%3Dwhat%20does%20it%20mean%20to%20wear%20a%20ring%20on%20your%20left%20thumb" "Mozilla/5.0 (X11; Linux x86_64) AppleWebKit/537.36 (KHTML, like Gecko) Chrome/137.0.7151.119 Safari/537.36"
74.125.217.130 - - [20/Jul/2025:19:18:27 +0000] "GET /wp-content/plugins/elementor/assets/lib/animations/styles/fadeInUp.min.css?ver=3.30.2 HTTP/1.1" 200 117 "https://akaventures.com.au/?y=5694897071940&mod=45624715&uri=product.php%3Fid%3D190151-333%26name%3Dwhat%20does%20it%20mean%20to%20wear%20a%20ring%20on%20your%20left%20thumb" "Mozilla/5.0 (X11; Linux x86_64) AppleWebKit/537.36 (KHTML, like Gecko) Chrome/137.0.7151.119 Safari/537.36"
74.125.217.130 - - [20/Jul/2025:19:18:27 +0000] "GET /wp-content/plugins/elementor/assets/css/widget-image-box.min.css?ver=3.30.2 HTTP/1.1" 200 379 "https://akaventures.com.au/?y=5694897071940&mod=45624715&uri=product.php%3Fid%3D190151-333%26name%3Dwhat%20does%20it%20mean%20to%20wear%20a%20ring%20on%20your%20left%20thumb" "Mozilla/5.0 (X11; Linux x86_64) AppleWebKit/537.36 (KHTML, like Gecko) Chrome/137.0.7151.119 Safari/537.36"
74.125.217.130 - - [20/Jul/2025:19:18:27 +0000] "GET /wp-content/uploads/elementor/css/post-119.css?ver=1752379116 HTTP/1.1" 200 9581 "https://akaventures.com.au/?y=5694897071940&mod=45624715&uri=product.php%3Fid%3D190151-333%26name%3Dwhat%20does%20it%20mean%20to%20wear%20a%20ring%20on%20your%20left%20thumb" "Mozilla/5.0 (X11; Linux x86_64) AppleWebKit/537.36 (KHTML, like Gecko) Chrome/137.0.7151.119 Safari/537.36"
74.125.217.130 - - [20/Jul/2025:19:18:28 +0000] "GET /wp-content/plugins/elementor/assets/css/widget-google_maps.min.css?ver=3.30.2 HTTP/1.1" 200 163 "https://akaventures.com.au/?y=5694897071940&mod=45624715&uri=product.php%3Fid%3D190151-333%26name%3Dwhat%20does%20it%20mean%20to%20wear%20a%20ring%20on%20your%20left%20thumb" "Mozilla/5.0 (X11; Linux x86_64) AppleWebKit/537.36 (KHTML, like Gecko) Chrome/137.0.7151.119 Safari/537.36"
74.125.217.131 - - [20/Jul/2025:19:18:28 +0000] "GET /wp-content/plugins/elementor/assets/lib/animations/styles/fadeInLeft.min.css?ver=3.30.2 HTTP/1.1" 200 120 "https://akaventures.com.au/?y=5694897071940&mod=45624715&uri=product.php%3Fid%3D190151-333%26name%3Dwhat%20does%20it%20mean%20to%20wear%20a%20ring%20on%20your%20left%20thumb" "Mozilla/5.0 (X11; Linux x86_64) AppleWebKit/537.36 (KHTML, like Gecko) Chrome/137.0.7151.119 Safari/537.36"
74.125.217.130 - - [20/Jul/2025:19:18:28 +0000] "GET /wp-content/plugins/elementor/assets/lib/animations/styles/fadeIn.min.css?ver=3.30.2 HTTP/1.1" 200 79 "https://akaventures.com.au/?y=5694897071940&mod=45624715&uri=product.php%3Fid%3D190151-333%26name%3Dwhat%20does%20it%20mean%20to%20wear%20a%20ring%20on%20your%20left%20thumb" "Mozilla/5.0 (X11; Linux x86_64) AppleWebKit/537.36 (KHTML, like Gecko) Chrome/137.0.7151.119 Safari/537.36"
74.125.217.131 - - [20/Jul/2025:19:18:29 +0000] "GET /wp-content/plugins/elementskit-lite/widgets/init/assets/css/widget-styles.css?ver=3.5.5 HTTP/1.1" 200 51548 "https://akaventures.com.au/?y=5694897071940&mod=45624715&uri=product.php%3Fid%3D190151-333%26name%3Dwhat%20does%20it%20mean%20to%20wear%20a%20ring%20on%20your%20left%20thumb" "Mozilla/5.0 (X11; Linux x86_64) AppleWebKit/537.36 (KHTML, like Gecko) Chrome/137.0.7151.119 Safari/537.36"
74.125.217.131 - - [20/Jul/2025:19:18:29 +0000] "GET /wp-content/uploads/elementor/google-fonts/css/dmserifdisplay.css?ver=1742317692 HTTP/1.1" 200 455 "https://akaventures.com.au/?y=5694897071940&mod=45624715&uri=product.php%3Fid%3D190151-333%26name%3Dwhat%20does%20it%20mean%20to%20wear%20a%20ring%20on%20your%20left%20thumb" "Mozilla/5.0 (X11; Linux x86_64) AppleWebKit/537.36 (KHTML, like Gecko) Chrome/137.0.7151.119 Safari/537.36"
74.125.217.130 - - [20/Jul/2025:19:18:29 +0000] "GET /wp-content/plugins/elementor/assets/css/widget-testimonial.min.css?ver=3.30.2 HTTP/1.1" 200 378 "https://akaventures.com.au/?y=5694897071940&mod=45624715&uri=product.php%3Fid%3D190151-333%26name%3Dwhat%20does%20it%20mean%20to%20wear%20a%20ring%20on%20your%20left%20thumb" "Mozilla/5.0 (X11; Linux x86_64) AppleWebKit/537.36 (KHTML, like Gecko) Chrome/137.0.7151.119 Safari/537.36"
74.125.217.131 - - [20/Jul/2025:19:18:29 +0000] "GET /wp-content/plugins/elementor/assets/css/widget-icon-list.min.css?ver=3.30.2 HTTP/1.1" 200 1069 "https://akaventures.com.au/?y=5694897071940&mod=45624715&uri=product.php%3Fid%3D190151-333%26name%3Dwhat%20does%20it%20mean%20to%20wear%20a%20ring%20on%20your%20left%20thumb" "Mozilla/5.0 (X11; Linux x86_64) AppleWebKit/537.36 (KHTML, like Gecko) Chrome/137.0.7151.119 Safari/537.36"
74.125.217.130 - - [20/Jul/2025:19:18:30 +0000] "GET /wp-content/uploads/elementor/css/post-121.css?ver=1752379116 HTTP/1.1" 200 1704 "https://akaventures.com.au/?y=5694897071940&mod=45624715&uri=product.php%3Fid%3D190151-333%26name%3Dwhat%20does%20it%20mean%20to%20wear%20a%20ring%20on%20your%20left%20thumb" "Mozilla/5.0 (X11; Linux x86_64) AppleWebKit/537.36 (KHTML, like Gecko) Chrome/137.0.7151.119 Safari/537.36"
74.125.217.131 - - [20/Jul/2025:19:18:30 +0000] "GET /wp-content/uploads/elementor/css/post-15.css?ver=1752379116 HTTP/1.1" 200 1695 "https://akaventures.com.au/?y=5694897071940&mod=45624715&uri=product.php%3Fid%3D190151-333%26name%3Dwhat%20does%20it%20mean%20to%20wear%20a%20ring%20on%20your%20left%20thumb" "Mozilla/5.0 (X11; Linux x86_64) AppleWebKit/537.36 (KHTML, like Gecko) Chrome/137.0.7151.119 Safari/537.36"
74.125.217.130 - - [20/Jul/2025:19:18:30 +0000] "GET /wp-content/plugins/elementor/assets/css/widget-heading.min.css?ver=3.30.2 HTTP/1.1" 200 188 "https://akaventures.com.au/?y=5694897071940&mod=45624715&uri=product.php%3Fid%3D190151-333%26name%3Dwhat%20does%20it%20mean%20to%20wear%20a%20ring%20on%20your%20left%20thumb" "Mozilla/5.0 (X11; Linux x86_64) AppleWebKit/537.36 (KHTML, like Gecko) Chrome/137.0.7151.119 Safari/537.36"
