54.213.156.43 - - [20/Jul/2025:12:52:50 +0000] "GET /wp-content/plugins/woocommerce/assets/css/woocommerce-layout.css?ver=10.0.2 HTTP/1.1" 200 3414 "https://ap.cleaning/" "Mozilla/5.0 (iPhone; CPU iPhone OS 14_4 like Mac OS X) AppleWebKit/605.1.15 (KHTML, like Gecko) Version/15.4 Mobile/15E148 Safari/604.1"
54.213.156.43 - - [20/Jul/2025:12:52:50 +0000] "GET /wp-content/uploads/elementor/google-fonts/css/roboto.css?ver=1742256476 HTTP/1.1" 200 2862 "https://ap.cleaning/" "Mozilla/5.0 (iPhone; CPU iPhone OS 14_4 like Mac OS X) AppleWebKit/605.1.15 (KHTML, like Gecko) Version/15.4 Mobile/15E148 Safari/604.1"
54.213.156.43 - - [20/Jul/2025:12:52:50 +0000] "GET /wp-includes/css/dashicons.min.css?ver=6.8.2 HTTP/1.1" 200 35730 "https://ap.cleaning/" "Mozilla/5.0 (iPhone; CPU iPhone OS 14_4 like Mac OS X) AppleWebKit/605.1.15 (KHTML, like Gecko) Version/15.4 Mobile/15E148 Safari/604.1"
54.213.156.43 - - [20/Jul/2025:12:52:50 +0000] "GET /wp-content/plugins/woocommerce/assets/css/woocommerce-smallscreen.css?ver=10.0.2 HTTP/1.1" 200 1279 "https://ap.cleaning/" "Mozilla/5.0 (iPhone; CPU iPhone OS 14_4 like Mac OS X) AppleWebKit/605.1.15 (KHTML, like Gecko) Version/15.4 Mobile/15E148 Safari/604.1"
54.213.156.43 - - [20/Jul/2025:12:52:50 +0000] "GET /wp-content/plugins/woocommerce/assets/css/woocommerce.css?ver=10.0.2 HTTP/1.1" 200 10826 "https://ap.cleaning/" "Mozilla/5.0 (iPhone; CPU iPhone OS 14_4 like Mac OS X) AppleWebKit/605.1.15 (KHTML, like Gecko) Version/15.4 Mobile/15E148 Safari/604.1"
54.213.156.43 - - [20/Jul/2025:12:52:50 +0000] "GET /wp-content/plugins/woocommerce/assets/css/brands.css?ver=10.0.2 HTTP/1.1" 200 684 "https://ap.cleaning/" "Mozilla/5.0 (iPhone; CPU iPhone OS 14_4 like Mac OS X) AppleWebKit/605.1.15 (KHTML, like Gecko) Version/15.4 Mobile/15E148 Safari/604.1"
54.213.156.43 - - [20/Jul/2025:12:52:50 +0000] "GET /wp-content/plugins/elementor/assets/css/frontend.min.css?ver=3.30.2 HTTP/1.1" 200 7117 "https://ap.cleaning/" "Mozilla/5.0 (iPhone; CPU iPhone OS 14_4 like Mac OS X) AppleWebKit/605.1.15 (KHTML, like Gecko) Version/15.4 Mobile/15E148 Safari/604.1"
54.213.156.43 - - [20/Jul/2025:12:52:50 +0000] "GET /wp-content/uploads/elementor/css/post-10.css?ver=1752119935 HTTP/1.1" 200 377 "https://ap.cleaning/" "Mozilla/5.0 (iPhone; CPU iPhone OS 14_4 like Mac OS X) AppleWebKit/605.1.15 (KHTML, like Gecko) Version/15.4 Mobile/15E148 Safari/604.1"
54.213.156.43 - - [20/Jul/2025:12:52:50 +0000] "GET /wp-content/uploads/elementor/css/post-1450.css?ver=1752119936 HTTP/1.1" 200 372 "https://ap.cleaning/" "Mozilla/5.0 (iPhone; CPU iPhone OS 14_4 like Mac OS X) AppleWebKit/605.1.15 (KHTML, like Gecko) Version/15.4 Mobile/15E148 Safari/604.1"
54.213.156.43 - - [20/Jul/2025:12:52:50 +0000] "GET /wp-content/themes/cleaning-services/css/vendor/bootstrap.min.css HTTP/1.1" 200 19706 "https://ap.cleaning/" "Mozilla/5.0 (iPhone; CPU iPhone OS 14_4 like Mac OS X) AppleWebKit/605.1.15 (KHTML, like Gecko) Version/15.4 Mobile/15E148 Safari/604.1"
54.213.156.43 - - [20/Jul/2025:12:52:50 +0000] "GET /wp-content/themes/cleaning-services/css/vendor/animate.min.css HTTP/1.1" 200 4553 "https://ap.cleaning/" "Mozilla/5.0 (iPhone; CPU iPhone OS 14_4 like Mac OS X) AppleWebKit/605.1.15 (KHTML, like Gecko) Version/15.4 Mobile/15E148 Safari/604.1"
54.213.156.43 - - [20/Jul/2025:12:52:50 +0000] "GET /wp-content/themes/cleaning-services/css/vendor/slick.css HTTP/1.1" 200 530 "https://ap.cleaning/" "Mozilla/5.0 (iPhone; CPU iPhone OS 14_4 like Mac OS X) AppleWebKit/605.1.15 (KHTML, like Gecko) Version/15.4 Mobile/15E148 Safari/604.1"
54.213.156.43 - - [20/Jul/2025:12:52:50 +0000] "GET /wp-content/themes/cleaning-services/css/vendor/lightbox.css HTTP/1.1" 200 1104 "https://ap.cleaning/" "Mozilla/5.0 (iPhone; CPU iPhone OS 14_4 like Mac OS X) AppleWebKit/605.1.15 (KHTML, like Gecko) Version/15.4 Mobile/15E148 Safari/604.1"
54.213.156.43 - - [20/Jul/2025:12:52:50 +0000] "GET /wp-content/themes/cleaning-services/css/vendor/nouislider.css HTTP/1.1" 200 1547 "https://ap.cleaning/" "Mozilla/5.0 (iPhone; CPU iPhone OS 14_4 like Mac OS X) AppleWebKit/605.1.15 (KHTML, like Gecko) Version/15.4 Mobile/15E148 Safari/604.1"
54.213.156.43 - - [20/Jul/2025:12:52:50 +0000] "GET /wp-content/themes/cleaning-services/css/shop.css?ver=1753015970 HTTP/1.1" 200 7313 "https://ap.cleaning/" "Mozilla/5.0 (iPhone; CPU iPhone OS 14_4 like Mac OS X) AppleWebKit/605.1.15 (KHTML, like Gecko) Version/15.4 Mobile/15E148 Safari/604.1"
54.213.156.43 - - [20/Jul/2025:12:52:50 +0000] "GET /wp-content/themes/cleaning-services/style.css?ver=1753015970 HTTP/1.1" 200 38492 "https://ap.cleaning/" "Mozilla/5.0 (iPhone; CPU iPhone OS 14_4 like Mac OS X) AppleWebKit/605.1.15 (KHTML, like Gecko) Version/15.4 Mobile/15E148 Safari/604.1"
54.213.156.43 - - [20/Jul/2025:12:52:51 +0000] "GET /wp-content/themes/cleaning-services/css/wp-default-norm.css HTTP/1.1" 200 3624 "https://ap.cleaning/" "Mozilla/5.0 (iPhone; CPU iPhone OS 14_4 like Mac OS X) AppleWebKit/605.1.15 (KHTML, like Gecko) Version/15.4 Mobile/15E148 Safari/604.1"
54.213.156.43 - - [20/Jul/2025:12:52:51 +0000] "GET /wp-content/themes/cleaning-services/css/vendor/bootstrap-datetimepicker.css HTTP/1.1" 200 1394 "https://ap.cleaning/" "Mozilla/5.0 (iPhone; CPU iPhone OS 14_4 like Mac OS X) AppleWebKit/605.1.15 (KHTML, like Gecko) Version/15.4 Mobile/15E148 Safari/604.1"
54.213.156.43 - - [20/Jul/2025:12:52:51 +0000] "GET /wp-content/plugins/cleaning_services-core/elementor-addons/icon/style.css?ver=5.9.0 HTTP/1.1" 200 1087 "https://ap.cleaning/" "Mozilla/5.0 (iPhone; CPU iPhone OS 14_4 like Mac OS X) AppleWebKit/605.1.15 (KHTML, like Gecko) Version/15.4 Mobile/15E148 Safari/604.1"
54.213.156.43 - - [20/Jul/2025:12:52:51 +0000] "GET /wp-content/themes/cleaning-services/fonts/style.css?ver=1753015970 HTTP/1.1" 200 1087 "https://ap.cleaning/" "Mozilla/5.0 (iPhone; CPU iPhone OS 14_4 like Mac OS X) AppleWebKit/605.1.15 (KHTML, like Gecko) Version/15.4 Mobile/15E148 Safari/604.1"
54.213.156.43 - - [20/Jul/2025:12:52:51 +0000] "GET /wp-content/uploads/elementor/google-fonts/css/robotoslab.css?ver=1742256492 HTTP/1.1" 200 952 "https://ap.cleaning/" "Mozilla/5.0 (iPhone; CPU iPhone OS 14_4 like Mac OS X) AppleWebKit/605.1.15 (KHTML, like Gecko) Version/15.4 Mobile/15E148 Safari/604.1"
54.213.156.43 - - [20/Jul/2025:12:52:51 +0000] "GET /wp-includes/js/jquery/jquery.min.js?ver=3.7.1 HTTP/1.1" 200 30368 "https://ap.cleaning/" "Mozilla/5.0 (iPhone; CPU iPhone OS 14_4 like Mac OS X) AppleWebKit/605.1.15 (KHTML, like Gecko) Version/15.4 Mobile/15E148 Safari/604.1"
54.213.156.43 - - [20/Jul/2025:12:52:51 +0000] "GET /wp-content/uploads/2021/08/blog-post-img-2-2-370x249.jpg HTTP/1.1" 200 20075 "https://ap.cleaning/" "Mozilla/5.0 (iPhone; CPU iPhone OS 14_4 like Mac OS X) AppleWebKit/605.1.15 (KHTML, like Gecko) Version/15.4 Mobile/15E148 Safari/604.1"
54.213.156.43 - - [20/Jul/2025:12:52:51 +0000] "GET /wp-includes/js/jquery/jquery-migrate.min.js?ver=3.4.1 HTTP/1.1" 200 4872 "https://ap.cleaning/" "Mozilla/5.0 (iPhone; CPU iPhone OS 14_4 like Mac OS X) AppleWebKit/605.1.15 (KHTML, like Gecko) Version/15.4 Mobile/15E148 Safari/604.1"
54.213.156.43 - - [20/Jul/2025:12:52:51 +0000] "GET /wp-content/plugins/leadconnector/public/js/lc-public.js?ver=3.0.10.1 HTTP/1.1" 200 1322 "https://ap.cleaning/" "Mozilla/5.0 (iPhone; CPU iPhone OS 14_4 like Mac OS X) AppleWebKit/605.1.15 (KHTML, like Gecko) Version/15.4 Mobile/15E148 Safari/604.1"
54.213.156.43 - - [20/Jul/2025:12:52:51 +0000] "GET /wp-content/uploads/2021/08/testimonial-author-1.png HTTP/1.1" 200 64715 "https://ap.cleaning/" "Mozilla/5.0 (iPhone; CPU iPhone OS 14_4 like Mac OS X) AppleWebKit/605.1.15 (KHTML, like Gecko) Version/15.4 Mobile/15E148 Safari/604.1"
54.213.156.43 - - [20/Jul/2025:12:52:51 +0000] "GET /wp-content/uploads/2024/08/apc_logo2-1.png HTTP/1.1" 200 13229 "https://ap.cleaning/" "Mozilla/5.0 (iPhone; CPU iPhone OS 14_4 like Mac OS X) AppleWebKit/605.1.15 (KHTML, like Gecko) Version/15.4 Mobile/15E148 Safari/604.1"
54.213.156.43 - - [20/Jul/2025:12:52:51 +0000] "GET /wp-content/plugins/cleaning_services-core/elementor-addons/assets/css/style.css?ver=6.8.2 HTTP/1.1" 200 2011 "https://ap.cleaning/" "Mozilla/5.0 (iPhone; CPU iPhone OS 14_4 like Mac OS X) AppleWebKit/605.1.15 (KHTML, like Gecko) Version/15.4 Mobile/15E148 Safari/604.1"
54.213.156.43 - - [20/Jul/2025:12:52:51 +0000] "GET /wp-content/plugins/elementor/assets/js/frontend-modules.min.js?ver=3.30.2 HTTP/1.1" 200 14815 "https://ap.cleaning/" "Mozilla/5.0 (iPhone; CPU iPhone OS 14_4 like Mac OS X) AppleWebKit/605.1.15 (KHTML, like Gecko) Version/15.4 Mobile/15E148 Safari/604.1"
54.213.156.43 - - [20/Jul/2025:12:52:51 +0000] "GET /wp-content/plugins/woocommerce/assets/client/blocks/wc-blocks.css?ver=wc-10.0.2 HTTP/1.1" 200 2575 "https://ap.cleaning/" "Mozilla/5.0 (iPhone; CPU iPhone OS 14_4 like Mac OS X) AppleWebKit/605.1.15 (KHTML, like Gecko) Version/15.4 Mobile/15E148 Safari/604.1"
54.213.156.43 - - [20/Jul/2025:12:52:51 +0000] "GET /wp-content/uploads/elementor/css/post-65.css?ver=1752119936 HTTP/1.1" 200 114 "https://ap.cleaning/" "Mozilla/5.0 (iPhone; CPU iPhone OS 14_4 like Mac OS X) AppleWebKit/605.1.15 (KHTML, like Gecko) Version/15.4 Mobile/15E148 Safari/604.1"
54.213.156.43 - - [20/Jul/2025:12:52:51 +0000] "GET /wp-content/uploads/2021/08/testimonial-author-2.png HTTP/1.1" 200 54726 "https://ap.cleaning/" "Mozilla/5.0 (iPhone; CPU iPhone OS 14_4 like Mac OS X) AppleWebKit/605.1.15 (KHTML, like Gecko) Version/15.4 Mobile/15E148 Safari/604.1"
54.213.156.43 - - [20/Jul/2025:12:52:51 +0000] "GET /wp-content/uploads/elementor/css/post-71.css?ver=1752119936 HTTP/1.1" 200 114 "https://ap.cleaning/" "Mozilla/5.0 (iPhone; CPU iPhone OS 14_4 like Mac OS X) AppleWebKit/605.1.15 (KHTML, like Gecko) Version/15.4 Mobile/15E148 Safari/604.1"
54.213.156.43 - - [20/Jul/2025:12:52:51 +0000] "GET /wp-content/uploads/elementor/css/post-83.css?ver=1752119937 HTTP/1.1" 200 114 "https://ap.cleaning/" "Mozilla/5.0 (iPhone; CPU iPhone OS 14_4 like Mac OS X) AppleWebKit/605.1.15 (KHTML, like Gecko) Version/15.4 Mobile/15E148 Safari/604.1"
54.213.156.43 - - [20/Jul/2025:12:52:51 +0000] "GET /wp-content/plugins/contact-form-7/includes/swv/js/index.js?ver=6.1 HTTP/1.1" 200 3503 "https://ap.cleaning/" "Mozilla/5.0 (iPhone; CPU iPhone OS 14_4 like Mac OS X) AppleWebKit/605.1.15 (KHTML, like Gecko) Version/15.4 Mobile/15E148 Safari/604.1"
54.213.156.43 - - [20/Jul/2025:12:52:51 +0000] "GET /wp-content/plugins/contact-form-7/includes/js/index.js?ver=6.1 HTTP/1.1" 200 4265 "https://ap.cleaning/" "Mozilla/5.0 (iPhone; CPU iPhone OS 14_4 like Mac OS X) AppleWebKit/605.1.15 (KHTML, like Gecko) Version/15.4 Mobile/15E148 Safari/604.1"
54.213.156.43 - - [20/Jul/2025:12:52:51 +0000] "GET /wp-content/plugins/cleaning_services-core/elementor-addons/assets/js/addons-script.js?ver=6.8.2 HTTP/1.1" 200 2159 "https://ap.cleaning/" "Mozilla/5.0 (iPhone; CPU iPhone OS 14_4 like Mac OS X) AppleWebKit/605.1.15 (KHTML, like Gecko) Version/15.4 Mobile/15E148 Safari/604.1"
54.213.156.43 - - [20/Jul/2025:12:52:51 +0000] "GET /wp-includes/js/dist/hooks.min.js?ver=4d63a3d491d11ffd8ac6 HTTP/1.1" 200 1648 "https://ap.cleaning/" "Mozilla/5.0 (iPhone; CPU iPhone OS 14_4 like Mac OS X) AppleWebKit/605.1.15 (KHTML, like Gecko) Version/15.4 Mobile/15E148 Safari/604.1"
54.213.156.43 - - [20/Jul/2025:12:52:51 +0000] "GET /wp-includes/js/dist/i18n.min.js?ver=5e580eb46a90c2b997e6 HTTP/1.1" 200 3667 "https://ap.cleaning/" "Mozilla/5.0 (iPhone; CPU iPhone OS 14_4 like Mac OS X) AppleWebKit/605.1.15 (KHTML, like Gecko) Version/15.4 Mobile/15E148 Safari/604.1"
54.213.156.43 - - [20/Jul/2025:12:52:51 +0000] "GET /wp-includes/js/jquery/ui/core.min.js?ver=1.13.3 HTTP/1.1" 200 7106 "https://ap.cleaning/" "Mozilla/5.0 (iPhone; CPU iPhone OS 14_4 like Mac OS X) AppleWebKit/605.1.15 (KHTML, like Gecko) Version/15.4 Mobile/15E148 Safari/604.1"
54.213.156.43 - - [20/Jul/2025:12:52:51 +0000] "GET /wp-content/themes/cleaning-services/js/vendor/jquery.dotdotdot.min.js?ver=6.8.2 HTTP/1.1" 200 2796 "https://ap.cleaning/" "Mozilla/5.0 (iPhone; CPU iPhone OS 14_4 like Mac OS X) AppleWebKit/605.1.15 (KHTML, like Gecko) Version/15.4 Mobile/15E148 Safari/604.1"
54.213.156.43 - - [20/Jul/2025:12:52:51 +0000] "GET /wp-content/plugins/woocommerce/assets/js/frontend/order-attribution.min.js?ver=10.0.2 HTTP/1.1" 200 1128 "https://ap.cleaning/" "Mozilla/5.0 (iPhone; CPU iPhone OS 14_4 like Mac OS X) AppleWebKit/605.1.15 (KHTML, like Gecko) Version/15.4 Mobile/15E148 Safari/604.1"
54.213.156.43 - - [20/Jul/2025:12:52:51 +0000] "GET /wp-content/plugins/elementor/assets/js/webpack.runtime.min.js?ver=3.30.2 HTTP/1.1" 200 2516 "https://ap.cleaning/" "Mozilla/5.0 (iPhone; CPU iPhone OS 14_4 like Mac OS X) AppleWebKit/605.1.15 (KHTML, like Gecko) Version/15.4 Mobile/15E148 Safari/604.1"
54.213.156.43 - - [20/Jul/2025:12:52:51 +0000] "GET /wp-content/plugins/woocommerce/assets/js/sourcebuster/sourcebuster.min.js?ver=10.0.2 HTTP/1.1" 200 4807 "https://ap.cleaning/" "Mozilla/5.0 (iPhone; CPU iPhone OS 14_4 like Mac OS X) AppleWebKit/605.1.15 (KHTML, like Gecko) Version/15.4 Mobile/15E148 Safari/604.1"
54.213.156.43 - - [20/Jul/2025:12:52:51 +0000] "GET /wp-content/plugins/elementor/assets/js/frontend.min.js?ver=3.30.2 HTTP/1.1" 200 10595 "https://ap.cleaning/" "Mozilla/5.0 (iPhone; CPU iPhone OS 14_4 like Mac OS X) AppleWebKit/605.1.15 (KHTML, like Gecko) Version/15.4 Mobile/15E148 Safari/604.1"
54.213.156.43 - - [20/Jul/2025:12:52:51 +0000] "GET /wp-content/themes/cleaning-services/js/vendor/bootstrap.min.js?ver=6.8.2 HTTP/1.1" 200 9833 "https://ap.cleaning/" "Mozilla/5.0 (iPhone; CPU iPhone OS 14_4 like Mac OS X) AppleWebKit/605.1.15 (KHTML, like Gecko) Version/15.4 Mobile/15E148 Safari/604.1"
54.213.156.43 - - [20/Jul/2025:12:52:51 +0000] "GET /wp-content/themes/cleaning-services/js/vendor/slick.min.js?ver=6.8.2 HTTP/1.1" 200 8907 "https://ap.cleaning/" "Mozilla/5.0 (iPhone; CPU iPhone OS 14_4 like Mac OS X) AppleWebKit/605.1.15 (KHTML, like Gecko) Version/15.4 Mobile/15E148 Safari/604.1"
54.213.156.43 - - [20/Jul/2025:12:52:51 +0000] "GET /wp-content/themes/cleaning-services/js/vendor/lightbox.min.js?ver=6.8.2 HTTP/1.1" 200 2871 "https://ap.cleaning/" "Mozilla/5.0 (iPhone; CPU iPhone OS 14_4 like Mac OS X) AppleWebKit/605.1.15 (KHTML, like Gecko) Version/15.4 Mobile/15E148 Safari/604.1"
54.213.156.43 - - [20/Jul/2025:12:52:51 +0000] "GET /wp-includes/js/imagesloaded.min.js?ver=5.0.0 HTTP/1.1" 200 1803 "https://ap.cleaning/" "Mozilla/5.0 (iPhone; CPU iPhone OS 14_4 like Mac OS X) AppleWebKit/605.1.15 (KHTML, like Gecko) Version/15.4 Mobile/15E148 Safari/604.1"
54.213.156.43 - - [20/Jul/2025:12:52:51 +0000] "GET /wp-content/themes/cleaning-services/js/vendor/isotope.pkgd.min.js?ver=6.8.2 HTTP/1.1" 200 11048 "https://ap.cleaning/" "Mozilla/5.0 (iPhone; CPU iPhone OS 14_4 like Mac OS X) AppleWebKit/605.1.15 (KHTML, like Gecko) Version/15.4 Mobile/15E148 Safari/604.1"
54.213.156.43 - - [20/Jul/2025:12:52:51 +0000] "GET /wp-includes/js/jquery/jquery.form.min.js?ver=4.3.0 HTTP/1.1" 200 5958 "https://ap.cleaning/" "Mozilla/5.0 (iPhone; CPU iPhone OS 14_4 like Mac OS X) AppleWebKit/605.1.15 (KHTML, like Gecko) Version/15.4 Mobile/15E148 Safari/604.1"
54.213.156.43 - - [20/Jul/2025:12:52:51 +0000] "GET /wp-content/themes/cleaning-services/js/vendor/jquery.doubletaptogo.min.js?ver=6.8.2 HTTP/1.1" 200 480 "https://ap.cleaning/" "Mozilla/5.0 (iPhone; CPU iPhone OS 14_4 like Mac OS X) AppleWebKit/605.1.15 (KHTML, like Gecko) Version/15.4 Mobile/15E148 Safari/604.1"
54.213.156.43 - - [20/Jul/2025:12:52:51 +0000] "GET /wp-content/themes/cleaning-services/js/vendor/jquery.waypoints.min.js?ver=6.8.2 HTTP/1.1" 200 2671 "https://ap.cleaning/" "Mozilla/5.0 (iPhone; CPU iPhone OS 14_4 like Mac OS X) AppleWebKit/605.1.15 (KHTML, like Gecko) Version/15.4 Mobile/15E148 Safari/604.1"
54.213.156.43 - - [20/Jul/2025:12:52:51 +0000] "GET /wp-content/themes/cleaning-services/js/vendor/bootstrap-datetimepicker.min.js?ver=6.8.2 HTTP/1.1" 200 9494 "https://ap.cleaning/" "Mozilla/5.0 (iPhone; CPU iPhone OS 14_4 like Mac OS X) AppleWebKit/605.1.15 (KHTML, like Gecko) Version/15.4 Mobile/15E148 Safari/604.1"
54.213.156.43 - - [20/Jul/2025:12:52:51 +0000] "GET /wp-content/themes/cleaning-services/js/vendor/jquery.validate.min.js?ver=6.8.2 HTTP/1.1" 200 6362 "https://ap.cleaning/" "Mozilla/5.0 (iPhone; CPU iPhone OS 14_4 like Mac OS X) AppleWebKit/605.1.15 (KHTML, like Gecko) Version/15.4 Mobile/15E148 Safari/604.1"
54.213.156.43 - - [20/Jul/2025:12:52:51 +0000] "GET /wp-includes/js/dist/vendor/moment.min.js?ver=2.30.1 HTTP/1.1" 200 18754 "https://ap.cleaning/" "Mozilla/5.0 (iPhone; CPU iPhone OS 14_4 like Mac OS X) AppleWebKit/605.1.15 (KHTML, like Gecko) Version/15.4 Mobile/15E148 Safari/604.1"
54.213.156.43 - - [20/Jul/2025:12:52:51 +0000] "GET /wp-content/themes/cleaning-services/js/vendor/jquery.countTo.js?ver=6.8.2 HTTP/1.1" 200 900 "https://ap.cleaning/" "Mozilla/5.0 (iPhone; CPU iPhone OS 14_4 like Mac OS X) AppleWebKit/605.1.15 (KHTML, like Gecko) Version/15.4 Mobile/15E148 Safari/604.1"
54.213.156.43 - - [20/Jul/2025:12:52:51 +0000] "GET /wp-content/themes/cleaning-services/js/vendor/jquery.print.js?ver=6.8.2 HTTP/1.1" 200 2703 "https://ap.cleaning/" "Mozilla/5.0 (iPhone; CPU iPhone OS 14_4 like Mac OS X) AppleWebKit/605.1.15 (KHTML, like Gecko) Version/15.4 Mobile/15E148 Safari/604.1"
54.213.156.43 - - [20/Jul/2025:12:52:51 +0000] "GET /wp-content/themes/cleaning-services/js/vendor/wNumb.js?ver=6.8.2 HTTP/1.1" 200 2807 "https://ap.cleaning/" "Mozilla/5.0 (iPhone; CPU iPhone OS 14_4 like Mac OS X) AppleWebKit/605.1.15 (KHTML, like Gecko) Version/15.4 Mobile/15E148 Safari/604.1"
54.213.156.43 - - [20/Jul/2025:12:52:51 +0000] "GET /wp-content/themes/cleaning-services/js/vendor/nouislider.min.js?ver=6.8.2 HTTP/1.1" 200 7754 "https://ap.cleaning/" "Mozilla/5.0 (iPhone; CPU iPhone OS 14_4 like Mac OS X) AppleWebKit/605.1.15 (KHTML, like Gecko) Version/15.4 Mobile/15E148 Safari/604.1"
54.213.156.43 - - [20/Jul/2025:12:52:51 +0000] "GET /wp-includes/js/jquery/ui/controlgroup.min.js?ver=1.13.3 HTTP/1.1" 200 1606 "https://ap.cleaning/" "Mozilla/5.0 (iPhone; CPU iPhone OS 14_4 like Mac OS X) AppleWebKit/605.1.15 (KHTML, like Gecko) Version/15.4 Mobile/15E148 Safari/604.1"
54.213.156.43 - - [20/Jul/2025:12:52:51 +0000] "GET /wp-content/themes/cleaning-services/js/vendor/jquery.elevateZoom-3.0.8.min.js?ver=6.8.2 HTTP/1.1" 200 6198 "https://ap.cleaning/" "Mozilla/5.0 (iPhone; CPU iPhone OS 14_4 like Mac OS X) AppleWebKit/605.1.15 (KHTML, like Gecko) Version/15.4 Mobile/15E148 Safari/604.1"
54.213.156.43 - - [20/Jul/2025:12:52:51 +0000] "GET /wp-includes/js/jquery/ui/checkboxradio.min.js?ver=1.13.3 HTTP/1.1" 200 1422 "https://ap.cleaning/" "Mozilla/5.0 (iPhone; CPU iPhone OS 14_4 like Mac OS X) AppleWebKit/605.1.15 (KHTML, like Gecko) Version/15.4 Mobile/15E148 Safari/604.1"
54.213.156.43 - - [20/Jul/2025:12:52:51 +0000] "GET /wp-includes/js/jquery/ui/button.min.js?ver=1.13.3 HTTP/1.1" 200 1979 "https://ap.cleaning/" "Mozilla/5.0 (iPhone; CPU iPhone OS 14_4 like Mac OS X) AppleWebKit/605.1.15 (KHTML, like Gecko) Version/15.4 Mobile/15E148 Safari/604.1"
54.213.156.43 - - [20/Jul/2025:12:52:51 +0000] "GET /wp-content/uploads/2021/08/slide-2.jpg HTTP/1.1" 200 220627 "https://ap.cleaning/" "Mozilla/5.0 (iPhone; CPU iPhone OS 14_4 like Mac OS X) AppleWebKit/605.1.15 (KHTML, like Gecko) Version/15.4 Mobile/15E148 Safari/604.1"
54.213.156.43 - - [20/Jul/2025:12:52:51 +0000] "GET /wp-content/themes/cleaning-services/js/forms.js?ver=1753015970 HTTP/1.1" 200 1505 "https://ap.cleaning/" "Mozilla/5.0 (iPhone; CPU iPhone OS 14_4 like Mac OS X) AppleWebKit/605.1.15 (KHTML, like Gecko) Version/15.4 Mobile/15E148 Safari/604.1"
54.213.156.43 - - [20/Jul/2025:12:52:51 +0000] "GET /wp-content/themes/cleaning-services/images/h-decor-xs-2.png HTTP/1.1" 200 230 "https://ap.cleaning/wp-content/themes/cleaning-services/style.css?ver=1753015970" "Mozilla/5.0 (iPhone; CPU iPhone OS 14_4 like Mac OS X) AppleWebKit/605.1.15 (KHTML, like Gecko) Version/15.4 Mobile/15E148 Safari/604.1"
54.213.156.43 - - [20/Jul/2025:12:52:51 +0000] "GET /wp-includes/js/jquery/ui/spinner.min.js?ver=1.13.3 HTTP/1.1" 200 2443 "https://ap.cleaning/" "Mozilla/5.0 (iPhone; CPU iPhone OS 14_4 like Mac OS X) AppleWebKit/605.1.15 (KHTML, like Gecko) Version/15.4 Mobile/15E148 Safari/604.1"
54.213.156.43 - - [20/Jul/2025:12:52:51 +0000] "GET /wp-content/uploads/2021/08/slide-3.jpg HTTP/1.1" 200 373967 "https://ap.cleaning/" "Mozilla/5.0 (iPhone; CPU iPhone OS 14_4 like Mac OS X) AppleWebKit/605.1.15 (KHTML, like Gecko) Version/15.4 Mobile/15E148 Safari/604.1"
54.213.156.43 - - [20/Jul/2025:12:52:51 +0000] "GET /wp-content/uploads/2021/08/slide-1.jpg HTTP/1.1" 200 213102 "https://ap.cleaning/" "Mozilla/5.0 (iPhone; CPU iPhone OS 14_4 like Mac OS X) AppleWebKit/605.1.15 (KHTML, like Gecko) Version/15.4 Mobile/15E148 Safari/604.1"
54.213.156.43 - - [20/Jul/2025:12:52:51 +0000] "GET /wp-content/uploads/elementor/google-fonts/fonts/roboto-kfo5cnqeu92fr1mu53zec9_vu3r1gihoszmkbnka.woff2 HTTP/1.1" 200 44220 "https://ap.cleaning/wp-content/uploads/elementor/google-fonts/css/roboto.css?ver=1742256476" "Mozilla/5.0 (iPhone; CPU iPhone OS 14_4 like Mac OS X) AppleWebKit/605.1.15 (KHTML, like Gecko) Version/15.4 Mobile/15E148 Safari/604.1"
54.213.156.43 - - [20/Jul/2025:12:52:51 +0000] "GET /wp-content/plugins/cleaning_services-core/elementor-addons/icon/fonts/cleaning.ttf?v3bpui HTTP/1.1" 200 23427 "https://ap.cleaning/wp-content/plugins/cleaning_services-core/elementor-addons/icon/style.css?ver=5.9.0" "Mozilla/5.0 (iPhone; CPU iPhone OS 14_4 like Mac OS X) AppleWebKit/605.1.15 (KHTML, like Gecko) Version/15.4 Mobile/15E148 Safari/604.1"
54.213.156.43 - - [20/Jul/2025:12:52:51 +0000] "GET /wp-content/uploads/elementor/google-fonts/fonts/roboto-kfo7cnqeu92fr1me7ksn66agldtyluama3yuba.woff2 HTTP/1.1" 200 40156 "https://ap.cleaning/wp-content/uploads/elementor/google-fonts/css/roboto.css?ver=1742256476" "Mozilla/5.0 (iPhone; CPU iPhone OS 14_4 like Mac OS X) AppleWebKit/605.1.15 (KHTML, like Gecko) Version/15.4 Mobile/15E148 Safari/604.1"
54.213.156.43 - - [20/Jul/2025:12:52:52 +0000] "GET /wp-content/plugins/woocommerce/assets/js/jquery-blockui/jquery.blockUI.min.js?ver=2.7.0-wc.10.0.2 HTTP/1.1" 200 3537 "https://ap.cleaning/" "Mozilla/5.0 (iPhone; CPU iPhone OS 14_4 like Mac OS X) AppleWebKit/605.1.15 (KHTML, like Gecko) Version/15.4 Mobile/15E148 Safari/604.1"
54.213.156.43 - - [20/Jul/2025:12:52:52 +0000] "GET /wp-content/plugins/woocommerce/assets/js/js-cookie/js.cookie.min.js?ver=2.1.4-wc.10.0.2 HTTP/1.1" 200 833 "https://ap.cleaning/" "Mozilla/5.0 (iPhone; CPU iPhone OS 14_4 like Mac OS X) AppleWebKit/605.1.15 (KHTML, like Gecko) Version/15.4 Mobile/15E148 Safari/604.1"
54.213.156.43 - - [20/Jul/2025:12:52:52 +0000] "GET /wp-content/plugins/woocommerce/assets/js/frontend/woocommerce.min.js?ver=10.0.2 HTTP/1.1" 200 1532 "https://ap.cleaning/" "Mozilla/5.0 (iPhone; CPU iPhone OS 14_4 like Mac OS X) AppleWebKit/605.1.15 (KHTML, like Gecko) Version/15.4 Mobile/15E148 Safari/604.1"
54.213.156.43 - - [20/Jul/2025:12:52:52 +0000] "GET /wp-content/themes/cleaning-services/js/custom.js?ver=1753015970 HTTP/1.1" 200 7946 "https://ap.cleaning/" "Mozilla/5.0 (iPhone; CPU iPhone OS 14_4 like Mac OS X) AppleWebKit/605.1.15 (KHTML, like Gecko) Version/15.4 Mobile/15E148 Safari/604.1"
54.213.156.43 - - [20/Jul/2025:12:52:52 +0000] "GET /wp-content/plugins/woocommerce/assets/js/frontend/add-to-cart.min.js?ver=10.0.2 HTTP/1.1" 200 1407 "https://ap.cleaning/" "Mozilla/5.0 (iPhone; CPU iPhone OS 14_4 like Mac OS X) AppleWebKit/605.1.15 (KHTML, like Gecko) Version/15.4 Mobile/15E148 Safari/604.1"
54.213.156.43 - - [20/Jul/2025:12:52:52 +0000] "GET /wp-content/uploads/2021/08/footer-ribbon.png HTTP/1.1" 200 10329 "https://ap.cleaning/" "Mozilla/5.0 (iPhone; CPU iPhone OS 14_4 like Mac OS X) AppleWebKit/605.1.15 (KHTML, like Gecko) Version/15.4 Mobile/15E148 Safari/604.1"
54.213.156.43 - - [20/Jul/2025:12:52:52 +0000] "GET /wp-content/uploads/2021/08/block-bg-3.jpg HTTP/1.1" 200 90231 "https://ap.cleaning/wp-content/uploads/elementor/css/post-1450.css?ver=1752119936" "Mozilla/5.0 (iPhone; CPU iPhone OS 14_4 like Mac OS X) AppleWebKit/605.1.15 (KHTML, like Gecko) Version/15.4 Mobile/15E148 Safari/604.1"
54.213.156.43 - - [20/Jul/2025:12:52:52 +0000] "GET /wp-content/uploads/2021/08/block-bg-5.jpg HTTP/1.1" 200 422489 "https://ap.cleaning/wp-content/uploads/elementor/css/post-1450.css?ver=1752119936" "Mozilla/5.0 (iPhone; CPU iPhone OS 14_4 like Mac OS X) AppleWebKit/605.1.15 (KHTML, like Gecko) Version/15.4 Mobile/15E148 Safari/604.1"
54.213.156.43 - - [20/Jul/2025:12:52:52 +0000] "GET /wp-content/uploads/2021/08/block-bg-1.jpg HTTP/1.1" 200 35775 "https://ap.cleaning/wp-content/uploads/elementor/css/post-1450.css?ver=1752119936" "Mozilla/5.0 (iPhone; CPU iPhone OS 14_4 like Mac OS X) AppleWebKit/605.1.15 (KHTML, like Gecko) Version/15.4 Mobile/15E148 Safari/604.1"
54.213.156.43 - - [20/Jul/2025:12:52:52 +0000] "GET /wp-content/uploads/2021/08/index-img-1.jpg HTTP/1.1" 200 88583 "https://ap.cleaning/" "Mozilla/5.0 (iPhone; CPU iPhone OS 14_4 like Mac OS X) AppleWebKit/605.1.15 (KHTML, like Gecko) Version/15.4 Mobile/15E148 Safari/604.1"
54.213.156.43 - - [20/Jul/2025:12:52:52 +0000] "GET /wp-content/uploads/2021/08/index-right-img.png HTTP/1.1" 200 371884 "https://ap.cleaning/" "Mozilla/5.0 (iPhone; CPU iPhone OS 14_4 like Mac OS X) AppleWebKit/605.1.15 (KHTML, like Gecko) Version/15.4 Mobile/15E148 Safari/604.1"
54.213.156.43 - - [20/Jul/2025:12:52:52 +0000] "GET /wp-includes/js/wp-emoji-release.min.js?ver=6.8.2 HTTP/1.1" 200 5163 "https://ap.cleaning/" "Mozilla/5.0 (iPhone; CPU iPhone OS 14_4 like Mac OS X) AppleWebKit/605.1.15 (KHTML, like Gecko) Version/15.4 Mobile/15E148 Safari/604.1"
54.213.156.43 - - [20/Jul/2025:12:52:52 +0000] "GET /wp-content/themes/cleaning-services/images/lightbox/close.png HTTP/1.1" 200 280 "https://ap.cleaning/wp-content/themes/cleaning-services/css/vendor/lightbox.css" "Mozilla/5.0 (iPhone; CPU iPhone OS 14_4 like Mac OS X) AppleWebKit/605.1.15 (KHTML, like Gecko) Version/15.4 Mobile/15E148 Safari/604.1"
54.213.156.43 - - [20/Jul/2025:12:52:52 +0000] "GET /wp-content/themes/cleaning-services/images/lightbox/prev.png HTTP/1.1" 200 1360 "https://ap.cleaning/wp-content/themes/cleaning-services/css/vendor/lightbox.css" "Mozilla/5.0 (iPhone; CPU iPhone OS 14_4 like Mac OS X) AppleWebKit/605.1.15 (KHTML, like Gecko) Version/15.4 Mobile/15E148 Safari/604.1"
54.213.156.43 - - [20/Jul/2025:12:52:52 +0000] "GET /wp-content/themes/cleaning-services/images/lightbox/next.png HTTP/1.1" 200 1350 "https://ap.cleaning/wp-content/themes/cleaning-services/css/vendor/lightbox.css" "Mozilla/5.0 (iPhone; CPU iPhone OS 14_4 like Mac OS X) AppleWebKit/605.1.15 (KHTML, like Gecko) Version/15.4 Mobile/15E148 Safari/604.1"
54.213.156.43 - - [20/Jul/2025:12:52:52 +0000] "GET /wp-content/themes/cleaning-services/images/lightbox/loading.gif HTTP/1.1" 200 8476 "https://ap.cleaning/wp-content/themes/cleaning-services/css/vendor/lightbox.css" "Mozilla/5.0 (iPhone; CPU iPhone OS 14_4 like Mac OS X) AppleWebKit/605.1.15 (KHTML, like Gecko) Version/15.4 Mobile/15E148 Safari/604.1"
91.84.109.110 - - [20/Jul/2025:12:52:52 +0000] "GET /new-cleaning-hydrogen-peroxide-tips-2/ HTTP/1.1" 200 15235 "-" "Mozilla/5.0 (Macintosh; Intel Mac OS X 10_15_7) AppleWebKit/537.36 (KHTML, like Gecko) Chrome/133.0.0.0 Safari/537.36"
165.165.144.91 - - [20/Jul/2025:12:52:55 +0000] "POST /wp-comments-post.php HTTP/1.1" 200 1106 "-" "Mozilla/5.0 (Macintosh; Intel Mac OS X 10_15_7) AppleWebKit/537.36 (KHTML, like Gecko) Chrome/133.0.0.0 Safari/537.36"
165.22.122.255 - - [20/Jul/2025:12:53:11 +0000] "GET / HTTP/1.1" 301 - "-" "Mozilla/5.0 (X11; Linux x86_64) AppleWebKit/537.36 (KHTML, like Gecko) Chrome/137.0.0.0 Safari/537.36"
91.84.109.110 - - [20/Jul/2025:12:53:14 +0000] "GET /new-cleaning-hydrogen-peroxide-tips-2/feed/ HTTP/1.1" 200 453 "-" "Mozilla/5.0 (Macintosh; Intel Mac OS X 10_15_7) AppleWebKit/537.36 (KHTML, like Gecko) Chrome/133.0.0.0 Safari/537.36"
165.22.122.255 - - [20/Jul/2025:12:53:15 +0000] "GET /favicon.ico HTTP/1.1" 302 - "https://www.ap.cleaning/" "Mozilla/5.0 (X11; Linux x86_64) AppleWebKit/537.36 (KHTML, like Gecko) Chrome/137.0.0.0 Safari/537.36"
209.74.77.214 - - [20/Jul/2025:12:53:16 +0000] "POST /wp-cron.php?doing_wp_cron=1753015996.4181900024414062500000 HTTP/1.1" 200 - "-" "WordPress/6.8.2; https://ap.cleaning"
91.84.109.110 - - [20/Jul/2025:12:53:16 +0000] "GET /new-cleaning-hydrogen-peroxide-tips-2/ HTTP/1.1" 200 15234 "-" "Mozilla/5.0 (Macintosh; Intel Mac OS X 10_15_7) AppleWebKit/537.36 (KHTML, like Gecko) Chrome/133.0.0.0 Safari/537.36"
216.73.216.156 - - [20/Jul/2025:12:53:46 +0000] "GET /detail/257947399.shtm HTTP/1.1" 404 12595 "-" "Mozilla/5.0 AppleWebKit/537.36 (KHTML, like Gecko; compatible; ClaudeBot/1.0; [email protected])"
209.74.77.214 - - [20/Jul/2025:12:55:36 +0000] "POST /wp-cron.php?doing_wp_cron=1753016136.8225150108337402343750 HTTP/1.1" 200 - "-" "WordPress/6.8.2; https://ap.cleaning"
216.73.216.156 - - [20/Jul/2025:12:55:34 +0000] "GET /detail/258100890.shtm HTTP/1.1" 404 12595 "-" "Mozilla/5.0 AppleWebKit/537.36 (KHTML, like Gecko; compatible; ClaudeBot/1.0; [email protected])"
209.74.77.214 - - [20/Jul/2025:12:57:18 +0000] "POST /wp-cron.php?doing_wp_cron=1753016238.7766580581665039062500 HTTP/1.1" 200 - "-" "WordPress/6.8.2; https://ap.cleaning"
216.73.216.156 - - [20/Jul/2025:12:57:18 +0000] "GET /detail/1484364283.shtm HTTP/1.1" 404 12594 "-" "Mozilla/5.0 AppleWebKit/537.36 (KHTML, like Gecko; compatible; ClaudeBot/1.0; [email protected])"
209.74.77.214 - - [20/Jul/2025:12:58:42 +0000] "POST /wp-cron.php?doing_wp_cron=1753016322.8170740604400634765625 HTTP/1.1" 200 - "-" "WordPress/6.8.2; https://ap.cleaning"
216.73.216.156 - - [20/Jul/2025:12:58:40 +0000] "GET /detail/258045781.shtm HTTP/1.1" 404 12595 "-" "Mozilla/5.0 AppleWebKit/537.36 (KHTML, like Gecko; compatible; ClaudeBot/1.0; [email protected])"
209.74.77.214 - - [20/Jul/2025:13:01:03 +0000] "POST /wp-cron.php?doing_wp_cron=1753016463.7624890804290771484375 HTTP/1.1" 200 - "-" "WordPress/6.8.2; https://ap.cleaning"
216.73.216.156 - - [20/Jul/2025:13:01:00 +0000] "GET /detail/257527862.shtm HTTP/1.1" 404 12596 "-" "Mozilla/5.0 AppleWebKit/537.36 (KHTML, like Gecko; compatible; ClaudeBot/1.0; [email protected])"
216.73.216.156 - - [20/Jul/2025:13:01:06 +0000] "GET /detail/257525897.shtm HTTP/1.1" 404 12594 "-" "Mozilla/5.0 AppleWebKit/537.36 (KHTML, like Gecko; compatible; ClaudeBot/1.0; [email protected])"
216.73.216.156 - - [20/Jul/2025:13:01:09 +0000] "GET /detail/257866458.shtm HTTP/1.1" 404 12595 "-" "Mozilla/5.0 AppleWebKit/537.36 (KHTML, like Gecko; compatible; ClaudeBot/1.0; [email protected])"
216.73.216.156 - - [20/Jul/2025:13:01:12 +0000] "GET /sitemap.xml HTTP/1.1" 200 4208 "-" "Mozilla/5.0 AppleWebKit/537.36 (KHTML, like Gecko; compatible; ClaudeBot/1.0; [email protected])"
209.74.77.214 - - [20/Jul/2025:13:01:52 +0000] "POST /wp-cron.php?doing_wp_cron=1753016512.8945310115814208984375 HTTP/1.1" 200 - "-" "WordPress/6.8.2; https://ap.cleaning"
216.73.216.156 - - [20/Jul/2025:13:01:50 +0000] "GET /detail/258105999.shtm HTTP/1.1" 404 12595 "-" "Mozilla/5.0 AppleWebKit/537.36 (KHTML, like Gecko; compatible; ClaudeBot/1.0; [email protected])"
216.73.216.156 - - [20/Jul/2025:13:01:54 +0000] "GET /detail/258074672.shtm HTTP/1.1" 404 12595 "-" "Mozilla/5.0 AppleWebKit/537.36 (KHTML, like Gecko; compatible; ClaudeBot/1.0; [email protected])"
216.73.216.156 - - [20/Jul/2025:13:01:57 +0000] "GET /detail/257907330.shtm HTTP/1.1" 404 12594 "-" "Mozilla/5.0 AppleWebKit/537.36 (KHTML, like Gecko; compatible; ClaudeBot/1.0; [email protected])"
216.73.216.156 - - [20/Jul/2025:13:02:00 +0000] "GET /detail/257613266.shtm HTTP/1.1" 404 12595 "-" "Mozilla/5.0 AppleWebKit/537.36 (KHTML, like Gecko; compatible; ClaudeBot/1.0; [email protected])"
209.74.77.214 - - [20/Jul/2025:13:02:34 +0000] "POST /wp-cron.php?doing_wp_cron=1753016554.1337730884552001953125 HTTP/1.1" 200 - "-" "WordPress/6.8.2; https://ap.cleaning"
216.73.216.156 - - [20/Jul/2025:13:02:32 +0000] "GET /detail/257753903.shtm HTTP/1.1" 404 12595 "-" "Mozilla/5.0 AppleWebKit/537.36 (KHTML, like Gecko; compatible; ClaudeBot/1.0; [email protected])"
216.73.216.156 - - [20/Jul/2025:13:02:34 +0000] "GET /detail/257914115.shtm HTTP/1.1" 404 12592 "-" "Mozilla/5.0 AppleWebKit/537.36 (KHTML, like Gecko; compatible; ClaudeBot/1.0; [email protected])"
216.73.216.156 - - [20/Jul/2025:13:02:37 +0000] "GET /detail/257860612.shtm HTTP/1.1" 404 12594 "-" "Mozilla/5.0 AppleWebKit/537.36 (KHTML, like Gecko; compatible; ClaudeBot/1.0; [email protected])"
216.73.216.156 - - [20/Jul/2025:13:02:40 +0000] "GET /detail/257599254.shtm HTTP/1.1" 404 12595 "-" "Mozilla/5.0 AppleWebKit/537.36 (KHTML, like Gecko; compatible; ClaudeBot/1.0; [email protected])"
209.74.77.214 - - [20/Jul/2025:13:03:39 +0000] "POST /wp-cron.php?doing_wp_cron=1753016619.2124290466308593750000 HTTP/1.1" 200 - "-" "WordPress/6.8.2; https://ap.cleaning"
216.73.216.156 - - [20/Jul/2025:13:03:37 +0000] "GET /detail/599954804.shtm HTTP/1.1" 404 12595 "-" "Mozilla/5.0 AppleWebKit/537.36 (KHTML, like Gecko; compatible; ClaudeBot/1.0; [email protected])"
216.73.216.156 - - [20/Jul/2025:13:03:39 +0000] "GET /detail/599638116.shtm HTTP/1.1" 404 12592 "-" "Mozilla/5.0 AppleWebKit/537.36 (KHTML, like Gecko; compatible; ClaudeBot/1.0; [email protected])"
216.73.216.156 - - [20/Jul/2025:13:03:44 +0000] "GET /detail/257767915.shtm HTTP/1.1" 404 12595 "-" "Mozilla/5.0 AppleWebKit/537.36 (KHTML, like Gecko; compatible; ClaudeBot/1.0; [email protected])"
216.73.216.156 - - [20/Jul/2025:13:03:45 +0000] "GET /detail/600073851.shtm HTTP/1.1" 404 12595 "-" "Mozilla/5.0 AppleWebKit/537.36 (KHTML, like Gecko; compatible; ClaudeBot/1.0; [email protected])"
66.249.74.3 - - [20/Jul/2025:13:03:58 +0000] "GET /about-us/ HTTP/1.1" 200 20088 "-" "Mozilla/5.0 (Linux; Android 6.0.1; Nexus 5X Build/MMB29P) AppleWebKit/537.36 (KHTML, like Gecko) Chrome/137.0.7151.103 Mobile Safari/537.36 (compatible; Googlebot/2.1; +http://www.google.com/bot.html)"
66.249.74.2 - - [20/Jul/2025:13:04:45 +0000] "GET /cleaning_services/curtain-cleaning/ HTTP/1.1" 200 20781 "-" "Mozilla/5.0 (Linux; Android 6.0.1; Nexus 5X Build/MMB29P) AppleWebKit/537.36 (KHTML, like Gecko) Chrome/137.0.7151.103 Mobile Safari/537.36 (compatible; Googlebot/2.1; +http://www.google.com/bot.html)"
209.74.77.214 - - [20/Jul/2025:13:04:50 +0000] "POST /wp-cron.php?doing_wp_cron=1753016690.3011040687561035156250 HTTP/1.1" 200 - "-" "WordPress/6.8.2; https://ap.cleaning"
216.73.216.156 - - [20/Jul/2025:13:04:48 +0000] "GET /detail/257615227.shtm HTTP/1.1" 404 12596 "-" "Mozilla/5.0 AppleWebKit/537.36 (KHTML, like Gecko; compatible; ClaudeBot/1.0; [email protected])"
216.73.216.156 - - [20/Jul/2025:13:04:53 +0000] "GET /detail/600141519.shtm HTTP/1.1" 404 12596 "-" "Mozilla/5.0 AppleWebKit/537.36 (KHTML, like Gecko; compatible; ClaudeBot/1.0; [email protected])"
216.73.216.156 - - [20/Jul/2025:13:04:56 +0000] "GET /detail/257962790.shtm HTTP/1.1" 404 12594 "-" "Mozilla/5.0 AppleWebKit/537.36 (KHTML, like Gecko; compatible; ClaudeBot/1.0; [email protected])"
216.73.216.156 - - [20/Jul/2025:13:04:59 +0000] "GET /detail/258038331.shtm HTTP/1.1" 404 12594 "-" "Mozilla/5.0 AppleWebKit/537.36 (KHTML, like Gecko; compatible; ClaudeBot/1.0; [email protected])"
209.74.77.214 - - [20/Jul/2025:13:05:28 +0000] "POST /wp-cron.php?doing_wp_cron=1753016728.8002901077270507812500 HTTP/1.1" 200 - "-" "WordPress/6.8.2; https://ap.cleaning"
57.141.2.18 - - [20/Jul/2025:13:05:28 +0000] "GET /detail/1468448513.shtm HTTP/1.1" 404 58210 "-" "meta-externalagent/1.1 (+https://developers.facebook.com/docs/sharing/webmasters/crawler)"
216.73.216.156 - - [20/Jul/2025:13:05:43 +0000] "GET /detail/599571703.shtm HTTP/1.1" 404 12594 "-" "Mozilla/5.0 AppleWebKit/537.36 (KHTML, like Gecko; compatible; ClaudeBot/1.0; [email protected])"
216.73.216.156 - - [20/Jul/2025:13:05:45 +0000] "GET /detail/258022783.shtm HTTP/1.1" 404 12593 "-" "Mozilla/5.0 AppleWebKit/537.36 (KHTML, like Gecko; compatible; ClaudeBot/1.0; [email protected])"
216.73.216.156 - - [20/Jul/2025:13:05:48 +0000] "GET /detail/600073566.shtm HTTP/1.1" 404 12594 "-" "Mozilla/5.0 AppleWebKit/537.36 (KHTML, like Gecko; compatible; ClaudeBot/1.0; [email protected])"
216.73.216.156 - - [20/Jul/2025:13:05:51 +0000] "GET /detail/257840240.shtm HTTP/1.1" 404 12593 "-" "Mozilla/5.0 AppleWebKit/537.36 (KHTML, like Gecko; compatible; ClaudeBot/1.0; [email protected])"
66.249.74.1 - - [20/Jul/2025:13:06:48 +0000] "GET /flip-fluff-routine-best-thing-can-furniture/ HTTP/1.1" 200 20826 "-" "Mozilla/5.0 (Linux; Android 6.0.1; Nexus 5X Build/MMB29P) AppleWebKit/537.36 (KHTML, like Gecko) Chrome/137.0.7151.103 Mobile Safari/537.36 (compatible; Googlebot/2.1; +http://www.google.com/bot.html)"
209.74.77.214 - - [20/Jul/2025:13:06:53 +0000] "POST /wp-cron.php?doing_wp_cron=1753016813.5554509162902832031250 HTTP/1.1" 200 - "-" "WordPress/6.8.2; https://ap.cleaning"
216.73.216.156 - - [20/Jul/2025:13:06:51 +0000] "GET /detail/257561146.shtm HTTP/1.1" 404 12595 "-" "Mozilla/5.0 AppleWebKit/537.36 (KHTML, like Gecko; compatible; ClaudeBot/1.0; [email protected])"
216.73.216.156 - - [20/Jul/2025:13:06:54 +0000] "GET /detail/257535597.shtm HTTP/1.1" 404 12594 "-" "Mozilla/5.0 AppleWebKit/537.36 (KHTML, like Gecko; compatible; ClaudeBot/1.0; [email protected])"
216.73.216.156 - - [20/Jul/2025:13:06:57 +0000] "GET /detail/257635599.shtm HTTP/1.1" 404 12594 "-" "Mozilla/5.0 AppleWebKit/537.36 (KHTML, like Gecko; compatible; ClaudeBot/1.0; [email protected])"
216.73.216.156 - - [20/Jul/2025:13:07:00 +0000] "GET /detail/599741029.shtm HTTP/1.1" 404 12594 "-" "Mozilla/5.0 AppleWebKit/537.36 (KHTML, like Gecko; compatible; ClaudeBot/1.0; [email protected])"
209.74.77.214 - - [20/Jul/2025:13:07:46 +0000] "POST /wp-cron.php?doing_wp_cron=1753016866.5537040233612060546875 HTTP/1.1" 200 - "-" "WordPress/6.8.2; https://ap.cleaning"
216.73.216.156 - - [20/Jul/2025:13:07:44 +0000] "GET /detail/1281871143.shtm HTTP/1.1" 404 12595 "-" "Mozilla/5.0 AppleWebKit/537.36 (KHTML, like Gecko; compatible; ClaudeBot/1.0; [email protected])"
216.73.216.156 - - [20/Jul/2025:13:07:47 +0000] "GET /detail/257982714.shtm HTTP/1.1" 404 12595 "-" "Mozilla/5.0 AppleWebKit/537.36 (KHTML, like Gecko; compatible; ClaudeBot/1.0; [email protected])"
216.73.216.156 - - [20/Jul/2025:13:07:50 +0000] "GET /detail/258056870.shtm HTTP/1.1" 404 12595 "-" "Mozilla/5.0 AppleWebKit/537.36 (KHTML, like Gecko; compatible; ClaudeBot/1.0; [email protected])"
216.73.216.156 - - [20/Jul/2025:13:07:53 +0000] "GET /detail/257546333.shtm HTTP/1.1" 404 12593 "-" "Mozilla/5.0 AppleWebKit/537.36 (KHTML, like Gecko; compatible; ClaudeBot/1.0; [email protected])"
209.74.77.214 - - [20/Jul/2025:13:08:44 +0000] "POST /wp-cron.php?doing_wp_cron=1753016923.9855079650878906250000 HTTP/1.1" 200 - "-" "WordPress/6.8.2; https://ap.cleaning"
216.73.216.156 - - [20/Jul/2025:13:08:41 +0000] "GET /detail/599606077.shtm HTTP/1.1" 404 12595 "-" "Mozilla/5.0 AppleWebKit/537.36 (KHTML, like Gecko; compatible; ClaudeBot/1.0; [email protected])"
216.73.216.156 - - [20/Jul/2025:13:08:44 +0000] "GET /detail/927215550.shtm HTTP/1.1" 404 12594 "-" "Mozilla/5.0 AppleWebKit/537.36 (KHTML, like Gecko; compatible; ClaudeBot/1.0; [email protected])"
216.73.216.156 - - [20/Jul/2025:13:08:47 +0000] "GET /detail/1281488038.shtm HTTP/1.1" 404 12594 "-" "Mozilla/5.0 AppleWebKit/537.36 (KHTML, like Gecko; compatible; ClaudeBot/1.0; [email protected])"
216.73.216.156 - - [20/Jul/2025:13:08:50 +0000] "GET /detail/927017616.shtm HTTP/1.1" 404 12596 "-" "Mozilla/5.0 AppleWebKit/537.36 (KHTML, like Gecko; compatible; ClaudeBot/1.0; [email protected])"
209.74.77.214 - - [20/Jul/2025:13:09:39 +0000] "POST /wp-cron.php?doing_wp_cron=1753016979.6792619228363037109375 HTTP/1.1" 200 - "-" "WordPress/6.8.2; https://ap.cleaning"
156.253.173.229 - - [20/Jul/2025:13:09:37 +0000] "GET /contact-us/ HTTP/1.1" 200 15315 "-" "Mozilla/5.0 (Macintosh; Intel Mac OS X 12_5) AppleWebKit/537.36 (KHTML, like Gecko) Chrome/114.0.0.0 YaBrowser/22.7.0 Yowser/2.5 Safari/537.36"
156.253.173.229 - - [20/Jul/2025:13:09:41 +0000] "GET /wp-content/plugins/contact-form-7/includes/js/index.js?ver=6.1 HTTP/1.1" 200 4265 "https://ap.cleaning/contact-us/" "Mozilla/5.0 (Macintosh; Intel Mac OS X 12_5) AppleWebKit/537.36 (KHTML, like Gecko) Chrome/114.0.0.0 YaBrowser/22.7.0 Yowser/2.5 Safari/537.36"
156.253.173.229 - - [20/Jul/2025:13:09:45 +0000] "POST /wp-json/contact-form-7/v1/contact-forms/564/feedback HTTP/1.1" 200 182 "https://ap.cleaning/contact-us/" "Mozilla/5.0 (Macintosh; Intel Mac OS X 12_5) AppleWebKit/537.36 (KHTML, like Gecko) Chrome/114.0.0.0 YaBrowser/22.7.0 Yowser/2.5 Safari/537.36"
216.73.216.156 - - [20/Jul/2025:13:09:58 +0000] "GET /detail/258107956.shtm HTTP/1.1" 404 12593 "-" "Mozilla/5.0 AppleWebKit/537.36 (KHTML, like Gecko; compatible; ClaudeBot/1.0; [email protected])"
216.73.216.156 - - [20/Jul/2025:13:09:59 +0000] "GET /detail/599645574.shtm HTTP/1.1" 404 12593 "-" "Mozilla/5.0 AppleWebKit/537.36 (KHTML, like Gecko; compatible; ClaudeBot/1.0; [email protected])"
216.73.216.156 - - [20/Jul/2025:13:10:02 +0000] "GET /detail/600138885.shtm HTTP/1.1" 404 12595 "-" "Mozilla/5.0 AppleWebKit/537.36 (KHTML, like Gecko; compatible; ClaudeBot/1.0; [email protected])"
216.73.216.156 - - [20/Jul/2025:13:10:05 +0000] "GET /detail/1281846397.shtm HTTP/1.1" 404 12594 "-" "Mozilla/5.0 AppleWebKit/537.36 (KHTML, like Gecko; compatible; ClaudeBot/1.0; [email protected])"
209.74.77.214 - - [20/Jul/2025:13:11:10 +0000] "POST /wp-cron.php?doing_wp_cron=1753017070.6638879776000976562500 HTTP/1.1" 200 - "-" "WordPress/6.8.2; https://ap.cleaning"
216.73.216.156 - - [20/Jul/2025:13:11:08 +0000] "GET /detail/257762806.shtm HTTP/1.1" 404 12594 "-" "Mozilla/5.0 AppleWebKit/537.36 (KHTML, like Gecko; compatible; ClaudeBot/1.0; [email protected])"
216.73.216.156 - - [20/Jul/2025:13:11:13 +0000] "GET /detail/599814964.shtm HTTP/1.1" 404 12595 "-" "Mozilla/5.0 AppleWebKit/537.36 (KHTML, like Gecko; compatible; ClaudeBot/1.0; [email protected])"
209.74.77.214 - - [20/Jul/2025:13:11:16 +0000] "POST /wp-cron.php?doing_wp_cron=1753017076.6116409301757812500000 HTTP/1.1" 200 - "-" "WordPress/6.8.2; https://ap.cleaning"
216.73.216.156 - - [20/Jul/2025:13:11:16 +0000] "GET /detail/1281855748.shtm HTTP/1.1" 404 12592 "-" "Mozilla/5.0 AppleWebKit/537.36 (KHTML, like Gecko; compatible; ClaudeBot/1.0; [email protected])"
216.73.216.156 - - [20/Jul/2025:13:11:19 +0000] "GET /detail/332261176.shtm HTTP/1.1" 404 12594 "-" "Mozilla/5.0 AppleWebKit/537.36 (KHTML, like Gecko; compatible; ClaudeBot/1.0; [email protected])"
57.141.2.21 - - [20/Jul/2025:13:11:20 +0000] "GET /detail/1468219993.shtm HTTP/1.1" 404 58210 "-" "meta-externalagent/1.1 (+https://developers.facebook.com/docs/sharing/webmasters/crawler)"
216.73.216.156 - - [20/Jul/2025:13:12:10 +0000] "GET /detail/927056595.shtm HTTP/1.1" 404 12593 "-" "Mozilla/5.0 AppleWebKit/537.36 (KHTML, like Gecko; compatible; ClaudeBot/1.0; [email protected])"
216.73.216.156 - - [20/Jul/2025:13:12:13 +0000] "GET /detail/332390152.shtm HTTP/1.1" 404 12595 "-" "Mozilla/5.0 AppleWebKit/537.36 (KHTML, like Gecko; compatible; ClaudeBot/1.0; [email protected])"
209.74.77.214 - - [20/Jul/2025:13:12:16 +0000] "POST /wp-cron.php?doing_wp_cron=1753017136.8948440551757812500000 HTTP/1.1" 200 - "-" "WordPress/6.8.2; https://ap.cleaning"
216.73.216.156 - - [20/Jul/2025:13:12:16 +0000] "GET /detail/926960170.shtm HTTP/1.1" 404 12598 "-" "Mozilla/5.0 AppleWebKit/537.36 (KHTML, like Gecko; compatible; ClaudeBot/1.0; [email protected])"
216.73.216.156 - - [20/Jul/2025:13:12:19 +0000] "GET /detail/257613551.shtm HTTP/1.1" 404 12594 "-" "Mozilla/5.0 AppleWebKit/537.36 (KHTML, like Gecko; compatible; ClaudeBot/1.0; [email protected])"
216.73.216.156 - - [20/Jul/2025:13:13:13 +0000] "GET /detail/599599814.shtm HTTP/1.1" 404 12595 "-" "Mozilla/5.0 AppleWebKit/537.36 (KHTML, like Gecko; compatible; ClaudeBot/1.0; [email protected])"
209.74.77.214 - - [20/Jul/2025:13:13:16 +0000] "POST /wp-cron.php?doing_wp_cron=1753017196.8090729713439941406250 HTTP/1.1" 200 - "-" "WordPress/6.8.2; https://ap.cleaning"
216.73.216.156 - - [20/Jul/2025:13:13:16 +0000] "GET /detail/600128085.shtm HTTP/1.1" 404 12595 "-" "Mozilla/5.0 AppleWebKit/537.36 (KHTML, like Gecko; compatible; ClaudeBot/1.0; [email protected])"
216.73.216.156 - - [20/Jul/2025:13:13:19 +0000] "GET /detail/599779723.shtm HTTP/1.1" 404 12595 "-" "Mozilla/5.0 AppleWebKit/537.36 (KHTML, like Gecko; compatible; ClaudeBot/1.0; [email protected])"
216.73.216.156 - - [20/Jul/2025:13:13:22 +0000] "GET /detail/1281330910.shtm HTTP/1.1" 404 12595 "-" "Mozilla/5.0 AppleWebKit/537.36 (KHTML, like Gecko; compatible; ClaudeBot/1.0; [email protected])"
209.74.77.214 - - [20/Jul/2025:13:14:24 +0000] "POST /wp-cron.php?doing_wp_cron=1753017264.4341790676116943359375 HTTP/1.1" 200 - "-" "WordPress/6.8.2; https://ap.cleaning"
216.73.216.156 - - [20/Jul/2025:13:14:22 +0000] "GET /detail/1281812535.shtm HTTP/1.1" 404 12595 "-" "Mozilla/5.0 AppleWebKit/537.36 (KHTML, like Gecko; compatible; ClaudeBot/1.0; [email protected])"
216.73.216.156 - - [20/Jul/2025:13:14:25 +0000] "GET /detail/1281297626.shtm HTTP/1.1" 404 12596 "-" "Mozilla/5.0 AppleWebKit/537.36 (KHTML, like Gecko; compatible; ClaudeBot/1.0; [email protected])"
216.73.216.156 - - [20/Jul/2025:13:14:28 +0000] "GET /detail/332223590.shtm HTTP/1.1" 404 12595 "-" "Mozilla/5.0 AppleWebKit/537.36 (KHTML, like Gecko; compatible; ClaudeBot/1.0; [email protected])"
216.73.216.156 - - [20/Jul/2025:13:14:31 +0000] "GET /detail/332391023.shtm HTTP/1.1" 404 12595 "-" "Mozilla/5.0 AppleWebKit/537.36 (KHTML, like Gecko; compatible; ClaudeBot/1.0; [email protected])"
216.73.216.156 - - [20/Jul/2025:13:15:08 +0000] "GET /detail/600097435.shtm HTTP/1.1" 404 12595 "-" "Mozilla/5.0 AppleWebKit/537.36 (KHTML, like Gecko; compatible; ClaudeBot/1.0; [email protected])"
216.73.216.156 - - [20/Jul/2025:13:15:11 +0000] "GET /detail/599634774.shtm HTTP/1.1" 404 12596 "-" "Mozilla/5.0 AppleWebKit/537.36 (KHTML, like Gecko; compatible; ClaudeBot/1.0; [email protected])"
216.73.216.156 - - [20/Jul/2025:13:15:14 +0000] "GET /detail/1281773490.shtm HTTP/1.1" 404 12594 "-" "Mozilla/5.0 AppleWebKit/537.36 (KHTML, like Gecko; compatible; ClaudeBot/1.0; [email protected])"
209.74.77.214 - - [20/Jul/2025:13:16:18 +0000] "POST /wp-cron.php?doing_wp_cron=1753017378.3122100830078125000000 HTTP/1.1" 200 - "-" "WordPress/6.8.2; https://ap.cleaning"
216.73.216.156 - - [20/Jul/2025:13:16:16 +0000] "GET /detail/927058271.shtm HTTP/1.1" 404 12595 "-" "Mozilla/5.0 AppleWebKit/537.36 (KHTML, like Gecko; compatible; ClaudeBot/1.0; [email protected])"
216.73.216.156 - - [20/Jul/2025:13:16:19 +0000] "GET /detail/331852241.shtm HTTP/1.1" 404 12596 "-" "Mozilla/5.0 AppleWebKit/537.36 (KHTML, like Gecko; compatible; ClaudeBot/1.0; [email protected])"
216.73.216.156 - - [20/Jul/2025:13:16:22 +0000] "GET /detail/332150615.shtm HTTP/1.1" 404 12594 "-" "Mozilla/5.0 AppleWebKit/537.36 (KHTML, like Gecko; compatible; ClaudeBot/1.0; [email protected])"
216.73.216.156 - - [20/Jul/2025:13:16:26 +0000] "GET /detail/599963286.shtm HTTP/1.1" 404 12594 "-" "Mozilla/5.0 AppleWebKit/537.36 (KHTML, like Gecko; compatible; ClaudeBot/1.0; [email protected])"
216.73.216.156 - - [20/Jul/2025:13:17:10 +0000] "GET /detail/257749372.shtm HTTP/1.1" 404 12591 "-" "Mozilla/5.0 AppleWebKit/537.36 (KHTML, like Gecko; compatible; ClaudeBot/1.0; [email protected])"
216.73.216.156 - - [20/Jul/2025:13:17:13 +0000] "GET /detail/257729679.shtm HTTP/1.1" 404 12595 "-" "Mozilla/5.0 AppleWebKit/537.36 (KHTML, like Gecko; compatible; ClaudeBot/1.0; [email protected])"
209.74.77.214 - - [20/Jul/2025:13:17:16 +0000] "POST /wp-cron.php?doing_wp_cron=1753017436.7993559837341308593750 HTTP/1.1" 200 - "-" "WordPress/6.8.2; https://ap.cleaning"
216.73.216.156 - - [20/Jul/2025:13:17:16 +0000] "GET /detail/332437448.shtm HTTP/1.1" 404 12593 "-" "Mozilla/5.0 AppleWebKit/537.36 (KHTML, like Gecko; compatible; ClaudeBot/1.0; [email protected])"
209.74.77.214 - - [20/Jul/2025:13:18:28 +0000] "POST /wp-cron.php?doing_wp_cron=1753017508.2600159645080566406250 HTTP/1.1" 200 - "-" "WordPress/6.8.2; https://ap.cleaning"
216.73.216.156 - - [20/Jul/2025:13:18:26 +0000] "GET /detail/332226802.shtm HTTP/1.1" 404 12593 "-" "Mozilla/5.0 AppleWebKit/537.36 (KHTML, like Gecko; compatible; ClaudeBot/1.0; [email protected])"
216.73.216.156 - - [20/Jul/2025:13:18:30 +0000] "GET /detail/1281722332.shtm HTTP/1.1" 404 12593 "-" "Mozilla/5.0 AppleWebKit/537.36 (KHTML, like Gecko; compatible; ClaudeBot/1.0; [email protected])"
216.73.216.156 - - [20/Jul/2025:13:18:32 +0000] "GET /detail/927195849.shtm HTTP/1.1" 404 12591 "-" "Mozilla/5.0 AppleWebKit/537.36 (KHTML, like Gecko; compatible; ClaudeBot/1.0; [email protected])"
216.73.216.156 - - [20/Jul/2025:13:18:35 +0000] "GET /detail/927099143.shtm HTTP/1.1" 404 12591 "-" "Mozilla/5.0 AppleWebKit/537.36 (KHTML, like Gecko; compatible; ClaudeBot/1.0; [email protected])"
209.74.77.214 - - [20/Jul/2025:13:19:22 +0000] "POST /wp-cron.php?doing_wp_cron=1753017562.2030370235443115234375 HTTP/1.1" 200 - "-" "WordPress/6.8.2; https://ap.cleaning"
216.73.216.156 - - [20/Jul/2025:13:19:20 +0000] "GET /detail/257762963.shtm HTTP/1.1" 404 12592 "-" "Mozilla/5.0 AppleWebKit/537.36 (KHTML, like Gecko; compatible; ClaudeBot/1.0; [email protected])"
216.73.216.156 - - [20/Jul/2025:13:19:23 +0000] "GET /detail/257888048.shtm HTTP/1.1" 404 12595 "-" "Mozilla/5.0 AppleWebKit/537.36 (KHTML, like Gecko; compatible; ClaudeBot/1.0; [email protected])"
