57.141.2.1 - - [20/Jul/2025:22:27:53 +0000] "GET /detail/1413070094.shtm HTTP/1.1" 404 58210 "-" "meta-externalagent/1.1 (+https://developers.facebook.com/docs/sharing/webmasters/crawler)"
57.141.2.5 - - [20/Jul/2025:22:28:14 +0000] "GET /detail/1413207736.shtm HTTP/1.1" 404 58210 "-" "meta-externalagent/1.1 (+https://developers.facebook.com/docs/sharing/webmasters/crawler)"
209.74.77.214 - - [20/Jul/2025:22:29:32 +0000] "POST /wp-cron.php?doing_wp_cron=1753050572.0931169986724853515625 HTTP/1.1" 200 - "-" "WordPress/6.8.2; https://ap.cleaning"
57.141.2.7 - - [20/Jul/2025:22:29:30 +0000] "GET /detail/1412889446.shtm HTTP/1.1" 404 58210 "-" "meta-externalagent/1.1 (+https://developers.facebook.com/docs/sharing/webmasters/crawler)"
57.141.2.17 - - [20/Jul/2025:22:29:37 +0000] "GET /detail/1413364736.shtm HTTP/1.1" 404 58210 "-" "meta-externalagent/1.1 (+https://developers.facebook.com/docs/sharing/webmasters/crawler)"
209.74.77.214 - - [20/Jul/2025:22:30:24 +0000] "POST /wp-cron.php?doing_wp_cron=1753050624.1165170669555664062500 HTTP/1.1" 200 - "-" "WordPress/6.8.2; https://ap.cleaning"
57.141.2.19 - - [20/Jul/2025:22:30:22 +0000] "GET /detail/1468201522.shtm HTTP/1.1" 404 58210 "-" "meta-externalagent/1.1 (+https://developers.facebook.com/docs/sharing/webmasters/crawler)"
209.74.77.214 - - [20/Jul/2025:22:33:53 +0000] "POST /wp-cron.php?doing_wp_cron=1753050833.9361870288848876953125 HTTP/1.1" 200 - "-" "WordPress/6.8.2; https://ap.cleaning"
57.141.2.22 - - [20/Jul/2025:22:33:50 +0000] "GET /detail/1412920839.shtm HTTP/1.1" 404 58210 "-" "meta-externalagent/1.1 (+https://developers.facebook.com/docs/sharing/webmasters/crawler)"
209.74.77.214 - - [20/Jul/2025:22:34:30 +0000] "POST /wp-cron.php?doing_wp_cron=1753050870.8473219871520996093750 HTTP/1.1" 200 - "-" "WordPress/6.8.2; https://ap.cleaning"
43.159.148.221 - - [20/Jul/2025:22:34:28 +0000] "GET /wp-json/oembed/1.0/embed?url=https%3A%2F%2Fap.cleaning%2Fcleaning_services%2Fmove-in-move-out%2F&format=xml HTTP/1.1" 200 1190 "-" "Mozilla/5.0 (iPhone; CPU iPhone OS 13_2_3 like Mac OS X) AppleWebKit/605.1.15 (KHTML, like Gecko) Version/13.0.3 Mobile/15E148 Safari/604.1"
57.141.2.30 - - [20/Jul/2025:22:35:11 +0000] "GET /detail/1412898506.shtm HTTP/1.1" 404 58210 "-" "meta-externalagent/1.1 (+https://developers.facebook.com/docs/sharing/webmasters/crawler)"
57.141.2.23 - - [20/Jul/2025:22:35:14 +0000] "GET /detail/1413382757.shtm HTTP/1.1" 404 58210 "-" "meta-externalagent/1.1 (+https://developers.facebook.com/docs/sharing/webmasters/crawler)"
209.74.77.214 - - [20/Jul/2025:22:35:17 +0000] "POST /wp-cron.php?doing_wp_cron=1753050917.7372560501098632812500 HTTP/1.1" 200 - "-" "WordPress/6.8.2; https://ap.cleaning"
57.141.2.21 - - [20/Jul/2025:22:35:17 +0000] "GET /detail/1412882446.shtm HTTP/1.1" 404 58210 "-" "meta-externalagent/1.1 (+https://developers.facebook.com/docs/sharing/webmasters/crawler)"
57.141.2.30 - - [20/Jul/2025:22:35:17 +0000] "GET /detail/1413098265.shtm HTTP/1.1" 404 58210 "-" "meta-externalagent/1.1 (+https://developers.facebook.com/docs/sharing/webmasters/crawler)"
209.74.77.214 - - [20/Jul/2025:22:41:01 +0000] "POST /wp-cron.php?doing_wp_cron=1753051261.0749740600585937500000 HTTP/1.1" 200 - "-" "WordPress/6.8.2; https://ap.cleaning"
57.141.2.28 - - [20/Jul/2025:22:40:58 +0000] "GET /detail/1413289928.shtm HTTP/1.1" 404 58210 "-" "meta-externalagent/1.1 (+https://developers.facebook.com/docs/sharing/webmasters/crawler)"
57.141.2.8 - - [20/Jul/2025:22:40:57 +0000] "GET /detail/1413264453.shtm HTTP/1.1" 404 58210 "-" "meta-externalagent/1.1 (+https://developers.facebook.com/docs/sharing/webmasters/crawler)"
57.141.2.5 - - [20/Jul/2025:22:41:00 +0000] "GET /detail/1413335973.shtm HTTP/1.1" 404 58210 "-" "meta-externalagent/1.1 (+https://developers.facebook.com/docs/sharing/webmasters/crawler)"
57.141.2.19 - - [20/Jul/2025:22:41:04 +0000] "GET /detail/1412850471.shtm HTTP/1.1" 404 58210 "-" "meta-externalagent/1.1 (+https://developers.facebook.com/docs/sharing/webmasters/crawler)"
209.74.77.214 - - [20/Jul/2025:22:41:21 +0000] "POST /wp-cron.php?doing_wp_cron=1753051281.3762609958648681640625 HTTP/1.1" 200 - "-" "WordPress/6.8.2; https://ap.cleaning"
57.141.2.30 - - [20/Jul/2025:22:41:21 +0000] "GET /detail/1412992937.shtm HTTP/1.1" 404 58210 "-" "meta-externalagent/1.1 (+https://developers.facebook.com/docs/sharing/webmasters/crawler)"
209.74.77.214 - - [20/Jul/2025:22:44:17 +0000] "POST /wp-cron.php?doing_wp_cron=1753051457.2376201152801513671875 HTTP/1.1" 200 - "-" "WordPress/6.8.2; https://ap.cleaning"
57.141.2.22 - - [20/Jul/2025:22:44:15 +0000] "GET /detail/1413395906.shtm HTTP/1.1" 404 58210 "-" "meta-externalagent/1.1 (+https://developers.facebook.com/docs/sharing/webmasters/crawler)"
57.141.2.30 - - [20/Jul/2025:22:44:26 +0000] "GET /detail/1413132199.shtm HTTP/1.1" 404 58210 "-" "meta-externalagent/1.1 (+https://developers.facebook.com/docs/sharing/webmasters/crawler)"
209.74.77.214 - - [20/Jul/2025:22:48:53 +0000] "POST /wp-cron.php?doing_wp_cron=1753051733.6951270103454589843750 HTTP/1.1" 200 - "-" "WordPress/6.8.2; https://ap.cleaning"
57.141.2.13 - - [20/Jul/2025:22:48:51 +0000] "GET /detail/1412838874.shtm HTTP/1.1" 404 58210 "-" "meta-externalagent/1.1 (+https://developers.facebook.com/docs/sharing/webmasters/crawler)"
57.141.2.16 - - [20/Jul/2025:22:48:59 +0000] "GET /detail/1413181910.shtm HTTP/1.1" 404 58210 "-" "meta-externalagent/1.1 (+https://developers.facebook.com/docs/sharing/webmasters/crawler)"
57.141.2.9 - - [20/Jul/2025:22:49:00 +0000] "GET /detail/1412982659.shtm HTTP/1.1" 404 58210 "-" "meta-externalagent/1.1 (+https://developers.facebook.com/docs/sharing/webmasters/crawler)"
209.74.77.214 - - [20/Jul/2025:22:49:46 +0000] "POST /wp-cron.php?doing_wp_cron=1753051786.5576701164245605468750 HTTP/1.1" 200 - "-" "WordPress/6.8.2; https://ap.cleaning"
57.141.2.20 - - [20/Jul/2025:22:49:43 +0000] "GET /detail/1412970092.shtm HTTP/1.1" 404 58210 "-" "meta-externalagent/1.1 (+https://developers.facebook.com/docs/sharing/webmasters/crawler)"
57.141.2.14 - - [20/Jul/2025:22:49:56 +0000] "GET /detail/1412804426.shtm HTTP/1.1" 404 58210 "-" "meta-externalagent/1.1 (+https://developers.facebook.com/docs/sharing/webmasters/crawler)"
57.141.2.11 - - [20/Jul/2025:22:49:57 +0000] "GET /detail/1413155783.shtm HTTP/1.1" 404 58210 "-" "meta-externalagent/1.1 (+https://developers.facebook.com/docs/sharing/webmasters/crawler)"
57.141.2.28 - - [20/Jul/2025:22:49:58 +0000] "GET /detail/1413383343.shtm HTTP/1.1" 404 58210 "-" "meta-externalagent/1.1 (+https://developers.facebook.com/docs/sharing/webmasters/crawler)"
57.141.2.21 - - [20/Jul/2025:22:50:01 +0000] "GET /detail/1412995637.shtm HTTP/1.1" 404 58210 "-" "meta-externalagent/1.1 (+https://developers.facebook.com/docs/sharing/webmasters/crawler)"
57.141.2.5 - - [20/Jul/2025:22:50:01 +0000] "GET /detail/1413228694.shtm HTTP/1.1" 404 58210 "-" "meta-externalagent/1.1 (+https://developers.facebook.com/docs/sharing/webmasters/crawler)"
209.74.77.214 - - [20/Jul/2025:22:51:45 +0000] "POST /wp-cron.php?doing_wp_cron=1753051905.4891281127929687500000 HTTP/1.1" 200 - "-" "WordPress/6.8.2; https://ap.cleaning"
57.141.2.12 - - [20/Jul/2025:22:51:43 +0000] "GET /detail/1412967392.shtm HTTP/1.1" 404 58210 "-" "meta-externalagent/1.1 (+https://developers.facebook.com/docs/sharing/webmasters/crawler)"
57.141.2.12 - - [20/Jul/2025:22:51:55 +0000] "GET /detail/1412977550.shtm HTTP/1.1" 404 58210 "-" "meta-externalagent/1.1 (+https://developers.facebook.com/docs/sharing/webmasters/crawler)"
57.141.2.14 - - [20/Jul/2025:22:52:02 +0000] "GET /detail/1412888284.shtm HTTP/1.1" 404 58210 "-" "meta-externalagent/1.1 (+https://developers.facebook.com/docs/sharing/webmasters/crawler)"
209.74.77.214 - - [20/Jul/2025:23:03:05 +0000] "POST /wp-cron.php?doing_wp_cron=1753052585.2536599636077880859375 HTTP/1.1" 200 - "-" "WordPress/6.8.2; https://ap.cleaning"
57.141.2.1 - - [20/Jul/2025:23:03:01 +0000] "GET /detail/1413258605.shtm HTTP/1.1" 404 58210 "-" "meta-externalagent/1.1 (+https://developers.facebook.com/docs/sharing/webmasters/crawler)"
209.74.77.214 - - [20/Jul/2025:23:05:22 +0000] "POST /wp-cron.php?doing_wp_cron=1753052722.8312089443206787109375 HTTP/1.1" 200 - "-" "WordPress/6.8.2; https://ap.cleaning"
57.141.2.30 - - [20/Jul/2025:23:05:18 +0000] "GET /detail/206002765.shtm HTTP/1.1" 404 58210 "-" "meta-externalagent/1.1 (+https://developers.facebook.com/docs/sharing/webmasters/crawler)"
57.141.2.10 - - [20/Jul/2025:23:05:24 +0000] "GET /detail/205968160.shtm HTTP/1.1" 404 58210 "-" "meta-externalagent/1.1 (+https://developers.facebook.com/docs/sharing/webmasters/crawler)"
216.73.216.156 - - [20/Jul/2025:23:05:28 +0000] "GET /robots.txt HTTP/1.1" 200 91 "-" "Mozilla/5.0 AppleWebKit/537.36 (KHTML, like Gecko; compatible; ClaudeBot/1.0; [email protected])"
216.73.216.156 - - [20/Jul/2025:23:05:28 +0000] "GET /detail/226087816.shtm HTTP/1.1" 404 12596 "-" "Mozilla/5.0 AppleWebKit/537.36 (KHTML, like Gecko; compatible; ClaudeBot/1.0; [email protected])"
57.141.2.16 - - [20/Jul/2025:23:05:28 +0000] "GET /detail/206330253.shtm HTTP/1.1" 404 58210 "-" "meta-externalagent/1.1 (+https://developers.facebook.com/docs/sharing/webmasters/crawler)"
216.73.216.156 - - [20/Jul/2025:23:05:31 +0000] "GET /detail/226077666.shtm HTTP/1.1" 404 12593 "-" "Mozilla/5.0 AppleWebKit/537.36 (KHTML, like Gecko; compatible; ClaudeBot/1.0; [email protected])"
216.73.216.156 - - [20/Jul/2025:23:05:34 +0000] "GET /detail/226175536.shtm HTTP/1.1" 404 12595 "-" "Mozilla/5.0 AppleWebKit/537.36 (KHTML, like Gecko; compatible; ClaudeBot/1.0; [email protected])"
216.73.216.156 - - [20/Jul/2025:23:05:37 +0000] "GET /detail/226412963.shtm HTTP/1.1" 404 12596 "-" "Mozilla/5.0 AppleWebKit/537.36 (KHTML, like Gecko; compatible; ClaudeBot/1.0; [email protected])"
216.73.216.156 - - [20/Jul/2025:23:05:40 +0000] "GET /detail/226202332.shtm HTTP/1.1" 404 12597 "-" "Mozilla/5.0 AppleWebKit/537.36 (KHTML, like Gecko; compatible; ClaudeBot/1.0; [email protected])"
216.73.216.156 - - [20/Jul/2025:23:05:43 +0000] "GET /detail/226094890.shtm HTTP/1.1" 404 12595 "-" "Mozilla/5.0 AppleWebKit/537.36 (KHTML, like Gecko; compatible; ClaudeBot/1.0; [email protected])"
216.73.216.156 - - [20/Jul/2025:23:05:46 +0000] "GET /detail/226057166.shtm HTTP/1.1" 404 12595 "-" "Mozilla/5.0 AppleWebKit/537.36 (KHTML, like Gecko; compatible; ClaudeBot/1.0; [email protected])"
216.73.216.156 - - [20/Jul/2025:23:05:49 +0000] "GET /detail/226330643.shtm HTTP/1.1" 404 12595 "-" "Mozilla/5.0 AppleWebKit/537.36 (KHTML, like Gecko; compatible; ClaudeBot/1.0; [email protected])"
216.73.216.156 - - [20/Jul/2025:23:05:52 +0000] "GET /detail/226064232.shtm HTTP/1.1" 404 12595 "-" "Mozilla/5.0 AppleWebKit/537.36 (KHTML, like Gecko; compatible; ClaudeBot/1.0; [email protected])"
57.141.2.3 - - [20/Jul/2025:23:05:52 +0000] "GET /detail/1413310364.shtm HTTP/1.1" 404 58210 "-" "meta-externalagent/1.1 (+https://developers.facebook.com/docs/sharing/webmasters/crawler)"
216.73.216.156 - - [20/Jul/2025:23:05:55 +0000] "GET /detail/226482809.shtm HTTP/1.1" 404 12596 "-" "Mozilla/5.0 AppleWebKit/537.36 (KHTML, like Gecko; compatible; ClaudeBot/1.0; [email protected])"
216.73.216.156 - - [20/Jul/2025:23:05:58 +0000] "GET /detail/225935999.shtm HTTP/1.1" 503 428 "-" "Mozilla/5.0 AppleWebKit/537.36 (KHTML, like Gecko; compatible; ClaudeBot/1.0; [email protected])"
161.123.209.129 - - [20/Jul/2025:23:11:29 +0000] "GET /about-us HTTP/1.1" 301 - "-" "Mozilla/5.0 (X11; Linux x86_64) AppleWebKit/537.36 (KHTML, like Gecko) Chrome/131.0.0.0 Safari/537.36"
57.141.2.14 - - [20/Jul/2025:23:11:29 +0000] "GET /detail/1116023595.shtm HTTP/1.1" 404 58210 "-" "meta-externalagent/1.1 (+https://developers.facebook.com/docs/sharing/webmasters/crawler)"
216.73.216.156 - - [20/Jul/2025:23:11:29 +0000] "GET /detail/226372244.shtm HTTP/1.1" 404 12592 "-" "Mozilla/5.0 AppleWebKit/537.36 (KHTML, like Gecko; compatible; ClaudeBot/1.0; [email protected])"
57.141.2.28 - - [20/Jul/2025:23:11:33 +0000] "GET /detail/1116356409.shtm HTTP/1.1" 404 58210 "-" "meta-externalagent/1.1 (+https://developers.facebook.com/docs/sharing/webmasters/crawler)"
104.238.43.103 - - [20/Jul/2025:23:11:39 +0000] "GET /about-us HTTP/1.1" 301 - "-" "Mozilla/5.0 (X11; Linux x86_64) AppleWebKit/537.36 (KHTML, like Gecko) Chrome/131.0.0.0 Safari/537.36"
104.238.43.103 - - [20/Jul/2025:23:11:39 +0000] "GET /about-us/ HTTP/1.1" 200 18093 "-" "Mozilla/5.0 (X11; Linux x86_64) AppleWebKit/537.36 (KHTML, like Gecko) Chrome/131.0.0.0 Safari/537.36"
104.238.43.196 - - [20/Jul/2025:23:11:42 +0000] "GET /wp-includes/js/jquery/jquery-migrate.min.js?ver=3.4.1 HTTP/1.1" 200 4872 "https://ap.cleaning/about-us/" "Mozilla/5.0 (X11; Linux x86_64) AppleWebKit/537.36 (KHTML, like Gecko) Chrome/131.0.0.0 Safari/537.36"
104.238.43.196 - - [20/Jul/2025:23:11:42 +0000] "GET /wp-content/plugins/leadconnector/public/js/lc-public.js?ver=3.0.10.1 HTTP/1.1" 200 1322 "https://ap.cleaning/about-us/" "Mozilla/5.0 (X11; Linux x86_64) AppleWebKit/537.36 (KHTML, like Gecko) Chrome/131.0.0.0 Safari/537.36"
104.238.43.196 - - [20/Jul/2025:23:11:42 +0000] "GET /wp-includes/js/jquery/jquery.min.js?ver=3.7.1 HTTP/1.1" 200 30368 "https://ap.cleaning/about-us/" "Mozilla/5.0 (X11; Linux x86_64) AppleWebKit/537.36 (KHTML, like Gecko) Chrome/131.0.0.0 Safari/537.36"
104.238.43.196 - - [20/Jul/2025:23:11:42 +0000] "GET /wp-content/plugins/cleaning_services-core/elementor-addons/assets/js/addons-script.js?ver=6.8.2 HTTP/1.1" 200 2159 "https://ap.cleaning/about-us/" "Mozilla/5.0 (X11; Linux x86_64) AppleWebKit/537.36 (KHTML, like Gecko) Chrome/131.0.0.0 Safari/537.36"
104.249.47.159 - - [20/Jul/2025:23:11:42 +0000] "GET /wp-includes/js/dist/hooks.min.js?ver=4d63a3d491d11ffd8ac6 HTTP/1.1" 200 1648 "https://ap.cleaning/about-us/" "Mozilla/5.0 (X11; Linux x86_64) AppleWebKit/537.36 (KHTML, like Gecko) Chrome/131.0.0.0 Safari/537.36"
104.238.43.196 - - [20/Jul/2025:23:11:42 +0000] "GET /wp-includes/js/dist/i18n.min.js?ver=5e580eb46a90c2b997e6 HTTP/1.1" 200 3667 "https://ap.cleaning/about-us/" "Mozilla/5.0 (X11; Linux x86_64) AppleWebKit/537.36 (KHTML, like Gecko) Chrome/131.0.0.0 Safari/537.36"
104.249.47.159 - - [20/Jul/2025:23:11:43 +0000] "GET /wp-content/plugins/contact-form-7/includes/swv/js/index.js?ver=6.1 HTTP/1.1" 200 3503 "https://ap.cleaning/about-us/" "Mozilla/5.0 (X11; Linux x86_64) AppleWebKit/537.36 (KHTML, like Gecko) Chrome/131.0.0.0 Safari/537.36"
104.238.43.196 - - [20/Jul/2025:23:11:43 +0000] "GET /wp-content/plugins/contact-form-7/includes/js/index.js?ver=6.1 HTTP/1.1" 200 4265 "https://ap.cleaning/about-us/" "Mozilla/5.0 (X11; Linux x86_64) AppleWebKit/537.36 (KHTML, like Gecko) Chrome/131.0.0.0 Safari/537.36"
104.238.43.196 - - [20/Jul/2025:23:11:43 +0000] "GET /wp-content/plugins/woocommerce/assets/js/sourcebuster/sourcebuster.min.js?ver=10.0.2 HTTP/1.1" 200 4807 "https://ap.cleaning/about-us/" "Mozilla/5.0 (X11; Linux x86_64) AppleWebKit/537.36 (KHTML, like Gecko) Chrome/131.0.0.0 Safari/537.36"
104.249.47.159 - - [20/Jul/2025:23:11:43 +0000] "GET /wp-content/plugins/woocommerce/assets/js/frontend/order-attribution.min.js?ver=10.0.2 HTTP/1.1" 200 1128 "https://ap.cleaning/about-us/" "Mozilla/5.0 (X11; Linux x86_64) AppleWebKit/537.36 (KHTML, like Gecko) Chrome/131.0.0.0 Safari/537.36"
104.238.43.196 - - [20/Jul/2025:23:11:43 +0000] "GET /wp-content/plugins/elementor/assets/js/webpack.runtime.min.js?ver=3.30.2 HTTP/1.1" 200 2516 "https://ap.cleaning/about-us/" "Mozilla/5.0 (X11; Linux x86_64) AppleWebKit/537.36 (KHTML, like Gecko) Chrome/131.0.0.0 Safari/537.36"
104.249.47.159 - - [20/Jul/2025:23:11:43 +0000] "GET /wp-content/plugins/elementor/assets/js/frontend-modules.min.js?ver=3.30.2 HTTP/1.1" 200 14815 "https://ap.cleaning/about-us/" "Mozilla/5.0 (X11; Linux x86_64) AppleWebKit/537.36 (KHTML, like Gecko) Chrome/131.0.0.0 Safari/537.36"
104.238.43.196 - - [20/Jul/2025:23:11:43 +0000] "GET /wp-includes/js/jquery/ui/core.min.js?ver=1.13.3 HTTP/1.1" 200 7106 "https://ap.cleaning/about-us/" "Mozilla/5.0 (X11; Linux x86_64) AppleWebKit/537.36 (KHTML, like Gecko) Chrome/131.0.0.0 Safari/537.36"
104.238.43.196 - - [20/Jul/2025:23:11:43 +0000] "GET /wp-content/plugins/elementor/assets/js/frontend.min.js?ver=3.30.2 HTTP/1.1" 200 10595 "https://ap.cleaning/about-us/" "Mozilla/5.0 (X11; Linux x86_64) AppleWebKit/537.36 (KHTML, like Gecko) Chrome/131.0.0.0 Safari/537.36"
104.249.47.159 - - [20/Jul/2025:23:11:43 +0000] "GET /wp-content/themes/cleaning-services/js/vendor/bootstrap.min.js?ver=6.8.2 HTTP/1.1" 200 9833 "https://ap.cleaning/about-us/" "Mozilla/5.0 (X11; Linux x86_64) AppleWebKit/537.36 (KHTML, like Gecko) Chrome/131.0.0.0 Safari/537.36"
104.238.43.196 - - [20/Jul/2025:23:11:43 +0000] "GET /wp-content/themes/cleaning-services/js/vendor/slick.min.js?ver=6.8.2 HTTP/1.1" 200 8907 "https://ap.cleaning/about-us/" "Mozilla/5.0 (X11; Linux x86_64) AppleWebKit/537.36 (KHTML, like Gecko) Chrome/131.0.0.0 Safari/537.36"
104.238.43.196 - - [20/Jul/2025:23:11:44 +0000] "GET /wp-includes/js/imagesloaded.min.js?ver=5.0.0 HTTP/1.1" 200 1803 "https://ap.cleaning/about-us/" "Mozilla/5.0 (X11; Linux x86_64) AppleWebKit/537.36 (KHTML, like Gecko) Chrome/131.0.0.0 Safari/537.36"
104.249.47.159 - - [20/Jul/2025:23:11:44 +0000] "GET /wp-content/themes/cleaning-services/js/vendor/isotope.pkgd.min.js?ver=6.8.2 HTTP/1.1" 200 11048 "https://ap.cleaning/about-us/" "Mozilla/5.0 (X11; Linux x86_64) AppleWebKit/537.36 (KHTML, like Gecko) Chrome/131.0.0.0 Safari/537.36"
104.238.43.196 - - [20/Jul/2025:23:11:44 +0000] "GET /wp-content/themes/cleaning-services/js/vendor/lightbox.min.js?ver=6.8.2 HTTP/1.1" 200 2871 "https://ap.cleaning/about-us/" "Mozilla/5.0 (X11; Linux x86_64) AppleWebKit/537.36 (KHTML, like Gecko) Chrome/131.0.0.0 Safari/537.36"
104.249.47.159 - - [20/Jul/2025:23:11:44 +0000] "GET /wp-includes/js/jquery/jquery.form.min.js?ver=4.3.0 HTTP/1.1" 200 5958 "https://ap.cleaning/about-us/" "Mozilla/5.0 (X11; Linux x86_64) AppleWebKit/537.36 (KHTML, like Gecko) Chrome/131.0.0.0 Safari/537.36"
104.238.43.196 - - [20/Jul/2025:23:11:44 +0000] "GET /wp-content/themes/cleaning-services/js/vendor/jquery.doubletaptogo.min.js?ver=6.8.2 HTTP/1.1" 200 480 "https://ap.cleaning/about-us/" "Mozilla/5.0 (X11; Linux x86_64) AppleWebKit/537.36 (KHTML, like Gecko) Chrome/131.0.0.0 Safari/537.36"
104.249.47.159 - - [20/Jul/2025:23:11:44 +0000] "GET /wp-content/themes/cleaning-services/js/vendor/jquery.validate.min.js?ver=6.8.2 HTTP/1.1" 200 6362 "https://ap.cleaning/about-us/" "Mozilla/5.0 (X11; Linux x86_64) AppleWebKit/537.36 (KHTML, like Gecko) Chrome/131.0.0.0 Safari/537.36"
104.238.43.196 - - [20/Jul/2025:23:11:44 +0000] "GET /wp-includes/js/dist/vendor/moment.min.js?ver=2.30.1 HTTP/1.1" 200 18754 "https://ap.cleaning/about-us/" "Mozilla/5.0 (X11; Linux x86_64) AppleWebKit/537.36 (KHTML, like Gecko) Chrome/131.0.0.0 Safari/537.36"
104.238.43.196 - - [20/Jul/2025:23:11:44 +0000] "GET /wp-content/themes/cleaning-services/js/vendor/bootstrap-datetimepicker.min.js?ver=6.8.2 HTTP/1.1" 200 9494 "https://ap.cleaning/about-us/" "Mozilla/5.0 (X11; Linux x86_64) AppleWebKit/537.36 (KHTML, like Gecko) Chrome/131.0.0.0 Safari/537.36"
104.249.47.159 - - [20/Jul/2025:23:11:44 +0000] "GET /wp-content/themes/cleaning-services/js/vendor/jquery.waypoints.min.js?ver=6.8.2 HTTP/1.1" 200 2671 "https://ap.cleaning/about-us/" "Mozilla/5.0 (X11; Linux x86_64) AppleWebKit/537.36 (KHTML, like Gecko) Chrome/131.0.0.0 Safari/537.36"
104.238.43.196 - - [20/Jul/2025:23:11:44 +0000] "GET /wp-content/themes/cleaning-services/js/vendor/jquery.countTo.js?ver=6.8.2 HTTP/1.1" 200 900 "https://ap.cleaning/about-us/" "Mozilla/5.0 (X11; Linux x86_64) AppleWebKit/537.36 (KHTML, like Gecko) Chrome/131.0.0.0 Safari/537.36"
104.249.47.159 - - [20/Jul/2025:23:11:44 +0000] "GET /wp-content/themes/cleaning-services/js/vendor/jquery.print.js?ver=6.8.2 HTTP/1.1" 200 2703 "https://ap.cleaning/about-us/" "Mozilla/5.0 (X11; Linux x86_64) AppleWebKit/537.36 (KHTML, like Gecko) Chrome/131.0.0.0 Safari/537.36"
104.238.43.196 - - [20/Jul/2025:23:11:45 +0000] "GET /wp-content/themes/cleaning-services/js/vendor/jquery.dotdotdot.min.js?ver=6.8.2 HTTP/1.1" 200 2796 "https://ap.cleaning/about-us/" "Mozilla/5.0 (X11; Linux x86_64) AppleWebKit/537.36 (KHTML, like Gecko) Chrome/131.0.0.0 Safari/537.36"
104.249.47.159 - - [20/Jul/2025:23:11:45 +0000] "GET /wp-content/themes/cleaning-services/js/vendor/nouislider.min.js?ver=6.8.2 HTTP/1.1" 200 7754 "https://ap.cleaning/about-us/" "Mozilla/5.0 (X11; Linux x86_64) AppleWebKit/537.36 (KHTML, like Gecko) Chrome/131.0.0.0 Safari/537.36"
104.238.43.196 - - [20/Jul/2025:23:11:45 +0000] "GET /wp-content/themes/cleaning-services/js/vendor/jquery.elevateZoom-3.0.8.min.js?ver=6.8.2 HTTP/1.1" 200 6198 "https://ap.cleaning/about-us/" "Mozilla/5.0 (X11; Linux x86_64) AppleWebKit/537.36 (KHTML, like Gecko) Chrome/131.0.0.0 Safari/537.36"
104.238.43.196 - - [20/Jul/2025:23:11:45 +0000] "GET /wp-content/themes/cleaning-services/js/vendor/wNumb.js?ver=6.8.2 HTTP/1.1" 200 2807 "https://ap.cleaning/about-us/" "Mozilla/5.0 (X11; Linux x86_64) AppleWebKit/537.36 (KHTML, like Gecko) Chrome/131.0.0.0 Safari/537.36"
104.249.47.159 - - [20/Jul/2025:23:11:45 +0000] "GET /wp-includes/js/jquery/ui/controlgroup.min.js?ver=1.13.3 HTTP/1.1" 200 1606 "https://ap.cleaning/about-us/" "Mozilla/5.0 (X11; Linux x86_64) AppleWebKit/537.36 (KHTML, like Gecko) Chrome/131.0.0.0 Safari/537.36"
104.238.43.196 - - [20/Jul/2025:23:11:45 +0000] "GET /wp-includes/js/jquery/ui/checkboxradio.min.js?ver=1.13.3 HTTP/1.1" 200 1422 "https://ap.cleaning/about-us/" "Mozilla/5.0 (X11; Linux x86_64) AppleWebKit/537.36 (KHTML, like Gecko) Chrome/131.0.0.0 Safari/537.36"
104.249.47.159 - - [20/Jul/2025:23:11:45 +0000] "GET /wp-includes/js/jquery/ui/button.min.js?ver=1.13.3 HTTP/1.1" 200 1979 "https://ap.cleaning/about-us/" "Mozilla/5.0 (X11; Linux x86_64) AppleWebKit/537.36 (KHTML, like Gecko) Chrome/131.0.0.0 Safari/537.36"
104.238.43.196 - - [20/Jul/2025:23:11:45 +0000] "GET /wp-includes/js/jquery/ui/spinner.min.js?ver=1.13.3 HTTP/1.1" 200 2443 "https://ap.cleaning/about-us/" "Mozilla/5.0 (X11; Linux x86_64) AppleWebKit/537.36 (KHTML, like Gecko) Chrome/131.0.0.0 Safari/537.36"
104.249.47.159 - - [20/Jul/2025:23:11:45 +0000] "GET /wp-content/themes/cleaning-services/js/custom.js?ver=1753053099 HTTP/1.1" 200 7946 "https://ap.cleaning/about-us/" "Mozilla/5.0 (X11; Linux x86_64) AppleWebKit/537.36 (KHTML, like Gecko) Chrome/131.0.0.0 Safari/537.36"
104.238.43.196 - - [20/Jul/2025:23:11:45 +0000] "GET /wp-content/themes/cleaning-services/js/forms.js?ver=1753053099 HTTP/1.1" 200 1505 "https://ap.cleaning/about-us/" "Mozilla/5.0 (X11; Linux x86_64) AppleWebKit/537.36 (KHTML, like Gecko) Chrome/131.0.0.0 Safari/537.36"
104.238.43.196 - - [20/Jul/2025:23:11:45 +0000] "GET /wp-content/plugins/woocommerce/assets/js/jquery-blockui/jquery.blockUI.min.js?ver=2.7.0-wc.10.0.2 HTTP/1.1" 200 3537 "https://ap.cleaning/about-us/" "Mozilla/5.0 (X11; Linux x86_64) AppleWebKit/537.36 (KHTML, like Gecko) Chrome/131.0.0.0 Safari/537.36"
46.202.42.131 - - [20/Jul/2025:23:11:46 +0000] "GET /wp-content/plugins/woocommerce/assets/js/js-cookie/js.cookie.min.js?ver=2.1.4-wc.10.0.2 HTTP/1.1" 200 833 "https://ap.cleaning/about-us/" "Mozilla/5.0 (X11; Linux x86_64) AppleWebKit/537.36 (KHTML, like Gecko) Chrome/131.0.0.0 Safari/537.36"
104.249.47.159 - - [20/Jul/2025:23:11:46 +0000] "GET /wp-content/plugins/woocommerce/assets/js/frontend/add-to-cart.min.js?ver=10.0.2 HTTP/1.1" 200 1407 "https://ap.cleaning/about-us/" "Mozilla/5.0 (X11; Linux x86_64) AppleWebKit/537.36 (KHTML, like Gecko) Chrome/131.0.0.0 Safari/537.36"
104.238.43.196 - - [20/Jul/2025:23:11:46 +0000] "GET /wp-content/plugins/woocommerce/assets/js/frontend/woocommerce.min.js?ver=10.0.2 HTTP/1.1" 200 1532 "https://ap.cleaning/about-us/" "Mozilla/5.0 (X11; Linux x86_64) AppleWebKit/537.36 (KHTML, like Gecko) Chrome/131.0.0.0 Safari/537.36"
104.238.43.196 - - [20/Jul/2025:23:11:46 +0000] "GET /wp-includes/js/wp-emoji-release.min.js?ver=6.8.2 HTTP/1.1" 200 5163 "https://ap.cleaning/about-us/" "Mozilla/5.0 (X11; Linux x86_64) AppleWebKit/537.36 (KHTML, like Gecko) Chrome/131.0.0.0 Safari/537.36"
46.202.42.131 - - [20/Jul/2025:23:11:46 +0000] "GET /wp-content/plugins/elementor/assets/js/shared-frontend-handlers.30dc2f9c080845a413a6.bundle.min.js HTTP/1.1" 200 2682 "https://ap.cleaning/about-us/" "Mozilla/5.0 (X11; Linux x86_64) AppleWebKit/537.36 (KHTML, like Gecko) Chrome/131.0.0.0 Safari/537.36"
104.249.47.159 - - [20/Jul/2025:23:11:46 +0000] "GET /wp-content/plugins/elementor/assets/js/section-frontend-handlers.d85ab872da118940910d.bundle.min.js HTTP/1.1" 200 297 "https://ap.cleaning/about-us/" "Mozilla/5.0 (X11; Linux x86_64) AppleWebKit/537.36 (KHTML, like Gecko) Chrome/131.0.0.0 Safari/537.36"
209.74.77.214 - - [20/Jul/2025:23:24:17 +0000] "POST /wp-cron.php?doing_wp_cron=1753053857.0545461177825927734375 HTTP/1.1" 200 - "-" "WordPress/6.8.2; https://ap.cleaning"
209.74.77.214 - - [20/Jul/2025:23:24:17 +0000] "POST /wp-cron.php?doing_wp_cron=1753053857.0482530593872070312500 HTTP/1.1" 200 - "-" "WordPress/6.8.2; https://ap.cleaning"
209.74.77.214 - - [20/Jul/2025:23:24:17 +0000] "POST /wp-cron.php?doing_wp_cron=1753053857.0482530593872070312500 HTTP/1.1" 200 - "-" "WordPress/6.8.2; https://ap.cleaning"
57.141.2.29 - - [20/Jul/2025:23:24:14 +0000] "GET /detail/1115835947.shtm HTTP/1.1" 404 58210 "-" "meta-externalagent/1.1 (+https://developers.facebook.com/docs/sharing/webmasters/crawler)"
57.141.2.10 - - [20/Jul/2025:23:24:16 +0000] "GET /detail/205860142.shtm HTTP/1.1" 404 58210 "-" "meta-externalagent/1.1 (+https://developers.facebook.com/docs/sharing/webmasters/crawler)"
216.73.216.156 - - [20/Jul/2025:23:24:16 +0000] "GET /detail/225965274.shtm HTTP/1.1" 404 12594 "-" "Mozilla/5.0 AppleWebKit/537.36 (KHTML, like Gecko; compatible; ClaudeBot/1.0; [email protected])"
57.141.2.30 - - [20/Jul/2025:23:24:18 +0000] "GET /detail/206221938.shtm HTTP/1.1" 404 58210 "-" "meta-externalagent/1.1 (+https://developers.facebook.com/docs/sharing/webmasters/crawler)"
57.141.2.8 - - [20/Jul/2025:23:24:26 +0000] "GET /detail/1116008786.shtm HTTP/1.1" 404 58210 "-" "meta-externalagent/1.1 (+https://developers.facebook.com/docs/sharing/webmasters/crawler)"
216.73.216.156 - - [20/Jul/2025:23:24:29 +0000] "GET /detail/226249989.shtm HTTP/1.1" 404 12593 "-" "Mozilla/5.0 AppleWebKit/537.36 (KHTML, like Gecko; compatible; ClaudeBot/1.0; [email protected])"
57.141.2.12 - - [20/Jul/2025:23:24:31 +0000] "GET /detail/1116293214.shtm HTTP/1.1" 404 58210 "-" "meta-externalagent/1.1 (+https://developers.facebook.com/docs/sharing/webmasters/crawler)"
57.141.2.7 - - [20/Jul/2025:23:24:39 +0000] "GET /detail/205731901.shtm HTTP/1.1" 404 58210 "-" "meta-externalagent/1.1 (+https://developers.facebook.com/docs/sharing/webmasters/crawler)"
216.73.216.156 - - [20/Jul/2025:23:24:41 +0000] "GET /detail/226144886.shtm HTTP/1.1" 404 12595 "-" "Mozilla/5.0 AppleWebKit/537.36 (KHTML, like Gecko; compatible; ClaudeBot/1.0; [email protected])"
57.141.2.21 - - [20/Jul/2025:23:24:50 +0000] "GET /detail/1116321449.shtm HTTP/1.1" 404 58210 "-" "meta-externalagent/1.1 (+https://developers.facebook.com/docs/sharing/webmasters/crawler)"
216.73.216.156 - - [20/Jul/2025:23:24:53 +0000] "GET /detail/225890018.shtm HTTP/1.1" 404 12593 "-" "Mozilla/5.0 AppleWebKit/537.36 (KHTML, like Gecko; compatible; ClaudeBot/1.0; [email protected])"
57.141.2.28 - - [20/Jul/2025:23:24:57 +0000] "GET /detail/206196389.shtm HTTP/1.1" 404 58210 "-" "meta-externalagent/1.1 (+https://developers.facebook.com/docs/sharing/webmasters/crawler)"
216.73.216.156 - - [20/Jul/2025:23:25:05 +0000] "GET /detail/225845934.shtm HTTP/1.1" 404 12592 "-" "Mozilla/5.0 AppleWebKit/537.36 (KHTML, like Gecko; compatible; ClaudeBot/1.0; [email protected])"
209.74.77.214 - - [20/Jul/2025:23:25:17 +0000] "POST /wp-cron.php?doing_wp_cron=1753053917.9388380050659179687500 HTTP/1.1" 200 - "-" "WordPress/6.8.2; https://ap.cleaning"
216.73.216.156 - - [20/Jul/2025:23:25:17 +0000] "GET /detail/225897020.shtm HTTP/1.1" 404 12592 "-" "Mozilla/5.0 AppleWebKit/537.36 (KHTML, like Gecko; compatible; ClaudeBot/1.0; [email protected])"
57.141.2.4 - - [20/Jul/2025:23:25:18 +0000] "GET /detail/206147196.shtm HTTP/1.1" 404 58210 "-" "meta-externalagent/1.1 (+https://developers.facebook.com/docs/sharing/webmasters/crawler)"
57.141.2.5 - - [20/Jul/2025:23:25:23 +0000] "GET /detail/1115761205.shtm HTTP/1.1" 404 58210 "-" "meta-externalagent/1.1 (+https://developers.facebook.com/docs/sharing/webmasters/crawler)"
57.141.2.15 - - [20/Jul/2025:23:25:24 +0000] "GET /detail/206267698.shtm HTTP/1.1" 404 58210 "-" "meta-externalagent/1.1 (+https://developers.facebook.com/docs/sharing/webmasters/crawler)"
57.141.2.23 - - [20/Jul/2025:23:25:28 +0000] "GET /detail/1116032655.shtm HTTP/1.1" 404 58210 "-" "meta-externalagent/1.1 (+https://developers.facebook.com/docs/sharing/webmasters/crawler)"
216.73.216.156 - - [20/Jul/2025:23:25:30 +0000] "GET /detail/226416328.shtm HTTP/1.1" 404 12592 "-" "Mozilla/5.0 AppleWebKit/537.36 (KHTML, like Gecko; compatible; ClaudeBot/1.0; [email protected])"
57.141.2.17 - - [20/Jul/2025:23:25:36 +0000] "GET /detail/1115913893.shtm HTTP/1.1" 404 58210 "-" "meta-externalagent/1.1 (+https://developers.facebook.com/docs/sharing/webmasters/crawler)"
57.141.2.20 - - [20/Jul/2025:23:25:40 +0000] "GET /detail/1116252406.shtm HTTP/1.1" 404 58210 "-" "meta-externalagent/1.1 (+https://developers.facebook.com/docs/sharing/webmasters/crawler)"
216.73.216.156 - - [20/Jul/2025:23:25:42 +0000] "GET /detail/225853384.shtm HTTP/1.1" 404 12593 "-" "Mozilla/5.0 AppleWebKit/537.36 (KHTML, like Gecko; compatible; ClaudeBot/1.0; [email protected])"
57.141.2.23 - - [20/Jul/2025:23:25:43 +0000] "GET /detail/206182678.shtm HTTP/1.1" 404 58210 "-" "meta-externalagent/1.1 (+https://developers.facebook.com/docs/sharing/webmasters/crawler)"
57.141.2.6 - - [20/Jul/2025:23:25:44 +0000] "GET /cleaning_services/house-cleaning/ HTTP/1.1" 200 75813 "-" "meta-externalagent/1.1 (+https://developers.facebook.com/docs/sharing/webmasters/crawler)"
57.141.2.4 - - [20/Jul/2025:23:25:49 +0000] "GET /detail/206171942.shtm HTTP/1.1" 404 58210 "-" "meta-externalagent/1.1 (+https://developers.facebook.com/docs/sharing/webmasters/crawler)"
57.141.2.19 - - [20/Jul/2025:23:25:50 +0000] "GET /detail/205974072.shtm HTTP/1.1" 404 58210 "-" "meta-externalagent/1.1 (+https://developers.facebook.com/docs/sharing/webmasters/crawler)"
57.141.2.17 - - [20/Jul/2025:23:25:50 +0000] "GET /detail/206021368.shtm HTTP/1.1" 404 58210 "-" "meta-externalagent/1.1 (+https://developers.facebook.com/docs/sharing/webmasters/crawler)"
216.73.216.156 - - [20/Jul/2025:23:25:54 +0000] "GET /detail/225979212.shtm HTTP/1.1" 404 12594 "-" "Mozilla/5.0 AppleWebKit/537.36 (KHTML, like Gecko; compatible; ClaudeBot/1.0; [email protected])"
57.141.2.4 - - [20/Jul/2025:23:25:58 +0000] "GET /detail/205927288.shtm HTTP/1.1" 404 58210 "-" "meta-externalagent/1.1 (+https://developers.facebook.com/docs/sharing/webmasters/crawler)"
57.141.2.13 - - [20/Jul/2025:23:25:59 +0000] "GET /detail/1115877267.shtm HTTP/1.1" 404 58210 "-" "meta-externalagent/1.1 (+https://developers.facebook.com/docs/sharing/webmasters/crawler)"
216.73.216.156 - - [20/Jul/2025:23:26:06 +0000] "GET /detail/226034317.shtm HTTP/1.1" 404 12593 "-" "Mozilla/5.0 AppleWebKit/537.36 (KHTML, like Gecko; compatible; ClaudeBot/1.0; [email protected])"
57.141.2.3 - - [20/Jul/2025:23:26:08 +0000] "GET /detail/1116171174.shtm HTTP/1.1" 404 58210 "-" "meta-externalagent/1.1 (+https://developers.facebook.com/docs/sharing/webmasters/crawler)"
57.141.2.3 - - [20/Jul/2025:23:26:11 +0000] "GET /detail/1116024334.shtm HTTP/1.1" 404 58210 "-" "meta-externalagent/1.1 (+https://developers.facebook.com/docs/sharing/webmasters/crawler)"
209.74.77.214 - - [20/Jul/2025:23:26:18 +0000] "POST /wp-cron.php?doing_wp_cron=1753053978.7925579547882080078125 HTTP/1.1" 200 - "-" "WordPress/6.8.2; https://ap.cleaning"
216.73.216.156 - - [20/Jul/2025:23:26:18 +0000] "GET /detail/226348660.shtm HTTP/1.1" 404 12592 "-" "Mozilla/5.0 AppleWebKit/537.36 (KHTML, like Gecko; compatible; ClaudeBot/1.0; [email protected])"
57.141.2.23 - - [20/Jul/2025:23:26:30 +0000] "GET /detail/1115849959.shtm HTTP/1.1" 404 58210 "-" "meta-externalagent/1.1 (+https://developers.facebook.com/docs/sharing/webmasters/crawler)"
216.73.216.156 - - [20/Jul/2025:23:26:30 +0000] "GET /detail/226304359.shtm HTTP/1.1" 404 12594 "-" "Mozilla/5.0 AppleWebKit/537.36 (KHTML, like Gecko; compatible; ClaudeBot/1.0; [email protected])"
57.141.2.6 - - [20/Jul/2025:23:26:32 +0000] "GET /detail/205935609.shtm HTTP/1.1" 404 58210 "-" "meta-externalagent/1.1 (+https://developers.facebook.com/docs/sharing/webmasters/crawler)"
57.141.2.5 - - [20/Jul/2025:23:26:40 +0000] "GET /detail/1116097018.shtm HTTP/1.1" 404 58210 "-" "meta-externalagent/1.1 (+https://developers.facebook.com/docs/sharing/webmasters/crawler)"
216.73.216.156 - - [20/Jul/2025:23:26:41 +0000] "GET /detail/226147231.shtm HTTP/1.1" 404 12592 "-" "Mozilla/5.0 AppleWebKit/537.36 (KHTML, like Gecko; compatible; ClaudeBot/1.0; [email protected])"
57.141.2.30 - - [20/Jul/2025:23:26:43 +0000] "GET /detail/1115864483.shtm HTTP/1.1" 404 58210 "-" "meta-externalagent/1.1 (+https://developers.facebook.com/docs/sharing/webmasters/crawler)"
57.141.2.18 - - [20/Jul/2025:23:26:45 +0000] "GET /detail/1116342407.shtm HTTP/1.1" 404 58210 "-" "meta-externalagent/1.1 (+https://developers.facebook.com/docs/sharing/webmasters/crawler)"
57.141.2.6 - - [20/Jul/2025:23:26:46 +0000] "GET /detail/1116365248.shtm HTTP/1.1" 404 58210 "-" "meta-externalagent/1.1 (+https://developers.facebook.com/docs/sharing/webmasters/crawler)"
216.73.216.156 - - [20/Jul/2025:23:26:53 +0000] "GET /detail/226433399.shtm HTTP/1.1" 404 12594 "-" "Mozilla/5.0 AppleWebKit/537.36 (KHTML, like Gecko; compatible; ClaudeBot/1.0; [email protected])"
57.141.2.10 - - [20/Jul/2025:23:27:04 +0000] "GET /detail/205902486.shtm HTTP/1.1" 404 58210 "-" "meta-externalagent/1.1 (+https://developers.facebook.com/docs/sharing/webmasters/crawler)"
57.141.2.11 - - [20/Jul/2025:23:27:04 +0000] "GET /detail/206064585.shtm HTTP/1.1" 404 58210 "-" "meta-externalagent/1.1 (+https://developers.facebook.com/docs/sharing/webmasters/crawler)"
216.73.216.156 - - [20/Jul/2025:23:27:05 +0000] "GET /detail/225879796.shtm HTTP/1.1" 404 12595 "-" "Mozilla/5.0 AppleWebKit/537.36 (KHTML, like Gecko; compatible; ClaudeBot/1.0; [email protected])"
57.141.2.18 - - [20/Jul/2025:23:27:05 +0000] "GET /detail/1116372543.shtm HTTP/1.1" 404 58210 "-" "meta-externalagent/1.1 (+https://developers.facebook.com/docs/sharing/webmasters/crawler)"
57.141.2.21 - - [20/Jul/2025:23:27:07 +0000] "GET /detail/205767598.shtm HTTP/1.1" 404 58210 "-" "meta-externalagent/1.1 (+https://developers.facebook.com/docs/sharing/webmasters/crawler)"
57.141.2.17 - - [20/Jul/2025:23:27:08 +0000] "GET /detail/205937510.shtm HTTP/1.1" 404 58210 "-" "meta-externalagent/1.1 (+https://developers.facebook.com/docs/sharing/webmasters/crawler)"
209.74.77.214 - - [20/Jul/2025:23:27:17 +0000] "POST /wp-cron.php?doing_wp_cron=1753054037.4272720813751220703125 HTTP/1.1" 200 - "-" "WordPress/6.8.2; https://ap.cleaning"
216.73.216.156 - - [20/Jul/2025:23:27:17 +0000] "GET /detail/226478222.shtm HTTP/1.1" 404 12596 "-" "Mozilla/5.0 AppleWebKit/537.36 (KHTML, like Gecko; compatible; ClaudeBot/1.0; [email protected])"
31.128.76.0 - - [20/Jul/2025:23:27:19 +0000] "GET /cleaning_services/commercial-cleaning/ HTTP/1.0" 200 75853 "https://ap.cleaning/cleaning_services/commercial-cleaning/" "Mozilla/5.0 (Windows NT 10.0; Win64; x64) AppleWebKit/537.36 (KHTML, like Gecko) Chrome/131.0.0.0 Safari/537.36"
57.141.2.21 - - [20/Jul/2025:23:27:29 +0000] "GET /detail/1116267087.shtm HTTP/1.1" 404 58210 "-" "meta-externalagent/1.1 (+https://developers.facebook.com/docs/sharing/webmasters/crawler)"
216.73.216.156 - - [20/Jul/2025:23:27:29 +0000] "GET /detail/226160731.shtm HTTP/1.1" 404 12596 "-" "Mozilla/5.0 AppleWebKit/537.36 (KHTML, like Gecko; compatible; ClaudeBot/1.0; [email protected])"
57.141.2.12 - - [20/Jul/2025:23:27:29 +0000] "GET /detail/206138658.shtm HTTP/1.1" 404 58210 "-" "meta-externalagent/1.1 (+https://developers.facebook.com/docs/sharing/webmasters/crawler)"
216.73.216.156 - - [20/Jul/2025:23:27:41 +0000] "GET /detail/226034160.shtm HTTP/1.1" 404 12594 "-" "Mozilla/5.0 AppleWebKit/537.36 (KHTML, like Gecko; compatible; ClaudeBot/1.0; [email protected])"
216.73.216.156 - - [20/Jul/2025:23:27:53 +0000] "GET /detail/226353769.shtm HTTP/1.1" 404 12596 "-" "Mozilla/5.0 AppleWebKit/537.36 (KHTML, like Gecko; compatible; ClaudeBot/1.0; [email protected])"
57.141.2.1 - - [20/Jul/2025:23:27:55 +0000] "GET /detail/206033423.shtm HTTP/1.1" 404 58210 "-" "meta-externalagent/1.1 (+https://developers.facebook.com/docs/sharing/webmasters/crawler)"
216.73.216.156 - - [20/Jul/2025:23:28:05 +0000] "GET /detail/225874627.shtm HTTP/1.1" 404 12595 "-" "Mozilla/5.0 AppleWebKit/537.36 (KHTML, like Gecko; compatible; ClaudeBot/1.0; [email protected])"
57.141.2.19 - - [20/Jul/2025:23:28:15 +0000] "GET /detail/1115996888.shtm HTTP/1.1" 404 58210 "-" "meta-externalagent/1.1 (+https://developers.facebook.com/docs/sharing/webmasters/crawler)"
209.74.77.214 - - [20/Jul/2025:23:28:16 +0000] "POST /wp-cron.php?doing_wp_cron=1753054096.4320149421691894531250 HTTP/1.1" 200 - "-" "WordPress/6.8.2; https://ap.cleaning"
216.73.216.156 - - [20/Jul/2025:23:28:16 +0000] "GET /detail/226253201.shtm HTTP/1.1" 404 12597 "-" "Mozilla/5.0 AppleWebKit/537.36 (KHTML, like Gecko; compatible; ClaudeBot/1.0; [email protected])"
57.141.2.28 - - [20/Jul/2025:23:28:16 +0000] "GET /detail/205738773.shtm HTTP/1.1" 404 58210 "-" "meta-externalagent/1.1 (+https://developers.facebook.com/docs/sharing/webmasters/crawler)"
57.141.2.12 - - [20/Jul/2025:23:28:19 +0000] "GET /detail/1116261817.shtm HTTP/1.1" 404 58210 "-" "meta-externalagent/1.1 (+https://developers.facebook.com/docs/sharing/webmasters/crawler)"
216.73.216.156 - - [20/Jul/2025:23:28:28 +0000] "GET /detail/225886003.shtm HTTP/1.1" 404 12595 "-" "Mozilla/5.0 AppleWebKit/537.36 (KHTML, like Gecko; compatible; ClaudeBot/1.0; [email protected])"
57.141.2.7 - - [20/Jul/2025:23:28:36 +0000] "GET /detail/1115845940.shtm HTTP/1.1" 404 58210 "-" "meta-externalagent/1.1 (+https://developers.facebook.com/docs/sharing/webmasters/crawler)"
216.73.216.156 - - [20/Jul/2025:23:28:40 +0000] "GET /detail/226501348.shtm HTTP/1.1" 404 12596 "-" "Mozilla/5.0 AppleWebKit/537.36 (KHTML, like Gecko; compatible; ClaudeBot/1.0; [email protected])"
57.141.2.13 - - [20/Jul/2025:23:28:42 +0000] "GET /detail/1115902808.shtm HTTP/1.1" 404 58210 "-" "meta-externalagent/1.1 (+https://developers.facebook.com/docs/sharing/webmasters/crawler)"
57.141.2.17 - - [20/Jul/2025:23:28:43 +0000] "GET /detail/1116012283.shtm HTTP/1.1" 404 58210 "-" "meta-externalagent/1.1 (+https://developers.facebook.com/docs/sharing/webmasters/crawler)"
20.171.207.114 - - [20/Jul/2025:23:28:49 +0000] "GET /sitemap.xml HTTP/1.1" 200 4206 "-" "Mozilla/5.0 AppleWebKit/537.36 (KHTML, like Gecko; compatible; GPTBot/1.2; +https://openai.com/gptbot)"
216.73.216.156 - - [20/Jul/2025:23:28:52 +0000] "GET /detail/225940823.shtm HTTP/1.1" 404 12594 "-" "Mozilla/5.0 AppleWebKit/537.36 (KHTML, like Gecko; compatible; ClaudeBot/1.0; [email protected])"
20.171.207.114 - - [20/Jul/2025:23:28:52 +0000] "GET /detail/710924401.shtm HTTP/1.1" 404 12595 "-" "Mozilla/5.0 AppleWebKit/537.36 (KHTML, like Gecko; compatible; GPTBot/1.2; +https://openai.com/gptbot)"
20.171.207.114 - - [20/Jul/2025:23:28:55 +0000] "GET /detail/710843908.shtm HTTP/1.1" 404 12595 "-" "Mozilla/5.0 AppleWebKit/537.36 (KHTML, like Gecko; compatible; GPTBot/1.2; +https://openai.com/gptbot)"
20.171.207.114 - - [20/Jul/2025:23:28:58 +0000] "GET /detail/711442910.shtm HTTP/1.1" 404 12594 "-" "Mozilla/5.0 AppleWebKit/537.36 (KHTML, like Gecko; compatible; GPTBot/1.2; +https://openai.com/gptbot)"
57.141.2.3 - - [20/Jul/2025:23:28:59 +0000] "GET /detail/206217347.shtm HTTP/1.1" 404 58210 "-" "meta-externalagent/1.1 (+https://developers.facebook.com/docs/sharing/webmasters/crawler)"
20.171.207.114 - - [20/Jul/2025:23:29:01 +0000] "GET /detail/711388825.shtm HTTP/1.1" 404 12594 "-" "Mozilla/5.0 AppleWebKit/537.36 (KHTML, like Gecko; compatible; GPTBot/1.2; +https://openai.com/gptbot)"
216.73.216.156 - - [20/Jul/2025:23:29:04 +0000] "GET /detail/226441873.shtm HTTP/1.1" 404 12595 "-" "Mozilla/5.0 AppleWebKit/537.36 (KHTML, like Gecko; compatible; ClaudeBot/1.0; [email protected])"
20.171.207.114 - - [20/Jul/2025:23:29:04 +0000] "GET /detail/711241314.shtm HTTP/1.1" 404 12595 "-" "Mozilla/5.0 AppleWebKit/537.36 (KHTML, like Gecko; compatible; GPTBot/1.2; +https://openai.com/gptbot)"
20.171.207.114 - - [20/Jul/2025:23:29:07 +0000] "GET /detail/711301307.shtm HTTP/1.1" 404 12594 "-" "Mozilla/5.0 AppleWebKit/537.36 (KHTML, like Gecko; compatible; GPTBot/1.2; +https://openai.com/gptbot)"
20.171.207.114 - - [20/Jul/2025:23:29:09 +0000] "GET /detail/711355541.shtm HTTP/1.1" 404 12594 "-" "Mozilla/5.0 AppleWebKit/537.36 (KHTML, like Gecko; compatible; GPTBot/1.2; +https://openai.com/gptbot)"
20.171.207.114 - - [20/Jul/2025:23:29:12 +0000] "GET /detail/711071402.shtm HTTP/1.1" 404 12595 "-" "Mozilla/5.0 AppleWebKit/537.36 (KHTML, like Gecko; compatible; GPTBot/1.2; +https://openai.com/gptbot)"
20.171.207.114 - - [20/Jul/2025:23:29:15 +0000] "GET /detail/711414149.shtm HTTP/1.1" 404 12594 "-" "Mozilla/5.0 AppleWebKit/537.36 (KHTML, like Gecko; compatible; GPTBot/1.2; +https://openai.com/gptbot)"
209.74.77.214 - - [20/Jul/2025:23:29:16 +0000] "POST /wp-cron.php?doing_wp_cron=1753054156.4567749500274658203125 HTTP/1.1" 200 - "-" "WordPress/6.8.2; https://ap.cleaning"
216.73.216.156 - - [20/Jul/2025:23:29:16 +0000] "GET /detail/226193272.shtm HTTP/1.1" 404 12595 "-" "Mozilla/5.0 AppleWebKit/537.36 (KHTML, like Gecko; compatible; ClaudeBot/1.0; [email protected])"
20.171.207.114 - - [20/Jul/2025:23:29:18 +0000] "GET /detail/711058554.shtm HTTP/1.1" 404 12596 "-" "Mozilla/5.0 AppleWebKit/537.36 (KHTML, like Gecko; compatible; GPTBot/1.2; +https://openai.com/gptbot)"
20.171.207.114 - - [20/Jul/2025:23:29:21 +0000] "GET /detail/710928928.shtm HTTP/1.1" 404 12595 "-" "Mozilla/5.0 AppleWebKit/537.36 (KHTML, like Gecko; compatible; GPTBot/1.2; +https://openai.com/gptbot)"
20.171.207.114 - - [20/Jul/2025:23:29:24 +0000] "GET /detail/711211242.shtm HTTP/1.1" 404 12595 "-" "Mozilla/5.0 AppleWebKit/537.36 (KHTML, like Gecko; compatible; GPTBot/1.2; +https://openai.com/gptbot)"
20.171.207.114 - - [20/Jul/2025:23:29:26 +0000] "GET /detail/710909014.shtm HTTP/1.1" 404 12596 "-" "Mozilla/5.0 AppleWebKit/537.36 (KHTML, like Gecko; compatible; GPTBot/1.2; +https://openai.com/gptbot)"
216.73.216.156 - - [20/Jul/2025:23:29:28 +0000] "GET /detail/225897542.shtm HTTP/1.1" 404 12595 "-" "Mozilla/5.0 AppleWebKit/537.36 (KHTML, like Gecko; compatible; ClaudeBot/1.0; [email protected])"
57.141.2.16 - - [20/Jul/2025:23:29:28 +0000] "GET /detail/1116242120.shtm HTTP/1.1" 404 58210 "-" "meta-externalagent/1.1 (+https://developers.facebook.com/docs/sharing/webmasters/crawler)"
20.171.207.114 - - [20/Jul/2025:23:29:29 +0000] "GET /detail/710967100.shtm HTTP/1.1" 404 12592 "-" "Mozilla/5.0 AppleWebKit/537.36 (KHTML, like Gecko; compatible; GPTBot/1.2; +https://openai.com/gptbot)"
20.171.207.114 - - [20/Jul/2025:23:29:32 +0000] "GET /detail/711416114.shtm HTTP/1.1" 404 12594 "-" "Mozilla/5.0 AppleWebKit/537.36 (KHTML, like Gecko; compatible; GPTBot/1.2; +https://openai.com/gptbot)"
20.171.207.114 - - [20/Jul/2025:23:29:35 +0000] "GET /detail/711458458.shtm HTTP/1.1" 404 12592 "-" "Mozilla/5.0 AppleWebKit/537.36 (KHTML, like Gecko; compatible; GPTBot/1.2; +https://openai.com/gptbot)"
57.141.2.12 - - [20/Jul/2025:23:29:35 +0000] "GET /detail/1115970678.shtm HTTP/1.1" 404 58210 "-" "meta-externalagent/1.1 (+https://developers.facebook.com/docs/sharing/webmasters/crawler)"
20.171.207.114 - - [20/Jul/2025:23:29:38 +0000] "GET /detail/711393938.shtm HTTP/1.1" 404 12595 "-" "Mozilla/5.0 AppleWebKit/537.36 (KHTML, like Gecko; compatible; GPTBot/1.2; +https://openai.com/gptbot)"
216.73.216.156 - - [20/Jul/2025:23:29:40 +0000] "GET /detail/225858567.shtm HTTP/1.1" 404 12593 "-" "Mozilla/5.0 AppleWebKit/537.36 (KHTML, like Gecko; compatible; ClaudeBot/1.0; [email protected])"
20.171.207.114 - - [20/Jul/2025:23:29:41 +0000] "GET /detail/710910901.shtm HTTP/1.1" 404 12594 "-" "Mozilla/5.0 AppleWebKit/537.36 (KHTML, like Gecko; compatible; GPTBot/1.2; +https://openai.com/gptbot)"
57.141.2.28 - - [20/Jul/2025:23:29:41 +0000] "GET /detail/205808406.shtm HTTP/1.1" 404 58210 "-" "meta-externalagent/1.1 (+https://developers.facebook.com/docs/sharing/webmasters/crawler)"
57.141.2.29 - - [20/Jul/2025:23:29:43 +0000] "GET /detail/1115893979.shtm HTTP/1.1" 404 58210 "-" "meta-externalagent/1.1 (+https://developers.facebook.com/docs/sharing/webmasters/crawler)"
20.171.207.114 - - [20/Jul/2025:23:29:43 +0000] "GET /detail/710958271.shtm HTTP/1.1" 404 12595 "-" "Mozilla/5.0 AppleWebKit/537.36 (KHTML, like Gecko; compatible; GPTBot/1.2; +https://openai.com/gptbot)"
20.171.207.114 - - [20/Jul/2025:23:29:46 +0000] "GET /detail/710962509.shtm HTTP/1.1" 404 12595 "-" "Mozilla/5.0 AppleWebKit/537.36 (KHTML, like Gecko; compatible; GPTBot/1.2; +https://openai.com/gptbot)"
20.171.207.114 - - [20/Jul/2025:23:29:49 +0000] "GET /detail/710923823.shtm HTTP/1.1" 404 12594 "-" "Mozilla/5.0 AppleWebKit/537.36 (KHTML, like Gecko; compatible; GPTBot/1.2; +https://openai.com/gptbot)"
20.171.207.114 - - [20/Jul/2025:23:29:52 +0000] "GET /detail/710953098.shtm HTTP/1.1" 404 12595 "-" "Mozilla/5.0 AppleWebKit/537.36 (KHTML, like Gecko; compatible; GPTBot/1.2; +https://openai.com/gptbot)"
216.73.216.156 - - [20/Jul/2025:23:29:52 +0000] "GET /detail/226044318.shtm HTTP/1.1" 404 12595 "-" "Mozilla/5.0 AppleWebKit/537.36 (KHTML, like Gecko; compatible; ClaudeBot/1.0; [email protected])"
57.141.2.6 - - [20/Jul/2025:23:29:53 +0000] "GET /detail/1115838874.shtm HTTP/1.1" 404 58210 "-" "meta-externalagent/1.1 (+https://developers.facebook.com/docs/sharing/webmasters/crawler)"
20.171.207.114 - - [20/Jul/2025:23:29:55 +0000] "GET /detail/710849081.shtm HTTP/1.1" 404 12595 "-" "Mozilla/5.0 AppleWebKit/537.36 (KHTML, like Gecko; compatible; GPTBot/1.2; +https://openai.com/gptbot)"
20.171.207.114 - - [20/Jul/2025:23:29:58 +0000] "GET /detail/711240511.shtm HTTP/1.1" 404 12595 "-" "Mozilla/5.0 AppleWebKit/537.36 (KHTML, like Gecko; compatible; GPTBot/1.2; +https://openai.com/gptbot)"
20.171.207.114 - - [20/Jul/2025:23:30:01 +0000] "GET /detail/711056011.shtm HTTP/1.1" 404 12596 "-" "Mozilla/5.0 AppleWebKit/537.36 (KHTML, like Gecko; compatible; GPTBot/1.2; +https://openai.com/gptbot)"
57.141.2.20 - - [20/Jul/2025:23:30:02 +0000] "GET /detail/205942555.shtm HTTP/1.1" 404 58210 "-" "meta-externalagent/1.1 (+https://developers.facebook.com/docs/sharing/webmasters/crawler)"
57.141.2.13 - - [20/Jul/2025:23:30:03 +0000] "GET /detail/206005308.shtm HTTP/1.1" 404 58210 "-" "meta-externalagent/1.1 (+https://developers.facebook.com/docs/sharing/webmasters/crawler)"
20.171.207.114 - - [20/Jul/2025:23:30:04 +0000] "GET /detail/711271683.shtm HTTP/1.1" 404 12594 "-" "Mozilla/5.0 AppleWebKit/537.36 (KHTML, like Gecko; compatible; GPTBot/1.2; +https://openai.com/gptbot)"
216.73.216.156 - - [20/Jul/2025:23:30:04 +0000] "GET /detail/226067518.shtm HTTP/1.1" 404 12595 "-" "Mozilla/5.0 AppleWebKit/537.36 (KHTML, like Gecko; compatible; ClaudeBot/1.0; [email protected])"
20.171.207.114 - - [20/Jul/2025:23:30:06 +0000] "GET /detail/710903901.shtm HTTP/1.1" 404 12595 "-" "Mozilla/5.0 AppleWebKit/537.36 (KHTML, like Gecko; compatible; GPTBot/1.2; +https://openai.com/gptbot)"
57.141.2.6 - - [20/Jul/2025:23:30:08 +0000] "GET /detail/1116360143.shtm HTTP/1.1" 404 58210 "-" "meta-externalagent/1.1 (+https://developers.facebook.com/docs/sharing/webmasters/crawler)"
20.171.207.114 - - [20/Jul/2025:23:30:09 +0000] "GET /detail/710919292.shtm HTTP/1.1" 404 12595 "-" "Mozilla/5.0 AppleWebKit/537.36 (KHTML, like Gecko; compatible; GPTBot/1.2; +https://openai.com/gptbot)"
57.141.2.13 - - [20/Jul/2025:23:30:10 +0000] "GET /detail/1116148040.shtm HTTP/1.1" 404 58210 "-" "meta-externalagent/1.1 (+https://developers.facebook.com/docs/sharing/webmasters/crawler)"
20.171.207.114 - - [20/Jul/2025:23:30:12 +0000] "GET /detail/711466110.shtm HTTP/1.1" 404 12594 "-" "Mozilla/5.0 AppleWebKit/537.36 (KHTML, like Gecko; compatible; GPTBot/1.2; +https://openai.com/gptbot)"
20.171.207.114 - - [20/Jul/2025:23:30:15 +0000] "GET /detail/711201020.shtm HTTP/1.1" 404 12596 "-" "Mozilla/5.0 AppleWebKit/537.36 (KHTML, like Gecko; compatible; GPTBot/1.2; +https://openai.com/gptbot)"
57.141.2.30 - - [20/Jul/2025:23:30:15 +0000] "GET /detail/206003351.shtm HTTP/1.1" 404 58210 "-" "meta-externalagent/1.1 (+https://developers.facebook.com/docs/sharing/webmasters/crawler)"
209.74.77.214 - - [20/Jul/2025:23:30:16 +0000] "POST /wp-cron.php?doing_wp_cron=1753054216.2657480239868164062500 HTTP/1.1" 200 - "-" "WordPress/6.8.2; https://ap.cleaning"
57.141.2.25 - - [20/Jul/2025:23:30:15 +0000] "GET /detail/206322217.shtm HTTP/1.1" 404 58210 "-" "meta-externalagent/1.1 (+https://developers.facebook.com/docs/sharing/webmasters/crawler)"
216.73.216.156 - - [20/Jul/2025:23:30:16 +0000] "GET /detail/225925713.shtm HTTP/1.1" 404 12596 "-" "Mozilla/5.0 AppleWebKit/537.36 (KHTML, like Gecko; compatible; ClaudeBot/1.0; [email protected])"
20.171.207.114 - - [20/Jul/2025:23:30:18 +0000] "GET /detail/711270071.shtm HTTP/1.1" 404 12594 "-" "Mozilla/5.0 AppleWebKit/537.36 (KHTML, like Gecko; compatible; GPTBot/1.2; +https://openai.com/gptbot)"
