20.171.207.114 - - [20/Jul/2025:21:42:12 +0000] "GET /category/uncategorized/www.sixpack.studio HTTP/1.1" 404 12594 "-" "Mozilla/5.0 AppleWebKit/537.36 (KHTML, like Gecko; compatible; GPTBot/1.2; +https://openai.com/gptbot)"
20.171.207.114 - - [20/Jul/2025:21:42:13 +0000] "GET /tag/cleaning/ HTTP/1.1" 200 15398 "-" "Mozilla/5.0 AppleWebKit/537.36 (KHTML, like Gecko; compatible; GPTBot/1.2; +https://openai.com/gptbot)"
209.74.77.214 - - [20/Jul/2025:21:42:16 +0000] "POST /wp-cron.php?doing_wp_cron=1753047736.4466960430145263671875 HTTP/1.1" 200 - "-" "WordPress/6.8.2; https://ap.cleaning"
20.171.207.114 - - [20/Jul/2025:21:42:16 +0000] "GET /category/uncategorized/feed/ HTTP/1.1" 200 2544 "-" "Mozilla/5.0 AppleWebKit/537.36 (KHTML, like Gecko; compatible; GPTBot/1.2; +https://openai.com/gptbot)"
20.171.207.114 - - [20/Jul/2025:21:42:25 +0000] "GET /tag/cleaning/www.sixpack.studio HTTP/1.1" 404 12596 "-" "Mozilla/5.0 AppleWebKit/537.36 (KHTML, like Gecko; compatible; GPTBot/1.2; +https://openai.com/gptbot)"
20.171.207.114 - - [20/Jul/2025:21:42:26 +0000] "GET /tag/cleaning/feed/ HTTP/1.1" 200 2765 "-" "Mozilla/5.0 AppleWebKit/537.36 (KHTML, like Gecko; compatible; GPTBot/1.2; +https://openai.com/gptbot)"
20.171.207.114 - - [20/Jul/2025:21:42:30 +0000] "GET /tag/window-cleaner/ HTTP/1.1" 200 15407 "-" "Mozilla/5.0 AppleWebKit/537.36 (KHTML, like Gecko; compatible; GPTBot/1.2; +https://openai.com/gptbot)"
20.171.207.114 - - [20/Jul/2025:21:42:32 +0000] "GET /category/daily-inspiration/feed/ HTTP/1.1" 200 3090 "-" "Mozilla/5.0 AppleWebKit/537.36 (KHTML, like Gecko; compatible; GPTBot/1.2; +https://openai.com/gptbot)"
20.171.207.114 - - [20/Jul/2025:21:42:33 +0000] "GET /wp-json/wp/v2/categories/1 HTTP/1.1" 200 291 "-" "Mozilla/5.0 AppleWebKit/537.36 (KHTML, like Gecko; compatible; GPTBot/1.2; +https://openai.com/gptbot)"
20.171.207.114 - - [20/Jul/2025:21:42:34 +0000] "GET /wp-json/wp/v2/categories/20 HTTP/1.1" 200 288 "-" "Mozilla/5.0 AppleWebKit/537.36 (KHTML, like Gecko; compatible; GPTBot/1.2; +https://openai.com/gptbot)"
20.171.207.114 - - [20/Jul/2025:21:42:35 +0000] "GET /wp-json/wp/v2/categories/17 HTTP/1.1" 200 304 "-" "Mozilla/5.0 AppleWebKit/537.36 (KHTML, like Gecko; compatible; GPTBot/1.2; +https://openai.com/gptbot)"
20.171.207.114 - - [20/Jul/2025:21:42:37 +0000] "GET /wp-json/wp/v2/tags/22 HTTP/1.1" 200 277 "-" "Mozilla/5.0 AppleWebKit/537.36 (KHTML, like Gecko; compatible; GPTBot/1.2; +https://openai.com/gptbot)"
43.135.182.95 - - [20/Jul/2025:21:42:37 +0000] "GET /try-good-enough-method-clean-kitchen/feed/ HTTP/1.1" 200 471 "-" "Mozilla/5.0 (iPhone; CPU iPhone OS 13_2_3 like Mac OS X) AppleWebKit/605.1.15 (KHTML, like Gecko) Version/13.0.3 Mobile/15E148 Safari/604.1"
216.73.216.156 - - [20/Jul/2025:21:42:38 +0000] "GET /detail/350674111.shtm HTTP/1.1" 404 12595 "-" "Mozilla/5.0 AppleWebKit/537.36 (KHTML, like Gecko; compatible; ClaudeBot/1.0; [email protected])"
216.73.216.156 - - [20/Jul/2025:21:42:41 +0000] "GET /detail/350912781.shtm HTTP/1.1" 404 12595 "-" "Mozilla/5.0 AppleWebKit/537.36 (KHTML, like Gecko; compatible; ClaudeBot/1.0; [email protected])"
20.171.207.114 - - [20/Jul/2025:21:42:42 +0000] "GET /tag/window-cleaner/www.sixpack.studio HTTP/1.1" 404 12595 "-" "Mozilla/5.0 AppleWebKit/537.36 (KHTML, like Gecko; compatible; GPTBot/1.2; +https://openai.com/gptbot)"
20.171.207.114 - - [20/Jul/2025:21:42:44 +0000] "GET /tag/window-cleaner/feed/ HTTP/1.1" 200 2769 "-" "Mozilla/5.0 AppleWebKit/537.36 (KHTML, like Gecko; compatible; GPTBot/1.2; +https://openai.com/gptbot)"
216.73.216.156 - - [20/Jul/2025:21:42:45 +0000] "GET /detail/350686674.shtm HTTP/1.1" 404 12596 "-" "Mozilla/5.0 AppleWebKit/537.36 (KHTML, like Gecko; compatible; ClaudeBot/1.0; [email protected])"
20.171.207.114 - - [20/Jul/2025:21:42:45 +0000] "GET /wp-json/wp/v2/tags/24 HTTP/1.1" 200 290 "-" "Mozilla/5.0 AppleWebKit/537.36 (KHTML, like Gecko; compatible; GPTBot/1.2; +https://openai.com/gptbot)"
216.73.216.156 - - [20/Jul/2025:21:42:47 +0000] "GET /detail/350506092.shtm HTTP/1.1" 404 12595 "-" "Mozilla/5.0 AppleWebKit/537.36 (KHTML, like Gecko; compatible; ClaudeBot/1.0; [email protected])"
216.73.216.156 - - [20/Jul/2025:21:42:50 +0000] "GET /detail/350629220.shtm HTTP/1.1" 404 12593 "-" "Mozilla/5.0 AppleWebKit/537.36 (KHTML, like Gecko; compatible; ClaudeBot/1.0; [email protected])"
216.73.216.156 - - [20/Jul/2025:21:42:53 +0000] "GET /detail/350825928.shtm HTTP/1.1" 404 12595 "-" "Mozilla/5.0 AppleWebKit/537.36 (KHTML, like Gecko; compatible; ClaudeBot/1.0; [email protected])"
216.73.216.156 - - [20/Jul/2025:21:42:56 +0000] "GET /detail/350538509.shtm HTTP/1.1" 404 12594 "-" "Mozilla/5.0 AppleWebKit/537.36 (KHTML, like Gecko; compatible; ClaudeBot/1.0; [email protected])"
20.171.207.114 - - [20/Jul/2025:21:42:58 +0000] "GET /wp-content/themes/cleaning-services/js/forms.js?ver=1753047689 HTTP/1.1" 200 1505 "-" "Mozilla/5.0 AppleWebKit/537.36 (KHTML, like Gecko; compatible; GPTBot/1.2; +https://openai.com/gptbot)"
20.171.207.114 - - [20/Jul/2025:21:42:59 +0000] "GET /wp-content/themes/cleaning-services/js/custom.js?ver=1753047689 HTTP/1.1" 200 7946 "-" "Mozilla/5.0 AppleWebKit/537.36 (KHTML, like Gecko; compatible; GPTBot/1.2; +https://openai.com/gptbot)"
216.73.216.156 - - [20/Jul/2025:21:42:59 +0000] "GET /detail/350753091.shtm HTTP/1.1" 404 12596 "-" "Mozilla/5.0 AppleWebKit/537.36 (KHTML, like Gecko; compatible; ClaudeBot/1.0; [email protected])"
216.73.216.156 - - [20/Jul/2025:21:43:02 +0000] "GET /detail/350654765.shtm HTTP/1.1" 404 12594 "-" "Mozilla/5.0 AppleWebKit/537.36 (KHTML, like Gecko; compatible; ClaudeBot/1.0; [email protected])"
20.171.207.114 - - [20/Jul/2025:21:43:02 +0000] "GET /wp-content/themes/cleaning-services/js/forms.js?ver=1753047734 HTTP/1.1" 200 1505 "-" "Mozilla/5.0 AppleWebKit/537.36 (KHTML, like Gecko; compatible; GPTBot/1.2; +https://openai.com/gptbot)"
20.171.207.114 - - [20/Jul/2025:21:43:03 +0000] "GET /wp-content/themes/cleaning-services/js/forms.js?ver=1753047713 HTTP/1.1" 200 1505 "-" "Mozilla/5.0 AppleWebKit/537.36 (KHTML, like Gecko; compatible; GPTBot/1.2; +https://openai.com/gptbot)"
20.171.207.114 - - [20/Jul/2025:21:43:05 +0000] "GET /wp-content/themes/cleaning-services/js/forms.js?ver=1753047750 HTTP/1.1" 200 1505 "-" "Mozilla/5.0 AppleWebKit/537.36 (KHTML, like Gecko; compatible; GPTBot/1.2; +https://openai.com/gptbot)"
216.73.216.156 - - [20/Jul/2025:21:43:05 +0000] "GET /detail/350345752.shtm HTTP/1.1" 404 12594 "-" "Mozilla/5.0 AppleWebKit/537.36 (KHTML, like Gecko; compatible; ClaudeBot/1.0; [email protected])"
20.171.207.114 - - [20/Jul/2025:21:43:06 +0000] "GET /wp-content/themes/cleaning-services/js/custom.js?ver=1753047713 HTTP/1.1" 200 7946 "-" "Mozilla/5.0 AppleWebKit/537.36 (KHTML, like Gecko; compatible; GPTBot/1.2; +https://openai.com/gptbot)"
20.171.207.114 - - [20/Jul/2025:21:43:07 +0000] "GET /wp-content/themes/cleaning-services/js/custom.js?ver=1753047750 HTTP/1.1" 200 7946 "-" "Mozilla/5.0 AppleWebKit/537.36 (KHTML, like Gecko; compatible; GPTBot/1.2; +https://openai.com/gptbot)"
216.73.216.156 - - [20/Jul/2025:21:43:08 +0000] "GET /detail/350413267.shtm HTTP/1.1" 404 12594 "-" "Mozilla/5.0 AppleWebKit/537.36 (KHTML, like Gecko; compatible; ClaudeBot/1.0; [email protected])"
20.171.207.114 - - [20/Jul/2025:21:43:08 +0000] "GET /wp-content/themes/cleaning-services/js/custom.js?ver=1753047734 HTTP/1.1" 200 7946 "-" "Mozilla/5.0 AppleWebKit/537.36 (KHTML, like Gecko; compatible; GPTBot/1.2; +https://openai.com/gptbot)"
216.73.216.156 - - [20/Jul/2025:21:43:11 +0000] "GET /detail/350310639.shtm HTTP/1.1" 404 12594 "-" "Mozilla/5.0 AppleWebKit/537.36 (KHTML, like Gecko; compatible; ClaudeBot/1.0; [email protected])"
20.171.207.114 - - [20/Jul/2025:21:43:13 +0000] "GET /wp-content/themes/cleaning-services/js/forms.js?ver=1753047653 HTTP/1.1" 200 1505 "-" "Mozilla/5.0 AppleWebKit/537.36 (KHTML, like Gecko; compatible; GPTBot/1.2; +https://openai.com/gptbot)"
20.171.207.114 - - [20/Jul/2025:21:43:14 +0000] "GET /wp-content/themes/cleaning-services/js/forms.js?ver=1753047721 HTTP/1.1" 200 1505 "-" "Mozilla/5.0 AppleWebKit/537.36 (KHTML, like Gecko; compatible; GPTBot/1.2; +https://openai.com/gptbot)"
216.73.216.156 - - [20/Jul/2025:21:43:14 +0000] "GET /detail/350449893.shtm HTTP/1.1" 404 12596 "-" "Mozilla/5.0 AppleWebKit/537.36 (KHTML, like Gecko; compatible; ClaudeBot/1.0; [email protected])"
20.171.207.114 - - [20/Jul/2025:21:43:15 +0000] "GET /wp-content/themes/cleaning-services/js/forms.js?ver=1753047722 HTTP/1.1" 200 1505 "-" "Mozilla/5.0 AppleWebKit/537.36 (KHTML, like Gecko; compatible; GPTBot/1.2; +https://openai.com/gptbot)"
20.171.207.114 - - [20/Jul/2025:21:43:16 +0000] "GET /wp-content/themes/cleaning-services/js/custom.js?ver=1753047721 HTTP/1.1" 200 7946 "-" "Mozilla/5.0 AppleWebKit/537.36 (KHTML, like Gecko; compatible; GPTBot/1.2; +https://openai.com/gptbot)"
209.74.77.214 - - [20/Jul/2025:21:43:17 +0000] "POST /wp-cron.php?doing_wp_cron=1753047797.4003159999847412109375 HTTP/1.1" 200 - "-" "WordPress/6.8.2; https://ap.cleaning"
216.73.216.156 - - [20/Jul/2025:21:43:17 +0000] "GET /detail/350403270.shtm HTTP/1.1" 404 12596 "-" "Mozilla/5.0 AppleWebKit/537.36 (KHTML, like Gecko; compatible; ClaudeBot/1.0; [email protected])"
20.171.207.114 - - [20/Jul/2025:21:43:19 +0000] "GET /wp-content/themes/cleaning-services/js/custom.js?ver=1753047722 HTTP/1.1" 200 7946 "-" "Mozilla/5.0 AppleWebKit/537.36 (KHTML, like Gecko; compatible; GPTBot/1.2; +https://openai.com/gptbot)"
20.171.207.114 - - [20/Jul/2025:21:43:20 +0000] "GET /wp-content/themes/cleaning-services/js/custom.js?ver=1753047653 HTTP/1.1" 200 7946 "-" "Mozilla/5.0 AppleWebKit/537.36 (KHTML, like Gecko; compatible; GPTBot/1.2; +https://openai.com/gptbot)"
216.73.216.156 - - [20/Jul/2025:21:43:20 +0000] "GET /detail/350836214.shtm HTTP/1.1" 404 12596 "-" "Mozilla/5.0 AppleWebKit/537.36 (KHTML, like Gecko; compatible; ClaudeBot/1.0; [email protected])"
216.73.216.156 - - [20/Jul/2025:21:43:23 +0000] "GET /detail/350513550.shtm HTTP/1.1" 404 12596 "-" "Mozilla/5.0 AppleWebKit/537.36 (KHTML, like Gecko; compatible; ClaudeBot/1.0; [email protected])"
216.73.216.156 - - [20/Jul/2025:21:43:26 +0000] "GET /detail/350477787.shtm HTTP/1.1" 404 12595 "-" "Mozilla/5.0 AppleWebKit/537.36 (KHTML, like Gecko; compatible; ClaudeBot/1.0; [email protected])"
216.73.216.156 - - [20/Jul/2025:21:43:29 +0000] "GET /detail/350588348.shtm HTTP/1.1" 404 12595 "-" "Mozilla/5.0 AppleWebKit/537.36 (KHTML, like Gecko; compatible; ClaudeBot/1.0; [email protected])"
209.74.77.214 - - [20/Jul/2025:21:43:32 +0000] "POST /wp-cron.php?doing_wp_cron=1753047812.4181499481201171875000 HTTP/1.1" 200 - "-" "WordPress/6.8.2; https://ap.cleaning"
216.73.216.156 - - [20/Jul/2025:21:43:32 +0000] "GET /detail/350742869.shtm HTTP/1.1" 404 12593 "-" "Mozilla/5.0 AppleWebKit/537.36 (KHTML, like Gecko; compatible; ClaudeBot/1.0; [email protected])"
216.73.216.156 - - [20/Jul/2025:21:43:35 +0000] "GET /detail/350895557.shtm HTTP/1.1" 404 12596 "-" "Mozilla/5.0 AppleWebKit/537.36 (KHTML, like Gecko; compatible; ClaudeBot/1.0; [email protected])"
216.73.216.156 - - [20/Jul/2025:21:43:38 +0000] "GET /detail/350662504.shtm HTTP/1.1" 404 12596 "-" "Mozilla/5.0 AppleWebKit/537.36 (KHTML, like Gecko; compatible; ClaudeBot/1.0; [email protected])"
216.73.216.156 - - [20/Jul/2025:21:43:41 +0000] "GET /detail/350897679.shtm HTTP/1.1" 404 12596 "-" "Mozilla/5.0 AppleWebKit/537.36 (KHTML, like Gecko; compatible; ClaudeBot/1.0; [email protected])"
216.73.216.156 - - [20/Jul/2025:21:43:44 +0000] "GET /detail/350271660.shtm HTTP/1.1" 404 12594 "-" "Mozilla/5.0 AppleWebKit/537.36 (KHTML, like Gecko; compatible; ClaudeBot/1.0; [email protected])"
216.73.216.156 - - [20/Jul/2025:21:43:47 +0000] "GET /detail/350888107.shtm HTTP/1.1" 404 12596 "-" "Mozilla/5.0 AppleWebKit/537.36 (KHTML, like Gecko; compatible; ClaudeBot/1.0; [email protected])"
216.73.216.156 - - [20/Jul/2025:21:43:50 +0000] "GET /detail/350320789.shtm HTTP/1.1" 404 12595 "-" "Mozilla/5.0 AppleWebKit/537.36 (KHTML, like Gecko; compatible; ClaudeBot/1.0; [email protected])"
20.171.207.114 - - [20/Jul/2025:21:44:14 +0000] "GET /wp-includes/css/dist/block-library/style.min.css?ver=6.8.2 HTTP/1.1" 200 15315 "-" "Mozilla/5.0 AppleWebKit/537.36 (KHTML, like Gecko; compatible; GPTBot/1.2; +https://openai.com/gptbot)"
20.171.207.114 - - [20/Jul/2025:21:44:24 +0000] "GET /wp-content/themes/cleaning-services/style.css?ver=1753047750 HTTP/1.1" 200 38492 "-" "Mozilla/5.0 AppleWebKit/537.36 (KHTML, like Gecko; compatible; GPTBot/1.2; +https://openai.com/gptbot)"
20.171.207.114 - - [20/Jul/2025:21:44:25 +0000] "GET /wp-content/themes/cleaning-services/style.css?ver=1753047713 HTTP/1.1" 200 38492 "-" "Mozilla/5.0 AppleWebKit/537.36 (KHTML, like Gecko; compatible; GPTBot/1.2; +https://openai.com/gptbot)"
209.74.77.214 - - [20/Jul/2025:21:44:27 +0000] "POST /wp-cron.php?doing_wp_cron=1753047867.8753159046173095703125 HTTP/1.1" 200 - "-" "WordPress/6.8.2; https://ap.cleaning"
216.73.216.156 - - [20/Jul/2025:21:44:25 +0000] "GET /detail/350628642.shtm HTTP/1.1" 404 12596 "-" "Mozilla/5.0 AppleWebKit/537.36 (KHTML, like Gecko; compatible; ClaudeBot/1.0; [email protected])"
216.73.216.156 - - [20/Jul/2025:21:44:28 +0000] "GET /detail/350421072.shtm HTTP/1.1" 404 12595 "-" "Mozilla/5.0 AppleWebKit/537.36 (KHTML, like Gecko; compatible; ClaudeBot/1.0; [email protected])"
216.73.216.156 - - [20/Jul/2025:21:44:31 +0000] "GET /detail/350874607.shtm HTTP/1.1" 404 12594 "-" "Mozilla/5.0 AppleWebKit/537.36 (KHTML, like Gecko; compatible; ClaudeBot/1.0; [email protected])"
216.73.216.156 - - [20/Jul/2025:21:44:34 +0000] "GET /detail/350763369.shtm HTTP/1.1" 404 12596 "-" "Mozilla/5.0 AppleWebKit/537.36 (KHTML, like Gecko; compatible; ClaudeBot/1.0; [email protected])"
216.73.216.156 - - [20/Jul/2025:21:44:37 +0000] "GET /detail/350668938.shtm HTTP/1.1" 404 12596 "-" "Mozilla/5.0 AppleWebKit/537.36 (KHTML, like Gecko; compatible; ClaudeBot/1.0; [email protected])"
216.73.216.156 - - [20/Jul/2025:21:44:40 +0000] "GET /detail/350514413.shtm HTTP/1.1" 404 12596 "-" "Mozilla/5.0 AppleWebKit/537.36 (KHTML, like Gecko; compatible; ClaudeBot/1.0; [email protected])"
216.73.216.156 - - [20/Jul/2025:21:44:43 +0000] "GET /detail/350745633.shtm HTTP/1.1" 404 12595 "-" "Mozilla/5.0 AppleWebKit/537.36 (KHTML, like Gecko; compatible; ClaudeBot/1.0; [email protected])"
216.73.216.156 - - [20/Jul/2025:21:44:46 +0000] "GET /detail/350788918.shtm HTTP/1.1" 404 12596 "-" "Mozilla/5.0 AppleWebKit/537.36 (KHTML, like Gecko; compatible; ClaudeBot/1.0; [email protected])"
216.73.216.156 - - [20/Jul/2025:21:44:49 +0000] "GET /detail/350621568.shtm HTTP/1.1" 404 12594 "-" "Mozilla/5.0 AppleWebKit/537.36 (KHTML, like Gecko; compatible; ClaudeBot/1.0; [email protected])"
20.171.207.114 - - [20/Jul/2025:21:44:52 +0000] "GET /wp-content/themes/cleaning-services/style.css?ver=1753047653 HTTP/1.1" 200 38492 "-" "Mozilla/5.0 AppleWebKit/537.36 (KHTML, like Gecko; compatible; GPTBot/1.2; +https://openai.com/gptbot)"
216.73.216.156 - - [20/Jul/2025:21:44:52 +0000] "GET /detail/350843152.shtm HTTP/1.1" 404 12595 "-" "Mozilla/5.0 AppleWebKit/537.36 (KHTML, like Gecko; compatible; ClaudeBot/1.0; [email protected])"
20.171.207.114 - - [20/Jul/2025:21:44:53 +0000] "GET /wp-content/themes/cleaning-services/style.css?ver=1753047722 HTTP/1.1" 200 38492 "-" "Mozilla/5.0 AppleWebKit/537.36 (KHTML, like Gecko; compatible; GPTBot/1.2; +https://openai.com/gptbot)"
20.171.207.114 - - [20/Jul/2025:21:44:55 +0000] "GET /wp-content/themes/cleaning-services/style.css?ver=1753047734 HTTP/1.1" 200 38492 "-" "Mozilla/5.0 AppleWebKit/537.36 (KHTML, like Gecko; compatible; GPTBot/1.2; +https://openai.com/gptbot)"
20.171.207.114 - - [20/Jul/2025:21:44:56 +0000] "GET /wp-content/themes/cleaning-services/style.css?ver=1753047721 HTTP/1.1" 200 38492 "-" "Mozilla/5.0 AppleWebKit/537.36 (KHTML, like Gecko; compatible; GPTBot/1.2; +https://openai.com/gptbot)"
216.73.216.156 - - [20/Jul/2025:21:44:56 +0000] "GET /detail/350777020.shtm HTTP/1.1" 404 12596 "-" "Mozilla/5.0 AppleWebKit/537.36 (KHTML, like Gecko; compatible; ClaudeBot/1.0; [email protected])"
216.73.216.156 - - [20/Jul/2025:21:44:58 +0000] "GET /detail/350580834.shtm HTTP/1.1" 404 12596 "-" "Mozilla/5.0 AppleWebKit/537.36 (KHTML, like Gecko; compatible; ClaudeBot/1.0; [email protected])"
20.171.207.114 - - [20/Jul/2025:21:45:00 +0000] "GET /wp-content/themes/cleaning-services/fonts/style.css?ver=1753047734 HTTP/1.1" 200 1087 "-" "Mozilla/5.0 AppleWebKit/537.36 (KHTML, like Gecko; compatible; GPTBot/1.2; +https://openai.com/gptbot)"
20.171.207.114 - - [20/Jul/2025:21:45:02 +0000] "GET /wp-content/themes/cleaning-services/fonts/style.css?ver=1753047713 HTTP/1.1" 200 1087 "-" "Mozilla/5.0 AppleWebKit/537.36 (KHTML, like Gecko; compatible; GPTBot/1.2; +https://openai.com/gptbot)"
216.73.216.156 - - [20/Jul/2025:21:45:01 +0000] "GET /detail/350711633.shtm HTTP/1.1" 404 12595 "-" "Mozilla/5.0 AppleWebKit/537.36 (KHTML, like Gecko; compatible; ClaudeBot/1.0; [email protected])"
20.171.207.114 - - [20/Jul/2025:21:45:03 +0000] "GET /wp-content/themes/cleaning-services/fonts/style.css?ver=1753047721 HTTP/1.1" 200 1087 "-" "Mozilla/5.0 AppleWebKit/537.36 (KHTML, like Gecko; compatible; GPTBot/1.2; +https://openai.com/gptbot)"
20.171.207.114 - - [20/Jul/2025:21:45:04 +0000] "GET /wp-content/themes/cleaning-services/fonts/style.css?ver=1753047750 HTTP/1.1" 200 1087 "-" "Mozilla/5.0 AppleWebKit/537.36 (KHTML, like Gecko; compatible; GPTBot/1.2; +https://openai.com/gptbot)"
216.73.216.156 - - [20/Jul/2025:21:45:04 +0000] "GET /detail/350740458.shtm HTTP/1.1" 404 12595 "-" "Mozilla/5.0 AppleWebKit/537.36 (KHTML, like Gecko; compatible; ClaudeBot/1.0; [email protected])"
20.171.207.114 - - [20/Jul/2025:21:45:05 +0000] "GET /wp-content/themes/cleaning-services/fonts/style.css?ver=1753047722 HTTP/1.1" 200 1087 "-" "Mozilla/5.0 AppleWebKit/537.36 (KHTML, like Gecko; compatible; GPTBot/1.2; +https://openai.com/gptbot)"
20.171.207.114 - - [20/Jul/2025:21:45:06 +0000] "GET /wp-content/themes/cleaning-services/style.css?ver=1753047689 HTTP/1.1" 200 38492 "-" "Mozilla/5.0 AppleWebKit/537.36 (KHTML, like Gecko; compatible; GPTBot/1.2; +https://openai.com/gptbot)"
216.73.216.156 - - [20/Jul/2025:21:45:07 +0000] "GET /detail/350304663.shtm HTTP/1.1" 404 12596 "-" "Mozilla/5.0 AppleWebKit/537.36 (KHTML, like Gecko; compatible; ClaudeBot/1.0; [email protected])"
216.73.216.156 - - [20/Jul/2025:21:45:10 +0000] "GET /detail/350462008.shtm HTTP/1.1" 404 12594 "-" "Mozilla/5.0 AppleWebKit/537.36 (KHTML, like Gecko; compatible; ClaudeBot/1.0; [email protected])"
216.73.216.156 - - [20/Jul/2025:21:45:13 +0000] "GET /detail/350537419.shtm HTTP/1.1" 404 12594 "-" "Mozilla/5.0 AppleWebKit/537.36 (KHTML, like Gecko; compatible; ClaudeBot/1.0; [email protected])"
209.74.77.214 - - [20/Jul/2025:21:45:17 +0000] "POST /wp-cron.php?doing_wp_cron=1753047917.0050139427185058593750 HTTP/1.1" 200 - "-" "WordPress/6.8.2; https://ap.cleaning"
216.73.216.156 - - [20/Jul/2025:21:45:16 +0000] "GET /detail/350291518.shtm HTTP/1.1" 404 12596 "-" "Mozilla/5.0 AppleWebKit/537.36 (KHTML, like Gecko; compatible; ClaudeBot/1.0; [email protected])"
216.73.216.156 - - [20/Jul/2025:21:45:19 +0000] "GET /detail/350869498.shtm HTTP/1.1" 404 12595 "-" "Mozilla/5.0 AppleWebKit/537.36 (KHTML, like Gecko; compatible; ClaudeBot/1.0; [email protected])"
216.73.216.156 - - [20/Jul/2025:21:45:22 +0000] "GET /detail/350445882.shtm HTTP/1.1" 404 12596 "-" "Mozilla/5.0 AppleWebKit/537.36 (KHTML, like Gecko; compatible; ClaudeBot/1.0; [email protected])"
20.171.207.114 - - [20/Jul/2025:21:45:24 +0000] "GET /wp-content/themes/cleaning-services/fonts/style.css?ver=1753047653 HTTP/1.1" 200 1087 "-" "Mozilla/5.0 AppleWebKit/537.36 (KHTML, like Gecko; compatible; GPTBot/1.2; +https://openai.com/gptbot)"
216.73.216.156 - - [20/Jul/2025:21:45:25 +0000] "GET /detail/350719958.shtm HTTP/1.1" 404 12596 "-" "Mozilla/5.0 AppleWebKit/537.36 (KHTML, like Gecko; compatible; ClaudeBot/1.0; [email protected])"
20.171.207.114 - - [20/Jul/2025:21:45:26 +0000] "GET /wp-content/themes/cleaning-services/fonts/style.css?ver=1753047689 HTTP/1.1" 200 1087 "-" "Mozilla/5.0 AppleWebKit/537.36 (KHTML, like Gecko; compatible; GPTBot/1.2; +https://openai.com/gptbot)"
216.73.216.156 - - [20/Jul/2025:21:45:28 +0000] "GET /detail/350879712.shtm HTTP/1.1" 404 12595 "-" "Mozilla/5.0 AppleWebKit/537.36 (KHTML, like Gecko; compatible; ClaudeBot/1.0; [email protected])"
20.171.207.114 - - [20/Jul/2025:21:45:29 +0000] "GET /wp-content/themes/cleaning-services/css/shop.css?ver=1753047750 HTTP/1.1" 200 7313 "-" "Mozilla/5.0 AppleWebKit/537.36 (KHTML, like Gecko; compatible; GPTBot/1.2; +https://openai.com/gptbot)"
20.171.207.114 - - [20/Jul/2025:21:45:31 +0000] "GET /wp-content/themes/cleaning-services/css/shop.css?ver=1753047713 HTTP/1.1" 200 7313 "-" "Mozilla/5.0 AppleWebKit/537.36 (KHTML, like Gecko; compatible; GPTBot/1.2; +https://openai.com/gptbot)"
216.73.216.156 - - [20/Jul/2025:21:45:31 +0000] "GET /detail/1303220533.shtm HTTP/1.1" 404 12595 "-" "Mozilla/5.0 AppleWebKit/537.36 (KHTML, like Gecko; compatible; ClaudeBot/1.0; [email protected])"
20.171.207.114 - - [20/Jul/2025:21:45:32 +0000] "GET /wp-content/themes/cleaning-services/css/shop.css?ver=1753047734 HTTP/1.1" 200 7313 "-" "Mozilla/5.0 AppleWebKit/537.36 (KHTML, like Gecko; compatible; GPTBot/1.2; +https://openai.com/gptbot)"
20.171.207.114 - - [20/Jul/2025:21:45:34 +0000] "GET /wp-content/themes/cleaning-services/css/shop.css?ver=1753047721 HTTP/1.1" 200 7313 "-" "Mozilla/5.0 AppleWebKit/537.36 (KHTML, like Gecko; compatible; GPTBot/1.2; +https://openai.com/gptbot)"
216.73.216.156 - - [20/Jul/2025:21:45:34 +0000] "GET /detail/350702222.shtm HTTP/1.1" 404 12595 "-" "Mozilla/5.0 AppleWebKit/537.36 (KHTML, like Gecko; compatible; ClaudeBot/1.0; [email protected])"
20.171.207.114 - - [20/Jul/2025:21:45:35 +0000] "GET /wp-content/themes/cleaning-services/css/shop.css?ver=1753047689 HTTP/1.1" 200 7313 "-" "Mozilla/5.0 AppleWebKit/537.36 (KHTML, like Gecko; compatible; GPTBot/1.2; +https://openai.com/gptbot)"
20.171.207.114 - - [20/Jul/2025:21:45:36 +0000] "GET /wp-content/themes/cleaning-services/css/shop.css?ver=1753047722 HTTP/1.1" 200 7313 "-" "Mozilla/5.0 AppleWebKit/537.36 (KHTML, like Gecko; compatible; GPTBot/1.2; +https://openai.com/gptbot)"
216.73.216.156 - - [20/Jul/2025:21:45:37 +0000] "GET /detail/350480551.shtm HTTP/1.1" 404 12595 "-" "Mozilla/5.0 AppleWebKit/537.36 (KHTML, like Gecko; compatible; ClaudeBot/1.0; [email protected])"
20.171.207.114 - - [20/Jul/2025:21:45:39 +0000] "GET /wp-content/themes/cleaning-services/css/shop.css?ver=1753047653 HTTP/1.1" 200 7313 "-" "Mozilla/5.0 AppleWebKit/537.36 (KHTML, like Gecko; compatible; GPTBot/1.2; +https://openai.com/gptbot)"
20.171.207.114 - - [20/Jul/2025:21:45:41 +0000] "GET /wp-content/uploads/elementor/css/post-859.css?ver=1752128231 HTTP/1.1" 200 362 "-" "Mozilla/5.0 AppleWebKit/537.36 (KHTML, like Gecko; compatible; GPTBot/1.2; +https://openai.com/gptbot)"
216.73.216.156 - - [20/Jul/2025:21:46:05 +0000] "GET /detail/350658716.shtm HTTP/1.1" 404 12595 "-" "Mozilla/5.0 AppleWebKit/537.36 (KHTML, like Gecko; compatible; ClaudeBot/1.0; [email protected])"
216.73.216.156 - - [20/Jul/2025:21:46:08 +0000] "GET /detail/350805713.shtm HTTP/1.1" 404 12595 "-" "Mozilla/5.0 AppleWebKit/537.36 (KHTML, like Gecko; compatible; ClaudeBot/1.0; [email protected])"
216.73.216.156 - - [20/Jul/2025:21:46:09 +0000] "GET /detail/350306620.shtm HTTP/1.1" 404 12594 "-" "Mozilla/5.0 AppleWebKit/537.36 (KHTML, like Gecko; compatible; ClaudeBot/1.0; [email protected])"
216.73.216.156 - - [20/Jul/2025:21:46:12 +0000] "GET /detail/350807389.shtm HTTP/1.1" 404 12593 "-" "Mozilla/5.0 AppleWebKit/537.36 (KHTML, like Gecko; compatible; ClaudeBot/1.0; [email protected])"
216.73.216.156 - - [20/Jul/2025:21:46:15 +0000] "GET /detail/350498287.shtm HTTP/1.1" 404 12594 "-" "Mozilla/5.0 AppleWebKit/537.36 (KHTML, like Gecko; compatible; ClaudeBot/1.0; [email protected])"
209.74.77.214 - - [20/Jul/2025:21:46:18 +0000] "POST /wp-cron.php?doing_wp_cron=1753047978.8362200260162353515625 HTTP/1.1" 200 - "-" "WordPress/6.8.2; https://ap.cleaning"
216.73.216.156 - - [20/Jul/2025:21:46:18 +0000] "GET /detail/350505225.shtm HTTP/1.1" 404 12594 "-" "Mozilla/5.0 AppleWebKit/537.36 (KHTML, like Gecko; compatible; ClaudeBot/1.0; [email protected])"
216.73.216.156 - - [20/Jul/2025:21:46:21 +0000] "GET /detail/350446551.shtm HTTP/1.1" 404 12592 "-" "Mozilla/5.0 AppleWebKit/537.36 (KHTML, like Gecko; compatible; ClaudeBot/1.0; [email protected])"
216.73.216.156 - - [20/Jul/2025:21:46:24 +0000] "GET /detail/350874673.shtm HTTP/1.1" 404 12593 "-" "Mozilla/5.0 AppleWebKit/537.36 (KHTML, like Gecko; compatible; ClaudeBot/1.0; [email protected])"
216.73.216.156 - - [20/Jul/2025:21:46:27 +0000] "GET /detail/350500987.shtm HTTP/1.1" 404 12594 "-" "Mozilla/5.0 AppleWebKit/537.36 (KHTML, like Gecko; compatible; ClaudeBot/1.0; [email protected])"
216.73.216.156 - - [20/Jul/2025:21:46:30 +0000] "GET /detail/350399833.shtm HTTP/1.1" 404 12595 "-" "Mozilla/5.0 AppleWebKit/537.36 (KHTML, like Gecko; compatible; ClaudeBot/1.0; [email protected])"
216.73.216.156 - - [20/Jul/2025:21:46:33 +0000] "GET /detail/1303064208.shtm HTTP/1.1" 404 12596 "-" "Mozilla/5.0 AppleWebKit/537.36 (KHTML, like Gecko; compatible; ClaudeBot/1.0; [email protected])"
216.73.216.156 - - [20/Jul/2025:21:46:36 +0000] "GET /detail/350756584.shtm HTTP/1.1" 404 12595 "-" "Mozilla/5.0 AppleWebKit/537.36 (KHTML, like Gecko; compatible; ClaudeBot/1.0; [email protected])"
216.73.216.156 - - [20/Jul/2025:21:46:39 +0000] "GET /detail/1303267990.shtm HTTP/1.1" 404 12596 "-" "Mozilla/5.0 AppleWebKit/537.36 (KHTML, like Gecko; compatible; ClaudeBot/1.0; [email protected])"
216.73.216.156 - - [20/Jul/2025:21:46:42 +0000] "GET /detail/350647113.shtm HTTP/1.1" 404 12593 "-" "Mozilla/5.0 AppleWebKit/537.36 (KHTML, like Gecko; compatible; ClaudeBot/1.0; [email protected])"
216.73.216.156 - - [20/Jul/2025:21:46:45 +0000] "GET /detail/350867607.shtm HTTP/1.1" 404 12593 "-" "Mozilla/5.0 AppleWebKit/537.36 (KHTML, like Gecko; compatible; ClaudeBot/1.0; [email protected])"
216.73.216.156 - - [20/Jul/2025:21:46:48 +0000] "GET /detail/350304944.shtm HTTP/1.1" 404 12592 "-" "Mozilla/5.0 AppleWebKit/537.36 (KHTML, like Gecko; compatible; ClaudeBot/1.0; [email protected])"
216.73.216.156 - - [20/Jul/2025:21:46:51 +0000] "GET /detail/1303506788.shtm HTTP/1.1" 404 12593 "-" "Mozilla/5.0 AppleWebKit/537.36 (KHTML, like Gecko; compatible; ClaudeBot/1.0; [email protected])"
216.73.216.156 - - [20/Jul/2025:21:46:54 +0000] "GET /detail/1303234120.shtm HTTP/1.1" 404 12593 "-" "Mozilla/5.0 AppleWebKit/537.36 (KHTML, like Gecko; compatible; ClaudeBot/1.0; [email protected])"
216.73.216.156 - - [20/Jul/2025:21:46:57 +0000] "GET /detail/350516250.shtm HTTP/1.1" 404 12595 "-" "Mozilla/5.0 AppleWebKit/537.36 (KHTML, like Gecko; compatible; ClaudeBot/1.0; [email protected])"
216.73.216.156 - - [20/Jul/2025:21:47:00 +0000] "GET /detail/350889870.shtm HTTP/1.1" 404 12594 "-" "Mozilla/5.0 AppleWebKit/537.36 (KHTML, like Gecko; compatible; ClaudeBot/1.0; [email protected])"
216.73.216.156 - - [20/Jul/2025:21:47:03 +0000] "GET /detail/350720024.shtm HTTP/1.1" 404 12594 "-" "Mozilla/5.0 AppleWebKit/537.36 (KHTML, like Gecko; compatible; ClaudeBot/1.0; [email protected])"
216.73.216.156 - - [20/Jul/2025:21:47:06 +0000] "GET /detail/350446617.shtm HTTP/1.1" 404 12593 "-" "Mozilla/5.0 AppleWebKit/537.36 (KHTML, like Gecko; compatible; ClaudeBot/1.0; [email protected])"
216.73.216.156 - - [20/Jul/2025:21:47:09 +0000] "GET /detail/350851762.shtm HTTP/1.1" 404 12594 "-" "Mozilla/5.0 AppleWebKit/537.36 (KHTML, like Gecko; compatible; ClaudeBot/1.0; [email protected])"
216.73.216.156 - - [20/Jul/2025:21:47:15 +0000] "GET /detail/350668352.shtm HTTP/1.1" 404 12595 "-" "Mozilla/5.0 AppleWebKit/537.36 (KHTML, like Gecko; compatible; ClaudeBot/1.0; [email protected])"
209.74.77.214 - - [20/Jul/2025:21:47:18 +0000] "POST /wp-cron.php?doing_wp_cron=1753048038.8511550426483154296875 HTTP/1.1" 200 - "-" "WordPress/6.8.2; https://ap.cleaning"
216.73.216.156 - - [20/Jul/2025:21:47:18 +0000] "GET /detail/350781266.shtm HTTP/1.1" 404 12594 "-" "Mozilla/5.0 AppleWebKit/537.36 (KHTML, like Gecko; compatible; ClaudeBot/1.0; [email protected])"
66.249.74.1 - - [20/Jul/2025:21:47:24 +0000] "GET /cleaning_services/after-renovation/1000_QL80_.jpg HTTP/1.1" 404 12593 "-" "Googlebot-Image/1.0"
216.73.216.156 - - [20/Jul/2025:21:47:38 +0000] "GET /detail/350665790.shtm HTTP/1.1" 404 12594 "-" "Mozilla/5.0 AppleWebKit/537.36 (KHTML, like Gecko; compatible; ClaudeBot/1.0; [email protected])"
216.73.216.156 - - [20/Jul/2025:21:47:41 +0000] "GET /detail/350593457.shtm HTTP/1.1" 404 12593 "-" "Mozilla/5.0 AppleWebKit/537.36 (KHTML, like Gecko; compatible; ClaudeBot/1.0; [email protected])"
216.73.216.156 - - [20/Jul/2025:21:47:44 +0000] "GET /detail/350295244.shtm HTTP/1.1" 404 12593 "-" "Mozilla/5.0 AppleWebKit/537.36 (KHTML, like Gecko; compatible; ClaudeBot/1.0; [email protected])"
216.73.216.156 - - [20/Jul/2025:21:47:47 +0000] "GET /detail/350333637.shtm HTTP/1.1" 404 12591 "-" "Mozilla/5.0 AppleWebKit/537.36 (KHTML, like Gecko; compatible; ClaudeBot/1.0; [email protected])"
216.73.216.156 - - [20/Jul/2025:21:47:50 +0000] "GET /detail/350570034.shtm HTTP/1.1" 404 12595 "-" "Mozilla/5.0 AppleWebKit/537.36 (KHTML, like Gecko; compatible; ClaudeBot/1.0; [email protected])"
216.73.216.156 - - [20/Jul/2025:21:47:53 +0000] "GET /detail/350926215.shtm HTTP/1.1" 404 12593 "-" "Mozilla/5.0 AppleWebKit/537.36 (KHTML, like Gecko; compatible; ClaudeBot/1.0; [email protected])"
216.73.216.156 - - [20/Jul/2025:21:47:56 +0000] "GET /detail/350707909.shtm HTTP/1.1" 404 12595 "-" "Mozilla/5.0 AppleWebKit/537.36 (KHTML, like Gecko; compatible; ClaudeBot/1.0; [email protected])"
216.73.216.156 - - [20/Jul/2025:21:47:59 +0000] "GET /detail/350722722.shtm HTTP/1.1" 404 12595 "-" "Mozilla/5.0 AppleWebKit/537.36 (KHTML, like Gecko; compatible; ClaudeBot/1.0; [email protected])"
216.73.216.156 - - [20/Jul/2025:21:48:02 +0000] "GET /detail/350772429.shtm HTTP/1.1" 404 12595 "-" "Mozilla/5.0 AppleWebKit/537.36 (KHTML, like Gecko; compatible; ClaudeBot/1.0; [email protected])"
216.73.216.156 - - [20/Jul/2025:21:48:05 +0000] "GET /detail/350890733.shtm HTTP/1.1" 404 12595 "-" "Mozilla/5.0 AppleWebKit/537.36 (KHTML, like Gecko; compatible; ClaudeBot/1.0; [email protected])"
216.73.216.156 - - [20/Jul/2025:21:48:08 +0000] "GET /detail/350854107.shtm HTTP/1.1" 404 12595 "-" "Mozilla/5.0 AppleWebKit/537.36 (KHTML, like Gecko; compatible; ClaudeBot/1.0; [email protected])"
216.73.216.156 - - [20/Jul/2025:21:48:11 +0000] "GET /detail/350433767.shtm HTTP/1.1" 404 12594 "-" "Mozilla/5.0 AppleWebKit/537.36 (KHTML, like Gecko; compatible; ClaudeBot/1.0; [email protected])"
216.73.216.156 - - [20/Jul/2025:21:48:14 +0000] "GET /detail/350428815.shtm HTTP/1.1" 404 12592 "-" "Mozilla/5.0 AppleWebKit/537.36 (KHTML, like Gecko; compatible; ClaudeBot/1.0; [email protected])"
209.74.77.214 - - [20/Jul/2025:21:48:17 +0000] "POST /wp-cron.php?doing_wp_cron=1753048097.9723899364471435546875 HTTP/1.1" 200 - "-" "WordPress/6.8.2; https://ap.cleaning"
216.73.216.156 - - [20/Jul/2025:21:48:17 +0000] "GET /detail/350609005.shtm HTTP/1.1" 404 12593 "-" "Mozilla/5.0 AppleWebKit/537.36 (KHTML, like Gecko; compatible; ClaudeBot/1.0; [email protected])"
216.73.216.156 - - [20/Jul/2025:21:48:20 +0000] "GET /detail/350921969.shtm HTTP/1.1" 404 12595 "-" "Mozilla/5.0 AppleWebKit/537.36 (KHTML, like Gecko; compatible; ClaudeBot/1.0; [email protected])"
216.73.216.156 - - [20/Jul/2025:21:48:23 +0000] "GET /detail/350712219.shtm HTTP/1.1" 404 12595 "-" "Mozilla/5.0 AppleWebKit/537.36 (KHTML, like Gecko; compatible; ClaudeBot/1.0; [email protected])"
216.73.216.156 - - [20/Jul/2025:21:48:26 +0000] "GET /detail/350549534.shtm HTTP/1.1" 404 12596 "-" "Mozilla/5.0 AppleWebKit/537.36 (KHTML, like Gecko; compatible; ClaudeBot/1.0; [email protected])"
216.73.216.156 - - [20/Jul/2025:21:48:29 +0000] "GET /detail/350564921.shtm HTTP/1.1" 404 12593 "-" "Mozilla/5.0 AppleWebKit/537.36 (KHTML, like Gecko; compatible; ClaudeBot/1.0; [email protected])"
216.73.216.156 - - [20/Jul/2025:21:48:32 +0000] "GET /detail/350332902.shtm HTTP/1.1" 404 12595 "-" "Mozilla/5.0 AppleWebKit/537.36 (KHTML, like Gecko; compatible; ClaudeBot/1.0; [email protected])"
216.73.216.156 - - [20/Jul/2025:21:48:35 +0000] "GET /detail/350751194.shtm HTTP/1.1" 404 12596 "-" "Mozilla/5.0 AppleWebKit/537.36 (KHTML, like Gecko; compatible; ClaudeBot/1.0; [email protected])"
216.73.216.156 - - [20/Jul/2025:21:48:38 +0000] "GET /detail/350794766.shtm HTTP/1.1" 404 12593 "-" "Mozilla/5.0 AppleWebKit/537.36 (KHTML, like Gecko; compatible; ClaudeBot/1.0; [email protected])"
216.73.216.156 - - [20/Jul/2025:21:48:41 +0000] "GET /detail/350484853.shtm HTTP/1.1" 404 12594 "-" "Mozilla/5.0 AppleWebKit/537.36 (KHTML, like Gecko; compatible; ClaudeBot/1.0; [email protected])"
216.73.216.156 - - [20/Jul/2025:21:48:44 +0000] "GET /detail/350402531.shtm HTTP/1.1" 404 12595 "-" "Mozilla/5.0 AppleWebKit/537.36 (KHTML, like Gecko; compatible; ClaudeBot/1.0; [email protected])"
216.73.216.156 - - [20/Jul/2025:21:48:47 +0000] "GET /detail/350672662.shtm HTTP/1.1" 404 12594 "-" "Mozilla/5.0 AppleWebKit/537.36 (KHTML, like Gecko; compatible; ClaudeBot/1.0; [email protected])"
216.73.216.156 - - [20/Jul/2025:21:48:50 +0000] "GET /detail/350683462.shtm HTTP/1.1" 404 12595 "-" "Mozilla/5.0 AppleWebKit/537.36 (KHTML, like Gecko; compatible; ClaudeBot/1.0; [email protected])"
209.74.77.214 - - [20/Jul/2025:21:49:20 +0000] "POST /wp-cron.php?doing_wp_cron=1753048160.0064289569854736328125 HTTP/1.1" 200 - "-" "WordPress/6.8.2; https://ap.cleaning"
216.73.216.156 - - [20/Jul/2025:21:49:19 +0000] "GET /detail/350354073.shtm HTTP/1.1" 404 12595 "-" "Mozilla/5.0 AppleWebKit/537.36 (KHTML, like Gecko; compatible; ClaudeBot/1.0; [email protected])"
216.73.216.156 - - [20/Jul/2025:21:49:22 +0000] "GET /detail/350485014.shtm HTTP/1.1" 404 12595 "-" "Mozilla/5.0 AppleWebKit/537.36 (KHTML, like Gecko; compatible; ClaudeBot/1.0; [email protected])"
216.73.216.156 - - [20/Jul/2025:21:49:25 +0000] "GET /detail/350448508.shtm HTTP/1.1" 404 12594 "-" "Mozilla/5.0 AppleWebKit/537.36 (KHTML, like Gecko; compatible; ClaudeBot/1.0; [email protected])"
216.73.216.156 - - [20/Jul/2025:21:49:28 +0000] "GET /detail/350564636.shtm HTTP/1.1" 404 12596 "-" "Mozilla/5.0 AppleWebKit/537.36 (KHTML, like Gecko; compatible; ClaudeBot/1.0; [email protected])"
216.73.216.156 - - [20/Jul/2025:21:49:31 +0000] "GET /detail/350397422.shtm HTTP/1.1" 404 12594 "-" "Mozilla/5.0 AppleWebKit/537.36 (KHTML, like Gecko; compatible; ClaudeBot/1.0; [email protected])"
216.73.216.156 - - [20/Jul/2025:21:49:34 +0000] "GET /detail/350663825.shtm HTTP/1.1" 404 12596 "-" "Mozilla/5.0 AppleWebKit/537.36 (KHTML, like Gecko; compatible; ClaudeBot/1.0; [email protected])"
216.73.216.156 - - [20/Jul/2025:21:49:37 +0000] "GET /detail/350706524.shtm HTTP/1.1" 404 12595 "-" "Mozilla/5.0 AppleWebKit/537.36 (KHTML, like Gecko; compatible; ClaudeBot/1.0; [email protected])"
216.73.216.156 - - [20/Jul/2025:21:49:40 +0000] "GET /detail/350273427.shtm HTTP/1.1" 404 12593 "-" "Mozilla/5.0 AppleWebKit/537.36 (KHTML, like Gecko; compatible; ClaudeBot/1.0; [email protected])"
216.73.216.156 - - [20/Jul/2025:21:49:43 +0000] "GET /detail/350828628.shtm HTTP/1.1" 404 12597 "-" "Mozilla/5.0 AppleWebKit/537.36 (KHTML, like Gecko; compatible; ClaudeBot/1.0; [email protected])"
216.73.216.156 - - [20/Jul/2025:21:49:46 +0000] "GET /detail/350296627.shtm HTTP/1.1" 404 12594 "-" "Mozilla/5.0 AppleWebKit/537.36 (KHTML, like Gecko; compatible; ClaudeBot/1.0; [email protected])"
216.73.216.156 - - [20/Jul/2025:21:49:49 +0000] "GET /detail/350791544.shtm HTTP/1.1" 404 12594 "-" "Mozilla/5.0 AppleWebKit/537.36 (KHTML, like Gecko; compatible; ClaudeBot/1.0; [email protected])"
216.73.216.156 - - [20/Jul/2025:21:49:53 +0000] "GET /detail/350443917.shtm HTTP/1.1" 404 12595 "-" "Mozilla/5.0 AppleWebKit/537.36 (KHTML, like Gecko; compatible; ClaudeBot/1.0; [email protected])"
216.73.216.156 - - [20/Jul/2025:21:49:55 +0000] "GET /detail/350896936.shtm HTTP/1.1" 404 12595 "-" "Mozilla/5.0 AppleWebKit/537.36 (KHTML, like Gecko; compatible; ClaudeBot/1.0; [email protected])"
216.73.216.156 - - [20/Jul/2025:21:49:58 +0000] "GET /detail/350426181.shtm HTTP/1.1" 404 12594 "-" "Mozilla/5.0 AppleWebKit/537.36 (KHTML, like Gecko; compatible; ClaudeBot/1.0; [email protected])"
216.73.216.156 - - [20/Jul/2025:21:50:01 +0000] "GET /detail/350408443.shtm HTTP/1.1" 404 12595 "-" "Mozilla/5.0 AppleWebKit/537.36 (KHTML, like Gecko; compatible; ClaudeBot/1.0; [email protected])"
216.73.216.156 - - [20/Jul/2025:21:50:04 +0000] "GET /detail/350459308.shtm HTTP/1.1" 404 12595 "-" "Mozilla/5.0 AppleWebKit/537.36 (KHTML, like Gecko; compatible; ClaudeBot/1.0; [email protected])"
216.73.216.156 - - [20/Jul/2025:21:50:07 +0000] "GET /detail/350665716.shtm HTTP/1.1" 404 12594 "-" "Mozilla/5.0 AppleWebKit/537.36 (KHTML, like Gecko; compatible; ClaudeBot/1.0; [email protected])"
216.73.216.156 - - [20/Jul/2025:21:50:10 +0000] "GET /detail/350312468.shtm HTTP/1.1" 404 12596 "-" "Mozilla/5.0 AppleWebKit/537.36 (KHTML, like Gecko; compatible; ClaudeBot/1.0; [email protected])"
216.73.216.156 - - [20/Jul/2025:21:50:13 +0000] "GET /detail/350568655.shtm HTTP/1.1" 404 12595 "-" "Mozilla/5.0 AppleWebKit/537.36 (KHTML, like Gecko; compatible; ClaudeBot/1.0; [email protected])"
209.74.77.214 - - [20/Jul/2025:21:50:16 +0000] "POST /wp-cron.php?doing_wp_cron=1753048216.9466710090637207031250 HTTP/1.1" 200 - "-" "WordPress/6.8.2; https://ap.cleaning"
216.73.216.156 - - [20/Jul/2025:21:50:16 +0000] "GET /detail/350493335.shtm HTTP/1.1" 404 12595 "-" "Mozilla/5.0 AppleWebKit/537.36 (KHTML, like Gecko; compatible; ClaudeBot/1.0; [email protected])"
216.73.216.156 - - [20/Jul/2025:21:50:19 +0000] "GET /detail/1303115944.shtm HTTP/1.1" 404 12596 "-" "Mozilla/5.0 AppleWebKit/537.36 (KHTML, like Gecko; compatible; ClaudeBot/1.0; [email protected])"
216.73.216.156 - - [20/Jul/2025:21:50:22 +0000] "GET /detail/350340426.shtm HTTP/1.1" 404 12595 "-" "Mozilla/5.0 AppleWebKit/537.36 (KHTML, like Gecko; compatible; ClaudeBot/1.0; [email protected])"
216.73.216.156 - - [20/Jul/2025:21:50:25 +0000] "GET /detail/350359186.shtm HTTP/1.1" 404 12594 "-" "Mozilla/5.0 AppleWebKit/537.36 (KHTML, like Gecko; compatible; ClaudeBot/1.0; [email protected])"
216.73.216.156 - - [20/Jul/2025:21:50:28 +0000] "GET /detail/1302939478.shtm HTTP/1.1" 404 12594 "-" "Mozilla/5.0 AppleWebKit/537.36 (KHTML, like Gecko; compatible; ClaudeBot/1.0; [email protected])"
216.73.216.156 - - [20/Jul/2025:21:50:31 +0000] "GET /detail/350812787.shtm HTTP/1.1" 404 12595 "-" "Mozilla/5.0 AppleWebKit/537.36 (KHTML, like Gecko; compatible; ClaudeBot/1.0; [email protected])"
216.73.216.156 - - [20/Jul/2025:21:51:09 +0000] "GET /detail/350882131.shtm HTTP/1.1" 404 12595 "-" "Mozilla/5.0 AppleWebKit/537.36 (KHTML, like Gecko; compatible; ClaudeBot/1.0; [email protected])"
216.73.216.156 - - [20/Jul/2025:21:51:12 +0000] "GET /detail/350724398.shtm HTTP/1.1" 404 12595 "-" "Mozilla/5.0 AppleWebKit/537.36 (KHTML, like Gecko; compatible; ClaudeBot/1.0; [email protected])"
216.73.216.156 - - [20/Jul/2025:21:51:15 +0000] "GET /detail/350479680.shtm HTTP/1.1" 404 12595 "-" "Mozilla/5.0 AppleWebKit/537.36 (KHTML, like Gecko; compatible; ClaudeBot/1.0; [email protected])"
209.74.77.214 - - [20/Jul/2025:21:51:18 +0000] "POST /wp-cron.php?doing_wp_cron=1753048278.8629720211029052734375 HTTP/1.1" 200 - "-" "WordPress/6.8.2; https://ap.cleaning"
216.73.216.156 - - [20/Jul/2025:21:51:18 +0000] "GET /detail/350596157.shtm HTTP/1.1" 404 12596 "-" "Mozilla/5.0 AppleWebKit/537.36 (KHTML, like Gecko; compatible; ClaudeBot/1.0; [email protected])"
216.73.216.156 - - [20/Jul/2025:21:51:21 +0000] "GET /detail/350288818.shtm HTTP/1.1" 404 12595 "-" "Mozilla/5.0 AppleWebKit/537.36 (KHTML, like Gecko; compatible; ClaudeBot/1.0; [email protected])"
216.73.216.156 - - [20/Jul/2025:21:51:24 +0000] "GET /detail/350275384.shtm HTTP/1.1" 404 12594 "-" "Mozilla/5.0 AppleWebKit/537.36 (KHTML, like Gecko; compatible; ClaudeBot/1.0; [email protected])"
216.73.216.156 - - [20/Jul/2025:21:51:27 +0000] "GET /detail/350902784.shtm HTTP/1.1" 404 12594 "-" "Mozilla/5.0 AppleWebKit/537.36 (KHTML, like Gecko; compatible; ClaudeBot/1.0; [email protected])"
216.73.216.156 - - [20/Jul/2025:21:51:30 +0000] "GET /detail/350296342.shtm HTTP/1.1" 404 12595 "-" "Mozilla/5.0 AppleWebKit/537.36 (KHTML, like Gecko; compatible; ClaudeBot/1.0; [email protected])"
216.73.216.156 - - [20/Jul/2025:21:51:33 +0000] "GET /detail/350832416.shtm HTTP/1.1" 404 12594 "-" "Mozilla/5.0 AppleWebKit/537.36 (KHTML, like Gecko; compatible; ClaudeBot/1.0; [email protected])"
216.73.216.156 - - [20/Jul/2025:21:51:36 +0000] "GET /detail/350395531.shtm HTTP/1.1" 404 12595 "-" "Mozilla/5.0 AppleWebKit/537.36 (KHTML, like Gecko; compatible; ClaudeBot/1.0; [email protected])"
216.73.216.156 - - [20/Jul/2025:21:51:39 +0000] "GET /detail/350575143.shtm HTTP/1.1" 404 12595 "-" "Mozilla/5.0 AppleWebKit/537.36 (KHTML, like Gecko; compatible; ClaudeBot/1.0; [email protected])"
216.73.216.156 - - [20/Jul/2025:21:51:42 +0000] "GET /detail/350350126.shtm HTTP/1.1" 404 12593 "-" "Mozilla/5.0 AppleWebKit/537.36 (KHTML, like Gecko; compatible; ClaudeBot/1.0; [email protected])"
216.73.216.156 - - [20/Jul/2025:21:51:45 +0000] "GET /detail/350389683.shtm HTTP/1.1" 404 12595 "-" "Mozilla/5.0 AppleWebKit/537.36 (KHTML, like Gecko; compatible; ClaudeBot/1.0; [email protected])"
216.73.216.156 - - [20/Jul/2025:21:51:48 +0000] "GET /detail/350544485.shtm HTTP/1.1" 404 12595 "-" "Mozilla/5.0 AppleWebKit/537.36 (KHTML, like Gecko; compatible; ClaudeBot/1.0; [email protected])"
216.73.216.156 - - [20/Jul/2025:21:51:51 +0000] "GET /detail/350815128.shtm HTTP/1.1" 404 12595 "-" "Mozilla/5.0 AppleWebKit/537.36 (KHTML, like Gecko; compatible; ClaudeBot/1.0; [email protected])"
216.73.216.156 - - [20/Jul/2025:21:51:54 +0000] "GET /detail/350760894.shtm HTTP/1.1" 404 12594 "-" "Mozilla/5.0 AppleWebKit/537.36 (KHTML, like Gecko; compatible; ClaudeBot/1.0; [email protected])"
216.73.216.156 - - [20/Jul/2025:21:51:57 +0000] "GET /detail/350606305.shtm HTTP/1.1" 404 12595 "-" "Mozilla/5.0 AppleWebKit/537.36 (KHTML, like Gecko; compatible; ClaudeBot/1.0; [email protected])"
216.73.216.156 - - [20/Jul/2025:21:52:00 +0000] "GET /detail/350548795.shtm HTTP/1.1" 404 12595 "-" "Mozilla/5.0 AppleWebKit/537.36 (KHTML, like Gecko; compatible; ClaudeBot/1.0; [email protected])"
216.73.216.156 - - [20/Jul/2025:21:52:03 +0000] "GET /detail/350423545.shtm HTTP/1.1" 404 12594 "-" "Mozilla/5.0 AppleWebKit/537.36 (KHTML, like Gecko; compatible; ClaudeBot/1.0; [email protected])"
216.73.216.156 - - [20/Jul/2025:21:52:06 +0000] "GET /detail/350703898.shtm HTTP/1.1" 404 12594 "-" "Mozilla/5.0 AppleWebKit/537.36 (KHTML, like Gecko; compatible; ClaudeBot/1.0; [email protected])"
216.73.216.156 - - [20/Jul/2025:21:52:09 +0000] "GET /detail/350773808.shtm HTTP/1.1" 404 12596 "-" "Mozilla/5.0 AppleWebKit/537.36 (KHTML, like Gecko; compatible; ClaudeBot/1.0; [email protected])"
216.73.216.156 - - [20/Jul/2025:21:52:12 +0000] "GET /detail/350345013.shtm HTTP/1.1" 404 12595 "-" "Mozilla/5.0 AppleWebKit/537.36 (KHTML, like Gecko; compatible; ClaudeBot/1.0; [email protected])"
216.73.216.156 - - [20/Jul/2025:21:52:15 +0000] "GET /detail/350500401.shtm HTTP/1.1" 404 12594 "-" "Mozilla/5.0 AppleWebKit/537.36 (KHTML, like Gecko; compatible; ClaudeBot/1.0; [email protected])"
209.74.77.214 - - [20/Jul/2025:21:52:17 +0000] "POST /wp-cron.php?doing_wp_cron=1753048337.7654368877410888671875 HTTP/1.1" 200 - "-" "WordPress/6.8.2; https://ap.cleaning"
43.167.239.66 - - [20/Jul/2025:21:52:17 +0000] "GET /tag/cleaning/ HTTP/1.1" 200 15398 "-" "Mozilla/5.0 (iPhone; CPU iPhone OS 13_2_3 like Mac OS X) AppleWebKit/605.1.15 (KHTML, like Gecko) Version/13.0.3 Mobile/15E148 Safari/604.1"
216.73.216.156 - - [20/Jul/2025:21:52:18 +0000] "GET /detail/350585805.shtm HTTP/1.1" 404 12595 "-" "Mozilla/5.0 AppleWebKit/537.36 (KHTML, like Gecko; compatible; ClaudeBot/1.0; [email protected])"
216.73.216.156 - - [20/Jul/2025:21:52:21 +0000] "GET /detail/350800604.shtm HTTP/1.1" 404 12594 "-" "Mozilla/5.0 AppleWebKit/537.36 (KHTML, like Gecko; compatible; ClaudeBot/1.0; [email protected])"
182.42.105.144 - - [20/Jul/2025:21:52:39 +0000] "GET / HTTP/1.1" 200 21149 "http://www.ap.cleaning" "Mozilla/5.0 (iPhone; CPU iPhone OS 13_2_3 like Mac OS X) AppleWebKit/605.1.15 (KHTML, like Gecko) Version/13.0.3 Mobile/15E148 Safari/604.1"
216.73.216.156 - - [20/Jul/2025:21:52:56 +0000] "GET /detail/350527197.shtm HTTP/1.1" 404 12594 "-" "Mozilla/5.0 AppleWebKit/537.36 (KHTML, like Gecko; compatible; ClaudeBot/1.0; [email protected])"
216.73.216.156 - - [20/Jul/2025:21:52:59 +0000] "GET /detail/350797239.shtm HTTP/1.1" 404 12594 "-" "Mozilla/5.0 AppleWebKit/537.36 (KHTML, like Gecko; compatible; ClaudeBot/1.0; [email protected])"
216.73.216.156 - - [20/Jul/2025:21:53:02 +0000] "GET /detail/350424284.shtm HTTP/1.1" 404 12590 "-" "Mozilla/5.0 AppleWebKit/537.36 (KHTML, like Gecko; compatible; ClaudeBot/1.0; [email protected])"
216.73.216.156 - - [20/Jul/2025:21:53:05 +0000] "GET /detail/350825350.shtm HTTP/1.1" 404 12595 "-" "Mozilla/5.0 AppleWebKit/537.36 (KHTML, like Gecko; compatible; ClaudeBot/1.0; [email protected])"
216.73.216.156 - - [20/Jul/2025:21:53:08 +0000] "GET /detail/350343052.shtm HTTP/1.1" 404 12595 "-" "Mozilla/5.0 AppleWebKit/537.36 (KHTML, like Gecko; compatible; ClaudeBot/1.0; [email protected])"
216.73.216.156 - - [20/Jul/2025:21:53:11 +0000] "GET /detail/350583179.shtm HTTP/1.1" 404 12595 "-" "Mozilla/5.0 AppleWebKit/537.36 (KHTML, like Gecko; compatible; ClaudeBot/1.0; [email protected])"
216.73.216.156 - - [20/Jul/2025:21:53:14 +0000] "GET /detail/350341289.shtm HTTP/1.1" 404 12595 "-" "Mozilla/5.0 AppleWebKit/537.36 (KHTML, like Gecko; compatible; ClaudeBot/1.0; [email protected])"
209.74.77.214 - - [20/Jul/2025:21:53:17 +0000] "POST /wp-cron.php?doing_wp_cron=1753048397.8457100391387939453125 HTTP/1.1" 200 - "-" "WordPress/6.8.2; https://ap.cleaning"
216.73.216.156 - - [20/Jul/2025:21:53:17 +0000] "GET /detail/350371076.shtm HTTP/1.1" 404 12594 "-" "Mozilla/5.0 AppleWebKit/537.36 (KHTML, like Gecko; compatible; ClaudeBot/1.0; [email protected])"
216.73.216.156 - - [20/Jul/2025:21:53:20 +0000] "GET /detail/350649656.shtm HTTP/1.1" 404 12594 "-" "Mozilla/5.0 AppleWebKit/537.36 (KHTML, like Gecko; compatible; ClaudeBot/1.0; [email protected])"
216.73.216.156 - - [20/Jul/2025:21:53:23 +0000] "GET /detail/350329626.shtm HTTP/1.1" 404 12594 "-" "Mozilla/5.0 AppleWebKit/537.36 (KHTML, like Gecko; compatible; ClaudeBot/1.0; [email protected])"
216.73.216.156 - - [20/Jul/2025:21:53:26 +0000] "GET /detail/350671564.shtm HTTP/1.1" 404 12595 "-" "Mozilla/5.0 AppleWebKit/537.36 (KHTML, like Gecko; compatible; ClaudeBot/1.0; [email protected])"
216.73.216.156 - - [20/Jul/2025:21:53:29 +0000] "GET /detail/350737182.shtm HTTP/1.1" 404 12596 "-" "Mozilla/5.0 AppleWebKit/537.36 (KHTML, like Gecko; compatible; ClaudeBot/1.0; [email protected])"
216.73.216.156 - - [20/Jul/2025:21:53:32 +0000] "GET /detail/350378819.shtm HTTP/1.1" 404 12593 "-" "Mozilla/5.0 AppleWebKit/537.36 (KHTML, like Gecko; compatible; ClaudeBot/1.0; [email protected])"
216.73.216.156 - - [20/Jul/2025:21:53:35 +0000] "GET /detail/350673240.shtm HTTP/1.1" 404 12595 "-" "Mozilla/5.0 AppleWebKit/537.36 (KHTML, like Gecko; compatible; ClaudeBot/1.0; [email protected])"
216.73.216.156 - - [20/Jul/2025:21:53:38 +0000] "GET /detail/350572957.shtm HTTP/1.1" 404 12594 "-" "Mozilla/5.0 AppleWebKit/537.36 (KHTML, like Gecko; compatible; ClaudeBot/1.0; [email protected])"
216.73.216.156 - - [20/Jul/2025:21:53:41 +0000] "GET /detail/350529676.shtm HTTP/1.1" 404 12594 "-" "Mozilla/5.0 AppleWebKit/537.36 (KHTML, like Gecko; compatible; ClaudeBot/1.0; [email protected])"
216.73.216.156 - - [20/Jul/2025:21:53:44 +0000] "GET /detail/350822202.shtm HTTP/1.1" 404 12595 "-" "Mozilla/5.0 AppleWebKit/537.36 (KHTML, like Gecko; compatible; ClaudeBot/1.0; [email protected])"
216.73.216.156 - - [20/Jul/2025:21:53:47 +0000] "GET /detail/350925693.shtm HTTP/1.1" 404 12595 "-" "Mozilla/5.0 AppleWebKit/537.36 (KHTML, like Gecko; compatible; ClaudeBot/1.0; [email protected])"
216.73.216.156 - - [20/Jul/2025:21:53:50 +0000] "GET /detail/350599305.shtm HTTP/1.1" 404 12594 "-" "Mozilla/5.0 AppleWebKit/537.36 (KHTML, like Gecko; compatible; ClaudeBot/1.0; [email protected])"
216.73.216.156 - - [20/Jul/2025:21:53:53 +0000] "GET /detail/350663247.shtm HTTP/1.1" 404 12595 "-" "Mozilla/5.0 AppleWebKit/537.36 (KHTML, like Gecko; compatible; ClaudeBot/1.0; [email protected])"
216.73.216.156 - - [20/Jul/2025:21:53:56 +0000] "GET /detail/350524571.shtm HTTP/1.1" 404 12593 "-" "Mozilla/5.0 AppleWebKit/537.36 (KHTML, like Gecko; compatible; ClaudeBot/1.0; [email protected])"
216.73.216.156 - - [20/Jul/2025:21:53:59 +0000] "GET /detail/350762791.shtm HTTP/1.1" 404 12595 "-" "Mozilla/5.0 AppleWebKit/537.36 (KHTML, like Gecko; compatible; ClaudeBot/1.0; [email protected])"
216.73.216.156 - - [20/Jul/2025:21:54:02 +0000] "GET /detail/350810153.shtm HTTP/1.1" 404 12593 "-" "Mozilla/5.0 AppleWebKit/537.36 (KHTML, like Gecko; compatible; ClaudeBot/1.0; [email protected])"
216.73.216.156 - - [20/Jul/2025:21:54:05 +0000] "GET /detail/350578355.shtm HTTP/1.1" 404 12594 "-" "Mozilla/5.0 AppleWebKit/537.36 (KHTML, like Gecko; compatible; ClaudeBot/1.0; [email protected])"
216.73.216.156 - - [20/Jul/2025:21:54:08 +0000] "GET /detail/350428658.shtm HTTP/1.1" 404 12593 "-" "Mozilla/5.0 AppleWebKit/537.36 (KHTML, like Gecko; compatible; ClaudeBot/1.0; [email protected])"
