66.249.73.11 - - [21/Jul/2025:00:34:22 +0000] "GET /product/desti41270579.htm HTTP/1.1" 200 39790 "-" "Mozilla/5.0 (Linux; Android 6.0.1; Nexus 5X Build/MMB29P) AppleWebKit/537.36 (KHTML, like Gecko) Chrome/137.0.7151.103 Mobile Safari/537.36 (compatible; Googlebot/2.1; +http://www.google.com/bot.html)"
66.249.73.10 - - [21/Jul/2025:00:34:22 +0000] "GET /product/darli60175605.htm HTTP/1.1" 200 40240 "-" "Mozilla/5.0 (Linux; Android 6.0.1; Nexus 5X Build/MMB29P) AppleWebKit/537.36 (KHTML, like Gecko) Chrome/137.0.7151.103 Mobile Safari/537.36 (compatible; Googlebot/2.1; +http://www.google.com/bot.html)"
209.74.77.214 - - [21/Jul/2025:00:34:30 +0000] "POST /wp-cron.php?doing_wp_cron=1753058070.1326959133148193359375 HTTP/1.1" 200 - "-" "WordPress/6.8.2; https://babyl0n.restaurant"
185.191.171.1 - - [21/Jul/2025:00:34:29 +0000] "GET /wp-login.php?redirect_to=https%3A%2F%2Fbabyl0n.restaurant%2Fproduct%2Fbend22711001.htm HTTP/1.1" 200 1862 "-" "Mozilla/5.0 (compatible; SemrushBot/7~bl; +http://www.semrush.com/bot.html)"
66.249.73.10 - - [21/Jul/2025:00:34:37 +0000] "GET /product/anyho41743243.htm HTTP/1.1" 200 39938 "-" "Mozilla/5.0 (Linux; Android 6.0.1; Nexus 5X Build/MMB29P) AppleWebKit/537.36 (KHTML, like Gecko) Chrome/137.0.7151.103 Mobile Safari/537.36 (compatible; Googlebot/2.1; +http://www.google.com/bot.html)"
66.249.73.10 - - [21/Jul/2025:00:34:38 +0000] "GET /product/sorro11098632.htm HTTP/1.1" 200 40761 "-" "Mozilla/5.0 (Linux; Android 6.0.1; Nexus 5X Build/MMB29P) AppleWebKit/537.36 (KHTML, like Gecko) Chrome/137.0.7151.103 Mobile Safari/537.36 (compatible; Googlebot/2.1; +http://www.google.com/bot.html)"
66.249.73.10 - - [21/Jul/2025:00:34:40 +0000] "GET /product/found42709387.htm HTTP/1.1" 200 40832 "-" "Mozilla/5.0 (Linux; Android 6.0.1; Nexus 5X Build/MMB29P) AppleWebKit/537.36 (KHTML, like Gecko) Chrome/137.0.7151.103 Mobile Safari/537.36 (compatible; Googlebot/2.1; +http://www.google.com/bot.html)"
66.249.73.10 - - [21/Jul/2025:00:34:41 +0000] "GET /product/bible31971338.htm HTTP/1.1" 200 40921 "-" "Mozilla/5.0 (Linux; Android 6.0.1; Nexus 5X Build/MMB29P) AppleWebKit/537.36 (KHTML, like Gecko) Chrome/137.0.7151.103 Mobile Safari/537.36 (compatible; Googlebot/2.1; +http://www.google.com/bot.html)"
66.249.73.10 - - [21/Jul/2025:00:34:43 +0000] "GET /product/whate32629122.htm HTTP/1.1" 200 40872 "-" "Mozilla/5.0 (Linux; Android 6.0.1; Nexus 5X Build/MMB29P) AppleWebKit/537.36 (KHTML, like Gecko) Chrome/137.0.7151.103 Mobile Safari/537.36 (compatible; Googlebot/2.1; +http://www.google.com/bot.html)"
66.249.73.10 - - [21/Jul/2025:00:34:45 +0000] "GET /product/shell81045575.htm HTTP/1.1" 200 40582 "-" "Mozilla/5.0 (Linux; Android 6.0.1; Nexus 5X Build/MMB29P) AppleWebKit/537.36 (KHTML, like Gecko) Chrome/137.0.7151.103 Mobile Safari/537.36 (compatible; Googlebot/2.1; +http://www.google.com/bot.html)"
66.249.73.10 - - [21/Jul/2025:00:34:48 +0000] "GET /product/anywa51465244.htm HTTP/1.1" 200 39906 "-" "Mozilla/5.0 (Linux; Android 6.0.1; Nexus 5X Build/MMB29P) AppleWebKit/537.36 (KHTML, like Gecko) Chrome/137.0.7151.103 Mobile Safari/537.36 (compatible; Googlebot/2.1; +http://www.google.com/bot.html)"
66.249.73.11 - - [21/Jul/2025:00:34:50 +0000] "GET /product/prepo21699633.htm HTTP/1.1" 200 40216 "-" "Mozilla/5.0 (Linux; Android 6.0.1; Nexus 5X Build/MMB29P) AppleWebKit/537.36 (KHTML, like Gecko) Chrome/137.0.7151.103 Mobile Safari/537.36 (compatible; Googlebot/2.1; +http://www.google.com/bot.html)"
66.249.73.10 - - [21/Jul/2025:00:34:51 +0000] "GET /product/set32757698.htm HTTP/1.1" 200 40206 "-" "Mozilla/5.0 (Linux; Android 6.0.1; Nexus 5X Build/MMB29P) AppleWebKit/537.36 (KHTML, like Gecko) Chrome/137.0.7151.103 Mobile Safari/537.36 (compatible; Googlebot/2.1; +http://www.google.com/bot.html)"
66.249.73.10 - - [21/Jul/2025:00:34:52 +0000] "POST /get-message-notify HTTP/1.1" 200 39866 "https://babyl0n.restaurant/product/whate32629122.htm" "Mozilla/5.0 (Linux; Android 6.0.1; Nexus 5X Build/MMB29P) AppleWebKit/537.36 (KHTML, like Gecko) Chrome/137.0.7151.119 Mobile Safari/537.36 (compatible; Googlebot/2.1; +http://www.google.com/bot.html)"
66.249.73.10 - - [21/Jul/2025:00:34:53 +0000] "GET /product/embar42461475.htm HTTP/1.1" 200 40992 "-" "Mozilla/5.0 (Linux; Android 6.0.1; Nexus 5X Build/MMB29P) AppleWebKit/537.36 (KHTML, like Gecko) Chrome/137.0.7151.103 Mobile Safari/537.36 (compatible; Googlebot/2.1; +http://www.google.com/bot.html)"
66.249.73.10 - - [21/Jul/2025:00:34:55 +0000] "GET /product/panic50130140.htm HTTP/1.1" 200 40354 "-" "Mozilla/5.0 (Linux; Android 6.0.1; Nexus 5X Build/MMB29P) AppleWebKit/537.36 (KHTML, like Gecko) Chrome/137.0.7151.103 Mobile Safari/537.36 (compatible; Googlebot/2.1; +http://www.google.com/bot.html)"
66.249.73.10 - - [21/Jul/2025:00:34:58 +0000] "POST /get-message-notify HTTP/1.1" 200 39879 "https://babyl0n.restaurant/product/panic50130140.htm" "Mozilla/5.0 (Linux; Android 6.0.1; Nexus 5X Build/MMB29P) AppleWebKit/537.36 (KHTML, like Gecko) Chrome/137.0.7151.119 Mobile Safari/537.36 (compatible; Googlebot/2.1; +http://www.google.com/bot.html)"
66.249.73.11 - - [21/Jul/2025:00:34:59 +0000] "GET /product/nativ42489499.htm HTTP/1.1" 200 40392 "-" "Mozilla/5.0 (Linux; Android 6.0.1; Nexus 5X Build/MMB29P) AppleWebKit/537.36 (KHTML, like Gecko) Chrome/137.0.7151.103 Mobile Safari/537.36 (compatible; Googlebot/2.1; +http://www.google.com/bot.html)"
66.249.73.11 - - [21/Jul/2025:00:34:59 +0000] "GET /product/numbe81504287.htm HTTP/1.1" 200 40076 "-" "Mozilla/5.0 (Linux; Android 6.0.1; Nexus 5X Build/MMB29P) AppleWebKit/537.36 (KHTML, like Gecko) Chrome/137.0.7151.103 Mobile Safari/537.36 (compatible; Googlebot/2.1; +http://www.google.com/bot.html)"
66.249.73.10 - - [21/Jul/2025:00:35:01 +0000] "GET /product/asia22977249.htm HTTP/1.1" 200 39895 "-" "Mozilla/5.0 (Linux; Android 6.0.1; Nexus 5X Build/MMB29P) AppleWebKit/537.36 (KHTML, like Gecko) Chrome/137.0.7151.103 Mobile Safari/537.36 (compatible; Googlebot/2.1; +http://www.google.com/bot.html)"
66.249.73.10 - - [21/Jul/2025:00:35:04 +0000] "GET /product/fathe12556592.htm HTTP/1.1" 200 40074 "-" "Mozilla/5.0 (Linux; Android 6.0.1; Nexus 5X Build/MMB29P) AppleWebKit/537.36 (KHTML, like Gecko) Chrome/137.0.7151.103 Mobile Safari/537.36 (compatible; Googlebot/2.1; +http://www.google.com/bot.html)"
66.249.73.10 - - [21/Jul/2025:00:35:05 +0000] "POST /get-message-notify HTTP/1.1" 200 39855 "https://babyl0n.restaurant/product/set32757698.htm" "Mozilla/5.0 (Linux; Android 6.0.1; Nexus 5X Build/MMB29P) AppleWebKit/537.36 (KHTML, like Gecko) Chrome/137.0.7151.119 Mobile Safari/537.36 (compatible; Googlebot/2.1; +http://www.google.com/bot.html)"
66.249.73.10 - - [21/Jul/2025:00:35:06 +0000] "GET /product/wase62107925.htm HTTP/1.1" 200 39939 "-" "Mozilla/5.0 (Linux; Android 6.0.1; Nexus 5X Build/MMB29P) AppleWebKit/537.36 (KHTML, like Gecko) Chrome/137.0.7151.103 Mobile Safari/537.36 (compatible; Googlebot/2.1; +http://www.google.com/bot.html)"
66.249.73.10 - - [21/Jul/2025:00:35:06 +0000] "GET /product/duty50040500.htm HTTP/1.1" 200 40010 "-" "Mozilla/5.0 (Linux; Android 6.0.1; Nexus 5X Build/MMB29P) AppleWebKit/537.36 (KHTML, like Gecko) Chrome/137.0.7151.103 Mobile Safari/537.36 (compatible; Googlebot/2.1; +http://www.google.com/bot.html)"
66.249.73.10 - - [21/Jul/2025:00:35:08 +0000] "GET /product/both12068888.htm HTTP/1.1" 200 41036 "-" "Mozilla/5.0 (Linux; Android 6.0.1; Nexus 5X Build/MMB29P) AppleWebKit/537.36 (KHTML, like Gecko) Chrome/137.0.7151.103 Mobile Safari/537.36 (compatible; Googlebot/2.1; +http://www.google.com/bot.html)"
66.249.73.10 - - [21/Jul/2025:00:35:11 +0000] "GET /product/pardo20293137.htm HTTP/1.1" 200 39982 "-" "Mozilla/5.0 (Linux; Android 6.0.1; Nexus 5X Build/MMB29P) AppleWebKit/537.36 (KHTML, like Gecko) Chrome/137.0.7151.103 Mobile Safari/537.36 (compatible; Googlebot/2.1; +http://www.google.com/bot.html)"
66.249.73.10 - - [21/Jul/2025:00:35:12 +0000] "POST /get-message-notify HTTP/1.1" 200 39853 "https://babyl0n.restaurant/product/desti41270579.htm" "Mozilla/5.0 (Linux; Android 6.0.1; Nexus 5X Build/MMB29P) AppleWebKit/537.36 (KHTML, like Gecko) Chrome/137.0.7151.119 Mobile Safari/537.36 (compatible; Googlebot/2.1; +http://www.google.com/bot.html)"
66.249.73.10 - - [21/Jul/2025:00:35:13 +0000] "GET /product/becom51961724.htm HTTP/1.1" 200 40177 "-" "Mozilla/5.0 (Linux; Android 6.0.1; Nexus 5X Build/MMB29P) AppleWebKit/537.36 (KHTML, like Gecko) Chrome/137.0.7151.103 Mobile Safari/537.36 (compatible; Googlebot/2.1; +http://www.google.com/bot.html)"
66.249.73.10 - - [21/Jul/2025:00:35:13 +0000] "GET /product/owe41258835.htm HTTP/1.1" 200 39988 "-" "Mozilla/5.0 (Linux; Android 6.0.1; Nexus 5X Build/MMB29P) AppleWebKit/537.36 (KHTML, like Gecko) Chrome/137.0.7151.103 Mobile Safari/537.36 (compatible; Googlebot/2.1; +http://www.google.com/bot.html)"
66.249.73.10 - - [21/Jul/2025:00:35:15 +0000] "GET /product/fill40972427.htm HTTP/1.1" 200 40749 "-" "Mozilla/5.0 (Linux; Android 6.0.1; Nexus 5X Build/MMB29P) AppleWebKit/537.36 (KHTML, like Gecko) Chrome/137.0.7151.103 Mobile Safari/537.36 (compatible; Googlebot/2.1; +http://www.google.com/bot.html)"
66.249.73.10 - - [21/Jul/2025:00:35:16 +0000] "GET /product/skill50944852.htm HTTP/1.1" 200 40099 "-" "Mozilla/5.0 (Linux; Android 6.0.1; Nexus 5X Build/MMB29P) AppleWebKit/537.36 (KHTML, like Gecko) Chrome/137.0.7151.103 Mobile Safari/537.36 (compatible; Googlebot/2.1; +http://www.google.com/bot.html)"
66.249.73.10 - - [21/Jul/2025:00:35:17 +0000] "GET /product/where11056136.htm HTTP/1.1" 200 40881 "-" "Mozilla/5.0 (Linux; Android 6.0.1; Nexus 5X Build/MMB29P) AppleWebKit/537.36 (KHTML, like Gecko) Chrome/137.0.7151.103 Mobile Safari/537.36 (compatible; Googlebot/2.1; +http://www.google.com/bot.html)"
66.249.73.10 - - [21/Jul/2025:00:35:19 +0000] "GET /product/poem80316879.htm HTTP/1.1" 200 39876 "-" "Mozilla/5.0 (Linux; Android 6.0.1; Nexus 5X Build/MMB29P) AppleWebKit/537.36 (KHTML, like Gecko) Chrome/137.0.7151.103 Mobile Safari/537.36 (compatible; Googlebot/2.1; +http://www.google.com/bot.html)"
66.249.73.11 - - [21/Jul/2025:00:35:22 +0000] "GET /product/deriv71890366.htm HTTP/1.1" 200 40006 "-" "Mozilla/5.0 (Linux; Android 6.0.1; Nexus 5X Build/MMB29P) AppleWebKit/537.36 (KHTML, like Gecko) Chrome/137.0.7151.103 Mobile Safari/537.36 (compatible; Googlebot/2.1; +http://www.google.com/bot.html)"
66.249.73.11 - - [21/Jul/2025:00:35:25 +0000] "GET /product/leave61501573.htm HTTP/1.1" 200 41090 "-" "Mozilla/5.0 (Linux; Android 6.0.1; Nexus 5X Build/MMB29P) AppleWebKit/537.36 (KHTML, like Gecko) Chrome/137.0.7151.103 Mobile Safari/537.36 (compatible; Googlebot/2.1; +http://www.google.com/bot.html)"
66.249.73.11 - - [21/Jul/2025:00:35:26 +0000] "GET /product/novem30824490.htm HTTP/1.1" 200 41191 "-" "Mozilla/5.0 (Linux; Android 6.0.1; Nexus 5X Build/MMB29P) AppleWebKit/537.36 (KHTML, like Gecko) Chrome/137.0.7151.103 Mobile Safari/537.36 (compatible; Googlebot/2.1; +http://www.google.com/bot.html)"
66.249.73.11 - - [21/Jul/2025:00:35:26 +0000] "POST /get-message-notify HTTP/1.1" 200 39881 "https://babyl0n.restaurant/product/where11056136.htm" "Mozilla/5.0 (Linux; Android 6.0.1; Nexus 5X Build/MMB29P) AppleWebKit/537.36 (KHTML, like Gecko) Chrome/137.0.7151.119 Mobile Safari/537.36 (compatible; Googlebot/2.1; +http://www.google.com/bot.html)"
209.74.77.214 - - [21/Jul/2025:00:35:27 +0000] "POST /wp-cron.php?doing_wp_cron=1753058127.5646529197692871093750 HTTP/1.1" 200 - "-" "WordPress/6.8.2; https://babyl0n.restaurant"
185.191.171.13 - - [21/Jul/2025:00:35:27 +0000] "GET /wp-login.php?redirect_to=https%3A%2F%2Fbabyl0n.restaurant%2Fproduct%2Fposse72087142.htm HTTP/1.1" 200 1862 "-" "Mozilla/5.0 (compatible; SemrushBot/7~bl; +http://www.semrush.com/bot.html)"
66.249.73.11 - - [21/Jul/2025:00:35:27 +0000] "GET /product/circu42390115.htm HTTP/1.1" 200 40474 "-" "Mozilla/5.0 (Linux; Android 6.0.1; Nexus 5X Build/MMB29P) AppleWebKit/537.36 (KHTML, like Gecko) Chrome/137.0.7151.103 Mobile Safari/537.36 (compatible; Googlebot/2.1; +http://www.google.com/bot.html)"
66.249.73.11 - - [21/Jul/2025:00:35:27 +0000] "GET /product/brazi61189509.htm HTTP/1.1" 200 40623 "-" "Mozilla/5.0 (Linux; Android 6.0.1; Nexus 5X Build/MMB29P) AppleWebKit/537.36 (KHTML, like Gecko) Chrome/137.0.7151.103 Mobile Safari/537.36 (compatible; Googlebot/2.1; +http://www.google.com/bot.html)"
66.249.73.10 - - [21/Jul/2025:00:35:28 +0000] "GET /product/word22552905.htm HTTP/1.1" 200 39912 "-" "Mozilla/5.0 (Linux; Android 6.0.1; Nexus 5X Build/MMB29P) AppleWebKit/537.36 (KHTML, like Gecko) Chrome/137.0.7151.103 Mobile Safari/537.36 (compatible; Googlebot/2.1; +http://www.google.com/bot.html)"
66.249.73.10 - - [21/Jul/2025:00:35:28 +0000] "GET /product/speec80273207.htm HTTP/1.1" 200 39816 "-" "Mozilla/5.0 (Linux; Android 6.0.1; Nexus 5X Build/MMB29P) AppleWebKit/537.36 (KHTML, like Gecko) Chrome/137.0.7151.103 Mobile Safari/537.36 (compatible; Googlebot/2.1; +http://www.google.com/bot.html)"
66.249.73.10 - - [21/Jul/2025:00:35:29 +0000] "GET /product/cozy30021874.htm HTTP/1.1" 200 39915 "-" "Mozilla/5.0 (Linux; Android 6.0.1; Nexus 5X Build/MMB29P) AppleWebKit/537.36 (KHTML, like Gecko) Chrome/137.0.7151.103 Mobile Safari/537.36 (compatible; Googlebot/2.1; +http://www.google.com/bot.html)"
66.249.73.10 - - [21/Jul/2025:00:35:30 +0000] "GET /product/bone80935639.htm HTTP/1.1" 200 39928 "-" "Mozilla/5.0 (Linux; Android 6.0.1; Nexus 5X Build/MMB29P) AppleWebKit/537.36 (KHTML, like Gecko) Chrome/137.0.7151.103 Mobile Safari/537.36 (compatible; Googlebot/2.1; +http://www.google.com/bot.html)"
66.249.73.11 - - [21/Jul/2025:00:35:31 +0000] "POST /get-message-notify HTTP/1.1" 200 39822 "https://babyl0n.restaurant/product/novem30824490.htm" "Mozilla/5.0 (Linux; Android 6.0.1; Nexus 5X Build/MMB29P) AppleWebKit/537.36 (KHTML, like Gecko) Chrome/137.0.7151.119 Mobile Safari/537.36 (compatible; Googlebot/2.1; +http://www.google.com/bot.html)"
66.249.73.12 - - [21/Jul/2025:00:35:31 +0000] "GET /product/chip70329446.htm HTTP/1.1" 200 41275 "-" "Mozilla/5.0 (Linux; Android 6.0.1; Nexus 5X Build/MMB29P) AppleWebKit/537.36 (KHTML, like Gecko) Chrome/137.0.7151.103 Mobile Safari/537.36 (compatible; Googlebot/2.1; +http://www.google.com/bot.html)"
85.208.96.197 - - [21/Jul/2025:00:35:33 +0000] "GET /wp-login.php?redirect_to=https%3A%2F%2Fbabyl0n.restaurant%2Fproduct%2Fpoem81780879.htm HTTP/1.1" 200 1861 "-" "Mozilla/5.0 (compatible; SemrushBot/7~bl; +http://www.semrush.com/bot.html)"
66.249.73.12 - - [21/Jul/2025:00:35:33 +0000] "POST /get-message-notify HTTP/1.1" 200 39809 "https://babyl0n.restaurant/product/poem80316879.htm" "Mozilla/5.0 (Linux; Android 6.0.1; Nexus 5X Build/MMB29P) AppleWebKit/537.36 (KHTML, like Gecko) Chrome/137.0.7151.119 Mobile Safari/537.36 (compatible; Googlebot/2.1; +http://www.google.com/bot.html)"
66.249.73.10 - - [21/Jul/2025:00:35:33 +0000] "GET /product/pollu81313319.htm HTTP/1.1" 200 39887 "-" "Mozilla/5.0 (Linux; Android 6.0.1; Nexus 5X Build/MMB29P) AppleWebKit/537.36 (KHTML, like Gecko) Chrome/137.0.7151.103 Mobile Safari/537.36 (compatible; Googlebot/2.1; +http://www.google.com/bot.html)"
66.249.73.11 - - [21/Jul/2025:00:35:34 +0000] "POST /get-message-notify HTTP/1.1" 200 39730 "https://babyl0n.restaurant/product/chip70329446.htm" "Mozilla/5.0 (Linux; Android 6.0.1; Nexus 5X Build/MMB29P) AppleWebKit/537.36 (KHTML, like Gecko) Chrome/137.0.7151.119 Mobile Safari/537.36 (compatible; Googlebot/2.1; +http://www.google.com/bot.html)"
66.249.73.11 - - [21/Jul/2025:00:35:34 +0000] "POST /get-message-notify HTTP/1.1" 200 39830 "https://babyl0n.restaurant/product/bone80935639.htm" "Mozilla/5.0 (Linux; Android 6.0.1; Nexus 5X Build/MMB29P) AppleWebKit/537.36 (KHTML, like Gecko) Chrome/137.0.7151.119 Mobile Safari/537.36 (compatible; Googlebot/2.1; +http://www.google.com/bot.html)"
66.249.73.10 - - [21/Jul/2025:00:35:34 +0000] "GET /product/latte10114960.htm HTTP/1.1" 200 39816 "-" "Mozilla/5.0 (Linux; Android 6.0.1; Nexus 5X Build/MMB29P) AppleWebKit/537.36 (KHTML, like Gecko) Chrome/137.0.7151.103 Mobile Safari/537.36 (compatible; Googlebot/2.1; +http://www.google.com/bot.html)"
66.249.73.11 - - [21/Jul/2025:00:35:37 +0000] "POST /get-message-notify HTTP/1.1" 200 39755 "https://babyl0n.restaurant/product/nativ42489499.htm" "Mozilla/5.0 (Linux; Android 6.0.1; Nexus 5X Build/MMB29P) AppleWebKit/537.36 (KHTML, like Gecko) Chrome/137.0.7151.119 Mobile Safari/537.36 (compatible; Googlebot/2.1; +http://www.google.com/bot.html)"
66.249.73.13 - - [21/Jul/2025:00:35:37 +0000] "GET /product/band80113511.htm HTTP/1.1" 200 39986 "-" "Mozilla/5.0 (Linux; Android 6.0.1; Nexus 5X Build/MMB29P) AppleWebKit/537.36 (KHTML, like Gecko) Chrome/137.0.7151.103 Mobile Safari/537.36 (compatible; Googlebot/2.1; +http://www.google.com/bot.html)"
66.249.73.12 - - [21/Jul/2025:00:35:38 +0000] "GET /product/soon30848994.htm HTTP/1.1" 200 40279 "-" "Mozilla/5.0 (Linux; Android 6.0.1; Nexus 5X Build/MMB29P) AppleWebKit/537.36 (KHTML, like Gecko) Chrome/137.0.7151.103 Mobile Safari/537.36 (compatible; Googlebot/2.1; +http://www.google.com/bot.html)"
66.249.73.12 - - [21/Jul/2025:00:35:39 +0000] "GET /product/decad20083113.htm HTTP/1.1" 200 39848 "-" "Mozilla/5.0 (Linux; Android 6.0.1; Nexus 5X Build/MMB29P) AppleWebKit/537.36 (KHTML, like Gecko) Chrome/137.0.7151.103 Mobile Safari/537.36 (compatible; Googlebot/2.1; +http://www.google.com/bot.html)"
66.249.73.12 - - [21/Jul/2025:00:35:41 +0000] "GET /product/chalk31116930.htm HTTP/1.1" 200 40262 "-" "Mozilla/5.0 (Linux; Android 6.0.1; Nexus 5X Build/MMB29P) AppleWebKit/537.36 (KHTML, like Gecko) Chrome/137.0.7151.103 Mobile Safari/537.36 (compatible; Googlebot/2.1; +http://www.google.com/bot.html)"
66.249.73.12 - - [21/Jul/2025:00:35:42 +0000] "GET /product/reser61018029.htm HTTP/1.1" 200 39943 "-" "Mozilla/5.0 (Linux; Android 6.0.1; Nexus 5X Build/MMB29P) AppleWebKit/537.36 (KHTML, like Gecko) Chrome/137.0.7151.103 Mobile Safari/537.36 (compatible; Googlebot/2.1; +http://www.google.com/bot.html)"
66.249.73.11 - - [21/Jul/2025:00:35:44 +0000] "POST /get-message-notify HTTP/1.1" 200 39849 "https://babyl0n.restaurant/product/latte10114960.htm" "Mozilla/5.0 (Linux; Android 6.0.1; Nexus 5X Build/MMB29P) AppleWebKit/537.36 (KHTML, like Gecko) Chrome/137.0.7151.119 Mobile Safari/537.36 (compatible; Googlebot/2.1; +http://www.google.com/bot.html)"
66.249.73.10 - - [21/Jul/2025:00:35:44 +0000] "GET /product/hair10360936.htm HTTP/1.1" 200 39852 "-" "Mozilla/5.0 (Linux; Android 6.0.1; Nexus 5X Build/MMB29P) AppleWebKit/537.36 (KHTML, like Gecko) Chrome/137.0.7151.103 Mobile Safari/537.36 (compatible; Googlebot/2.1; +http://www.google.com/bot.html)"
66.249.73.12 - - [21/Jul/2025:00:35:48 +0000] "GET /product/send81353799.htm HTTP/1.1" 200 39942 "-" "Mozilla/5.0 (Linux; Android 6.0.1; Nexus 5X Build/MMB29P) AppleWebKit/537.36 (KHTML, like Gecko) Chrome/137.0.7151.103 Mobile Safari/537.36 (compatible; Googlebot/2.1; +http://www.google.com/bot.html)"
66.249.73.13 - - [21/Jul/2025:00:35:49 +0000] "POST /get-message-notify HTTP/1.1" 200 39800 "https://babyl0n.restaurant/product/leave61501573.htm" "Mozilla/5.0 (Linux; Android 6.0.1; Nexus 5X Build/MMB29P) AppleWebKit/537.36 (KHTML, like Gecko) Chrome/137.0.7151.119 Mobile Safari/537.36 (compatible; Googlebot/2.1; +http://www.google.com/bot.html)"
66.249.73.11 - - [21/Jul/2025:00:35:49 +0000] "GET /product/assig71478006.htm HTTP/1.1" 200 40158 "-" "Mozilla/5.0 (Linux; Android 6.0.1; Nexus 5X Build/MMB29P) AppleWebKit/537.36 (KHTML, like Gecko) Chrome/137.0.7151.103 Mobile Safari/537.36 (compatible; Googlebot/2.1; +http://www.google.com/bot.html)"
66.249.73.11 - - [21/Jul/2025:00:35:50 +0000] "GET /product/block60457341.htm HTTP/1.1" 200 39836 "-" "Mozilla/5.0 (Linux; Android 6.0.1; Nexus 5X Build/MMB29P) AppleWebKit/537.36 (KHTML, like Gecko) Chrome/137.0.7151.103 Mobile Safari/537.36 (compatible; Googlebot/2.1; +http://www.google.com/bot.html)"
66.249.73.10 - - [21/Jul/2025:00:35:51 +0000] "GET /product/lurk61875853.htm HTTP/1.1" 200 40106 "-" "Mozilla/5.0 (Linux; Android 6.0.1; Nexus 5X Build/MMB29P) AppleWebKit/537.36 (KHTML, like Gecko) Chrome/137.0.7151.103 Mobile Safari/537.36 (compatible; Googlebot/2.1; +http://www.google.com/bot.html)"
66.249.73.11 - - [21/Jul/2025:00:35:52 +0000] "GET /product/undo50023052.htm HTTP/1.1" 200 40390 "-" "Mozilla/5.0 (Linux; Android 6.0.1; Nexus 5X Build/MMB29P) AppleWebKit/537.36 (KHTML, like Gecko) Chrome/137.0.7151.103 Mobile Safari/537.36 (compatible; Googlebot/2.1; +http://www.google.com/bot.html)"
66.249.73.11 - - [21/Jul/2025:00:35:52 +0000] "POST /get-message-notify HTTP/1.1" 200 39915 "https://babyl0n.restaurant/product/assig71478006.htm" "Mozilla/5.0 (Linux; Android 6.0.1; Nexus 5X Build/MMB29P) AppleWebKit/537.36 (KHTML, like Gecko) Chrome/137.0.7151.119 Mobile Safari/537.36 (compatible; Googlebot/2.1; +http://www.google.com/bot.html)"
66.249.73.14 - - [21/Jul/2025:00:35:53 +0000] "POST /get-message-notify HTTP/1.1" 200 39761 "https://babyl0n.restaurant/product/fill40972427.htm" "Mozilla/5.0 (Linux; Android 6.0.1; Nexus 5X Build/MMB29P) AppleWebKit/537.36 (KHTML, like Gecko) Chrome/137.0.7151.119 Mobile Safari/537.36 (compatible; Googlebot/2.1; +http://www.google.com/bot.html)"
66.249.73.14 - - [21/Jul/2025:00:35:54 +0000] "GET /product/oppor10545440.htm HTTP/1.1" 200 40036 "-" "Mozilla/5.0 (Linux; Android 6.0.1; Nexus 5X Build/MMB29P) AppleWebKit/537.36 (KHTML, like Gecko) Chrome/137.0.7151.103 Mobile Safari/537.36 (compatible; Googlebot/2.1; +http://www.google.com/bot.html)"
66.249.73.14 - - [21/Jul/2025:00:35:55 +0000] "GET /product/incre70337254.htm HTTP/1.1" 200 40336 "-" "Mozilla/5.0 (Linux; Android 6.0.1; Nexus 5X Build/MMB29P) AppleWebKit/537.36 (KHTML, like Gecko) Chrome/137.0.7151.103 Mobile Safari/537.36 (compatible; Googlebot/2.1; +http://www.google.com/bot.html)"
185.191.171.1 - - [21/Jul/2025:00:35:56 +0000] "GET /wp-login.php?redirect_to=https%3A%2F%2Fbabyl0n.restaurant%2Fproduct%2Fhimse41221211.htm HTTP/1.1" 200 1861 "-" "Mozilla/5.0 (compatible; SemrushBot/7~bl; +http://www.semrush.com/bot.html)"
66.249.73.12 - - [21/Jul/2025:00:35:57 +0000] "GET /product/caree42947067.htm HTTP/1.1" 200 40848 "-" "Mozilla/5.0 (Linux; Android 6.0.1; Nexus 5X Build/MMB29P) AppleWebKit/537.36 (KHTML, like Gecko) Chrome/137.0.7151.103 Mobile Safari/537.36 (compatible; Googlebot/2.1; +http://www.google.com/bot.html)"
66.249.73.15 - - [21/Jul/2025:00:35:58 +0000] "GET /product/struc71721502.htm HTTP/1.1" 200 41552 "-" "Mozilla/5.0 (Linux; Android 6.0.1; Nexus 5X Build/MMB29P) AppleWebKit/537.36 (KHTML, like Gecko) Chrome/137.0.7151.103 Mobile Safari/537.36 (compatible; Googlebot/2.1; +http://www.google.com/bot.html)"
66.249.73.10 - - [21/Jul/2025:00:36:00 +0000] "GET /product/coast80928263.htm HTTP/1.1" 200 39934 "-" "Mozilla/5.0 (Linux; Android 6.0.1; Nexus 5X Build/MMB29P) AppleWebKit/537.36 (KHTML, like Gecko) Chrome/137.0.7151.103 Mobile Safari/537.36 (compatible; Googlebot/2.1; +http://www.google.com/bot.html)"
66.249.73.13 - - [21/Jul/2025:00:36:02 +0000] "GET /product/fresh60548453.htm HTTP/1.1" 200 40431 "-" "Mozilla/5.0 (Linux; Android 6.0.1; Nexus 5X Build/MMB29P) AppleWebKit/537.36 (KHTML, like Gecko) Chrome/137.0.7151.103 Mobile Safari/537.36 (compatible; Googlebot/2.1; +http://www.google.com/bot.html)"
66.249.73.14 - - [21/Jul/2025:00:36:02 +0000] "GET /product/rug51230460.htm HTTP/1.1" 200 40476 "-" "Mozilla/5.0 (Linux; Android 6.0.1; Nexus 5X Build/MMB29P) AppleWebKit/537.36 (KHTML, like Gecko) Chrome/137.0.7151.103 Mobile Safari/537.36 (compatible; Googlebot/2.1; +http://www.google.com/bot.html)"
66.249.73.12 - - [21/Jul/2025:00:36:03 +0000] "GET /product/rever40193971.htm HTTP/1.1" 200 40865 "-" "Mozilla/5.0 (Linux; Android 6.0.1; Nexus 5X Build/MMB29P) AppleWebKit/537.36 (KHTML, like Gecko) Chrome/137.0.7151.103 Mobile Safari/537.36 (compatible; Googlebot/2.1; +http://www.google.com/bot.html)"
66.249.73.11 - - [21/Jul/2025:00:36:04 +0000] "POST /get-message-notify HTTP/1.1" 200 39829 "https://babyl0n.restaurant/product/word22552905.htm" "Mozilla/5.0 (Linux; Android 6.0.1; Nexus 5X Build/MMB29P) AppleWebKit/537.36 (KHTML, like Gecko) Chrome/137.0.7151.119 Mobile Safari/537.36 (compatible; Googlebot/2.1; +http://www.google.com/bot.html)"
66.249.73.12 - - [21/Jul/2025:00:36:08 +0000] "POST /get-message-notify HTTP/1.1" 200 39780 "https://babyl0n.restaurant/product/soon30848994.htm" "Mozilla/5.0 (Linux; Android 6.0.1; Nexus 5X Build/MMB29P) AppleWebKit/537.36 (KHTML, like Gecko) Chrome/137.0.7151.119 Mobile Safari/537.36 (compatible; Googlebot/2.1; +http://www.google.com/bot.html)"
66.249.73.11 - - [21/Jul/2025:00:36:18 +0000] "POST /get-message-notify HTTP/1.1" 200 39819 "https://babyl0n.restaurant/product/shell81045575.htm" "Mozilla/5.0 (Linux; Android 6.0.1; Nexus 5X Build/MMB29P) AppleWebKit/537.36 (KHTML, like Gecko) Chrome/137.0.7151.119 Mobile Safari/537.36 (compatible; Googlebot/2.1; +http://www.google.com/bot.html)"
66.249.73.11 - - [21/Jul/2025:00:36:19 +0000] "POST /get-message-notify HTTP/1.1" 200 39808 "https://babyl0n.restaurant/product/both12068888.htm" "Mozilla/5.0 (Linux; Android 6.0.1; Nexus 5X Build/MMB29P) AppleWebKit/537.36 (KHTML, like Gecko) Chrome/137.0.7151.119 Mobile Safari/537.36 (compatible; Googlebot/2.1; +http://www.google.com/bot.html)"
66.249.73.11 - - [21/Jul/2025:00:36:24 +0000] "POST /get-message-notify HTTP/1.1" 200 39804 "https://babyl0n.restaurant/product/rug51230460.htm" "Mozilla/5.0 (Linux; Android 6.0.1; Nexus 5X Build/MMB29P) AppleWebKit/537.36 (KHTML, like Gecko) Chrome/137.0.7151.119 Mobile Safari/537.36 (compatible; Googlebot/2.1; +http://www.google.com/bot.html)"
66.249.73.10 - - [21/Jul/2025:00:36:43 +0000] "POST /get-message-notify HTTP/1.1" 200 39843 "https://babyl0n.restaurant/product/rid72970542.htm" "Mozilla/5.0 (Linux; Android 6.0.1; Nexus 5X Build/MMB29P) AppleWebKit/537.36 (KHTML, like Gecko) Chrome/137.0.7151.119 Mobile Safari/537.36 (compatible; Googlebot/2.1; +http://www.google.com/bot.html)"
66.249.73.10 - - [21/Jul/2025:00:36:47 +0000] "GET /product/bill82856791.htm HTTP/1.1" 200 39992 "-" "Mozilla/5.0 (Linux; Android 6.0.1; Nexus 5X Build/MMB29P) AppleWebKit/537.36 (KHTML, like Gecko) Chrome/137.0.7151.103 Mobile Safari/537.36 (compatible; Googlebot/2.1; +http://www.google.com/bot.html)"
66.249.73.10 - - [21/Jul/2025:00:36:49 +0000] "POST /get-message-notify HTTP/1.1" 200 39848 "https://babyl0n.restaurant/product/folk50071556.htm" "Mozilla/5.0 (Linux; Android 6.0.1; Nexus 5X Build/MMB29P) AppleWebKit/537.36 (KHTML, like Gecko) Chrome/137.0.7151.119 Mobile Safari/537.36 (compatible; Googlebot/2.1; +http://www.google.com/bot.html)"
66.249.73.11 - - [21/Jul/2025:00:37:03 +0000] "GET /product/duty52380500.htm HTTP/1.1" 200 40064 "-" "Mozilla/5.0 (Linux; Android 6.0.1; Nexus 5X Build/MMB29P) AppleWebKit/537.36 (KHTML, like Gecko) Chrome/137.0.7151.103 Mobile Safari/537.36 (compatible; Googlebot/2.1; +http://www.google.com/bot.html)"
66.249.73.11 - - [21/Jul/2025:00:37:14 +0000] "GET /product/justi30450338.htm HTTP/1.1" 200 39861 "-" "Mozilla/5.0 (Linux; Android 6.0.1; Nexus 5X Build/MMB29P) AppleWebKit/537.36 (KHTML, like Gecko) Chrome/137.0.7151.103 Mobile Safari/537.36 (compatible; Googlebot/2.1; +http://www.google.com/bot.html)"
66.249.73.10 - - [21/Jul/2025:00:37:36 +0000] "GET /product/sidew80318279.htm HTTP/1.1" 200 40790 "-" "Mozilla/5.0 (Linux; Android 6.0.1; Nexus 5X Build/MMB29P) AppleWebKit/537.36 (KHTML, like Gecko) Chrome/137.0.7151.103 Mobile Safari/537.36 (compatible; Googlebot/2.1; +http://www.google.com/bot.html)"
209.74.77.214 - - [21/Jul/2025:00:37:44 +0000] "POST /wp-cron.php?doing_wp_cron=1753058264.9543950557708740234375 HTTP/1.1" 200 - "-" "WordPress/6.8.2; https://babyl0n.restaurant"
85.208.96.206 - - [21/Jul/2025:00:37:44 +0000] "GET /wp-login.php?redirect_to=https%3A%2F%2Fbabyl0n.restaurant%2Fproduct%2Fempha80298311.htm HTTP/1.1" 200 1862 "-" "Mozilla/5.0 (compatible; SemrushBot/7~bl; +http://www.semrush.com/bot.html)"
66.249.73.10 - - [21/Jul/2025:00:37:48 +0000] "GET /product/bounc81286839.htm HTTP/1.1" 200 41011 "-" "Mozilla/5.0 (Linux; Android 6.0.1; Nexus 5X Build/MMB29P) AppleWebKit/537.36 (KHTML, like Gecko) Chrome/137.0.7151.103 Mobile Safari/537.36 (compatible; Googlebot/2.1; +http://www.google.com/bot.html)"
66.249.73.10 - - [21/Jul/2025:00:37:50 +0000] "GET /product/when61953309.htm HTTP/1.1" 200 40687 "-" "Mozilla/5.0 (Linux; Android 6.0.1; Nexus 5X Build/MMB29P) AppleWebKit/537.36 (KHTML, like Gecko) Chrome/137.0.7151.103 Mobile Safari/537.36 (compatible; Googlebot/2.1; +http://www.google.com/bot.html)"
85.208.96.212 - - [21/Jul/2025:00:38:12 +0000] "GET /wp-login.php?redirect_to=https%3A%2F%2Fbabyl0n.restaurant%2Fproduct%2Fsuita52017340.htm HTTP/1.1" 200 1861 "-" "Mozilla/5.0 (compatible; SemrushBot/7~bl; +http://www.semrush.com/bot.html)"
66.249.73.11 - - [21/Jul/2025:00:38:25 +0000] "GET /product/minis51678532.htm HTTP/1.1" 200 39895 "-" "Mozilla/5.0 (Linux; Android 6.0.1; Nexus 5X Build/MMB29P) AppleWebKit/537.36 (KHTML, like Gecko) Chrome/137.0.7151.103 Mobile Safari/537.36 (compatible; Googlebot/2.1; +http://www.google.com/bot.html)"
66.249.73.11 - - [21/Jul/2025:00:39:14 +0000] "GET /product/suffe32830330.htm HTTP/1.1" 200 40209 "-" "Mozilla/5.0 (Linux; Android 6.0.1; Nexus 5X Build/MMB29P) AppleWebKit/537.36 (KHTML, like Gecko) Chrome/137.0.7151.103 Mobile Safari/537.36 (compatible; Googlebot/2.1; +http://www.google.com/bot.html)"
209.74.77.214 - - [21/Jul/2025:00:39:28 +0000] "POST /wp-cron.php?doing_wp_cron=1753058368.3493471145629882812500 HTTP/1.1" 200 - "-" "WordPress/6.8.2; https://babyl0n.restaurant"
185.191.171.8 - - [21/Jul/2025:00:39:27 +0000] "GET /wp-login.php?redirect_to=https%3A%2F%2Fbabyl0n.restaurant%2Fproduct%2Freact52230228.htm HTTP/1.1" 200 1863 "-" "Mozilla/5.0 (compatible; SemrushBot/7~bl; +http://www.semrush.com/bot.html)"
85.208.96.200 - - [21/Jul/2025:00:39:34 +0000] "GET /wp-login.php?redirect_to=https%3A%2F%2Fbabyl0n.restaurant%2Fproduct%2Fmargi32769866.htm HTTP/1.1" 200 1862 "-" "Mozilla/5.0 (compatible; SemrushBot/7~bl; +http://www.semrush.com/bot.html)"
85.208.96.193 - - [21/Jul/2025:00:39:44 +0000] "GET /wp-login.php?redirect_to=https%3A%2F%2Fbabyl0n.restaurant%2Fproduct%2Fhopef30579346.htm HTTP/1.1" 200 1862 "-" "Mozilla/5.0 (compatible; SemrushBot/7~bl; +http://www.semrush.com/bot.html)"
209.74.77.214 - - [21/Jul/2025:00:40:50 +0000] "POST /wp-cron.php?doing_wp_cron=1753058450.3372550010681152343750 HTTP/1.1" 200 - "-" "WordPress/6.8.2; https://babyl0n.restaurant"
85.208.96.195 - - [21/Jul/2025:00:40:48 +0000] "GET /wp-login.php?redirect_to=https%3A%2F%2Fbabyl0n.restaurant%2Fproduct%2Fgoods32955066.htm HTTP/1.1" 200 1863 "-" "Mozilla/5.0 (compatible; SemrushBot/7~bl; +http://www.semrush.com/bot.html)"
209.74.77.214 - - [21/Jul/2025:00:42:03 +0000] "POST /wp-cron.php?doing_wp_cron=1753058523.4616870880126953125000 HTTP/1.1" 200 - "-" "WordPress/6.8.2; https://babyl0n.restaurant"
185.191.171.6 - - [21/Jul/2025:00:41:59 +0000] "GET /wp-login.php?redirect_to=https%3A%2F%2Fbabyl0n.restaurant%2Fproduct%2Foutwa60935173.htm HTTP/1.1" 200 1863 "-" "Mozilla/5.0 (compatible; SemrushBot/7~bl; +http://www.semrush.com/bot.html)"
66.249.73.12 - - [21/Jul/2025:00:43:15 +0000] "GET /product/drag40775171.htm HTTP/1.1" 200 40269 "-" "Mozilla/5.0 (Linux; Android 6.0.1; Nexus 5X Build/MMB29P) AppleWebKit/537.36 (KHTML, like Gecko) Chrome/137.0.7151.103 Mobile Safari/537.36 (compatible; Googlebot/2.1; +http://www.google.com/bot.html)"
209.74.77.214 - - [21/Jul/2025:00:43:32 +0000] "POST /wp-cron.php?doing_wp_cron=1753058612.6765480041503906250000 HTTP/1.1" 200 - "-" "WordPress/6.8.2; https://babyl0n.restaurant"
185.191.171.15 - - [21/Jul/2025:00:43:30 +0000] "GET /wp-login.php?redirect_to=https%3A%2F%2Fbabyl0n.restaurant%2Fproduct%2Fsupre22826761.htm HTTP/1.1" 200 1862 "-" "Mozilla/5.0 (compatible; SemrushBot/7~bl; +http://www.semrush.com/bot.html)"
85.208.96.195 - - [21/Jul/2025:00:43:50 +0000] "GET /wp-login.php?redirect_to=https%3A%2F%2Fbabyl0n.restaurant%2Fproduct%2Fparag61295157.htm HTTP/1.1" 200 1862 "-" "Mozilla/5.0 (compatible; SemrushBot/7~bl; +http://www.semrush.com/bot.html)"
66.249.73.12 - - [21/Jul/2025:00:44:13 +0000] "GET /product/eithe82540455.htm HTTP/1.1" 200 40092 "-" "Mozilla/5.0 (Linux; Android 6.0.1; Nexus 5X Build/MMB29P) AppleWebKit/537.36 (KHTML, like Gecko) Chrome/137.0.7151.103 Mobile Safari/537.36 (compatible; Googlebot/2.1; +http://www.google.com/bot.html)"
209.74.77.214 - - [21/Jul/2025:00:44:27 +0000] "POST /wp-cron.php?doing_wp_cron=1753058666.9343109130859375000000 HTTP/1.1" 200 - "-" "WordPress/6.8.2; https://babyl0n.restaurant"
85.208.96.196 - - [21/Jul/2025:00:44:26 +0000] "GET /wp-login.php?redirect_to=https%3A%2F%2Fbabyl0n.restaurant%2Fproduct%2Ftiff81127895.htm HTTP/1.1" 200 1861 "-" "Mozilla/5.0 (compatible; SemrushBot/7~bl; +http://www.semrush.com/bot.html)"
66.249.73.12 - - [21/Jul/2025:00:45:01 +0000] "POST /get-message-notify HTTP/1.1" 200 39764 "https://babyl0n.restaurant/product/drag40775171.htm" "Mozilla/5.0 (Linux; Android 6.0.1; Nexus 5X Build/MMB29P) AppleWebKit/537.36 (KHTML, like Gecko) Chrome/137.0.7151.119 Mobile Safari/537.36 (compatible; Googlebot/2.1; +http://www.google.com/bot.html)"
209.74.77.214 - - [21/Jul/2025:00:45:32 +0000] "POST /wp-cron.php?doing_wp_cron=1753058732.8824040889739990234375 HTTP/1.1" 200 - "-" "WordPress/6.8.2; https://babyl0n.restaurant"
185.191.171.7 - - [21/Jul/2025:00:45:29 +0000] "GET /wp-login.php?redirect_to=https%3A%2F%2Fbabyl0n.restaurant%2Fproduct%2Freade60498661.htm HTTP/1.1" 200 1861 "-" "Mozilla/5.0 (compatible; SemrushBot/7~bl; +http://www.semrush.com/bot.html)"
66.249.73.10 - - [21/Jul/2025:00:47:06 +0000] "GET /product/vice72131166.htm HTTP/1.1" 200 40027 "-" "Mozilla/5.0 (Linux; Android 6.0.1; Nexus 5X Build/MMB29P) AppleWebKit/537.36 (KHTML, like Gecko) Chrome/137.0.7151.103 Mobile Safari/537.36 (compatible; Googlebot/2.1; +http://www.google.com/bot.html)"
66.249.73.11 - - [21/Jul/2025:00:47:18 +0000] "GET /feature/omiya_marui/index.html HTTP/1.1" 200 40055 "-" "Mozilla/5.0 (Linux; Android 6.0.1; Nexus 5X Build/MMB29P) AppleWebKit/537.36 (KHTML, like Gecko) Chrome/137.0.7151.103 Mobile Safari/537.36 (compatible; Googlebot/2.1; +http://www.google.com/bot.html)"
209.74.77.214 - - [21/Jul/2025:00:47:31 +0000] "POST /wp-cron.php?doing_wp_cron=1753058851.6904110908508300781250 HTTP/1.1" 200 - "-" "WordPress/6.8.2; https://babyl0n.restaurant"
185.191.171.14 - - [21/Jul/2025:00:47:30 +0000] "GET /wp-login.php?redirect_to=https%3A%2F%2Fbabyl0n.restaurant%2Fproduct%2Fbegin31937722.htm HTTP/1.1" 200 1863 "-" "Mozilla/5.0 (compatible; SemrushBot/7~bl; +http://www.semrush.com/bot.html)"
85.208.96.206 - - [21/Jul/2025:00:47:46 +0000] "GET /wp-login.php?redirect_to=https%3A%2F%2Fbabyl0n.restaurant%2Fproduct%2Fgift40420827.htm HTTP/1.1" 200 1862 "-" "Mozilla/5.0 (compatible; SemrushBot/7~bl; +http://www.semrush.com/bot.html)"
85.208.96.205 - - [21/Jul/2025:00:48:15 +0000] "GET /wp-login.php?redirect_to=https%3A%2F%2Fbabyl0n.restaurant%2Fproduct%2Fwidow22563233.htm HTTP/1.1" 200 1863 "-" "Mozilla/5.0 (compatible; SemrushBot/7~bl; +http://www.semrush.com/bot.html)"
66.249.73.12 - - [21/Jul/2025:00:48:24 +0000] "GET /product/mom21649625.htm HTTP/1.1" 200 39892 "-" "Mozilla/5.0 (Linux; Android 6.0.1; Nexus 5X Build/MMB29P) AppleWebKit/537.36 (KHTML, like Gecko) Chrome/137.0.7151.103 Mobile Safari/537.36 (compatible; Googlebot/2.1; +http://www.google.com/bot.html)"
209.74.77.214 - - [21/Jul/2025:00:49:49 +0000] "POST /wp-cron.php?doing_wp_cron=1753058989.5268480777740478515625 HTTP/1.1" 200 - "-" "WordPress/6.8.2; https://babyl0n.restaurant"
85.208.96.197 - - [21/Jul/2025:00:49:47 +0000] "GET /wp-login.php?redirect_to=https%3A%2F%2Fbabyl0n.restaurant%2Fproduct%2Ftypew30035042.htm HTTP/1.1" 200 1862 "-" "Mozilla/5.0 (compatible; SemrushBot/7~bl; +http://www.semrush.com/bot.html)"
66.249.73.11 - - [21/Jul/2025:00:49:49 +0000] "GET /product/shelt81074999.htm HTTP/1.1" 200 40022 "-" "Mozilla/5.0 (Linux; Android 6.0.1; Nexus 5X Build/MMB29P) AppleWebKit/537.36 (KHTML, like Gecko) Chrome/137.0.7151.103 Mobile Safari/537.36 (compatible; Googlebot/2.1; +http://www.google.com/bot.html)"
85.208.96.198 - - [21/Jul/2025:00:50:11 +0000] "GET /wp-login.php?redirect_to=https%3A%2F%2Fbabyl0n.restaurant%2Fproduct%2Fpupil10932120.htm HTTP/1.1" 200 1861 "-" "Mozilla/5.0 (compatible; SemrushBot/7~bl; +http://www.semrush.com/bot.html)"
66.249.73.12 - - [21/Jul/2025:00:50:32 +0000] "POST /get-message-notify HTTP/1.1" 200 39754 "https://babyl0n.restaurant/product/shelt81074999.htm" "Mozilla/5.0 (Linux; Android 6.0.1; Nexus 5X Build/MMB29P) AppleWebKit/537.36 (KHTML, like Gecko) Chrome/137.0.7151.119 Mobile Safari/537.36 (compatible; Googlebot/2.1; +http://www.google.com/bot.html)"
209.74.77.214 - - [21/Jul/2025:00:51:31 +0000] "POST /wp-cron.php?doing_wp_cron=1753059091.8963189125061035156250 HTTP/1.1" 200 - "-" "WordPress/6.8.2; https://babyl0n.restaurant"
85.208.96.197 - - [21/Jul/2025:00:51:29 +0000] "GET /wp-login.php?redirect_to=https%3A%2F%2Fbabyl0n.restaurant%2Fproduct%2Fprovi31052194.htm HTTP/1.1" 200 1860 "-" "Mozilla/5.0 (compatible; SemrushBot/7~bl; +http://www.semrush.com/bot.html)"
85.208.96.202 - - [21/Jul/2025:00:51:44 +0000] "GET /wp-login.php?redirect_to=https%3A%2F%2Fbabyl0n.restaurant%2Fproduct%2Fwit81626623.htm HTTP/1.1" 200 1861 "-" "Mozilla/5.0 (compatible; SemrushBot/7~bl; +http://www.semrush.com/bot.html)"
134.35.4.212 - - [21/Jul/2025:00:51:45 +0000] "POST /wp-comments-post.php HTTP/1.1" 302 - "-" "Mozilla/5.0 (Windows NT 10.0; Win64; x64) AppleWebKit/537.36 (KHTML, like Gecko) Chrome/120.0.0.0 Safari/537.36"
134.35.4.212 - - [21/Jul/2025:00:52:10 +0000] "POST /wp-comments-post.php HTTP/1.1" 302 - "-" "Mozilla/5.0 (Windows NT 10.0; Win64; x64) AppleWebKit/537.36 (KHTML, like Gecko) Chrome/120.0.0.0 Safari/537.36"
209.74.77.214 - - [21/Jul/2025:00:52:22 +0000] "POST /wp-cron.php?doing_wp_cron=1753059142.8167099952697753906250 HTTP/1.1" 200 - "-" "WordPress/6.8.2; https://babyl0n.restaurant"
85.208.96.197 - - [21/Jul/2025:00:52:22 +0000] "GET /wp-login.php?redirect_to=https%3A%2F%2Fbabyl0n.restaurant%2Fproduct%2Fnet11325600.htm HTTP/1.1" 200 1861 "-" "Mozilla/5.0 (compatible; SemrushBot/7~bl; +http://www.semrush.com/bot.html)"
134.35.4.212 - - [21/Jul/2025:00:52:35 +0000] "POST /wp-comments-post.php HTTP/1.1" 302 - "-" "Mozilla/5.0 (Windows NT 10.0; Win64; x64) AppleWebKit/537.36 (KHTML, like Gecko) Chrome/120.0.0.0 Safari/537.36"
134.35.4.212 - - [21/Jul/2025:00:53:00 +0000] "POST /wp-comments-post.php HTTP/1.1" 302 - "-" "Mozilla/5.0 (Windows NT 10.0; Win64; x64) AppleWebKit/537.36 (KHTML, like Gecko) Chrome/120.0.0.0 Safari/537.36"
106.227.49.113 - - [21/Jul/2025:00:53:14 +0000] "GET / HTTP/1.1" 200 11285 "http://babyl0n.restaurant" "Mozilla/5.0 (iPhone; CPU iPhone OS 13_2_3 like Mac OS X) AppleWebKit/605.1.15 (KHTML, like Gecko) Version/13.0.3 Mobile/15E148 Safari/604.1"
209.74.77.214 - - [21/Jul/2025:00:53:26 +0000] "POST /wp-cron.php?doing_wp_cron=1753059206.1057610511779785156250 HTTP/1.1" 200 - "-" "WordPress/6.8.2; https://babyl0n.restaurant"
134.35.4.212 - - [21/Jul/2025:00:53:25 +0000] "POST /wp-comments-post.php HTTP/1.1" 302 - "-" "Mozilla/5.0 (Windows NT 10.0; Win64; x64) AppleWebKit/537.36 (KHTML, like Gecko) Chrome/120.0.0.0 Safari/537.36"
134.35.4.212 - - [21/Jul/2025:00:53:50 +0000] "POST /wp-comments-post.php HTTP/1.1" 302 - "-" "Mozilla/5.0 (Windows NT 10.0; Win64; x64) AppleWebKit/537.36 (KHTML, like Gecko) Chrome/120.0.0.0 Safari/537.36"
85.208.96.197 - - [21/Jul/2025:00:54:08 +0000] "GET /wp-login.php?redirect_to=https%3A%2F%2Fbabyl0n.restaurant%2Fproduct%2Fatlan41104587.htm HTTP/1.1" 200 1862 "-" "Mozilla/5.0 (compatible; SemrushBot/7~bl; +http://www.semrush.com/bot.html)"
185.191.171.13 - - [21/Jul/2025:00:54:14 +0000] "GET /wp-login.php?redirect_to=https%3A%2F%2Fbabyl0n.restaurant%2Fproduct%2Feasy80456983.htm HTTP/1.1" 200 1862 "-" "Mozilla/5.0 (compatible; SemrushBot/7~bl; +http://www.semrush.com/bot.html)"
134.35.4.212 - - [21/Jul/2025:00:54:16 +0000] "POST /wp-comments-post.php HTTP/1.1" 302 - "-" "Mozilla/5.0 (Windows NT 10.0; Win64; x64) AppleWebKit/537.36 (KHTML, like Gecko) Chrome/120.0.0.0 Safari/537.36"
66.249.73.11 - - [21/Jul/2025:00:55:27 +0000] "GET /product/rebel82406631.htm HTTP/1.1" 200 40053 "-" "Mozilla/5.0 (Linux; Android 6.0.1; Nexus 5X Build/MMB29P) AppleWebKit/537.36 (KHTML, like Gecko) Chrome/137.0.7151.103 Mobile Safari/537.36 (compatible; Googlebot/2.1; +http://www.google.com/bot.html)"
209.74.77.214 - - [21/Jul/2025:00:55:31 +0000] "POST /wp-cron.php?doing_wp_cron=1753059331.8565061092376708984375 HTTP/1.1" 200 - "-" "WordPress/6.8.2; https://babyl0n.restaurant"
85.208.96.206 - - [21/Jul/2025:00:55:30 +0000] "GET /wp-login.php?redirect_to=https%3A%2F%2Fbabyl0n.restaurant%2Fproduct%2Fcarve61547557.htm HTTP/1.1" 200 1863 "-" "Mozilla/5.0 (compatible; SemrushBot/7~bl; +http://www.semrush.com/bot.html)"
66.249.73.11 - - [21/Jul/2025:00:55:57 +0000] "GET /feature/utsunomiya/index.html HTTP/1.1" 200 41009 "-" "Mozilla/5.0 (Linux; Android 6.0.1; Nexus 5X Build/MMB29P) AppleWebKit/537.36 (KHTML, like Gecko) Chrome/137.0.7151.103 Mobile Safari/537.36 (compatible; Googlebot/2.1; +http://www.google.com/bot.html)"
185.191.171.14 - - [21/Jul/2025:00:55:59 +0000] "GET /robots.txt HTTP/1.1" 200 119 "-" "Mozilla/5.0 (compatible; SemrushBot/7~bl; +http://www.semrush.com/bot.html)"
185.191.171.5 - - [21/Jul/2025:00:56:00 +0000] "GET /wp-login.php?redirect_to=https%3A%2F%2Fbabyl0n.restaurant%2Fproduct%2Ftrue70525158.htm HTTP/1.1" 200 1861 "-" "Mozilla/5.0 (compatible; SemrushBot/7~bl; +http://www.semrush.com/bot.html)"
66.249.73.10 - - [21/Jul/2025:00:56:14 +0000] "GET /recruit HTTP/1.1" 200 39965 "-" "Mozilla/5.0 (Linux; Android 6.0.1; Nexus 5X Build/MMB29P) AppleWebKit/537.36 (KHTML, like Gecko) Chrome/137.0.7151.103 Mobile Safari/537.36 (compatible; Googlebot/2.1; +http://www.google.com/bot.html)"
66.249.73.11 - - [21/Jul/2025:00:56:18 +0000] "POST /get-message-notify HTTP/1.1" 200 39836 "https://babyl0n.restaurant/recruit" "Mozilla/5.0 (Linux; Android 6.0.1; Nexus 5X Build/MMB29P) AppleWebKit/537.36 (KHTML, like Gecko) Chrome/137.0.7151.119 Mobile Safari/537.36 (compatible; Googlebot/2.1; +http://www.google.com/bot.html)"
209.74.77.214 - - [21/Jul/2025:00:56:27 +0000] "POST /wp-cron.php?doing_wp_cron=1753059387.8637719154357910156250 HTTP/1.1" 200 - "-" "WordPress/6.8.2; https://babyl0n.restaurant"
85.208.96.206 - - [21/Jul/2025:00:56:27 +0000] "GET /wp-login.php?redirect_to=https%3A%2F%2Fbabyl0n.restaurant%2Fproduct%2Fsole30919554.htm HTTP/1.1" 200 1861 "-" "Mozilla/5.0 (compatible; SemrushBot/7~bl; +http://www.semrush.com/bot.html)"
66.249.73.11 - - [21/Jul/2025:00:57:40 +0000] "GET /feature/yokohama_maruicity/index.html HTTP/1.1" 200 40076 "-" "Mozilla/5.0 (Linux; Android 6.0.1; Nexus 5X Build/MMB29P) AppleWebKit/537.36 (KHTML, like Gecko) Chrome/137.0.7151.103 Mobile Safari/537.36 (compatible; Googlebot/2.1; +http://www.google.com/bot.html)"
209.74.77.214 - - [21/Jul/2025:00:58:26 +0000] "POST /wp-cron.php?doing_wp_cron=1753059506.1479289531707763671875 HTTP/1.1" 200 - "-" "WordPress/6.8.2; https://babyl0n.restaurant"
85.208.96.210 - - [21/Jul/2025:00:58:23 +0000] "GET /wp-login.php?redirect_to=https%3A%2F%2Fbabyl0n.restaurant%2Fproduct%2Fcathe11779528.htm HTTP/1.1" 200 1863 "-" "Mozilla/5.0 (compatible; SemrushBot/7~bl; +http://www.semrush.com/bot.html)"
85.208.96.194 - - [21/Jul/2025:00:58:31 +0000] "GET /wp-login.php?redirect_to=https%3A%2F%2Fbabyl0n.restaurant%2Fproduct%2Fopera80764871.htm HTTP/1.1" 200 1862 "-" "Mozilla/5.0 (compatible; SemrushBot/7~bl; +http://www.semrush.com/bot.html)"
209.74.77.214 - - [21/Jul/2025:00:59:45 +0000] "POST /wp-cron.php?doing_wp_cron=1753059585.4073250293731689453125 HTTP/1.1" 200 - "-" "WordPress/6.8.2; https://babyl0n.restaurant"
85.208.96.193 - - [21/Jul/2025:00:59:43 +0000] "GET /wp-login.php?redirect_to=https%3A%2F%2Fbabyl0n.restaurant%2Fproduct%2Faxle82067823.htm HTTP/1.1" 200 1862 "-" "Mozilla/5.0 (compatible; SemrushBot/7~bl; +http://www.semrush.com/bot.html)"
66.249.73.12 - - [21/Jul/2025:01:00:26 +0000] "GET /product/indif62166397.htm HTTP/1.1" 200 40181 "-" "Mozilla/5.0 (Linux; Android 6.0.1; Nexus 5X Build/MMB29P) AppleWebKit/537.36 (KHTML, like Gecko) Chrome/137.0.7151.103 Mobile Safari/537.36 (compatible; Googlebot/2.1; +http://www.google.com/bot.html)"
66.249.73.10 - - [21/Jul/2025:01:00:27 +0000] "GET /product/milk61016813.htm HTTP/1.1" 200 39957 "-" "Mozilla/5.0 (Linux; Android 6.0.1; Nexus 5X Build/MMB29P) AppleWebKit/537.36 (KHTML, like Gecko) Chrome/137.0.7151.103 Mobile Safari/537.36 (compatible; Googlebot/2.1; +http://www.google.com/bot.html)"
209.74.77.214 - - [21/Jul/2025:01:00:29 +0000] "POST /wp-cron.php?doing_wp_cron=1753059629.8269910812377929687500 HTTP/1.1" 200 - "-" "WordPress/6.8.2; https://babyl0n.restaurant"
185.191.171.14 - - [21/Jul/2025:01:00:27 +0000] "GET /wp-login.php?redirect_to=https%3A%2F%2Fbabyl0n.restaurant%2Fproduct%2Fsymph62609565.htm HTTP/1.1" 200 1863 "-" "Mozilla/5.0 (compatible; SemrushBot/7~bl; +http://www.semrush.com/bot.html)"
66.249.73.11 - - [21/Jul/2025:01:00:33 +0000] "POST /get-message-notify HTTP/1.1" 200 39785 "https://babyl0n.restaurant/product/indif62166397.htm" "Mozilla/5.0 (Linux; Android 6.0.1; Nexus 5X Build/MMB29P) AppleWebKit/537.36 (KHTML, like Gecko) Chrome/137.0.7151.119 Mobile Safari/537.36 (compatible; Googlebot/2.1; +http://www.google.com/bot.html)"
185.191.171.6 - - [21/Jul/2025:01:00:36 +0000] "GET /wp-login.php?redirect_to=https%3A%2F%2Fbabyl0n.restaurant%2Fproduct%2Fthril52125484.htm HTTP/1.1" 200 1862 "-" "Mozilla/5.0 (compatible; SemrushBot/7~bl; +http://www.semrush.com/bot.html)"
66.249.73.10 - - [21/Jul/2025:01:00:38 +0000] "GET /product/lorn80551855.htm HTTP/1.1" 200 40314 "-" "Mozilla/5.0 (Linux; Android 6.0.1; Nexus 5X Build/MMB29P) AppleWebKit/537.36 (KHTML, like Gecko) Chrome/137.0.7151.103 Mobile Safari/537.36 (compatible; Googlebot/2.1; +http://www.google.com/bot.html)"
66.249.73.10 - - [21/Jul/2025:01:01:04 +0000] "GET /product/surfa80100735.htm HTTP/1.1" 200 39845 "-" "Mozilla/5.0 (Linux; Android 6.0.1; Nexus 5X Build/MMB29P) AppleWebKit/537.36 (KHTML, like Gecko) Chrome/137.0.7151.103 Mobile Safari/537.36 (compatible; Googlebot/2.1; +http://www.google.com/bot.html)"
209.74.77.214 - - [21/Jul/2025:01:02:27 +0000] "POST /wp-cron.php?doing_wp_cron=1753059746.9842419624328613281250 HTTP/1.1" 200 - "-" "WordPress/6.8.2; https://babyl0n.restaurant"
85.208.96.197 - - [21/Jul/2025:01:02:24 +0000] "GET /wp-login.php?redirect_to=https%3A%2F%2Fbabyl0n.restaurant%2Fproduct%2Fweak51256996.htm HTTP/1.1" 200 1862 "-" "Mozilla/5.0 (compatible; SemrushBot/7~bl; +http://www.semrush.com/bot.html)"
66.249.73.12 - - [21/Jul/2025:01:02:29 +0000] "GET /product/done10763960.htm HTTP/1.1" 200 40462 "-" "Mozilla/5.0 (Linux; Android 6.0.1; Nexus 5X Build/MMB29P) AppleWebKit/537.36 (KHTML, like Gecko) Chrome/137.0.7151.103 Mobile Safari/537.36 (compatible; Googlebot/2.1; +http://www.google.com/bot.html)"
66.249.73.10 - - [21/Jul/2025:01:02:30 +0000] "GET /product/descr81272679.htm HTTP/1.1" 200 40195 "-" "Mozilla/5.0 (Linux; Android 6.0.1; Nexus 5X Build/MMB29P) AppleWebKit/537.36 (KHTML, like Gecko) Chrome/137.0.7151.103 Mobile Safari/537.36 (compatible; Googlebot/2.1; +http://www.google.com/bot.html)"
66.249.73.12 - - [21/Jul/2025:01:02:31 +0000] "GET /product/woman52229348.htm HTTP/1.1" 200 40338 "-" "Mozilla/5.0 (Linux; Android 6.0.1; Nexus 5X Build/MMB29P) AppleWebKit/537.36 (KHTML, like Gecko) Chrome/137.0.7151.103 Mobile Safari/537.36 (compatible; Googlebot/2.1; +http://www.google.com/bot.html)"
66.249.73.10 - - [21/Jul/2025:01:02:43 +0000] "POST /get-message-notify HTTP/1.1" 200 39800 "https://babyl0n.restaurant/product/descr81272679.htm" "Mozilla/5.0 (Linux; Android 6.0.1; Nexus 5X Build/MMB29P) AppleWebKit/537.36 (KHTML, like Gecko) Chrome/137.0.7151.119 Mobile Safari/537.36 (compatible; Googlebot/2.1; +http://www.google.com/bot.html)"
66.249.73.12 - - [21/Jul/2025:01:03:49 +0000] "GET /product/ant32553162.htm HTTP/1.1" 200 39904 "-" "Mozilla/5.0 (Linux; Android 6.0.1; Nexus 5X Build/MMB29P) AppleWebKit/537.36 (KHTML, like Gecko) Chrome/137.0.7151.103 Mobile Safari/537.36 (compatible; Googlebot/2.1; +http://www.google.com/bot.html)"
66.249.73.12 - - [21/Jul/2025:01:03:52 +0000] "POST /get-message-notify HTTP/1.1" 200 39786 "https://babyl0n.restaurant/product/ant32553162.htm" "Mozilla/5.0 (Linux; Android 6.0.1; Nexus 5X Build/MMB29P) AppleWebKit/537.36 (KHTML, like Gecko) Chrome/137.0.7151.119 Mobile Safari/537.36 (compatible; Googlebot/2.1; +http://www.google.com/bot.html)"
209.74.77.214 - - [21/Jul/2025:01:03:53 +0000] "POST /wp-cron.php?doing_wp_cron=1753059833.4309198856353759765625 HTTP/1.1" 200 - "-" "WordPress/6.8.2; https://babyl0n.restaurant"
85.208.96.206 - - [21/Jul/2025:01:03:52 +0000] "GET /wp-login.php?redirect_to=https%3A%2F%2Fbabyl0n.restaurant%2Fproduct%2Fleast51508676.htm HTTP/1.1" 200 1862 "-" "Mozilla/5.0 (compatible; SemrushBot/7~bl; +http://www.semrush.com/bot.html)"
185.191.171.3 - - [21/Jul/2025:01:04:07 +0000] "GET /wp-login.php?redirect_to=https%3A%2F%2Fbabyl0n.restaurant%2Fproduct%2Flest60279629.htm HTTP/1.1" 200 1862 "-" "Mozilla/5.0 (compatible; SemrushBot/7~bl; +http://www.semrush.com/bot.html)"
85.208.96.198 - - [21/Jul/2025:01:04:13 +0000] "GET /wp-login.php?redirect_to=https%3A%2F%2Fbabyl0n.restaurant%2Fproduct%2Fdike71659958.htm HTTP/1.1" 200 1862 "-" "Mozilla/5.0 (compatible; SemrushBot/7~bl; +http://www.semrush.com/bot.html)"
209.74.77.214 - - [21/Jul/2025:01:06:25 +0000] "POST /wp-cron.php?doing_wp_cron=1753059985.4677989482879638671875 HTTP/1.1" 200 - "-" "WordPress/6.8.2; https://babyl0n.restaurant"
