66.249.73.11 - - [20/Jul/2025:23:30:26 +0000] "GET /product/decem11725096.htm HTTP/1.1" 200 40210 "-" "Mozilla/5.0 (Linux; Android 6.0.1; Nexus 5X Build/MMB29P) AppleWebKit/537.36 (KHTML, like Gecko) Chrome/137.0.7151.103 Mobile Safari/537.36 (compatible; Googlebot/2.1; +http://www.google.com/bot.html)"
66.249.73.10 - - [20/Jul/2025:23:31:56 +0000] "GET /product/surfa81952735.htm HTTP/1.1" 200 40166 "-" "Mozilla/5.0 (Linux; Android 6.0.1; Nexus 5X Build/MMB29P) AppleWebKit/537.36 (KHTML, like Gecko) Chrome/137.0.7151.103 Mobile Safari/537.36 (compatible; Googlebot/2.1; +http://www.google.com/bot.html)"
209.74.77.214 - - [20/Jul/2025:23:32:55 +0000] "POST /wp-cron.php?doing_wp_cron=1753054375.2866859436035156250000 HTTP/1.1" 200 - "-" "WordPress/6.8.2; https://babyl0n.restaurant"
185.191.171.5 - - [20/Jul/2025:23:32:53 +0000] "GET /wp-login.php?redirect_to=https%3A%2F%2Fbabyl0n.restaurant%2Fproduct%2Fdevil42303307.htm HTTP/1.1" 200 1862 "-" "Mozilla/5.0 (compatible; SemrushBot/7~bl; +http://www.semrush.com/bot.html)"
66.249.73.10 - - [20/Jul/2025:23:33:16 +0000] "GET /product/posse70567142.htm HTTP/1.1" 200 40031 "-" "Mozilla/5.0 (Linux; Android 6.0.1; Nexus 5X Build/MMB29P) AppleWebKit/537.36 (KHTML, like Gecko) Chrome/137.0.7151.103 Mobile Safari/537.36 (compatible; Googlebot/2.1; +http://www.google.com/bot.html)"
66.249.73.10 - - [20/Jul/2025:23:34:14 +0000] "GET /product/smash11175688.htm HTTP/1.1" 200 40043 "-" "Mozilla/5.0 (Linux; Android 6.0.1; Nexus 5X Build/MMB29P) AppleWebKit/537.36 (KHTML, like Gecko) Chrome/137.0.7151.103 Mobile Safari/537.36 (compatible; Googlebot/2.1; +http://www.google.com/bot.html)"
66.249.73.12 - - [20/Jul/2025:23:34:16 +0000] "GET /product/unity11279008.htm HTTP/1.1" 200 40336 "-" "Mozilla/5.0 (Linux; Android 6.0.1; Nexus 5X Build/MMB29P) AppleWebKit/537.36 (KHTML, like Gecko) Chrome/137.0.7151.103 Mobile Safari/537.36 (compatible; Googlebot/2.1; +http://www.google.com/bot.html)"
66.249.73.11 - - [20/Jul/2025:23:34:17 +0000] "GET /product/sente31881242.htm HTTP/1.1" 200 39951 "-" "Mozilla/5.0 (Linux; Android 6.0.1; Nexus 5X Build/MMB29P) AppleWebKit/537.36 (KHTML, like Gecko) Chrome/137.0.7151.103 Mobile Safari/537.36 (compatible; Googlebot/2.1; +http://www.google.com/bot.html)"
66.249.73.10 - - [20/Jul/2025:23:34:18 +0000] "POST /get-message-notify HTTP/1.1" 200 39916 "https://babyl0n.restaurant/product/smash11175688.htm" "Mozilla/5.0 (Linux; Android 6.0.1; Nexus 5X Build/MMB29P) AppleWebKit/537.36 (KHTML, like Gecko) Chrome/137.0.7151.119 Mobile Safari/537.36 (compatible; Googlebot/2.1; +http://www.google.com/bot.html)"
66.249.73.10 - - [20/Jul/2025:23:34:19 +0000] "GET /product/chant32944754.htm HTTP/1.1" 200 40788 "-" "Mozilla/5.0 (Linux; Android 6.0.1; Nexus 5X Build/MMB29P) AppleWebKit/537.36 (KHTML, like Gecko) Chrome/137.0.7151.103 Mobile Safari/537.36 (compatible; Googlebot/2.1; +http://www.google.com/bot.html)"
66.249.73.11 - - [20/Jul/2025:23:34:20 +0000] "GET /product/bow31757738.htm HTTP/1.1" 200 40259 "-" "Mozilla/5.0 (Linux; Android 6.0.1; Nexus 5X Build/MMB29P) AppleWebKit/537.36 (KHTML, like Gecko) Chrome/137.0.7151.103 Mobile Safari/537.36 (compatible; Googlebot/2.1; +http://www.google.com/bot.html)"
209.74.77.214 - - [20/Jul/2025:23:34:21 +0000] "POST /wp-cron.php?doing_wp_cron=1753054461.6914060115814208984375 HTTP/1.1" 200 - "-" "WordPress/6.8.2; https://babyl0n.restaurant"
185.191.171.7 - - [20/Jul/2025:23:34:20 +0000] "GET /wp-login.php?redirect_to=https%3A%2F%2Fbabyl0n.restaurant%2Fproduct%2Fnote51120460.htm HTTP/1.1" 200 1862 "-" "Mozilla/5.0 (compatible; SemrushBot/7~bl; +http://www.semrush.com/bot.html)"
66.249.73.11 - - [20/Jul/2025:23:34:22 +0000] "POST /get-message-notify HTTP/1.1" 200 39800 "https://babyl0n.restaurant/product/chant32944754.htm" "Mozilla/5.0 (Linux; Android 6.0.1; Nexus 5X Build/MMB29P) AppleWebKit/537.36 (KHTML, like Gecko) Chrome/137.0.7151.119 Mobile Safari/537.36 (compatible; Googlebot/2.1; +http://www.google.com/bot.html)"
66.249.73.11 - - [20/Jul/2025:23:34:23 +0000] "GET /product/curb61202109.htm HTTP/1.1" 200 40815 "-" "Mozilla/5.0 (Linux; Android 6.0.1; Nexus 5X Build/MMB29P) AppleWebKit/537.36 (KHTML, like Gecko) Chrome/137.0.7151.103 Mobile Safari/537.36 (compatible; Googlebot/2.1; +http://www.google.com/bot.html)"
66.249.73.10 - - [20/Jul/2025:23:34:26 +0000] "GET /product/burde32090042.htm HTTP/1.1" 200 40177 "-" "Mozilla/5.0 (Linux; Android 6.0.1; Nexus 5X Build/MMB29P) AppleWebKit/537.36 (KHTML, like Gecko) Chrome/137.0.7151.103 Mobile Safari/537.36 (compatible; Googlebot/2.1; +http://www.google.com/bot.html)"
66.249.73.10 - - [20/Jul/2025:23:34:27 +0000] "POST /get-message-notify HTTP/1.1" 200 39796 "https://babyl0n.restaurant/product/curb61202109.htm" "Mozilla/5.0 (Linux; Android 6.0.1; Nexus 5X Build/MMB29P) AppleWebKit/537.36 (KHTML, like Gecko) Chrome/137.0.7151.119 Mobile Safari/537.36 (compatible; Googlebot/2.1; +http://www.google.com/bot.html)"
66.249.73.10 - - [20/Jul/2025:23:34:28 +0000] "GET /product/close51204580.htm HTTP/1.1" 200 39905 "-" "Mozilla/5.0 (Linux; Android 6.0.1; Nexus 5X Build/MMB29P) AppleWebKit/537.36 (KHTML, like Gecko) Chrome/137.0.7151.103 Mobile Safari/537.36 (compatible; Googlebot/2.1; +http://www.google.com/bot.html)"
66.249.73.10 - - [20/Jul/2025:23:34:30 +0000] "GET /product/have81337351.htm HTTP/1.1" 200 39941 "-" "Mozilla/5.0 (Linux; Android 6.0.1; Nexus 5X Build/MMB29P) AppleWebKit/537.36 (KHTML, like Gecko) Chrome/137.0.7151.103 Mobile Safari/537.36 (compatible; Googlebot/2.1; +http://www.google.com/bot.html)"
66.249.73.11 - - [20/Jul/2025:23:34:31 +0000] "GET /product/poor21156865.htm HTTP/1.1" 200 40219 "-" "Mozilla/5.0 (Linux; Android 6.0.1; Nexus 5X Build/MMB29P) AppleWebKit/537.36 (KHTML, like Gecko) Chrome/137.0.7151.103 Mobile Safari/537.36 (compatible; Googlebot/2.1; +http://www.google.com/bot.html)"
66.249.73.11 - - [20/Jul/2025:23:34:32 +0000] "GET /product/plug42735451.htm HTTP/1.1" 200 39781 "-" "Mozilla/5.0 (Linux; Android 6.0.1; Nexus 5X Build/MMB29P) AppleWebKit/537.36 (KHTML, like Gecko) Chrome/137.0.7151.103 Mobile Safari/537.36 (compatible; Googlebot/2.1; +http://www.google.com/bot.html)"
66.249.73.10 - - [20/Jul/2025:23:34:33 +0000] "GET /product/accep11700200.htm HTTP/1.1" 200 40045 "-" "Mozilla/5.0 (Linux; Android 6.0.1; Nexus 5X Build/MMB29P) AppleWebKit/537.36 (KHTML, like Gecko) Chrome/137.0.7151.103 Mobile Safari/537.36 (compatible; Googlebot/2.1; +http://www.google.com/bot.html)"
66.249.73.11 - - [20/Jul/2025:23:34:36 +0000] "GET /product/black41128067.htm HTTP/1.1" 200 39738 "-" "Mozilla/5.0 (Linux; Android 6.0.1; Nexus 5X Build/MMB29P) AppleWebKit/537.36 (KHTML, like Gecko) Chrome/137.0.7151.103 Mobile Safari/537.36 (compatible; Googlebot/2.1; +http://www.google.com/bot.html)"
66.249.73.10 - - [20/Jul/2025:23:34:37 +0000] "GET /product/rescu50534076.htm HTTP/1.1" 200 40690 "-" "Mozilla/5.0 (Linux; Android 6.0.1; Nexus 5X Build/MMB29P) AppleWebKit/537.36 (KHTML, like Gecko) Chrome/137.0.7151.103 Mobile Safari/537.36 (compatible; Googlebot/2.1; +http://www.google.com/bot.html)"
66.249.73.10 - - [20/Jul/2025:23:34:38 +0000] "GET /product/dark72420038.htm HTTP/1.1" 200 40049 "-" "Mozilla/5.0 (Linux; Android 6.0.1; Nexus 5X Build/MMB29P) AppleWebKit/537.36 (KHTML, like Gecko) Chrome/137.0.7151.103 Mobile Safari/537.36 (compatible; Googlebot/2.1; +http://www.google.com/bot.html)"
66.249.73.11 - - [20/Jul/2025:23:34:42 +0000] "GET /product/hook10182576.htm HTTP/1.1" 200 39926 "-" "Mozilla/5.0 (Linux; Android 6.0.1; Nexus 5X Build/MMB29P) AppleWebKit/537.36 (KHTML, like Gecko) Chrome/137.0.7151.103 Mobile Safari/537.36 (compatible; Googlebot/2.1; +http://www.google.com/bot.html)"
66.249.73.10 - - [20/Jul/2025:23:34:43 +0000] "GET /product/autog70389662.htm HTTP/1.1" 200 40136 "-" "Mozilla/5.0 (Linux; Android 6.0.1; Nexus 5X Build/MMB29P) AppleWebKit/537.36 (KHTML, like Gecko) Chrome/137.0.7151.103 Mobile Safari/537.36 (compatible; Googlebot/2.1; +http://www.google.com/bot.html)"
66.249.73.10 - - [20/Jul/2025:23:34:45 +0000] "GET /product/excel22613209.htm HTTP/1.1" 200 39983 "-" "Mozilla/5.0 (Linux; Android 6.0.1; Nexus 5X Build/MMB29P) AppleWebKit/537.36 (KHTML, like Gecko) Chrome/137.0.7151.103 Mobile Safari/537.36 (compatible; Googlebot/2.1; +http://www.google.com/bot.html)"
66.249.73.12 - - [20/Jul/2025:23:34:46 +0000] "GET /product/dime82555831.htm HTTP/1.1" 200 40273 "-" "Mozilla/5.0 (Linux; Android 6.0.1; Nexus 5X Build/MMB29P) AppleWebKit/537.36 (KHTML, like Gecko) Chrome/137.0.7151.103 Mobile Safari/537.36 (compatible; Googlebot/2.1; +http://www.google.com/bot.html)"
66.249.73.11 - - [20/Jul/2025:23:34:48 +0000] "GET /product/forma70286614.htm HTTP/1.1" 200 39988 "-" "Mozilla/5.0 (Linux; Android 6.0.1; Nexus 5X Build/MMB29P) AppleWebKit/537.36 (KHTML, like Gecko) Chrome/137.0.7151.103 Mobile Safari/537.36 (compatible; Googlebot/2.1; +http://www.google.com/bot.html)"
66.249.73.12 - - [20/Jul/2025:23:34:49 +0000] "GET /product/idiom22574489.htm HTTP/1.1" 200 40062 "-" "Mozilla/5.0 (Linux; Android 6.0.1; Nexus 5X Build/MMB29P) AppleWebKit/537.36 (KHTML, like Gecko) Chrome/137.0.7151.103 Mobile Safari/537.36 (compatible; Googlebot/2.1; +http://www.google.com/bot.html)"
66.249.73.12 - - [20/Jul/2025:23:34:50 +0000] "POST /get-message-notify HTTP/1.1" 200 39742 "https://babyl0n.restaurant/product/dark72420038.htm" "Mozilla/5.0 (Linux; Android 6.0.1; Nexus 5X Build/MMB29P) AppleWebKit/537.36 (KHTML, like Gecko) Chrome/137.0.7151.119 Mobile Safari/537.36 (compatible; Googlebot/2.1; +http://www.google.com/bot.html)"
66.249.73.10 - - [20/Jul/2025:23:34:51 +0000] "GET /product/due60218413.htm HTTP/1.1" 200 40431 "-" "Mozilla/5.0 (Linux; Android 6.0.1; Nexus 5X Build/MMB29P) AppleWebKit/537.36 (KHTML, like Gecko) Chrome/137.0.7151.103 Mobile Safari/537.36 (compatible; Googlebot/2.1; +http://www.google.com/bot.html)"
66.249.73.12 - - [20/Jul/2025:23:34:54 +0000] "GET /product/leap31419634.htm HTTP/1.1" 200 39979 "-" "Mozilla/5.0 (Linux; Android 6.0.1; Nexus 5X Build/MMB29P) AppleWebKit/537.36 (KHTML, like Gecko) Chrome/137.0.7151.103 Mobile Safari/537.36 (compatible; Googlebot/2.1; +http://www.google.com/bot.html)"
66.249.73.12 - - [20/Jul/2025:23:34:55 +0000] "POST /get-message-notify HTTP/1.1" 200 39763 "https://babyl0n.restaurant/product/close51204580.htm" "Mozilla/5.0 (Linux; Android 6.0.1; Nexus 5X Build/MMB29P) AppleWebKit/537.36 (KHTML, like Gecko) Chrome/137.0.7151.119 Mobile Safari/537.36 (compatible; Googlebot/2.1; +http://www.google.com/bot.html)"
66.249.73.12 - - [20/Jul/2025:23:34:56 +0000] "GET /product/histo42428619.htm HTTP/1.1" 200 40085 "-" "Mozilla/5.0 (Linux; Android 6.0.1; Nexus 5X Build/MMB29P) AppleWebKit/537.36 (KHTML, like Gecko) Chrome/137.0.7151.103 Mobile Safari/537.36 (compatible; Googlebot/2.1; +http://www.google.com/bot.html)"
66.249.73.11 - - [20/Jul/2025:23:34:59 +0000] "GET /product/idea22772985.htm HTTP/1.1" 200 40832 "-" "Mozilla/5.0 (Linux; Android 6.0.1; Nexus 5X Build/MMB29P) AppleWebKit/537.36 (KHTML, like Gecko) Chrome/137.0.7151.103 Mobile Safari/537.36 (compatible; Googlebot/2.1; +http://www.google.com/bot.html)"
66.249.73.11 - - [20/Jul/2025:23:34:59 +0000] "GET /product/branc82699103.htm HTTP/1.1" 200 40886 "-" "Mozilla/5.0 (Linux; Android 6.0.1; Nexus 5X Build/MMB29P) AppleWebKit/537.36 (KHTML, like Gecko) Chrome/137.0.7151.103 Mobile Safari/537.36 (compatible; Googlebot/2.1; +http://www.google.com/bot.html)"
66.249.73.10 - - [20/Jul/2025:23:35:00 +0000] "POST /get-message-notify HTTP/1.1" 200 39874 "https://babyl0n.restaurant/product/idiom22574489.htm" "Mozilla/5.0 (Linux; Android 6.0.1; Nexus 5X Build/MMB29P) AppleWebKit/537.36 (KHTML, like Gecko) Chrome/137.0.7151.119 Mobile Safari/537.36 (compatible; Googlebot/2.1; +http://www.google.com/bot.html)"
66.249.73.11 - - [20/Jul/2025:23:35:00 +0000] "POST /get-message-notify HTTP/1.1" 200 39767 "https://babyl0n.restaurant/product/histo42428619.htm" "Mozilla/5.0 (Linux; Android 6.0.1; Nexus 5X Build/MMB29P) AppleWebKit/537.36 (KHTML, like Gecko) Chrome/137.0.7151.119 Mobile Safari/537.36 (compatible; Googlebot/2.1; +http://www.google.com/bot.html)"
66.249.73.10 - - [20/Jul/2025:23:35:01 +0000] "GET /product/miser81142247.htm HTTP/1.1" 200 40321 "-" "Mozilla/5.0 (Linux; Android 6.0.1; Nexus 5X Build/MMB29P) AppleWebKit/537.36 (KHTML, like Gecko) Chrome/137.0.7151.103 Mobile Safari/537.36 (compatible; Googlebot/2.1; +http://www.google.com/bot.html)"
66.249.73.10 - - [20/Jul/2025:23:35:02 +0000] "GET /product/handw42083219.htm HTTP/1.1" 200 40541 "-" "Mozilla/5.0 (Linux; Android 6.0.1; Nexus 5X Build/MMB29P) AppleWebKit/537.36 (KHTML, like Gecko) Chrome/137.0.7151.103 Mobile Safari/537.36 (compatible; Googlebot/2.1; +http://www.google.com/bot.html)"
66.249.73.11 - - [20/Jul/2025:23:35:04 +0000] "POST /get-message-notify HTTP/1.1" 200 39767 "https://babyl0n.restaurant/product/miser81142247.htm" "Mozilla/5.0 (Linux; Android 6.0.1; Nexus 5X Build/MMB29P) AppleWebKit/537.36 (KHTML, like Gecko) Chrome/137.0.7151.119 Mobile Safari/537.36 (compatible; Googlebot/2.1; +http://www.google.com/bot.html)"
66.249.73.10 - - [20/Jul/2025:23:35:04 +0000] "GET /product/minis52362532.htm HTTP/1.1" 200 40458 "-" "Mozilla/5.0 (Linux; Android 6.0.1; Nexus 5X Build/MMB29P) AppleWebKit/537.36 (KHTML, like Gecko) Chrome/137.0.7151.103 Mobile Safari/537.36 (compatible; Googlebot/2.1; +http://www.google.com/bot.html)"
66.249.73.10 - - [20/Jul/2025:23:35:07 +0000] "GET /product/showm62770389.htm HTTP/1.1" 200 39845 "-" "Mozilla/5.0 (Linux; Android 6.0.1; Nexus 5X Build/MMB29P) AppleWebKit/537.36 (KHTML, like Gecko) Chrome/137.0.7151.103 Mobile Safari/537.36 (compatible; Googlebot/2.1; +http://www.google.com/bot.html)"
66.249.73.10 - - [20/Jul/2025:23:35:09 +0000] "GET /product/lunch62572765.htm HTTP/1.1" 200 39901 "-" "Mozilla/5.0 (Linux; Android 6.0.1; Nexus 5X Build/MMB29P) AppleWebKit/537.36 (KHTML, like Gecko) Chrome/137.0.7151.103 Mobile Safari/537.36 (compatible; Googlebot/2.1; +http://www.google.com/bot.html)"
66.249.73.10 - - [20/Jul/2025:23:35:11 +0000] "GET /product/tour30733626.htm HTTP/1.1" 200 40058 "-" "Mozilla/5.0 (Linux; Android 6.0.1; Nexus 5X Build/MMB29P) AppleWebKit/537.36 (KHTML, like Gecko) Chrome/137.0.7151.103 Mobile Safari/537.36 (compatible; Googlebot/2.1; +http://www.google.com/bot.html)"
66.249.73.11 - - [20/Jul/2025:23:35:13 +0000] "GET /product/fair52309068.htm HTTP/1.1" 200 39805 "-" "Mozilla/5.0 (Linux; Android 6.0.1; Nexus 5X Build/MMB29P) AppleWebKit/537.36 (KHTML, like Gecko) Chrome/137.0.7151.103 Mobile Safari/537.36 (compatible; Googlebot/2.1; +http://www.google.com/bot.html)"
66.249.73.10 - - [20/Jul/2025:23:35:15 +0000] "GET /product/shamp21601777.htm HTTP/1.1" 200 40336 "-" "Mozilla/5.0 (Linux; Android 6.0.1; Nexus 5X Build/MMB29P) AppleWebKit/537.36 (KHTML, like Gecko) Chrome/137.0.7151.103 Mobile Safari/537.36 (compatible; Googlebot/2.1; +http://www.google.com/bot.html)"
66.249.73.11 - - [20/Jul/2025:23:35:15 +0000] "GET /product/lens52703612.htm HTTP/1.1" 200 40308 "-" "Mozilla/5.0 (Linux; Android 6.0.1; Nexus 5X Build/MMB29P) AppleWebKit/537.36 (KHTML, like Gecko) Chrome/137.0.7151.103 Mobile Safari/537.36 (compatible; Googlebot/2.1; +http://www.google.com/bot.html)"
66.249.73.11 - - [20/Jul/2025:23:35:18 +0000] "POST /get-message-notify HTTP/1.1" 200 39814 "https://babyl0n.restaurant/product/shamp21601777.htm" "Mozilla/5.0 (Linux; Android 6.0.1; Nexus 5X Build/MMB29P) AppleWebKit/537.36 (KHTML, like Gecko) Chrome/137.0.7151.119 Mobile Safari/537.36 (compatible; Googlebot/2.1; +http://www.google.com/bot.html)"
66.249.73.11 - - [20/Jul/2025:23:35:20 +0000] "GET /product/atom%2020571817.htm HTTP/1.1" 200 39715 "-" "Mozilla/5.0 (Linux; Android 6.0.1; Nexus 5X Build/MMB29P) AppleWebKit/537.36 (KHTML, like Gecko) Chrome/137.0.7151.103 Mobile Safari/537.36 (compatible; Googlebot/2.1; +http://www.google.com/bot.html)"
66.249.73.11 - - [20/Jul/2025:23:35:21 +0000] "GET /product/tin61587237.htm HTTP/1.1" 200 40239 "-" "Mozilla/5.0 (Linux; Android 6.0.1; Nexus 5X Build/MMB29P) AppleWebKit/537.36 (KHTML, like Gecko) Chrome/137.0.7151.103 Mobile Safari/537.36 (compatible; Googlebot/2.1; +http://www.google.com/bot.html)"
66.249.73.10 - - [20/Jul/2025:23:35:23 +0000] "GET /product/steal50197548.htm HTTP/1.1" 200 40379 "-" "Mozilla/5.0 (Linux; Android 6.0.1; Nexus 5X Build/MMB29P) AppleWebKit/537.36 (KHTML, like Gecko) Chrome/137.0.7151.103 Mobile Safari/537.36 (compatible; Googlebot/2.1; +http://www.google.com/bot.html)"
66.249.73.11 - - [20/Jul/2025:23:35:23 +0000] "POST /get-message-notify HTTP/1.1" 200 39702 "https://babyl0n.restaurant/product/showm62770389.htm" "Mozilla/5.0 (Linux; Android 6.0.1; Nexus 5X Build/MMB29P) AppleWebKit/537.36 (KHTML, like Gecko) Chrome/137.0.7151.119 Mobile Safari/537.36 (compatible; Googlebot/2.1; +http://www.google.com/bot.html)"
66.249.73.11 - - [20/Jul/2025:23:35:24 +0000] "GET /product/cotto32272098.htm HTTP/1.1" 200 40323 "-" "Mozilla/5.0 (Linux; Android 6.0.1; Nexus 5X Build/MMB29P) AppleWebKit/537.36 (KHTML, like Gecko) Chrome/137.0.7151.103 Mobile Safari/537.36 (compatible; Googlebot/2.1; +http://www.google.com/bot.html)"
66.249.73.10 - - [20/Jul/2025:23:35:26 +0000] "GET /product/feed71089494.htm HTTP/1.1" 200 39826 "-" "Mozilla/5.0 (Linux; Android 6.0.1; Nexus 5X Build/MMB29P) AppleWebKit/537.36 (KHTML, like Gecko) Chrome/137.0.7151.103 Mobile Safari/537.36 (compatible; Googlebot/2.1; +http://www.google.com/bot.html)"
66.249.73.10 - - [20/Jul/2025:23:35:26 +0000] "GET /product/autum70240630.htm HTTP/1.1" 200 40120 "-" "Mozilla/5.0 (Linux; Android 6.0.1; Nexus 5X Build/MMB29P) AppleWebKit/537.36 (KHTML, like Gecko) Chrome/137.0.7151.103 Mobile Safari/537.36 (compatible; Googlebot/2.1; +http://www.google.com/bot.html)"
66.249.73.10 - - [20/Jul/2025:23:35:28 +0000] "POST /get-message-notify HTTP/1.1" 200 39783 "https://babyl0n.restaurant/product/leap31419634.htm" "Mozilla/5.0 (Linux; Android 6.0.1; Nexus 5X Build/MMB29P) AppleWebKit/537.36 (KHTML, like Gecko) Chrome/137.0.7151.119 Mobile Safari/537.36 (compatible; Googlebot/2.1; +http://www.google.com/bot.html)"
66.249.73.11 - - [20/Jul/2025:23:35:28 +0000] "GET /product/irrit20538169.htm HTTP/1.1" 200 40015 "-" "Mozilla/5.0 (Linux; Android 6.0.1; Nexus 5X Build/MMB29P) AppleWebKit/537.36 (KHTML, like Gecko) Chrome/137.0.7151.103 Mobile Safari/537.36 (compatible; Googlebot/2.1; +http://www.google.com/bot.html)"
66.249.73.11 - - [20/Jul/2025:23:35:29 +0000] "POST /get-message-notify HTTP/1.1" 200 39826 "https://babyl0n.restaurant/product/cotto32272098.htm" "Mozilla/5.0 (Linux; Android 6.0.1; Nexus 5X Build/MMB29P) AppleWebKit/537.36 (KHTML, like Gecko) Chrome/137.0.7151.119 Mobile Safari/537.36 (compatible; Googlebot/2.1; +http://www.google.com/bot.html)"
66.249.73.11 - - [20/Jul/2025:23:35:31 +0000] "GET /product/tag61981797.htm HTTP/1.1" 200 40100 "-" "Mozilla/5.0 (Linux; Android 6.0.1; Nexus 5X Build/MMB29P) AppleWebKit/537.36 (KHTML, like Gecko) Chrome/137.0.7151.103 Mobile Safari/537.36 (compatible; Googlebot/2.1; +http://www.google.com/bot.html)"
66.249.73.10 - - [20/Jul/2025:23:35:33 +0000] "GET /product/rescu50578076.htm HTTP/1.1" 200 39789 "-" "Mozilla/5.0 (Linux; Android 6.0.1; Nexus 5X Build/MMB29P) AppleWebKit/537.36 (KHTML, like Gecko) Chrome/137.0.7151.103 Mobile Safari/537.36 (compatible; Googlebot/2.1; +http://www.google.com/bot.html)"
66.249.73.11 - - [20/Jul/2025:23:35:34 +0000] "GET /product/desk12481768.htm HTTP/1.1" 200 39968 "-" "Mozilla/5.0 (Linux; Android 6.0.1; Nexus 5X Build/MMB29P) AppleWebKit/537.36 (KHTML, like Gecko) Chrome/137.0.7151.103 Mobile Safari/537.36 (compatible; Googlebot/2.1; +http://www.google.com/bot.html)"
66.249.73.12 - - [20/Jul/2025:23:35:35 +0000] "POST /get-message-notify HTTP/1.1" 200 39752 "https://babyl0n.restaurant/product/tag61981797.htm" "Mozilla/5.0 (Linux; Android 6.0.1; Nexus 5X Build/MMB29P) AppleWebKit/537.36 (KHTML, like Gecko) Chrome/137.0.7151.119 Mobile Safari/537.36 (compatible; Googlebot/2.1; +http://www.google.com/bot.html)"
66.249.73.12 - - [20/Jul/2025:23:35:36 +0000] "GET /product/bothe80473519.htm HTTP/1.1" 200 40114 "-" "Mozilla/5.0 (Linux; Android 6.0.1; Nexus 5X Build/MMB29P) AppleWebKit/537.36 (KHTML, like Gecko) Chrome/137.0.7151.103 Mobile Safari/537.36 (compatible; Googlebot/2.1; +http://www.google.com/bot.html)"
66.249.73.10 - - [20/Jul/2025:23:35:38 +0000] "GET /product/clash20931785.htm HTTP/1.1" 200 40262 "-" "Mozilla/5.0 (Linux; Android 6.0.1; Nexus 5X Build/MMB29P) AppleWebKit/537.36 (KHTML, like Gecko) Chrome/137.0.7151.103 Mobile Safari/537.36 (compatible; Googlebot/2.1; +http://www.google.com/bot.html)"
66.249.73.11 - - [20/Jul/2025:23:35:39 +0000] "GET /product/lip12334696.htm HTTP/1.1" 200 40782 "-" "Mozilla/5.0 (Linux; Android 6.0.1; Nexus 5X Build/MMB29P) AppleWebKit/537.36 (KHTML, like Gecko) Chrome/137.0.7151.103 Mobile Safari/537.36 (compatible; Googlebot/2.1; +http://www.google.com/bot.html)"
66.249.73.11 - - [20/Jul/2025:23:35:41 +0000] "GET /product/short41412507.htm HTTP/1.1" 200 40165 "-" "Mozilla/5.0 (Linux; Android 6.0.1; Nexus 5X Build/MMB29P) AppleWebKit/537.36 (KHTML, like Gecko) Chrome/137.0.7151.103 Mobile Safari/537.36 (compatible; Googlebot/2.1; +http://www.google.com/bot.html)"
66.249.73.13 - - [20/Jul/2025:23:35:44 +0000] "GET /product/marat20901401.htm HTTP/1.1" 200 39901 "-" "Mozilla/5.0 (Linux; Android 6.0.1; Nexus 5X Build/MMB29P) AppleWebKit/537.36 (KHTML, like Gecko) Chrome/137.0.7151.103 Mobile Safari/537.36 (compatible; Googlebot/2.1; +http://www.google.com/bot.html)"
66.249.73.11 - - [20/Jul/2025:23:35:46 +0000] "GET /product/piece51036044.htm HTTP/1.1" 200 40296 "-" "Mozilla/5.0 (Linux; Android 6.0.1; Nexus 5X Build/MMB29P) AppleWebKit/537.36 (KHTML, like Gecko) Chrome/137.0.7151.103 Mobile Safari/537.36 (compatible; Googlebot/2.1; +http://www.google.com/bot.html)"
66.249.73.10 - - [20/Jul/2025:23:35:47 +0000] "GET /product/dump30286282.htm HTTP/1.1" 200 39972 "-" "Mozilla/5.0 (Linux; Android 6.0.1; Nexus 5X Build/MMB29P) AppleWebKit/537.36 (KHTML, like Gecko) Chrome/137.0.7151.103 Mobile Safari/537.36 (compatible; Googlebot/2.1; +http://www.google.com/bot.html)"
66.249.73.13 - - [20/Jul/2025:23:35:49 +0000] "GET /product/cucum10103568.htm HTTP/1.1" 200 40371 "-" "Mozilla/5.0 (Linux; Android 6.0.1; Nexus 5X Build/MMB29P) AppleWebKit/537.36 (KHTML, like Gecko) Chrome/137.0.7151.103 Mobile Safari/537.36 (compatible; Googlebot/2.1; +http://www.google.com/bot.html)"
66.249.73.11 - - [20/Jul/2025:23:35:51 +0000] "GET /product/tired40216291.htm HTTP/1.1" 200 40516 "-" "Mozilla/5.0 (Linux; Android 6.0.1; Nexus 5X Build/MMB29P) AppleWebKit/537.36 (KHTML, like Gecko) Chrome/137.0.7151.103 Mobile Safari/537.36 (compatible; Googlebot/2.1; +http://www.google.com/bot.html)"
66.249.73.10 - - [20/Jul/2025:23:35:52 +0000] "GET /product/brick32838866.htm HTTP/1.1" 200 40804 "-" "Mozilla/5.0 (Linux; Android 6.0.1; Nexus 5X Build/MMB29P) AppleWebKit/537.36 (KHTML, like Gecko) Chrome/137.0.7151.103 Mobile Safari/537.36 (compatible; Googlebot/2.1; +http://www.google.com/bot.html)"
66.249.73.12 - - [20/Jul/2025:23:35:53 +0000] "POST /get-message-notify HTTP/1.1" 200 39808 "https://babyl0n.restaurant/product/tired40216291.htm" "Mozilla/5.0 (Linux; Android 6.0.1; Nexus 5X Build/MMB29P) AppleWebKit/537.36 (KHTML, like Gecko) Chrome/137.0.7151.119 Mobile Safari/537.36 (compatible; Googlebot/2.1; +http://www.google.com/bot.html)"
66.249.73.10 - - [20/Jul/2025:23:35:55 +0000] "GET /product/durab70522142.htm HTTP/1.1" 200 39972 "-" "Mozilla/5.0 (Linux; Android 6.0.1; Nexus 5X Build/MMB29P) AppleWebKit/537.36 (KHTML, like Gecko) Chrome/137.0.7151.103 Mobile Safari/537.36 (compatible; Googlebot/2.1; +http://www.google.com/bot.html)"
66.249.73.10 - - [20/Jul/2025:23:35:56 +0000] "POST /get-message-notify HTTP/1.1" 200 39772 "https://babyl0n.restaurant/product/cucum10103568.htm" "Mozilla/5.0 (Linux; Android 6.0.1; Nexus 5X Build/MMB29P) AppleWebKit/537.36 (KHTML, like Gecko) Chrome/137.0.7151.119 Mobile Safari/537.36 (compatible; Googlebot/2.1; +http://www.google.com/bot.html)"
66.249.73.12 - - [20/Jul/2025:23:35:57 +0000] "GET /product/outsk62150973.htm HTTP/1.1" 200 39936 "-" "Mozilla/5.0 (Linux; Android 6.0.1; Nexus 5X Build/MMB29P) AppleWebKit/537.36 (KHTML, like Gecko) Chrome/137.0.7151.103 Mobile Safari/537.36 (compatible; Googlebot/2.1; +http://www.google.com/bot.html)"
66.249.73.13 - - [20/Jul/2025:23:35:59 +0000] "GET /product/fill41668427.htm HTTP/1.1" 200 41024 "-" "Mozilla/5.0 (Linux; Android 6.0.1; Nexus 5X Build/MMB29P) AppleWebKit/537.36 (KHTML, like Gecko) Chrome/137.0.7151.103 Mobile Safari/537.36 (compatible; Googlebot/2.1; +http://www.google.com/bot.html)"
66.249.73.11 - - [20/Jul/2025:23:36:00 +0000] "GET /product/worsh22135161.htm HTTP/1.1" 200 40091 "-" "Mozilla/5.0 (Linux; Android 6.0.1; Nexus 5X Build/MMB29P) AppleWebKit/537.36 (KHTML, like Gecko) Chrome/137.0.7151.103 Mobile Safari/537.36 (compatible; Googlebot/2.1; +http://www.google.com/bot.html)"
209.74.77.214 - - [20/Jul/2025:23:36:01 +0000] "POST /wp-cron.php?doing_wp_cron=1753054561.6051390171051025390625 HTTP/1.1" 200 - "-" "WordPress/6.8.2; https://babyl0n.restaurant"
85.208.96.206 - - [20/Jul/2025:23:36:01 +0000] "GET /wp-login.php?redirect_to=https%3A%2F%2Fbabyl0n.restaurant%2Fproduct%2Fpeopl40825107.htm HTTP/1.1" 200 1862 "-" "Mozilla/5.0 (compatible; SemrushBot/7~bl; +http://www.semrush.com/bot.html)"
66.249.73.11 - - [20/Jul/2025:23:36:02 +0000] "GET /product/defen32978834.htm HTTP/1.1" 200 40309 "-" "Mozilla/5.0 (Linux; Android 6.0.1; Nexus 5X Build/MMB29P) AppleWebKit/537.36 (KHTML, like Gecko) Chrome/137.0.7151.103 Mobile Safari/537.36 (compatible; Googlebot/2.1; +http://www.google.com/bot.html)"
66.249.73.12 - - [20/Jul/2025:23:36:04 +0000] "GET /product/bicyc51257556.htm HTTP/1.1" 200 40343 "-" "Mozilla/5.0 (Linux; Android 6.0.1; Nexus 5X Build/MMB29P) AppleWebKit/537.36 (KHTML, like Gecko) Chrome/137.0.7151.103 Mobile Safari/537.36 (compatible; Googlebot/2.1; +http://www.google.com/bot.html)"
66.249.73.11 - - [20/Jul/2025:23:36:04 +0000] "POST /get-message-notify HTTP/1.1" 200 39739 "https://babyl0n.restaurant/product/short41412507.htm" "Mozilla/5.0 (Linux; Android 6.0.1; Nexus 5X Build/MMB29P) AppleWebKit/537.36 (KHTML, like Gecko) Chrome/137.0.7151.119 Mobile Safari/537.36 (compatible; Googlebot/2.1; +http://www.google.com/bot.html)"
66.249.73.11 - - [20/Jul/2025:23:36:05 +0000] "GET /product/jazz52429628.htm HTTP/1.1" 200 40094 "-" "Mozilla/5.0 (Linux; Android 6.0.1; Nexus 5X Build/MMB29P) AppleWebKit/537.36 (KHTML, like Gecko) Chrome/137.0.7151.103 Mobile Safari/537.36 (compatible; Googlebot/2.1; +http://www.google.com/bot.html)"
66.249.73.11 - - [20/Jul/2025:23:36:08 +0000] "GET /product/lease12355736.htm HTTP/1.1" 200 40195 "-" "Mozilla/5.0 (Linux; Android 6.0.1; Nexus 5X Build/MMB29P) AppleWebKit/537.36 (KHTML, like Gecko) Chrome/137.0.7151.103 Mobile Safari/537.36 (compatible; Googlebot/2.1; +http://www.google.com/bot.html)"
66.249.73.10 - - [20/Jul/2025:23:36:10 +0000] "GET /product/stamp41812019.htm HTTP/1.1" 200 40183 "-" "Mozilla/5.0 (Linux; Android 6.0.1; Nexus 5X Build/MMB29P) AppleWebKit/537.36 (KHTML, like Gecko) Chrome/137.0.7151.103 Mobile Safari/537.36 (compatible; Googlebot/2.1; +http://www.google.com/bot.html)"
66.249.73.10 - - [20/Jul/2025:23:36:11 +0000] "POST /get-message-notify HTTP/1.1" 200 39754 "https://babyl0n.restaurant/product/lease12355736.htm" "Mozilla/5.0 (Linux; Android 6.0.1; Nexus 5X Build/MMB29P) AppleWebKit/537.36 (KHTML, like Gecko) Chrome/137.0.7151.119 Mobile Safari/537.36 (compatible; Googlebot/2.1; +http://www.google.com/bot.html)"
66.249.73.10 - - [20/Jul/2025:23:36:12 +0000] "GET /product/keen80205663.htm HTTP/1.1" 200 39907 "-" "Mozilla/5.0 (Linux; Android 6.0.1; Nexus 5X Build/MMB29P) AppleWebKit/537.36 (KHTML, like Gecko) Chrome/137.0.7151.103 Mobile Safari/537.36 (compatible; Googlebot/2.1; +http://www.google.com/bot.html)"
66.249.73.10 - - [20/Jul/2025:23:36:13 +0000] "GET /product/palac21709201.htm HTTP/1.1" 200 40194 "-" "Mozilla/5.0 (Linux; Android 6.0.1; Nexus 5X Build/MMB29P) AppleWebKit/537.36 (KHTML, like Gecko) Chrome/137.0.7151.103 Mobile Safari/537.36 (compatible; Googlebot/2.1; +http://www.google.com/bot.html)"
66.249.73.10 - - [20/Jul/2025:23:36:15 +0000] "GET /product/honou22119049.htm HTTP/1.1" 200 40196 "-" "Mozilla/5.0 (Linux; Android 6.0.1; Nexus 5X Build/MMB29P) AppleWebKit/537.36 (KHTML, like Gecko) Chrome/137.0.7151.103 Mobile Safari/537.36 (compatible; Googlebot/2.1; +http://www.google.com/bot.html)"
66.249.73.10 - - [20/Jul/2025:23:36:16 +0000] "GET /product/theor30489826.htm HTTP/1.1" 200 39779 "-" "Mozilla/5.0 (Linux; Android 6.0.1; Nexus 5X Build/MMB29P) AppleWebKit/537.36 (KHTML, like Gecko) Chrome/137.0.7151.103 Mobile Safari/537.36 (compatible; Googlebot/2.1; +http://www.google.com/bot.html)"
66.249.73.10 - - [20/Jul/2025:23:36:18 +0000] "GET /product/ball%2020515825.htm HTTP/1.1" 200 40287 "-" "Mozilla/5.0 (Linux; Android 6.0.1; Nexus 5X Build/MMB29P) AppleWebKit/537.36 (KHTML, like Gecko) Chrome/137.0.7151.103 Mobile Safari/537.36 (compatible; Googlebot/2.1; +http://www.google.com/bot.html)"
66.249.73.11 - - [20/Jul/2025:23:36:19 +0000] "POST /get-message-notify HTTP/1.1" 200 39795 "https://babyl0n.restaurant/product/lip12334696.htm" "Mozilla/5.0 (Linux; Android 6.0.1; Nexus 5X Build/MMB29P) AppleWebKit/537.36 (KHTML, like Gecko) Chrome/137.0.7151.119 Mobile Safari/537.36 (compatible; Googlebot/2.1; +http://www.google.com/bot.html)"
66.249.73.10 - - [20/Jul/2025:23:36:21 +0000] "GET /product/surpa72602318.htm HTTP/1.1" 200 39757 "-" "Mozilla/5.0 (Linux; Android 6.0.1; Nexus 5X Build/MMB29P) AppleWebKit/537.36 (KHTML, like Gecko) Chrome/137.0.7151.103 Mobile Safari/537.36 (compatible; Googlebot/2.1; +http://www.google.com/bot.html)"
66.249.73.10 - - [20/Jul/2025:23:36:23 +0000] "GET /product/motiv60986141.htm HTTP/1.1" 200 40104 "-" "Mozilla/5.0 (Linux; Android 6.0.1; Nexus 5X Build/MMB29P) AppleWebKit/537.36 (KHTML, like Gecko) Chrome/137.0.7151.103 Mobile Safari/537.36 (compatible; Googlebot/2.1; +http://www.google.com/bot.html)"
66.249.73.11 - - [20/Jul/2025:23:36:24 +0000] "GET /product/ran32235938.htm HTTP/1.1" 200 39952 "-" "Mozilla/5.0 (Linux; Android 6.0.1; Nexus 5X Build/MMB29P) AppleWebKit/537.36 (KHTML, like Gecko) Chrome/137.0.7151.103 Mobile Safari/537.36 (compatible; Googlebot/2.1; +http://www.google.com/bot.html)"
66.249.73.11 - - [20/Jul/2025:23:36:26 +0000] "GET /product/snake50880452.htm HTTP/1.1" 200 40229 "-" "Mozilla/5.0 (Linux; Android 6.0.1; Nexus 5X Build/MMB29P) AppleWebKit/537.36 (KHTML, like Gecko) Chrome/137.0.7151.103 Mobile Safari/537.36 (compatible; Googlebot/2.1; +http://www.google.com/bot.html)"
66.249.73.12 - - [20/Jul/2025:23:37:18 +0000] "GET /product/darin32199506.htm HTTP/1.1" 200 40457 "-" "Mozilla/5.0 (Linux; Android 6.0.1; Nexus 5X Build/MMB29P) AppleWebKit/537.36 (KHTML, like Gecko) Chrome/137.0.7151.103 Mobile Safari/537.36 (compatible; Googlebot/2.1; +http://www.google.com/bot.html)"
209.74.77.214 - - [20/Jul/2025:23:37:31 +0000] "POST /wp-cron.php?doing_wp_cron=1753054651.1605980396270751953125 HTTP/1.1" 200 - "-" "WordPress/6.8.2; https://babyl0n.restaurant"
85.208.96.207 - - [20/Jul/2025:23:37:29 +0000] "GET /wp-login.php?redirect_to=https%3A%2F%2Fbabyl0n.restaurant%2Fproduct%2Fresta32584322.htm HTTP/1.1" 200 1861 "-" "Mozilla/5.0 (compatible; SemrushBot/7~bl; +http://www.semrush.com/bot.html)"
66.249.73.11 - - [20/Jul/2025:23:37:32 +0000] "GET /product/shape11348752.htm HTTP/1.1" 200 40073 "-" "Mozilla/5.0 (Linux; Android 6.0.1; Nexus 5X Build/MMB29P) AppleWebKit/537.36 (KHTML, like Gecko) Chrome/137.0.7151.103 Mobile Safari/537.36 (compatible; Googlebot/2.1; +http://www.google.com/bot.html)"
66.249.73.11 - - [20/Jul/2025:23:37:33 +0000] "GET /product/sugar11440216.htm HTTP/1.1" 200 39849 "-" "Mozilla/5.0 (Linux; Android 6.0.1; Nexus 5X Build/MMB29P) AppleWebKit/537.36 (KHTML, like Gecko) Chrome/137.0.7151.103 Mobile Safari/537.36 (compatible; Googlebot/2.1; +http://www.google.com/bot.html)"
66.249.73.11 - - [20/Jul/2025:23:37:35 +0000] "GET /product/threa32201226.htm HTTP/1.1" 200 40175 "-" "Mozilla/5.0 (Linux; Android 6.0.1; Nexus 5X Build/MMB29P) AppleWebKit/537.36 (KHTML, like Gecko) Chrome/137.0.7151.103 Mobile Safari/537.36 (compatible; Googlebot/2.1; +http://www.google.com/bot.html)"
66.249.73.10 - - [20/Jul/2025:23:37:37 +0000] "GET /product/cherr31279594.htm HTTP/1.1" 200 39979 "-" "Mozilla/5.0 (Linux; Android 6.0.1; Nexus 5X Build/MMB29P) AppleWebKit/537.36 (KHTML, like Gecko) Chrome/137.0.7151.103 Mobile Safari/537.36 (compatible; Googlebot/2.1; +http://www.google.com/bot.html)"
66.249.73.10 - - [20/Jul/2025:23:37:38 +0000] "GET /product/hire40226003.htm HTTP/1.1" 200 40179 "-" "Mozilla/5.0 (Linux; Android 6.0.1; Nexus 5X Build/MMB29P) AppleWebKit/537.36 (KHTML, like Gecko) Chrome/137.0.7151.103 Mobile Safari/537.36 (compatible; Googlebot/2.1; +http://www.google.com/bot.html)"
66.249.73.10 - - [20/Jul/2025:23:37:40 +0000] "GET /product/sprea81137679.htm HTTP/1.1" 200 40111 "-" "Mozilla/5.0 (Linux; Android 6.0.1; Nexus 5X Build/MMB29P) AppleWebKit/537.36 (KHTML, like Gecko) Chrome/137.0.7151.103 Mobile Safari/537.36 (compatible; Googlebot/2.1; +http://www.google.com/bot.html)"
66.249.73.10 - - [20/Jul/2025:23:37:40 +0000] "POST /get-message-notify HTTP/1.1" 200 39765 "https://babyl0n.restaurant/product/threa32201226.htm" "Mozilla/5.0 (Linux; Android 6.0.1; Nexus 5X Build/MMB29P) AppleWebKit/537.36 (KHTML, like Gecko) Chrome/137.0.7151.119 Mobile Safari/537.36 (compatible; Googlebot/2.1; +http://www.google.com/bot.html)"
66.249.73.10 - - [20/Jul/2025:23:37:42 +0000] "GET /product/inn31267194.htm HTTP/1.1" 200 39851 "-" "Mozilla/5.0 (Linux; Android 6.0.1; Nexus 5X Build/MMB29P) AppleWebKit/537.36 (KHTML, like Gecko) Chrome/137.0.7151.103 Mobile Safari/537.36 (compatible; Googlebot/2.1; +http://www.google.com/bot.html)"
66.249.73.10 - - [20/Jul/2025:23:37:45 +0000] "POST /get-message-notify HTTP/1.1" 200 39722 "https://babyl0n.restaurant/product/inn31267194.htm" "Mozilla/5.0 (Linux; Android 6.0.1; Nexus 5X Build/MMB29P) AppleWebKit/537.36 (KHTML, like Gecko) Chrome/137.0.7151.119 Mobile Safari/537.36 (compatible; Googlebot/2.1; +http://www.google.com/bot.html)"
66.249.73.12 - - [20/Jul/2025:23:38:07 +0000] "POST /get-message-notify HTTP/1.1" 200 39823 "https://babyl0n.restaurant/product/shape11348752.htm" "Mozilla/5.0 (Linux; Android 6.0.1; Nexus 5X Build/MMB29P) AppleWebKit/537.36 (KHTML, like Gecko) Chrome/137.0.7151.119 Mobile Safari/537.36 (compatible; Googlebot/2.1; +http://www.google.com/bot.html)"
185.191.171.16 - - [20/Jul/2025:23:38:09 +0000] "GET /wp-login.php?redirect_to=https%3A%2F%2Fbabyl0n.restaurant%2Fproduct%2Fsubse80590599.htm HTTP/1.1" 200 1861 "-" "Mozilla/5.0 (compatible; SemrushBot/7~bl; +http://www.semrush.com/bot.html)"
85.208.96.194 - - [20/Jul/2025:23:38:14 +0000] "GET /wp-login.php?redirect_to=https%3A%2F%2Fbabyl0n.restaurant%2Fproduct%2Fhighl42722363.htm HTTP/1.1" 200 1863 "-" "Mozilla/5.0 (compatible; SemrushBot/7~bl; +http://www.semrush.com/bot.html)"
66.249.73.11 - - [20/Jul/2025:23:38:48 +0000] "POST /get-message-notify HTTP/1.1" 200 39717 "https://babyl0n.restaurant/product/sprea81137679.htm" "Mozilla/5.0 (Linux; Android 6.0.1; Nexus 5X Build/MMB29P) AppleWebKit/537.36 (KHTML, like Gecko) Chrome/137.0.7151.119 Mobile Safari/537.36 (compatible; Googlebot/2.1; +http://www.google.com/bot.html)"
209.74.77.214 - - [20/Jul/2025:23:38:57 +0000] "POST /wp-cron.php?doing_wp_cron=1753054737.3621079921722412109375 HTTP/1.1" 200 - "-" "WordPress/6.8.2; https://babyl0n.restaurant"
85.208.96.202 - - [20/Jul/2025:23:38:56 +0000] "GET /wp-login.php?redirect_to=https%3A%2F%2Fbabyl0n.restaurant%2Fproduct%2Favid50627820.htm HTTP/1.1" 200 1862 "-" "Mozilla/5.0 (compatible; SemrushBot/7~bl; +http://www.semrush.com/bot.html)"
66.249.73.11 - - [20/Jul/2025:23:39:29 +0000] "GET /product/rib61199621.htm HTTP/1.1" 200 39771 "-" "Mozilla/5.0 (Linux; Android 6.0.1; Nexus 5X Build/MMB29P) AppleWebKit/537.36 (KHTML, like Gecko) Chrome/137.0.7151.103 Mobile Safari/537.36 (compatible; Googlebot/2.1; +http://www.google.com/bot.html)"
209.74.77.214 - - [20/Jul/2025:23:40:22 +0000] "POST /wp-cron.php?doing_wp_cron=1753054822.3695940971374511718750 HTTP/1.1" 200 - "-" "WordPress/6.8.2; https://babyl0n.restaurant"
85.208.96.203 - - [20/Jul/2025:23:40:21 +0000] "GET /wp-login.php?redirect_to=https%3A%2F%2Fbabyl0n.restaurant%2Fproduct%2Foutgo62869333.htm HTTP/1.1" 200 1864 "-" "Mozilla/5.0 (compatible; SemrushBot/7~bl; +http://www.semrush.com/bot.html)"
185.191.171.13 - - [20/Jul/2025:23:41:00 +0000] "GET /wp-login.php?redirect_to=https%3A%2F%2Fbabyl0n.restaurant%2Fproduct%2Fgasol42083155.htm HTTP/1.1" 200 1863 "-" "Mozilla/5.0 (compatible; SemrushBot/7~bl; +http://www.semrush.com/bot.html)"
66.249.73.10 - - [20/Jul/2025:23:41:39 +0000] "GET /product/refra11914080.htm HTTP/1.1" 200 40674 "-" "Mozilla/5.0 (Linux; Android 6.0.1; Nexus 5X Build/MMB29P) AppleWebKit/537.36 (KHTML, like Gecko) Chrome/137.0.7151.103 Mobile Safari/537.36 (compatible; Googlebot/2.1; +http://www.google.com/bot.html)"
209.74.77.214 - - [20/Jul/2025:23:42:09 +0000] "POST /wp-cron.php?doing_wp_cron=1753054929.1700909137725830078125 HTTP/1.1" 200 - "-" "WordPress/6.8.2; https://babyl0n.restaurant"
185.191.171.4 - - [20/Jul/2025:23:42:07 +0000] "GET /wp-login.php?redirect_to=https%3A%2F%2Fbabyl0n.restaurant%2Fproduct%2Fborin31457266.htm HTTP/1.1" 200 1864 "-" "Mozilla/5.0 (compatible; SemrushBot/7~bl; +http://www.semrush.com/bot.html)"
66.249.73.12 - - [20/Jul/2025:23:42:35 +0000] "POST /get-message-notify HTTP/1.1" 200 39768 "https://babyl0n.restaurant/product/unity11279008.htm" "Mozilla/5.0 (Linux; Android 6.0.1; Nexus 5X Build/MMB29P) AppleWebKit/537.36 (KHTML, like Gecko) Chrome/137.0.7151.119 Mobile Safari/537.36 (compatible; Googlebot/2.1; +http://www.google.com/bot.html)"
66.249.73.10 - - [20/Jul/2025:23:42:54 +0000] "GET /product/radic52894252.htm HTTP/1.1" 200 40184 "-" "Mozilla/5.0 (Linux; Android 6.0.1; Nexus 5X Build/MMB29P) AppleWebKit/537.36 (KHTML, like Gecko) Chrome/137.0.7151.103 Mobile Safari/537.36 (compatible; Googlebot/2.1; +http://www.google.com/bot.html)"
66.249.73.11 - - [20/Jul/2025:23:44:10 +0000] "GET /product/look61421149.htm HTTP/1.1" 200 39931 "-" "Mozilla/5.0 (Linux; Android 6.0.1; Nexus 5X Build/MMB29P) AppleWebKit/537.36 (KHTML, like Gecko) Chrome/137.0.7151.103 Mobile Safari/537.36 (compatible; Googlebot/2.1; +http://www.google.com/bot.html)"
209.74.77.214 - - [20/Jul/2025:23:44:39 +0000] "POST /wp-cron.php?doing_wp_cron=1753055079.5006759166717529296875 HTTP/1.1" 200 - "-" "WordPress/6.8.2; https://babyl0n.restaurant"
206.168.34.218 - - [20/Jul/2025:23:44:37 +0000] "GET / HTTP/1.1" 301 - "-" "Mozilla/5.0 (compatible; CensysInspect/1.1; +https://about.censys.io/)"
85.208.96.200 - - [20/Jul/2025:23:44:45 +0000] "GET /wp-login.php?redirect_to=https%3A%2F%2Fbabyl0n.restaurant%2Fproduct%2Fmemor82132463.htm HTTP/1.1" 200 1862 "-" "Mozilla/5.0 (compatible; SemrushBot/7~bl; +http://www.semrush.com/bot.html)"
209.74.77.214 - - [20/Jul/2025:23:45:18 +0000] "POST /wp-cron.php?doing_wp_cron=1753055118.8225219249725341796875 HTTP/1.1" 200 - "-" "WordPress/6.8.2; https://babyl0n.restaurant"
206.168.34.218 - - [20/Jul/2025:23:45:17 +0000] "GET / HTTP/1.1" 200 11284 "-" "Mozilla/5.0 (compatible; CensysInspect/1.1; +https://about.censys.io/)"
206.168.34.218 - - [20/Jul/2025:23:45:23 +0000] "GET /favicon.ico HTTP/1.1" 302 - "-" "Mozilla/5.0 (compatible; CensysInspect/1.1; +https://about.censys.io/)"
66.249.73.11 - - [20/Jul/2025:23:45:28 +0000] "GET /product/shop51368060.htm HTTP/1.1" 200 40444 "-" "Mozilla/5.0 (Linux; Android 6.0.1; Nexus 5X Build/MMB29P) AppleWebKit/537.36 (KHTML, like Gecko) Chrome/137.0.7151.103 Mobile Safari/537.36 (compatible; Googlebot/2.1; +http://www.google.com/bot.html)"
209.74.77.214 - - [20/Jul/2025:23:46:11 +0000] "POST /wp-cron.php?doing_wp_cron=1753055171.3847980499267578125000 HTTP/1.1" 200 - "-" "WordPress/6.8.2; https://babyl0n.restaurant"
206.168.34.218 - - [20/Jul/2025:23:46:09 +0000] "GET /favicon.ico HTTP/1.1" 302 - "-" "Mozilla/5.0 (compatible; CensysInspect/1.1; +https://about.censys.io/)"
206.168.34.218 - - [20/Jul/2025:23:46:16 +0000] "GET /wp-includes/images/w-logo-blue-white-bg.png HTTP/1.1" 200 4119 "https://babyl0n.restaurant/favicon.ico" "Mozilla/5.0 (compatible; CensysInspect/1.1; +https://about.censys.io/)"
209.74.77.214 - - [20/Jul/2025:23:46:40 +0000] "POST /wp-cron.php?doing_wp_cron=1753055200.2009339332580566406250 HTTP/1.1" 200 - "-" "WordPress/6.8.2; https://babyl0n.restaurant"
206.168.34.218 - - [20/Jul/2025:23:46:40 +0000] "GET /wiki HTTP/1.1" 404 11512 "-" "Mozilla/5.0 (compatible; CensysInspect/1.1; +https://about.censys.io/)"
85.208.96.199 - - [20/Jul/2025:23:46:40 +0000] "GET /wp-login.php?redirect_to=https%3A%2F%2Fbabyl0n.restaurant%2Fproduct%2Ffame31703514.htm HTTP/1.1" 200 1861 "-" "Mozilla/5.0 (compatible; SemrushBot/7~bl; +http://www.semrush.com/bot.html)"
85.208.96.200 - - [20/Jul/2025:23:47:09 +0000] "GET /wp-login.php?redirect_to=https%3A%2F%2Fbabyl0n.restaurant%2Fproduct%2Fmajor71037430.htm HTTP/1.1" 200 1863 "-" "Mozilla/5.0 (compatible; SemrushBot/7~bl; +http://www.semrush.com/bot.html)"
85.208.96.194 - - [20/Jul/2025:23:47:14 +0000] "GET /wp-login.php?redirect_to=https%3A%2F%2Fbabyl0n.restaurant%2Fproduct%2Fsmoot62856141.htm HTTP/1.1" 200 1863 "-" "Mozilla/5.0 (compatible; SemrushBot/7~bl; +http://www.semrush.com/bot.html)"
209.74.77.214 - - [20/Jul/2025:23:48:02 +0000] "POST /wp-cron.php?doing_wp_cron=1753055282.8753569126129150390625 HTTP/1.1" 200 - "-" "WordPress/6.8.2; https://babyl0n.restaurant"
185.191.171.3 - - [20/Jul/2025:23:48:00 +0000] "GET /wp-login.php?redirect_to=https%3A%2F%2Fbabyl0n.restaurant%2Fproduct%2Fvalue12932320.htm HTTP/1.1" 200 1861 "-" "Mozilla/5.0 (compatible; SemrushBot/7~bl; +http://www.semrush.com/bot.html)"
85.208.96.195 - - [20/Jul/2025:23:48:16 +0000] "GET /wp-login.php?redirect_to=https%3A%2F%2Fbabyl0n.restaurant%2Fproduct%2Fcrust71714918.htm HTTP/1.1" 200 1862 "-" "Mozilla/5.0 (compatible; SemrushBot/7~bl; +http://www.semrush.com/bot.html)"
209.74.77.214 - - [20/Jul/2025:23:48:38 +0000] "POST /wp-cron.php?doing_wp_cron=1753055318.4661219120025634765625 HTTP/1.1" 200 - "-" "WordPress/6.8.2; https://babyl0n.restaurant"
185.191.171.15 - - [20/Jul/2025:23:48:38 +0000] "GET /wp-login.php?redirect_to=https%3A%2F%2Fbabyl0n.restaurant%2Fproduct%2Fsweep32429570.htm HTTP/1.1" 200 1863 "-" "Mozilla/5.0 (compatible; SemrushBot/7~bl; +http://www.semrush.com/bot.html)"
209.74.77.214 - - [20/Jul/2025:23:50:37 +0000] "POST /wp-cron.php?doing_wp_cron=1753055437.6314990520477294921875 HTTP/1.1" 200 - "-" "WordPress/6.8.2; https://babyl0n.restaurant"
85.208.96.203 - - [20/Jul/2025:23:50:35 +0000] "GET /wp-login.php?redirect_to=https%3A%2F%2Fbabyl0n.restaurant%2Fproduct%2Freade60270661.htm HTTP/1.1" 200 1862 "-" "Mozilla/5.0 (compatible; SemrushBot/7~bl; +http://www.semrush.com/bot.html)"
85.208.96.194 - - [20/Jul/2025:23:51:13 +0000] "GET /wp-login.php?redirect_to=https%3A%2F%2Fbabyl0n.restaurant%2Fproduct%2Fdiame40250731.htm HTTP/1.1" 200 1862 "-" "Mozilla/5.0 (compatible; SemrushBot/7~bl; +http://www.semrush.com/bot.html)"
209.74.77.214 - - [20/Jul/2025:23:51:34 +0000] "POST /wp-cron.php?doing_wp_cron=1753055494.9537460803985595703125 HTTP/1.1" 200 - "-" "WordPress/6.8.2; https://babyl0n.restaurant"
185.191.171.11 - - [20/Jul/2025:23:51:34 +0000] "GET /wp-login.php?redirect_to=https%3A%2F%2Fbabyl0n.restaurant%2Fproduct%2Fabund50338012.htm HTTP/1.1" 200 1862 "-" "Mozilla/5.0 (compatible; SemrushBot/7~bl; +http://www.semrush.com/bot.html)"
85.208.96.212 - - [20/Jul/2025:23:51:41 +0000] "GET /wp-login.php?redirect_to=https%3A%2F%2Fbabyl0n.restaurant%2Fproduct%2Fposse71123142.htm HTTP/1.1" 200 1862 "-" "Mozilla/5.0 (compatible; SemrushBot/7~bl; +http://www.semrush.com/bot.html)"
209.74.77.214 - - [20/Jul/2025:23:52:29 +0000] "POST /wp-cron.php?doing_wp_cron=1753055549.4252901077270507812500 HTTP/1.1" 200 - "-" "WordPress/6.8.2; https://babyl0n.restaurant"
85.208.96.196 - - [20/Jul/2025:23:52:27 +0000] "GET /wp-login.php?redirect_to=https%3A%2F%2Fbabyl0n.restaurant%2Fproduct%2Fgerma31291226.htm HTTP/1.1" 200 1863 "-" "Mozilla/5.0 (compatible; SemrushBot/7~bl; +http://www.semrush.com/bot.html)"
185.191.171.2 - - [20/Jul/2025:23:55:31 +0000] "GET /robots.txt HTTP/1.1" 200 119 "-" "Mozilla/5.0 (compatible; SemrushBot/7~bl; +http://www.semrush.com/bot.html)"
209.74.77.214 - - [20/Jul/2025:23:55:33 +0000] "POST /wp-cron.php?doing_wp_cron=1753055733.8574149608612060546875 HTTP/1.1" 200 - "-" "WordPress/6.8.2; https://babyl0n.restaurant"
85.208.96.204 - - [20/Jul/2025:23:55:32 +0000] "GET /wp-login.php?redirect_to=https%3A%2F%2Fbabyl0n.restaurant%2Fproduct%2Fdyke60727965.htm HTTP/1.1" 200 1863 "-" "Mozilla/5.0 (compatible; SemrushBot/7~bl; +http://www.semrush.com/bot.html)"
185.191.171.4 - - [20/Jul/2025:23:55:37 +0000] "GET /wp-login.php?redirect_to=https%3A%2F%2Fbabyl0n.restaurant%2Fproduct%2Freinf41982211.htm HTTP/1.1" 200 1863 "-" "Mozilla/5.0 (compatible; SemrushBot/7~bl; +http://www.semrush.com/bot.html)"
209.74.77.214 - - [20/Jul/2025:23:57:03 +0000] "POST /wp-cron.php?doing_wp_cron=1753055823.2673270702362060546875 HTTP/1.1" 200 - "-" "WordPress/6.8.2; https://babyl0n.restaurant"
85.208.96.204 - - [20/Jul/2025:23:57:01 +0000] "GET /wp-login.php?redirect_to=https%3A%2F%2Fbabyl0n.restaurant%2Fproduct%2Fberry40210587.htm HTTP/1.1" 200 1862 "-" "Mozilla/5.0 (compatible; SemrushBot/7~bl; +http://www.semrush.com/bot.html)"
66.249.73.10 - - [20/Jul/2025:23:58:13 +0000] "GET /product/toe12470640.htm HTTP/1.1" 200 40009 "-" "Mozilla/5.0 (Linux; Android 6.0.1; Nexus 5X Build/MMB29P) AppleWebKit/537.36 (KHTML, like Gecko) Chrome/137.0.7151.103 Mobile Safari/537.36 (compatible; Googlebot/2.1; +http://www.google.com/bot.html)"
66.249.73.10 - - [20/Jul/2025:23:58:14 +0000] "GET /product/recov20902113.htm HTTP/1.1" 200 40925 "-" "Mozilla/5.0 (Linux; Android 6.0.1; Nexus 5X Build/MMB29P) AppleWebKit/537.36 (KHTML, like Gecko) Chrome/137.0.7151.103 Mobile Safari/537.36 (compatible; Googlebot/2.1; +http://www.google.com/bot.html)"
66.249.73.10 - - [20/Jul/2025:23:58:15 +0000] "GET /product/twice50876700.htm HTTP/1.1" 200 40043 "-" "Mozilla/5.0 (Linux; Android 6.0.1; Nexus 5X Build/MMB29P) AppleWebKit/537.36 (KHTML, like Gecko) Chrome/137.0.7151.103 Mobile Safari/537.36 (compatible; Googlebot/2.1; +http://www.google.com/bot.html)"
66.249.73.12 - - [20/Jul/2025:23:58:16 +0000] "GET /product/deep62840557.htm HTTP/1.1" 200 40113 "-" "Mozilla/5.0 (Linux; Android 6.0.1; Nexus 5X Build/MMB29P) AppleWebKit/537.36 (KHTML, like Gecko) Chrome/137.0.7151.103 Mobile Safari/537.36 (compatible; Googlebot/2.1; +http://www.google.com/bot.html)"
66.249.73.11 - - [20/Jul/2025:23:58:17 +0000] "GET /product/janua52201124.htm HTTP/1.1" 200 41133 "-" "Mozilla/5.0 (Linux; Android 6.0.1; Nexus 5X Build/MMB29P) AppleWebKit/537.36 (KHTML, like Gecko) Chrome/137.0.7151.103 Mobile Safari/537.36 (compatible; Googlebot/2.1; +http://www.google.com/bot.html)"
66.249.73.10 - - [20/Jul/2025:23:58:21 +0000] "GET /product/impli11318184.htm HTTP/1.1" 200 40223 "-" "Mozilla/5.0 (Linux; Android 6.0.1; Nexus 5X Build/MMB29P) AppleWebKit/537.36 (KHTML, like Gecko) Chrome/137.0.7151.103 Mobile Safari/537.36 (compatible; Googlebot/2.1; +http://www.google.com/bot.html)"
66.249.73.11 - - [20/Jul/2025:23:58:21 +0000] "POST /get-message-notify HTTP/1.1" 200 39908 "https://babyl0n.restaurant/product/recov20902113.htm" "Mozilla/5.0 (Linux; Android 6.0.1; Nexus 5X Build/MMB29P) AppleWebKit/537.36 (KHTML, like Gecko) Chrome/137.0.7151.119 Mobile Safari/537.36 (compatible; Googlebot/2.1; +http://www.google.com/bot.html)"
66.249.73.10 - - [20/Jul/2025:23:58:22 +0000] "GET /product/chest61729293.htm HTTP/1.1" 200 40239 "-" "Mozilla/5.0 (Linux; Android 6.0.1; Nexus 5X Build/MMB29P) AppleWebKit/537.36 (KHTML, like Gecko) Chrome/137.0.7151.103 Mobile Safari/537.36 (compatible; Googlebot/2.1; +http://www.google.com/bot.html)"
66.249.73.10 - - [20/Jul/2025:23:58:23 +0000] "GET /product/chops62549253.htm HTTP/1.1" 200 40619 "-" "Mozilla/5.0 (Linux; Android 6.0.1; Nexus 5X Build/MMB29P) AppleWebKit/537.36 (KHTML, like Gecko) Chrome/137.0.7151.103 Mobile Safari/537.36 (compatible; Googlebot/2.1; +http://www.google.com/bot.html)"
66.249.73.10 - - [20/Jul/2025:23:58:24 +0000] "GET /product/fend11483976.htm HTTP/1.1" 200 40266 "-" "Mozilla/5.0 (Linux; Android 6.0.1; Nexus 5X Build/MMB29P) AppleWebKit/537.36 (KHTML, like Gecko) Chrome/137.0.7151.103 Mobile Safari/537.36 (compatible; Googlebot/2.1; +http://www.google.com/bot.html)"
66.249.73.10 - - [20/Jul/2025:23:58:25 +0000] "GET /product/briti52087300.htm HTTP/1.1" 200 39884 "-" "Mozilla/5.0 (Linux; Android 6.0.1; Nexus 5X Build/MMB29P) AppleWebKit/537.36 (KHTML, like Gecko) Chrome/137.0.7151.103 Mobile Safari/537.36 (compatible; Googlebot/2.1; +http://www.google.com/bot.html)"
66.249.73.11 - - [20/Jul/2025:23:58:27 +0000] "GET /product/intak50206372.htm HTTP/1.1" 200 40095 "-" "Mozilla/5.0 (Linux; Android 6.0.1; Nexus 5X Build/MMB29P) AppleWebKit/537.36 (KHTML, like Gecko) Chrome/137.0.7151.103 Mobile Safari/537.36 (compatible; Googlebot/2.1; +http://www.google.com/bot.html)"
66.249.73.11 - - [20/Jul/2025:23:58:29 +0000] "GET /product/minim81402495.htm HTTP/1.1" 200 40115 "-" "Mozilla/5.0 (Linux; Android 6.0.1; Nexus 5X Build/MMB29P) AppleWebKit/537.36 (KHTML, like Gecko) Chrome/137.0.7151.103 Mobile Safari/537.36 (compatible; Googlebot/2.1; +http://www.google.com/bot.html)"
209.74.77.214 - - [20/Jul/2025:23:58:30 +0000] "POST /wp-cron.php?doing_wp_cron=1753055910.2307479381561279296875 HTTP/1.1" 200 - "-" "WordPress/6.8.2; https://babyl0n.restaurant"
185.191.171.13 - - [20/Jul/2025:23:58:28 +0000] "GET /product/breakfast-platter/ HTTP/1.1" 200 12054 "-" "Mozilla/5.0 (compatible; SemrushBot/7~bl; +http://www.semrush.com/bot.html)"
