185.191.171.17 - - [20/Jul/2025:14:58:30 +0000] "GET /wp-login.php?redirect_to=https%3A%2F%2Fbabyl0n.restaurant%2Fproduct%2Fhundr62636421.htm HTTP/1.1" 200 1863 "-" "Mozilla/5.0 (compatible; SemrushBot/7~bl; +http://www.semrush.com/bot.html)"
185.191.171.19 - - [20/Jul/2025:14:58:38 +0000] "GET /wp-login.php?redirect_to=https%3A%2F%2Fbabyl0n.restaurant%2Fproduct%2Fbanne82754591.htm HTTP/1.1" 200 1863 "-" "Mozilla/5.0 (compatible; SemrushBot/7~bl; +http://www.semrush.com/bot.html)"
209.74.77.214 - - [20/Jul/2025:14:59:45 +0000] "POST /wp-cron.php?doing_wp_cron=1753023585.7575631141662597656250 HTTP/1.1" 200 - "-" "WordPress/6.8.2; https://babyl0n.restaurant"
185.191.171.13 - - [20/Jul/2025:14:59:44 +0000] "GET /wp-login.php?redirect_to=https%3A%2F%2Fbabyl0n.restaurant%2Fproduct%2Fconde71966606.htm HTTP/1.1" 200 1862 "-" "Mozilla/5.0 (compatible; SemrushBot/7~bl; +http://www.semrush.com/bot.html)"
85.208.96.207 - - [20/Jul/2025:14:59:58 +0000] "GET /wp-login.php?redirect_to=https%3A%2F%2Fbabyl0n.restaurant%2Fproduct%2Fradar51219380.htm HTTP/1.1" 200 1863 "-" "Mozilla/5.0 (compatible; SemrushBot/7~bl; +http://www.semrush.com/bot.html)"
185.191.171.18 - - [20/Jul/2025:15:00:02 +0000] "GET /wp-login.php?redirect_to=https%3A%2F%2Fbabyl0n.restaurant%2Fproduct%2Fjoyfu50267484.htm HTTP/1.1" 200 1864 "-" "Mozilla/5.0 (compatible; SemrushBot/7~bl; +http://www.semrush.com/bot.html)"
185.191.171.15 - - [20/Jul/2025:15:00:15 +0000] "GET /wp-login.php?redirect_to=https%3A%2F%2Fbabyl0n.restaurant%2Fproduct%2Felan42187835.htm HTTP/1.1" 200 1862 "-" "Mozilla/5.0 (compatible; SemrushBot/7~bl; +http://www.semrush.com/bot.html)"
209.74.77.214 - - [20/Jul/2025:15:00:33 +0000] "POST /wp-cron.php?doing_wp_cron=1753023633.3279969692230224609375 HTTP/1.1" 200 - "-" "WordPress/6.8.2; https://babyl0n.restaurant"
185.191.171.7 - - [20/Jul/2025:15:00:33 +0000] "GET /wp-login.php?redirect_to=https%3A%2F%2Fbabyl0n.restaurant%2Fproduct%2Ffour60144189.htm HTTP/1.1" 200 1861 "-" "Mozilla/5.0 (compatible; SemrushBot/7~bl; +http://www.semrush.com/bot.html)"
85.208.96.203 - - [20/Jul/2025:15:00:38 +0000] "GET /wp-login.php?redirect_to=https%3A%2F%2Fbabyl0n.restaurant%2Fproduct%2Fworsh22567161.htm HTTP/1.1" 200 1862 "-" "Mozilla/5.0 (compatible; SemrushBot/7~bl; +http://www.semrush.com/bot.html)"
66.249.73.12 - - [20/Jul/2025:15:01:16 +0000] "GET /product/get30925786.htm HTTP/1.1" 200 40363 "-" "Mozilla/5.0 (Linux; Android 6.0.1; Nexus 5X Build/MMB29P) AppleWebKit/537.36 (KHTML, like Gecko) Chrome/137.0.7151.103 Mobile Safari/537.36 (compatible; Googlebot/2.1; +http://www.google.com/bot.html)"
66.249.73.10 - - [20/Jul/2025:15:01:52 +0000] "POST /get-message-notify HTTP/1.1" 200 39836 "https://babyl0n.restaurant/product/get30925786.htm" "Mozilla/5.0 (Linux; Android 6.0.1; Nexus 5X Build/MMB29P) AppleWebKit/537.36 (KHTML, like Gecko) Chrome/137.0.7151.119 Mobile Safari/537.36 (compatible; Googlebot/2.1; +http://www.google.com/bot.html)"
209.74.77.214 - - [20/Jul/2025:15:01:54 +0000] "POST /wp-cron.php?doing_wp_cron=1753023714.3631770610809326171875 HTTP/1.1" 200 - "-" "WordPress/6.8.2; https://babyl0n.restaurant"
185.191.171.10 - - [20/Jul/2025:15:01:53 +0000] "GET /wp-login.php?redirect_to=https%3A%2F%2Fbabyl0n.restaurant%2Fproduct%2Fdebat40927563.htm HTTP/1.1" 200 1863 "-" "Mozilla/5.0 (compatible; SemrushBot/7~bl; +http://www.semrush.com/bot.html)"
185.191.171.18 - - [20/Jul/2025:15:01:58 +0000] "GET /wp-login.php?redirect_to=https%3A%2F%2Fbabyl0n.restaurant%2Fproduct%2Fdevic50497948.htm HTTP/1.1" 200 1861 "-" "Mozilla/5.0 (compatible; SemrushBot/7~bl; +http://www.semrush.com/bot.html)"
85.208.96.194 - - [20/Jul/2025:15:02:01 +0000] "GET /wp-login.php?redirect_to=https%3A%2F%2Fbabyl0n.restaurant%2Fproduct%2Fscand32603794.htm HTTP/1.1" 200 1862 "-" "Mozilla/5.0 (compatible; SemrushBot/7~bl; +http://www.semrush.com/bot.html)"
185.191.171.19 - - [20/Jul/2025:15:02:05 +0000] "GET /wp-login.php?redirect_to=https%3A%2F%2Fbabyl0n.restaurant%2Fproduct%2Forang62781125.htm HTTP/1.1" 200 1862 "-" "Mozilla/5.0 (compatible; SemrushBot/7~bl; +http://www.semrush.com/bot.html)"
185.191.171.13 - - [20/Jul/2025:15:02:09 +0000] "GET /wp-login.php?redirect_to=https%3A%2F%2Fbabyl0n.restaurant%2Fproduct%2Fpredi70141606.htm HTTP/1.1" 200 1860 "-" "Mozilla/5.0 (compatible; SemrushBot/7~bl; +http://www.semrush.com/bot.html)"
209.74.77.214 - - [20/Jul/2025:15:02:30 +0000] "POST /wp-cron.php?doing_wp_cron=1753023750.1622428894042968750000 HTTP/1.1" 200 - "-" "WordPress/6.8.2; https://babyl0n.restaurant"
85.208.96.207 - - [20/Jul/2025:15:02:30 +0000] "GET /wp-login.php?redirect_to=https%3A%2F%2Fbabyl0n.restaurant%2Fproduct%2Fbring41557683.htm HTTP/1.1" 200 1863 "-" "Mozilla/5.0 (compatible; SemrushBot/7~bl; +http://www.semrush.com/bot.html)"
185.191.171.19 - - [20/Jul/2025:15:02:34 +0000] "GET /wp-login.php?redirect_to=https%3A%2F%2Fbabyl0n.restaurant%2Fproduct%2Fancho71922806.htm HTTP/1.1" 200 1863 "-" "Mozilla/5.0 (compatible; SemrushBot/7~bl; +http://www.semrush.com/bot.html)"
185.191.171.11 - - [20/Jul/2025:15:02:40 +0000] "GET /wp-login.php?redirect_to=https%3A%2F%2Fbabyl0n.restaurant%2Fproduct%2Freall32585810.htm HTTP/1.1" 200 1863 "-" "Mozilla/5.0 (compatible; SemrushBot/7~bl; +http://www.semrush.com/bot.html)"
66.249.73.11 - - [20/Jul/2025:15:02:49 +0000] "GET /product/faint52726740.htm HTTP/1.1" 200 40133 "-" "Mozilla/5.0 (Linux; Android 6.0.1; Nexus 5X Build/MMB29P) AppleWebKit/537.36 (KHTML, like Gecko) Chrome/137.0.7151.103 Mobile Safari/537.36 (compatible; Googlebot/2.1; +http://www.google.com/bot.html)"
66.249.73.10 - - [20/Jul/2025:15:02:56 +0000] "GET /product/repor72608206.htm HTTP/1.1" 200 40568 "-" "Mozilla/5.0 (Linux; Android 6.0.1; Nexus 5X Build/MMB29P) AppleWebKit/537.36 (KHTML, like Gecko) Chrome/137.0.7151.103 Mobile Safari/537.36 (compatible; Googlebot/2.1; +http://www.google.com/bot.html)"
45.227.253.15 - - [20/Jul/2025:15:03:12 +0000] "GET /wp-admin/css/colors/ectoplasm/ectoplasm/index.php?ARRAY=7o2230223n313735333032373530312p2231223n22687474703n5p2s5p2s6p776n39302r67756172652r77696o695p2s3s6p633q78696164616r5s72616r645s7061746826743q313735333032333930312q3764343936303131373432393434346432666439633665323433333862663537222p2232223n223762386366646238626438376235633330396336653834323133386333373366222p2233223n223433636166353462343930386234303338313861353963386339653165303235222p2262696r675s70617373223n2232342q33322q35312q36332q37312q38342q3132227q HTTP/1.1" 200 - "-" "Mozilla/5.0 (iPhone; CPU iPhone OS 11_3 like Mac OS X) AppleWebKit/605.1.15 (KHTML, like Gecko) Version/11.0.4 Mobile/15E148 Safari/604.1"
66.249.73.11 - - [20/Jul/2025:15:03:16 +0000] "POST /get-message-notify HTTP/1.1" 200 39903 "https://babyl0n.restaurant/product/repor72608206.htm" "Mozilla/5.0 (Linux; Android 6.0.1; Nexus 5X Build/MMB29P) AppleWebKit/537.36 (KHTML, like Gecko) Chrome/137.0.7151.119 Mobile Safari/537.36 (compatible; Googlebot/2.1; +http://www.google.com/bot.html)"
66.249.73.11 - - [20/Jul/2025:15:03:33 +0000] "GET /product/hopel50126780.htm HTTP/1.1" 200 41104 "-" "Mozilla/5.0 (Linux; Android 6.0.1; Nexus 5X Build/MMB29P) AppleWebKit/537.36 (KHTML, like Gecko) Chrome/137.0.7151.103 Mobile Safari/537.36 (compatible; Googlebot/2.1; +http://www.google.com/bot.html)"
66.249.73.10 - - [20/Jul/2025:15:03:37 +0000] "POST /get-message-notify HTTP/1.1" 200 39726 "https://babyl0n.restaurant/product/hopel50126780.htm" "Mozilla/5.0 (Linux; Android 6.0.1; Nexus 5X Build/MMB29P) AppleWebKit/537.36 (KHTML, like Gecko) Chrome/137.0.7151.119 Mobile Safari/537.36 (compatible; Googlebot/2.1; +http://www.google.com/bot.html)"
209.74.77.214 - - [20/Jul/2025:15:03:45 +0000] "POST /wp-cron.php?doing_wp_cron=1753023825.2373139858245849609375 HTTP/1.1" 200 - "-" "WordPress/6.8.2; https://babyl0n.restaurant"
85.208.96.210 - - [20/Jul/2025:15:03:44 +0000] "GET /wp-login.php?redirect_to=https%3A%2F%2Fbabyl0n.restaurant%2Fproduct%2Fatomi12726992.htm HTTP/1.1" 200 1863 "-" "Mozilla/5.0 (compatible; SemrushBot/7~bl; +http://www.semrush.com/bot.html)"
85.208.96.205 - - [20/Jul/2025:15:04:15 +0000] "GET /wp-login.php?redirect_to=https%3A%2F%2Fbabyl0n.restaurant%2Fproduct%2Fanyon60612213.htm HTTP/1.1" 200 1863 "-" "Mozilla/5.0 (compatible; SemrushBot/7~bl; +http://www.semrush.com/bot.html)"
209.74.77.214 - - [20/Jul/2025:15:04:20 +0000] "POST /wp-cron.php?doing_wp_cron=1753023860.4836320877075195312500 HTTP/1.1" 200 - "-" "WordPress/6.8.2; https://babyl0n.restaurant"
185.191.171.15 - - [20/Jul/2025:15:04:20 +0000] "GET /wp-login.php?redirect_to=https%3A%2F%2Fbabyl0n.restaurant%2Fproduct%2Flater12745456.htm HTTP/1.1" 200 1862 "-" "Mozilla/5.0 (compatible; SemrushBot/7~bl; +http://www.semrush.com/bot.html)"
185.191.171.15 - - [20/Jul/2025:15:04:34 +0000] "GET /wp-login.php?redirect_to=https%3A%2F%2Fbabyl0n.restaurant%2Fproduct%2Fspotl50825452.htm HTTP/1.1" 200 1863 "-" "Mozilla/5.0 (compatible; SemrushBot/7~bl; +http://www.semrush.com/bot.html)"
185.191.171.15 - - [20/Jul/2025:15:04:39 +0000] "GET /wp-login.php?redirect_to=https%3A%2F%2Fbabyl0n.restaurant%2Fproduct%2Fpanel71738742.htm HTTP/1.1" 200 1863 "-" "Mozilla/5.0 (compatible; SemrushBot/7~bl; +http://www.semrush.com/bot.html)"
66.249.73.11 - - [20/Jul/2025:15:05:15 +0000] "GET /product/pea50235372.htm HTTP/1.1" 200 40006 "-" "Mozilla/5.0 (Linux; Android 6.0.1; Nexus 5X Build/MMB29P) AppleWebKit/537.36 (KHTML, like Gecko) Chrome/137.0.7151.103 Mobile Safari/537.36 (compatible; Googlebot/2.1; +http://www.google.com/bot.html)"
209.74.77.214 - - [20/Jul/2025:15:05:18 +0000] "POST /wp-cron.php?doing_wp_cron=1753023918.0733380317687988281250 HTTP/1.1" 200 - "-" "WordPress/6.8.2; https://babyl0n.restaurant"
165.232.157.0 - - [20/Jul/2025:15:05:17 +0000] "GET /files.php HTTP/1.1" 404 11515 "https://www.google.com" "Mozilla/5.0 (Linux; Android 7.0; SM-G892A Build/NRD90M; wv) AppleWebKit/537.36 (KHTML, like Gecko) Version/4.0 Chrome/60.0.3112.107 Mobile Safari/537.36"
66.249.73.10 - - [20/Jul/2025:15:05:18 +0000] "POST /get-message-notify HTTP/1.1" 200 39764 "https://babyl0n.restaurant/product/pea50235372.htm" "Mozilla/5.0 (Linux; Android 6.0.1; Nexus 5X Build/MMB29P) AppleWebKit/537.36 (KHTML, like Gecko) Chrome/137.0.7151.119 Mobile Safari/537.36 (compatible; Googlebot/2.1; +http://www.google.com/bot.html)"
185.191.171.9 - - [20/Jul/2025:15:05:31 +0000] "GET /wp-login.php?redirect_to=https%3A%2F%2Fbabyl0n.restaurant%2Fproduct%2Faccep12904200.htm HTTP/1.1" 200 1862 "-" "Mozilla/5.0 (compatible; SemrushBot/7~bl; +http://www.semrush.com/bot.html)"
85.208.96.206 - - [20/Jul/2025:15:05:55 +0000] "GET /wp-login.php?redirect_to=https%3A%2F%2Fbabyl0n.restaurant%2Fproduct%2Fhosti72550822.htm HTTP/1.1" 200 1863 "-" "Mozilla/5.0 (compatible; SemrushBot/7~bl; +http://www.semrush.com/bot.html)"
185.191.171.8 - - [20/Jul/2025:15:05:59 +0000] "GET /wp-login.php?redirect_to=https%3A%2F%2Fbabyl0n.restaurant%2Fproduct%2Fbob52519948.htm HTTP/1.1" 200 1862 "-" "Mozilla/5.0 (compatible; SemrushBot/7~bl; +http://www.semrush.com/bot.html)"
185.191.171.19 - - [20/Jul/2025:15:06:13 +0000] "GET /wp-login.php?redirect_to=https%3A%2F%2Fbabyl0n.restaurant%2Fproduct%2Fcake30572122.htm HTTP/1.1" 200 1862 "-" "Mozilla/5.0 (compatible; SemrushBot/7~bl; +http://www.semrush.com/bot.html)"
66.249.73.11 - - [20/Jul/2025:15:06:22 +0000] "GET /product/bowl32857058.htm HTTP/1.1" 200 40425 "-" "Mozilla/5.0 (Linux; Android 6.0.1; Nexus 5X Build/MMB29P) AppleWebKit/537.36 (KHTML, like Gecko) Chrome/137.0.7151.103 Mobile Safari/537.36 (compatible; Googlebot/2.1; +http://www.google.com/bot.html)"
209.74.77.214 - - [20/Jul/2025:15:06:34 +0000] "POST /wp-cron.php?doing_wp_cron=1753023994.5330369472503662109375 HTTP/1.1" 200 - "-" "WordPress/6.8.2; https://babyl0n.restaurant"
185.191.171.1 - - [20/Jul/2025:15:06:34 +0000] "GET /wp-login.php?redirect_to=https%3A%2F%2Fbabyl0n.restaurant%2Fproduct%2Fincom70466414.htm HTTP/1.1" 200 1863 "-" "Mozilla/5.0 (compatible; SemrushBot/7~bl; +http://www.semrush.com/bot.html)"
185.191.171.14 - - [20/Jul/2025:15:06:40 +0000] "GET /wp-login.php?redirect_to=https%3A%2F%2Fbabyl0n.restaurant%2Fproduct%2Fmistr82555439.htm HTTP/1.1" 200 1864 "-" "Mozilla/5.0 (compatible; SemrushBot/7~bl; +http://www.semrush.com/bot.html)"
85.208.96.194 - - [20/Jul/2025:15:06:43 +0000] "GET /wp-login.php?redirect_to=https%3A%2F%2Fbabyl0n.restaurant%2Fproduct%2Fboot52419388.htm HTTP/1.1" 200 1862 "-" "Mozilla/5.0 (compatible; SemrushBot/7~bl; +http://www.semrush.com/bot.html)"
66.249.73.11 - - [20/Jul/2025:15:07:09 +0000] "GET /product/centr71912118.htm HTTP/1.1" 200 40030 "-" "Mozilla/5.0 (Linux; Android 6.0.1; Nexus 5X Build/MMB29P) AppleWebKit/537.36 (KHTML, like Gecko) Chrome/137.0.7151.103 Mobile Safari/537.36 (compatible; Googlebot/2.1; +http://www.google.com/bot.html)"
66.249.73.10 - - [20/Jul/2025:15:07:49 +0000] "GET /product/decid30169138.htm HTTP/1.1" 200 39861 "-" "Mozilla/5.0 (Linux; Android 6.0.1; Nexus 5X Build/MMB29P) AppleWebKit/537.36 (KHTML, like Gecko) Chrome/137.0.7151.103 Mobile Safari/537.36 (compatible; Googlebot/2.1; +http://www.google.com/bot.html)"
209.74.77.214 - - [20/Jul/2025:15:07:56 +0000] "POST /wp-cron.php?doing_wp_cron=1753024076.0199830532073974609375 HTTP/1.1" 200 - "-" "WordPress/6.8.2; https://babyl0n.restaurant"
185.191.171.18 - - [20/Jul/2025:15:07:54 +0000] "GET /wp-login.php?redirect_to=https%3A%2F%2Fbabyl0n.restaurant%2Fproduct%2Fspeci21580113.htm HTTP/1.1" 200 1862 "-" "Mozilla/5.0 (compatible; SemrushBot/7~bl; +http://www.semrush.com/bot.html)"
85.208.96.201 - - [20/Jul/2025:15:07:59 +0000] "GET /wp-login.php?redirect_to=https%3A%2F%2Fbabyl0n.restaurant%2Fproduct%2Ffeasi70262358.htm HTTP/1.1" 200 1864 "-" "Mozilla/5.0 (compatible; SemrushBot/7~bl; +http://www.semrush.com/bot.html)"
66.249.73.10 - - [20/Jul/2025:15:08:29 +0000] "GET /product/giraf31460026.htm HTTP/1.1" 200 41314 "-" "Mozilla/5.0 (Linux; Android 6.0.1; Nexus 5X Build/MMB29P) AppleWebKit/537.36 (KHTML, like Gecko) Chrome/137.0.7151.103 Mobile Safari/537.36 (compatible; Googlebot/2.1; +http://www.google.com/bot.html)"
209.74.77.214 - - [20/Jul/2025:15:08:34 +0000] "POST /wp-cron.php?doing_wp_cron=1753024114.8222980499267578125000 HTTP/1.1" 200 - "-" "WordPress/6.8.2; https://babyl0n.restaurant"
85.208.96.212 - - [20/Jul/2025:15:08:34 +0000] "GET /wp-login.php?redirect_to=https%3A%2F%2Fbabyl0n.restaurant%2Fproduct%2Fbreez22630849.htm HTTP/1.1" 200 1864 "-" "Mozilla/5.0 (compatible; SemrushBot/7~bl; +http://www.semrush.com/bot.html)"
66.249.73.11 - - [20/Jul/2025:15:08:37 +0000] "POST /get-message-notify HTTP/1.1" 200 39800 "https://babyl0n.restaurant/product/giraf31460026.htm" "Mozilla/5.0 (Linux; Android 6.0.1; Nexus 5X Build/MMB29P) AppleWebKit/537.36 (KHTML, like Gecko) Chrome/137.0.7151.119 Mobile Safari/537.36 (compatible; Googlebot/2.1; +http://www.google.com/bot.html)"
85.208.96.207 - - [20/Jul/2025:15:08:58 +0000] "GET /wp-login.php?redirect_to=https%3A%2F%2Fbabyl0n.restaurant%2Fproduct%2Fhopef30731346.htm HTTP/1.1" 200 1862 "-" "Mozilla/5.0 (compatible; SemrushBot/7~bl; +http://www.semrush.com/bot.html)"
66.249.73.11 - - [20/Jul/2025:15:09:13 +0000] "GET /product/lick22015465.htm HTTP/1.1" 200 40068 "-" "Mozilla/5.0 (Linux; Android 6.0.1; Nexus 5X Build/MMB29P) AppleWebKit/537.36 (KHTML, like Gecko) Chrome/137.0.7151.103 Mobile Safari/537.36 (compatible; Googlebot/2.1; +http://www.google.com/bot.html)"
209.74.77.214 - - [20/Jul/2025:15:09:50 +0000] "POST /wp-cron.php?doing_wp_cron=1753024190.4588599205017089843750 HTTP/1.1" 200 - "-" "WordPress/6.8.2; https://babyl0n.restaurant"
85.208.96.193 - - [20/Jul/2025:15:09:48 +0000] "GET /wp-login.php?redirect_to=https%3A%2F%2Fbabyl0n.restaurant%2Fproduct%2Ftap10158688.htm HTTP/1.1" 200 1861 "-" "Mozilla/5.0 (compatible; SemrushBot/7~bl; +http://www.semrush.com/bot.html)"
185.191.171.16 - - [20/Jul/2025:15:10:01 +0000] "GET /wp-login.php?redirect_to=https%3A%2F%2Fbabyl0n.restaurant%2Fproduct%2Fcryst82619431.htm HTTP/1.1" 200 1863 "-" "Mozilla/5.0 (compatible; SemrushBot/7~bl; +http://www.semrush.com/bot.html)"
66.249.73.10 - - [20/Jul/2025:15:10:05 +0000] "GET /product/strik52947788.htm HTTP/1.1" 200 39858 "-" "Mozilla/5.0 (Linux; Android 6.0.1; Nexus 5X Build/MMB29P) AppleWebKit/537.36 (KHTML, like Gecko) Chrome/137.0.7151.103 Mobile Safari/537.36 (compatible; Googlebot/2.1; +http://www.google.com/bot.html)"
185.191.171.2 - - [20/Jul/2025:15:10:09 +0000] "GET /wp-login.php?redirect_to=https%3A%2F%2Fbabyl0n.restaurant%2Fproduct%2Feyesi70402846.htm HTTP/1.1" 200 1863 "-" "Mozilla/5.0 (compatible; SemrushBot/7~bl; +http://www.semrush.com/bot.html)"
66.249.73.11 - - [20/Jul/2025:15:10:13 +0000] "POST /get-message-notify HTTP/1.1" 200 39792 "https://babyl0n.restaurant/product/strik52947788.htm" "Mozilla/5.0 (Linux; Android 6.0.1; Nexus 5X Build/MMB29P) AppleWebKit/537.36 (KHTML, like Gecko) Chrome/137.0.7151.119 Mobile Safari/537.36 (compatible; Googlebot/2.1; +http://www.google.com/bot.html)"
209.74.77.214 - - [20/Jul/2025:15:10:19 +0000] "POST /wp-cron.php?doing_wp_cron=1753024219.6883521080017089843750 HTTP/1.1" 200 - "-" "WordPress/6.8.2; https://babyl0n.restaurant"
185.191.171.4 - - [20/Jul/2025:15:10:19 +0000] "GET /wp-login.php?redirect_to=https%3A%2F%2Fbabyl0n.restaurant%2Fproduct%2Fliter70894022.htm HTTP/1.1" 200 1863 "-" "Mozilla/5.0 (compatible; SemrushBot/7~bl; +http://www.semrush.com/bot.html)"
185.191.171.3 - - [20/Jul/2025:15:10:23 +0000] "GET /wp-login.php?redirect_to=https%3A%2F%2Fbabyl0n.restaurant%2Fproduct%2Fsorro12614632.htm HTTP/1.1" 200 1863 "-" "Mozilla/5.0 (compatible; SemrushBot/7~bl; +http://www.semrush.com/bot.html)"
85.208.96.211 - - [20/Jul/2025:15:10:27 +0000] "GET /wp-login.php?redirect_to=https%3A%2F%2Fbabyl0n.restaurant%2Fproduct%2Fpreve32785114.htm HTTP/1.1" 200 1861 "-" "Mozilla/5.0 (compatible; SemrushBot/7~bl; +http://www.semrush.com/bot.html)"
185.191.171.19 - - [20/Jul/2025:15:10:39 +0000] "GET /wp-login.php?redirect_to=https%3A%2F%2Fbabyl0n.restaurant%2Fproduct%2Fblock61945341.htm HTTP/1.1" 200 1863 "-" "Mozilla/5.0 (compatible; SemrushBot/7~bl; +http://www.semrush.com/bot.html)"
209.74.77.214 - - [20/Jul/2025:15:12:00 +0000] "POST /wp-cron.php?doing_wp_cron=1753024320.8389339447021484375000 HTTP/1.1" 200 - "-" "WordPress/6.8.2; https://babyl0n.restaurant"
185.191.171.16 - - [20/Jul/2025:15:11:59 +0000] "GET /wp-login.php?redirect_to=https%3A%2F%2Fbabyl0n.restaurant%2Fproduct%2Fmarbl22074937.htm HTTP/1.1" 200 1863 "-" "Mozilla/5.0 (compatible; SemrushBot/7~bl; +http://www.semrush.com/bot.html)"
209.74.77.214 - - [20/Jul/2025:15:12:19 +0000] "POST /wp-cron.php?doing_wp_cron=1753024339.2772879600524902343750 HTTP/1.1" 200 - "-" "WordPress/6.8.2; https://babyl0n.restaurant"
185.191.171.7 - - [20/Jul/2025:15:12:19 +0000] "GET /wp-login.php?redirect_to=https%3A%2F%2Fbabyl0n.restaurant%2Fproduct%2Fances11123072.htm HTTP/1.1" 200 1863 "-" "Mozilla/5.0 (compatible; SemrushBot/7~bl; +http://www.semrush.com/bot.html)"
185.191.171.18 - - [20/Jul/2025:15:12:23 +0000] "GET /wp-login.php?redirect_to=https%3A%2F%2Fbabyl0n.restaurant%2Fproduct%2Fevolv71814382.htm HTTP/1.1" 200 1863 "-" "Mozilla/5.0 (compatible; SemrushBot/7~bl; +http://www.semrush.com/bot.html)"
185.191.171.8 - - [20/Jul/2025:15:12:35 +0000] "GET /wp-login.php?redirect_to=https%3A%2F%2Fbabyl0n.restaurant%2Fproduct%2Flawye12306672.htm HTTP/1.1" 200 1863 "-" "Mozilla/5.0 (compatible; SemrushBot/7~bl; +http://www.semrush.com/bot.html)"
209.74.77.214 - - [20/Jul/2025:15:13:54 +0000] "POST /wp-cron.php?doing_wp_cron=1753024434.5318360328674316406250 HTTP/1.1" 200 - "-" "WordPress/6.8.2; https://babyl0n.restaurant"
85.208.96.196 - - [20/Jul/2025:15:13:52 +0000] "GET /wp-login.php?redirect_to=https%3A%2F%2Fbabyl0n.restaurant%2Fproduct%2Fsessi80421855.htm HTTP/1.1" 200 1863 "-" "Mozilla/5.0 (compatible; SemrushBot/7~bl; +http://www.semrush.com/bot.html)"
85.208.96.208 - - [20/Jul/2025:15:13:57 +0000] "GET /wp-login.php?redirect_to=https%3A%2F%2Fbabyl0n.restaurant%2Fproduct%2Femiss10709840.htm HTTP/1.1" 200 1862 "-" "Mozilla/5.0 (compatible; SemrushBot/7~bl; +http://www.semrush.com/bot.html)"
185.191.171.2 - - [20/Jul/2025:15:14:02 +0000] "GET /wp-login.php?redirect_to=https%3A%2F%2Fbabyl0n.restaurant%2Fproduct%2Fgate80728159.htm HTTP/1.1" 200 1863 "-" "Mozilla/5.0 (compatible; SemrushBot/7~bl; +http://www.semrush.com/bot.html)"
185.191.171.8 - - [20/Jul/2025:15:14:06 +0000] "GET /wp-login.php?redirect_to=https%3A%2F%2Fbabyl0n.restaurant%2Fproduct%2Fcome50733780.htm HTTP/1.1" 200 1862 "-" "Mozilla/5.0 (compatible; SemrushBot/7~bl; +http://www.semrush.com/bot.html)"
209.74.77.214 - - [20/Jul/2025:15:14:33 +0000] "POST /wp-cron.php?doing_wp_cron=1753024473.5297040939331054687500 HTTP/1.1" 200 - "-" "WordPress/6.8.2; https://babyl0n.restaurant"
85.208.96.196 - - [20/Jul/2025:15:14:33 +0000] "GET /wp-login.php?redirect_to=https%3A%2F%2Fbabyl0n.restaurant%2Fproduct%2Fchoco22852977.htm HTTP/1.1" 200 1863 "-" "Mozilla/5.0 (compatible; SemrushBot/7~bl; +http://www.semrush.com/bot.html)"
185.191.171.16 - - [20/Jul/2025:15:14:39 +0000] "GET /wp-login.php?redirect_to=https%3A%2F%2Fbabyl0n.restaurant%2Fproduct%2Finvit52924780.htm HTTP/1.1" 200 1863 "-" "Mozilla/5.0 (compatible; SemrushBot/7~bl; +http://www.semrush.com/bot.html)"
85.208.96.210 - - [20/Jul/2025:15:14:44 +0000] "GET /wp-login.php?redirect_to=https%3A%2F%2Fbabyl0n.restaurant%2Fproduct%2Fpresi22612369.htm HTTP/1.1" 200 1862 "-" "Mozilla/5.0 (compatible; SemrushBot/7~bl; +http://www.semrush.com/bot.html)"
185.191.171.13 - - [20/Jul/2025:15:14:56 +0000] "GET /wp-login.php?redirect_to=https%3A%2F%2Fbabyl0n.restaurant%2Fproduct%2Fperio61136181.htm HTTP/1.1" 200 1861 "-" "Mozilla/5.0 (compatible; SemrushBot/7~bl; +http://www.semrush.com/bot.html)"
209.74.77.214 - - [20/Jul/2025:15:15:36 +0000] "POST /wp-cron.php?doing_wp_cron=1753024536.2073519229888916015625 HTTP/1.1" 200 - "-" "WordPress/6.8.2; https://babyl0n.restaurant"
85.208.96.204 - - [20/Jul/2025:15:15:33 +0000] "GET /wp-login.php?redirect_to=https%3A%2F%2Fbabyl0n.restaurant%2Fproduct%2Fcow80888119.htm HTTP/1.1" 200 1861 "-" "Mozilla/5.0 (compatible; SemrushBot/7~bl; +http://www.semrush.com/bot.html)"
185.191.171.17 - - [20/Jul/2025:15:15:51 +0000] "GET /wp-login.php?redirect_to=https%3A%2F%2Fbabyl0n.restaurant%2Fproduct%2Faugus61028205.htm HTTP/1.1" 200 1863 "-" "Mozilla/5.0 (compatible; SemrushBot/7~bl; +http://www.semrush.com/bot.html)"
185.191.171.17 - - [20/Jul/2025:15:15:59 +0000] "GET /wp-login.php?redirect_to=https%3A%2F%2Fbabyl0n.restaurant%2Fproduct%2Fsplit50538940.htm HTTP/1.1" 200 1863 "-" "Mozilla/5.0 (compatible; SemrushBot/7~bl; +http://www.semrush.com/bot.html)"
209.74.77.214 - - [20/Jul/2025:15:16:38 +0000] "POST /wp-cron.php?doing_wp_cron=1753024598.4982988834381103515625 HTTP/1.1" 200 - "-" "WordPress/6.8.2; https://babyl0n.restaurant"
85.208.96.203 - - [20/Jul/2025:15:16:36 +0000] "GET /wp-login.php?redirect_to=https%3A%2F%2Fbabyl0n.restaurant%2Fproduct%2Ffly70501038.htm HTTP/1.1" 200 1862 "-" "Mozilla/5.0 (compatible; SemrushBot/7~bl; +http://www.semrush.com/bot.html)"
85.208.96.194 - - [20/Jul/2025:15:16:41 +0000] "GET /wp-login.php?redirect_to=https%3A%2F%2Fbabyl0n.restaurant%2Fproduct%2Fhungr70808686.htm HTTP/1.1" 200 1863 "-" "Mozilla/5.0 (compatible; SemrushBot/7~bl; +http://www.semrush.com/bot.html)"
209.74.77.214 - - [20/Jul/2025:15:17:52 +0000] "POST /wp-cron.php?doing_wp_cron=1753024671.9695019721984863281250 HTTP/1.1" 200 - "-" "WordPress/6.8.2; https://babyl0n.restaurant"
85.208.96.197 - - [20/Jul/2025:15:17:50 +0000] "GET /wp-login.php?redirect_to=https%3A%2F%2Fbabyl0n.restaurant%2Fproduct%2Fbecom51901724.htm HTTP/1.1" 200 1863 "-" "Mozilla/5.0 (compatible; SemrushBot/7~bl; +http://www.semrush.com/bot.html)"
185.191.171.8 - - [20/Jul/2025:15:18:01 +0000] "GET /wp-login.php?redirect_to=https%3A%2F%2Fbabyl0n.restaurant%2Fproduct%2Frouse12691432.htm HTTP/1.1" 200 1863 "-" "Mozilla/5.0 (compatible; SemrushBot/7~bl; +http://www.semrush.com/bot.html)"
185.191.171.18 - - [20/Jul/2025:15:18:17 +0000] "GET /wp-login.php?redirect_to=https%3A%2F%2Fbabyl0n.restaurant%2Fproduct%2Fneckl30163290.htm HTTP/1.1" 200 1863 "-" "Mozilla/5.0 (compatible; SemrushBot/7~bl; +http://www.semrush.com/bot.html)"
209.74.77.214 - - [20/Jul/2025:15:18:37 +0000] "POST /wp-cron.php?doing_wp_cron=1753024717.8775720596313476562500 HTTP/1.1" 200 - "-" "WordPress/6.8.2; https://babyl0n.restaurant"
185.191.171.14 - - [20/Jul/2025:15:18:37 +0000] "GET /wp-login.php?redirect_to=https%3A%2F%2Fbabyl0n.restaurant%2Fproduct%2Fcozy31685874.htm HTTP/1.1" 200 1863 "-" "Mozilla/5.0 (compatible; SemrushBot/7~bl; +http://www.semrush.com/bot.html)"
185.191.171.6 - - [20/Jul/2025:15:18:41 +0000] "GET /wp-login.php?redirect_to=https%3A%2F%2Fbabyl0n.restaurant%2Fproduct%2Fboom70603758.htm HTTP/1.1" 200 1862 "-" "Mozilla/5.0 (compatible; SemrushBot/7~bl; +http://www.semrush.com/bot.html)"
85.208.96.210 - - [20/Jul/2025:15:18:45 +0000] "GET /wp-login.php?redirect_to=https%3A%2F%2Fbabyl0n.restaurant%2Fproduct%2Fliste80944943.htm HTTP/1.1" 200 1863 "-" "Mozilla/5.0 (compatible; SemrushBot/7~bl; +http://www.semrush.com/bot.html)"
85.208.96.201 - - [20/Jul/2025:15:19:02 +0000] "GET /wp-login.php?redirect_to=https%3A%2F%2Fbabyl0n.restaurant%2Fproduct%2Fhaste32082970.htm HTTP/1.1" 200 1863 "-" "Mozilla/5.0 (compatible; SemrushBot/7~bl; +http://www.semrush.com/bot.html)"
209.74.77.214 - - [20/Jul/2025:15:19:48 +0000] "POST /wp-cron.php?doing_wp_cron=1753024788.5557670593261718750000 HTTP/1.1" 200 - "-" "WordPress/6.8.2; https://babyl0n.restaurant"
85.208.96.202 - - [20/Jul/2025:15:19:46 +0000] "GET /wp-login.php?redirect_to=https%3A%2F%2Fbabyl0n.restaurant%2Fproduct%2Fcool81520231.htm HTTP/1.1" 200 1861 "-" "Mozilla/5.0 (compatible; SemrushBot/7~bl; +http://www.semrush.com/bot.html)"
185.191.171.8 - - [20/Jul/2025:15:19:59 +0000] "GET /wp-login.php?redirect_to=https%3A%2F%2Fbabyl0n.restaurant%2Fproduct%2Fenjoy12544792.htm HTTP/1.1" 200 1862 "-" "Mozilla/5.0 (compatible; SemrushBot/7~bl; +http://www.semrush.com/bot.html)"
185.191.171.11 - - [20/Jul/2025:15:20:14 +0000] "GET /wp-login.php?redirect_to=https%3A%2F%2Fbabyl0n.restaurant%2Fproduct%2Fore82919575.htm HTTP/1.1" 200 1862 "-" "Mozilla/5.0 (compatible; SemrushBot/7~bl; +http://www.semrush.com/bot.html)"
209.74.77.214 - - [20/Jul/2025:15:20:38 +0000] "POST /wp-cron.php?doing_wp_cron=1753024838.2004489898681640625000 HTTP/1.1" 200 - "-" "WordPress/6.8.2; https://babyl0n.restaurant"
85.208.96.193 - - [20/Jul/2025:15:20:37 +0000] "GET /wp-login.php?redirect_to=https%3A%2F%2Fbabyl0n.restaurant%2Fproduct%2Ftire60671501.htm HTTP/1.1" 200 1862 "-" "Mozilla/5.0 (compatible; SemrushBot/7~bl; +http://www.semrush.com/bot.html)"
85.208.96.207 - - [20/Jul/2025:15:20:42 +0000] "GET /wp-login.php?redirect_to=https%3A%2F%2Fbabyl0n.restaurant%2Fproduct%2Fbump60247661.htm HTTP/1.1" 200 1862 "-" "Mozilla/5.0 (compatible; SemrushBot/7~bl; +http://www.semrush.com/bot.html)"
209.74.77.214 - - [20/Jul/2025:15:21:31 +0000] "POST /wp-cron.php?doing_wp_cron=1753024891.2026290893554687500000 HTTP/1.1" 200 - "-" "WordPress/6.8.2; https://babyl0n.restaurant"
85.208.96.206 - - [20/Jul/2025:15:21:29 +0000] "GET /wp-login.php?redirect_to=https%3A%2F%2Fbabyl0n.restaurant%2Fproduct%2Fstron72272982.htm HTTP/1.1" 200 1861 "-" "Mozilla/5.0 (compatible; SemrushBot/7~bl; +http://www.semrush.com/bot.html)"
185.191.171.1 - - [20/Jul/2025:15:21:49 +0000] "GET /wp-login.php?redirect_to=https%3A%2F%2Fbabyl0n.restaurant%2Fproduct%2Flag20106681.htm HTTP/1.1" 200 1860 "-" "Mozilla/5.0 (compatible; SemrushBot/7~bl; +http://www.semrush.com/bot.html)"
209.74.77.214 - - [20/Jul/2025:15:22:18 +0000] "POST /wp-cron.php?doing_wp_cron=1753024938.6721129417419433593750 HTTP/1.1" 200 - "-" "WordPress/6.8.2; https://babyl0n.restaurant"
85.208.96.209 - - [20/Jul/2025:15:22:18 +0000] "GET /wp-login.php?redirect_to=https%3A%2F%2Fbabyl0n.restaurant%2Fproduct%2Ffail32392810.htm HTTP/1.1" 200 1862 "-" "Mozilla/5.0 (compatible; SemrushBot/7~bl; +http://www.semrush.com/bot.html)"
185.191.171.18 - - [20/Jul/2025:15:22:23 +0000] "GET /wp-login.php?redirect_to=https%3A%2F%2Fbabyl0n.restaurant%2Fproduct%2Foutlo22947345.htm HTTP/1.1" 200 1862 "-" "Mozilla/5.0 (compatible; SemrushBot/7~bl; +http://www.semrush.com/bot.html)"
85.208.96.210 - - [20/Jul/2025:15:22:32 +0000] "GET /wp-login.php?redirect_to=https%3A%2F%2Fbabyl0n.restaurant%2Fproduct%2Fetiqu70937790.htm HTTP/1.1" 200 1864 "-" "Mozilla/5.0 (compatible; SemrushBot/7~bl; +http://www.semrush.com/bot.html)"
185.191.171.13 - - [20/Jul/2025:15:22:36 +0000] "GET /wp-login.php?redirect_to=https%3A%2F%2Fbabyl0n.restaurant%2Fproduct%2Fadapt52897988.htm HTTP/1.1" 200 1863 "-" "Mozilla/5.0 (compatible; SemrushBot/7~bl; +http://www.semrush.com/bot.html)"
185.191.171.3 - - [20/Jul/2025:15:22:46 +0000] "GET /wp-login.php?redirect_to=https%3A%2F%2Fbabyl0n.restaurant%2Fproduct%2Fbride60874213.htm HTTP/1.1" 200 1862 "-" "Mozilla/5.0 (compatible; SemrushBot/7~bl; +http://www.semrush.com/bot.html)"
85.208.96.207 - - [20/Jul/2025:15:23:09 +0000] "GET /wp-login.php?redirect_to=https%3A%2F%2Fbabyl0n.restaurant%2Fproduct%2Fsulfu52971108.htm HTTP/1.1" 200 1863 "-" "Mozilla/5.0 (compatible; SemrushBot/7~bl; +http://www.semrush.com/bot.html)"
209.74.77.214 - - [20/Jul/2025:15:23:21 +0000] "POST /wp-cron.php?doing_wp_cron=1753025001.5247440338134765625000 HTTP/1.1" 200 - "-" "WordPress/6.8.2; https://babyl0n.restaurant"
85.208.96.204 - - [20/Jul/2025:15:23:21 +0000] "GET /wp-login.php?redirect_to=https%3A%2F%2Fbabyl0n.restaurant%2Fproduct%2Facid40955587.htm HTTP/1.1" 200 1862 "-" "Mozilla/5.0 (compatible; SemrushBot/7~bl; +http://www.semrush.com/bot.html)"
185.191.171.13 - - [20/Jul/2025:15:24:03 +0000] "GET /wp-login.php?redirect_to=https%3A%2F%2Fbabyl0n.restaurant%2Fproduct%2Fgallo40903355.htm HTTP/1.1" 200 1862 "-" "Mozilla/5.0 (compatible; SemrushBot/7~bl; +http://www.semrush.com/bot.html)"
85.208.96.204 - - [20/Jul/2025:15:24:16 +0000] "GET /wp-login.php?redirect_to=https%3A%2F%2Fbabyl0n.restaurant%2Fproduct%2Ftelev12992984.htm HTTP/1.1" 200 1863 "-" "Mozilla/5.0 (compatible; SemrushBot/7~bl; +http://www.semrush.com/bot.html)"
209.74.77.214 - - [20/Jul/2025:15:24:37 +0000] "POST /wp-cron.php?doing_wp_cron=1753025077.4812119007110595703125 HTTP/1.1" 200 - "-" "WordPress/6.8.2; https://babyl0n.restaurant"
85.208.96.206 - - [20/Jul/2025:15:24:37 +0000] "GET /wp-login.php?redirect_to=https%3A%2F%2Fbabyl0n.restaurant%2Fproduct%2Fage70549238.htm HTTP/1.1" 200 1862 "-" "Mozilla/5.0 (compatible; SemrushBot/7~bl; +http://www.semrush.com/bot.html)"
185.191.171.17 - - [20/Jul/2025:15:24:41 +0000] "GET /wp-login.php?redirect_to=https%3A%2F%2Fbabyl0n.restaurant%2Fproduct%2Fbosom62123421.htm HTTP/1.1" 200 1863 "-" "Mozilla/5.0 (compatible; SemrushBot/7~bl; +http://www.semrush.com/bot.html)"
85.208.96.195 - - [20/Jul/2025:15:25:34 +0000] "GET /robots.txt HTTP/1.1" 200 119 "-" "Mozilla/5.0 (compatible; SemrushBot/7~bl; +http://www.semrush.com/bot.html)"
209.74.77.214 - - [20/Jul/2025:15:25:36 +0000] "POST /wp-cron.php?doing_wp_cron=1753025136.7017819881439208984375 HTTP/1.1" 200 - "-" "WordPress/6.8.2; https://babyl0n.restaurant"
185.191.171.9 - - [20/Jul/2025:15:25:35 +0000] "GET /wp-login.php?redirect_to=https%3A%2F%2Fbabyl0n.restaurant%2Fproduct%2Fflu31420706.htm HTTP/1.1" 200 1862 "-" "Mozilla/5.0 (compatible; SemrushBot/7~bl; +http://www.semrush.com/bot.html)"
185.191.171.15 - - [20/Jul/2025:15:25:53 +0000] "GET /wp-login.php?redirect_to=https%3A%2F%2Fbabyl0n.restaurant%2Fproduct%2Fsexis82903655.htm HTTP/1.1" 200 1864 "-" "Mozilla/5.0 (compatible; SemrushBot/7~bl; +http://www.semrush.com/bot.html)"
185.191.171.1 - - [20/Jul/2025:15:26:00 +0000] "GET /wp-login.php?redirect_to=https%3A%2F%2Fbabyl0n.restaurant%2Fproduct%2Fheal42338803.htm HTTP/1.1" 200 1861 "-" "Mozilla/5.0 (compatible; SemrushBot/7~bl; +http://www.semrush.com/bot.html)"
185.191.171.3 - - [20/Jul/2025:15:26:11 +0000] "GET /wp-login.php?redirect_to=https%3A%2F%2Fbabyl0n.restaurant%2Fproduct%2Fovert70254310.htm HTTP/1.1" 200 1863 "-" "Mozilla/5.0 (compatible; SemrushBot/7~bl; +http://www.semrush.com/bot.html)"
209.74.77.214 - - [20/Jul/2025:15:27:05 +0000] "POST /wp-cron.php?doing_wp_cron=1753025225.5693609714508056640625 HTTP/1.1" 200 - "-" "WordPress/6.8.2; https://babyl0n.restaurant"
85.208.96.194 - - [20/Jul/2025:15:27:01 +0000] "GET /wp-login.php?redirect_to=https%3A%2F%2Fbabyl0n.restaurant%2Fproduct%2Ftwo32297218.htm HTTP/1.1" 200 1862 "-" "Mozilla/5.0 (compatible; SemrushBot/7~bl; +http://www.semrush.com/bot.html)"
185.191.171.5 - - [20/Jul/2025:15:27:09 +0000] "GET /wp-login.php?redirect_to=https%3A%2F%2Fbabyl0n.restaurant%2Fproduct%2Falloy21254625.htm HTTP/1.1" 200 1863 "-" "Mozilla/5.0 (compatible; SemrushBot/7~bl; +http://www.semrush.com/bot.html)"
209.74.77.214 - - [20/Jul/2025:15:27:21 +0000] "POST /wp-cron.php?doing_wp_cron=1753025241.8366999626159667968750 HTTP/1.1" 200 - "-" "WordPress/6.8.2; https://babyl0n.restaurant"
85.208.96.199 - - [20/Jul/2025:15:27:21 +0000] "GET /wp-login.php?redirect_to=https%3A%2F%2Fbabyl0n.restaurant%2Fproduct%2Fsale71732646.htm HTTP/1.1" 200 1862 "-" "Mozilla/5.0 (compatible; SemrushBot/7~bl; +http://www.semrush.com/bot.html)"
185.191.171.13 - - [20/Jul/2025:15:27:33 +0000] "GET /wp-login.php?redirect_to=https%3A%2F%2Fbabyl0n.restaurant%2Fproduct%2Fthirs21808585.htm HTTP/1.1" 200 1863 "-" "Mozilla/5.0 (compatible; SemrushBot/7~bl; +http://www.semrush.com/bot.html)"
85.208.96.210 - - [20/Jul/2025:15:28:02 +0000] "GET /wp-login.php?redirect_to=https%3A%2F%2Fbabyl0n.restaurant%2Fproduct%2Fbosom62775421.htm HTTP/1.1" 200 1864 "-" "Mozilla/5.0 (compatible; SemrushBot/7~bl; +http://www.semrush.com/bot.html)"
66.249.73.10 - - [20/Jul/2025:15:28:07 +0000] "GET /product/bring41189683.htm HTTP/1.1" 200 40028 "-" "Mozilla/5.0 (Linux; Android 6.0.1; Nexus 5X Build/MMB29P) AppleWebKit/537.36 (KHTML, like Gecko) Chrome/137.0.7151.103 Mobile Safari/537.36 (compatible; Googlebot/2.1; +http://www.google.com/bot.html)"
185.191.171.1 - - [20/Jul/2025:15:28:17 +0000] "GET /wp-login.php?redirect_to=https%3A%2F%2Fbabyl0n.restaurant%2Fproduct%2Fgrowt62947373.htm HTTP/1.1" 200 1863 "-" "Mozilla/5.0 (compatible; SemrushBot/7~bl; +http://www.semrush.com/bot.html)"
209.74.77.214 - - [20/Jul/2025:15:28:34 +0000] "POST /wp-cron.php?doing_wp_cron=1753025314.6217699050903320312500 HTTP/1.1" 200 - "-" "WordPress/6.8.2; https://babyl0n.restaurant"
185.191.171.6 - - [20/Jul/2025:15:28:34 +0000] "GET /wp-login.php?redirect_to=https%3A%2F%2Fbabyl0n.restaurant%2Fproduct%2Fbow30957738.htm HTTP/1.1" 200 1862 "-" "Mozilla/5.0 (compatible; SemrushBot/7~bl; +http://www.semrush.com/bot.html)"
185.191.171.5 - - [20/Jul/2025:15:28:53 +0000] "GET /wp-login.php?redirect_to=https%3A%2F%2Fbabyl0n.restaurant%2Fproduct%2Fchalk31944930.htm HTTP/1.1" 200 1864 "-" "Mozilla/5.0 (compatible; SemrushBot/7~bl; +http://www.semrush.com/bot.html)"
66.249.73.10 - - [20/Jul/2025:15:29:39 +0000] "GET /product/firem72838782.htm HTTP/1.1" 200 40410 "-" "Mozilla/5.0 (Linux; Android 6.0.1; Nexus 5X Build/MMB29P) AppleWebKit/537.36 (KHTML, like Gecko) Chrome/137.0.7151.103 Mobile Safari/537.36 (compatible; Googlebot/2.1; +http://www.google.com/bot.html)"
209.74.77.214 - - [20/Jul/2025:15:30:04 +0000] "POST /wp-cron.php?doing_wp_cron=1753025403.9945790767669677734375 HTTP/1.1" 200 - "-" "WordPress/6.8.2; https://babyl0n.restaurant"
185.191.171.6 - - [20/Jul/2025:15:30:02 +0000] "GET /wp-login.php?redirect_to=https%3A%2F%2Fbabyl0n.restaurant%2Fproduct%2Fprofe11173616.htm HTTP/1.1" 200 1861 "-" "Mozilla/5.0 (compatible; SemrushBot/7~bl; +http://www.semrush.com/bot.html)"
85.208.96.194 - - [20/Jul/2025:15:30:13 +0000] "GET /wp-login.php?redirect_to=https%3A%2F%2Fbabyl0n.restaurant%2Fproduct%2Fanxie30787170.htm HTTP/1.1" 200 1862 "-" "Mozilla/5.0 (compatible; SemrushBot/7~bl; +http://www.semrush.com/bot.html)"
85.215.154.81 - - [20/Jul/2025:15:30:29 +0000] "GET /style.php HTTP/1.1" 404 11514 "www.google.com" "Mozlila/5.0 (Linux; Android 7.0; SM-G892A Bulid/NRD90M; wv) AppleWebKit/537.36 (KHTML, like Gecko) Version/4.0 Chrome/60.0.3112.107 Moblie Safari/537.36"
85.208.96.199 - - [20/Jul/2025:15:30:30 +0000] "GET /wp-login.php?redirect_to=https%3A%2F%2Fbabyl0n.restaurant%2Fproduct%2Flap81221359.htm HTTP/1.1" 200 1861 "-" "Mozilla/5.0 (compatible; SemrushBot/7~bl; +http://www.semrush.com/bot.html)"
185.191.171.17 - - [20/Jul/2025:15:30:34 +0000] "GET /wp-login.php?redirect_to=https%3A%2F%2Fbabyl0n.restaurant%2Fproduct%2Fmonst51321796.htm HTTP/1.1" 200 1863 "-" "Mozilla/5.0 (compatible; SemrushBot/7~bl; +http://www.semrush.com/bot.html)"
185.191.171.14 - - [20/Jul/2025:15:30:48 +0000] "GET /wp-login.php?redirect_to=https%3A%2F%2Fbabyl0n.restaurant%2Fproduct%2Fpure10082752.htm HTTP/1.1" 200 1862 "-" "Mozilla/5.0 (compatible; SemrushBot/7~bl; +http://www.semrush.com/bot.html)"
85.208.96.207 - - [20/Jul/2025:15:31:00 +0000] "GET /wp-login.php?redirect_to=https%3A%2F%2Fbabyl0n.restaurant%2Fproduct%2Flip12678696.htm HTTP/1.1" 200 1862 "-" "Mozilla/5.0 (compatible; SemrushBot/7~bl; +http://www.semrush.com/bot.html)"
66.249.73.11 - - [20/Jul/2025:15:31:14 +0000] "GET /product/coat21204609.htm HTTP/1.1" 200 39908 "-" "Mozilla/5.0 (Linux; Android 6.0.1; Nexus 5X Build/MMB29P) AppleWebKit/537.36 (KHTML, like Gecko) Chrome/137.0.7151.103 Mobile Safari/537.36 (compatible; Googlebot/2.1; +http://www.google.com/bot.html)"
209.74.77.214 - - [20/Jul/2025:15:31:22 +0000] "POST /wp-cron.php?doing_wp_cron=1753025482.5680780410766601562500 HTTP/1.1" 200 - "-" "WordPress/6.8.2; https://babyl0n.restaurant"
185.191.171.2 - - [20/Jul/2025:15:31:22 +0000] "GET /wp-login.php?redirect_to=https%3A%2F%2Fbabyl0n.restaurant%2Fproduct%2Fcube10739264.htm HTTP/1.1" 200 1863 "-" "Mozilla/5.0 (compatible; SemrushBot/7~bl; +http://www.semrush.com/bot.html)"
85.208.96.198 - - [20/Jul/2025:15:31:33 +0000] "GET /wp-login.php?redirect_to=https%3A%2F%2Fbabyl0n.restaurant%2Fproduct%2Fbagga80867063.htm HTTP/1.1" 200 1863 "-" "Mozilla/5.0 (compatible; SemrushBot/7~bl; +http://www.semrush.com/bot.html)"
37.156.147.242 - - [20/Jul/2025:15:32:00 +0000] "GET / HTTP/1.1" 200 11284 "http://babyl0n.restaurant" "Mozilla/5.0 (Macintosh; Intel Mac OS X 14_6) AppleWebKit/605.1.15 (KHTML, like Gecko) Version/17.5 Safari/605.1.15"
37.156.147.242 - - [20/Jul/2025:15:32:01 +0000] "GET /index.php?rest_route=/wp/v2/users HTTP/1.1" 200 404 "https://babyl0n.restaurant" "Mozilla/5.0 (Macintosh; Intel Mac OS X 10_15_7) AppleWebKit/537.36 (KHTML, like Gecko) Chrome/116.0.5845.96 Safari/537.36"
66.249.73.12 - - [20/Jul/2025:15:32:01 +0000] "GET /product/manag72452126.htm HTTP/1.1" 200 39993 "-" "Mozilla/5.0 (Linux; Android 6.0.1; Nexus 5X Build/MMB29P) AppleWebKit/537.36 (KHTML, like Gecko) Chrome/137.0.7151.103 Mobile Safari/537.36 (compatible; Googlebot/2.1; +http://www.google.com/bot.html)"
185.191.171.13 - - [20/Jul/2025:15:32:04 +0000] "GET /wp-login.php?redirect_to=https%3A%2F%2Fbabyl0n.restaurant%2Fproduct%2Factre61318773.htm HTTP/1.1" 200 1863 "-" "Mozilla/5.0 (compatible; SemrushBot/7~bl; +http://www.semrush.com/bot.html)"
85.208.96.212 - - [20/Jul/2025:15:32:17 +0000] "GET /wp-login.php?redirect_to=https%3A%2F%2Fbabyl0n.restaurant%2Fproduct%2Fzoo30540402.htm HTTP/1.1" 200 1862 "-" "Mozilla/5.0 (compatible; SemrushBot/7~bl; +http://www.semrush.com/bot.html)"
209.74.77.214 - - [20/Jul/2025:15:32:41 +0000] "POST /wp-cron.php?doing_wp_cron=1753025561.1963698863983154296875 HTTP/1.1" 200 - "-" "WordPress/6.8.2; https://babyl0n.restaurant"
85.208.96.198 - - [20/Jul/2025:15:32:41 +0000] "GET /wp-login.php?redirect_to=https%3A%2F%2Fbabyl0n.restaurant%2Fproduct%2Fbeard72405526.htm HTTP/1.1" 200 1863 "-" "Mozilla/5.0 (compatible; SemrushBot/7~bl; +http://www.semrush.com/bot.html)"
66.249.73.11 - - [20/Jul/2025:15:33:37 +0000] "GET /product/heave72764966.htm HTTP/1.1" 200 39832 "-" "Mozilla/5.0 (Linux; Android 6.0.1; Nexus 5X Build/MMB29P) AppleWebKit/537.36 (KHTML, like Gecko) Chrome/137.0.7151.103 Mobile Safari/537.36 (compatible; Googlebot/2.1; +http://www.google.com/bot.html)"
66.249.73.12 - - [20/Jul/2025:15:33:39 +0000] "GET /product/for41125315.htm HTTP/1.1" 200 40745 "-" "Mozilla/5.0 (Linux; Android 6.0.1; Nexus 5X Build/MMB29P) AppleWebKit/537.36 (KHTML, like Gecko) Chrome/137.0.7151.103 Mobile Safari/537.36 (compatible; Googlebot/2.1; +http://www.google.com/bot.html)"
209.74.77.214 - - [20/Jul/2025:15:34:06 +0000] "POST /wp-cron.php?doing_wp_cron=1753025646.2206699848175048828125 HTTP/1.1" 200 - "-" "WordPress/6.8.2; https://babyl0n.restaurant"
85.208.96.207 - - [20/Jul/2025:15:34:05 +0000] "GET /wp-login.php?redirect_to=https%3A%2F%2Fbabyl0n.restaurant%2Fproduct%2Fran31551938.htm HTTP/1.1" 200 1861 "-" "Mozilla/5.0 (compatible; SemrushBot/7~bl; +http://www.semrush.com/bot.html)"
185.191.171.9 - - [20/Jul/2025:15:34:10 +0000] "GET /wp-login.php?redirect_to=https%3A%2F%2Fbabyl0n.restaurant%2Fproduct%2Fask81497039.htm HTTP/1.1" 200 1861 "-" "Mozilla/5.0 (compatible; SemrushBot/7~bl; +http://www.semrush.com/bot.html)"
85.208.96.194 - - [20/Jul/2025:15:34:14 +0000] "GET /wp-login.php?redirect_to=https%3A%2F%2Fbabyl0n.restaurant%2Fproduct%2Fton80812935.htm HTTP/1.1" 200 1861 "-" "Mozilla/5.0 (compatible; SemrushBot/7~bl; +http://www.semrush.com/bot.html)"
66.249.73.10 - - [20/Jul/2025:15:34:16 +0000] "GET /product/strik52867788.htm HTTP/1.1" 200 39912 "-" "Mozilla/5.0 (Linux; Android 6.0.1; Nexus 5X Build/MMB29P) AppleWebKit/537.36 (KHTML, like Gecko) Chrome/137.0.7151.103 Mobile Safari/537.36 (compatible; Googlebot/2.1; +http://www.google.com/bot.html)"
209.74.77.214 - - [20/Jul/2025:15:34:32 +0000] "POST /wp-cron.php?doing_wp_cron=1753025672.9736609458923339843750 HTTP/1.1" 200 - "-" "WordPress/6.8.2; https://babyl0n.restaurant"
185.191.171.1 - - [20/Jul/2025:15:34:32 +0000] "GET /wp-login.php?redirect_to=https%3A%2F%2Fbabyl0n.restaurant%2Fproduct%2Fquart62936381.htm HTTP/1.1" 200 1863 "-" "Mozilla/5.0 (compatible; SemrushBot/7~bl; +http://www.semrush.com/bot.html)"
85.208.96.207 - - [20/Jul/2025:15:34:58 +0000] "GET /wp-login.php?redirect_to=https%3A%2F%2Fbabyl0n.restaurant%2Fproduct%2Frow32265194.htm HTTP/1.1" 200 1862 "-" "Mozilla/5.0 (compatible; SemrushBot/7~bl; +http://www.semrush.com/bot.html)"
209.74.77.214 - - [20/Jul/2025:15:35:22 +0000] "POST /wp-cron.php?doing_wp_cron=1753025722.7495079040527343750000 HTTP/1.1" 200 - "-" "WordPress/6.8.2; https://babyl0n.restaurant"
185.191.171.8 - - [20/Jul/2025:15:35:22 +0000] "GET /wp-login.php?redirect_to=https%3A%2F%2Fbabyl0n.restaurant%2Fproduct%2Fmirac11390840.htm HTTP/1.1" 200 1863 "-" "Mozilla/5.0 (compatible; SemrushBot/7~bl; +http://www.semrush.com/bot.html)"
85.208.96.200 - - [20/Jul/2025:15:35:42 +0000] "GET /wp-login.php?redirect_to=https%3A%2F%2Fbabyl0n.restaurant%2Fproduct%2Funimp60829373.htm HTTP/1.1" 200 1864 "-" "Mozilla/5.0 (compatible; SemrushBot/7~bl; +http://www.semrush.com/bot.html)"
66.249.73.10 - - [20/Jul/2025:15:35:55 +0000] "GET /product/helic71997622.htm HTTP/1.1" 200 39980 "-" "Mozilla/5.0 (Linux; Android 6.0.1; Nexus 5X Build/MMB29P) AppleWebKit/537.36 (KHTML, like Gecko) Chrome/137.0.7151.103 Mobile Safari/537.36 (compatible; Googlebot/2.1; +http://www.google.com/bot.html)"
85.208.96.201 - - [20/Jul/2025:15:36:03 +0000] "GET /wp-login.php?redirect_to=https%3A%2F%2Fbabyl0n.restaurant%2Fproduct%2Fmiss82160375.htm HTTP/1.1" 200 1861 "-" "Mozilla/5.0 (compatible; SemrushBot/7~bl; +http://www.semrush.com/bot.html)"
85.208.96.195 - - [20/Jul/2025:15:36:06 +0000] "GET /wp-login.php?redirect_to=https%3A%2F%2Fbabyl0n.restaurant%2Fproduct%2Fdike70867958.htm HTTP/1.1" 200 1862 "-" "Mozilla/5.0 (compatible; SemrushBot/7~bl; +http://www.semrush.com/bot.html)"
209.74.77.214 - - [20/Jul/2025:15:37:00 +0000] "POST /wp-cron.php?doing_wp_cron=1753025820.9172120094299316406250 HTTP/1.1" 200 - "-" "WordPress/6.8.2; https://babyl0n.restaurant"
85.208.96.201 - - [20/Jul/2025:15:36:59 +0000] "GET /wp-login.php?redirect_to=https%3A%2F%2Fbabyl0n.restaurant%2Fproduct%2Fpatch82566503.htm HTTP/1.1" 200 1862 "-" "Mozilla/5.0 (compatible; SemrushBot/7~bl; +http://www.semrush.com/bot.html)"
66.249.73.12 - - [20/Jul/2025:15:37:07 +0000] "GET /product/slit70550878.htm HTTP/1.1" 200 40314 "-" "Mozilla/5.0 (Linux; Android 6.0.1; Nexus 5X Build/MMB29P) AppleWebKit/537.36 (KHTML, like Gecko) Chrome/137.0.7151.103 Mobile Safari/537.36 (compatible; Googlebot/2.1; +http://www.google.com/bot.html)"
66.249.73.10 - - [20/Jul/2025:15:37:13 +0000] "POST /get-message-notify HTTP/1.1" 200 39792 "https://babyl0n.restaurant/product/slit70550878.htm" "Mozilla/5.0 (Linux; Android 6.0.1; Nexus 5X Build/MMB29P) AppleWebKit/537.36 (KHTML, like Gecko) Chrome/137.0.7151.119 Mobile Safari/537.36 (compatible; Googlebot/2.1; +http://www.google.com/bot.html)"
209.74.77.214 - - [20/Jul/2025:15:38:04 +0000] "POST /wp-cron.php?doing_wp_cron=1753025884.7983489036560058593750 HTTP/1.1" 200 - "-" "WordPress/6.8.2; https://babyl0n.restaurant"
85.208.96.197 - - [20/Jul/2025:15:38:03 +0000] "GET /wp-login.php?redirect_to=https%3A%2F%2Fbabyl0n.restaurant%2Fproduct%2Fpanic52766140.htm HTTP/1.1" 200 1862 "-" "Mozilla/5.0 (compatible; SemrushBot/7~bl; +http://www.semrush.com/bot.html)"
85.208.96.197 - - [20/Jul/2025:15:38:12 +0000] "GET /wp-login.php?redirect_to=https%3A%2F%2Fbabyl0n.restaurant%2Fproduct%2Fdie82416583.htm HTTP/1.1" 200 1861 "-" "Mozilla/5.0 (compatible; SemrushBot/7~bl; +http://www.semrush.com/bot.html)"
185.191.171.2 - - [20/Jul/2025:15:38:16 +0000] "GET /wp-login.php?redirect_to=https%3A%2F%2Fbabyl0n.restaurant%2Fproduct%2Fwire30015490.htm HTTP/1.1" 200 1862 "-" "Mozilla/5.0 (compatible; SemrushBot/7~bl; +http://www.semrush.com/bot.html)"
66.249.73.10 - - [20/Jul/2025:15:38:16 +0000] "GET /product/preci20614673.htm HTTP/1.1" 200 40415 "-" "Mozilla/5.0 (Linux; Android 6.0.1; Nexus 5X Build/MMB29P) AppleWebKit/537.36 (KHTML, like Gecko) Chrome/137.0.7151.103 Mobile Safari/537.36 (compatible; Googlebot/2.1; +http://www.google.com/bot.html)"
209.74.77.214 - - [20/Jul/2025:15:38:46 +0000] "POST /wp-cron.php?doing_wp_cron=1753025926.7166609764099121093750 HTTP/1.1" 200 - "-" "WordPress/6.8.2; https://babyl0n.restaurant"
85.208.96.199 - - [20/Jul/2025:15:38:46 +0000] "GET /wp-login.php?redirect_to=https%3A%2F%2Fbabyl0n.restaurant%2Fproduct%2Fdark72852038.htm HTTP/1.1" 200 1863 "-" "Mozilla/5.0 (compatible; SemrushBot/7~bl; +http://www.semrush.com/bot.html)"
85.208.96.204 - - [20/Jul/2025:15:39:00 +0000] "GET /wp-login.php?redirect_to=https%3A%2F%2Fbabyl0n.restaurant%2Fproduct%2Fpossi31360890.htm HTTP/1.1" 200 1862 "-" "Mozilla/5.0 (compatible; SemrushBot/7~bl; +http://www.semrush.com/bot.html)"
209.74.77.214 - - [20/Jul/2025:15:39:37 +0000] "POST /wp-cron.php?doing_wp_cron=1753025977.2716920375823974609375 HTTP/1.1" 200 - "-" "WordPress/6.8.2; https://babyl0n.restaurant"
185.191.171.7 - - [20/Jul/2025:15:39:35 +0000] "GET /wp-login.php?redirect_to=https%3A%2F%2Fbabyl0n.restaurant%2Fproduct%2Fgoose51470788.htm HTTP/1.1" 200 1863 "-" "Mozilla/5.0 (compatible; SemrushBot/7~bl; +http://www.semrush.com/bot.html)"
85.208.96.198 - - [20/Jul/2025:15:39:41 +0000] "GET /wp-login.php?redirect_to=https%3A%2F%2Fbabyl0n.restaurant%2Fproduct%2Favow60787821.htm HTTP/1.1" 200 1862 "-" "Mozilla/5.0 (compatible; SemrushBot/7~bl; +http://www.semrush.com/bot.html)"
66.249.73.11 - - [20/Jul/2025:15:40:04 +0000] "GET /product/bathe62886493.htm HTTP/1.1" 200 40207 "-" "Mozilla/5.0 (Linux; Android 6.0.1; Nexus 5X Build/MMB29P) AppleWebKit/537.36 (KHTML, like Gecko) Chrome/137.0.7151.103 Mobile Safari/537.36 (compatible; Googlebot/2.1; +http://www.google.com/bot.html)"
85.208.96.200 - - [20/Jul/2025:15:40:07 +0000] "GET /wp-login.php?redirect_to=https%3A%2F%2Fbabyl0n.restaurant%2Fproduct%2Feye80997295.htm HTTP/1.1" 200 1861 "-" "Mozilla/5.0 (compatible; SemrushBot/7~bl; +http://www.semrush.com/bot.html)"
209.74.77.214 - - [20/Jul/2025:15:40:18 +0000] "POST /wp-cron.php?doing_wp_cron=1753026018.0362970829010009765625 HTTP/1.1" 200 - "-" "WordPress/6.8.2; https://babyl0n.restaurant"
85.208.96.199 - - [20/Jul/2025:15:40:17 +0000] "GET /wp-login.php?redirect_to=https%3A%2F%2Fbabyl0n.restaurant%2Fproduct%2Ftail80600007.htm HTTP/1.1" 200 1861 "-" "Mozilla/5.0 (compatible; SemrushBot/7~bl; +http://www.semrush.com/bot.html)"
185.191.171.15 - - [20/Jul/2025:15:40:28 +0000] "GET /wp-login.php?redirect_to=https%3A%2F%2Fbabyl0n.restaurant%2Fproduct%2Ftax42211811.htm HTTP/1.1" 200 1861 "-" "Mozilla/5.0 (compatible; SemrushBot/7~bl; +http://www.semrush.com/bot.html)"
209.74.77.214 - - [20/Jul/2025:15:41:18 +0000] "POST /wp-cron.php?doing_wp_cron=1753026078.8266921043395996093750 HTTP/1.1" 200 - "-" "WordPress/6.8.2; https://babyl0n.restaurant"
85.208.96.193 - - [20/Jul/2025:15:41:17 +0000] "GET /wp-login.php?redirect_to=https%3A%2F%2Fbabyl0n.restaurant%2Fproduct%2Fform41944763.htm HTTP/1.1" 200 1860 "-" "Mozilla/5.0 (compatible; SemrushBot/7~bl; +http://www.semrush.com/bot.html)"
66.249.73.10 - - [20/Jul/2025:15:41:47 +0000] "GET /product/preca50799644.htm HTTP/1.1" 200 40225 "-" "Mozilla/5.0 (Linux; Android 6.0.1; Nexus 5X Build/MMB29P) AppleWebKit/537.36 (KHTML, like Gecko) Chrome/137.0.7151.103 Mobile Safari/537.36 (compatible; Googlebot/2.1; +http://www.google.com/bot.html)"
66.249.73.12 - - [20/Jul/2025:15:42:06 +0000] "POST /get-message-notify HTTP/1.1" 200 39725 "https://babyl0n.restaurant/product/preca50799644.htm" "Mozilla/5.0 (Linux; Android 6.0.1; Nexus 5X Build/MMB29P) AppleWebKit/537.36 (KHTML, like Gecko) Chrome/137.0.7151.119 Mobile Safari/537.36 (compatible; Googlebot/2.1; +http://www.google.com/bot.html)"
185.191.171.4 - - [20/Jul/2025:15:42:16 +0000] "GET /wp-login.php?redirect_to=https%3A%2F%2Fbabyl0n.restaurant%2Fproduct%2Flump60290613.htm HTTP/1.1" 200 1862 "-" "Mozilla/5.0 (compatible; SemrushBot/7~bl; +http://www.semrush.com/bot.html)"
209.74.77.214 - - [20/Jul/2025:15:42:29 +0000] "POST /wp-cron.php?doing_wp_cron=1753026149.7346010208129882812500 HTTP/1.1" 200 - "-" "WordPress/6.8.2; https://babyl0n.restaurant"
