Current File : /home/kelaby89/access-logs/cartel.express.sixpack.studio
209.74.77.214 - - [20/Jul/2025:12:49:33 +0000] "POST /wp-cron.php?doing_wp_cron=1753015773.9636740684509277343750 HTTP/1.1" 200 - "-" "WordPress/6.8.2; https://cartel.express"
60.188.57.0 - - [20/Jul/2025:12:49:31 +0000] "GET / HTTP/1.1" 301 - "-" "Mozilla/5.0 (iPhone; CPU iPhone OS 13_2_3 like Mac OS X) AppleWebKit/605.1.15 (KHTML, like Gecko) Version/13.0.3 Mobile/15E148 Safari/604.1"
209.74.77.214 - - [20/Jul/2025:12:52:07 +0000] "POST /wp-cron.php?doing_wp_cron=1753015927.1093420982360839843750 HTTP/1.1" 200 - "-" "WordPress/6.8.2; https://cartel.express"
37.19.210.69 - - [20/Jul/2025:12:52:04 +0000] "GET /.env HTTP/1.1" 404 24753 "-" "Mozilla/5.0 (Macintosh; Intel Mac OS X 10.15; rv:77.0) Gecko/20100101 Firefox/77.0"
194.145.227.125 - - [20/Jul/2025:12:52:17 +0000] "GET /joobi/inc/openflashchart/php-ofc-library/ofc_upload_image.php HTTP/1.1" 404 146907 "-" "ALittle Client"
209.74.77.214 - - [20/Jul/2025:13:04:25 +0000] "POST /wp-cron.php?doing_wp_cron=1753016665.2432548999786376953125 HTTP/1.1" 200 - "-" "WordPress/6.8.2; https://cartel.express"
159.89.187.20 - - [20/Jul/2025:13:04:21 +0000] "GET /wp-admin/css/ HTTP/1.1" 404 24751 "binance.com" "Mozilla/5.0 (Windows NT 10.0; Win64; x64) AppleWebKit/537.36 (KHTML, like Gecko) Chrome/90.0.4430.85 Safari/537.36"
159.89.187.20 - - [20/Jul/2025:13:04:28 +0000] "GET /.well-known/ HTTP/1.1" 404 24752 "binance.com" "Mozilla/5.0 (Windows NT 10.0; Win64; x64) AppleWebKit/537.36 (KHTML, like Gecko) Chrome/90.0.4430.85 Safari/537.36"
159.89.187.20 - - [20/Jul/2025:13:04:32 +0000] "GET /sites/default/files/ HTTP/1.1" 404 24804 "binance.com" "Mozilla/5.0 (Windows NT 10.0; Win64; x64) AppleWebKit/537.36 (KHTML, like Gecko) Chrome/90.0.4430.85 Safari/537.36"
191.96.37.203 - - [20/Jul/2025:13:04:35 +0000] "GET /.env HTTP/1.1" 404 24752 "-" "Mozilla/5.0 (Macintosh; Intel Mac OS X 10.15; rv:77.0) Gecko/20100101 Firefox/77.0"
159.89.187.20 - - [20/Jul/2025:13:04:36 +0000] "GET /admin/controller/extension/extension/ HTTP/1.1" 404 24803 "binance.com" "Mozilla/5.0 (Windows NT 10.0; Win64; x64) AppleWebKit/537.36 (KHTML, like Gecko) Chrome/90.0.4430.85 Safari/537.36"
159.89.187.20 - - [20/Jul/2025:13:04:40 +0000] "GET /uploads/ HTTP/1.1" 404 24750 "binance.com" "Mozilla/5.0 (Windows NT 10.0; Win64; x64) AppleWebKit/537.36 (KHTML, like Gecko) Chrome/90.0.4430.85 Safari/537.36"
159.89.187.20 - - [20/Jul/2025:13:04:44 +0000] "GET /images/ HTTP/1.1" 404 24751 "binance.com" "Mozilla/5.0 (Windows NT 10.0; Win64; x64) AppleWebKit/537.36 (KHTML, like Gecko) Chrome/90.0.4430.85 Safari/537.36"
209.74.77.214 - - [20/Jul/2025:13:04:47 +0000] "POST /wp-cron.php?doing_wp_cron=1753016687.6105360984802246093750 HTTP/1.1" 200 - "-" "WordPress/6.8.2; https://cartel.express"
159.89.187.20 - - [20/Jul/2025:13:04:47 +0000] "GET /files/ HTTP/1.1" 404 24749 "binance.com" "Mozilla/5.0 (Windows NT 10.0; Win64; x64) AppleWebKit/537.36 (KHTML, like Gecko) Chrome/90.0.4430.85 Safari/537.36"
209.74.77.214 - - [20/Jul/2025:13:17:57 +0000] "POST /wp-cron.php?doing_wp_cron=1753017477.6563749313354492187500 HTTP/1.1" 200 - "-" "WordPress/6.8.2; https://cartel.express"
113.192.31.34 - - [20/Jul/2025:13:17:54 +0000] "GET /wp-json/wp/v2/posts HTTP/1.1" 200 5160 "-" "Mozilla/5.0 (Windows NT 10.0; Win64; x64) AppleWebKit/537.36 (KHTML, like Gecko) Chrome/120.0.0.0 Safari/537.36"
84.239.52.15 - - [20/Jul/2025:13:17:58 +0000] "GET /wp-json/wp/v2/posts HTTP/1.1" 200 5160 "-" "Mozilla/5.0 (Windows NT 10.0; Win64; x64) AppleWebKit/537.36 (KHTML, like Gecko) Chrome/120.0.0.0 Safari/537.36"
209.74.77.214 - - [20/Jul/2025:13:22:56 +0000] "POST /wp-cron.php?doing_wp_cron=1753017776.9030299186706542968750 HTTP/1.1" 200 - "-" "WordPress/6.8.2; https://cartel.express"
101.109.212.141 - - [20/Jul/2025:13:22:54 +0000] "GET /wp-json/wp/v2/posts HTTP/1.1" 200 5160 "-" "Mozilla/5.0 (Windows NT 10.0; Win64; x64) AppleWebKit/537.36 (KHTML, like Gecko) Chrome/120.0.0.0 Safari/537.36"
85.204.70.104 - - [20/Jul/2025:14:34:56 +0000] "GET /wp-includes/wlwmanifest.xml HTTP/1.1" 404 146817 "-" "Mozilla/5.0 (Windows NT 10.0; Win64; x64) AppleWebKit/537.36 (KHTML, like Gecko) Chrome/78.0.3904.108 Safari/537.36"
85.204.70.104 - - [20/Jul/2025:14:34:58 +0000] "GET /?author=1 HTTP/1.1" 301 - "-" "Mozilla/5.0 (Windows NT 10.0; Win64; x64) AppleWebKit/537.36 (KHTML, like Gecko) Chrome/78.0.3904.108 Safari/537.36"
85.204.70.104 - - [20/Jul/2025:14:34:58 +0000] "GET /?author=2 HTTP/1.1" 404 146817 "-" "Mozilla/5.0 (Windows NT 10.0; Win64; x64) AppleWebKit/537.36 (KHTML, like Gecko) Chrome/78.0.3904.108 Safari/537.36"
85.204.70.104 - - [20/Jul/2025:14:34:59 +0000] "GET /wp-json/wp/v2/users/ HTTP/1.1" 200 1539 "-" "Mozilla/5.0 (Windows NT 10.0; Win64; x64) AppleWebKit/537.36 (KHTML, like Gecko) Chrome/78.0.3904.108 Safari/537.36"
85.204.70.104 - - [20/Jul/2025:14:34:59 +0000] "POST /xmlrpc.php HTTP/1.1" 200 401 "-" "Mozilla/5.0 (Windows NT 10.0; Win64; x64) AppleWebKit/537.36 (KHTML, like Gecko) Chrome/78.0.3904.108 Safari/537.36"
85.204.70.104 - - [20/Jul/2025:14:35:00 +0000] "POST /xmlrpc.php HTTP/1.1" 200 401 "-" "Mozilla/5.0 (Windows NT 10.0; Win64; x64) AppleWebKit/537.36 (KHTML, like Gecko) Chrome/78.0.3904.108 Safari/537.36"
85.204.70.104 - - [20/Jul/2025:14:35:01 +0000] "POST /xmlrpc.php HTTP/1.1" 200 401 "-" "Mozilla/5.0 (Windows NT 10.0; Win64; x64) AppleWebKit/537.36 (KHTML, like Gecko) Chrome/78.0.3904.108 Safari/537.36"
85.204.70.104 - - [20/Jul/2025:14:35:01 +0000] "POST /xmlrpc.php HTTP/1.1" 200 401 "-" "Mozilla/5.0 (Windows NT 10.0; Win64; x64) AppleWebKit/537.36 (KHTML, like Gecko) Chrome/78.0.3904.108 Safari/537.36"
85.204.70.104 - - [20/Jul/2025:14:35:02 +0000] "POST /xmlrpc.php HTTP/1.1" 200 401 "-" "Mozilla/5.0 (Windows NT 10.0; Win64; x64) AppleWebKit/537.36 (KHTML, like Gecko) Chrome/78.0.3904.108 Safari/537.36"
85.204.70.104 - - [20/Jul/2025:14:35:03 +0000] "POST /xmlrpc.php HTTP/1.1" 200 401 "-" "Mozilla/5.0 (Windows NT 10.0; Win64; x64) AppleWebKit/537.36 (KHTML, like Gecko) Chrome/78.0.3904.108 Safari/537.36"
85.204.70.104 - - [20/Jul/2025:14:35:03 +0000] "POST /xmlrpc.php HTTP/1.1" 200 401 "-" "Mozilla/5.0 (Windows NT 10.0; Win64; x64) AppleWebKit/537.36 (KHTML, like Gecko) Chrome/78.0.3904.108 Safari/537.36"
85.204.70.104 - - [20/Jul/2025:14:35:04 +0000] "POST /xmlrpc.php HTTP/1.1" 200 401 "-" "Mozilla/5.0 (Windows NT 10.0; Win64; x64) AppleWebKit/537.36 (KHTML, like Gecko) Chrome/78.0.3904.108 Safari/537.36"
85.204.70.104 - - [20/Jul/2025:14:35:04 +0000] "POST /xmlrpc.php HTTP/1.1" 200 401 "-" "Mozilla/5.0 (Windows NT 10.0; Win64; x64) AppleWebKit/537.36 (KHTML, like Gecko) Chrome/78.0.3904.108 Safari/537.36"
85.204.70.104 - - [20/Jul/2025:14:35:05 +0000] "POST /xmlrpc.php HTTP/1.1" 200 401 "-" "Mozilla/5.0 (Windows NT 10.0; Win64; x64) AppleWebKit/537.36 (KHTML, like Gecko) Chrome/78.0.3904.108 Safari/537.36"
85.204.70.104 - - [20/Jul/2025:14:35:05 +0000] "POST /xmlrpc.php HTTP/1.1" 200 401 "-" "Mozilla/5.0 (Windows NT 10.0; Win64; x64) AppleWebKit/537.36 (KHTML, like Gecko) Chrome/78.0.3904.108 Safari/537.36"
85.204.70.104 - - [20/Jul/2025:14:35:06 +0000] "POST /xmlrpc.php HTTP/1.1" 200 401 "-" "Mozilla/5.0 (Windows NT 10.0; Win64; x64) AppleWebKit/537.36 (KHTML, like Gecko) Chrome/78.0.3904.108 Safari/537.36"
85.204.70.104 - - [20/Jul/2025:14:35:07 +0000] "POST /xmlrpc.php HTTP/1.1" 200 401 "-" "Mozilla/5.0 (Windows NT 10.0; Win64; x64) AppleWebKit/537.36 (KHTML, like Gecko) Chrome/78.0.3904.108 Safari/537.36"
85.204.70.104 - - [20/Jul/2025:14:35:07 +0000] "POST /xmlrpc.php HTTP/1.1" 200 401 "-" "Mozilla/5.0 (Windows NT 10.0; Win64; x64) AppleWebKit/537.36 (KHTML, like Gecko) Chrome/78.0.3904.108 Safari/537.36"
85.204.70.104 - - [20/Jul/2025:14:35:08 +0000] "POST /xmlrpc.php HTTP/1.1" 200 401 "-" "Mozilla/5.0 (Windows NT 10.0; Win64; x64) AppleWebKit/537.36 (KHTML, like Gecko) Chrome/78.0.3904.108 Safari/537.36"
85.204.70.104 - - [20/Jul/2025:14:35:08 +0000] "POST /xmlrpc.php HTTP/1.1" 200 401 "-" "Mozilla/5.0 (Windows NT 10.0; Win64; x64) AppleWebKit/537.36 (KHTML, like Gecko) Chrome/78.0.3904.108 Safari/537.36"
85.204.70.104 - - [20/Jul/2025:14:35:09 +0000] "POST /xmlrpc.php HTTP/1.1" 200 401 "-" "Mozilla/5.0 (Windows NT 10.0; Win64; x64) AppleWebKit/537.36 (KHTML, like Gecko) Chrome/78.0.3904.108 Safari/537.36"
85.204.70.104 - - [20/Jul/2025:14:35:09 +0000] "POST /xmlrpc.php HTTP/1.1" 200 401 "-" "Mozilla/5.0 (Windows NT 10.0; Win64; x64) AppleWebKit/537.36 (KHTML, like Gecko) Chrome/78.0.3904.108 Safari/537.36"
85.204.70.104 - - [20/Jul/2025:14:35:10 +0000] "POST /xmlrpc.php HTTP/1.1" 200 401 "-" "Mozilla/5.0 (Windows NT 10.0; Win64; x64) AppleWebKit/537.36 (KHTML, like Gecko) Chrome/78.0.3904.108 Safari/537.36"
85.204.70.104 - - [20/Jul/2025:14:35:10 +0000] "POST /xmlrpc.php HTTP/1.1" 200 401 "-" "Mozilla/5.0 (Windows NT 10.0; Win64; x64) AppleWebKit/537.36 (KHTML, like Gecko) Chrome/78.0.3904.108 Safari/537.36"
209.74.77.214 - - [20/Jul/2025:14:44:37 +0000] "POST /wp-cron.php?doing_wp_cron=1753022677.8703229427337646484375 HTTP/1.1" 200 - "-" "WordPress/6.8.2; https://cartel.express"
185.153.199.135 - - [20/Jul/2025:14:44:35 +0000] "GET /elfinder/src/connectors/php/connector.php HTTP/1.1" 404 146912 "-" "ALittle Client"
209.74.77.214 - - [20/Jul/2025:15:06:40 +0000] "POST /wp-cron.php?doing_wp_cron=1753024000.7353711128234863281250 HTTP/1.1" 200 - "-" "WordPress/6.8.2; https://cartel.express"
165.232.157.0 - - [20/Jul/2025:15:06:36 +0000] "GET /files.php HTTP/1.1" 404 24842 "https://www.google.com" "Mozilla/5.0 (Linux; Android 7.0; SM-G892A Build/NRD90M; wv) AppleWebKit/537.36 (KHTML, like Gecko) Version/4.0 Chrome/60.0.3112.107 Mobile Safari/537.36"
209.74.77.214 - - [20/Jul/2025:15:26:44 +0000] "POST /wp-cron.php?doing_wp_cron=1753025204.3950989246368408203125 HTTP/1.1" 200 - "-" "WordPress/6.8.2; https://cartel.express"
198.46.234.28 - - [20/Jul/2025:15:26:41 +0000] "POST /index.php/wp-json/litespeed/v1/cdn_status HTTP/1.1" 404 117 "https://cartel.express/wp-admin/update.php?action=upload-plugin" "Mozilla/5.0 (Windows NT 10.0; Win64; x64; rv:128.0) Gecko/20100101 Firefox/128.0"
209.74.77.214 - - [20/Jul/2025:15:40:10 +0000] "POST /wp-cron.php?doing_wp_cron=1753026010.9684479236602783203125 HTTP/1.1" 200 - "-" "WordPress/6.8.2; https://cartel.express"
85.215.154.81 - - [20/Jul/2025:15:40:08 +0000] "GET /style.php HTTP/1.1" 404 24841 "www.google.com" "Mozlila/5.0 (Linux; Android 7.0; SM-G892A Bulid/NRD90M; wv) AppleWebKit/537.36 (KHTML, like Gecko) Version/4.0 Chrome/60.0.3112.107 Moblie Safari/537.36"
209.74.77.214 - - [20/Jul/2025:16:05:01 +0000] "POST /wp-cron.php?doing_wp_cron=1753027501.1568179130554199218750 HTTP/1.1" 200 - "-" "WordPress/6.8.2; https://cartel.express"
170.106.163.48 - - [20/Jul/2025:16:04:58 +0000] "GET / HTTP/1.1" 301 - "-" "Mozilla/5.0 (iPhone; CPU iPhone OS 13_2_3 like Mac OS X) AppleWebKit/605.1.15 (KHTML, like Gecko) Version/13.0.3 Mobile/15E148 Safari/604.1"
209.74.77.214 - - [20/Jul/2025:16:11:14 +0000] "POST /wp-cron.php?doing_wp_cron=1753027874.5110371112823486328125 HTTP/1.1" 200 - "-" "WordPress/6.8.2; https://cartel.express"
182.40.104.255 - - [20/Jul/2025:16:11:10 +0000] "GET / HTTP/1.1" 301 - "-" "Mozilla/5.0 (iPhone; CPU iPhone OS 13_2_3 like Mac OS X) AppleWebKit/605.1.15 (KHTML, like Gecko) Version/13.0.3 Mobile/15E148 Safari/604.1"
209.74.77.214 - - [20/Jul/2025:16:30:04 +0000] "POST /wp-cron.php?doing_wp_cron=1753029004.1114890575408935546875 HTTP/1.1" 200 - "-" "WordPress/6.8.2; https://cartel.express"
51.255.51.138 - - [20/Jul/2025:16:30:00 +0000] "GET / HTTP/1.1" 301 - "-" "Mozilla/5.0 (Windows NT 10.0; Win64; x64) AppleWebKit/537.36 (KHTML, like Gecko) Chrome/112.0.5615.138 Safari/537.36"
209.74.77.214 - - [20/Jul/2025:17:08:18 +0000] "POST /wp-cron.php?doing_wp_cron=1753031298.5862340927124023437500 HTTP/1.1" 200 - "-" "WordPress/6.8.2; https://cartel.express"
44.247.51.98 - - [20/Jul/2025:17:08:15 +0000] "GET / HTTP/1.1" 301 - "-" "Mozilla/5.0 (Linux; Android 8.0.0; SM-G965U Build/R16NW) AppleWebKit/537.36 (KHTML, like Gecko) Chrome/63.0.3239.111 Mobile Safari/537.36"
209.74.77.214 - - [20/Jul/2025:17:08:44 +0000] "POST /wp-cron.php?doing_wp_cron=1753031324.3862431049346923828125 HTTP/1.1" 200 - "-" "WordPress/6.8.2; https://cartel.express"
43.153.73.200 - - [20/Jul/2025:17:08:44 +0000] "GET / HTTP/1.1" 301 - "-" "Mozilla/5.0 (iPhone; CPU iPhone OS 13_2_3 like Mac OS X) AppleWebKit/605.1.15 (KHTML, like Gecko) Version/13.0.3 Mobile/15E148 Safari/604.1"
45.80.158.145 - - [20/Jul/2025:17:30:25 +0000] "GET /style.php HTTP/1.1" 301 - "-" "Mozilla/5.0 (Linux; Android 7.0; SM-G892A Build/NRD90M; wv) AppleWebKit/537.36 (KHTML, like Gecko) Version/4.0 Chrome/60.0.3112.107 Mobile Safari/537.36"
45.80.158.145 - - [20/Jul/2025:17:30:29 +0000] "GET /style.php HTTP/1.1" 404 24842 "-" "Mozilla/5.0 (Linux; Android 7.0; SM-G892A Build/NRD90M; wv) AppleWebKit/537.36 (KHTML, like Gecko) Version/4.0 Chrome/60.0.3112.107 Mobile Safari/537.36"
172.190.142.176 - - [20/Jul/2025:18:43:30 +0000] "GET /wp-content/plugins/hellopress/wp_filemanager.php HTTP/1.1" 404 146910 "-" "-"
172.190.142.176 - - [20/Jul/2025:18:43:31 +0000] "GET /atomlib.php HTTP/1.1" 404 146819 "-" "-"
172.190.142.176 - - [20/Jul/2025:18:43:32 +0000] "GET /wp-content/themes/aahana/json.php HTTP/1.1" 404 146911 "-" "-"
172.190.142.176 - - [20/Jul/2025:18:43:32 +0000] "GET /cgi-bin/cgi-bin/about.php7 HTTP/1.1" 404 146906 "-" "-"
172.190.142.176 - - [20/Jul/2025:18:43:33 +0000] "GET /wp-content/plugins/hellopress/wp_filemanager.php HTTP/1.1" 404 146912 "-" "-"
172.190.142.176 - - [20/Jul/2025:18:43:33 +0000] "GET /themes.php HTTP/1.1" 404 146816 "-" "-"
172.190.142.176 - - [20/Jul/2025:18:43:34 +0000] "GET /goat1.php HTTP/1.1" 404 146817 "-" "-"
172.190.142.176 - - [20/Jul/2025:18:43:35 +0000] "GET /bless.php HTTP/1.1" 404 146817 "-" "-"
172.190.142.176 - - [20/Jul/2025:18:43:35 +0000] "GET /wp-configs.php HTTP/1.1" 404 146820 "-" "-"
172.190.142.176 - - [20/Jul/2025:18:43:36 +0000] "GET /wp-content/upgrade/index.php HTTP/1.1" 301 - "-" "-"
172.190.142.176 - - [20/Jul/2025:18:43:36 +0000] "GET /wp-content/upgrade/ HTTP/1.1" 404 146819 "-" "-"
172.190.142.176 - - [20/Jul/2025:18:43:37 +0000] "GET /wp-content/plugins/wp-conflg.php HTTP/1.1" 404 146911 "-" "-"
172.190.142.176 - - [20/Jul/2025:18:43:38 +0000] "GET /02.php HTTP/1.1" 404 146812 "-" "-"
172.190.142.176 - - [20/Jul/2025:18:43:38 +0000] "GET /wp-includes/IXR/index.php HTTP/1.1" 301 - "-" "-"
172.190.142.176 - - [20/Jul/2025:18:43:39 +0000] "GET /wp-includes/IXR/ HTTP/1.1" 404 146820 "-" "-"
172.190.142.176 - - [20/Jul/2025:18:43:39 +0000] "GET /up.php HTTP/1.1" 404 146816 "-" "-"
172.190.142.176 - - [20/Jul/2025:18:43:40 +0000] "GET /mail.php HTTP/1.1" 404 146817 "-" "-"
172.190.142.176 - - [20/Jul/2025:18:43:41 +0000] "GET /jp.php HTTP/1.1" 404 146817 "-" "-"
172.190.142.176 - - [20/Jul/2025:18:43:42 +0000] "GET /media.php HTTP/1.1" 404 146815 "-" "-"
172.190.142.176 - - [20/Jul/2025:18:43:42 +0000] "GET /wp-content/themes/about.php HTTP/1.1" 404 146910 "-" "-"
172.190.142.176 - - [20/Jul/2025:18:43:43 +0000] "GET /worksec.php HTTP/1.1" 404 146819 "-" "-"
172.190.142.176 - - [20/Jul/2025:18:43:44 +0000] "GET /.well-known/pki-validation/dropdown.php HTTP/1.1" 404 - "-" "-"
172.190.142.176 - - [20/Jul/2025:18:43:44 +0000] "GET /menu.php HTTP/1.1" 404 146817 "-" "-"
172.190.142.176 - - [20/Jul/2025:18:43:44 +0000] "GET /log.php HTTP/1.1" 404 146816 "-" "-"
172.190.142.176 - - [20/Jul/2025:18:43:45 +0000] "GET /class.php HTTP/1.1" 404 146816 "-" "-"
172.190.142.176 - - [20/Jul/2025:18:43:46 +0000] "GET /.well-known/pki-validation/index.php HTTP/1.1" 404 - "-" "-"
172.190.142.176 - - [20/Jul/2025:18:43:46 +0000] "GET /wp-includes/SimplePie/index.php HTTP/1.1" 301 - "-" "-"
172.190.142.176 - - [20/Jul/2025:18:43:46 +0000] "GET /wp-includes/SimplePie/ HTTP/1.1" 404 146813 "-" "-"
209.74.77.214 - - [20/Jul/2025:18:43:47 +0000] "POST /wp-cron.php?doing_wp_cron=1753037027.7453188896179199218750 HTTP/1.1" 200 - "-" "WordPress/6.8.2; https://cartel.express"
172.190.142.176 - - [20/Jul/2025:18:43:47 +0000] "GET /wp-content/plugins/wp-help/index.php HTTP/1.1" 301 - "-" "-"
172.190.142.176 - - [20/Jul/2025:18:43:47 +0000] "GET /wp-content/plugins/wp-help/ HTTP/1.1" 404 146910 "-" "-"
172.190.142.176 - - [20/Jul/2025:18:43:48 +0000] "GET /wp-conflg.php HTTP/1.1" 404 146817 "-" "-"
172.190.142.176 - - [20/Jul/2025:18:43:49 +0000] "GET /wp-content/themes/twentytwentytwo/index.php HTTP/1.1" 301 - "-" "-"
172.190.142.176 - - [20/Jul/2025:18:43:49 +0000] "GET /wp-content/themes/twentytwentytwo/ HTTP/1.1" 404 146909 "-" "-"
172.190.142.176 - - [20/Jul/2025:18:43:50 +0000] "GET /wp-includes/block-patterns/index.php HTTP/1.1" 301 - "-" "-"
172.190.142.176 - - [20/Jul/2025:18:43:51 +0000] "GET /wp-includes/block-patterns/ HTTP/1.1" 404 146814 "-" "-"
172.190.142.176 - - [20/Jul/2025:18:43:51 +0000] "GET /wp-includes/Text/Diff/Engine/about.php HTTP/1.1" 404 146907 "-" "-"
172.190.142.176 - - [20/Jul/2025:18:43:52 +0000] "GET /wp-admin/images/file.php HTTP/1.1" 404 146909 "-" "-"
172.190.142.176 - - [20/Jul/2025:18:43:53 +0000] "GET /wp-includes/pomo/about.php HTTP/1.1" 404 146910 "-" "-"
172.190.142.176 - - [20/Jul/2025:18:43:53 +0000] "GET /wp-content/uploads/wp.php HTTP/1.1" 404 146909 "-" "-"
172.190.142.176 - - [20/Jul/2025:18:43:54 +0000] "GET /wp-content/themes/cay-van-phong/filemanager.php HTTP/1.1" 404 146909 "-" "-"
172.190.142.176 - - [20/Jul/2025:18:43:55 +0000] "GET /wp-content/cong.php HTTP/1.1" 404 146817 "-" "-"
172.190.142.176 - - [20/Jul/2025:18:43:55 +0000] "GET /wp-includes/js/about.php HTTP/1.1" 404 146910 "-" "-"
172.190.142.176 - - [20/Jul/2025:18:43:56 +0000] "GET /cc.php HTTP/1.1" 404 146816 "-" "-"
172.190.142.176 - - [20/Jul/2025:18:43:57 +0000] "GET /wp-includes/IXR/about.php HTTP/1.1" 404 146907 "-" "-"
172.190.142.176 - - [20/Jul/2025:18:43:57 +0000] "GET /wp-mail.php/wp-includes/ID3/getid3s.php HTTP/1.1" 403 2520 "-" "-"
172.190.142.176 - - [20/Jul/2025:18:43:58 +0000] "GET /wp-admin/function.php HTTP/1.1" 404 146818 "-" "-"
172.190.142.176 - - [20/Jul/2025:18:43:58 +0000] "GET /wp-admin/css/colors/blue/atomlib.php HTTP/1.1" 404 146910 "-" "-"
172.190.142.176 - - [20/Jul/2025:18:43:59 +0000] "GET /wp-content/themes.php HTTP/1.1" 404 146815 "-" "-"
172.190.142.176 - - [20/Jul/2025:18:44:00 +0000] "GET /wp-content/packed.php HTTP/1.1" 404 146820 "-" "-"
172.190.142.176 - - [20/Jul/2025:18:44:01 +0000] "GET /wp-includes/js/codemirror/index.php HTTP/1.1" 301 - "-" "-"
172.190.142.176 - - [20/Jul/2025:18:44:01 +0000] "GET /wp-includes/js/codemirror/ HTTP/1.1" 404 146909 "-" "-"
172.190.142.176 - - [20/Jul/2025:18:44:02 +0000] "GET /wp-admin/includes/xmrlpc.php HTTP/1.1" 404 146911 "-" "-"
172.190.142.176 - - [20/Jul/2025:18:44:03 +0000] "GET /wp-content/themes/admin.php HTTP/1.1" 404 146912 "-" "-"
172.190.142.176 - - [20/Jul/2025:18:44:03 +0000] "GET /wp-admin/css/wp-conflg.php HTTP/1.1" 404 146911 "-" "-"
172.190.142.176 - - [20/Jul/2025:18:44:04 +0000] "GET /wp-includes/Text/Diff/about.php HTTP/1.1" 404 146907 "-" "-"
172.190.142.176 - - [20/Jul/2025:18:44:05 +0000] "GET /wp-includes/block-supports/about.php HTTP/1.1" 404 146910 "-" "-"
172.190.142.176 - - [20/Jul/2025:18:44:06 +0000] "GET /wp-admin/chosen.php HTTP/1.1" 404 146817 "-" "-"
172.190.142.176 - - [20/Jul/2025:18:44:06 +0000] "GET /wp-content/themes/file.php HTTP/1.1" 404 146907 "-" "-"
172.190.142.176 - - [20/Jul/2025:18:44:07 +0000] "GET /wp-includes/fonts/admin.php HTTP/1.1" 404 146911 "-" "-"
172.190.142.176 - - [20/Jul/2025:18:44:08 +0000] "GET /wp-admin/classwithtostring.php HTTP/1.1" 404 146820 "-" "-"
172.190.142.176 - - [20/Jul/2025:18:44:08 +0000] "GET /wp-content/upgrade/admin.php HTTP/1.1" 404 146908 "-" "-"
172.190.142.176 - - [20/Jul/2025:18:44:09 +0000] "GET /wp-admin/log.php HTTP/1.1" 404 146813 "-" "-"
172.190.142.176 - - [20/Jul/2025:18:44:10 +0000] "GET /wp-content/uploads/2024/index.php HTTP/1.1" 301 - "-" "-"
172.190.142.176 - - [20/Jul/2025:18:44:10 +0000] "GET /wp-content/uploads/2024/ HTTP/1.1" 404 146908 "-" "-"
172.190.142.176 - - [20/Jul/2025:18:44:11 +0000] "GET /wp-admin/js/wp-conflg.php HTTP/1.1" 404 146909 "-" "-"
172.190.142.176 - - [20/Jul/2025:18:44:12 +0000] "GET /wp-content/themes/twentytwentytwo/alfa-rex.php HTTP/1.1" 404 146908 "-" "-"
172.190.142.176 - - [20/Jul/2025:18:44:13 +0000] "GET /wp-includes/style-engine/index.php HTTP/1.1" 301 - "-" "-"
172.190.142.176 - - [20/Jul/2025:18:44:13 +0000] "GET /wp-includes/style-engine/ HTTP/1.1" 404 146818 "-" "-"
172.190.142.176 - - [20/Jul/2025:18:44:14 +0000] "GET /wp-includes/Text/wp-conflg.php HTTP/1.1" 404 146912 "-" "-"
172.190.142.176 - - [20/Jul/2025:18:44:15 +0000] "GET /wp-content/languages/chosen.php HTTP/1.1" 404 146909 "-" "-"
172.190.142.176 - - [20/Jul/2025:18:44:15 +0000] "GET /wp-admin/network/chosen.php HTTP/1.1" 404 146908 "-" "-"
172.190.142.176 - - [20/Jul/2025:18:44:16 +0000] "GET /wp-includes/html-api/index.php HTTP/1.1" 301 - "-" "-"
172.190.142.176 - - [20/Jul/2025:18:44:16 +0000] "GET /wp-includes/html-api/ HTTP/1.1" 404 146820 "-" "-"
172.190.142.176 - - [20/Jul/2025:18:44:17 +0000] "GET /wp-content/plugins/linkpreview/db.php?u HTTP/1.1" 404 146907 "-" "-"
172.190.142.176 - - [20/Jul/2025:18:44:18 +0000] "GET /02.php HTTP/1.1" 404 146817 "-" "-"
172.190.142.176 - - [20/Jul/2025:18:44:18 +0000] "GET /jp.php HTTP/1.1" 404 146818 "-" "-"
172.190.142.176 - - [20/Jul/2025:18:44:19 +0000] "GET /wp-admin/chosen.php HTTP/1.1" 404 146817 "-" "-"
172.190.142.176 - - [20/Jul/2025:18:44:20 +0000] "GET /wp-admin/js/wp-conflg.php HTTP/1.1" 404 146910 "-" "-"
172.190.142.176 - - [20/Jul/2025:18:44:20 +0000] "GET /wp-includes/block-supports/about.php HTTP/1.1" 404 146911 "-" "-"
172.190.142.176 - - [20/Jul/2025:18:44:21 +0000] "GET /wp-content/plugins/wp-conflg.php HTTP/1.1" 404 146907 "-" "-"
172.190.142.176 - - [20/Jul/2025:18:44:22 +0000] "GET /wp-includes/js/about.php HTTP/1.1" 404 146912 "-" "-"
172.190.142.176 - - [20/Jul/2025:18:44:23 +0000] "GET /wp-content/upgrade/admin.php HTTP/1.1" 404 146909 "-" "-"
172.190.142.176 - - [20/Jul/2025:18:44:23 +0000] "GET /wp-content/themes/about.php HTTP/1.1" 404 146910 "-" "-"
172.190.142.176 - - [20/Jul/2025:18:44:24 +0000] "GET /wp-content/upgrade/index.php HTTP/1.1" 301 - "-" "-"
172.190.142.176 - - [20/Jul/2025:18:44:24 +0000] "GET /wp-content/upgrade/ HTTP/1.1" 404 146818 "-" "-"
172.190.142.176 - - [20/Jul/2025:18:44:25 +0000] "GET /wp-includes/IXR/index.php HTTP/1.1" 301 - "-" "-"
172.190.142.176 - - [20/Jul/2025:18:44:26 +0000] "GET /wp-includes/IXR/ HTTP/1.1" 404 146817 "-" "-"
172.190.142.176 - - [20/Jul/2025:18:44:26 +0000] "GET /wp-includes/fonts/admin.php HTTP/1.1" 404 146910 "-" "-"
172.190.142.176 - - [20/Jul/2025:18:44:27 +0000] "GET /wp-admin/function.php HTTP/1.1" 404 146818 "-" "-"
172.190.142.176 - - [20/Jul/2025:18:44:28 +0000] "GET /themes.php HTTP/1.1" 404 146816 "-" "-"
172.190.142.176 - - [20/Jul/2025:18:44:28 +0000] "GET /wp-includes/Text/wp-conflg.php HTTP/1.1" 404 146905 "-" "-"
172.190.142.176 - - [20/Jul/2025:18:44:29 +0000] "GET /wp-content/languages/chosen.php HTTP/1.1" 404 146906 "-" "-"
172.190.142.176 - - [20/Jul/2025:18:44:30 +0000] "GET /wp-includes/html-api/index.php HTTP/1.1" 301 - "-" "-"
172.190.142.176 - - [20/Jul/2025:18:44:30 +0000] "GET /wp-includes/html-api/ HTTP/1.1" 404 146819 "-" "-"
172.190.142.176 - - [20/Jul/2025:18:44:31 +0000] "GET /mail.php HTTP/1.1" 404 146816 "-" "-"
172.190.142.176 - - [20/Jul/2025:18:44:32 +0000] "GET /wp-admin/log.php HTTP/1.1" 404 146815 "-" "-"
172.190.142.176 - - [20/Jul/2025:18:44:32 +0000] "GET /wp-includes/js/codemirror/index.php HTTP/1.1" 301 - "-" "-"
172.190.142.176 - - [20/Jul/2025:18:44:33 +0000] "GET /wp-includes/js/codemirror/ HTTP/1.1" 404 146912 "-" "-"
172.190.142.176 - - [20/Jul/2025:18:44:33 +0000] "GET /wp-includes/SimplePie/index.php HTTP/1.1" 301 - "-" "-"
172.190.142.176 - - [20/Jul/2025:18:44:34 +0000] "GET /wp-includes/SimplePie/ HTTP/1.1" 404 146817 "-" "-"
172.190.142.176 - - [20/Jul/2025:18:44:34 +0000] "GET /wp-includes/block-patterns/index.php HTTP/1.1" 301 - "-" "-"
172.190.142.176 - - [20/Jul/2025:18:44:35 +0000] "GET /wp-includes/block-patterns/ HTTP/1.1" 404 146818 "-" "-"
172.190.142.176 - - [20/Jul/2025:18:44:36 +0000] "GET /.well-known/pki-validation/index.php HTTP/1.1" 404 - "-" "-"
172.190.142.176 - - [20/Jul/2025:18:44:36 +0000] "GET /wp-admin/classwithtostring.php HTTP/1.1" 404 146817 "-" "-"
172.190.142.176 - - [20/Jul/2025:18:44:36 +0000] "GET /atomlib.php HTTP/1.1" 404 146813 "-" "-"
172.190.142.176 - - [20/Jul/2025:18:44:37 +0000] "GET /wp-includes/Text/Diff/about.php HTTP/1.1" 404 146910 "-" "-"
172.190.142.176 - - [20/Jul/2025:18:44:38 +0000] "GET /bless.php HTTP/1.1" 404 146815 "-" "-"
172.190.142.176 - - [20/Jul/2025:18:44:38 +0000] "GET /wp-conflg.php HTTP/1.1" 404 146815 "-" "-"
172.190.142.176 - - [20/Jul/2025:18:44:39 +0000] "GET /class.php HTTP/1.1" 404 146820 "-" "-"
172.190.142.176 - - [20/Jul/2025:18:44:40 +0000] "GET /wp-content/plugins/wp-help/index.php HTTP/1.1" 301 - "-" "-"
172.190.142.176 - - [20/Jul/2025:18:44:42 +0000] "GET /wp-content/plugins/wp-help/ HTTP/1.1" 404 146904 "-" "-"
172.190.142.176 - - [20/Jul/2025:18:44:42 +0000] "GET /wp-admin/includes/xmrlpc.php HTTP/1.1" 404 146907 "-" "-"
172.190.142.176 - - [20/Jul/2025:18:44:43 +0000] "GET /wp-content/themes/twentytwentytwo/index.php HTTP/1.1" 301 - "-" "-"
172.190.142.176 - - [20/Jul/2025:18:44:43 +0000] "GET /wp-content/themes/twentytwentytwo/ HTTP/1.1" 404 146908 "-" "-"
172.190.142.176 - - [20/Jul/2025:18:44:44 +0000] "GET /cgi-bin/cgi-bin/about.php7 HTTP/1.1" 404 146906 "-" "-"
172.190.142.176 - - [20/Jul/2025:18:44:45 +0000] "GET /wp-content/cong.php HTTP/1.1" 404 146814 "-" "-"
172.190.142.176 - - [20/Jul/2025:18:44:46 +0000] "GET /wp-includes/style-engine/index.php HTTP/1.1" 301 - "-" "-"
172.190.142.176 - - [20/Jul/2025:18:44:46 +0000] "GET /wp-includes/style-engine/ HTTP/1.1" 404 146818 "-" "-"
209.74.77.214 - - [20/Jul/2025:18:44:47 +0000] "POST /wp-cron.php?doing_wp_cron=1753037087.6827840805053710937500 HTTP/1.1" 200 - "-" "WordPress/6.8.2; https://cartel.express"
172.190.142.176 - - [20/Jul/2025:18:44:47 +0000] "GET /wp-mail.php/wp-includes/ID3/getid3s.php HTTP/1.1" 403 2520 "-" "-"
172.190.142.176 - - [20/Jul/2025:18:44:47 +0000] "GET /wp-includes/Text/Diff/Engine/about.php HTTP/1.1" 404 146911 "-" "-"
172.190.142.176 - - [20/Jul/2025:18:44:48 +0000] "GET /wp-content/plugins/hellopress/wp_filemanager.php HTTP/1.1" 404 146908 "-" "-"
172.190.142.176 - - [20/Jul/2025:18:44:49 +0000] "GET /cc.php HTTP/1.1" 404 146820 "-" "-"
209.74.77.214 - - [20/Jul/2025:19:07:14 +0000] "POST /wp-cron.php?doing_wp_cron=1753038434.2631568908691406250000 HTTP/1.1" 200 - "-" "WordPress/6.8.2; https://cartel.express"
49.7.227.204 - - [20/Jul/2025:19:07:13 +0000] "GET / HTTP/1.1" 301 - "-" "Mozilla/5.0 (iPhone; CPU iPhone OS 13_2_3 like Mac OS X) AppleWebKit/605.1.15 (KHTML, like Gecko) Version/13.0.3 Mobile/15E148 Safari/604.1"
34.221.190.58 - - [20/Jul/2025:19:10:05 +0000] "GET / HTTP/1.1" 301 - "-" "Mozilla/5.0 (Windows NT 10.0; Win64; x64)AppleWebKit/537.36 (KHTML, like Gecko) Chrome/66.0.3359.181 Safari/537.36"
209.74.77.214 - - [20/Jul/2025:20:24:41 +0000] "POST /wp-cron.php?doing_wp_cron=1753043081.7100379467010498046875 HTTP/1.1" 200 - "-" "WordPress/6.8.2; https://cartel.express"
115.74.5.219 - - [20/Jul/2025:20:24:39 +0000] "GET /wp-json/wp/v2/posts HTTP/1.1" 200 5160 "-" "Mozilla/5.0 (Windows NT 10.0; Win64; x64) AppleWebKit/537.36 (KHTML, like Gecko) Chrome/120.0.0.0 Safari/537.36"
209.74.77.214 - - [20/Jul/2025:21:45:32 +0000] "POST /wp-cron.php?doing_wp_cron=1753047932.2358000278472900390625 HTTP/1.1" 200 - "-" "WordPress/6.8.2; https://cartel.express"
185.241.208.99 - - [20/Jul/2025:21:45:28 +0000] "GET /style.php HTTP/1.1" 404 24841 "-" "Mozilla/5.0 (Linux; Android 7.0; SM-G892A Build/NRD90M; wv) AppleWebKit/537.36 (KHTML, like Gecko) Version/4.0 Chrome/60.0.3112.107 Mobile Safari/537.36"
209.74.77.214 - - [20/Jul/2025:23:25:55 +0000] "POST /wp-cron.php?doing_wp_cron=1753053955.4799010753631591796875 HTTP/1.1" 200 - "-" "WordPress/6.8.2; https://cartel.express"
116.98.228.24 - - [20/Jul/2025:23:25:53 +0000] "GET /wp-json/wp/v2/posts HTTP/1.1" 200 5160 "-" "Mozilla/5.0 (Windows NT 10.0; Win64; x64) AppleWebKit/537.36 (KHTML, like Gecko) Chrome/120.0.0.0 Safari/537.36"
209.74.77.214 - - [20/Jul/2025:23:32:13 +0000] "POST /wp-cron.php?doing_wp_cron=1753054333.3818860054016113281250 HTTP/1.1" 200 - "-" "WordPress/6.8.2; https://cartel.express"
49.51.183.75 - - [20/Jul/2025:23:32:11 +0000] "GET / HTTP/1.1" 301 - "-" "Mozilla/5.0 (iPhone; CPU iPhone OS 13_2_3 like Mac OS X) AppleWebKit/605.1.15 (KHTML, like Gecko) Version/13.0.3 Mobile/15E148 Safari/604.1"
66.249.73.130 - - [21/Jul/2025:00:14:50 +0000] "GET /robots.txt HTTP/1.1" 200 94 "-" "Mozilla/5.0 (compatible; Googlebot/2.1; +http://www.google.com/bot.html)"
66.249.73.131 - - [21/Jul/2025:00:14:50 +0000] "GET / HTTP/1.1" 200 17823 "-" "Mozilla/5.0 (Linux; Android 6.0.1; Nexus 5X Build/MMB29P) AppleWebKit/537.36 (KHTML, like Gecko) Chrome/137.0.7151.103 Mobile Safari/537.36 (compatible; Googlebot/2.1; +http://www.google.com/bot.html)"
66.249.73.131 - - [21/Jul/2025:00:17:17 +0000] "POST /get-message-notify HTTP/1.1" 200 18670 "http://cartel.express/" "Mozilla/5.0 (Linux; Android 6.0.1; Nexus 5X Build/MMB29P) AppleWebKit/537.36 (KHTML, like Gecko) Chrome/137.0.7151.119 Mobile Safari/537.36 (compatible; Googlebot/2.1; +http://www.google.com/bot.html)"
216.244.66.243 - - [21/Jul/2025:00:36:22 +0000] "GET /robots.txt HTTP/1.1" 200 79 "-" "Mozilla/5.0 (compatible; DotBot/1.2; +https://opensiteexplorer.org/dotbot; [email protected])"
209.74.77.214 - - [21/Jul/2025:00:44:42 +0000] "POST /wp-cron.php?doing_wp_cron=1753058682.6117110252380371093750 HTTP/1.1" 200 - "-" "WordPress/6.8.2; https://cartel.express"
43.167.236.228 - - [21/Jul/2025:00:44:39 +0000] "GET / HTTP/1.1" 301 - "-" "Mozilla/5.0 (iPhone; CPU iPhone OS 13_2_3 like Mac OS X) AppleWebKit/605.1.15 (KHTML, like Gecko) Version/13.0.3 Mobile/15E148 Safari/604.1"
209.74.77.214 - - [21/Jul/2025:00:48:15 +0000] "POST /wp-cron.php?doing_wp_cron=1753058895.2105538845062255859375 HTTP/1.1" 200 - "-" "WordPress/6.8.2; https://cartel.express"
216.244.66.243 - - [21/Jul/2025:00:48:12 +0000] "GET /cars_features/winter-tires/feed/ HTTP/1.1" 200 744 "-" "Mozilla/5.0 (compatible; DotBot/1.2; +https://opensiteexplorer.org/dotbot; [email protected])"
209.74.77.214 - - [21/Jul/2025:01:05:29 +0000] "POST /wp-cron.php?doing_wp_cron=1753059929.6425619125366210937500 HTTP/1.1" 200 - "-" "WordPress/6.8.2; https://cartel.express"
182.44.8.254 - - [21/Jul/2025:01:05:25 +0000] "GET / HTTP/1.1" 301 - "-" "Mozilla/5.0 (iPhone; CPU iPhone OS 13_2_3 like Mac OS X) AppleWebKit/605.1.15 (KHTML, like Gecko) Version/13.0.3 Mobile/15E148 Safari/604.1"
209.74.77.214 - - [21/Jul/2025:01:18:06 +0000] "POST /wp-cron.php?doing_wp_cron=1753060686.4969689846038818359375 HTTP/1.1" 200 - "-" "WordPress/6.8.2; https://cartel.express"
198.46.234.28 - - [21/Jul/2025:01:18:02 +0000] "POST /index.php/wp-json/litespeed/v1/cdn_status HTTP/1.1" 404 117 "https://cartel.express/wp-admin/update.php?action=upload-plugin" "Mozilla/5.0 (Windows NT 10.0; Win64; x64; rv:128.0) Gecko/20100101 Firefox/128.0"
116.98.182.161 - - [21/Jul/2025:02:43:04 +0000] "GET /wp-json/wp/v2/posts HTTP/1.1" 200 5160 "-" "Mozilla/5.0 (Windows NT 10.0; Win64; x64) AppleWebKit/537.36 (KHTML, like Gecko) Chrome/120.0.0.0 Safari/537.36"
51.68.111.239 - - [21/Jul/2025:02:47:31 +0000] "GET /robots.txt HTTP/1.1" 200 94 "-" "Mozilla/5.0 (compatible; MJ12bot/v2.0.2; http://mj12bot.com/)"
209.74.77.214 - - [21/Jul/2025:02:47:32 +0000] "POST /wp-cron.php?doing_wp_cron=1753066052.0959649085998535156250 HTTP/1.1" 200 - "-" "WordPress/6.8.2; https://cartel.express"
51.68.111.239 - - [21/Jul/2025:02:47:31 +0000] "GET / HTTP/1.1" 301 - "-" "Mozilla/5.0 (compatible; MJ12bot/v2.0.2; http://mj12bot.com/)"
209.74.77.214 - - [21/Jul/2025:03:04:46 +0000] "POST /wp-cron.php?doing_wp_cron=1753067086.8085110187530517578125 HTTP/1.1" 200 - "-" "WordPress/6.8.2; https://cartel.express"
12.74.97.80 - - [21/Jul/2025:03:04:44 +0000] "GET http://cartel.express/wp-json/wp/v2/posts HTTP/1.1" 301 - "-" "Mozilla/5.0 (Windows NT 10.0; Win64; x64) AppleWebKit/537.36 (KHTML, like Gecko) Chrome/120.0.0.0 Safari/537.36"
89.163.242.76 - - [21/Jul/2025:03:32:38 +0000] "POST /ss.php HTTP/1.1" 404 24751 "-" "python-requests/2.27.1"
216.244.66.243 - - [21/Jul/2025:03:40:04 +0000] "GET /robots.txt HTTP/1.1" 200 79 "-" "Mozilla/5.0 (compatible; DotBot/1.2; +https://opensiteexplorer.org/dotbot; [email protected])"
209.74.77.214 - - [21/Jul/2025:03:53:19 +0000] "POST /wp-cron.php?doing_wp_cron=1753069999.0483679771423339843750 HTTP/1.1" 200 - "-" "WordPress/6.8.2; https://cartel.express"
216.244.66.243 - - [21/Jul/2025:03:53:16 +0000] "GET /shop/?quick-view=19249 HTTP/1.1" 200 243566 "-" "Mozilla/5.0 (compatible; DotBot/1.2; +https://opensiteexplorer.org/dotbot; [email protected])"
209.74.77.214 - - [21/Jul/2025:04:09:58 +0000] "POST /wp-cron.php?doing_wp_cron=1753070998.4253530502319335937500 HTTP/1.1" 200 - "-" "WordPress/6.8.2; https://cartel.express"
114.96.103.33 - - [21/Jul/2025:04:09:56 +0000] "GET / HTTP/1.1" 301 - "-" "Mozilla/5.0 (iPhone; CPU iPhone OS 13_2_3 like Mac OS X) AppleWebKit/605.1.15 (KHTML, like Gecko) Version/13.0.3 Mobile/15E148 Safari/604.1"
209.74.77.214 - - [21/Jul/2025:04:11:13 +0000] "POST /wp-cron.php?doing_wp_cron=1753071073.1547210216522216796875 HTTP/1.1" 200 - "-" "WordPress/6.8.2; https://cartel.express"
89.163.242.76 - - [21/Jul/2025:04:11:10 +0000] "GET /inputs.php HTTP/1.1" 404 24842 "www.google.com" "Mozlila/5.0 (Linux; Android 7.0; SM-G892A Bulid/NRD90M; wv) AppleWebKit/537.36 (KHTML, like Gecko) Version/4.0 Chrome/60.0.3112.107 Moblie Safari/537.36"
Page not found – Hello World !