209.85.238.5 - - [20/Jul/2025:17:54:24 +0000] "GET /wp-content/plugins/trx_addons/js/__scripts.js HTTP/1.1" 200 83172 "https://cartel.express/shopdetail/2614490.shtml" "Mozilla/5.0 (X11; Linux x86_64) AppleWebKit/537.36 (KHTML, like Gecko) Chrome/137.0.7151.119 Safari/537.36"
209.85.238.4 - - [20/Jul/2025:17:54:24 +0000] "GET /wp-includes/js/mediaelement/wp-mediaelement.min.js?ver=6.8.2 HTTP/1.1" 200 538 "https://cartel.express/shopdetail/2614490.shtml" "Mozilla/5.0 (X11; Linux x86_64) AppleWebKit/537.36 (KHTML, like Gecko) Chrome/137.0.7151.119 Safari/537.36"
209.85.238.5 - - [20/Jul/2025:17:54:24 +0000] "GET /wp-content/themes/detailx/js/__scripts.js HTTP/1.1" 200 29936 "https://cartel.express/shopdetail/2614490.shtml" "Mozilla/5.0 (X11; Linux x86_64) AppleWebKit/537.36 (KHTML, like Gecko) Chrome/137.0.7151.119 Safari/537.36"
209.85.238.4 - - [20/Jul/2025:17:54:24 +0000] "GET /wp-content/plugins/ti-woocommerce-wishlist/assets/js/public.min.js?ver=2.10.0 HTTP/1.1" 200 5997 "https://cartel.express/shopdetail/2614490.shtml" "Mozilla/5.0 (X11; Linux x86_64) AppleWebKit/537.36 (KHTML, like Gecko) Chrome/137.0.7151.119 Safari/537.36"
209.85.238.2 - - [20/Jul/2025:17:54:25 +0000] "GET /wp-content/plugins/elementor/assets/js/frontend.min.js?ver=3.30.2 HTTP/1.1" 200 10595 "https://cartel.express/shopdetail/2614490.shtml" "Mozilla/5.0 (X11; Linux x86_64) AppleWebKit/537.36 (KHTML, like Gecko) Chrome/137.0.7151.119 Safari/537.36"
209.85.238.2 - - [20/Jul/2025:17:54:25 +0000] "GET /wp-content/plugins/woocommerce/assets/js/sourcebuster/sourcebuster.min.js?ver=10.0.2 HTTP/1.1" 200 4807 "https://cartel.express/shopdetail/2614490.shtml" "Mozilla/5.0 (X11; Linux x86_64) AppleWebKit/537.36 (KHTML, like Gecko) Chrome/137.0.7151.119 Safari/537.36"
209.85.238.4 - - [20/Jul/2025:17:54:25 +0000] "GET /wp-content/themes/detailx/skins/default/skin.js HTTP/1.1" 200 8540 "https://cartel.express/shopdetail/2614490.shtml" "Mozilla/5.0 (X11; Linux x86_64) AppleWebKit/537.36 (KHTML, like Gecko) Chrome/137.0.7151.119 Safari/537.36"
209.85.238.1 - - [20/Jul/2025:17:54:25 +0000] "GET /wp-content/themes/detailx/plugins/woocommerce/woocommerce.js HTTP/1.1" 200 4266 "https://cartel.express/shopdetail/2614490.shtml" "Mozilla/5.0 (X11; Linux x86_64) AppleWebKit/537.36 (KHTML, like Gecko) Chrome/137.0.7151.119 Safari/537.36"
209.85.238.5 - - [20/Jul/2025:17:54:25 +0000] "GET /wp-includes/js/mediaelement/mediaelement-migrate.min.js?ver=6.8.2 HTTP/1.1" 200 540 "https://cartel.express/shopdetail/2614490.shtml" "Mozilla/5.0 (X11; Linux x86_64) AppleWebKit/537.36 (KHTML, like Gecko) Chrome/137.0.7151.119 Safari/537.36"
209.85.238.4 - - [20/Jul/2025:17:54:25 +0000] "GET /wp-includes/js/mediaelement/mediaelement-and-player.min.js?ver=4.2.17 HTTP/1.1" 200 38789 "https://cartel.express/shopdetail/2614490.shtml" "Mozilla/5.0 (X11; Linux x86_64) AppleWebKit/537.36 (KHTML, like Gecko) Chrome/137.0.7151.119 Safari/537.36"
209.85.238.2 - - [20/Jul/2025:17:54:25 +0000] "GET /wp-content/uploads/2023/08/logo.png HTTP/1.1" 200 2543 "https://cartel.express/shopdetail/2614490.shtml" "Mozilla/5.0 (X11; Linux x86_64) AppleWebKit/537.36 (KHTML, like Gecko) Chrome/137.0.7151.119 Safari/537.36"
209.85.238.5 - - [20/Jul/2025:17:54:26 +0000] "GET /wp-content/plugins/trx_addons/addons/mouse-helper/mouse-helper.js HTTP/1.1" 200 4826 "https://cartel.express/shopdetail/2614490.shtml" "Mozilla/5.0 (X11; Linux x86_64) AppleWebKit/537.36 (KHTML, like Gecko) Chrome/137.0.7151.119 Safari/537.36"
209.85.238.4 - - [20/Jul/2025:17:54:26 +0000] "GET /wp-content/plugins/elementor/assets/js/frontend-modules.min.js?ver=3.30.2 HTTP/1.1" 200 14815 "https://cartel.express/shopdetail/2614490.shtml" "Mozilla/5.0 (X11; Linux x86_64) AppleWebKit/537.36 (KHTML, like Gecko) Chrome/137.0.7151.119 Safari/537.36"
20.171.207.101 - - [20/Jul/2025:17:54:25 +0000] "GET /shopdetail/2443595110.shtml HTTP/1.1" 404 24728 "-" "Mozilla/5.0 AppleWebKit/537.36 (KHTML, like Gecko; compatible; GPTBot/1.2; +https://openai.com/gptbot)"
209.85.238.5 - - [20/Jul/2025:17:54:26 +0000] "GET /wp-content/plugins/trx_addons/css/font-icons/font/trx_addons_icons.woff2?67690418 HTTP/1.1" 200 57228 "https://cartel.express/wp-content/plugins/trx_addons/css/font-icons/css/trx_addons_icons.css" "Mozilla/5.0 (X11; Linux x86_64) AppleWebKit/537.36 (KHTML, like Gecko) Chrome/137.0.7151.119 Safari/537.36"
209.85.238.5 - - [20/Jul/2025:17:54:26 +0000] "GET /wp-content/themes/detailx/skins/default/css/font-icons/font/fontello.woff2?79927143 HTTP/1.1" 200 96845 "https://cartel.express/wp-content/themes/detailx/skins/default/css/font-icons/css/fontello.css" "Mozilla/5.0 (X11; Linux x86_64) AppleWebKit/537.36 (KHTML, like Gecko) Chrome/137.0.7151.119 Safari/537.36"
209.85.238.5 - - [20/Jul/2025:17:54:26 +0000] "GET /wp-includes/js/wp-emoji-release.min.js?ver=6.8.2 HTTP/1.1" 200 5163 "https://cartel.express/shopdetail/2614490.shtml" "Mozilla/5.0 (X11; Linux x86_64) AppleWebKit/537.36 (KHTML, like Gecko) Chrome/137.0.7151.119 Safari/537.36"
209.85.238.2 - - [20/Jul/2025:17:54:26 +0000] "POST /?wc-ajax=get_refreshed_fragments HTTP/1.1" 200 161 "https://cartel.express/shopdetail/2614490.shtml" "Mozilla/5.0 (X11; Linux x86_64) AppleWebKit/537.36 (KHTML, like Gecko) Chrome/137.0.7151.119 Safari/537.36"
209.85.238.2 - - [20/Jul/2025:17:54:27 +0000] "GET /wp-content/plugins/elementor/assets/js/shared-frontend-handlers.30dc2f9c080845a413a6.bundle.min.js HTTP/1.1" 200 2682 "https://cartel.express/shopdetail/2614490.shtml" "Mozilla/5.0 (X11; Linux x86_64) AppleWebKit/537.36 (KHTML, like Gecko) Chrome/137.0.7151.119 Safari/537.36"
209.85.238.2 - - [20/Jul/2025:17:54:27 +0000] "GET /wp-content/plugins/elementor/assets/js/section-frontend-handlers.d85ab872da118940910d.bundle.min.js HTTP/1.1" 200 297 "https://cartel.express/shopdetail/2614490.shtml" "Mozilla/5.0 (X11; Linux x86_64) AppleWebKit/537.36 (KHTML, like Gecko) Chrome/137.0.7151.119 Safari/537.36"
209.85.238.1 - - [20/Jul/2025:17:54:27 +0000] "GET /wp-content/plugins/elementor/assets/js/text-editor.c084ef86600b6f11690d.bundle.min.js HTTP/1.1" 200 685 "https://cartel.express/shopdetail/2614490.shtml" "Mozilla/5.0 (X11; Linux x86_64) AppleWebKit/537.36 (KHTML, like Gecko) Chrome/137.0.7151.119 Safari/537.36"
20.171.207.101 - - [20/Jul/2025:17:54:28 +0000] "GET /shopdetail/2443552676.shtml HTTP/1.1" 404 24729 "-" "Mozilla/5.0 AppleWebKit/537.36 (KHTML, like Gecko; compatible; GPTBot/1.2; +https://openai.com/gptbot)"
20.171.207.101 - - [20/Jul/2025:17:54:30 +0000] "GET /shopdetail/2443481070.shtml HTTP/1.1" 404 24729 "-" "Mozilla/5.0 AppleWebKit/537.36 (KHTML, like Gecko; compatible; GPTBot/1.2; +https://openai.com/gptbot)"
66.249.73.128 - - [20/Jul/2025:17:54:31 +0000] "POST /get-message-notify HTTP/1.1" 200 18672 "https://cartel.express/safe_search/config?return_url=%2Fproduct%2Fdetail%2FC645852895" "Mozilla/5.0 (Linux; Android 6.0.1; Nexus 5X Build/MMB29P) AppleWebKit/537.36 (KHTML, like Gecko) Chrome/137.0.7151.119 Mobile Safari/537.36 (compatible; Googlebot/2.1; +http://www.google.com/bot.html)"
20.171.207.101 - - [20/Jul/2025:17:54:33 +0000] "GET /shopdetail/2443075526.shtml HTTP/1.1" 404 24728 "-" "Mozilla/5.0 AppleWebKit/537.36 (KHTML, like Gecko; compatible; GPTBot/1.2; +https://openai.com/gptbot)"
20.171.207.101 - - [20/Jul/2025:17:54:36 +0000] "GET /shopdetail/2443140592.shtml HTTP/1.1" 404 24730 "-" "Mozilla/5.0 AppleWebKit/537.36 (KHTML, like Gecko; compatible; GPTBot/1.2; +https://openai.com/gptbot)"
20.171.207.101 - - [20/Jul/2025:17:54:38 +0000] "GET /shopdetail/2443469590.shtml HTTP/1.1" 404 24730 "-" "Mozilla/5.0 AppleWebKit/537.36 (KHTML, like Gecko; compatible; GPTBot/1.2; +https://openai.com/gptbot)"
20.171.207.101 - - [20/Jul/2025:17:54:42 +0000] "GET /shopdetail/2443478698.shtml HTTP/1.1" 404 24728 "-" "Mozilla/5.0 AppleWebKit/537.36 (KHTML, like Gecko; compatible; GPTBot/1.2; +https://openai.com/gptbot)"
20.171.207.101 - - [20/Jul/2025:17:54:44 +0000] "GET /shopdetail/2442985700.shtml HTTP/1.1" 404 24729 "-" "Mozilla/5.0 AppleWebKit/537.36 (KHTML, like Gecko; compatible; GPTBot/1.2; +https://openai.com/gptbot)"
20.171.207.101 - - [20/Jul/2025:17:54:46 +0000] "GET /shopdetail/2443396858.shtml HTTP/1.1" 404 24730 "-" "Mozilla/5.0 AppleWebKit/537.36 (KHTML, like Gecko; compatible; GPTBot/1.2; +https://openai.com/gptbot)"
209.74.77.214 - - [20/Jul/2025:17:54:49 +0000] "POST /wp-cron.php?doing_wp_cron=1753034089.3498060703277587890625 HTTP/1.1" 200 - "-" "WordPress/6.8.2; https://cartel.express"
20.171.207.101 - - [20/Jul/2025:17:54:49 +0000] "GET /shopdetail/2443134790.shtml HTTP/1.1" 404 24730 "-" "Mozilla/5.0 AppleWebKit/537.36 (KHTML, like Gecko; compatible; GPTBot/1.2; +https://openai.com/gptbot)"
20.171.207.101 - - [20/Jul/2025:17:54:51 +0000] "GET /shopdetail/2443410650.shtml HTTP/1.1" 404 24730 "-" "Mozilla/5.0 AppleWebKit/537.36 (KHTML, like Gecko; compatible; GPTBot/1.2; +https://openai.com/gptbot)"
20.171.207.101 - - [20/Jul/2025:17:54:54 +0000] "GET /shopdetail/2442871660.shtml HTTP/1.1" 404 24729 "-" "Mozilla/5.0 AppleWebKit/537.36 (KHTML, like Gecko; compatible; GPTBot/1.2; +https://openai.com/gptbot)"
20.171.207.101 - - [20/Jul/2025:17:54:56 +0000] "GET /shopdetail/2442997116.shtml HTTP/1.1" 404 24730 "-" "Mozilla/5.0 AppleWebKit/537.36 (KHTML, like Gecko; compatible; GPTBot/1.2; +https://openai.com/gptbot)"
20.171.207.101 - - [20/Jul/2025:17:54:59 +0000] "GET /shopdetail/2443068730.shtml HTTP/1.1" 404 24729 "-" "Mozilla/5.0 AppleWebKit/537.36 (KHTML, like Gecko; compatible; GPTBot/1.2; +https://openai.com/gptbot)"
20.171.207.101 - - [20/Jul/2025:17:55:02 +0000] "GET /shopdetail/2443061802.shtml HTTP/1.1" 404 24728 "-" "Mozilla/5.0 AppleWebKit/537.36 (KHTML, like Gecko; compatible; GPTBot/1.2; +https://openai.com/gptbot)"
20.171.207.101 - - [20/Jul/2025:17:55:06 +0000] "GET /shopdetail/2443568840.shtml HTTP/1.1" 404 24730 "-" "Mozilla/5.0 AppleWebKit/537.36 (KHTML, like Gecko; compatible; GPTBot/1.2; +https://openai.com/gptbot)"
20.171.207.101 - - [20/Jul/2025:17:55:08 +0000] "GET /shopdetail/2442863810.shtml HTTP/1.1" 404 24728 "-" "Mozilla/5.0 AppleWebKit/537.36 (KHTML, like Gecko; compatible; GPTBot/1.2; +https://openai.com/gptbot)"
20.171.207.101 - - [20/Jul/2025:17:55:11 +0000] "GET /shopdetail/2443580064.shtml HTTP/1.1" 404 24729 "-" "Mozilla/5.0 AppleWebKit/537.36 (KHTML, like Gecko; compatible; GPTBot/1.2; +https://openai.com/gptbot)"
209.74.77.214 - - [20/Jul/2025:17:55:14 +0000] "POST /wp-cron.php?doing_wp_cron=1753034114.9435670375823974609375 HTTP/1.1" 200 - "-" "WordPress/6.8.2; https://cartel.express"
20.171.207.101 - - [20/Jul/2025:17:55:14 +0000] "GET /shopdetail/2443215696.shtml HTTP/1.1" 404 24730 "-" "Mozilla/5.0 AppleWebKit/537.36 (KHTML, like Gecko; compatible; GPTBot/1.2; +https://openai.com/gptbot)"
20.171.207.101 - - [20/Jul/2025:17:55:16 +0000] "GET /shopdetail/2443120068.shtml HTTP/1.1" 404 24728 "-" "Mozilla/5.0 AppleWebKit/537.36 (KHTML, like Gecko; compatible; GPTBot/1.2; +https://openai.com/gptbot)"
66.249.73.132 - - [20/Jul/2025:17:55:17 +0000] "GET /pcmypage?callback=product%2Fdetail%2FC1354416041 HTTP/1.1" 200 20988 "-" "Mozilla/5.0 (Linux; Android 6.0.1; Nexus 5X Build/MMB29P) AppleWebKit/537.36 (KHTML, like Gecko) Chrome/137.0.7151.103 Mobile Safari/537.36 (compatible; Googlebot/2.1; +http://www.google.com/bot.html)"
20.171.207.101 - - [20/Jul/2025:17:55:19 +0000] "GET /shopdetail/2443506086.shtml HTTP/1.1" 404 24729 "-" "Mozilla/5.0 AppleWebKit/537.36 (KHTML, like Gecko; compatible; GPTBot/1.2; +https://openai.com/gptbot)"
20.171.207.101 - - [20/Jul/2025:17:55:23 +0000] "GET /shopdetail/2443076840.shtml HTTP/1.1" 404 24730 "-" "Mozilla/5.0 AppleWebKit/537.36 (KHTML, like Gecko; compatible; GPTBot/1.2; +https://openai.com/gptbot)"
209.74.77.214 - - [20/Jul/2025:17:55:25 +0000] "POST /wp-cron.php?doing_wp_cron=1753034125.5173521041870117187500 HTTP/1.1" 200 - "-" "WordPress/6.8.2; https://cartel.express"
20.171.207.101 - - [20/Jul/2025:17:55:25 +0000] "GET /shopdetail/2443052694.shtml HTTP/1.1" 404 24730 "-" "Mozilla/5.0 AppleWebKit/537.36 (KHTML, like Gecko; compatible; GPTBot/1.2; +https://openai.com/gptbot)"
20.171.207.101 - - [20/Jul/2025:17:55:27 +0000] "GET /shopdetail/2443095120.shtml HTTP/1.1" 404 24730 "-" "Mozilla/5.0 AppleWebKit/537.36 (KHTML, like Gecko; compatible; GPTBot/1.2; +https://openai.com/gptbot)"
209.74.77.214 - - [20/Jul/2025:17:55:29 +0000] "POST /wp-cron.php?doing_wp_cron=1753034129.8400690555572509765625 HTTP/1.1" 200 - "-" "WordPress/6.8.2; https://cartel.express"
20.171.207.101 - - [20/Jul/2025:17:55:29 +0000] "GET /shopdetail/2442913838.shtml HTTP/1.1" 404 24728 "-" "Mozilla/5.0 AppleWebKit/537.36 (KHTML, like Gecko; compatible; GPTBot/1.2; +https://openai.com/gptbot)"
20.171.207.101 - - [20/Jul/2025:17:55:32 +0000] "GET /shopdetail/2443115320.shtml HTTP/1.1" 404 24730 "-" "Mozilla/5.0 AppleWebKit/537.36 (KHTML, like Gecko; compatible; GPTBot/1.2; +https://openai.com/gptbot)"
20.171.207.101 - - [20/Jul/2025:17:55:34 +0000] "GET /shopdetail/2443351386.shtml HTTP/1.1" 404 24728 "-" "Mozilla/5.0 AppleWebKit/537.36 (KHTML, like Gecko; compatible; GPTBot/1.2; +https://openai.com/gptbot)"
20.171.207.101 - - [20/Jul/2025:17:55:37 +0000] "GET /shopdetail/2443600716.shtml HTTP/1.1" 404 24728 "-" "Mozilla/5.0 AppleWebKit/537.36 (KHTML, like Gecko; compatible; GPTBot/1.2; +https://openai.com/gptbot)"
20.171.207.101 - - [20/Jul/2025:17:55:39 +0000] "GET /shopdetail/2443248570.shtml HTTP/1.1" 404 24728 "-" "Mozilla/5.0 AppleWebKit/537.36 (KHTML, like Gecko; compatible; GPTBot/1.2; +https://openai.com/gptbot)"
20.171.207.101 - - [20/Jul/2025:17:55:42 +0000] "GET /shopdetail/2443686250.shtml HTTP/1.1" 404 24731 "-" "Mozilla/5.0 AppleWebKit/537.36 (KHTML, like Gecko; compatible; GPTBot/1.2; +https://openai.com/gptbot)"
20.171.207.101 - - [20/Jul/2025:17:55:45 +0000] "GET /shopdetail/2443637148.shtml HTTP/1.1" 404 24731 "-" "Mozilla/5.0 AppleWebKit/537.36 (KHTML, like Gecko; compatible; GPTBot/1.2; +https://openai.com/gptbot)"
209.74.77.214 - - [20/Jul/2025:17:55:48 +0000] "POST /wp-cron.php?doing_wp_cron=1753034148.0706779956817626953125 HTTP/1.1" 200 - "-" "WordPress/6.8.2; https://cartel.express"
20.171.207.101 - - [20/Jul/2025:17:55:47 +0000] "GET /shopdetail/2443430786.shtml HTTP/1.1" 404 24730 "-" "Mozilla/5.0 AppleWebKit/537.36 (KHTML, like Gecko; compatible; GPTBot/1.2; +https://openai.com/gptbot)"
20.171.207.101 - - [20/Jul/2025:17:55:50 +0000] "GET /shopdetail/2443609824.shtml HTTP/1.1" 404 24729 "-" "Mozilla/5.0 AppleWebKit/537.36 (KHTML, like Gecko; compatible; GPTBot/1.2; +https://openai.com/gptbot)"
20.171.207.101 - - [20/Jul/2025:17:55:52 +0000] "GET /shopdetail/2443145080.shtml HTTP/1.1" 404 24728 "-" "Mozilla/5.0 AppleWebKit/537.36 (KHTML, like Gecko; compatible; GPTBot/1.2; +https://openai.com/gptbot)"
20.171.207.101 - - [20/Jul/2025:17:55:55 +0000] "GET /shopdetail/2443670214.shtml HTTP/1.1" 404 24730 "-" "Mozilla/5.0 AppleWebKit/537.36 (KHTML, like Gecko; compatible; GPTBot/1.2; +https://openai.com/gptbot)"
66.249.73.131 - - [20/Jul/2025:17:55:56 +0000] "GET /shopdetail/4064420.shtml HTTP/1.1" 200 19584 "-" "Mozilla/5.0 (compatible; Googlebot/2.1; +http://www.google.com/bot.html)"
20.171.207.101 - - [20/Jul/2025:17:55:58 +0000] "GET /shopdetail/2443125878.shtml HTTP/1.1" 404 24731 "-" "Mozilla/5.0 AppleWebKit/537.36 (KHTML, like Gecko; compatible; GPTBot/1.2; +https://openai.com/gptbot)"
20.171.207.101 - - [20/Jul/2025:17:56:00 +0000] "GET /shopdetail/2443004978.shtml HTTP/1.1" 404 24730 "-" "Mozilla/5.0 AppleWebKit/537.36 (KHTML, like Gecko; compatible; GPTBot/1.2; +https://openai.com/gptbot)"
20.171.207.101 - - [20/Jul/2025:17:56:03 +0000] "GET /shopdetail/2443586992.shtml HTTP/1.1" 404 24727 "-" "Mozilla/5.0 AppleWebKit/537.36 (KHTML, like Gecko; compatible; GPTBot/1.2; +https://openai.com/gptbot)"
20.171.207.101 - - [20/Jul/2025:17:56:05 +0000] "GET /shopdetail/2443110832.shtml HTTP/1.1" 404 24729 "-" "Mozilla/5.0 AppleWebKit/537.36 (KHTML, like Gecko; compatible; GPTBot/1.2; +https://openai.com/gptbot)"
20.171.207.101 - - [20/Jul/2025:17:56:08 +0000] "GET /shopdetail/2443686250.shtml HTTP/1.1" 404 24731 "-" "Mozilla/5.0 AppleWebKit/537.36 (KHTML, like Gecko; compatible; GPTBot/1.2; +https://openai.com/gptbot)"
20.171.207.101 - - [20/Jul/2025:17:56:10 +0000] "GET /shopdetail/2443172468.shtml HTTP/1.1" 404 24729 "-" "Mozilla/5.0 AppleWebKit/537.36 (KHTML, like Gecko; compatible; GPTBot/1.2; +https://openai.com/gptbot)"
209.74.77.214 - - [20/Jul/2025:17:56:13 +0000] "POST /wp-cron.php?doing_wp_cron=1753034173.9495658874511718750000 HTTP/1.1" 200 - "-" "WordPress/6.8.2; https://cartel.express"
20.171.207.101 - - [20/Jul/2025:17:56:13 +0000] "GET /shopdetail/2443510574.shtml HTTP/1.1" 404 24730 "-" "Mozilla/5.0 AppleWebKit/537.36 (KHTML, like Gecko; compatible; GPTBot/1.2; +https://openai.com/gptbot)"
20.171.207.101 - - [20/Jul/2025:17:56:16 +0000] "GET /shopdetail/2443298790.shtml HTTP/1.1" 404 24726 "-" "Mozilla/5.0 AppleWebKit/537.36 (KHTML, like Gecko; compatible; GPTBot/1.2; +https://openai.com/gptbot)"
20.171.207.101 - - [20/Jul/2025:17:56:18 +0000] "GET /shopdetail/2443278398.shtml HTTP/1.1" 404 24729 "-" "Mozilla/5.0 AppleWebKit/537.36 (KHTML, like Gecko; compatible; GPTBot/1.2; +https://openai.com/gptbot)"
20.171.207.101 - - [20/Jul/2025:17:56:21 +0000] "GET /shopdetail/2443604154.shtml HTTP/1.1" 404 24730 "-" "Mozilla/5.0 AppleWebKit/537.36 (KHTML, like Gecko; compatible; GPTBot/1.2; +https://openai.com/gptbot)"
20.171.207.101 - - [20/Jul/2025:17:56:23 +0000] "GET /shopdetail/2443154060.shtml HTTP/1.1" 404 24727 "-" "Mozilla/5.0 AppleWebKit/537.36 (KHTML, like Gecko; compatible; GPTBot/1.2; +https://openai.com/gptbot)"
20.171.207.101 - - [20/Jul/2025:17:56:26 +0000] "GET /shopdetail/2443681630.shtml HTTP/1.1" 404 24726 "-" "Mozilla/5.0 AppleWebKit/537.36 (KHTML, like Gecko; compatible; GPTBot/1.2; +https://openai.com/gptbot)"
20.171.207.101 - - [20/Jul/2025:17:56:28 +0000] "GET /shopdetail/2443003656.shtml HTTP/1.1" 404 24728 "-" "Mozilla/5.0 AppleWebKit/537.36 (KHTML, like Gecko; compatible; GPTBot/1.2; +https://openai.com/gptbot)"
20.171.207.101 - - [20/Jul/2025:17:56:31 +0000] "GET /shopdetail/2443546008.shtml HTTP/1.1" 404 24729 "-" "Mozilla/5.0 AppleWebKit/537.36 (KHTML, like Gecko; compatible; GPTBot/1.2; +https://openai.com/gptbot)"
20.171.207.101 - - [20/Jul/2025:17:56:34 +0000] "GET /shopdetail/2443386560.shtml HTTP/1.1" 404 24731 "-" "Mozilla/5.0 AppleWebKit/537.36 (KHTML, like Gecko; compatible; GPTBot/1.2; +https://openai.com/gptbot)"
20.171.207.101 - - [20/Jul/2025:17:56:36 +0000] "GET /shopdetail/2443680504.shtml HTTP/1.1" 404 24730 "-" "Mozilla/5.0 AppleWebKit/537.36 (KHTML, like Gecko; compatible; GPTBot/1.2; +https://openai.com/gptbot)"
20.171.207.101 - - [20/Jul/2025:17:56:39 +0000] "GET /shopdetail/2442967356.shtml HTTP/1.1" 404 24730 "-" "Mozilla/5.0 AppleWebKit/537.36 (KHTML, like Gecko; compatible; GPTBot/1.2; +https://openai.com/gptbot)"
20.171.207.101 - - [20/Jul/2025:17:56:41 +0000] "GET /shopdetail/2443650744.shtml HTTP/1.1" 404 24728 "-" "Mozilla/5.0 AppleWebKit/537.36 (KHTML, like Gecko; compatible; GPTBot/1.2; +https://openai.com/gptbot)"
20.171.207.101 - - [20/Jul/2025:17:56:44 +0000] "GET /shopdetail/2443238596.shtml HTTP/1.1" 404 24731 "-" "Mozilla/5.0 AppleWebKit/537.36 (KHTML, like Gecko; compatible; GPTBot/1.2; +https://openai.com/gptbot)"
209.74.77.214 - - [20/Jul/2025:17:56:47 +0000] "POST /wp-cron.php?doing_wp_cron=1753034207.3465719223022460937500 HTTP/1.1" 200 - "-" "WordPress/6.8.2; https://cartel.express"
20.171.207.101 - - [20/Jul/2025:17:56:47 +0000] "GET /shopdetail/2443167656.shtml HTTP/1.1" 404 24728 "-" "Mozilla/5.0 AppleWebKit/537.36 (KHTML, like Gecko; compatible; GPTBot/1.2; +https://openai.com/gptbot)"
20.171.207.101 - - [20/Jul/2025:17:56:49 +0000] "GET /shopdetail/2443201972.shtml HTTP/1.1" 404 24726 "-" "Mozilla/5.0 AppleWebKit/537.36 (KHTML, like Gecko; compatible; GPTBot/1.2; +https://openai.com/gptbot)"
20.171.207.101 - - [20/Jul/2025:17:56:52 +0000] "GET /shopdetail/2443388676.shtml HTTP/1.1" 404 24727 "-" "Mozilla/5.0 AppleWebKit/537.36 (KHTML, like Gecko; compatible; GPTBot/1.2; +https://openai.com/gptbot)"
20.171.207.101 - - [20/Jul/2025:17:56:54 +0000] "GET /shopdetail/2443505088.shtml HTTP/1.1" 404 24729 "-" "Mozilla/5.0 AppleWebKit/537.36 (KHTML, like Gecko; compatible; GPTBot/1.2; +https://openai.com/gptbot)"
66.249.73.132 - - [20/Jul/2025:17:56:57 +0000] "GET /shopdetail/1333974.shtml HTTP/1.1" 200 19823 "-" "Mozilla/5.0 (compatible; Googlebot/2.1; +http://www.google.com/bot.html)"
20.171.207.101 - - [20/Jul/2025:17:56:57 +0000] "GET /shopdetail/2443678132.shtml HTTP/1.1" 404 24728 "-" "Mozilla/5.0 AppleWebKit/537.36 (KHTML, like Gecko; compatible; GPTBot/1.2; +https://openai.com/gptbot)"
20.171.207.101 - - [20/Jul/2025:17:57:00 +0000] "GET /shopdetail/2442987816.shtml HTTP/1.1" 404 24729 "-" "Mozilla/5.0 AppleWebKit/537.36 (KHTML, like Gecko; compatible; GPTBot/1.2; +https://openai.com/gptbot)"
20.171.207.101 - - [20/Jul/2025:17:57:03 +0000] "GET /shopdetail/2443680504.shtml HTTP/1.1" 404 24730 "-" "Mozilla/5.0 AppleWebKit/537.36 (KHTML, like Gecko; compatible; GPTBot/1.2; +https://openai.com/gptbot)"
20.171.207.101 - - [20/Jul/2025:17:57:05 +0000] "GET /shopdetail/2443613390.shtml HTTP/1.1" 404 24728 "-" "Mozilla/5.0 AppleWebKit/537.36 (KHTML, like Gecko; compatible; GPTBot/1.2; +https://openai.com/gptbot)"
20.171.207.101 - - [20/Jul/2025:17:57:08 +0000] "GET /shopdetail/2442967356.shtml HTTP/1.1" 404 24729 "-" "Mozilla/5.0 AppleWebKit/537.36 (KHTML, like Gecko; compatible; GPTBot/1.2; +https://openai.com/gptbot)"
20.171.207.101 - - [20/Jul/2025:17:57:10 +0000] "GET /shopdetail/2443263608.shtml HTTP/1.1" 404 24728 "-" "Mozilla/5.0 AppleWebKit/537.36 (KHTML, like Gecko; compatible; GPTBot/1.2; +https://openai.com/gptbot)"
209.74.77.214 - - [20/Jul/2025:17:57:14 +0000] "POST /wp-cron.php?doing_wp_cron=1753034234.0684459209442138671875 HTTP/1.1" 200 - "-" "WordPress/6.8.2; https://cartel.express"
20.171.207.101 - - [20/Jul/2025:17:57:13 +0000] "GET /shopdetail/2443539080.shtml HTTP/1.1" 404 24731 "-" "Mozilla/5.0 AppleWebKit/537.36 (KHTML, like Gecko; compatible; GPTBot/1.2; +https://openai.com/gptbot)"
20.171.207.101 - - [20/Jul/2025:17:57:16 +0000] "GET /shopdetail/2443561054.shtml HTTP/1.1" 404 24727 "-" "Mozilla/5.0 AppleWebKit/537.36 (KHTML, like Gecko; compatible; GPTBot/1.2; +https://openai.com/gptbot)"
20.171.207.101 - - [20/Jul/2025:17:57:18 +0000] "GET /shopdetail/2443526738.shtml HTTP/1.1" 404 24730 "-" "Mozilla/5.0 AppleWebKit/537.36 (KHTML, like Gecko; compatible; GPTBot/1.2; +https://openai.com/gptbot)"
66.249.73.132 - - [20/Jul/2025:17:57:19 +0000] "GET /shopdetail/2590318258.shtml HTTP/1.1" 200 20516 "-" "Mozilla/5.0 (Linux; Android 6.0.1; Nexus 5X Build/MMB29P) AppleWebKit/537.36 (KHTML, like Gecko) Chrome/137.0.7151.103 Mobile Safari/537.36 (compatible; Googlebot/2.1; +http://www.google.com/bot.html)"
20.171.207.101 - - [20/Jul/2025:17:57:21 +0000] "GET /shopdetail/2443308158.shtml HTTP/1.1" 404 24729 "-" "Mozilla/5.0 AppleWebKit/537.36 (KHTML, like Gecko; compatible; GPTBot/1.2; +https://openai.com/gptbot)"
20.171.207.101 - - [20/Jul/2025:17:57:24 +0000] "GET /shopdetail/2443597226.shtml HTTP/1.1" 404 24729 "-" "Mozilla/5.0 AppleWebKit/537.36 (KHTML, like Gecko; compatible; GPTBot/1.2; +https://openai.com/gptbot)"
20.171.207.101 - - [20/Jul/2025:17:57:26 +0000] "GET /shopdetail/2443350260.shtml HTTP/1.1" 404 24729 "-" "Mozilla/5.0 AppleWebKit/537.36 (KHTML, like Gecko; compatible; GPTBot/1.2; +https://openai.com/gptbot)"
20.171.207.101 - - [20/Jul/2025:17:57:29 +0000] "GET /shopdetail/2443605272.shtml HTTP/1.1" 404 24731 "-" "Mozilla/5.0 AppleWebKit/537.36 (KHTML, like Gecko; compatible; GPTBot/1.2; +https://openai.com/gptbot)"
20.171.207.101 - - [20/Jul/2025:17:57:31 +0000] "GET /shopdetail/2443275958.shtml HTTP/1.1" 404 24729 "-" "Mozilla/5.0 AppleWebKit/537.36 (KHTML, like Gecko; compatible; GPTBot/1.2; +https://openai.com/gptbot)"
20.171.207.101 - - [20/Jul/2025:17:57:34 +0000] "GET /shopdetail/2442863550.shtml HTTP/1.1" 404 24729 "-" "Mozilla/5.0 AppleWebKit/537.36 (KHTML, like Gecko; compatible; GPTBot/1.2; +https://openai.com/gptbot)"
20.171.207.101 - - [20/Jul/2025:17:57:37 +0000] "GET /shopdetail/2443658862.shtml HTTP/1.1" 404 24730 "-" "Mozilla/5.0 AppleWebKit/537.36 (KHTML, like Gecko; compatible; GPTBot/1.2; +https://openai.com/gptbot)"
20.171.207.101 - - [20/Jul/2025:17:57:39 +0000] "GET /shopdetail/2443649754.shtml HTTP/1.1" 404 24730 "-" "Mozilla/5.0 AppleWebKit/537.36 (KHTML, like Gecko; compatible; GPTBot/1.2; +https://openai.com/gptbot)"
20.171.207.101 - - [20/Jul/2025:17:57:42 +0000] "GET /shopdetail/2443397976.shtml HTTP/1.1" 404 24729 "-" "Mozilla/5.0 AppleWebKit/537.36 (KHTML, like Gecko; compatible; GPTBot/1.2; +https://openai.com/gptbot)"
20.171.207.101 - - [20/Jul/2025:17:57:44 +0000] "GET /shopdetail/2442971780.shtml HTTP/1.1" 404 24729 "-" "Mozilla/5.0 AppleWebKit/537.36 (KHTML, like Gecko; compatible; GPTBot/1.2; +https://openai.com/gptbot)"
209.74.77.214 - - [20/Jul/2025:17:57:47 +0000] "POST /wp-cron.php?doing_wp_cron=1753034267.8117690086364746093750 HTTP/1.1" 200 - "-" "WordPress/6.8.2; https://cartel.express"
20.171.207.101 - - [20/Jul/2025:17:57:47 +0000] "GET /shopdetail/2442894560.shtml HTTP/1.1" 404 24729 "-" "Mozilla/5.0 AppleWebKit/537.36 (KHTML, like Gecko; compatible; GPTBot/1.2; +https://openai.com/gptbot)"
20.171.207.101 - - [20/Jul/2025:17:57:50 +0000] "GET /shopdetail/2443019692.shtml HTTP/1.1" 404 24730 "-" "Mozilla/5.0 AppleWebKit/537.36 (KHTML, like Gecko; compatible; GPTBot/1.2; +https://openai.com/gptbot)"
20.171.207.101 - - [20/Jul/2025:17:57:52 +0000] "GET /shopdetail/2443476582.shtml HTTP/1.1" 404 24731 "-" "Mozilla/5.0 AppleWebKit/537.36 (KHTML, like Gecko; compatible; GPTBot/1.2; +https://openai.com/gptbot)"
20.171.207.101 - - [20/Jul/2025:17:57:55 +0000] "GET /shopdetail/2443297536.shtml HTTP/1.1" 404 24728 "-" "Mozilla/5.0 AppleWebKit/537.36 (KHTML, like Gecko; compatible; GPTBot/1.2; +https://openai.com/gptbot)"
20.171.207.101 - - [20/Jul/2025:17:57:57 +0000] "GET /shopdetail/2443056380.shtml HTTP/1.1" 404 24730 "-" "Mozilla/5.0 AppleWebKit/537.36 (KHTML, like Gecko; compatible; GPTBot/1.2; +https://openai.com/gptbot)"
20.171.207.101 - - [20/Jul/2025:17:58:00 +0000] "GET /shopdetail/2443065360.shtml HTTP/1.1" 404 24728 "-" "Mozilla/5.0 AppleWebKit/537.36 (KHTML, like Gecko; compatible; GPTBot/1.2; +https://openai.com/gptbot)"
20.171.207.101 - - [20/Jul/2025:17:58:02 +0000] "GET /shopdetail/2442859062.shtml HTTP/1.1" 404 24729 "-" "Mozilla/5.0 AppleWebKit/537.36 (KHTML, like Gecko; compatible; GPTBot/1.2; +https://openai.com/gptbot)"
20.171.207.101 - - [20/Jul/2025:17:58:05 +0000] "GET /shopdetail/2443259120.shtml HTTP/1.1" 404 24730 "-" "Mozilla/5.0 AppleWebKit/537.36 (KHTML, like Gecko; compatible; GPTBot/1.2; +https://openai.com/gptbot)"
20.171.207.101 - - [20/Jul/2025:17:58:08 +0000] "GET /shopdetail/2443633590.shtml HTTP/1.1" 404 24729 "-" "Mozilla/5.0 AppleWebKit/537.36 (KHTML, like Gecko; compatible; GPTBot/1.2; +https://openai.com/gptbot)"
20.171.207.101 - - [20/Jul/2025:17:58:10 +0000] "GET /shopdetail/2443371846.shtml HTTP/1.1" 404 24729 "-" "Mozilla/5.0 AppleWebKit/537.36 (KHTML, like Gecko; compatible; GPTBot/1.2; +https://openai.com/gptbot)"
209.74.77.214 - - [20/Jul/2025:17:58:13 +0000] "POST /wp-cron.php?doing_wp_cron=1753034293.3569281101226806640625 HTTP/1.1" 200 - "-" "WordPress/6.8.2; https://cartel.express"
20.171.207.101 - - [20/Jul/2025:17:58:13 +0000] "GET /shopdetail/2443203098.shtml HTTP/1.1" 404 24729 "-" "Mozilla/5.0 AppleWebKit/537.36 (KHTML, like Gecko; compatible; GPTBot/1.2; +https://openai.com/gptbot)"
20.171.207.101 - - [20/Jul/2025:17:58:15 +0000] "GET /shopdetail/2443512016.shtml HTTP/1.1" 404 24727 "-" "Mozilla/5.0 AppleWebKit/537.36 (KHTML, like Gecko; compatible; GPTBot/1.2; +https://openai.com/gptbot)"
66.249.73.132 - - [20/Jul/2025:17:58:15 +0000] "GET /shopdetail/53471344.shtml HTTP/1.1" 200 18327 "-" "Mozilla/5.0 (Linux; Android 6.0.1; Nexus 5X Build/MMB29P) AppleWebKit/537.36 (KHTML, like Gecko) Chrome/137.0.7151.103 Mobile Safari/537.36 (compatible; Googlebot/2.1; +http://www.google.com/bot.html)"
20.171.207.101 - - [20/Jul/2025:17:58:18 +0000] "GET /shopdetail/2443515386.shtml HTTP/1.1" 404 24728 "-" "Mozilla/5.0 AppleWebKit/537.36 (KHTML, like Gecko; compatible; GPTBot/1.2; +https://openai.com/gptbot)"
20.171.207.101 - - [20/Jul/2025:17:58:20 +0000] "GET /shopdetail/2443027810.shtml HTTP/1.1" 404 24729 "-" "Mozilla/5.0 AppleWebKit/537.36 (KHTML, like Gecko; compatible; GPTBot/1.2; +https://openai.com/gptbot)"
20.171.207.101 - - [20/Jul/2025:17:58:23 +0000] "GET /shopdetail/2443489116.shtml HTTP/1.1" 404 24727 "-" "Mozilla/5.0 AppleWebKit/537.36 (KHTML, like Gecko; compatible; GPTBot/1.2; +https://openai.com/gptbot)"
209.74.77.214 - - [20/Jul/2025:17:58:26 +0000] "POST /wp-cron.php?doing_wp_cron=1753034306.4525210857391357421875 HTTP/1.1" 200 - "-" "WordPress/6.8.2; https://cartel.express"
20.171.207.101 - - [20/Jul/2025:17:58:26 +0000] "GET /shopdetail/2443065292.shtml HTTP/1.1" 404 24729 "-" "Mozilla/5.0 AppleWebKit/537.36 (KHTML, like Gecko; compatible; GPTBot/1.2; +https://openai.com/gptbot)"
20.171.207.101 - - [20/Jul/2025:17:58:28 +0000] "GET /shopdetail/2443106276.shtml HTTP/1.1" 404 24729 "-" "Mozilla/5.0 AppleWebKit/537.36 (KHTML, like Gecko; compatible; GPTBot/1.2; +https://openai.com/gptbot)"
20.171.207.101 - - [20/Jul/2025:17:58:31 +0000] "GET /shopdetail/2443309276.shtml HTTP/1.1" 404 24729 "-" "Mozilla/5.0 AppleWebKit/537.36 (KHTML, like Gecko; compatible; GPTBot/1.2; +https://openai.com/gptbot)"
20.171.207.101 - - [20/Jul/2025:17:58:34 +0000] "GET /shopdetail/2443285194.shtml HTTP/1.1" 404 24730 "-" "Mozilla/5.0 AppleWebKit/537.36 (KHTML, like Gecko; compatible; GPTBot/1.2; +https://openai.com/gptbot)"
20.171.207.101 - - [20/Jul/2025:17:58:36 +0000] "GET /shopdetail/2443050578.shtml HTTP/1.1" 404 24729 "-" "Mozilla/5.0 AppleWebKit/537.36 (KHTML, like Gecko; compatible; GPTBot/1.2; +https://openai.com/gptbot)"
20.171.207.101 - - [20/Jul/2025:17:58:39 +0000] "GET /shopdetail/2443182702.shtml HTTP/1.1" 404 24729 "-" "Mozilla/5.0 AppleWebKit/537.36 (KHTML, like Gecko; compatible; GPTBot/1.2; +https://openai.com/gptbot)"
20.171.207.101 - - [20/Jul/2025:17:58:41 +0000] "GET /shopdetail/2442951320.shtml HTTP/1.1" 404 24728 "-" "Mozilla/5.0 AppleWebKit/537.36 (KHTML, like Gecko; compatible; GPTBot/1.2; +https://openai.com/gptbot)"
20.171.207.101 - - [20/Jul/2025:17:58:44 +0000] "GET /shopdetail/2443218136.shtml HTTP/1.1" 404 24729 "-" "Mozilla/5.0 AppleWebKit/537.36 (KHTML, like Gecko; compatible; GPTBot/1.2; +https://openai.com/gptbot)"
209.74.77.214 - - [20/Jul/2025:17:58:47 +0000] "POST /wp-cron.php?doing_wp_cron=1753034327.4883730411529541015625 HTTP/1.1" 200 - "-" "WordPress/6.8.2; https://cartel.express"
20.171.207.101 - - [20/Jul/2025:17:58:47 +0000] "GET /shopdetail/2442890938.shtml HTTP/1.1" 404 24729 "-" "Mozilla/5.0 AppleWebKit/537.36 (KHTML, like Gecko; compatible; GPTBot/1.2; +https://openai.com/gptbot)"
20.171.207.101 - - [20/Jul/2025:17:58:49 +0000] "GET /shopdetail/2443693972.shtml HTTP/1.1" 404 24730 "-" "Mozilla/5.0 AppleWebKit/537.36 (KHTML, like Gecko; compatible; GPTBot/1.2; +https://openai.com/gptbot)"
20.171.207.101 - - [20/Jul/2025:17:58:52 +0000] "GET /shopdetail/2443183820.shtml HTTP/1.1" 404 24730 "-" "Mozilla/5.0 AppleWebKit/537.36 (KHTML, like Gecko; compatible; GPTBot/1.2; +https://openai.com/gptbot)"
20.171.207.101 - - [20/Jul/2025:17:58:54 +0000] "GET /shopdetail/2442958312.shtml HTTP/1.1" 404 24729 "-" "Mozilla/5.0 AppleWebKit/537.36 (KHTML, like Gecko; compatible; GPTBot/1.2; +https://openai.com/gptbot)"
20.171.207.101 - - [20/Jul/2025:17:58:57 +0000] "GET /shopdetail/2443020818.shtml HTTP/1.1" 404 24728 "-" "Mozilla/5.0 AppleWebKit/537.36 (KHTML, like Gecko; compatible; GPTBot/1.2; +https://openai.com/gptbot)"
20.171.207.101 - - [20/Jul/2025:17:59:00 +0000] "GET /shopdetail/2443496978.shtml HTTP/1.1" 404 24727 "-" "Mozilla/5.0 AppleWebKit/537.36 (KHTML, like Gecko; compatible; GPTBot/1.2; +https://openai.com/gptbot)"
20.171.207.101 - - [20/Jul/2025:17:59:02 +0000] "GET /shopdetail/2442938786.shtml HTTP/1.1" 404 24729 "-" "Mozilla/5.0 AppleWebKit/537.36 (KHTML, like Gecko; compatible; GPTBot/1.2; +https://openai.com/gptbot)"
20.171.207.101 - - [20/Jul/2025:17:59:05 +0000] "GET /shopdetail/2443559604.shtml HTTP/1.1" 404 24730 "-" "Mozilla/5.0 AppleWebKit/537.36 (KHTML, like Gecko; compatible; GPTBot/1.2; +https://openai.com/gptbot)"
20.171.207.101 - - [20/Jul/2025:17:59:08 +0000] "GET /shopdetail/2443207650.shtml HTTP/1.1" 404 24728 "-" "Mozilla/5.0 AppleWebKit/537.36 (KHTML, like Gecko; compatible; GPTBot/1.2; +https://openai.com/gptbot)"
20.171.207.101 - - [20/Jul/2025:17:59:10 +0000] "GET /shopdetail/2443187258.shtml HTTP/1.1" 404 24730 "-" "Mozilla/5.0 AppleWebKit/537.36 (KHTML, like Gecko; compatible; GPTBot/1.2; +https://openai.com/gptbot)"
209.74.77.214 - - [20/Jul/2025:17:59:13 +0000] "POST /wp-cron.php?doing_wp_cron=1753034353.5495278835296630859375 HTTP/1.1" 200 - "-" "WordPress/6.8.2; https://cartel.express"
20.171.207.101 - - [20/Jul/2025:17:59:13 +0000] "GET /shopdetail/2443611940.shtml HTTP/1.1" 404 24731 "-" "Mozilla/5.0 AppleWebKit/537.36 (KHTML, like Gecko; compatible; GPTBot/1.2; +https://openai.com/gptbot)"
20.171.207.101 - - [20/Jul/2025:17:59:15 +0000] "GET /shopdetail/2443037972.shtml HTTP/1.1" 404 24728 "-" "Mozilla/5.0 AppleWebKit/537.36 (KHTML, like Gecko; compatible; GPTBot/1.2; +https://openai.com/gptbot)"
20.171.207.101 - - [20/Jul/2025:17:59:18 +0000] "GET /shopdetail/2443673576.shtml HTTP/1.1" 404 24730 "-" "Mozilla/5.0 AppleWebKit/537.36 (KHTML, like Gecko; compatible; GPTBot/1.2; +https://openai.com/gptbot)"
20.171.207.101 - - [20/Jul/2025:17:59:21 +0000] "GET /shopdetail/2443217018.shtml HTTP/1.1" 404 24730 "-" "Mozilla/5.0 AppleWebKit/537.36 (KHTML, like Gecko; compatible; GPTBot/1.2; +https://openai.com/gptbot)"
20.171.207.101 - - [20/Jul/2025:17:59:23 +0000] "GET /shopdetail/2443013890.shtml HTTP/1.1" 404 24729 "-" "Mozilla/5.0 AppleWebKit/537.36 (KHTML, like Gecko; compatible; GPTBot/1.2; +https://openai.com/gptbot)"
20.171.207.101 - - [20/Jul/2025:17:59:26 +0000] "GET /shopdetail/2443375208.shtml HTTP/1.1" 404 24730 "-" "Mozilla/5.0 AppleWebKit/537.36 (KHTML, like Gecko; compatible; GPTBot/1.2; +https://openai.com/gptbot)"
20.171.207.101 - - [20/Jul/2025:17:59:28 +0000] "GET /shopdetail/2443356800.shtml HTTP/1.1" 404 24729 "-" "Mozilla/5.0 AppleWebKit/537.36 (KHTML, like Gecko; compatible; GPTBot/1.2; +https://openai.com/gptbot)"
20.171.207.101 - - [20/Jul/2025:17:59:31 +0000] "GET /shopdetail/2443465102.shtml HTTP/1.1" 404 24728 "-" "Mozilla/5.0 AppleWebKit/537.36 (KHTML, like Gecko; compatible; GPTBot/1.2; +https://openai.com/gptbot)"
20.171.207.101 - - [20/Jul/2025:17:59:34 +0000] "GET /shopdetail/2443438960.shtml HTTP/1.1" 404 24728 "-" "Mozilla/5.0 AppleWebKit/537.36 (KHTML, like Gecko; compatible; GPTBot/1.2; +https://openai.com/gptbot)"
20.171.207.101 - - [20/Jul/2025:17:59:36 +0000] "GET /shopdetail/2443094796.shtml HTTP/1.1" 404 24730 "-" "Mozilla/5.0 AppleWebKit/537.36 (KHTML, like Gecko; compatible; GPTBot/1.2; +https://openai.com/gptbot)"
20.171.207.101 - - [20/Jul/2025:17:59:39 +0000] "GET /shopdetail/2443288556.shtml HTTP/1.1" 404 24729 "-" "Mozilla/5.0 AppleWebKit/537.36 (KHTML, like Gecko; compatible; GPTBot/1.2; +https://openai.com/gptbot)"
20.171.207.101 - - [20/Jul/2025:17:59:41 +0000] "GET /shopdetail/2443511692.shtml HTTP/1.1" 404 24729 "-" "Mozilla/5.0 AppleWebKit/537.36 (KHTML, like Gecko; compatible; GPTBot/1.2; +https://openai.com/gptbot)"
20.171.207.101 - - [20/Jul/2025:17:59:44 +0000] "GET /shopdetail/2443117696.shtml HTTP/1.1" 404 24730 "-" "Mozilla/5.0 AppleWebKit/537.36 (KHTML, like Gecko; compatible; GPTBot/1.2; +https://openai.com/gptbot)"
209.74.77.214 - - [20/Jul/2025:17:59:47 +0000] "POST /wp-cron.php?doing_wp_cron=1753034387.3443710803985595703125 HTTP/1.1" 200 - "-" "WordPress/6.8.2; https://cartel.express"
20.171.207.101 - - [20/Jul/2025:17:59:46 +0000] "GET /shopdetail/2443308952.shtml HTTP/1.1" 404 24730 "-" "Mozilla/5.0 AppleWebKit/537.36 (KHTML, like Gecko; compatible; GPTBot/1.2; +https://openai.com/gptbot)"
20.171.207.101 - - [20/Jul/2025:17:59:49 +0000] "GET /shopdetail/2442937852.shtml HTTP/1.1" 404 24731 "-" "Mozilla/5.0 AppleWebKit/537.36 (KHTML, like Gecko; compatible; GPTBot/1.2; +https://openai.com/gptbot)"
20.171.207.101 - - [20/Jul/2025:17:59:52 +0000] "GET /shopdetail/2443158872.shtml HTTP/1.1" 404 24730 "-" "Mozilla/5.0 AppleWebKit/537.36 (KHTML, like Gecko; compatible; GPTBot/1.2; +https://openai.com/gptbot)"
20.171.207.101 - - [20/Jul/2025:17:59:55 +0000] "GET /shopdetail/2443671204.shtml HTTP/1.1" 404 24725 "-" "Mozilla/5.0 AppleWebKit/537.36 (KHTML, like Gecko; compatible; GPTBot/1.2; +https://openai.com/gptbot)"
20.171.207.101 - - [20/Jul/2025:17:59:57 +0000] "GET /shopdetail/2442913770.shtml HTTP/1.1" 404 24729 "-" "Mozilla/5.0 AppleWebKit/537.36 (KHTML, like Gecko; compatible; GPTBot/1.2; +https://openai.com/gptbot)"
20.171.207.101 - - [20/Jul/2025:18:00:00 +0000] "GET /shopdetail/2443011838.shtml HTTP/1.1" 404 24728 "-" "Mozilla/5.0 AppleWebKit/537.36 (KHTML, like Gecko; compatible; GPTBot/1.2; +https://openai.com/gptbot)"
20.171.207.101 - - [20/Jul/2025:18:00:02 +0000] "GET /shopdetail/2443602038.shtml HTTP/1.1" 404 24727 "-" "Mozilla/5.0 AppleWebKit/537.36 (KHTML, like Gecko; compatible; GPTBot/1.2; +https://openai.com/gptbot)"
20.171.207.101 - - [20/Jul/2025:18:00:05 +0000] "GET /shopdetail/2443169106.shtml HTTP/1.1" 404 24728 "-" "Mozilla/5.0 AppleWebKit/537.36 (KHTML, like Gecko; compatible; GPTBot/1.2; +https://openai.com/gptbot)"
20.171.207.101 - - [20/Jul/2025:18:00:08 +0000] "GET /shopdetail/2443057314.shtml HTTP/1.1" 404 24727 "-" "Mozilla/5.0 AppleWebKit/537.36 (KHTML, like Gecko; compatible; GPTBot/1.2; +https://openai.com/gptbot)"
20.171.207.101 - - [20/Jul/2025:18:00:11 +0000] "GET /shopdetail/2443355682.shtml HTTP/1.1" 404 24729 "-" "Mozilla/5.0 AppleWebKit/537.36 (KHTML, like Gecko; compatible; GPTBot/1.2; +https://openai.com/gptbot)"
209.74.77.214 - - [20/Jul/2025:18:00:13 +0000] "POST /wp-cron.php?doing_wp_cron=1753034413.9199030399322509765625 HTTP/1.1" 200 - "-" "WordPress/6.8.2; https://cartel.express"
20.171.207.101 - - [20/Jul/2025:18:00:13 +0000] "GET /shopdetail/2443096050.shtml HTTP/1.1" 404 24728 "-" "Mozilla/5.0 AppleWebKit/537.36 (KHTML, like Gecko; compatible; GPTBot/1.2; +https://openai.com/gptbot)"
20.171.207.101 - - [20/Jul/2025:18:00:16 +0000] "GET /shopdetail/2443461860.shtml HTTP/1.1" 404 24728 "-" "Mozilla/5.0 AppleWebKit/537.36 (KHTML, like Gecko; compatible; GPTBot/1.2; +https://openai.com/gptbot)"
20.171.207.101 - - [20/Jul/2025:18:00:18 +0000] "GET /shopdetail/2443045766.shtml HTTP/1.1" 404 24729 "-" "Mozilla/5.0 AppleWebKit/537.36 (KHTML, like Gecko; compatible; GPTBot/1.2; +https://openai.com/gptbot)"
20.171.207.101 - - [20/Jul/2025:18:00:21 +0000] "GET /shopdetail/2443018702.shtml HTTP/1.1" 404 24729 "-" "Mozilla/5.0 AppleWebKit/537.36 (KHTML, like Gecko; compatible; GPTBot/1.2; +https://openai.com/gptbot)"
209.74.77.214 - - [20/Jul/2025:18:00:24 +0000] "POST /wp-cron.php?doing_wp_cron=1753034424.2690749168395996093750 HTTP/1.1" 200 - "-" "WordPress/6.8.2; https://cartel.express"
20.171.207.101 - - [20/Jul/2025:18:00:23 +0000] "GET /shopdetail/2443268100.shtml HTTP/1.1" 404 24730 "-" "Mozilla/5.0 AppleWebKit/537.36 (KHTML, like Gecko; compatible; GPTBot/1.2; +https://openai.com/gptbot)"
20.171.207.101 - - [20/Jul/2025:18:00:26 +0000] "GET /shopdetail/2443420876.shtml HTTP/1.1" 404 24732 "-" "Mozilla/5.0 AppleWebKit/537.36 (KHTML, like Gecko; compatible; GPTBot/1.2; +https://openai.com/gptbot)"
209.74.77.214 - - [20/Jul/2025:18:00:29 +0000] "POST /wp-cron.php?doing_wp_cron=1753034429.5449180603027343750000 HTTP/1.1" 200 - "-" "WordPress/6.8.2; https://cartel.express"
20.171.207.101 - - [20/Jul/2025:18:00:29 +0000] "GET /shopdetail/2443359172.shtml HTTP/1.1" 404 24731 "-" "Mozilla/5.0 AppleWebKit/537.36 (KHTML, like Gecko; compatible; GPTBot/1.2; +https://openai.com/gptbot)"
20.171.207.101 - - [20/Jul/2025:18:00:31 +0000] "GET /shopdetail/2443097236.shtml HTTP/1.1" 404 24730 "-" "Mozilla/5.0 AppleWebKit/537.36 (KHTML, like Gecko; compatible; GPTBot/1.2; +https://openai.com/gptbot)"
20.171.207.101 - - [20/Jul/2025:18:00:34 +0000] "GET /shopdetail/2443025306.shtml HTTP/1.1" 404 24731 "-" "Mozilla/5.0 AppleWebKit/537.36 (KHTML, like Gecko; compatible; GPTBot/1.2; +https://openai.com/gptbot)"
20.171.207.101 - - [20/Jul/2025:18:00:36 +0000] "GET /shopdetail/2442975150.shtml HTTP/1.1" 404 24728 "-" "Mozilla/5.0 AppleWebKit/537.36 (KHTML, like Gecko; compatible; GPTBot/1.2; +https://openai.com/gptbot)"
20.171.207.101 - - [20/Jul/2025:18:00:39 +0000] "GET /shopdetail/2443174584.shtml HTTP/1.1" 404 24728 "-" "Mozilla/5.0 AppleWebKit/537.36 (KHTML, like Gecko; compatible; GPTBot/1.2; +https://openai.com/gptbot)"
20.171.207.101 - - [20/Jul/2025:18:00:41 +0000] "GET /shopdetail/2443592606.shtml HTTP/1.1" 404 24730 "-" "Mozilla/5.0 AppleWebKit/537.36 (KHTML, like Gecko; compatible; GPTBot/1.2; +https://openai.com/gptbot)"
20.171.207.101 - - [20/Jul/2025:18:00:44 +0000] "GET /shopdetail/2443280706.shtml HTTP/1.1" 404 24730 "-" "Mozilla/5.0 AppleWebKit/537.36 (KHTML, like Gecko; compatible; GPTBot/1.2; +https://openai.com/gptbot)"
209.74.77.214 - - [20/Jul/2025:18:00:47 +0000] "POST /wp-cron.php?doing_wp_cron=1753034447.2744019031524658203125 HTTP/1.1" 200 - "-" "WordPress/6.8.2; https://cartel.express"
20.171.207.101 - - [20/Jul/2025:18:00:46 +0000] "GET /shopdetail/2442983196.shtml HTTP/1.1" 404 24728 "-" "Mozilla/5.0 AppleWebKit/537.36 (KHTML, like Gecko; compatible; GPTBot/1.2; +https://openai.com/gptbot)"
20.171.207.101 - - [20/Jul/2025:18:00:49 +0000] "GET /shopdetail/2443589364.shtml HTTP/1.1" 404 24729 "-" "Mozilla/5.0 AppleWebKit/537.36 (KHTML, like Gecko; compatible; GPTBot/1.2; +https://openai.com/gptbot)"
20.171.207.101 - - [20/Jul/2025:18:00:52 +0000] "GET /shopdetail/2443296418.shtml HTTP/1.1" 404 24726 "-" "Mozilla/5.0 AppleWebKit/537.36 (KHTML, like Gecko; compatible; GPTBot/1.2; +https://openai.com/gptbot)"
20.171.207.101 - - [20/Jul/2025:18:00:54 +0000] "GET /shopdetail/2443601714.shtml HTTP/1.1" 404 24729 "-" "Mozilla/5.0 AppleWebKit/537.36 (KHTML, like Gecko; compatible; GPTBot/1.2; +https://openai.com/gptbot)"
20.171.207.101 - - [20/Jul/2025:18:00:57 +0000] "GET /shopdetail/2443126996.shtml HTTP/1.1" 404 24729 "-" "Mozilla/5.0 AppleWebKit/537.36 (KHTML, like Gecko; compatible; GPTBot/1.2; +https://openai.com/gptbot)"
20.171.207.101 - - [20/Jul/2025:18:00:59 +0000] "GET /shopdetail/2443099608.shtml HTTP/1.1" 404 24731 "-" "Mozilla/5.0 AppleWebKit/537.36 (KHTML, like Gecko; compatible; GPTBot/1.2; +https://openai.com/gptbot)"
20.171.207.101 - - [20/Jul/2025:18:01:02 +0000] "GET /shopdetail/2442895686.shtml HTTP/1.1" 404 24730 "-" "Mozilla/5.0 AppleWebKit/537.36 (KHTML, like Gecko; compatible; GPTBot/1.2; +https://openai.com/gptbot)"
20.171.207.101 - - [20/Jul/2025:18:01:05 +0000] "GET /shopdetail/2443197484.shtml HTTP/1.1" 404 24729 "-" "Mozilla/5.0 AppleWebKit/537.36 (KHTML, like Gecko; compatible; GPTBot/1.2; +https://openai.com/gptbot)"
20.171.207.101 - - [20/Jul/2025:18:01:07 +0000] "GET /shopdetail/2443569838.shtml HTTP/1.1" 404 24729 "-" "Mozilla/5.0 AppleWebKit/537.36 (KHTML, like Gecko; compatible; GPTBot/1.2; +https://openai.com/gptbot)"
20.171.207.101 - - [20/Jul/2025:18:01:10 +0000] "GET /shopdetail/2443683810.shtml HTTP/1.1" 404 24728 "-" "Mozilla/5.0 AppleWebKit/537.36 (KHTML, like Gecko; compatible; GPTBot/1.2; +https://openai.com/gptbot)"
209.74.77.214 - - [20/Jul/2025:18:01:13 +0000] "POST /wp-cron.php?doing_wp_cron=1753034473.2547090053558349609375 HTTP/1.1" 200 - "-" "WordPress/6.8.2; https://cartel.express"
20.171.207.101 - - [20/Jul/2025:18:01:12 +0000] "GET /shopdetail/2443214578.shtml HTTP/1.1" 404 24730 "-" "Mozilla/5.0 AppleWebKit/537.36 (KHTML, like Gecko; compatible; GPTBot/1.2; +https://openai.com/gptbot)"
20.171.207.101 - - [20/Jul/2025:18:01:15 +0000] "GET /shopdetail/2443395604.shtml HTTP/1.1" 404 24729 "-" "Mozilla/5.0 AppleWebKit/537.36 (KHTML, like Gecko; compatible; GPTBot/1.2; +https://openai.com/gptbot)"
20.171.207.101 - - [20/Jul/2025:18:01:17 +0000] "GET /shopdetail/2443483510.shtml HTTP/1.1" 404 24727 "-" "Mozilla/5.0 AppleWebKit/537.36 (KHTML, like Gecko; compatible; GPTBot/1.2; +https://openai.com/gptbot)"
20.171.207.101 - - [20/Jul/2025:18:01:20 +0000] "GET /shopdetail/2443274960.shtml HTTP/1.1" 404 24727 "-" "Mozilla/5.0 AppleWebKit/537.36 (KHTML, like Gecko; compatible; GPTBot/1.2; +https://openai.com/gptbot)"
20.171.207.101 - - [20/Jul/2025:18:01:23 +0000] "GET /shopdetail/2443208836.shtml HTTP/1.1" 404 24727 "-" "Mozilla/5.0 AppleWebKit/537.36 (KHTML, like Gecko; compatible; GPTBot/1.2; +https://openai.com/gptbot)"
20.171.207.101 - - [20/Jul/2025:18:01:26 +0000] "GET /shopdetail/2443575768.shtml HTTP/1.1" 404 24728 "-" "Mozilla/5.0 AppleWebKit/537.36 (KHTML, like Gecko; compatible; GPTBot/1.2; +https://openai.com/gptbot)"
20.171.207.101 - - [20/Jul/2025:18:01:28 +0000] "GET /shopdetail/2443629102.shtml HTTP/1.1" 404 24729 "-" "Mozilla/5.0 AppleWebKit/537.36 (KHTML, like Gecko; compatible; GPTBot/1.2; +https://openai.com/gptbot)"
20.171.207.101 - - [20/Jul/2025:18:01:31 +0000] "GET /shopdetail/2443071102.shtml HTTP/1.1" 404 24729 "-" "Mozilla/5.0 AppleWebKit/537.36 (KHTML, like Gecko; compatible; GPTBot/1.2; +https://openai.com/gptbot)"
20.171.207.101 - - [20/Jul/2025:18:01:33 +0000] "GET /shopdetail/2443669088.shtml HTTP/1.1" 404 24731 "-" "Mozilla/5.0 AppleWebKit/537.36 (KHTML, like Gecko; compatible; GPTBot/1.2; +https://openai.com/gptbot)"
20.171.207.101 - - [20/Jul/2025:18:01:36 +0000] "GET /shopdetail/2443692854.shtml HTTP/1.1" 404 24729 "-" "Mozilla/5.0 AppleWebKit/537.36 (KHTML, like Gecko; compatible; GPTBot/1.2; +https://openai.com/gptbot)"
20.171.207.101 - - [20/Jul/2025:18:01:39 +0000] "GET /shopdetail/2443015136.shtml HTTP/1.1" 404 24730 "-" "Mozilla/5.0 AppleWebKit/537.36 (KHTML, like Gecko; compatible; GPTBot/1.2; +https://openai.com/gptbot)"
20.171.207.101 - - [20/Jul/2025:18:01:41 +0000] "GET /shopdetail/2443574650.shtml HTTP/1.1" 404 24727 "-" "Mozilla/5.0 AppleWebKit/537.36 (KHTML, like Gecko; compatible; GPTBot/1.2; +https://openai.com/gptbot)"
20.171.207.101 - - [20/Jul/2025:18:01:44 +0000] "GET /shopdetail/2443368216.shtml HTTP/1.1" 404 24730 "-" "Mozilla/5.0 AppleWebKit/537.36 (KHTML, like Gecko; compatible; GPTBot/1.2; +https://openai.com/gptbot)"
209.74.77.214 - - [20/Jul/2025:18:01:47 +0000] "POST /wp-cron.php?doing_wp_cron=1753034507.6914820671081542968750 HTTP/1.1" 200 - "-" "WordPress/6.8.2; https://cartel.express"
20.171.207.101 - - [20/Jul/2025:18:01:47 +0000] "GET /shopdetail/2443387558.shtml HTTP/1.1" 404 24729 "-" "Mozilla/5.0 AppleWebKit/537.36 (KHTML, like Gecko; compatible; GPTBot/1.2; +https://openai.com/gptbot)"
20.171.207.101 - - [20/Jul/2025:18:01:49 +0000] "GET /shopdetail/2443195044.shtml HTTP/1.1" 404 24730 "-" "Mozilla/5.0 AppleWebKit/537.36 (KHTML, like Gecko; compatible; GPTBot/1.2; +https://openai.com/gptbot)"
20.171.207.101 - - [20/Jul/2025:18:01:52 +0000] "GET /shopdetail/2443614380.shtml HTTP/1.1" 404 24730 "-" "Mozilla/5.0 AppleWebKit/537.36 (KHTML, like Gecko; compatible; GPTBot/1.2; +https://openai.com/gptbot)"
20.171.207.101 - - [20/Jul/2025:18:01:55 +0000] "GET /shopdetail/2443025630.shtml HTTP/1.1" 404 24728 "-" "Mozilla/5.0 AppleWebKit/537.36 (KHTML, like Gecko; compatible; GPTBot/1.2; +https://openai.com/gptbot)"
20.171.207.101 - - [20/Jul/2025:18:01:57 +0000] "GET /shopdetail/2443402596.shtml HTTP/1.1" 404 24729 "-" "Mozilla/5.0 AppleWebKit/537.36 (KHTML, like Gecko; compatible; GPTBot/1.2; +https://openai.com/gptbot)"
20.171.207.101 - - [20/Jul/2025:18:02:00 +0000] "GET /shopdetail/2443092680.shtml HTTP/1.1" 404 24726 "-" "Mozilla/5.0 AppleWebKit/537.36 (KHTML, like Gecko; compatible; GPTBot/1.2; +https://openai.com/gptbot)"
66.249.73.128 - - [20/Jul/2025:18:02:02 +0000] "GET /shopdetail/2590319700.shtml HTTP/1.1" 200 20457 "-" "Mozilla/5.0 (Linux; Android 6.0.1; Nexus 5X Build/MMB29P) AppleWebKit/537.36 (KHTML, like Gecko) Chrome/137.0.7151.103 Mobile Safari/537.36 (compatible; Googlebot/2.1; +http://www.google.com/bot.html)"
20.171.207.101 - - [20/Jul/2025:18:02:02 +0000] "GET /shopdetail/2443551686.shtml HTTP/1.1" 404 24728 "-" "Mozilla/5.0 AppleWebKit/537.36 (KHTML, like Gecko; compatible; GPTBot/1.2; +https://openai.com/gptbot)"
20.171.207.101 - - [20/Jul/2025:18:02:05 +0000] "GET /shopdetail/2443441076.shtml HTTP/1.1" 404 24726 "-" "Mozilla/5.0 AppleWebKit/537.36 (KHTML, like Gecko; compatible; GPTBot/1.2; +https://openai.com/gptbot)"
20.171.207.101 - - [20/Jul/2025:18:02:07 +0000] "GET /shopdetail/2443592738.shtml HTTP/1.1" 404 24727 "-" "Mozilla/5.0 AppleWebKit/537.36 (KHTML, like Gecko; compatible; GPTBot/1.2; +https://openai.com/gptbot)"
20.171.207.101 - - [20/Jul/2025:18:02:10 +0000] "GET /shopdetail/2443186260.shtml HTTP/1.1" 404 24729 "-" "Mozilla/5.0 AppleWebKit/537.36 (KHTML, like Gecko; compatible; GPTBot/1.2; +https://openai.com/gptbot)"
209.74.77.214 - - [20/Jul/2025:18:02:13 +0000] "POST /wp-cron.php?doing_wp_cron=1753034533.6502189636230468750000 HTTP/1.1" 200 - "-" "WordPress/6.8.2; https://cartel.express"
20.171.207.101 - - [20/Jul/2025:18:02:13 +0000] "GET /shopdetail/2443379696.shtml HTTP/1.1" 404 24728 "-" "Mozilla/5.0 AppleWebKit/537.36 (KHTML, like Gecko; compatible; GPTBot/1.2; +https://openai.com/gptbot)"
20.171.207.101 - - [20/Jul/2025:18:02:15 +0000] "GET /shopdetail/2443380890.shtml HTTP/1.1" 404 24728 "-" "Mozilla/5.0 AppleWebKit/537.36 (KHTML, like Gecko; compatible; GPTBot/1.2; +https://openai.com/gptbot)"
