216.73.216.247 - - [21/Jul/2025:03:20:27 +0000] "GET /shopdetail/1212951574.shtml HTTP/1.1" 404 24728 "-" "Mozilla/5.0 AppleWebKit/537.36 (KHTML, like Gecko; compatible; ClaudeBot/1.0; [email protected])"
209.74.77.214 - - [21/Jul/2025:03:20:30 +0000] "POST /wp-cron.php?doing_wp_cron=1753068030.7544450759887695312500 HTTP/1.1" 200 - "-" "WordPress/6.8.2; https://cartel.express"
216.73.216.247 - - [21/Jul/2025:03:20:30 +0000] "GET /shopdetail/1212703166.shtml HTTP/1.1" 404 24730 "-" "Mozilla/5.0 AppleWebKit/537.36 (KHTML, like Gecko; compatible; ClaudeBot/1.0; [email protected])"
216.73.216.247 - - [21/Jul/2025:03:20:33 +0000] "GET /shopdetail/1212449272.shtml HTTP/1.1" 404 24730 "-" "Mozilla/5.0 AppleWebKit/537.36 (KHTML, like Gecko; compatible; ClaudeBot/1.0; [email protected])"
66.249.73.132 - - [21/Jul/2025:03:21:05 +0000] "GET /shopdetail/59807016.shtml HTTP/1.1" 200 18698 "-" "Mozilla/5.0 (Linux; Android 6.0.1; Nexus 5X Build/MMB29P) AppleWebKit/537.36 (KHTML, like Gecko) Chrome/137.0.7151.103 Mobile Safari/537.36 (compatible; Googlebot/2.1; +http://www.google.com/bot.html)"
209.74.77.214 - - [21/Jul/2025:03:21:24 +0000] "POST /wp-cron.php?doing_wp_cron=1753068084.5905010700225830078125 HTTP/1.1" 200 - "-" "WordPress/6.8.2; https://cartel.express"
216.73.216.247 - - [21/Jul/2025:03:21:21 +0000] "GET /shopdetail/1213083630.shtml HTTP/1.1" 404 24730 "-" "Mozilla/5.0 AppleWebKit/537.36 (KHTML, like Gecko; compatible; ClaudeBot/1.0; [email protected])"
216.73.216.247 - - [21/Jul/2025:03:21:27 +0000] "GET /shopdetail/1212571106.shtml HTTP/1.1" 404 24729 "-" "Mozilla/5.0 AppleWebKit/537.36 (KHTML, like Gecko; compatible; ClaudeBot/1.0; [email protected])"
216.73.216.247 - - [21/Jul/2025:03:21:30 +0000] "GET /shopdetail/1212916132.shtml HTTP/1.1" 404 24727 "-" "Mozilla/5.0 AppleWebKit/537.36 (KHTML, like Gecko; compatible; ClaudeBot/1.0; [email protected])"
216.73.216.247 - - [21/Jul/2025:03:21:33 +0000] "GET /shopdetail/1212658940.shtml HTTP/1.1" 404 24731 "-" "Mozilla/5.0 AppleWebKit/537.36 (KHTML, like Gecko; compatible; ClaudeBot/1.0; [email protected])"
216.73.216.247 - - [21/Jul/2025:03:21:36 +0000] "GET /shopdetail/1212952820.shtml HTTP/1.1" 404 24731 "-" "Mozilla/5.0 AppleWebKit/537.36 (KHTML, like Gecko; compatible; ClaudeBot/1.0; [email protected])"
216.73.216.247 - - [21/Jul/2025:03:21:39 +0000] "GET /shopdetail/1212355760.shtml HTTP/1.1" 404 24727 "-" "Mozilla/5.0 AppleWebKit/537.36 (KHTML, like Gecko; compatible; ClaudeBot/1.0; [email protected])"
209.74.77.214 - - [21/Jul/2025:03:22:29 +0000] "POST /wp-cron.php?doing_wp_cron=1753068149.0282208919525146484375 HTTP/1.1" 200 - "-" "WordPress/6.8.2; https://cartel.express"
216.73.216.247 - - [21/Jul/2025:03:22:26 +0000] "GET /shopdetail/1212458252.shtml HTTP/1.1" 404 24729 "-" "Mozilla/5.0 AppleWebKit/537.36 (KHTML, like Gecko; compatible; ClaudeBot/1.0; [email protected])"
216.73.216.247 - - [21/Jul/2025:03:22:32 +0000] "GET /shopdetail/1212772656.shtml HTTP/1.1" 404 24730 "-" "Mozilla/5.0 AppleWebKit/537.36 (KHTML, like Gecko; compatible; ClaudeBot/1.0; [email protected])"
216.73.216.247 - - [21/Jul/2025:03:22:35 +0000] "GET /shopdetail/1212956062.shtml HTTP/1.1" 404 24730 "-" "Mozilla/5.0 AppleWebKit/537.36 (KHTML, like Gecko; compatible; ClaudeBot/1.0; [email protected])"
216.73.216.247 - - [21/Jul/2025:03:22:38 +0000] "GET /shopdetail/1212395430.shtml HTTP/1.1" 404 24730 "-" "Mozilla/5.0 AppleWebKit/537.36 (KHTML, like Gecko; compatible; ClaudeBot/1.0; [email protected])"
216.73.216.247 - - [21/Jul/2025:03:22:41 +0000] "GET /shopdetail/1212421884.shtml HTTP/1.1" 404 24731 "-" "Mozilla/5.0 AppleWebKit/537.36 (KHTML, like Gecko; compatible; ClaudeBot/1.0; [email protected])"
216.73.216.247 - - [21/Jul/2025:03:22:44 +0000] "GET /shopdetail/1212363554.shtml HTTP/1.1" 404 24730 "-" "Mozilla/5.0 AppleWebKit/537.36 (KHTML, like Gecko; compatible; ClaudeBot/1.0; [email protected])"
66.249.73.131 - - [21/Jul/2025:03:23:19 +0000] "GET /shopdetail/1287376.shtml HTTP/1.1" 200 18602 "-" "Mozilla/5.0 (compatible; Googlebot/2.1; +http://www.google.com/bot.html)"
209.74.77.214 - - [21/Jul/2025:03:23:31 +0000] "POST /wp-cron.php?doing_wp_cron=1753068211.8885030746459960937500 HTTP/1.1" 200 - "-" "WordPress/6.8.2; https://cartel.express"
216.73.216.247 - - [21/Jul/2025:03:23:30 +0000] "GET /shopdetail/1212830606.shtml HTTP/1.1" 404 24730 "-" "Mozilla/5.0 AppleWebKit/537.36 (KHTML, like Gecko; compatible; ClaudeBot/1.0; [email protected])"
66.249.73.131 - - [21/Jul/2025:03:23:32 +0000] "GET /shopdetail/49425008.shtml HTTP/1.1" 200 19422 "-" "Mozilla/5.0 (compatible; Googlebot/2.1; +http://www.google.com/bot.html)"
216.73.216.247 - - [21/Jul/2025:03:23:33 +0000] "GET /shopdetail/1212371600.shtml HTTP/1.1" 404 24732 "-" "Mozilla/5.0 AppleWebKit/537.36 (KHTML, like Gecko; compatible; ClaudeBot/1.0; [email protected])"
216.73.216.247 - - [21/Jul/2025:03:23:36 +0000] "GET /shopdetail/1212880890.shtml HTTP/1.1" 404 24730 "-" "Mozilla/5.0 AppleWebKit/537.36 (KHTML, like Gecko; compatible; ClaudeBot/1.0; [email protected])"
216.73.216.247 - - [21/Jul/2025:03:23:39 +0000] "GET /shopdetail/1212911512.shtml HTTP/1.1" 404 24730 "-" "Mozilla/5.0 AppleWebKit/537.36 (KHTML, like Gecko; compatible; ClaudeBot/1.0; [email protected])"
216.73.216.247 - - [21/Jul/2025:03:23:42 +0000] "GET /shopdetail/1212654128.shtml HTTP/1.1" 404 24730 "-" "Mozilla/5.0 AppleWebKit/537.36 (KHTML, like Gecko; compatible; ClaudeBot/1.0; [email protected])"
216.73.216.247 - - [21/Jul/2025:03:23:45 +0000] "GET /shopdetail/1212973280.shtml HTTP/1.1" 404 24729 "-" "Mozilla/5.0 AppleWebKit/537.36 (KHTML, like Gecko; compatible; ClaudeBot/1.0; [email protected])"
209.74.77.214 - - [21/Jul/2025:03:24:37 +0000] "POST /wp-cron.php?doing_wp_cron=1753068277.0722889900207519531250 HTTP/1.1" 200 - "-" "WordPress/6.8.2; https://cartel.express"
216.73.216.247 - - [21/Jul/2025:03:24:34 +0000] "GET /shopdetail/1212402358.shtml HTTP/1.1" 404 24728 "-" "Mozilla/5.0 AppleWebKit/537.36 (KHTML, like Gecko; compatible; ClaudeBot/1.0; [email protected])"
216.73.216.247 - - [21/Jul/2025:03:24:40 +0000] "GET /shopdetail/1212472974.shtml HTTP/1.1" 404 24723 "-" "Mozilla/5.0 AppleWebKit/537.36 (KHTML, like Gecko; compatible; ClaudeBot/1.0; [email protected])"
66.249.73.228 - - [21/Jul/2025:03:24:42 +0000] "GET /safe_search/config?return_url=%2Fproduct%2Fdetail%2FC2223514125 HTTP/1.1" 200 21019 "-" "Mozilla/5.0 (Linux; Android 6.0.1; Nexus 5X Build/MMB29P) AppleWebKit/537.36 (KHTML, like Gecko) Chrome/137.0.7151.103 Mobile Safari/537.36 (compatible; Googlebot/2.1; +http://www.google.com/bot.html)"
216.73.216.247 - - [21/Jul/2025:03:24:43 +0000] "GET /shopdetail/1212636974.shtml HTTP/1.1" 404 24729 "-" "Mozilla/5.0 AppleWebKit/537.36 (KHTML, like Gecko; compatible; ClaudeBot/1.0; [email protected])"
216.73.216.247 - - [21/Jul/2025:03:24:46 +0000] "GET /shopdetail/1212332860.shtml HTTP/1.1" 404 24727 "-" "Mozilla/5.0 AppleWebKit/537.36 (KHTML, like Gecko; compatible; ClaudeBot/1.0; [email protected])"
209.74.77.214 - - [21/Jul/2025:03:24:49 +0000] "POST /wp-cron.php?doing_wp_cron=1753068289.6652688980102539062500 HTTP/1.1" 200 - "-" "WordPress/6.8.2; https://cartel.express"
216.73.216.247 - - [21/Jul/2025:03:24:49 +0000] "GET /shopdetail/1213017506.shtml HTTP/1.1" 404 24729 "-" "Mozilla/5.0 AppleWebKit/537.36 (KHTML, like Gecko; compatible; ClaudeBot/1.0; [email protected])"
216.73.216.247 - - [21/Jul/2025:03:24:52 +0000] "GET /shopdetail/1212646210.shtml HTTP/1.1" 404 24730 "-" "Mozilla/5.0 AppleWebKit/537.36 (KHTML, like Gecko; compatible; ClaudeBot/1.0; [email protected])"
209.74.77.214 - - [21/Jul/2025:03:25:40 +0000] "POST /wp-cron.php?doing_wp_cron=1753068340.3246018886566162109375 HTTP/1.1" 200 - "-" "WordPress/6.8.2; https://cartel.express"
216.73.216.247 - - [21/Jul/2025:03:25:38 +0000] "GET /shopdetail/1212760314.shtml HTTP/1.1" 404 24731 "-" "Mozilla/5.0 AppleWebKit/537.36 (KHTML, like Gecko; compatible; ClaudeBot/1.0; [email protected])"
216.73.216.247 - - [21/Jul/2025:03:25:40 +0000] "GET /shopdetail/1212824002.shtml HTTP/1.1" 404 24728 "-" "Mozilla/5.0 AppleWebKit/537.36 (KHTML, like Gecko; compatible; ClaudeBot/1.0; [email protected])"
216.73.216.247 - - [21/Jul/2025:03:25:43 +0000] "GET /shopdetail/1212991236.shtml HTTP/1.1" 404 24729 "-" "Mozilla/5.0 AppleWebKit/537.36 (KHTML, like Gecko; compatible; ClaudeBot/1.0; [email protected])"
209.74.77.214 - - [21/Jul/2025:03:25:47 +0000] "POST /wp-cron.php?doing_wp_cron=1753068347.2174999713897705078125 HTTP/1.1" 200 - "-" "WordPress/6.8.2; https://cartel.express"
216.73.216.247 - - [21/Jul/2025:03:25:46 +0000] "GET /shopdetail/1212384274.shtml HTTP/1.1" 404 24731 "-" "Mozilla/5.0 AppleWebKit/537.36 (KHTML, like Gecko; compatible; ClaudeBot/1.0; [email protected])"
216.73.216.247 - - [21/Jul/2025:03:25:49 +0000] "GET /shopdetail/1212343418.shtml HTTP/1.1" 404 24729 "-" "Mozilla/5.0 AppleWebKit/537.36 (KHTML, like Gecko; compatible; ClaudeBot/1.0; [email protected])"
216.73.216.247 - - [21/Jul/2025:03:25:52 +0000] "GET /shopdetail/1212860366.shtml HTTP/1.1" 404 24731 "-" "Mozilla/5.0 AppleWebKit/537.36 (KHTML, like Gecko; compatible; ClaudeBot/1.0; [email protected])"
209.74.77.214 - - [21/Jul/2025:03:26:45 +0000] "POST /wp-cron.php?doing_wp_cron=1753068405.5075860023498535156250 HTTP/1.1" 200 - "-" "WordPress/6.8.2; https://cartel.express"
216.73.216.247 - - [21/Jul/2025:03:26:43 +0000] "GET /shopdetail/1212497120.shtml HTTP/1.1" 404 24730 "-" "Mozilla/5.0 AppleWebKit/537.36 (KHTML, like Gecko; compatible; ClaudeBot/1.0; [email protected])"
209.74.77.214 - - [21/Jul/2025:03:26:47 +0000] "POST /wp-cron.php?doing_wp_cron=1753068407.5044980049133300781250 HTTP/1.1" 200 - "-" "WordPress/6.8.2; https://cartel.express"
216.73.216.247 - - [21/Jul/2025:03:26:47 +0000] "GET /shopdetail/1212465112.shtml HTTP/1.1" 404 24732 "-" "Mozilla/5.0 AppleWebKit/537.36 (KHTML, like Gecko; compatible; ClaudeBot/1.0; [email protected])"
216.73.216.247 - - [21/Jul/2025:03:26:49 +0000] "GET /shopdetail/1212416150.shtml HTTP/1.1" 404 24731 "-" "Mozilla/5.0 AppleWebKit/537.36 (KHTML, like Gecko; compatible; ClaudeBot/1.0; [email protected])"
66.249.73.227 - - [21/Jul/2025:03:26:51 +0000] "GET /shopdetail/t_large/v1660369063/u5wjf7ycn7tycguunk6v.jpg HTTP/1.1" 301 - "-" "Googlebot-Image/1.0"
216.73.216.247 - - [21/Jul/2025:03:26:52 +0000] "GET /shopdetail/1212269108.shtml HTTP/1.1" 404 24733 "-" "Mozilla/5.0 AppleWebKit/537.36 (KHTML, like Gecko; compatible; ClaudeBot/1.0; [email protected])"
216.73.216.247 - - [21/Jul/2025:03:26:55 +0000] "GET /shopdetail/1212322894.shtml HTTP/1.1" 404 24729 "-" "Mozilla/5.0 AppleWebKit/537.36 (KHTML, like Gecko; compatible; ClaudeBot/1.0; [email protected])"
216.73.216.247 - - [21/Jul/2025:03:26:58 +0000] "GET /shopdetail/1212457134.shtml HTTP/1.1" 404 24729 "-" "Mozilla/5.0 AppleWebKit/537.36 (KHTML, like Gecko; compatible; ClaudeBot/1.0; [email protected])"
209.74.77.214 - - [21/Jul/2025:03:27:53 +0000] "POST /wp-cron.php?doing_wp_cron=1753068473.5798070430755615234375 HTTP/1.1" 200 - "-" "WordPress/6.8.2; https://cartel.express"
216.73.216.247 - - [21/Jul/2025:03:27:51 +0000] "GET /shopdetail/1212268118.shtml HTTP/1.1" 404 24730 "-" "Mozilla/5.0 AppleWebKit/537.36 (KHTML, like Gecko; compatible; ClaudeBot/1.0; [email protected])"
216.73.216.247 - - [21/Jul/2025:03:27:56 +0000] "GET /shopdetail/1212809280.shtml HTTP/1.1" 404 24732 "-" "Mozilla/5.0 AppleWebKit/537.36 (KHTML, like Gecko; compatible; ClaudeBot/1.0; [email protected])"
216.73.216.247 - - [21/Jul/2025:03:27:59 +0000] "GET /shopdetail/1212678154.shtml HTTP/1.1" 404 24731 "-" "Mozilla/5.0 AppleWebKit/537.36 (KHTML, like Gecko; compatible; ClaudeBot/1.0; [email protected])"
216.73.216.247 - - [21/Jul/2025:03:28:02 +0000] "GET /shopdetail/1212334050.shtml HTTP/1.1" 404 24733 "-" "Mozilla/5.0 AppleWebKit/537.36 (KHTML, like Gecko; compatible; ClaudeBot/1.0; [email protected])"
216.73.216.247 - - [21/Jul/2025:03:28:05 +0000] "GET /shopdetail/1212597304.shtml HTTP/1.1" 404 24730 "-" "Mozilla/5.0 AppleWebKit/537.36 (KHTML, like Gecko; compatible; ClaudeBot/1.0; [email protected])"
216.73.216.247 - - [21/Jul/2025:03:28:09 +0000] "GET /shopdetail/1212845644.shtml HTTP/1.1" 404 24730 "-" "Mozilla/5.0 AppleWebKit/537.36 (KHTML, like Gecko; compatible; ClaudeBot/1.0; [email protected])"
209.74.77.214 - - [21/Jul/2025:03:28:55 +0000] "POST /wp-cron.php?doing_wp_cron=1753068535.4900879859924316406250 HTTP/1.1" 200 - "-" "WordPress/6.8.2; https://cartel.express"
216.73.216.247 - - [21/Jul/2025:03:28:53 +0000] "GET /shopdetail/1212422818.shtml HTTP/1.1" 404 24729 "-" "Mozilla/5.0 AppleWebKit/537.36 (KHTML, like Gecko; compatible; ClaudeBot/1.0; [email protected])"
216.73.216.247 - - [21/Jul/2025:03:28:58 +0000] "GET /shopdetail/1212988002.shtml HTTP/1.1" 404 24732 "-" "Mozilla/5.0 AppleWebKit/537.36 (KHTML, like Gecko; compatible; ClaudeBot/1.0; [email protected])"
216.73.216.247 - - [21/Jul/2025:03:29:01 +0000] "GET /shopdetail/1212617764.shtml HTTP/1.1" 404 24729 "-" "Mozilla/5.0 AppleWebKit/537.36 (KHTML, like Gecko; compatible; ClaudeBot/1.0; [email protected])"
216.73.216.247 - - [21/Jul/2025:03:29:05 +0000] "GET /shopdetail/1212846642.shtml HTTP/1.1" 404 24729 "-" "Mozilla/5.0 AppleWebKit/537.36 (KHTML, like Gecko; compatible; ClaudeBot/1.0; [email protected])"
216.73.216.247 - - [21/Jul/2025:03:29:07 +0000] "GET /shopdetail/1212469732.shtml HTTP/1.1" 404 24730 "-" "Mozilla/5.0 AppleWebKit/537.36 (KHTML, like Gecko; compatible; ClaudeBot/1.0; [email protected])"
216.73.216.247 - - [21/Jul/2025:03:29:10 +0000] "GET /shopdetail/1212718204.shtml HTTP/1.1" 404 24730 "-" "Mozilla/5.0 AppleWebKit/537.36 (KHTML, like Gecko; compatible; ClaudeBot/1.0; [email protected])"
66.249.73.128 - - [21/Jul/2025:03:29:11 +0000] "GET /shopdetail/980830.shtml HTTP/1.1" 200 18629 "-" "Mozilla/5.0 (Linux; Android 6.0.1; Nexus 5X Build/MMB29P) AppleWebKit/537.36 (KHTML, like Gecko) Chrome/137.0.7151.103 Mobile Safari/537.36 (compatible; Googlebot/2.1; +http://www.google.com/bot.html)"
209.74.77.214 - - [21/Jul/2025:03:29:59 +0000] "POST /wp-cron.php?doing_wp_cron=1753068599.0687201023101806640625 HTTP/1.1" 200 - "-" "WordPress/6.8.2; https://cartel.express"
216.73.216.247 - - [21/Jul/2025:03:29:56 +0000] "GET /shopdetail/1212819578.shtml HTTP/1.1" 404 24730 "-" "Mozilla/5.0 AppleWebKit/537.36 (KHTML, like Gecko; compatible; ClaudeBot/1.0; [email protected])"
216.73.216.247 - - [21/Jul/2025:03:30:02 +0000] "GET /shopdetail/1212346652.shtml HTTP/1.1" 404 24730 "-" "Mozilla/5.0 AppleWebKit/537.36 (KHTML, like Gecko; compatible; ClaudeBot/1.0; [email protected])"
45.227.253.15 - - [21/Jul/2025:03:30:04 +0000] "GET /index.php/jk HTTP/1.1" 200 59 "-" "Mozilla/5.0 (Windows NT 6.2; WOW64) AppleWebKit/535.24 (KHTML, like Gecko) Chrome/82.0.1055.1 Safari/535.24"
216.73.216.247 - - [21/Jul/2025:03:30:05 +0000] "GET /shopdetail/1212944646.shtml HTTP/1.1" 404 24730 "-" "Mozilla/5.0 AppleWebKit/537.36 (KHTML, like Gecko; compatible; ClaudeBot/1.0; [email protected])"
216.73.216.247 - - [21/Jul/2025:03:30:08 +0000] "GET /shopdetail/1212818256.shtml HTTP/1.1" 404 24730 "-" "Mozilla/5.0 AppleWebKit/537.36 (KHTML, like Gecko; compatible; ClaudeBot/1.0; [email protected])"
216.73.216.247 - - [21/Jul/2025:03:30:11 +0000] "GET /shopdetail/1213056310.shtml HTTP/1.1" 404 24730 "-" "Mozilla/5.0 AppleWebKit/537.36 (KHTML, like Gecko; compatible; ClaudeBot/1.0; [email protected])"
209.74.77.214 - - [21/Jul/2025:03:30:14 +0000] "POST /wp-cron.php?doing_wp_cron=1753068614.9184238910675048828125 HTTP/1.1" 200 - "-" "WordPress/6.8.2; https://cartel.express"
216.73.216.247 - - [21/Jul/2025:03:30:14 +0000] "GET /shopdetail/1212839714.shtml HTTP/1.1" 404 24729 "-" "Mozilla/5.0 AppleWebKit/537.36 (KHTML, like Gecko; compatible; ClaudeBot/1.0; [email protected])"
209.74.77.214 - - [21/Jul/2025:03:31:20 +0000] "POST /wp-cron.php?doing_wp_cron=1753068680.8522279262542724609375 HTTP/1.1" 200 - "-" "WordPress/6.8.2; https://cartel.express"
216.73.216.247 - - [21/Jul/2025:03:31:18 +0000] "GET /shopdetail/1212925432.shtml HTTP/1.1" 404 24731 "-" "Mozilla/5.0 AppleWebKit/537.36 (KHTML, like Gecko; compatible; ClaudeBot/1.0; [email protected])"
216.73.216.247 - - [21/Jul/2025:03:31:24 +0000] "GET /shopdetail/1212388762.shtml HTTP/1.1" 404 24729 "-" "Mozilla/5.0 AppleWebKit/537.36 (KHTML, like Gecko; compatible; ClaudeBot/1.0; [email protected])"
216.73.216.247 - - [21/Jul/2025:03:31:27 +0000] "GET /shopdetail/1213007272.shtml HTTP/1.1" 404 24728 "-" "Mozilla/5.0 AppleWebKit/537.36 (KHTML, like Gecko; compatible; ClaudeBot/1.0; [email protected])"
216.73.216.247 - - [21/Jul/2025:03:31:30 +0000] "GET /shopdetail/1213083698.shtml HTTP/1.1" 404 24729 "-" "Mozilla/5.0 AppleWebKit/537.36 (KHTML, like Gecko; compatible; ClaudeBot/1.0; [email protected])"
216.73.216.247 - - [21/Jul/2025:03:31:33 +0000] "GET /shopdetail/1212849014.shtml HTTP/1.1" 404 24731 "-" "Mozilla/5.0 AppleWebKit/537.36 (KHTML, like Gecko; compatible; ClaudeBot/1.0; [email protected])"
216.73.216.247 - - [21/Jul/2025:03:31:36 +0000] "GET /shopdetail/1212732926.shtml HTTP/1.1" 404 24730 "-" "Mozilla/5.0 AppleWebKit/537.36 (KHTML, like Gecko; compatible; ClaudeBot/1.0; [email protected])"
209.74.77.214 - - [21/Jul/2025:03:32:23 +0000] "POST /wp-cron.php?doing_wp_cron=1753068743.5412559509277343750000 HTTP/1.1" 200 - "-" "WordPress/6.8.2; https://cartel.express"
216.73.216.247 - - [21/Jul/2025:03:32:21 +0000] "GET /shopdetail/1212878518.shtml HTTP/1.1" 404 24729 "-" "Mozilla/5.0 AppleWebKit/537.36 (KHTML, like Gecko; compatible; ClaudeBot/1.0; [email protected])"
216.73.216.247 - - [21/Jul/2025:03:32:24 +0000] "GET /shopdetail/1212420638.shtml HTTP/1.1" 404 24731 "-" "Mozilla/5.0 AppleWebKit/537.36 (KHTML, like Gecko; compatible; ClaudeBot/1.0; [email protected])"
216.73.216.247 - - [21/Jul/2025:03:32:27 +0000] "GET /shopdetail/1212629180.shtml HTTP/1.1" 404 24730 "-" "Mozilla/5.0 AppleWebKit/537.36 (KHTML, like Gecko; compatible; ClaudeBot/1.0; [email protected])"
216.73.216.247 - - [21/Jul/2025:03:32:30 +0000] "GET /shopdetail/1212378592.shtml HTTP/1.1" 404 24729 "-" "Mozilla/5.0 AppleWebKit/537.36 (KHTML, like Gecko; compatible; ClaudeBot/1.0; [email protected])"
216.73.216.247 - - [21/Jul/2025:03:32:33 +0000] "GET /shopdetail/1212361374.shtml HTTP/1.1" 404 24730 "-" "Mozilla/5.0 AppleWebKit/537.36 (KHTML, like Gecko; compatible; ClaudeBot/1.0; [email protected])"
209.74.77.214 - - [21/Jul/2025:03:33:26 +0000] "POST /wp-cron.php?doing_wp_cron=1753068806.9642241001129150390625 HTTP/1.1" 200 - "-" "WordPress/6.8.2; https://cartel.express"
216.73.216.247 - - [21/Jul/2025:03:33:24 +0000] "GET /shopdetail/1212778270.shtml HTTP/1.1" 404 24730 "-" "Mozilla/5.0 AppleWebKit/537.36 (KHTML, like Gecko; compatible; ClaudeBot/1.0; [email protected])"
216.73.216.247 - - [21/Jul/2025:03:33:27 +0000] "GET /shopdetail/1212928738.shtml HTTP/1.1" 404 24732 "-" "Mozilla/5.0 AppleWebKit/537.36 (KHTML, like Gecko; compatible; ClaudeBot/1.0; [email protected])"
216.73.216.247 - - [21/Jul/2025:03:33:30 +0000] "GET /shopdetail/1212652012.shtml HTTP/1.1" 404 24731 "-" "Mozilla/5.0 AppleWebKit/537.36 (KHTML, like Gecko; compatible; ClaudeBot/1.0; [email protected])"
216.73.216.247 - - [21/Jul/2025:03:33:33 +0000] "GET /shopdetail/1212428748.shtml HTTP/1.1" 404 24730 "-" "Mozilla/5.0 AppleWebKit/537.36 (KHTML, like Gecko; compatible; ClaudeBot/1.0; [email protected])"
216.73.216.247 - - [21/Jul/2025:03:33:36 +0000] "GET /shopdetail/1212920944.shtml HTTP/1.1" 404 24729 "-" "Mozilla/5.0 AppleWebKit/537.36 (KHTML, like Gecko; compatible; ClaudeBot/1.0; [email protected])"
216.73.216.247 - - [21/Jul/2025:03:34:32 +0000] "GET /robots.txt HTTP/1.1" 200 94 "-" "Mozilla/5.0 AppleWebKit/537.36 (KHTML, like Gecko; compatible; ClaudeBot/1.0; [email protected])"
209.74.77.214 - - [21/Jul/2025:03:34:36 +0000] "POST /wp-cron.php?doing_wp_cron=1753068876.1055500507354736328125 HTTP/1.1" 200 - "-" "WordPress/6.8.2; https://cartel.express"
216.73.216.247 - - [21/Jul/2025:03:34:32 +0000] "GET /shopdetail/1212505174.shtml HTTP/1.1" 404 24729 "-" "Mozilla/5.0 AppleWebKit/537.36 (KHTML, like Gecko; compatible; ClaudeBot/1.0; [email protected])"
216.73.216.247 - - [21/Jul/2025:03:34:38 +0000] "GET /shopdetail/1212345534.shtml HTTP/1.1" 404 24732 "-" "Mozilla/5.0 AppleWebKit/537.36 (KHTML, like Gecko; compatible; ClaudeBot/1.0; [email protected])"
216.73.216.247 - - [21/Jul/2025:03:34:41 +0000] "GET /shopdetail/1212615516.shtml HTTP/1.1" 404 24730 "-" "Mozilla/5.0 AppleWebKit/537.36 (KHTML, like Gecko; compatible; ClaudeBot/1.0; [email protected])"
216.73.216.247 - - [21/Jul/2025:03:34:44 +0000] "GET /shopdetail/1212539166.shtml HTTP/1.1" 404 24731 "-" "Mozilla/5.0 AppleWebKit/537.36 (KHTML, like Gecko; compatible; ClaudeBot/1.0; [email protected])"
209.74.77.214 - - [21/Jul/2025:03:34:47 +0000] "POST /wp-cron.php?doing_wp_cron=1753068887.5243589878082275390625 HTTP/1.1" 200 - "-" "WordPress/6.8.2; https://cartel.express"
216.73.216.247 - - [21/Jul/2025:03:34:47 +0000] "GET /shopdetail/1212484454.shtml HTTP/1.1" 404 24731 "-" "Mozilla/5.0 AppleWebKit/537.36 (KHTML, like Gecko; compatible; ClaudeBot/1.0; [email protected])"
209.74.77.214 - - [21/Jul/2025:03:35:23 +0000] "POST /wp-cron.php?doing_wp_cron=1753068923.4242279529571533203125 HTTP/1.1" 200 - "-" "WordPress/6.8.2; https://cartel.express"
57.141.2.14 - - [21/Jul/2025:03:35:20 +0000] "GET /shopdetail/908745844.shtml HTTP/1.1" 404 146916 "-" "meta-externalagent/1.1 (+https://developers.facebook.com/docs/sharing/webmasters/crawler)"
209.74.77.214 - - [21/Jul/2025:03:35:42 +0000] "POST /wp-cron.php?doing_wp_cron=1753068942.7311630249023437500000 HTTP/1.1" 200 - "-" "WordPress/6.8.2; https://cartel.express"
216.73.216.247 - - [21/Jul/2025:03:35:42 +0000] "GET /shopdetail/1212884256.shtml HTTP/1.1" 404 24729 "-" "Mozilla/5.0 AppleWebKit/537.36 (KHTML, like Gecko; compatible; ClaudeBot/1.0; [email protected])"
216.73.216.247 - - [21/Jul/2025:03:35:44 +0000] "GET /shopdetail/1212437856.shtml HTTP/1.1" 404 24731 "-" "Mozilla/5.0 AppleWebKit/537.36 (KHTML, like Gecko; compatible; ClaudeBot/1.0; [email protected])"
209.74.77.214 - - [21/Jul/2025:03:35:48 +0000] "POST /wp-cron.php?doing_wp_cron=1753068948.5532670021057128906250 HTTP/1.1" 200 - "-" "WordPress/6.8.2; https://cartel.express"
216.73.216.247 - - [21/Jul/2025:03:35:48 +0000] "GET /shopdetail/1212589386.shtml HTTP/1.1" 404 24728 "-" "Mozilla/5.0 AppleWebKit/537.36 (KHTML, like Gecko; compatible; ClaudeBot/1.0; [email protected])"
216.73.216.247 - - [21/Jul/2025:03:36:03 +0000] "GET /shopdetail/1212288578.shtml HTTP/1.1" 404 24730 "-" "Mozilla/5.0 AppleWebKit/537.36 (KHTML, like Gecko; compatible; ClaudeBot/1.0; [email protected])"
209.74.77.214 - - [21/Jul/2025:03:36:41 +0000] "POST /wp-cron.php?doing_wp_cron=1753069001.0815598964691162109375 HTTP/1.1" 200 - "-" "WordPress/6.8.2; https://cartel.express"
216.73.216.247 - - [21/Jul/2025:03:36:37 +0000] "GET /shopdetail/1212765728.shtml HTTP/1.1" 404 24731 "-" "Mozilla/5.0 AppleWebKit/537.36 (KHTML, like Gecko; compatible; ClaudeBot/1.0; [email protected])"
216.73.216.247 - - [21/Jul/2025:03:36:44 +0000] "GET /shopdetail/1212526492.shtml HTTP/1.1" 404 24731 "-" "Mozilla/5.0 AppleWebKit/537.36 (KHTML, like Gecko; compatible; ClaudeBot/1.0; [email protected])"
209.74.77.214 - - [21/Jul/2025:03:36:54 +0000] "POST /wp-cron.php?doing_wp_cron=1753069014.3129580020904541015625 HTTP/1.1" 200 - "-" "WordPress/6.8.2; https://cartel.express"
216.73.216.247 - - [21/Jul/2025:03:36:53 +0000] "GET /shopdetail/1213022318.shtml HTTP/1.1" 404 24731 "-" "Mozilla/5.0 AppleWebKit/537.36 (KHTML, like Gecko; compatible; ClaudeBot/1.0; [email protected])"
216.73.216.247 - - [21/Jul/2025:03:36:55 +0000] "GET /shopdetail/1212810210.shtml HTTP/1.1" 404 24732 "-" "Mozilla/5.0 AppleWebKit/537.36 (KHTML, like Gecko; compatible; ClaudeBot/1.0; [email protected])"
216.73.216.247 - - [21/Jul/2025:03:36:58 +0000] "GET /shopdetail/1212517516.shtml HTTP/1.1" 404 24730 "-" "Mozilla/5.0 AppleWebKit/537.36 (KHTML, like Gecko; compatible; ClaudeBot/1.0; [email protected])"
51.222.253.3 - - [21/Jul/2025:03:37:04 +0000] "GET /layouts/header-home-auto-body-shop/ HTTP/1.1" 404 24730 "-" "Mozilla/5.0 (compatible; AhrefsBot/7.0; +http://ahrefs.com/robot/)"
209.74.77.214 - - [21/Jul/2025:03:37:42 +0000] "POST /wp-cron.php?doing_wp_cron=1753069062.5447061061859130859375 HTTP/1.1" 200 - "-" "WordPress/6.8.2; https://cartel.express"
216.73.216.247 - - [21/Jul/2025:03:37:40 +0000] "GET /shopdetail/1213082376.shtml HTTP/1.1" 404 24730 "-" "Mozilla/5.0 AppleWebKit/537.36 (KHTML, like Gecko; compatible; ClaudeBot/1.0; [email protected])"
216.73.216.247 - - [21/Jul/2025:03:37:43 +0000] "GET /shopdetail/1213070034.shtml HTTP/1.1" 404 24729 "-" "Mozilla/5.0 AppleWebKit/537.36 (KHTML, like Gecko; compatible; ClaudeBot/1.0; [email protected])"
216.73.216.247 - - [21/Jul/2025:03:37:46 +0000] "GET /shopdetail/1212828490.shtml HTTP/1.1" 404 24729 "-" "Mozilla/5.0 AppleWebKit/537.36 (KHTML, like Gecko; compatible; ClaudeBot/1.0; [email protected])"
209.74.77.214 - - [21/Jul/2025:03:37:49 +0000] "POST /wp-cron.php?doing_wp_cron=1753069069.5034599304199218750000 HTTP/1.1" 200 - "-" "WordPress/6.8.2; https://cartel.express"
216.73.216.247 - - [21/Jul/2025:03:37:49 +0000] "GET /shopdetail/1213093924.shtml HTTP/1.1" 404 24729 "-" "Mozilla/5.0 AppleWebKit/537.36 (KHTML, like Gecko; compatible; ClaudeBot/1.0; [email protected])"
216.73.216.247 - - [21/Jul/2025:03:37:52 +0000] "GET /shopdetail/1212974406.shtml HTTP/1.1" 404 24732 "-" "Mozilla/5.0 AppleWebKit/537.36 (KHTML, like Gecko; compatible; ClaudeBot/1.0; [email protected])"
209.74.77.214 - - [21/Jul/2025:03:38:48 +0000] "POST /wp-cron.php?doing_wp_cron=1753069128.1193139553070068359375 HTTP/1.1" 200 - "-" "WordPress/6.8.2; https://cartel.express"
216.73.216.247 - - [21/Jul/2025:03:38:45 +0000] "GET /shopdetail/1212313658.shtml HTTP/1.1" 404 24728 "-" "Mozilla/5.0 AppleWebKit/537.36 (KHTML, like Gecko; compatible; ClaudeBot/1.0; [email protected])"
216.73.216.247 - - [21/Jul/2025:03:38:50 +0000] "GET /shopdetail/1212738340.shtml HTTP/1.1" 404 24730 "-" "Mozilla/5.0 AppleWebKit/537.36 (KHTML, like Gecko; compatible; ClaudeBot/1.0; [email protected])"
216.73.216.247 - - [21/Jul/2025:03:38:53 +0000] "GET /shopdetail/1212723626.shtml HTTP/1.1" 404 24730 "-" "Mozilla/5.0 AppleWebKit/537.36 (KHTML, like Gecko; compatible; ClaudeBot/1.0; [email protected])"
216.73.216.247 - - [21/Jul/2025:03:38:56 +0000] "GET /shopdetail/1213023436.shtml HTTP/1.1" 404 24730 "-" "Mozilla/5.0 AppleWebKit/537.36 (KHTML, like Gecko; compatible; ClaudeBot/1.0; [email protected])"
216.73.216.247 - - [21/Jul/2025:03:38:59 +0000] "GET /shopdetail/1212826118.shtml HTTP/1.1" 404 24728 "-" "Mozilla/5.0 AppleWebKit/537.36 (KHTML, like Gecko; compatible; ClaudeBot/1.0; [email protected])"
209.74.77.214 - - [21/Jul/2025:03:39:53 +0000] "POST /wp-cron.php?doing_wp_cron=1753069193.1775829792022705078125 HTTP/1.1" 200 - "-" "WordPress/6.8.2; https://cartel.express"
216.73.216.247 - - [21/Jul/2025:03:39:50 +0000] "GET /shopdetail/1212616450.shtml HTTP/1.1" 404 24728 "-" "Mozilla/5.0 AppleWebKit/537.36 (KHTML, like Gecko; compatible; ClaudeBot/1.0; [email protected])"
216.73.216.247 - - [21/Jul/2025:03:39:55 +0000] "GET /shopdetail/1212626740.shtml HTTP/1.1" 404 24732 "-" "Mozilla/5.0 AppleWebKit/537.36 (KHTML, like Gecko; compatible; ClaudeBot/1.0; [email protected])"
216.73.216.247 - - [21/Jul/2025:03:39:58 +0000] "GET /shopdetail/1212911836.shtml HTTP/1.1" 404 24728 "-" "Mozilla/5.0 AppleWebKit/537.36 (KHTML, like Gecko; compatible; ClaudeBot/1.0; [email protected])"
216.73.216.247 - - [21/Jul/2025:03:40:01 +0000] "GET /shopdetail/1212910718.shtml HTTP/1.1" 404 24728 "-" "Mozilla/5.0 AppleWebKit/537.36 (KHTML, like Gecko; compatible; ClaudeBot/1.0; [email protected])"
216.73.216.247 - - [21/Jul/2025:03:40:04 +0000] "GET /shopdetail/1212424260.shtml HTTP/1.1" 404 24730 "-" "Mozilla/5.0 AppleWebKit/537.36 (KHTML, like Gecko; compatible; ClaudeBot/1.0; [email protected])"
209.74.77.214 - - [21/Jul/2025:03:40:57 +0000] "POST /wp-cron.php?doing_wp_cron=1753069257.1127619743347167968750 HTTP/1.1" 200 - "-" "WordPress/6.8.2; https://cartel.express"
216.73.216.247 - - [21/Jul/2025:03:40:53 +0000] "GET /shopdetail/1212595990.shtml HTTP/1.1" 404 24730 "-" "Mozilla/5.0 AppleWebKit/537.36 (KHTML, like Gecko; compatible; ClaudeBot/1.0; [email protected])"
216.73.216.247 - - [21/Jul/2025:03:40:59 +0000] "GET /shopdetail/1213033346.shtml HTTP/1.1" 404 24731 "-" "Mozilla/5.0 AppleWebKit/537.36 (KHTML, like Gecko; compatible; ClaudeBot/1.0; [email protected])"
216.73.216.247 - - [21/Jul/2025:03:41:02 +0000] "GET /shopdetail/1212885382.shtml HTTP/1.1" 404 24730 "-" "Mozilla/5.0 AppleWebKit/537.36 (KHTML, like Gecko; compatible; ClaudeBot/1.0; [email protected])"
216.73.216.247 - - [21/Jul/2025:03:41:05 +0000] "GET /shopdetail/1212566554.shtml HTTP/1.1" 404 24732 "-" "Mozilla/5.0 AppleWebKit/537.36 (KHTML, like Gecko; compatible; ClaudeBot/1.0; [email protected])"
216.73.216.247 - - [21/Jul/2025:03:41:08 +0000] "GET /shopdetail/1212567476.shtml HTTP/1.1" 404 24730 "-" "Mozilla/5.0 AppleWebKit/537.36 (KHTML, like Gecko; compatible; ClaudeBot/1.0; [email protected])"
209.74.77.214 - - [21/Jul/2025:03:41:23 +0000] "POST /wp-cron.php?doing_wp_cron=1753069283.4109070301055908203125 HTTP/1.1" 200 - "-" "WordPress/6.8.2; https://cartel.express"
57.141.2.19 - - [21/Jul/2025:03:41:22 +0000] "GET /shopdetail/2388035912.shtml HTTP/1.1" 404 146913 "-" "meta-externalagent/1.1 (+https://developers.facebook.com/docs/sharing/webmasters/crawler)"
66.249.73.131 - - [21/Jul/2025:03:41:52 +0000] "GET /shopdetail/206299110.shtml HTTP/1.1" 200 19778 "-" "Mozilla/5.0 (compatible; Googlebot/2.1; +http://www.google.com/bot.html)"
66.249.73.229 - - [21/Jul/2025:03:41:55 +0000] "GET /shopdetail/2927626566.shtml HTTP/1.1" 200 20692 "-" "Mozilla/5.0 (Linux; Android 6.0.1; Nexus 5X Build/MMB29P) AppleWebKit/537.36 (KHTML, like Gecko) Chrome/137.0.7151.103 Mobile Safari/537.36 (compatible; Googlebot/2.1; +http://www.google.com/bot.html)"
209.74.77.214 - - [21/Jul/2025:03:41:57 +0000] "POST /wp-cron.php?doing_wp_cron=1753069317.9247620105743408203125 HTTP/1.1" 200 - "-" "WordPress/6.8.2; https://cartel.express"
216.73.216.247 - - [21/Jul/2025:03:41:57 +0000] "GET /shopdetail/1212284154.shtml HTTP/1.1" 404 24731 "-" "Mozilla/5.0 AppleWebKit/537.36 (KHTML, like Gecko; compatible; ClaudeBot/1.0; [email protected])"
216.73.216.247 - - [21/Jul/2025:03:42:00 +0000] "GET /shopdetail/1212623378.shtml HTTP/1.1" 404 24730 "-" "Mozilla/5.0 AppleWebKit/537.36 (KHTML, like Gecko; compatible; ClaudeBot/1.0; [email protected])"
216.73.216.247 - - [21/Jul/2025:03:42:03 +0000] "GET /shopdetail/1213042646.shtml HTTP/1.1" 404 24730 "-" "Mozilla/5.0 AppleWebKit/537.36 (KHTML, like Gecko; compatible; ClaudeBot/1.0; [email protected])"
216.73.216.247 - - [21/Jul/2025:03:42:06 +0000] "GET /shopdetail/1212334118.shtml HTTP/1.1" 404 24730 "-" "Mozilla/5.0 AppleWebKit/537.36 (KHTML, like Gecko; compatible; ClaudeBot/1.0; [email protected])"
216.73.216.247 - - [21/Jul/2025:03:42:09 +0000] "GET /shopdetail/1212776154.shtml HTTP/1.1" 404 24730 "-" "Mozilla/5.0 AppleWebKit/537.36 (KHTML, like Gecko; compatible; ClaudeBot/1.0; [email protected])"
209.74.77.214 - - [21/Jul/2025:03:43:03 +0000] "POST /wp-cron.php?doing_wp_cron=1753069383.0407259464263916015625 HTTP/1.1" 200 - "-" "WordPress/6.8.2; https://cartel.express"
216.73.216.247 - - [21/Jul/2025:03:43:00 +0000] "GET /shopdetail/1212363878.shtml HTTP/1.1" 404 24730 "-" "Mozilla/5.0 AppleWebKit/537.36 (KHTML, like Gecko; compatible; ClaudeBot/1.0; [email protected])"
216.73.216.247 - - [21/Jul/2025:03:43:06 +0000] "GET /shopdetail/1212989120.shtml HTTP/1.1" 404 24731 "-" "Mozilla/5.0 AppleWebKit/537.36 (KHTML, like Gecko; compatible; ClaudeBot/1.0; [email protected])"
216.73.216.247 - - [21/Jul/2025:03:43:09 +0000] "GET /shopdetail/1212688376.shtml HTTP/1.1" 404 24732 "-" "Mozilla/5.0 AppleWebKit/537.36 (KHTML, like Gecko; compatible; ClaudeBot/1.0; [email protected])"
216.73.216.247 - - [21/Jul/2025:03:43:12 +0000] "GET /shopdetail/1212601728.shtml HTTP/1.1" 404 24730 "-" "Mozilla/5.0 AppleWebKit/537.36 (KHTML, like Gecko; compatible; ClaudeBot/1.0; [email protected])"
209.74.77.214 - - [21/Jul/2025:03:43:15 +0000] "POST /wp-cron.php?doing_wp_cron=1753069395.6582429409027099609375 HTTP/1.1" 200 - "-" "WordPress/6.8.2; https://cartel.express"
216.73.216.247 - - [21/Jul/2025:03:43:15 +0000] "GET /shopdetail/1212768100.shtml HTTP/1.1" 404 24730 "-" "Mozilla/5.0 AppleWebKit/537.36 (KHTML, like Gecko; compatible; ClaudeBot/1.0; [email protected])"
66.249.73.228 - - [21/Jul/2025:03:43:48 +0000] "GET /safe_search/config?return_url=%2Fproduct%2Fdetail%2FC2709459167 HTTP/1.1" 200 21017 "-" "Mozilla/5.0 (Linux; Android 6.0.1; Nexus 5X Build/MMB29P) AppleWebKit/537.36 (KHTML, like Gecko) Chrome/137.0.7151.103 Mobile Safari/537.36 (compatible; Googlebot/2.1; +http://www.google.com/bot.html)"
209.74.77.214 - - [21/Jul/2025:03:44:06 +0000] "POST /wp-cron.php?doing_wp_cron=1753069446.8016068935394287109375 HTTP/1.1" 200 - "-" "WordPress/6.8.2; https://cartel.express"
216.73.216.247 - - [21/Jul/2025:03:44:03 +0000] "GET /shopdetail/1212412584.shtml HTTP/1.1" 404 24730 "-" "Mozilla/5.0 AppleWebKit/537.36 (KHTML, like Gecko; compatible; ClaudeBot/1.0; [email protected])"
216.73.216.247 - - [21/Jul/2025:03:44:09 +0000] "GET /shopdetail/1213045086.shtml HTTP/1.1" 404 24729 "-" "Mozilla/5.0 AppleWebKit/537.36 (KHTML, like Gecko; compatible; ClaudeBot/1.0; [email protected])"
216.73.216.247 - - [21/Jul/2025:03:44:12 +0000] "GET /shopdetail/1213042714.shtml HTTP/1.1" 404 24728 "-" "Mozilla/5.0 AppleWebKit/537.36 (KHTML, like Gecko; compatible; ClaudeBot/1.0; [email protected])"
209.74.77.214 - - [21/Jul/2025:03:44:15 +0000] "POST /wp-cron.php?doing_wp_cron=1753069455.7009189128875732421875 HTTP/1.1" 200 - "-" "WordPress/6.8.2; https://cartel.express"
216.73.216.247 - - [21/Jul/2025:03:44:15 +0000] "GET /shopdetail/1212930854.shtml HTTP/1.1" 404 24731 "-" "Mozilla/5.0 AppleWebKit/537.36 (KHTML, like Gecko; compatible; ClaudeBot/1.0; [email protected])"
216.73.216.247 - - [21/Jul/2025:03:44:18 +0000] "GET /shopdetail/1212808030.shtml HTTP/1.1" 404 24726 "-" "Mozilla/5.0 AppleWebKit/537.36 (KHTML, like Gecko; compatible; ClaudeBot/1.0; [email protected])"
209.74.77.214 - - [21/Jul/2025:03:45:09 +0000] "POST /wp-cron.php?doing_wp_cron=1753069509.9697949886322021484375 HTTP/1.1" 200 - "-" "WordPress/6.8.2; https://cartel.express"
216.73.216.247 - - [21/Jul/2025:03:45:07 +0000] "GET /shopdetail/1212568926.shtml HTTP/1.1" 404 24731 "-" "Mozilla/5.0 AppleWebKit/537.36 (KHTML, like Gecko; compatible; ClaudeBot/1.0; [email protected])"
209.74.77.214 - - [21/Jul/2025:03:45:13 +0000] "POST /wp-cron.php?doing_wp_cron=1753069513.0650460720062255859375 HTTP/1.1" 200 - "-" "WordPress/6.8.2; https://cartel.express"
216.73.216.247 - - [21/Jul/2025:03:45:12 +0000] "GET /shopdetail/1213090558.shtml HTTP/1.1" 404 24731 "-" "Mozilla/5.0 AppleWebKit/537.36 (KHTML, like Gecko; compatible; ClaudeBot/1.0; [email protected])"
216.73.216.247 - - [21/Jul/2025:03:45:15 +0000] "GET /shopdetail/1213049382.shtml HTTP/1.1" 404 24729 "-" "Mozilla/5.0 AppleWebKit/537.36 (KHTML, like Gecko; compatible; ClaudeBot/1.0; [email protected])"
209.74.77.214 - - [21/Jul/2025:03:45:18 +0000] "POST /wp-cron.php?doing_wp_cron=1753069518.9855780601501464843750 HTTP/1.1" 200 - "-" "WordPress/6.8.2; https://cartel.express"
216.73.216.247 - - [21/Jul/2025:03:45:18 +0000] "GET /shopdetail/1212325010.shtml HTTP/1.1" 404 24731 "-" "Mozilla/5.0 AppleWebKit/537.36 (KHTML, like Gecko; compatible; ClaudeBot/1.0; [email protected])"
216.73.216.247 - - [21/Jul/2025:03:45:21 +0000] "GET /shopdetail/1212743152.shtml HTTP/1.1" 404 24730 "-" "Mozilla/5.0 AppleWebKit/537.36 (KHTML, like Gecko; compatible; ClaudeBot/1.0; [email protected])"
66.249.73.132 - - [21/Jul/2025:03:46:04 +0000] "GET /shopdetail/1464844.shtml HTTP/1.1" 200 19791 "-" "Mozilla/5.0 (compatible; Googlebot/2.1; +http://www.google.com/bot.html)"
209.74.77.214 - - [21/Jul/2025:03:46:10 +0000] "POST /wp-cron.php?doing_wp_cron=1753069570.1819710731506347656250 HTTP/1.1" 200 - "-" "WordPress/6.8.2; https://cartel.express"
216.73.216.247 - - [21/Jul/2025:03:46:08 +0000] "GET /shopdetail/1212936784.shtml HTTP/1.1" 404 24730 "-" "Mozilla/5.0 AppleWebKit/537.36 (KHTML, like Gecko; compatible; ClaudeBot/1.0; [email protected])"
216.73.216.247 - - [21/Jul/2025:03:46:11 +0000] "GET /shopdetail/1212414956.shtml HTTP/1.1" 404 24730 "-" "Mozilla/5.0 AppleWebKit/537.36 (KHTML, like Gecko; compatible; ClaudeBot/1.0; [email protected])"
209.74.77.214 - - [21/Jul/2025:03:46:14 +0000] "POST /wp-cron.php?doing_wp_cron=1753069574.4291980266571044921875 HTTP/1.1" 200 - "-" "WordPress/6.8.2; https://cartel.express"
216.73.216.247 - - [21/Jul/2025:03:46:14 +0000] "GET /shopdetail/1212329498.shtml HTTP/1.1" 404 24729 "-" "Mozilla/5.0 AppleWebKit/537.36 (KHTML, like Gecko; compatible; ClaudeBot/1.0; [email protected])"
216.73.216.247 - - [21/Jul/2025:03:46:17 +0000] "GET /shopdetail/1212323816.shtml HTTP/1.1" 404 24730 "-" "Mozilla/5.0 AppleWebKit/537.36 (KHTML, like Gecko; compatible; ClaudeBot/1.0; [email protected])"
216.73.216.247 - - [21/Jul/2025:03:46:20 +0000] "GET /shopdetail/1212780774.shtml HTTP/1.1" 404 24731 "-" "Mozilla/5.0 AppleWebKit/537.36 (KHTML, like Gecko; compatible; ClaudeBot/1.0; [email protected])"
209.74.77.214 - - [21/Jul/2025:03:47:17 +0000] "POST /wp-cron.php?doing_wp_cron=1753069637.2269721031188964843750 HTTP/1.1" 200 - "-" "WordPress/6.8.2; https://cartel.express"
216.73.216.247 - - [21/Jul/2025:03:47:14 +0000] "GET /shopdetail/1212959360.shtml HTTP/1.1" 404 24731 "-" "Mozilla/5.0 AppleWebKit/537.36 (KHTML, like Gecko; compatible; ClaudeBot/1.0; [email protected])"
216.73.216.247 - - [21/Jul/2025:03:47:17 +0000] "GET /shopdetail/1212879636.shtml HTTP/1.1" 404 24731 "-" "Mozilla/5.0 AppleWebKit/537.36 (KHTML, like Gecko; compatible; ClaudeBot/1.0; [email protected])"
216.73.216.247 - - [21/Jul/2025:03:47:20 +0000] "GET /shopdetail/1212639414.shtml HTTP/1.1" 404 24730 "-" "Mozilla/5.0 AppleWebKit/537.36 (KHTML, like Gecko; compatible; ClaudeBot/1.0; [email protected])"
216.73.216.247 - - [21/Jul/2025:03:47:23 +0000] "GET /shopdetail/1212535924.shtml HTTP/1.1" 404 24732 "-" "Mozilla/5.0 AppleWebKit/537.36 (KHTML, like Gecko; compatible; ClaudeBot/1.0; [email protected])"
216.73.216.247 - - [21/Jul/2025:03:47:26 +0000] "GET /shopdetail/1212876402.shtml HTTP/1.1" 404 24729 "-" "Mozilla/5.0 AppleWebKit/537.36 (KHTML, like Gecko; compatible; ClaudeBot/1.0; [email protected])"
207.180.204.84 - - [21/Jul/2025:03:47:39 +0000] "GET /.env HTTP/1.1" 404 24731 "-" "NokiaN73-1/3.0649.0.0.1 Series60/3.0 Profile/MIDP2.0 Configuration/CLDC-1.1"
209.74.77.214 - - [21/Jul/2025:03:48:40 +0000] "POST /wp-cron.php?doing_wp_cron=1753069720.9499509334564208984375 HTTP/1.1" 200 - "-" "WordPress/6.8.2; https://cartel.express"
216.73.216.247 - - [21/Jul/2025:03:48:37 +0000] "GET /shopdetail/1212777144.shtml HTTP/1.1" 404 24729 "-" "Mozilla/5.0 AppleWebKit/537.36 (KHTML, like Gecko; compatible; ClaudeBot/1.0; [email protected])"
216.73.216.247 - - [21/Jul/2025:03:48:43 +0000] "GET /shopdetail/1213080260.shtml HTTP/1.1" 404 24730 "-" "Mozilla/5.0 AppleWebKit/537.36 (KHTML, like Gecko; compatible; ClaudeBot/1.0; [email protected])"
216.73.216.247 - - [21/Jul/2025:03:48:46 +0000] "GET /shopdetail/1212613144.shtml HTTP/1.1" 404 24730 "-" "Mozilla/5.0 AppleWebKit/537.36 (KHTML, like Gecko; compatible; ClaudeBot/1.0; [email protected])"
66.249.73.132 - - [21/Jul/2025:03:48:47 +0000] "GET /shopdetail/1164360.shtml HTTP/1.1" 200 18737 "-" "Mozilla/5.0 (Linux; Android 6.0.1; Nexus 5X Build/MMB29P) AppleWebKit/537.36 (KHTML, like Gecko) Chrome/137.0.7151.103 Mobile Safari/537.36 (compatible; Googlebot/2.1; +http://www.google.com/bot.html)"
209.74.77.214 - - [21/Jul/2025:03:48:49 +0000] "POST /wp-cron.php?doing_wp_cron=1753069729.8136339187622070312500 HTTP/1.1" 200 - "-" "WordPress/6.8.2; https://cartel.express"
216.73.216.247 - - [21/Jul/2025:03:48:49 +0000] "GET /shopdetail/1212867294.shtml HTTP/1.1" 404 24727 "-" "Mozilla/5.0 AppleWebKit/537.36 (KHTML, like Gecko; compatible; ClaudeBot/1.0; [email protected])"
216.73.216.247 - - [21/Jul/2025:03:48:52 +0000] "GET /shopdetail/1212748898.shtml HTTP/1.1" 404 24729 "-" "Mozilla/5.0 AppleWebKit/537.36 (KHTML, like Gecko; compatible; ClaudeBot/1.0; [email protected])"
209.74.77.214 - - [21/Jul/2025:03:49:48 +0000] "POST /wp-cron.php?doing_wp_cron=1753069788.9246280193328857421875 HTTP/1.1" 200 - "-" "WordPress/6.8.2; https://cartel.express"
216.73.216.247 - - [21/Jul/2025:03:49:46 +0000] "GET /shopdetail/1212435676.shtml HTTP/1.1" 404 24729 "-" "Mozilla/5.0 AppleWebKit/537.36 (KHTML, like Gecko; compatible; ClaudeBot/1.0; [email protected])"
216.73.216.247 - - [21/Jul/2025:03:49:49 +0000] "GET /shopdetail/1212795488.shtml HTTP/1.1" 404 24729 "-" "Mozilla/5.0 AppleWebKit/537.36 (KHTML, like Gecko; compatible; ClaudeBot/1.0; [email protected])"
216.73.216.247 - - [21/Jul/2025:03:49:52 +0000] "GET /shopdetail/1212499236.shtml HTTP/1.1" 404 24728 "-" "Mozilla/5.0 AppleWebKit/537.36 (KHTML, like Gecko; compatible; ClaudeBot/1.0; [email protected])"
216.73.216.247 - - [21/Jul/2025:03:49:55 +0000] "GET /shopdetail/1212403476.shtml HTTP/1.1" 404 24729 "-" "Mozilla/5.0 AppleWebKit/537.36 (KHTML, like Gecko; compatible; ClaudeBot/1.0; [email protected])"
216.73.216.247 - - [21/Jul/2025:03:49:58 +0000] "GET /shopdetail/1212328372.shtml HTTP/1.1" 404 24729 "-" "Mozilla/5.0 AppleWebKit/537.36 (KHTML, like Gecko; compatible; ClaudeBot/1.0; [email protected])"
66.249.73.132 - - [21/Jul/2025:03:50:29 +0000] "GET /shopdetail/1693308246.shtml HTTP/1.1" 200 18312 "-" "Mozilla/5.0 (Linux; Android 6.0.1; Nexus 5X Build/MMB29P) AppleWebKit/537.36 (KHTML, like Gecko) Chrome/137.0.7151.103 Mobile Safari/537.36 (compatible; Googlebot/2.1; +http://www.google.com/bot.html)"
66.249.73.131 - - [21/Jul/2025:03:51:41 +0000] "GET /shopdetail/1693590774.shtml HTTP/1.1" 200 20887 "-" "Mozilla/5.0 (compatible; Googlebot/2.1; +http://www.google.com/bot.html)"
209.74.77.214 - - [21/Jul/2025:03:51:50 +0000] "POST /wp-cron.php?doing_wp_cron=1753069910.7809309959411621093750 HTTP/1.1" 200 - "-" "WordPress/6.8.2; https://cartel.express"
216.73.216.247 - - [21/Jul/2025:03:51:48 +0000] "GET /shopdetail/1213079142.shtml HTTP/1.1" 404 24730 "-" "Mozilla/5.0 AppleWebKit/537.36 (KHTML, like Gecko; compatible; ClaudeBot/1.0; [email protected])"
57.141.2.30 - - [21/Jul/2025:03:51:51 +0000] "GET /shopdetail/908472100.shtml HTTP/1.1" 404 146916 "-" "meta-externalagent/1.1 (+https://developers.facebook.com/docs/sharing/webmasters/crawler)"
45.227.253.15 - - [21/Jul/2025:03:52:03 +0000] "GET /wp-admin/css/colors/ectoplasm/ectoplasm/ectoplasm/ectoplasm/index.php?of=1 HTTP/1.1" 200 973 "-" "Mozilla/5.0 (iPhone; CPU iPhone OS 11_3 like Mac OS X) AppleWebKit/605.1.15 (KHTML, like Gecko) Version/11.0.4 Mobile/15E148 Safari/604.1"
45.227.253.15 - - [21/Jul/2025:03:52:23 +0000] "GET /wp-content/plugins/woo-smart-quick-view/includes/dashboard/css/css/index.php?of=1 HTTP/1.1" 200 2473 "-" "Mozilla/5.0 (Windows NT 6.2; WOW64) AppleWebKit/535.24 (KHTML, like Gecko) Chrome/80.0.1055.1 Safari/535.24"
66.249.73.131 - - [21/Jul/2025:03:56:18 +0000] "GET /shopdetail/2341110228.shtml HTTP/1.1" 200 22380 "-" "Mozilla/5.0 (Linux; Android 6.0.1; Nexus 5X Build/MMB29P) AppleWebKit/537.36 (KHTML, like Gecko) Chrome/137.0.7151.103 Mobile Safari/537.36 (compatible; Googlebot/2.1; +http://www.google.com/bot.html)"
66.249.73.132 - - [21/Jul/2025:03:56:22 +0000] "GET /shopdetail/2341756134.shtml HTTP/1.1" 200 21719 "-" "Mozilla/5.0 (Linux; Android 6.0.1; Nexus 5X Build/MMB29P) AppleWebKit/537.36 (KHTML, like Gecko) Chrome/137.0.7151.103 Mobile Safari/537.36 (compatible; Googlebot/2.1; +http://www.google.com/bot.html)"
209.74.77.214 - - [21/Jul/2025:03:57:20 +0000] "POST /wp-cron.php?doing_wp_cron=1753070240.8057401180267333984375 HTTP/1.1" 200 - "-" "WordPress/6.8.2; https://cartel.express"
51.222.253.12 - - [21/Jul/2025:03:57:17 +0000] "GET /car-wash/ HTTP/1.1" 200 40333 "-" "Mozilla/5.0 (compatible; AhrefsBot/7.0; +http://ahrefs.com/robot/)"
66.249.73.132 - - [21/Jul/2025:03:57:37 +0000] "GET /shopdetail/1638080.shtml HTTP/1.1" 200 19542 "-" "Mozilla/5.0 (compatible; Googlebot/2.1; +http://www.google.com/bot.html)"
51.222.253.9 - - [21/Jul/2025:03:58:02 +0000] "GET /wp-content/plugins/elementor/assets/lib/animations/styles/fadeIn.min.css?ver=3.30.2 HTTP/1.1" 200 79 "-" "Mozilla/5.0 (compatible; AhrefsBot/7.0; +http://ahrefs.com/robot/)"
51.222.253.9 - - [21/Jul/2025:03:58:03 +0000] "GET /wp-content/uploads/2023/08/logo-big-color.svg HTTP/1.1" 200 1360 "-" "Mozilla/5.0 (compatible; AhrefsBot/7.0; +http://ahrefs.com/robot/)"
51.222.253.3 - - [21/Jul/2025:03:58:04 +0000] "GET /wp-content/uploads/2023/08/image19-copyright.jpg HTTP/1.1" 200 97926 "-" "Mozilla/5.0 (compatible; AhrefsBot/7.0; +http://ahrefs.com/robot/)"
51.222.253.20 - - [21/Jul/2025:03:58:06 +0000] "GET /wp-content/plugins/trx_addons/components/shortcodes/price/price.responsive.css HTTP/1.1" 200 220 "-" "Mozilla/5.0 (compatible; AhrefsBot/7.0; +http://ahrefs.com/robot/)"
51.222.253.15 - - [21/Jul/2025:03:58:07 +0000] "GET /wp-content/uploads/2020/04/ttmn3-copyright-120x120.jpg HTTP/1.1" 200 2154 "-" "Mozilla/5.0 (compatible; AhrefsBot/7.0; +http://ahrefs.com/robot/)"
51.222.253.8 - - [21/Jul/2025:03:58:08 +0000] "GET /wp-content/uploads/2023/08/logo.png HTTP/1.1" 200 2543 "-" "Mozilla/5.0 (compatible; AhrefsBot/7.0; +http://ahrefs.com/robot/)"
51.222.253.16 - - [21/Jul/2025:03:58:09 +0000] "GET /wp-content/plugins/trx_addons/components/shortcodes/price/price.css HTTP/1.1" 200 1270 "-" "Mozilla/5.0 (compatible; AhrefsBot/7.0; +http://ahrefs.com/robot/)"
51.222.253.6 - - [21/Jul/2025:03:58:10 +0000] "GET /wp-content/uploads/2020/04/ttmn2-copyright-120x120.jpg HTTP/1.1" 200 2092 "-" "Mozilla/5.0 (compatible; AhrefsBot/7.0; +http://ahrefs.com/robot/)"
51.222.253.13 - - [21/Jul/2025:03:58:17 +0000] "GET /wp-content/uploads/2023/08/logo-blue.png HTTP/1.1" 200 2502 "-" "Mozilla/5.0 (compatible; AhrefsBot/7.0; +http://ahrefs.com/robot/)"
51.222.253.4 - - [21/Jul/2025:03:58:18 +0000] "GET /wp-content/uploads/2020/04/ttmn1-copyright-120x120.jpg HTTP/1.1" 200 2136 "-" "Mozilla/5.0 (compatible; AhrefsBot/7.0; +http://ahrefs.com/robot/)"
51.222.253.2 - - [21/Jul/2025:03:58:19 +0000] "GET /wp-content/uploads/2023/08/image08-copyright.jpg HTTP/1.1" 200 54879 "-" "Mozilla/5.0 (compatible; AhrefsBot/7.0; +http://ahrefs.com/robot/)"
51.222.253.12 - - [21/Jul/2025:03:58:21 +0000] "GET /wp-content/uploads/2023/08/img-pattern03.jpg HTTP/1.1" 200 98460 "-" "Mozilla/5.0 (compatible; AhrefsBot/7.0; +http://ahrefs.com/robot/)"
209.74.77.214 - - [21/Jul/2025:03:58:32 +0000] "POST /wp-cron.php?doing_wp_cron=1753070312.9225060939788818359375 HTTP/1.1" 200 - "-" "WordPress/6.8.2; https://cartel.express"
209.74.77.214 - - [21/Jul/2025:03:58:28 +0000] "GET / HTTP/1.1" 200 269776 "-" "Mozilla/5.0 (Windows NT 10.0; Win64; x64; rv:122.0) Gecko/20100101 Firefox/122.0"
209.74.77.214 - - [21/Jul/2025:03:58:41 +0000] "GET / HTTP/1.1" 200 269771 "-" "Softaculous"
Page not found – Hello World !