185.21.14.193 - - [20/Jul/2025:23:50:52 +0000] "GET /comments/feed/ HTTP/1.1" 200 1595 "-" "Mozilla/5.0 (Macintosh; Intel Mac OS X 10_15_7) AppleWebKit/537.36 (KHTML, like Gecko) Chrome/133.0.0.0 Safari/537.36"
185.21.14.193 - - [20/Jul/2025:23:50:54 +0000] "GET /what-can-go-wrong-while-diagnosing-a-car-problem/ HTTP/1.1" 200 29469 "-" "Mozilla/5.0 (Macintosh; Intel Mac OS X 10_15_7) AppleWebKit/537.36 (KHTML, like Gecko) Chrome/133.0.0.0 Safari/537.36"
216.73.216.247 - - [20/Jul/2025:23:50:54 +0000] "GET /shopdetail/1212561998.shtml HTTP/1.1" 404 24730 "-" "Mozilla/5.0 AppleWebKit/537.36 (KHTML, like Gecko; compatible; ClaudeBot/1.0; [email protected])"
197.157.195.102 - - [20/Jul/2025:23:50:58 +0000] "POST /wp-comments-post.php HTTP/1.1" 200 1106 "-" "Mozilla/5.0 (Macintosh; Intel Mac OS X 10_15_7) AppleWebKit/537.36 (KHTML, like Gecko) Chrome/133.0.0.0 Safari/537.36"
216.73.216.247 - - [20/Jul/2025:23:50:57 +0000] "GET /shopdetail/1212694122.shtml HTTP/1.1" 404 24730 "-" "Mozilla/5.0 AppleWebKit/537.36 (KHTML, like Gecko; compatible; ClaudeBot/1.0; [email protected])"
197.157.195.102 - - [20/Jul/2025:23:51:01 +0000] "POST /wp-comments-post.php HTTP/1.1" 200 - "-" "Mozilla/5.0 (Windows NT 10.0; Win64; x64) AppleWebKit/537.36 (KHTML, like Gecko) Chrome/120.0.0.0 Safari/537.36"
57.141.2.27 - - [20/Jul/2025:23:51:05 +0000] "GET /shopdetail/2388166790.shtml HTTP/1.1" 404 146913 "-" "meta-externalagent/1.1 (+https://developers.facebook.com/docs/sharing/webmasters/crawler)"
185.21.14.193 - - [20/Jul/2025:23:51:06 +0000] "GET /contact/ HTTP/1.1" 200 27393 "-" "Mozilla/5.0 (Macintosh; Intel Mac OS X 10_15_7) AppleWebKit/537.36 (KHTML, like Gecko) Chrome/133.0.0.0 Safari/537.36"
197.157.195.102 - - [20/Jul/2025:23:51:11 +0000] "POST /contact/ HTTP/1.1" 200 27511 "-" "Mozilla/5.0 (Macintosh; Intel Mac OS X 10_15_7) AppleWebKit/537.36 (KHTML, like Gecko) Chrome/133.0.0.0 Safari/537.36"
209.74.77.214 - - [20/Jul/2025:23:51:14 +0000] "POST /wp-cron.php?doing_wp_cron=1753055474.0793800354003906250000 HTTP/1.1" 200 - "-" "WordPress/6.8.2; https://cartel.express"
216.73.216.247 - - [20/Jul/2025:23:51:13 +0000] "GET /shopdetail/1213073464.shtml HTTP/1.1" 404 24730 "-" "Mozilla/5.0 AppleWebKit/537.36 (KHTML, like Gecko; compatible; ClaudeBot/1.0; [email protected])"
197.157.195.102 - - [20/Jul/2025:23:51:17 +0000] "POST /contact/ HTTP/1.1" 200 27348 "-" "Mozilla/5.0 (Windows NT 10.0; Win64; x64) AppleWebKit/537.36 (KHTML, like Gecko) Chrome/120.0.0.0 Safari/537.36"
216.73.216.247 - - [20/Jul/2025:23:51:18 +0000] "GET /shopdetail/1212889870.shtml HTTP/1.1" 404 24730 "-" "Mozilla/5.0 AppleWebKit/537.36 (KHTML, like Gecko; compatible; ClaudeBot/1.0; [email protected])"
216.73.216.247 - - [20/Jul/2025:23:51:19 +0000] "GET /shopdetail/1212587936.shtml HTTP/1.1" 404 24731 "-" "Mozilla/5.0 AppleWebKit/537.36 (KHTML, like Gecko; compatible; ClaudeBot/1.0; [email protected])"
216.73.216.247 - - [20/Jul/2025:23:51:22 +0000] "GET /shopdetail/1212935666.shtml HTTP/1.1" 404 24731 "-" "Mozilla/5.0 AppleWebKit/537.36 (KHTML, like Gecko; compatible; ClaudeBot/1.0; [email protected])"
216.73.216.247 - - [20/Jul/2025:23:51:26 +0000] "GET /shopdetail/1212374970.shtml HTTP/1.1" 404 24731 "-" "Mozilla/5.0 AppleWebKit/537.36 (KHTML, like Gecko; compatible; ClaudeBot/1.0; [email protected])"
185.21.14.193 - - [20/Jul/2025:23:51:26 +0000] "GET /newsletter-popup/ HTTP/1.1" 200 27689 "-" "Mozilla/5.0 (Macintosh; Intel Mac OS X 10_15_7) AppleWebKit/537.36 (KHTML, like Gecko) Chrome/133.0.0.0 Safari/537.36"
216.73.216.247 - - [20/Jul/2025:23:51:28 +0000] "GET /shopdetail/1212607470.shtml HTTP/1.1" 404 24730 "-" "Mozilla/5.0 AppleWebKit/537.36 (KHTML, like Gecko; compatible; ClaudeBot/1.0; [email protected])"
216.73.216.247 - - [20/Jul/2025:23:51:31 +0000] "GET /shopdetail/1212931178.shtml HTTP/1.1" 404 24725 "-" "Mozilla/5.0 AppleWebKit/537.36 (KHTML, like Gecko; compatible; ClaudeBot/1.0; [email protected])"
216.73.216.247 - - [20/Jul/2025:23:51:34 +0000] "GET /shopdetail/1212931972.shtml HTTP/1.1" 404 24729 "-" "Mozilla/5.0 AppleWebKit/537.36 (KHTML, like Gecko; compatible; ClaudeBot/1.0; [email protected])"
197.157.195.102 - - [20/Jul/2025:23:51:37 +0000] "POST /newsletter-popup/ HTTP/1.1" 200 27860 "-" "Mozilla/5.0 (Macintosh; Intel Mac OS X 10_15_7) AppleWebKit/537.36 (KHTML, like Gecko) Chrome/133.0.0.0 Safari/537.36"
216.73.216.247 - - [20/Jul/2025:23:51:37 +0000] "GET /shopdetail/1212543718.shtml HTTP/1.1" 404 24729 "-" "Mozilla/5.0 AppleWebKit/537.36 (KHTML, like Gecko; compatible; ClaudeBot/1.0; [email protected])"
216.73.216.247 - - [20/Jul/2025:23:51:40 +0000] "GET /shopdetail/1212888744.shtml HTTP/1.1" 404 24729 "-" "Mozilla/5.0 AppleWebKit/537.36 (KHTML, like Gecko; compatible; ClaudeBot/1.0; [email protected])"
197.157.195.102 - - [20/Jul/2025:23:51:41 +0000] "POST /newsletter-popup/ HTTP/1.1" 200 27636 "-" "Mozilla/5.0 (Windows NT 10.0; Win64; x64) AppleWebKit/537.36 (KHTML, like Gecko) Chrome/120.0.0.0 Safari/537.36"
216.73.216.247 - - [20/Jul/2025:23:51:43 +0000] "GET /shopdetail/1212564114.shtml HTTP/1.1" 404 24729 "-" "Mozilla/5.0 AppleWebKit/537.36 (KHTML, like Gecko; compatible; ClaudeBot/1.0; [email protected])"
197.157.195.102 - - [20/Jul/2025:23:51:46 +0000] "POST /newsletter-popup/ HTTP/1.1" 200 27856 "-" "Mozilla/5.0 (Macintosh; Intel Mac OS X 10_15_7) AppleWebKit/537.36 (KHTML, like Gecko) Chrome/133.0.0.0 Safari/537.36"
209.74.77.214 - - [20/Jul/2025:23:51:47 +0000] "POST /wp-cron.php?doing_wp_cron=1753055507.0124740600585937500000 HTTP/1.1" 200 - "-" "WordPress/6.8.2; https://cartel.express"
216.73.216.247 - - [20/Jul/2025:23:51:46 +0000] "GET /shopdetail/1212770216.shtml HTTP/1.1" 404 24729 "-" "Mozilla/5.0 AppleWebKit/537.36 (KHTML, like Gecko; compatible; ClaudeBot/1.0; [email protected])"
216.73.216.247 - - [20/Jul/2025:23:51:49 +0000] "GET /shopdetail/1212556252.shtml HTTP/1.1" 404 24730 "-" "Mozilla/5.0 AppleWebKit/537.36 (KHTML, like Gecko; compatible; ClaudeBot/1.0; [email protected])"
197.157.195.102 - - [20/Jul/2025:23:51:51 +0000] "POST /newsletter-popup/ HTTP/1.1" 200 27635 "-" "Mozilla/5.0 (Windows NT 10.0; Win64; x64) AppleWebKit/537.36 (KHTML, like Gecko) Chrome/120.0.0.0 Safari/537.36"
216.73.216.247 - - [20/Jul/2025:23:51:52 +0000] "GET /shopdetail/1212404798.shtml HTTP/1.1" 404 24728 "-" "Mozilla/5.0 AppleWebKit/537.36 (KHTML, like Gecko; compatible; ClaudeBot/1.0; [email protected])"
216.73.216.247 - - [20/Jul/2025:23:51:55 +0000] "GET /shopdetail/1212961800.shtml HTTP/1.1" 404 24730 "-" "Mozilla/5.0 AppleWebKit/537.36 (KHTML, like Gecko; compatible; ClaudeBot/1.0; [email protected])"
185.21.14.193 - - [20/Jul/2025:23:51:55 +0000] "GET /blog-standard/ HTTP/1.1" 200 29936 "-" "Mozilla/5.0 (Macintosh; Intel Mac OS X 10_15_7) AppleWebKit/537.36 (KHTML, like Gecko) Chrome/133.0.0.0 Safari/537.36"
216.73.216.247 - - [20/Jul/2025:23:51:58 +0000] "GET /shopdetail/1212387636.shtml HTTP/1.1" 404 24729 "-" "Mozilla/5.0 AppleWebKit/537.36 (KHTML, like Gecko; compatible; ClaudeBot/1.0; [email protected])"
185.21.14.193 - - [20/Jul/2025:23:51:58 +0000] "GET /must-do-regular-checkups-for-a-better-car-operation/ HTTP/1.1" 200 28739 "-" "Mozilla/5.0 (Macintosh; Intel Mac OS X 10_15_7) AppleWebKit/537.36 (KHTML, like Gecko) Chrome/133.0.0.0 Safari/537.36"
216.73.216.247 - - [20/Jul/2025:23:52:01 +0000] "GET /shopdetail/1212681516.shtml HTTP/1.1" 404 24730 "-" "Mozilla/5.0 AppleWebKit/537.36 (KHTML, like Gecko; compatible; ClaudeBot/1.0; [email protected])"
197.157.195.102 - - [20/Jul/2025:23:52:04 +0000] "POST /wp-comments-post.php HTTP/1.1" 200 1106 "-" "Mozilla/5.0 (Macintosh; Intel Mac OS X 10_15_7) AppleWebKit/537.36 (KHTML, like Gecko) Chrome/133.0.0.0 Safari/537.36"
216.73.216.247 - - [20/Jul/2025:23:52:04 +0000] "GET /shopdetail/1212368366.shtml HTTP/1.1" 404 24729 "-" "Mozilla/5.0 AppleWebKit/537.36 (KHTML, like Gecko; compatible; ClaudeBot/1.0; [email protected])"
216.73.216.247 - - [20/Jul/2025:23:52:10 +0000] "GET /shopdetail/1212683888.shtml HTTP/1.1" 404 24728 "-" "Mozilla/5.0 AppleWebKit/537.36 (KHTML, like Gecko; compatible; ClaudeBot/1.0; [email protected])"
209.74.77.214 - - [20/Jul/2025:23:52:14 +0000] "POST /wp-cron.php?doing_wp_cron=1753055534.0182979106903076171875 HTTP/1.1" 200 - "-" "WordPress/6.8.2; https://cartel.express"
216.73.216.247 - - [20/Jul/2025:23:52:13 +0000] "GET /shopdetail/1213000536.shtml HTTP/1.1" 404 24729 "-" "Mozilla/5.0 AppleWebKit/537.36 (KHTML, like Gecko; compatible; ClaudeBot/1.0; [email protected])"
185.21.14.193 - - [20/Jul/2025:23:52:15 +0000] "GET /top-10-ideas-how-to-paint-your-sports-and-racing-car/ HTTP/1.1" 200 29424 "-" "Mozilla/5.0 (Macintosh; Intel Mac OS X 10_15_7) AppleWebKit/537.36 (KHTML, like Gecko) Chrome/133.0.0.0 Safari/537.36"
216.73.216.247 - - [20/Jul/2025:23:52:16 +0000] "GET /shopdetail/1212582522.shtml HTTP/1.1" 404 24729 "-" "Mozilla/5.0 AppleWebKit/537.36 (KHTML, like Gecko; compatible; ClaudeBot/1.0; [email protected])"
185.21.14.193 - - [20/Jul/2025:23:52:20 +0000] "GET /blog-standard/page/2/ HTTP/1.1" 200 29218 "-" "Mozilla/5.0 (Macintosh; Intel Mac OS X 10_15_7) AppleWebKit/537.36 (KHTML, like Gecko) Chrome/133.0.0.0 Safari/537.36"
216.73.216.247 - - [20/Jul/2025:23:52:21 +0000] "GET /shopdetail/1212861356.shtml HTTP/1.1" 404 24730 "-" "Mozilla/5.0 AppleWebKit/537.36 (KHTML, like Gecko; compatible; ClaudeBot/1.0; [email protected])"
185.21.14.193 - - [20/Jul/2025:23:52:23 +0000] "GET /blog-standard/page/3/ HTTP/1.1" 200 27656 "-" "Mozilla/5.0 (Macintosh; Intel Mac OS X 10_15_7) AppleWebKit/537.36 (KHTML, like Gecko) Chrome/133.0.0.0 Safari/537.36"
216.73.216.247 - - [20/Jul/2025:23:52:24 +0000] "GET /shopdetail/1212725998.shtml HTTP/1.1" 404 24727 "-" "Mozilla/5.0 AppleWebKit/537.36 (KHTML, like Gecko; compatible; ClaudeBot/1.0; [email protected])"
216.73.216.247 - - [20/Jul/2025:23:52:27 +0000] "GET /shopdetail/1212891184.shtml HTTP/1.1" 404 24728 "-" "Mozilla/5.0 AppleWebKit/537.36 (KHTML, like Gecko; compatible; ClaudeBot/1.0; [email protected])"
185.21.14.193 - - [20/Jul/2025:23:52:27 +0000] "GET /tag/news/ HTTP/1.1" 200 26741 "-" "Mozilla/5.0 (Macintosh; Intel Mac OS X 10_15_7) AppleWebKit/537.36 (KHTML, like Gecko) Chrome/133.0.0.0 Safari/537.36"
216.73.216.247 - - [20/Jul/2025:23:52:30 +0000] "GET /shopdetail/1212608656.shtml HTTP/1.1" 404 24728 "-" "Mozilla/5.0 AppleWebKit/537.36 (KHTML, like Gecko; compatible; ClaudeBot/1.0; [email protected])"
185.21.14.193 - - [20/Jul/2025:23:52:31 +0000] "GET /blog-list/ HTTP/1.1" 200 27486 "-" "Mozilla/5.0 (Macintosh; Intel Mac OS X 10_15_7) AppleWebKit/537.36 (KHTML, like Gecko) Chrome/133.0.0.0 Safari/537.36"
216.73.216.247 - - [20/Jul/2025:23:52:33 +0000] "GET /shopdetail/1212385196.shtml HTTP/1.1" 404 24730 "-" "Mozilla/5.0 AppleWebKit/537.36 (KHTML, like Gecko; compatible; ClaudeBot/1.0; [email protected])"
185.21.14.193 - - [20/Jul/2025:23:52:33 +0000] "GET /blog-list/page/2/ HTTP/1.1" 200 27350 "-" "Mozilla/5.0 (Macintosh; Intel Mac OS X 10_15_7) AppleWebKit/537.36 (KHTML, like Gecko) Chrome/133.0.0.0 Safari/537.36"
185.21.14.193 - - [20/Jul/2025:23:52:37 +0000] "GET /blog-grid/ HTTP/1.1" 200 26089 "-" "Mozilla/5.0 (Macintosh; Intel Mac OS X 10_15_7) AppleWebKit/537.36 (KHTML, like Gecko) Chrome/133.0.0.0 Safari/537.36"
216.73.216.247 - - [20/Jul/2025:23:52:40 +0000] "GET /shopdetail/1212799054.shtml HTTP/1.1" 404 24727 "-" "Mozilla/5.0 AppleWebKit/537.36 (KHTML, like Gecko; compatible; ClaudeBot/1.0; [email protected])"
185.21.14.193 - - [20/Jul/2025:23:52:42 +0000] "GET /giving-a-new-life-to-old-headlights-polish-sealing/ HTTP/1.1" 200 28897 "-" "Mozilla/5.0 (Macintosh; Intel Mac OS X 10_15_7) AppleWebKit/537.36 (KHTML, like Gecko) Chrome/133.0.0.0 Safari/537.36"
216.73.216.247 - - [20/Jul/2025:23:52:42 +0000] "GET /shopdetail/1212602982.shtml HTTP/1.1" 404 24731 "-" "Mozilla/5.0 AppleWebKit/537.36 (KHTML, like Gecko; compatible; ClaudeBot/1.0; [email protected])"
185.21.14.193 - - [20/Jul/2025:23:52:45 +0000] "GET /must-do-regular-checkups-for-a-better-car-operation/ HTTP/1.1" 200 28702 "-" "Mozilla/5.0 (Macintosh; Intel Mac OS X 10_15_7) AppleWebKit/537.36 (KHTML, like Gecko) Chrome/133.0.0.0 Safari/537.36"
216.73.216.247 - - [20/Jul/2025:23:52:45 +0000] "GET /shopdetail/1212592748.shtml HTTP/1.1" 404 24728 "-" "Mozilla/5.0 AppleWebKit/537.36 (KHTML, like Gecko; compatible; ClaudeBot/1.0; [email protected])"
209.74.77.214 - - [20/Jul/2025:23:52:50 +0000] "POST /wp-cron.php?doing_wp_cron=1753055570.2236399650573730468750 HTTP/1.1" 200 - "-" "WordPress/6.8.2; https://cartel.express"
216.73.216.247 - - [20/Jul/2025:23:52:49 +0000] "GET /shopdetail/1213061916.shtml HTTP/1.1" 404 24727 "-" "Mozilla/5.0 AppleWebKit/537.36 (KHTML, like Gecko; compatible; ClaudeBot/1.0; [email protected])"
216.73.216.247 - - [20/Jul/2025:23:52:51 +0000] "GET /shopdetail/1212721510.shtml HTTP/1.1" 404 24726 "-" "Mozilla/5.0 AppleWebKit/537.36 (KHTML, like Gecko; compatible; ClaudeBot/1.0; [email protected])"
185.21.14.193 - - [20/Jul/2025:23:52:52 +0000] "GET /must-do-regular-checkups-for-a-better-car-operation/feed/ HTTP/1.1" 200 480 "-" "Mozilla/5.0 (Macintosh; Intel Mac OS X 10_15_7) AppleWebKit/537.36 (KHTML, like Gecko) Chrome/133.0.0.0 Safari/537.36"
185.21.14.193 - - [20/Jul/2025:23:52:54 +0000] "GET /must-do-regular-checkups-for-a-better-car-operation/ HTTP/1.1" 200 28951 "-" "Mozilla/5.0 (Macintosh; Intel Mac OS X 10_15_7) AppleWebKit/537.36 (KHTML, like Gecko) Chrome/133.0.0.0 Safari/537.36"
216.73.216.247 - - [20/Jul/2025:23:52:54 +0000] "GET /shopdetail/1212705474.shtml HTTP/1.1" 404 24728 "-" "Mozilla/5.0 AppleWebKit/537.36 (KHTML, like Gecko; compatible; ClaudeBot/1.0; [email protected])"
185.21.14.193 - - [20/Jul/2025:23:52:57 +0000] "GET /checkout/ HTTP/1.1" 302 - "-" "Mozilla/5.0 (Macintosh; Intel Mac OS X 10_15_7) AppleWebKit/537.36 (KHTML, like Gecko) Chrome/133.0.0.0 Safari/537.36"
216.73.216.247 - - [20/Jul/2025:23:52:57 +0000] "GET /shopdetail/1212438982.shtml HTTP/1.1" 404 24730 "-" "Mozilla/5.0 AppleWebKit/537.36 (KHTML, like Gecko; compatible; ClaudeBot/1.0; [email protected])"
216.73.216.247 - - [20/Jul/2025:23:53:00 +0000] "GET /shopdetail/1213047266.shtml HTTP/1.1" 404 24730 "-" "Mozilla/5.0 AppleWebKit/537.36 (KHTML, like Gecko; compatible; ClaudeBot/1.0; [email protected])"
185.21.14.193 - - [20/Jul/2025:23:52:58 +0000] "GET /cart/ HTTP/1.1" 200 56015 "https://cartel.express/checkout/" "Mozilla/5.0 (Macintosh; Intel Mac OS X 10_15_7) AppleWebKit/537.36 (KHTML, like Gecko) Chrome/133.0.0.0 Safari/537.36"
216.73.216.247 - - [20/Jul/2025:23:53:03 +0000] "GET /shopdetail/1212934412.shtml HTTP/1.1" 404 24730 "-" "Mozilla/5.0 AppleWebKit/537.36 (KHTML, like Gecko; compatible; ClaudeBot/1.0; [email protected])"
185.21.14.193 - - [20/Jul/2025:23:53:06 +0000] "GET /car-body-polish-makes-it-look-like-new/ HTTP/1.1" 200 28712 "-" "Mozilla/5.0 (Macintosh; Intel Mac OS X 10_15_7) AppleWebKit/537.36 (KHTML, like Gecko) Chrome/133.0.0.0 Safari/537.36"
216.73.216.247 - - [20/Jul/2025:23:53:06 +0000] "GET /shopdetail/1212436610.shtml HTTP/1.1" 404 24725 "-" "Mozilla/5.0 AppleWebKit/537.36 (KHTML, like Gecko; compatible; ClaudeBot/1.0; [email protected])"
216.73.216.247 - - [20/Jul/2025:23:53:09 +0000] "GET /shopdetail/1212344536.shtml HTTP/1.1" 404 24728 "-" "Mozilla/5.0 AppleWebKit/537.36 (KHTML, like Gecko; compatible; ClaudeBot/1.0; [email protected])"
185.21.14.193 - - [20/Jul/2025:23:53:10 +0000] "GET /car-body-polish-makes-it-look-like-new/feed/ HTTP/1.1" 200 472 "-" "Mozilla/5.0 (Macintosh; Intel Mac OS X 10_15_7) AppleWebKit/537.36 (KHTML, like Gecko) Chrome/133.0.0.0 Safari/537.36"
185.21.14.193 - - [20/Jul/2025:23:53:12 +0000] "GET /car-body-polish-makes-it-look-like-new/ HTTP/1.1" 200 28708 "-" "Mozilla/5.0 (Macintosh; Intel Mac OS X 10_15_7) AppleWebKit/537.36 (KHTML, like Gecko) Chrome/133.0.0.0 Safari/537.36"
209.74.77.214 - - [20/Jul/2025:23:53:13 +0000] "POST /wp-cron.php?doing_wp_cron=1753055593.0992410182952880859375 HTTP/1.1" 200 - "-" "WordPress/6.8.2; https://cartel.express"
216.73.216.247 - - [20/Jul/2025:23:53:12 +0000] "GET /shopdetail/1212679400.shtml HTTP/1.1" 404 24729 "-" "Mozilla/5.0 AppleWebKit/537.36 (KHTML, like Gecko; compatible; ClaudeBot/1.0; [email protected])"
185.21.14.193 - - [20/Jul/2025:23:53:14 +0000] "GET /car-body-polish-makes-it-look-like-new/ HTTP/1.1" 200 28710 "-" "Mozilla/5.0 (Macintosh; Intel Mac OS X 10_15_7) AppleWebKit/537.36 (KHTML, like Gecko) Chrome/133.0.0.0 Safari/537.36"
216.73.216.247 - - [20/Jul/2025:23:53:15 +0000] "GET /shopdetail/1212645020.shtml HTTP/1.1" 404 24731 "-" "Mozilla/5.0 AppleWebKit/537.36 (KHTML, like Gecko; compatible; ClaudeBot/1.0; [email protected])"
216.73.216.247 - - [20/Jul/2025:23:53:18 +0000] "GET /shopdetail/1212605098.shtml HTTP/1.1" 404 24729 "-" "Mozilla/5.0 AppleWebKit/537.36 (KHTML, like Gecko; compatible; ClaudeBot/1.0; [email protected])"
216.73.216.247 - - [20/Jul/2025:23:53:21 +0000] "GET /shopdetail/1212576780.shtml HTTP/1.1" 404 24731 "-" "Mozilla/5.0 AppleWebKit/537.36 (KHTML, like Gecko; compatible; ClaudeBot/1.0; [email protected])"
209.74.77.214 - - [20/Jul/2025:23:53:30 +0000] "POST /wp-cron.php?doing_wp_cron=1753055610.2213931083679199218750 HTTP/1.1" 200 - "-" "WordPress/6.8.2; https://cartel.express"
216.73.216.247 - - [20/Jul/2025:23:53:29 +0000] "GET /shopdetail/1212697356.shtml HTTP/1.1" 404 24730 "-" "Mozilla/5.0 AppleWebKit/537.36 (KHTML, like Gecko; compatible; ClaudeBot/1.0; [email protected])"
216.73.216.247 - - [20/Jul/2025:23:53:33 +0000] "GET /shopdetail/1212952496.shtml HTTP/1.1" 404 24729 "-" "Mozilla/5.0 AppleWebKit/537.36 (KHTML, like Gecko; compatible; ClaudeBot/1.0; [email protected])"
216.73.216.247 - - [20/Jul/2025:23:53:37 +0000] "GET /shopdetail/1212574340.shtml HTTP/1.1" 404 24730 "-" "Mozilla/5.0 AppleWebKit/537.36 (KHTML, like Gecko; compatible; ClaudeBot/1.0; [email protected])"
216.73.216.247 - - [20/Jul/2025:23:53:39 +0000] "GET /shopdetail/1212586946.shtml HTTP/1.1" 404 24728 "-" "Mozilla/5.0 AppleWebKit/537.36 (KHTML, like Gecko; compatible; ClaudeBot/1.0; [email protected])"
216.73.216.247 - - [20/Jul/2025:23:53:45 +0000] "GET /shopdetail/1212982256.shtml HTTP/1.1" 404 24731 "-" "Mozilla/5.0 AppleWebKit/537.36 (KHTML, like Gecko; compatible; ClaudeBot/1.0; [email protected])"
209.74.77.214 - - [20/Jul/2025:23:53:48 +0000] "POST /wp-cron.php?doing_wp_cron=1753055628.8933460712432861328125 HTTP/1.1" 200 - "-" "WordPress/6.8.2; https://cartel.express"
216.73.216.247 - - [20/Jul/2025:23:53:48 +0000] "GET /shopdetail/1212295506.shtml HTTP/1.1" 404 24726 "-" "Mozilla/5.0 AppleWebKit/537.36 (KHTML, like Gecko; compatible; ClaudeBot/1.0; [email protected])"
216.73.216.247 - - [20/Jul/2025:23:53:51 +0000] "GET /shopdetail/1212489010.shtml HTTP/1.1" 404 24729 "-" "Mozilla/5.0 AppleWebKit/537.36 (KHTML, like Gecko; compatible; ClaudeBot/1.0; [email protected])"
216.73.216.247 - - [20/Jul/2025:23:53:54 +0000] "GET /shopdetail/1212282832.shtml HTTP/1.1" 404 24731 "-" "Mozilla/5.0 AppleWebKit/537.36 (KHTML, like Gecko; compatible; ClaudeBot/1.0; [email protected])"
216.73.216.247 - - [20/Jul/2025:23:53:57 +0000] "GET /shopdetail/1212933294.shtml HTTP/1.1" 404 24731 "-" "Mozilla/5.0 AppleWebKit/537.36 (KHTML, like Gecko; compatible; ClaudeBot/1.0; [email protected])"
216.73.216.247 - - [20/Jul/2025:23:54:00 +0000] "GET /shopdetail/1213098412.shtml HTTP/1.1" 404 24730 "-" "Mozilla/5.0 AppleWebKit/537.36 (KHTML, like Gecko; compatible; ClaudeBot/1.0; [email protected])"
216.73.216.247 - - [20/Jul/2025:23:54:03 +0000] "GET /shopdetail/1213071024.shtml HTTP/1.1" 404 24730 "-" "Mozilla/5.0 AppleWebKit/537.36 (KHTML, like Gecko; compatible; ClaudeBot/1.0; [email protected])"
216.73.216.247 - - [20/Jul/2025:23:54:06 +0000] "GET /shopdetail/1212819254.shtml HTTP/1.1" 404 24730 "-" "Mozilla/5.0 AppleWebKit/537.36 (KHTML, like Gecko; compatible; ClaudeBot/1.0; [email protected])"
216.73.216.247 - - [20/Jul/2025:23:54:09 +0000] "GET /shopdetail/1213009644.shtml HTTP/1.1" 404 24727 "-" "Mozilla/5.0 AppleWebKit/537.36 (KHTML, like Gecko; compatible; ClaudeBot/1.0; [email protected])"
216.73.216.247 - - [20/Jul/2025:23:54:12 +0000] "GET /shopdetail/1212945892.shtml HTTP/1.1" 404 24727 "-" "Mozilla/5.0 AppleWebKit/537.36 (KHTML, like Gecko; compatible; ClaudeBot/1.0; [email protected])"
209.74.77.214 - - [20/Jul/2025:23:54:15 +0000] "POST /wp-cron.php?doing_wp_cron=1753055655.8847239017486572265625 HTTP/1.1" 200 - "-" "WordPress/6.8.2; https://cartel.express"
216.73.216.247 - - [20/Jul/2025:23:54:15 +0000] "GET /shopdetail/1212998164.shtml HTTP/1.1" 404 24728 "-" "Mozilla/5.0 AppleWebKit/537.36 (KHTML, like Gecko; compatible; ClaudeBot/1.0; [email protected])"
216.73.216.247 - - [20/Jul/2025:23:54:18 +0000] "GET /shopdetail/1212687454.shtml HTTP/1.1" 404 24730 "-" "Mozilla/5.0 AppleWebKit/537.36 (KHTML, like Gecko; compatible; ClaudeBot/1.0; [email protected])"
216.73.216.247 - - [20/Jul/2025:23:54:21 +0000] "GET /shopdetail/1212572224.shtml HTTP/1.1" 404 24728 "-" "Mozilla/5.0 AppleWebKit/537.36 (KHTML, like Gecko; compatible; ClaudeBot/1.0; [email protected])"
216.73.216.247 - - [20/Jul/2025:23:54:24 +0000] "GET /shopdetail/1212948008.shtml HTTP/1.1" 404 24729 "-" "Mozilla/5.0 AppleWebKit/537.36 (KHTML, like Gecko; compatible; ClaudeBot/1.0; [email protected])"
66.249.73.131 - - [20/Jul/2025:23:54:25 +0000] "GET /shopdetail/49389446.shtml HTTP/1.1" 200 21235 "-" "Mozilla/5.0 (compatible; Googlebot/2.1; +http://www.google.com/bot.html)"
216.73.216.247 - - [20/Jul/2025:23:54:35 +0000] "GET /shopdetail/1212506164.shtml HTTP/1.1" 404 24730 "-" "Mozilla/5.0 AppleWebKit/537.36 (KHTML, like Gecko; compatible; ClaudeBot/1.0; [email protected])"
216.73.216.247 - - [20/Jul/2025:23:54:39 +0000] "GET /shopdetail/1212871914.shtml HTTP/1.1" 404 24731 "-" "Mozilla/5.0 AppleWebKit/537.36 (KHTML, like Gecko; compatible; ClaudeBot/1.0; [email protected])"
216.73.216.247 - - [20/Jul/2025:23:54:41 +0000] "GET /shopdetail/1212631488.shtml HTTP/1.1" 404 24729 "-" "Mozilla/5.0 AppleWebKit/537.36 (KHTML, like Gecko; compatible; ClaudeBot/1.0; [email protected])"
216.73.216.247 - - [20/Jul/2025:23:54:43 +0000] "GET /shopdetail/1212337608.shtml HTTP/1.1" 404 24728 "-" "Mozilla/5.0 AppleWebKit/537.36 (KHTML, like Gecko; compatible; ClaudeBot/1.0; [email protected])"
216.73.216.247 - - [20/Jul/2025:23:54:46 +0000] "GET /shopdetail/1212781892.shtml HTTP/1.1" 404 24729 "-" "Mozilla/5.0 AppleWebKit/537.36 (KHTML, like Gecko; compatible; ClaudeBot/1.0; [email protected])"
209.74.77.214 - - [20/Jul/2025:23:54:49 +0000] "POST /wp-cron.php?doing_wp_cron=1753055689.7669310569763183593750 HTTP/1.1" 200 - "-" "WordPress/6.8.2; https://cartel.express"
216.73.216.247 - - [20/Jul/2025:23:54:49 +0000] "GET /shopdetail/1212271480.shtml HTTP/1.1" 404 24731 "-" "Mozilla/5.0 AppleWebKit/537.36 (KHTML, like Gecko; compatible; ClaudeBot/1.0; [email protected])"
216.73.216.247 - - [20/Jul/2025:23:54:52 +0000] "GET /shopdetail/1213015326.shtml HTTP/1.1" 404 24729 "-" "Mozilla/5.0 AppleWebKit/537.36 (KHTML, like Gecko; compatible; ClaudeBot/1.0; [email protected])"
216.73.216.247 - - [20/Jul/2025:23:54:56 +0000] "GET /shopdetail/1212384206.shtml HTTP/1.1" 404 24728 "-" "Mozilla/5.0 AppleWebKit/537.36 (KHTML, like Gecko; compatible; ClaudeBot/1.0; [email protected])"
216.73.216.247 - - [20/Jul/2025:23:54:59 +0000] "GET /shopdetail/1212454694.shtml HTTP/1.1" 404 24728 "-" "Mozilla/5.0 AppleWebKit/537.36 (KHTML, like Gecko; compatible; ClaudeBot/1.0; [email protected])"
216.73.216.247 - - [20/Jul/2025:23:55:01 +0000] "GET /shopdetail/1212871590.shtml HTTP/1.1" 404 24729 "-" "Mozilla/5.0 AppleWebKit/537.36 (KHTML, like Gecko; compatible; ClaudeBot/1.0; [email protected])"
216.73.216.247 - - [20/Jul/2025:23:55:04 +0000] "GET /shopdetail/1212891116.shtml HTTP/1.1" 404 24728 "-" "Mozilla/5.0 AppleWebKit/537.36 (KHTML, like Gecko; compatible; ClaudeBot/1.0; [email protected])"
216.73.216.247 - - [20/Jul/2025:23:55:07 +0000] "GET /shopdetail/1212659874.shtml HTTP/1.1" 404 24730 "-" "Mozilla/5.0 AppleWebKit/537.36 (KHTML, like Gecko; compatible; ClaudeBot/1.0; [email protected])"
216.73.216.247 - - [20/Jul/2025:23:55:10 +0000] "GET /shopdetail/1212300984.shtml HTTP/1.1" 404 24730 "-" "Mozilla/5.0 AppleWebKit/537.36 (KHTML, like Gecko; compatible; ClaudeBot/1.0; [email protected])"
209.74.77.214 - - [20/Jul/2025:23:55:13 +0000] "POST /wp-cron.php?doing_wp_cron=1753055713.7893190383911132812500 HTTP/1.1" 200 - "-" "WordPress/6.8.2; https://cartel.express"
216.73.216.247 - - [20/Jul/2025:23:55:13 +0000] "GET /shopdetail/1212866168.shtml HTTP/1.1" 404 24727 "-" "Mozilla/5.0 AppleWebKit/537.36 (KHTML, like Gecko; compatible; ClaudeBot/1.0; [email protected])"
216.73.216.247 - - [20/Jul/2025:23:55:16 +0000] "GET /shopdetail/1212942270.shtml HTTP/1.1" 404 24730 "-" "Mozilla/5.0 AppleWebKit/537.36 (KHTML, like Gecko; compatible; ClaudeBot/1.0; [email protected])"
216.73.216.247 - - [20/Jul/2025:23:55:19 +0000] "GET /shopdetail/1212557186.shtml HTTP/1.1" 404 24730 "-" "Mozilla/5.0 AppleWebKit/537.36 (KHTML, like Gecko; compatible; ClaudeBot/1.0; [email protected])"
216.73.216.247 - - [20/Jul/2025:23:55:22 +0000] "GET /shopdetail/1213021994.shtml HTTP/1.1" 404 24729 "-" "Mozilla/5.0 AppleWebKit/537.36 (KHTML, like Gecko; compatible; ClaudeBot/1.0; [email protected])"
209.74.77.214 - - [20/Jul/2025:23:55:25 +0000] "POST /wp-cron.php?doing_wp_cron=1753055725.7358219623565673828125 HTTP/1.1" 200 - "-" "WordPress/6.8.2; https://cartel.express"
216.73.216.247 - - [20/Jul/2025:23:55:25 +0000] "GET /shopdetail/1212309102.shtml HTTP/1.1" 404 24729 "-" "Mozilla/5.0 AppleWebKit/537.36 (KHTML, like Gecko; compatible; ClaudeBot/1.0; [email protected])"
209.74.77.214 - - [20/Jul/2025:23:55:28 +0000] "POST /wp-cron.php?doing_wp_cron=1753055728.7371129989624023437500 HTTP/1.1" 200 - "-" "WordPress/6.8.2; https://cartel.express"
66.249.73.132 - - [20/Jul/2025:23:55:28 +0000] "GET /shopdetail/1487740.shtml HTTP/1.1" 200 19464 "-" "Mozilla/5.0 (Linux; Android 6.0.1; Nexus 5X Build/MMB29P) AppleWebKit/537.36 (KHTML, like Gecko) Chrome/137.0.7151.103 Mobile Safari/537.36 (compatible; Googlebot/2.1; +http://www.google.com/bot.html)"
216.73.216.247 - - [20/Jul/2025:23:55:28 +0000] "GET /shopdetail/1212482082.shtml HTTP/1.1" 404 24730 "-" "Mozilla/5.0 AppleWebKit/537.36 (KHTML, like Gecko; compatible; ClaudeBot/1.0; [email protected])"
216.73.216.247 - - [20/Jul/2025:23:55:31 +0000] "GET /shopdetail/1212556384.shtml HTTP/1.1" 404 24729 "-" "Mozilla/5.0 AppleWebKit/537.36 (KHTML, like Gecko; compatible; ClaudeBot/1.0; [email protected])"
216.73.216.247 - - [20/Jul/2025:23:55:34 +0000] "GET /shopdetail/1212509662.shtml HTTP/1.1" 404 24728 "-" "Mozilla/5.0 AppleWebKit/537.36 (KHTML, like Gecko; compatible; ClaudeBot/1.0; [email protected])"
216.73.216.247 - - [20/Jul/2025:23:55:37 +0000] "GET /shopdetail/1212338606.shtml HTTP/1.1" 404 24731 "-" "Mozilla/5.0 AppleWebKit/537.36 (KHTML, like Gecko; compatible; ClaudeBot/1.0; [email protected])"
216.73.216.247 - - [20/Jul/2025:23:55:42 +0000] "GET /shopdetail/1212924186.shtml HTTP/1.1" 404 24731 "-" "Mozilla/5.0 AppleWebKit/537.36 (KHTML, like Gecko; compatible; ClaudeBot/1.0; [email protected])"
216.73.216.247 - - [20/Jul/2025:23:55:45 +0000] "GET /shopdetail/1212805658.shtml HTTP/1.1" 404 24728 "-" "Mozilla/5.0 AppleWebKit/537.36 (KHTML, like Gecko; compatible; ClaudeBot/1.0; [email protected])"
209.74.77.214 - - [20/Jul/2025:23:55:50 +0000] "POST /wp-cron.php?doing_wp_cron=1753055750.7840659618377685546875 HTTP/1.1" 200 - "-" "WordPress/6.8.2; https://cartel.express"
216.73.216.247 - - [20/Jul/2025:23:55:50 +0000] "GET /shopdetail/1212274854.shtml HTTP/1.1" 404 24728 "-" "Mozilla/5.0 AppleWebKit/537.36 (KHTML, like Gecko; compatible; ClaudeBot/1.0; [email protected])"
216.73.216.247 - - [20/Jul/2025:23:55:51 +0000] "GET /shopdetail/1212734044.shtml HTTP/1.1" 404 24731 "-" "Mozilla/5.0 AppleWebKit/537.36 (KHTML, like Gecko; compatible; ClaudeBot/1.0; [email protected])"
216.73.216.247 - - [20/Jul/2025:23:55:54 +0000] "GET /shopdetail/1212409222.shtml HTTP/1.1" 404 24728 "-" "Mozilla/5.0 AppleWebKit/537.36 (KHTML, like Gecko; compatible; ClaudeBot/1.0; [email protected])"
216.73.216.247 - - [20/Jul/2025:23:55:57 +0000] "GET /shopdetail/1212273596.shtml HTTP/1.1" 404 24727 "-" "Mozilla/5.0 AppleWebKit/537.36 (KHTML, like Gecko; compatible; ClaudeBot/1.0; [email protected])"
216.73.216.247 - - [20/Jul/2025:23:56:00 +0000] "GET /shopdetail/1212855878.shtml HTTP/1.1" 404 24731 "-" "Mozilla/5.0 AppleWebKit/537.36 (KHTML, like Gecko; compatible; ClaudeBot/1.0; [email protected])"
216.73.216.247 - - [20/Jul/2025:23:56:03 +0000] "GET /shopdetail/1213055312.shtml HTTP/1.1" 404 24726 "-" "Mozilla/5.0 AppleWebKit/537.36 (KHTML, like Gecko; compatible; ClaudeBot/1.0; [email protected])"
216.73.216.247 - - [20/Jul/2025:23:56:06 +0000] "GET /shopdetail/1212425190.shtml HTTP/1.1" 404 24731 "-" "Mozilla/5.0 AppleWebKit/537.36 (KHTML, like Gecko; compatible; ClaudeBot/1.0; [email protected])"
216.73.216.247 - - [20/Jul/2025:23:56:09 +0000] "GET /shopdetail/1212702168.shtml HTTP/1.1" 404 24732 "-" "Mozilla/5.0 AppleWebKit/537.36 (KHTML, like Gecko; compatible; ClaudeBot/1.0; [email protected])"
209.74.77.214 - - [20/Jul/2025:23:56:13 +0000] "POST /wp-cron.php?doing_wp_cron=1753055773.0529448986053466796875 HTTP/1.1" 200 - "-" "WordPress/6.8.2; https://cartel.express"
216.73.216.247 - - [20/Jul/2025:23:56:12 +0000] "GET /shopdetail/1212427630.shtml HTTP/1.1" 404 24729 "-" "Mozilla/5.0 AppleWebKit/537.36 (KHTML, like Gecko; compatible; ClaudeBot/1.0; [email protected])"
216.73.216.247 - - [20/Jul/2025:23:56:16 +0000] "GET /shopdetail/1212430864.shtml HTTP/1.1" 404 24731 "-" "Mozilla/5.0 AppleWebKit/537.36 (KHTML, like Gecko; compatible; ClaudeBot/1.0; [email protected])"
216.73.216.247 - - [20/Jul/2025:23:56:18 +0000] "GET /shopdetail/1212573222.shtml HTTP/1.1" 404 24729 "-" "Mozilla/5.0 AppleWebKit/537.36 (KHTML, like Gecko; compatible; ClaudeBot/1.0; [email protected])"
66.249.73.132 - - [20/Jul/2025:23:56:20 +0000] "GET /shopdetail/1119818.shtml HTTP/1.1" 200 18056 "-" "Mozilla/5.0 (Linux; Android 6.0.1; Nexus 5X Build/MMB29P) AppleWebKit/537.36 (KHTML, like Gecko) Chrome/137.0.7151.103 Mobile Safari/537.36 (compatible; Googlebot/2.1; +http://www.google.com/bot.html)"
216.73.216.247 - - [20/Jul/2025:23:56:21 +0000] "GET /shopdetail/1212737350.shtml HTTP/1.1" 404 24730 "-" "Mozilla/5.0 AppleWebKit/537.36 (KHTML, like Gecko; compatible; ClaudeBot/1.0; [email protected])"
216.73.216.247 - - [20/Jul/2025:23:56:24 +0000] "GET /shopdetail/1212628190.shtml HTTP/1.1" 404 24728 "-" "Mozilla/5.0 AppleWebKit/537.36 (KHTML, like Gecko; compatible; ClaudeBot/1.0; [email protected])"
216.73.216.247 - - [20/Jul/2025:23:56:27 +0000] "GET /shopdetail/1212954936.shtml HTTP/1.1" 404 24729 "-" "Mozilla/5.0 AppleWebKit/537.36 (KHTML, like Gecko; compatible; ClaudeBot/1.0; [email protected])"
216.73.216.247 - - [20/Jul/2025:23:56:32 +0000] "GET /shopdetail/1212758992.shtml HTTP/1.1" 404 24731 "-" "Mozilla/5.0 AppleWebKit/537.36 (KHTML, like Gecko; compatible; ClaudeBot/1.0; [email protected])"
216.73.216.247 - - [20/Jul/2025:23:56:34 +0000] "GET /shopdetail/1213068908.shtml HTTP/1.1" 404 24730 "-" "Mozilla/5.0 AppleWebKit/537.36 (KHTML, like Gecko; compatible; ClaudeBot/1.0; [email protected])"
216.73.216.247 - - [20/Jul/2025:23:56:36 +0000] "GET /shopdetail/1212500362.shtml HTTP/1.1" 404 24731 "-" "Mozilla/5.0 AppleWebKit/537.36 (KHTML, like Gecko; compatible; ClaudeBot/1.0; [email protected])"
216.73.216.247 - - [20/Jul/2025:23:56:39 +0000] "GET /shopdetail/1212901350.shtml HTTP/1.1" 404 24729 "-" "Mozilla/5.0 AppleWebKit/537.36 (KHTML, like Gecko; compatible; ClaudeBot/1.0; [email protected])"
216.73.216.247 - - [20/Jul/2025:23:56:44 +0000] "GET /shopdetail/1212385520.shtml HTTP/1.1" 404 24732 "-" "Mozilla/5.0 AppleWebKit/537.36 (KHTML, like Gecko; compatible; ClaudeBot/1.0; [email protected])"
209.74.77.214 - - [20/Jul/2025:23:56:47 +0000] "POST /wp-cron.php?doing_wp_cron=1753055807.8016850948333740234375 HTTP/1.1" 200 - "-" "WordPress/6.8.2; https://cartel.express"
216.73.216.247 - - [20/Jul/2025:23:56:47 +0000] "GET /shopdetail/1212981334.shtml HTTP/1.1" 404 24728 "-" "Mozilla/5.0 AppleWebKit/537.36 (KHTML, like Gecko; compatible; ClaudeBot/1.0; [email protected])"
216.73.216.247 - - [20/Jul/2025:23:56:50 +0000] "GET /shopdetail/1212488012.shtml HTTP/1.1" 404 24730 "-" "Mozilla/5.0 AppleWebKit/537.36 (KHTML, like Gecko; compatible; ClaudeBot/1.0; [email protected])"
216.73.216.247 - - [20/Jul/2025:23:56:54 +0000] "GET /shopdetail/1212611028.shtml HTTP/1.1" 404 24729 "-" "Mozilla/5.0 AppleWebKit/537.36 (KHTML, like Gecko; compatible; ClaudeBot/1.0; [email protected])"
216.73.216.247 - - [20/Jul/2025:23:56:58 +0000] "GET /shopdetail/1212900420.shtml HTTP/1.1" 404 24731 "-" "Mozilla/5.0 AppleWebKit/537.36 (KHTML, like Gecko; compatible; ClaudeBot/1.0; [email protected])"
216.73.216.247 - - [20/Jul/2025:23:56:59 +0000] "GET /shopdetail/1212802416.shtml HTTP/1.1" 404 24728 "-" "Mozilla/5.0 AppleWebKit/537.36 (KHTML, like Gecko; compatible; ClaudeBot/1.0; [email protected])"
216.73.216.247 - - [20/Jul/2025:23:57:03 +0000] "GET /shopdetail/1212991560.shtml HTTP/1.1" 404 24729 "-" "Mozilla/5.0 AppleWebKit/537.36 (KHTML, like Gecko; compatible; ClaudeBot/1.0; [email protected])"
216.73.216.247 - - [20/Jul/2025:23:57:06 +0000] "GET /shopdetail/1212822812.shtml HTTP/1.1" 404 24729 "-" "Mozilla/5.0 AppleWebKit/537.36 (KHTML, like Gecko; compatible; ClaudeBot/1.0; [email protected])"
216.73.216.247 - - [20/Jul/2025:23:57:08 +0000] "GET /shopdetail/1213100784.shtml HTTP/1.1" 404 24730 "-" "Mozilla/5.0 AppleWebKit/537.36 (KHTML, like Gecko; compatible; ClaudeBot/1.0; [email protected])"
216.73.216.247 - - [20/Jul/2025:23:57:11 +0000] "GET /shopdetail/1213001794.shtml HTTP/1.1" 404 24728 "-" "Mozilla/5.0 AppleWebKit/537.36 (KHTML, like Gecko; compatible; ClaudeBot/1.0; [email protected])"
209.74.77.214 - - [20/Jul/2025:23:57:14 +0000] "POST /wp-cron.php?doing_wp_cron=1753055834.7770349979400634765625 HTTP/1.1" 200 - "-" "WordPress/6.8.2; https://cartel.express"
216.73.216.247 - - [20/Jul/2025:23:57:14 +0000] "GET /shopdetail/1212606216.shtml HTTP/1.1" 404 24728 "-" "Mozilla/5.0 AppleWebKit/537.36 (KHTML, like Gecko; compatible; ClaudeBot/1.0; [email protected])"
216.73.216.247 - - [20/Jul/2025:23:57:17 +0000] "GET /shopdetail/1212476660.shtml HTTP/1.1" 404 24730 "-" "Mozilla/5.0 AppleWebKit/537.36 (KHTML, like Gecko; compatible; ClaudeBot/1.0; [email protected])"
216.73.216.247 - - [20/Jul/2025:23:57:20 +0000] "GET /shopdetail/1212784008.shtml HTTP/1.1" 404 24728 "-" "Mozilla/5.0 AppleWebKit/537.36 (KHTML, like Gecko; compatible; ClaudeBot/1.0; [email protected])"
216.73.216.247 - - [20/Jul/2025:23:57:23 +0000] "GET /shopdetail/1212985822.shtml HTTP/1.1" 404 24731 "-" "Mozilla/5.0 AppleWebKit/537.36 (KHTML, like Gecko; compatible; ClaudeBot/1.0; [email protected])"
216.73.216.247 - - [20/Jul/2025:23:57:26 +0000] "GET /shopdetail/1212704284.shtml HTTP/1.1" 404 24730 "-" "Mozilla/5.0 AppleWebKit/537.36 (KHTML, like Gecko; compatible; ClaudeBot/1.0; [email protected])"
216.73.216.247 - - [20/Jul/2025:23:57:29 +0000] "GET /shopdetail/1212882076.shtml HTTP/1.1" 404 24730 "-" "Mozilla/5.0 AppleWebKit/537.36 (KHTML, like Gecko; compatible; ClaudeBot/1.0; [email protected])"
216.73.216.247 - - [20/Jul/2025:23:57:32 +0000] "GET /shopdetail/1212836408.shtml HTTP/1.1" 404 24731 "-" "Mozilla/5.0 AppleWebKit/537.36 (KHTML, like Gecko; compatible; ClaudeBot/1.0; [email protected])"
216.73.216.247 - - [20/Jul/2025:23:57:35 +0000] "GET /shopdetail/1212294380.shtml HTTP/1.1" 404 24728 "-" "Mozilla/5.0 AppleWebKit/537.36 (KHTML, like Gecko; compatible; ClaudeBot/1.0; [email protected])"
216.73.216.247 - - [20/Jul/2025:23:57:38 +0000] "GET /shopdetail/1212455018.shtml HTTP/1.1" 404 24729 "-" "Mozilla/5.0 AppleWebKit/537.36 (KHTML, like Gecko; compatible; ClaudeBot/1.0; [email protected])"
216.73.216.247 - - [20/Jul/2025:23:57:41 +0000] "GET /shopdetail/1212380708.shtml HTTP/1.1" 404 24731 "-" "Mozilla/5.0 AppleWebKit/537.36 (KHTML, like Gecko; compatible; ClaudeBot/1.0; [email protected])"
209.74.77.214 - - [20/Jul/2025:23:57:48 +0000] "POST /wp-cron.php?doing_wp_cron=1753055867.9993290901184082031250 HTTP/1.1" 200 - "-" "WordPress/6.8.2; https://cartel.express"
216.73.216.247 - - [20/Jul/2025:23:57:47 +0000] "GET /shopdetail/1212286270.shtml HTTP/1.1" 404 24730 "-" "Mozilla/5.0 AppleWebKit/537.36 (KHTML, like Gecko; compatible; ClaudeBot/1.0; [email protected])"
216.73.216.247 - - [20/Jul/2025:23:57:49 +0000] "GET /shopdetail/1212824992.shtml HTTP/1.1" 404 24729 "-" "Mozilla/5.0 AppleWebKit/537.36 (KHTML, like Gecko; compatible; ClaudeBot/1.0; [email protected])"
216.73.216.247 - - [20/Jul/2025:23:57:52 +0000] "GET /shopdetail/1212901418.shtml HTTP/1.1" 404 24728 "-" "Mozilla/5.0 AppleWebKit/537.36 (KHTML, like Gecko; compatible; ClaudeBot/1.0; [email protected])"
216.73.216.247 - - [20/Jul/2025:23:57:55 +0000] "GET /shopdetail/1212729232.shtml HTTP/1.1" 404 24729 "-" "Mozilla/5.0 AppleWebKit/537.36 (KHTML, like Gecko; compatible; ClaudeBot/1.0; [email protected])"
216.73.216.247 - - [20/Jul/2025:23:57:58 +0000] "GET /shopdetail/1212590376.shtml HTTP/1.1" 404 24727 "-" "Mozilla/5.0 AppleWebKit/537.36 (KHTML, like Gecko; compatible; ClaudeBot/1.0; [email protected])"
216.73.216.247 - - [20/Jul/2025:23:58:01 +0000] "GET /shopdetail/1212710030.shtml HTTP/1.1" 404 24729 "-" "Mozilla/5.0 AppleWebKit/537.36 (KHTML, like Gecko; compatible; ClaudeBot/1.0; [email protected])"
216.73.216.247 - - [20/Jul/2025:23:58:04 +0000] "GET /shopdetail/1212445910.shtml HTTP/1.1" 404 24730 "-" "Mozilla/5.0 AppleWebKit/537.36 (KHTML, like Gecko; compatible; ClaudeBot/1.0; [email protected])"
216.73.216.247 - - [20/Jul/2025:23:58:07 +0000] "GET /shopdetail/1212875148.shtml HTTP/1.1" 404 24731 "-" "Mozilla/5.0 AppleWebKit/537.36 (KHTML, like Gecko; compatible; ClaudeBot/1.0; [email protected])"
216.73.216.247 - - [20/Jul/2025:23:58:10 +0000] "GET /shopdetail/1212323884.shtml HTTP/1.1" 404 24728 "-" "Mozilla/5.0 AppleWebKit/537.36 (KHTML, like Gecko; compatible; ClaudeBot/1.0; [email protected])"
209.74.77.214 - - [20/Jul/2025:23:58:13 +0000] "POST /wp-cron.php?doing_wp_cron=1753055893.7656390666961669921875 HTTP/1.1" 200 - "-" "WordPress/6.8.2; https://cartel.express"
216.73.216.247 - - [20/Jul/2025:23:58:13 +0000] "GET /shopdetail/1212540412.shtml HTTP/1.1" 404 24729 "-" "Mozilla/5.0 AppleWebKit/537.36 (KHTML, like Gecko; compatible; ClaudeBot/1.0; [email protected])"
216.73.216.247 - - [20/Jul/2025:23:58:16 +0000] "GET /shopdetail/1212604100.shtml HTTP/1.1" 404 24729 "-" "Mozilla/5.0 AppleWebKit/537.36 (KHTML, like Gecko; compatible; ClaudeBot/1.0; [email protected])"
216.73.216.247 - - [20/Jul/2025:23:58:19 +0000] "GET /shopdetail/1212953946.shtml HTTP/1.1" 404 24730 "-" "Mozilla/5.0 AppleWebKit/537.36 (KHTML, like Gecko; compatible; ClaudeBot/1.0; [email protected])"
216.73.216.247 - - [20/Jul/2025:23:58:22 +0000] "GET /shopdetail/1212475414.shtml HTTP/1.1" 404 24729 "-" "Mozilla/5.0 AppleWebKit/537.36 (KHTML, like Gecko; compatible; ClaudeBot/1.0; [email protected])"
209.74.77.214 - - [20/Jul/2025:23:58:25 +0000] "POST /wp-cron.php?doing_wp_cron=1753055905.7481379508972167968750 HTTP/1.1" 200 - "-" "WordPress/6.8.2; https://cartel.express"
216.73.216.247 - - [20/Jul/2025:23:58:25 +0000] "GET /shopdetail/1212860434.shtml HTTP/1.1" 404 24731 "-" "Mozilla/5.0 AppleWebKit/537.36 (KHTML, like Gecko; compatible; ClaudeBot/1.0; [email protected])"
216.73.216.247 - - [20/Jul/2025:23:58:28 +0000] "GET /shopdetail/1212377346.shtml HTTP/1.1" 404 24730 "-" "Mozilla/5.0 AppleWebKit/537.36 (KHTML, like Gecko; compatible; ClaudeBot/1.0; [email protected])"
216.73.216.247 - - [20/Jul/2025:23:58:31 +0000] "GET /shopdetail/1213006282.shtml HTTP/1.1" 404 24731 "-" "Mozilla/5.0 AppleWebKit/537.36 (KHTML, like Gecko; compatible; ClaudeBot/1.0; [email protected])"
216.73.216.247 - - [20/Jul/2025:23:58:34 +0000] "GET /shopdetail/1212435352.shtml HTTP/1.1" 404 24729 "-" "Mozilla/5.0 AppleWebKit/537.36 (KHTML, like Gecko; compatible; ClaudeBot/1.0; [email protected])"
216.73.216.247 - - [20/Jul/2025:23:58:37 +0000] "GET /shopdetail/1212342096.shtml HTTP/1.1" 404 24729 "-" "Mozilla/5.0 AppleWebKit/537.36 (KHTML, like Gecko; compatible; ClaudeBot/1.0; [email protected])"
216.73.216.247 - - [20/Jul/2025:23:58:40 +0000] "GET /shopdetail/1212869474.shtml HTTP/1.1" 404 24730 "-" "Mozilla/5.0 AppleWebKit/537.36 (KHTML, like Gecko; compatible; ClaudeBot/1.0; [email protected])"
216.73.216.247 - - [20/Jul/2025:23:58:43 +0000] "GET /shopdetail/1212359258.shtml HTTP/1.1" 404 24731 "-" "Mozilla/5.0 AppleWebKit/537.36 (KHTML, like Gecko; compatible; ClaudeBot/1.0; [email protected])"
216.73.216.247 - - [20/Jul/2025:23:58:46 +0000] "GET /shopdetail/1212558500.shtml HTTP/1.1" 404 24728 "-" "Mozilla/5.0 AppleWebKit/537.36 (KHTML, like Gecko; compatible; ClaudeBot/1.0; [email protected])"
209.74.77.214 - - [20/Jul/2025:23:58:52 +0000] "POST /wp-cron.php?doing_wp_cron=1753055932.8296909332275390625000 HTTP/1.1" 200 - "-" "WordPress/6.8.2; https://cartel.express"
216.73.216.247 - - [20/Jul/2025:23:58:52 +0000] "GET /shopdetail/1212413710.shtml HTTP/1.1" 404 24731 "-" "Mozilla/5.0 AppleWebKit/537.36 (KHTML, like Gecko; compatible; ClaudeBot/1.0; [email protected])"
216.73.216.247 - - [20/Jul/2025:23:58:55 +0000] "GET /shopdetail/1212386646.shtml HTTP/1.1" 404 24728 "-" "Mozilla/5.0 AppleWebKit/537.36 (KHTML, like Gecko; compatible; ClaudeBot/1.0; [email protected])"
216.73.216.247 - - [20/Jul/2025:23:58:58 +0000] "GET /shopdetail/1212787378.shtml HTTP/1.1" 404 24729 "-" "Mozilla/5.0 AppleWebKit/537.36 (KHTML, like Gecko; compatible; ClaudeBot/1.0; [email protected])"
216.73.216.247 - - [20/Jul/2025:23:59:01 +0000] "GET /shopdetail/1212999418.shtml HTTP/1.1" 404 24729 "-" "Mozilla/5.0 AppleWebKit/537.36 (KHTML, like Gecko; compatible; ClaudeBot/1.0; [email protected])"
216.73.216.247 - - [20/Jul/2025:23:59:04 +0000] "GET /shopdetail/1212535600.shtml HTTP/1.1" 404 24728 "-" "Mozilla/5.0 AppleWebKit/537.36 (KHTML, like Gecko; compatible; ClaudeBot/1.0; [email protected])"
216.73.216.247 - - [20/Jul/2025:23:59:07 +0000] "GET /shopdetail/1212879960.shtml HTTP/1.1" 404 24730 "-" "Mozilla/5.0 AppleWebKit/537.36 (KHTML, like Gecko; compatible; ClaudeBot/1.0; [email protected])"
216.73.216.247 - - [20/Jul/2025:23:59:11 +0000] "GET /shopdetail/1212273856.shtml HTTP/1.1" 404 24730 "-" "Mozilla/5.0 AppleWebKit/537.36 (KHTML, like Gecko; compatible; ClaudeBot/1.0; [email protected])"
209.74.77.214 - - [20/Jul/2025:23:59:13 +0000] "POST /wp-cron.php?doing_wp_cron=1753055953.7609078884124755859375 HTTP/1.1" 200 - "-" "WordPress/6.8.2; https://cartel.express"
216.73.216.247 - - [20/Jul/2025:23:59:13 +0000] "GET /shopdetail/1213005156.shtml HTTP/1.1" 404 24729 "-" "Mozilla/5.0 AppleWebKit/537.36 (KHTML, like Gecko; compatible; ClaudeBot/1.0; [email protected])"
216.73.216.247 - - [20/Jul/2025:23:59:16 +0000] "GET /shopdetail/1212331870.shtml HTTP/1.1" 404 24729 "-" "Mozilla/5.0 AppleWebKit/537.36 (KHTML, like Gecko; compatible; ClaudeBot/1.0; [email protected])"
216.73.216.247 - - [20/Jul/2025:23:59:19 +0000] "GET /shopdetail/1212465180.shtml HTTP/1.1" 404 24731 "-" "Mozilla/5.0 AppleWebKit/537.36 (KHTML, like Gecko; compatible; ClaudeBot/1.0; [email protected])"
216.73.216.247 - - [20/Jul/2025:23:59:22 +0000] "GET /shopdetail/1212272606.shtml HTTP/1.1" 404 24730 "-" "Mozilla/5.0 AppleWebKit/537.36 (KHTML, like Gecko; compatible; ClaudeBot/1.0; [email protected])"
216.73.216.247 - - [20/Jul/2025:23:59:25 +0000] "GET /shopdetail/1212843272.shtml HTTP/1.1" 404 24728 "-" "Mozilla/5.0 AppleWebKit/537.36 (KHTML, like Gecko; compatible; ClaudeBot/1.0; [email protected])"
216.73.216.247 - - [20/Jul/2025:23:59:28 +0000] "GET /shopdetail/1213012084.shtml HTTP/1.1" 404 24728 "-" "Mozilla/5.0 AppleWebKit/537.36 (KHTML, like Gecko; compatible; ClaudeBot/1.0; [email protected])"
216.73.216.247 - - [20/Jul/2025:23:59:31 +0000] "GET /shopdetail/1212476336.shtml HTTP/1.1" 404 24726 "-" "Mozilla/5.0 AppleWebKit/537.36 (KHTML, like Gecko; compatible; ClaudeBot/1.0; [email protected])"
216.73.216.247 - - [20/Jul/2025:23:59:34 +0000] "GET /shopdetail/1212443470.shtml HTTP/1.1" 404 24728 "-" "Mozilla/5.0 AppleWebKit/537.36 (KHTML, like Gecko; compatible; ClaudeBot/1.0; [email protected])"
216.73.216.247 - - [20/Jul/2025:23:59:38 +0000] "GET /shopdetail/1212809020.shtml HTTP/1.1" 404 24729 "-" "Mozilla/5.0 AppleWebKit/537.36 (KHTML, like Gecko; compatible; ClaudeBot/1.0; [email protected])"
216.73.216.247 - - [20/Jul/2025:23:59:44 +0000] "GET /shopdetail/1212287388.shtml HTTP/1.1" 404 24729 "-" "Mozilla/5.0 AppleWebKit/537.36 (KHTML, like Gecko; compatible; ClaudeBot/1.0; [email protected])"
216.73.216.247 - - [20/Jul/2025:23:59:46 +0000] "GET /shopdetail/1212655254.shtml HTTP/1.1" 404 24730 "-" "Mozilla/5.0 AppleWebKit/537.36 (KHTML, like Gecko; compatible; ClaudeBot/1.0; [email protected])"
66.249.73.128 - - [20/Jul/2025:23:59:46 +0000] "GET /shopdetail/996802.shtml HTTP/1.1" 200 18467 "-" "Mozilla/5.0 (compatible; Googlebot/2.1; +http://www.google.com/bot.html)"
209.74.77.214 - - [20/Jul/2025:23:59:49 +0000] "POST /wp-cron.php?doing_wp_cron=1753055989.8032269477844238281250 HTTP/1.1" 200 - "-" "WordPress/6.8.2; https://cartel.express"
216.73.216.247 - - [20/Jul/2025:23:59:49 +0000] "GET /shopdetail/1212817138.shtml HTTP/1.1" 404 24732 "-" "Mozilla/5.0 AppleWebKit/537.36 (KHTML, like Gecko; compatible; ClaudeBot/1.0; [email protected])"
216.73.216.247 - - [21/Jul/2025:00:00:00 +0000] "GET /robots.txt HTTP/1.1" 200 94 "-" "Mozilla/5.0 AppleWebKit/537.36 (KHTML, like Gecko; compatible; ClaudeBot/1.0; [email protected])"
216.73.216.247 - - [21/Jul/2025:00:00:00 +0000] "GET /shopdetail/1212859240.shtml HTTP/1.1" 404 24729 "-" "Mozilla/5.0 AppleWebKit/537.36 (KHTML, like Gecko; compatible; ClaudeBot/1.0; [email protected])"
216.73.216.247 - - [21/Jul/2025:00:00:06 +0000] "GET /shopdetail/1212919630.shtml HTTP/1.1" 404 24731 "-" "Mozilla/5.0 AppleWebKit/537.36 (KHTML, like Gecko; compatible; ClaudeBot/1.0; [email protected])"
216.73.216.247 - - [21/Jul/2025:00:00:09 +0000] "GET /shopdetail/1212830930.shtml HTTP/1.1" 404 24729 "-" "Mozilla/5.0 AppleWebKit/537.36 (KHTML, like Gecko; compatible; ClaudeBot/1.0; [email protected])"
209.74.77.214 - - [21/Jul/2025:00:00:13 +0000] "POST /wp-cron.php?doing_wp_cron=1753056013.0998818874359130859375 HTTP/1.1" 200 - "-" "WordPress/6.8.2; https://cartel.express"
216.73.216.247 - - [21/Jul/2025:00:00:12 +0000] "GET /shopdetail/1212279342.shtml HTTP/1.1" 404 24733 "-" "Mozilla/5.0 AppleWebKit/537.36 (KHTML, like Gecko; compatible; ClaudeBot/1.0; [email protected])"
216.73.216.247 - - [21/Jul/2025:00:00:15 +0000] "GET /shopdetail/1212522004.shtml HTTP/1.1" 404 24730 "-" "Mozilla/5.0 AppleWebKit/537.36 (KHTML, like Gecko; compatible; ClaudeBot/1.0; [email protected])"
216.73.216.247 - - [21/Jul/2025:00:00:18 +0000] "GET /shopdetail/1213032412.shtml HTTP/1.1" 404 24728 "-" "Mozilla/5.0 AppleWebKit/537.36 (KHTML, like Gecko; compatible; ClaudeBot/1.0; [email protected])"
216.73.216.247 - - [21/Jul/2025:00:00:21 +0000] "GET /shopdetail/1213048384.shtml HTTP/1.1" 404 24729 "-" "Mozilla/5.0 AppleWebKit/537.36 (KHTML, like Gecko; compatible; ClaudeBot/1.0; [email protected])"
209.74.77.214 - - [21/Jul/2025:00:00:27 +0000] "POST /wp-cron.php?doing_wp_cron=1753056027.4643199443817138671875 HTTP/1.1" 200 - "-" "WordPress/6.8.2; https://cartel.express"
216.73.216.247 - - [21/Jul/2025:00:00:25 +0000] "GET /shopdetail/1212719138.shtml HTTP/1.1" 404 24728 "-" "Mozilla/5.0 AppleWebKit/537.36 (KHTML, like Gecko; compatible; ClaudeBot/1.0; [email protected])"
209.74.77.214 - - [21/Jul/2025:00:00:31 +0000] "POST /wp-cron.php?doing_wp_cron=1753056031.1332819461822509765625 HTTP/1.1" 200 - "-" "WordPress/6.8.2; https://cartel.express"
216.73.216.247 - - [21/Jul/2025:00:00:30 +0000] "GET /shopdetail/1212793308.shtml HTTP/1.1" 404 24730 "-" "Mozilla/5.0 AppleWebKit/537.36 (KHTML, like Gecko; compatible; ClaudeBot/1.0; [email protected])"
66.249.73.128 - - [21/Jul/2025:00:00:32 +0000] "GET /shopdetail/60405202.shtml HTTP/1.1" 200 17995 "-" "Mozilla/5.0 (compatible; Googlebot/2.1; +http://www.google.com/bot.html)"
216.73.216.247 - - [21/Jul/2025:00:00:33 +0000] "GET /shopdetail/1212695240.shtml HTTP/1.1" 404 24728 "-" "Mozilla/5.0 AppleWebKit/537.36 (KHTML, like Gecko; compatible; ClaudeBot/1.0; [email protected])"
216.73.216.247 - - [21/Jul/2025:00:00:36 +0000] "GET /shopdetail/1212468486.shtml HTTP/1.1" 404 24730 "-" "Mozilla/5.0 AppleWebKit/537.36 (KHTML, like Gecko; compatible; ClaudeBot/1.0; [email protected])"
216.73.216.247 - - [21/Jul/2025:00:00:39 +0000] "GET /shopdetail/1212533484.shtml HTTP/1.1" 404 24730 "-" "Mozilla/5.0 AppleWebKit/537.36 (KHTML, like Gecko; compatible; ClaudeBot/1.0; [email protected])"
216.73.216.247 - - [21/Jul/2025:00:00:42 +0000] "GET /shopdetail/1212794242.shtml HTTP/1.1" 404 24730 "-" "Mozilla/5.0 AppleWebKit/537.36 (KHTML, like Gecko; compatible; ClaudeBot/1.0; [email protected])"
216.73.216.247 - - [21/Jul/2025:00:00:45 +0000] "GET /shopdetail/1212599676.shtml HTTP/1.1" 404 24729 "-" "Mozilla/5.0 AppleWebKit/537.36 (KHTML, like Gecko; compatible; ClaudeBot/1.0; [email protected])"
209.74.77.214 - - [21/Jul/2025:00:00:49 +0000] "POST /wp-cron.php?doing_wp_cron=1753056049.0555698871612548828125 HTTP/1.1" 200 - "-" "WordPress/6.8.2; https://cartel.express"
216.73.216.247 - - [21/Jul/2025:00:00:48 +0000] "GET /shopdetail/1212501608.shtml HTTP/1.1" 404 24729 "-" "Mozilla/5.0 AppleWebKit/537.36 (KHTML, like Gecko; compatible; ClaudeBot/1.0; [email protected])"
216.73.216.247 - - [21/Jul/2025:00:00:51 +0000] "GET /shopdetail/1212920620.shtml HTTP/1.1" 404 24729 "-" "Mozilla/5.0 AppleWebKit/537.36 (KHTML, like Gecko; compatible; ClaudeBot/1.0; [email protected])"
