66.249.73.132 - - [20/Jul/2025:17:51:57 +0000] "POST /get-message-notify HTTP/1.1" 200 18672 "https://cartel.express/shopdetail/1438110308.shtml" "Mozilla/5.0 (Linux; Android 6.0.1; Nexus 5X Build/MMB29P) AppleWebKit/537.36 (KHTML, like Gecko) Chrome/137.0.7151.119 Mobile Safari/537.36 (compatible; Googlebot/2.1; +http://www.google.com/bot.html)"
20.171.207.101 - - [20/Jul/2025:17:51:57 +0000] "GET /shopdetail/2443204344.shtml HTTP/1.1" 404 24729 "-" "Mozilla/5.0 AppleWebKit/537.36 (KHTML, like Gecko; compatible; GPTBot/1.2; +https://openai.com/gptbot)"
66.249.73.132 - - [20/Jul/2025:17:52:00 +0000] "GET /shopdetail/207726336.shtml HTTP/1.1" 200 18744 "-" "Mozilla/5.0 (Linux; Android 6.0.1; Nexus 5X Build/MMB29P) AppleWebKit/537.36 (KHTML, like Gecko) Chrome/137.0.7151.103 Mobile Safari/537.36 (compatible; Googlebot/2.1; +http://www.google.com/bot.html)"
20.171.207.101 - - [20/Jul/2025:17:52:00 +0000] "GET /shopdetail/2443262362.shtml HTTP/1.1" 404 24730 "-" "Mozilla/5.0 AppleWebKit/537.36 (KHTML, like Gecko; compatible; GPTBot/1.2; +https://openai.com/gptbot)"
66.249.73.128 - - [20/Jul/2025:17:52:02 +0000] "POST /get-message-notify HTTP/1.1" 200 18672 "https://cartel.express/shopdetail/1438085036.shtml" "Mozilla/5.0 (Linux; Android 6.0.1; Nexus 5X Build/MMB29P) AppleWebKit/537.36 (KHTML, like Gecko) Chrome/137.0.7151.119 Mobile Safari/537.36 (compatible; Googlebot/2.1; +http://www.google.com/bot.html)"
20.171.207.101 - - [20/Jul/2025:17:52:02 +0000] "GET /shopdetail/2443467474.shtml HTTP/1.1" 404 24730 "-" "Mozilla/5.0 AppleWebKit/537.36 (KHTML, like Gecko; compatible; GPTBot/1.2; +https://openai.com/gptbot)"
66.249.73.128 - - [20/Jul/2025:17:52:03 +0000] "GET /shopdetail/7079770.shtml HTTP/1.1" 200 18400 "-" "Mozilla/5.0 (Linux; Android 6.0.1; Nexus 5X Build/MMB29P) AppleWebKit/537.36 (KHTML, like Gecko) Chrome/137.0.7151.103 Mobile Safari/537.36 (compatible; Googlebot/2.1; +http://www.google.com/bot.html)"
20.171.207.101 - - [20/Jul/2025:17:52:04 +0000] "GET /shopdetail/2443213324.shtml HTTP/1.1" 404 24729 "-" "Mozilla/5.0 AppleWebKit/537.36 (KHTML, like Gecko; compatible; GPTBot/1.2; +https://openai.com/gptbot)"
66.249.73.132 - - [20/Jul/2025:17:52:06 +0000] "GET /shopdetail/7090994.shtml HTTP/1.1" 200 18154 "-" "Mozilla/5.0 (Linux; Android 6.0.1; Nexus 5X Build/MMB29P) AppleWebKit/537.36 (KHTML, like Gecko) Chrome/137.0.7151.103 Mobile Safari/537.36 (compatible; Googlebot/2.1; +http://www.google.com/bot.html)"
66.249.73.131 - - [20/Jul/2025:17:52:07 +0000] "POST /get-message-notify HTTP/1.1" 200 18672 "https://cartel.express/shopdetail/1438103640.shtml" "Mozilla/5.0 (Linux; Android 6.0.1; Nexus 5X Build/MMB29P) AppleWebKit/537.36 (KHTML, like Gecko) Chrome/137.0.7151.119 Mobile Safari/537.36 (compatible; Googlebot/2.1; +http://www.google.com/bot.html)"
20.171.207.101 - - [20/Jul/2025:17:52:07 +0000] "GET /shopdetail/2443441400.shtml HTTP/1.1" 404 24729 "-" "Mozilla/5.0 AppleWebKit/537.36 (KHTML, like Gecko; compatible; GPTBot/1.2; +https://openai.com/gptbot)"
66.249.73.132 - - [20/Jul/2025:17:52:09 +0000] "GET /shopdetail/4234358.shtml HTTP/1.1" 200 19022 "-" "Mozilla/5.0 (Linux; Android 6.0.1; Nexus 5X Build/MMB29P) AppleWebKit/537.36 (KHTML, like Gecko) Chrome/137.0.7151.103 Mobile Safari/537.36 (compatible; Googlebot/2.1; +http://www.google.com/bot.html)"
20.171.207.101 - - [20/Jul/2025:17:52:10 +0000] "GET /shopdetail/2443162178.shtml HTTP/1.1" 404 24730 "-" "Mozilla/5.0 AppleWebKit/537.36 (KHTML, like Gecko; compatible; GPTBot/1.2; +https://openai.com/gptbot)"
66.249.73.131 - - [20/Jul/2025:17:52:12 +0000] "GET /shopdetail/2830454420.shtml HTTP/1.1" 200 20755 "-" "Mozilla/5.0 (Linux; Android 6.0.1; Nexus 5X Build/MMB29P) AppleWebKit/537.36 (KHTML, like Gecko) Chrome/137.0.7151.103 Mobile Safari/537.36 (compatible; Googlebot/2.1; +http://www.google.com/bot.html)"
209.74.77.214 - - [20/Jul/2025:17:52:13 +0000] "POST /wp-cron.php?doing_wp_cron=1753033933.7217869758605957031250 HTTP/1.1" 200 - "-" "WordPress/6.8.2; https://cartel.express"
20.171.207.101 - - [20/Jul/2025:17:52:13 +0000] "GET /shopdetail/2443067732.shtml HTTP/1.1" 404 24728 "-" "Mozilla/5.0 AppleWebKit/537.36 (KHTML, like Gecko; compatible; GPTBot/1.2; +https://openai.com/gptbot)"
66.249.73.131 - - [20/Jul/2025:17:52:15 +0000] "GET /shopdetail/4345634.shtml HTTP/1.1" 200 18352 "-" "Mozilla/5.0 (Linux; Android 6.0.1; Nexus 5X Build/MMB29P) AppleWebKit/537.36 (KHTML, like Gecko) Chrome/137.0.7151.103 Mobile Safari/537.36 (compatible; Googlebot/2.1; +http://www.google.com/bot.html)"
20.171.207.101 - - [20/Jul/2025:17:52:15 +0000] "GET /shopdetail/2442893310.shtml HTTP/1.1" 404 24729 "-" "Mozilla/5.0 AppleWebKit/537.36 (KHTML, like Gecko; compatible; GPTBot/1.2; +https://openai.com/gptbot)"
66.249.73.131 - - [20/Jul/2025:17:52:17 +0000] "POST /get-message-notify HTTP/1.1" 200 18672 "https://cartel.express/shopdetail/2830454420.shtml" "Mozilla/5.0 (Linux; Android 6.0.1; Nexus 5X Build/MMB29P) AppleWebKit/537.36 (KHTML, like Gecko) Chrome/137.0.7151.119 Mobile Safari/537.36 (compatible; Googlebot/2.1; +http://www.google.com/bot.html)"
20.171.207.101 - - [20/Jul/2025:17:52:18 +0000] "GET /shopdetail/2443502780.shtml HTTP/1.1" 404 24729 "-" "Mozilla/5.0 AppleWebKit/537.36 (KHTML, like Gecko; compatible; GPTBot/1.2; +https://openai.com/gptbot)"
66.249.73.131 - - [20/Jul/2025:17:52:20 +0000] "GET /shopdetail/1438090974.shtml HTTP/1.1" 200 19283 "-" "Mozilla/5.0 (Linux; Android 6.0.1; Nexus 5X Build/MMB29P) AppleWebKit/537.36 (KHTML, like Gecko) Chrome/137.0.7151.103 Mobile Safari/537.36 (compatible; Googlebot/2.1; +http://www.google.com/bot.html)"
20.171.207.101 - - [20/Jul/2025:17:52:20 +0000] "GET /shopdetail/2442935480.shtml HTTP/1.1" 404 24728 "-" "Mozilla/5.0 AppleWebKit/537.36 (KHTML, like Gecko; compatible; GPTBot/1.2; +https://openai.com/gptbot)"
20.171.207.101 - - [20/Jul/2025:17:52:22 +0000] "GET /shopdetail/2443149572.shtml HTTP/1.1" 404 24727 "-" "Mozilla/5.0 AppleWebKit/537.36 (KHTML, like Gecko; compatible; GPTBot/1.2; +https://openai.com/gptbot)"
66.249.73.131 - - [20/Jul/2025:17:52:23 +0000] "GET /shopdetail/1438128588.shtml HTTP/1.1" 200 18871 "-" "Mozilla/5.0 (Linux; Android 6.0.1; Nexus 5X Build/MMB29P) AppleWebKit/537.36 (KHTML, like Gecko) Chrome/137.0.7151.103 Mobile Safari/537.36 (compatible; Googlebot/2.1; +http://www.google.com/bot.html)"
20.171.207.101 - - [20/Jul/2025:17:52:24 +0000] "GET /shopdetail/2443075594.shtml HTTP/1.1" 404 24730 "-" "Mozilla/5.0 AppleWebKit/537.36 (KHTML, like Gecko; compatible; GPTBot/1.2; +https://openai.com/gptbot)"
66.249.73.131 - - [20/Jul/2025:17:52:25 +0000] "GET /shopdetail/1438104570.shtml HTTP/1.1" 200 19084 "-" "Mozilla/5.0 (Linux; Android 6.0.1; Nexus 5X Build/MMB29P) AppleWebKit/537.36 (KHTML, like Gecko) Chrome/137.0.7151.103 Mobile Safari/537.36 (compatible; Googlebot/2.1; +http://www.google.com/bot.html)"
66.249.73.131 - - [20/Jul/2025:17:52:26 +0000] "GET /shopdetail/1438124100.shtml HTTP/1.1" 200 20449 "-" "Mozilla/5.0 (Linux; Android 6.0.1; Nexus 5X Build/MMB29P) AppleWebKit/537.36 (KHTML, like Gecko) Chrome/137.0.7151.103 Mobile Safari/537.36 (compatible; Googlebot/2.1; +http://www.google.com/bot.html)"
20.171.207.101 - - [20/Jul/2025:17:52:28 +0000] "GET /shopdetail/2443002538.shtml HTTP/1.1" 404 24729 "-" "Mozilla/5.0 AppleWebKit/537.36 (KHTML, like Gecko; compatible; GPTBot/1.2; +https://openai.com/gptbot)"
66.249.73.131 - - [20/Jul/2025:17:52:30 +0000] "POST /get-message-notify HTTP/1.1" 200 18672 "https://cartel.express/shopdetail/1438128588.shtml" "Mozilla/5.0 (Linux; Android 6.0.1; Nexus 5X Build/MMB29P) AppleWebKit/537.36 (KHTML, like Gecko) Chrome/137.0.7151.119 Mobile Safari/537.36 (compatible; Googlebot/2.1; +http://www.google.com/bot.html)"
66.249.73.131 - - [20/Jul/2025:17:52:30 +0000] "GET /shopdetail/1438074810.shtml HTTP/1.1" 200 19392 "-" "Mozilla/5.0 (Linux; Android 6.0.1; Nexus 5X Build/MMB29P) AppleWebKit/537.36 (KHTML, like Gecko) Chrome/137.0.7151.103 Mobile Safari/537.36 (compatible; Googlebot/2.1; +http://www.google.com/bot.html)"
20.171.207.101 - - [20/Jul/2025:17:52:31 +0000] "GET /shopdetail/2443207718.shtml HTTP/1.1" 404 24728 "-" "Mozilla/5.0 AppleWebKit/537.36 (KHTML, like Gecko; compatible; GPTBot/1.2; +https://openai.com/gptbot)"
66.249.73.131 - - [20/Jul/2025:17:52:32 +0000] "GET /shopdetail/1438079558.shtml HTTP/1.1" 200 19298 "-" "Mozilla/5.0 (Linux; Android 6.0.1; Nexus 5X Build/MMB29P) AppleWebKit/537.36 (KHTML, like Gecko) Chrome/137.0.7151.103 Mobile Safari/537.36 (compatible; Googlebot/2.1; +http://www.google.com/bot.html)"
20.171.207.101 - - [20/Jul/2025:17:52:33 +0000] "GET /shopdetail/2443081328.shtml HTTP/1.1" 404 24728 "-" "Mozilla/5.0 AppleWebKit/537.36 (KHTML, like Gecko; compatible; GPTBot/1.2; +https://openai.com/gptbot)"
66.249.73.131 - - [20/Jul/2025:17:52:34 +0000] "POST /get-message-notify HTTP/1.1" 200 18672 "https://cartel.express/shopdetail/1438074810.shtml" "Mozilla/5.0 (Linux; Android 6.0.1; Nexus 5X Build/MMB29P) AppleWebKit/537.36 (KHTML, like Gecko) Chrome/137.0.7151.119 Mobile Safari/537.36 (compatible; Googlebot/2.1; +http://www.google.com/bot.html)"
20.171.207.101 - - [20/Jul/2025:17:52:35 +0000] "GET /shopdetail/2443162178.shtml HTTP/1.1" 404 24730 "-" "Mozilla/5.0 AppleWebKit/537.36 (KHTML, like Gecko; compatible; GPTBot/1.2; +https://openai.com/gptbot)"
66.249.73.131 - - [20/Jul/2025:17:52:35 +0000] "GET /shopdetail/1438098828.shtml HTTP/1.1" 200 18816 "-" "Mozilla/5.0 (Linux; Android 6.0.1; Nexus 5X Build/MMB29P) AppleWebKit/537.36 (KHTML, like Gecko) Chrome/137.0.7151.103 Mobile Safari/537.36 (compatible; Googlebot/2.1; +http://www.google.com/bot.html)"
20.171.207.101 - - [20/Jul/2025:17:52:38 +0000] "GET /shopdetail/2443596228.shtml HTTP/1.1" 404 24727 "-" "Mozilla/5.0 AppleWebKit/537.36 (KHTML, like Gecko; compatible; GPTBot/1.2; +https://openai.com/gptbot)"
66.249.73.131 - - [20/Jul/2025:17:52:38 +0000] "GET /shopdetail/207732146.shtml HTTP/1.1" 200 19351 "-" "Mozilla/5.0 (Linux; Android 6.0.1; Nexus 5X Build/MMB29P) AppleWebKit/537.36 (KHTML, like Gecko) Chrome/137.0.7151.103 Mobile Safari/537.36 (compatible; Googlebot/2.1; +http://www.google.com/bot.html)"
66.249.73.132 - - [20/Jul/2025:17:52:38 +0000] "POST /get-message-notify HTTP/1.1" 200 18672 "https://cartel.express/shopdetail/1438079558.shtml" "Mozilla/5.0 (Linux; Android 6.0.1; Nexus 5X Build/MMB29P) AppleWebKit/537.36 (KHTML, like Gecko) Chrome/137.0.7151.119 Mobile Safari/537.36 (compatible; Googlebot/2.1; +http://www.google.com/bot.html)"
20.171.207.101 - - [20/Jul/2025:17:52:40 +0000] "GET /shopdetail/2443368540.shtml HTTP/1.1" 404 24729 "-" "Mozilla/5.0 AppleWebKit/537.36 (KHTML, like Gecko; compatible; GPTBot/1.2; +https://openai.com/gptbot)"
66.249.73.132 - - [20/Jul/2025:17:52:41 +0000] "GET /shopdetail/207727590.shtml HTTP/1.1" 200 19535 "-" "Mozilla/5.0 (Linux; Android 6.0.1; Nexus 5X Build/MMB29P) AppleWebKit/537.36 (KHTML, like Gecko) Chrome/137.0.7151.103 Mobile Safari/537.36 (compatible; Googlebot/2.1; +http://www.google.com/bot.html)"
66.249.73.132 - - [20/Jul/2025:17:52:42 +0000] "GET /shopdetail/1419241376.shtml HTTP/1.1" 200 19208 "-" "Mozilla/5.0 (Linux; Android 6.0.1; Nexus 5X Build/MMB29P) AppleWebKit/537.36 (KHTML, like Gecko) Chrome/137.0.7151.103 Mobile Safari/537.36 (compatible; Googlebot/2.1; +http://www.google.com/bot.html)"
20.171.207.101 - - [20/Jul/2025:17:52:44 +0000] "GET /shopdetail/2443641700.shtml HTTP/1.1" 404 24730 "-" "Mozilla/5.0 AppleWebKit/537.36 (KHTML, like Gecko; compatible; GPTBot/1.2; +https://openai.com/gptbot)"
66.249.73.131 - - [20/Jul/2025:17:52:45 +0000] "POST /get-message-notify HTTP/1.1" 200 18672 "https://cartel.express/shopdetail/1419241376.shtml" "Mozilla/5.0 (Linux; Android 6.0.1; Nexus 5X Build/MMB29P) AppleWebKit/537.36 (KHTML, like Gecko) Chrome/137.0.7151.119 Mobile Safari/537.36 (compatible; Googlebot/2.1; +http://www.google.com/bot.html)"
66.249.73.131 - - [20/Jul/2025:17:52:45 +0000] "GET /shopdetail/4237592.shtml HTTP/1.1" 200 20598 "-" "Mozilla/5.0 (Linux; Android 6.0.1; Nexus 5X Build/MMB29P) AppleWebKit/537.36 (KHTML, like Gecko) Chrome/137.0.7151.103 Mobile Safari/537.36 (compatible; Googlebot/2.1; +http://www.google.com/bot.html)"
20.171.207.101 - - [20/Jul/2025:17:52:46 +0000] "GET /shopdetail/2443147456.shtml HTTP/1.1" 404 24730 "-" "Mozilla/5.0 AppleWebKit/537.36 (KHTML, like Gecko; compatible; GPTBot/1.2; +https://openai.com/gptbot)"
66.249.73.131 - - [20/Jul/2025:17:52:47 +0000] "GET /shopdetail/682426044.shtml HTTP/1.1" 200 22395 "-" "Mozilla/5.0 (Linux; Android 6.0.1; Nexus 5X Build/MMB29P) AppleWebKit/537.36 (KHTML, like Gecko) Chrome/137.0.7151.103 Mobile Safari/537.36 (compatible; Googlebot/2.1; +http://www.google.com/bot.html)"
209.74.77.214 - - [20/Jul/2025:17:52:49 +0000] "POST /wp-cron.php?doing_wp_cron=1753033969.2140190601348876953125 HTTP/1.1" 200 - "-" "WordPress/6.8.2; https://cartel.express"
20.171.207.101 - - [20/Jul/2025:17:52:48 +0000] "GET /shopdetail/2443560730.shtml HTTP/1.1" 404 24728 "-" "Mozilla/5.0 AppleWebKit/537.36 (KHTML, like Gecko; compatible; GPTBot/1.2; +https://openai.com/gptbot)"
20.171.207.101 - - [20/Jul/2025:17:52:51 +0000] "GET /shopdetail/2443517502.shtml HTTP/1.1" 404 24731 "-" "Mozilla/5.0 AppleWebKit/537.36 (KHTML, like Gecko; compatible; GPTBot/1.2; +https://openai.com/gptbot)"
20.171.207.101 - - [20/Jul/2025:17:52:54 +0000] "GET /shopdetail/2443615506.shtml HTTP/1.1" 404 24730 "-" "Mozilla/5.0 AppleWebKit/537.36 (KHTML, like Gecko; compatible; GPTBot/1.2; +https://openai.com/gptbot)"
20.171.207.101 - - [20/Jul/2025:17:52:57 +0000] "GET /shopdetail/2443069848.shtml HTTP/1.1" 404 24730 "-" "Mozilla/5.0 AppleWebKit/537.36 (KHTML, like Gecko; compatible; GPTBot/1.2; +https://openai.com/gptbot)"
20.171.207.101 - - [20/Jul/2025:17:53:00 +0000] "GET /shopdetail/2443328618.shtml HTTP/1.1" 404 24728 "-" "Mozilla/5.0 AppleWebKit/537.36 (KHTML, like Gecko; compatible; GPTBot/1.2; +https://openai.com/gptbot)"
20.171.207.101 - - [20/Jul/2025:17:53:03 +0000] "GET /shopdetail/2443653120.shtml HTTP/1.1" 404 24726 "-" "Mozilla/5.0 AppleWebKit/537.36 (KHTML, like Gecko; compatible; GPTBot/1.2; +https://openai.com/gptbot)"
20.171.207.101 - - [20/Jul/2025:17:53:05 +0000] "GET /shopdetail/2443147196.shtml HTTP/1.1" 404 24730 "-" "Mozilla/5.0 AppleWebKit/537.36 (KHTML, like Gecko; compatible; GPTBot/1.2; +https://openai.com/gptbot)"
20.171.207.101 - - [20/Jul/2025:17:53:08 +0000] "GET /shopdetail/2443318060.shtml HTTP/1.1" 404 24728 "-" "Mozilla/5.0 AppleWebKit/537.36 (KHTML, like Gecko; compatible; GPTBot/1.2; +https://openai.com/gptbot)"
20.171.207.101 - - [20/Jul/2025:17:53:11 +0000] "GET /shopdetail/2443378450.shtml HTTP/1.1" 404 24729 "-" "Mozilla/5.0 AppleWebKit/537.36 (KHTML, like Gecko; compatible; GPTBot/1.2; +https://openai.com/gptbot)"
209.74.77.214 - - [20/Jul/2025:17:53:14 +0000] "POST /wp-cron.php?doing_wp_cron=1753033994.8064260482788085937500 HTTP/1.1" 200 - "-" "WordPress/6.8.2; https://cartel.express"
20.171.207.101 - - [20/Jul/2025:17:53:14 +0000] "GET /shopdetail/2443501466.shtml HTTP/1.1" 404 24729 "-" "Mozilla/5.0 AppleWebKit/537.36 (KHTML, like Gecko; compatible; GPTBot/1.2; +https://openai.com/gptbot)"
20.171.207.101 - - [20/Jul/2025:17:53:15 +0000] "GET /shopdetail/2442917328.shtml HTTP/1.1" 404 24729 "-" "Mozilla/5.0 AppleWebKit/537.36 (KHTML, like Gecko; compatible; GPTBot/1.2; +https://openai.com/gptbot)"
20.171.207.101 - - [20/Jul/2025:17:53:18 +0000] "GET /shopdetail/2443281696.shtml HTTP/1.1" 404 24731 "-" "Mozilla/5.0 AppleWebKit/537.36 (KHTML, like Gecko; compatible; GPTBot/1.2; +https://openai.com/gptbot)"
20.171.207.101 - - [20/Jul/2025:17:53:22 +0000] "GET /shopdetail/2443583630.shtml HTTP/1.1" 404 24731 "-" "Mozilla/5.0 AppleWebKit/537.36 (KHTML, like Gecko; compatible; GPTBot/1.2; +https://openai.com/gptbot)"
20.171.207.101 - - [20/Jul/2025:17:53:24 +0000] "GET /shopdetail/2443676016.shtml HTTP/1.1" 404 24728 "-" "Mozilla/5.0 AppleWebKit/537.36 (KHTML, like Gecko; compatible; GPTBot/1.2; +https://openai.com/gptbot)"
209.74.77.214 - - [20/Jul/2025:17:53:26 +0000] "POST /wp-cron.php?doing_wp_cron=1753034006.1699481010437011718750 HTTP/1.1" 200 - "-" "WordPress/6.8.2; https://cartel.express"
20.171.207.101 - - [20/Jul/2025:17:53:25 +0000] "GET /shopdetail/2443369470.shtml HTTP/1.1" 404 24729 "-" "Mozilla/5.0 AppleWebKit/537.36 (KHTML, like Gecko; compatible; GPTBot/1.2; +https://openai.com/gptbot)"
20.171.207.101 - - [20/Jul/2025:17:53:28 +0000] "GET /shopdetail/2442978708.shtml HTTP/1.1" 404 24728 "-" "Mozilla/5.0 AppleWebKit/537.36 (KHTML, like Gecko; compatible; GPTBot/1.2; +https://openai.com/gptbot)"
20.171.207.101 - - [20/Jul/2025:17:53:31 +0000] "GET /shopdetail/2442957066.shtml HTTP/1.1" 404 24728 "-" "Mozilla/5.0 AppleWebKit/537.36 (KHTML, like Gecko; compatible; GPTBot/1.2; +https://openai.com/gptbot)"
20.171.207.101 - - [20/Jul/2025:17:53:33 +0000] "GET /shopdetail/2443521926.shtml HTTP/1.1" 404 24729 "-" "Mozilla/5.0 AppleWebKit/537.36 (KHTML, like Gecko; compatible; GPTBot/1.2; +https://openai.com/gptbot)"
20.171.207.101 - - [20/Jul/2025:17:53:36 +0000] "GET /shopdetail/2443073154.shtml HTTP/1.1" 404 24730 "-" "Mozilla/5.0 AppleWebKit/537.36 (KHTML, like Gecko; compatible; GPTBot/1.2; +https://openai.com/gptbot)"
20.171.207.101 - - [20/Jul/2025:17:53:39 +0000] "GET /shopdetail/2443109842.shtml HTTP/1.1" 404 24730 "-" "Mozilla/5.0 AppleWebKit/537.36 (KHTML, like Gecko; compatible; GPTBot/1.2; +https://openai.com/gptbot)"
20.171.207.101 - - [20/Jul/2025:17:53:44 +0000] "GET /shopdetail/2443142708.shtml HTTP/1.1" 404 24728 "-" "Mozilla/5.0 AppleWebKit/537.36 (KHTML, like Gecko; compatible; GPTBot/1.2; +https://openai.com/gptbot)"
20.171.207.101 - - [20/Jul/2025:17:53:45 +0000] "GET /shopdetail/2443572210.shtml HTTP/1.1" 404 24729 "-" "Mozilla/5.0 AppleWebKit/537.36 (KHTML, like Gecko; compatible; GPTBot/1.2; +https://openai.com/gptbot)"
209.74.77.214 - - [20/Jul/2025:17:53:47 +0000] "POST /wp-cron.php?doing_wp_cron=1753034027.7542469501495361328125 HTTP/1.1" 200 - "-" "WordPress/6.8.2; https://cartel.express"
20.171.207.101 - - [20/Jul/2025:17:53:47 +0000] "GET /shopdetail/2443256680.shtml HTTP/1.1" 404 24727 "-" "Mozilla/5.0 AppleWebKit/537.36 (KHTML, like Gecko; compatible; GPTBot/1.2; +https://openai.com/gptbot)"
66.249.73.132 - - [20/Jul/2025:17:53:50 +0000] "GET /shopdetail/163772906.shtml HTTP/1.1" 200 20961 "-" "Mozilla/5.0 (Linux; Android 6.0.1; Nexus 5X Build/MMB29P) AppleWebKit/537.36 (KHTML, like Gecko) Chrome/137.0.7151.103 Mobile Safari/537.36 (compatible; Googlebot/2.1; +http://www.google.com/bot.html)"
20.171.207.101 - - [20/Jul/2025:17:53:50 +0000] "GET /shopdetail/2443165540.shtml HTTP/1.1" 404 24727 "-" "Mozilla/5.0 AppleWebKit/537.36 (KHTML, like Gecko; compatible; GPTBot/1.2; +https://openai.com/gptbot)"
66.249.73.131 - - [20/Jul/2025:17:53:52 +0000] "GET /shopdetail/56499970.shtml HTTP/1.1" 200 18698 "-" "Mozilla/5.0 (Linux; Android 6.0.1; Nexus 5X Build/MMB29P) AppleWebKit/537.36 (KHTML, like Gecko) Chrome/137.0.7151.103 Mobile Safari/537.36 (compatible; Googlebot/2.1; +http://www.google.com/bot.html)"
66.249.73.131 - - [20/Jul/2025:17:53:53 +0000] "GET /shopdetail/163779834.shtml HTTP/1.1" 200 18587 "-" "Mozilla/5.0 (Linux; Android 6.0.1; Nexus 5X Build/MMB29P) AppleWebKit/537.36 (KHTML, like Gecko) Chrome/137.0.7151.103 Mobile Safari/537.36 (compatible; Googlebot/2.1; +http://www.google.com/bot.html)"
20.171.207.101 - - [20/Jul/2025:17:53:53 +0000] "GET /shopdetail/2442990188.shtml HTTP/1.1" 404 24730 "-" "Mozilla/5.0 AppleWebKit/537.36 (KHTML, like Gecko; compatible; GPTBot/1.2; +https://openai.com/gptbot)"
20.171.207.101 - - [20/Jul/2025:17:53:55 +0000] "GET /shopdetail/2443617878.shtml HTTP/1.1" 404 24729 "-" "Mozilla/5.0 AppleWebKit/537.36 (KHTML, like Gecko; compatible; GPTBot/1.2; +https://openai.com/gptbot)"
66.249.73.132 - - [20/Jul/2025:17:53:58 +0000] "GET /shopdetail/58848958.shtml HTTP/1.1" 200 18062 "-" "Mozilla/5.0 (Linux; Android 6.0.1; Nexus 5X Build/MMB29P) AppleWebKit/537.36 (KHTML, like Gecko) Chrome/137.0.7151.103 Mobile Safari/537.36 (compatible; Googlebot/2.1; +http://www.google.com/bot.html)"
20.171.207.101 - - [20/Jul/2025:17:53:57 +0000] "GET /shopdetail/2443188376.shtml HTTP/1.1" 404 24730 "-" "Mozilla/5.0 AppleWebKit/537.36 (KHTML, like Gecko; compatible; GPTBot/1.2; +https://openai.com/gptbot)"
20.171.207.101 - - [20/Jul/2025:17:54:01 +0000] "GET /shopdetail/2443593856.shtml HTTP/1.1" 404 24728 "-" "Mozilla/5.0 AppleWebKit/537.36 (KHTML, like Gecko; compatible; GPTBot/1.2; +https://openai.com/gptbot)"
66.249.73.128 - - [20/Jul/2025:17:54:02 +0000] "POST /get-message-notify HTTP/1.1" 200 18672 "https://cartel.express/shopdetail/58848958.shtml" "Mozilla/5.0 (Linux; Android 6.0.1; Nexus 5X Build/MMB29P) AppleWebKit/537.36 (KHTML, like Gecko) Chrome/137.0.7151.119 Mobile Safari/537.36 (compatible; Googlebot/2.1; +http://www.google.com/bot.html)"
66.249.73.132 - - [20/Jul/2025:17:54:02 +0000] "GET /shopdetail/252558560.shtml HTTP/1.1" 200 19553 "-" "Mozilla/5.0 (Linux; Android 6.0.1; Nexus 5X Build/MMB29P) AppleWebKit/537.36 (KHTML, like Gecko) Chrome/137.0.7151.103 Mobile Safari/537.36 (compatible; Googlebot/2.1; +http://www.google.com/bot.html)"
66.249.73.128 - - [20/Jul/2025:17:54:03 +0000] "GET /shopdetail/252559686.shtml HTTP/1.1" 200 17950 "-" "Mozilla/5.0 (Linux; Android 6.0.1; Nexus 5X Build/MMB29P) AppleWebKit/537.36 (KHTML, like Gecko) Chrome/137.0.7151.103 Mobile Safari/537.36 (compatible; Googlebot/2.1; +http://www.google.com/bot.html)"
20.171.207.101 - - [20/Jul/2025:17:54:03 +0000] "GET /shopdetail/2443537962.shtml HTTP/1.1" 404 24729 "-" "Mozilla/5.0 AppleWebKit/537.36 (KHTML, like Gecko; compatible; GPTBot/1.2; +https://openai.com/gptbot)"
20.171.207.101 - - [20/Jul/2025:17:54:05 +0000] "GET /shopdetail/2442918326.shtml HTTP/1.1" 404 24729 "-" "Mozilla/5.0 AppleWebKit/537.36 (KHTML, like Gecko; compatible; GPTBot/1.2; +https://openai.com/gptbot)"
66.249.73.128 - - [20/Jul/2025:17:54:06 +0000] "GET /shopdetail/252557314.shtml HTTP/1.1" 200 18634 "-" "Mozilla/5.0 (Linux; Android 6.0.1; Nexus 5X Build/MMB29P) AppleWebKit/537.36 (KHTML, like Gecko) Chrome/137.0.7151.103 Mobile Safari/537.36 (compatible; Googlebot/2.1; +http://www.google.com/bot.html)"
20.171.207.101 - - [20/Jul/2025:17:54:08 +0000] "GET /shopdetail/2443579074.shtml HTTP/1.1" 404 24727 "-" "Mozilla/5.0 AppleWebKit/537.36 (KHTML, like Gecko; compatible; GPTBot/1.2; +https://openai.com/gptbot)"
66.249.73.132 - - [20/Jul/2025:17:54:09 +0000] "GET /shopdetail/2466793376.shtml HTTP/1.1" 200 21530 "-" "Mozilla/5.0 (Linux; Android 6.0.1; Nexus 5X Build/MMB29P) AppleWebKit/537.36 (KHTML, like Gecko) Chrome/137.0.7151.103 Mobile Safari/537.36 (compatible; Googlebot/2.1; +http://www.google.com/bot.html)"
20.171.207.101 - - [20/Jul/2025:17:54:10 +0000] "GET /shopdetail/2443066290.shtml HTTP/1.1" 404 24730 "-" "Mozilla/5.0 AppleWebKit/537.36 (KHTML, like Gecko; compatible; GPTBot/1.2; +https://openai.com/gptbot)"
66.249.73.132 - - [20/Jul/2025:17:54:12 +0000] "GET /safe_search/config?return_url=%2Fproduct%2Fdetail%2FC604017801 HTTP/1.1" 200 20998 "-" "Mozilla/5.0 (Linux; Android 6.0.1; Nexus 5X Build/MMB29P) AppleWebKit/537.36 (KHTML, like Gecko) Chrome/137.0.7151.103 Mobile Safari/537.36 (compatible; Googlebot/2.1; +http://www.google.com/bot.html)"
66.249.73.132 - - [20/Jul/2025:17:54:12 +0000] "POST /get-message-notify HTTP/1.1" 200 18672 "https://cartel.express/shopdetail/2466793376.shtml" "Mozilla/5.0 (Linux; Android 6.0.1; Nexus 5X Build/MMB29P) AppleWebKit/537.36 (KHTML, like Gecko) Chrome/137.0.7151.119 Mobile Safari/537.36 (compatible; Googlebot/2.1; +http://www.google.com/bot.html)"
66.249.73.132 - - [20/Jul/2025:17:54:12 +0000] "POST /get-message-notify HTTP/1.1" 200 18672 "https://cartel.express/shopdetail/252557314.shtml" "Mozilla/5.0 (Linux; Android 6.0.1; Nexus 5X Build/MMB29P) AppleWebKit/537.36 (KHTML, like Gecko) Chrome/137.0.7151.119 Mobile Safari/537.36 (compatible; Googlebot/2.1; +http://www.google.com/bot.html)"
209.74.77.214 - - [20/Jul/2025:17:54:13 +0000] "POST /wp-cron.php?doing_wp_cron=1753034053.1919701099395751953125 HTTP/1.1" 200 - "-" "WordPress/6.8.2; https://cartel.express"
209.85.238.4 - - [20/Jul/2025:17:54:12 +0000] "GET /shopdetail/2614490.shtml HTTP/1.1" 404 24730 "-" "Mozilla/5.0 (X11; Linux x86_64) AppleWebKit/537.36 (KHTML, like Gecko) Chrome/137.0.7151.119 Safari/537.36"
20.171.207.101 - - [20/Jul/2025:17:54:13 +0000] "GET /shopdetail/2443603156.shtml HTTP/1.1" 404 24731 "-" "Mozilla/5.0 AppleWebKit/537.36 (KHTML, like Gecko; compatible; GPTBot/1.2; +https://openai.com/gptbot)"
209.85.238.4 - - [20/Jul/2025:17:54:13 +0000] "GET /wp-content/plugins/trx_addons/addons/qw-extension/css/font-icons/css/qw_extension_icons.css HTTP/1.1" 200 900 "https://cartel.express/shopdetail/2614490.shtml" "Mozilla/5.0 (X11; Linux x86_64) AppleWebKit/537.36 (KHTML, like Gecko) Chrome/137.0.7151.119 Safari/537.36"
209.85.238.4 - - [20/Jul/2025:17:54:13 +0000] "GET /wp-content/themes/detailx/skins/default/css/font-icons/css/fontello.css HTTP/1.1" 200 7543 "https://cartel.express/shopdetail/2614490.shtml" "Mozilla/5.0 (X11; Linux x86_64) AppleWebKit/537.36 (KHTML, like Gecko) Chrome/137.0.7151.119 Safari/537.36"
209.85.238.4 - - [20/Jul/2025:17:54:13 +0000] "GET /wp-content/plugins/woo-smart-quick-view/assets/libs/perfect-scrollbar/css/perfect-scrollbar.min.css?ver=6.8.2 HTTP/1.1" 200 610 "https://cartel.express/shopdetail/2614490.shtml" "Mozilla/5.0 (X11; Linux x86_64) AppleWebKit/537.36 (KHTML, like Gecko) Chrome/137.0.7151.119 Safari/537.36"
209.85.238.4 - - [20/Jul/2025:17:54:13 +0000] "GET /wp-includes/css/dist/block-library/style.min.css?ver=6.8.2 HTTP/1.1" 200 15315 "https://cartel.express/shopdetail/2614490.shtml" "Mozilla/5.0 (X11; Linux x86_64) AppleWebKit/537.36 (KHTML, like Gecko) Chrome/137.0.7151.119 Safari/537.36"
209.85.238.4 - - [20/Jul/2025:17:54:14 +0000] "GET /wp-content/plugins/trx_addons/js/magnific/magnific-popup.min.css HTTP/1.1" 200 1548 "https://cartel.express/shopdetail/2614490.shtml" "Mozilla/5.0 (X11; Linux x86_64) AppleWebKit/537.36 (KHTML, like Gecko) Chrome/137.0.7151.119 Safari/537.36"
209.85.238.4 - - [20/Jul/2025:17:54:14 +0000] "GET /wp-content/plugins/instagram-feed/css/sbi-styles.min.css?ver=6.9.1 HTTP/1.1" 200 8799 "https://cartel.express/shopdetail/2614490.shtml" "Mozilla/5.0 (X11; Linux x86_64) AppleWebKit/537.36 (KHTML, like Gecko) Chrome/137.0.7151.119 Safari/537.36"
209.85.238.4 - - [20/Jul/2025:17:54:14 +0000] "GET /wp-content/plugins/advanced-popups/public/css/advanced-popups-public.css?ver=1.2.2 HTTP/1.1" 200 2297 "https://cartel.express/shopdetail/2614490.shtml" "Mozilla/5.0 (X11; Linux x86_64) AppleWebKit/537.36 (KHTML, like Gecko) Chrome/137.0.7151.119 Safari/537.36"
209.85.238.4 - - [20/Jul/2025:17:54:14 +0000] "GET /wp-content/plugins/ti-woocommerce-wishlist/assets/fonts/tinvwl-webfont.woff2?ver=xu2uyi HTTP/1.1" 200 4427 "https://cartel.express/shopdetail/2614490.shtml" "Mozilla/5.0 (X11; Linux x86_64) AppleWebKit/537.36 (KHTML, like Gecko) Chrome/137.0.7151.119 Safari/537.36"
209.85.238.4 - - [20/Jul/2025:17:54:14 +0000] "GET /wp-content/plugins/woo-smart-quick-view/assets/libs/slick/slick.css?ver=6.8.2 HTTP/1.1" 200 545 "https://cartel.express/shopdetail/2614490.shtml" "Mozilla/5.0 (X11; Linux x86_64) AppleWebKit/537.36 (KHTML, like Gecko) Chrome/137.0.7151.119 Safari/537.36"
209.85.238.4 - - [20/Jul/2025:17:54:14 +0000] "GET /wp-content/plugins/trx_addons/css/font-icons/css/trx_addons_icons.css HTTP/1.1" 200 4577 "https://cartel.express/shopdetail/2614490.shtml" "Mozilla/5.0 (X11; Linux x86_64) AppleWebKit/537.36 (KHTML, like Gecko) Chrome/137.0.7151.119 Safari/537.36"
209.85.238.4 - - [20/Jul/2025:17:54:14 +0000] "GET /wp-content/plugins/ti-woocommerce-wishlist/assets/css/public.min.css?ver=2.10.0 HTTP/1.1" 200 5605 "https://cartel.express/shopdetail/2614490.shtml" "Mozilla/5.0 (X11; Linux x86_64) AppleWebKit/537.36 (KHTML, like Gecko) Chrome/137.0.7151.119 Safari/537.36"
209.85.238.4 - - [20/Jul/2025:17:54:15 +0000] "GET /wp-content/plugins/woo-smart-quick-view/assets/libs/perfect-scrollbar/css/custom-theme.css?ver=6.8.2 HTTP/1.1" 200 621 "https://cartel.express/shopdetail/2614490.shtml" "Mozilla/5.0 (X11; Linux x86_64) AppleWebKit/537.36 (KHTML, like Gecko) Chrome/137.0.7151.119 Safari/537.36"
209.85.238.4 - - [20/Jul/2025:17:54:15 +0000] "GET /wp-content/plugins/woocommerce/assets/css/brands.css?ver=10.0.2 HTTP/1.1" 200 684 "https://cartel.express/shopdetail/2614490.shtml" "Mozilla/5.0 (X11; Linux x86_64) AppleWebKit/537.36 (KHTML, like Gecko) Chrome/137.0.7151.119 Safari/537.36"
66.249.73.131 - - [20/Jul/2025:17:54:15 +0000] "GET /safe_search/config?return_url=%2Fproduct%2Fdetail%2FC645852895 HTTP/1.1" 200 20999 "-" "Mozilla/5.0 (Linux; Android 6.0.1; Nexus 5X Build/MMB29P) AppleWebKit/537.36 (KHTML, like Gecko) Chrome/137.0.7151.103 Mobile Safari/537.36 (compatible; Googlebot/2.1; +http://www.google.com/bot.html)"
209.85.238.4 - - [20/Jul/2025:17:54:15 +0000] "GET /wp-content/uploads/elementor/css/custom-frontend.min.css?ver=1752119949 HTTP/1.1" 200 7083 "https://cartel.express/shopdetail/2614490.shtml" "Mozilla/5.0 (X11; Linux x86_64) AppleWebKit/537.36 (KHTML, like Gecko) Chrome/137.0.7151.119 Safari/537.36"
209.85.238.4 - - [20/Jul/2025:17:54:15 +0000] "GET /wp-content/plugins/woo-smart-quick-view/assets/libs/feather/feather.css?ver=6.8.2 HTTP/1.1" 200 169 "https://cartel.express/shopdetail/2614490.shtml" "Mozilla/5.0 (X11; Linux x86_64) AppleWebKit/537.36 (KHTML, like Gecko) Chrome/137.0.7151.119 Safari/537.36"
66.249.73.131 - - [20/Jul/2025:17:54:15 +0000] "POST /get-message-notify HTTP/1.1" 200 18672 "https://cartel.express/safe_search/config?return_url=%2Fproduct%2Fdetail%2FC604017801" "Mozilla/5.0 (Linux; Android 6.0.1; Nexus 5X Build/MMB29P) AppleWebKit/537.36 (KHTML, like Gecko) Chrome/137.0.7151.119 Mobile Safari/537.36 (compatible; Googlebot/2.1; +http://www.google.com/bot.html)"
209.85.238.4 - - [20/Jul/2025:17:54:15 +0000] "GET /wp-content/plugins/woocommerce/assets/css/woocommerce-layout.css?ver=10.0.2 HTTP/1.1" 200 3414 "https://cartel.express/shopdetail/2614490.shtml" "Mozilla/5.0 (X11; Linux x86_64) AppleWebKit/537.36 (KHTML, like Gecko) Chrome/137.0.7151.119 Safari/537.36"
209.85.238.4 - - [20/Jul/2025:17:54:15 +0000] "GET /wp-content/plugins/woocommerce/assets/css/woocommerce.css?ver=10.0.2 HTTP/1.1" 200 10826 "https://cartel.express/shopdetail/2614490.shtml" "Mozilla/5.0 (X11; Linux x86_64) AppleWebKit/537.36 (KHTML, like Gecko) Chrome/137.0.7151.119 Safari/537.36"
209.85.238.4 - - [20/Jul/2025:17:54:15 +0000] "GET /wp-content/plugins/woo-smart-quick-view/assets/css/frontend.css?ver=4.2.0 HTTP/1.1" 200 3569 "https://cartel.express/shopdetail/2614490.shtml" "Mozilla/5.0 (X11; Linux x86_64) AppleWebKit/537.36 (KHTML, like Gecko) Chrome/137.0.7151.119 Safari/537.36"
20.171.207.101 - - [20/Jul/2025:17:54:15 +0000] "GET /shopdetail/2443156500.shtml HTTP/1.1" 404 24727 "-" "Mozilla/5.0 AppleWebKit/537.36 (KHTML, like Gecko; compatible; GPTBot/1.2; +https://openai.com/gptbot)"
209.85.238.4 - - [20/Jul/2025:17:54:16 +0000] "GET /wp-content/plugins/elementor/assets/css/widget-spacer.min.css?ver=3.30.2 HTTP/1.1" 200 369 "https://cartel.express/shopdetail/2614490.shtml" "Mozilla/5.0 (X11; Linux x86_64) AppleWebKit/537.36 (KHTML, like Gecko) Chrome/137.0.7151.119 Safari/537.36"
209.85.238.4 - - [20/Jul/2025:17:54:16 +0000] "GET /wp-content/plugins/elementor/assets/lib/eicons/css/elementor-icons.min.css?ver=5.43.0 HTTP/1.1" 200 4349 "https://cartel.express/shopdetail/2614490.shtml" "Mozilla/5.0 (X11; Linux x86_64) AppleWebKit/537.36 (KHTML, like Gecko) Chrome/137.0.7151.119 Safari/537.36"
209.85.238.4 - - [20/Jul/2025:17:54:16 +0000] "GET /wp-content/plugins/elementor/assets/css/widget-divider.min.css?ver=3.30.2 HTTP/1.1" 200 771 "https://cartel.express/shopdetail/2614490.shtml" "Mozilla/5.0 (X11; Linux x86_64) AppleWebKit/537.36 (KHTML, like Gecko) Chrome/137.0.7151.119 Safari/537.36"
209.85.238.4 - - [20/Jul/2025:17:54:16 +0000] "GET /wp-content/plugins/elementor/assets/css/widget-heading.min.css?ver=3.30.2 HTTP/1.1" 200 188 "https://cartel.express/shopdetail/2614490.shtml" "Mozilla/5.0 (X11; Linux x86_64) AppleWebKit/537.36 (KHTML, like Gecko) Chrome/137.0.7151.119 Safari/537.36"
209.85.238.4 - - [20/Jul/2025:17:54:16 +0000] "GET /wp-content/plugins/trx_addons/css/__styles.css HTTP/1.1" 200 47458 "https://cartel.express/shopdetail/2614490.shtml" "Mozilla/5.0 (X11; Linux x86_64) AppleWebKit/537.36 (KHTML, like Gecko) Chrome/137.0.7151.119 Safari/537.36"
209.85.238.4 - - [20/Jul/2025:17:54:16 +0000] "GET /wp-content/plugins/trx_addons/components/api/woocommerce/woocommerce.responsive.css HTTP/1.1" 200 1395 "https://cartel.express/shopdetail/2614490.shtml" "Mozilla/5.0 (X11; Linux x86_64) AppleWebKit/537.36 (KHTML, like Gecko) Chrome/137.0.7151.119 Safari/537.36"
209.85.238.4 - - [20/Jul/2025:17:54:16 +0000] "GET /wp-content/plugins/trx_addons/components/widgets/custom_links/custom_links.css HTTP/1.1" 200 819 "https://cartel.express/shopdetail/2614490.shtml" "Mozilla/5.0 (X11; Linux x86_64) AppleWebKit/537.36 (KHTML, like Gecko) Chrome/137.0.7151.119 Safari/537.36"
209.85.238.4 - - [20/Jul/2025:17:54:17 +0000] "GET /wp-content/plugins/trx_addons/addons/qw-extension/css/qw_extension_icons.css HTTP/1.1" 200 1435 "https://cartel.express/shopdetail/2614490.shtml" "Mozilla/5.0 (X11; Linux x86_64) AppleWebKit/537.36 (KHTML, like Gecko) Chrome/137.0.7151.119 Safari/537.36"
209.85.238.4 - - [20/Jul/2025:17:54:17 +0000] "GET /wp-content/plugins/trx_addons/components/shortcodes/content/content.responsive.css HTTP/1.1" 200 696 "https://cartel.express/shopdetail/2614490.shtml" "Mozilla/5.0 (X11; Linux x86_64) AppleWebKit/537.36 (KHTML, like Gecko) Chrome/137.0.7151.119 Safari/537.36"
209.85.238.4 - - [20/Jul/2025:17:54:17 +0000] "GET /wp-content/plugins/trx_addons/addons/qw-extension/css/qw_extension_icons.responsive.css HTTP/1.1" 200 236 "https://cartel.express/shopdetail/2614490.shtml" "Mozilla/5.0 (X11; Linux x86_64) AppleWebKit/537.36 (KHTML, like Gecko) Chrome/137.0.7151.119 Safari/537.36"
209.85.238.4 - - [20/Jul/2025:17:54:17 +0000] "GET /wp-content/plugins/trx_addons/components/api/woocommerce/woocommerce.css HTTP/1.1" 200 3998 "https://cartel.express/shopdetail/2614490.shtml" "Mozilla/5.0 (X11; Linux x86_64) AppleWebKit/537.36 (KHTML, like Gecko) Chrome/137.0.7151.119 Safari/537.36"
209.85.238.4 - - [20/Jul/2025:17:54:17 +0000] "GET /wp-content/plugins/woocommerce/assets/client/blocks/wc-blocks.css?ver=wc-10.0.2 HTTP/1.1" 200 2575 "https://cartel.express/shopdetail/2614490.shtml" "Mozilla/5.0 (X11; Linux x86_64) AppleWebKit/537.36 (KHTML, like Gecko) Chrome/137.0.7151.119 Safari/537.36"
209.85.238.4 - - [20/Jul/2025:17:54:17 +0000] "GET /wp-content/themes/detailx/style.css HTTP/1.1" 200 1698 "https://cartel.express/shopdetail/2614490.shtml" "Mozilla/5.0 (X11; Linux x86_64) AppleWebKit/537.36 (KHTML, like Gecko) Chrome/137.0.7151.119 Safari/537.36"
209.85.238.5 - - [20/Jul/2025:17:54:18 +0000] "GET /wp-content/plugins/trx_addons/addons/mouse-helper/mouse-helper.css HTTP/1.1" 200 1808 "https://cartel.express/shopdetail/2614490.shtml" "Mozilla/5.0 (X11; Linux x86_64) AppleWebKit/537.36 (KHTML, like Gecko) Chrome/137.0.7151.119 Safari/537.36"
209.85.238.5 - - [20/Jul/2025:17:54:18 +0000] "GET /wp-content/themes/detailx/skins/default/plugins/woocommerce/woocommerce-responsive.css HTTP/1.1" 200 9063 "https://cartel.express/shopdetail/2614490.shtml" "Mozilla/5.0 (X11; Linux x86_64) AppleWebKit/537.36 (KHTML, like Gecko) Chrome/137.0.7151.119 Safari/537.36"
209.85.238.4 - - [20/Jul/2025:17:54:18 +0000] "GET /wp-content/uploads/elementor/google-fonts/css/roboto.css?ver=1742256774 HTTP/1.1" 200 2846 "https://cartel.express/shopdetail/2614490.shtml" "Mozilla/5.0 (X11; Linux x86_64) AppleWebKit/537.36 (KHTML, like Gecko) Chrome/137.0.7151.119 Safari/537.36"
209.85.238.4 - - [20/Jul/2025:17:54:18 +0000] "GET /wp-content/plugins/trx_addons/css/trx_addons.animations.css HTTP/1.1" 200 6429 "https://cartel.express/shopdetail/2614490.shtml" "Mozilla/5.0 (X11; Linux x86_64) AppleWebKit/537.36 (KHTML, like Gecko) Chrome/137.0.7151.119 Safari/537.36"
209.85.238.5 - - [20/Jul/2025:17:54:18 +0000] "GET /wp-content/plugins/trx_addons/components/shortcodes/icons/icons.css HTTP/1.1" 200 1404 "https://cartel.express/shopdetail/2614490.shtml" "Mozilla/5.0 (X11; Linux x86_64) AppleWebKit/537.36 (KHTML, like Gecko) Chrome/137.0.7151.119 Safari/537.36"
20.171.207.101 - - [20/Jul/2025:17:54:18 +0000] "GET /shopdetail/2443173594.shtml HTTP/1.1" 404 24730 "-" "Mozilla/5.0 AppleWebKit/537.36 (KHTML, like Gecko; compatible; GPTBot/1.2; +https://openai.com/gptbot)"
209.85.238.4 - - [20/Jul/2025:17:54:18 +0000] "GET /wp-includes/js/mediaelement/mediaelementplayer-legacy.min.css?ver=4.2.17 HTTP/1.1" 200 2592 "https://cartel.express/shopdetail/2614490.shtml" "Mozilla/5.0 (X11; Linux x86_64) AppleWebKit/537.36 (KHTML, like Gecko) Chrome/137.0.7151.119 Safari/537.36"
209.85.238.5 - - [20/Jul/2025:17:54:18 +0000] "GET /wp-content/plugins/trx_addons/addons/mouse-helper/mouse-helper.responsive.css HTTP/1.1" 200 304 "https://cartel.express/shopdetail/2614490.shtml" "Mozilla/5.0 (X11; Linux x86_64) AppleWebKit/537.36 (KHTML, like Gecko) Chrome/137.0.7151.119 Safari/537.36"
209.85.238.4 - - [20/Jul/2025:17:54:18 +0000] "GET /wp-content/uploads/elementor/google-fonts/css/robotoslab.css?ver=1742256790 HTTP/1.1" 200 917 "https://cartel.express/shopdetail/2614490.shtml" "Mozilla/5.0 (X11; Linux x86_64) AppleWebKit/537.36 (KHTML, like Gecko) Chrome/137.0.7151.119 Safari/537.36"
209.85.238.5 - - [20/Jul/2025:17:54:18 +0000] "GET /wp-content/themes/detailx-child/style.css HTTP/1.1" 200 302 "https://cartel.express/shopdetail/2614490.shtml" "Mozilla/5.0 (X11; Linux x86_64) AppleWebKit/537.36 (KHTML, like Gecko) Chrome/137.0.7151.119 Safari/537.36"
209.85.238.5 - - [20/Jul/2025:17:54:19 +0000] "GET /wp-content/themes/detailx/skins/default/extra-styles.css HTTP/1.1" 200 3370 "https://cartel.express/shopdetail/2614490.shtml" "Mozilla/5.0 (X11; Linux x86_64) AppleWebKit/537.36 (KHTML, like Gecko) Chrome/137.0.7151.119 Safari/537.36"
209.85.238.5 - - [20/Jul/2025:17:54:19 +0000] "GET /wp-content/plugins/trx_addons/css/__responsive.css HTTP/1.1" 200 7750 "https://cartel.express/shopdetail/2614490.shtml" "Mozilla/5.0 (X11; Linux x86_64) AppleWebKit/537.36 (KHTML, like Gecko) Chrome/137.0.7151.119 Safari/537.36"
209.85.238.4 - - [20/Jul/2025:17:54:19 +0000] "GET /wp-content/themes/detailx/skins/default/plugins/woocommerce/woocommerce.css HTTP/1.1" 200 33865 "https://cartel.express/shopdetail/2614490.shtml" "Mozilla/5.0 (X11; Linux x86_64) AppleWebKit/537.36 (KHTML, like Gecko) Chrome/137.0.7151.119 Safari/537.36"
209.85.238.4 - - [20/Jul/2025:17:54:19 +0000] "GET /wp-content/themes/detailx/skins/default/css/__responsive.css HTTP/1.1" 200 78843 "https://cartel.express/shopdetail/2614490.shtml" "Mozilla/5.0 (X11; Linux x86_64) AppleWebKit/537.36 (KHTML, like Gecko) Chrome/137.0.7151.119 Safari/537.36"
209.85.238.4 - - [20/Jul/2025:17:54:19 +0000] "GET /wp-content/themes/detailx/skins/default/css/__plugins.css HTTP/1.1" 200 105803 "https://cartel.express/shopdetail/2614490.shtml" "Mozilla/5.0 (X11; Linux x86_64) AppleWebKit/537.36 (KHTML, like Gecko) Chrome/137.0.7151.119 Safari/537.36"
209.85.238.5 - - [20/Jul/2025:17:54:19 +0000] "GET /wp-content/themes/detailx/skins/default/css/__custom.css HTTP/1.1" 200 9696 "https://cartel.express/shopdetail/2614490.shtml" "Mozilla/5.0 (X11; Linux x86_64) AppleWebKit/537.36 (KHTML, like Gecko) Chrome/137.0.7151.119 Safari/537.36"
209.85.238.5 - - [20/Jul/2025:17:54:19 +0000] "GET /wp-content/themes/detailx/skins/default/cars.css HTTP/1.1" 200 4959 "https://cartel.express/shopdetail/2614490.shtml" "Mozilla/5.0 (X11; Linux x86_64) AppleWebKit/537.36 (KHTML, like Gecko) Chrome/137.0.7151.119 Safari/537.36"
209.85.238.4 - - [20/Jul/2025:17:54:19 +0000] "GET /wp-includes/js/jquery/jquery.min.js?ver=3.7.1 HTTP/1.1" 200 30368 "https://cartel.express/shopdetail/2614490.shtml" "Mozilla/5.0 (X11; Linux x86_64) AppleWebKit/537.36 (KHTML, like Gecko) Chrome/137.0.7151.119 Safari/537.36"
209.85.238.4 - - [20/Jul/2025:17:54:20 +0000] "GET /wp-content/plugins/advanced-popups/fonts/advanced-popups-icons.woff HTTP/1.1" 200 694 "https://cartel.express/shopdetail/2614490.shtml" "Mozilla/5.0 (X11; Linux x86_64) AppleWebKit/537.36 (KHTML, like Gecko) Chrome/137.0.7151.119 Safari/537.36"
209.85.238.4 - - [20/Jul/2025:17:54:20 +0000] "GET /wp-includes/js/jquery/jquery-migrate.min.js?ver=3.4.1 HTTP/1.1" 200 4872 "https://cartel.express/shopdetail/2614490.shtml" "Mozilla/5.0 (X11; Linux x86_64) AppleWebKit/537.36 (KHTML, like Gecko) Chrome/137.0.7151.119 Safari/537.36"
209.85.238.4 - - [20/Jul/2025:17:54:20 +0000] "GET /wp-includes/js/jquery/ui/core.min.js?ver=1.13.3 HTTP/1.1" 200 7106 "https://cartel.express/shopdetail/2614490.shtml" "Mozilla/5.0 (X11; Linux x86_64) AppleWebKit/537.36 (KHTML, like Gecko) Chrome/137.0.7151.119 Safari/537.36"
209.85.238.5 - - [20/Jul/2025:17:54:20 +0000] "GET /wp-content/uploads/2024/08/Untitlessd-design-1.png HTTP/1.1" 200 6143 "https://cartel.express/shopdetail/2614490.shtml" "Mozilla/5.0 (X11; Linux x86_64) AppleWebKit/537.36 (KHTML, like Gecko) Chrome/137.0.7151.119 Safari/537.36"
209.85.238.4 - - [20/Jul/2025:17:54:20 +0000] "GET /wp-includes/js/mediaelement/wp-mediaelement.min.css?ver=6.8.2 HTTP/1.1" 200 1156 "https://cartel.express/shopdetail/2614490.shtml" "Mozilla/5.0 (X11; Linux x86_64) AppleWebKit/537.36 (KHTML, like Gecko) Chrome/137.0.7151.119 Safari/537.36"
209.85.238.5 - - [20/Jul/2025:17:54:20 +0000] "GET /wp-content/plugins/ti-woocommerce-wishlist/assets/css/webfont.min.css?ver=2.10.0 HTTP/1.1" 200 877 "https://cartel.express/shopdetail/2614490.shtml" "Mozilla/5.0 (X11; Linux x86_64) AppleWebKit/537.36 (KHTML, like Gecko) Chrome/137.0.7151.119 Safari/537.36"
209.85.238.5 - - [20/Jul/2025:17:54:20 +0000] "GET /wp-content/plugins/trx_addons/components/shortcodes/icons/icons.responsive.css HTTP/1.1" 200 224 "https://cartel.express/shopdetail/2614490.shtml" "Mozilla/5.0 (X11; Linux x86_64) AppleWebKit/537.36 (KHTML, like Gecko) Chrome/137.0.7151.119 Safari/537.36"
209.85.238.4 - - [20/Jul/2025:17:54:20 +0000] "GET /wp-content/plugins/trx_addons/components/shortcodes/content/content.css HTTP/1.1" 200 618 "https://cartel.express/shopdetail/2614490.shtml" "Mozilla/5.0 (X11; Linux x86_64) AppleWebKit/537.36 (KHTML, like Gecko) Chrome/137.0.7151.119 Safari/537.36"
209.85.238.5 - - [20/Jul/2025:17:54:21 +0000] "GET /wp-content/themes/detailx/skins/default/css/style.css HTTP/1.1" 200 68098 "https://cartel.express/shopdetail/2614490.shtml" "Mozilla/5.0 (X11; Linux x86_64) AppleWebKit/537.36 (KHTML, like Gecko) Chrome/137.0.7151.119 Safari/537.36"
209.85.238.5 - - [20/Jul/2025:17:54:21 +0000] "GET /wp-includes/js/dist/hooks.min.js?ver=4d63a3d491d11ffd8ac6 HTTP/1.1" 200 1648 "https://cartel.express/shopdetail/2614490.shtml" "Mozilla/5.0 (X11; Linux x86_64) AppleWebKit/537.36 (KHTML, like Gecko) Chrome/137.0.7151.119 Safari/537.36"
20.171.207.101 - - [20/Jul/2025:17:54:20 +0000] "GET /shopdetail/2443121066.shtml HTTP/1.1" 404 24729 "-" "Mozilla/5.0 AppleWebKit/537.36 (KHTML, like Gecko; compatible; GPTBot/1.2; +https://openai.com/gptbot)"
209.85.238.5 - - [20/Jul/2025:17:54:21 +0000] "GET /wp-includes/js/dist/i18n.min.js?ver=5e580eb46a90c2b997e6 HTTP/1.1" 200 3667 "https://cartel.express/shopdetail/2614490.shtml" "Mozilla/5.0 (X11; Linux x86_64) AppleWebKit/537.36 (KHTML, like Gecko) Chrome/137.0.7151.119 Safari/537.36"
209.85.238.5 - - [20/Jul/2025:17:54:21 +0000] "GET /wp-content/plugins/trx_addons/js/tweenmax/GSAP/3.12.2/gsap.min.js HTTP/1.1" 200 27839 "https://cartel.express/shopdetail/2614490.shtml" "Mozilla/5.0 (X11; Linux x86_64) AppleWebKit/537.36 (KHTML, like Gecko) Chrome/137.0.7151.119 Safari/537.36"
209.85.238.5 - - [20/Jul/2025:17:54:21 +0000] "GET /wp-includes/js/underscore.min.js?ver=1.13.7 HTTP/1.1" 200 7317 "https://cartel.express/shopdetail/2614490.shtml" "Mozilla/5.0 (X11; Linux x86_64) AppleWebKit/537.36 (KHTML, like Gecko) Chrome/137.0.7151.119 Safari/537.36"
209.85.238.5 - - [20/Jul/2025:17:54:21 +0000] "GET /wp-content/plugins/woocommerce/assets/js/js-cookie/js.cookie.min.js?ver=2.1.4-wc.10.0.2 HTTP/1.1" 200 833 "https://cartel.express/shopdetail/2614490.shtml" "Mozilla/5.0 (X11; Linux x86_64) AppleWebKit/537.36 (KHTML, like Gecko) Chrome/137.0.7151.119 Safari/537.36"
209.85.238.1 - - [20/Jul/2025:17:54:22 +0000] "GET /wp-content/plugins/woocommerce/assets/js/jquery-blockui/jquery.blockUI.min.js?ver=2.7.0-wc.10.0.2 HTTP/1.1" 200 3537 "https://cartel.express/shopdetail/2614490.shtml" "Mozilla/5.0 (X11; Linux x86_64) AppleWebKit/537.36 (KHTML, like Gecko) Chrome/137.0.7151.119 Safari/537.36"
209.85.238.2 - - [20/Jul/2025:17:54:22 +0000] "GET /wp-content/plugins/woocommerce/assets/js/frontend/add-to-cart-variation.min.js?ver=10.0.2 HTTP/1.1" 200 3940 "https://cartel.express/shopdetail/2614490.shtml" "Mozilla/5.0 (X11; Linux x86_64) AppleWebKit/537.36 (KHTML, like Gecko) Chrome/137.0.7151.119 Safari/537.36"
209.85.238.4 - - [20/Jul/2025:17:54:22 +0000] "GET /wp-includes/js/wp-util.min.js?ver=6.8.2 HTTP/1.1" 200 756 "https://cartel.express/shopdetail/2614490.shtml" "Mozilla/5.0 (X11; Linux x86_64) AppleWebKit/537.36 (KHTML, like Gecko) Chrome/137.0.7151.119 Safari/537.36"
209.85.238.4 - - [20/Jul/2025:17:54:22 +0000] "GET /wp-content/plugins/woo-smart-quick-view/assets/libs/perfect-scrollbar/js/perfect-scrollbar.jquery.min.js?ver=4.2.0 HTTP/1.1" 200 6509 "https://cartel.express/shopdetail/2614490.shtml" "Mozilla/5.0 (X11; Linux x86_64) AppleWebKit/537.36 (KHTML, like Gecko) Chrome/137.0.7151.119 Safari/537.36"
209.85.238.5 - - [20/Jul/2025:17:54:22 +0000] "GET /wp-content/plugins/elementor/assets/js/webpack.runtime.min.js?ver=3.30.2 HTTP/1.1" 200 2516 "https://cartel.express/shopdetail/2614490.shtml" "Mozilla/5.0 (X11; Linux x86_64) AppleWebKit/537.36 (KHTML, like Gecko) Chrome/137.0.7151.119 Safari/537.36"
209.85.238.2 - - [20/Jul/2025:17:54:22 +0000] "GET /wp-content/plugins/woocommerce/assets/js/frontend/cart-fragments.min.js?ver=10.0.2 HTTP/1.1" 200 1045 "https://cartel.express/shopdetail/2614490.shtml" "Mozilla/5.0 (X11; Linux x86_64) AppleWebKit/537.36 (KHTML, like Gecko) Chrome/137.0.7151.119 Safari/537.36"
209.85.238.2 - - [20/Jul/2025:17:54:22 +0000] "GET /wp-content/plugins/advanced-popups/public/js/advanced-popups-public.js?ver=1.2.2 HTTP/1.1" 200 2621 "https://cartel.express/shopdetail/2614490.shtml" "Mozilla/5.0 (X11; Linux x86_64) AppleWebKit/537.36 (KHTML, like Gecko) Chrome/137.0.7151.119 Safari/537.36"
209.85.238.1 - - [20/Jul/2025:17:54:23 +0000] "GET /wp-content/plugins/woo-smart-quick-view/assets/js/frontend.js?ver=4.2.0 HTTP/1.1" 200 2307 "https://cartel.express/shopdetail/2614490.shtml" "Mozilla/5.0 (X11; Linux x86_64) AppleWebKit/537.36 (KHTML, like Gecko) Chrome/137.0.7151.119 Safari/537.36"
209.85.238.4 - - [20/Jul/2025:17:54:23 +0000] "GET /wp-content/plugins/woo-smart-quick-view/assets/libs/slick/slick.min.js?ver=4.2.0 HTTP/1.1" 200 10442 "https://cartel.express/shopdetail/2614490.shtml" "Mozilla/5.0 (X11; Linux x86_64) AppleWebKit/537.36 (KHTML, like Gecko) Chrome/137.0.7151.119 Safari/537.36"
209.85.238.1 - - [20/Jul/2025:17:54:23 +0000] "GET /wp-content/plugins/trx_addons/components/api/woocommerce/woocommerce.js HTTP/1.1" 200 12101 "https://cartel.express/shopdetail/2614490.shtml" "Mozilla/5.0 (X11; Linux x86_64) AppleWebKit/537.36 (KHTML, like Gecko) Chrome/137.0.7151.119 Safari/537.36"
209.85.238.1 - - [20/Jul/2025:17:54:23 +0000] "GET /wp-content/plugins/woocommerce/assets/js/frontend/add-to-cart.min.js?ver=10.0.2 HTTP/1.1" 200 1407 "https://cartel.express/shopdetail/2614490.shtml" "Mozilla/5.0 (X11; Linux x86_64) AppleWebKit/537.36 (KHTML, like Gecko) Chrome/137.0.7151.119 Safari/537.36"
209.85.238.2 - - [20/Jul/2025:17:54:23 +0000] "GET /wp-content/plugins/trx_addons/components/cpt/layouts/shortcodes/menu/superfish.min.js HTTP/1.1" 200 1894 "https://cartel.express/shopdetail/2614490.shtml" "Mozilla/5.0 (X11; Linux x86_64) AppleWebKit/537.36 (KHTML, like Gecko) Chrome/137.0.7151.119 Safari/537.36"
20.171.207.101 - - [20/Jul/2025:17:54:23 +0000] "GET /shopdetail/2443326178.shtml HTTP/1.1" 404 24729 "-" "Mozilla/5.0 AppleWebKit/537.36 (KHTML, like Gecko; compatible; GPTBot/1.2; +https://openai.com/gptbot)"
209.85.238.5 - - [20/Jul/2025:17:54:23 +0000] "GET /wp-content/plugins/woocommerce/assets/js/frontend/woocommerce.min.js?ver=10.0.2 HTTP/1.1" 200 1532 "https://cartel.express/shopdetail/2614490.shtml" "Mozilla/5.0 (X11; Linux x86_64) AppleWebKit/537.36 (KHTML, like Gecko) Chrome/137.0.7151.119 Safari/537.36"
209.85.238.5 - - [20/Jul/2025:17:54:23 +0000] "GET /wp-includes/js/jquery/ui/datepicker.min.js?ver=1.13.3 HTTP/1.1" 200 10907 "https://cartel.express/shopdetail/2614490.shtml" "Mozilla/5.0 (X11; Linux x86_64) AppleWebKit/537.36 (KHTML, like Gecko) Chrome/137.0.7151.119 Safari/537.36"
209.85.238.5 - - [20/Jul/2025:17:54:24 +0000] "GET /wp-content/plugins/trx_addons/js/magnific/jquery.magnific-popup.min.js HTTP/1.1" 200 7346 "https://cartel.express/shopdetail/2614490.shtml" "Mozilla/5.0 (X11; Linux x86_64) AppleWebKit/537.36 (KHTML, like Gecko) Chrome/137.0.7151.119 Safari/537.36"
209.85.238.1 - - [20/Jul/2025:17:54:24 +0000] "GET /wp-content/plugins/woocommerce/assets/js/frontend/order-attribution.min.js?ver=10.0.2 HTTP/1.1" 200 1128 "https://cartel.express/shopdetail/2614490.shtml" "Mozilla/5.0 (X11; Linux x86_64) AppleWebKit/537.36 (KHTML, like Gecko) Chrome/137.0.7151.119 Safari/537.36"
209.85.238.2 - - [20/Jul/2025:17:54:24 +0000] "GET /wp-content/plugins/woocommerce/assets/css/woocommerce-smallscreen.css?ver=10.0.2 HTTP/1.1" 200 1279 "https://cartel.express/shopdetail/2614490.shtml" "Mozilla/5.0 (X11; Linux x86_64) AppleWebKit/537.36 (KHTML, like Gecko) Chrome/137.0.7151.119 Safari/537.36"
