66.249.73.128 - - [20/Jul/2025:19:34:53 +0000] "GET /shopdetail/1559354.shtml HTTP/1.1" 200 18382 "-" "Mozilla/5.0 (Linux; Android 6.0.1; Nexus 5X Build/MMB29P) AppleWebKit/537.36 (KHTML, like Gecko) Chrome/137.0.7151.103 Mobile Safari/537.36 (compatible; Googlebot/2.1; +http://www.google.com/bot.html)"
216.73.216.247 - - [20/Jul/2025:19:34:53 +0000] "GET /shopdetail/1323050388.shtml HTTP/1.1" 404 24730 "-" "Mozilla/5.0 AppleWebKit/537.36 (KHTML, like Gecko; compatible; ClaudeBot/1.0; [email protected])"
216.73.216.247 - - [20/Jul/2025:19:34:56 +0000] "GET /shopdetail/1323548262.shtml HTTP/1.1" 404 24730 "-" "Mozilla/5.0 AppleWebKit/537.36 (KHTML, like Gecko; compatible; ClaudeBot/1.0; [email protected])"
216.73.216.247 - - [20/Jul/2025:19:34:59 +0000] "GET /shopdetail/1323811448.shtml HTTP/1.1" 404 24729 "-" "Mozilla/5.0 AppleWebKit/537.36 (KHTML, like Gecko; compatible; ClaudeBot/1.0; [email protected])"
216.73.216.247 - - [20/Jul/2025:19:35:02 +0000] "GET /shopdetail/1323511834.shtml HTTP/1.1" 404 24729 "-" "Mozilla/5.0 AppleWebKit/537.36 (KHTML, like Gecko; compatible; ClaudeBot/1.0; [email protected])"
216.73.216.247 - - [20/Jul/2025:19:35:05 +0000] "GET /shopdetail/1323823798.shtml HTTP/1.1" 404 24730 "-" "Mozilla/5.0 AppleWebKit/537.36 (KHTML, like Gecko; compatible; ClaudeBot/1.0; [email protected])"
216.73.216.247 - - [20/Jul/2025:19:35:08 +0000] "GET /shopdetail/1323065434.shtml HTTP/1.1" 404 24729 "-" "Mozilla/5.0 AppleWebKit/537.36 (KHTML, like Gecko; compatible; ClaudeBot/1.0; [email protected])"
66.249.73.132 - - [20/Jul/2025:19:35:09 +0000] "POST /get-message-notify HTTP/1.1" 200 18672 "https://cartel.express/shopdetail/206292442.shtml" "Mozilla/5.0 (Linux; Android 6.0.1; Nexus 5X Build/MMB29P) AppleWebKit/537.36 (KHTML, like Gecko) Chrome/137.0.7151.119 Mobile Safari/537.36 (compatible; Googlebot/2.1; +http://www.google.com/bot.html)"
216.73.216.247 - - [20/Jul/2025:19:35:11 +0000] "GET /shopdetail/1323218876.shtml HTTP/1.1" 404 24727 "-" "Mozilla/5.0 AppleWebKit/537.36 (KHTML, like Gecko; compatible; ClaudeBot/1.0; [email protected])"
209.74.77.214 - - [20/Jul/2025:19:35:15 +0000] "POST /wp-cron.php?doing_wp_cron=1753040115.0072329044342041015625 HTTP/1.1" 200 - "-" "WordPress/6.8.2; https://cartel.express"
216.73.216.247 - - [20/Jul/2025:19:35:14 +0000] "GET /shopdetail/1323410460.shtml HTTP/1.1" 404 24730 "-" "Mozilla/5.0 AppleWebKit/537.36 (KHTML, like Gecko; compatible; ClaudeBot/1.0; [email protected])"
95.108.213.189 - - [20/Jul/2025:19:35:20 +0000] "GET /robots.txt HTTP/1.1" 200 79 "-" "Mozilla/5.0 (compatible; YandexBot/3.0; +http://yandex.com/bots)"
216.73.216.247 - - [20/Jul/2025:19:35:20 +0000] "GET /shopdetail/1323639402.shtml HTTP/1.1" 404 24727 "-" "Mozilla/5.0 AppleWebKit/537.36 (KHTML, like Gecko; compatible; ClaudeBot/1.0; [email protected])"
213.180.203.32 - - [20/Jul/2025:19:35:21 +0000] "GET /wp-content/uploads/2023/08/cropped-favicon-180x180.png HTTP/1.1" 200 3146 "-" "Mozilla/5.0 (compatible; YandexFavicons/1.0; +http://yandex.com/bots)"
209.74.77.214 - - [20/Jul/2025:19:35:24 +0000] "POST /wp-cron.php?doing_wp_cron=1753040124.5699770450592041015625 HTTP/1.1" 200 - "-" "WordPress/6.8.2; https://cartel.express"
216.73.216.247 - - [20/Jul/2025:19:35:24 +0000] "GET /shopdetail/1323411650.shtml HTTP/1.1" 404 24729 "-" "Mozilla/5.0 AppleWebKit/537.36 (KHTML, like Gecko; compatible; ClaudeBot/1.0; [email protected])"
216.73.216.247 - - [20/Jul/2025:19:35:26 +0000] "GET /shopdetail/1323859296.shtml HTTP/1.1" 404 24730 "-" "Mozilla/5.0 AppleWebKit/537.36 (KHTML, like Gecko; compatible; ClaudeBot/1.0; [email protected])"
57.141.2.6 - - [20/Jul/2025:19:35:27 +0000] "GET /shopdetail/2388203154.shtml HTTP/1.1" 404 146915 "-" "meta-externalagent/1.1 (+https://developers.facebook.com/docs/sharing/webmasters/crawler)"
209.74.77.214 - - [20/Jul/2025:19:35:30 +0000] "POST /wp-cron.php?doing_wp_cron=1753040129.9846630096435546875000 HTTP/1.1" 200 - "-" "WordPress/6.8.2; https://cartel.express"
216.73.216.247 - - [20/Jul/2025:19:35:29 +0000] "GET /shopdetail/1323056134.shtml HTTP/1.1" 404 24728 "-" "Mozilla/5.0 AppleWebKit/537.36 (KHTML, like Gecko; compatible; ClaudeBot/1.0; [email protected])"
216.73.216.247 - - [20/Jul/2025:19:35:32 +0000] "GET /shopdetail/1323849070.shtml HTTP/1.1" 404 24729 "-" "Mozilla/5.0 AppleWebKit/537.36 (KHTML, like Gecko; compatible; ClaudeBot/1.0; [email protected])"
216.73.216.247 - - [20/Jul/2025:19:35:35 +0000] "GET /shopdetail/1323046830.shtml HTTP/1.1" 404 24730 "-" "Mozilla/5.0 AppleWebKit/537.36 (KHTML, like Gecko; compatible; ClaudeBot/1.0; [email protected])"
216.73.216.247 - - [20/Jul/2025:19:35:38 +0000] "GET /shopdetail/1323522990.shtml HTTP/1.1" 404 24730 "-" "Mozilla/5.0 AppleWebKit/537.36 (KHTML, like Gecko; compatible; ClaudeBot/1.0; [email protected])"
216.73.216.247 - - [20/Jul/2025:19:35:41 +0000] "GET /shopdetail/1323836396.shtml HTTP/1.1" 404 24729 "-" "Mozilla/5.0 AppleWebKit/537.36 (KHTML, like Gecko; compatible; ClaudeBot/1.0; [email protected])"
209.74.77.214 - - [20/Jul/2025:19:35:48 +0000] "POST /wp-cron.php?doing_wp_cron=1753040148.7232398986816406250000 HTTP/1.1" 200 - "-" "WordPress/6.8.2; https://cartel.express"
216.73.216.247 - - [20/Jul/2025:19:35:48 +0000] "GET /shopdetail/1323866224.shtml HTTP/1.1" 404 24727 "-" "Mozilla/5.0 AppleWebKit/537.36 (KHTML, like Gecko; compatible; ClaudeBot/1.0; [email protected])"
216.73.216.247 - - [20/Jul/2025:19:35:51 +0000] "GET /shopdetail/1323090382.shtml HTTP/1.1" 404 24728 "-" "Mozilla/5.0 AppleWebKit/537.36 (KHTML, like Gecko; compatible; ClaudeBot/1.0; [email protected])"
216.73.216.247 - - [20/Jul/2025:19:35:54 +0000] "GET /shopdetail/1323410392.shtml HTTP/1.1" 404 24729 "-" "Mozilla/5.0 AppleWebKit/537.36 (KHTML, like Gecko; compatible; ClaudeBot/1.0; [email protected])"
216.73.216.247 - - [20/Jul/2025:19:35:57 +0000] "GET /shopdetail/1323415012.shtml HTTP/1.1" 404 24731 "-" "Mozilla/5.0 AppleWebKit/537.36 (KHTML, like Gecko; compatible; ClaudeBot/1.0; [email protected])"
216.73.216.247 - - [20/Jul/2025:19:36:00 +0000] "GET /shopdetail/1323826170.shtml HTTP/1.1" 404 24729 "-" "Mozilla/5.0 AppleWebKit/537.36 (KHTML, like Gecko; compatible; ClaudeBot/1.0; [email protected])"
216.73.216.247 - - [20/Jul/2025:19:36:03 +0000] "GET /shopdetail/1323325988.shtml HTTP/1.1" 404 24729 "-" "Mozilla/5.0 AppleWebKit/537.36 (KHTML, like Gecko; compatible; ClaudeBot/1.0; [email protected])"
216.73.216.247 - - [20/Jul/2025:19:36:06 +0000] "GET /shopdetail/1323213398.shtml HTTP/1.1" 404 24729 "-" "Mozilla/5.0 AppleWebKit/537.36 (KHTML, like Gecko; compatible; ClaudeBot/1.0; [email protected])"
216.73.216.247 - - [20/Jul/2025:19:36:09 +0000] "GET /shopdetail/1323047154.shtml HTTP/1.1" 404 24729 "-" "Mozilla/5.0 AppleWebKit/537.36 (KHTML, like Gecko; compatible; ClaudeBot/1.0; [email protected])"
216.73.216.247 - - [20/Jul/2025:19:36:12 +0000] "GET /shopdetail/1323816870.shtml HTTP/1.1" 404 24729 "-" "Mozilla/5.0 AppleWebKit/537.36 (KHTML, like Gecko; compatible; ClaudeBot/1.0; [email protected])"
209.74.77.214 - - [20/Jul/2025:19:36:15 +0000] "POST /wp-cron.php?doing_wp_cron=1753040175.4646201133728027343750 HTTP/1.1" 200 - "-" "WordPress/6.8.2; https://cartel.express"
216.73.216.247 - - [20/Jul/2025:19:36:15 +0000] "GET /shopdetail/1323096986.shtml HTTP/1.1" 404 24729 "-" "Mozilla/5.0 AppleWebKit/537.36 (KHTML, like Gecko; compatible; ClaudeBot/1.0; [email protected])"
216.73.216.247 - - [20/Jul/2025:19:36:18 +0000] "GET /shopdetail/1323039036.shtml HTTP/1.1" 404 24729 "-" "Mozilla/5.0 AppleWebKit/537.36 (KHTML, like Gecko; compatible; ClaudeBot/1.0; [email protected])"
216.73.216.247 - - [20/Jul/2025:19:36:21 +0000] "GET /shopdetail/1323470654.shtml HTTP/1.1" 404 24726 "-" "Mozilla/5.0 AppleWebKit/537.36 (KHTML, like Gecko; compatible; ClaudeBot/1.0; [email protected])"
216.73.216.247 - - [20/Jul/2025:19:36:24 +0000] "GET /shopdetail/1323826238.shtml HTTP/1.1" 404 24730 "-" "Mozilla/5.0 AppleWebKit/537.36 (KHTML, like Gecko; compatible; ClaudeBot/1.0; [email protected])"
216.73.216.247 - - [20/Jul/2025:19:36:29 +0000] "GET /shopdetail/1323075660.shtml HTTP/1.1" 404 24728 "-" "Mozilla/5.0 AppleWebKit/537.36 (KHTML, like Gecko; compatible; ClaudeBot/1.0; [email protected])"
216.73.216.247 - - [20/Jul/2025:19:36:30 +0000] "GET /shopdetail/1323058506.shtml HTTP/1.1" 404 24727 "-" "Mozilla/5.0 AppleWebKit/537.36 (KHTML, like Gecko; compatible; ClaudeBot/1.0; [email protected])"
216.73.216.247 - - [20/Jul/2025:19:36:33 +0000] "GET /shopdetail/1323067550.shtml HTTP/1.1" 404 24729 "-" "Mozilla/5.0 AppleWebKit/537.36 (KHTML, like Gecko; compatible; ClaudeBot/1.0; [email protected])"
216.73.216.247 - - [20/Jul/2025:19:36:36 +0000] "GET /shopdetail/1323068796.shtml HTTP/1.1" 404 24729 "-" "Mozilla/5.0 AppleWebKit/537.36 (KHTML, like Gecko; compatible; ClaudeBot/1.0; [email protected])"
66.249.73.128 - - [20/Jul/2025:19:36:37 +0000] "GET /shopdetail/53474586.shtml HTTP/1.1" 200 18231 "-" "Mozilla/5.0 (Linux; Android 6.0.1; Nexus 5X Build/MMB29P) AppleWebKit/537.36 (KHTML, like Gecko) Chrome/137.0.7151.103 Mobile Safari/537.36 (compatible; Googlebot/2.1; +http://www.google.com/bot.html)"
216.73.216.247 - - [20/Jul/2025:19:36:39 +0000] "GET /shopdetail/1323056066.shtml HTTP/1.1" 404 24730 "-" "Mozilla/5.0 AppleWebKit/537.36 (KHTML, like Gecko; compatible; ClaudeBot/1.0; [email protected])"
216.73.216.247 - - [20/Jul/2025:19:36:42 +0000] "GET /shopdetail/1323062994.shtml HTTP/1.1" 404 24731 "-" "Mozilla/5.0 AppleWebKit/537.36 (KHTML, like Gecko; compatible; ClaudeBot/1.0; [email protected])"
216.73.216.247 - - [20/Jul/2025:19:36:45 +0000] "GET /shopdetail/1323512756.shtml HTTP/1.1" 404 24730 "-" "Mozilla/5.0 AppleWebKit/537.36 (KHTML, like Gecko; compatible; ClaudeBot/1.0; [email protected])"
209.74.77.214 - - [20/Jul/2025:19:36:51 +0000] "POST /wp-cron.php?doing_wp_cron=1753040211.5050959587097167968750 HTTP/1.1" 200 - "-" "WordPress/6.8.2; https://cartel.express"
216.73.216.247 - - [20/Jul/2025:19:36:51 +0000] "GET /shopdetail/1323106094.shtml HTTP/1.1" 404 24728 "-" "Mozilla/5.0 AppleWebKit/537.36 (KHTML, like Gecko; compatible; ClaudeBot/1.0; [email protected])"
216.73.216.247 - - [20/Jul/2025:19:36:52 +0000] "GET /shopdetail/1323671278.shtml HTTP/1.1" 404 24730 "-" "Mozilla/5.0 AppleWebKit/537.36 (KHTML, like Gecko; compatible; ClaudeBot/1.0; [email protected])"
216.73.216.247 - - [20/Jul/2025:19:36:55 +0000] "GET /shopdetail/1323352386.shtml HTTP/1.1" 404 24729 "-" "Mozilla/5.0 AppleWebKit/537.36 (KHTML, like Gecko; compatible; ClaudeBot/1.0; [email protected])"
216.73.216.247 - - [20/Jul/2025:19:36:59 +0000] "GET /shopdetail/1323486626.shtml HTTP/1.1" 404 24730 "-" "Mozilla/5.0 AppleWebKit/537.36 (KHTML, like Gecko; compatible; ClaudeBot/1.0; [email protected])"
216.73.216.247 - - [20/Jul/2025:19:37:02 +0000] "GET /shopdetail/1323310276.shtml HTTP/1.1" 404 24729 "-" "Mozilla/5.0 AppleWebKit/537.36 (KHTML, like Gecko; compatible; ClaudeBot/1.0; [email protected])"
216.73.216.247 - - [20/Jul/2025:19:37:04 +0000] "GET /shopdetail/1323557306.shtml HTTP/1.1" 404 24731 "-" "Mozilla/5.0 AppleWebKit/537.36 (KHTML, like Gecko; compatible; ClaudeBot/1.0; [email protected])"
216.73.216.247 - - [20/Jul/2025:19:37:07 +0000] "GET /shopdetail/1323395678.shtml HTTP/1.1" 404 24730 "-" "Mozilla/5.0 AppleWebKit/537.36 (KHTML, like Gecko; compatible; ClaudeBot/1.0; [email protected])"
66.249.73.132 - - [20/Jul/2025:19:37:10 +0000] "GET /pcmypage?callback=product%2Fdetail%2FC3411580086 HTTP/1.1" 200 20984 "-" "Mozilla/5.0 (Linux; Android 6.0.1; Nexus 5X Build/MMB29P) AppleWebKit/537.36 (KHTML, like Gecko) Chrome/137.0.7151.103 Mobile Safari/537.36 (compatible; Googlebot/2.1; +http://www.google.com/bot.html)"
216.73.216.247 - - [20/Jul/2025:19:37:10 +0000] "GET /shopdetail/1323608644.shtml HTTP/1.1" 404 24727 "-" "Mozilla/5.0 AppleWebKit/537.36 (KHTML, like Gecko; compatible; ClaudeBot/1.0; [email protected])"
209.74.77.214 - - [20/Jul/2025:19:37:14 +0000] "POST /wp-cron.php?doing_wp_cron=1753040234.8678979873657226562500 HTTP/1.1" 200 - "-" "WordPress/6.8.2; https://cartel.express"
216.73.216.247 - - [20/Jul/2025:19:37:14 +0000] "GET /shopdetail/1323558424.shtml HTTP/1.1" 404 24728 "-" "Mozilla/5.0 AppleWebKit/537.36 (KHTML, like Gecko; compatible; ClaudeBot/1.0; [email protected])"
216.73.216.247 - - [20/Jul/2025:19:37:16 +0000] "GET /shopdetail/1323309952.shtml HTTP/1.1" 404 24727 "-" "Mozilla/5.0 AppleWebKit/537.36 (KHTML, like Gecko; compatible; ClaudeBot/1.0; [email protected])"
216.73.216.247 - - [20/Jul/2025:19:37:19 +0000] "GET /shopdetail/1323264608.shtml HTTP/1.1" 404 24729 "-" "Mozilla/5.0 AppleWebKit/537.36 (KHTML, like Gecko; compatible; ClaudeBot/1.0; [email protected])"
216.73.216.247 - - [20/Jul/2025:19:37:22 +0000] "GET /shopdetail/1323300050.shtml HTTP/1.1" 404 24727 "-" "Mozilla/5.0 AppleWebKit/537.36 (KHTML, like Gecko; compatible; ClaudeBot/1.0; [email protected])"
216.73.216.247 - - [20/Jul/2025:19:37:25 +0000] "GET /shopdetail/1323553936.shtml HTTP/1.1" 404 24730 "-" "Mozilla/5.0 AppleWebKit/537.36 (KHTML, like Gecko; compatible; ClaudeBot/1.0; [email protected])"
216.73.216.247 - - [20/Jul/2025:19:37:31 +0000] "GET /shopdetail/1323183638.shtml HTTP/1.1" 404 24729 "-" "Mozilla/5.0 AppleWebKit/537.36 (KHTML, like Gecko; compatible; ClaudeBot/1.0; [email protected])"
216.73.216.247 - - [20/Jul/2025:19:37:34 +0000] "GET /shopdetail/1323775084.shtml HTTP/1.1" 404 24729 "-" "Mozilla/5.0 AppleWebKit/537.36 (KHTML, like Gecko; compatible; ClaudeBot/1.0; [email protected])"
216.73.216.247 - - [20/Jul/2025:19:37:37 +0000] "GET /shopdetail/1323452570.shtml HTTP/1.1" 404 24730 "-" "Mozilla/5.0 AppleWebKit/537.36 (KHTML, like Gecko; compatible; ClaudeBot/1.0; [email protected])"
66.249.73.131 - - [20/Jul/2025:19:37:38 +0000] "GET /shopdetail/1693119102.shtml HTTP/1.1" 200 18427 "-" "Mozilla/5.0 (compatible; Googlebot/2.1; +http://www.google.com/bot.html)"
216.73.216.247 - - [20/Jul/2025:19:37:40 +0000] "GET /shopdetail/1323306654.shtml HTTP/1.1" 404 24731 "-" "Mozilla/5.0 AppleWebKit/537.36 (KHTML, like Gecko; compatible; ClaudeBot/1.0; [email protected])"
66.249.73.131 - - [20/Jul/2025:19:38:09 +0000] "GET /shopdetail/206238592.shtml HTTP/1.1" 200 18260 "-" "Mozilla/5.0 (Linux; Android 6.0.1; Nexus 5X Build/MMB29P) AppleWebKit/537.36 (KHTML, like Gecko) Chrome/137.0.7151.103 Mobile Safari/537.36 (compatible; Googlebot/2.1; +http://www.google.com/bot.html)"
66.249.73.132 - - [20/Jul/2025:19:38:40 +0000] "GET /shopdetail/1603896.shtml HTTP/1.1" 200 19052 "-" "Mozilla/5.0 (compatible; Googlebot/2.1; +http://www.google.com/bot.html)"
66.249.73.128 - - [20/Jul/2025:19:39:19 +0000] "GET /shopdetail/1092259958.shtml HTTP/1.1" 200 18849 "-" "Mozilla/5.0 (Linux; Android 6.0.1; Nexus 5X Build/MMB29P) AppleWebKit/537.36 (KHTML, like Gecko) Chrome/137.0.7151.103 Mobile Safari/537.36 (compatible; Googlebot/2.1; +http://www.google.com/bot.html)"
66.249.73.128 - - [20/Jul/2025:19:39:22 +0000] "POST /get-message-notify HTTP/1.1" 200 18672 "https://cartel.express/shopdetail/1092259958.shtml" "Mozilla/5.0 (Linux; Android 6.0.1; Nexus 5X Build/MMB29P) AppleWebKit/537.36 (KHTML, like Gecko) Chrome/137.0.7151.119 Mobile Safari/537.36 (compatible; Googlebot/2.1; +http://www.google.com/bot.html)"
66.249.73.132 - - [20/Jul/2025:19:41:03 +0000] "GET /shopdetail/2543550.shtml HTTP/1.1" 200 18267 "-" "Mozilla/5.0 (compatible; Googlebot/2.1; +http://www.google.com/bot.html)"
66.249.73.128 - - [20/Jul/2025:19:41:05 +0000] "GET /shopdetail/858031340.shtml HTTP/1.1" 200 18851 "-" "Mozilla/5.0 (Linux; Android 6.0.1; Nexus 5X Build/MMB29P) AppleWebKit/537.36 (KHTML, like Gecko) Chrome/137.0.7151.103 Mobile Safari/537.36 (compatible; Googlebot/2.1; +http://www.google.com/bot.html)"
216.73.216.247 - - [20/Jul/2025:19:41:52 +0000] "GET /sitemap.xml HTTP/1.1" 200 4502 "-" "Mozilla/5.0 AppleWebKit/537.36 (KHTML, like Gecko; compatible; ClaudeBot/1.0; [email protected])"
66.249.73.131 - - [20/Jul/2025:19:45:11 +0000] "GET /blog-standard/page/3/ HTTP/1.1" 200 20969 "-" "Mozilla/5.0 (Linux; Android 6.0.1; Nexus 5X Build/MMB29P) AppleWebKit/537.36 (KHTML, like Gecko) Chrome/137.0.7151.103 Mobile Safari/537.36 (compatible; Googlebot/2.1; +http://www.google.com/bot.html)"
66.249.73.132 - - [20/Jul/2025:19:45:21 +0000] "GET /product-tag/tires/?quick-view=27129 HTTP/1.1" 200 18346 "-" "Mozilla/5.0 (Linux; Android 6.0.1; Nexus 5X Build/MMB29P) AppleWebKit/537.36 (KHTML, like Gecko) Chrome/137.0.7151.103 Mobile Safari/537.36 (compatible; Googlebot/2.1; +http://www.google.com/bot.html)"
209.74.77.214 - - [20/Jul/2025:19:45:32 +0000] "POST /wp-cron.php?doing_wp_cron=1753040732.0014688968658447265625 HTTP/1.1" 200 - "-" "WordPress/6.8.2; https://cartel.express"
57.141.2.17 - - [20/Jul/2025:19:45:30 +0000] "GET /shopdetail/2388293168.shtml HTTP/1.1" 404 146912 "-" "meta-externalagent/1.1 (+https://developers.facebook.com/docs/sharing/webmasters/crawler)"
66.249.73.132 - - [20/Jul/2025:19:46:09 +0000] "GET /shopdetail/960178.shtml HTTP/1.1" 200 19811 "-" "Mozilla/5.0 (Linux; Android 6.0.1; Nexus 5X Build/MMB29P) AppleWebKit/537.36 (KHTML, like Gecko) Chrome/137.0.7151.103 Mobile Safari/537.36 (compatible; Googlebot/2.1; +http://www.google.com/bot.html)"
209.74.77.214 - - [20/Jul/2025:19:48:27 +0000] "POST /wp-cron.php?doing_wp_cron=1753040907.0839469432830810546875 HTTP/1.1" 200 - "-" "WordPress/6.8.2; https://cartel.express"
57.141.2.3 - - [20/Jul/2025:19:48:25 +0000] "GET /shopdetail/908795676.shtml HTTP/1.1" 404 146916 "-" "meta-externalagent/1.1 (+https://developers.facebook.com/docs/sharing/webmasters/crawler)"
209.74.77.214 - - [20/Jul/2025:19:51:21 +0000] "POST /wp-cron.php?doing_wp_cron=1753041081.0419869422912597656250 HTTP/1.1" 200 - "-" "WordPress/6.8.2; https://cartel.express"
57.141.2.26 - - [20/Jul/2025:19:51:18 +0000] "GET /shopdetail/2388155370.shtml HTTP/1.1" 404 146913 "-" "meta-externalagent/1.1 (+https://developers.facebook.com/docs/sharing/webmasters/crawler)"
66.249.73.128 - - [20/Jul/2025:19:53:58 +0000] "GET /shopdetail/49371490.shtml HTTP/1.1" 200 19607 "-" "Mozilla/5.0 (compatible; Googlebot/2.1; +http://www.google.com/bot.html)"
209.74.77.214 - - [20/Jul/2025:19:54:44 +0000] "POST /wp-cron.php?doing_wp_cron=1753041284.4938189983367919921875 HTTP/1.1" 200 - "-" "WordPress/6.8.2; https://cartel.express"
85.208.96.203 - - [20/Jul/2025:19:54:42 +0000] "GET /portfolio/exhaust-system/ HTTP/1.1" 404 24729 "-" "Mozilla/5.0 (compatible; SemrushBot/7~bl; +http://www.semrush.com/bot.html)"
209.74.77.214 - - [20/Jul/2025:19:56:35 +0000] "POST /wp-cron.php?doing_wp_cron=1753041395.5488200187683105468750 HTTP/1.1" 200 - "-" "WordPress/6.8.2; https://cartel.express"
57.141.2.15 - - [20/Jul/2025:19:56:33 +0000] "GET /shopdetail/2167784430.shtml HTTP/1.1" 404 146913 "-" "meta-externalagent/1.1 (+https://developers.facebook.com/docs/sharing/webmasters/crawler)"
209.74.77.214 - - [20/Jul/2025:20:00:26 +0000] "POST /wp-cron.php?doing_wp_cron=1753041626.0362789630889892578125 HTTP/1.1" 200 - "-" "WordPress/6.8.2; https://cartel.express"
57.141.2.8 - - [20/Jul/2025:20:00:23 +0000] "GET /shopdetail/2387933096.shtml HTTP/1.1" 404 146918 "-" "meta-externalagent/1.1 (+https://developers.facebook.com/docs/sharing/webmasters/crawler)"
66.249.73.128 - - [20/Jul/2025:20:01:30 +0000] "GET /shopdetail/1328360.shtml HTTP/1.1" 200 18868 "-" "Mozilla/5.0 (compatible; Googlebot/2.1; +http://www.google.com/bot.html)"
66.249.73.132 - - [20/Jul/2025:20:02:30 +0000] "GET /shopdetail/1239336.shtml HTTP/1.1" 200 18013 "-" "Mozilla/5.0 (Linux; Android 6.0.1; Nexus 5X Build/MMB29P) AppleWebKit/537.36 (KHTML, like Gecko) Chrome/137.0.7151.103 Mobile Safari/537.36 (compatible; Googlebot/2.1; +http://www.google.com/bot.html)"
209.74.77.214 - - [20/Jul/2025:20:04:08 +0000] "POST /wp-cron.php?doing_wp_cron=1753041848.2989239692687988281250 HTTP/1.1" 200 - "-" "WordPress/6.8.2; https://cartel.express"
57.141.2.23 - - [20/Jul/2025:20:04:05 +0000] "GET /shopdetail/2167726352.shtml HTTP/1.1" 404 146915 "-" "meta-externalagent/1.1 (+https://developers.facebook.com/docs/sharing/webmasters/crawler)"
209.74.77.214 - - [20/Jul/2025:20:04:22 +0000] "POST /wp-cron.php?doing_wp_cron=1753041862.4717450141906738281250 HTTP/1.1" 200 - "-" "WordPress/6.8.2; https://cartel.express"
57.141.2.6 - - [20/Jul/2025:20:04:22 +0000] "GET /shopdetail/2168281310.shtml HTTP/1.1" 404 146914 "-" "meta-externalagent/1.1 (+https://developers.facebook.com/docs/sharing/webmasters/crawler)"
209.74.77.214 - - [20/Jul/2025:20:06:21 +0000] "POST /wp-cron.php?doing_wp_cron=1753041981.8940279483795166015625 HTTP/1.1" 200 - "-" "WordPress/6.8.2; https://cartel.express"
57.141.2.2 - - [20/Jul/2025:20:06:19 +0000] "GET /shopdetail/2168246994.shtml HTTP/1.1" 404 146916 "-" "meta-externalagent/1.1 (+https://developers.facebook.com/docs/sharing/webmasters/crawler)"
209.74.77.214 - - [20/Jul/2025:20:07:05 +0000] "POST /wp-cron.php?doing_wp_cron=1753042025.4595630168914794921875 HTTP/1.1" 200 - "-" "WordPress/6.8.2; https://cartel.express"
57.141.2.8 - - [20/Jul/2025:20:07:02 +0000] "GET /shopdetail/2388549434.shtml HTTP/1.1" 404 146917 "-" "meta-externalagent/1.1 (+https://developers.facebook.com/docs/sharing/webmasters/crawler)"
209.74.77.214 - - [20/Jul/2025:20:07:31 +0000] "POST /wp-cron.php?doing_wp_cron=1753042051.1591260433197021484375 HTTP/1.1" 200 - "-" "WordPress/6.8.2; https://cartel.express"
57.141.2.17 - - [20/Jul/2025:20:07:30 +0000] "GET /shopdetail/908937036.shtml HTTP/1.1" 404 146918 "-" "meta-externalagent/1.1 (+https://developers.facebook.com/docs/sharing/webmasters/crawler)"
209.74.77.214 - - [20/Jul/2025:20:07:57 +0000] "POST /wp-cron.php?doing_wp_cron=1753042077.6259911060333251953125 HTTP/1.1" 200 - "-" "WordPress/6.8.2; https://cartel.express"
57.141.2.29 - - [20/Jul/2025:20:07:57 +0000] "GET /shopdetail/2388156556.shtml HTTP/1.1" 404 146918 "-" "meta-externalagent/1.1 (+https://developers.facebook.com/docs/sharing/webmasters/crawler)"
57.141.2.29 - - [20/Jul/2025:20:08:11 +0000] "GET /shopdetail/2168029532.shtml HTTP/1.1" 404 146915 "-" "meta-externalagent/1.1 (+https://developers.facebook.com/docs/sharing/webmasters/crawler)"
209.74.77.214 - - [20/Jul/2025:20:08:30 +0000] "POST /wp-cron.php?doing_wp_cron=1753042110.8120400905609130859375 HTTP/1.1" 200 - "-" "WordPress/6.8.2; https://cartel.express"
57.141.2.23 - - [20/Jul/2025:20:08:30 +0000] "GET /shopdetail/2388427860.shtml HTTP/1.1" 404 146915 "-" "meta-externalagent/1.1 (+https://developers.facebook.com/docs/sharing/webmasters/crawler)"
57.141.2.2 - - [20/Jul/2025:20:08:34 +0000] "GET /shopdetail/2388238716.shtml HTTP/1.1" 404 146916 "-" "meta-externalagent/1.1 (+https://developers.facebook.com/docs/sharing/webmasters/crawler)"
209.74.77.214 - - [20/Jul/2025:20:08:52 +0000] "POST /wp-cron.php?doing_wp_cron=1753042132.4793419837951660156250 HTTP/1.1" 200 - "-" "WordPress/6.8.2; https://cartel.express"
57.141.2.9 - - [20/Jul/2025:20:08:52 +0000] "GET /shopdetail/2168061216.shtml HTTP/1.1" 404 146918 "-" "meta-externalagent/1.1 (+https://developers.facebook.com/docs/sharing/webmasters/crawler)"
57.141.2.28 - - [20/Jul/2025:20:09:02 +0000] "GET /shopdetail/2388080138.shtml HTTP/1.1" 404 146916 "-" "meta-externalagent/1.1 (+https://developers.facebook.com/docs/sharing/webmasters/crawler)"
209.74.77.214 - - [20/Jul/2025:20:09:23 +0000] "POST /wp-cron.php?doing_wp_cron=1753042163.4401919841766357421875 HTTP/1.1" 200 - "-" "WordPress/6.8.2; https://cartel.express"
57.141.2.19 - - [20/Jul/2025:20:09:23 +0000] "GET /shopdetail/908546410.shtml HTTP/1.1" 404 146915 "-" "meta-externalagent/1.1 (+https://developers.facebook.com/docs/sharing/webmasters/crawler)"
57.141.2.6 - - [20/Jul/2025:20:09:43 +0000] "GET /shopdetail/908624876.shtml HTTP/1.1" 404 146915 "-" "meta-externalagent/1.1 (+https://developers.facebook.com/docs/sharing/webmasters/crawler)"
209.74.77.214 - - [20/Jul/2025:20:09:52 +0000] "POST /wp-cron.php?doing_wp_cron=1753042191.9907889366149902343750 HTTP/1.1" 200 - "-" "WordPress/6.8.2; https://cartel.express"
57.141.2.4 - - [20/Jul/2025:20:09:51 +0000] "GET /shopdetail/2387906032.shtml HTTP/1.1" 404 146917 "-" "meta-externalagent/1.1 (+https://developers.facebook.com/docs/sharing/webmasters/crawler)"
57.141.2.12 - - [20/Jul/2025:20:09:58 +0000] "GET /shopdetail/908809596.shtml HTTP/1.1" 404 146915 "-" "meta-externalagent/1.1 (+https://developers.facebook.com/docs/sharing/webmasters/crawler)"
66.249.73.128 - - [20/Jul/2025:20:10:26 +0000] "GET /shopdetail/1510316.shtml HTTP/1.1" 200 19688 "-" "Mozilla/5.0 (compatible; Googlebot/2.1; +http://www.google.com/bot.html)"
66.249.73.132 - - [20/Jul/2025:20:10:34 +0000] "GET /shopdetail/1672072.shtml HTTP/1.1" 200 20162 "-" "Mozilla/5.0 (compatible; Googlebot/2.1; +http://www.google.com/bot.html)"
45.227.253.15 - - [20/Jul/2025:20:11:25 +0000] "GET /wp-admin/css/colors/blue/blue/index.php?ARRAY=7o2230223n313735333034353939332p2231223n22687474703n5p2s5p2s7n7334393476313373752r74616368652r70726s5p2s3s6p633q78696164616r5s72616r645s7061746826743q313735333034323339332q3932363633333261386534396364343461613963396665376337373935303235222p2232223n223936636530393531343532626462626133643161303862613864366162663136222p2233223n226231616666386161376538363561333763653066363134633539323434666263222p2262696r675s70617373223n2231362q34332q35332q36332q37352q38362q3239227q HTTP/1.1" 200 452 "-" "Mozilla/5.0 (Macintosh; Intel Mac OS X 10.15; rv:81.0) Gecko/20100101 Firefox/81.0"
209.74.77.214 - - [20/Jul/2025:20:12:12 +0000] "POST /wp-cron.php?doing_wp_cron=1753042332.5542199611663818359375 HTTP/1.1" 200 - "-" "WordPress/6.8.2; https://cartel.express"
57.141.2.8 - - [20/Jul/2025:20:12:10 +0000] "GET /shopdetail/2168204884.shtml HTTP/1.1" 404 146913 "-" "meta-externalagent/1.1 (+https://developers.facebook.com/docs/sharing/webmasters/crawler)"
209.74.77.214 - - [20/Jul/2025:20:12:37 +0000] "POST /wp-cron.php?doing_wp_cron=1753042357.3055191040039062500000 HTTP/1.1" 200 - "-" "WordPress/6.8.2; https://cartel.express"
57.141.2.5 - - [20/Jul/2025:20:12:37 +0000] "GET /shopdetail/2168011252.shtml HTTP/1.1" 404 146916 "-" "meta-externalagent/1.1 (+https://developers.facebook.com/docs/sharing/webmasters/crawler)"
209.74.77.214 - - [20/Jul/2025:20:13:34 +0000] "POST /wp-cron.php?doing_wp_cron=1753042413.9542291164398193359375 HTTP/1.1" 200 - "-" "WordPress/6.8.2; https://cartel.express"
57.141.2.5 - - [20/Jul/2025:20:13:31 +0000] "GET /shopdetail/908774034.shtml HTTP/1.1" 404 146916 "-" "meta-externalagent/1.1 (+https://developers.facebook.com/docs/sharing/webmasters/crawler)"
66.249.73.132 - - [20/Jul/2025:20:13:59 +0000] "GET /shopdetail/1226994.shtml HTTP/1.1" 200 20203 "-" "Mozilla/5.0 (Linux; Android 6.0.1; Nexus 5X Build/MMB29P) AppleWebKit/537.36 (KHTML, like Gecko) Chrome/137.0.7151.103 Mobile Safari/537.36 (compatible; Googlebot/2.1; +http://www.google.com/bot.html)"
66.249.73.131 - - [20/Jul/2025:20:14:14 +0000] "GET /wp-sitemap-taxonomies-cpt_cars_type-1.xml HTTP/1.1" 200 4515 "-" "Mozilla/5.0 (compatible; Googlebot/2.1; +http://www.google.com/bot.html)"
209.74.77.214 - - [20/Jul/2025:20:14:56 +0000] "POST /wp-cron.php?doing_wp_cron=1753042496.0126030445098876953125 HTTP/1.1" 200 - "-" "WordPress/6.8.2; https://cartel.express"
57.141.2.14 - - [20/Jul/2025:20:14:53 +0000] "GET /shopdetail/2388467530.shtml HTTP/1.1" 404 146912 "-" "meta-externalagent/1.1 (+https://developers.facebook.com/docs/sharing/webmasters/crawler)"
57.141.2.21 - - [20/Jul/2025:20:14:58 +0000] "GET /shopdetail/2168153482.shtml HTTP/1.1" 404 146910 "-" "meta-externalagent/1.1 (+https://developers.facebook.com/docs/sharing/webmasters/crawler)"
57.141.2.20 - - [20/Jul/2025:20:15:01 +0000] "GET /shopdetail/2388358178.shtml HTTP/1.1" 404 146918 "-" "meta-externalagent/1.1 (+https://developers.facebook.com/docs/sharing/webmasters/crawler)"
57.141.2.20 - - [20/Jul/2025:20:15:07 +0000] "GET /shopdetail/2167605708.shtml HTTP/1.1" 404 146918 "-" "meta-externalagent/1.1 (+https://developers.facebook.com/docs/sharing/webmasters/crawler)"
209.74.77.214 - - [20/Jul/2025:20:15:11 +0000] "POST /wp-cron.php?doing_wp_cron=1753042511.7479779720306396484375 HTTP/1.1" 200 - "-" "WordPress/6.8.2; https://cartel.express"
57.141.2.24 - - [20/Jul/2025:20:15:11 +0000] "GET /shopdetail/2167743514.shtml HTTP/1.1" 404 146915 "-" "meta-externalagent/1.1 (+https://developers.facebook.com/docs/sharing/webmasters/crawler)"
209.74.77.214 - - [20/Jul/2025:20:15:45 +0000] "POST /wp-cron.php?doing_wp_cron=1753042545.7166359424591064453125 HTTP/1.1" 200 - "-" "WordPress/6.8.2; https://cartel.express"
57.141.2.29 - - [20/Jul/2025:20:15:43 +0000] "GET /shopdetail/908422136.shtml HTTP/1.1" 404 146915 "-" "meta-externalagent/1.1 (+https://developers.facebook.com/docs/sharing/webmasters/crawler)"
57.141.2.12 - - [20/Jul/2025:20:15:44 +0000] "GET /shopdetail/2167875638.shtml HTTP/1.1" 404 146914 "-" "meta-externalagent/1.1 (+https://developers.facebook.com/docs/sharing/webmasters/crawler)"
209.74.77.214 - - [20/Jul/2025:20:15:58 +0000] "POST /wp-cron.php?doing_wp_cron=1753042558.8294260501861572265625 HTTP/1.1" 200 - "-" "WordPress/6.8.2; https://cartel.express"
57.141.2.5 - - [20/Jul/2025:20:15:58 +0000] "GET /shopdetail/2167724236.shtml HTTP/1.1" 404 146914 "-" "meta-externalagent/1.1 (+https://developers.facebook.com/docs/sharing/webmasters/crawler)"
209.74.77.214 - - [20/Jul/2025:20:16:48 +0000] "POST /wp-cron.php?doing_wp_cron=1753042608.2749500274658203125000 HTTP/1.1" 200 - "-" "WordPress/6.8.2; https://cartel.express"
209.74.77.214 - - [20/Jul/2025:20:16:48 +0000] "POST /wp-cron.php?doing_wp_cron=1753042608.2749309539794921875000 HTTP/1.1" 200 - "-" "WordPress/6.8.2; https://cartel.express"
57.141.2.26 - - [20/Jul/2025:20:16:47 +0000] "GET /shopdetail/2387803412.shtml HTTP/1.1" 404 146916 "-" "meta-externalagent/1.1 (+https://developers.facebook.com/docs/sharing/webmasters/crawler)"
57.141.2.13 - - [20/Jul/2025:20:16:47 +0000] "GET /shopdetail/908491634.shtml HTTP/1.1" 404 146913 "-" "meta-externalagent/1.1 (+https://developers.facebook.com/docs/sharing/webmasters/crawler)"
57.141.2.18 - - [20/Jul/2025:20:16:45 +0000] "GET /shopdetail/908516650.shtml HTTP/1.1" 404 146914 "-" "meta-externalagent/1.1 (+https://developers.facebook.com/docs/sharing/webmasters/crawler)"
57.141.2.21 - - [20/Jul/2025:20:16:53 +0000] "GET /shopdetail/2388368596.shtml HTTP/1.1" 404 146916 "-" "meta-externalagent/1.1 (+https://developers.facebook.com/docs/sharing/webmasters/crawler)"
209.74.77.214 - - [20/Jul/2025:20:21:40 +0000] "POST /wp-cron.php?doing_wp_cron=1753042900.9183199405670166015625 HTTP/1.1" 200 - "-" "WordPress/6.8.2; https://cartel.express"
57.141.2.23 - - [20/Jul/2025:20:21:39 +0000] "GET /shopdetail/2387915012.shtml HTTP/1.1" 404 146915 "-" "meta-externalagent/1.1 (+https://developers.facebook.com/docs/sharing/webmasters/crawler)"
66.249.73.131 - - [20/Jul/2025:20:21:41 +0000] "GET /shopdetail/1493486.shtml HTTP/1.1" 200 18446 "-" "Mozilla/5.0 (compatible; Googlebot/2.1; +http://www.google.com/bot.html)"
115.74.5.219 - - [20/Jul/2025:20:24:44 +0000] "POST /wp-comments-post.php HTTP/1.1" 302 - "-" "Mozilla/5.0 (Windows NT 10.0; Win64; x64) AppleWebKit/537.36 (KHTML, like Gecko) Chrome/120.0.0.0 Safari/537.36"
209.74.77.214 - - [20/Jul/2025:20:25:00 +0000] "POST /wp-cron.php?doing_wp_cron=1753043100.2000730037689208984375 HTTP/1.1" 200 - "-" "WordPress/6.8.2; https://cartel.express"
57.141.2.1 - - [20/Jul/2025:20:24:59 +0000] "GET /shopdetail/2167613570.shtml HTTP/1.1" 404 146916 "-" "meta-externalagent/1.1 (+https://developers.facebook.com/docs/sharing/webmasters/crawler)"
115.74.5.219 - - [20/Jul/2025:20:25:09 +0000] "POST /wp-comments-post.php HTTP/1.1" 302 - "-" "Mozilla/5.0 (Windows NT 10.0; Win64; x64) AppleWebKit/537.36 (KHTML, like Gecko) Chrome/120.0.0.0 Safari/537.36"
209.74.77.214 - - [20/Jul/2025:20:25:34 +0000] "POST /wp-cron.php?doing_wp_cron=1753043134.8449270725250244140625 HTTP/1.1" 200 - "-" "WordPress/6.8.2; https://cartel.express"
115.74.5.219 - - [20/Jul/2025:20:25:34 +0000] "POST /wp-comments-post.php HTTP/1.1" 302 - "-" "Mozilla/5.0 (Windows NT 10.0; Win64; x64) AppleWebKit/537.36 (KHTML, like Gecko) Chrome/120.0.0.0 Safari/537.36"
209.74.77.214 - - [20/Jul/2025:20:25:59 +0000] "POST /wp-cron.php?doing_wp_cron=1753043159.5315749645233154296875 HTTP/1.1" 200 - "-" "WordPress/6.8.2; https://cartel.express"
115.74.5.219 - - [20/Jul/2025:20:25:59 +0000] "POST /wp-comments-post.php HTTP/1.1" 302 - "-" "Mozilla/5.0 (Windows NT 10.0; Win64; x64) AppleWebKit/537.36 (KHTML, like Gecko) Chrome/120.0.0.0 Safari/537.36"
209.74.77.214 - - [20/Jul/2025:20:26:47 +0000] "POST /wp-cron.php?doing_wp_cron=1753043207.1915810108184814453125 HTTP/1.1" 200 - "-" "WordPress/6.8.2; https://cartel.express"
115.74.5.219 - - [20/Jul/2025:20:26:44 +0000] "POST /wp-comments-post.php HTTP/1.1" 302 - "-" "Mozilla/5.0 (Windows NT 10.0; Win64; x64) AppleWebKit/537.36 (KHTML, like Gecko) Chrome/120.0.0.0 Safari/537.36"
115.74.5.219 - - [20/Jul/2025:20:27:11 +0000] "POST /wp-comments-post.php HTTP/1.1" 302 - "-" "Mozilla/5.0 (Windows NT 10.0; Win64; x64) AppleWebKit/537.36 (KHTML, like Gecko) Chrome/120.0.0.0 Safari/537.36"
209.74.77.214 - - [20/Jul/2025:20:27:36 +0000] "POST /wp-cron.php?doing_wp_cron=1753043256.2262349128723144531250 HTTP/1.1" 200 - "-" "WordPress/6.8.2; https://cartel.express"
115.74.5.219 - - [20/Jul/2025:20:27:36 +0000] "POST /wp-comments-post.php HTTP/1.1" 302 - "-" "Mozilla/5.0 (Windows NT 10.0; Win64; x64) AppleWebKit/537.36 (KHTML, like Gecko) Chrome/120.0.0.0 Safari/537.36"
209.74.77.214 - - [20/Jul/2025:20:28:00 +0000] "POST /wp-cron.php?doing_wp_cron=1753043280.7102830410003662109375 HTTP/1.1" 200 - "-" "WordPress/6.8.2; https://cartel.express"
115.74.5.219 - - [20/Jul/2025:20:28:00 +0000] "POST /wp-comments-post.php HTTP/1.1" 302 - "-" "Mozilla/5.0 (Windows NT 10.0; Win64; x64) AppleWebKit/537.36 (KHTML, like Gecko) Chrome/120.0.0.0 Safari/537.36"
209.74.77.214 - - [20/Jul/2025:20:28:27 +0000] "POST /wp-cron.php?doing_wp_cron=1753043307.1752839088439941406250 HTTP/1.1" 200 - "-" "WordPress/6.8.2; https://cartel.express"
57.141.2.11 - - [20/Jul/2025:20:28:26 +0000] "GET /shopdetail/1957698936.shtml HTTP/1.1" 404 146912 "-" "meta-externalagent/1.1 (+https://developers.facebook.com/docs/sharing/webmasters/crawler)"
66.249.73.128 - - [20/Jul/2025:20:30:30 +0000] "GET /shopdetail/2684910.shtml HTTP/1.1" 200 19757 "-" "Mozilla/5.0 (compatible; Googlebot/2.1; +http://www.google.com/bot.html)"
209.74.77.214 - - [20/Jul/2025:20:31:51 +0000] "POST /wp-cron.php?doing_wp_cron=1753043511.0319550037384033203125 HTTP/1.1" 200 - "-" "WordPress/6.8.2; https://cartel.express"
57.141.2.7 - - [20/Jul/2025:20:31:48 +0000] "GET /shopdetail/2388485682.shtml HTTP/1.1" 404 146918 "-" "meta-externalagent/1.1 (+https://developers.facebook.com/docs/sharing/webmasters/crawler)"
209.74.77.214 - - [20/Jul/2025:20:33:44 +0000] "POST /wp-cron.php?doing_wp_cron=1753043624.3479170799255371093750 HTTP/1.1" 200 - "-" "WordPress/6.8.2; https://cartel.express"
57.141.2.25 - - [20/Jul/2025:20:33:41 +0000] "GET /shopdetail/2388279572.shtml HTTP/1.1" 404 146909 "-" "meta-externalagent/1.1 (+https://developers.facebook.com/docs/sharing/webmasters/crawler)"
209.74.77.214 - - [20/Jul/2025:20:34:49 +0000] "POST /wp-cron.php?doing_wp_cron=1753043689.5562028884887695312500 HTTP/1.1" 200 - "-" "WordPress/6.8.2; https://cartel.express"
57.141.2.10 - - [20/Jul/2025:20:34:47 +0000] "GET /shopdetail/908456388.shtml HTTP/1.1" 404 146918 "-" "meta-externalagent/1.1 (+https://developers.facebook.com/docs/sharing/webmasters/crawler)"
66.249.73.131 - - [20/Jul/2025:20:44:19 +0000] "GET /shopdetail/1158622.shtml HTTP/1.1" 200 18681 "-" "Mozilla/5.0 (Linux; Android 6.0.1; Nexus 5X Build/MMB29P) AppleWebKit/537.36 (KHTML, like Gecko) Chrome/137.0.7151.103 Mobile Safari/537.36 (compatible; Googlebot/2.1; +http://www.google.com/bot.html)"
66.249.73.132 - - [20/Jul/2025:20:46:34 +0000] "GET /shopdetail/2491508224.shtml HTTP/1.1" 200 20506 "-" "Mozilla/5.0 (Linux; Android 6.0.1; Nexus 5X Build/MMB29P) AppleWebKit/537.36 (KHTML, like Gecko) Chrome/137.0.7151.103 Mobile Safari/537.36 (compatible; Googlebot/2.1; +http://www.google.com/bot.html)"
209.74.77.214 - - [20/Jul/2025:20:47:52 +0000] "POST /wp-cron.php?doing_wp_cron=1753044472.7002360820770263671875 HTTP/1.1" 200 - "-" "WordPress/6.8.2; https://cartel.express"
57.141.2.21 - - [20/Jul/2025:20:47:50 +0000] "GET /shopdetail/2167793410.shtml HTTP/1.1" 404 146918 "-" "meta-externalagent/1.1 (+https://developers.facebook.com/docs/sharing/webmasters/crawler)"
66.249.73.132 - - [20/Jul/2025:20:49:38 +0000] "GET /shopdetail/2330836.shtml HTTP/1.1" 200 18122 "-" "Mozilla/5.0 (Linux; Android 6.0.1; Nexus 5X Build/MMB29P) AppleWebKit/537.36 (KHTML, like Gecko) Chrome/137.0.7151.103 Mobile Safari/537.36 (compatible; Googlebot/2.1; +http://www.google.com/bot.html)"
66.249.73.131 - - [20/Jul/2025:20:52:25 +0000] "GET /shopdetail/57381674.shtml HTTP/1.1" 200 17934 "-" "Mozilla/5.0 (Linux; Android 6.0.1; Nexus 5X Build/MMB29P) AppleWebKit/537.36 (KHTML, like Gecko) Chrome/137.0.7151.103 Mobile Safari/537.36 (compatible; Googlebot/2.1; +http://www.google.com/bot.html)"
209.74.77.214 - - [20/Jul/2025:20:52:32 +0000] "POST /wp-cron.php?doing_wp_cron=1753044752.9376890659332275390625 HTTP/1.1" 200 - "-" "WordPress/6.8.2; https://cartel.express"
57.141.2.28 - - [20/Jul/2025:20:52:31 +0000] "GET /shopdetail/2388368272.shtml HTTP/1.1" 404 146916 "-" "meta-externalagent/1.1 (+https://developers.facebook.com/docs/sharing/webmasters/crawler)"
45.227.253.15 - - [20/Jul/2025:20:57:31 +0000] "GET /index.php/jk HTTP/1.1" 200 59 "-" "Mozilla/5.0 (iPhone; CPU iPhone OS 11_3 like Mac OS X) AppleWebKit/605.1.15 (KHTML, like Gecko) Version/11.0.4 Mobile/15E148 Safari/604.1"
216.73.216.247 - - [20/Jul/2025:20:58:21 +0000] "GET /robots.txt HTTP/1.1" 200 94 "-" "Mozilla/5.0 AppleWebKit/537.36 (KHTML, like Gecko; compatible; ClaudeBot/1.0; [email protected])"
209.74.77.214 - - [20/Jul/2025:20:58:23 +0000] "POST /wp-cron.php?doing_wp_cron=1753045103.8384249210357666015625 HTTP/1.1" 200 - "-" "WordPress/6.8.2; https://cartel.express"
216.73.216.247 - - [20/Jul/2025:20:58:21 +0000] "GET /product-tag/light/feed HTTP/1.1" 301 - "-" "Mozilla/5.0 AppleWebKit/537.36 (KHTML, like Gecko; compatible; ClaudeBot/1.0; [email protected])"
216.73.216.247 - - [20/Jul/2025:20:58:23 +0000] "GET /product-tag/light/feed/ HTTP/1.1" 200 1001 "https://cartel.express/product-tag/light/feed" "Mozilla/5.0 AppleWebKit/537.36 (KHTML, like Gecko; compatible; ClaudeBot/1.0; [email protected])"
66.249.73.131 - - [20/Jul/2025:20:59:18 +0000] "GET /shopdetail/1154134.shtml HTTP/1.1" 200 20552 "-" "Mozilla/5.0 (Linux; Android 6.0.1; Nexus 5X Build/MMB29P) AppleWebKit/537.36 (KHTML, like Gecko) Chrome/137.0.7151.103 Mobile Safari/537.36 (compatible; Googlebot/2.1; +http://www.google.com/bot.html)"
209.74.77.214 - - [20/Jul/2025:21:02:35 +0000] "POST /wp-cron.php?doing_wp_cron=1753045355.5965709686279296875000 HTTP/1.1" 200 - "-" "WordPress/6.8.2; https://cartel.express"
216.73.216.247 - - [20/Jul/2025:21:02:33 +0000] "GET /product-tag/light/?add-to-cart=19250 HTTP/1.1" 200 38477 "-" "Mozilla/5.0 AppleWebKit/537.36 (KHTML, like Gecko; compatible; ClaudeBot/1.0; [email protected])"
66.249.73.132 - - [20/Jul/2025:21:05:13 +0000] "GET /shopdetail/56483196.shtml HTTP/1.1" 200 19021 "-" "Mozilla/5.0 (Linux; Android 6.0.1; Nexus 5X Build/MMB29P) AppleWebKit/537.36 (KHTML, like Gecko) Chrome/137.0.7151.103 Mobile Safari/537.36 (compatible; Googlebot/2.1; +http://www.google.com/bot.html)"
66.249.73.132 - - [20/Jul/2025:21:05:59 +0000] "GET /shopdetail/52314970.shtml HTTP/1.1" 200 18248 "-" "Mozilla/5.0 (compatible; Googlebot/2.1; +http://www.google.com/bot.html)"
209.74.77.214 - - [20/Jul/2025:21:08:55 +0000] "POST /wp-cron.php?doing_wp_cron=1753045735.1374750137329101562500 HTTP/1.1" 200 - "-" "WordPress/6.8.2; https://cartel.express"
216.73.216.247 - - [20/Jul/2025:21:08:50 +0000] "GET /product-tag/light/?quick-view=19250 HTTP/1.1" 200 38433 "-" "Mozilla/5.0 AppleWebKit/537.36 (KHTML, like Gecko; compatible; ClaudeBot/1.0; [email protected])"
209.74.77.214 - - [20/Jul/2025:21:10:06 +0000] "POST /wp-cron.php?doing_wp_cron=1753045806.4278829097747802734375 HTTP/1.1" 200 - "-" "WordPress/6.8.2; https://cartel.express"
57.141.2.14 - - [20/Jul/2025:21:10:03 +0000] "GET /shopdetail/2167609078.shtml HTTP/1.1" 404 146916 "-" "meta-externalagent/1.1 (+https://developers.facebook.com/docs/sharing/webmasters/crawler)"
66.249.73.132 - - [20/Jul/2025:21:11:40 +0000] "GET /shopdetail/2563012.shtml HTTP/1.1" 200 18349 "-" "Mozilla/5.0 (Linux; Android 6.0.1; Nexus 5X Build/MMB29P) AppleWebKit/537.36 (KHTML, like Gecko) Chrome/137.0.7151.103 Mobile Safari/537.36 (compatible; Googlebot/2.1; +http://www.google.com/bot.html)"
66.249.73.132 - - [20/Jul/2025:21:14:09 +0000] "GET /pcmypage?callback=product%2Fdetail%2FC3219708721 HTTP/1.1" 200 20987 "-" "Mozilla/5.0 (Linux; Android 6.0.1; Nexus 5X Build/MMB29P) AppleWebKit/537.36 (KHTML, like Gecko) Chrome/137.0.7151.103 Mobile Safari/537.36 (compatible; Googlebot/2.1; +http://www.google.com/bot.html)"
66.249.73.132 - - [20/Jul/2025:21:14:14 +0000] "POST /get-message-notify HTTP/1.1" 200 18672 "https://cartel.express/pcmypage?callback=product%2Fdetail%2FC3219708721" "Mozilla/5.0 (Linux; Android 6.0.1; Nexus 5X Build/MMB29P) AppleWebKit/537.36 (KHTML, like Gecko) Chrome/137.0.7151.119 Mobile Safari/537.36 (compatible; Googlebot/2.1; +http://www.google.com/bot.html)"
66.249.73.131 - - [20/Jul/2025:21:14:33 +0000] "GET /shopdetail/59849126.shtml HTTP/1.1" 200 18512 "-" "Mozilla/5.0 (Linux; Android 6.0.1; Nexus 5X Build/MMB29P) AppleWebKit/537.36 (KHTML, like Gecko) Chrome/137.0.7151.103 Mobile Safari/537.36 (compatible; Googlebot/2.1; +http://www.google.com/bot.html)"
66.249.73.132 - - [20/Jul/2025:21:22:29 +0000] "GET /shopdetail/2216875568.shtml HTTP/1.1" 200 22308 "-" "Mozilla/5.0 (Linux; Android 6.0.1; Nexus 5X Build/MMB29P) AppleWebKit/537.36 (KHTML, like Gecko) Chrome/137.0.7151.103 Mobile Safari/537.36 (compatible; Googlebot/2.1; +http://www.google.com/bot.html)"
66.249.73.132 - - [20/Jul/2025:21:22:34 +0000] "POST /get-message-notify HTTP/1.1" 200 18672 "https://cartel.express/shopdetail/2216875568.shtml" "Mozilla/5.0 (Linux; Android 6.0.1; Nexus 5X Build/MMB29P) AppleWebKit/537.36 (KHTML, like Gecko) Chrome/137.0.7151.119 Mobile Safari/537.36 (compatible; Googlebot/2.1; +http://www.google.com/bot.html)"
209.74.77.214 - - [20/Jul/2025:21:23:55 +0000] "POST /wp-cron.php?doing_wp_cron=1753046635.0781919956207275390625 HTTP/1.1" 200 - "-" "WordPress/6.8.2; https://cartel.express"
216.73.216.247 - - [20/Jul/2025:21:23:52 +0000] "GET /product-tag/lamp/feed HTTP/1.1" 301 - "-" "Mozilla/5.0 AppleWebKit/537.36 (KHTML, like Gecko; compatible; ClaudeBot/1.0; [email protected])"
216.73.216.247 - - [20/Jul/2025:21:23:55 +0000] "GET /product-tag/lamp/feed/ HTTP/1.1" 200 1001 "https://cartel.express/product-tag/lamp/feed" "Mozilla/5.0 AppleWebKit/537.36 (KHTML, like Gecko; compatible; ClaudeBot/1.0; [email protected])"
85.208.96.205 - - [20/Jul/2025:21:24:15 +0000] "GET /robots.txt HTTP/1.1" 200 94 "-" "Mozilla/5.0 (compatible; SemrushBot/7~bl; +http://www.semrush.com/bot.html)"
209.74.77.214 - - [20/Jul/2025:21:24:16 +0000] "POST /wp-cron.php?doing_wp_cron=1753046656.3046689033508300781250 HTTP/1.1" 200 - "-" "WordPress/6.8.2; https://cartel.express"
185.191.171.11 - - [20/Jul/2025:21:24:15 +0000] "GET /product-category/seat-covers/ HTTP/1.1" 200 37831 "-" "Mozilla/5.0 (compatible; SemrushBot/7~bl; +http://www.semrush.com/bot.html)"
209.74.77.214 - - [20/Jul/2025:21:25:25 +0000] "POST /wp-cron.php?doing_wp_cron=1753046725.9220139980316162109375 HTTP/1.1" 200 - "-" "WordPress/6.8.2; https://cartel.express"
57.141.2.9 - - [20/Jul/2025:21:25:23 +0000] "GET /shopdetail/908906158.shtml HTTP/1.1" 404 146917 "-" "meta-externalagent/1.1 (+https://developers.facebook.com/docs/sharing/webmasters/crawler)"
66.249.73.128 - - [20/Jul/2025:21:26:48 +0000] "GET /shopdetail/921566.shtml HTTP/1.1" 200 20839 "-" "Mozilla/5.0 (compatible; Googlebot/2.1; +http://www.google.com/bot.html)"
66.249.73.128 - - [20/Jul/2025:21:28:00 +0000] "GET /shopdetail/1646006.shtml HTTP/1.1" 200 19479 "-" "Mozilla/5.0 (Linux; Android 6.0.1; Nexus 5X Build/MMB29P) AppleWebKit/537.36 (KHTML, like Gecko) Chrome/137.0.7151.103 Mobile Safari/537.36 (compatible; Googlebot/2.1; +http://www.google.com/bot.html)"
66.249.73.128 - - [20/Jul/2025:21:29:09 +0000] "GET /shopdetail/1407952.shtml HTTP/1.1" 200 18209 "-" "Mozilla/5.0 (Linux; Android 6.0.1; Nexus 5X Build/MMB29P) AppleWebKit/537.36 (KHTML, like Gecko) Chrome/137.0.7151.103 Mobile Safari/537.36 (compatible; Googlebot/2.1; +http://www.google.com/bot.html)"
209.74.77.214 - - [20/Jul/2025:21:30:13 +0000] "POST /wp-cron.php?doing_wp_cron=1753047013.0778450965881347656250 HTTP/1.1" 200 - "-" "WordPress/6.8.2; https://cartel.express"
57.141.2.6 - - [20/Jul/2025:21:30:10 +0000] "GET /shopdetail/908492820.shtml HTTP/1.1" 404 146916 "-" "meta-externalagent/1.1 (+https://developers.facebook.com/docs/sharing/webmasters/crawler)"
57.141.2.30 - - [20/Jul/2025:21:30:21 +0000] "GET /shopdetail/2168218480.shtml HTTP/1.1" 404 146909 "-" "meta-externalagent/1.1 (+https://developers.facebook.com/docs/sharing/webmasters/crawler)"
66.249.73.132 - - [20/Jul/2025:21:30:25 +0000] "GET /shopdetail/1560796.shtml HTTP/1.1" 200 18385 "-" "Mozilla/5.0 (compatible; Googlebot/2.1; +http://www.google.com/bot.html)"
66.249.73.128 - - [20/Jul/2025:21:32:07 +0000] "GET /shopdetail/1232600.shtml HTTP/1.1" 200 17779 "-" "Mozilla/5.0 (Linux; Android 6.0.1; Nexus 5X Build/MMB29P) AppleWebKit/537.36 (KHTML, like Gecko) Chrome/137.0.7151.103 Mobile Safari/537.36 (compatible; Googlebot/2.1; +http://www.google.com/bot.html)"
209.74.77.214 - - [20/Jul/2025:21:33:17 +0000] "POST /wp-cron.php?doing_wp_cron=1753047197.4377489089965820312500 HTTP/1.1" 200 - "-" "WordPress/6.8.2; https://cartel.express"
216.73.216.247 - - [20/Jul/2025:21:33:15 +0000] "GET /product-tag/lamp/?add-to-cart=19250 HTTP/1.1" 200 38480 "-" "Mozilla/5.0 AppleWebKit/537.36 (KHTML, like Gecko; compatible; ClaudeBot/1.0; [email protected])"
66.249.73.128 - - [20/Jul/2025:21:34:43 +0000] "GET /zhHant/product/surugaya/C2152951458?campaign_uid=f64d716db5e979ed2f947dbaf4296895b951ae7f HTTP/1.1" 200 20583 "-" "Mozilla/5.0 (Linux; Android 6.0.1; Nexus 5X Build/MMB29P) AppleWebKit/537.36 (KHTML, like Gecko) Chrome/137.0.7151.103 Mobile Safari/537.36 (compatible; Googlebot/2.1; +http://www.google.com/bot.html)"
66.249.73.132 - - [20/Jul/2025:21:34:56 +0000] "POST /get-message-notify HTTP/1.1" 200 18672 "https://cartel.express/zhHant/product/surugaya/C2152951458?campaign_uid=f64d716db5e979ed2f947dbaf4296895b951ae7f" "Mozilla/5.0 (Linux; Android 6.0.1; Nexus 5X Build/MMB29P) AppleWebKit/537.36 (KHTML, like Gecko) Chrome/137.0.7151.119 Mobile Safari/537.36 (compatible; Googlebot/2.1; +http://www.google.com/bot.html)"
66.249.73.132 - - [20/Jul/2025:21:39:24 +0000] "GET /pcmypage?callback=product%2Fdetail%2FC2315756887 HTTP/1.1" 200 20986 "-" "Mozilla/5.0 (Linux; Android 6.0.1; Nexus 5X Build/MMB29P) AppleWebKit/537.36 (KHTML, like Gecko) Chrome/137.0.7151.103 Mobile Safari/537.36 (compatible; Googlebot/2.1; +http://www.google.com/bot.html)"
66.249.73.132 - - [20/Jul/2025:21:40:06 +0000] "GET /shopdetail/367622904.shtml HTTP/1.1" 200 18030 "-" "Mozilla/5.0 (Linux; Android 6.0.1; Nexus 5X Build/MMB29P) AppleWebKit/537.36 (KHTML, like Gecko) Chrome/137.0.7151.103 Mobile Safari/537.36 (compatible; Googlebot/2.1; +http://www.google.com/bot.html)"
66.249.73.132 - - [20/Jul/2025:21:40:10 +0000] "POST /get-message-notify HTTP/1.1" 200 18672 "https://cartel.express/shopdetail/367622904.shtml" "Mozilla/5.0 (Linux; Android 6.0.1; Nexus 5X Build/MMB29P) AppleWebKit/537.36 (KHTML, like Gecko) Chrome/137.0.7151.119 Mobile Safari/537.36 (compatible; Googlebot/2.1; +http://www.google.com/bot.html)"
66.249.73.131 - - [20/Jul/2025:21:40:30 +0000] "GET /shopdetail/2614490.shtml HTTP/1.1" 200 18238 "-" "Mozilla/5.0 (compatible; Googlebot/2.1; +http://www.google.com/bot.html)"
52.167.144.183 - - [20/Jul/2025:21:41:33 +0000] "GET /a-deep-dive-into-the-world-of-high-end-car-rentals/ HTTP/1.1" 200 18164 "-" "Mozilla/5.0 AppleWebKit/537.36 (KHTML, like Gecko; compatible; bingbot/2.0; +http://www.bing.com/bingbot.htm) Chrome/116.0.1938.76 Safari/537.36"
66.249.73.131 - - [20/Jul/2025:21:42:22 +0000] "GET /shopdetail/1157496.shtml HTTP/1.1" 200 19963 "-" "Mozilla/5.0 (compatible; Googlebot/2.1; +http://www.google.com/bot.html)"
66.249.73.131 - - [20/Jul/2025:21:42:31 +0000] "GET /shopdetail/2538064.shtml HTTP/1.1" 200 18657 "-" "Mozilla/5.0 (Linux; Android 6.0.1; Nexus 5X Build/MMB29P) AppleWebKit/537.36 (KHTML, like Gecko) Chrome/137.0.7151.103 Mobile Safari/537.36 (compatible; Googlebot/2.1; +http://www.google.com/bot.html)"
66.249.73.131 - - [20/Jul/2025:21:46:12 +0000] "GET /shopdetail/1649496.shtml HTTP/1.1" 200 19773 "-" "Mozilla/5.0 (compatible; Googlebot/2.1; +http://www.google.com/bot.html)"
209.74.77.214 - - [20/Jul/2025:21:46:16 +0000] "POST /wp-cron.php?doing_wp_cron=1753047976.4629430770874023437500 HTTP/1.1" 200 - "-" "WordPress/6.8.2; https://cartel.express"
209.85.238.4 - - [20/Jul/2025:21:46:14 +0000] "GET /shopdetail/2589282.shtml HTTP/1.1" 404 24729 "-" "Mozilla/5.0 (X11; Linux x86_64) AppleWebKit/537.36 (KHTML, like Gecko) Chrome/137.0.7151.119 Safari/537.36"
209.85.238.4 - - [20/Jul/2025:21:46:16 +0000] "GET /wp-content/plugins/ti-woocommerce-wishlist/assets/css/webfont.min.css?ver=2.10.0 HTTP/1.1" 200 877 "https://cartel.express/shopdetail/2589282.shtml" "Mozilla/5.0 (X11; Linux x86_64) AppleWebKit/537.36 (KHTML, like Gecko) Chrome/137.0.7151.119 Safari/537.36"
