216.73.216.247 - - [21/Jul/2025:02:34:24 +0000] "GET /shopdetail/903122740.shtml HTTP/1.1" 404 24731 "-" "Mozilla/5.0 AppleWebKit/537.36 (KHTML, like Gecko; compatible; ClaudeBot/1.0; [email protected])"
216.73.216.247 - - [21/Jul/2025:02:34:27 +0000] "GET /shopdetail/903111516.shtml HTTP/1.1" 404 24729 "-" "Mozilla/5.0 AppleWebKit/537.36 (KHTML, like Gecko; compatible; ClaudeBot/1.0; [email protected])"
216.73.216.247 - - [21/Jul/2025:02:34:30 +0000] "GET /shopdetail/902451958.shtml HTTP/1.1" 404 24731 "-" "Mozilla/5.0 AppleWebKit/537.36 (KHTML, like Gecko; compatible; ClaudeBot/1.0; [email protected])"
216.73.216.247 - - [21/Jul/2025:02:34:33 +0000] "GET /shopdetail/902980454.shtml HTTP/1.1" 404 24729 "-" "Mozilla/5.0 AppleWebKit/537.36 (KHTML, like Gecko; compatible; ClaudeBot/1.0; [email protected])"
216.73.216.247 - - [21/Jul/2025:02:34:36 +0000] "GET /shopdetail/902627378.shtml HTTP/1.1" 404 24731 "-" "Mozilla/5.0 AppleWebKit/537.36 (KHTML, like Gecko; compatible; ClaudeBot/1.0; [email protected])"
216.73.216.247 - - [21/Jul/2025:02:34:39 +0000] "GET /shopdetail/902836978.shtml HTTP/1.1" 404 24731 "-" "Mozilla/5.0 AppleWebKit/537.36 (KHTML, like Gecko; compatible; ClaudeBot/1.0; [email protected])"
209.74.77.214 - - [21/Jul/2025:02:35:26 +0000] "POST /wp-cron.php?doing_wp_cron=1753065326.8811519145965576171875 HTTP/1.1" 200 - "-" "WordPress/6.8.2; https://cartel.express"
216.73.216.247 - - [21/Jul/2025:02:35:24 +0000] "GET /shopdetail/903062554.shtml HTTP/1.1" 404 24728 "-" "Mozilla/5.0 AppleWebKit/537.36 (KHTML, like Gecko; compatible; ClaudeBot/1.0; [email protected])"
209.74.77.214 - - [21/Jul/2025:02:35:28 +0000] "POST /wp-cron.php?doing_wp_cron=1753065328.7262880802154541015625 HTTP/1.1" 200 - "-" "WordPress/6.8.2; https://cartel.express"
216.73.216.247 - - [21/Jul/2025:02:35:28 +0000] "GET /shopdetail/902470238.shtml HTTP/1.1" 404 24731 "-" "Mozilla/5.0 AppleWebKit/537.36 (KHTML, like Gecko; compatible; ClaudeBot/1.0; [email protected])"
216.73.216.247 - - [21/Jul/2025:02:35:30 +0000] "GET /shopdetail/902939470.shtml HTTP/1.1" 404 24729 "-" "Mozilla/5.0 AppleWebKit/537.36 (KHTML, like Gecko; compatible; ClaudeBot/1.0; [email protected])"
216.73.216.247 - - [21/Jul/2025:02:35:33 +0000] "GET /shopdetail/902828860.shtml HTTP/1.1" 404 24732 "-" "Mozilla/5.0 AppleWebKit/537.36 (KHTML, like Gecko; compatible; ClaudeBot/1.0; [email protected])"
216.73.216.247 - - [21/Jul/2025:02:35:36 +0000] "GET /shopdetail/903068224.shtml HTTP/1.1" 404 24730 "-" "Mozilla/5.0 AppleWebKit/537.36 (KHTML, like Gecko; compatible; ClaudeBot/1.0; [email protected])"
216.73.216.247 - - [21/Jul/2025:02:35:39 +0000] "GET /shopdetail/902823382.shtml HTTP/1.1" 404 24730 "-" "Mozilla/5.0 AppleWebKit/537.36 (KHTML, like Gecko; compatible; ClaudeBot/1.0; [email protected])"
209.74.77.214 - - [21/Jul/2025:02:36:29 +0000] "POST /wp-cron.php?doing_wp_cron=1753065389.7128739356994628906250 HTTP/1.1" 200 - "-" "WordPress/6.8.2; https://cartel.express"
216.73.216.247 - - [21/Jul/2025:02:36:27 +0000] "GET /shopdetail/903226554.shtml HTTP/1.1" 404 24730 "-" "Mozilla/5.0 AppleWebKit/537.36 (KHTML, like Gecko; compatible; ClaudeBot/1.0; [email protected])"
216.73.216.247 - - [21/Jul/2025:02:36:34 +0000] "GET /shopdetail/902710592.shtml HTTP/1.1" 404 24732 "-" "Mozilla/5.0 AppleWebKit/537.36 (KHTML, like Gecko; compatible; ClaudeBot/1.0; [email protected])"
216.73.216.247 - - [21/Jul/2025:02:36:35 +0000] "GET /shopdetail/902961180.shtml HTTP/1.1" 404 24731 "-" "Mozilla/5.0 AppleWebKit/537.36 (KHTML, like Gecko; compatible; ClaudeBot/1.0; [email protected])"
216.73.216.247 - - [21/Jul/2025:02:36:38 +0000] "GET /shopdetail/903011400.shtml HTTP/1.1" 404 24731 "-" "Mozilla/5.0 AppleWebKit/537.36 (KHTML, like Gecko; compatible; ClaudeBot/1.0; [email protected])"
216.73.216.247 - - [21/Jul/2025:02:36:41 +0000] "GET /shopdetail/902536238.shtml HTTP/1.1" 404 24728 "-" "Mozilla/5.0 AppleWebKit/537.36 (KHTML, like Gecko; compatible; ClaudeBot/1.0; [email protected])"
216.73.216.247 - - [21/Jul/2025:02:36:44 +0000] "GET /shopdetail/902792496.shtml HTTP/1.1" 404 24731 "-" "Mozilla/5.0 AppleWebKit/537.36 (KHTML, like Gecko; compatible; ClaudeBot/1.0; [email protected])"
51.222.253.5 - - [21/Jul/2025:02:37:09 +0000] "GET /robots.txt HTTP/1.1" 200 94 "-" "Mozilla/5.0 (compatible; AhrefsBot/7.0; +http://ahrefs.com/robot/)"
209.74.77.214 - - [21/Jul/2025:02:37:18 +0000] "POST /wp-cron.php?doing_wp_cron=1753065438.9834520816802978515625 HTTP/1.1" 200 - "-" "WordPress/6.8.2; https://cartel.express"
51.222.253.7 - - [21/Jul/2025:02:37:16 +0000] "GET /shop/page/2/?quick-view=27282 HTTP/1.1" 200 36855 "-" "Mozilla/5.0 (compatible; AhrefsBot/7.0; +http://ahrefs.com/robot/)"
66.249.73.228 - - [21/Jul/2025:02:37:23 +0000] "GET /pcmypage?callback=product%2Fdetail%2FC2223514125 HTTP/1.1" 200 21011 "-" "Mozilla/5.0 (Linux; Android 6.0.1; Nexus 5X Build/MMB29P) AppleWebKit/537.36 (KHTML, like Gecko) Chrome/137.0.7151.103 Mobile Safari/537.36 (compatible; Googlebot/2.1; +http://www.google.com/bot.html)"
66.249.73.229 - - [21/Jul/2025:02:37:25 +0000] "GET /pcmypage?callback=product/review/C2223514125 HTTP/1.1" 200 20417 "-" "Mozilla/5.0 (Linux; Android 6.0.1; Nexus 5X Build/MMB29P) AppleWebKit/537.36 (KHTML, like Gecko) Chrome/137.0.7151.103 Mobile Safari/537.36 (compatible; Googlebot/2.1; +http://www.google.com/bot.html)"
216.73.216.247 - - [21/Jul/2025:02:37:27 +0000] "GET /shopdetail/902546464.shtml HTTP/1.1" 404 24730 "-" "Mozilla/5.0 AppleWebKit/537.36 (KHTML, like Gecko; compatible; ClaudeBot/1.0; [email protected])"
216.73.216.247 - - [21/Jul/2025:02:37:30 +0000] "GET /shopdetail/902827870.shtml HTTP/1.1" 404 24731 "-" "Mozilla/5.0 AppleWebKit/537.36 (KHTML, like Gecko; compatible; ClaudeBot/1.0; [email protected])"
216.73.216.247 - - [21/Jul/2025:02:37:33 +0000] "GET /shopdetail/902782270.shtml HTTP/1.1" 404 24731 "-" "Mozilla/5.0 AppleWebKit/537.36 (KHTML, like Gecko; compatible; ClaudeBot/1.0; [email protected])"
216.73.216.247 - - [21/Jul/2025:02:37:36 +0000] "GET /shopdetail/902545214.shtml HTTP/1.1" 404 24729 "-" "Mozilla/5.0 AppleWebKit/537.36 (KHTML, like Gecko; compatible; ClaudeBot/1.0; [email protected])"
216.73.216.247 - - [21/Jul/2025:02:37:39 +0000] "GET /shopdetail/1323096184.shtml HTTP/1.1" 404 24730 "-" "Mozilla/5.0 AppleWebKit/537.36 (KHTML, like Gecko; compatible; ClaudeBot/1.0; [email protected])"
216.73.216.247 - - [21/Jul/2025:02:37:42 +0000] "GET /shopdetail/902746956.shtml HTTP/1.1" 404 24731 "-" "Mozilla/5.0 AppleWebKit/537.36 (KHTML, like Gecko; compatible; ClaudeBot/1.0; [email protected])"
209.74.77.214 - - [21/Jul/2025:02:38:29 +0000] "POST /wp-cron.php?doing_wp_cron=1753065509.7054049968719482421875 HTTP/1.1" 200 - "-" "WordPress/6.8.2; https://cartel.express"
216.73.216.247 - - [21/Jul/2025:02:38:27 +0000] "GET /shopdetail/902891754.shtml HTTP/1.1" 404 24730 "-" "Mozilla/5.0 AppleWebKit/537.36 (KHTML, like Gecko; compatible; ClaudeBot/1.0; [email protected])"
216.73.216.247 - - [21/Jul/2025:02:38:32 +0000] "GET /shopdetail/902951018.shtml HTTP/1.1" 404 24730 "-" "Mozilla/5.0 AppleWebKit/537.36 (KHTML, like Gecko; compatible; ClaudeBot/1.0; [email protected])"
216.73.216.247 - - [21/Jul/2025:02:38:35 +0000] "GET /shopdetail/902883636.shtml HTTP/1.1" 404 24732 "-" "Mozilla/5.0 AppleWebKit/537.36 (KHTML, like Gecko; compatible; ClaudeBot/1.0; [email protected])"
216.73.216.247 - - [21/Jul/2025:02:38:39 +0000] "GET /shopdetail/903179888.shtml HTTP/1.1" 404 24728 "-" "Mozilla/5.0 AppleWebKit/537.36 (KHTML, like Gecko; compatible; ClaudeBot/1.0; [email protected])"
216.73.216.247 - - [21/Jul/2025:02:38:41 +0000] "GET /shopdetail/902573720.shtml HTTP/1.1" 404 24726 "-" "Mozilla/5.0 AppleWebKit/537.36 (KHTML, like Gecko; compatible; ClaudeBot/1.0; [email protected])"
216.73.216.247 - - [21/Jul/2025:02:38:44 +0000] "GET /shopdetail/902442658.shtml HTTP/1.1" 404 24728 "-" "Mozilla/5.0 AppleWebKit/537.36 (KHTML, like Gecko; compatible; ClaudeBot/1.0; [email protected])"
66.249.73.227 - - [21/Jul/2025:02:38:44 +0000] "GET /shopdetail/2927714076.shtml HTTP/1.1" 200 21756 "-" "Mozilla/5.0 (Linux; Android 6.0.1; Nexus 5X Build/MMB29P) AppleWebKit/537.36 (KHTML, like Gecko) Chrome/137.0.7151.103 Mobile Safari/537.36 (compatible; Googlebot/2.1; +http://www.google.com/bot.html)"
66.249.73.229 - - [21/Jul/2025:02:38:46 +0000] "GET /shopdetail/2927602540.shtml HTTP/1.1" 200 20820 "-" "Mozilla/5.0 (Linux; Android 6.0.1; Nexus 5X Build/MMB29P) AppleWebKit/537.36 (KHTML, like Gecko) Chrome/137.0.7151.103 Mobile Safari/537.36 (compatible; Googlebot/2.1; +http://www.google.com/bot.html)"
66.249.73.227 - - [21/Jul/2025:02:38:47 +0000] "POST /get-message-notify HTTP/1.1" 200 18694 "https://www.cartel.express/shopdetail/2927714076.shtml" "Mozilla/5.0 (Linux; Android 6.0.1; Nexus 5X Build/MMB29P) AppleWebKit/537.36 (KHTML, like Gecko) Chrome/137.0.7151.119 Mobile Safari/537.36 (compatible; Googlebot/2.1; +http://www.google.com/bot.html)"
66.249.73.227 - - [21/Jul/2025:02:38:47 +0000] "GET /safe_search/config?return_url=%2Fproduct%2Fdetail%2FC2872690838 HTTP/1.1" 200 21016 "-" "Mozilla/5.0 (Linux; Android 6.0.1; Nexus 5X Build/MMB29P) AppleWebKit/537.36 (KHTML, like Gecko) Chrome/137.0.7151.103 Mobile Safari/537.36 (compatible; Googlebot/2.1; +http://www.google.com/bot.html)"
66.249.73.227 - - [21/Jul/2025:02:38:49 +0000] "POST /get-message-notify HTTP/1.1" 200 18694 "https://www.cartel.express/shopdetail/2927602540.shtml" "Mozilla/5.0 (Linux; Android 6.0.1; Nexus 5X Build/MMB29P) AppleWebKit/537.36 (KHTML, like Gecko) Chrome/137.0.7151.119 Mobile Safari/537.36 (compatible; Googlebot/2.1; +http://www.google.com/bot.html)"
66.249.73.227 - - [21/Jul/2025:02:38:49 +0000] "GET /shopdetail/2927600168.shtml HTTP/1.1" 200 21994 "-" "Mozilla/5.0 (Linux; Android 6.0.1; Nexus 5X Build/MMB29P) AppleWebKit/537.36 (KHTML, like Gecko) Chrome/137.0.7151.103 Mobile Safari/537.36 (compatible; Googlebot/2.1; +http://www.google.com/bot.html)"
66.249.73.227 - - [21/Jul/2025:02:38:51 +0000] "GET /shopdetail/2927604980.shtml HTTP/1.1" 200 22023 "-" "Mozilla/5.0 (Linux; Android 6.0.1; Nexus 5X Build/MMB29P) AppleWebKit/537.36 (KHTML, like Gecko) Chrome/137.0.7151.103 Mobile Safari/537.36 (compatible; Googlebot/2.1; +http://www.google.com/bot.html)"
66.249.73.227 - - [21/Jul/2025:02:38:51 +0000] "POST /get-message-notify HTTP/1.1" 200 18694 "https://www.cartel.express/shopdetail/2927600168.shtml" "Mozilla/5.0 (Linux; Android 6.0.1; Nexus 5X Build/MMB29P) AppleWebKit/537.36 (KHTML, like Gecko) Chrome/137.0.7151.119 Mobile Safari/537.36 (compatible; Googlebot/2.1; +http://www.google.com/bot.html)"
209.74.77.214 - - [21/Jul/2025:02:39:31 +0000] "POST /wp-cron.php?doing_wp_cron=1753065571.0049018859863281250000 HTTP/1.1" 200 - "-" "WordPress/6.8.2; https://cartel.express"
216.73.216.247 - - [21/Jul/2025:02:39:28 +0000] "GET /shopdetail/903108026.shtml HTTP/1.1" 404 24732 "-" "Mozilla/5.0 AppleWebKit/537.36 (KHTML, like Gecko; compatible; ClaudeBot/1.0; [email protected])"
216.73.216.247 - - [21/Jul/2025:02:39:34 +0000] "GET /shopdetail/902586394.shtml HTTP/1.1" 404 24731 "-" "Mozilla/5.0 AppleWebKit/537.36 (KHTML, like Gecko; compatible; ClaudeBot/1.0; [email protected])"
216.73.216.247 - - [21/Jul/2025:02:39:39 +0000] "GET /shopdetail/902838096.shtml HTTP/1.1" 404 24726 "-" "Mozilla/5.0 AppleWebKit/537.36 (KHTML, like Gecko; compatible; ClaudeBot/1.0; [email protected])"
216.73.216.247 - - [21/Jul/2025:02:39:40 +0000] "GET /shopdetail/902894988.shtml HTTP/1.1" 404 24728 "-" "Mozilla/5.0 AppleWebKit/537.36 (KHTML, like Gecko; compatible; ClaudeBot/1.0; [email protected])"
216.73.216.247 - - [21/Jul/2025:02:39:43 +0000] "GET /shopdetail/902636290.shtml HTTP/1.1" 404 24728 "-" "Mozilla/5.0 AppleWebKit/537.36 (KHTML, like Gecko; compatible; ClaudeBot/1.0; [email protected])"
216.73.216.247 - - [21/Jul/2025:02:39:46 +0000] "GET /shopdetail/903132974.shtml HTTP/1.1" 404 24729 "-" "Mozilla/5.0 AppleWebKit/537.36 (KHTML, like Gecko; compatible; ClaudeBot/1.0; [email protected])"
66.249.73.131 - - [21/Jul/2025:02:40:23 +0000] "GET /shopdetail/1003730.shtml HTTP/1.1" 200 19699 "-" "Mozilla/5.0 (compatible; Googlebot/2.1; +http://www.google.com/bot.html)"
209.74.77.214 - - [21/Jul/2025:02:40:40 +0000] "POST /wp-cron.php?doing_wp_cron=1753065640.6455109119415283203125 HTTP/1.1" 200 - "-" "WordPress/6.8.2; https://cartel.express"
216.73.216.247 - - [21/Jul/2025:02:40:38 +0000] "GET /shopdetail/902768606.shtml HTTP/1.1" 404 24728 "-" "Mozilla/5.0 AppleWebKit/537.36 (KHTML, like Gecko; compatible; ClaudeBot/1.0; [email protected])"
216.73.216.247 - - [21/Jul/2025:02:40:41 +0000] "GET /shopdetail/1323714574.shtml HTTP/1.1" 404 24730 "-" "Mozilla/5.0 AppleWebKit/537.36 (KHTML, like Gecko; compatible; ClaudeBot/1.0; [email protected])"
216.73.216.247 - - [21/Jul/2025:02:40:44 +0000] "GET /shopdetail/1323867350.shtml HTTP/1.1" 404 24727 "-" "Mozilla/5.0 AppleWebKit/537.36 (KHTML, like Gecko; compatible; ClaudeBot/1.0; [email protected])"
209.74.77.214 - - [21/Jul/2025:02:40:47 +0000] "POST /wp-cron.php?doing_wp_cron=1753065647.8418219089508056640625 HTTP/1.1" 200 - "-" "WordPress/6.8.2; https://cartel.express"
216.73.216.247 - - [21/Jul/2025:02:40:47 +0000] "GET /shopdetail/1323511766.shtml HTTP/1.1" 404 24730 "-" "Mozilla/5.0 AppleWebKit/537.36 (KHTML, like Gecko; compatible; ClaudeBot/1.0; [email protected])"
216.73.216.247 - - [21/Jul/2025:02:40:50 +0000] "GET /shopdetail/1323430852.shtml HTTP/1.1" 404 24729 "-" "Mozilla/5.0 AppleWebKit/537.36 (KHTML, like Gecko; compatible; ClaudeBot/1.0; [email protected])"
216.73.216.247 - - [21/Jul/2025:02:40:54 +0000] "GET /shopdetail/1323061868.shtml HTTP/1.1" 404 24729 "-" "Mozilla/5.0 AppleWebKit/537.36 (KHTML, like Gecko; compatible; ClaudeBot/1.0; [email protected])"
216.73.216.247 - - [21/Jul/2025:02:40:56 +0000] "GET /shopdetail/1323460680.shtml HTTP/1.1" 404 24728 "-" "Mozilla/5.0 AppleWebKit/537.36 (KHTML, like Gecko; compatible; ClaudeBot/1.0; [email protected])"
209.74.77.214 - - [21/Jul/2025:02:41:41 +0000] "POST /wp-cron.php?doing_wp_cron=1753065701.7958650588989257812500 HTTP/1.1" 200 - "-" "WordPress/6.8.2; https://cartel.express"
216.73.216.247 - - [21/Jul/2025:02:41:39 +0000] "GET /shopdetail/1323088010.shtml HTTP/1.1" 404 24730 "-" "Mozilla/5.0 AppleWebKit/537.36 (KHTML, like Gecko; compatible; ClaudeBot/1.0; [email protected])"
216.73.216.247 - - [21/Jul/2025:02:41:46 +0000] "GET /shopdetail/1323518502.shtml HTTP/1.1" 404 24728 "-" "Mozilla/5.0 AppleWebKit/537.36 (KHTML, like Gecko; compatible; ClaudeBot/1.0; [email protected])"
209.74.77.214 - - [21/Jul/2025:02:41:48 +0000] "POST /wp-cron.php?doing_wp_cron=1753065708.5381600856781005859375 HTTP/1.1" 200 - "-" "WordPress/6.8.2; https://cartel.express"
216.73.216.247 - - [21/Jul/2025:02:41:48 +0000] "GET /shopdetail/1323501532.shtml HTTP/1.1" 404 24731 "-" "Mozilla/5.0 AppleWebKit/537.36 (KHTML, like Gecko; compatible; ClaudeBot/1.0; [email protected])"
216.73.216.247 - - [21/Jul/2025:02:41:51 +0000] "GET /shopdetail/1323076590.shtml HTTP/1.1" 404 24729 "-" "Mozilla/5.0 AppleWebKit/537.36 (KHTML, like Gecko; compatible; ClaudeBot/1.0; [email protected])"
216.73.216.247 - - [21/Jul/2025:02:41:54 +0000] "GET /shopdetail/1323623434.shtml HTTP/1.1" 404 24728 "-" "Mozilla/5.0 AppleWebKit/537.36 (KHTML, like Gecko; compatible; ClaudeBot/1.0; [email protected])"
216.73.216.247 - - [21/Jul/2025:02:41:57 +0000] "GET /shopdetail/1323588184.shtml HTTP/1.1" 404 24730 "-" "Mozilla/5.0 AppleWebKit/537.36 (KHTML, like Gecko; compatible; ClaudeBot/1.0; [email protected])"
216.73.216.247 - - [21/Jul/2025:02:42:00 +0000] "GET /shopdetail/903210518.shtml HTTP/1.1" 404 24732 "-" "Mozilla/5.0 AppleWebKit/537.36 (KHTML, like Gecko; compatible; ClaudeBot/1.0; [email protected])"
209.74.77.214 - - [21/Jul/2025:02:42:49 +0000] "POST /wp-cron.php?doing_wp_cron=1753065769.7296419143676757812500 HTTP/1.1" 200 - "-" "WordPress/6.8.2; https://cartel.express"
216.73.216.247 - - [21/Jul/2025:02:42:47 +0000] "GET /shopdetail/1212691750.shtml HTTP/1.1" 404 24732 "-" "Mozilla/5.0 AppleWebKit/537.36 (KHTML, like Gecko; compatible; ClaudeBot/1.0; [email protected])"
216.73.216.247 - - [21/Jul/2025:02:42:53 +0000] "GET /sitemap.xml HTTP/1.1" 200 4514 "-" "Mozilla/5.0 AppleWebKit/537.36 (KHTML, like Gecko; compatible; ClaudeBot/1.0; [email protected])"
216.73.216.247 - - [21/Jul/2025:02:42:55 +0000] "GET /shopdetail/1212981010.shtml HTTP/1.1" 404 24730 "-" "Mozilla/5.0 AppleWebKit/537.36 (KHTML, like Gecko; compatible; ClaudeBot/1.0; [email protected])"
116.98.182.161 - - [21/Jul/2025:02:43:07 +0000] "POST /wp-comments-post.php HTTP/1.1" 302 - "-" "Mozilla/5.0 (Windows NT 10.0; Win64; x64) AppleWebKit/537.36 (KHTML, like Gecko) Chrome/120.0.0.0 Safari/537.36"
209.74.77.214 - - [21/Jul/2025:02:43:35 +0000] "POST /wp-cron.php?doing_wp_cron=1753065815.7017199993133544921875 HTTP/1.1" 200 - "-" "WordPress/6.8.2; https://cartel.express"
116.98.182.161 - - [21/Jul/2025:02:43:32 +0000] "POST /wp-comments-post.php HTTP/1.1" 302 - "-" "Mozilla/5.0 (Windows NT 10.0; Win64; x64) AppleWebKit/537.36 (KHTML, like Gecko) Chrome/120.0.0.0 Safari/537.36"
209.74.77.214 - - [21/Jul/2025:02:43:50 +0000] "POST /wp-cron.php?doing_wp_cron=1753065830.2538061141967773437500 HTTP/1.1" 200 - "-" "WordPress/6.8.2; https://cartel.express"
216.73.216.247 - - [21/Jul/2025:02:43:49 +0000] "GET /shopdetail/1212782890.shtml HTTP/1.1" 404 24730 "-" "Mozilla/5.0 AppleWebKit/537.36 (KHTML, like Gecko; compatible; ClaudeBot/1.0; [email protected])"
216.73.216.247 - - [21/Jul/2025:02:43:53 +0000] "GET /shopdetail/1212856868.shtml HTTP/1.1" 404 24730 "-" "Mozilla/5.0 AppleWebKit/537.36 (KHTML, like Gecko; compatible; ClaudeBot/1.0; [email protected])"
216.73.216.247 - - [21/Jul/2025:02:43:55 +0000] "GET /shopdetail/1212647200.shtml HTTP/1.1" 404 24730 "-" "Mozilla/5.0 AppleWebKit/537.36 (KHTML, like Gecko; compatible; ClaudeBot/1.0; [email protected])"
116.98.182.161 - - [21/Jul/2025:02:44:00 +0000] "POST /wp-comments-post.php HTTP/1.1" 302 - "-" "Mozilla/5.0 (Windows NT 10.0; Win64; x64) AppleWebKit/537.36 (KHTML, like Gecko) Chrome/120.0.0.0 Safari/537.36"
209.74.77.214 - - [21/Jul/2025:02:44:26 +0000] "POST /wp-cron.php?doing_wp_cron=1753065866.6621580123901367187500 HTTP/1.1" 200 - "-" "WordPress/6.8.2; https://cartel.express"
116.98.182.161 - - [21/Jul/2025:02:44:26 +0000] "POST /wp-comments-post.php HTTP/1.1" 302 - "-" "Mozilla/5.0 (Windows NT 10.0; Win64; x64) AppleWebKit/537.36 (KHTML, like Gecko) Chrome/120.0.0.0 Safari/537.36"
209.74.77.214 - - [21/Jul/2025:02:44:52 +0000] "POST /wp-cron.php?doing_wp_cron=1753065892.1683080196380615234375 HTTP/1.1" 200 - "-" "WordPress/6.8.2; https://cartel.express"
116.98.182.161 - - [21/Jul/2025:02:44:51 +0000] "POST /wp-comments-post.php HTTP/1.1" 302 - "-" "Mozilla/5.0 (Windows NT 10.0; Win64; x64) AppleWebKit/537.36 (KHTML, like Gecko) Chrome/120.0.0.0 Safari/537.36"
216.73.216.247 - - [21/Jul/2025:02:44:53 +0000] "GET /shopdetail/1212642904.shtml HTTP/1.1" 404 24731 "-" "Mozilla/5.0 AppleWebKit/537.36 (KHTML, like Gecko; compatible; ClaudeBot/1.0; [email protected])"
216.73.216.247 - - [21/Jul/2025:02:44:56 +0000] "GET /shopdetail/1212304290.shtml HTTP/1.1" 404 24730 "-" "Mozilla/5.0 AppleWebKit/537.36 (KHTML, like Gecko; compatible; ClaudeBot/1.0; [email protected])"
216.73.216.247 - - [21/Jul/2025:02:44:59 +0000] "GET /shopdetail/1212304614.shtml HTTP/1.1" 404 24731 "-" "Mozilla/5.0 AppleWebKit/537.36 (KHTML, like Gecko; compatible; ClaudeBot/1.0; [email protected])"
209.74.77.214 - - [21/Jul/2025:02:45:17 +0000] "POST /wp-cron.php?doing_wp_cron=1753065917.4761450290679931640625 HTTP/1.1" 200 - "-" "WordPress/6.8.2; https://cartel.express"
116.98.182.161 - - [21/Jul/2025:02:45:17 +0000] "POST /wp-comments-post.php HTTP/1.1" 302 - "-" "Mozilla/5.0 (Windows NT 10.0; Win64; x64) AppleWebKit/537.36 (KHTML, like Gecko) Chrome/120.0.0.0 Safari/537.36"
209.74.77.214 - - [21/Jul/2025:02:45:42 +0000] "POST /wp-cron.php?doing_wp_cron=1753065942.4441940784454345703125 HTTP/1.1" 200 - "-" "WordPress/6.8.2; https://cartel.express"
116.98.182.161 - - [21/Jul/2025:02:45:42 +0000] "POST /wp-comments-post.php HTTP/1.1" 302 - "-" "Mozilla/5.0 (Windows NT 10.0; Win64; x64) AppleWebKit/537.36 (KHTML, like Gecko) Chrome/120.0.0.0 Safari/537.36"
209.74.77.214 - - [21/Jul/2025:02:45:55 +0000] "POST /wp-cron.php?doing_wp_cron=1753065955.8115370273590087890625 HTTP/1.1" 200 - "-" "WordPress/6.8.2; https://cartel.express"
216.73.216.247 - - [21/Jul/2025:02:45:55 +0000] "GET /shopdetail/1212682642.shtml HTTP/1.1" 404 24731 "-" "Mozilla/5.0 AppleWebKit/537.36 (KHTML, like Gecko; compatible; ClaudeBot/1.0; [email protected])"
216.73.216.247 - - [21/Jul/2025:02:45:58 +0000] "GET /shopdetail/1212941340.shtml HTTP/1.1" 404 24730 "-" "Mozilla/5.0 AppleWebKit/537.36 (KHTML, like Gecko; compatible; ClaudeBot/1.0; [email protected])"
216.73.216.247 - - [21/Jul/2025:02:46:01 +0000] "GET /shopdetail/1212351204.shtml HTTP/1.1" 404 24729 "-" "Mozilla/5.0 AppleWebKit/537.36 (KHTML, like Gecko; compatible; ClaudeBot/1.0; [email protected])"
116.98.182.161 - - [21/Jul/2025:02:46:08 +0000] "POST /wp-comments-post.php HTTP/1.1" 302 - "-" "Mozilla/5.0 (Windows NT 10.0; Win64; x64) AppleWebKit/537.36 (KHTML, like Gecko) Chrome/120.0.0.0 Safari/537.36"
209.74.77.214 - - [21/Jul/2025:02:46:25 +0000] "POST /wp-cron.php?doing_wp_cron=1753065985.7657489776611328125000 HTTP/1.1" 200 - "-" "WordPress/6.8.2; https://cartel.express"
57.141.2.27 - - [21/Jul/2025:02:46:25 +0000] "GET /shopdetail/2167905398.shtml HTTP/1.1" 404 146918 "-" "meta-externalagent/1.1 (+https://developers.facebook.com/docs/sharing/webmasters/crawler)"
116.98.182.161 - - [21/Jul/2025:02:46:34 +0000] "POST /wp-comments-post.php HTTP/1.1" 302 - "-" "Mozilla/5.0 (Windows NT 10.0; Win64; x64) AppleWebKit/537.36 (KHTML, like Gecko) Chrome/120.0.0.0 Safari/537.36"
45.227.253.15 - - [21/Jul/2025:02:46:55 +0000] "GET /?of=1 HTTP/1.1" 200 8847 "-" "Mozilla/5.0 (Macintosh; Intel Mac OS X 10_15_7) AppleWebKit/537.36 (KHTML, like Gecko) Chrome/86.0.4240.111 Safari/537.36 Edg/86.0.622.51"
209.74.77.214 - - [21/Jul/2025:02:46:59 +0000] "POST /wp-cron.php?doing_wp_cron=1753066019.8822779655456542968750 HTTP/1.1" 200 - "-" "WordPress/6.8.2; https://cartel.express"
216.73.216.247 - - [21/Jul/2025:02:46:59 +0000] "GET /shopdetail/1212321444.shtml HTTP/1.1" 404 24728 "-" "Mozilla/5.0 AppleWebKit/537.36 (KHTML, like Gecko; compatible; ClaudeBot/1.0; [email protected])"
116.98.182.161 - - [21/Jul/2025:02:47:00 +0000] "POST /wp-comments-post.php HTTP/1.1" 302 - "-" "Mozilla/5.0 (Windows NT 10.0; Win64; x64) AppleWebKit/537.36 (KHTML, like Gecko) Chrome/120.0.0.0 Safari/537.36"
216.73.216.247 - - [21/Jul/2025:02:47:02 +0000] "GET /shopdetail/1212303360.shtml HTTP/1.1" 404 24729 "-" "Mozilla/5.0 AppleWebKit/537.36 (KHTML, like Gecko; compatible; ClaudeBot/1.0; [email protected])"
216.73.216.247 - - [21/Jul/2025:02:47:05 +0000] "GET /shopdetail/1212584638.shtml HTTP/1.1" 404 24731 "-" "Mozilla/5.0 AppleWebKit/537.36 (KHTML, like Gecko; compatible; ClaudeBot/1.0; [email protected])"
51.68.111.239 - - [21/Jul/2025:02:47:32 +0000] "GET /robots.txt HTTP/1.1" 200 94 "-" "Mozilla/5.0 (compatible; MJ12bot/v2.0.2; http://mj12bot.com/)"
51.68.111.239 - - [21/Jul/2025:02:47:33 +0000] "GET / HTTP/1.1" 200 40559 "-" "Mozilla/5.0 (compatible; MJ12bot/v2.0.2; http://mj12bot.com/)"
209.74.77.214 - - [21/Jul/2025:02:48:00 +0000] "POST /wp-cron.php?doing_wp_cron=1753066080.2317359447479248046875 HTTP/1.1" 200 - "-" "WordPress/6.8.2; https://cartel.express"
216.73.216.247 - - [21/Jul/2025:02:47:59 +0000] "GET /shopdetail/1212892310.shtml HTTP/1.1" 404 24727 "-" "Mozilla/5.0 AppleWebKit/537.36 (KHTML, like Gecko; compatible; ClaudeBot/1.0; [email protected])"
216.73.216.247 - - [21/Jul/2025:02:48:04 +0000] "GET /shopdetail/1212904908.shtml HTTP/1.1" 404 24728 "-" "Mozilla/5.0 AppleWebKit/537.36 (KHTML, like Gecko; compatible; ClaudeBot/1.0; [email protected])"
216.73.216.247 - - [21/Jul/2025:02:48:07 +0000] "GET /shopdetail/1212895672.shtml HTTP/1.1" 404 24731 "-" "Mozilla/5.0 AppleWebKit/537.36 (KHTML, like Gecko; compatible; ClaudeBot/1.0; [email protected])"
209.74.77.214 - - [21/Jul/2025:02:49:04 +0000] "POST /wp-cron.php?doing_wp_cron=1753066144.2191181182861328125000 HTTP/1.1" 200 - "-" "WordPress/6.8.2; https://cartel.express"
216.73.216.247 - - [21/Jul/2025:02:49:01 +0000] "GET /shopdetail/1212593874.shtml HTTP/1.1" 404 24729 "-" "Mozilla/5.0 AppleWebKit/537.36 (KHTML, like Gecko; compatible; ClaudeBot/1.0; [email protected])"
216.73.216.247 - - [21/Jul/2025:02:49:07 +0000] "GET /shopdetail/1212698610.shtml HTTP/1.1" 404 24731 "-" "Mozilla/5.0 AppleWebKit/537.36 (KHTML, like Gecko; compatible; ClaudeBot/1.0; [email protected])"
216.73.216.247 - - [21/Jul/2025:02:49:10 +0000] "GET /shopdetail/1212754504.shtml HTTP/1.1" 404 24729 "-" "Mozilla/5.0 AppleWebKit/537.36 (KHTML, like Gecko; compatible; ClaudeBot/1.0; [email protected])"
209.74.77.214 - - [21/Jul/2025:02:50:14 +0000] "POST /wp-cron.php?doing_wp_cron=1753066214.5723819732666015625000 HTTP/1.1" 200 - "-" "WordPress/6.8.2; https://cartel.express"
216.73.216.247 - - [21/Jul/2025:02:50:11 +0000] "GET /shopdetail/1212461622.shtml HTTP/1.1" 404 24730 "-" "Mozilla/5.0 AppleWebKit/537.36 (KHTML, like Gecko; compatible; ClaudeBot/1.0; [email protected])"
216.73.216.247 - - [21/Jul/2025:02:50:17 +0000] "GET /shopdetail/1212990118.shtml HTTP/1.1" 404 24728 "-" "Mozilla/5.0 AppleWebKit/537.36 (KHTML, like Gecko; compatible; ClaudeBot/1.0; [email protected])"
216.73.216.247 - - [21/Jul/2025:02:50:20 +0000] "GET /shopdetail/1212993676.shtml HTTP/1.1" 404 24727 "-" "Mozilla/5.0 AppleWebKit/537.36 (KHTML, like Gecko; compatible; ClaudeBot/1.0; [email protected])"
209.74.77.214 - - [21/Jul/2025:02:51:18 +0000] "POST /wp-cron.php?doing_wp_cron=1753066278.9363319873809814453125 HTTP/1.1" 200 - "-" "WordPress/6.8.2; https://cartel.express"
216.73.216.247 - - [21/Jul/2025:02:51:16 +0000] "GET /shopdetail/1212462740.shtml HTTP/1.1" 404 24729 "-" "Mozilla/5.0 AppleWebKit/537.36 (KHTML, like Gecko; compatible; ClaudeBot/1.0; [email protected])"
216.73.216.247 - - [21/Jul/2025:02:51:19 +0000] "GET /shopdetail/1212459506.shtml HTTP/1.1" 404 24728 "-" "Mozilla/5.0 AppleWebKit/537.36 (KHTML, like Gecko; compatible; ClaudeBot/1.0; [email protected])"
216.73.216.247 - - [21/Jul/2025:02:51:22 +0000] "GET /shopdetail/1212448026.shtml HTTP/1.1" 404 24731 "-" "Mozilla/5.0 AppleWebKit/537.36 (KHTML, like Gecko; compatible; ClaudeBot/1.0; [email protected])"
209.74.77.214 - - [21/Jul/2025:02:52:23 +0000] "POST /wp-cron.php?doing_wp_cron=1753066343.6871020793914794921875 HTTP/1.1" 200 - "-" "WordPress/6.8.2; https://cartel.express"
216.73.216.247 - - [21/Jul/2025:02:52:21 +0000] "GET /shopdetail/1212893556.shtml HTTP/1.1" 404 24729 "-" "Mozilla/5.0 AppleWebKit/537.36 (KHTML, like Gecko; compatible; ClaudeBot/1.0; [email protected])"
216.73.216.247 - - [21/Jul/2025:02:52:24 +0000] "GET /shopdetail/1212264620.shtml HTTP/1.1" 404 24728 "-" "Mozilla/5.0 AppleWebKit/537.36 (KHTML, like Gecko; compatible; ClaudeBot/1.0; [email protected])"
209.74.77.214 - - [21/Jul/2025:02:53:30 +0000] "POST /wp-cron.php?doing_wp_cron=1753066410.0873980522155761718750 HTTP/1.1" 200 - "-" "WordPress/6.8.2; https://cartel.express"
216.73.216.247 - - [21/Jul/2025:02:53:27 +0000] "GET /shopdetail/1212679076.shtml HTTP/1.1" 404 24731 "-" "Mozilla/5.0 AppleWebKit/537.36 (KHTML, like Gecko; compatible; ClaudeBot/1.0; [email protected])"
216.73.216.247 - - [21/Jul/2025:02:53:33 +0000] "GET /shopdetail/1212961732.shtml HTTP/1.1" 404 24730 "-" "Mozilla/5.0 AppleWebKit/537.36 (KHTML, like Gecko; compatible; ClaudeBot/1.0; [email protected])"
209.74.77.214 - - [21/Jul/2025:02:54:29 +0000] "POST /wp-cron.php?doing_wp_cron=1753066469.9660480022430419921875 HTTP/1.1" 200 - "-" "WordPress/6.8.2; https://cartel.express"
216.73.216.247 - - [21/Jul/2025:02:54:27 +0000] "GET /shopdetail/1212653138.shtml HTTP/1.1" 404 24731 "-" "Mozilla/5.0 AppleWebKit/537.36 (KHTML, like Gecko; compatible; ClaudeBot/1.0; [email protected])"
216.73.216.247 - - [21/Jul/2025:02:54:31 +0000] "GET /shopdetail/1212877520.shtml HTTP/1.1" 404 24730 "-" "Mozilla/5.0 AppleWebKit/537.36 (KHTML, like Gecko; compatible; ClaudeBot/1.0; [email protected])"
209.74.77.214 - - [21/Jul/2025:02:55:37 +0000] "POST /wp-cron.php?doing_wp_cron=1753066537.0239191055297851562500 HTTP/1.1" 200 - "-" "WordPress/6.8.2; https://cartel.express"
216.73.216.247 - - [21/Jul/2025:02:55:34 +0000] "GET /shopdetail/1212643902.shtml HTTP/1.1" 404 24730 "-" "Mozilla/5.0 AppleWebKit/537.36 (KHTML, like Gecko; compatible; ClaudeBot/1.0; [email protected])"
216.73.216.247 - - [21/Jul/2025:02:55:39 +0000] "GET /shopdetail/1212569916.shtml HTTP/1.1" 404 24728 "-" "Mozilla/5.0 AppleWebKit/537.36 (KHTML, like Gecko; compatible; ClaudeBot/1.0; [email protected])"
209.74.77.214 - - [21/Jul/2025:02:56:35 +0000] "POST /wp-cron.php?doing_wp_cron=1753066595.6920349597930908203125 HTTP/1.1" 200 - "-" "WordPress/6.8.2; https://cartel.express"
216.73.216.247 - - [21/Jul/2025:02:56:33 +0000] "GET /shopdetail/1212494940.shtml HTTP/1.1" 404 24728 "-" "Mozilla/5.0 AppleWebKit/537.36 (KHTML, like Gecko; compatible; ClaudeBot/1.0; [email protected])"
216.73.216.247 - - [21/Jul/2025:02:56:36 +0000] "GET /shopdetail/1212632486.shtml HTTP/1.1" 404 24731 "-" "Mozilla/5.0 AppleWebKit/537.36 (KHTML, like Gecko; compatible; ClaudeBot/1.0; [email protected])"
209.74.77.214 - - [21/Jul/2025:02:57:26 +0000] "POST /wp-cron.php?doing_wp_cron=1753066646.8636789321899414062500 HTTP/1.1" 200 - "-" "WordPress/6.8.2; https://cartel.express"
51.222.253.4 - - [21/Jul/2025:02:57:24 +0000] "GET /portfolio/three-whales/ HTTP/1.1" 404 24730 "-" "Mozilla/5.0 (compatible; AhrefsBot/7.0; +http://ahrefs.com/robot/)"
216.73.216.247 - - [21/Jul/2025:02:57:36 +0000] "GET /shopdetail/1212358132.shtml HTTP/1.1" 404 24730 "-" "Mozilla/5.0 AppleWebKit/537.36 (KHTML, like Gecko; compatible; ClaudeBot/1.0; [email protected])"
216.73.216.247 - - [21/Jul/2025:02:57:39 +0000] "GET /shopdetail/1212441098.shtml HTTP/1.1" 404 24730 "-" "Mozilla/5.0 AppleWebKit/537.36 (KHTML, like Gecko; compatible; ClaudeBot/1.0; [email protected])"
209.74.77.214 - - [21/Jul/2025:02:58:42 +0000] "POST /wp-cron.php?doing_wp_cron=1753066722.5293691158294677734375 HTTP/1.1" 200 - "-" "WordPress/6.8.2; https://cartel.express"
216.73.216.247 - - [21/Jul/2025:02:58:39 +0000] "GET /shopdetail/1212452578.shtml HTTP/1.1" 404 24731 "-" "Mozilla/5.0 AppleWebKit/537.36 (KHTML, like Gecko; compatible; ClaudeBot/1.0; [email protected])"
216.73.216.247 - - [21/Jul/2025:02:58:46 +0000] "GET /shopdetail/1212942530.shtml HTTP/1.1" 404 24729 "-" "Mozilla/5.0 AppleWebKit/537.36 (KHTML, like Gecko; compatible; ClaudeBot/1.0; [email protected])"
66.249.73.132 - - [21/Jul/2025:02:59:18 +0000] "GET /shopdetail/2501376.shtml HTTP/1.1" 200 18395 "-" "Mozilla/5.0 (Linux; Android 6.0.1; Nexus 5X Build/MMB29P) AppleWebKit/537.36 (KHTML, like Gecko) Chrome/137.0.7151.103 Mobile Safari/537.36 (compatible; Googlebot/2.1; +http://www.google.com/bot.html)"
209.74.77.214 - - [21/Jul/2025:02:59:48 +0000] "POST /wp-cron.php?doing_wp_cron=1753066788.2448499202728271484375 HTTP/1.1" 200 - "-" "WordPress/6.8.2; https://cartel.express"
216.73.216.247 - - [21/Jul/2025:02:59:46 +0000] "GET /shopdetail/1212751014.shtml HTTP/1.1" 404 24727 "-" "Mozilla/5.0 AppleWebKit/537.36 (KHTML, like Gecko; compatible; ClaudeBot/1.0; [email protected])"
216.73.216.247 - - [21/Jul/2025:02:59:49 +0000] "GET /shopdetail/1212687130.shtml HTTP/1.1" 404 24727 "-" "Mozilla/5.0 AppleWebKit/537.36 (KHTML, like Gecko; compatible; ClaudeBot/1.0; [email protected])"
216.73.216.247 - - [21/Jul/2025:02:59:52 +0000] "GET /shopdetail/1212804532.shtml HTTP/1.1" 404 24725 "-" "Mozilla/5.0 AppleWebKit/537.36 (KHTML, like Gecko; compatible; ClaudeBot/1.0; [email protected])"
66.249.73.128 - - [21/Jul/2025:03:00:07 +0000] "GET /shopdetail/747939130.shtml HTTP/1.1" 200 20261 "-" "Mozilla/5.0 (compatible; Googlebot/2.1; +http://www.google.com/bot.html)"
66.249.73.131 - - [21/Jul/2025:03:00:17 +0000] "GET /product-category/tires/ HTTP/1.1" 200 18650 "-" "Mozilla/5.0 (Linux; Android 6.0.1; Nexus 5X Build/MMB29P) AppleWebKit/537.36 (KHTML, like Gecko) Chrome/137.0.7151.103 Mobile Safari/537.36 (compatible; Googlebot/2.1; +http://www.google.com/bot.html)"
66.249.73.131 - - [21/Jul/2025:03:00:41 +0000] "POST /get-message-notify HTTP/1.1" 200 18672 "https://cartel.express/product-category/tires/" "Mozilla/5.0 (Linux; Android 6.0.1; Nexus 5X Build/MMB29P) AppleWebKit/537.36 (KHTML, like Gecko) Chrome/137.0.7151.119 Mobile Safari/537.36 (compatible; Googlebot/2.1; +http://www.google.com/bot.html)"
209.74.77.214 - - [21/Jul/2025:03:00:53 +0000] "POST /wp-cron.php?doing_wp_cron=1753066853.2262299060821533203125 HTTP/1.1" 200 - "-" "WordPress/6.8.2; https://cartel.express"
216.73.216.247 - - [21/Jul/2025:03:00:49 +0000] "GET /shopdetail/1212992490.shtml HTTP/1.1" 404 24731 "-" "Mozilla/5.0 AppleWebKit/537.36 (KHTML, like Gecko; compatible; ClaudeBot/1.0; [email protected])"
216.73.216.247 - - [21/Jul/2025:03:00:57 +0000] "GET /shopdetail/1212362620.shtml HTTP/1.1" 404 24729 "-" "Mozilla/5.0 AppleWebKit/537.36 (KHTML, like Gecko; compatible; ClaudeBot/1.0; [email protected])"
209.74.77.214 - - [21/Jul/2025:03:02:02 +0000] "POST /wp-cron.php?doing_wp_cron=1753066922.1022090911865234375000 HTTP/1.1" 200 - "-" "WordPress/6.8.2; https://cartel.express"
216.73.216.247 - - [21/Jul/2025:03:01:58 +0000] "GET /shopdetail/1212585756.shtml HTTP/1.1" 404 24730 "-" "Mozilla/5.0 AppleWebKit/537.36 (KHTML, like Gecko; compatible; ClaudeBot/1.0; [email protected])"
216.73.216.247 - - [21/Jul/2025:03:02:05 +0000] "GET /shopdetail/1213084816.shtml HTTP/1.1" 404 24727 "-" "Mozilla/5.0 AppleWebKit/537.36 (KHTML, like Gecko; compatible; ClaudeBot/1.0; [email protected])"
66.249.73.228 - - [21/Jul/2025:03:02:53 +0000] "GET /pcmypage?callback=product/review/C4202707653 HTTP/1.1" 200 20089 "-" "Mozilla/5.0 (Linux; Android 6.0.1; Nexus 5X Build/MMB29P) AppleWebKit/537.36 (KHTML, like Gecko) Chrome/137.0.7151.103 Mobile Safari/537.36 (compatible; Googlebot/2.1; +http://www.google.com/bot.html)"
209.74.77.214 - - [21/Jul/2025:03:03:04 +0000] "POST /wp-cron.php?doing_wp_cron=1753066984.4063849449157714843750 HTTP/1.1" 200 - "-" "WordPress/6.8.2; https://cartel.express"
216.73.216.247 - - [21/Jul/2025:03:03:01 +0000] "GET /shopdetail/1212491382.shtml HTTP/1.1" 404 24728 "-" "Mozilla/5.0 AppleWebKit/537.36 (KHTML, like Gecko; compatible; ClaudeBot/1.0; [email protected])"
216.73.216.247 - - [21/Jul/2025:03:03:07 +0000] "GET /shopdetail/1212862806.shtml HTTP/1.1" 404 24732 "-" "Mozilla/5.0 AppleWebKit/537.36 (KHTML, like Gecko; compatible; ClaudeBot/1.0; [email protected])"
209.74.77.214 - - [21/Jul/2025:03:04:06 +0000] "POST /wp-cron.php?doing_wp_cron=1753067046.8174049854278564453125 HTTP/1.1" 200 - "-" "WordPress/6.8.2; https://cartel.express"
216.73.216.247 - - [21/Jul/2025:03:04:04 +0000] "GET /shopdetail/1213082700.shtml HTTP/1.1" 404 24732 "-" "Mozilla/5.0 AppleWebKit/537.36 (KHTML, like Gecko; compatible; ClaudeBot/1.0; [email protected])"
216.73.216.247 - - [21/Jul/2025:03:04:07 +0000] "GET /shopdetail/1212648650.shtml HTTP/1.1" 404 24730 "-" "Mozilla/5.0 AppleWebKit/537.36 (KHTML, like Gecko; compatible; ClaudeBot/1.0; [email protected])"
66.249.73.132 - - [21/Jul/2025:03:04:58 +0000] "GET /shopdetail/61272986.shtml HTTP/1.1" 200 17997 "-" "Mozilla/5.0 (Linux; Android 6.0.1; Nexus 5X Build/MMB29P) AppleWebKit/537.36 (KHTML, like Gecko) Chrome/137.0.7151.103 Mobile Safari/537.36 (compatible; Googlebot/2.1; +http://www.google.com/bot.html)"
209.74.77.214 - - [21/Jul/2025:03:05:06 +0000] "POST /wp-cron.php?doing_wp_cron=1753067106.9186370372772216796875 HTTP/1.1" 200 - "-" "WordPress/6.8.2; https://cartel.express"
216.73.216.247 - - [21/Jul/2025:03:05:06 +0000] "GET /shopdetail/1212494616.shtml HTTP/1.1" 404 24729 "-" "Mozilla/5.0 AppleWebKit/537.36 (KHTML, like Gecko; compatible; ClaudeBot/1.0; [email protected])"
216.73.216.247 - - [21/Jul/2025:03:05:09 +0000] "GET /shopdetail/1212343094.shtml HTTP/1.1" 404 24728 "-" "Mozilla/5.0 AppleWebKit/537.36 (KHTML, like Gecko; compatible; ClaudeBot/1.0; [email protected])"
209.74.77.214 - - [21/Jul/2025:03:06:18 +0000] "POST /wp-cron.php?doing_wp_cron=1753067178.3513259887695312500000 HTTP/1.1" 200 - "-" "WordPress/6.8.2; https://cartel.express"
216.73.216.247 - - [21/Jul/2025:03:06:15 +0000] "GET /shopdetail/1212394432.shtml HTTP/1.1" 404 24728 "-" "Mozilla/5.0 AppleWebKit/537.36 (KHTML, like Gecko; compatible; ClaudeBot/1.0; [email protected])"
216.73.216.247 - - [21/Jul/2025:03:06:21 +0000] "GET /shopdetail/1212676960.shtml HTTP/1.1" 404 24729 "-" "Mozilla/5.0 AppleWebKit/537.36 (KHTML, like Gecko; compatible; ClaudeBot/1.0; [email protected])"
209.74.77.214 - - [21/Jul/2025:03:07:20 +0000] "POST /wp-cron.php?doing_wp_cron=1753067240.2183909416198730468750 HTTP/1.1" 200 - "-" "WordPress/6.8.2; https://cartel.express"
216.73.216.247 - - [21/Jul/2025:03:07:17 +0000] "GET /shopdetail/1212789750.shtml HTTP/1.1" 404 24728 "-" "Mozilla/5.0 AppleWebKit/537.36 (KHTML, like Gecko; compatible; ClaudeBot/1.0; [email protected])"
216.73.216.247 - - [21/Jul/2025:03:07:23 +0000] "GET /shopdetail/1212753386.shtml HTTP/1.1" 404 24729 "-" "Mozilla/5.0 AppleWebKit/537.36 (KHTML, like Gecko; compatible; ClaudeBot/1.0; [email protected])"
216.73.216.247 - - [21/Jul/2025:03:07:26 +0000] "GET /shopdetail/1212837534.shtml HTTP/1.1" 404 24729 "-" "Mozilla/5.0 AppleWebKit/537.36 (KHTML, like Gecko; compatible; ClaudeBot/1.0; [email protected])"
209.74.77.214 - - [21/Jul/2025:03:08:21 +0000] "POST /wp-cron.php?doing_wp_cron=1753067301.6152460575103759765625 HTTP/1.1" 200 - "-" "WordPress/6.8.2; https://cartel.express"
216.73.216.247 - - [21/Jul/2025:03:08:19 +0000] "GET /shopdetail/1212657626.shtml HTTP/1.1" 404 24730 "-" "Mozilla/5.0 AppleWebKit/537.36 (KHTML, like Gecko; compatible; ClaudeBot/1.0; [email protected])"
209.74.77.214 - - [21/Jul/2025:03:08:25 +0000] "POST /wp-cron.php?doing_wp_cron=1753067305.1831090450286865234375 HTTP/1.1" 200 - "-" "WordPress/6.8.2; https://cartel.express"
216.73.216.247 - - [21/Jul/2025:03:08:24 +0000] "GET /shopdetail/1212994930.shtml HTTP/1.1" 404 24731 "-" "Mozilla/5.0 AppleWebKit/537.36 (KHTML, like Gecko; compatible; ClaudeBot/1.0; [email protected])"
209.74.77.214 - - [21/Jul/2025:03:09:28 +0000] "POST /wp-cron.php?doing_wp_cron=1753067368.3344988822937011718750 HTTP/1.1" 200 - "-" "WordPress/6.8.2; https://cartel.express"
216.73.216.247 - - [21/Jul/2025:03:09:25 +0000] "GET /shopdetail/1212299994.shtml HTTP/1.1" 404 24730 "-" "Mozilla/5.0 AppleWebKit/537.36 (KHTML, like Gecko; compatible; ClaudeBot/1.0; [email protected])"
216.73.216.247 - - [21/Jul/2025:03:09:31 +0000] "GET /shopdetail/1212381834.shtml HTTP/1.1" 404 24732 "-" "Mozilla/5.0 AppleWebKit/537.36 (KHTML, like Gecko; compatible; ClaudeBot/1.0; [email protected])"
66.249.73.128 - - [21/Jul/2025:03:09:48 +0000] "GET /shopdetail/1693437000.shtml HTTP/1.1" 200 19327 "-" "Mozilla/5.0 (Linux; Android 6.0.1; Nexus 5X Build/MMB29P) AppleWebKit/537.36 (KHTML, like Gecko) Chrome/137.0.7151.103 Mobile Safari/537.36 (compatible; Googlebot/2.1; +http://www.google.com/bot.html)"
209.74.77.214 - - [21/Jul/2025:03:10:30 +0000] "POST /wp-cron.php?doing_wp_cron=1753067430.1059360504150390625000 HTTP/1.1" 200 - "-" "WordPress/6.8.2; https://cartel.express"
216.73.216.247 - - [21/Jul/2025:03:10:27 +0000] "GET /shopdetail/1212477786.shtml HTTP/1.1" 404 24729 "-" "Mozilla/5.0 AppleWebKit/537.36 (KHTML, like Gecko; compatible; ClaudeBot/1.0; [email protected])"
216.73.216.247 - - [21/Jul/2025:03:10:33 +0000] "GET /shopdetail/1212397870.shtml HTTP/1.1" 404 24728 "-" "Mozilla/5.0 AppleWebKit/537.36 (KHTML, like Gecko; compatible; ClaudeBot/1.0; [email protected])"
209.74.77.214 - - [21/Jul/2025:03:11:37 +0000] "POST /wp-cron.php?doing_wp_cron=1753067497.1146159172058105468750 HTTP/1.1" 200 - "-" "WordPress/6.8.2; https://cartel.express"
216.73.216.247 - - [21/Jul/2025:03:11:34 +0000] "GET /shopdetail/1212886628.shtml HTTP/1.1" 404 24728 "-" "Mozilla/5.0 AppleWebKit/537.36 (KHTML, like Gecko; compatible; ClaudeBot/1.0; [email protected])"
216.73.216.247 - - [21/Jul/2025:03:11:40 +0000] "GET /shopdetail/1212562988.shtml HTTP/1.1" 404 24730 "-" "Mozilla/5.0 AppleWebKit/537.36 (KHTML, like Gecko; compatible; ClaudeBot/1.0; [email protected])"
209.74.77.214 - - [21/Jul/2025:03:12:42 +0000] "POST /wp-cron.php?doing_wp_cron=1753067561.9905269145965576171875 HTTP/1.1" 200 - "-" "WordPress/6.8.2; https://cartel.express"
216.73.216.247 - - [21/Jul/2025:03:12:39 +0000] "GET /shopdetail/1212978894.shtml HTTP/1.1" 404 24729 "-" "Mozilla/5.0 AppleWebKit/537.36 (KHTML, like Gecko; compatible; ClaudeBot/1.0; [email protected])"
216.73.216.247 - - [21/Jul/2025:03:12:45 +0000] "GET /shopdetail/1212311218.shtml HTTP/1.1" 404 24732 "-" "Mozilla/5.0 AppleWebKit/537.36 (KHTML, like Gecko; compatible; ClaudeBot/1.0; [email protected])"
209.74.77.214 - - [21/Jul/2025:03:13:47 +0000] "POST /wp-cron.php?doing_wp_cron=1753067627.5004351139068603515625 HTTP/1.1" 200 - "-" "WordPress/6.8.2; https://cartel.express"
66.249.73.128 - - [21/Jul/2025:03:13:47 +0000] "GET /shopdetail/59815070.shtml HTTP/1.1" 200 18398 "-" "Mozilla/5.0 (compatible; Googlebot/2.1; +http://www.google.com/bot.html)"
216.73.216.247 - - [21/Jul/2025:03:13:45 +0000] "GET /shopdetail/1212471848.shtml HTTP/1.1" 404 24730 "-" "Mozilla/5.0 AppleWebKit/537.36 (KHTML, like Gecko; compatible; ClaudeBot/1.0; [email protected])"
216.73.216.247 - - [21/Jul/2025:03:13:48 +0000] "GET /shopdetail/1212685014.shtml HTTP/1.1" 404 24728 "-" "Mozilla/5.0 AppleWebKit/537.36 (KHTML, like Gecko; compatible; ClaudeBot/1.0; [email protected])"
209.74.77.214 - - [21/Jul/2025:03:14:50 +0000] "POST /wp-cron.php?doing_wp_cron=1753067690.6537880897521972656250 HTTP/1.1" 200 - "-" "WordPress/6.8.2; https://cartel.express"
216.73.216.247 - - [21/Jul/2025:03:14:48 +0000] "GET /shopdetail/1212750016.shtml HTTP/1.1" 404 24729 "-" "Mozilla/5.0 AppleWebKit/537.36 (KHTML, like Gecko; compatible; ClaudeBot/1.0; [email protected])"
216.73.216.247 - - [21/Jul/2025:03:14:51 +0000] "GET /shopdetail/1213018624.shtml HTTP/1.1" 404 24730 "-" "Mozilla/5.0 AppleWebKit/537.36 (KHTML, like Gecko; compatible; ClaudeBot/1.0; [email protected])"
66.249.73.132 - - [21/Jul/2025:03:15:23 +0000] "GET /shopdetail/1265410.shtml HTTP/1.1" 200 18410 "-" "Mozilla/5.0 (compatible; Googlebot/2.1; +http://www.google.com/bot.html)"
209.74.77.214 - - [21/Jul/2025:03:15:36 +0000] "POST /wp-cron.php?doing_wp_cron=1753067736.8046090602874755859375 HTTP/1.1" 200 - "-" "WordPress/6.8.2; https://cartel.express"
57.141.2.7 - - [21/Jul/2025:03:15:34 +0000] "GET /shopdetail/2167884550.shtml HTTP/1.1" 404 146918 "-" "meta-externalagent/1.1 (+https://developers.facebook.com/docs/sharing/webmasters/crawler)"
209.74.77.214 - - [21/Jul/2025:03:16:01 +0000] "POST /wp-cron.php?doing_wp_cron=1753067761.4187390804290771484375 HTTP/1.1" 200 - "-" "WordPress/6.8.2; https://cartel.express"
216.73.216.247 - - [21/Jul/2025:03:16:01 +0000] "GET /shopdetail/1212674780.shtml HTTP/1.1" 404 24731 "-" "Mozilla/5.0 AppleWebKit/537.36 (KHTML, like Gecko; compatible; ClaudeBot/1.0; [email protected])"
216.73.216.247 - - [21/Jul/2025:03:16:03 +0000] "GET /shopdetail/1212515076.shtml HTTP/1.1" 404 24729 "-" "Mozilla/5.0 AppleWebKit/537.36 (KHTML, like Gecko; compatible; ClaudeBot/1.0; [email protected])"
209.74.77.214 - - [21/Jul/2025:03:17:06 +0000] "POST /wp-cron.php?doing_wp_cron=1753067826.0461509227752685546875 HTTP/1.1" 200 - "-" "WordPress/6.8.2; https://cartel.express"
216.73.216.247 - - [21/Jul/2025:03:17:03 +0000] "GET /shopdetail/1212986812.shtml HTTP/1.1" 404 24730 "-" "Mozilla/5.0 AppleWebKit/537.36 (KHTML, like Gecko; compatible; ClaudeBot/1.0; [email protected])"
216.73.216.247 - - [21/Jul/2025:03:17:09 +0000] "GET /shopdetail/1212833046.shtml HTTP/1.1" 404 24730 "-" "Mozilla/5.0 AppleWebKit/537.36 (KHTML, like Gecko; compatible; ClaudeBot/1.0; [email protected])"
216.73.216.247 - - [21/Jul/2025:03:17:12 +0000] "GET /shopdetail/1212336490.shtml HTTP/1.1" 404 24731 "-" "Mozilla/5.0 AppleWebKit/537.36 (KHTML, like Gecko; compatible; ClaudeBot/1.0; [email protected])"
209.74.77.214 - - [21/Jul/2025:03:17:15 +0000] "POST /wp-cron.php?doing_wp_cron=1753067835.8525359630584716796875 HTTP/1.1" 200 - "-" "WordPress/6.8.2; https://cartel.express"
216.73.216.247 - - [21/Jul/2025:03:17:15 +0000] "GET /shopdetail/1212673662.shtml HTTP/1.1" 404 24731 "-" "Mozilla/5.0 AppleWebKit/537.36 (KHTML, like Gecko; compatible; ClaudeBot/1.0; [email protected])"
216.73.216.247 - - [21/Jul/2025:03:17:18 +0000] "GET /shopdetail/1212761432.shtml HTTP/1.1" 404 24730 "-" "Mozilla/5.0 AppleWebKit/537.36 (KHTML, like Gecko; compatible; ClaudeBot/1.0; [email protected])"
216.73.216.247 - - [21/Jul/2025:03:17:21 +0000] "GET /shopdetail/1212792190.shtml HTTP/1.1" 404 24731 "-" "Mozilla/5.0 AppleWebKit/537.36 (KHTML, like Gecko; compatible; ClaudeBot/1.0; [email protected])"
51.222.253.15 - - [21/Jul/2025:03:17:44 +0000] "GET /product-tag/item/ HTTP/1.1" 200 38799 "-" "Mozilla/5.0 (compatible; AhrefsBot/7.0; +http://ahrefs.com/robot/)"
209.74.77.214 - - [21/Jul/2025:03:18:11 +0000] "POST /wp-cron.php?doing_wp_cron=1753067891.2618529796600341796875 HTTP/1.1" 200 - "-" "WordPress/6.8.2; https://cartel.express"
216.73.216.247 - - [21/Jul/2025:03:18:10 +0000] "GET /shopdetail/1212686004.shtml HTTP/1.1" 404 24730 "-" "Mozilla/5.0 AppleWebKit/537.36 (KHTML, like Gecko; compatible; ClaudeBot/1.0; [email protected])"
209.74.77.214 - - [21/Jul/2025:03:18:14 +0000] "POST /wp-cron.php?doing_wp_cron=1753067894.1216390132904052734375 HTTP/1.1" 200 - "-" "WordPress/6.8.2; https://cartel.express"
216.73.216.247 - - [21/Jul/2025:03:18:13 +0000] "GET /shopdetail/1213001534.shtml HTTP/1.1" 404 24730 "-" "Mozilla/5.0 AppleWebKit/537.36 (KHTML, like Gecko; compatible; ClaudeBot/1.0; [email protected])"
216.73.216.247 - - [21/Jul/2025:03:18:16 +0000] "GET /shopdetail/1212403800.shtml HTTP/1.1" 404 24727 "-" "Mozilla/5.0 AppleWebKit/537.36 (KHTML, like Gecko; compatible; ClaudeBot/1.0; [email protected])"
216.73.216.247 - - [21/Jul/2025:03:18:19 +0000] "GET /shopdetail/1212551764.shtml HTTP/1.1" 404 24730 "-" "Mozilla/5.0 AppleWebKit/537.36 (KHTML, like Gecko; compatible; ClaudeBot/1.0; [email protected])"
216.73.216.247 - - [21/Jul/2025:03:18:22 +0000] "GET /shopdetail/1212474220.shtml HTTP/1.1" 404 24730 "-" "Mozilla/5.0 AppleWebKit/537.36 (KHTML, like Gecko; compatible; ClaudeBot/1.0; [email protected])"
209.74.77.214 - - [21/Jul/2025:03:18:26 +0000] "POST /wp-cron.php?doing_wp_cron=1753067906.0874109268188476562500 HTTP/1.1" 200 - "-" "WordPress/6.8.2; https://cartel.express"
216.73.216.247 - - [21/Jul/2025:03:18:25 +0000] "GET /shopdetail/1212587014.shtml HTTP/1.1" 404 24728 "-" "Mozilla/5.0 AppleWebKit/537.36 (KHTML, like Gecko; compatible; ClaudeBot/1.0; [email protected])"
209.74.77.214 - - [21/Jul/2025:03:19:17 +0000] "POST /wp-cron.php?doing_wp_cron=1753067957.0816040039062500000000 HTTP/1.1" 200 - "-" "WordPress/6.8.2; https://cartel.express"
216.73.216.247 - - [21/Jul/2025:03:19:14 +0000] "GET /shopdetail/1212442344.shtml HTTP/1.1" 404 24730 "-" "Mozilla/5.0 AppleWebKit/537.36 (KHTML, like Gecko; compatible; ClaudeBot/1.0; [email protected])"
216.73.216.247 - - [21/Jul/2025:03:19:20 +0000] "GET /shopdetail/1212921746.shtml HTTP/1.1" 404 24729 "-" "Mozilla/5.0 AppleWebKit/537.36 (KHTML, like Gecko; compatible; ClaudeBot/1.0; [email protected])"
216.73.216.247 - - [21/Jul/2025:03:19:23 +0000] "GET /shopdetail/1212446900.shtml HTTP/1.1" 404 24728 "-" "Mozilla/5.0 AppleWebKit/537.36 (KHTML, like Gecko; compatible; ClaudeBot/1.0; [email protected])"
216.73.216.247 - - [21/Jul/2025:03:19:26 +0000] "GET /shopdetail/1212863796.shtml HTTP/1.1" 404 24728 "-" "Mozilla/5.0 AppleWebKit/537.36 (KHTML, like Gecko; compatible; ClaudeBot/1.0; [email protected])"
216.73.216.247 - - [21/Jul/2025:03:19:29 +0000] "GET /shopdetail/1212348832.shtml HTTP/1.1" 404 24731 "-" "Mozilla/5.0 AppleWebKit/537.36 (KHTML, like Gecko; compatible; ClaudeBot/1.0; [email protected])"
216.73.216.247 - - [21/Jul/2025:03:19:32 +0000] "GET /shopdetail/1212697680.shtml HTTP/1.1" 404 24729 "-" "Mozilla/5.0 AppleWebKit/537.36 (KHTML, like Gecko; compatible; ClaudeBot/1.0; [email protected])"
209.74.77.214 - - [21/Jul/2025:03:19:50 +0000] "POST /wp-cron.php?doing_wp_cron=1753067990.8450839519500732421875 HTTP/1.1" 200 - "-" "WordPress/6.8.2; https://cartel.express"
57.141.2.3 - - [21/Jul/2025:03:19:50 +0000] "GET /shopdetail/2168192286.shtml HTTP/1.1" 404 146915 "-" "meta-externalagent/1.1 (+https://developers.facebook.com/docs/sharing/webmasters/crawler)"
209.74.77.214 - - [21/Jul/2025:03:20:19 +0000] "POST /wp-cron.php?doing_wp_cron=1753068019.2256920337677001953125 HTTP/1.1" 200 - "-" "WordPress/6.8.2; https://cartel.express"
216.73.216.247 - - [21/Jul/2025:03:20:18 +0000] "GET /shopdetail/1212982324.shtml HTTP/1.1" 404 24730 "-" "Mozilla/5.0 AppleWebKit/537.36 (KHTML, like Gecko; compatible; ClaudeBot/1.0; [email protected])"
216.73.216.247 - - [21/Jul/2025:03:20:21 +0000] "GET /shopdetail/1212275972.shtml HTTP/1.1" 404 24728 "-" "Mozilla/5.0 AppleWebKit/537.36 (KHTML, like Gecko; compatible; ClaudeBot/1.0; [email protected])"
209.74.77.214 - - [21/Jul/2025:03:20:24 +0000] "POST /wp-cron.php?doing_wp_cron=1753068024.7425620555877685546875 HTTP/1.1" 200 - "-" "WordPress/6.8.2; https://cartel.express"
216.73.216.247 - - [21/Jul/2025:03:20:24 +0000] "GET /shopdetail/1212898044.shtml HTTP/1.1" 404 24731 "-" "Mozilla/5.0 AppleWebKit/537.36 (KHTML, like Gecko; compatible; ClaudeBot/1.0; [email protected])"
