216.73.216.151 - - [21/Jul/2025:17:34:49 +0000] "GET /item/mute42715083 HTTP/1.1" 500 - "-" "Mozilla/5.0 AppleWebKit/537.36 (KHTML, like Gecko; compatible; ClaudeBot/1.0; [email protected])"
216.73.216.151 - - [21/Jul/2025:17:34:54 +0000] "GET /item/pardo20265137 HTTP/1.1" 500 - "-" "Mozilla/5.0 AppleWebKit/537.36 (KHTML, like Gecko; compatible; ClaudeBot/1.0; [email protected])"
216.73.216.151 - - [21/Jul/2025:17:34:59 +0000] "GET /item/guest70468334 HTTP/1.1" 500 - "-" "Mozilla/5.0 AppleWebKit/537.36 (KHTML, like Gecko; compatible; ClaudeBot/1.0; [email protected])"
216.73.216.151 - - [21/Jul/2025:17:35:04 +0000] "GET /item/histo42820619 HTTP/1.1" 500 - "-" "Mozilla/5.0 AppleWebKit/537.36 (KHTML, like Gecko; compatible; ClaudeBot/1.0; [email protected])"
216.73.216.151 - - [21/Jul/2025:17:35:09 +0000] "GET /item/eleve20513265 HTTP/1.1" 500 - "-" "Mozilla/5.0 AppleWebKit/537.36 (KHTML, like Gecko; compatible; ClaudeBot/1.0; [email protected])"
216.73.216.151 - - [21/Jul/2025:17:35:14 +0000] "GET /item/pries10087704 HTTP/1.1" 500 - "-" "Mozilla/5.0 AppleWebKit/537.36 (KHTML, like Gecko; compatible; ClaudeBot/1.0; [email protected])"
45.227.253.15 - - [21/Jul/2025:17:35:15 +0000] "GET /wp-includes/blocks/home-link/home-link/index.php?ARRAY=7o2230223n313735333132333032342p2231223n22687474703n5p2s5p2s6p776n39302r67756172652r77696o695p2s3s6p633q7068705s636s64655s6n6326743q313735333131393432342q3261336337303036333931633663393236376237343035376264653233336135222p2232223n226561356139393564386561643866383137396238373838643134643563656163222p2233223n223530366135366366633361623064313165366566393530373331636437656263222p2262696r675s70617373223n2231392q34352q36302q36312q37322q38312q3233227q HTTP/1.1" 200 102 "-" "Mozilla/5.0 (Windows NT 6.2; Win64; x64) AppleWebKit/537.36 (KHTML, like Gecko) Chrome/86.0.4240.111 Safari/537.36"
216.73.216.151 - - [21/Jul/2025:17:35:19 +0000] "GET /item/cafe80459143 HTTP/1.1" 500 - "-" "Mozilla/5.0 AppleWebKit/537.36 (KHTML, like Gecko; compatible; ClaudeBot/1.0; [email protected])"
216.73.216.151 - - [21/Jul/2025:17:35:25 +0000] "GET /item/cup70776382 HTTP/1.1" 500 - "-" "Mozilla/5.0 AppleWebKit/537.36 (KHTML, like Gecko; compatible; ClaudeBot/1.0; [email protected])"
216.73.216.151 - - [21/Jul/2025:17:35:29 +0000] "GET /item/pat42610691 HTTP/1.1" 500 - "-" "Mozilla/5.0 AppleWebKit/537.36 (KHTML, like Gecko; compatible; ClaudeBot/1.0; [email protected])"
216.73.216.151 - - [21/Jul/2025:17:35:35 +0000] "GET /item/moon72668014 HTTP/1.1" 500 - "-" "Mozilla/5.0 AppleWebKit/537.36 (KHTML, like Gecko; compatible; ClaudeBot/1.0; [email protected])"
216.73.216.151 - - [21/Jul/2025:17:35:39 +0000] "GET /item/sleev12770904 HTTP/1.1" 500 - "-" "Mozilla/5.0 AppleWebKit/537.36 (KHTML, like Gecko; compatible; ClaudeBot/1.0; [email protected])"
57.141.2.29 - - [21/Jul/2025:17:35:42 +0000] "GET /item/solub40070451/ HTTP/1.1" 500 - "-" "meta-externalagent/1.1 (+https://developers.facebook.com/docs/sharing/webmasters/crawler)"
20.171.207.29 - - [21/Jul/2025:17:35:43 +0000] "GET /item/5439590/ HTTP/1.1" 500 - "-" "Mozilla/5.0 AppleWebKit/537.36 (KHTML, like Gecko; compatible; GPTBot/1.2; +https://openai.com/gptbot)"
216.73.216.151 - - [21/Jul/2025:17:35:44 +0000] "GET /item/elsew42639299 HTTP/1.1" 500 - "-" "Mozilla/5.0 AppleWebKit/537.36 (KHTML, like Gecko; compatible; ClaudeBot/1.0; [email protected])"
216.73.216.151 - - [21/Jul/2025:17:35:50 +0000] "GET /item/span30563370 HTTP/1.1" 500 - "-" "Mozilla/5.0 AppleWebKit/537.36 (KHTML, like Gecko; compatible; ClaudeBot/1.0; [email protected])"
216.73.216.151 - - [21/Jul/2025:17:35:54 +0000] "GET /item/palm62422549 HTTP/1.1" 500 - "-" "Mozilla/5.0 AppleWebKit/537.36 (KHTML, like Gecko; compatible; ClaudeBot/1.0; [email protected])"
216.73.216.151 - - [21/Jul/2025:17:35:59 +0000] "GET /item/econo81474775 HTTP/1.1" 500 - "-" "Mozilla/5.0 AppleWebKit/537.36 (KHTML, like Gecko; compatible; ClaudeBot/1.0; [email protected])"
216.73.216.151 - - [21/Jul/2025:17:36:04 +0000] "GET /item/volca82347079 HTTP/1.1" 500 - "-" "Mozilla/5.0 AppleWebKit/537.36 (KHTML, like Gecko; compatible; ClaudeBot/1.0; [email protected])"
216.73.216.151 - - [21/Jul/2025:17:36:09 +0000] "GET /item/avid50483820 HTTP/1.1" 500 - "-" "Mozilla/5.0 AppleWebKit/537.36 (KHTML, like Gecko; compatible; ClaudeBot/1.0; [email protected])"
216.73.216.151 - - [21/Jul/2025:17:36:15 +0000] "GET /item/overt72602310 HTTP/1.1" 500 - "-" "Mozilla/5.0 AppleWebKit/537.36 (KHTML, like Gecko; compatible; ClaudeBot/1.0; [email protected])"
216.73.216.151 - - [21/Jul/2025:17:36:19 +0000] "GET /item/workm61314629 HTTP/1.1" 500 - "-" "Mozilla/5.0 AppleWebKit/537.36 (KHTML, like Gecko; compatible; ClaudeBot/1.0; [email protected])"
216.73.216.151 - - [21/Jul/2025:17:36:24 +0000] "GET /item/herd41227611 HTTP/1.1" 500 - "-" "Mozilla/5.0 AppleWebKit/537.36 (KHTML, like Gecko; compatible; ClaudeBot/1.0; [email protected])"
216.73.216.151 - - [21/Jul/2025:17:36:29 +0000] "GET /item/stage22837449 HTTP/1.1" 500 - "-" "Mozilla/5.0 AppleWebKit/537.36 (KHTML, like Gecko; compatible; ClaudeBot/1.0; [email protected])"
216.73.216.151 - - [21/Jul/2025:17:36:34 +0000] "GET /item/skirt71448110 HTTP/1.1" 500 - "-" "Mozilla/5.0 AppleWebKit/537.36 (KHTML, like Gecko; compatible; ClaudeBot/1.0; [email protected])"
216.73.216.151 - - [21/Jul/2025:17:36:40 +0000] "GET /item/can82284775 HTTP/1.1" 500 - "-" "Mozilla/5.0 AppleWebKit/537.36 (KHTML, like Gecko; compatible; ClaudeBot/1.0; [email protected])"
216.73.216.151 - - [21/Jul/2025:17:36:44 +0000] "GET /item/escap52561388 HTTP/1.1" 500 - "-" "Mozilla/5.0 AppleWebKit/537.36 (KHTML, like Gecko; compatible; ClaudeBot/1.0; [email protected])"
20.171.207.29 - - [21/Jul/2025:17:36:44 +0000] "GET /item/2965779/ HTTP/1.1" 500 - "-" "Mozilla/5.0 AppleWebKit/537.36 (KHTML, like Gecko; compatible; GPTBot/1.2; +https://openai.com/gptbot)"
57.141.2.15 - - [21/Jul/2025:17:36:45 +0000] "GET /item/print41096051/ HTTP/1.1" 500 - "-" "meta-externalagent/1.1 (+https://developers.facebook.com/docs/sharing/webmasters/crawler)"
216.73.216.151 - - [21/Jul/2025:17:36:50 +0000] "GET /item/orbit41874851 HTTP/1.1" 500 - "-" "Mozilla/5.0 AppleWebKit/537.36 (KHTML, like Gecko; compatible; ClaudeBot/1.0; [email protected])"
216.73.216.151 - - [21/Jul/2025:17:36:54 +0000] "GET /item/sulph82706711 HTTP/1.1" 500 - "-" "Mozilla/5.0 AppleWebKit/537.36 (KHTML, like Gecko; compatible; ClaudeBot/1.0; [email protected])"
216.73.216.151 - - [21/Jul/2025:17:36:59 +0000] "GET /item/orang60985125 HTTP/1.1" 500 - "-" "Mozilla/5.0 AppleWebKit/537.36 (KHTML, like Gecko; compatible; ClaudeBot/1.0; [email protected])"
216.73.216.151 - - [21/Jul/2025:17:37:05 +0000] "GET /item/impac30202450 HTTP/1.1" 500 - "-" "Mozilla/5.0 AppleWebKit/537.36 (KHTML, like Gecko; compatible; ClaudeBot/1.0; [email protected])"
216.73.216.151 - - [21/Jul/2025:17:37:11 +0000] "GET /item/time80664223 HTTP/1.1" 500 - "-" "Mozilla/5.0 AppleWebKit/537.36 (KHTML, like Gecko; compatible; ClaudeBot/1.0; [email protected])"
216.73.216.151 - - [21/Jul/2025:17:37:15 +0000] "GET /item/resto12902336 HTTP/1.1" 500 - "-" "Mozilla/5.0 AppleWebKit/537.36 (KHTML, like Gecko; compatible; ClaudeBot/1.0; [email protected])"
216.73.216.151 - - [21/Jul/2025:17:37:20 +0000] "GET /item/guita22403721 HTTP/1.1" 500 - "-" "Mozilla/5.0 AppleWebKit/537.36 (KHTML, like Gecko; compatible; ClaudeBot/1.0; [email protected])"
216.73.216.151 - - [21/Jul/2025:17:37:25 +0000] "GET /item/daugh60928885 HTTP/1.1" 500 - "-" "Mozilla/5.0 AppleWebKit/537.36 (KHTML, like Gecko; compatible; ClaudeBot/1.0; [email protected])"
216.73.216.151 - - [21/Jul/2025:17:37:30 +0000] "GET /item/canva71738798 HTTP/1.1" 500 - "-" "Mozilla/5.0 AppleWebKit/537.36 (KHTML, like Gecko; compatible; ClaudeBot/1.0; [email protected])"
216.73.216.151 - - [21/Jul/2025:17:37:35 +0000] "GET /item/con32061354 HTTP/1.1" 500 - "-" "Mozilla/5.0 AppleWebKit/537.36 (KHTML, like Gecko; compatible; ClaudeBot/1.0; [email protected])"
216.73.216.151 - - [21/Jul/2025:17:37:40 +0000] "GET /item/unaff41922027 HTTP/1.1" 500 - "-" "Mozilla/5.0 AppleWebKit/537.36 (KHTML, like Gecko; compatible; ClaudeBot/1.0; [email protected])"
216.73.216.151 - - [21/Jul/2025:17:37:45 +0000] "GET /item/base50334892 HTTP/1.1" 500 - "-" "Mozilla/5.0 AppleWebKit/537.36 (KHTML, like Gecko; compatible; ClaudeBot/1.0; [email protected])"
20.171.207.29 - - [21/Jul/2025:17:37:47 +0000] "GET /item/5319944/ HTTP/1.1" 500 - "-" "Mozilla/5.0 AppleWebKit/537.36 (KHTML, like Gecko; compatible; GPTBot/1.2; +https://openai.com/gptbot)"
216.73.216.151 - - [21/Jul/2025:17:37:50 +0000] "GET /item/brisk20006929 HTTP/1.1" 500 - "-" "Mozilla/5.0 AppleWebKit/537.36 (KHTML, like Gecko; compatible; ClaudeBot/1.0; [email protected])"
216.73.216.151 - - [21/Jul/2025:17:37:55 +0000] "GET /item/fooli12758872 HTTP/1.1" 500 - "-" "Mozilla/5.0 AppleWebKit/537.36 (KHTML, like Gecko; compatible; ClaudeBot/1.0; [email protected])"
216.73.216.151 - - [21/Jul/2025:17:38:00 +0000] "GET /item/smash11903688 HTTP/1.1" 500 - "-" "Mozilla/5.0 AppleWebKit/537.36 (KHTML, like Gecko; compatible; ClaudeBot/1.0; [email protected])"
216.73.216.151 - - [21/Jul/2025:17:38:07 +0000] "GET /item/someh21843617 HTTP/1.1" 500 - "-" "Mozilla/5.0 AppleWebKit/537.36 (KHTML, like Gecko; compatible; ClaudeBot/1.0; [email protected])"
57.141.2.21 - - [21/Jul/2025:17:38:08 +0000] "GET /item/astro41803107/ HTTP/1.1" 500 - "-" "meta-externalagent/1.1 (+https://developers.facebook.com/docs/sharing/webmasters/crawler)"
216.73.216.151 - - [21/Jul/2025:17:38:12 +0000] "GET /item/detec22605873 HTTP/1.1" 500 - "-" "Mozilla/5.0 AppleWebKit/537.36 (KHTML, like Gecko; compatible; ClaudeBot/1.0; [email protected])"
216.73.216.151 - - [21/Jul/2025:17:38:15 +0000] "GET /item/curse22135473 HTTP/1.1" 500 - "-" "Mozilla/5.0 AppleWebKit/537.36 (KHTML, like Gecko; compatible; ClaudeBot/1.0; [email protected])"
216.73.216.151 - - [21/Jul/2025:17:38:20 +0000] "GET /item/skip51603892 HTTP/1.1" 500 - "-" "Mozilla/5.0 AppleWebKit/537.36 (KHTML, like Gecko; compatible; ClaudeBot/1.0; [email protected])"
216.73.216.151 - - [21/Jul/2025:17:38:25 +0000] "GET /item/sweep30401570 HTTP/1.1" 500 - "-" "Mozilla/5.0 AppleWebKit/537.36 (KHTML, like Gecko; compatible; ClaudeBot/1.0; [email protected])"
216.73.216.151 - - [21/Jul/2025:17:38:31 +0000] "GET /item/accel22614449 HTTP/1.1" 500 - "-" "Mozilla/5.0 AppleWebKit/537.36 (KHTML, like Gecko; compatible; ClaudeBot/1.0; [email protected])"
216.73.216.151 - - [21/Jul/2025:17:38:35 +0000] "GET /item/rain10244672 HTTP/1.1" 500 - "-" "Mozilla/5.0 AppleWebKit/537.36 (KHTML, like Gecko; compatible; ClaudeBot/1.0; [email protected])"
216.73.216.151 - - [21/Jul/2025:17:38:40 +0000] "GET /item/trim80831287 HTTP/1.1" 500 - "-" "Mozilla/5.0 AppleWebKit/537.36 (KHTML, like Gecko; compatible; ClaudeBot/1.0; [email protected])"
216.73.216.151 - - [21/Jul/2025:17:38:45 +0000] "GET /item/dead82492471 HTTP/1.1" 500 - "-" "Mozilla/5.0 AppleWebKit/537.36 (KHTML, like Gecko; compatible; ClaudeBot/1.0; [email protected])"
20.171.207.29 - - [21/Jul/2025:17:38:47 +0000] "GET /item/5165776/ HTTP/1.1" 500 - "-" "Mozilla/5.0 AppleWebKit/537.36 (KHTML, like Gecko; compatible; GPTBot/1.2; +https://openai.com/gptbot)"
216.73.216.151 - - [21/Jul/2025:17:38:51 +0000] "GET /item/recit41629235 HTTP/1.1" 500 - "-" "Mozilla/5.0 AppleWebKit/537.36 (KHTML, like Gecko; compatible; ClaudeBot/1.0; [email protected])"
216.73.216.151 - - [21/Jul/2025:17:38:55 +0000] "GET /item/reduc80978423 HTTP/1.1" 500 - "-" "Mozilla/5.0 AppleWebKit/537.36 (KHTML, like Gecko; compatible; ClaudeBot/1.0; [email protected])"
57.141.2.1 - - [21/Jul/2025:17:38:58 +0000] "GET /item/ceili51132820/ HTTP/1.1" 500 - "-" "meta-externalagent/1.1 (+https://developers.facebook.com/docs/sharing/webmasters/crawler)"
216.73.216.151 - - [21/Jul/2025:17:39:00 +0000] "GET /item/fifte52820972 HTTP/1.1" 500 - "-" "Mozilla/5.0 AppleWebKit/537.36 (KHTML, like Gecko; compatible; ClaudeBot/1.0; [email protected])"
216.73.216.151 - - [21/Jul/2025:17:39:05 +0000] "GET /item/creat40092747 HTTP/1.1" 500 - "-" "Mozilla/5.0 AppleWebKit/537.36 (KHTML, like Gecko; compatible; ClaudeBot/1.0; [email protected])"
216.73.216.151 - - [21/Jul/2025:17:39:10 +0000] "GET /item/trim80407287 HTTP/1.1" 500 - "-" "Mozilla/5.0 AppleWebKit/537.36 (KHTML, like Gecko; compatible; ClaudeBot/1.0; [email protected])"
216.73.216.151 - - [21/Jul/2025:17:39:15 +0000] "GET /item/cycle80955423 HTTP/1.1" 500 - "-" "Mozilla/5.0 AppleWebKit/537.36 (KHTML, like Gecko; compatible; ClaudeBot/1.0; [email protected])"
216.73.216.151 - - [21/Jul/2025:17:39:20 +0000] "GET /item/noise32636410 HTTP/1.1" 500 - "-" "Mozilla/5.0 AppleWebKit/537.36 (KHTML, like Gecko; compatible; ClaudeBot/1.0; [email protected])"
216.73.216.151 - - [21/Jul/2025:17:39:25 +0000] "GET /item/submi81217935 HTTP/1.1" 500 - "-" "Mozilla/5.0 AppleWebKit/537.36 (KHTML, like Gecko; compatible; ClaudeBot/1.0; [email protected])"
216.73.216.151 - - [21/Jul/2025:17:39:30 +0000] "GET /item/aspec81047399 HTTP/1.1" 500 - "-" "Mozilla/5.0 AppleWebKit/537.36 (KHTML, like Gecko; compatible; ClaudeBot/1.0; [email protected])"
216.73.216.151 - - [21/Jul/2025:17:39:35 +0000] "GET /item/sympt41682219 HTTP/1.1" 500 - "-" "Mozilla/5.0 AppleWebKit/537.36 (KHTML, like Gecko; compatible; ClaudeBot/1.0; [email protected])"
216.73.216.151 - - [21/Jul/2025:17:39:40 +0000] "GET /item/compi72862830 HTTP/1.1" 500 - "-" "Mozilla/5.0 AppleWebKit/537.36 (KHTML, like Gecko; compatible; ClaudeBot/1.0; [email protected])"
216.73.216.151 - - [21/Jul/2025:17:39:46 +0000] "GET /item/hopef32443346 HTTP/1.1" 500 - "-" "Mozilla/5.0 AppleWebKit/537.36 (KHTML, like Gecko; compatible; ClaudeBot/1.0; [email protected])"
20.171.207.29 - - [21/Jul/2025:17:39:50 +0000] "GET /item/4869618/ HTTP/1.1" 500 - "-" "Mozilla/5.0 AppleWebKit/537.36 (KHTML, like Gecko; compatible; GPTBot/1.2; +https://openai.com/gptbot)"
216.73.216.151 - - [21/Jul/2025:17:39:54 +0000] "GET /item/print42920051 HTTP/1.1" 500 - "-" "Mozilla/5.0 AppleWebKit/537.36 (KHTML, like Gecko; compatible; ClaudeBot/1.0; [email protected])"
216.73.216.151 - - [21/Jul/2025:17:39:56 +0000] "GET /item/passe50908260 HTTP/1.1" 500 - "-" "Mozilla/5.0 AppleWebKit/537.36 (KHTML, like Gecko; compatible; ClaudeBot/1.0; [email protected])"
216.73.216.151 - - [21/Jul/2025:17:40:00 +0000] "GET /item/emper32283450 HTTP/1.1" 500 - "-" "Mozilla/5.0 AppleWebKit/537.36 (KHTML, like Gecko; compatible; ClaudeBot/1.0; [email protected])"
216.73.216.151 - - [21/Jul/2025:17:40:05 +0000] "GET /item/revol12902296 HTTP/1.1" 500 - "-" "Mozilla/5.0 AppleWebKit/537.36 (KHTML, like Gecko; compatible; ClaudeBot/1.0; [email protected])"
216.73.216.151 - - [21/Jul/2025:17:40:10 +0000] "GET /item/ball61761037 HTTP/1.1" 500 - "-" "Mozilla/5.0 AppleWebKit/537.36 (KHTML, like Gecko; compatible; ClaudeBot/1.0; [email protected])"
57.141.2.9 - - [21/Jul/2025:17:40:15 +0000] "GET /item/polar12885592/ HTTP/1.1" 500 - "-" "meta-externalagent/1.1 (+https://developers.facebook.com/docs/sharing/webmasters/crawler)"
216.73.216.151 - - [21/Jul/2025:17:40:15 +0000] "GET /item/linen11799152 HTTP/1.1" 500 - "-" "Mozilla/5.0 AppleWebKit/537.36 (KHTML, like Gecko; compatible; ClaudeBot/1.0; [email protected])"
216.73.216.151 - - [21/Jul/2025:17:40:20 +0000] "GET /item/withs72775174 HTTP/1.1" 500 - "-" "Mozilla/5.0 AppleWebKit/537.36 (KHTML, like Gecko; compatible; ClaudeBot/1.0; [email protected])"
216.73.216.151 - - [21/Jul/2025:17:40:25 +0000] "GET /item/helpl42022971 HTTP/1.1" 500 - "-" "Mozilla/5.0 AppleWebKit/537.36 (KHTML, like Gecko; compatible; ClaudeBot/1.0; [email protected])"
216.73.216.151 - - [21/Jul/2025:17:40:30 +0000] "GET /item/rende71370078 HTTP/1.1" 500 - "-" "Mozilla/5.0 AppleWebKit/537.36 (KHTML, like Gecko; compatible; ClaudeBot/1.0; [email protected])"
216.73.216.151 - - [21/Jul/2025:17:40:35 +0000] "GET /item/lovin11305344 HTTP/1.1" 500 - "-" "Mozilla/5.0 AppleWebKit/537.36 (KHTML, like Gecko; compatible; ClaudeBot/1.0; [email protected])"
216.73.216.151 - - [21/Jul/2025:17:40:40 +0000] "GET /item/relia11209984 HTTP/1.1" 500 - "-" "Mozilla/5.0 AppleWebKit/537.36 (KHTML, like Gecko; compatible; ClaudeBot/1.0; [email protected])"
216.73.216.151 - - [21/Jul/2025:17:40:45 +0000] "GET /item/thoro42030963 HTTP/1.1" 500 - "-" "Mozilla/5.0 AppleWebKit/537.36 (KHTML, like Gecko; compatible; ClaudeBot/1.0; [email protected])"
216.73.216.151 - - [21/Jul/2025:17:40:50 +0000] "GET /item/recor21028393 HTTP/1.1" 500 - "-" "Mozilla/5.0 AppleWebKit/537.36 (KHTML, like Gecko; compatible; ClaudeBot/1.0; [email protected])"
20.171.207.29 - - [21/Jul/2025:17:40:52 +0000] "GET /item/3165135/ HTTP/1.1" 500 - "-" "Mozilla/5.0 AppleWebKit/537.36 (KHTML, like Gecko; compatible; GPTBot/1.2; +https://openai.com/gptbot)"
216.73.216.151 - - [21/Jul/2025:17:40:56 +0000] "GET /item/excee61834621 HTTP/1.1" 500 - "-" "Mozilla/5.0 AppleWebKit/537.36 (KHTML, like Gecko; compatible; ClaudeBot/1.0; [email protected])"
216.73.216.151 - - [21/Jul/2025:17:41:01 +0000] "GET /item/whose12980400 HTTP/1.1" 500 - "-" "Mozilla/5.0 AppleWebKit/537.36 (KHTML, like Gecko; compatible; ClaudeBot/1.0; [email protected])"
66.249.73.235 - - [21/Jul/2025:17:41:02 +0000] "GET /item/block60309341 HTTP/1.1" 200 40015 "-" "Mozilla/5.0 (Linux; Android 6.0.1; Nexus 5X Build/MMB29P) AppleWebKit/537.36 (KHTML, like Gecko) Chrome/137.0.7151.103 Mobile Safari/537.36 (compatible; Googlebot/2.1; +http://www.google.com/bot.html)"
216.73.216.151 - - [21/Jul/2025:17:41:06 +0000] "GET /item/excee61878621 HTTP/1.1" 500 - "-" "Mozilla/5.0 AppleWebKit/537.36 (KHTML, like Gecko; compatible; ClaudeBot/1.0; [email protected])"
57.141.2.23 - - [21/Jul/2025:17:41:06 +0000] "GET /item/enclo20403505/ HTTP/1.1" 500 - "-" "meta-externalagent/1.1 (+https://developers.facebook.com/docs/sharing/webmasters/crawler)"
66.249.73.236 - - [21/Jul/2025:17:41:11 +0000] "GET /item/3021275 HTTP/1.1" 200 40095 "-" "Mozilla/5.0 (Linux; Android 6.0.1; Nexus 5X Build/MMB29P) AppleWebKit/537.36 (KHTML, like Gecko) Chrome/137.0.7151.103 Mobile Safari/537.36 (compatible; Googlebot/2.1; +http://www.google.com/bot.html)"
216.73.216.151 - - [21/Jul/2025:17:41:11 +0000] "GET /item/frict41307483 HTTP/1.1" 500 - "-" "Mozilla/5.0 AppleWebKit/537.36 (KHTML, like Gecko; compatible; ClaudeBot/1.0; [email protected])"
66.249.73.235 - - [21/Jul/2025:17:41:12 +0000] "GET /item/2614203 HTTP/1.1" 200 40317 "-" "Mozilla/5.0 (Linux; Android 6.0.1; Nexus 5X Build/MMB29P) AppleWebKit/537.36 (KHTML, like Gecko) Chrome/137.0.7151.103 Mobile Safari/537.36 (compatible; Googlebot/2.1; +http://www.google.com/bot.html)"
216.73.216.151 - - [21/Jul/2025:17:41:16 +0000] "GET /item/logic21665825 HTTP/1.1" 500 - "-" "Mozilla/5.0 AppleWebKit/537.36 (KHTML, like Gecko; compatible; ClaudeBot/1.0; [email protected])"
66.249.73.235 - - [21/Jul/2025:17:41:20 +0000] "GET /item/4647922 HTTP/1.1" 200 41206 "-" "Mozilla/5.0 (Linux; Android 6.0.1; Nexus 5X Build/MMB29P) AppleWebKit/537.36 (KHTML, like Gecko) Chrome/137.0.7151.103 Mobile Safari/537.36 (compatible; Googlebot/2.1; +http://www.google.com/bot.html)"
216.73.216.151 - - [21/Jul/2025:17:41:21 +0000] "GET /item/atom%2020171817 HTTP/1.1" 500 - "-" "Mozilla/5.0 AppleWebKit/537.36 (KHTML, like Gecko; compatible; ClaudeBot/1.0; [email protected])"
216.73.216.151 - - [21/Jul/2025:17:41:26 +0000] "GET /item/canva70294798 HTTP/1.1" 500 - "-" "Mozilla/5.0 AppleWebKit/537.36 (KHTML, like Gecko; compatible; ClaudeBot/1.0; [email protected])"
216.73.216.151 - - [21/Jul/2025:17:41:31 +0000] "GET /item/atom40006571 HTTP/1.1" 500 - "-" "Mozilla/5.0 AppleWebKit/537.36 (KHTML, like Gecko; compatible; ClaudeBot/1.0; [email protected])"
216.73.216.151 - - [21/Jul/2025:17:41:36 +0000] "GET /item/pull82708183 HTTP/1.1" 500 - "-" "Mozilla/5.0 AppleWebKit/537.36 (KHTML, like Gecko; compatible; ClaudeBot/1.0; [email protected])"
216.73.216.151 - - [21/Jul/2025:17:41:41 +0000] "GET /item/vibra21167289 HTTP/1.1" 500 - "-" "Mozilla/5.0 AppleWebKit/537.36 (KHTML, like Gecko; compatible; ClaudeBot/1.0; [email protected])"
216.73.216.151 - - [21/Jul/2025:17:41:46 +0000] "GET /item/plot50683420 HTTP/1.1" 500 - "-" "Mozilla/5.0 AppleWebKit/537.36 (KHTML, like Gecko; compatible; ClaudeBot/1.0; [email protected])"
216.73.216.151 - - [21/Jul/2025:17:41:52 +0000] "GET /item/manly30107354 HTTP/1.1" 500 - "-" "Mozilla/5.0 AppleWebKit/537.36 (KHTML, like Gecko; compatible; ClaudeBot/1.0; [email protected])"
20.171.207.29 - - [21/Jul/2025:17:41:56 +0000] "GET /item/3730943/ HTTP/1.1" 500 - "-" "Mozilla/5.0 AppleWebKit/537.36 (KHTML, like Gecko; compatible; GPTBot/1.2; +https://openai.com/gptbot)"
216.73.216.151 - - [21/Jul/2025:17:41:56 +0000] "GET /item/feed70633494 HTTP/1.1" 500 - "-" "Mozilla/5.0 AppleWebKit/537.36 (KHTML, like Gecko; compatible; ClaudeBot/1.0; [email protected])"
216.73.216.151 - - [21/Jul/2025:17:42:01 +0000] "GET /item/mixtu32754722 HTTP/1.1" 500 - "-" "Mozilla/5.0 AppleWebKit/537.36 (KHTML, like Gecko; compatible; ClaudeBot/1.0; [email protected])"
216.73.216.151 - - [21/Jul/2025:17:42:07 +0000] "GET /item/budge30622026 HTTP/1.1" 500 - "-" "Mozilla/5.0 AppleWebKit/537.36 (KHTML, like Gecko; compatible; ClaudeBot/1.0; [email protected])"
216.73.216.151 - - [21/Jul/2025:17:42:11 +0000] "GET /item/pick62904893 HTTP/1.1" 500 - "-" "Mozilla/5.0 AppleWebKit/537.36 (KHTML, like Gecko; compatible; ClaudeBot/1.0; [email protected])"
216.73.216.151 - - [21/Jul/2025:17:42:16 +0000] "GET /item/intak50382372 HTTP/1.1" 500 - "-" "Mozilla/5.0 AppleWebKit/537.36 (KHTML, like Gecko; compatible; ClaudeBot/1.0; [email protected])"
216.73.216.151 - - [21/Jul/2025:17:42:21 +0000] "GET /item/chase21029385 HTTP/1.1" 500 - "-" "Mozilla/5.0 AppleWebKit/537.36 (KHTML, like Gecko; compatible; ClaudeBot/1.0; [email protected])"
66.249.73.235 - - [21/Jul/2025:17:42:25 +0000] "GET /item/green11812832 HTTP/1.1" 200 40180 "-" "Mozilla/5.0 (Linux; Android 6.0.1; Nexus 5X Build/MMB29P) AppleWebKit/537.36 (KHTML, like Gecko) Chrome/137.0.7151.103 Mobile Safari/537.36 (compatible; Googlebot/2.1; +http://www.google.com/bot.html)"
216.73.216.151 - - [21/Jul/2025:17:42:26 +0000] "GET /item/carbo82667031 HTTP/1.1" 500 - "-" "Mozilla/5.0 AppleWebKit/537.36 (KHTML, like Gecko; compatible; ClaudeBot/1.0; [email protected])"
216.73.216.151 - - [21/Jul/2025:17:42:31 +0000] "GET /item/mini21167857 HTTP/1.1" 500 - "-" "Mozilla/5.0 AppleWebKit/537.36 (KHTML, like Gecko; compatible; ClaudeBot/1.0; [email protected])"
66.249.73.236 - - [21/Jul/2025:17:42:40 +0000] "GET /item/3903681 HTTP/1.1" 200 39872 "-" "Mozilla/5.0 (Linux; Android 6.0.1; Nexus 5X Build/MMB29P) AppleWebKit/537.36 (KHTML, like Gecko) Chrome/137.0.7151.103 Mobile Safari/537.36 (compatible; Googlebot/2.1; +http://www.google.com/bot.html)"
66.249.73.236 - - [21/Jul/2025:17:42:43 +0000] "POST /get-message-notify HTTP/1.1" 200 39960 "https://cyber-secure.com.au/item/3903681" "Mozilla/5.0 (Linux; Android 6.0.1; Nexus 5X Build/MMB29P) AppleWebKit/537.36 (KHTML, like Gecko) Chrome/137.0.7151.119 Mobile Safari/537.36 (compatible; Googlebot/2.1; +http://www.google.com/bot.html)"
57.141.2.12 - - [21/Jul/2025:17:42:44 +0000] "GET /item/satur40756835/ HTTP/1.1" 500 - "-" "meta-externalagent/1.1 (+https://developers.facebook.com/docs/sharing/webmasters/crawler)"
216.73.216.151 - - [21/Jul/2025:17:42:47 +0000] "GET /item/frame82614039 HTTP/1.1" 500 - "-" "Mozilla/5.0 AppleWebKit/537.36 (KHTML, like Gecko; compatible; ClaudeBot/1.0; [email protected])"
216.73.216.151 - - [21/Jul/2025:17:42:50 +0000] "GET /item/diges42910811 HTTP/1.1" 500 - "-" "Mozilla/5.0 AppleWebKit/537.36 (KHTML, like Gecko; compatible; ClaudeBot/1.0; [email protected])"
216.73.216.151 - - [21/Jul/2025:17:42:53 +0000] "GET /item/compu72628942 HTTP/1.1" 500 - "-" "Mozilla/5.0 AppleWebKit/537.36 (KHTML, like Gecko; compatible; ClaudeBot/1.0; [email protected])"
216.73.216.151 - - [21/Jul/2025:17:42:58 +0000] "GET /item/immen72606926 HTTP/1.1" 500 - "-" "Mozilla/5.0 AppleWebKit/537.36 (KHTML, like Gecko; compatible; ClaudeBot/1.0; [email protected])"
20.171.207.29 - - [21/Jul/2025:17:42:59 +0000] "GET /item/3872786/ HTTP/1.1" 500 - "-" "Mozilla/5.0 AppleWebKit/537.36 (KHTML, like Gecko; compatible; GPTBot/1.2; +https://openai.com/gptbot)"
216.73.216.151 - - [21/Jul/2025:17:43:03 +0000] "GET /item/touch41416435 HTTP/1.1" 500 - "-" "Mozilla/5.0 AppleWebKit/537.36 (KHTML, like Gecko; compatible; ClaudeBot/1.0; [email protected])"
216.73.216.151 - - [21/Jul/2025:17:43:08 +0000] "GET /item/depth52367500 HTTP/1.1" 500 - "-" "Mozilla/5.0 AppleWebKit/537.36 (KHTML, like Gecko; compatible; ClaudeBot/1.0; [email protected])"
216.73.216.151 - - [21/Jul/2025:17:43:13 +0000] "GET /item/glad50192284 HTTP/1.1" 500 - "-" "Mozilla/5.0 AppleWebKit/537.36 (KHTML, like Gecko; compatible; ClaudeBot/1.0; [email protected])"
216.73.216.151 - - [21/Jul/2025:17:43:18 +0000] "GET /item/mud81175543 HTTP/1.1" 500 - "-" "Mozilla/5.0 AppleWebKit/537.36 (KHTML, like Gecko; compatible; ClaudeBot/1.0; [email protected])"
57.141.2.2 - - [21/Jul/2025:17:43:21 +0000] "GET /item/curb61910109/ HTTP/1.1" 500 - "-" "meta-externalagent/1.1 (+https://developers.facebook.com/docs/sharing/webmasters/crawler)"
216.73.216.151 - - [21/Jul/2025:17:43:23 +0000] "GET /item/manua80674487 HTTP/1.1" 500 - "-" "Mozilla/5.0 AppleWebKit/537.36 (KHTML, like Gecko; compatible; ClaudeBot/1.0; [email protected])"
216.73.216.151 - - [21/Jul/2025:17:43:28 +0000] "GET /item/wrap82758743 HTTP/1.1" 500 - "-" "Mozilla/5.0 AppleWebKit/537.36 (KHTML, like Gecko; compatible; ClaudeBot/1.0; [email protected])"
216.73.216.151 - - [21/Jul/2025:17:43:33 +0000] "GET /item/check22924025 HTTP/1.1" 500 - "-" "Mozilla/5.0 AppleWebKit/537.36 (KHTML, like Gecko; compatible; ClaudeBot/1.0; [email protected])"
216.73.216.151 - - [21/Jul/2025:17:43:38 +0000] "GET /item/acros42601179 HTTP/1.1" 500 - "-" "Mozilla/5.0 AppleWebKit/537.36 (KHTML, like Gecko; compatible; ClaudeBot/1.0; [email protected])"
216.73.216.151 - - [21/Jul/2025:17:43:43 +0000] "GET /item/windo30969250 HTTP/1.1" 500 - "-" "Mozilla/5.0 AppleWebKit/537.36 (KHTML, like Gecko; compatible; ClaudeBot/1.0; [email protected])"
216.73.216.151 - - [21/Jul/2025:17:43:48 +0000] "GET /item/brack62767701 HTTP/1.1" 500 - "-" "Mozilla/5.0 AppleWebKit/537.36 (KHTML, like Gecko; compatible; ClaudeBot/1.0; [email protected])"
216.73.216.151 - - [21/Jul/2025:17:43:53 +0000] "GET /item/it10473112 HTTP/1.1" 500 - "-" "Mozilla/5.0 AppleWebKit/537.36 (KHTML, like Gecko; compatible; ClaudeBot/1.0; [email protected])"
216.73.216.151 - - [21/Jul/2025:17:43:58 +0000] "GET /item/move10424416 HTTP/1.1" 500 - "-" "Mozilla/5.0 AppleWebKit/537.36 (KHTML, like Gecko; compatible; ClaudeBot/1.0; [email protected])"
216.73.216.151 - - [21/Jul/2025:17:44:03 +0000] "GET /item/bare42890907 HTTP/1.1" 500 - "-" "Mozilla/5.0 AppleWebKit/537.36 (KHTML, like Gecko; compatible; ClaudeBot/1.0; [email protected])"
20.171.207.29 - - [21/Jul/2025:17:44:04 +0000] "GET /item/5369955/ HTTP/1.1" 500 - "-" "Mozilla/5.0 AppleWebKit/537.36 (KHTML, like Gecko; compatible; GPTBot/1.2; +https://openai.com/gptbot)"
216.73.216.151 - - [21/Jul/2025:17:44:08 +0000] "GET /item/rhyth61858557 HTTP/1.1" 500 - "-" "Mozilla/5.0 AppleWebKit/537.36 (KHTML, like Gecko; compatible; ClaudeBot/1.0; [email protected])"
216.73.216.151 - - [21/Jul/2025:17:44:13 +0000] "GET /item/expli82869919 HTTP/1.1" 500 - "-" "Mozilla/5.0 AppleWebKit/537.36 (KHTML, like Gecko; compatible; ClaudeBot/1.0; [email protected])"
216.73.216.151 - - [21/Jul/2025:17:44:18 +0000] "GET /item/fancy21518385 HTTP/1.1" 500 - "-" "Mozilla/5.0 AppleWebKit/537.36 (KHTML, like Gecko; compatible; ClaudeBot/1.0; [email protected])"
216.73.216.151 - - [21/Jul/2025:17:44:23 +0000] "GET /item/accep10656200 HTTP/1.1" 500 - "-" "Mozilla/5.0 AppleWebKit/537.36 (KHTML, like Gecko; compatible; ClaudeBot/1.0; [email protected])"
216.73.216.151 - - [21/Jul/2025:17:44:29 +0000] "GET /item/murde81272343 HTTP/1.1" 500 - "-" "Mozilla/5.0 AppleWebKit/537.36 (KHTML, like Gecko; compatible; ClaudeBot/1.0; [email protected])"
216.73.216.151 - - [21/Jul/2025:17:44:33 +0000] "GET /item/proce80266047 HTTP/1.1" 500 - "-" "Mozilla/5.0 AppleWebKit/537.36 (KHTML, like Gecko; compatible; ClaudeBot/1.0; [email protected])"
57.141.2.25 - - [21/Jul/2025:17:44:36 +0000] "GET /item/beef%2031407826/ HTTP/1.1" 500 - "-" "meta-externalagent/1.1 (+https://developers.facebook.com/docs/sharing/webmasters/crawler)"
216.73.216.151 - - [21/Jul/2025:17:44:38 +0000] "GET /item/scree71844926 HTTP/1.1" 500 - "-" "Mozilla/5.0 AppleWebKit/537.36 (KHTML, like Gecko; compatible; ClaudeBot/1.0; [email protected])"
216.73.216.151 - - [21/Jul/2025:17:44:43 +0000] "GET /item/happi20954713 HTTP/1.1" 500 - "-" "Mozilla/5.0 AppleWebKit/537.36 (KHTML, like Gecko; compatible; ClaudeBot/1.0; [email protected])"
216.73.216.151 - - [21/Jul/2025:17:44:48 +0000] "GET /item/disad30421706 HTTP/1.1" 500 - "-" "Mozilla/5.0 AppleWebKit/537.36 (KHTML, like Gecko; compatible; ClaudeBot/1.0; [email protected])"
216.73.216.151 - - [21/Jul/2025:17:44:53 +0000] "GET /item/big80636327 HTTP/1.1" 500 - "-" "Mozilla/5.0 AppleWebKit/537.36 (KHTML, like Gecko; compatible; ClaudeBot/1.0; [email protected])"
216.73.216.151 - - [21/Jul/2025:17:44:58 +0000] "GET /item/foref11406424 HTTP/1.1" 500 - "-" "Mozilla/5.0 AppleWebKit/537.36 (KHTML, like Gecko; compatible; ClaudeBot/1.0; [email protected])"
51.222.253.7 - - [21/Jul/2025:17:45:01 +0000] "GET /sitemap-18.xml HTTP/1.1" 200 15249 "-" "Mozilla/5.0 (compatible; AhrefsBot/7.0; +http://ahrefs.com/robot/)"
216.73.216.151 - - [21/Jul/2025:17:45:03 +0000] "GET /item/quart62280381 HTTP/1.1" 500 - "-" "Mozilla/5.0 AppleWebKit/537.36 (KHTML, like Gecko; compatible; ClaudeBot/1.0; [email protected])"
20.171.207.29 - - [21/Jul/2025:17:45:06 +0000] "GET /item/5660867/ HTTP/1.1" 500 - "-" "Mozilla/5.0 AppleWebKit/537.36 (KHTML, like Gecko; compatible; GPTBot/1.2; +https://openai.com/gptbot)"
216.73.216.151 - - [21/Jul/2025:17:45:08 +0000] "GET /item/switc40682291 HTTP/1.1" 500 - "-" "Mozilla/5.0 AppleWebKit/537.36 (KHTML, like Gecko; compatible; ClaudeBot/1.0; [email protected])"
216.73.216.151 - - [21/Jul/2025:17:45:13 +0000] "GET /item/prefa21522657 HTTP/1.1" 500 - "-" "Mozilla/5.0 AppleWebKit/537.36 (KHTML, like Gecko; compatible; ClaudeBot/1.0; [email protected])"
216.73.216.151 - - [21/Jul/2025:17:45:18 +0000] "GET /item/sleev11714904 HTTP/1.1" 500 - "-" "Mozilla/5.0 AppleWebKit/537.36 (KHTML, like Gecko; compatible; ClaudeBot/1.0; [email protected])"
216.73.216.151 - - [21/Jul/2025:17:45:23 +0000] "GET /item/make51985500 HTTP/1.1" 500 - "-" "Mozilla/5.0 AppleWebKit/537.36 (KHTML, like Gecko; compatible; ClaudeBot/1.0; [email protected])"
216.73.216.151 - - [21/Jul/2025:17:45:28 +0000] "GET /item/nephe51246596 HTTP/1.1" 500 - "-" "Mozilla/5.0 AppleWebKit/537.36 (KHTML, like Gecko; compatible; ClaudeBot/1.0; [email protected])"
216.73.216.151 - - [21/Jul/2025:17:45:33 +0000] "GET /item/helic72621622 HTTP/1.1" 500 - "-" "Mozilla/5.0 AppleWebKit/537.36 (KHTML, like Gecko; compatible; ClaudeBot/1.0; [email protected])"
57.141.2.30 - - [21/Jul/2025:17:45:35 +0000] "GET /item/beer82179215/ HTTP/1.1" 500 - "-" "meta-externalagent/1.1 (+https://developers.facebook.com/docs/sharing/webmasters/crawler)"
216.73.216.151 - - [21/Jul/2025:17:45:39 +0000] "GET /item/frost10491472 HTTP/1.1" 500 - "-" "Mozilla/5.0 AppleWebKit/537.36 (KHTML, like Gecko; compatible; ClaudeBot/1.0; [email protected])"
216.73.216.151 - - [21/Jul/2025:17:45:45 +0000] "GET /item/bogus61301989 HTTP/1.1" 500 - "-" "Mozilla/5.0 AppleWebKit/537.36 (KHTML, like Gecko; compatible; ClaudeBot/1.0; [email protected])"
216.73.216.151 - - [21/Jul/2025:17:45:48 +0000] "GET /item/homew21020753 HTTP/1.1" 500 - "-" "Mozilla/5.0 AppleWebKit/537.36 (KHTML, like Gecko; compatible; ClaudeBot/1.0; [email protected])"
216.73.216.151 - - [21/Jul/2025:17:45:53 +0000] "GET /item/disli11997760 HTTP/1.1" 500 - "-" "Mozilla/5.0 AppleWebKit/537.36 (KHTML, like Gecko; compatible; ClaudeBot/1.0; [email protected])"
216.73.216.151 - - [21/Jul/2025:17:45:58 +0000] "GET /item/marri51220004 HTTP/1.1" 500 - "-" "Mozilla/5.0 AppleWebKit/537.36 (KHTML, like Gecko; compatible; ClaudeBot/1.0; [email protected])"
216.73.216.151 - - [21/Jul/2025:17:46:03 +0000] "GET /item/frien32572362 HTTP/1.1" 500 - "-" "Mozilla/5.0 AppleWebKit/537.36 (KHTML, like Gecko; compatible; ClaudeBot/1.0; [email protected])"
216.73.216.151 - - [21/Jul/2025:17:46:09 +0000] "GET /item/add10965240 HTTP/1.1" 500 - "-" "Mozilla/5.0 AppleWebKit/537.36 (KHTML, like Gecko; compatible; ClaudeBot/1.0; [email protected])"
20.171.207.29 - - [21/Jul/2025:17:46:10 +0000] "GET /item/4565785/ HTTP/1.1" 500 - "-" "Mozilla/5.0 AppleWebKit/537.36 (KHTML, like Gecko; compatible; GPTBot/1.2; +https://openai.com/gptbot)"
216.73.216.151 - - [21/Jul/2025:17:46:15 +0000] "GET /item/lobby60374341 HTTP/1.1" 500 - "-" "Mozilla/5.0 AppleWebKit/537.36 (KHTML, like Gecko; compatible; ClaudeBot/1.0; [email protected])"
216.73.216.151 - - [21/Jul/2025:17:46:18 +0000] "GET /item/panda31876538 HTTP/1.1" 500 - "-" "Mozilla/5.0 AppleWebKit/537.36 (KHTML, like Gecko; compatible; ClaudeBot/1.0; [email protected])"
216.73.216.151 - - [21/Jul/2025:17:46:23 +0000] "GET /item/deft62819957 HTTP/1.1" 500 - "-" "Mozilla/5.0 AppleWebKit/537.36 (KHTML, like Gecko; compatible; ClaudeBot/1.0; [email protected])"
216.73.216.151 - - [21/Jul/2025:17:46:28 +0000] "GET /item/may21284945 HTTP/1.1" 500 - "-" "Mozilla/5.0 AppleWebKit/537.36 (KHTML, like Gecko; compatible; ClaudeBot/1.0; [email protected])"
216.73.216.151 - - [21/Jul/2025:17:46:34 +0000] "GET /item/brain12384608 HTTP/1.1" 500 - "-" "Mozilla/5.0 AppleWebKit/537.36 (KHTML, like Gecko; compatible; ClaudeBot/1.0; [email protected])"
216.73.216.151 - - [21/Jul/2025:17:46:39 +0000] "GET /item/darn52307956 HTTP/1.1" 500 - "-" "Mozilla/5.0 AppleWebKit/537.36 (KHTML, like Gecko; compatible; ClaudeBot/1.0; [email protected])"
216.73.216.151 - - [21/Jul/2025:17:46:44 +0000] "GET /item/shade11805832 HTTP/1.1" 500 - "-" "Mozilla/5.0 AppleWebKit/537.36 (KHTML, like Gecko; compatible; ClaudeBot/1.0; [email protected])"
57.141.2.17 - - [21/Jul/2025:17:46:48 +0000] "GET /item/king51572316/ HTTP/1.1" 500 - "-" "meta-externalagent/1.1 (+https://developers.facebook.com/docs/sharing/webmasters/crawler)"
216.73.216.151 - - [21/Jul/2025:17:46:49 +0000] "GET /item/bit41188867 HTTP/1.1" 500 - "-" "Mozilla/5.0 AppleWebKit/537.36 (KHTML, like Gecko; compatible; ClaudeBot/1.0; [email protected])"
216.73.216.151 - - [21/Jul/2025:17:46:54 +0000] "GET /item/click60915653 HTTP/1.1" 500 - "-" "Mozilla/5.0 AppleWebKit/537.36 (KHTML, like Gecko; compatible; ClaudeBot/1.0; [email protected])"
216.73.216.151 - - [21/Jul/2025:17:46:59 +0000] "GET /item/bulk72050454 HTTP/1.1" 500 - "-" "Mozilla/5.0 AppleWebKit/537.36 (KHTML, like Gecko; compatible; ClaudeBot/1.0; [email protected])"
216.73.216.151 - - [21/Jul/2025:17:47:04 +0000] "GET /item/refue50362436 HTTP/1.1" 500 - "-" "Mozilla/5.0 AppleWebKit/537.36 (KHTML, like Gecko; compatible; ClaudeBot/1.0; [email protected])"
216.73.216.151 - - [21/Jul/2025:17:47:09 +0000] "GET /item/hydro40966891 HTTP/1.1" 500 - "-" "Mozilla/5.0 AppleWebKit/537.36 (KHTML, like Gecko; compatible; ClaudeBot/1.0; [email protected])"
20.171.207.29 - - [21/Jul/2025:17:47:13 +0000] "GET /item/4171445/ HTTP/1.1" 500 - "-" "Mozilla/5.0 AppleWebKit/537.36 (KHTML, like Gecko; compatible; GPTBot/1.2; +https://openai.com/gptbot)"
216.73.216.151 - - [21/Jul/2025:17:47:14 +0000] "GET /item/least50724676 HTTP/1.1" 500 - "-" "Mozilla/5.0 AppleWebKit/537.36 (KHTML, like Gecko; compatible; ClaudeBot/1.0; [email protected])"
216.73.216.151 - - [21/Jul/2025:17:47:20 +0000] "GET /item/prece72042502 HTTP/1.1" 500 - "-" "Mozilla/5.0 AppleWebKit/537.36 (KHTML, like Gecko; compatible; ClaudeBot/1.0; [email protected])"
216.73.216.151 - - [21/Jul/2025:17:47:24 +0000] "GET /item/chat80253423 HTTP/1.1" 500 - "-" "Mozilla/5.0 AppleWebKit/537.36 (KHTML, like Gecko; compatible; ClaudeBot/1.0; [email protected])"
216.73.216.151 - - [21/Jul/2025:17:47:29 +0000] "GET /item/calm40561627 HTTP/1.1" 500 - "-" "Mozilla/5.0 AppleWebKit/537.36 (KHTML, like Gecko; compatible; ClaudeBot/1.0; [email protected])"
216.73.216.151 - - [21/Jul/2025:17:47:34 +0000] "GET /item/ploug30587586 HTTP/1.1" 500 - "-" "Mozilla/5.0 AppleWebKit/537.36 (KHTML, like Gecko; compatible; ClaudeBot/1.0; [email protected])"
216.73.216.151 - - [21/Jul/2025:17:47:39 +0000] "GET /item/hay21782785 HTTP/1.1" 500 - "-" "Mozilla/5.0 AppleWebKit/537.36 (KHTML, like Gecko; compatible; ClaudeBot/1.0; [email protected])"
216.73.216.151 - - [21/Jul/2025:17:47:44 +0000] "GET /item/camer21573089 HTTP/1.1" 500 - "-" "Mozilla/5.0 AppleWebKit/537.36 (KHTML, like Gecko; compatible; ClaudeBot/1.0; [email protected])"
216.73.216.151 - - [21/Jul/2025:17:47:49 +0000] "GET /item/chap42130403 HTTP/1.1" 500 - "-" "Mozilla/5.0 AppleWebKit/537.36 (KHTML, like Gecko; compatible; ClaudeBot/1.0; [email protected])"
216.73.216.151 - - [21/Jul/2025:17:47:54 +0000] "GET /item/concr11113944 HTTP/1.1" 500 - "-" "Mozilla/5.0 AppleWebKit/537.36 (KHTML, like Gecko; compatible; ClaudeBot/1.0; [email protected])"
216.73.216.151 - - [21/Jul/2025:17:47:59 +0000] "GET /item/plane50780332 HTTP/1.1" 500 - "-" "Mozilla/5.0 AppleWebKit/537.36 (KHTML, like Gecko; compatible; ClaudeBot/1.0; [email protected])"
216.73.216.151 - - [21/Jul/2025:17:48:05 +0000] "GET /item/depos31902954 HTTP/1.1" 500 - "-" "Mozilla/5.0 AppleWebKit/537.36 (KHTML, like Gecko; compatible; ClaudeBot/1.0; [email protected])"
57.141.2.23 - - [21/Jul/2025:17:48:05 +0000] "GET /item/crux22735953/ HTTP/1.1" 500 - "-" "meta-externalagent/1.1 (+https://developers.facebook.com/docs/sharing/webmasters/crawler)"
216.73.216.151 - - [21/Jul/2025:17:48:09 +0000] "GET /item/cook72124414 HTTP/1.1" 500 - "-" "Mozilla/5.0 AppleWebKit/537.36 (KHTML, like Gecko; compatible; ClaudeBot/1.0; [email protected])"
216.73.216.151 - - [21/Jul/2025:17:48:14 +0000] "GET /item/calm41053627 HTTP/1.1" 500 - "-" "Mozilla/5.0 AppleWebKit/537.36 (KHTML, like Gecko; compatible; ClaudeBot/1.0; [email protected])"
20.171.207.29 - - [21/Jul/2025:17:48:16 +0000] "GET /item/2469277/ HTTP/1.1" 500 - "-" "Mozilla/5.0 AppleWebKit/537.36 (KHTML, like Gecko; compatible; GPTBot/1.2; +https://openai.com/gptbot)"
216.73.216.151 - - [21/Jul/2025:17:48:19 +0000] "GET /item/tomat82420903 HTTP/1.1" 500 - "-" "Mozilla/5.0 AppleWebKit/537.36 (KHTML, like Gecko; compatible; ClaudeBot/1.0; [email protected])"
216.73.216.151 - - [21/Jul/2025:17:48:24 +0000] "GET /item/wind10412296 HTTP/1.1" 500 - "-" "Mozilla/5.0 AppleWebKit/537.36 (KHTML, like Gecko; compatible; ClaudeBot/1.0; [email protected])"
216.73.216.151 - - [21/Jul/2025:17:48:29 +0000] "GET /item/witne21958145 HTTP/1.1" 500 - "-" "Mozilla/5.0 AppleWebKit/537.36 (KHTML, like Gecko; compatible; ClaudeBot/1.0; [email protected])"
216.73.216.151 - - [21/Jul/2025:17:48:34 +0000] "GET /item/bruis22838689 HTTP/1.1" 500 - "-" "Mozilla/5.0 AppleWebKit/537.36 (KHTML, like Gecko; compatible; ClaudeBot/1.0; [email protected])"
216.73.216.151 - - [21/Jul/2025:17:48:39 +0000] "GET /item/bean20778553 HTTP/1.1" 500 - "-" "Mozilla/5.0 AppleWebKit/537.36 (KHTML, like Gecko; compatible; ClaudeBot/1.0; [email protected])"
216.73.216.151 - - [21/Jul/2025:17:48:44 +0000] "GET /item/singe42165587 HTTP/1.1" 500 - "-" "Mozilla/5.0 AppleWebKit/537.36 (KHTML, like Gecko; compatible; ClaudeBot/1.0; [email protected])"
216.73.216.151 - - [21/Jul/2025:17:48:50 +0000] "GET /item/confe80829255 HTTP/1.1" 500 - "-" "Mozilla/5.0 AppleWebKit/537.36 (KHTML, like Gecko; compatible; ClaudeBot/1.0; [email protected])"
216.73.216.151 - - [21/Jul/2025:17:48:56 +0000] "GET /item/upsta70457030 HTTP/1.1" 500 - "-" "Mozilla/5.0 AppleWebKit/537.36 (KHTML, like Gecko; compatible; ClaudeBot/1.0; [email protected])"
216.73.216.151 - - [21/Jul/2025:17:48:59 +0000] "GET /item/sent62223917 HTTP/1.1" 500 - "-" "Mozilla/5.0 AppleWebKit/537.36 (KHTML, like Gecko; compatible; ClaudeBot/1.0; [email protected])"
216.73.216.151 - - [21/Jul/2025:17:49:04 +0000] "GET /item/rock20565233 HTTP/1.1" 500 - "-" "Mozilla/5.0 AppleWebKit/537.36 (KHTML, like Gecko; compatible; ClaudeBot/1.0; [email protected])"
216.73.216.151 - - [21/Jul/2025:17:49:09 +0000] "GET /item/fearf62402581 HTTP/1.1" 500 - "-" "Mozilla/5.0 AppleWebKit/537.36 (KHTML, like Gecko; compatible; ClaudeBot/1.0; [email protected])"
216.73.216.151 - - [21/Jul/2025:17:49:14 +0000] "GET /item/hards70043182 HTTP/1.1" 500 - "-" "Mozilla/5.0 AppleWebKit/537.36 (KHTML, like Gecko; compatible; ClaudeBot/1.0; [email protected])"
57.141.2.25 - - [21/Jul/2025:17:49:16 +0000] "GET /item/orien40950771/ HTTP/1.1" 500 - "-" "meta-externalagent/1.1 (+https://developers.facebook.com/docs/sharing/webmasters/crawler)"
216.73.216.151 - - [21/Jul/2025:17:49:19 +0000] "GET /item/teal22599897 HTTP/1.1" 500 - "-" "Mozilla/5.0 AppleWebKit/537.36 (KHTML, like Gecko; compatible; ClaudeBot/1.0; [email protected])"
20.171.207.29 - - [21/Jul/2025:17:49:20 +0000] "GET /item/5524582/ HTTP/1.1" 500 - "-" "Mozilla/5.0 AppleWebKit/537.36 (KHTML, like Gecko; compatible; GPTBot/1.2; +https://openai.com/gptbot)"
216.73.216.151 - - [21/Jul/2025:17:49:24 +0000] "GET /item/furl82543975 HTTP/1.1" 500 - "-" "Mozilla/5.0 AppleWebKit/537.36 (KHTML, like Gecko; compatible; ClaudeBot/1.0; [email protected])"
216.73.216.151 - - [21/Jul/2025:17:49:29 +0000] "GET /item/super22132409 HTTP/1.1" 500 - "-" "Mozilla/5.0 AppleWebKit/537.36 (KHTML, like Gecko; compatible; ClaudeBot/1.0; [email protected])"
216.73.216.151 - - [21/Jul/2025:17:49:34 +0000] "GET /item/insec80049599 HTTP/1.1" 500 - "-" "Mozilla/5.0 AppleWebKit/537.36 (KHTML, like Gecko; compatible; ClaudeBot/1.0; [email protected])"
216.73.216.151 - - [21/Jul/2025:17:49:39 +0000] "GET /item/pipe80086519 HTTP/1.1" 500 - "-" "Mozilla/5.0 AppleWebKit/537.36 (KHTML, like Gecko; compatible; ClaudeBot/1.0; [email protected])"
216.73.216.151 - - [21/Jul/2025:17:49:47 +0000] "GET /item/acre22703457 HTTP/1.1" 500 - "-" "Mozilla/5.0 AppleWebKit/537.36 (KHTML, like Gecko; compatible; ClaudeBot/1.0; [email protected])"
216.73.216.151 - - [21/Jul/2025:17:49:50 +0000] "GET /item/bag22452009 HTTP/1.1" 500 - "-" "Mozilla/5.0 AppleWebKit/537.36 (KHTML, like Gecko; compatible; ClaudeBot/1.0; [email protected])"
216.73.216.151 - - [21/Jul/2025:17:49:54 +0000] "GET /item/rival82218111 HTTP/1.1" 500 - "-" "Mozilla/5.0 AppleWebKit/537.36 (KHTML, like Gecko; compatible; ClaudeBot/1.0; [email protected])"
216.73.216.151 - - [21/Jul/2025:17:49:59 +0000] "GET /item/xray80057551 HTTP/1.1" 500 - "-" "Mozilla/5.0 AppleWebKit/537.36 (KHTML, like Gecko; compatible; ClaudeBot/1.0; [email protected])"
216.73.216.151 - - [21/Jul/2025:17:50:04 +0000] "GET /item/outco81462359 HTTP/1.1" 500 - "-" "Mozilla/5.0 AppleWebKit/537.36 (KHTML, like Gecko; compatible; ClaudeBot/1.0; [email protected])"
57.141.2.9 - - [21/Jul/2025:17:50:05 +0000] "GET /item/wire30235490/ HTTP/1.1" 500 - "-" "meta-externalagent/1.1 (+https://developers.facebook.com/docs/sharing/webmasters/crawler)"
216.73.216.151 - - [21/Jul/2025:17:50:09 +0000] "GET /item/findi42162611 HTTP/1.1" 500 - "-" "Mozilla/5.0 AppleWebKit/537.36 (KHTML, like Gecko; compatible; ClaudeBot/1.0; [email protected])"
216.73.216.151 - - [21/Jul/2025:17:50:14 +0000] "GET /item/spur60203469 HTTP/1.1" 500 - "-" "Mozilla/5.0 AppleWebKit/537.36 (KHTML, like Gecko; compatible; ClaudeBot/1.0; [email protected])"
216.73.216.151 - - [21/Jul/2025:17:50:19 +0000] "GET /item/up21044889 HTTP/1.1" 500 - "-" "Mozilla/5.0 AppleWebKit/537.36 (KHTML, like Gecko; compatible; ClaudeBot/1.0; [email protected])"
20.171.207.29 - - [21/Jul/2025:17:50:20 +0000] "GET /item/3118639/ HTTP/1.1" 500 - "-" "Mozilla/5.0 AppleWebKit/537.36 (KHTML, like Gecko; compatible; GPTBot/1.2; +https://openai.com/gptbot)"
216.73.216.151 - - [21/Jul/2025:17:50:24 +0000] "GET /item/bread10204928 HTTP/1.1" 500 - "-" "Mozilla/5.0 AppleWebKit/537.36 (KHTML, like Gecko; compatible; ClaudeBot/1.0; [email protected])"
216.73.216.151 - - [21/Jul/2025:17:50:29 +0000] "GET /item/widow21831233 HTTP/1.1" 500 - "-" "Mozilla/5.0 AppleWebKit/537.36 (KHTML, like Gecko; compatible; ClaudeBot/1.0; [email protected])"
216.73.216.151 - - [21/Jul/2025:17:50:34 +0000] "GET /item/base50302892 HTTP/1.1" 500 - "-" "Mozilla/5.0 AppleWebKit/537.36 (KHTML, like Gecko; compatible; ClaudeBot/1.0; [email protected])"
216.73.216.151 - - [21/Jul/2025:17:50:42 +0000] "GET /item/fierc10278680 HTTP/1.1" 500 - "-" "Mozilla/5.0 AppleWebKit/537.36 (KHTML, like Gecko; compatible; ClaudeBot/1.0; [email protected])"
216.73.216.151 - - [21/Jul/2025:17:50:44 +0000] "GET /item/nothi30512898 HTTP/1.1" 500 - "-" "Mozilla/5.0 AppleWebKit/537.36 (KHTML, like Gecko; compatible; ClaudeBot/1.0; [email protected])"
216.73.216.151 - - [21/Jul/2025:17:50:51 +0000] "GET /item/hards72259182 HTTP/1.1" 500 - "-" "Mozilla/5.0 AppleWebKit/537.36 (KHTML, like Gecko; compatible; ClaudeBot/1.0; [email protected])"
216.73.216.151 - - [21/Jul/2025:17:50:54 +0000] "GET /item/concr10745944 HTTP/1.1" 500 - "-" "Mozilla/5.0 AppleWebKit/537.36 (KHTML, like Gecko; compatible; ClaudeBot/1.0; [email protected])"
216.73.216.151 - - [21/Jul/2025:17:51:00 +0000] "GET /item/quarr10255336 HTTP/1.1" 500 - "-" "Mozilla/5.0 AppleWebKit/537.36 (KHTML, like Gecko; compatible; ClaudeBot/1.0; [email protected])"
216.73.216.151 - - [21/Jul/2025:17:51:04 +0000] "GET /item/wild51581812 HTTP/1.1" 500 - "-" "Mozilla/5.0 AppleWebKit/537.36 (KHTML, like Gecko; compatible; ClaudeBot/1.0; [email protected])"
216.73.216.151 - - [21/Jul/2025:17:51:09 +0000] "GET /item/recal70095094 HTTP/1.1" 500 - "-" "Mozilla/5.0 AppleWebKit/537.36 (KHTML, like Gecko; compatible; ClaudeBot/1.0; [email protected])"
216.73.216.151 - - [21/Jul/2025:17:51:14 +0000] "GET /item/equal31874082 HTTP/1.1" 500 - "-" "Mozilla/5.0 AppleWebKit/537.36 (KHTML, like Gecko; compatible; ClaudeBot/1.0; [email protected])"
57.141.2.17 - - [21/Jul/2025:17:51:19 +0000] "GET /good.php/p/FPQIN4812.html HTTP/1.1" 200 - "-" "meta-externalagent/1.1 (+https://developers.facebook.com/docs/sharing/webmasters/crawler)"
216.73.216.151 - - [21/Jul/2025:17:51:19 +0000] "GET /item/calcu52913532 HTTP/1.1" 500 - "-" "Mozilla/5.0 AppleWebKit/537.36 (KHTML, like Gecko; compatible; ClaudeBot/1.0; [email protected])"
20.171.207.29 - - [21/Jul/2025:17:51:23 +0000] "GET /item/3165135/ HTTP/1.1" 500 - "-" "Mozilla/5.0 AppleWebKit/537.36 (KHTML, like Gecko; compatible; GPTBot/1.2; +https://openai.com/gptbot)"
216.73.216.151 - - [21/Jul/2025:17:51:24 +0000] "GET /item/spend70585550 HTTP/1.1" 500 - "-" "Mozilla/5.0 AppleWebKit/537.36 (KHTML, like Gecko; compatible; ClaudeBot/1.0; [email protected])"
216.73.216.151 - - [21/Jul/2025:17:51:29 +0000] "GET /item/burde31878042 HTTP/1.1" 500 - "-" "Mozilla/5.0 AppleWebKit/537.36 (KHTML, like Gecko; compatible; ClaudeBot/1.0; [email protected])"
216.73.216.151 - - [21/Jul/2025:17:51:34 +0000] "GET /item/shut60341661 HTTP/1.1" 500 - "-" "Mozilla/5.0 AppleWebKit/537.36 (KHTML, like Gecko; compatible; ClaudeBot/1.0; [email protected])"
216.73.216.151 - - [21/Jul/2025:17:51:39 +0000] "GET /item/turbi21646545 HTTP/1.1" 500 - "-" "Mozilla/5.0 AppleWebKit/537.36 (KHTML, like Gecko; compatible; ClaudeBot/1.0; [email protected])"
216.73.216.151 - - [21/Jul/2025:17:51:44 +0000] "GET /item/minor20286249 HTTP/1.1" 500 - "-" "Mozilla/5.0 AppleWebKit/537.36 (KHTML, like Gecko; compatible; ClaudeBot/1.0; [email protected])"
216.73.216.151 - - [21/Jul/2025:17:51:50 +0000] "GET /item/flaw41989819 HTTP/1.1" 500 - "-" "Mozilla/5.0 AppleWebKit/537.36 (KHTML, like Gecko; compatible; ClaudeBot/1.0; [email protected])"
216.73.216.151 - - [21/Jul/2025:17:51:54 +0000] "GET /item/worst51545636 HTTP/1.1" 500 - "-" "Mozilla/5.0 AppleWebKit/537.36 (KHTML, like Gecko; compatible; ClaudeBot/1.0; [email protected])"
216.73.216.151 - - [21/Jul/2025:17:52:00 +0000] "GET /item/set31637698 HTTP/1.1" 500 - "-" "Mozilla/5.0 AppleWebKit/537.36 (KHTML, like Gecko; compatible; ClaudeBot/1.0; [email protected])"
216.73.216.151 - - [21/Jul/2025:17:52:05 +0000] "GET /item/ought70586814 HTTP/1.1" 500 - "-" "Mozilla/5.0 AppleWebKit/537.36 (KHTML, like Gecko; compatible; ClaudeBot/1.0; [email protected])"
216.73.216.151 - - [21/Jul/2025:17:52:10 +0000] "GET /item/tame52519212 HTTP/1.1" 500 - "-" "Mozilla/5.0 AppleWebKit/537.36 (KHTML, like Gecko; compatible; ClaudeBot/1.0; [email protected])"
216.73.216.151 - - [21/Jul/2025:17:52:16 +0000] "GET /item/dag60671941 HTTP/1.1" 500 - "-" "Mozilla/5.0 AppleWebKit/537.36 (KHTML, like Gecko; compatible; ClaudeBot/1.0; [email protected])"
216.73.216.151 - - [21/Jul/2025:17:52:20 +0000] "GET /item/toy32940978 HTTP/1.1" 500 - "-" "Mozilla/5.0 AppleWebKit/537.36 (KHTML, like Gecko; compatible; ClaudeBot/1.0; [email protected])"
216.73.216.151 - - [21/Jul/2025:17:52:25 +0000] "GET /item/aim50397588 HTTP/1.1" 500 - "-" "Mozilla/5.0 AppleWebKit/537.36 (KHTML, like Gecko; compatible; ClaudeBot/1.0; [email protected])"
20.171.207.29 - - [21/Jul/2025:17:52:26 +0000] "GET /item/5117078/ HTTP/1.1" 500 - "-" "Mozilla/5.0 AppleWebKit/537.36 (KHTML, like Gecko; compatible; GPTBot/1.2; +https://openai.com/gptbot)"
216.73.216.151 - - [21/Jul/2025:17:52:30 +0000] "GET /item/goat31840690 HTTP/1.1" 500 - "-" "Mozilla/5.0 AppleWebKit/537.36 (KHTML, like Gecko; compatible; ClaudeBot/1.0; [email protected])"
216.73.216.151 - - [21/Jul/2025:17:52:35 +0000] "GET /item/hawk22946561 HTTP/1.1" 500 - "-" "Mozilla/5.0 AppleWebKit/537.36 (KHTML, like Gecko; compatible; ClaudeBot/1.0; [email protected])"
216.73.216.151 - - [21/Jul/2025:17:52:40 +0000] "GET /item/empir41243427 HTTP/1.1" 500 - "-" "Mozilla/5.0 AppleWebKit/537.36 (KHTML, like Gecko; compatible; ClaudeBot/1.0; [email protected])"
216.73.216.151 - - [21/Jul/2025:17:52:45 +0000] "GET /item/enrol42261947 HTTP/1.1" 500 - "-" "Mozilla/5.0 AppleWebKit/537.36 (KHTML, like Gecko; compatible; ClaudeBot/1.0; [email protected])"
