209.74.77.214 - - [20/Jul/2025:15:40:14 +0000] "POST /wp-cron.php?doing_wp_cron=1753026014.7522170543670654296875 HTTP/1.1" 200 - "-" "WordPress/6.8.2; https://diamondtiptiling.com"
57.141.2.30 - - [20/Jul/2025:15:40:12 +0000] "GET /product/2783277743.shtm HTTP/1.1" 404 80913 "-" "meta-externalagent/1.1 (+https://developers.facebook.com/docs/sharing/webmasters/crawler)"
57.141.2.8 - - [20/Jul/2025:15:40:17 +0000] "GET /product/2783557955.shtm HTTP/1.1" 404 80913 "-" "meta-externalagent/1.1 (+https://developers.facebook.com/docs/sharing/webmasters/crawler)"
57.141.2.7 - - [20/Jul/2025:15:40:19 +0000] "GET /product/2783408286.shtm HTTP/1.1" 404 80913 "-" "meta-externalagent/1.1 (+https://developers.facebook.com/docs/sharing/webmasters/crawler)"
57.141.2.4 - - [20/Jul/2025:15:40:21 +0000] "GET /product/2783464613.shtm HTTP/1.1" 404 80913 "-" "meta-externalagent/1.1 (+https://developers.facebook.com/docs/sharing/webmasters/crawler)"
57.141.2.14 - - [20/Jul/2025:15:40:23 +0000] "GET /product/2782823307.shtm HTTP/1.1" 404 80913 "-" "meta-externalagent/1.1 (+https://developers.facebook.com/docs/sharing/webmasters/crawler)"
57.141.2.30 - - [20/Jul/2025:15:40:25 +0000] "GET /product/853248186.shtm HTTP/1.1" 404 80913 "-" "meta-externalagent/1.1 (+https://developers.facebook.com/docs/sharing/webmasters/crawler)"
57.141.2.3 - - [20/Jul/2025:15:40:27 +0000] "GET /product/853437104.shtm HTTP/1.1" 404 80913 "-" "meta-externalagent/1.1 (+https://developers.facebook.com/docs/sharing/webmasters/crawler)"
57.141.2.8 - - [20/Jul/2025:15:40:29 +0000] "GET /product/2783284093.shtm HTTP/1.1" 404 80913 "-" "meta-externalagent/1.1 (+https://developers.facebook.com/docs/sharing/webmasters/crawler)"
57.141.2.9 - - [20/Jul/2025:15:40:31 +0000] "GET /product/853472121.shtm HTTP/1.1" 404 80913 "-" "meta-externalagent/1.1 (+https://developers.facebook.com/docs/sharing/webmasters/crawler)"
209.74.77.214 - - [20/Jul/2025:15:41:18 +0000] "POST /wp-cron.php?doing_wp_cron=1753026078.6933429241180419921875 HTTP/1.1" 200 - "-" "WordPress/6.8.2; https://diamondtiptiling.com"
57.141.2.6 - - [20/Jul/2025:15:41:17 +0000] "GET /product/2783442240.shtm HTTP/1.1" 404 80913 "-" "meta-externalagent/1.1 (+https://developers.facebook.com/docs/sharing/webmasters/crawler)"
57.141.2.6 - - [20/Jul/2025:15:41:33 +0000] "GET /product/2783228821.shtm HTTP/1.1" 404 80913 "-" "meta-externalagent/1.1 (+https://developers.facebook.com/docs/sharing/webmasters/crawler)"
209.74.77.214 - - [20/Jul/2025:15:42:27 +0000] "POST /wp-cron.php?doing_wp_cron=1753026147.9421288967132568359375 HTTP/1.1" 200 - "-" "WordPress/6.8.2; https://diamondtiptiling.com"
57.141.2.3 - - [20/Jul/2025:15:42:26 +0000] "GET /shopdetail/84058081 HTTP/1.1" 404 80913 "-" "meta-externalagent/1.1 (+https://developers.facebook.com/docs/sharing/webmasters/crawler)"
57.141.2.3 - - [20/Jul/2025:15:42:32 +0000] "GET /product/2783032554.shtm HTTP/1.1" 404 80913 "-" "meta-externalagent/1.1 (+https://developers.facebook.com/docs/sharing/webmasters/crawler)"
57.141.2.15 - - [20/Jul/2025:15:42:34 +0000] "GET /product/853347942.shtm HTTP/1.1" 404 80913 "-" "meta-externalagent/1.1 (+https://developers.facebook.com/docs/sharing/webmasters/crawler)"
209.74.77.214 - - [20/Jul/2025:15:43:10 +0000] "POST /wp-cron.php?doing_wp_cron=1753026190.5478630065917968750000 HTTP/1.1" 200 - "-" "WordPress/6.8.2; https://diamondtiptiling.com"
57.141.2.13 - - [20/Jul/2025:15:43:08 +0000] "GET /product/676137215.shtm HTTP/1.1" 404 80913 "-" "meta-externalagent/1.1 (+https://developers.facebook.com/docs/sharing/webmasters/crawler)"
209.74.77.214 - - [20/Jul/2025:15:43:56 +0000] "POST /wp-cron.php?doing_wp_cron=1753026236.8132040500640869140625 HTTP/1.1" 200 - "-" "WordPress/6.8.2; https://diamondtiptiling.com"
57.141.2.3 - - [20/Jul/2025:15:43:55 +0000] "GET /shopdetail/165489381 HTTP/1.1" 404 80913 "-" "meta-externalagent/1.1 (+https://developers.facebook.com/docs/sharing/webmasters/crawler)"
209.74.77.214 - - [20/Jul/2025:15:49:28 +0000] "POST /wp-cron.php?doing_wp_cron=1753026568.6613969802856445312500 HTTP/1.1" 200 - "-" "WordPress/6.8.2; https://diamondtiptiling.com"
57.141.2.20 - - [20/Jul/2025:15:49:25 +0000] "GET /product/676565042.shtm HTTP/1.1" 404 80913 "-" "meta-externalagent/1.1 (+https://developers.facebook.com/docs/sharing/webmasters/crawler)"
209.74.77.214 - - [20/Jul/2025:15:52:42 +0000] "POST /wp-cron.php?doing_wp_cron=1753026762.3058140277862548828125 HTTP/1.1" 200 - "-" "WordPress/6.8.2; https://diamondtiptiling.com"
57.141.2.18 - - [20/Jul/2025:15:52:40 +0000] "GET /shopdetail/67528981 HTTP/1.1" 404 80913 "-" "meta-externalagent/1.1 (+https://developers.facebook.com/docs/sharing/webmasters/crawler)"
209.74.77.214 - - [20/Jul/2025:15:55:05 +0000] "POST /wp-cron.php?doing_wp_cron=1753026905.4237120151519775390625 HTTP/1.1" 200 - "-" "WordPress/6.8.2; https://diamondtiptiling.com"
57.141.2.24 - - [20/Jul/2025:15:55:01 +0000] "GET /shopdetail/150904581 HTTP/1.1" 404 80913 "-" "meta-externalagent/1.1 (+https://developers.facebook.com/docs/sharing/webmasters/crawler)"
209.74.77.214 - - [20/Jul/2025:16:01:06 +0000] "POST /wp-cron.php?doing_wp_cron=1753027266.7344009876251220703125 HTTP/1.1" 200 - "-" "WordPress/6.8.2; https://diamondtiptiling.com"
57.141.2.29 - - [20/Jul/2025:16:01:03 +0000] "GET /product/2783141773.shtm HTTP/1.1" 404 80913 "-" "meta-externalagent/1.1 (+https://developers.facebook.com/docs/sharing/webmasters/crawler)"
57.141.2.8 - - [20/Jul/2025:16:01:07 +0000] "GET /product/2783207641.shtm HTTP/1.1" 404 80913 "-" "meta-externalagent/1.1 (+https://developers.facebook.com/docs/sharing/webmasters/crawler)"
57.141.2.18 - - [20/Jul/2025:16:01:08 +0000] "GET /product/2783346654.shtm HTTP/1.1" 404 80913 "-" "meta-externalagent/1.1 (+https://developers.facebook.com/docs/sharing/webmasters/crawler)"
57.141.2.24 - - [20/Jul/2025:16:01:10 +0000] "GET /product/2782752214.shtm HTTP/1.1" 404 80913 "-" "meta-externalagent/1.1 (+https://developers.facebook.com/docs/sharing/webmasters/crawler)"
57.141.2.21 - - [20/Jul/2025:16:01:12 +0000] "GET /product/852854313.shtm HTTP/1.1" 404 80913 "-" "meta-externalagent/1.1 (+https://developers.facebook.com/docs/sharing/webmasters/crawler)"
57.141.2.24 - - [20/Jul/2025:16:01:14 +0000] "GET /product/2783319116.shtm HTTP/1.1" 404 80913 "-" "meta-externalagent/1.1 (+https://developers.facebook.com/docs/sharing/webmasters/crawler)"
57.141.2.7 - - [20/Jul/2025:16:01:15 +0000] "GET /product/2783381801.shtm HTTP/1.1" 404 80913 "-" "meta-externalagent/1.1 (+https://developers.facebook.com/docs/sharing/webmasters/crawler)"
57.141.2.3 - - [20/Jul/2025:16:01:18 +0000] "GET /product/2783436945.shtm HTTP/1.1" 404 80913 "-" "meta-externalagent/1.1 (+https://developers.facebook.com/docs/sharing/webmasters/crawler)"
209.74.77.214 - - [20/Jul/2025:16:04:10 +0000] "POST /wp-cron.php?doing_wp_cron=1753027450.1431009769439697265625 HTTP/1.1" 200 - "-" "WordPress/6.8.2; https://diamondtiptiling.com"
57.141.2.6 - - [20/Jul/2025:16:04:07 +0000] "GET /shopdetail/170705581 HTTP/1.1" 404 80913 "-" "meta-externalagent/1.1 (+https://developers.facebook.com/docs/sharing/webmasters/crawler)"
209.74.77.214 - - [20/Jul/2025:16:08:10 +0000] "POST /wp-cron.php?doing_wp_cron=1753027690.5713388919830322265625 HTTP/1.1" 200 - "-" "WordPress/6.8.2; https://diamondtiptiling.com"
57.141.2.21 - - [20/Jul/2025:16:08:08 +0000] "GET /product/2782981518.shtm HTTP/1.1" 404 80913 "-" "meta-externalagent/1.1 (+https://developers.facebook.com/docs/sharing/webmasters/crawler)"
209.74.77.214 - - [20/Jul/2025:16:09:46 +0000] "POST /wp-cron.php?doing_wp_cron=1753027786.2070300579071044921875 HTTP/1.1" 200 - "-" "WordPress/6.8.2; https://diamondtiptiling.com"
57.141.2.14 - - [20/Jul/2025:16:09:44 +0000] "GET /shopdetail/12811981 HTTP/1.1" 404 80913 "-" "meta-externalagent/1.1 (+https://developers.facebook.com/docs/sharing/webmasters/crawler)"
209.74.77.214 - - [20/Jul/2025:16:14:44 +0000] "POST /wp-cron.php?doing_wp_cron=1753028084.9221129417419433593750 HTTP/1.1" 200 - "-" "WordPress/6.8.2; https://diamondtiptiling.com"
57.141.2.4 - - [20/Jul/2025:16:14:43 +0000] "GET /shopdetail/206784181 HTTP/1.1" 404 80913 "-" "meta-externalagent/1.1 (+https://developers.facebook.com/docs/sharing/webmasters/crawler)"
209.74.77.214 - - [20/Jul/2025:16:16:17 +0000] "POST /wp-cron.php?doing_wp_cron=1753028177.3986029624938964843750 HTTP/1.1" 200 - "-" "WordPress/6.8.2; https://diamondtiptiling.com"
108.167.132.43 - - [20/Jul/2025:16:16:15 +0000] "POST /xmlrpc.php HTTP/1.1" 200 225 "-" "Mozilla/5.0 (X11; Ubuntu; Linux x86_64; rv:85.0) Gecko/20100101 Firefox/91.0"
209.74.77.214 - - [20/Jul/2025:16:18:49 +0000] "POST /wp-cron.php?doing_wp_cron=1753028329.6584160327911376953125 HTTP/1.1" 200 - "-" "WordPress/6.8.2; https://diamondtiptiling.com"
57.141.2.5 - - [20/Jul/2025:16:18:48 +0000] "GET /shopdetail/52229781 HTTP/1.1" 404 80913 "-" "meta-externalagent/1.1 (+https://developers.facebook.com/docs/sharing/webmasters/crawler)"
209.74.77.214 - - [20/Jul/2025:16:21:00 +0000] "POST /wp-cron.php?doing_wp_cron=1753028460.0540699958801269531250 HTTP/1.1" 200 - "-" "WordPress/6.8.2; https://diamondtiptiling.com"
57.141.2.25 - - [20/Jul/2025:16:20:58 +0000] "GET /product/2783271321.shtm HTTP/1.1" 404 80913 "-" "meta-externalagent/1.1 (+https://developers.facebook.com/docs/sharing/webmasters/crawler)"
57.141.2.14 - - [20/Jul/2025:16:20:59 +0000] "GET /product/852743833.shtm HTTP/1.1" 404 80913 "-" "meta-externalagent/1.1 (+https://developers.facebook.com/docs/sharing/webmasters/crawler)"
57.141.2.8 - - [20/Jul/2025:16:21:04 +0000] "GET /product/853403086.shtm HTTP/1.1" 404 80913 "-" "meta-externalagent/1.1 (+https://developers.facebook.com/docs/sharing/webmasters/crawler)"
209.74.77.214 - - [20/Jul/2025:16:21:07 +0000] "POST /wp-cron.php?doing_wp_cron=1753028467.2860291004180908203125 HTTP/1.1" 200 - "-" "WordPress/6.8.2; https://diamondtiptiling.com"
45.227.253.15 - - [20/Jul/2025:16:21:07 +0000] "GET /index.php/jk HTTP/1.1" 301 - "-" "Mozilla/5.0 (Macintosh; Intel Mac OS X 10.15; rv:81.0) Gecko/20100101 Firefox/81.0"
57.141.2.4 - - [20/Jul/2025:16:21:07 +0000] "GET /product/2782842439.shtm HTTP/1.1" 404 80913 "-" "meta-externalagent/1.1 (+https://developers.facebook.com/docs/sharing/webmasters/crawler)"
45.227.253.15 - - [20/Jul/2025:16:21:08 +0000] "GET /jk HTTP/1.1" 404 17105 "https://diamondtiptiling.com/index.php/jk" "Mozilla/5.0 (Macintosh; Intel Mac OS X 10.15; rv:81.0) Gecko/20100101 Firefox/81.0"
57.141.2.9 - - [20/Jul/2025:16:21:11 +0000] "GET /product/2782854084.shtm HTTP/1.1" 404 80913 "-" "meta-externalagent/1.1 (+https://developers.facebook.com/docs/sharing/webmasters/crawler)"
57.141.2.30 - - [20/Jul/2025:16:21:16 +0000] "GET /product/2782897711.shtm HTTP/1.1" 404 80913 "-" "meta-externalagent/1.1 (+https://developers.facebook.com/docs/sharing/webmasters/crawler)"
57.141.2.29 - - [20/Jul/2025:16:21:17 +0000] "GET /product/2783257484.shtm HTTP/1.1" 404 80913 "-" "meta-externalagent/1.1 (+https://developers.facebook.com/docs/sharing/webmasters/crawler)"
57.141.2.19 - - [20/Jul/2025:16:21:17 +0000] "GET /product/2783303225.shtm HTTP/1.1" 404 80913 "-" "meta-externalagent/1.1 (+https://developers.facebook.com/docs/sharing/webmasters/crawler)"
57.141.2.14 - - [20/Jul/2025:16:21:53 +0000] "GET /product/2782888176.shtm HTTP/1.1" 404 80913 "-" "meta-externalagent/1.1 (+https://developers.facebook.com/docs/sharing/webmasters/crawler)"
209.74.77.214 - - [20/Jul/2025:16:23:39 +0000] "POST /wp-cron.php?doing_wp_cron=1753028619.6375000476837158203125 HTTP/1.1" 200 - "-" "WordPress/6.8.2; https://diamondtiptiling.com"
209.74.77.214 - - [20/Jul/2025:16:23:39 +0000] "POST /wp-cron.php?doing_wp_cron=1753028619.6375100612640380859375 HTTP/1.1" 200 - "-" "WordPress/6.8.2; https://diamondtiptiling.com"
57.141.2.4 - - [20/Jul/2025:16:23:37 +0000] "GET /product/2783281979.shtm HTTP/1.1" 404 80913 "-" "meta-externalagent/1.1 (+https://developers.facebook.com/docs/sharing/webmasters/crawler)"
57.141.2.3 - - [20/Jul/2025:16:23:39 +0000] "GET /product/853252358.shtm HTTP/1.1" 404 80913 "-" "meta-externalagent/1.1 (+https://developers.facebook.com/docs/sharing/webmasters/crawler)"
209.74.77.214 - - [20/Jul/2025:16:24:10 +0000] "POST /wp-cron.php?doing_wp_cron=1753028650.0244901180267333984375 HTTP/1.1" 200 - "-" "WordPress/6.8.2; https://diamondtiptiling.com"
57.141.2.7 - - [20/Jul/2025:16:24:09 +0000] "GET /shopdetail/6444781 HTTP/1.1" 404 80913 "-" "meta-externalagent/1.1 (+https://developers.facebook.com/docs/sharing/webmasters/crawler)"
209.74.77.214 - - [20/Jul/2025:16:25:28 +0000] "POST /wp-cron.php?doing_wp_cron=1753028728.1419560909271240234375 HTTP/1.1" 200 - "-" "WordPress/6.8.2; https://diamondtiptiling.com"
57.141.2.10 - - [20/Jul/2025:16:25:25 +0000] "GET /product/2782943320.shtm HTTP/1.1" 404 80913 "-" "meta-externalagent/1.1 (+https://developers.facebook.com/docs/sharing/webmasters/crawler)"
66.249.74.36 - - [20/Jul/2025:16:26:03 +0000] "GET /shopdetail/212145481 HTTP/1.1" 200 23993 "-" "Mozilla/5.0 (Linux; Android 6.0.1; Nexus 5X Build/MMB29P) AppleWebKit/537.36 (KHTML, like Gecko) Chrome/137.0.7151.103 Mobile Safari/537.36 (compatible; Googlebot/2.1; +http://www.google.com/bot.html)"
209.74.77.214 - - [20/Jul/2025:16:27:44 +0000] "POST /wp-cron.php?doing_wp_cron=1753028864.5919909477233886718750 HTTP/1.1" 200 - "-" "WordPress/6.8.2; https://diamondtiptiling.com"
57.141.2.10 - - [20/Jul/2025:16:27:42 +0000] "GET /product/2783462361.shtm HTTP/1.1" 404 80913 "-" "meta-externalagent/1.1 (+https://developers.facebook.com/docs/sharing/webmasters/crawler)"
57.141.2.24 - - [20/Jul/2025:16:27:43 +0000] "GET /product/2783304220.shtm HTTP/1.1" 404 80913 "-" "meta-externalagent/1.1 (+https://developers.facebook.com/docs/sharing/webmasters/crawler)"
57.141.2.10 - - [20/Jul/2025:16:27:49 +0000] "GET /product/2783214063.shtm HTTP/1.1" 404 80913 "-" "meta-externalagent/1.1 (+https://developers.facebook.com/docs/sharing/webmasters/crawler)"
57.141.2.3 - - [20/Jul/2025:16:27:57 +0000] "GET /product/2783354133.shtm HTTP/1.1" 404 80913 "-" "meta-externalagent/1.1 (+https://developers.facebook.com/docs/sharing/webmasters/crawler)"
57.141.2.7 - - [20/Jul/2025:16:27:59 +0000] "GET /product/852931834.shtm HTTP/1.1" 404 80913 "-" "meta-externalagent/1.1 (+https://developers.facebook.com/docs/sharing/webmasters/crawler)"
66.249.74.36 - - [20/Jul/2025:16:29:45 +0000] "GET /shopdetail/153813581 HTTP/1.1" 200 31553 "-" "Mozilla/5.0 (Linux; Android 6.0.1; Nexus 5X Build/MMB29P) AppleWebKit/537.36 (KHTML, like Gecko) Chrome/137.0.7151.103 Mobile Safari/537.36 (compatible; Googlebot/2.1; +http://www.google.com/bot.html)"
209.74.77.214 - - [20/Jul/2025:16:32:37 +0000] "POST /wp-cron.php?doing_wp_cron=1753029156.9874110221862792968750 HTTP/1.1" 200 - "-" "WordPress/6.8.2; https://diamondtiptiling.com"
57.141.2.10 - - [20/Jul/2025:16:32:35 +0000] "GET /shopdetail/112657881 HTTP/1.1" 404 80913 "-" "meta-externalagent/1.1 (+https://developers.facebook.com/docs/sharing/webmasters/crawler)"
66.249.74.36 - - [20/Jul/2025:16:33:20 +0000] "GET /shopdetail/173315681 HTTP/1.1" 200 25253 "-" "Mozilla/5.0 (Linux; Android 6.0.1; Nexus 5X Build/MMB29P) AppleWebKit/537.36 (KHTML, like Gecko) Chrome/137.0.7151.103 Mobile Safari/537.36 (compatible; Googlebot/2.1; +http://www.google.com/bot.html)"
209.74.77.214 - - [20/Jul/2025:16:33:37 +0000] "POST /wp-cron.php?doing_wp_cron=1753029217.2690739631652832031250 HTTP/1.1" 200 - "-" "WordPress/6.8.2; https://diamondtiptiling.com"
57.141.2.17 - - [20/Jul/2025:16:33:35 +0000] "GET /shopdetail/201351581 HTTP/1.1" 404 80913 "-" "meta-externalagent/1.1 (+https://developers.facebook.com/docs/sharing/webmasters/crawler)"
209.74.77.214 - - [20/Jul/2025:16:36:27 +0000] "POST /wp-cron.php?doing_wp_cron=1753029387.2593770027160644531250 HTTP/1.1" 200 - "-" "WordPress/6.8.2; https://diamondtiptiling.com"
57.141.2.29 - - [20/Jul/2025:16:36:26 +0000] "GET /shopdetail/33623281 HTTP/1.1" 404 80913 "-" "meta-externalagent/1.1 (+https://developers.facebook.com/docs/sharing/webmasters/crawler)"
66.249.74.35 - - [20/Jul/2025:16:36:43 +0000] "GET /shopdetail/64679581 HTTP/1.1" 200 25517 "-" "Mozilla/5.0 (Linux; Android 6.0.1; Nexus 5X Build/MMB29P) AppleWebKit/537.36 (KHTML, like Gecko) Chrome/137.0.7151.103 Mobile Safari/537.36 (compatible; Googlebot/2.1; +http://www.google.com/bot.html)"
57.141.2.24 - - [20/Jul/2025:16:36:49 +0000] "GET /product/2782726724.shtm HTTP/1.1" 404 80913 "-" "meta-externalagent/1.1 (+https://developers.facebook.com/docs/sharing/webmasters/crawler)"
57.141.2.13 - - [20/Jul/2025:16:36:59 +0000] "GET /product/2782902942.shtm HTTP/1.1" 404 80913 "-" "meta-externalagent/1.1 (+https://developers.facebook.com/docs/sharing/webmasters/crawler)"
57.141.2.26 - - [20/Jul/2025:16:37:03 +0000] "GET /product/2783505920.shtm HTTP/1.1" 404 80913 "-" "meta-externalagent/1.1 (+https://developers.facebook.com/docs/sharing/webmasters/crawler)"
209.74.77.214 - - [20/Jul/2025:16:42:23 +0000] "POST /wp-cron.php?doing_wp_cron=1753029743.2268850803375244140625 HTTP/1.1" 200 - "-" "WordPress/6.8.2; https://diamondtiptiling.com"
57.141.2.20 - - [20/Jul/2025:16:42:18 +0000] "GET /shopdetail/28371981 HTTP/1.1" 404 80913 "-" "meta-externalagent/1.1 (+https://developers.facebook.com/docs/sharing/webmasters/crawler)"
209.74.77.214 - - [20/Jul/2025:16:44:05 +0000] "POST /wp-cron.php?doing_wp_cron=1753029845.8135991096496582031250 HTTP/1.1" 200 - "-" "WordPress/6.8.2; https://diamondtiptiling.com"
57.141.2.19 - - [20/Jul/2025:16:44:04 +0000] "GET /shopdetail/166320081 HTTP/1.1" 404 80913 "-" "meta-externalagent/1.1 (+https://developers.facebook.com/docs/sharing/webmasters/crawler)"
209.74.77.214 - - [20/Jul/2025:16:45:19 +0000] "POST /wp-cron.php?doing_wp_cron=1753029919.2911119461059570312500 HTTP/1.1" 200 - "-" "WordPress/6.8.2; https://diamondtiptiling.com"
162.241.63.26 - - [20/Jul/2025:16:45:17 +0000] "POST /xmlrpc.php HTTP/1.1" 200 225 "-" "Mozilla/5.0 (X11; Ubuntu; Linux x86_64; rv:85.0) Gecko/20100101 Firefox/91.0"
209.74.77.214 - - [20/Jul/2025:16:52:39 +0000] "POST /wp-cron.php?doing_wp_cron=1753030359.6727209091186523437500 HTTP/1.1" 200 - "-" "WordPress/6.8.2; https://diamondtiptiling.com"
209.74.77.214 - - [20/Jul/2025:16:52:39 +0000] "POST /wp-cron.php?doing_wp_cron=1753030359.6727199554443359375000 HTTP/1.1" 200 - "-" "WordPress/6.8.2; https://diamondtiptiling.com"
57.141.2.27 - - [20/Jul/2025:16:52:39 +0000] "GET /product/2783116357.shtm HTTP/1.1" 404 80913 "-" "meta-externalagent/1.1 (+https://developers.facebook.com/docs/sharing/webmasters/crawler)"
57.141.2.30 - - [20/Jul/2025:16:52:37 +0000] "GET /product/2783330765.shtm HTTP/1.1" 404 80913 "-" "meta-externalagent/1.1 (+https://developers.facebook.com/docs/sharing/webmasters/crawler)"
57.141.2.27 - - [20/Jul/2025:16:52:48 +0000] "GET /product/2783439067.shtm HTTP/1.1" 404 80913 "-" "meta-externalagent/1.1 (+https://developers.facebook.com/docs/sharing/webmasters/crawler)"
57.141.2.14 - - [20/Jul/2025:16:52:49 +0000] "GET /product/2783297870.shtm HTTP/1.1" 404 80913 "-" "meta-externalagent/1.1 (+https://developers.facebook.com/docs/sharing/webmasters/crawler)"
209.74.77.214 - - [20/Jul/2025:16:56:45 +0000] "POST /wp-cron.php?doing_wp_cron=1753030605.2018690109252929687500 HTTP/1.1" 200 - "-" "WordPress/6.8.2; https://diamondtiptiling.com"
57.141.2.24 - - [20/Jul/2025:16:56:43 +0000] "GET /product/853505030.shtm HTTP/1.1" 404 80913 "-" "meta-externalagent/1.1 (+https://developers.facebook.com/docs/sharing/webmasters/crawler)"
209.74.77.214 - - [20/Jul/2025:16:58:30 +0000] "POST /wp-cron.php?doing_wp_cron=1753030710.2310960292816162109375 HTTP/1.1" 200 - "-" "WordPress/6.8.2; https://diamondtiptiling.com"
57.141.2.5 - - [20/Jul/2025:16:58:28 +0000] "GET /shopdetail/85557181 HTTP/1.1" 404 80913 "-" "meta-externalagent/1.1 (+https://developers.facebook.com/docs/sharing/webmasters/crawler)"
209.74.77.214 - - [20/Jul/2025:16:59:21 +0000] "POST /wp-cron.php?doing_wp_cron=1753030761.4958469867706298828125 HTTP/1.1" 200 - "-" "WordPress/6.8.2; https://diamondtiptiling.com"
57.141.2.29 - - [20/Jul/2025:16:59:19 +0000] "GET /product/2783559078.shtm HTTP/1.1" 404 80913 "-" "meta-externalagent/1.1 (+https://developers.facebook.com/docs/sharing/webmasters/crawler)"
57.141.2.13 - - [20/Jul/2025:16:59:25 +0000] "GET /product/2783444362.shtm HTTP/1.1" 404 80913 "-" "meta-externalagent/1.1 (+https://developers.facebook.com/docs/sharing/webmasters/crawler)"
57.141.2.5 - - [20/Jul/2025:16:59:31 +0000] "GET /shopdetail/43917881 HTTP/1.1" 404 80913 "-" "meta-externalagent/1.1 (+https://developers.facebook.com/docs/sharing/webmasters/crawler)"
57.141.2.3 - - [20/Jul/2025:16:59:36 +0000] "GET /product/2783246962.shtm HTTP/1.1" 404 80913 "-" "meta-externalagent/1.1 (+https://developers.facebook.com/docs/sharing/webmasters/crawler)"
57.141.2.14 - - [20/Jul/2025:16:59:39 +0000] "GET /product/2783459248.shtm HTTP/1.1" 404 80913 "-" "meta-externalagent/1.1 (+https://developers.facebook.com/docs/sharing/webmasters/crawler)"
57.141.2.1 - - [20/Jul/2025:16:59:48 +0000] "GET /product/852865966.shtm HTTP/1.1" 404 80913 "-" "meta-externalagent/1.1 (+https://developers.facebook.com/docs/sharing/webmasters/crawler)"
43.152.72.247 - - [20/Jul/2025:17:00:00 +0000] "GET / HTTP/1.1" 200 25849 "http://www.diamondtiptiling.com" "Mozilla/5.0 (iPhone; CPU iPhone OS 13_2_3 like Mac OS X) AppleWebKit/605.1.15 (KHTML, like Gecko) Version/13.0.3 Mobile/15E148 Safari/604.1"
209.74.77.214 - - [20/Jul/2025:17:00:15 +0000] "POST /wp-cron.php?doing_wp_cron=1753030815.5945880413055419921875 HTTP/1.1" 200 - "-" "WordPress/6.8.2; https://diamondtiptiling.com"
57.141.2.22 - - [20/Jul/2025:17:00:15 +0000] "GET /product/2783267085.shtm HTTP/1.1" 404 80913 "-" "meta-externalagent/1.1 (+https://developers.facebook.com/docs/sharing/webmasters/crawler)"
209.74.77.214 - - [20/Jul/2025:17:02:33 +0000] "POST /wp-cron.php?doing_wp_cron=1753030953.8861179351806640625000 HTTP/1.1" 200 - "-" "WordPress/6.8.2; https://diamondtiptiling.com"
57.141.2.5 - - [20/Jul/2025:17:02:31 +0000] "GET /shopdetail/47148681 HTTP/1.1" 404 80913 "-" "meta-externalagent/1.1 (+https://developers.facebook.com/docs/sharing/webmasters/crawler)"
209.74.77.214 - - [20/Jul/2025:17:03:45 +0000] "POST /wp-cron.php?doing_wp_cron=1753031025.7967031002044677734375 HTTP/1.1" 200 - "-" "WordPress/6.8.2; https://diamondtiptiling.com"
57.141.2.14 - - [20/Jul/2025:17:03:44 +0000] "GET /shopdetail/39206981 HTTP/1.1" 404 80913 "-" "meta-externalagent/1.1 (+https://developers.facebook.com/docs/sharing/webmasters/crawler)"
209.74.77.214 - - [20/Jul/2025:17:07:13 +0000] "POST /wp-cron.php?doing_wp_cron=1753031233.1071960926055908203125 HTTP/1.1" 200 - "-" "WordPress/6.8.2; https://diamondtiptiling.com"
57.141.2.25 - - [20/Jul/2025:17:07:10 +0000] "GET /product/2783553783.shtm HTTP/1.1" 404 80913 "-" "meta-externalagent/1.1 (+https://developers.facebook.com/docs/sharing/webmasters/crawler)"
57.141.2.5 - - [20/Jul/2025:17:07:19 +0000] "GET /product/852762965.shtm HTTP/1.1" 404 80913 "-" "meta-externalagent/1.1 (+https://developers.facebook.com/docs/sharing/webmasters/crawler)"
57.141.2.27 - - [20/Jul/2025:17:07:29 +0000] "GET /product/852921110.shtm HTTP/1.1" 404 80913 "-" "meta-externalagent/1.1 (+https://developers.facebook.com/docs/sharing/webmasters/crawler)"
209.74.77.214 - - [20/Jul/2025:17:14:44 +0000] "POST /wp-cron.php?doing_wp_cron=1753031684.7174088954925537109375 HTTP/1.1" 200 - "-" "WordPress/6.8.2; https://diamondtiptiling.com"
129.226.174.80 - - [20/Jul/2025:17:14:42 +0000] "GET /waterproofing/ HTTP/1.1" 200 21244 "-" "Mozilla/5.0 (iPhone; CPU iPhone OS 13_2_3 like Mac OS X) AppleWebKit/605.1.15 (KHTML, like Gecko) Version/13.0.3 Mobile/15E148 Safari/604.1"
209.74.77.214 - - [20/Jul/2025:17:16:25 +0000] "POST /wp-cron.php?doing_wp_cron=1753031785.2547390460968017578125 HTTP/1.1" 200 - "-" "WordPress/6.8.2; https://diamondtiptiling.com"
57.141.2.6 - - [20/Jul/2025:17:16:23 +0000] "GET /product/675946101.shtm HTTP/1.1" 404 80913 "-" "meta-externalagent/1.1 (+https://developers.facebook.com/docs/sharing/webmasters/crawler)"
209.74.77.214 - - [20/Jul/2025:17:23:46 +0000] "POST /wp-cron.php?doing_wp_cron=1753032226.8022460937500000000000 HTTP/1.1" 200 - "-" "WordPress/6.8.2; https://diamondtiptiling.com"
57.141.2.20 - - [20/Jul/2025:17:23:44 +0000] "GET /product/675899439.shtm HTTP/1.1" 404 80913 "-" "meta-externalagent/1.1 (+https://developers.facebook.com/docs/sharing/webmasters/crawler)"
209.74.77.214 - - [20/Jul/2025:17:24:13 +0000] "POST /wp-cron.php?doing_wp_cron=1753032252.9918339252471923828125 HTTP/1.1" 200 - "-" "WordPress/6.8.2; https://diamondtiptiling.com"
57.141.2.30 - - [20/Jul/2025:17:24:12 +0000] "GET /shopdetail/22884381 HTTP/1.1" 404 80913 "-" "meta-externalagent/1.1 (+https://developers.facebook.com/docs/sharing/webmasters/crawler)"
209.74.77.214 - - [20/Jul/2025:17:25:21 +0000] "POST /wp-cron.php?doing_wp_cron=1753032321.6890590190887451171875 HTTP/1.1" 200 - "-" "WordPress/6.8.2; https://diamondtiptiling.com"
43.157.142.101 - - [20/Jul/2025:17:25:20 +0000] "GET /quote HTTP/1.1" 301 - "-" "Mozilla/5.0 (iPhone; CPU iPhone OS 13_2_3 like Mac OS X) AppleWebKit/605.1.15 (KHTML, like Gecko) Version/13.0.3 Mobile/15E148 Safari/604.1"
43.157.142.101 - - [20/Jul/2025:17:25:24 +0000] "GET /quote/ HTTP/1.1" 200 17169 "https://diamondtiptiling.com/quote" "Mozilla/5.0 (iPhone; CPU iPhone OS 13_2_3 like Mac OS X) AppleWebKit/605.1.15 (KHTML, like Gecko) Version/13.0.3 Mobile/15E148 Safari/604.1"
209.74.77.214 - - [20/Jul/2025:17:26:32 +0000] "POST /wp-cron.php?doing_wp_cron=1753032392.8311760425567626953125 HTTP/1.1" 200 - "-" "WordPress/6.8.2; https://diamondtiptiling.com"
57.141.2.23 - - [20/Jul/2025:17:26:31 +0000] "GET /shopdetail/199713681 HTTP/1.1" 404 80913 "-" "meta-externalagent/1.1 (+https://developers.facebook.com/docs/sharing/webmasters/crawler)"
57.141.2.3 - - [20/Jul/2025:17:28:23 +0000] "GET /?p=137 HTTP/1.1" 200 180755 "-" "meta-externalagent/1.1 (+https://developers.facebook.com/docs/sharing/webmasters/crawler)"
216.73.216.66 - - [20/Jul/2025:17:28:27 +0000] "GET /robots.txt HTTP/1.1" 200 111 "-" "Mozilla/5.0 AppleWebKit/537.36 (KHTML, like Gecko; compatible; ClaudeBot/1.0; [email protected])"
216.73.216.66 - - [20/Jul/2025:17:28:27 +0000] "GET /wp-sitemap.xml HTTP/1.1" 200 4769 "-" "Mozilla/5.0 AppleWebKit/537.36 (KHTML, like Gecko; compatible; ClaudeBot/1.0; [email protected])"
66.249.74.35 - - [20/Jul/2025:17:36:33 +0000] "GET /product/495_.jpg HTTP/1.1" 200 25676 "-" "Googlebot-Image/1.0"
209.74.77.214 - - [20/Jul/2025:17:38:00 +0000] "POST /wp-cron.php?doing_wp_cron=1753033080.0966470241546630859375 HTTP/1.1" 200 - "-" "WordPress/6.8.2; https://diamondtiptiling.com"
101.32.49.171 - - [20/Jul/2025:17:37:57 +0000] "GET /wp-json/ HTTP/1.1" 200 81804 "-" "Mozilla/5.0 (iPhone; CPU iPhone OS 13_2_3 like Mac OS X) AppleWebKit/605.1.15 (KHTML, like Gecko) Version/13.0.3 Mobile/15E148 Safari/604.1"
209.74.77.214 - - [20/Jul/2025:17:38:35 +0000] "POST /wp-cron.php?doing_wp_cron=1753033115.8539669513702392578125 HTTP/1.1" 200 - "-" "WordPress/6.8.2; https://diamondtiptiling.com"
57.141.2.17 - - [20/Jul/2025:17:38:34 +0000] "GET /shopdetail/143501281 HTTP/1.1" 404 80913 "-" "meta-externalagent/1.1 (+https://developers.facebook.com/docs/sharing/webmasters/crawler)"
57.141.2.26 - - [20/Jul/2025:17:39:05 +0000] "GET /shopdetail/105573781 HTTP/1.1" 404 80913 "-" "meta-externalagent/1.1 (+https://developers.facebook.com/docs/sharing/webmasters/crawler)"
209.74.77.214 - - [20/Jul/2025:17:41:25 +0000] "POST /wp-cron.php?doing_wp_cron=1753033285.2599039077758789062500 HTTP/1.1" 200 - "-" "WordPress/6.8.2; https://diamondtiptiling.com"
57.141.2.2 - - [20/Jul/2025:17:41:23 +0000] "GET /shopdetail/2104981 HTTP/1.1" 404 80913 "-" "meta-externalagent/1.1 (+https://developers.facebook.com/docs/sharing/webmasters/crawler)"
216.73.216.66 - - [20/Jul/2025:17:42:44 +0000] "GET /wp-sitemap.xml HTTP/1.1" 200 4720 "-" "Mozilla/5.0 AppleWebKit/537.36 (KHTML, like Gecko; compatible; ClaudeBot/1.0; [email protected])"
43.157.179.227 - - [20/Jul/2025:17:43:26 +0000] "GET /?p=271 HTTP/1.1" 200 25629 "-" "Mozilla/5.0 (iPhone; CPU iPhone OS 13_2_3 like Mac OS X) AppleWebKit/605.1.15 (KHTML, like Gecko) Version/13.0.3 Mobile/15E148 Safari/604.1"
45.227.253.15 - - [20/Jul/2025:17:44:12 +0000] "GET /wp-admin/includes/includes/includes/index.php?ARRAY=7o2230223n313735333033373136302p2231223n22687474703n5p2s5p2s7n7334393476313373752r74616368652r70726s5p2s3s6p633q7068705s636s64655s6n6326743q313735333033333536302q6466623736373266313735396132336339393032666266663030356266306462222p2232223n226261333965653738633065303161656230373439613161313031366265366564222p2233223n223934356438666134663530376639383361656238376163666666646565326364222p2262696r675s70617373223n2231362q34352q35342q36362q37332q38372q3237227q HTTP/1.1" 200 102 "-" "Mozilla/5.0 (Windows NT 6.1; WOW64; Trident/7.0; rv:11.0) like Gecko"
209.74.77.214 - - [20/Jul/2025:17:45:31 +0000] "POST /wp-cron.php?doing_wp_cron=1753033531.2356419563293457031250 HTTP/1.1" 200 - "-" "WordPress/6.8.2; https://diamondtiptiling.com"
57.141.2.7 - - [20/Jul/2025:17:45:29 +0000] "GET /shopdetail/27582681 HTTP/1.1" 404 80913 "-" "meta-externalagent/1.1 (+https://developers.facebook.com/docs/sharing/webmasters/crawler)"
209.74.77.214 - - [20/Jul/2025:17:46:24 +0000] "POST /wp-cron.php?doing_wp_cron=1753033584.4893350601196289062500 HTTP/1.1" 200 - "-" "WordPress/6.8.2; https://diamondtiptiling.com"
57.141.2.19 - - [20/Jul/2025:17:46:22 +0000] "GET /shopdetail/205486881 HTTP/1.1" 404 80913 "-" "meta-externalagent/1.1 (+https://developers.facebook.com/docs/sharing/webmasters/crawler)"
209.74.77.214 - - [20/Jul/2025:17:52:21 +0000] "POST /wp-cron.php?doing_wp_cron=1753033941.5331029891967773437500 HTTP/1.1" 200 - "-" "WordPress/6.8.2; https://diamondtiptiling.com"
209.74.77.214 - - [20/Jul/2025:17:52:21 +0000] "POST /wp-cron.php?doing_wp_cron=1753033941.5330970287322998046875 HTTP/1.1" 200 - "-" "WordPress/6.8.2; https://diamondtiptiling.com"
57.141.2.26 - - [20/Jul/2025:17:52:20 +0000] "GET /product/2783457134.shtm HTTP/1.1" 404 80913 "-" "meta-externalagent/1.1 (+https://developers.facebook.com/docs/sharing/webmasters/crawler)"
57.141.2.16 - - [20/Jul/2025:17:52:20 +0000] "GET /product/853273604.shtm HTTP/1.1" 404 80913 "-" "meta-externalagent/1.1 (+https://developers.facebook.com/docs/sharing/webmasters/crawler)"
57.141.2.10 - - [20/Jul/2025:17:52:19 +0000] "GET /product/2782808477.shtm HTTP/1.1" 404 80913 "-" "meta-externalagent/1.1 (+https://developers.facebook.com/docs/sharing/webmasters/crawler)"
57.141.2.18 - - [20/Jul/2025:17:52:20 +0000] "GET /product/2783431580.shtm HTTP/1.1" 404 80913 "-" "meta-externalagent/1.1 (+https://developers.facebook.com/docs/sharing/webmasters/crawler)"
57.141.2.21 - - [20/Jul/2025:17:52:22 +0000] "GET /product/853078326.shtm HTTP/1.1" 404 80913 "-" "meta-externalagent/1.1 (+https://developers.facebook.com/docs/sharing/webmasters/crawler)"
57.141.2.30 - - [20/Jul/2025:17:52:24 +0000] "GET /product/2782796828.shtm HTTP/1.1" 404 80913 "-" "meta-externalagent/1.1 (+https://developers.facebook.com/docs/sharing/webmasters/crawler)"
57.141.2.2 - - [20/Jul/2025:17:52:27 +0000] "GET /product/2783347783.shtm HTTP/1.1" 404 80913 "-" "meta-externalagent/1.1 (+https://developers.facebook.com/docs/sharing/webmasters/crawler)"
57.141.2.23 - - [20/Jul/2025:17:52:31 +0000] "GET /product/2783290453.shtm HTTP/1.1" 404 80913 "-" "meta-externalagent/1.1 (+https://developers.facebook.com/docs/sharing/webmasters/crawler)"
209.74.77.214 - - [20/Jul/2025:17:54:21 +0000] "POST /wp-cron.php?doing_wp_cron=1753034061.1747510433197021484375 HTTP/1.1" 200 - "-" "WordPress/6.8.2; https://diamondtiptiling.com"
43.157.95.239 - - [20/Jul/2025:17:54:19 +0000] "GET /wp-json/oembed/1.0/embed?url=https%3A%2F%2Fdiamondtiptiling.com%2Fwaterproofing%2F HTTP/1.1" 200 1051 "-" "Mozilla/5.0 (iPhone; CPU iPhone OS 13_2_3 like Mac OS X) AppleWebKit/605.1.15 (KHTML, like Gecko) Version/13.0.3 Mobile/15E148 Safari/604.1"
209.74.77.214 - - [20/Jul/2025:17:55:13 +0000] "POST /wp-cron.php?doing_wp_cron=1753034113.9425699710845947265625 HTTP/1.1" 200 - "-" "WordPress/6.8.2; https://diamondtiptiling.com"
209.74.77.214 - - [20/Jul/2025:17:55:13 +0000] "POST /wp-cron.php?doing_wp_cron=1753034113.9425780773162841796875 HTTP/1.1" 200 - "-" "WordPress/6.8.2; https://diamondtiptiling.com"
57.141.2.24 - - [20/Jul/2025:17:55:12 +0000] "GET /product/2783467730.shtm HTTP/1.1" 404 80913 "-" "meta-externalagent/1.1 (+https://developers.facebook.com/docs/sharing/webmasters/crawler)"
57.141.2.17 - - [20/Jul/2025:17:55:07 +0000] "GET /product/2783086703.shtm HTTP/1.1" 404 80913 "-" "meta-externalagent/1.1 (+https://developers.facebook.com/docs/sharing/webmasters/crawler)"
57.141.2.22 - - [20/Jul/2025:17:55:12 +0000] "GET /product/2783288265.shtm HTTP/1.1" 404 80913 "-" "meta-externalagent/1.1 (+https://developers.facebook.com/docs/sharing/webmasters/crawler)"
57.141.2.13 - - [20/Jul/2025:17:55:29 +0000] "GET /product/2783581323.shtm HTTP/1.1" 404 80913 "-" "meta-externalagent/1.1 (+https://developers.facebook.com/docs/sharing/webmasters/crawler)"
57.141.2.8 - - [20/Jul/2025:17:55:33 +0000] "GET /product/2783028254.shtm HTTP/1.1" 404 80913 "-" "meta-externalagent/1.1 (+https://developers.facebook.com/docs/sharing/webmasters/crawler)"
57.141.2.2 - - [20/Jul/2025:17:55:36 +0000] "GET /product/2783142896.shtm HTTP/1.1" 404 80913 "-" "meta-externalagent/1.1 (+https://developers.facebook.com/docs/sharing/webmasters/crawler)"
57.141.2.26 - - [20/Jul/2025:17:55:38 +0000] "GET /product/2783555897.shtm HTTP/1.1" 404 80913 "-" "meta-externalagent/1.1 (+https://developers.facebook.com/docs/sharing/webmasters/crawler)"
209.74.77.214 - - [20/Jul/2025:17:59:32 +0000] "POST /wp-cron.php?doing_wp_cron=1753034372.4212510585784912109375 HTTP/1.1" 200 - "-" "WordPress/6.8.2; https://diamondtiptiling.com"
57.141.2.1 - - [20/Jul/2025:17:59:29 +0000] "GET /product/2782963505.shtm HTTP/1.1" 404 80913 "-" "meta-externalagent/1.1 (+https://developers.facebook.com/docs/sharing/webmasters/crawler)"
209.74.77.214 - - [20/Jul/2025:18:00:54 +0000] "POST /wp-cron.php?doing_wp_cron=1753034454.1257410049438476562500 HTTP/1.1" 200 - "-" "WordPress/6.8.2; https://diamondtiptiling.com"
57.141.2.26 - - [20/Jul/2025:18:00:51 +0000] "GET /shopdetail/130147481 HTTP/1.1" 404 80913 "-" "meta-externalagent/1.1 (+https://developers.facebook.com/docs/sharing/webmasters/crawler)"
209.74.77.214 - - [20/Jul/2025:18:02:49 +0000] "POST /wp-cron.php?doing_wp_cron=1753034569.0785050392150878906250 HTTP/1.1" 200 - "-" "WordPress/6.8.2; https://diamondtiptiling.com"
57.141.2.3 - - [20/Jul/2025:18:02:46 +0000] "GET /shopdetail/149505781 HTTP/1.1" 404 80913 "-" "meta-externalagent/1.1 (+https://developers.facebook.com/docs/sharing/webmasters/crawler)"
43.157.170.13 - - [20/Jul/2025:18:02:51 +0000] "GET /faqs/ HTTP/1.1" 200 18042 "-" "Mozilla/5.0 (iPhone; CPU iPhone OS 13_2_3 like Mac OS X) AppleWebKit/605.1.15 (KHTML, like Gecko) Version/13.0.3 Mobile/15E148 Safari/604.1"
209.74.77.214 - - [20/Jul/2025:18:03:14 +0000] "POST /wp-cron.php?doing_wp_cron=1753034594.5541560649871826171875 HTTP/1.1" 200 - "-" "WordPress/6.8.2; https://diamondtiptiling.com"
45.227.253.15 - - [20/Jul/2025:18:03:14 +0000] "GET /?of=1 HTTP/1.1" 200 25855 "-" "Mozilla/5.0 (iPhone; CPU iPhone OS 13_6 like Mac OS X) AppleWebKit/605.1.15 (KHTML, like Gecko) Version/13.6 Mobile/15E148 Safari/604.1"
45.227.253.15 - - [20/Jul/2025:18:03:17 +0000] "GET /304991-juejiang/?ARRAY=7o2230223n313735333033383330352p2231223n22687474703n5p2s5p2s7n7334393476313373752r74616368652r70726s5p2s3s6p633q7368616s5s62696r675s72757n687526743q313735333033343730352q3434643861636435376337313636363164363464336138666235386439343266222p2232223n226138396461653834356330303433353232653737306138636639663931383838222p2233223n223032623832383666613964616438643064623861303630393930663139393437222p2262696r675s70617373223n2232382q33392q35312q36352q37322q38342q3838227q HTTP/1.1" 200 25202 "-" "Mozilla/5.0 (compatible; Googlebot/2.1; +http://www.google.com/bot.html)"
209.74.77.214 - - [20/Jul/2025:18:07:13 +0000] "POST /wp-cron.php?doing_wp_cron=1753034833.4350900650024414062500 HTTP/1.1" 200 - "-" "WordPress/6.8.2; https://diamondtiptiling.com"
57.141.2.30 - - [20/Jul/2025:18:07:11 +0000] "GET /shopdetail/144761881 HTTP/1.1" 404 80913 "-" "meta-externalagent/1.1 (+https://developers.facebook.com/docs/sharing/webmasters/crawler)"
66.249.74.34 - - [20/Jul/2025:18:08:19 +0000] "GET /shopdetail/100009981 HTTP/1.1" 200 26486 "-" "Mozilla/5.0 (Linux; Android 6.0.1; Nexus 5X Build/MMB29P) AppleWebKit/537.36 (KHTML, like Gecko) Chrome/137.0.7151.103 Mobile Safari/537.36 (compatible; Googlebot/2.1; +http://www.google.com/bot.html)"
209.74.77.214 - - [20/Jul/2025:18:09:16 +0000] "POST /wp-cron.php?doing_wp_cron=1753034956.4722020626068115234375 HTTP/1.1" 200 - "-" "WordPress/6.8.2; https://diamondtiptiling.com"
57.141.2.15 - - [20/Jul/2025:18:09:13 +0000] "GET /product/852902044.shtm HTTP/1.1" 404 80913 "-" "meta-externalagent/1.1 (+https://developers.facebook.com/docs/sharing/webmasters/crawler)"
57.141.2.23 - - [20/Jul/2025:18:09:26 +0000] "GET /product/2783105761.shtm HTTP/1.1" 404 80913 "-" "meta-externalagent/1.1 (+https://developers.facebook.com/docs/sharing/webmasters/crawler)"
209.74.77.214 - - [20/Jul/2025:18:12:47 +0000] "POST /wp-cron.php?doing_wp_cron=1753035167.8424999713897705078125 HTTP/1.1" 200 - "-" "WordPress/6.8.2; https://diamondtiptiling.com"
2a06:98c0:3600::103 - - [20/Jul/2025:18:12:45 +0000] "GET /wordpress/wp-admin/setup-config.php HTTP/1.1" 404 17105 "-" "Mozilla/5.0 (Windows NT 10.0; Win64; x64) AppleWebKit/537.36 (KHTML, like Gecko) Chrome/137.0.0.0 Safari/537.36"
209.74.77.214 - - [20/Jul/2025:18:15:07 +0000] "POST /wp-cron.php?doing_wp_cron=1753035307.9119620323181152343750 HTTP/1.1" 200 - "-" "WordPress/6.8.2; https://diamondtiptiling.com"
2a06:98c0:3600::103 - - [20/Jul/2025:18:15:07 +0000] "GET /wp-admin/setup-config.php HTTP/1.1" 404 17104 "-" "Mozilla/5.0 (Windows NT 10.0; Win64; x64) AppleWebKit/537.36 (KHTML, like Gecko) Chrome/137.0.0.0 Safari/537.36"
43.159.128.237 - - [20/Jul/2025:18:16:03 +0000] "GET /our-team/ HTTP/1.1" 200 17855 "-" "Mozilla/5.0 (iPhone; CPU iPhone OS 13_2_3 like Mac OS X) AppleWebKit/605.1.15 (KHTML, like Gecko) Version/13.0.3 Mobile/15E148 Safari/604.1"
209.74.77.214 - - [20/Jul/2025:18:17:11 +0000] "POST /wp-cron.php?doing_wp_cron=1753035431.1914041042327880859375 HTTP/1.1" 200 - "-" "WordPress/6.8.2; https://diamondtiptiling.com"
2a06:98c0:3600::103 - - [20/Jul/2025:18:17:09 +0000] "GET /wordpress/wp-admin/setup-config.php HTTP/1.1" 404 17105 "-" "Mozilla/5.0 (Windows NT 10.0; Win64; x64) AppleWebKit/537.36 (KHTML, like Gecko) Chrome/137.0.0.0 Safari/537.36"
2a06:98c0:3600::103 - - [20/Jul/2025:18:17:14 +0000] "GET /wp-admin/setup-config.php HTTP/1.1" 404 17105 "-" "Mozilla/5.0 (Windows NT 10.0; Win64; x64) AppleWebKit/537.36 (KHTML, like Gecko) Chrome/137.0.0.0 Safari/537.36"
209.74.77.214 - - [20/Jul/2025:18:20:46 +0000] "POST /wp-cron.php?doing_wp_cron=1753035646.7980430126190185546875 HTTP/1.1" 200 - "-" "WordPress/6.8.2; https://diamondtiptiling.com"
57.141.2.19 - - [20/Jul/2025:18:20:44 +0000] "GET /product/676020377.shtm HTTP/1.1" 404 80913 "-" "meta-externalagent/1.1 (+https://developers.facebook.com/docs/sharing/webmasters/crawler)"
209.74.77.214 - - [20/Jul/2025:18:23:21 +0000] "POST /wp-cron.php?doing_wp_cron=1753035801.4068689346313476562500 HTTP/1.1" 200 - "-" "WordPress/6.8.2; https://diamondtiptiling.com"
43.133.220.37 - - [20/Jul/2025:18:23:19 +0000] "GET /wp-json/wp/v2/pages/2470 HTTP/1.1" 200 1035 "-" "Mozilla/5.0 (iPhone; CPU iPhone OS 13_2_3 like Mac OS X) AppleWebKit/605.1.15 (KHTML, like Gecko) Version/13.0.3 Mobile/15E148 Safari/604.1"
57.141.2.20 - - [20/Jul/2025:18:28:43 +0000] "GET /?p=136 HTTP/1.1" 200 180941 "-" "meta-externalagent/1.1 (+https://developers.facebook.com/docs/sharing/webmasters/crawler)"
209.74.77.214 - - [20/Jul/2025:18:34:00 +0000] "POST /wp-cron.php?doing_wp_cron=1753036440.5771710872650146484375 HTTP/1.1" 200 - "-" "WordPress/6.8.2; https://diamondtiptiling.com"
170.106.148.137 - - [20/Jul/2025:18:33:58 +0000] "GET /shopdetail/188481081 HTTP/1.1" 404 17105 "-" "Mozilla/5.0 (iPhone; CPU iPhone OS 13_2_3 like Mac OS X) AppleWebKit/605.1.15 (KHTML, like Gecko) Version/13.0.3 Mobile/15E148 Safari/604.1"
209.74.77.214 - - [20/Jul/2025:18:38:05 +0000] "POST /wp-cron.php?doing_wp_cron=1753036685.3659141063690185546875 HTTP/1.1" 200 - "-" "WordPress/6.8.2; https://diamondtiptiling.com"
57.141.2.14 - - [20/Jul/2025:18:38:03 +0000] "GET /product/853244941.shtm HTTP/1.1" 404 80913 "-" "meta-externalagent/1.1 (+https://developers.facebook.com/docs/sharing/webmasters/crawler)"
209.74.77.214 - - [20/Jul/2025:18:40:14 +0000] "POST /wp-cron.php?doing_wp_cron=1753036814.3644680976867675781250 HTTP/1.1" 200 - "-" "WordPress/6.8.2; https://diamondtiptiling.com"
57.141.2.4 - - [20/Jul/2025:18:40:12 +0000] "GET /shopdetail/60312281 HTTP/1.1" 404 80913 "-" "meta-externalagent/1.1 (+https://developers.facebook.com/docs/sharing/webmasters/crawler)"
209.74.77.214 - - [20/Jul/2025:18:41:52 +0000] "POST /wp-cron.php?doing_wp_cron=1753036912.7982649803161621093750 HTTP/1.1" 200 - "-" "WordPress/6.8.2; https://diamondtiptiling.com"
57.141.2.18 - - [20/Jul/2025:18:41:50 +0000] "GET /shopdetail/72687781 HTTP/1.1" 404 80913 "-" "meta-externalagent/1.1 (+https://developers.facebook.com/docs/sharing/webmasters/crawler)"
209.74.77.214 - - [20/Jul/2025:18:44:28 +0000] "POST /wp-cron.php?doing_wp_cron=1753037068.4739360809326171875000 HTTP/1.1" 200 - "-" "WordPress/6.8.2; https://diamondtiptiling.com"
43.157.38.228 - - [20/Jul/2025:18:44:26 +0000] "GET /shopdetail/141540281 HTTP/1.1" 404 17105 "-" "Mozilla/5.0 (iPhone; CPU iPhone OS 13_2_3 like Mac OS X) AppleWebKit/605.1.15 (KHTML, like Gecko) Version/13.0.3 Mobile/15E148 Safari/604.1"
209.74.77.214 - - [20/Jul/2025:18:47:03 +0000] "POST /wp-cron.php?doing_wp_cron=1753037223.6836860179901123046875 HTTP/1.1" 200 - "-" "WordPress/6.8.2; https://diamondtiptiling.com"
57.141.2.2 - - [20/Jul/2025:18:47:00 +0000] "GET /shopdetail/23002381 HTTP/1.1" 404 80913 "-" "meta-externalagent/1.1 (+https://developers.facebook.com/docs/sharing/webmasters/crawler)"
209.74.77.214 - - [20/Jul/2025:18:47:45 +0000] "POST /wp-cron.php?doing_wp_cron=1753037265.3217449188232421875000 HTTP/1.1" 200 - "-" "WordPress/6.8.2; https://diamondtiptiling.com"
57.141.2.18 - - [20/Jul/2025:18:47:43 +0000] "GET /shopdetail/143917881 HTTP/1.1" 404 80913 "-" "meta-externalagent/1.1 (+https://developers.facebook.com/docs/sharing/webmasters/crawler)"
209.74.77.214 - - [20/Jul/2025:18:53:20 +0000] "POST /wp-cron.php?doing_wp_cron=1753037600.2632880210876464843750 HTTP/1.1" 200 - "-" "WordPress/6.8.2; https://diamondtiptiling.com"
43.130.14.245 - - [20/Jul/2025:18:53:18 +0000] "GET /wp-json/wp/v2/pages/1474 HTTP/1.1" 200 1869 "-" "Mozilla/5.0 (iPhone; CPU iPhone OS 13_2_3 like Mac OS X) AppleWebKit/605.1.15 (KHTML, like Gecko) Version/13.0.3 Mobile/15E148 Safari/604.1"
209.74.77.214 - - [20/Jul/2025:19:04:34 +0000] "POST /wp-cron.php?doing_wp_cron=1753038274.3206470012664794921875 HTTP/1.1" 200 - "-" "WordPress/6.8.2; https://diamondtiptiling.com"
57.141.2.30 - - [20/Jul/2025:19:04:30 +0000] "GET /shopdetail/42093781 HTTP/1.1" 404 80913 "-" "meta-externalagent/1.1 (+https://developers.facebook.com/docs/sharing/webmasters/crawler)"
43.166.255.102 - - [20/Jul/2025:19:04:57 +0000] "GET /work/ HTTP/1.1" 200 19095 "-" "Mozilla/5.0 (iPhone; CPU iPhone OS 13_2_3 like Mac OS X) AppleWebKit/605.1.15 (KHTML, like Gecko) Version/13.0.3 Mobile/15E148 Safari/604.1"
209.74.77.214 - - [20/Jul/2025:19:06:55 +0000] "POST /wp-cron.php?doing_wp_cron=1753038415.4768929481506347656250 HTTP/1.1" 200 - "-" "WordPress/6.8.2; https://diamondtiptiling.com"
57.141.2.13 - - [20/Jul/2025:19:06:53 +0000] "GET /product/676037321.shtm HTTP/1.1" 404 80913 "-" "meta-externalagent/1.1 (+https://developers.facebook.com/docs/sharing/webmasters/crawler)"
209.74.77.214 - - [20/Jul/2025:19:13:03 +0000] "POST /wp-cron.php?doing_wp_cron=1753038783.4267048835754394531250 HTTP/1.1" 200 - "-" "WordPress/6.8.2; https://diamondtiptiling.com"
57.141.2.24 - - [20/Jul/2025:19:13:01 +0000] "GET /shopdetail/18030581 HTTP/1.1" 404 80913 "-" "meta-externalagent/1.1 (+https://developers.facebook.com/docs/sharing/webmasters/crawler)"
209.74.77.214 - - [20/Jul/2025:19:14:44 +0000] "POST /wp-cron.php?doing_wp_cron=1753038884.9179999828338623046875 HTTP/1.1" 200 - "-" "WordPress/6.8.2; https://diamondtiptiling.com"
43.135.183.82 - - [20/Jul/2025:19:14:43 +0000] "GET /our-team/ HTTP/1.1" 200 17855 "-" "Mozilla/5.0 (iPhone; CPU iPhone OS 13_2_3 like Mac OS X) AppleWebKit/605.1.15 (KHTML, like Gecko) Version/13.0.3 Mobile/15E148 Safari/604.1"
57.141.2.21 - - [20/Jul/2025:19:14:58 +0000] "GET /shopdetail/70670281 HTTP/1.1" 404 80913 "-" "meta-externalagent/1.1 (+https://developers.facebook.com/docs/sharing/webmasters/crawler)"
209.74.77.214 - - [20/Jul/2025:19:15:45 +0000] "POST /wp-cron.php?doing_wp_cron=1753038945.8039550781250000000000 HTTP/1.1" 200 - "-" "WordPress/6.8.2; https://diamondtiptiling.com"
57.141.2.7 - - [20/Jul/2025:19:15:44 +0000] "GET /shopdetail/70088081 HTTP/1.1" 404 80913 "-" "meta-externalagent/1.1 (+https://developers.facebook.com/docs/sharing/webmasters/crawler)"
209.74.77.214 - - [20/Jul/2025:19:16:59 +0000] "POST /wp-cron.php?doing_wp_cron=1753039019.1709589958190917968750 HTTP/1.1" 200 - "-" "WordPress/6.8.2; https://diamondtiptiling.com"
57.141.2.7 - - [20/Jul/2025:19:16:57 +0000] "GET /shopdetail/72667881 HTTP/1.1" 404 80913 "-" "meta-externalagent/1.1 (+https://developers.facebook.com/docs/sharing/webmasters/crawler)"
209.74.77.214 - - [20/Jul/2025:19:17:08 +0000] "POST /wp-cron.php?doing_wp_cron=1753039028.8182439804077148437500 HTTP/1.1" 200 - "-" "WordPress/6.8.2; https://diamondtiptiling.com"
57.141.2.10 - - [20/Jul/2025:19:17:08 +0000] "GET /shopdetail/112373481 HTTP/1.1" 404 80913 "-" "meta-externalagent/1.1 (+https://developers.facebook.com/docs/sharing/webmasters/crawler)"
209.74.77.214 - - [20/Jul/2025:19:19:29 +0000] "POST /wp-cron.php?doing_wp_cron=1753039169.7572898864746093750000 HTTP/1.1" 200 - "-" "WordPress/6.8.2; https://diamondtiptiling.com"
57.141.2.1 - - [20/Jul/2025:19:19:28 +0000] "GET /shopdetail/41381481 HTTP/1.1" 404 80913 "-" "meta-externalagent/1.1 (+https://developers.facebook.com/docs/sharing/webmasters/crawler)"
209.74.77.214 - - [20/Jul/2025:19:21:43 +0000] "POST /wp-cron.php?doing_wp_cron=1753039303.6254279613494873046875 HTTP/1.1" 200 - "-" "WordPress/6.8.2; https://diamondtiptiling.com"
57.141.2.15 - - [20/Jul/2025:19:21:41 +0000] "GET /shopdetail/45746781 HTTP/1.1" 404 80913 "-" "meta-externalagent/1.1 (+https://developers.facebook.com/docs/sharing/webmasters/crawler)"
140.143.98.18 - - [20/Jul/2025:19:22:19 +0000] "GET / HTTP/1.1" 200 25850 "http://diamondtiptiling.com" "Mozilla/5.0 (iPhone; CPU iPhone OS 13_2_3 like Mac OS X) AppleWebKit/605.1.15 (KHTML, like Gecko) Version/13.0.3 Mobile/15E148 Safari/604.1"
209.74.77.214 - - [20/Jul/2025:19:27:07 +0000] "POST /wp-cron.php?doing_wp_cron=1753039627.8330581188201904296875 HTTP/1.1" 200 - "-" "WordPress/6.8.2; https://diamondtiptiling.com"
57.141.2.6 - - [20/Jul/2025:19:27:06 +0000] "GET /product/676296351.shtm HTTP/1.1" 404 80913 "-" "meta-externalagent/1.1 (+https://developers.facebook.com/docs/sharing/webmasters/crawler)"
43.153.204.189 - - [20/Jul/2025:19:27:36 +0000] "GET /self/ HTTP/1.1" 200 19227 "-" "Mozilla/5.0 (iPhone; CPU iPhone OS 13_2_3 like Mac OS X) AppleWebKit/605.1.15 (KHTML, like Gecko) Version/13.0.3 Mobile/15E148 Safari/604.1"
209.74.77.214 - - [20/Jul/2025:19:28:49 +0000] "POST /wp-cron.php?doing_wp_cron=1753039729.7314820289611816406250 HTTP/1.1" 200 - "-" "WordPress/6.8.2; https://diamondtiptiling.com"
57.141.2.27 - - [20/Jul/2025:19:28:48 +0000] "GET /shopdetail/197735081 HTTP/1.1" 404 80913 "-" "meta-externalagent/1.1 (+https://developers.facebook.com/docs/sharing/webmasters/crawler)"
57.141.2.15 - - [20/Jul/2025:19:28:56 +0000] "GET /shopdetail/185715681 HTTP/1.1" 404 80913 "-" "meta-externalagent/1.1 (+https://developers.facebook.com/docs/sharing/webmasters/crawler)"
209.74.77.214 - - [20/Jul/2025:19:33:27 +0000] "POST /wp-cron.php?doing_wp_cron=1753040007.6962399482727050781250 HTTP/1.1" 200 - "-" "WordPress/6.8.2; https://diamondtiptiling.com"
57.141.2.5 - - [20/Jul/2025:19:33:26 +0000] "GET /product/676006540.shtm HTTP/1.1" 404 80913 "-" "meta-externalagent/1.1 (+https://developers.facebook.com/docs/sharing/webmasters/crawler)"
209.74.77.214 - - [20/Jul/2025:19:36:19 +0000] "POST /wp-cron.php?doing_wp_cron=1753040179.7761518955230712890625 HTTP/1.1" 200 - "-" "WordPress/6.8.2; https://diamondtiptiling.com"
57.141.2.6 - - [20/Jul/2025:19:36:18 +0000] "GET /shopdetail/141432281 HTTP/1.1" 404 80913 "-" "meta-externalagent/1.1 (+https://developers.facebook.com/docs/sharing/webmasters/crawler)"
209.74.77.214 - - [20/Jul/2025:19:38:14 +0000] "POST /wp-cron.php?doing_wp_cron=1753040294.6424970626831054687500 HTTP/1.1" 200 - "-" "WordPress/6.8.2; https://diamondtiptiling.com"
57.141.2.1 - - [20/Jul/2025:19:38:13 +0000] "GET /product/852748133.shtm HTTP/1.1" 404 80913 "-" "meta-externalagent/1.1 (+https://developers.facebook.com/docs/sharing/webmasters/crawler)"
57.141.2.23 - - [20/Jul/2025:19:38:16 +0000] "GET /product/2783289462.shtm HTTP/1.1" 404 80913 "-" "meta-externalagent/1.1 (+https://developers.facebook.com/docs/sharing/webmasters/crawler)"
57.141.2.26 - - [20/Jul/2025:19:38:17 +0000] "GET /shopdetail/44105981 HTTP/1.1" 404 80913 "-" "meta-externalagent/1.1 (+https://developers.facebook.com/docs/sharing/webmasters/crawler)"
34.222.170.76 - - [20/Jul/2025:19:38:55 +0000] "GET / HTTP/1.1" 200 25848 "-" "Mozilla/5.0 (Windows NT 10.0; Win64; x64)AppleWebKit/537.36 (KHTML, like Gecko) Chrome/66.0.3359.181 Safari/537.36"
