57.141.2.14 - - [20/Jul/2025:20:28:04 +0000] "GET /product/2783055848.shtm HTTP/1.1" 404 80913 "-" "meta-externalagent/1.1 (+https://developers.facebook.com/docs/sharing/webmasters/crawler)"
209.74.77.214 - - [20/Jul/2025:20:28:11 +0000] "POST /wp-cron.php?doing_wp_cron=1753043291.0549330711364746093750 HTTP/1.1" 200 - "-" "WordPress/6.8.2; https://diamondtiptiling.com"
57.141.2.17 - - [20/Jul/2025:20:28:10 +0000] "GET /product/2782737448.shtm HTTP/1.1" 404 80913 "-" "meta-externalagent/1.1 (+https://developers.facebook.com/docs/sharing/webmasters/crawler)"
57.141.2.9 - - [20/Jul/2025:20:28:14 +0000] "GET /product/853291611.shtm HTTP/1.1" 404 80913 "-" "meta-externalagent/1.1 (+https://developers.facebook.com/docs/sharing/webmasters/crawler)"
57.141.2.23 - - [20/Jul/2025:20:28:15 +0000] "GET /product/852907343.shtm HTTP/1.1" 404 80913 "-" "meta-externalagent/1.1 (+https://developers.facebook.com/docs/sharing/webmasters/crawler)"
57.141.2.1 - - [20/Jul/2025:20:28:18 +0000] "GET /product/853276845.shtm HTTP/1.1" 404 80913 "-" "meta-externalagent/1.1 (+https://developers.facebook.com/docs/sharing/webmasters/crawler)"
57.141.2.10 - - [20/Jul/2025:20:28:20 +0000] "GET /product/2782762864.shtm HTTP/1.1" 404 80913 "-" "meta-externalagent/1.1 (+https://developers.facebook.com/docs/sharing/webmasters/crawler)"
57.141.2.25 - - [20/Jul/2025:20:28:23 +0000] "GET /product/2783027259.shtm HTTP/1.1" 404 80913 "-" "meta-externalagent/1.1 (+https://developers.facebook.com/docs/sharing/webmasters/crawler)"
66.249.74.34 - - [20/Jul/2025:20:28:23 +0000] "GET /product/102148316.shtm HTTP/1.1" 200 25669 "-" "Mozilla/5.0 (Linux; Android 6.0.1; Nexus 5X Build/MMB29P) AppleWebKit/537.36 (KHTML, like Gecko) Chrome/137.0.7151.103 Mobile Safari/537.36 (compatible; Googlebot/2.1; +http://www.google.com/bot.html)"
57.141.2.16 - - [20/Jul/2025:20:28:24 +0000] "GET /product/852977373.shtm HTTP/1.1" 404 80913 "-" "meta-externalagent/1.1 (+https://developers.facebook.com/docs/sharing/webmasters/crawler)"
57.141.2.9 - - [20/Jul/2025:20:29:00 +0000] "GET /product/2783091934.shtm HTTP/1.1" 404 80913 "-" "meta-externalagent/1.1 (+https://developers.facebook.com/docs/sharing/webmasters/crawler)"
57.141.2.14 - - [20/Jul/2025:20:28:59 +0000] "GET /product/2783127015.shtm HTTP/1.1" 404 80913 "-" "meta-externalagent/1.1 (+https://developers.facebook.com/docs/sharing/webmasters/crawler)"
209.74.77.214 - - [20/Jul/2025:20:29:12 +0000] "POST /wp-cron.php?doing_wp_cron=1753043352.7507030963897705078125 HTTP/1.1" 200 - "-" "WordPress/6.8.2; https://diamondtiptiling.com"
57.141.2.29 - - [20/Jul/2025:20:29:12 +0000] "GET /product/2783401862.shtm HTTP/1.1" 404 80913 "-" "meta-externalagent/1.1 (+https://developers.facebook.com/docs/sharing/webmasters/crawler)"
57.141.2.5 - - [20/Jul/2025:20:29:12 +0000] "GET /product/2783324479.shtm HTTP/1.1" 404 80913 "-" "meta-externalagent/1.1 (+https://developers.facebook.com/docs/sharing/webmasters/crawler)"
57.141.2.28 - - [20/Jul/2025:20:29:22 +0000] "GET /product/2783564305.shtm HTTP/1.1" 404 80913 "-" "meta-externalagent/1.1 (+https://developers.facebook.com/docs/sharing/webmasters/crawler)"
57.141.2.14 - - [20/Jul/2025:20:29:23 +0000] "GET /product/852840550.shtm HTTP/1.1" 404 80913 "-" "meta-externalagent/1.1 (+https://developers.facebook.com/docs/sharing/webmasters/crawler)"
57.141.2.7 - - [20/Jul/2025:20:29:25 +0000] "GET /product/2782854158.shtm HTTP/1.1" 404 80913 "-" "meta-externalagent/1.1 (+https://developers.facebook.com/docs/sharing/webmasters/crawler)"
57.141.2.7 - - [20/Jul/2025:20:29:26 +0000] "GET /product/2782785109.shtm HTTP/1.1" 404 80913 "-" "meta-externalagent/1.1 (+https://developers.facebook.com/docs/sharing/webmasters/crawler)"
57.141.2.12 - - [20/Jul/2025:20:29:40 +0000] "GET /product/852990155.shtm HTTP/1.1" 404 80913 "-" "meta-externalagent/1.1 (+https://developers.facebook.com/docs/sharing/webmasters/crawler)"
57.141.2.6 - - [20/Jul/2025:20:30:00 +0000] "GET /product/2782999655.shtm HTTP/1.1" 404 80913 "-" "meta-externalagent/1.1 (+https://developers.facebook.com/docs/sharing/webmasters/crawler)"
209.74.77.214 - - [20/Jul/2025:20:33:15 +0000] "POST /wp-cron.php?doing_wp_cron=1753043595.7470951080322265625000 HTTP/1.1" 200 - "-" "WordPress/6.8.2; https://diamondtiptiling.com"
57.141.2.28 - - [20/Jul/2025:20:33:14 +0000] "GET /shopdetail/207367281 HTTP/1.1" 404 80913 "-" "meta-externalagent/1.1 (+https://developers.facebook.com/docs/sharing/webmasters/crawler)"
209.74.77.214 - - [20/Jul/2025:20:34:28 +0000] "POST /wp-cron.php?doing_wp_cron=1753043668.5100080966949462890625 HTTP/1.1" 200 - "-" "WordPress/6.8.2; https://diamondtiptiling.com"
57.141.2.19 - - [20/Jul/2025:20:34:27 +0000] "GET /shopdetail/106508681 HTTP/1.1" 404 80913 "-" "meta-externalagent/1.1 (+https://developers.facebook.com/docs/sharing/webmasters/crawler)"
209.74.77.214 - - [20/Jul/2025:20:38:30 +0000] "POST /wp-cron.php?doing_wp_cron=1753043910.2218539714813232421875 HTTP/1.1" 200 - "-" "WordPress/6.8.2; https://diamondtiptiling.com"
45.227.253.15 - - [20/Jul/2025:20:38:29 +0000] "GET /index.php/jk HTTP/1.1" 301 - "-" "Mozilla/5.0 (Windows NT 6.1; WOW64; rv:70.0) Gecko/20100101 Firefox/70.0"
45.227.253.15 - - [20/Jul/2025:20:38:31 +0000] "GET /jk HTTP/1.1" 404 17105 "https://diamondtiptiling.com/index.php/jk" "Mozilla/5.0 (Windows NT 6.1; WOW64; rv:70.0) Gecko/20100101 Firefox/70.0"
209.74.77.214 - - [20/Jul/2025:20:39:51 +0000] "POST /wp-cron.php?doing_wp_cron=1753043991.2527871131896972656250 HTTP/1.1" 200 - "-" "WordPress/6.8.2; https://diamondtiptiling.com"
57.141.2.5 - - [20/Jul/2025:20:39:49 +0000] "GET /shopdetail/173684581 HTTP/1.1" 404 80913 "-" "meta-externalagent/1.1 (+https://developers.facebook.com/docs/sharing/webmasters/crawler)"
57.141.2.29 - - [20/Jul/2025:20:40:36 +0000] "GET /?p=2180 HTTP/1.1" 200 183897 "-" "meta-externalagent/1.1 (+https://developers.facebook.com/docs/sharing/webmasters/crawler)"
209.74.77.214 - - [20/Jul/2025:20:43:14 +0000] "POST /wp-cron.php?doing_wp_cron=1753044194.0478689670562744140625 HTTP/1.1" 200 - "-" "WordPress/6.8.2; https://diamondtiptiling.com"
57.141.2.24 - - [20/Jul/2025:20:43:12 +0000] "GET /shopdetail/95307681 HTTP/1.1" 404 80913 "-" "meta-externalagent/1.1 (+https://developers.facebook.com/docs/sharing/webmasters/crawler)"
185.36.81.36 - - [20/Jul/2025:20:43:21 +0000] "GET / HTTP/1.1" 200 25849 "-" "Mozilla/5.0 (Windows NT 10.0; Win64; x64) AppleWebKit/537.36 (KHTML, like Gecko) Chrome/138.0.7204.50 Safari/537.36"
57.141.2.25 - - [20/Jul/2025:20:43:37 +0000] "GET /shopdetail/140080981 HTTP/1.1" 404 80913 "-" "meta-externalagent/1.1 (+https://developers.facebook.com/docs/sharing/webmasters/crawler)"
209.74.77.214 - - [20/Jul/2025:20:46:12 +0000] "POST /wp-cron.php?doing_wp_cron=1753044372.4083659648895263671875 HTTP/1.1" 200 - "-" "WordPress/6.8.2; https://diamondtiptiling.com"
57.141.2.22 - - [20/Jul/2025:20:46:10 +0000] "GET /shopdetail/159656581 HTTP/1.1" 404 80913 "-" "meta-externalagent/1.1 (+https://developers.facebook.com/docs/sharing/webmasters/crawler)"
66.249.74.35 - - [20/Jul/2025:20:46:32 +0000] "GET /shopdetail/141518881 HTTP/1.1" 200 25385 "-" "Mozilla/5.0 (Linux; Android 6.0.1; Nexus 5X Build/MMB29P) AppleWebKit/537.36 (KHTML, like Gecko) Chrome/137.0.7151.103 Mobile Safari/537.36 (compatible; Googlebot/2.1; +http://www.google.com/bot.html)"
66.249.74.35 - - [20/Jul/2025:20:47:13 +0000] "GET /shopdetail/47539181 HTTP/1.1" 200 25997 "-" "Mozilla/5.0 (Linux; Android 6.0.1; Nexus 5X Build/MMB29P) AppleWebKit/537.36 (KHTML, like Gecko) Chrome/137.0.7151.103 Mobile Safari/537.36 (compatible; Googlebot/2.1; +http://www.google.com/bot.html)"
209.74.77.214 - - [20/Jul/2025:20:48:22 +0000] "POST /wp-cron.php?doing_wp_cron=1753044502.4244909286499023437500 HTTP/1.1" 200 - "-" "WordPress/6.8.2; https://diamondtiptiling.com"
57.141.2.10 - - [20/Jul/2025:20:48:20 +0000] "GET /shopdetail/149619981 HTTP/1.1" 404 80913 "-" "meta-externalagent/1.1 (+https://developers.facebook.com/docs/sharing/webmasters/crawler)"
66.249.74.35 - - [20/Jul/2025:20:48:41 +0000] "GET /shopdetail/34083781 HTTP/1.1" 200 25086 "-" "Mozilla/5.0 (Linux; Android 6.0.1; Nexus 5X Build/MMB29P) AppleWebKit/537.36 (KHTML, like Gecko) Chrome/137.0.7151.103 Mobile Safari/537.36 (compatible; Googlebot/2.1; +http://www.google.com/bot.html)"
66.249.74.36 - - [20/Jul/2025:20:48:41 +0000] "GET /shopdetail/21702281 HTTP/1.1" 200 25392 "-" "Mozilla/5.0 (Linux; Android 6.0.1; Nexus 5X Build/MMB29P) AppleWebKit/537.36 (KHTML, like Gecko) Chrome/137.0.7151.103 Mobile Safari/537.36 (compatible; Googlebot/2.1; +http://www.google.com/bot.html)"
66.249.74.34 - - [20/Jul/2025:20:48:50 +0000] "GET /shopdetail/129575481 HTTP/1.1" 200 24988 "-" "Mozilla/5.0 (Linux; Android 6.0.1; Nexus 5X Build/MMB29P) AppleWebKit/537.36 (KHTML, like Gecko) Chrome/137.0.7151.103 Mobile Safari/537.36 (compatible; Googlebot/2.1; +http://www.google.com/bot.html)"
66.249.74.35 - - [20/Jul/2025:20:49:19 +0000] "GET /shopdetail/41511881 HTTP/1.1" 200 25680 "-" "Mozilla/5.0 (Linux; Android 6.0.1; Nexus 5X Build/MMB29P) AppleWebKit/537.36 (KHTML, like Gecko) Chrome/137.0.7151.103 Mobile Safari/537.36 (compatible; Googlebot/2.1; +http://www.google.com/bot.html)"
66.249.74.34 - - [20/Jul/2025:20:50:48 +0000] "GET /shopdetail/20903281 HTTP/1.1" 200 24765 "-" "Mozilla/5.0 (Linux; Android 6.0.1; Nexus 5X Build/MMB29P) AppleWebKit/537.36 (KHTML, like Gecko) Chrome/137.0.7151.103 Mobile Safari/537.36 (compatible; Googlebot/2.1; +http://www.google.com/bot.html)"
209.74.77.214 - - [20/Jul/2025:20:51:35 +0000] "POST /wp-cron.php?doing_wp_cron=1753044695.9096369743347167968750 HTTP/1.1" 200 - "-" "WordPress/6.8.2; https://diamondtiptiling.com"
57.141.2.1 - - [20/Jul/2025:20:51:35 +0000] "GET /product/676188049.shtm HTTP/1.1" 404 80913 "-" "meta-externalagent/1.1 (+https://developers.facebook.com/docs/sharing/webmasters/crawler)"
57.141.2.26 - - [20/Jul/2025:20:52:02 +0000] "GET /shopdetail/145495981 HTTP/1.1" 404 80913 "-" "meta-externalagent/1.1 (+https://developers.facebook.com/docs/sharing/webmasters/crawler)"
66.249.74.34 - - [20/Jul/2025:20:52:24 +0000] "GET /shopdetail/53894881 HTTP/1.1" 200 25812 "-" "Mozilla/5.0 (Linux; Android 6.0.1; Nexus 5X Build/MMB29P) AppleWebKit/537.36 (KHTML, like Gecko) Chrome/137.0.7151.103 Mobile Safari/537.36 (compatible; Googlebot/2.1; +http://www.google.com/bot.html)"
66.249.74.36 - - [20/Jul/2025:20:52:25 +0000] "GET /shopdetail/126058081 HTTP/1.1" 200 26008 "-" "Mozilla/5.0 (Linux; Android 6.0.1; Nexus 5X Build/MMB29P) AppleWebKit/537.36 (KHTML, like Gecko) Chrome/137.0.7151.103 Mobile Safari/537.36 (compatible; Googlebot/2.1; +http://www.google.com/bot.html)"
66.249.74.34 - - [20/Jul/2025:20:52:31 +0000] "GET /shopdetail/197589681 HTTP/1.1" 200 30168 "-" "Mozilla/5.0 (Linux; Android 6.0.1; Nexus 5X Build/MMB29P) AppleWebKit/537.36 (KHTML, like Gecko) Chrome/137.0.7151.103 Mobile Safari/537.36 (compatible; Googlebot/2.1; +http://www.google.com/bot.html)"
209.74.77.214 - - [20/Jul/2025:20:52:55 +0000] "POST /wp-cron.php?doing_wp_cron=1753044775.3739318847656250000000 HTTP/1.1" 200 - "-" "WordPress/6.8.2; https://diamondtiptiling.com"
2a06:98c0:3600::103 - - [20/Jul/2025:20:52:55 +0000] "GET /wp-admin/setup-config.php HTTP/1.1" 404 17105 "-" "Mozilla/5.0 (Windows NT 10.0; Win64; x64) AppleWebKit/537.36 (KHTML, like Gecko) Chrome/137.0.0.0 Safari/537.36"
209.74.77.214 - - [20/Jul/2025:20:54:02 +0000] "POST /wp-cron.php?doing_wp_cron=1753044842.5816140174865722656250 HTTP/1.1" 200 - "-" "WordPress/6.8.2; https://diamondtiptiling.com"
2a06:98c0:3600::103 - - [20/Jul/2025:20:54:01 +0000] "GET /wordpress/wp-admin/setup-config.php HTTP/1.1" 404 17105 "-" "Mozilla/5.0 (Windows NT 10.0; Win64; x64) AppleWebKit/537.36 (KHTML, like Gecko) Chrome/137.0.0.0 Safari/537.36"
209.74.77.214 - - [20/Jul/2025:20:54:53 +0000] "POST /wp-cron.php?doing_wp_cron=1753044893.3582720756530761718750 HTTP/1.1" 200 - "-" "WordPress/6.8.2; https://diamondtiptiling.com"
57.141.2.7 - - [20/Jul/2025:20:54:51 +0000] "GET /shopdetail/67596481 HTTP/1.1" 404 80913 "-" "meta-externalagent/1.1 (+https://developers.facebook.com/docs/sharing/webmasters/crawler)"
66.249.74.35 - - [20/Jul/2025:21:01:50 +0000] "GET /shopdetail/172893981 HTTP/1.1" 200 24687 "-" "Mozilla/5.0 (Linux; Android 6.0.1; Nexus 5X Build/MMB29P) AppleWebKit/537.36 (KHTML, like Gecko) Chrome/137.0.7151.103 Mobile Safari/537.36 (compatible; Googlebot/2.1; +http://www.google.com/bot.html)"
209.74.77.214 - - [20/Jul/2025:21:10:35 +0000] "POST /wp-cron.php?doing_wp_cron=1753045835.7883899211883544921875 HTTP/1.1" 200 - "-" "WordPress/6.8.2; https://diamondtiptiling.com"
57.141.2.25 - - [20/Jul/2025:21:10:33 +0000] "GET /shopdetail/138001981 HTTP/1.1" 404 80913 "-" "meta-externalagent/1.1 (+https://developers.facebook.com/docs/sharing/webmasters/crawler)"
66.249.74.35 - - [20/Jul/2025:21:12:54 +0000] "GET /shopdetail/207324181 HTTP/1.1" 200 25186 "-" "Mozilla/5.0 (Linux; Android 6.0.1; Nexus 5X Build/MMB29P) AppleWebKit/537.36 (KHTML, like Gecko) Chrome/137.0.7151.103 Mobile Safari/537.36 (compatible; Googlebot/2.1; +http://www.google.com/bot.html)"
209.74.77.214 - - [20/Jul/2025:21:13:00 +0000] "POST /wp-cron.php?doing_wp_cron=1753045980.7084259986877441406250 HTTP/1.1" 200 - "-" "WordPress/6.8.2; https://diamondtiptiling.com"
57.141.2.12 - - [20/Jul/2025:21:12:59 +0000] "GET /shopdetail/110373181 HTTP/1.1" 404 80913 "-" "meta-externalagent/1.1 (+https://developers.facebook.com/docs/sharing/webmasters/crawler)"
209.74.77.214 - - [20/Jul/2025:21:15:06 +0000] "POST /wp-cron.php?doing_wp_cron=1753046106.7809190750122070312500 HTTP/1.1" 200 - "-" "WordPress/6.8.2; https://diamondtiptiling.com"
57.141.2.25 - - [20/Jul/2025:21:15:04 +0000] "GET /product/2782887053.shtm HTTP/1.1" 404 80913 "-" "meta-externalagent/1.1 (+https://developers.facebook.com/docs/sharing/webmasters/crawler)"
66.249.74.36 - - [20/Jul/2025:21:22:43 +0000] "GET /shopdetail/21355281 HTTP/1.1" 200 25421 "-" "Mozilla/5.0 (Linux; Android 6.0.1; Nexus 5X Build/MMB29P) AppleWebKit/537.36 (KHTML, like Gecko) Chrome/137.0.7151.103 Mobile Safari/537.36 (compatible; Googlebot/2.1; +http://www.google.com/bot.html)"
69.63.189.35 - - [20/Jul/2025:21:23:02 +0000] "GET /robots.txt HTTP/1.1" 206 188 "-" "facebookexternalhit/1.1 (+http://www.facebook.com/externalhit_uatext.php)"
209.74.77.214 - - [20/Jul/2025:21:24:40 +0000] "POST /wp-cron.php?doing_wp_cron=1753046680.4971230030059814453125 HTTP/1.1" 200 - "-" "WordPress/6.8.2; https://diamondtiptiling.com"
57.141.2.19 - - [20/Jul/2025:21:24:38 +0000] "GET /product/2783495398.shtm HTTP/1.1" 404 80913 "-" "meta-externalagent/1.1 (+https://developers.facebook.com/docs/sharing/webmasters/crawler)"
209.74.77.214 - - [20/Jul/2025:21:35:17 +0000] "POST /wp-cron.php?doing_wp_cron=1753047317.0700240135192871093750 HTTP/1.1" 200 - "-" "WordPress/6.8.2; https://diamondtiptiling.com"
57.141.2.23 - - [20/Jul/2025:21:35:15 +0000] "GET /product/675722092.shtm HTTP/1.1" 404 80913 "-" "meta-externalagent/1.1 (+https://developers.facebook.com/docs/sharing/webmasters/crawler)"
57.141.2.5 - - [20/Jul/2025:21:35:54 +0000] "GET /product/2854757419.shtm HTTP/1.1" 404 80913 "-" "meta-externalagent/1.1 (+https://developers.facebook.com/docs/sharing/webmasters/crawler)"
209.74.77.214 - - [20/Jul/2025:21:37:08 +0000] "POST /wp-cron.php?doing_wp_cron=1753047428.5504360198974609375000 HTTP/1.1" 200 - "-" "WordPress/6.8.2; https://diamondtiptiling.com"
57.141.2.10 - - [20/Jul/2025:21:37:06 +0000] "GET /product/2854179785.shtm HTTP/1.1" 404 80913 "-" "meta-externalagent/1.1 (+https://developers.facebook.com/docs/sharing/webmasters/crawler)"
66.249.74.36 - - [20/Jul/2025:21:42:18 +0000] "GET /shopdetail/82358281 HTTP/1.1" 200 25204 "-" "Mozilla/5.0 (Linux; Android 6.0.1; Nexus 5X Build/MMB29P) AppleWebKit/537.36 (KHTML, like Gecko) Chrome/137.0.7151.103 Mobile Safari/537.36 (compatible; Googlebot/2.1; +http://www.google.com/bot.html)"
66.249.74.35 - - [20/Jul/2025:21:44:56 +0000] "GET /shopdetail/163874581 HTTP/1.1" 200 25416 "-" "Mozilla/5.0 (Linux; Android 6.0.1; Nexus 5X Build/MMB29P) AppleWebKit/537.36 (KHTML, like Gecko) Chrome/137.0.7151.103 Mobile Safari/537.36 (compatible; Googlebot/2.1; +http://www.google.com/bot.html)"
66.249.74.34 - - [20/Jul/2025:21:46:11 +0000] "GET /shopdetail/199864881 HTTP/1.1" 200 24696 "-" "Mozilla/5.0 (Linux; Android 6.0.1; Nexus 5X Build/MMB29P) AppleWebKit/537.36 (KHTML, like Gecko) Chrome/137.0.7151.103 Mobile Safari/537.36 (compatible; Googlebot/2.1; +http://www.google.com/bot.html)"
66.249.74.35 - - [20/Jul/2025:21:46:16 +0000] "GET /shopdetail/148437381 HTTP/1.1" 200 25187 "-" "Mozilla/5.0 (Linux; Android 6.0.1; Nexus 5X Build/MMB29P) AppleWebKit/537.36 (KHTML, like Gecko) Chrome/137.0.7151.103 Mobile Safari/537.36 (compatible; Googlebot/2.1; +http://www.google.com/bot.html)"
66.249.74.34 - - [20/Jul/2025:21:46:21 +0000] "GET /shopdetail/192521181 HTTP/1.1" 200 25584 "-" "Mozilla/5.0 (Linux; Android 6.0.1; Nexus 5X Build/MMB29P) AppleWebKit/537.36 (KHTML, like Gecko) Chrome/137.0.7151.103 Mobile Safari/537.36 (compatible; Googlebot/2.1; +http://www.google.com/bot.html)"
66.249.74.34 - - [20/Jul/2025:21:46:27 +0000] "GET /shopdetail/197606081 HTTP/1.1" 200 25022 "-" "Mozilla/5.0 (Linux; Android 6.0.1; Nexus 5X Build/MMB29P) AppleWebKit/537.36 (KHTML, like Gecko) Chrome/137.0.7151.103 Mobile Safari/537.36 (compatible; Googlebot/2.1; +http://www.google.com/bot.html)"
66.249.74.34 - - [20/Jul/2025:21:46:32 +0000] "GET /shopdetail/108889681 HTTP/1.1" 200 25464 "-" "Mozilla/5.0 (Linux; Android 6.0.1; Nexus 5X Build/MMB29P) AppleWebKit/537.36 (KHTML, like Gecko) Chrome/137.0.7151.103 Mobile Safari/537.36 (compatible; Googlebot/2.1; +http://www.google.com/bot.html)"
66.249.74.34 - - [20/Jul/2025:21:46:37 +0000] "GET /shopdetail/120020281 HTTP/1.1" 200 25555 "-" "Mozilla/5.0 (Linux; Android 6.0.1; Nexus 5X Build/MMB29P) AppleWebKit/537.36 (KHTML, like Gecko) Chrome/137.0.7151.103 Mobile Safari/537.36 (compatible; Googlebot/2.1; +http://www.google.com/bot.html)"
66.249.74.34 - - [20/Jul/2025:21:46:43 +0000] "GET /shopdetail/209167081 HTTP/1.1" 200 25500 "-" "Mozilla/5.0 (Linux; Android 6.0.1; Nexus 5X Build/MMB29P) AppleWebKit/537.36 (KHTML, like Gecko) Chrome/137.0.7151.103 Mobile Safari/537.36 (compatible; Googlebot/2.1; +http://www.google.com/bot.html)"
66.249.74.34 - - [20/Jul/2025:21:46:48 +0000] "GET /shopdetail/167793581 HTTP/1.1" 200 24879 "-" "Mozilla/5.0 (Linux; Android 6.0.1; Nexus 5X Build/MMB29P) AppleWebKit/537.36 (KHTML, like Gecko) Chrome/137.0.7151.103 Mobile Safari/537.36 (compatible; Googlebot/2.1; +http://www.google.com/bot.html)"
66.249.74.34 - - [20/Jul/2025:21:46:53 +0000] "GET /shopdetail/11446381 HTTP/1.1" 200 26225 "-" "Mozilla/5.0 (Linux; Android 6.0.1; Nexus 5X Build/MMB29P) AppleWebKit/537.36 (KHTML, like Gecko) Chrome/137.0.7151.103 Mobile Safari/537.36 (compatible; Googlebot/2.1; +http://www.google.com/bot.html)"
66.249.74.34 - - [20/Jul/2025:21:46:59 +0000] "GET /shopdetail/105015481 HTTP/1.1" 200 25835 "-" "Mozilla/5.0 (Linux; Android 6.0.1; Nexus 5X Build/MMB29P) AppleWebKit/537.36 (KHTML, like Gecko) Chrome/137.0.7151.103 Mobile Safari/537.36 (compatible; Googlebot/2.1; +http://www.google.com/bot.html)"
66.249.74.34 - - [20/Jul/2025:21:47:04 +0000] "GET /shopdetail/170000581 HTTP/1.1" 200 25731 "-" "Mozilla/5.0 (Linux; Android 6.0.1; Nexus 5X Build/MMB29P) AppleWebKit/537.36 (KHTML, like Gecko) Chrome/137.0.7151.103 Mobile Safari/537.36 (compatible; Googlebot/2.1; +http://www.google.com/bot.html)"
66.249.74.34 - - [20/Jul/2025:21:47:09 +0000] "GET /shopdetail/164261881 HTTP/1.1" 200 25680 "-" "Mozilla/5.0 (Linux; Android 6.0.1; Nexus 5X Build/MMB29P) AppleWebKit/537.36 (KHTML, like Gecko) Chrome/137.0.7151.103 Mobile Safari/537.36 (compatible; Googlebot/2.1; +http://www.google.com/bot.html)"
66.249.74.34 - - [20/Jul/2025:21:47:15 +0000] "GET /shopdetail/100611281 HTTP/1.1" 200 26385 "-" "Mozilla/5.0 (Linux; Android 6.0.1; Nexus 5X Build/MMB29P) AppleWebKit/537.36 (KHTML, like Gecko) Chrome/137.0.7151.103 Mobile Safari/537.36 (compatible; Googlebot/2.1; +http://www.google.com/bot.html)"
66.249.74.34 - - [20/Jul/2025:21:47:20 +0000] "GET /shopdetail/127629381 HTTP/1.1" 200 24990 "-" "Mozilla/5.0 (Linux; Android 6.0.1; Nexus 5X Build/MMB29P) AppleWebKit/537.36 (KHTML, like Gecko) Chrome/137.0.7151.103 Mobile Safari/537.36 (compatible; Googlebot/2.1; +http://www.google.com/bot.html)"
66.249.74.34 - - [20/Jul/2025:21:47:25 +0000] "GET /shopdetail/66484681 HTTP/1.1" 200 25674 "-" "Mozilla/5.0 (Linux; Android 6.0.1; Nexus 5X Build/MMB29P) AppleWebKit/537.36 (KHTML, like Gecko) Chrome/137.0.7151.103 Mobile Safari/537.36 (compatible; Googlebot/2.1; +http://www.google.com/bot.html)"
66.249.74.34 - - [20/Jul/2025:21:47:30 +0000] "GET /shopdetail/79758981 HTTP/1.1" 200 25670 "-" "Mozilla/5.0 (Linux; Android 6.0.1; Nexus 5X Build/MMB29P) AppleWebKit/537.36 (KHTML, like Gecko) Chrome/137.0.7151.103 Mobile Safari/537.36 (compatible; Googlebot/2.1; +http://www.google.com/bot.html)"
66.249.74.34 - - [20/Jul/2025:21:47:36 +0000] "GET /shopdetail/176784381 HTTP/1.1" 200 24563 "-" "Mozilla/5.0 (Linux; Android 6.0.1; Nexus 5X Build/MMB29P) AppleWebKit/537.36 (KHTML, like Gecko) Chrome/137.0.7151.103 Mobile Safari/537.36 (compatible; Googlebot/2.1; +http://www.google.com/bot.html)"
66.249.74.34 - - [20/Jul/2025:21:47:41 +0000] "GET /shopdetail/32200481 HTTP/1.1" 200 24940 "-" "Mozilla/5.0 (Linux; Android 6.0.1; Nexus 5X Build/MMB29P) AppleWebKit/537.36 (KHTML, like Gecko) Chrome/137.0.7151.103 Mobile Safari/537.36 (compatible; Googlebot/2.1; +http://www.google.com/bot.html)"
66.249.74.34 - - [20/Jul/2025:21:47:45 +0000] "GET /shopdetail/104310581 HTTP/1.1" 200 25038 "-" "Mozilla/5.0 (Linux; Android 6.0.1; Nexus 5X Build/MMB29P) AppleWebKit/537.36 (KHTML, like Gecko) Chrome/137.0.7151.103 Mobile Safari/537.36 (compatible; Googlebot/2.1; +http://www.google.com/bot.html)"
66.249.74.34 - - [20/Jul/2025:21:47:46 +0000] "GET /shopdetail/102627281 HTTP/1.1" 200 25774 "-" "Mozilla/5.0 (Linux; Android 6.0.1; Nexus 5X Build/MMB29P) AppleWebKit/537.36 (KHTML, like Gecko) Chrome/137.0.7151.103 Mobile Safari/537.36 (compatible; Googlebot/2.1; +http://www.google.com/bot.html)"
66.249.74.34 - - [20/Jul/2025:21:47:52 +0000] "GET /shopdetail/16183981 HTTP/1.1" 200 26132 "-" "Mozilla/5.0 (Linux; Android 6.0.1; Nexus 5X Build/MMB29P) AppleWebKit/537.36 (KHTML, like Gecko) Chrome/137.0.7151.103 Mobile Safari/537.36 (compatible; Googlebot/2.1; +http://www.google.com/bot.html)"
66.249.74.35 - - [20/Jul/2025:21:47:57 +0000] "GET /shopdetail/180396981 HTTP/1.1" 200 24785 "-" "Mozilla/5.0 (Linux; Android 6.0.1; Nexus 5X Build/MMB29P) AppleWebKit/537.36 (KHTML, like Gecko) Chrome/137.0.7151.103 Mobile Safari/537.36 (compatible; Googlebot/2.1; +http://www.google.com/bot.html)"
66.249.74.35 - - [20/Jul/2025:21:48:02 +0000] "GET /shopdetail/208771181 HTTP/1.1" 200 24938 "-" "Mozilla/5.0 (Linux; Android 6.0.1; Nexus 5X Build/MMB29P) AppleWebKit/537.36 (KHTML, like Gecko) Chrome/137.0.7151.103 Mobile Safari/537.36 (compatible; Googlebot/2.1; +http://www.google.com/bot.html)"
66.249.74.35 - - [20/Jul/2025:21:48:08 +0000] "GET /shopdetail/73278981 HTTP/1.1" 200 25557 "-" "Mozilla/5.0 (Linux; Android 6.0.1; Nexus 5X Build/MMB29P) AppleWebKit/537.36 (KHTML, like Gecko) Chrome/137.0.7151.103 Mobile Safari/537.36 (compatible; Googlebot/2.1; +http://www.google.com/bot.html)"
66.249.74.34 - - [20/Jul/2025:21:48:13 +0000] "GET /shopdetail/68835581 HTTP/1.1" 200 25703 "-" "Mozilla/5.0 (Linux; Android 6.0.1; Nexus 5X Build/MMB29P) AppleWebKit/537.36 (KHTML, like Gecko) Chrome/137.0.7151.103 Mobile Safari/537.36 (compatible; Googlebot/2.1; +http://www.google.com/bot.html)"
66.249.74.34 - - [20/Jul/2025:21:48:18 +0000] "GET /shopdetail/25729981 HTTP/1.1" 200 26189 "-" "Mozilla/5.0 (Linux; Android 6.0.1; Nexus 5X Build/MMB29P) AppleWebKit/537.36 (KHTML, like Gecko) Chrome/137.0.7151.103 Mobile Safari/537.36 (compatible; Googlebot/2.1; +http://www.google.com/bot.html)"
66.249.74.34 - - [20/Jul/2025:21:48:24 +0000] "GET /shopdetail/8095481 HTTP/1.1" 200 24903 "-" "Mozilla/5.0 (Linux; Android 6.0.1; Nexus 5X Build/MMB29P) AppleWebKit/537.36 (KHTML, like Gecko) Chrome/137.0.7151.103 Mobile Safari/537.36 (compatible; Googlebot/2.1; +http://www.google.com/bot.html)"
66.249.74.34 - - [20/Jul/2025:21:48:29 +0000] "GET /shopdetail/202917881 HTTP/1.1" 200 24886 "-" "Mozilla/5.0 (Linux; Android 6.0.1; Nexus 5X Build/MMB29P) AppleWebKit/537.36 (KHTML, like Gecko) Chrome/137.0.7151.103 Mobile Safari/537.36 (compatible; Googlebot/2.1; +http://www.google.com/bot.html)"
66.249.74.34 - - [20/Jul/2025:21:48:34 +0000] "GET /shopdetail/30486581 HTTP/1.1" 200 25459 "-" "Mozilla/5.0 (Linux; Android 6.0.1; Nexus 5X Build/MMB29P) AppleWebKit/537.36 (KHTML, like Gecko) Chrome/137.0.7151.103 Mobile Safari/537.36 (compatible; Googlebot/2.1; +http://www.google.com/bot.html)"
66.249.74.34 - - [20/Jul/2025:21:48:40 +0000] "GET /shopdetail/27099281 HTTP/1.1" 200 25907 "-" "Mozilla/5.0 (Linux; Android 6.0.1; Nexus 5X Build/MMB29P) AppleWebKit/537.36 (KHTML, like Gecko) Chrome/137.0.7151.103 Mobile Safari/537.36 (compatible; Googlebot/2.1; +http://www.google.com/bot.html)"
66.249.74.34 - - [20/Jul/2025:21:48:45 +0000] "GET /shopdetail/24724481 HTTP/1.1" 200 25886 "-" "Mozilla/5.0 (Linux; Android 6.0.1; Nexus 5X Build/MMB29P) AppleWebKit/537.36 (KHTML, like Gecko) Chrome/137.0.7151.103 Mobile Safari/537.36 (compatible; Googlebot/2.1; +http://www.google.com/bot.html)"
66.249.74.34 - - [20/Jul/2025:21:48:50 +0000] "GET /shopdetail/82675281 HTTP/1.1" 200 25682 "-" "Mozilla/5.0 (Linux; Android 6.0.1; Nexus 5X Build/MMB29P) AppleWebKit/537.36 (KHTML, like Gecko) Chrome/137.0.7151.103 Mobile Safari/537.36 (compatible; Googlebot/2.1; +http://www.google.com/bot.html)"
66.249.74.34 - - [20/Jul/2025:21:48:56 +0000] "GET /shopdetail/72255481 HTTP/1.1" 200 25513 "-" "Mozilla/5.0 (Linux; Android 6.0.1; Nexus 5X Build/MMB29P) AppleWebKit/537.36 (KHTML, like Gecko) Chrome/137.0.7151.103 Mobile Safari/537.36 (compatible; Googlebot/2.1; +http://www.google.com/bot.html)"
66.249.74.35 - - [20/Jul/2025:21:49:01 +0000] "GET /shopdetail/192889181 HTTP/1.1" 200 25224 "-" "Mozilla/5.0 (Linux; Android 6.0.1; Nexus 5X Build/MMB29P) AppleWebKit/537.36 (KHTML, like Gecko) Chrome/137.0.7151.103 Mobile Safari/537.36 (compatible; Googlebot/2.1; +http://www.google.com/bot.html)"
66.249.74.34 - - [20/Jul/2025:21:49:06 +0000] "GET /shopdetail/62178981 HTTP/1.1" 200 25891 "-" "Mozilla/5.0 (Linux; Android 6.0.1; Nexus 5X Build/MMB29P) AppleWebKit/537.36 (KHTML, like Gecko) Chrome/137.0.7151.103 Mobile Safari/537.36 (compatible; Googlebot/2.1; +http://www.google.com/bot.html)"
66.249.74.34 - - [20/Jul/2025:21:50:10 +0000] "GET /shopdetail/19955281 HTTP/1.1" 200 24893 "-" "Mozilla/5.0 (Linux; Android 6.0.1; Nexus 5X Build/MMB29P) AppleWebKit/537.36 (KHTML, like Gecko) Chrome/137.0.7151.103 Mobile Safari/537.36 (compatible; Googlebot/2.1; +http://www.google.com/bot.html)"
66.249.74.35 - - [20/Jul/2025:21:50:15 +0000] "GET /shopdetail/172718581 HTTP/1.1" 200 24493 "-" "Mozilla/5.0 (Linux; Android 6.0.1; Nexus 5X Build/MMB29P) AppleWebKit/537.36 (KHTML, like Gecko) Chrome/137.0.7151.103 Mobile Safari/537.36 (compatible; Googlebot/2.1; +http://www.google.com/bot.html)"
66.249.74.34 - - [20/Jul/2025:21:50:21 +0000] "GET /shopdetail/95275181 HTTP/1.1" 200 25459 "-" "Mozilla/5.0 (Linux; Android 6.0.1; Nexus 5X Build/MMB29P) AppleWebKit/537.36 (KHTML, like Gecko) Chrome/137.0.7151.103 Mobile Safari/537.36 (compatible; Googlebot/2.1; +http://www.google.com/bot.html)"
66.249.74.34 - - [20/Jul/2025:21:50:26 +0000] "GET /shopdetail/44643881 HTTP/1.1" 200 25263 "-" "Mozilla/5.0 (Linux; Android 6.0.1; Nexus 5X Build/MMB29P) AppleWebKit/537.36 (KHTML, like Gecko) Chrome/137.0.7151.103 Mobile Safari/537.36 (compatible; Googlebot/2.1; +http://www.google.com/bot.html)"
66.249.74.34 - - [20/Jul/2025:21:50:31 +0000] "GET /shopdetail/62164481 HTTP/1.1" 200 25579 "-" "Mozilla/5.0 (Linux; Android 6.0.1; Nexus 5X Build/MMB29P) AppleWebKit/537.36 (KHTML, like Gecko) Chrome/137.0.7151.103 Mobile Safari/537.36 (compatible; Googlebot/2.1; +http://www.google.com/bot.html)"
66.249.74.34 - - [20/Jul/2025:21:50:34 +0000] "GET /shopdetail/23331481 HTTP/1.1" 200 24858 "-" "Mozilla/5.0 (Linux; Android 6.0.1; Nexus 5X Build/MMB29P) AppleWebKit/537.36 (KHTML, like Gecko) Chrome/137.0.7151.103 Mobile Safari/537.36 (compatible; Googlebot/2.1; +http://www.google.com/bot.html)"
66.249.74.34 - - [20/Jul/2025:21:50:37 +0000] "GET /shopdetail/7439381 HTTP/1.1" 200 25497 "-" "Mozilla/5.0 (Linux; Android 6.0.1; Nexus 5X Build/MMB29P) AppleWebKit/537.36 (KHTML, like Gecko) Chrome/137.0.7151.103 Mobile Safari/537.36 (compatible; Googlebot/2.1; +http://www.google.com/bot.html)"
66.249.74.34 - - [20/Jul/2025:21:50:42 +0000] "GET /shopdetail/212103381 HTTP/1.1" 200 24179 "-" "Mozilla/5.0 (Linux; Android 6.0.1; Nexus 5X Build/MMB29P) AppleWebKit/537.36 (KHTML, like Gecko) Chrome/137.0.7151.103 Mobile Safari/537.36 (compatible; Googlebot/2.1; +http://www.google.com/bot.html)"
66.249.74.34 - - [20/Jul/2025:21:50:47 +0000] "GET /shopdetail/41153481 HTTP/1.1" 200 26107 "-" "Mozilla/5.0 (Linux; Android 6.0.1; Nexus 5X Build/MMB29P) AppleWebKit/537.36 (KHTML, like Gecko) Chrome/137.0.7151.103 Mobile Safari/537.36 (compatible; Googlebot/2.1; +http://www.google.com/bot.html)"
66.249.74.34 - - [20/Jul/2025:21:50:53 +0000] "GET /shopdetail/157851781 HTTP/1.1" 200 26714 "-" "Mozilla/5.0 (Linux; Android 6.0.1; Nexus 5X Build/MMB29P) AppleWebKit/537.36 (KHTML, like Gecko) Chrome/137.0.7151.103 Mobile Safari/537.36 (compatible; Googlebot/2.1; +http://www.google.com/bot.html)"
66.249.74.34 - - [20/Jul/2025:21:50:58 +0000] "GET /shopdetail/189532181 HTTP/1.1" 200 25310 "-" "Mozilla/5.0 (Linux; Android 6.0.1; Nexus 5X Build/MMB29P) AppleWebKit/537.36 (KHTML, like Gecko) Chrome/137.0.7151.103 Mobile Safari/537.36 (compatible; Googlebot/2.1; +http://www.google.com/bot.html)"
66.249.74.36 - - [20/Jul/2025:21:51:03 +0000] "GET /shopdetail/39166181 HTTP/1.1" 200 25793 "-" "Mozilla/5.0 (Linux; Android 6.0.1; Nexus 5X Build/MMB29P) AppleWebKit/537.36 (KHTML, like Gecko) Chrome/137.0.7151.103 Mobile Safari/537.36 (compatible; Googlebot/2.1; +http://www.google.com/bot.html)"
66.249.74.34 - - [20/Jul/2025:21:51:08 +0000] "GET /shopdetail/199920281 HTTP/1.1" 200 24385 "-" "Mozilla/5.0 (Linux; Android 6.0.1; Nexus 5X Build/MMB29P) AppleWebKit/537.36 (KHTML, like Gecko) Chrome/137.0.7151.103 Mobile Safari/537.36 (compatible; Googlebot/2.1; +http://www.google.com/bot.html)"
66.249.74.34 - - [20/Jul/2025:21:51:14 +0000] "GET /shopdetail/61030581 HTTP/1.1" 200 25665 "-" "Mozilla/5.0 (Linux; Android 6.0.1; Nexus 5X Build/MMB29P) AppleWebKit/537.36 (KHTML, like Gecko) Chrome/137.0.7151.103 Mobile Safari/537.36 (compatible; Googlebot/2.1; +http://www.google.com/bot.html)"
66.249.74.34 - - [20/Jul/2025:21:51:19 +0000] "GET /shopdetail/82608681 HTTP/1.1" 200 25188 "-" "Mozilla/5.0 (Linux; Android 6.0.1; Nexus 5X Build/MMB29P) AppleWebKit/537.36 (KHTML, like Gecko) Chrome/137.0.7151.103 Mobile Safari/537.36 (compatible; Googlebot/2.1; +http://www.google.com/bot.html)"
66.249.74.34 - - [20/Jul/2025:21:51:24 +0000] "GET /shopdetail/108767681 HTTP/1.1" 200 26231 "-" "Mozilla/5.0 (Linux; Android 6.0.1; Nexus 5X Build/MMB29P) AppleWebKit/537.36 (KHTML, like Gecko) Chrome/137.0.7151.103 Mobile Safari/537.36 (compatible; Googlebot/2.1; +http://www.google.com/bot.html)"
66.249.74.34 - - [20/Jul/2025:21:51:30 +0000] "GET /shopdetail/71179881 HTTP/1.1" 200 25214 "-" "Mozilla/5.0 (Linux; Android 6.0.1; Nexus 5X Build/MMB29P) AppleWebKit/537.36 (KHTML, like Gecko) Chrome/137.0.7151.103 Mobile Safari/537.36 (compatible; Googlebot/2.1; +http://www.google.com/bot.html)"
66.249.74.34 - - [20/Jul/2025:21:51:35 +0000] "GET /shopdetail/164843181 HTTP/1.1" 200 24817 "-" "Mozilla/5.0 (Linux; Android 6.0.1; Nexus 5X Build/MMB29P) AppleWebKit/537.36 (KHTML, like Gecko) Chrome/137.0.7151.103 Mobile Safari/537.36 (compatible; Googlebot/2.1; +http://www.google.com/bot.html)"
66.249.74.34 - - [20/Jul/2025:21:51:40 +0000] "GET /shopdetail/204582481 HTTP/1.1" 200 25525 "-" "Mozilla/5.0 (Linux; Android 6.0.1; Nexus 5X Build/MMB29P) AppleWebKit/537.36 (KHTML, like Gecko) Chrome/137.0.7151.103 Mobile Safari/537.36 (compatible; Googlebot/2.1; +http://www.google.com/bot.html)"
66.249.74.34 - - [20/Jul/2025:21:51:46 +0000] "GET /shopdetail/154514381 HTTP/1.1" 200 27963 "-" "Mozilla/5.0 (Linux; Android 6.0.1; Nexus 5X Build/MMB29P) AppleWebKit/537.36 (KHTML, like Gecko) Chrome/137.0.7151.103 Mobile Safari/537.36 (compatible; Googlebot/2.1; +http://www.google.com/bot.html)"
66.249.74.34 - - [20/Jul/2025:21:51:51 +0000] "GET /shopdetail/79619281 HTTP/1.1" 200 25616 "-" "Mozilla/5.0 (Linux; Android 6.0.1; Nexus 5X Build/MMB29P) AppleWebKit/537.36 (KHTML, like Gecko) Chrome/137.0.7151.103 Mobile Safari/537.36 (compatible; Googlebot/2.1; +http://www.google.com/bot.html)"
66.249.74.35 - - [20/Jul/2025:21:51:56 +0000] "GET /shopdetail/185500081 HTTP/1.1" 200 24609 "-" "Mozilla/5.0 (Linux; Android 6.0.1; Nexus 5X Build/MMB29P) AppleWebKit/537.36 (KHTML, like Gecko) Chrome/137.0.7151.103 Mobile Safari/537.36 (compatible; Googlebot/2.1; +http://www.google.com/bot.html)"
66.249.74.34 - - [20/Jul/2025:21:52:02 +0000] "GET /shopdetail/196978081 HTTP/1.1" 200 24842 "-" "Mozilla/5.0 (Linux; Android 6.0.1; Nexus 5X Build/MMB29P) AppleWebKit/537.36 (KHTML, like Gecko) Chrome/137.0.7151.103 Mobile Safari/537.36 (compatible; Googlebot/2.1; +http://www.google.com/bot.html)"
66.249.74.34 - - [20/Jul/2025:21:52:07 +0000] "GET /shopdetail/77403781 HTTP/1.1" 200 26281 "-" "Mozilla/5.0 (Linux; Android 6.0.1; Nexus 5X Build/MMB29P) AppleWebKit/537.36 (KHTML, like Gecko) Chrome/137.0.7151.103 Mobile Safari/537.36 (compatible; Googlebot/2.1; +http://www.google.com/bot.html)"
66.249.74.34 - - [20/Jul/2025:21:52:12 +0000] "GET /shopdetail/67521881 HTTP/1.1" 200 25675 "-" "Mozilla/5.0 (Linux; Android 6.0.1; Nexus 5X Build/MMB29P) AppleWebKit/537.36 (KHTML, like Gecko) Chrome/137.0.7151.103 Mobile Safari/537.36 (compatible; Googlebot/2.1; +http://www.google.com/bot.html)"
66.249.74.34 - - [20/Jul/2025:21:52:18 +0000] "GET /shopdetail/65566781 HTTP/1.1" 200 25527 "-" "Mozilla/5.0 (Linux; Android 6.0.1; Nexus 5X Build/MMB29P) AppleWebKit/537.36 (KHTML, like Gecko) Chrome/137.0.7151.103 Mobile Safari/537.36 (compatible; Googlebot/2.1; +http://www.google.com/bot.html)"
66.249.74.34 - - [20/Jul/2025:21:52:23 +0000] "GET /shopdetail/33713881 HTTP/1.1" 200 25166 "-" "Mozilla/5.0 (Linux; Android 6.0.1; Nexus 5X Build/MMB29P) AppleWebKit/537.36 (KHTML, like Gecko) Chrome/137.0.7151.103 Mobile Safari/537.36 (compatible; Googlebot/2.1; +http://www.google.com/bot.html)"
66.249.74.34 - - [20/Jul/2025:21:52:28 +0000] "GET /shopdetail/35946081 HTTP/1.1" 200 27763 "-" "Mozilla/5.0 (Linux; Android 6.0.1; Nexus 5X Build/MMB29P) AppleWebKit/537.36 (KHTML, like Gecko) Chrome/137.0.7151.103 Mobile Safari/537.36 (compatible; Googlebot/2.1; +http://www.google.com/bot.html)"
66.249.74.34 - - [20/Jul/2025:21:52:34 +0000] "GET /shopdetail/168196181 HTTP/1.1" 200 24388 "-" "Mozilla/5.0 (Linux; Android 6.0.1; Nexus 5X Build/MMB29P) AppleWebKit/537.36 (KHTML, like Gecko) Chrome/137.0.7151.103 Mobile Safari/537.36 (compatible; Googlebot/2.1; +http://www.google.com/bot.html)"
66.249.74.34 - - [20/Jul/2025:21:52:39 +0000] "GET /shopdetail/78116881 HTTP/1.1" 200 25502 "-" "Mozilla/5.0 (Linux; Android 6.0.1; Nexus 5X Build/MMB29P) AppleWebKit/537.36 (KHTML, like Gecko) Chrome/137.0.7151.103 Mobile Safari/537.36 (compatible; Googlebot/2.1; +http://www.google.com/bot.html)"
66.249.74.34 - - [20/Jul/2025:21:52:44 +0000] "GET /shopdetail/162366981 HTTP/1.1" 200 24703 "-" "Mozilla/5.0 (Linux; Android 6.0.1; Nexus 5X Build/MMB29P) AppleWebKit/537.36 (KHTML, like Gecko) Chrome/137.0.7151.103 Mobile Safari/537.36 (compatible; Googlebot/2.1; +http://www.google.com/bot.html)"
66.249.74.34 - - [20/Jul/2025:21:52:50 +0000] "GET /shopdetail/125194081 HTTP/1.1" 200 25740 "-" "Mozilla/5.0 (Linux; Android 6.0.1; Nexus 5X Build/MMB29P) AppleWebKit/537.36 (KHTML, like Gecko) Chrome/137.0.7151.103 Mobile Safari/537.36 (compatible; Googlebot/2.1; +http://www.google.com/bot.html)"
66.249.74.34 - - [20/Jul/2025:21:52:55 +0000] "GET /shopdetail/182849481 HTTP/1.1" 200 24569 "-" "Mozilla/5.0 (Linux; Android 6.0.1; Nexus 5X Build/MMB29P) AppleWebKit/537.36 (KHTML, like Gecko) Chrome/137.0.7151.103 Mobile Safari/537.36 (compatible; Googlebot/2.1; +http://www.google.com/bot.html)"
66.249.74.35 - - [20/Jul/2025:21:53:00 +0000] "GET /shopdetail/26646681 HTTP/1.1" 200 24784 "-" "Mozilla/5.0 (Linux; Android 6.0.1; Nexus 5X Build/MMB29P) AppleWebKit/537.36 (KHTML, like Gecko) Chrome/137.0.7151.103 Mobile Safari/537.36 (compatible; Googlebot/2.1; +http://www.google.com/bot.html)"
66.249.74.34 - - [20/Jul/2025:21:53:05 +0000] "GET /shopdetail/207519281 HTTP/1.1" 200 24454 "-" "Mozilla/5.0 (Linux; Android 6.0.1; Nexus 5X Build/MMB29P) AppleWebKit/537.36 (KHTML, like Gecko) Chrome/137.0.7151.103 Mobile Safari/537.36 (compatible; Googlebot/2.1; +http://www.google.com/bot.html)"
66.249.74.34 - - [20/Jul/2025:21:53:26 +0000] "GET /shopdetail/30627281 HTTP/1.1" 200 25857 "-" "Mozilla/5.0 (Linux; Android 6.0.1; Nexus 5X Build/MMB29P) AppleWebKit/537.36 (KHTML, like Gecko) Chrome/137.0.7151.103 Mobile Safari/537.36 (compatible; Googlebot/2.1; +http://www.google.com/bot.html)"
66.249.74.36 - - [20/Jul/2025:21:56:11 +0000] "GET /shopdetail/69246481 HTTP/1.1" 200 26237 "-" "Mozilla/5.0 (Linux; Android 6.0.1; Nexus 5X Build/MMB29P) AppleWebKit/537.36 (KHTML, like Gecko) Chrome/137.0.7151.103 Mobile Safari/537.36 (compatible; Googlebot/2.1; +http://www.google.com/bot.html)"
66.249.74.35 - - [20/Jul/2025:21:56:37 +0000] "GET /shopdetail/174325581 HTTP/1.1" 200 25164 "-" "Mozilla/5.0 (Linux; Android 6.0.1; Nexus 5X Build/MMB29P) AppleWebKit/537.36 (KHTML, like Gecko) Chrome/137.0.7151.103 Mobile Safari/537.36 (compatible; Googlebot/2.1; +http://www.google.com/bot.html)"
66.249.74.36 - - [20/Jul/2025:21:59:29 +0000] "GET /shopdetail/162254081 HTTP/1.1" 200 24660 "-" "Mozilla/5.0 (Linux; Android 6.0.1; Nexus 5X Build/MMB29P) AppleWebKit/537.36 (KHTML, like Gecko) Chrome/137.0.7151.103 Mobile Safari/537.36 (compatible; Googlebot/2.1; +http://www.google.com/bot.html)"
209.74.77.214 - - [20/Jul/2025:22:01:04 +0000] "POST /wp-cron.php?doing_wp_cron=1753048864.6189389228820800781250 HTTP/1.1" 200 - "-" "WordPress/6.8.2; https://diamondtiptiling.com"
57.141.2.11 - - [20/Jul/2025:22:01:01 +0000] "GET /product/675837807.shtm HTTP/1.1" 404 80913 "-" "meta-externalagent/1.1 (+https://developers.facebook.com/docs/sharing/webmasters/crawler)"
66.249.74.36 - - [20/Jul/2025:22:02:24 +0000] "GET /shopdetail/108610281 HTTP/1.1" 200 25390 "-" "Mozilla/5.0 (Linux; Android 6.0.1; Nexus 5X Build/MMB29P) AppleWebKit/537.36 (KHTML, like Gecko) Chrome/137.0.7151.103 Mobile Safari/537.36 (compatible; Googlebot/2.1; +http://www.google.com/bot.html)"
66.249.74.34 - - [20/Jul/2025:22:04:54 +0000] "GET /shopdetail/154495381 HTTP/1.1" 200 25244 "-" "Mozilla/5.0 (Linux; Android 6.0.1; Nexus 5X Build/MMB29P) AppleWebKit/537.36 (KHTML, like Gecko) Chrome/137.0.7151.103 Mobile Safari/537.36 (compatible; Googlebot/2.1; +http://www.google.com/bot.html)"
66.249.74.34 - - [20/Jul/2025:22:05:14 +0000] "GET /shopdetail/17392281 HTTP/1.1" 200 25063 "-" "Mozilla/5.0 (Linux; Android 6.0.1; Nexus 5X Build/MMB29P) AppleWebKit/537.36 (KHTML, like Gecko) Chrome/137.0.7151.103 Mobile Safari/537.36 (compatible; Googlebot/2.1; +http://www.google.com/bot.html)"
66.249.74.35 - - [20/Jul/2025:22:08:25 +0000] "GET /shopdetail/108717781 HTTP/1.1" 200 25645 "-" "Mozilla/5.0 (Linux; Android 6.0.1; Nexus 5X Build/MMB29P) AppleWebKit/537.36 (KHTML, like Gecko) Chrome/137.0.7151.103 Mobile Safari/537.36 (compatible; Googlebot/2.1; +http://www.google.com/bot.html)"
209.74.77.214 - - [20/Jul/2025:22:09:22 +0000] "POST /wp-cron.php?doing_wp_cron=1753049362.7983899116516113281250 HTTP/1.1" 200 - "-" "WordPress/6.8.2; https://diamondtiptiling.com"
57.141.2.5 - - [20/Jul/2025:22:09:20 +0000] "GET /product/676179641.shtm HTTP/1.1" 404 80913 "-" "meta-externalagent/1.1 (+https://developers.facebook.com/docs/sharing/webmasters/crawler)"
66.249.74.34 - - [20/Jul/2025:22:16:53 +0000] "GET /shopdetail/23614481 HTTP/1.1" 200 25759 "-" "Mozilla/5.0 (Linux; Android 6.0.1; Nexus 5X Build/MMB29P) AppleWebKit/537.36 (KHTML, like Gecko) Chrome/137.0.7151.103 Mobile Safari/537.36 (compatible; Googlebot/2.1; +http://www.google.com/bot.html)"
66.249.74.36 - - [20/Jul/2025:22:17:18 +0000] "GET /shopdetail/183556381 HTTP/1.1" 200 28222 "-" "Mozilla/5.0 (Linux; Android 6.0.1; Nexus 5X Build/MMB29P) AppleWebKit/537.36 (KHTML, like Gecko) Chrome/137.0.7151.103 Mobile Safari/537.36 (compatible; Googlebot/2.1; +http://www.google.com/bot.html)"
35.91.101.133 - - [20/Jul/2025:22:17:20 +0000] "GET / HTTP/1.1" 200 25849 "http://diamondtiptiling.com" "Mozilla/5.0 (Linux; Android 8.0.0; SM-G965U Build/R16NW) AppleWebKit/537.36 (KHTML, like Gecko) Chrome/63.0.3239.111 Mobile Safari/537.36"
66.249.74.36 - - [20/Jul/2025:22:19:37 +0000] "GET /shopdetail/73824781 HTTP/1.1" 200 25041 "-" "Mozilla/5.0 (Linux; Android 6.0.1; Nexus 5X Build/MMB29P) AppleWebKit/537.36 (KHTML, like Gecko) Chrome/137.0.7151.103 Mobile Safari/537.36 (compatible; Googlebot/2.1; +http://www.google.com/bot.html)"
119.45.20.16 - - [20/Jul/2025:22:22:15 +0000] "GET / HTTP/1.1" 200 25848 "http://www.diamondtiptiling.com" "Mozilla/5.0 (iPhone; CPU iPhone OS 13_2_3 like Mac OS X) AppleWebKit/605.1.15 (KHTML, like Gecko) Version/13.0.3 Mobile/15E148 Safari/604.1"
66.249.74.36 - - [20/Jul/2025:22:22:22 +0000] "GET /shopdetail/153219181 HTTP/1.1" 200 25456 "-" "Mozilla/5.0 (Linux; Android 6.0.1; Nexus 5X Build/MMB29P) AppleWebKit/537.36 (KHTML, like Gecko) Chrome/137.0.7151.103 Mobile Safari/537.36 (compatible; Googlebot/2.1; +http://www.google.com/bot.html)"
66.249.74.36 - - [20/Jul/2025:22:25:16 +0000] "GET /shopdetail/85907781 HTTP/1.1" 200 25618 "-" "Mozilla/5.0 (Linux; Android 6.0.1; Nexus 5X Build/MMB29P) AppleWebKit/537.36 (KHTML, like Gecko) Chrome/137.0.7151.103 Mobile Safari/537.36 (compatible; Googlebot/2.1; +http://www.google.com/bot.html)"
209.74.77.214 - - [20/Jul/2025:22:27:41 +0000] "POST /wp-cron.php?doing_wp_cron=1753050461.0186560153961181640625 HTTP/1.1" 200 - "-" "WordPress/6.8.2; https://diamondtiptiling.com"
57.141.2.6 - - [20/Jul/2025:22:27:38 +0000] "GET /product/2853943068.shtm HTTP/1.1" 404 80913 "-" "meta-externalagent/1.1 (+https://developers.facebook.com/docs/sharing/webmasters/crawler)"
66.249.74.36 - - [20/Jul/2025:22:28:12 +0000] "GET /shopdetail/59076681 HTTP/1.1" 200 25378 "-" "Mozilla/5.0 (Linux; Android 6.0.1; Nexus 5X Build/MMB29P) AppleWebKit/537.36 (KHTML, like Gecko) Chrome/137.0.7151.103 Mobile Safari/537.36 (compatible; Googlebot/2.1; +http://www.google.com/bot.html)"
209.74.77.214 - - [20/Jul/2025:22:30:48 +0000] "POST /wp-cron.php?doing_wp_cron=1753050648.9361579418182373046875 HTTP/1.1" 200 - "-" "WordPress/6.8.2; https://diamondtiptiling.com"
57.141.2.13 - - [20/Jul/2025:22:30:47 +0000] "GET /shopdetail/34526481 HTTP/1.1" 404 80913 "-" "meta-externalagent/1.1 (+https://developers.facebook.com/docs/sharing/webmasters/crawler)"
66.249.74.35 - - [20/Jul/2025:22:30:56 +0000] "GET /shopdetail/150691981 HTTP/1.1" 200 25078 "-" "Mozilla/5.0 (Linux; Android 6.0.1; Nexus 5X Build/MMB29P) AppleWebKit/537.36 (KHTML, like Gecko) Chrome/137.0.7151.103 Mobile Safari/537.36 (compatible; Googlebot/2.1; +http://www.google.com/bot.html)"
66.249.74.35 - - [20/Jul/2025:22:30:59 +0000] "GET /shopdetail/89738381 HTTP/1.1" 200 25026 "-" "Mozilla/5.0 (Linux; Android 6.0.1; Nexus 5X Build/MMB29P) AppleWebKit/537.36 (KHTML, like Gecko) Chrome/137.0.7151.103 Mobile Safari/537.36 (compatible; Googlebot/2.1; +http://www.google.com/bot.html)"
209.74.77.214 - - [20/Jul/2025:22:32:53 +0000] "POST /wp-cron.php?doing_wp_cron=1753050773.8684930801391601562500 HTTP/1.1" 200 - "-" "WordPress/6.8.2; https://diamondtiptiling.com"
57.141.2.12 - - [20/Jul/2025:22:32:52 +0000] "GET /shopdetail/117110781 HTTP/1.1" 404 80913 "-" "meta-externalagent/1.1 (+https://developers.facebook.com/docs/sharing/webmasters/crawler)"
209.74.77.214 - - [20/Jul/2025:22:33:13 +0000] "POST /wp-cron.php?doing_wp_cron=1753050793.3150939941406250000000 HTTP/1.1" 200 - "-" "WordPress/6.8.2; https://diamondtiptiling.com"
57.141.2.29 - - [20/Jul/2025:22:33:13 +0000] "GET /shopdetail/45440081 HTTP/1.1" 404 80913 "-" "meta-externalagent/1.1 (+https://developers.facebook.com/docs/sharing/webmasters/crawler)"
66.249.74.34 - - [20/Jul/2025:22:33:46 +0000] "GET /shopdetail/4795981 HTTP/1.1" 200 25507 "-" "Mozilla/5.0 (Linux; Android 6.0.1; Nexus 5X Build/MMB29P) AppleWebKit/537.36 (KHTML, like Gecko) Chrome/137.0.7151.103 Mobile Safari/537.36 (compatible; Googlebot/2.1; +http://www.google.com/bot.html)"
57.141.2.30 - - [20/Jul/2025:22:33:48 +0000] "GET /shopdetail/102682881 HTTP/1.1" 404 80913 "-" "meta-externalagent/1.1 (+https://developers.facebook.com/docs/sharing/webmasters/crawler)"
209.74.77.214 - - [20/Jul/2025:22:34:09 +0000] "POST /wp-cron.php?doing_wp_cron=1753050849.0111699104309082031250 HTTP/1.1" 200 - "-" "WordPress/6.8.2; https://diamondtiptiling.com"
57.141.2.3 - - [20/Jul/2025:22:34:08 +0000] "GET /shopdetail/140740681 HTTP/1.1" 404 80913 "-" "meta-externalagent/1.1 (+https://developers.facebook.com/docs/sharing/webmasters/crawler)"
57.141.2.26 - - [20/Jul/2025:22:34:53 +0000] "GET /shopdetail/61794181 HTTP/1.1" 404 80913 "-" "meta-externalagent/1.1 (+https://developers.facebook.com/docs/sharing/webmasters/crawler)"
57.141.2.18 - - [20/Jul/2025:22:34:58 +0000] "GET /shopdetail/116824681 HTTP/1.1" 404 80913 "-" "meta-externalagent/1.1 (+https://developers.facebook.com/docs/sharing/webmasters/crawler)"
66.249.74.34 - - [20/Jul/2025:22:35:25 +0000] "GET /shopdetail/50420081 HTTP/1.1" 200 25893 "-" "Mozilla/5.0 (Linux; Android 6.0.1; Nexus 5X Build/MMB29P) AppleWebKit/537.36 (KHTML, like Gecko) Chrome/137.0.7151.103 Mobile Safari/537.36 (compatible; Googlebot/2.1; +http://www.google.com/bot.html)"
66.249.74.34 - - [20/Jul/2025:22:36:20 +0000] "GET /shopdetail/110198581 HTTP/1.1" 200 25225 "-" "Mozilla/5.0 (Linux; Android 6.0.1; Nexus 5X Build/MMB29P) AppleWebKit/537.36 (KHTML, like Gecko) Chrome/137.0.7151.103 Mobile Safari/537.36 (compatible; Googlebot/2.1; +http://www.google.com/bot.html)"
66.249.74.34 - - [20/Jul/2025:22:36:38 +0000] "GET /shopdetail/170244781 HTTP/1.1" 200 24033 "-" "Mozilla/5.0 (Linux; Android 6.0.1; Nexus 5X Build/MMB29P) AppleWebKit/537.36 (KHTML, like Gecko) Chrome/137.0.7151.103 Mobile Safari/537.36 (compatible; Googlebot/2.1; +http://www.google.com/bot.html)"
209.74.77.214 - - [20/Jul/2025:22:37:36 +0000] "POST /wp-cron.php?doing_wp_cron=1753051056.8982100486755371093750 HTTP/1.1" 200 - "-" "WordPress/6.8.2; https://diamondtiptiling.com"
57.141.2.30 - - [20/Jul/2025:22:37:34 +0000] "GET /shopdetail/88711481 HTTP/1.1" 404 80913 "-" "meta-externalagent/1.1 (+https://developers.facebook.com/docs/sharing/webmasters/crawler)"
66.249.74.36 - - [20/Jul/2025:22:38:48 +0000] "GET /shopdetail/1237981 HTTP/1.1" 200 26048 "-" "Mozilla/5.0 (Linux; Android 6.0.1; Nexus 5X Build/MMB29P) AppleWebKit/537.36 (KHTML, like Gecko) Chrome/137.0.7151.103 Mobile Safari/537.36 (compatible; Googlebot/2.1; +http://www.google.com/bot.html)"
66.249.74.36 - - [20/Jul/2025:22:39:29 +0000] "GET /product/102388278.shtm HTTP/1.1" 200 26101 "-" "Mozilla/5.0 (Linux; Android 6.0.1; Nexus 5X Build/MMB29P) AppleWebKit/537.36 (KHTML, like Gecko) Chrome/137.0.7151.103 Mobile Safari/537.36 (compatible; Googlebot/2.1; +http://www.google.com/bot.html)"
209.74.77.214 - - [20/Jul/2025:22:40:36 +0000] "POST /wp-cron.php?doing_wp_cron=1753051236.0010681152343750000000 HTTP/1.1" 200 - "-" "WordPress/6.8.2; https://diamondtiptiling.com"
57.141.2.7 - - [20/Jul/2025:22:40:33 +0000] "GET /shopdetail/668681 HTTP/1.1" 404 80913 "-" "meta-externalagent/1.1 (+https://developers.facebook.com/docs/sharing/webmasters/crawler)"
66.249.74.35 - - [20/Jul/2025:22:43:21 +0000] "GET /shopdetail/159429881 HTTP/1.1" 200 25780 "-" "Mozilla/5.0 (Linux; Android 6.0.1; Nexus 5X Build/MMB29P) AppleWebKit/537.36 (KHTML, like Gecko) Chrome/137.0.7151.103 Mobile Safari/537.36 (compatible; Googlebot/2.1; +http://www.google.com/bot.html)"
209.74.77.214 - - [20/Jul/2025:22:43:29 +0000] "POST /wp-cron.php?doing_wp_cron=1753051409.5893409252166748046875 HTTP/1.1" 200 - "-" "WordPress/6.8.2; https://diamondtiptiling.com"
57.141.2.25 - - [20/Jul/2025:22:43:28 +0000] "GET /shopdetail/123820481 HTTP/1.1" 404 80913 "-" "meta-externalagent/1.1 (+https://developers.facebook.com/docs/sharing/webmasters/crawler)"
66.249.74.34 - - [20/Jul/2025:22:45:12 +0000] "GET /product/102687612.shtm HTTP/1.1" 200 25358 "-" "Mozilla/5.0 (Linux; Android 6.0.1; Nexus 5X Build/MMB29P) AppleWebKit/537.36 (KHTML, like Gecko) Chrome/137.0.7151.103 Mobile Safari/537.36 (compatible; Googlebot/2.1; +http://www.google.com/bot.html)"
66.249.74.34 - - [20/Jul/2025:22:45:56 +0000] "GET /shopdetail/189949381 HTTP/1.1" 200 24531 "-" "Mozilla/5.0 (Linux; Android 6.0.1; Nexus 5X Build/MMB29P) AppleWebKit/537.36 (KHTML, like Gecko) Chrome/137.0.7151.103 Mobile Safari/537.36 (compatible; Googlebot/2.1; +http://www.google.com/bot.html)"
209.74.77.214 - - [20/Jul/2025:22:46:00 +0000] "POST /wp-cron.php?doing_wp_cron=1753051560.7233219146728515625000 HTTP/1.1" 200 - "-" "WordPress/6.8.2; https://diamondtiptiling.com"
34.213.209.54 - - [20/Jul/2025:22:45:59 +0000] "GET / HTTP/1.1" 200 25847 "-" "Mozilla/5.0 (Linux; Android 8.0.0; SM-G965U Build/R16NW) AppleWebKit/537.36 (KHTML, like Gecko) Chrome/63.0.3239.111 Mobile Safari/537.36"
