20.171.207.112 - - [20/Jul/2025:20:01:13 +0000] "GET /item/1105333/ HTTP/1.1" 200 265 "-" "Mozilla/5.0 AppleWebKit/537.36 (KHTML, like Gecko; compatible; GPTBot/1.2; +https://openai.com/gptbot)"
20.171.207.112 - - [20/Jul/2025:20:01:14 +0000] "GET /item/2619990/ HTTP/1.1" 200 265 "-" "Mozilla/5.0 AppleWebKit/537.36 (KHTML, like Gecko; compatible; GPTBot/1.2; +https://openai.com/gptbot)"
20.171.207.112 - - [20/Jul/2025:20:01:16 +0000] "GET /item/3129995/ HTTP/1.1" 200 265 "-" "Mozilla/5.0 AppleWebKit/537.36 (KHTML, like Gecko; compatible; GPTBot/1.2; +https://openai.com/gptbot)"
66.249.65.96 - - [20/Jul/2025:20:01:17 +0000] "GET /index.php?id=180066-270&name=woodenpenstandwithcalendar/hobby/boardgame/index.html HTTP/1.1" 200 21253 "-" "Mozilla/5.0 (Linux; Android 6.0.1; Nexus 5X Build/MMB29P) AppleWebKit/537.36 (KHTML, like Gecko) Chrome/137.0.7151.103 Mobile Safari/537.36 (compatible; Googlebot/2.1; +http://www.google.com/bot.html)"
20.171.207.112 - - [20/Jul/2025:20:01:18 +0000] "GET /item/2111645/ HTTP/1.1" 200 265 "-" "Mozilla/5.0 AppleWebKit/537.36 (KHTML, like Gecko; compatible; GPTBot/1.2; +https://openai.com/gptbot)"
66.249.65.96 - - [20/Jul/2025:20:01:19 +0000] "POST /get-message-notify HTTP/1.1" 200 20436 "http://game-gainz.com/index.php?id=180066-270&name=woodenpenstandwithcalendar/hobby/boardgame/index.html" "Mozilla/5.0 (Linux; Android 6.0.1; Nexus 5X Build/MMB29P) AppleWebKit/537.36 (KHTML, like Gecko) Chrome/137.0.7151.119 Mobile Safari/537.36 (compatible; Googlebot/2.1; +http://www.google.com/bot.html)"
66.249.65.96 - - [20/Jul/2025:20:01:22 +0000] "GET /index.php?item/2810716.shtml/feature/idol/gradol.html HTTP/1.1" 200 21034 "-" "Mozilla/5.0 (Linux; Android 6.0.1; Nexus 5X Build/MMB29P) AppleWebKit/537.36 (KHTML, like Gecko) Chrome/137.0.7151.103 Mobile Safari/537.36 (compatible; Googlebot/2.1; +http://www.google.com/bot.html)"
20.171.207.112 - - [20/Jul/2025:20:01:23 +0000] "GET /item/2333776/ HTTP/1.1" 200 265 "-" "Mozilla/5.0 AppleWebKit/537.36 (KHTML, like Gecko; compatible; GPTBot/1.2; +https://openai.com/gptbot)"
20.171.207.112 - - [20/Jul/2025:20:01:32 +0000] "GET /item/1380007/ HTTP/1.1" 200 265 "-" "Mozilla/5.0 AppleWebKit/537.36 (KHTML, like Gecko; compatible; GPTBot/1.2; +https://openai.com/gptbot)"
66.249.65.96 - - [20/Jul/2025:20:01:33 +0000] "GET /index.php/item/2765701/ HTTP/1.1" 200 20506 "-" "Mozilla/5.0 (compatible; Googlebot/2.1; +http://www.google.com/bot.html)"
20.171.207.112 - - [20/Jul/2025:20:01:35 +0000] "GET /item/3592224/ HTTP/1.1" 200 265 "-" "Mozilla/5.0 AppleWebKit/537.36 (KHTML, like Gecko; compatible; GPTBot/1.2; +https://openai.com/gptbot)"
66.249.65.96 - - [20/Jul/2025:20:01:36 +0000] "GET /game-gainz.com/index.php?id=2373710-307&name=adidasy3coloraterosa HTTP/1.1" 200 19904 "-" "Mozilla/5.0 (Linux; Android 6.0.1; Nexus 5X Build/MMB29P) AppleWebKit/537.36 (KHTML, like Gecko) Chrome/137.0.7151.103 Mobile Safari/537.36 (compatible; Googlebot/2.1; +http://www.google.com/bot.html)"
66.249.65.96 - - [20/Jul/2025:20:01:40 +0000] "GET /index.php?id=183841-328&name=redwingsherrenschuhe/vintagegame.html HTTP/1.1" 200 19657 "-" "Mozilla/5.0 (Linux; Android 6.0.1; Nexus 5X Build/MMB29P) AppleWebKit/537.36 (KHTML, like Gecko) Chrome/137.0.7151.103 Mobile Safari/537.36 (compatible; Googlebot/2.1; +http://www.google.com/bot.html)"
20.171.207.112 - - [20/Jul/2025:20:01:45 +0000] "GET /item/4999278/ HTTP/1.1" 200 265 "-" "Mozilla/5.0 AppleWebKit/537.36 (KHTML, like Gecko; compatible; GPTBot/1.2; +https://openai.com/gptbot)"
66.249.65.96 - - [20/Jul/2025:20:01:49 +0000] "GET /index.php?id=183477-326&name=ropalvmujer/vintagegame.html HTTP/1.1" 200 20248 "-" "Mozilla/5.0 (Linux; Android 6.0.1; Nexus 5X Build/MMB29P) AppleWebKit/537.36 (KHTML, like Gecko) Chrome/137.0.7151.103 Mobile Safari/537.36 (compatible; Googlebot/2.1; +http://www.google.com/bot.html)"
66.249.65.96 - - [20/Jul/2025:20:01:54 +0000] "GET /index.php?id=183477-326&name=ropalvmujer/hobby/boardgame/index.html HTTP/1.1" 200 20908 "-" "Mozilla/5.0 (Linux; Android 6.0.1; Nexus 5X Build/MMB29P) AppleWebKit/537.36 (KHTML, like Gecko) Chrome/137.0.7151.103 Mobile Safari/537.36 (compatible; Googlebot/2.1; +http://www.google.com/bot.html)"
20.171.207.112 - - [20/Jul/2025:20:01:57 +0000] "GET /item/4377735/ HTTP/1.1" 200 265 "-" "Mozilla/5.0 AppleWebKit/537.36 (KHTML, like Gecko; compatible; GPTBot/1.2; +https://openai.com/gptbot)"
66.249.65.96 - - [20/Jul/2025:20:01:59 +0000] "GET /index.php?id=173472-139&name=3xlarmanishirts/feature/idol/gradol.html HTTP/1.1" 200 20980 "-" "Mozilla/5.0 (Linux; Android 6.0.1; Nexus 5X Build/MMB29P) AppleWebKit/537.36 (KHTML, like Gecko) Chrome/137.0.7151.103 Mobile Safari/537.36 (compatible; Googlebot/2.1; +http://www.google.com/bot.html)"
66.249.65.98 - - [20/Jul/2025:20:02:04 +0000] "GET /index.php?id=184181-328&name=wanderschuheregenfest/vintagegame.html HTTP/1.1" 200 20326 "-" "Mozilla/5.0 (Linux; Android 6.0.1; Nexus 5X Build/MMB29P) AppleWebKit/537.36 (KHTML, like Gecko) Chrome/137.0.7151.103 Mobile Safari/537.36 (compatible; Googlebot/2.1; +http://www.google.com/bot.html)"
20.171.207.112 - - [20/Jul/2025:20:02:08 +0000] "GET /item/2228986/ HTTP/1.1" 200 265 "-" "Mozilla/5.0 AppleWebKit/537.36 (KHTML, like Gecko; compatible; GPTBot/1.2; +https://openai.com/gptbot)"
66.249.65.97 - - [20/Jul/2025:20:02:08 +0000] "GET /index.php?id=176362-294&name=lucymecklenburghring/feature/idol/gradol.html HTTP/1.1" 200 20718 "-" "Mozilla/5.0 (Linux; Android 6.0.1; Nexus 5X Build/MMB29P) AppleWebKit/537.36 (KHTML, like Gecko) Chrome/137.0.7151.103 Mobile Safari/537.36 (compatible; Googlebot/2.1; +http://www.google.com/bot.html)"
66.249.65.97 - - [20/Jul/2025:20:02:11 +0000] "POST /get-message-notify HTTP/1.1" 200 20438 "http://game-gainz.com/index.php?id=176362-294&name=lucymecklenburghring/feature/idol/gradol.html" "Mozilla/5.0 (Linux; Android 6.0.1; Nexus 5X Build/MMB29P) AppleWebKit/537.36 (KHTML, like Gecko) Chrome/137.0.7151.119 Mobile Safari/537.36 (compatible; Googlebot/2.1; +http://www.google.com/bot.html)"
66.249.65.96 - - [20/Jul/2025:20:02:13 +0000] "GET /index.php?id=163932-299&name=palecreamshiftdress/hobby/boardgame/index.html HTTP/1.1" 200 19510 "-" "Mozilla/5.0 (Linux; Android 6.0.1; Nexus 5X Build/MMB29P) AppleWebKit/537.36 (KHTML, like Gecko) Chrome/137.0.7151.103 Mobile Safari/537.36 (compatible; Googlebot/2.1; +http://www.google.com/bot.html)"
66.249.65.96 - - [20/Jul/2025:20:02:15 +0000] "POST /get-message-notify HTTP/1.1" 200 20443 "http://game-gainz.com/index.php?id=183477-326&name=ropalvmujer/hobby/boardgame/index.html" "Mozilla/5.0 (Linux; Android 6.0.1; Nexus 5X Build/MMB29P) AppleWebKit/537.36 (KHTML, like Gecko) Chrome/137.0.7151.119 Mobile Safari/537.36 (compatible; Googlebot/2.1; +http://www.google.com/bot.html)"
66.249.65.96 - - [20/Jul/2025:20:02:18 +0000] "GET /index.php?id=175263-22&name=cartierballonbleudecs10521/hobby/boardgame/index.html HTTP/1.1" 200 20305 "-" "Mozilla/5.0 (Linux; Android 6.0.1; Nexus 5X Build/MMB29P) AppleWebKit/537.36 (KHTML, like Gecko) Chrome/137.0.7151.103 Mobile Safari/537.36 (compatible; Googlebot/2.1; +http://www.google.com/bot.html)"
20.171.207.112 - - [20/Jul/2025:20:02:27 +0000] "GET /item/1777238/ HTTP/1.1" 200 265 "-" "Mozilla/5.0 AppleWebKit/537.36 (KHTML, like Gecko; compatible; GPTBot/1.2; +https://openai.com/gptbot)"
66.249.65.96 - - [20/Jul/2025:20:02:27 +0000] "GET /index.php?item/4136360.shtml/hobby/boardgame/index.html/hobby/boardgame/index.html HTTP/1.1" 200 20723 "-" "Mozilla/5.0 (Linux; Android 6.0.1; Nexus 5X Build/MMB29P) AppleWebKit/537.36 (KHTML, like Gecko) Chrome/137.0.7151.103 Mobile Safari/537.36 (compatible; Googlebot/2.1; +http://www.google.com/bot.html)"
20.171.207.112 - - [20/Jul/2025:20:02:28 +0000] "GET /item/2808444/ HTTP/1.1" 200 265 "-" "Mozilla/5.0 AppleWebKit/537.36 (KHTML, like Gecko; compatible; GPTBot/1.2; +https://openai.com/gptbot)"
66.249.65.96 - - [20/Jul/2025:20:02:30 +0000] "GET /index.php/item/4283852/ HTTP/1.1" 200 20678 "-" "Mozilla/5.0 (Linux; Android 6.0.1; Nexus 5X Build/MMB29P) AppleWebKit/537.36 (KHTML, like Gecko) Chrome/137.0.7151.103 Mobile Safari/537.36 (compatible; Googlebot/2.1; +http://www.google.com/bot.html)"
66.249.65.96 - - [20/Jul/2025:20:02:31 +0000] "GET /index.php?item/4136360.shtml/hobby/boardgame/index.html/vintagegame.html HTTP/1.1" 200 19910 "-" "Mozilla/5.0 (Linux; Android 6.0.1; Nexus 5X Build/MMB29P) AppleWebKit/537.36 (KHTML, like Gecko) Chrome/137.0.7151.103 Mobile Safari/537.36 (compatible; Googlebot/2.1; +http://www.google.com/bot.html)"
20.171.207.112 - - [20/Jul/2025:20:02:31 +0000] "GET /item/2223109/ HTTP/1.1" 200 265 "-" "Mozilla/5.0 AppleWebKit/537.36 (KHTML, like Gecko; compatible; GPTBot/1.2; +https://openai.com/gptbot)"
20.171.207.112 - - [20/Jul/2025:20:02:33 +0000] "GET /item/4222633/ HTTP/1.1" 200 265 "-" "Mozilla/5.0 AppleWebKit/537.36 (KHTML, like Gecko; compatible; GPTBot/1.2; +https://openai.com/gptbot)"
20.171.207.112 - - [20/Jul/2025:20:02:34 +0000] "GET /item/3249991/ HTTP/1.1" 200 265 "-" "Mozilla/5.0 AppleWebKit/537.36 (KHTML, like Gecko; compatible; GPTBot/1.2; +https://openai.com/gptbot)"
66.249.65.96 - - [20/Jul/2025:20:02:35 +0000] "GET /index.php?item/4136360.shtml/hobby/boardgame/index.html/feature/idol/gradol.html HTTP/1.1" 200 21237 "-" "Mozilla/5.0 (Linux; Android 6.0.1; Nexus 5X Build/MMB29P) AppleWebKit/537.36 (KHTML, like Gecko) Chrome/137.0.7151.103 Mobile Safari/537.36 (compatible; Googlebot/2.1; +http://www.google.com/bot.html)"
66.249.65.96 - - [20/Jul/2025:20:02:39 +0000] "GET /index.php?item/269054036.shtml/hobby/boardgame/index.html HTTP/1.1" 200 19885 "-" "Mozilla/5.0 (Linux; Android 6.0.1; Nexus 5X Build/MMB29P) AppleWebKit/537.36 (KHTML, like Gecko) Chrome/137.0.7151.103 Mobile Safari/537.36 (compatible; Googlebot/2.1; +http://www.google.com/bot.html)"
66.249.65.96 - - [20/Jul/2025:20:02:44 +0000] "GET /index.php?item/269054036.shtml/feature/idol/gradol.html HTTP/1.1" 200 20797 "-" "Mozilla/5.0 (Linux; Android 6.0.1; Nexus 5X Build/MMB29P) AppleWebKit/537.36 (KHTML, like Gecko) Chrome/137.0.7151.103 Mobile Safari/537.36 (compatible; Googlebot/2.1; +http://www.google.com/bot.html)"
66.249.65.96 - - [20/Jul/2025:20:02:49 +0000] "GET /index.php?item/269018158.shtml/vintagegame.html HTTP/1.1" 200 20463 "-" "Mozilla/5.0 (Linux; Android 6.0.1; Nexus 5X Build/MMB29P) AppleWebKit/537.36 (KHTML, like Gecko) Chrome/137.0.7151.103 Mobile Safari/537.36 (compatible; Googlebot/2.1; +http://www.google.com/bot.html)"
20.171.207.112 - - [20/Jul/2025:20:02:50 +0000] "GET /item/1443999/ HTTP/1.1" 200 265 "-" "Mozilla/5.0 AppleWebKit/537.36 (KHTML, like Gecko; compatible; GPTBot/1.2; +https://openai.com/gptbot)"
66.249.65.96 - - [20/Jul/2025:20:02:54 +0000] "POST /get-message-notify HTTP/1.1" 200 20442 "http://game-gainz.com/index.php?item/269054036.shtml/feature/idol/gradol.html" "Mozilla/5.0 (Linux; Android 6.0.1; Nexus 5X Build/MMB29P) AppleWebKit/537.36 (KHTML, like Gecko) Chrome/137.0.7151.119 Mobile Safari/537.36 (compatible; Googlebot/2.1; +http://www.google.com/bot.html)"
66.249.65.97 - - [20/Jul/2025:20:02:55 +0000] "GET /index.php?item/5458872.shtml/feature/idol/gradol.html HTTP/1.1" 200 19911 "-" "Mozilla/5.0 (Linux; Android 6.0.1; Nexus 5X Build/MMB29P) AppleWebKit/537.36 (KHTML, like Gecko) Chrome/137.0.7151.103 Mobile Safari/537.36 (compatible; Googlebot/2.1; +http://www.google.com/bot.html)"
20.171.207.112 - - [20/Jul/2025:20:02:57 +0000] "GET /item/4477708/ HTTP/1.1" 200 265 "-" "Mozilla/5.0 AppleWebKit/537.36 (KHTML, like Gecko; compatible; GPTBot/1.2; +https://openai.com/gptbot)"
66.249.65.97 - - [20/Jul/2025:20:02:57 +0000] "POST /get-message-notify HTTP/1.1" 200 20442 "http://game-gainz.com/index.php?item/5458872.shtml/feature/idol/gradol.html" "Mozilla/5.0 (Linux; Android 6.0.1; Nexus 5X Build/MMB29P) AppleWebKit/537.36 (KHTML, like Gecko) Chrome/137.0.7151.119 Mobile Safari/537.36 (compatible; Googlebot/2.1; +http://www.google.com/bot.html)"
66.249.65.97 - - [20/Jul/2025:20:03:00 +0000] "GET /index.php?id=165992-156&name=removablewallstickerskids/feature/idol/gradol.html HTTP/1.1" 200 21126 "-" "Mozilla/5.0 (Linux; Android 6.0.1; Nexus 5X Build/MMB29P) AppleWebKit/537.36 (KHTML, like Gecko) Chrome/137.0.7151.103 Mobile Safari/537.36 (compatible; Googlebot/2.1; +http://www.google.com/bot.html)"
20.171.207.112 - - [20/Jul/2025:20:03:02 +0000] "GET /item/2220994/ HTTP/1.1" 200 265 "-" "Mozilla/5.0 AppleWebKit/537.36 (KHTML, like Gecko; compatible; GPTBot/1.2; +https://openai.com/gptbot)"
66.249.65.97 - - [20/Jul/2025:20:03:05 +0000] "GET /index.php?item/5458872.shtml/hobby/boardgame/index.html HTTP/1.1" 200 20609 "-" "Mozilla/5.0 (Linux; Android 6.0.1; Nexus 5X Build/MMB29P) AppleWebKit/537.36 (KHTML, like Gecko) Chrome/137.0.7151.103 Mobile Safari/537.36 (compatible; Googlebot/2.1; +http://www.google.com/bot.html)"
66.249.65.96 - - [20/Jul/2025:20:03:11 +0000] "GET /index.php?item/5378382.shtml/hobby/boardgame/index.html HTTP/1.1" 200 20657 "-" "Mozilla/5.0 (Linux; Android 6.0.1; Nexus 5X Build/MMB29P) AppleWebKit/537.36 (KHTML, like Gecko) Chrome/137.0.7151.103 Mobile Safari/537.36 (compatible; Googlebot/2.1; +http://www.google.com/bot.html)"
20.171.207.112 - - [20/Jul/2025:20:03:11 +0000] "GET /item/2314777/ HTTP/1.1" 200 265 "-" "Mozilla/5.0 AppleWebKit/537.36 (KHTML, like Gecko; compatible; GPTBot/1.2; +https://openai.com/gptbot)"
66.249.65.96 - - [20/Jul/2025:20:03:16 +0000] "GET /index.php?product/edit/G2812196687/feature/idol/gradol.html HTTP/1.1" 200 20292 "-" "Mozilla/5.0 (Linux; Android 6.0.1; Nexus 5X Build/MMB29P) AppleWebKit/537.36 (KHTML, like Gecko) Chrome/137.0.7151.103 Mobile Safari/537.36 (compatible; Googlebot/2.1; +http://www.google.com/bot.html)"
20.171.207.112 - - [20/Jul/2025:20:03:18 +0000] "GET /item/2466604/ HTTP/1.1" 200 265 "-" "Mozilla/5.0 AppleWebKit/537.36 (KHTML, like Gecko; compatible; GPTBot/1.2; +https://openai.com/gptbot)"
66.249.65.96 - - [20/Jul/2025:20:03:21 +0000] "GET /index.php?item/60004490.shtml/hobby/boardgame/index.html HTTP/1.1" 200 21041 "-" "Mozilla/5.0 (Linux; Android 6.0.1; Nexus 5X Build/MMB29P) AppleWebKit/537.36 (KHTML, like Gecko) Chrome/137.0.7151.103 Mobile Safari/537.36 (compatible; Googlebot/2.1; +http://www.google.com/bot.html)"
20.171.207.112 - - [20/Jul/2025:20:03:23 +0000] "GET /item/3330149/ HTTP/1.1" 200 265 "-" "Mozilla/5.0 AppleWebKit/537.36 (KHTML, like Gecko; compatible; GPTBot/1.2; +https://openai.com/gptbot)"
66.249.65.96 - - [20/Jul/2025:20:03:24 +0000] "POST /get-message-notify HTTP/1.1" 200 20449 "http://game-gainz.com/index.php?item/60004490.shtml/hobby/boardgame/index.html" "Mozilla/5.0 (Linux; Android 6.0.1; Nexus 5X Build/MMB29P) AppleWebKit/537.36 (KHTML, like Gecko) Chrome/137.0.7151.119 Mobile Safari/537.36 (compatible; Googlebot/2.1; +http://www.google.com/bot.html)"
66.249.65.96 - - [20/Jul/2025:20:03:26 +0000] "GET /index.php?item/55190610.shtml/hobby/boardgame/index.html HTTP/1.1" 200 20307 "-" "Mozilla/5.0 (Linux; Android 6.0.1; Nexus 5X Build/MMB29P) AppleWebKit/537.36 (KHTML, like Gecko) Chrome/137.0.7151.103 Mobile Safari/537.36 (compatible; Googlebot/2.1; +http://www.google.com/bot.html)"
20.171.207.112 - - [20/Jul/2025:20:03:28 +0000] "GET /item/3988864/ HTTP/1.1" 200 265 "-" "Mozilla/5.0 AppleWebKit/537.36 (KHTML, like Gecko; compatible; GPTBot/1.2; +https://openai.com/gptbot)"
66.249.65.96 - - [20/Jul/2025:20:03:32 +0000] "GET /index.php?item/5358690.shtml/feature/idol/gradol.html HTTP/1.1" 200 21283 "-" "Mozilla/5.0 (Linux; Android 6.0.1; Nexus 5X Build/MMB29P) AppleWebKit/537.36 (KHTML, like Gecko) Chrome/137.0.7151.103 Mobile Safari/537.36 (compatible; Googlebot/2.1; +http://www.google.com/bot.html)"
66.249.65.96 - - [20/Jul/2025:20:03:35 +0000] "POST /get-message-notify HTTP/1.1" 200 20416 "http://game-gainz.com/index.php?item/5358690.shtml/feature/idol/gradol.html" "Mozilla/5.0 (Linux; Android 6.0.1; Nexus 5X Build/MMB29P) AppleWebKit/537.36 (KHTML, like Gecko) Chrome/137.0.7151.119 Mobile Safari/537.36 (compatible; Googlebot/2.1; +http://www.google.com/bot.html)"
20.171.207.112 - - [20/Jul/2025:20:03:39 +0000] "GET /item/2807555/ HTTP/1.1" 200 265 "-" "Mozilla/5.0 AppleWebKit/537.36 (KHTML, like Gecko; compatible; GPTBot/1.2; +https://openai.com/gptbot)"
20.171.207.112 - - [20/Jul/2025:20:03:40 +0000] "GET /item/1833324/ HTTP/1.1" 200 265 "-" "Mozilla/5.0 AppleWebKit/537.36 (KHTML, like Gecko; compatible; GPTBot/1.2; +https://openai.com/gptbot)"
66.249.65.96 - - [20/Jul/2025:20:03:40 +0000] "GET /index.php?item/881252240.shtml/feature/idol/gradol.html HTTP/1.1" 200 20410 "-" "Mozilla/5.0 (Linux; Android 6.0.1; Nexus 5X Build/MMB29P) AppleWebKit/537.36 (KHTML, like Gecko) Chrome/137.0.7151.103 Mobile Safari/537.36 (compatible; Googlebot/2.1; +http://www.google.com/bot.html)"
66.249.65.96 - - [20/Jul/2025:20:03:45 +0000] "GET /index.php?item/881226386.shtml/vintagegame.html HTTP/1.1" 200 20355 "-" "Mozilla/5.0 (Linux; Android 6.0.1; Nexus 5X Build/MMB29P) AppleWebKit/537.36 (KHTML, like Gecko) Chrome/137.0.7151.103 Mobile Safari/537.36 (compatible; Googlebot/2.1; +http://www.google.com/bot.html)"
66.249.65.96 - - [20/Jul/2025:20:03:45 +0000] "POST /get-message-notify HTTP/1.1" 200 20443 "http://game-gainz.com/index.php?item/55190610.shtml/hobby/boardgame/index.html" "Mozilla/5.0 (Linux; Android 6.0.1; Nexus 5X Build/MMB29P) AppleWebKit/537.36 (KHTML, like Gecko) Chrome/137.0.7151.119 Mobile Safari/537.36 (compatible; Googlebot/2.1; +http://www.google.com/bot.html)"
66.249.65.96 - - [20/Jul/2025:20:03:50 +0000] "GET /index.php?id=184332-310&name=amdradeongraphicsgaming/vintagegame.html HTTP/1.1" 200 20390 "-" "Mozilla/5.0 (Linux; Android 6.0.1; Nexus 5X Build/MMB29P) AppleWebKit/537.36 (KHTML, like Gecko) Chrome/137.0.7151.103 Mobile Safari/537.36 (compatible; Googlebot/2.1; +http://www.google.com/bot.html)"
66.249.65.96 - - [20/Jul/2025:20:03:53 +0000] "POST /get-message-notify HTTP/1.1" 200 20413 "http://game-gainz.com/index.php?id=184332-310&name=amdradeongraphicsgaming/vintagegame.html" "Mozilla/5.0 (Linux; Android 6.0.1; Nexus 5X Build/MMB29P) AppleWebKit/537.36 (KHTML, like Gecko) Chrome/137.0.7151.119 Mobile Safari/537.36 (compatible; Googlebot/2.1; +http://www.google.com/bot.html)"
66.249.65.96 - - [20/Jul/2025:20:03:54 +0000] "GET /index.php?id=184332-310&name=amdradeongraphicsgaming/hobby/boardgame/index.html HTTP/1.1" 200 21417 "-" "Mozilla/5.0 (Linux; Android 6.0.1; Nexus 5X Build/MMB29P) AppleWebKit/537.36 (KHTML, like Gecko) Chrome/137.0.7151.103 Mobile Safari/537.36 (compatible; Googlebot/2.1; +http://www.google.com/bot.html)"
66.249.65.96 - - [20/Jul/2025:20:03:57 +0000] "POST /get-message-notify HTTP/1.1" 200 20439 "http://game-gainz.com/index.php?id=184332-310&name=amdradeongraphicsgaming/hobby/boardgame/index.html" "Mozilla/5.0 (Linux; Android 6.0.1; Nexus 5X Build/MMB29P) AppleWebKit/537.36 (KHTML, like Gecko) Chrome/137.0.7151.119 Mobile Safari/537.36 (compatible; Googlebot/2.1; +http://www.google.com/bot.html)"
66.249.65.97 - - [20/Jul/2025:20:03:59 +0000] "GET /index.php?item/5460090.shtml/hobby/boardgame/index.html HTTP/1.1" 200 21012 "-" "Mozilla/5.0 (Linux; Android 6.0.1; Nexus 5X Build/MMB29P) AppleWebKit/537.36 (KHTML, like Gecko) Chrome/137.0.7151.103 Mobile Safari/537.36 (compatible; Googlebot/2.1; +http://www.google.com/bot.html)"
66.249.65.98 - - [20/Jul/2025:20:04:07 +0000] "GET /index.php?item/4182238.shtml/hobby/boardgame/index.html HTTP/1.1" 200 20056 "-" "Mozilla/5.0 (Linux; Android 6.0.1; Nexus 5X Build/MMB29P) AppleWebKit/537.36 (KHTML, like Gecko) Chrome/137.0.7151.103 Mobile Safari/537.36 (compatible; Googlebot/2.1; +http://www.google.com/bot.html)"
20.171.207.112 - - [20/Jul/2025:20:04:11 +0000] "GET /item/4445093/ HTTP/1.1" 200 265 "-" "Mozilla/5.0 AppleWebKit/537.36 (KHTML, like Gecko; compatible; GPTBot/1.2; +https://openai.com/gptbot)"
66.249.65.97 - - [20/Jul/2025:20:04:12 +0000] "GET /index.php?product/edit/G1384882616/vintagegame.html HTTP/1.1" 200 21323 "-" "Mozilla/5.0 (Linux; Android 6.0.1; Nexus 5X Build/MMB29P) AppleWebKit/537.36 (KHTML, like Gecko) Chrome/137.0.7151.103 Mobile Safari/537.36 (compatible; Googlebot/2.1; +http://www.google.com/bot.html)"
20.171.207.112 - - [20/Jul/2025:20:04:12 +0000] "GET /item/1327770/ HTTP/1.1" 200 265 "-" "Mozilla/5.0 AppleWebKit/537.36 (KHTML, like Gecko; compatible; GPTBot/1.2; +https://openai.com/gptbot)"
66.249.65.96 - - [20/Jul/2025:20:04:15 +0000] "POST /get-message-notify HTTP/1.1" 200 20440 "http://game-gainz.com/index.php?product/edit/G1384882616/vintagegame.html" "Mozilla/5.0 (Linux; Android 6.0.1; Nexus 5X Build/MMB29P) AppleWebKit/537.36 (KHTML, like Gecko) Chrome/137.0.7151.119 Mobile Safari/537.36 (compatible; Googlebot/2.1; +http://www.google.com/bot.html)"
66.249.65.96 - - [20/Jul/2025:20:04:16 +0000] "GET /index.php?item/4182238.shtml/vintagegame.html HTTP/1.1" 200 20060 "-" "Mozilla/5.0 (Linux; Android 6.0.1; Nexus 5X Build/MMB29P) AppleWebKit/537.36 (KHTML, like Gecko) Chrome/137.0.7151.103 Mobile Safari/537.36 (compatible; Googlebot/2.1; +http://www.google.com/bot.html)"
66.249.65.96 - - [20/Jul/2025:20:04:21 +0000] "GET /index.php?item/51461120.shtml/feature/idol/gradol.html HTTP/1.1" 200 20819 "-" "Mozilla/5.0 (Linux; Android 6.0.1; Nexus 5X Build/MMB29P) AppleWebKit/537.36 (KHTML, like Gecko) Chrome/137.0.7151.103 Mobile Safari/537.36 (compatible; Googlebot/2.1; +http://www.google.com/bot.html)"
66.249.65.96 - - [20/Jul/2025:20:04:23 +0000] "POST /get-message-notify HTTP/1.1" 200 20442 "http://game-gainz.com/index.php?item/51461120.shtml/feature/idol/gradol.html" "Mozilla/5.0 (Linux; Android 6.0.1; Nexus 5X Build/MMB29P) AppleWebKit/537.36 (KHTML, like Gecko) Chrome/137.0.7151.119 Mobile Safari/537.36 (compatible; Googlebot/2.1; +http://www.google.com/bot.html)"
66.249.65.96 - - [20/Jul/2025:20:04:25 +0000] "GET /index.php?item/49208988.shtml HTTP/1.1" 200 19592 "-" "Mozilla/5.0 (Linux; Android 6.0.1; Nexus 5X Build/MMB29P) AppleWebKit/537.36 (KHTML, like Gecko) Chrome/137.0.7151.103 Mobile Safari/537.36 (compatible; Googlebot/2.1; +http://www.google.com/bot.html)"
20.171.207.112 - - [20/Jul/2025:20:04:26 +0000] "GET /item/2255504/ HTTP/1.1" 200 265 "-" "Mozilla/5.0 AppleWebKit/537.36 (KHTML, like Gecko; compatible; GPTBot/1.2; +https://openai.com/gptbot)"
20.171.207.112 - - [20/Jul/2025:20:04:31 +0000] "GET /item/3638777/ HTTP/1.1" 200 265 "-" "Mozilla/5.0 AppleWebKit/537.36 (KHTML, like Gecko; compatible; GPTBot/1.2; +https://openai.com/gptbot)"
66.249.65.96 - - [20/Jul/2025:20:04:33 +0000] "GET /index.php?item/51900086.shtml HTTP/1.1" 200 21225 "-" "Mozilla/5.0 (Linux; Android 6.0.1; Nexus 5X Build/MMB29P) AppleWebKit/537.36 (KHTML, like Gecko) Chrome/137.0.7151.103 Mobile Safari/537.36 (compatible; Googlebot/2.1; +http://www.google.com/bot.html)"
66.249.65.96 - - [20/Jul/2025:20:04:36 +0000] "GET /index.php?item/383352366.shtml/vintagegame.html HTTP/1.1" 200 20486 "-" "Mozilla/5.0 (Linux; Android 6.0.1; Nexus 5X Build/MMB29P) AppleWebKit/537.36 (KHTML, like Gecko) Chrome/137.0.7151.103 Mobile Safari/537.36 (compatible; Googlebot/2.1; +http://www.google.com/bot.html)"
20.171.207.112 - - [20/Jul/2025:20:04:36 +0000] "GET /item/1117402/ HTTP/1.1" 200 265 "-" "Mozilla/5.0 AppleWebKit/537.36 (KHTML, like Gecko; compatible; GPTBot/1.2; +https://openai.com/gptbot)"
66.249.65.96 - - [20/Jul/2025:20:04:40 +0000] "POST /get-message-notify HTTP/1.1" 200 20443 "http://game-gainz.com/index.php?item/383352366.shtml/vintagegame.html" "Mozilla/5.0 (Linux; Android 6.0.1; Nexus 5X Build/MMB29P) AppleWebKit/537.36 (KHTML, like Gecko) Chrome/137.0.7151.119 Mobile Safari/537.36 (compatible; Googlebot/2.1; +http://www.google.com/bot.html)"
66.249.65.96 - - [20/Jul/2025:20:04:43 +0000] "GET /index.php?id=152788-270&name=3dpenbeginner/hobby/boardgame/index.html HTTP/1.1" 200 20493 "-" "Mozilla/5.0 (Linux; Android 6.0.1; Nexus 5X Build/MMB29P) AppleWebKit/537.36 (KHTML, like Gecko) Chrome/137.0.7151.103 Mobile Safari/537.36 (compatible; Googlebot/2.1; +http://www.google.com/bot.html)"
66.249.65.96 - - [20/Jul/2025:20:04:47 +0000] "GET /index.php?id=152788-270&name=3dpenbeginner/feature/idol/gradol.html HTTP/1.1" 200 19956 "-" "Mozilla/5.0 (Linux; Android 6.0.1; Nexus 5X Build/MMB29P) AppleWebKit/537.36 (KHTML, like Gecko) Chrome/137.0.7151.103 Mobile Safari/537.36 (compatible; Googlebot/2.1; +http://www.google.com/bot.html)"
20.171.207.112 - - [20/Jul/2025:20:04:53 +0000] "GET /item/1605556/ HTTP/1.1" 200 265 "-" "Mozilla/5.0 AppleWebKit/537.36 (KHTML, like Gecko; compatible; GPTBot/1.2; +https://openai.com/gptbot)"
66.249.65.96 - - [20/Jul/2025:20:04:56 +0000] "GET /index.php?id=168935-308&name=hoodieoriginalbrand/vintagegame.html HTTP/1.1" 200 20691 "-" "Mozilla/5.0 (Linux; Android 6.0.1; Nexus 5X Build/MMB29P) AppleWebKit/537.36 (KHTML, like Gecko) Chrome/137.0.7151.103 Mobile Safari/537.36 (compatible; Googlebot/2.1; +http://www.google.com/bot.html)"
20.171.207.112 - - [20/Jul/2025:20:04:56 +0000] "GET /item/1555282/ HTTP/1.1" 200 265 "-" "Mozilla/5.0 AppleWebKit/537.36 (KHTML, like Gecko; compatible; GPTBot/1.2; +https://openai.com/gptbot)"
66.249.65.96 - - [20/Jul/2025:20:04:58 +0000] "GET /game-gainz.com/pcmypage?callback=product/review/63604291 HTTP/1.1" 200 20721 "-" "Mozilla/5.0 (Linux; Android 6.0.1; Nexus 5X Build/MMB29P) AppleWebKit/537.36 (KHTML, like Gecko) Chrome/137.0.7151.103 Mobile Safari/537.36 (compatible; Googlebot/2.1; +http://www.google.com/bot.html)"
20.171.207.112 - - [20/Jul/2025:20:05:01 +0000] "GET /item/1255517/ HTTP/1.1" 200 265 "-" "Mozilla/5.0 AppleWebKit/537.36 (KHTML, like Gecko; compatible; GPTBot/1.2; +https://openai.com/gptbot)"
66.249.65.97 - - [20/Jul/2025:20:05:03 +0000] "GET /index.php?id=166413-304&name=cosmopolitanbrandhandbags/feature/idol/gradol.html HTTP/1.1" 200 20249 "-" "Mozilla/5.0 (Linux; Android 6.0.1; Nexus 5X Build/MMB29P) AppleWebKit/537.36 (KHTML, like Gecko) Chrome/137.0.7151.103 Mobile Safari/537.36 (compatible; Googlebot/2.1; +http://www.google.com/bot.html)"
66.249.65.96 - - [20/Jul/2025:20:05:03 +0000] "POST /get-message-notify HTTP/1.1" 200 20442 "http://game-gainz.com/game-gainz.com/pcmypage?callback=product/review/63604291" "Mozilla/5.0 (Linux; Android 6.0.1; Nexus 5X Build/MMB29P) AppleWebKit/537.36 (KHTML, like Gecko) Chrome/137.0.7151.119 Mobile Safari/537.36 (compatible; Googlebot/2.1; +http://www.google.com/bot.html)"
66.249.65.97 - - [20/Jul/2025:20:05:06 +0000] "POST /get-message-notify HTTP/1.1" 200 20416 "http://game-gainz.com/index.php?id=166413-304&name=cosmopolitanbrandhandbags/feature/idol/gradol.html" "Mozilla/5.0 (Linux; Android 6.0.1; Nexus 5X Build/MMB29P) AppleWebKit/537.36 (KHTML, like Gecko) Chrome/137.0.7151.119 Mobile Safari/537.36 (compatible; Googlebot/2.1; +http://www.google.com/bot.html)"
66.249.65.96 - - [20/Jul/2025:20:05:11 +0000] "GET /index.php?id=166413-304&name=cosmopolitanbrandhandbags/vintagegame.html HTTP/1.1" 200 20469 "-" "Mozilla/5.0 (Linux; Android 6.0.1; Nexus 5X Build/MMB29P) AppleWebKit/537.36 (KHTML, like Gecko) Chrome/137.0.7151.103 Mobile Safari/537.36 (compatible; Googlebot/2.1; +http://www.google.com/bot.html)"
66.249.65.96 - - [20/Jul/2025:20:05:16 +0000] "GET /game-gainz.com/index.php?item/676178756.shtml HTTP/1.1" 200 20242 "-" "Mozilla/5.0 (Linux; Android 6.0.1; Nexus 5X Build/MMB29P) AppleWebKit/537.36 (KHTML, like Gecko) Chrome/137.0.7151.103 Mobile Safari/537.36 (compatible; Googlebot/2.1; +http://www.google.com/bot.html)"
20.171.207.112 - - [20/Jul/2025:20:05:19 +0000] "GET /item/1888579/ HTTP/1.1" 200 265 "-" "Mozilla/5.0 AppleWebKit/537.36 (KHTML, like Gecko; compatible; GPTBot/1.2; +https://openai.com/gptbot)"
66.249.65.96 - - [20/Jul/2025:20:05:21 +0000] "GET /index.php?id=156608-287&name=samyang14mmcanonprice/vintagegame.html HTTP/1.1" 200 20670 "-" "Mozilla/5.0 (Linux; Android 6.0.1; Nexus 5X Build/MMB29P) AppleWebKit/537.36 (KHTML, like Gecko) Chrome/137.0.7151.103 Mobile Safari/537.36 (compatible; Googlebot/2.1; +http://www.google.com/bot.html)"
66.249.65.96 - - [20/Jul/2025:20:05:24 +0000] "GET /index.php?id=156608-287&name=samyang14mmcanonprice/feature/idol/gradol.html HTTP/1.1" 200 20507 "-" "Mozilla/5.0 (Linux; Android 6.0.1; Nexus 5X Build/MMB29P) AppleWebKit/537.36 (KHTML, like Gecko) Chrome/137.0.7151.103 Mobile Safari/537.36 (compatible; Googlebot/2.1; +http://www.google.com/bot.html)"
66.249.65.96 - - [20/Jul/2025:20:05:24 +0000] "POST /get-message-notify HTTP/1.1" 200 20440 "http://game-gainz.com/index.php?id=156608-287&name=samyang14mmcanonprice/vintagegame.html" "Mozilla/5.0 (Linux; Android 6.0.1; Nexus 5X Build/MMB29P) AppleWebKit/537.36 (KHTML, like Gecko) Chrome/137.0.7151.119 Mobile Safari/537.36 (compatible; Googlebot/2.1; +http://www.google.com/bot.html)"
20.171.207.112 - - [20/Jul/2025:20:05:27 +0000] "GET /item/2227448/ HTTP/1.1" 200 265 "-" "Mozilla/5.0 AppleWebKit/537.36 (KHTML, like Gecko; compatible; GPTBot/1.2; +https://openai.com/gptbot)"
66.249.65.96 - - [20/Jul/2025:20:05:29 +0000] "GET /index.php?id=156608-287&name=samyang14mmcanonprice/hobby/boardgame/index.html HTTP/1.1" 200 20555 "-" "Mozilla/5.0 (Linux; Android 6.0.1; Nexus 5X Build/MMB29P) AppleWebKit/537.36 (KHTML, like Gecko) Chrome/137.0.7151.103 Mobile Safari/537.36 (compatible; Googlebot/2.1; +http://www.google.com/bot.html)"
20.171.207.112 - - [20/Jul/2025:20:05:31 +0000] "GET /item/2555479/ HTTP/1.1" 200 265 "-" "Mozilla/5.0 AppleWebKit/537.36 (KHTML, like Gecko; compatible; GPTBot/1.2; +https://openai.com/gptbot)"
66.249.65.96 - - [20/Jul/2025:20:05:34 +0000] "GET /index.php?id=97615-183&name=fox360pants/feature/idol/gradol.html HTTP/1.1" 200 20826 "-" "Mozilla/5.0 (Linux; Android 6.0.1; Nexus 5X Build/MMB29P) AppleWebKit/537.36 (KHTML, like Gecko) Chrome/137.0.7151.103 Mobile Safari/537.36 (compatible; Googlebot/2.1; +http://www.google.com/bot.html)"
20.171.207.112 - - [20/Jul/2025:20:05:39 +0000] "GET /item/2666705/ HTTP/1.1" 200 265 "-" "Mozilla/5.0 AppleWebKit/537.36 (KHTML, like Gecko; compatible; GPTBot/1.2; +https://openai.com/gptbot)"
66.249.65.96 - - [20/Jul/2025:20:05:39 +0000] "GET /index.php?id=97615-183&name=fox360pants/vintagegame.html HTTP/1.1" 200 20472 "-" "Mozilla/5.0 (Linux; Android 6.0.1; Nexus 5X Build/MMB29P) AppleWebKit/537.36 (KHTML, like Gecko) Chrome/137.0.7151.103 Mobile Safari/537.36 (compatible; Googlebot/2.1; +http://www.google.com/bot.html)"
20.171.207.112 - - [20/Jul/2025:20:05:42 +0000] "GET /item/1555387/ HTTP/1.1" 200 265 "-" "Mozilla/5.0 AppleWebKit/537.36 (KHTML, like Gecko; compatible; GPTBot/1.2; +https://openai.com/gptbot)"
66.249.65.96 - - [20/Jul/2025:20:05:43 +0000] "POST /get-message-notify HTTP/1.1" 200 20441 "http://game-gainz.com/index.php?id=97615-183&name=fox360pants/vintagegame.html" "Mozilla/5.0 (Linux; Android 6.0.1; Nexus 5X Build/MMB29P) AppleWebKit/537.36 (KHTML, like Gecko) Chrome/137.0.7151.119 Mobile Safari/537.36 (compatible; Googlebot/2.1; +http://www.google.com/bot.html)"
20.171.207.112 - - [20/Jul/2025:20:05:44 +0000] "GET /item/2144473/ HTTP/1.1" 200 265 "-" "Mozilla/5.0 AppleWebKit/537.36 (KHTML, like Gecko; compatible; GPTBot/1.2; +https://openai.com/gptbot)"
66.249.65.96 - - [20/Jul/2025:20:05:45 +0000] "GET /index.php?id=159231-92&name=funnyfamilydancevideo/feature/idol/gradol.html HTTP/1.1" 200 20410 "-" "Mozilla/5.0 (Linux; Android 6.0.1; Nexus 5X Build/MMB29P) AppleWebKit/537.36 (KHTML, like Gecko) Chrome/137.0.7151.103 Mobile Safari/537.36 (compatible; Googlebot/2.1; +http://www.google.com/bot.html)"
20.171.207.112 - - [20/Jul/2025:20:05:48 +0000] "GET /item/2359995/ HTTP/1.1" 200 265 "-" "Mozilla/5.0 AppleWebKit/537.36 (KHTML, like Gecko; compatible; GPTBot/1.2; +https://openai.com/gptbot)"
66.249.65.97 - - [20/Jul/2025:20:05:50 +0000] "GET /index.php?id=171704-57&name=canyouuseoculusvronps4/vintagegame.html HTTP/1.1" 200 20385 "-" "Mozilla/5.0 (Linux; Android 6.0.1; Nexus 5X Build/MMB29P) AppleWebKit/537.36 (KHTML, like Gecko) Chrome/137.0.7151.103 Mobile Safari/537.36 (compatible; Googlebot/2.1; +http://www.google.com/bot.html)"
66.249.65.96 - - [20/Jul/2025:20:05:55 +0000] "GET /index.php?product/edit/G29793527/feature/idol/gradol.html HTTP/1.1" 200 20181 "-" "Mozilla/5.0 (Linux; Android 6.0.1; Nexus 5X Build/MMB29P) AppleWebKit/537.36 (KHTML, like Gecko) Chrome/137.0.7151.103 Mobile Safari/537.36 (compatible; Googlebot/2.1; +http://www.google.com/bot.html)"
66.249.65.96 - - [20/Jul/2025:20:05:58 +0000] "POST /get-message-notify HTTP/1.1" 200 20439 "http://game-gainz.com/index.php?product/edit/G29793527/feature/idol/gradol.html" "Mozilla/5.0 (Linux; Android 6.0.1; Nexus 5X Build/MMB29P) AppleWebKit/537.36 (KHTML, like Gecko) Chrome/137.0.7151.119 Mobile Safari/537.36 (compatible; Googlebot/2.1; +http://www.google.com/bot.html)"
66.249.65.96 - - [20/Jul/2025:20:06:01 +0000] "GET /index.php?product/edit/G29793527/hobby/boardgame/index.html HTTP/1.1" 200 20639 "-" "Mozilla/5.0 (Linux; Android 6.0.1; Nexus 5X Build/MMB29P) AppleWebKit/537.36 (KHTML, like Gecko) Chrome/137.0.7151.103 Mobile Safari/537.36 (compatible; Googlebot/2.1; +http://www.google.com/bot.html)"
66.249.65.97 - - [20/Jul/2025:20:06:06 +0000] "POST /get-message-notify HTTP/1.1" 200 20443 "http://game-gainz.com/index.php?product/edit/G29793527/hobby/boardgame/index.html" "Mozilla/5.0 (Linux; Android 6.0.1; Nexus 5X Build/MMB29P) AppleWebKit/537.36 (KHTML, like Gecko) Chrome/137.0.7151.119 Mobile Safari/537.36 (compatible; Googlebot/2.1; +http://www.google.com/bot.html)"
66.249.65.97 - - [20/Jul/2025:20:06:06 +0000] "GET /index.php?product/edit/G29793527/vintagegame.html HTTP/1.1" 200 19583 "-" "Mozilla/5.0 (Linux; Android 6.0.1; Nexus 5X Build/MMB29P) AppleWebKit/537.36 (KHTML, like Gecko) Chrome/137.0.7151.103 Mobile Safari/537.36 (compatible; Googlebot/2.1; +http://www.google.com/bot.html)"
66.249.65.96 - - [20/Jul/2025:20:06:11 +0000] "GET /index.php?id=2243333-311&name=barbieprincessandthepauperonlinefree/feature/idol/gradol.html HTTP/1.1" 200 20415 "-" "Mozilla/5.0 (Linux; Android 6.0.1; Nexus 5X Build/MMB29P) AppleWebKit/537.36 (KHTML, like Gecko) Chrome/137.0.7151.103 Mobile Safari/537.36 (compatible; Googlebot/2.1; +http://www.google.com/bot.html)"
20.171.207.112 - - [20/Jul/2025:20:06:12 +0000] "GET /item/2938885/ HTTP/1.1" 200 265 "-" "Mozilla/5.0 AppleWebKit/537.36 (KHTML, like Gecko; compatible; GPTBot/1.2; +https://openai.com/gptbot)"
20.171.207.112 - - [20/Jul/2025:20:06:14 +0000] "GET /item/4470002/ HTTP/1.1" 200 265 "-" "Mozilla/5.0 AppleWebKit/537.36 (KHTML, like Gecko; compatible; GPTBot/1.2; +https://openai.com/gptbot)"
66.249.65.96 - - [20/Jul/2025:20:06:17 +0000] "GET /index.php?id=174736-187&name=watchcoraline123/hobby/boardgame/index.html HTTP/1.1" 200 20454 "-" "Mozilla/5.0 (Linux; Android 6.0.1; Nexus 5X Build/MMB29P) AppleWebKit/537.36 (KHTML, like Gecko) Chrome/137.0.7151.103 Mobile Safari/537.36 (compatible; Googlebot/2.1; +http://www.google.com/bot.html)"
66.249.65.96 - - [20/Jul/2025:20:06:21 +0000] "POST /get-message-notify HTTP/1.1" 200 20442 "http://game-gainz.com/index.php?id=174736-187&name=watchcoraline123/hobby/boardgame/index.html" "Mozilla/5.0 (Linux; Android 6.0.1; Nexus 5X Build/MMB29P) AppleWebKit/537.36 (KHTML, like Gecko) Chrome/137.0.7151.119 Mobile Safari/537.36 (compatible; Googlebot/2.1; +http://www.google.com/bot.html)"
66.249.65.96 - - [20/Jul/2025:20:06:22 +0000] "GET /index.php?id=174848-312&name=comprarmascarillasmunichonline/hobby/boardgame/index.html HTTP/1.1" 200 20478 "-" "Mozilla/5.0 (Linux; Android 6.0.1; Nexus 5X Build/MMB29P) AppleWebKit/537.36 (KHTML, like Gecko) Chrome/137.0.7151.103 Mobile Safari/537.36 (compatible; Googlebot/2.1; +http://www.google.com/bot.html)"
66.249.65.96 - - [20/Jul/2025:20:06:24 +0000] "POST /get-message-notify HTTP/1.1" 200 20417 "http://game-gainz.com/index.php?id=174848-312&name=comprarmascarillasmunichonline/hobby/boardgame/index.html" "Mozilla/5.0 (Linux; Android 6.0.1; Nexus 5X Build/MMB29P) AppleWebKit/537.36 (KHTML, like Gecko) Chrome/137.0.7151.119 Mobile Safari/537.36 (compatible; Googlebot/2.1; +http://www.google.com/bot.html)"
20.171.207.112 - - [20/Jul/2025:20:06:26 +0000] "GET /item/2866694/ HTTP/1.1" 200 265 "-" "Mozilla/5.0 AppleWebKit/537.36 (KHTML, like Gecko; compatible; GPTBot/1.2; +https://openai.com/gptbot)"
66.249.65.96 - - [20/Jul/2025:20:06:27 +0000] "GET /index.php?id=174736-187&name=watchcoraline123/feature/idol/gradol.html HTTP/1.1" 200 20577 "-" "Mozilla/5.0 (Linux; Android 6.0.1; Nexus 5X Build/MMB29P) AppleWebKit/537.36 (KHTML, like Gecko) Chrome/137.0.7151.103 Mobile Safari/537.36 (compatible; Googlebot/2.1; +http://www.google.com/bot.html)"
20.171.207.112 - - [20/Jul/2025:20:06:30 +0000] "GET /item/3058880/ HTTP/1.1" 200 265 "-" "Mozilla/5.0 AppleWebKit/537.36 (KHTML, like Gecko; compatible; GPTBot/1.2; +https://openai.com/gptbot)"
66.249.65.96 - - [20/Jul/2025:20:06:33 +0000] "GET /index.php?id=174848-312&name=comprarmascarillasmunichonline/feature/idol/gradol.html HTTP/1.1" 200 20428 "-" "Mozilla/5.0 (Linux; Android 6.0.1; Nexus 5X Build/MMB29P) AppleWebKit/537.36 (KHTML, like Gecko) Chrome/137.0.7151.103 Mobile Safari/537.36 (compatible; Googlebot/2.1; +http://www.google.com/bot.html)"
66.249.65.96 - - [20/Jul/2025:20:06:36 +0000] "POST /get-message-notify HTTP/1.1" 200 20437 "http://game-gainz.com/index.php?id=174848-312&name=comprarmascarillasmunichonline/feature/idol/gradol.html" "Mozilla/5.0 (Linux; Android 6.0.1; Nexus 5X Build/MMB29P) AppleWebKit/537.36 (KHTML, like Gecko) Chrome/137.0.7151.119 Mobile Safari/537.36 (compatible; Googlebot/2.1; +http://www.google.com/bot.html)"
66.249.65.96 - - [20/Jul/2025:20:06:38 +0000] "GET /index.php?id=167095-304&name=kirkstieffsterlingsilverflatware/feature/idol/gradol.html HTTP/1.1" 200 20794 "-" "Mozilla/5.0 (Linux; Android 6.0.1; Nexus 5X Build/MMB29P) AppleWebKit/537.36 (KHTML, like Gecko) Chrome/137.0.7151.103 Mobile Safari/537.36 (compatible; Googlebot/2.1; +http://www.google.com/bot.html)"
20.171.207.112 - - [20/Jul/2025:20:06:43 +0000] "GET /item/2226364/ HTTP/1.1" 200 265 "-" "Mozilla/5.0 AppleWebKit/537.36 (KHTML, like Gecko; compatible; GPTBot/1.2; +https://openai.com/gptbot)"
66.249.65.96 - - [20/Jul/2025:20:06:43 +0000] "GET /index.php?id=167095-304&name=kirkstieffsterlingsilverflatware/hobby/boardgame/index.html HTTP/1.1" 200 20023 "-" "Mozilla/5.0 (Linux; Android 6.0.1; Nexus 5X Build/MMB29P) AppleWebKit/537.36 (KHTML, like Gecko) Chrome/137.0.7151.103 Mobile Safari/537.36 (compatible; Googlebot/2.1; +http://www.google.com/bot.html)"
66.249.65.96 - - [20/Jul/2025:20:06:44 +0000] "POST /get-message-notify HTTP/1.1" 200 20439 "http://game-gainz.com/index.php?id=167095-304&name=kirkstieffsterlingsilverflatware/feature/idol/gradol.html" "Mozilla/5.0 (Linux; Android 6.0.1; Nexus 5X Build/MMB29P) AppleWebKit/537.36 (KHTML, like Gecko) Chrome/137.0.7151.119 Mobile Safari/537.36 (compatible; Googlebot/2.1; +http://www.google.com/bot.html)"
20.171.207.112 - - [20/Jul/2025:20:06:47 +0000] "GET /item/1569888/ HTTP/1.1" 200 265 "-" "Mozilla/5.0 AppleWebKit/537.36 (KHTML, like Gecko; compatible; GPTBot/1.2; +https://openai.com/gptbot)"
66.249.65.96 - - [20/Jul/2025:20:06:49 +0000] "GET /index.php?id=189328-308&name=militarysurplushoodie/feature/idol/gradol.html HTTP/1.1" 200 20082 "-" "Mozilla/5.0 (Linux; Android 6.0.1; Nexus 5X Build/MMB29P) AppleWebKit/537.36 (KHTML, like Gecko) Chrome/137.0.7151.103 Mobile Safari/537.36 (compatible; Googlebot/2.1; +http://www.google.com/bot.html)"
20.171.207.112 - - [20/Jul/2025:20:06:49 +0000] "GET /item/4412226/ HTTP/1.1" 200 265 "-" "Mozilla/5.0 AppleWebKit/537.36 (KHTML, like Gecko; compatible; GPTBot/1.2; +https://openai.com/gptbot)"
20.171.207.112 - - [20/Jul/2025:20:06:52 +0000] "GET /item/4422291/ HTTP/1.1" 200 265 "-" "Mozilla/5.0 AppleWebKit/537.36 (KHTML, like Gecko; compatible; GPTBot/1.2; +https://openai.com/gptbot)"
20.171.207.112 - - [20/Jul/2025:20:06:53 +0000] "GET /item/2133347/ HTTP/1.1" 200 265 "-" "Mozilla/5.0 AppleWebKit/537.36 (KHTML, like Gecko; compatible; GPTBot/1.2; +https://openai.com/gptbot)"
66.249.65.96 - - [20/Jul/2025:20:06:54 +0000] "GET /index.php?id=189328-308&name=militarysurplushoodie/hobby/boardgame/index.html HTTP/1.1" 200 20460 "-" "Mozilla/5.0 (Linux; Android 6.0.1; Nexus 5X Build/MMB29P) AppleWebKit/537.36 (KHTML, like Gecko) Chrome/137.0.7151.103 Mobile Safari/537.36 (compatible; Googlebot/2.1; +http://www.google.com/bot.html)"
20.171.207.112 - - [20/Jul/2025:20:06:58 +0000] "GET /item/1112269/ HTTP/1.1" 200 265 "-" "Mozilla/5.0 AppleWebKit/537.36 (KHTML, like Gecko; compatible; GPTBot/1.2; +https://openai.com/gptbot)"
66.249.65.97 - - [20/Jul/2025:20:06:57 +0000] "POST /get-message-notify HTTP/1.1" 200 20442 "http://game-gainz.com/index.php?id=189328-308&name=militarysurplushoodie/hobby/boardgame/index.html" "Mozilla/5.0 (Linux; Android 6.0.1; Nexus 5X Build/MMB29P) AppleWebKit/537.36 (KHTML, like Gecko) Chrome/137.0.7151.119 Mobile Safari/537.36 (compatible; Googlebot/2.1; +http://www.google.com/bot.html)"
66.249.65.97 - - [20/Jul/2025:20:06:59 +0000] "GET /index.php?id=189328-308&name=militarysurplushoodie/vintagegame.html HTTP/1.1" 200 19644 "-" "Mozilla/5.0 (Linux; Android 6.0.1; Nexus 5X Build/MMB29P) AppleWebKit/537.36 (KHTML, like Gecko) Chrome/137.0.7151.103 Mobile Safari/537.36 (compatible; Googlebot/2.1; +http://www.google.com/bot.html)"
66.249.65.96 - - [20/Jul/2025:20:07:03 +0000] "POST /get-message-notify HTTP/1.1" 200 20415 "http://game-gainz.com/index.php?id=189328-308&name=militarysurplushoodie/vintagegame.html" "Mozilla/5.0 (Linux; Android 6.0.1; Nexus 5X Build/MMB29P) AppleWebKit/537.36 (KHTML, like Gecko) Chrome/137.0.7151.119 Mobile Safari/537.36 (compatible; Googlebot/2.1; +http://www.google.com/bot.html)"
66.249.65.96 - - [20/Jul/2025:20:07:05 +0000] "GET /index.php?id=180078-270&name=sketch72/vintagegame.html HTTP/1.1" 200 20187 "-" "Mozilla/5.0 (Linux; Android 6.0.1; Nexus 5X Build/MMB29P) AppleWebKit/537.36 (KHTML, like Gecko) Chrome/137.0.7151.103 Mobile Safari/537.36 (compatible; Googlebot/2.1; +http://www.google.com/bot.html)"
20.171.207.112 - - [20/Jul/2025:20:07:07 +0000] "GET /item/4310006/ HTTP/1.1" 200 265 "-" "Mozilla/5.0 AppleWebKit/537.36 (KHTML, like Gecko; compatible; GPTBot/1.2; +https://openai.com/gptbot)"
20.171.207.112 - - [20/Jul/2025:20:07:12 +0000] "GET /item/4681222/ HTTP/1.1" 200 265 "-" "Mozilla/5.0 AppleWebKit/537.36 (KHTML, like Gecko; compatible; GPTBot/1.2; +https://openai.com/gptbot)"
20.171.207.112 - - [20/Jul/2025:20:07:13 +0000] "GET /item/4161222/ HTTP/1.1" 200 265 "-" "Mozilla/5.0 AppleWebKit/537.36 (KHTML, like Gecko; compatible; GPTBot/1.2; +https://openai.com/gptbot)"
66.249.65.96 - - [20/Jul/2025:20:07:14 +0000] "GET /index.php?id=180078-270&name=sketch72/feature/idol/gradol.html HTTP/1.1" 200 21576 "-" "Mozilla/5.0 (Linux; Android 6.0.1; Nexus 5X Build/MMB29P) AppleWebKit/537.36 (KHTML, like Gecko) Chrome/137.0.7151.103 Mobile Safari/537.36 (compatible; Googlebot/2.1; +http://www.google.com/bot.html)"
66.249.65.96 - - [20/Jul/2025:20:07:18 +0000] "GET /index.php?id=180078-270&name=sketch72/hobby/boardgame/index.html HTTP/1.1" 200 20487 "-" "Mozilla/5.0 (Linux; Android 6.0.1; Nexus 5X Build/MMB29P) AppleWebKit/537.36 (KHTML, like Gecko) Chrome/137.0.7151.103 Mobile Safari/537.36 (compatible; Googlebot/2.1; +http://www.google.com/bot.html)"
66.249.65.96 - - [20/Jul/2025:20:07:22 +0000] "POST /get-message-notify HTTP/1.1" 200 20438 "http://game-gainz.com/index.php?id=180078-270&name=sketch72/hobby/boardgame/index.html" "Mozilla/5.0 (Linux; Android 6.0.1; Nexus 5X Build/MMB29P) AppleWebKit/537.36 (KHTML, like Gecko) Chrome/137.0.7151.119 Mobile Safari/537.36 (compatible; Googlebot/2.1; +http://www.google.com/bot.html)"
20.171.207.112 - - [20/Jul/2025:20:07:24 +0000] "GET /item/3641112/ HTTP/1.1" 200 265 "-" "Mozilla/5.0 AppleWebKit/537.36 (KHTML, like Gecko; compatible; GPTBot/1.2; +https://openai.com/gptbot)"
66.249.65.96 - - [20/Jul/2025:20:07:24 +0000] "GET /game-gainz.com/pcmypage?callback=product/review/12018851 HTTP/1.1" 200 20185 "-" "Mozilla/5.0 (Linux; Android 6.0.1; Nexus 5X Build/MMB29P) AppleWebKit/537.36 (KHTML, like Gecko) Chrome/137.0.7151.103 Mobile Safari/537.36 (compatible; Googlebot/2.1; +http://www.google.com/bot.html)"
66.249.65.96 - - [20/Jul/2025:20:07:28 +0000] "GET /game-gainz.com/pcmypage?callback=/product%2Fdetail%2F12018851 HTTP/1.1" 200 19975 "-" "Mozilla/5.0 (Linux; Android 6.0.1; Nexus 5X Build/MMB29P) AppleWebKit/537.36 (KHTML, like Gecko) Chrome/137.0.7151.103 Mobile Safari/537.36 (compatible; Googlebot/2.1; +http://www.google.com/bot.html)"
20.171.207.112 - - [20/Jul/2025:20:07:29 +0000] "GET /item/1117738/ HTTP/1.1" 200 265 "-" "Mozilla/5.0 AppleWebKit/537.36 (KHTML, like Gecko; compatible; GPTBot/1.2; +https://openai.com/gptbot)"
66.249.65.96 - - [20/Jul/2025:20:07:33 +0000] "GET /index.php?item/8131760.shtml/hobby/boardgame/index.html HTTP/1.1" 200 19794 "-" "Mozilla/5.0 (Linux; Android 6.0.1; Nexus 5X Build/MMB29P) AppleWebKit/537.36 (KHTML, like Gecko) Chrome/137.0.7151.103 Mobile Safari/537.36 (compatible; Googlebot/2.1; +http://www.google.com/bot.html)"
66.249.65.96 - - [20/Jul/2025:20:07:33 +0000] "POST /get-message-notify HTTP/1.1" 200 20416 "http://game-gainz.com/game-gainz.com/pcmypage?callback=/product%2Fdetail%2F12018851" "Mozilla/5.0 (Linux; Android 6.0.1; Nexus 5X Build/MMB29P) AppleWebKit/537.36 (KHTML, like Gecko) Chrome/137.0.7151.119 Mobile Safari/537.36 (compatible; Googlebot/2.1; +http://www.google.com/bot.html)"
66.249.65.96 - - [20/Jul/2025:20:07:36 +0000] "GET /index.php?id=189438-308&name=yellowclickbaithoodie HTTP/1.1" 200 19914 "-" "Mozilla/5.0 (Linux; Android 6.0.1; Nexus 5X Build/MMB29P) AppleWebKit/537.36 (KHTML, like Gecko) Chrome/137.0.7151.103 Mobile Safari/537.36 (compatible; Googlebot/2.1; +http://www.google.com/bot.html)"
66.249.65.96 - - [20/Jul/2025:20:07:42 +0000] "GET /index.php?id=189438-308&name=yellowclickbaithoodie/vintagegame.html HTTP/1.1" 200 19987 "-" "Mozilla/5.0 (Linux; Android 6.0.1; Nexus 5X Build/MMB29P) AppleWebKit/537.36 (KHTML, like Gecko) Chrome/137.0.7151.103 Mobile Safari/537.36 (compatible; Googlebot/2.1; +http://www.google.com/bot.html)"
20.171.207.112 - - [20/Jul/2025:20:08:08 +0000] "GET /item/1213777/ HTTP/1.1" 200 265 "-" "Mozilla/5.0 AppleWebKit/537.36 (KHTML, like Gecko; compatible; GPTBot/1.2; +https://openai.com/gptbot)"
20.171.207.112 - - [20/Jul/2025:20:08:11 +0000] "GET /item/3888161/ HTTP/1.1" 200 265 "-" "Mozilla/5.0 AppleWebKit/537.36 (KHTML, like Gecko; compatible; GPTBot/1.2; +https://openai.com/gptbot)"
20.171.207.112 - - [20/Jul/2025:20:08:23 +0000] "GET /item/2044412/ HTTP/1.1" 200 265 "-" "Mozilla/5.0 AppleWebKit/537.36 (KHTML, like Gecko; compatible; GPTBot/1.2; +https://openai.com/gptbot)"
20.171.207.112 - - [20/Jul/2025:20:08:31 +0000] "GET /item/4294000/ HTTP/1.1" 200 265 "-" "Mozilla/5.0 AppleWebKit/537.36 (KHTML, like Gecko; compatible; GPTBot/1.2; +https://openai.com/gptbot)"
20.171.207.112 - - [20/Jul/2025:20:08:36 +0000] "GET /item/1115466/ HTTP/1.1" 200 265 "-" "Mozilla/5.0 AppleWebKit/537.36 (KHTML, like Gecko; compatible; GPTBot/1.2; +https://openai.com/gptbot)"
20.171.207.112 - - [20/Jul/2025:20:08:43 +0000] "GET /item/1333055/ HTTP/1.1" 200 265 "-" "Mozilla/5.0 AppleWebKit/537.36 (KHTML, like Gecko; compatible; GPTBot/1.2; +https://openai.com/gptbot)"
20.171.207.112 - - [20/Jul/2025:20:08:49 +0000] "GET /item/4441378/ HTTP/1.1" 200 265 "-" "Mozilla/5.0 AppleWebKit/537.36 (KHTML, like Gecko; compatible; GPTBot/1.2; +https://openai.com/gptbot)"
20.171.207.112 - - [20/Jul/2025:20:08:56 +0000] "GET /item/2266695/ HTTP/1.1" 200 265 "-" "Mozilla/5.0 AppleWebKit/537.36 (KHTML, like Gecko; compatible; GPTBot/1.2; +https://openai.com/gptbot)"
20.171.207.112 - - [20/Jul/2025:20:09:07 +0000] "GET /item/1255533/ HTTP/1.1" 200 265 "-" "Mozilla/5.0 AppleWebKit/537.36 (KHTML, like Gecko; compatible; GPTBot/1.2; +https://openai.com/gptbot)"
20.171.207.112 - - [20/Jul/2025:20:09:15 +0000] "GET /item/2229660/ HTTP/1.1" 200 265 "-" "Mozilla/5.0 AppleWebKit/537.36 (KHTML, like Gecko; compatible; GPTBot/1.2; +https://openai.com/gptbot)"
20.171.207.112 - - [20/Jul/2025:20:09:18 +0000] "GET /item/3266637/ HTTP/1.1" 200 265 "-" "Mozilla/5.0 AppleWebKit/537.36 (KHTML, like Gecko; compatible; GPTBot/1.2; +https://openai.com/gptbot)"
20.171.207.112 - - [20/Jul/2025:20:09:19 +0000] "GET /item/2369991/ HTTP/1.1" 200 265 "-" "Mozilla/5.0 AppleWebKit/537.36 (KHTML, like Gecko; compatible; GPTBot/1.2; +https://openai.com/gptbot)"
20.171.207.112 - - [20/Jul/2025:20:09:23 +0000] "GET /item/3339176/ HTTP/1.1" 200 265 "-" "Mozilla/5.0 AppleWebKit/537.36 (KHTML, like Gecko; compatible; GPTBot/1.2; +https://openai.com/gptbot)"
20.171.207.112 - - [20/Jul/2025:20:09:45 +0000] "GET /item/2153000/ HTTP/1.1" 200 265 "-" "Mozilla/5.0 AppleWebKit/537.36 (KHTML, like Gecko; compatible; GPTBot/1.2; +https://openai.com/gptbot)"
20.171.207.112 - - [20/Jul/2025:20:09:47 +0000] "GET /item/2233375/ HTTP/1.1" 200 265 "-" "Mozilla/5.0 AppleWebKit/537.36 (KHTML, like Gecko; compatible; GPTBot/1.2; +https://openai.com/gptbot)"
20.171.207.112 - - [20/Jul/2025:20:09:50 +0000] "GET /item/3884445/ HTTP/1.1" 200 265 "-" "Mozilla/5.0 AppleWebKit/537.36 (KHTML, like Gecko; compatible; GPTBot/1.2; +https://openai.com/gptbot)"
20.171.207.112 - - [20/Jul/2025:20:09:56 +0000] "GET /item/1068885/ HTTP/1.1" 200 265 "-" "Mozilla/5.0 AppleWebKit/537.36 (KHTML, like Gecko; compatible; GPTBot/1.2; +https://openai.com/gptbot)"
20.171.207.112 - - [20/Jul/2025:20:09:57 +0000] "GET /item/3672225/ HTTP/1.1" 200 265 "-" "Mozilla/5.0 AppleWebKit/537.36 (KHTML, like Gecko; compatible; GPTBot/1.2; +https://openai.com/gptbot)"
20.171.207.112 - - [20/Jul/2025:20:10:05 +0000] "GET /item/1244460/ HTTP/1.1" 200 265 "-" "Mozilla/5.0 AppleWebKit/537.36 (KHTML, like Gecko; compatible; GPTBot/1.2; +https://openai.com/gptbot)"
