20.171.207.112 - - [20/Jul/2025:19:21:12 +0000] "GET /item/3910100/ HTTP/1.1" 200 265 "-" "Mozilla/5.0 AppleWebKit/537.36 (KHTML, like Gecko; compatible; GPTBot/1.2; +https://openai.com/gptbot)"
20.171.207.112 - - [20/Jul/2025:19:21:17 +0000] "GET /item/3552752/ HTTP/1.1" 200 265 "-" "Mozilla/5.0 AppleWebKit/537.36 (KHTML, like Gecko; compatible; GPTBot/1.2; +https://openai.com/gptbot)"
20.171.207.112 - - [20/Jul/2025:19:21:26 +0000] "GET /item/2331234/ HTTP/1.1" 200 265 "-" "Mozilla/5.0 AppleWebKit/537.36 (KHTML, like Gecko; compatible; GPTBot/1.2; +https://openai.com/gptbot)"
20.171.207.112 - - [20/Jul/2025:19:21:33 +0000] "GET /item/2588256/ HTTP/1.1" 200 265 "-" "Mozilla/5.0 AppleWebKit/537.36 (KHTML, like Gecko; compatible; GPTBot/1.2; +https://openai.com/gptbot)"
20.171.207.112 - - [20/Jul/2025:19:21:51 +0000] "GET /item/4819719/ HTTP/1.1" 200 265 "-" "Mozilla/5.0 AppleWebKit/537.36 (KHTML, like Gecko; compatible; GPTBot/1.2; +https://openai.com/gptbot)"
20.171.207.112 - - [20/Jul/2025:19:21:57 +0000] "GET /item/3173873/ HTTP/1.1" 200 265 "-" "Mozilla/5.0 AppleWebKit/537.36 (KHTML, like Gecko; compatible; GPTBot/1.2; +https://openai.com/gptbot)"
20.171.207.112 - - [20/Jul/2025:19:21:58 +0000] "GET /item/1647472/ HTTP/1.1" 200 265 "-" "Mozilla/5.0 AppleWebKit/537.36 (KHTML, like Gecko; compatible; GPTBot/1.2; +https://openai.com/gptbot)"
20.171.207.112 - - [20/Jul/2025:19:22:11 +0000] "GET /item/1443543/ HTTP/1.1" 200 265 "-" "Mozilla/5.0 AppleWebKit/537.36 (KHTML, like Gecko; compatible; GPTBot/1.2; +https://openai.com/gptbot)"
20.171.207.112 - - [20/Jul/2025:19:22:29 +0000] "GET /item/1363654/ HTTP/1.1" 200 265 "-" "Mozilla/5.0 AppleWebKit/537.36 (KHTML, like Gecko; compatible; GPTBot/1.2; +https://openai.com/gptbot)"
20.171.207.112 - - [20/Jul/2025:19:22:30 +0000] "GET /item/3463452/ HTTP/1.1" 200 265 "-" "Mozilla/5.0 AppleWebKit/537.36 (KHTML, like Gecko; compatible; GPTBot/1.2; +https://openai.com/gptbot)"
20.171.207.112 - - [20/Jul/2025:19:22:33 +0000] "GET /item/3030881/ HTTP/1.1" 200 265 "-" "Mozilla/5.0 AppleWebKit/537.36 (KHTML, like Gecko; compatible; GPTBot/1.2; +https://openai.com/gptbot)"
20.171.207.112 - - [20/Jul/2025:19:22:39 +0000] "GET /item/1483883/ HTTP/1.1" 200 265 "-" "Mozilla/5.0 AppleWebKit/537.36 (KHTML, like Gecko; compatible; GPTBot/1.2; +https://openai.com/gptbot)"
20.171.207.112 - - [20/Jul/2025:19:22:48 +0000] "GET /item/1417817/ HTTP/1.1" 200 265 "-" "Mozilla/5.0 AppleWebKit/537.36 (KHTML, like Gecko; compatible; GPTBot/1.2; +https://openai.com/gptbot)"
20.171.207.112 - - [20/Jul/2025:19:22:55 +0000] "GET /item/2145314/ HTTP/1.1" 200 265 "-" "Mozilla/5.0 AppleWebKit/537.36 (KHTML, like Gecko; compatible; GPTBot/1.2; +https://openai.com/gptbot)"
20.171.207.112 - - [20/Jul/2025:19:23:01 +0000] "GET /item/1290902/ HTTP/1.1" 200 265 "-" "Mozilla/5.0 AppleWebKit/537.36 (KHTML, like Gecko; compatible; GPTBot/1.2; +https://openai.com/gptbot)"
20.171.207.112 - - [20/Jul/2025:19:23:02 +0000] "GET /item/1869868/ HTTP/1.1" 200 265 "-" "Mozilla/5.0 AppleWebKit/537.36 (KHTML, like Gecko; compatible; GPTBot/1.2; +https://openai.com/gptbot)"
20.171.207.112 - - [20/Jul/2025:19:23:06 +0000] "GET /item/2495324/ HTTP/1.1" 200 265 "-" "Mozilla/5.0 AppleWebKit/537.36 (KHTML, like Gecko; compatible; GPTBot/1.2; +https://openai.com/gptbot)"
20.171.207.112 - - [20/Jul/2025:19:23:08 +0000] "GET /item/4876161/ HTTP/1.1" 200 265 "-" "Mozilla/5.0 AppleWebKit/537.36 (KHTML, like Gecko; compatible; GPTBot/1.2; +https://openai.com/gptbot)"
20.171.207.112 - - [20/Jul/2025:19:23:19 +0000] "GET /item/2978529/ HTTP/1.1" 200 265 "-" "Mozilla/5.0 AppleWebKit/537.36 (KHTML, like Gecko; compatible; GPTBot/1.2; +https://openai.com/gptbot)"
20.171.207.112 - - [20/Jul/2025:19:23:24 +0000] "GET /item/2303939/ HTTP/1.1" 200 265 "-" "Mozilla/5.0 AppleWebKit/537.36 (KHTML, like Gecko; compatible; GPTBot/1.2; +https://openai.com/gptbot)"
20.171.207.112 - - [20/Jul/2025:19:23:25 +0000] "GET /item/1761774/ HTTP/1.1" 200 265 "-" "Mozilla/5.0 AppleWebKit/537.36 (KHTML, like Gecko; compatible; GPTBot/1.2; +https://openai.com/gptbot)"
20.171.207.112 - - [20/Jul/2025:19:23:26 +0000] "GET /item/4040165/ HTTP/1.1" 200 265 "-" "Mozilla/5.0 AppleWebKit/537.36 (KHTML, like Gecko; compatible; GPTBot/1.2; +https://openai.com/gptbot)"
20.171.207.112 - - [20/Jul/2025:19:23:29 +0000] "GET /item/2494934/ HTTP/1.1" 200 265 "-" "Mozilla/5.0 AppleWebKit/537.36 (KHTML, like Gecko; compatible; GPTBot/1.2; +https://openai.com/gptbot)"
20.171.207.112 - - [20/Jul/2025:19:23:31 +0000] "GET /item/4204842/ HTTP/1.1" 200 265 "-" "Mozilla/5.0 AppleWebKit/537.36 (KHTML, like Gecko; compatible; GPTBot/1.2; +https://openai.com/gptbot)"
20.171.207.112 - - [20/Jul/2025:19:23:32 +0000] "GET /item/4866948/ HTTP/1.1" 200 265 "-" "Mozilla/5.0 AppleWebKit/537.36 (KHTML, like Gecko; compatible; GPTBot/1.2; +https://openai.com/gptbot)"
20.171.207.112 - - [20/Jul/2025:19:23:40 +0000] "GET /item/2494934/ HTTP/1.1" 200 265 "-" "Mozilla/5.0 AppleWebKit/537.36 (KHTML, like Gecko; compatible; GPTBot/1.2; +https://openai.com/gptbot)"
20.171.207.112 - - [20/Jul/2025:19:23:41 +0000] "GET /item/1307139/ HTTP/1.1" 200 265 "-" "Mozilla/5.0 AppleWebKit/537.36 (KHTML, like Gecko; compatible; GPTBot/1.2; +https://openai.com/gptbot)"
20.171.207.112 - - [20/Jul/2025:19:23:44 +0000] "GET /item/3614036/ HTTP/1.1" 200 265 "-" "Mozilla/5.0 AppleWebKit/537.36 (KHTML, like Gecko; compatible; GPTBot/1.2; +https://openai.com/gptbot)"
20.171.207.112 - - [20/Jul/2025:19:23:45 +0000] "GET /item/4866948/ HTTP/1.1" 200 265 "-" "Mozilla/5.0 AppleWebKit/537.36 (KHTML, like Gecko; compatible; GPTBot/1.2; +https://openai.com/gptbot)"
20.171.207.112 - - [20/Jul/2025:19:23:51 +0000] "GET /item/1225250/ HTTP/1.1" 200 265 "-" "Mozilla/5.0 AppleWebKit/537.36 (KHTML, like Gecko; compatible; GPTBot/1.2; +https://openai.com/gptbot)"
20.171.207.112 - - [20/Jul/2025:19:24:02 +0000] "GET /item/1225250/ HTTP/1.1" 200 265 "-" "Mozilla/5.0 AppleWebKit/537.36 (KHTML, like Gecko; compatible; GPTBot/1.2; +https://openai.com/gptbot)"
20.171.207.112 - - [20/Jul/2025:19:24:05 +0000] "GET /item/4190319/ HTTP/1.1" 200 265 "-" "Mozilla/5.0 AppleWebKit/537.36 (KHTML, like Gecko; compatible; GPTBot/1.2; +https://openai.com/gptbot)"
20.171.207.112 - - [20/Jul/2025:19:24:20 +0000] "GET /item/2142521/ HTTP/1.1" 200 265 "-" "Mozilla/5.0 AppleWebKit/537.36 (KHTML, like Gecko; compatible; GPTBot/1.2; +https://openai.com/gptbot)"
20.171.207.112 - - [20/Jul/2025:19:24:27 +0000] "GET /item/3959566/ HTTP/1.1" 200 265 "-" "Mozilla/5.0 AppleWebKit/537.36 (KHTML, like Gecko; compatible; GPTBot/1.2; +https://openai.com/gptbot)"
20.171.207.112 - - [20/Jul/2025:19:24:33 +0000] "GET /item/3258323/ HTTP/1.1" 200 265 "-" "Mozilla/5.0 AppleWebKit/537.36 (KHTML, like Gecko; compatible; GPTBot/1.2; +https://openai.com/gptbot)"
20.171.207.112 - - [20/Jul/2025:19:24:41 +0000] "GET /item/2906090/ HTTP/1.1" 200 265 "-" "Mozilla/5.0 AppleWebKit/537.36 (KHTML, like Gecko; compatible; GPTBot/1.2; +https://openai.com/gptbot)"
20.171.207.112 - - [20/Jul/2025:19:24:45 +0000] "GET /item/3258323/ HTTP/1.1" 200 265 "-" "Mozilla/5.0 AppleWebKit/537.36 (KHTML, like Gecko; compatible; GPTBot/1.2; +https://openai.com/gptbot)"
20.171.207.112 - - [20/Jul/2025:19:24:50 +0000] "GET /item/1202512/ HTTP/1.1" 200 265 "-" "Mozilla/5.0 AppleWebKit/537.36 (KHTML, like Gecko; compatible; GPTBot/1.2; +https://openai.com/gptbot)"
20.171.207.112 - - [20/Jul/2025:19:25:11 +0000] "GET /item/4625464/ HTTP/1.1" 200 265 "-" "Mozilla/5.0 AppleWebKit/537.36 (KHTML, like Gecko; compatible; GPTBot/1.2; +https://openai.com/gptbot)"
20.171.207.112 - - [20/Jul/2025:19:25:13 +0000] "GET /item/1646565/ HTTP/1.1" 200 265 "-" "Mozilla/5.0 AppleWebKit/537.36 (KHTML, like Gecko; compatible; GPTBot/1.2; +https://openai.com/gptbot)"
20.171.207.112 - - [20/Jul/2025:19:25:14 +0000] "GET /item/4545031/ HTTP/1.1" 200 265 "-" "Mozilla/5.0 AppleWebKit/537.36 (KHTML, like Gecko; compatible; GPTBot/1.2; +https://openai.com/gptbot)"
20.171.207.112 - - [20/Jul/2025:19:25:28 +0000] "GET /item/4545926/ HTTP/1.1" 200 265 "-" "Mozilla/5.0 AppleWebKit/537.36 (KHTML, like Gecko; compatible; GPTBot/1.2; +https://openai.com/gptbot)"
20.171.207.112 - - [20/Jul/2025:19:25:30 +0000] "GET /item/3769693/ HTTP/1.1" 200 265 "-" "Mozilla/5.0 AppleWebKit/537.36 (KHTML, like Gecko; compatible; GPTBot/1.2; +https://openai.com/gptbot)"
20.171.207.112 - - [20/Jul/2025:19:25:41 +0000] "GET /item/3671677/ HTTP/1.1" 200 265 "-" "Mozilla/5.0 AppleWebKit/537.36 (KHTML, like Gecko; compatible; GPTBot/1.2; +https://openai.com/gptbot)"
20.171.207.112 - - [20/Jul/2025:19:25:43 +0000] "GET /item/1523223/ HTTP/1.1" 200 265 "-" "Mozilla/5.0 AppleWebKit/537.36 (KHTML, like Gecko; compatible; GPTBot/1.2; +https://openai.com/gptbot)"
20.171.207.112 - - [20/Jul/2025:19:25:59 +0000] "GET /item/1322329/ HTTP/1.1" 200 265 "-" "Mozilla/5.0 AppleWebKit/537.36 (KHTML, like Gecko; compatible; GPTBot/1.2; +https://openai.com/gptbot)"
20.171.207.112 - - [20/Jul/2025:19:26:10 +0000] "GET /item/3803835/ HTTP/1.1" 200 265 "-" "Mozilla/5.0 AppleWebKit/537.36 (KHTML, like Gecko; compatible; GPTBot/1.2; +https://openai.com/gptbot)"
20.171.207.112 - - [20/Jul/2025:19:26:18 +0000] "GET /item/3745740/ HTTP/1.1" 200 265 "-" "Mozilla/5.0 AppleWebKit/537.36 (KHTML, like Gecko; compatible; GPTBot/1.2; +https://openai.com/gptbot)"
66.249.65.97 - - [20/Jul/2025:19:26:18 +0000] "GET /?f=51089479011370&mod=29ee95b9&uri=article.php?item/2834514.shtml HTTP/1.1" 200 20478 "-" "Mozilla/5.0 (Linux; Android 6.0.1; Nexus 5X Build/MMB29P) AppleWebKit/537.36 (KHTML, like Gecko) Chrome/137.0.7151.103 Mobile Safari/537.36 (compatible; Googlebot/2.1; +http://www.google.com/bot.html)"
20.171.207.112 - - [20/Jul/2025:19:26:21 +0000] "GET /item/2066506/ HTTP/1.1" 200 265 "-" "Mozilla/5.0 AppleWebKit/537.36 (KHTML, like Gecko; compatible; GPTBot/1.2; +https://openai.com/gptbot)"
20.171.207.112 - - [20/Jul/2025:19:26:22 +0000] "GET /item/3243266/ HTTP/1.1" 200 265 "-" "Mozilla/5.0 AppleWebKit/537.36 (KHTML, like Gecko; compatible; GPTBot/1.2; +https://openai.com/gptbot)"
20.171.207.112 - - [20/Jul/2025:19:26:23 +0000] "GET /item/3272700/ HTTP/1.1" 200 265 "-" "Mozilla/5.0 AppleWebKit/537.36 (KHTML, like Gecko; compatible; GPTBot/1.2; +https://openai.com/gptbot)"
66.249.65.97 - - [20/Jul/2025:19:26:32 +0000] "GET /?f=5025587031370&mod=67a4b0f5&uri=info.php?item/53394488.shtml HTTP/1.1" 200 19752 "-" "Mozilla/5.0 (Linux; Android 6.0.1; Nexus 5X Build/MMB29P) AppleWebKit/537.36 (KHTML, like Gecko) Chrome/137.0.7151.103 Mobile Safari/537.36 (compatible; Googlebot/2.1; +http://www.google.com/bot.html)"
20.171.207.112 - - [20/Jul/2025:19:26:32 +0000] "GET /item/1948219/ HTTP/1.1" 200 265 "-" "Mozilla/5.0 AppleWebKit/537.36 (KHTML, like Gecko; compatible; GPTBot/1.2; +https://openai.com/gptbot)"
20.171.207.112 - - [20/Jul/2025:19:26:34 +0000] "GET /item/3269126/ HTTP/1.1" 200 265 "-" "Mozilla/5.0 AppleWebKit/537.36 (KHTML, like Gecko; compatible; GPTBot/1.2; +https://openai.com/gptbot)"
66.249.65.97 - - [20/Jul/2025:19:26:34 +0000] "POST /get-message-notify HTTP/1.1" 200 20445 "http://game-gainz.com/?f=5025587031370&mod=67a4b0f5&uri=info.php?item/53394488.shtml" "Mozilla/5.0 (Linux; Android 6.0.1; Nexus 5X Build/MMB29P) AppleWebKit/537.36 (KHTML, like Gecko) Chrome/137.0.7151.119 Mobile Safari/537.36 (compatible; Googlebot/2.1; +http://www.google.com/bot.html)"
20.171.207.112 - - [20/Jul/2025:19:26:35 +0000] "GET /item/3767692/ HTTP/1.1" 200 265 "-" "Mozilla/5.0 AppleWebKit/537.36 (KHTML, like Gecko; compatible; GPTBot/1.2; +https://openai.com/gptbot)"
66.249.65.96 - - [20/Jul/2025:19:26:37 +0000] "GET /?f=5329779031370&mod=f3a3d61b&uri=blog.php?item/55912194.shtml HTTP/1.1" 200 20902 "-" "Mozilla/5.0 (Linux; Android 6.0.1; Nexus 5X Build/MMB29P) AppleWebKit/537.36 (KHTML, like Gecko) Chrome/137.0.7151.103 Mobile Safari/537.36 (compatible; Googlebot/2.1; +http://www.google.com/bot.html)"
66.249.65.96 - - [20/Jul/2025:19:26:39 +0000] "POST /get-message-notify HTTP/1.1" 200 20421 "http://game-gainz.com/?f=5329779031370&mod=f3a3d61b&uri=blog.php?item/55912194.shtml" "Mozilla/5.0 (Linux; Android 6.0.1; Nexus 5X Build/MMB29P) AppleWebKit/537.36 (KHTML, like Gecko) Chrome/137.0.7151.119 Mobile Safari/537.36 (compatible; Googlebot/2.1; +http://www.google.com/bot.html)"
66.249.65.96 - - [20/Jul/2025:19:26:42 +0000] "GET /?f=5344599011370&mod=aebb462e&uri=form.php?item/52942268.shtml HTTP/1.1" 200 21213 "-" "Mozilla/5.0 (Linux; Android 6.0.1; Nexus 5X Build/MMB29P) AppleWebKit/537.36 (KHTML, like Gecko) Chrome/137.0.7151.103 Mobile Safari/537.36 (compatible; Googlebot/2.1; +http://www.google.com/bot.html)"
66.249.65.96 - - [20/Jul/2025:19:26:47 +0000] "GET /?f=5361162021370&mod=b3b0b34e&uri=pin.php?item/49700800.shtml HTTP/1.1" 200 19959 "-" "Mozilla/5.0 (Linux; Android 6.0.1; Nexus 5X Build/MMB29P) AppleWebKit/537.36 (KHTML, like Gecko) Chrome/137.0.7151.103 Mobile Safari/537.36 (compatible; Googlebot/2.1; +http://www.google.com/bot.html)"
20.171.207.112 - - [20/Jul/2025:19:26:52 +0000] "GET /item/2884984/ HTTP/1.1" 200 265 "-" "Mozilla/5.0 AppleWebKit/537.36 (KHTML, like Gecko; compatible; GPTBot/1.2; +https://openai.com/gptbot)"
66.249.65.96 - - [20/Jul/2025:19:26:52 +0000] "GET /?f=5361162021370&mod=b3b0b34e&uri=pin.php?item/49705548.shtml HTTP/1.1" 200 20002 "-" "Mozilla/5.0 (Linux; Android 6.0.1; Nexus 5X Build/MMB29P) AppleWebKit/537.36 (KHTML, like Gecko) Chrome/137.0.7151.103 Mobile Safari/537.36 (compatible; Googlebot/2.1; +http://www.google.com/bot.html)"
66.249.65.96 - - [20/Jul/2025:19:26:56 +0000] "GET /?f=4922380141370&mod=9ce60c64&uri=shop.php?item/48297586.shtml HTTP/1.1" 200 20575 "-" "Mozilla/5.0 (Linux; Android 6.0.1; Nexus 5X Build/MMB29P) AppleWebKit/537.36 (KHTML, like Gecko) Chrome/137.0.7151.103 Mobile Safari/537.36 (compatible; Googlebot/2.1; +http://www.google.com/bot.html)"
66.249.65.96 - - [20/Jul/2025:19:26:58 +0000] "POST /get-message-notify HTTP/1.1" 200 20444 "http://game-gainz.com/?f=4922380141370&mod=9ce60c64&uri=shop.php?item/48297586.shtml" "Mozilla/5.0 (Linux; Android 6.0.1; Nexus 5X Build/MMB29P) AppleWebKit/537.36 (KHTML, like Gecko) Chrome/137.0.7151.119 Mobile Safari/537.36 (compatible; Googlebot/2.1; +http://www.google.com/bot.html)"
66.249.65.96 - - [20/Jul/2025:19:27:01 +0000] "GET /?f=105153467021370&mod=1a4461e3&uri=itm.php?item/50682232.shtml HTTP/1.1" 200 19793 "-" "Mozilla/5.0 (Linux; Android 6.0.1; Nexus 5X Build/MMB29P) AppleWebKit/537.36 (KHTML, like Gecko) Chrome/137.0.7151.103 Mobile Safari/537.36 (compatible; Googlebot/2.1; +http://www.google.com/bot.html)"
20.171.207.112 - - [20/Jul/2025:19:27:01 +0000] "GET /item/3784078/ HTTP/1.1" 200 265 "-" "Mozilla/5.0 AppleWebKit/537.36 (KHTML, like Gecko; compatible; GPTBot/1.2; +https://openai.com/gptbot)"
66.249.65.96 - - [20/Jul/2025:19:27:03 +0000] "POST /get-message-notify HTTP/1.1" 200 20410 "http://game-gainz.com/?f=105153467021370&mod=1a4461e3&uri=itm.php?item/50682232.shtml" "Mozilla/5.0 (Linux; Android 6.0.1; Nexus 5X Build/MMB29P) AppleWebKit/537.36 (KHTML, like Gecko) Chrome/137.0.7151.119 Mobile Safari/537.36 (compatible; Googlebot/2.1; +http://www.google.com/bot.html)"
66.249.65.97 - - [20/Jul/2025:19:27:09 +0000] "GET /?f=105153467021370&mod=1a4461e3&uri=itm.php?item/50685754.shtml HTTP/1.1" 200 21270 "-" "Mozilla/5.0 (Linux; Android 6.0.1; Nexus 5X Build/MMB29P) AppleWebKit/537.36 (KHTML, like Gecko) Chrome/137.0.7151.103 Mobile Safari/537.36 (compatible; Googlebot/2.1; +http://www.google.com/bot.html)"
20.171.207.112 - - [20/Jul/2025:19:27:13 +0000] "GET /item/2902986/ HTTP/1.1" 200 265 "-" "Mozilla/5.0 AppleWebKit/537.36 (KHTML, like Gecko; compatible; GPTBot/1.2; +https://openai.com/gptbot)"
66.249.65.96 - - [20/Jul/2025:19:27:14 +0000] "GET /?f=105153467021370&mod=1a4461e3&uri=itm.php?item/50684812.shtml HTTP/1.1" 200 19938 "-" "Mozilla/5.0 (Linux; Android 6.0.1; Nexus 5X Build/MMB29P) AppleWebKit/537.36 (KHTML, like Gecko) Chrome/137.0.7151.103 Mobile Safari/537.36 (compatible; Googlebot/2.1; +http://www.google.com/bot.html)"
20.171.207.112 - - [20/Jul/2025:19:27:14 +0000] "GET /item/3583352/ HTTP/1.1" 200 265 "-" "Mozilla/5.0 AppleWebKit/537.36 (KHTML, like Gecko; compatible; GPTBot/1.2; +https://openai.com/gptbot)"
20.171.207.112 - - [20/Jul/2025:19:27:18 +0000] "GET /item/3470334/ HTTP/1.1" 200 265 "-" "Mozilla/5.0 AppleWebKit/537.36 (KHTML, like Gecko; compatible; GPTBot/1.2; +https://openai.com/gptbot)"
66.249.65.96 - - [20/Jul/2025:19:27:18 +0000] "GET /?f=5488356021370&mod=48f27972&uri=dp.php?item/4206630.shtml HTTP/1.1" 200 20182 "-" "Mozilla/5.0 (Linux; Android 6.0.1; Nexus 5X Build/MMB29P) AppleWebKit/537.36 (KHTML, like Gecko) Chrome/137.0.7151.103 Mobile Safari/537.36 (compatible; Googlebot/2.1; +http://www.google.com/bot.html)"
66.249.65.96 - - [20/Jul/2025:19:27:19 +0000] "POST /get-message-notify HTTP/1.1" 200 20418 "http://game-gainz.com/?f=105153467021370&mod=1a4461e3&uri=itm.php?item/50685754.shtml" "Mozilla/5.0 (Linux; Android 6.0.1; Nexus 5X Build/MMB29P) AppleWebKit/537.36 (KHTML, like Gecko) Chrome/137.0.7151.119 Mobile Safari/537.36 (compatible; Googlebot/2.1; +http://www.google.com/bot.html)"
66.249.65.96 - - [20/Jul/2025:19:27:20 +0000] "GET /index.php/item/3295276/ HTTP/1.1" 200 20360 "-" "Mozilla/5.0 (Linux; Android 6.0.1; Nexus 5X Build/MMB29P) AppleWebKit/537.36 (KHTML, like Gecko) Chrome/137.0.7151.103 Mobile Safari/537.36 (compatible; Googlebot/2.1; +http://www.google.com/bot.html)"
20.171.207.112 - - [20/Jul/2025:19:27:22 +0000] "GET /item/4747285/ HTTP/1.1" 200 265 "-" "Mozilla/5.0 AppleWebKit/537.36 (KHTML, like Gecko; compatible; GPTBot/1.2; +https://openai.com/gptbot)"
66.249.65.96 - - [20/Jul/2025:19:27:23 +0000] "GET /?f=5488356021370&mod=48f27972&uri=dp.php?item/56126660.shtml HTTP/1.1" 200 20218 "-" "Mozilla/5.0 (Linux; Android 6.0.1; Nexus 5X Build/MMB29P) AppleWebKit/537.36 (KHTML, like Gecko) Chrome/137.0.7151.103 Mobile Safari/537.36 (compatible; Googlebot/2.1; +http://www.google.com/bot.html)"
20.171.207.112 - - [20/Jul/2025:19:27:26 +0000] "GET /item/1881856/ HTTP/1.1" 200 265 "-" "Mozilla/5.0 AppleWebKit/537.36 (KHTML, like Gecko; compatible; GPTBot/1.2; +https://openai.com/gptbot)"
20.171.207.112 - - [20/Jul/2025:19:27:27 +0000] "GET /item/2421246/ HTTP/1.1" 200 265 "-" "Mozilla/5.0 AppleWebKit/537.36 (KHTML, like Gecko; compatible; GPTBot/1.2; +https://openai.com/gptbot)"
66.249.65.96 - - [20/Jul/2025:19:27:29 +0000] "GET /?f=5488356021370&mod=48f27972&uri=dp.php?item/56146336.shtml HTTP/1.1" 200 20640 "-" "Mozilla/5.0 (Linux; Android 6.0.1; Nexus 5X Build/MMB29P) AppleWebKit/537.36 (KHTML, like Gecko) Chrome/137.0.7151.103 Mobile Safari/537.36 (compatible; Googlebot/2.1; +http://www.google.com/bot.html)"
66.249.65.96 - - [20/Jul/2025:19:27:33 +0000] "POST /get-message-notify HTTP/1.1" 200 20407 "http://game-gainz.com/?f=5488356021370&mod=48f27972&uri=dp.php?item/56126660.shtml" "Mozilla/5.0 (Linux; Android 6.0.1; Nexus 5X Build/MMB29P) AppleWebKit/537.36 (KHTML, like Gecko) Chrome/137.0.7151.119 Mobile Safari/537.36 (compatible; Googlebot/2.1; +http://www.google.com/bot.html)"
66.249.65.96 - - [20/Jul/2025:19:27:34 +0000] "POST /get-message-notify HTTP/1.1" 200 20443 "http://game-gainz.com/?f=5488356021370&mod=48f27972&uri=dp.php?item/4206630.shtml" "Mozilla/5.0 (Linux; Android 6.0.1; Nexus 5X Build/MMB29P) AppleWebKit/537.36 (KHTML, like Gecko) Chrome/137.0.7151.119 Mobile Safari/537.36 (compatible; Googlebot/2.1; +http://www.google.com/bot.html)"
66.249.65.96 - - [20/Jul/2025:19:27:34 +0000] "GET /?f=5488356021370&mod=48f27972&uri=dp.php?product/edit/G1532537811 HTTP/1.1" 200 20249 "-" "Mozilla/5.0 (Linux; Android 6.0.1; Nexus 5X Build/MMB29P) AppleWebKit/537.36 (KHTML, like Gecko) Chrome/137.0.7151.103 Mobile Safari/537.36 (compatible; Googlebot/2.1; +http://www.google.com/bot.html)"
66.249.65.96 - - [20/Jul/2025:19:27:36 +0000] "POST /get-message-notify HTTP/1.1" 200 20444 "http://game-gainz.com/?f=5488356021370&mod=48f27972&uri=dp.php?product/edit/G1532537811" "Mozilla/5.0 (Linux; Android 6.0.1; Nexus 5X Build/MMB29P) AppleWebKit/537.36 (KHTML, like Gecko) Chrome/137.0.7151.119 Mobile Safari/537.36 (compatible; Googlebot/2.1; +http://www.google.com/bot.html)"
66.249.65.96 - - [20/Jul/2025:19:27:39 +0000] "GET /?f=5025587031370&mod=67a4b0f5&uri=info.php?item/1503482700.shtml HTTP/1.1" 200 20930 "-" "Mozilla/5.0 (Linux; Android 6.0.1; Nexus 5X Build/MMB29P) AppleWebKit/537.36 (KHTML, like Gecko) Chrome/137.0.7151.103 Mobile Safari/537.36 (compatible; Googlebot/2.1; +http://www.google.com/bot.html)"
20.171.207.112 - - [20/Jul/2025:19:27:42 +0000] "GET /item/2307023/ HTTP/1.1" 200 265 "-" "Mozilla/5.0 AppleWebKit/537.36 (KHTML, like Gecko; compatible; GPTBot/1.2; +https://openai.com/gptbot)"
66.249.65.97 - - [20/Jul/2025:19:27:43 +0000] "GET /?f=4922380141370&mod=9ce60c64&uri=shop.php?item/48783824.shtml HTTP/1.1" 200 20001 "-" "Mozilla/5.0 (Linux; Android 6.0.1; Nexus 5X Build/MMB29P) AppleWebKit/537.36 (KHTML, like Gecko) Chrome/137.0.7151.103 Mobile Safari/537.36 (compatible; Googlebot/2.1; +http://www.google.com/bot.html)"
20.171.207.112 - - [20/Jul/2025:19:27:52 +0000] "GET /item/2525753/ HTTP/1.1" 200 265 "-" "Mozilla/5.0 AppleWebKit/537.36 (KHTML, like Gecko; compatible; GPTBot/1.2; +https://openai.com/gptbot)"
66.249.65.96 - - [20/Jul/2025:19:27:52 +0000] "GET /?f=5344599011370&mod=aebb462e&uri=form.php?item/52890260.shtml HTTP/1.1" 200 20996 "-" "Mozilla/5.0 (Linux; Android 6.0.1; Nexus 5X Build/MMB29P) AppleWebKit/537.36 (KHTML, like Gecko) Chrome/137.0.7151.103 Mobile Safari/537.36 (compatible; Googlebot/2.1; +http://www.google.com/bot.html)"
66.249.65.97 - - [20/Jul/2025:19:27:57 +0000] "GET /?f=5142617111370&mod=e6e9099e&uri=info.php%3Fid%3D171677-57%26name%3Dkns+8400+krk HTTP/1.1" 200 20588 "-" "Mozilla/5.0 (Linux; Android 6.0.1; Nexus 5X Build/MMB29P) AppleWebKit/537.36 (KHTML, like Gecko) Chrome/137.0.7151.103 Mobile Safari/537.36 (compatible; Googlebot/2.1; +http://www.google.com/bot.html)"
66.249.65.97 - - [20/Jul/2025:19:27:58 +0000] "POST /get-message-notify HTTP/1.1" 200 20422 "http://game-gainz.com/?f=4922380141370&mod=9ce60c64&uri=shop.php?item/48783824.shtml" "Mozilla/5.0 (Linux; Android 6.0.1; Nexus 5X Build/MMB29P) AppleWebKit/537.36 (KHTML, like Gecko) Chrome/137.0.7151.119 Mobile Safari/537.36 (compatible; Googlebot/2.1; +http://www.google.com/bot.html)"
66.249.65.98 - - [20/Jul/2025:19:28:02 +0000] "GET /?f=5328309061370&mod=aebb462e&uri=products.php%3Fid%3D177885-318%26name%3Dzapatos+adidas+vinotintos HTTP/1.1" 200 20639 "-" "Mozilla/5.0 (Linux; Android 6.0.1; Nexus 5X Build/MMB29P) AppleWebKit/537.36 (KHTML, like Gecko) Chrome/137.0.7151.103 Mobile Safari/537.36 (compatible; Googlebot/2.1; +http://www.google.com/bot.html)"
66.249.65.97 - - [20/Jul/2025:19:28:06 +0000] "GET /?f=4991927061370&mod=337f9ed6&uri=us.php%3Fid%3D166653-304%26name%3Dfashion+bags+2019 HTTP/1.1" 200 19842 "-" "Mozilla/5.0 (Linux; Android 6.0.1; Nexus 5X Build/MMB29P) AppleWebKit/537.36 (KHTML, like Gecko) Chrome/137.0.7151.103 Mobile Safari/537.36 (compatible; Googlebot/2.1; +http://www.google.com/bot.html)"
209.85.238.32 - - [20/Jul/2025:19:28:07 +0000] "GET /?f=5028647001370&mod=67a4b0f5&uri=product.php%3Fid%3D167877-307%26name%3Dadidas+yeezy+boost+350+bianche+e+nere+donna HTTP/1.1" 200 265 "-" "Mozilla/5.0 (X11; Linux x86_64) AppleWebKit/537.36 (KHTML, like Gecko) Chrome/137.0.7151.119 Safari/537.36"
66.249.65.97 - - [20/Jul/2025:19:28:10 +0000] "POST /get-message-notify HTTP/1.1" 200 20447 "http://game-gainz.com/?f=4991927061370&mod=337f9ed6&uri=us.php%3Fid%3D166653-304%26name%3Dfashion+bags+2019" "Mozilla/5.0 (Linux; Android 6.0.1; Nexus 5X Build/MMB29P) AppleWebKit/537.36 (KHTML, like Gecko) Chrome/137.0.7151.119 Mobile Safari/537.36 (compatible; Googlebot/2.1; +http://www.google.com/bot.html)"
66.249.65.96 - - [20/Jul/2025:19:28:10 +0000] "GET /?f=116379233031370&mod=656a0310&uri=dp.php%3Fid%3D3883986-296%26name%3Dhow+to+make+a+call+on+fitbit+versa HTTP/1.1" 200 20699 "-" "Mozilla/5.0 (Linux; Android 6.0.1; Nexus 5X Build/MMB29P) AppleWebKit/537.36 (KHTML, like Gecko) Chrome/137.0.7151.103 Mobile Safari/537.36 (compatible; Googlebot/2.1; +http://www.google.com/bot.html)"
20.171.207.112 - - [20/Jul/2025:19:28:13 +0000] "GET /item/2902993/ HTTP/1.1" 200 265 "-" "Mozilla/5.0 AppleWebKit/537.36 (KHTML, like Gecko; compatible; GPTBot/1.2; +https://openai.com/gptbot)"
66.249.65.96 - - [20/Jul/2025:19:28:15 +0000] "GET /?f=5490134001370&mod=20c99c68&uri=shop.php%3Fid%3D183283-328%26name%3Dgaleria+kaufhof+damen+boots HTTP/1.1" 200 20739 "-" "Mozilla/5.0 (Linux; Android 6.0.1; Nexus 5X Build/MMB29P) AppleWebKit/537.36 (KHTML, like Gecko) Chrome/137.0.7151.103 Mobile Safari/537.36 (compatible; Googlebot/2.1; +http://www.google.com/bot.html)"
20.171.207.112 - - [20/Jul/2025:19:28:17 +0000] "GET /item/4646635/ HTTP/1.1" 200 265 "-" "Mozilla/5.0 AppleWebKit/537.36 (KHTML, like Gecko; compatible; GPTBot/1.2; +https://openai.com/gptbot)"
66.249.65.96 - - [20/Jul/2025:19:28:22 +0000] "POST /get-message-notify HTTP/1.1" 200 20416 "http://game-gainz.com/?f=5142617111370&mod=e6e9099e&uri=info.php%3Fid%3D171677-57%26name%3Dkns+8400+krk" "Mozilla/5.0 (Linux; Android 6.0.1; Nexus 5X Build/MMB29P) AppleWebKit/537.36 (KHTML, like Gecko) Chrome/137.0.7151.119 Mobile Safari/537.36 (compatible; Googlebot/2.1; +http://www.google.com/bot.html)"
66.249.65.96 - - [20/Jul/2025:19:28:24 +0000] "GET /?f=70321762061370&mod=498f2c21&uri=dp.php%3Fid%3D2346707-64%26name%3Doculus+rift+dk2+price HTTP/1.1" 200 20408 "-" "Mozilla/5.0 (Linux; Android 6.0.1; Nexus 5X Build/MMB29P) AppleWebKit/537.36 (KHTML, like Gecko) Chrome/137.0.7151.103 Mobile Safari/537.36 (compatible; Googlebot/2.1; +http://www.google.com/bot.html)"
66.249.65.96 - - [20/Jul/2025:19:28:24 +0000] "GET /?f=5344599011370&mod=aebb462e&uri=form.php?item/8150856.shtml HTTP/1.1" 200 20349 "-" "Mozilla/5.0 (Linux; Android 6.0.1; Nexus 5X Build/MMB29P) AppleWebKit/537.36 (KHTML, like Gecko) Chrome/137.0.7151.103 Mobile Safari/537.36 (compatible; Googlebot/2.1; +http://www.google.com/bot.html)"
66.249.65.96 - - [20/Jul/2025:19:28:28 +0000] "GET /?f=67348314061370&mod=3a9de64a&uri=info.php%3Fid%3D2247467-80%26name%3Dlightbridge+price HTTP/1.1" 200 20124 "-" "Mozilla/5.0 (Linux; Android 6.0.1; Nexus 5X Build/MMB29P) AppleWebKit/537.36 (KHTML, like Gecko) Chrome/137.0.7151.103 Mobile Safari/537.36 (compatible; Googlebot/2.1; +http://www.google.com/bot.html)"
66.249.65.96 - - [20/Jul/2025:19:28:28 +0000] "POST /get-message-notify HTTP/1.1" 200 20418 "http://game-gainz.com/?f=70321762061370&mod=498f2c21&uri=dp.php%3Fid%3D2346707-64%26name%3Doculus+rift+dk2+price" "Mozilla/5.0 (Linux; Android 6.0.1; Nexus 5X Build/MMB29P) AppleWebKit/537.36 (KHTML, like Gecko) Chrome/137.0.7151.119 Mobile Safari/537.36 (compatible; Googlebot/2.1; +http://www.google.com/bot.html)"
66.249.65.96 - - [20/Jul/2025:19:28:32 +0000] "GET /?f=5361342121370&mod=d802a3e6&uri=shop.php%3Fid%3D178987-322%26name%3Dlongest+lasting+dishwasher HTTP/1.1" 200 19850 "-" "Mozilla/5.0 (Linux; Android 6.0.1; Nexus 5X Build/MMB29P) AppleWebKit/537.36 (KHTML, like Gecko) Chrome/137.0.7151.103 Mobile Safari/537.36 (compatible; Googlebot/2.1; +http://www.google.com/bot.html)"
20.171.207.112 - - [20/Jul/2025:19:28:33 +0000] "GET /item/2092792/ HTTP/1.1" 200 265 "-" "Mozilla/5.0 AppleWebKit/537.36 (KHTML, like Gecko; compatible; GPTBot/1.2; +https://openai.com/gptbot)"
66.249.65.96 - - [20/Jul/2025:19:28:36 +0000] "GET /?f=5361162021370&mod=b3b0b34e&uri=pin.php?item/878619320.shtml HTTP/1.1" 200 21187 "-" "Mozilla/5.0 (Linux; Android 6.0.1; Nexus 5X Build/MMB29P) AppleWebKit/537.36 (KHTML, like Gecko) Chrome/137.0.7151.103 Mobile Safari/537.36 (compatible; Googlebot/2.1; +http://www.google.com/bot.html)"
66.249.65.96 - - [20/Jul/2025:19:28:36 +0000] "GET /?f=5342649061370&mod=f3a3d61b&uri=info.php%3Fid%3D178363-320%26name%3Dsaucony+progrid+razor+review HTTP/1.1" 200 21433 "-" "Mozilla/5.0 (Linux; Android 6.0.1; Nexus 5X Build/MMB29P) AppleWebKit/537.36 (KHTML, like Gecko) Chrome/137.0.7151.103 Mobile Safari/537.36 (compatible; Googlebot/2.1; +http://www.google.com/bot.html)"
66.249.65.96 - - [20/Jul/2025:19:28:39 +0000] "POST /get-message-notify HTTP/1.1" 200 20441 "http://game-gainz.com/?f=5342649061370&mod=f3a3d61b&uri=info.php%3Fid%3D178363-320%26name%3Dsaucony+progrid+razor+review" "Mozilla/5.0 (Linux; Android 6.0.1; Nexus 5X Build/MMB29P) AppleWebKit/537.36 (KHTML, like Gecko) Chrome/137.0.7151.119 Mobile Safari/537.36 (compatible; Googlebot/2.1; +http://www.google.com/bot.html)"
66.249.65.97 - - [20/Jul/2025:19:28:41 +0000] "GET /?f=5119477021370&mod=14b7367a&uri=shop.php%3Fid%3D170905-87%26name%3Dkamerastore+reviews HTTP/1.1" 200 20407 "-" "Mozilla/5.0 (Linux; Android 6.0.1; Nexus 5X Build/MMB29P) AppleWebKit/537.36 (KHTML, like Gecko) Chrome/137.0.7151.103 Mobile Safari/537.36 (compatible; Googlebot/2.1; +http://www.google.com/bot.html)"
20.171.207.112 - - [20/Jul/2025:19:28:44 +0000] "GET /item/2930292/ HTTP/1.1" 200 265 "-" "Mozilla/5.0 AppleWebKit/537.36 (KHTML, like Gecko; compatible; GPTBot/1.2; +https://openai.com/gptbot)"
66.249.65.96 - - [20/Jul/2025:19:28:45 +0000] "POST /get-message-notify HTTP/1.1" 200 20439 "http://game-gainz.com/?f=5119477021370&mod=14b7367a&uri=shop.php%3Fid%3D170905-87%26name%3Dkamerastore+reviews" "Mozilla/5.0 (Linux; Android 6.0.1; Nexus 5X Build/MMB29P) AppleWebKit/537.36 (KHTML, like Gecko) Chrome/137.0.7151.119 Mobile Safari/537.36 (compatible; Googlebot/2.1; +http://www.google.com/bot.html)"
66.249.65.96 - - [20/Jul/2025:19:28:47 +0000] "GET /?f=5152036041370&mod=ebbb5ccb&uri=shop.php%3Fid%3D171991-155%26name%3Dgoogle+home+mini+family HTTP/1.1" 200 19688 "-" "Mozilla/5.0 (Linux; Android 6.0.1; Nexus 5X Build/MMB29P) AppleWebKit/537.36 (KHTML, like Gecko) Chrome/137.0.7151.103 Mobile Safari/537.36 (compatible; Googlebot/2.1; +http://www.google.com/bot.html)"
66.249.65.97 - - [20/Jul/2025:19:28:48 +0000] "POST /get-message-notify HTTP/1.1" 200 20443 "http://game-gainz.com/?f=5361342121370&mod=d802a3e6&uri=shop.php%3Fid%3D178987-322%26name%3Dlongest+lasting+dishwasher" "Mozilla/5.0 (Linux; Android 6.0.1; Nexus 5X Build/MMB29P) AppleWebKit/537.36 (KHTML, like Gecko) Chrome/137.0.7151.119 Mobile Safari/537.36 (compatible; Googlebot/2.1; +http://www.google.com/bot.html)"
66.249.65.97 - - [20/Jul/2025:19:28:50 +0000] "POST /get-message-notify HTTP/1.1" 200 20421 "http://game-gainz.com/?f=5152036041370&mod=ebbb5ccb&uri=shop.php%3Fid%3D171991-155%26name%3Dgoogle+home+mini+family" "Mozilla/5.0 (Linux; Android 6.0.1; Nexus 5X Build/MMB29P) AppleWebKit/537.36 (KHTML, like Gecko) Chrome/137.0.7151.119 Mobile Safari/537.36 (compatible; Googlebot/2.1; +http://www.google.com/bot.html)"
66.249.65.96 - - [20/Jul/2025:19:28:52 +0000] "GET /?f=93382850011370&mod=67a4b0f5&uri=article.php%3Fid%3D3116355-307%26name%3Damazon+adidas+yeezy HTTP/1.1" 200 20342 "-" "Mozilla/5.0 (Linux; Android 6.0.1; Nexus 5X Build/MMB29P) AppleWebKit/537.36 (KHTML, like Gecko) Chrome/137.0.7151.103 Mobile Safari/537.36 (compatible; Googlebot/2.1; +http://www.google.com/bot.html)"
66.249.65.96 - - [20/Jul/2025:19:28:58 +0000] "GET /?f=4734061131370&mod=311864ec&uri=article.php%3Fid%3D158003-292%26name%3Dkyrie+irving+celtics+t+shirt HTTP/1.1" 200 21306 "-" "Mozilla/5.0 (Linux; Android 6.0.1; Nexus 5X Build/MMB29P) AppleWebKit/537.36 (KHTML, like Gecko) Chrome/137.0.7151.103 Mobile Safari/537.36 (compatible; Googlebot/2.1; +http://www.google.com/bot.html)"
66.249.65.98 - - [20/Jul/2025:19:29:03 +0000] "GET /?f=4734031121370&mod=e64f3468&uri=dp.php%3Fid%3D158002-103%26name%3Dbrinker+and+eliza+necklace HTTP/1.1" 200 19977 "-" "Mozilla/5.0 (Linux; Android 6.0.1; Nexus 5X Build/MMB29P) AppleWebKit/537.36 (KHTML, like Gecko) Chrome/137.0.7151.103 Mobile Safari/537.36 (compatible; Googlebot/2.1; +http://www.google.com/bot.html)"
20.171.207.112 - - [20/Jul/2025:19:29:04 +0000] "GET /item/1070788/ HTTP/1.1" 200 265 "-" "Mozilla/5.0 AppleWebKit/537.36 (KHTML, like Gecko; compatible; GPTBot/1.2; +https://openai.com/gptbot)"
20.171.207.112 - - [20/Jul/2025:19:29:05 +0000] "GET /item/2121170/ HTTP/1.1" 200 265 "-" "Mozilla/5.0 AppleWebKit/537.36 (KHTML, like Gecko; compatible; GPTBot/1.2; +https://openai.com/gptbot)"
66.249.65.96 - - [20/Jul/2025:19:29:05 +0000] "POST /get-message-notify HTTP/1.1" 200 20410 "http://game-gainz.com/?f=4734031121370&mod=e64f3468&uri=dp.php%3Fid%3D158002-103%26name%3Dbrinker+and+eliza+necklace" "Mozilla/5.0 (Linux; Android 6.0.1; Nexus 5X Build/MMB29P) AppleWebKit/537.36 (KHTML, like Gecko) Chrome/137.0.7151.119 Mobile Safari/537.36 (compatible; Googlebot/2.1; +http://www.google.com/bot.html)"
66.249.65.96 - - [20/Jul/2025:19:29:08 +0000] "GET /?f=4732351011370&mod=a20bed5c&uri=itm.php%3Fid%3D157946-294%26name%3Dring+tape+measure HTTP/1.1" 200 19863 "-" "Mozilla/5.0 (Linux; Android 6.0.1; Nexus 5X Build/MMB29P) AppleWebKit/537.36 (KHTML, like Gecko) Chrome/137.0.7151.103 Mobile Safari/537.36 (compatible; Googlebot/2.1; +http://www.google.com/bot.html)"
66.249.65.96 - - [20/Jul/2025:19:29:15 +0000] "POST /get-message-notify HTTP/1.1" 200 20440 "http://game-gainz.com/?f=4734061131370&mod=311864ec&uri=article.php%3Fid%3D158003-292%26name%3Dkyrie+irving+celtics+t+shirt" "Mozilla/5.0 (Linux; Android 6.0.1; Nexus 5X Build/MMB29P) AppleWebKit/537.36 (KHTML, like Gecko) Chrome/137.0.7151.119 Mobile Safari/537.36 (compatible; Googlebot/2.1; +http://www.google.com/bot.html)"
66.249.65.96 - - [20/Jul/2025:19:29:15 +0000] "GET /?f=5135216091370&mod=e6e9099e&uri=news.php%3Fid%3D171430-57%26name%3Djbl+club+pro+plus+tws+review HTTP/1.1" 200 20374 "-" "Mozilla/5.0 (Linux; Android 6.0.1; Nexus 5X Build/MMB29P) AppleWebKit/537.36 (KHTML, like Gecko) Chrome/137.0.7151.103 Mobile Safari/537.36 (compatible; Googlebot/2.1; +http://www.google.com/bot.html)"
66.249.65.96 - - [20/Jul/2025:19:29:18 +0000] "POST /get-message-notify HTTP/1.1" 200 20408 "http://game-gainz.com/?f=5135216091370&mod=e6e9099e&uri=news.php%3Fid%3D171430-57%26name%3Djbl+club+pro+plus+tws+review" "Mozilla/5.0 (Linux; Android 6.0.1; Nexus 5X Build/MMB29P) AppleWebKit/537.36 (KHTML, like Gecko) Chrome/137.0.7151.119 Mobile Safari/537.36 (compatible; Googlebot/2.1; +http://www.google.com/bot.html)"
66.249.65.96 - - [20/Jul/2025:19:29:20 +0000] "GET /?f=5534524031370&mod=48f27972&uri=news.php?item/2816236.shtml HTTP/1.1" 200 20161 "-" "Mozilla/5.0 (Linux; Android 6.0.1; Nexus 5X Build/MMB29P) AppleWebKit/537.36 (KHTML, like Gecko) Chrome/137.0.7151.103 Mobile Safari/537.36 (compatible; Googlebot/2.1; +http://www.google.com/bot.html)"
66.249.65.96 - - [20/Jul/2025:19:29:24 +0000] "GET /?f=5616405021370&mod=cb0b5f13&uri=news.php%3Fid%3D187519-332%26name%3Dslow+motion+nachiba+tike+sambalpuri+dance HTTP/1.1" 200 21094 "-" "Mozilla/5.0 (Linux; Android 6.0.1; Nexus 5X Build/MMB29P) AppleWebKit/537.36 (KHTML, like Gecko) Chrome/137.0.7151.103 Mobile Safari/537.36 (compatible; Googlebot/2.1; +http://www.google.com/bot.html)"
66.249.65.96 - - [20/Jul/2025:19:29:25 +0000] "POST /get-message-notify HTTP/1.1" 200 20417 "http://game-gainz.com/?f=5534524031370&mod=48f27972&uri=news.php?item/2816236.shtml" "Mozilla/5.0 (Linux; Android 6.0.1; Nexus 5X Build/MMB29P) AppleWebKit/537.36 (KHTML, like Gecko) Chrome/137.0.7151.119 Mobile Safari/537.36 (compatible; Googlebot/2.1; +http://www.google.com/bot.html)"
20.171.207.112 - - [20/Jul/2025:19:29:26 +0000] "GET /item/3898910/ HTTP/1.1" 200 265 "-" "Mozilla/5.0 AppleWebKit/537.36 (KHTML, like Gecko; compatible; GPTBot/1.2; +https://openai.com/gptbot)"
20.171.207.112 - - [20/Jul/2025:19:29:27 +0000] "GET /item/4524582/ HTTP/1.1" 200 265 "-" "Mozilla/5.0 AppleWebKit/537.36 (KHTML, like Gecko; compatible; GPTBot/1.2; +https://openai.com/gptbot)"
66.249.65.96 - - [20/Jul/2025:19:29:29 +0000] "GET /?f=5539684011370&mod=6f39194d&uri=news.php%3Fid%3D184936-310%26name%3Damd+radeon+hd+6950+series HTTP/1.1" 200 20511 "-" "Mozilla/5.0 (Linux; Android 6.0.1; Nexus 5X Build/MMB29P) AppleWebKit/537.36 (KHTML, like Gecko) Chrome/137.0.7151.103 Mobile Safari/537.36 (compatible; Googlebot/2.1; +http://www.google.com/bot.html)"
20.171.207.112 - - [20/Jul/2025:19:30:00 +0000] "GET /item/2162190/ HTTP/1.1" 200 265 "-" "Mozilla/5.0 AppleWebKit/537.36 (KHTML, like Gecko; compatible; GPTBot/1.2; +https://openai.com/gptbot)"
20.171.207.112 - - [20/Jul/2025:19:30:04 +0000] "GET /item/1858596/ HTTP/1.1" 200 265 "-" "Mozilla/5.0 AppleWebKit/537.36 (KHTML, like Gecko; compatible; GPTBot/1.2; +https://openai.com/gptbot)"
20.171.207.112 - - [20/Jul/2025:19:30:06 +0000] "GET /item/3815150/ HTTP/1.1" 200 265 "-" "Mozilla/5.0 AppleWebKit/537.36 (KHTML, like Gecko; compatible; GPTBot/1.2; +https://openai.com/gptbot)"
20.171.207.112 - - [20/Jul/2025:19:30:10 +0000] "GET /item/4392626/ HTTP/1.1" 200 265 "-" "Mozilla/5.0 AppleWebKit/537.36 (KHTML, like Gecko; compatible; GPTBot/1.2; +https://openai.com/gptbot)"
20.171.207.112 - - [20/Jul/2025:19:30:16 +0000] "GET /item/2752828/ HTTP/1.1" 200 265 "-" "Mozilla/5.0 AppleWebKit/537.36 (KHTML, like Gecko; compatible; GPTBot/1.2; +https://openai.com/gptbot)"
20.171.207.112 - - [20/Jul/2025:19:30:20 +0000] "GET /item/3748376/ HTTP/1.1" 200 265 "-" "Mozilla/5.0 AppleWebKit/537.36 (KHTML, like Gecko; compatible; GPTBot/1.2; +https://openai.com/gptbot)"
20.171.207.112 - - [20/Jul/2025:19:30:24 +0000] "GET /item/5012901/ HTTP/1.1" 200 265 "-" "Mozilla/5.0 AppleWebKit/537.36 (KHTML, like Gecko; compatible; GPTBot/1.2; +https://openai.com/gptbot)"
20.171.207.112 - - [20/Jul/2025:19:30:31 +0000] "GET /item/2752828/ HTTP/1.1" 200 265 "-" "Mozilla/5.0 AppleWebKit/537.36 (KHTML, like Gecko; compatible; GPTBot/1.2; +https://openai.com/gptbot)"
20.171.207.112 - - [20/Jul/2025:19:30:32 +0000] "GET /item/2424680/ HTTP/1.1" 200 265 "-" "Mozilla/5.0 AppleWebKit/537.36 (KHTML, like Gecko; compatible; GPTBot/1.2; +https://openai.com/gptbot)"
20.171.207.112 - - [20/Jul/2025:19:30:34 +0000] "GET /item/3360808/ HTTP/1.1" 200 265 "-" "Mozilla/5.0 AppleWebKit/537.36 (KHTML, like Gecko; compatible; GPTBot/1.2; +https://openai.com/gptbot)"
20.171.207.112 - - [20/Jul/2025:19:30:35 +0000] "GET /item/3405346/ HTTP/1.1" 200 265 "-" "Mozilla/5.0 AppleWebKit/537.36 (KHTML, like Gecko; compatible; GPTBot/1.2; +https://openai.com/gptbot)"
20.171.207.112 - - [20/Jul/2025:19:30:41 +0000] "GET /item/3030296/ HTTP/1.1" 200 265 "-" "Mozilla/5.0 AppleWebKit/537.36 (KHTML, like Gecko; compatible; GPTBot/1.2; +https://openai.com/gptbot)"
66.249.65.98 - - [20/Jul/2025:19:30:59 +0000] "GET /?f=5329779031370&mod=f3a3d61b&uri=blog.php?item/50576100.shtml HTTP/1.1" 200 20940 "-" "Mozilla/5.0 (compatible; Googlebot/2.1; +http://www.google.com/bot.html)"
20.171.207.112 - - [20/Jul/2025:19:31:56 +0000] "GET /item/4785285/ HTTP/1.1" 200 265 "-" "Mozilla/5.0 AppleWebKit/537.36 (KHTML, like Gecko; compatible; GPTBot/1.2; +https://openai.com/gptbot)"
20.171.207.112 - - [20/Jul/2025:19:31:58 +0000] "GET /item/4040811/ HTTP/1.1" 200 265 "-" "Mozilla/5.0 AppleWebKit/537.36 (KHTML, like Gecko; compatible; GPTBot/1.2; +https://openai.com/gptbot)"
20.171.207.112 - - [20/Jul/2025:19:32:12 +0000] "GET /item/1132424/ HTTP/1.1" 200 265 "-" "Mozilla/5.0 AppleWebKit/537.36 (KHTML, like Gecko; compatible; GPTBot/1.2; +https://openai.com/gptbot)"
20.171.207.112 - - [20/Jul/2025:19:32:13 +0000] "GET /item/1949426/ HTTP/1.1" 200 265 "-" "Mozilla/5.0 AppleWebKit/537.36 (KHTML, like Gecko; compatible; GPTBot/1.2; +https://openai.com/gptbot)"
20.171.207.112 - - [20/Jul/2025:19:32:15 +0000] "GET /item/2154141/ HTTP/1.1" 200 265 "-" "Mozilla/5.0 AppleWebKit/537.36 (KHTML, like Gecko; compatible; GPTBot/1.2; +https://openai.com/gptbot)"
20.171.207.112 - - [20/Jul/2025:19:32:18 +0000] "GET /item/3942694/ HTTP/1.1" 200 265 "-" "Mozilla/5.0 AppleWebKit/537.36 (KHTML, like Gecko; compatible; GPTBot/1.2; +https://openai.com/gptbot)"
20.171.207.112 - - [20/Jul/2025:19:32:33 +0000] "GET /item/2470475/ HTTP/1.1" 200 265 "-" "Mozilla/5.0 AppleWebKit/537.36 (KHTML, like Gecko; compatible; GPTBot/1.2; +https://openai.com/gptbot)"
20.171.207.112 - - [20/Jul/2025:19:32:47 +0000] "GET /item/4899483/ HTTP/1.1" 200 265 "-" "Mozilla/5.0 AppleWebKit/537.36 (KHTML, like Gecko; compatible; GPTBot/1.2; +https://openai.com/gptbot)"
20.171.207.112 - - [20/Jul/2025:19:32:53 +0000] "GET /item/3414040/ HTTP/1.1" 200 265 "-" "Mozilla/5.0 AppleWebKit/537.36 (KHTML, like Gecko; compatible; GPTBot/1.2; +https://openai.com/gptbot)"
20.171.207.112 - - [20/Jul/2025:19:32:54 +0000] "GET /item/3181312/ HTTP/1.1" 200 265 "-" "Mozilla/5.0 AppleWebKit/537.36 (KHTML, like Gecko; compatible; GPTBot/1.2; +https://openai.com/gptbot)"
20.171.207.112 - - [20/Jul/2025:19:33:02 +0000] "GET /item/3783078/ HTTP/1.1" 200 265 "-" "Mozilla/5.0 AppleWebKit/537.36 (KHTML, like Gecko; compatible; GPTBot/1.2; +https://openai.com/gptbot)"
20.171.207.112 - - [20/Jul/2025:19:33:07 +0000] "GET /item/4832632/ HTTP/1.1" 200 265 "-" "Mozilla/5.0 AppleWebKit/537.36 (KHTML, like Gecko; compatible; GPTBot/1.2; +https://openai.com/gptbot)"
20.171.207.112 - - [20/Jul/2025:19:33:23 +0000] "GET /item/4282852/ HTTP/1.1" 200 265 "-" "Mozilla/5.0 AppleWebKit/537.36 (KHTML, like Gecko; compatible; GPTBot/1.2; +https://openai.com/gptbot)"
20.171.207.112 - - [20/Jul/2025:19:33:27 +0000] "GET /item/2323001/ HTTP/1.1" 200 265 "-" "Mozilla/5.0 AppleWebKit/537.36 (KHTML, like Gecko; compatible; GPTBot/1.2; +https://openai.com/gptbot)"
20.171.207.112 - - [20/Jul/2025:19:33:29 +0000] "GET /item/2341941/ HTTP/1.1" 200 265 "-" "Mozilla/5.0 AppleWebKit/537.36 (KHTML, like Gecko; compatible; GPTBot/1.2; +https://openai.com/gptbot)"
20.171.207.112 - - [20/Jul/2025:19:33:33 +0000] "GET /item/4510610/ HTTP/1.1" 200 265 "-" "Mozilla/5.0 AppleWebKit/537.36 (KHTML, like Gecko; compatible; GPTBot/1.2; +https://openai.com/gptbot)"
20.171.207.112 - - [20/Jul/2025:19:33:38 +0000] "GET /item/2671262/ HTTP/1.1" 200 265 "-" "Mozilla/5.0 AppleWebKit/537.36 (KHTML, like Gecko; compatible; GPTBot/1.2; +https://openai.com/gptbot)"
20.171.207.112 - - [20/Jul/2025:19:33:57 +0000] "GET /item/3673685/ HTTP/1.1" 200 265 "-" "Mozilla/5.0 AppleWebKit/537.36 (KHTML, like Gecko; compatible; GPTBot/1.2; +https://openai.com/gptbot)"
20.171.207.112 - - [20/Jul/2025:19:34:06 +0000] "GET /item/1281226/ HTTP/1.1" 200 265 "-" "Mozilla/5.0 AppleWebKit/537.36 (KHTML, like Gecko; compatible; GPTBot/1.2; +https://openai.com/gptbot)"
66.249.65.98 - - [20/Jul/2025:19:34:08 +0000] "GET /?f=5361162021370&mod=b3b0b34e&uri=pin.php?item/585038998.shtml HTTP/1.1" 200 20538 "-" "Mozilla/5.0 (Linux; Android 6.0.1; Nexus 5X Build/MMB29P) AppleWebKit/537.36 (KHTML, like Gecko) Chrome/137.0.7151.103 Mobile Safari/537.36 (compatible; Googlebot/2.1; +http://www.google.com/bot.html)"
20.171.207.112 - - [20/Jul/2025:19:34:11 +0000] "GET /item/2891286/ HTTP/1.1" 200 265 "-" "Mozilla/5.0 AppleWebKit/537.36 (KHTML, like Gecko; compatible; GPTBot/1.2; +https://openai.com/gptbot)"
20.171.207.112 - - [20/Jul/2025:19:34:24 +0000] "GET /item/3585685/ HTTP/1.1" 200 265 "-" "Mozilla/5.0 AppleWebKit/537.36 (KHTML, like Gecko; compatible; GPTBot/1.2; +https://openai.com/gptbot)"
20.171.207.112 - - [20/Jul/2025:19:34:58 +0000] "GET /item/1597973/ HTTP/1.1" 200 265 "-" "Mozilla/5.0 AppleWebKit/537.36 (KHTML, like Gecko; compatible; GPTBot/1.2; +https://openai.com/gptbot)"
20.171.207.112 - - [20/Jul/2025:19:35:02 +0000] "GET /item/1842742/ HTTP/1.1" 200 265 "-" "Mozilla/5.0 AppleWebKit/537.36 (KHTML, like Gecko; compatible; GPTBot/1.2; +https://openai.com/gptbot)"
20.171.207.112 - - [20/Jul/2025:19:35:10 +0000] "GET /item/2752796/ HTTP/1.1" 200 265 "-" "Mozilla/5.0 AppleWebKit/537.36 (KHTML, like Gecko; compatible; GPTBot/1.2; +https://openai.com/gptbot)"
66.249.65.98 - - [20/Jul/2025:19:35:17 +0000] "GET /?f=5343459031370&mod=f3a3d61b&uri=category-info.php%3Fid%3D178390-320%26name%3Dmizuno+wave+fortis+caracteristicas HTTP/1.1" 200 20613 "-" "Mozilla/5.0 (Linux; Android 6.0.1; Nexus 5X Build/MMB29P) AppleWebKit/537.36 (KHTML, like Gecko) Chrome/137.0.7151.103 Mobile Safari/537.36 (compatible; Googlebot/2.1; +http://www.google.com/bot.html)"
66.249.65.96 - - [20/Jul/2025:19:35:20 +0000] "POST /get-message-notify HTTP/1.1" 200 20442 "http://game-gainz.com/?f=5343459031370&mod=f3a3d61b&uri=category-info.php%3Fid%3D178390-320%26name%3Dmizuno+wave+fortis+caracteristicas" "Mozilla/5.0 (Linux; Android 6.0.1; Nexus 5X Build/MMB29P) AppleWebKit/537.36 (KHTML, like Gecko) Chrome/137.0.7151.119 Mobile Safari/537.36 (compatible; Googlebot/2.1; +http://www.google.com/bot.html)"
66.249.65.96 - - [20/Jul/2025:19:35:21 +0000] "GET /?f=102745629021370&mod=67a4b0f5&uri=goods.php%3Fid%3D3428902-307%26name%3Dadidas+pitonate+yeezy+boost+750 HTTP/1.1" 200 20860 "-" "Mozilla/5.0 (Linux; Android 6.0.1; Nexus 5X Build/MMB29P) AppleWebKit/537.36 (KHTML, like Gecko) Chrome/137.0.7151.103 Mobile Safari/537.36 (compatible; Googlebot/2.1; +http://www.google.com/bot.html)"
20.171.207.112 - - [20/Jul/2025:19:35:25 +0000] "GET /item/2136813/ HTTP/1.1" 200 265 "-" "Mozilla/5.0 AppleWebKit/537.36 (KHTML, like Gecko; compatible; GPTBot/1.2; +https://openai.com/gptbot)"
66.249.65.96 - - [20/Jul/2025:19:35:26 +0000] "GET /?f=5129816041370&mod=e6e9099e&uri=brands.php%3Fid%3D171250-57%26name%3Dhow+to+connect+headphones+to+xbox+one+without+adapter HTTP/1.1" 200 20437 "-" "Mozilla/5.0 (Linux; Android 6.0.1; Nexus 5X Build/MMB29P) AppleWebKit/537.36 (KHTML, like Gecko) Chrome/137.0.7151.103 Mobile Safari/537.36 (compatible; Googlebot/2.1; +http://www.google.com/bot.html)"
20.171.207.112 - - [20/Jul/2025:19:35:27 +0000] "GET /item/1682016/ HTTP/1.1" 200 265 "-" "Mozilla/5.0 AppleWebKit/537.36 (KHTML, like Gecko; compatible; GPTBot/1.2; +https://openai.com/gptbot)"
66.249.65.96 - - [20/Jul/2025:19:35:31 +0000] "GET /?f=4640389011370&mod=e41df6e7&uri=news.php%3Fid%3D154880-285%26name%3Dmiami+marlins+custom+jersey HTTP/1.1" 200 20186 "-" "Mozilla/5.0 (Linux; Android 6.0.1; Nexus 5X Build/MMB29P) AppleWebKit/537.36 (KHTML, like Gecko) Chrome/137.0.7151.103 Mobile Safari/537.36 (compatible; Googlebot/2.1; +http://www.google.com/bot.html)"
66.249.65.96 - - [20/Jul/2025:19:35:40 +0000] "GET /?f=4683679001370&mod=b34cff5b&uri=us.php%3Fid%3D156323-287%26name%3Dsony+rx100+amazon HTTP/1.1" 200 20015 "-" "Mozilla/5.0 (Linux; Android 6.0.1; Nexus 5X Build/MMB29P) AppleWebKit/537.36 (KHTML, like Gecko) Chrome/137.0.7151.103 Mobile Safari/537.36 (compatible; Googlebot/2.1; +http://www.google.com/bot.html)"
20.171.207.112 - - [20/Jul/2025:19:35:44 +0000] "GET /item/3463063/ HTTP/1.1" 200 265 "-" "Mozilla/5.0 AppleWebKit/537.36 (KHTML, like Gecko; compatible; GPTBot/1.2; +https://openai.com/gptbot)"
66.249.65.96 - - [20/Jul/2025:19:35:44 +0000] "GET /?f=4606366041370&mod=49de3763&uri=article.php%3Fid%3D153745-244%26name%3Dsandali+bassi+trapuntati HTTP/1.1" 200 20242 "-" "Mozilla/5.0 (Linux; Android 6.0.1; Nexus 5X Build/MMB29P) AppleWebKit/537.36 (KHTML, like Gecko) Chrome/137.0.7151.103 Mobile Safari/537.36 (compatible; Googlebot/2.1; +http://www.google.com/bot.html)"
20.171.207.112 - - [20/Jul/2025:19:35:45 +0000] "GET /item/3084208/ HTTP/1.1" 200 265 "-" "Mozilla/5.0 AppleWebKit/537.36 (KHTML, like Gecko; compatible; GPTBot/1.2; +https://openai.com/gptbot)"
20.171.207.112 - - [20/Jul/2025:19:35:46 +0000] "GET /item/4141721/ HTTP/1.1" 200 265 "-" "Mozilla/5.0 AppleWebKit/537.36 (KHTML, like Gecko; compatible; GPTBot/1.2; +https://openai.com/gptbot)"
66.249.65.96 - - [20/Jul/2025:19:35:49 +0000] "GET /?f=4604926021370&mod=214f9424&uri=product.php%3Fid%3D153697-282%26name%3Dskechers+work+shoes+alloy+toe HTTP/1.1" 200 20139 "-" "Mozilla/5.0 (Linux; Android 6.0.1; Nexus 5X Build/MMB29P) AppleWebKit/537.36 (KHTML, like Gecko) Chrome/137.0.7151.103 Mobile Safari/537.36 (compatible; Googlebot/2.1; +http://www.google.com/bot.html)"
20.171.207.112 - - [20/Jul/2025:19:35:50 +0000] "GET /item/3021214/ HTTP/1.1" 200 265 "-" "Mozilla/5.0 AppleWebKit/537.36 (KHTML, like Gecko; compatible; GPTBot/1.2; +https://openai.com/gptbot)"
66.249.65.96 - - [20/Jul/2025:19:35:54 +0000] "GET /?f=4546747041370&mod=9b798c63&uri=product.php%3Fid%3D151757-179%26name%3Dvelo+enfants+24 HTTP/1.1" 200 21175 "-" "Mozilla/5.0 (Linux; Android 6.0.1; Nexus 5X Build/MMB29P) AppleWebKit/537.36 (KHTML, like Gecko) Chrome/137.0.7151.103 Mobile Safari/537.36 (compatible; Googlebot/2.1; +http://www.google.com/bot.html)"
66.249.65.96 - - [20/Jul/2025:19:35:57 +0000] "POST /get-message-notify HTTP/1.1" 200 20443 "http://game-gainz.com/?f=4683679001370&mod=b34cff5b&uri=us.php%3Fid%3D156323-287%26name%3Dsony+rx100+amazon" "Mozilla/5.0 (Linux; Android 6.0.1; Nexus 5X Build/MMB29P) AppleWebKit/537.36 (KHTML, like Gecko) Chrome/137.0.7151.119 Mobile Safari/537.36 (compatible; Googlebot/2.1; +http://www.google.com/bot.html)"
20.171.207.112 - - [20/Jul/2025:19:36:02 +0000] "GET /item/4242251/ HTTP/1.1" 200 265 "-" "Mozilla/5.0 AppleWebKit/537.36 (KHTML, like Gecko; compatible; GPTBot/1.2; +https://openai.com/gptbot)"
20.171.207.112 - - [20/Jul/2025:19:36:09 +0000] "GET /item/3039797/ HTTP/1.1" 200 265 "-" "Mozilla/5.0 AppleWebKit/537.36 (KHTML, like Gecko; compatible; GPTBot/1.2; +https://openai.com/gptbot)"
20.171.207.112 - - [20/Jul/2025:19:36:10 +0000] "GET /item/2842542/ HTTP/1.1" 200 265 "-" "Mozilla/5.0 AppleWebKit/537.36 (KHTML, like Gecko; compatible; GPTBot/1.2; +https://openai.com/gptbot)"
20.171.207.112 - - [20/Jul/2025:19:36:20 +0000] "GET /item/3002026/ HTTP/1.1" 200 265 "-" "Mozilla/5.0 AppleWebKit/537.36 (KHTML, like Gecko; compatible; GPTBot/1.2; +https://openai.com/gptbot)"
20.171.207.112 - - [20/Jul/2025:19:36:34 +0000] "GET /item/1636390/ HTTP/1.1" 200 265 "-" "Mozilla/5.0 AppleWebKit/537.36 (KHTML, like Gecko; compatible; GPTBot/1.2; +https://openai.com/gptbot)"
20.171.207.112 - - [20/Jul/2025:19:36:43 +0000] "GET /item/2486483/ HTTP/1.1" 200 265 "-" "Mozilla/5.0 AppleWebKit/537.36 (KHTML, like Gecko; compatible; GPTBot/1.2; +https://openai.com/gptbot)"
