185.177.72.111 - - [20/Jul/2025:22:55:29 +0000] "GET /.env HTTP/1.1" 200 265 "-" "Mozilla/5.0 (Windows NT 10.0; Win64; x64) AppleWebKit/537.36 (KHTML, like Gecko) Chrome/91.0.4472.124 Safari/537.36"
185.177.72.111 - - [20/Jul/2025:22:55:29 +0000] "GET /.env.save HTTP/1.1" 200 265 "-" "Mozilla/5.0 (Windows NT 10.0; Win64; x64) AppleWebKit/537.36 (KHTML, like Gecko) Chrome/91.0.4472.124 Safari/537.36"
185.177.72.111 - - [20/Jul/2025:22:55:30 +0000] "GET /.env.old HTTP/1.1" 200 265 "-" "Mozilla/5.0 (Windows NT 10.0; Win64; x64) AppleWebKit/537.36 (KHTML, like Gecko) Chrome/91.0.4472.124 Safari/537.36"
185.177.72.111 - - [20/Jul/2025:22:55:30 +0000] "GET /.env.prod HTTP/1.1" 200 265 "-" "Mozilla/5.0 (Windows NT 10.0; Win64; x64) AppleWebKit/537.36 (KHTML, like Gecko) Chrome/91.0.4472.124 Safari/537.36"
185.177.72.111 - - [20/Jul/2025:22:55:30 +0000] "GET /.env.production HTTP/1.1" 200 265 "-" "Mozilla/5.0 (Windows NT 10.0; Win64; x64) AppleWebKit/537.36 (KHTML, like Gecko) Chrome/91.0.4472.124 Safari/537.36"
185.177.72.111 - - [20/Jul/2025:22:55:30 +0000] "GET /.env.development HTTP/1.1" 200 265 "-" "Mozilla/5.0 (Windows NT 10.0; Win64; x64) AppleWebKit/537.36 (KHTML, like Gecko) Chrome/91.0.4472.124 Safari/537.36"
185.177.72.111 - - [20/Jul/2025:22:55:31 +0000] "GET /laravel/.env HTTP/1.1" 200 265 "-" "Mozilla/5.0 (Windows NT 10.0; Win64; x64) AppleWebKit/537.36 (KHTML, like Gecko) Chrome/91.0.4472.124 Safari/537.36"
185.177.72.111 - - [20/Jul/2025:22:55:31 +0000] "GET /admin-app/.env HTTP/1.1" 200 265 "-" "Mozilla/5.0 (Windows NT 10.0; Win64; x64) AppleWebKit/537.36 (KHTML, like Gecko) Chrome/91.0.4472.124 Safari/537.36"
66.249.65.99 - - [20/Jul/2025:23:01:10 +0000] "GET /index.php/item/4647380/ HTTP/1.1" 200 20223 "-" "Mozilla/5.0 (Linux; Android 6.0.1; Nexus 5X Build/MMB29P) AppleWebKit/537.36 (KHTML, like Gecko) Chrome/137.0.7151.103 Mobile Safari/537.36 (compatible; Googlebot/2.1; +http://www.google.com/bot.html)"
66.249.65.99 - - [20/Jul/2025:23:02:18 +0000] "GET /?f=5361162021370&mod=b3b0b34e&uri=pin.php?item/6678830.shtml HTTP/1.1" 200 20913 "-" "Mozilla/5.0 (Linux; Android 6.0.1; Nexus 5X Build/MMB29P) AppleWebKit/537.36 (KHTML, like Gecko) Chrome/137.0.7151.103 Mobile Safari/537.36 (compatible; Googlebot/2.1; +http://www.google.com/bot.html)"
66.249.65.97 - - [20/Jul/2025:23:03:49 +0000] "GET /?f=5025587031370&mod=67a4b0f5&uri=info.php?item/1502238362.shtml HTTP/1.1" 200 20842 "-" "Mozilla/5.0 (Linux; Android 6.0.1; Nexus 5X Build/MMB29P) AppleWebKit/537.36 (KHTML, like Gecko) Chrome/137.0.7151.103 Mobile Safari/537.36 (compatible; Googlebot/2.1; +http://www.google.com/bot.html)"
66.249.65.99 - - [20/Jul/2025:23:04:15 +0000] "GET /index.php/item/1436867/ HTTP/1.1" 200 20702 "-" "Mozilla/5.0 (compatible; Googlebot/2.1; +http://www.google.com/bot.html)"
66.249.65.99 - - [20/Jul/2025:23:28:13 +0000] "GET /?f=5361162021370&mod=b3b0b34e&uri=pin.php?item/573732786.shtml HTTP/1.1" 200 21211 "-" "Mozilla/5.0 (Linux; Android 6.0.1; Nexus 5X Build/MMB29P) AppleWebKit/537.36 (KHTML, like Gecko) Chrome/137.0.7151.103 Mobile Safari/537.36 (compatible; Googlebot/2.1; +http://www.google.com/bot.html)"
66.249.65.97 - - [20/Jul/2025:23:28:14 +0000] "GET /index.php/item/1905010/ HTTP/1.1" 200 20788 "-" "Mozilla/5.0 (Linux; Android 6.0.1; Nexus 5X Build/MMB29P) AppleWebKit/537.36 (KHTML, like Gecko) Chrome/137.0.7151.103 Mobile Safari/537.36 (compatible; Googlebot/2.1; +http://www.google.com/bot.html)"
66.249.65.98 - - [20/Jul/2025:23:28:25 +0000] "GET /?f=5329779031370&mod=f3a3d61b&uri=blog.php?item/54477444.shtml HTTP/1.1" 200 19724 "-" "Mozilla/5.0 (compatible; Googlebot/2.1; +http://www.google.com/bot.html)"
66.249.65.97 - - [20/Jul/2025:23:28:32 +0000] "GET /index.php/item/3372205/ HTTP/1.1" 200 20202 "-" "Mozilla/5.0 (Linux; Android 6.0.1; Nexus 5X Build/MMB29P) AppleWebKit/537.36 (KHTML, like Gecko) Chrome/137.0.7151.103 Mobile Safari/537.36 (compatible; Googlebot/2.1; +http://www.google.com/bot.html)"
66.249.65.97 - - [20/Jul/2025:23:28:35 +0000] "GET /?f=5344599011370&mod=aebb462e&uri=form.php?item/257623506.shtml HTTP/1.1" 200 20335 "-" "Mozilla/5.0 (Linux; Android 6.0.1; Nexus 5X Build/MMB29P) AppleWebKit/537.36 (KHTML, like Gecko) Chrome/137.0.7151.103 Mobile Safari/537.36 (compatible; Googlebot/2.1; +http://www.google.com/bot.html)"
66.249.65.97 - - [20/Jul/2025:23:28:46 +0000] "GET /?f=5329779031370&mod=f3a3d61b&uri=blog.php?item/50553760.shtml HTTP/1.1" 200 20079 "-" "Mozilla/5.0 (compatible; Googlebot/2.1; +http://www.google.com/bot.html)"
66.249.65.98 - - [20/Jul/2025:23:31:01 +0000] "GET /index.php/item/2522832/ HTTP/1.1" 200 20039 "-" "Mozilla/5.0 (Linux; Android 6.0.1; Nexus 5X Build/MMB29P) AppleWebKit/537.36 (KHTML, like Gecko) Chrome/137.0.7151.103 Mobile Safari/537.36 (compatible; Googlebot/2.1; +http://www.google.com/bot.html)"
66.249.65.98 - - [20/Jul/2025:23:31:18 +0000] "GET /?f=5361162021370&mod=b3b0b34e&uri=pin.php?item/573715450.shtml HTTP/1.1" 200 20543 "-" "Mozilla/5.0 (compatible; Googlebot/2.1; +http://www.google.com/bot.html)"
66.249.65.99 - - [20/Jul/2025:23:34:00 +0000] "GET /?f=4562781051370&mod=5f7733de&uri=news.php?item/49956758.shtml HTTP/1.1" 200 20496 "-" "Mozilla/5.0 (Linux; Android 6.0.1; Nexus 5X Build/MMB29P) AppleWebKit/537.36 (KHTML, like Gecko) Chrome/137.0.7151.103 Mobile Safari/537.36 (compatible; Googlebot/2.1; +http://www.google.com/bot.html)"
66.249.65.98 - - [20/Jul/2025:23:34:12 +0000] "GET /?f=5344599011370&mod=aebb462e&uri=form.php?item/52943146.shtml HTTP/1.1" 200 20105 "-" "Mozilla/5.0 (Linux; Android 6.0.1; Nexus 5X Build/MMB29P) AppleWebKit/537.36 (KHTML, like Gecko) Chrome/137.0.7151.103 Mobile Safari/537.36 (compatible; Googlebot/2.1; +http://www.google.com/bot.html)"
66.249.65.99 - - [20/Jul/2025:23:37:37 +0000] "GET /index.php/item/3104003/ HTTP/1.1" 200 20097 "-" "Mozilla/5.0 (Linux; Android 6.0.1; Nexus 5X Build/MMB29P) AppleWebKit/537.36 (KHTML, like Gecko) Chrome/137.0.7151.103 Mobile Safari/537.36 (compatible; Googlebot/2.1; +http://www.google.com/bot.html)"
66.249.65.97 - - [20/Jul/2025:23:38:56 +0000] "GET /game-gainz.com/product/edit/28652375 HTTP/1.1" 200 19967 "-" "Mozilla/5.0 (compatible; Googlebot/2.1; +http://www.google.com/bot.html)"
66.249.65.98 - - [20/Jul/2025:23:40:52 +0000] "GET /index.php/item/4227882/ HTTP/1.1" 200 20120 "-" "Mozilla/5.0 (compatible; Googlebot/2.1; +http://www.google.com/bot.html)"
66.249.65.98 - - [20/Jul/2025:23:40:53 +0000] "GET /?f=5025587031370&mod=67a4b0f5&uri=info.php?item/55466444.shtml HTTP/1.1" 200 19965 "-" "Mozilla/5.0 (compatible; Googlebot/2.1; +http://www.google.com/bot.html)"
66.249.65.98 - - [20/Jul/2025:23:40:53 +0000] "GET /?f=5361162021370&mod=b3b0b34e&uri=pin.php?item/573727542.shtml HTTP/1.1" 200 20163 "-" "Mozilla/5.0 (compatible; Googlebot/2.1; +http://www.google.com/bot.html)"
66.249.65.99 - - [20/Jul/2025:23:41:23 +0000] "GET /index.php/item/1189543 HTTP/1.1" 200 20265 "-" "Mozilla/5.0 (Linux; Android 6.0.1; Nexus 5X Build/MMB29P) AppleWebKit/537.36 (KHTML, like Gecko) Chrome/137.0.7151.103 Mobile Safari/537.36 (compatible; Googlebot/2.1; +http://www.google.com/bot.html)"
66.249.65.98 - - [20/Jul/2025:23:41:26 +0000] "POST /get-message-notify HTTP/1.1" 200 20442 "http://game-gainz.com/index.php/item/1189543" "Mozilla/5.0 (Linux; Android 6.0.1; Nexus 5X Build/MMB29P) AppleWebKit/537.36 (KHTML, like Gecko) Chrome/137.0.7151.119 Mobile Safari/537.36 (compatible; Googlebot/2.1; +http://www.google.com/bot.html)"
66.249.65.98 - - [20/Jul/2025:23:41:33 +0000] "GET /?f=5025587031370&mod=67a4b0f5&uri=info.php?item/56164630.shtml HTTP/1.1" 200 20854 "-" "Mozilla/5.0 (Linux; Android 6.0.1; Nexus 5X Build/MMB29P) AppleWebKit/537.36 (KHTML, like Gecko) Chrome/137.0.7151.103 Mobile Safari/537.36 (compatible; Googlebot/2.1; +http://www.google.com/bot.html)"
66.249.65.97 - - [20/Jul/2025:23:41:35 +0000] "GET /?f=4562781051370&mod=5f7733de&uri=news.php?item/49935644.shtml HTTP/1.1" 200 20691 "-" "Mozilla/5.0 (Linux; Android 6.0.1; Nexus 5X Build/MMB29P) AppleWebKit/537.36 (KHTML, like Gecko) Chrome/137.0.7151.103 Mobile Safari/537.36 (compatible; Googlebot/2.1; +http://www.google.com/bot.html)"
66.249.65.97 - - [20/Jul/2025:23:43:52 +0000] "GET /?f=5330409061370&mod=f3a3d61b&uri=info.php?item/1252347314.shtml HTTP/1.1" 200 21222 "-" "Mozilla/5.0 (compatible; Googlebot/2.1; +http://www.google.com/bot.html)"
66.249.65.97 - - [20/Jul/2025:23:45:03 +0000] "GET /index.php/item/4597707 HTTP/1.1" 200 20079 "-" "Mozilla/5.0 (Linux; Android 6.0.1; Nexus 5X Build/MMB29P) AppleWebKit/537.36 (KHTML, like Gecko) Chrome/137.0.7151.103 Mobile Safari/537.36 (compatible; Googlebot/2.1; +http://www.google.com/bot.html)"
66.249.65.99 - - [20/Jul/2025:23:47:37 +0000] "GET /index.php/item/1678299 HTTP/1.1" 200 20356 "-" "Mozilla/5.0 (Linux; Android 6.0.1; Nexus 5X Build/MMB29P) AppleWebKit/537.36 (KHTML, like Gecko) Chrome/137.0.7151.103 Mobile Safari/537.36 (compatible; Googlebot/2.1; +http://www.google.com/bot.html)"
66.249.65.98 - - [20/Jul/2025:23:50:49 +0000] "GET /?f=5518564051370&mod=6f39194d&uri=us.php?item/53768778.shtml HTTP/1.1" 200 20724 "-" "Mozilla/5.0 (Linux; Android 6.0.1; Nexus 5X Build/MMB29P) AppleWebKit/537.36 (KHTML, like Gecko) Chrome/137.0.7151.103 Mobile Safari/537.36 (compatible; Googlebot/2.1; +http://www.google.com/bot.html)"
66.249.65.97 - - [20/Jul/2025:23:52:17 +0000] "GET /index.php/item/2754613/ HTTP/1.1" 200 20495 "-" "Mozilla/5.0 (compatible; Googlebot/2.1; +http://www.google.com/bot.html)"
66.249.65.99 - - [20/Jul/2025:23:53:30 +0000] "GET /?f=5025587031370&mod=67a4b0f5&uri=info.php?item/5452970.shtml HTTP/1.1" 200 20774 "-" "Mozilla/5.0 (Linux; Android 6.0.1; Nexus 5X Build/MMB29P) AppleWebKit/537.36 (KHTML, like Gecko) Chrome/137.0.7151.103 Mobile Safari/537.36 (compatible; Googlebot/2.1; +http://www.google.com/bot.html)"
66.249.65.98 - - [20/Jul/2025:23:53:33 +0000] "GET /?f=4717039041370&mod=a4fa7175&uri=product.php?item/4080562.shtml HTTP/1.1" 200 20957 "-" "Mozilla/5.0 (Linux; Android 6.0.1; Nexus 5X Build/MMB29P) AppleWebKit/537.36 (KHTML, like Gecko) Chrome/137.0.7151.103 Mobile Safari/537.36 (compatible; Googlebot/2.1; +http://www.google.com/bot.html)"
66.249.65.98 - - [20/Jul/2025:23:54:33 +0000] "GET /?f=5361162021370&mod=b3b0b34e&uri=pin.php?item/878622586.shtml HTTP/1.1" 200 20434 "-" "Mozilla/5.0 (compatible; Googlebot/2.1; +http://www.google.com/bot.html)"
66.249.65.99 - - [20/Jul/2025:23:55:17 +0000] "GET /?f=5361162021370&mod=b3b0b34e&uri=pin.php?item/674865350.shtml HTTP/1.1" 200 20436 "-" "Mozilla/5.0 (Linux; Android 6.0.1; Nexus 5X Build/MMB29P) AppleWebKit/537.36 (KHTML, like Gecko) Chrome/137.0.7151.103 Mobile Safari/537.36 (compatible; Googlebot/2.1; +http://www.google.com/bot.html)"
66.249.65.98 - - [20/Jul/2025:23:55:26 +0000] "GET /index.php?id=1181920-155&name=playwithgooglehome/vintagegame.html HTTP/1.1" 200 21275 "-" "Mozilla/5.0 (Linux; Android 6.0.1; Nexus 5X Build/MMB29P) AppleWebKit/537.36 (KHTML, like Gecko) Chrome/137.0.7151.103 Mobile Safari/537.36 (compatible; Googlebot/2.1; +http://www.google.com/bot.html)"
66.249.65.98 - - [20/Jul/2025:23:56:38 +0000] "GET /?f=5344599011370&mod=aebb462e&uri=form.php?item/52511860.shtml HTTP/1.1" 200 20009 "-" "Mozilla/5.0 (compatible; Googlebot/2.1; +http://www.google.com/bot.html)"
66.249.65.99 - - [20/Jul/2025:23:59:16 +0000] "GET /?f=5344599011370&mod=aebb462e&uri=form.php?item/1744043744.shtml HTTP/1.1" 200 20221 "-" "Mozilla/5.0 (Linux; Android 6.0.1; Nexus 5X Build/MMB29P) AppleWebKit/537.36 (KHTML, like Gecko) Chrome/137.0.7151.103 Mobile Safari/537.36 (compatible; Googlebot/2.1; +http://www.google.com/bot.html)"
57.141.2.22 - - [21/Jul/2025:00:02:06 +0000] "GET /item/1069450514.shtml HTTP/1.1" 200 417 "-" "meta-externalagent/1.1 (+https://developers.facebook.com/docs/sharing/webmasters/crawler)"
66.249.65.99 - - [21/Jul/2025:00:03:43 +0000] "GET /?f=5330409061370&mod=f3a3d61b&uri=info.php?item/5389804.shtml HTTP/1.1" 200 21197 "-" "Mozilla/5.0 (Linux; Android 6.0.1; Nexus 5X Build/MMB29P) AppleWebKit/537.36 (KHTML, like Gecko) Chrome/137.0.7151.103 Mobile Safari/537.36 (compatible; Googlebot/2.1; +http://www.google.com/bot.html)"
66.249.65.99 - - [21/Jul/2025:00:05:53 +0000] "GET /index.php/item/1203962/ HTTP/1.1" 200 19940 "-" "Mozilla/5.0 (Linux; Android 6.0.1; Nexus 5X Build/MMB29P) AppleWebKit/537.36 (KHTML, like Gecko) Chrome/137.0.7151.103 Mobile Safari/537.36 (compatible; Googlebot/2.1; +http://www.google.com/bot.html)"
66.249.65.99 - - [21/Jul/2025:00:10:21 +0000] "GET /?f=4581349021370&mod=5f7733de&uri=blog.php?item/49707002.shtml HTTP/1.1" 200 20724 "-" "Mozilla/5.0 (compatible; Googlebot/2.1; +http://www.google.com/bot.html)"
66.249.65.99 - - [21/Jul/2025:00:11:20 +0000] "GET /?f=5329779031370&mod=f3a3d61b&uri=blog.php?item/49174028.shtml HTTP/1.1" 200 20669 "-" "Mozilla/5.0 (compatible; Googlebot/2.1; +http://www.google.com/bot.html)"
66.249.65.98 - - [21/Jul/2025:00:12:49 +0000] "GET /?f=5027027041370&mod=67a4b0f5&uri=products.php?item/2835912.shtml HTTP/1.1" 200 21040 "-" "Mozilla/5.0 (compatible; Googlebot/2.1; +http://www.google.com/bot.html)"
66.249.65.99 - - [21/Jul/2025:00:13:35 +0000] "GET /?f=5027027041370&mod=67a4b0f5&uri=products.php?pcsp.html HTTP/1.1" 200 20068 "-" "Mozilla/5.0 (compatible; Googlebot/2.1; +http://www.google.com/bot.html)"
66.249.65.97 - - [21/Jul/2025:00:14:23 +0000] "GET /?f=5344599011370&mod=aebb462e&uri=form.php?item/383350042.shtml HTTP/1.1" 200 20305 "-" "Mozilla/5.0 (Linux; Android 6.0.1; Nexus 5X Build/MMB29P) AppleWebKit/537.36 (KHTML, like Gecko) Chrome/137.0.7151.103 Mobile Safari/537.36 (compatible; Googlebot/2.1; +http://www.google.com/bot.html)"
66.249.65.97 - - [21/Jul/2025:00:14:37 +0000] "GET /?f=4543557051370&mod=9b798c63&uri=blog.php?item/55452698.shtml HTTP/1.1" 200 20465 "-" "Mozilla/5.0 (Linux; Android 6.0.1; Nexus 5X Build/MMB29P) AppleWebKit/537.36 (KHTML, like Gecko) Chrome/137.0.7151.103 Mobile Safari/537.36 (compatible; Googlebot/2.1; +http://www.google.com/bot.html)"
66.249.65.97 - - [21/Jul/2025:00:14:54 +0000] "POST /get-message-notify HTTP/1.1" 200 20412 "http://game-gainz.com/?f=4543557051370&mod=9b798c63&uri=blog.php?item/55452698.shtml" "Mozilla/5.0 (Linux; Android 6.0.1; Nexus 5X Build/MMB29P) AppleWebKit/537.36 (KHTML, like Gecko) Chrome/137.0.7151.119 Mobile Safari/537.36 (compatible; Googlebot/2.1; +http://www.google.com/bot.html)"
66.249.65.99 - - [21/Jul/2025:00:17:50 +0000] "GET /?f=105153467021370&mod=1a4461e3&uri=itm.php?product/edit/G4004897722 HTTP/1.1" 200 20270 "-" "Mozilla/5.0 (Linux; Android 6.0.1; Nexus 5X Build/MMB29P) AppleWebKit/537.36 (KHTML, like Gecko) Chrome/137.0.7151.103 Mobile Safari/537.36 (compatible; Googlebot/2.1; +http://www.google.com/bot.html)"
66.249.65.97 - - [21/Jul/2025:00:28:24 +0000] "GET /?f=4644499061370&mod=e41df6e7&uri=itm.php?toreka/goods_menu.html HTTP/1.1" 200 20749 "-" "Mozilla/5.0 (Linux; Android 6.0.1; Nexus 5X Build/MMB29P) AppleWebKit/537.36 (KHTML, like Gecko) Chrome/137.0.7151.103 Mobile Safari/537.36 (compatible; Googlebot/2.1; +http://www.google.com/bot.html)"
66.249.65.97 - - [21/Jul/2025:00:32:30 +0000] "GET /index.php?id=2247614-610&name=creamhoodedcoat/feature/idol/gradol.html HTTP/1.1" 200 20496 "-" "Mozilla/5.0 (Linux; Android 6.0.1; Nexus 5X Build/MMB29P) AppleWebKit/537.36 (KHTML, like Gecko) Chrome/137.0.7151.103 Mobile Safari/537.36 (compatible; Googlebot/2.1; +http://www.google.com/bot.html)"
66.249.65.97 - - [21/Jul/2025:00:32:49 +0000] "GET /?f=4644499061370&mod=e41df6e7&uri=itm.php?item/50936058.shtml HTTP/1.1" 200 20767 "-" "Mozilla/5.0 (Linux; Android 6.0.1; Nexus 5X Build/MMB29P) AppleWebKit/537.36 (KHTML, like Gecko) Chrome/137.0.7151.103 Mobile Safari/537.36 (compatible; Googlebot/2.1; +http://www.google.com/bot.html)"
66.249.65.97 - - [21/Jul/2025:00:32:56 +0000] "GET /index.php/item/3711136/ HTTP/1.1" 200 20522 "-" "Mozilla/5.0 (Linux; Android 6.0.1; Nexus 5X Build/MMB29P) AppleWebKit/537.36 (KHTML, like Gecko) Chrome/137.0.7151.103 Mobile Safari/537.36 (compatible; Googlebot/2.1; +http://www.google.com/bot.html)"
66.249.65.98 - - [21/Jul/2025:00:37:09 +0000] "GET /index.php/item/1220527/ HTTP/1.1" 200 20018 "-" "Mozilla/5.0 (compatible; Googlebot/2.1; +http://www.google.com/bot.html)"
66.249.65.99 - - [21/Jul/2025:00:43:56 +0000] "GET /?f=51089479011370&mod=29ee95b9&uri=article.php?item/5494986.shtml HTTP/1.1" 200 20755 "-" "Mozilla/5.0 (compatible; Googlebot/2.1; +http://www.google.com/bot.html)"
66.249.65.99 - - [21/Jul/2025:00:45:16 +0000] "GET /?f=5330409061370&mod=f3a3d61b&uri=info.php?item/49647362.shtml HTTP/1.1" 200 20322 "-" "Mozilla/5.0 (compatible; Googlebot/2.1; +http://www.google.com/bot.html)"
66.249.65.98 - - [21/Jul/2025:00:46:14 +0000] "GET /index.php?id=1181921-155&name=andrewjonesspeakerdesigner/feature/idol/gradol.html HTTP/1.1" 200 19805 "-" "Mozilla/5.0 (compatible; Googlebot/2.1; +http://www.google.com/bot.html)"
66.249.65.99 - - [21/Jul/2025:00:47:00 +0000] "GET /?f=5344599011370&mod=aebb462e&uri=form.php?item/48774726.shtml HTTP/1.1" 200 21406 "-" "Mozilla/5.0 (compatible; Googlebot/2.1; +http://www.google.com/bot.html)"
66.249.65.98 - - [21/Jul/2025:00:47:43 +0000] "GET /?f=5344599011370&mod=aebb462e&uri=form.php?item/48042842.shtml HTTP/1.1" 200 21235 "-" "Mozilla/5.0 (compatible; Googlebot/2.1; +http://www.google.com/bot.html)"
66.249.65.99 - - [21/Jul/2025:00:51:42 +0000] "GET /?f=5329779031370&mod=f3a3d61b&uri=blog.php?item/6718230.shtml HTTP/1.1" 200 19998 "-" "Mozilla/5.0 (compatible; Googlebot/2.1; +http://www.google.com/bot.html)"
66.249.65.99 - - [21/Jul/2025:00:52:35 +0000] "GET /?f=5329779031370&mod=f3a3d61b&uri=blog.php?item/56112846.shtml HTTP/1.1" 200 20447 "-" "Mozilla/5.0 (Linux; Android 6.0.1; Nexus 5X Build/MMB29P) AppleWebKit/537.36 (KHTML, like Gecko) Chrome/137.0.7151.103 Mobile Safari/537.36 (compatible; Googlebot/2.1; +http://www.google.com/bot.html)"
66.249.65.98 - - [21/Jul/2025:00:56:03 +0000] "GET /index.php/item/3379071/ HTTP/1.1" 200 19962 "-" "Mozilla/5.0 (compatible; Googlebot/2.1; +http://www.google.com/bot.html)"
66.249.65.98 - - [21/Jul/2025:00:56:26 +0000] "GET /?f=5361162021370&mod=b3b0b34e&uri=pin.php?item/878632546.shtml HTTP/1.1" 200 20196 "-" "Mozilla/5.0 (Linux; Android 6.0.1; Nexus 5X Build/MMB29P) AppleWebKit/537.36 (KHTML, like Gecko) Chrome/137.0.7151.103 Mobile Safari/537.36 (compatible; Googlebot/2.1; +http://www.google.com/bot.html)"
38.145.208.231 - - [21/Jul/2025:00:56:53 +0000] "GET /sxallsitemap.xml HTTP/1.1" 200 33 "-" "Mozilla/5.0 (Windows NT 10.0; Win64; x64) AppleWebKit/537.36 (KHTML, like Gecko) Chrome/58.0.3029.110 Safari/537.3"
66.249.65.97 - - [21/Jul/2025:00:56:59 +0000] "GET /?f=5361162021370&mod=b3b0b34e&uri=pin.php?item/1273101894.shtml HTTP/1.1" 200 20959 "-" "Mozilla/5.0 (Linux; Android 6.0.1; Nexus 5X Build/MMB29P) AppleWebKit/537.36 (KHTML, like Gecko) Chrome/137.0.7151.103 Mobile Safari/537.36 (compatible; Googlebot/2.1; +http://www.google.com/bot.html)"
66.249.65.99 - - [21/Jul/2025:00:58:26 +0000] "GET /index.php/item/4250022/ HTTP/1.1" 200 20231 "-" "Mozilla/5.0 (compatible; Googlebot/2.1; +http://www.google.com/bot.html)"
66.249.65.98 - - [21/Jul/2025:01:02:27 +0000] "GET /?f=5025587031370&mod=67a4b0f5&uri=info.php?item/60007796.shtml HTTP/1.1" 200 21102 "-" "Mozilla/5.0 (compatible; Googlebot/2.1; +http://www.google.com/bot.html)"
57.141.2.13 - - [21/Jul/2025:01:02:41 +0000] "GET /item/1069715182.shtml HTTP/1.1" 200 417 "-" "meta-externalagent/1.1 (+https://developers.facebook.com/docs/sharing/webmasters/crawler)"
43.130.110.130 - - [21/Jul/2025:01:05:41 +0000] "GET / HTTP/1.1" 200 265 "-" "Mozilla/5.0 (iPhone; CPU iPhone OS 13_2_3 like Mac OS X) AppleWebKit/605.1.15 (KHTML, like Gecko) Version/13.0.3 Mobile/15E148 Safari/604.1"
66.249.65.98 - - [21/Jul/2025:01:06:32 +0000] "GET /?f=5361162021370&mod=b3b0b34e&uri=pin.php?item/879956540.shtml HTTP/1.1" 200 21087 "-" "Mozilla/5.0 (compatible; Googlebot/2.1; +http://www.google.com/bot.html)"
66.249.65.99 - - [21/Jul/2025:01:08:30 +0000] "GET /?f=5025587031370&mod=67a4b0f5&uri=info.php?item/56150198.shtml HTTP/1.1" 200 20936 "-" "Mozilla/5.0 (Linux; Android 6.0.1; Nexus 5X Build/MMB29P) AppleWebKit/537.36 (KHTML, like Gecko) Chrome/137.0.7151.103 Mobile Safari/537.36 (compatible; Googlebot/2.1; +http://www.google.com/bot.html)"
66.249.65.99 - - [21/Jul/2025:01:10:15 +0000] "GET /?f=5361162021370&mod=b3b0b34e&uri=pin.php?item/1650754986.shtml HTTP/1.1" 200 20602 "-" "Mozilla/5.0 (Linux; Android 6.0.1; Nexus 5X Build/MMB29P) AppleWebKit/537.36 (KHTML, like Gecko) Chrome/137.0.7151.103 Mobile Safari/537.36 (compatible; Googlebot/2.1; +http://www.google.com/bot.html)"
66.249.65.97 - - [21/Jul/2025:01:10:25 +0000] "GET /?f=5194909051370&mod=bf453f26&uri=shared.php%3Fid%3D173422-139%26name%3Darmani+sneakers+india HTTP/1.1" 200 20564 "-" "Mozilla/5.0 (Linux; Android 6.0.1; Nexus 5X Build/MMB29P) AppleWebKit/537.36 (KHTML, like Gecko) Chrome/137.0.7151.103 Mobile Safari/537.36 (compatible; Googlebot/2.1; +http://www.google.com/bot.html)"
66.249.65.98 - - [21/Jul/2025:01:12:16 +0000] "GET /?f=5344599011370&mod=aebb462e&uri=form.php?item/6873946.shtml HTTP/1.1" 200 20435 "-" "Mozilla/5.0 (Linux; Android 6.0.1; Nexus 5X Build/MMB29P) AppleWebKit/537.36 (KHTML, like Gecko) Chrome/137.0.7151.103 Mobile Safari/537.36 (compatible; Googlebot/2.1; +http://www.google.com/bot.html)"
209.85.238.34 - - [21/Jul/2025:01:12:31 +0000] "GET /?f=5501344051370&mod=20c99c68&uri=category-info.php%3Fid%3D183658-328%26name%3Dkennel+und+schmenger+online HTTP/1.1" 200 265 "-" "Mozilla/5.0 (X11; Linux x86_64) AppleWebKit/537.36 (KHTML, like Gecko) Chrome/137.0.7151.119 Safari/537.36"
66.249.65.98 - - [21/Jul/2025:01:13:44 +0000] "GET /?f=5344599011370&mod=aebb462e&uri=form.php?item/52892600.shtml HTTP/1.1" 200 21373 "-" "Mozilla/5.0 (compatible; Googlebot/2.1; +http://www.google.com/bot.html)"
66.249.65.98 - - [21/Jul/2025:01:14:53 +0000] "GET /?f=5344599011370&mod=aebb462e&uri=form.php?item/1744027882.shtml HTTP/1.1" 200 20240 "-" "Mozilla/5.0 (compatible; Googlebot/2.1; +http://www.google.com/bot.html)"
66.249.65.99 - - [21/Jul/2025:01:15:43 +0000] "GET /?f=5344599011370&mod=aebb462e&uri=form.php?item/468537268.shtml HTTP/1.1" 200 20226 "-" "Mozilla/5.0 (compatible; Googlebot/2.1; +http://www.google.com/bot.html)"
66.249.65.99 - - [21/Jul/2025:01:17:47 +0000] "GET /?f=5329779031370&mod=f3a3d61b&uri=blog.php?item/50561412.shtml HTTP/1.1" 200 20843 "-" "Mozilla/5.0 (Linux; Android 6.0.1; Nexus 5X Build/MMB29P) AppleWebKit/537.36 (KHTML, like Gecko) Chrome/137.0.7151.103 Mobile Safari/537.36 (compatible; Googlebot/2.1; +http://www.google.com/bot.html)"
66.249.65.97 - - [21/Jul/2025:01:18:23 +0000] "GET /?f=5132096001370&mod=e6e9099e&uri=itm.php?item/50756804.shtml HTTP/1.1" 200 20661 "-" "Mozilla/5.0 (Linux; Android 6.0.1; Nexus 5X Build/MMB29P) AppleWebKit/537.36 (KHTML, like Gecko) Chrome/137.0.7151.103 Mobile Safari/537.36 (compatible; Googlebot/2.1; +http://www.google.com/bot.html)"
66.249.65.98 - - [21/Jul/2025:01:20:22 +0000] "GET /?f=5361162021370&mod=b3b0b34e&uri=pin.php?item/52551228.shtml HTTP/1.1" 200 19544 "-" "Mozilla/5.0 (compatible; Googlebot/2.1; +http://www.google.com/bot.html)"
66.249.65.97 - - [21/Jul/2025:01:24:10 +0000] "GET /?f=4608764041370&mod=f5d5acb2&uri=brands.php?item/4104986.shtml HTTP/1.1" 200 20121 "-" "Mozilla/5.0 (Linux; Android 6.0.1; Nexus 5X Build/MMB29P) AppleWebKit/537.36 (KHTML, like Gecko) Chrome/137.0.7151.103 Mobile Safari/537.36 (compatible; Googlebot/2.1; +http://www.google.com/bot.html)"
66.249.65.98 - - [21/Jul/2025:01:25:52 +0000] "GET /index.php/item/4639202/ HTTP/1.1" 200 20086 "-" "Mozilla/5.0 (Linux; Android 6.0.1; Nexus 5X Build/MMB29P) AppleWebKit/537.36 (KHTML, like Gecko) Chrome/137.0.7151.103 Mobile Safari/537.36 (compatible; Googlebot/2.1; +http://www.google.com/bot.html)"
3.86.65.120 - - [21/Jul/2025:01:28:04 +0000] "GET /wp-admin/setup-config.php HTTP/1.1" 409 2665 "-" "Mozilla/5.0 (Windows NT 10.0; Win64; x64)"
66.249.65.98 - - [21/Jul/2025:01:30:24 +0000] "GET /game-gainz.com/pcmypage?callback=product/review/79131492 HTTP/1.1" 200 19835 "-" "Mozilla/5.0 (compatible; Googlebot/2.1; +http://www.google.com/bot.html)"
66.249.65.98 - - [21/Jul/2025:01:30:57 +0000] "GET /?f=5128856051370&mod=14b7367a&uri=dp.php?item/51466380.shtml HTTP/1.1" 200 20388 "-" "Mozilla/5.0 (compatible; Googlebot/2.1; +http://www.google.com/bot.html)"
66.249.65.97 - - [21/Jul/2025:01:34:33 +0000] "GET /index.php/item/2619782/ HTTP/1.1" 200 20565 "-" "Mozilla/5.0 (Linux; Android 6.0.1; Nexus 5X Build/MMB29P) AppleWebKit/537.36 (KHTML, like Gecko) Chrome/137.0.7151.103 Mobile Safari/537.36 (compatible; Googlebot/2.1; +http://www.google.com/bot.html)"
66.249.65.97 - - [21/Jul/2025:01:38:11 +0000] "GET /?f=5344599011370&mod=aebb462e&uri=form.php?item/54672836.shtml HTTP/1.1" 200 20143 "-" "Mozilla/5.0 (compatible; Googlebot/2.1; +http://www.google.com/bot.html)"
66.249.65.98 - - [21/Jul/2025:01:39:17 +0000] "GET /index.php/item/3026271/ HTTP/1.1" 200 20144 "-" "Mozilla/5.0 (Linux; Android 6.0.1; Nexus 5X Build/MMB29P) AppleWebKit/537.36 (KHTML, like Gecko) Chrome/137.0.7151.103 Mobile Safari/537.36 (compatible; Googlebot/2.1; +http://www.google.com/bot.html)"
66.249.65.98 - - [21/Jul/2025:01:40:17 +0000] "GET /?f=5361162021370&mod=b3b0b34e&uri=pin.php?item/879966500.shtml HTTP/1.1" 200 20377 "-" "Mozilla/5.0 (compatible; Googlebot/2.1; +http://www.google.com/bot.html)"
66.249.65.97 - - [21/Jul/2025:01:40:30 +0000] "GET /?f=4982807011370&mod=dbfff4b2&uri=info.php?item/53811390.shtml HTTP/1.1" 200 20983 "-" "Mozilla/5.0 (compatible; Googlebot/2.1; +http://www.google.com/bot.html)"
66.249.65.97 - - [21/Jul/2025:01:40:46 +0000] "GET /index.php/item/1177317 HTTP/1.1" 200 20559 "-" "Mozilla/5.0 (Linux; Android 6.0.1; Nexus 5X Build/MMB29P) AppleWebKit/537.36 (KHTML, like Gecko) Chrome/137.0.7151.103 Mobile Safari/537.36 (compatible; Googlebot/2.1; +http://www.google.com/bot.html)"
66.249.65.98 - - [21/Jul/2025:01:41:47 +0000] "GET /?f=5344599011370&mod=aebb462e&uri=form.php?item/52594718.shtml HTTP/1.1" 200 20224 "-" "Mozilla/5.0 (Linux; Android 6.0.1; Nexus 5X Build/MMB29P) AppleWebKit/537.36 (KHTML, like Gecko) Chrome/137.0.7151.103 Mobile Safari/537.36 (compatible; Googlebot/2.1; +http://www.google.com/bot.html)"
66.249.65.97 - - [21/Jul/2025:01:41:54 +0000] "GET /index.php/item/3207323/ HTTP/1.1" 200 20438 "-" "Mozilla/5.0 (Linux; Android 6.0.1; Nexus 5X Build/MMB29P) AppleWebKit/537.36 (KHTML, like Gecko) Chrome/137.0.7151.103 Mobile Safari/537.36 (compatible; Googlebot/2.1; +http://www.google.com/bot.html)"
66.249.65.99 - - [21/Jul/2025:01:42:11 +0000] "GET /index.php/item/1416339/ HTTP/1.1" 200 20649 "-" "Mozilla/5.0 (Linux; Android 6.0.1; Nexus 5X Build/MMB29P) AppleWebKit/537.36 (KHTML, like Gecko) Chrome/137.0.7151.103 Mobile Safari/537.36 (compatible; Googlebot/2.1; +http://www.google.com/bot.html)"
66.249.65.98 - - [21/Jul/2025:01:42:52 +0000] "GET /?f=119736223111370&mod=cc710398&uri=products.php?item/5542924.shtml HTTP/1.1" 200 20444 "-" "Mozilla/5.0 (compatible; Googlebot/2.1; +http://www.google.com/bot.html)"
66.249.65.99 - - [21/Jul/2025:01:44:36 +0000] "GET /robots.txt HTTP/1.1" 200 240 "-" "Mozilla/5.0 (compatible; Googlebot/2.1; +http://www.google.com/bot.html)"
66.249.65.97 - - [21/Jul/2025:01:44:36 +0000] "GET /?f=5361162021370&mod=b3b0b34e&uri=pin.php?item/575093812.shtml HTTP/1.1" 200 20303 "-" "Mozilla/5.0 (compatible; Googlebot/2.1; +http://www.google.com/bot.html)"
66.249.65.97 - - [21/Jul/2025:01:47:44 +0000] "GET /robots.txt HTTP/1.1" 200 240 "-" "Mozilla/5.0 (compatible; Googlebot/2.1; +http://www.google.com/bot.html)"
66.249.65.99 - - [21/Jul/2025:01:47:44 +0000] "GET /?f=5329779031370&mod=f3a3d61b&uri=blog.php?item/49629408.shtml HTTP/1.1" 200 20168 "-" "Mozilla/5.0 (compatible; Googlebot/2.1; +http://www.google.com/bot.html)"
66.249.65.99 - - [21/Jul/2025:01:49:42 +0000] "GET /robots.txt HTTP/1.1" 200 240 "-" "Mozilla/5.0 (compatible; Googlebot/2.1; +http://www.google.com/bot.html)"
66.249.65.99 - - [21/Jul/2025:01:49:42 +0000] "GET /?f=5361162021370&mod=b3b0b34e&uri=pin.php?item/878604376.shtml HTTP/1.1" 200 20225 "-" "Mozilla/5.0 (compatible; Googlebot/2.1; +http://www.google.com/bot.html)"
66.249.65.97 - - [21/Jul/2025:01:51:14 +0000] "GET /robots.txt HTTP/1.1" 200 240 "-" "Mozilla/5.0 (compatible; Googlebot/2.1; +http://www.google.com/bot.html)"
66.249.65.97 - - [21/Jul/2025:01:51:14 +0000] "GET /index.php/item/1418294/ HTTP/1.1" 200 20745 "-" "Mozilla/5.0 (compatible; Googlebot/2.1; +http://www.google.com/bot.html)"
198.46.234.28 - - [21/Jul/2025:01:59:53 +0000] "POST /index.php/wp-json/litespeed/v1/cdn_status HTTP/1.1" 200 265 "https://game-gainz.com/wp-admin/update.php?action=upload-plugin" "Mozilla/5.0 (Windows NT 10.0; Win64; x64; rv:128.0) Gecko/20100101 Firefox/128.0"
66.249.65.99 - - [21/Jul/2025:02:04:59 +0000] "GET /?f=4860382011370&mod=656a0310&uri=brands.php?toreka/toreka_single.html HTTP/1.1" 200 20049 "-" "Mozilla/5.0 (Linux; Android 6.0.1; Nexus 5X Build/MMB29P) AppleWebKit/537.36 (KHTML, like Gecko) Chrome/137.0.7151.103 Mobile Safari/537.36 (compatible; Googlebot/2.1; +http://www.google.com/bot.html)"
66.249.65.97 - - [21/Jul/2025:02:05:19 +0000] "GET /?f=5361162021370&mod=b3b0b34e&uri=pin.php?item/674878856.shtml HTTP/1.1" 200 20107 "-" "Mozilla/5.0 (Linux; Android 6.0.1; Nexus 5X Build/MMB29P) AppleWebKit/537.36 (KHTML, like Gecko) Chrome/137.0.7151.103 Mobile Safari/537.36 (compatible; Googlebot/2.1; +http://www.google.com/bot.html)"
66.249.65.97 - - [21/Jul/2025:02:06:03 +0000] "GET /?f=5344599011370&mod=aebb462e&uri=form.php?item/383352366.shtml HTTP/1.1" 200 20162 "-" "Mozilla/5.0 (Linux; Android 6.0.1; Nexus 5X Build/MMB29P) AppleWebKit/537.36 (KHTML, like Gecko) Chrome/137.0.7151.103 Mobile Safari/537.36 (compatible; Googlebot/2.1; +http://www.google.com/bot.html)"
66.249.65.99 - - [21/Jul/2025:02:11:05 +0000] "GET /?f=5344599011370&mod=aebb462e&uri=form.php?item/48059528.shtml HTTP/1.1" 200 20426 "-" "Mozilla/5.0 (Linux; Android 6.0.1; Nexus 5X Build/MMB29P) AppleWebKit/537.36 (KHTML, like Gecko) Chrome/137.0.7151.103 Mobile Safari/537.36 (compatible; Googlebot/2.1; +http://www.google.com/bot.html)"
66.249.65.98 - - [21/Jul/2025:02:13:17 +0000] "GET /?f=5344599011370&mod=aebb462e&uri=form.php?item/9493320.shtml HTTP/1.1" 200 20449 "-" "Mozilla/5.0 (compatible; Googlebot/2.1; +http://www.google.com/bot.html)"
66.249.65.97 - - [21/Jul/2025:02:14:33 +0000] "GET /?f=5488356021370&mod=48f27972&uri=dp.php?item/49961490.shtml HTTP/1.1" 200 20046 "-" "Mozilla/5.0 (compatible; Googlebot/2.1; +http://www.google.com/bot.html)"
66.249.65.97 - - [21/Jul/2025:02:16:31 +0000] "GET /?f=5488356021370&mod=48f27972&uri=dp.php?item/57499718.shtml HTTP/1.1" 200 21344 "-" "Mozilla/5.0 (Linux; Android 6.0.1; Nexus 5X Build/MMB29P) AppleWebKit/537.36 (KHTML, like Gecko) Chrome/137.0.7151.103 Mobile Safari/537.36 (compatible; Googlebot/2.1; +http://www.google.com/bot.html)"
66.249.65.97 - - [21/Jul/2025:02:18:53 +0000] "GET /?f=5518564051370&mod=6f39194d&uri=us.php?item/52378160.shtml HTTP/1.1" 200 20174 "-" "Mozilla/5.0 (compatible; Googlebot/2.1; +http://www.google.com/bot.html)"
66.249.65.98 - - [21/Jul/2025:02:19:19 +0000] "GET /?f=4863470031370&mod=656a0310&uri=itm.php%3Fid%3D162364-296%26name%3Dhaye+ni+meri+motto+dj HTTP/1.1" 200 20403 "-" "Mozilla/5.0 (compatible; Googlebot/2.1; +http://www.google.com/bot.html)"
66.249.65.98 - - [21/Jul/2025:02:20:20 +0000] "GET /?f=5128856051370&mod=14b7367a&uri=dp.php?item/4208092.shtml HTTP/1.1" 200 19700 "-" "Mozilla/5.0 (compatible; Googlebot/2.1; +http://www.google.com/bot.html)"
66.249.65.99 - - [21/Jul/2025:02:25:27 +0000] "GET /?f=5329779031370&mod=f3a3d61b&uri=blog.php?item/56120482.shtml HTTP/1.1" 200 20182 "-" "Mozilla/5.0 (Linux; Android 6.0.1; Nexus 5X Build/MMB29P) AppleWebKit/537.36 (KHTML, like Gecko) Chrome/137.0.7151.103 Mobile Safari/537.36 (compatible; Googlebot/2.1; +http://www.google.com/bot.html)"
159.89.35.76 - - [21/Jul/2025:02:26:54 +0000] "GET / HTTP/1.1" 200 265 "-" "Mozilla/5.0 (X11; Linux x86_64) AppleWebKit/537.36 (KHTML, like Gecko) Chrome/137.0.0.0 Safari/537.36"
159.89.35.76 - - [21/Jul/2025:02:26:55 +0000] "GET /favicon.ico HTTP/1.1" 200 265 "http://game-gainz.com/" "Mozilla/5.0 (X11; Linux x86_64) AppleWebKit/537.36 (KHTML, like Gecko) Chrome/137.0.0.0 Safari/537.36"
66.249.65.98 - - [21/Jul/2025:02:30:58 +0000] "GET /?f=4581349021370&mod=5f7733de&uri=blog.php?item/49695556.shtml HTTP/1.1" 200 20099 "-" "Mozilla/5.0 (compatible; Googlebot/2.1; +http://www.google.com/bot.html)"
66.249.65.98 - - [21/Jul/2025:02:36:39 +0000] "GET /?f=5344599011370&mod=aebb462e&uri=form.php?item/48741808.shtml HTTP/1.1" 200 21039 "-" "Mozilla/5.0 (compatible; Googlebot/2.1; +http://www.google.com/bot.html)"
66.249.65.97 - - [21/Jul/2025:02:36:44 +0000] "GET /index.php/item/2370959/ HTTP/1.1" 200 20790 "-" "Mozilla/5.0 (Linux; Android 6.0.1; Nexus 5X Build/MMB29P) AppleWebKit/537.36 (KHTML, like Gecko) Chrome/137.0.7151.103 Mobile Safari/537.36 (compatible; Googlebot/2.1; +http://www.google.com/bot.html)"
66.249.65.97 - - [21/Jul/2025:02:37:02 +0000] "GET /?f=4562781051370&mod=5f7733de&uri=news.php?item/49979050.shtml HTTP/1.1" 200 20949 "-" "Mozilla/5.0 (compatible; Googlebot/2.1; +http://www.google.com/bot.html)"
66.249.65.97 - - [21/Jul/2025:02:41:36 +0000] "GET /?f=5361162021370&mod=b3b0b34e&uri=pin.php?item/1273056356.shtml HTTP/1.1" 200 21274 "-" "Mozilla/5.0 (Linux; Android 6.0.1; Nexus 5X Build/MMB29P) AppleWebKit/537.36 (KHTML, like Gecko) Chrome/137.0.7151.103 Mobile Safari/537.36 (compatible; Googlebot/2.1; +http://www.google.com/bot.html)"
66.249.65.98 - - [21/Jul/2025:02:41:58 +0000] "GET /?f=5361162021370&mod=b3b0b34e&uri=pin.php?item/573733672.shtml HTTP/1.1" 200 20859 "-" "Mozilla/5.0 (compatible; Googlebot/2.1; +http://www.google.com/bot.html)"
57.141.2.5 - - [21/Jul/2025:02:42:50 +0000] "GET /item/1069399648.shtml HTTP/1.1" 200 417 "-" "meta-externalagent/1.1 (+https://developers.facebook.com/docs/sharing/webmasters/crawler)"
54.173.209.103 - - [21/Jul/2025:02:43:05 +0000] "GET /wp-admin/install.php?step=1 HTTP/1.1" 403 417 "-" "Mozilla/5.0 (Macintosh; Intel Mac OS X 10_9_3) AppleWebKit/537.75.14 (KHTML, like Gecko) Version/7.0.3 Safari/7046A194A"
38.145.208.231 - - [21/Jul/2025:02:45:57 +0000] "GET /sxallsitemap.xml HTTP/1.1" 200 33 "-" "Mozilla/5.0 (Windows NT 10.0; Win64; x64) AppleWebKit/537.36 (KHTML, like Gecko) Chrome/58.0.3029.110 Safari/537.3"
66.249.65.97 - - [21/Jul/2025:02:46:40 +0000] "GET /?f=5344599011370&mod=aebb462e&uri=form.php?item/52417804.shtml HTTP/1.1" 200 20332 "-" "Mozilla/5.0 (Linux; Android 6.0.1; Nexus 5X Build/MMB29P) AppleWebKit/537.36 (KHTML, like Gecko) Chrome/137.0.7151.103 Mobile Safari/537.36 (compatible; Googlebot/2.1; +http://www.google.com/bot.html)"
66.249.65.97 - - [21/Jul/2025:02:46:49 +0000] "GET /index.php?id=1181961-155&name=dcmsubwoofer/vintagegame.html HTTP/1.1" 200 21330 "-" "Mozilla/5.0 (Linux; Android 6.0.1; Nexus 5X Build/MMB29P) AppleWebKit/537.36 (KHTML, like Gecko) Chrome/137.0.7151.103 Mobile Safari/537.36 (compatible; Googlebot/2.1; +http://www.google.com/bot.html)"
66.249.65.99 - - [21/Jul/2025:02:47:35 +0000] "GET /?f=5488356021370&mod=48f27972&uri=dp.php?item/51906216.shtml HTTP/1.1" 200 20724 "-" "Mozilla/5.0 (compatible; Googlebot/2.1; +http://www.google.com/bot.html)"
66.249.65.97 - - [21/Jul/2025:02:47:36 +0000] "GET /?f=5344599011370&mod=aebb462e&uri=form.php?item/54709624.shtml HTTP/1.1" 200 19634 "-" "Mozilla/5.0 (Linux; Android 6.0.1; Nexus 5X Build/MMB29P) AppleWebKit/537.36 (KHTML, like Gecko) Chrome/137.0.7151.103 Mobile Safari/537.36 (compatible; Googlebot/2.1; +http://www.google.com/bot.html)"
66.249.65.97 - - [21/Jul/2025:02:47:43 +0000] "GET /?f=5518564051370&mod=6f39194d&uri=us.php?item/52389590.shtml HTTP/1.1" 200 20301 "-" "Mozilla/5.0 (compatible; Googlebot/2.1; +http://www.google.com/bot.html)"
57.141.2.3 - - [21/Jul/2025:02:48:34 +0000] "GET /item/1069619720.shtml HTTP/1.1" 200 417 "-" "meta-externalagent/1.1 (+https://developers.facebook.com/docs/sharing/webmasters/crawler)"
66.249.65.99 - - [21/Jul/2025:02:49:35 +0000] "GET /index.php?item/55474698.shtml HTTP/1.1" 200 19665 "-" "Mozilla/5.0 (Linux; Android 6.0.1; Nexus 5X Build/MMB29P) AppleWebKit/537.36 (KHTML, like Gecko) Chrome/137.0.7151.103 Mobile Safari/537.36 (compatible; Googlebot/2.1; +http://www.google.com/bot.html)"
66.249.65.98 - - [21/Jul/2025:02:53:58 +0000] "GET /?f=51089479011370&mod=29ee95b9&uri=article.php?item/5494694.shtml HTTP/1.1" 200 21291 "-" "Mozilla/5.0 (compatible; Googlebot/2.1; +http://www.google.com/bot.html)"
38.145.208.231 - - [21/Jul/2025:02:55:50 +0000] "GET /sxallsitemap.xml HTTP/1.1" 200 33 "-" "Mozilla/5.0 (Windows NT 10.0; Win64; x64) AppleWebKit/537.36 (KHTML, like Gecko) Chrome/58.0.3029.110 Safari/537.3"
66.249.65.99 - - [21/Jul/2025:03:01:25 +0000] "GET /?f=5361162021370&mod=b3b0b34e&uri=pin.php?item/673610432.shtml HTTP/1.1" 200 20234 "-" "Mozilla/5.0 (compatible; Googlebot/2.1; +http://www.google.com/bot.html)"
66.249.65.99 - - [21/Jul/2025:03:02:34 +0000] "GET /index.php?item/55461184.shtml/feature/idol/gradol.html HTTP/1.1" 200 19989 "-" "Mozilla/5.0 (compatible; Googlebot/2.1; +http://www.google.com/bot.html)"
66.249.65.98 - - [21/Jul/2025:03:03:52 +0000] "GET /index.php/item/2960606/ HTTP/1.1" 200 20248 "-" "Mozilla/5.0 (compatible; Googlebot/2.1; +http://www.google.com/bot.html)"
66.249.65.97 - - [21/Jul/2025:03:04:55 +0000] "GET /?f=4581349021370&mod=5f7733de&uri=blog.php?item/49683208.shtml HTTP/1.1" 200 21191 "-" "Mozilla/5.0 (Linux; Android 6.0.1; Nexus 5X Build/MMB29P) AppleWebKit/537.36 (KHTML, like Gecko) Chrome/137.0.7151.103 Mobile Safari/537.36 (compatible; Googlebot/2.1; +http://www.google.com/bot.html)"
66.249.65.99 - - [21/Jul/2025:03:05:04 +0000] "GET /?f=5361162021370&mod=b3b0b34e&uri=pin.php?item/1273062218.shtml HTTP/1.1" 200 20572 "-" "Mozilla/5.0 (Linux; Android 6.0.1; Nexus 5X Build/MMB29P) AppleWebKit/537.36 (KHTML, like Gecko) Chrome/137.0.7151.103 Mobile Safari/537.36 (compatible; Googlebot/2.1; +http://www.google.com/bot.html)"
66.249.65.99 - - [21/Jul/2025:03:05:06 +0000] "GET /index.php/item/3800014/ HTTP/1.1" 200 20498 "-" "Mozilla/5.0 (compatible; Googlebot/2.1; +http://www.google.com/bot.html)"
66.249.65.97 - - [21/Jul/2025:03:05:07 +0000] "GET /?f=5344599011370&mod=aebb462e&uri=form.php?item/1350236712.shtml HTTP/1.1" 200 19847 "-" "Mozilla/5.0 (compatible; Googlebot/2.1; +http://www.google.com/bot.html)"
66.249.65.98 - - [21/Jul/2025:03:06:11 +0000] "GET /index.php/item/2907070/ HTTP/1.1" 200 20766 "-" "Mozilla/5.0 (compatible; Googlebot/2.1; +http://www.google.com/bot.html)"
66.249.65.98 - - [21/Jul/2025:03:06:48 +0000] "GET /?f=5344599011370&mod=aebb462e&uri=form.php?item/52064032.shtml HTTP/1.1" 200 20416 "-" "Mozilla/5.0 (Linux; Android 6.0.1; Nexus 5X Build/MMB29P) AppleWebKit/537.36 (KHTML, like Gecko) Chrome/137.0.7151.103 Mobile Safari/537.36 (compatible; Googlebot/2.1; +http://www.google.com/bot.html)"
43.166.128.187 - - [21/Jul/2025:03:10:49 +0000] "GET / HTTP/1.1" 200 265 "-" "Mozilla/5.0 (iPhone; CPU iPhone OS 13_2_3 like Mac OS X) AppleWebKit/605.1.15 (KHTML, like Gecko) Version/13.0.3 Mobile/15E148 Safari/604.1"
154.222.17.17 - - [21/Jul/2025:03:11:19 +0000] "GET /wp-json/wp/v2/posts HTTP/1.1" 200 265 "-" "Mozilla/5.0 (Windows NT 10.0; Win64; x64) AppleWebKit/537.36 (KHTML, like Gecko) Chrome/120.0.0.0 Safari/537.36"
66.249.65.97 - - [21/Jul/2025:03:11:37 +0000] "GET /?f=5344599011370&mod=aebb462e&uri=form.php?item/52619090.shtml HTTP/1.1" 200 20914 "-" "Mozilla/5.0 (compatible; Googlebot/2.1; +http://www.google.com/bot.html)"
66.249.65.98 - - [21/Jul/2025:03:14:23 +0000] "GET /?f=5344599011370&mod=aebb462e&uri=form.php?item/52060518.shtml HTTP/1.1" 200 21031 "-" "Mozilla/5.0 (Linux; Android 6.0.1; Nexus 5X Build/MMB29P) AppleWebKit/537.36 (KHTML, like Gecko) Chrome/137.0.7151.103 Mobile Safari/537.36 (compatible; Googlebot/2.1; +http://www.google.com/bot.html)"
66.249.65.98 - - [21/Jul/2025:03:15:42 +0000] "GET /?f=119736223111370&mod=cc710398&uri=products.php?item/57764178.shtml HTTP/1.1" 200 20532 "-" "Mozilla/5.0 (compatible; Googlebot/2.1; +http://www.google.com/bot.html)"
66.249.65.99 - - [21/Jul/2025:03:16:36 +0000] "GET /?f=119736223111370&mod=cc710398&uri=products.php?item/58916510.shtml HTTP/1.1" 200 20669 "-" "Mozilla/5.0 (Linux; Android 6.0.1; Nexus 5X Build/MMB29P) AppleWebKit/537.36 (KHTML, like Gecko) Chrome/137.0.7151.103 Mobile Safari/537.36 (compatible; Googlebot/2.1; +http://www.google.com/bot.html)"
66.249.65.98 - - [21/Jul/2025:03:17:55 +0000] "GET /index.php/item/3760155/ HTTP/1.1" 200 20915 "-" "Mozilla/5.0 (compatible; Googlebot/2.1; +http://www.google.com/bot.html)"
66.249.65.97 - - [21/Jul/2025:03:19:32 +0000] "GET /?f=5361162021370&mod=b3b0b34e&uri=pin.php?item/1273075114.shtml HTTP/1.1" 200 20173 "-" "Mozilla/5.0 (Linux; Android 6.0.1; Nexus 5X Build/MMB29P) AppleWebKit/537.36 (KHTML, like Gecko) Chrome/137.0.7151.103 Mobile Safari/537.36 (compatible; Googlebot/2.1; +http://www.google.com/bot.html)"
66.249.65.99 - - [21/Jul/2025:03:20:27 +0000] "GET /index.php/item/4708062/ HTTP/1.1" 200 19777 "-" "Mozilla/5.0 (compatible; Googlebot/2.1; +http://www.google.com/bot.html)"
66.249.65.98 - - [21/Jul/2025:03:21:36 +0000] "GET /?f=5361162021370&mod=b3b0b34e&uri=pin.php?item/9423110.shtml HTTP/1.1" 200 20408 "-" "Mozilla/5.0 (compatible; Googlebot/2.1; +http://www.google.com/bot.html)"
66.249.65.97 - - [21/Jul/2025:03:22:03 +0000] "GET /?f=5025587031370&mod=67a4b0f5&uri=info.php?item/56130182.shtml HTTP/1.1" 200 19841 "-" "Mozilla/5.0 (compatible; Googlebot/2.1; +http://www.google.com/bot.html)"
66.249.65.98 - - [21/Jul/2025:03:22:14 +0000] "GET /?f=5344599011370&mod=aebb462e&uri=form.php?item/468567212.shtml HTTP/1.1" 200 21126 "-" "Mozilla/5.0 (Linux; Android 6.0.1; Nexus 5X Build/MMB29P) AppleWebKit/537.36 (KHTML, like Gecko) Chrome/137.0.7151.103 Mobile Safari/537.36 (compatible; Googlebot/2.1; +http://www.google.com/bot.html)"
66.249.65.97 - - [21/Jul/2025:03:24:27 +0000] "GET /index.php?id=180124-270&name=artistpenbrush/feature/idol/gradol.html HTTP/1.1" 200 20993 "-" "Mozilla/5.0 (Linux; Android 6.0.1; Nexus 5X Build/MMB29P) AppleWebKit/537.36 (KHTML, like Gecko) Chrome/137.0.7151.103 Mobile Safari/537.36 (compatible; Googlebot/2.1; +http://www.google.com/bot.html)"
66.249.65.99 - - [21/Jul/2025:03:25:34 +0000] "GET /?f=4644499061370&mod=e41df6e7&uri=itm.php?feature/index.html HTTP/1.1" 200 19821 "-" "Mozilla/5.0 (Linux; Android 6.0.1; Nexus 5X Build/MMB29P) AppleWebKit/537.36 (KHTML, like Gecko) Chrome/137.0.7151.103 Mobile Safari/537.36 (compatible; Googlebot/2.1; +http://www.google.com/bot.html)"
66.249.65.98 - - [21/Jul/2025:03:26:44 +0000] "GET /?f=5344599011370&mod=aebb462e&uri=form.php?item/52916414.shtml HTTP/1.1" 200 20355 "-" "Mozilla/5.0 (compatible; Googlebot/2.1; +http://www.google.com/bot.html)"
66.249.65.98 - - [21/Jul/2025:03:29:25 +0000] "GET /?f=5329779031370&mod=f3a3d61b&uri=blog.php?item/49962888.shtml HTTP/1.1" 200 20177 "-" "Mozilla/5.0 (compatible; Googlebot/2.1; +http://www.google.com/bot.html)"
66.249.65.98 - - [21/Jul/2025:03:30:00 +0000] "GET /index.php/item/4440554/ HTTP/1.1" 200 19507 "-" "Mozilla/5.0 (compatible; Googlebot/2.1; +http://www.google.com/bot.html)"
66.249.65.98 - - [21/Jul/2025:03:32:14 +0000] "GET /?f=5344599011370&mod=aebb462e&uri=form.php?item/10807590.shtml HTTP/1.1" 200 21256 "-" "Mozilla/5.0 (compatible; Googlebot/2.1; +http://www.google.com/bot.html)"
66.249.65.98 - - [21/Jul/2025:03:33:12 +0000] "GET /?f=105153467021370&mod=1a4461e3&uri=itm.php?item/50683414.shtml HTTP/1.1" 200 20667 "-" "Mozilla/5.0 (Linux; Android 6.0.1; Nexus 5X Build/MMB29P) AppleWebKit/537.36 (KHTML, like Gecko) Chrome/137.0.7151.103 Mobile Safari/537.36 (compatible; Googlebot/2.1; +http://www.google.com/bot.html)"
66.249.65.99 - - [21/Jul/2025:03:37:14 +0000] "GET /game-gainz.com/pcmypage?callback=/product%2Fdetail%2F28876303 HTTP/1.1" 200 20381 "-" "Mozilla/5.0 (Linux; Android 6.0.1; Nexus 5X Build/MMB29P) AppleWebKit/537.36 (KHTML, like Gecko) Chrome/137.0.7151.103 Mobile Safari/537.36 (compatible; Googlebot/2.1; +http://www.google.com/bot.html)"
66.249.65.98 - - [21/Jul/2025:03:44:08 +0000] "GET /?f=4754832051370&mod=9ce3d416&uri=shop.php%3Fid%3D158696-92%26name%3Dbest+thriller+movies+available+on HTTP/1.1" 200 21676 "-" "Mozilla/5.0 (Linux; Android 6.0.1; Nexus 5X Build/MMB29P) AppleWebKit/537.36 (KHTML, like Gecko) Chrome/137.0.7151.103 Mobile Safari/537.36 (compatible; Googlebot/2.1; +http://www.google.com/bot.html)"
66.249.65.98 - - [21/Jul/2025:03:48:25 +0000] "GET /index.php/item/3418174/ HTTP/1.1" 200 19738 "-" "Mozilla/5.0 (compatible; Googlebot/2.1; +http://www.google.com/bot.html)"
66.249.65.97 - - [21/Jul/2025:03:48:35 +0000] "GET /?f=4982807011370&mod=dbfff4b2&uri=info.php?item/53823398.shtml HTTP/1.1" 200 20407 "-" "Mozilla/5.0 (compatible; Googlebot/2.1; +http://www.google.com/bot.html)"
66.249.65.99 - - [21/Jul/2025:03:49:24 +0000] "GET /?f=5449092091370&mod=15a50c8b&uri=shop.php?item/2823016.shtml HTTP/1.1" 200 20354 "-" "Mozilla/5.0 (Linux; Android 6.0.1; Nexus 5X Build/MMB29P) AppleWebKit/537.36 (KHTML, like Gecko) Chrome/137.0.7151.103 Mobile Safari/537.36 (compatible; Googlebot/2.1; +http://www.google.com/bot.html)"
66.249.65.99 - - [21/Jul/2025:03:50:33 +0000] "GET /index.php?id=184620-310&name=dellgeforcertx/hobby/boardgame/index.html HTTP/1.1" 200 20078 "-" "Mozilla/5.0 (Linux; Android 6.0.1; Nexus 5X Build/MMB29P) AppleWebKit/537.36 (KHTML, like Gecko) Chrome/137.0.7151.103 Mobile Safari/537.36 (compatible; Googlebot/2.1; +http://www.google.com/bot.html)"
66.249.65.97 - - [21/Jul/2025:03:52:49 +0000] "GET /?f=5344599011370&mod=aebb462e&uri=form.php?item/52934892.shtml HTTP/1.1" 200 20420 "-" "Mozilla/5.0 (Linux; Android 6.0.1; Nexus 5X Build/MMB29P) AppleWebKit/537.36 (KHTML, like Gecko) Chrome/137.0.7151.103 Mobile Safari/537.36 (compatible; Googlebot/2.1; +http://www.google.com/bot.html)"
66.249.65.99 - - [21/Jul/2025:03:54:52 +0000] "GET /?f=4922380141370&mod=9ce60c64&uri=shop.php?item/47881212.shtml HTTP/1.1" 200 19887 "-" "Mozilla/5.0 (compatible; Googlebot/2.1; +http://www.google.com/bot.html)"
66.249.65.98 - - [21/Jul/2025:03:55:19 +0000] "GET /?f=105153467021370&mod=1a4461e3&uri=itm.php?item/52143368.shtml HTTP/1.1" 200 20343 "-" "Mozilla/5.0 (Linux; Android 6.0.1; Nexus 5X Build/MMB29P) AppleWebKit/537.36 (KHTML, like Gecko) Chrome/137.0.7151.103 Mobile Safari/537.36 (compatible; Googlebot/2.1; +http://www.google.com/bot.html)"
66.249.65.97 - - [21/Jul/2025:03:56:36 +0000] "GET /?f=5344599011370&mod=aebb462e&uri=form.php?item/52616718.shtml HTTP/1.1" 200 20754 "-" "Mozilla/5.0 (Linux; Android 6.0.1; Nexus 5X Build/MMB29P) AppleWebKit/537.36 (KHTML, like Gecko) Chrome/137.0.7151.103 Mobile Safari/537.36 (compatible; Googlebot/2.1; +http://www.google.com/bot.html)"
66.249.65.97 - - [21/Jul/2025:03:56:36 +0000] "GET /?f=5329779031370&mod=f3a3d61b&uri=blog.php?item/54438108.shtml HTTP/1.1" 200 19746 "-" "Mozilla/5.0 (compatible; Googlebot/2.1; +http://www.google.com/bot.html)"
66.249.65.97 - - [21/Jul/2025:03:57:32 +0000] "GET /?f=5330409061370&mod=f3a3d61b&uri=info.php?item/1252363484.shtml HTTP/1.1" 200 20200 "-" "Mozilla/5.0 (Linux; Android 6.0.1; Nexus 5X Build/MMB29P) AppleWebKit/537.36 (KHTML, like Gecko) Chrome/137.0.7151.103 Mobile Safari/537.36 (compatible; Googlebot/2.1; +http://www.google.com/bot.html)"
66.249.65.99 - - [21/Jul/2025:03:57:32 +0000] "GET /?f=5344599011370&mod=aebb462e&uri=form.php?item/468523714.shtml HTTP/1.1" 200 20471 "-" "Mozilla/5.0 (compatible; Googlebot/2.1; +http://www.google.com/bot.html)"
66.249.65.98 - - [21/Jul/2025:03:59:03 +0000] "GET /?f=5344599011370&mod=aebb462e&uri=form.php?item/1350239616.shtml HTTP/1.1" 200 20318 "-" "Mozilla/5.0 (Linux; Android 6.0.1; Nexus 5X Build/MMB29P) AppleWebKit/537.36 (KHTML, like Gecko) Chrome/137.0.7151.103 Mobile Safari/537.36 (compatible; Googlebot/2.1; +http://www.google.com/bot.html)"
66.249.65.97 - - [21/Jul/2025:03:59:09 +0000] "GET /?f=5361162021370&mod=b3b0b34e&uri=pin.php?item/674893544.shtml HTTP/1.1" 200 20137 "-" "Mozilla/5.0 (Linux; Android 6.0.1; Nexus 5X Build/MMB29P) AppleWebKit/537.36 (KHTML, like Gecko) Chrome/137.0.7151.103 Mobile Safari/537.36 (compatible; Googlebot/2.1; +http://www.google.com/bot.html)"
66.249.65.97 - - [21/Jul/2025:03:59:18 +0000] "GET /?f=5329779031370&mod=f3a3d61b&uri=blog.php?item/1199958646.shtml HTTP/1.1" 200 20246 "-" "Mozilla/5.0 (Linux; Android 6.0.1; Nexus 5X Build/MMB29P) AppleWebKit/537.36 (KHTML, like Gecko) Chrome/137.0.7151.103 Mobile Safari/537.36 (compatible; Googlebot/2.1; +http://www.google.com/bot.html)"
57.141.2.5 - - [21/Jul/2025:04:01:24 +0000] "GET /item/1069013018.shtml HTTP/1.1" 200 417 "-" "meta-externalagent/1.1 (+https://developers.facebook.com/docs/sharing/webmasters/crawler)"
66.249.65.98 - - [21/Jul/2025:04:02:06 +0000] "GET /?f=105153467021370&mod=1a4461e3&uri=itm.php?item/52126064.shtml HTTP/1.1" 200 20561 "-" "Mozilla/5.0 (Linux; Android 6.0.1; Nexus 5X Build/MMB29P) AppleWebKit/537.36 (KHTML, like Gecko) Chrome/137.0.7151.103 Mobile Safari/537.36 (compatible; Googlebot/2.1; +http://www.google.com/bot.html)"
66.249.65.99 - - [21/Jul/2025:04:03:08 +0000] "GET /?f=5344599011370&mod=aebb462e&uri=form.php?item/52918722.shtml HTTP/1.1" 200 21035 "-" "Mozilla/5.0 (Linux; Android 6.0.1; Nexus 5X Build/MMB29P) AppleWebKit/537.36 (KHTML, like Gecko) Chrome/137.0.7151.103 Mobile Safari/537.36 (compatible; Googlebot/2.1; +http://www.google.com/bot.html)"
57.141.2.6 - - [21/Jul/2025:04:06:08 +0000] "GET /item/1069076156.shtml HTTP/1.1" 200 417 "-" "meta-externalagent/1.1 (+https://developers.facebook.com/docs/sharing/webmasters/crawler)"
