20.171.207.112 - - [20/Jul/2025:20:10:17 +0000] "GET /item/2311888/ HTTP/1.1" 200 265 "-" "Mozilla/5.0 AppleWebKit/537.36 (KHTML, like Gecko; compatible; GPTBot/1.2; +https://openai.com/gptbot)"
20.171.207.112 - - [20/Jul/2025:20:10:18 +0000] "GET /item/2999720/ HTTP/1.1" 200 265 "-" "Mozilla/5.0 AppleWebKit/537.36 (KHTML, like Gecko; compatible; GPTBot/1.2; +https://openai.com/gptbot)"
20.171.207.112 - - [20/Jul/2025:20:10:33 +0000] "GET /item/2227940/ HTTP/1.1" 200 265 "-" "Mozilla/5.0 AppleWebKit/537.36 (KHTML, like Gecko; compatible; GPTBot/1.2; +https://openai.com/gptbot)"
20.171.207.112 - - [20/Jul/2025:20:10:50 +0000] "GET /item/3928889/ HTTP/1.1" 200 265 "-" "Mozilla/5.0 AppleWebKit/537.36 (KHTML, like Gecko; compatible; GPTBot/1.2; +https://openai.com/gptbot)"
20.171.207.112 - - [20/Jul/2025:20:10:59 +0000] "GET /item/1777892/ HTTP/1.1" 200 265 "-" "Mozilla/5.0 AppleWebKit/537.36 (KHTML, like Gecko; compatible; GPTBot/1.2; +https://openai.com/gptbot)"
20.171.207.112 - - [20/Jul/2025:20:11:04 +0000] "GET /item/4895666/ HTTP/1.1" 200 265 "-" "Mozilla/5.0 AppleWebKit/537.36 (KHTML, like Gecko; compatible; GPTBot/1.2; +https://openai.com/gptbot)"
20.171.207.112 - - [20/Jul/2025:20:11:13 +0000] "GET /item/1114225/ HTTP/1.1" 200 265 "-" "Mozilla/5.0 AppleWebKit/537.36 (KHTML, like Gecko; compatible; GPTBot/1.2; +https://openai.com/gptbot)"
20.171.207.112 - - [20/Jul/2025:20:11:16 +0000] "GET /item/4627775/ HTTP/1.1" 200 265 "-" "Mozilla/5.0 AppleWebKit/537.36 (KHTML, like Gecko; compatible; GPTBot/1.2; +https://openai.com/gptbot)"
20.171.207.112 - - [20/Jul/2025:20:11:17 +0000] "GET /item/4440282/ HTTP/1.1" 200 265 "-" "Mozilla/5.0 AppleWebKit/537.36 (KHTML, like Gecko; compatible; GPTBot/1.2; +https://openai.com/gptbot)"
20.171.207.112 - - [20/Jul/2025:20:11:25 +0000] "GET /item/4099942/ HTTP/1.1" 200 265 "-" "Mozilla/5.0 AppleWebKit/537.36 (KHTML, like Gecko; compatible; GPTBot/1.2; +https://openai.com/gptbot)"
20.171.207.112 - - [20/Jul/2025:20:11:43 +0000] "GET /item/4111645/ HTTP/1.1" 200 265 "-" "Mozilla/5.0 AppleWebKit/537.36 (KHTML, like Gecko; compatible; GPTBot/1.2; +https://openai.com/gptbot)"
20.171.207.112 - - [20/Jul/2025:20:11:53 +0000] "GET /item/1539995/ HTTP/1.1" 200 265 "-" "Mozilla/5.0 AppleWebKit/537.36 (KHTML, like Gecko; compatible; GPTBot/1.2; +https://openai.com/gptbot)"
20.171.207.112 - - [20/Jul/2025:20:12:00 +0000] "GET /item/1115688/ HTTP/1.1" 200 265 "-" "Mozilla/5.0 AppleWebKit/537.36 (KHTML, like Gecko; compatible; GPTBot/1.2; +https://openai.com/gptbot)"
20.171.207.112 - - [20/Jul/2025:20:12:13 +0000] "GET /item/1577701/ HTTP/1.1" 200 265 "-" "Mozilla/5.0 AppleWebKit/537.36 (KHTML, like Gecko; compatible; GPTBot/1.2; +https://openai.com/gptbot)"
20.171.207.112 - - [20/Jul/2025:20:12:21 +0000] "GET /item/2999600/ HTTP/1.1" 200 265 "-" "Mozilla/5.0 AppleWebKit/537.36 (KHTML, like Gecko; compatible; GPTBot/1.2; +https://openai.com/gptbot)"
20.171.207.112 - - [20/Jul/2025:20:12:23 +0000] "GET /item/4829992/ HTTP/1.1" 200 265 "-" "Mozilla/5.0 AppleWebKit/537.36 (KHTML, like Gecko; compatible; GPTBot/1.2; +https://openai.com/gptbot)"
20.171.207.112 - - [20/Jul/2025:20:12:46 +0000] "GET /item/5000956/ HTTP/1.1" 200 265 "-" "Mozilla/5.0 AppleWebKit/537.36 (KHTML, like Gecko; compatible; GPTBot/1.2; +https://openai.com/gptbot)"
20.171.207.112 - - [20/Jul/2025:20:12:48 +0000] "GET /item/1251000/ HTTP/1.1" 200 265 "-" "Mozilla/5.0 AppleWebKit/537.36 (KHTML, like Gecko; compatible; GPTBot/1.2; +https://openai.com/gptbot)"
20.171.207.112 - - [20/Jul/2025:20:12:51 +0000] "GET /item/3118000/ HTTP/1.1" 200 265 "-" "Mozilla/5.0 AppleWebKit/537.36 (KHTML, like Gecko; compatible; GPTBot/1.2; +https://openai.com/gptbot)"
20.171.207.112 - - [20/Jul/2025:20:12:56 +0000] "GET /item/2653777/ HTTP/1.1" 200 265 "-" "Mozilla/5.0 AppleWebKit/537.36 (KHTML, like Gecko; compatible; GPTBot/1.2; +https://openai.com/gptbot)"
20.171.207.112 - - [20/Jul/2025:20:13:08 +0000] "GET /item/1654447/ HTTP/1.1" 200 265 "-" "Mozilla/5.0 AppleWebKit/537.36 (KHTML, like Gecko; compatible; GPTBot/1.2; +https://openai.com/gptbot)"
20.171.207.112 - - [20/Jul/2025:20:13:41 +0000] "GET /item/3240003/ HTTP/1.1" 200 265 "-" "Mozilla/5.0 AppleWebKit/537.36 (KHTML, like Gecko; compatible; GPTBot/1.2; +https://openai.com/gptbot)"
20.171.207.112 - - [20/Jul/2025:20:13:48 +0000] "GET /item/1447999/ HTTP/1.1" 200 265 "-" "Mozilla/5.0 AppleWebKit/537.36 (KHTML, like Gecko; compatible; GPTBot/1.2; +https://openai.com/gptbot)"
20.171.207.112 - - [20/Jul/2025:20:13:57 +0000] "GET /item/4006222/ HTTP/1.1" 200 265 "-" "Mozilla/5.0 AppleWebKit/537.36 (KHTML, like Gecko; compatible; GPTBot/1.2; +https://openai.com/gptbot)"
20.171.207.112 - - [20/Jul/2025:20:14:04 +0000] "GET /item/2228370/ HTTP/1.1" 200 265 "-" "Mozilla/5.0 AppleWebKit/537.36 (KHTML, like Gecko; compatible; GPTBot/1.2; +https://openai.com/gptbot)"
20.171.207.112 - - [20/Jul/2025:20:14:06 +0000] "GET /item/4228881/ HTTP/1.1" 200 265 "-" "Mozilla/5.0 AppleWebKit/537.36 (KHTML, like Gecko; compatible; GPTBot/1.2; +https://openai.com/gptbot)"
20.171.207.112 - - [20/Jul/2025:20:14:13 +0000] "GET /item/1203332/ HTTP/1.1" 200 265 "-" "Mozilla/5.0 AppleWebKit/537.36 (KHTML, like Gecko; compatible; GPTBot/1.2; +https://openai.com/gptbot)"
20.171.207.112 - - [20/Jul/2025:20:14:19 +0000] "GET /item/2999126/ HTTP/1.1" 200 265 "-" "Mozilla/5.0 AppleWebKit/537.36 (KHTML, like Gecko; compatible; GPTBot/1.2; +https://openai.com/gptbot)"
20.171.207.112 - - [20/Jul/2025:20:14:24 +0000] "GET /item/1287774/ HTTP/1.1" 200 265 "-" "Mozilla/5.0 AppleWebKit/537.36 (KHTML, like Gecko; compatible; GPTBot/1.2; +https://openai.com/gptbot)"
20.171.207.112 - - [20/Jul/2025:20:14:27 +0000] "GET /item/1666085/ HTTP/1.1" 200 265 "-" "Mozilla/5.0 AppleWebKit/537.36 (KHTML, like Gecko; compatible; GPTBot/1.2; +https://openai.com/gptbot)"
20.171.207.112 - - [20/Jul/2025:20:14:33 +0000] "GET /item/3700035/ HTTP/1.1" 200 265 "-" "Mozilla/5.0 AppleWebKit/537.36 (KHTML, like Gecko; compatible; GPTBot/1.2; +https://openai.com/gptbot)"
66.249.65.98 - - [20/Jul/2025:20:14:49 +0000] "GET /index.php/item/4757925/ HTTP/1.1" 200 20545 "-" "Mozilla/5.0 (Linux; Android 6.0.1; Nexus 5X Build/MMB29P) AppleWebKit/537.36 (KHTML, like Gecko) Chrome/137.0.7151.103 Mobile Safari/537.36 (compatible; Googlebot/2.1; +http://www.google.com/bot.html)"
20.171.207.112 - - [20/Jul/2025:20:14:57 +0000] "GET /item/4433379/ HTTP/1.1" 200 265 "-" "Mozilla/5.0 AppleWebKit/537.36 (KHTML, like Gecko; compatible; GPTBot/1.2; +https://openai.com/gptbot)"
20.171.207.112 - - [20/Jul/2025:20:15:02 +0000] "GET /item/1204999/ HTTP/1.1" 200 265 "-" "Mozilla/5.0 AppleWebKit/537.36 (KHTML, like Gecko; compatible; GPTBot/1.2; +https://openai.com/gptbot)"
20.171.207.112 - - [20/Jul/2025:20:15:03 +0000] "GET /item/3000846/ HTTP/1.1" 200 265 "-" "Mozilla/5.0 AppleWebKit/537.36 (KHTML, like Gecko; compatible; GPTBot/1.2; +https://openai.com/gptbot)"
20.171.207.112 - - [20/Jul/2025:20:15:09 +0000] "GET /item/3976665/ HTTP/1.1" 200 265 "-" "Mozilla/5.0 AppleWebKit/537.36 (KHTML, like Gecko; compatible; GPTBot/1.2; +https://openai.com/gptbot)"
20.171.207.112 - - [20/Jul/2025:20:15:15 +0000] "GET /item/3042229/ HTTP/1.1" 200 265 "-" "Mozilla/5.0 AppleWebKit/537.36 (KHTML, like Gecko; compatible; GPTBot/1.2; +https://openai.com/gptbot)"
20.171.207.112 - - [20/Jul/2025:20:15:24 +0000] "GET /item/4299927/ HTTP/1.1" 200 265 "-" "Mozilla/5.0 AppleWebKit/537.36 (KHTML, like Gecko; compatible; GPTBot/1.2; +https://openai.com/gptbot)"
20.171.207.112 - - [20/Jul/2025:20:16:09 +0000] "GET /item/4388891/ HTTP/1.1" 200 265 "-" "Mozilla/5.0 AppleWebKit/537.36 (KHTML, like Gecko; compatible; GPTBot/1.2; +https://openai.com/gptbot)"
20.171.207.112 - - [20/Jul/2025:20:16:11 +0000] "GET /item/4440167/ HTTP/1.1" 200 265 "-" "Mozilla/5.0 AppleWebKit/537.36 (KHTML, like Gecko; compatible; GPTBot/1.2; +https://openai.com/gptbot)"
20.171.207.112 - - [20/Jul/2025:20:16:12 +0000] "GET /item/1333228/ HTTP/1.1" 200 265 "-" "Mozilla/5.0 AppleWebKit/537.36 (KHTML, like Gecko; compatible; GPTBot/1.2; +https://openai.com/gptbot)"
66.249.65.97 - - [20/Jul/2025:20:16:21 +0000] "GET /?f=5344599011370&mod=aebb462e&uri=form.php?item/9486540.shtml HTTP/1.1" 200 20243 "-" "Mozilla/5.0 (compatible; Googlebot/2.1; +http://www.google.com/bot.html)"
20.171.207.112 - - [20/Jul/2025:20:16:44 +0000] "GET /item/3339181/ HTTP/1.1" 200 265 "-" "Mozilla/5.0 AppleWebKit/537.36 (KHTML, like Gecko; compatible; GPTBot/1.2; +https://openai.com/gptbot)"
20.171.207.112 - - [20/Jul/2025:20:16:45 +0000] "GET /item/2221883/ HTTP/1.1" 200 265 "-" "Mozilla/5.0 AppleWebKit/537.36 (KHTML, like Gecko; compatible; GPTBot/1.2; +https://openai.com/gptbot)"
20.171.207.112 - - [20/Jul/2025:20:16:46 +0000] "GET /item/1117602/ HTTP/1.1" 200 265 "-" "Mozilla/5.0 AppleWebKit/537.36 (KHTML, like Gecko; compatible; GPTBot/1.2; +https://openai.com/gptbot)"
20.171.207.112 - - [20/Jul/2025:20:16:51 +0000] "GET /item/3999132/ HTTP/1.1" 200 265 "-" "Mozilla/5.0 AppleWebKit/537.36 (KHTML, like Gecko; compatible; GPTBot/1.2; +https://openai.com/gptbot)"
20.171.207.112 - - [20/Jul/2025:20:16:53 +0000] "GET /item/3888082/ HTTP/1.1" 200 265 "-" "Mozilla/5.0 AppleWebKit/537.36 (KHTML, like Gecko; compatible; GPTBot/1.2; +https://openai.com/gptbot)"
20.171.207.112 - - [20/Jul/2025:20:17:05 +0000] "GET /item/3999363/ HTTP/1.1" 200 265 "-" "Mozilla/5.0 AppleWebKit/537.36 (KHTML, like Gecko; compatible; GPTBot/1.2; +https://openai.com/gptbot)"
20.171.207.112 - - [20/Jul/2025:20:17:19 +0000] "GET /item/3929990/ HTTP/1.1" 200 265 "-" "Mozilla/5.0 AppleWebKit/537.36 (KHTML, like Gecko; compatible; GPTBot/1.2; +https://openai.com/gptbot)"
20.171.207.112 - - [20/Jul/2025:20:17:22 +0000] "GET /item/1674111/ HTTP/1.1" 200 265 "-" "Mozilla/5.0 AppleWebKit/537.36 (KHTML, like Gecko; compatible; GPTBot/1.2; +https://openai.com/gptbot)"
20.171.207.112 - - [20/Jul/2025:20:17:31 +0000] "GET /item/3192111/ HTTP/1.1" 200 265 "-" "Mozilla/5.0 AppleWebKit/537.36 (KHTML, like Gecko; compatible; GPTBot/1.2; +https://openai.com/gptbot)"
20.171.207.112 - - [20/Jul/2025:20:17:39 +0000] "GET /item/2414447/ HTTP/1.1" 200 265 "-" "Mozilla/5.0 AppleWebKit/537.36 (KHTML, like Gecko; compatible; GPTBot/1.2; +https://openai.com/gptbot)"
20.171.207.112 - - [20/Jul/2025:20:17:44 +0000] "GET /item/3933302/ HTTP/1.1" 200 265 "-" "Mozilla/5.0 AppleWebKit/537.36 (KHTML, like Gecko; compatible; GPTBot/1.2; +https://openai.com/gptbot)"
20.171.207.112 - - [20/Jul/2025:20:18:07 +0000] "GET /item/1777911/ HTTP/1.1" 200 265 "-" "Mozilla/5.0 AppleWebKit/537.36 (KHTML, like Gecko; compatible; GPTBot/1.2; +https://openai.com/gptbot)"
20.171.207.112 - - [20/Jul/2025:20:18:11 +0000] "GET /item/2227182/ HTTP/1.1" 200 265 "-" "Mozilla/5.0 AppleWebKit/537.36 (KHTML, like Gecko; compatible; GPTBot/1.2; +https://openai.com/gptbot)"
20.171.207.112 - - [20/Jul/2025:20:18:12 +0000] "GET /item/1981999/ HTTP/1.1" 200 265 "-" "Mozilla/5.0 AppleWebKit/537.36 (KHTML, like Gecko; compatible; GPTBot/1.2; +https://openai.com/gptbot)"
20.171.207.112 - - [20/Jul/2025:20:18:14 +0000] "GET /item/4151119/ HTTP/1.1" 200 265 "-" "Mozilla/5.0 AppleWebKit/537.36 (KHTML, like Gecko; compatible; GPTBot/1.2; +https://openai.com/gptbot)"
66.249.65.96 - - [20/Jul/2025:20:18:16 +0000] "GET /index.php/item/3590773/ HTTP/1.1" 200 20344 "-" "Mozilla/5.0 (compatible; Googlebot/2.1; +http://www.google.com/bot.html)"
20.171.207.112 - - [20/Jul/2025:20:18:23 +0000] "GET /item/3332112/ HTTP/1.1" 200 265 "-" "Mozilla/5.0 AppleWebKit/537.36 (KHTML, like Gecko; compatible; GPTBot/1.2; +https://openai.com/gptbot)"
20.171.207.112 - - [20/Jul/2025:20:18:29 +0000] "GET /item/4447254/ HTTP/1.1" 200 265 "-" "Mozilla/5.0 AppleWebKit/537.36 (KHTML, like Gecko; compatible; GPTBot/1.2; +https://openai.com/gptbot)"
20.171.207.112 - - [20/Jul/2025:20:18:46 +0000] "GET /item/4448447/ HTTP/1.1" 200 265 "-" "Mozilla/5.0 AppleWebKit/537.36 (KHTML, like Gecko; compatible; GPTBot/1.2; +https://openai.com/gptbot)"
20.171.207.112 - - [20/Jul/2025:20:18:47 +0000] "GET /item/4944427/ HTTP/1.1" 200 265 "-" "Mozilla/5.0 AppleWebKit/537.36 (KHTML, like Gecko; compatible; GPTBot/1.2; +https://openai.com/gptbot)"
20.171.207.112 - - [20/Jul/2025:20:18:50 +0000] "GET /item/4000180/ HTTP/1.1" 200 265 "-" "Mozilla/5.0 AppleWebKit/537.36 (KHTML, like Gecko; compatible; GPTBot/1.2; +https://openai.com/gptbot)"
20.171.207.112 - - [20/Jul/2025:20:18:53 +0000] "GET /item/4442462/ HTTP/1.1" 200 265 "-" "Mozilla/5.0 AppleWebKit/537.36 (KHTML, like Gecko; compatible; GPTBot/1.2; +https://openai.com/gptbot)"
20.171.207.112 - - [20/Jul/2025:20:19:01 +0000] "GET /item/1113418/ HTTP/1.1" 200 265 "-" "Mozilla/5.0 AppleWebKit/537.36 (KHTML, like Gecko; compatible; GPTBot/1.2; +https://openai.com/gptbot)"
20.171.207.112 - - [20/Jul/2025:20:19:17 +0000] "GET /item/2414446/ HTTP/1.1" 200 265 "-" "Mozilla/5.0 AppleWebKit/537.36 (KHTML, like Gecko; compatible; GPTBot/1.2; +https://openai.com/gptbot)"
20.171.207.112 - - [20/Jul/2025:20:19:19 +0000] "GET /item/2817111/ HTTP/1.1" 200 265 "-" "Mozilla/5.0 AppleWebKit/537.36 (KHTML, like Gecko; compatible; GPTBot/1.2; +https://openai.com/gptbot)"
66.249.65.98 - - [20/Jul/2025:20:19:30 +0000] "GET /index.php/item/4479622/ HTTP/1.1" 200 20582 "-" "Mozilla/5.0 (Linux; Android 6.0.1; Nexus 5X Build/MMB29P) AppleWebKit/537.36 (KHTML, like Gecko) Chrome/137.0.7151.103 Mobile Safari/537.36 (compatible; Googlebot/2.1; +http://www.google.com/bot.html)"
20.171.207.112 - - [20/Jul/2025:20:19:34 +0000] "GET /item/1511162/ HTTP/1.1" 200 265 "-" "Mozilla/5.0 AppleWebKit/537.36 (KHTML, like Gecko; compatible; GPTBot/1.2; +https://openai.com/gptbot)"
20.171.207.112 - - [20/Jul/2025:20:19:41 +0000] "GET /item/3300055/ HTTP/1.1" 200 265 "-" "Mozilla/5.0 AppleWebKit/537.36 (KHTML, like Gecko; compatible; GPTBot/1.2; +https://openai.com/gptbot)"
20.171.207.112 - - [20/Jul/2025:20:19:52 +0000] "GET /item/3678333/ HTTP/1.1" 200 265 "-" "Mozilla/5.0 AppleWebKit/537.36 (KHTML, like Gecko; compatible; GPTBot/1.2; +https://openai.com/gptbot)"
20.171.207.112 - - [20/Jul/2025:20:19:55 +0000] "GET /item/2888282/ HTTP/1.1" 200 265 "-" "Mozilla/5.0 AppleWebKit/537.36 (KHTML, like Gecko; compatible; GPTBot/1.2; +https://openai.com/gptbot)"
20.171.207.112 - - [20/Jul/2025:20:20:14 +0000] "GET /item/2822242/ HTTP/1.1" 200 265 "-" "Mozilla/5.0 AppleWebKit/537.36 (KHTML, like Gecko; compatible; GPTBot/1.2; +https://openai.com/gptbot)"
20.171.207.112 - - [20/Jul/2025:20:20:17 +0000] "GET /item/5000906/ HTTP/1.1" 200 265 "-" "Mozilla/5.0 AppleWebKit/537.36 (KHTML, like Gecko; compatible; GPTBot/1.2; +https://openai.com/gptbot)"
20.171.207.112 - - [20/Jul/2025:20:20:23 +0000] "GET /item/4445241/ HTTP/1.1" 200 265 "-" "Mozilla/5.0 AppleWebKit/537.36 (KHTML, like Gecko; compatible; GPTBot/1.2; +https://openai.com/gptbot)"
20.171.207.112 - - [20/Jul/2025:20:20:30 +0000] "GET /item/3303999/ HTTP/1.1" 200 265 "-" "Mozilla/5.0 AppleWebKit/537.36 (KHTML, like Gecko; compatible; GPTBot/1.2; +https://openai.com/gptbot)"
20.171.207.112 - - [20/Jul/2025:20:20:40 +0000] "GET /item/1311188/ HTTP/1.1" 200 265 "-" "Mozilla/5.0 AppleWebKit/537.36 (KHTML, like Gecko; compatible; GPTBot/1.2; +https://openai.com/gptbot)"
20.171.207.112 - - [20/Jul/2025:20:20:49 +0000] "GET /item/2666968/ HTTP/1.1" 200 265 "-" "Mozilla/5.0 AppleWebKit/537.36 (KHTML, like Gecko; compatible; GPTBot/1.2; +https://openai.com/gptbot)"
20.171.207.112 - - [20/Jul/2025:20:20:50 +0000] "GET /item/3334434/ HTTP/1.1" 200 265 "-" "Mozilla/5.0 AppleWebKit/537.36 (KHTML, like Gecko; compatible; GPTBot/1.2; +https://openai.com/gptbot)"
20.171.207.112 - - [20/Jul/2025:20:21:02 +0000] "GET /item/1991112/ HTTP/1.1" 200 265 "-" "Mozilla/5.0 AppleWebKit/537.36 (KHTML, like Gecko; compatible; GPTBot/1.2; +https://openai.com/gptbot)"
20.171.207.112 - - [20/Jul/2025:20:21:14 +0000] "GET /item/3336330/ HTTP/1.1" 200 265 "-" "Mozilla/5.0 AppleWebKit/537.36 (KHTML, like Gecko; compatible; GPTBot/1.2; +https://openai.com/gptbot)"
20.171.207.112 - - [20/Jul/2025:20:21:24 +0000] "GET /item/2817888/ HTTP/1.1" 200 265 "-" "Mozilla/5.0 AppleWebKit/537.36 (KHTML, like Gecko; compatible; GPTBot/1.2; +https://openai.com/gptbot)"
20.171.207.112 - - [20/Jul/2025:20:21:28 +0000] "GET /item/3118883/ HTTP/1.1" 200 265 "-" "Mozilla/5.0 AppleWebKit/537.36 (KHTML, like Gecko; compatible; GPTBot/1.2; +https://openai.com/gptbot)"
20.171.207.112 - - [20/Jul/2025:20:21:30 +0000] "GET /item/2377787/ HTTP/1.1" 200 265 "-" "Mozilla/5.0 AppleWebKit/537.36 (KHTML, like Gecko; compatible; GPTBot/1.2; +https://openai.com/gptbot)"
20.171.207.112 - - [20/Jul/2025:20:21:34 +0000] "GET /item/3331432/ HTTP/1.1" 200 265 "-" "Mozilla/5.0 AppleWebKit/537.36 (KHTML, like Gecko; compatible; GPTBot/1.2; +https://openai.com/gptbot)"
20.171.207.112 - - [20/Jul/2025:20:21:39 +0000] "GET /item/3830008/ HTTP/1.1" 200 265 "-" "Mozilla/5.0 AppleWebKit/537.36 (KHTML, like Gecko; compatible; GPTBot/1.2; +https://openai.com/gptbot)"
20.171.207.112 - - [20/Jul/2025:20:21:52 +0000] "GET /item/1571110/ HTTP/1.1" 200 265 "-" "Mozilla/5.0 AppleWebKit/537.36 (KHTML, like Gecko; compatible; GPTBot/1.2; +https://openai.com/gptbot)"
20.171.207.112 - - [20/Jul/2025:20:21:57 +0000] "GET /item/2022000/ HTTP/1.1" 200 265 "-" "Mozilla/5.0 AppleWebKit/537.36 (KHTML, like Gecko; compatible; GPTBot/1.2; +https://openai.com/gptbot)"
20.171.207.112 - - [20/Jul/2025:20:22:00 +0000] "GET /item/2888380/ HTTP/1.1" 200 265 "-" "Mozilla/5.0 AppleWebKit/537.36 (KHTML, like Gecko; compatible; GPTBot/1.2; +https://openai.com/gptbot)"
20.171.207.112 - - [20/Jul/2025:20:22:22 +0000] "GET /item/3785777/ HTTP/1.1" 200 265 "-" "Mozilla/5.0 AppleWebKit/537.36 (KHTML, like Gecko; compatible; GPTBot/1.2; +https://openai.com/gptbot)"
20.171.207.112 - - [20/Jul/2025:20:22:26 +0000] "GET /item/2777276/ HTTP/1.1" 200 265 "-" "Mozilla/5.0 AppleWebKit/537.36 (KHTML, like Gecko; compatible; GPTBot/1.2; +https://openai.com/gptbot)"
20.171.207.112 - - [20/Jul/2025:20:22:37 +0000] "GET /item/3733374/ HTTP/1.1" 200 265 "-" "Mozilla/5.0 AppleWebKit/537.36 (KHTML, like Gecko; compatible; GPTBot/1.2; +https://openai.com/gptbot)"
20.171.207.112 - - [20/Jul/2025:20:22:43 +0000] "GET /item/2224216/ HTTP/1.1" 200 265 "-" "Mozilla/5.0 AppleWebKit/537.36 (KHTML, like Gecko; compatible; GPTBot/1.2; +https://openai.com/gptbot)"
20.171.207.112 - - [20/Jul/2025:20:22:47 +0000] "GET /item/3335575/ HTTP/1.1" 200 265 "-" "Mozilla/5.0 AppleWebKit/537.36 (KHTML, like Gecko; compatible; GPTBot/1.2; +https://openai.com/gptbot)"
20.171.207.112 - - [20/Jul/2025:20:23:02 +0000] "GET /item/3444284/ HTTP/1.1" 200 265 "-" "Mozilla/5.0 AppleWebKit/537.36 (KHTML, like Gecko; compatible; GPTBot/1.2; +https://openai.com/gptbot)"
20.171.207.112 - - [20/Jul/2025:20:23:03 +0000] "GET /item/3633777/ HTTP/1.1" 200 265 "-" "Mozilla/5.0 AppleWebKit/537.36 (KHTML, like Gecko; compatible; GPTBot/1.2; +https://openai.com/gptbot)"
20.171.207.112 - - [20/Jul/2025:20:23:16 +0000] "GET /item/1632666/ HTTP/1.1" 200 265 "-" "Mozilla/5.0 AppleWebKit/537.36 (KHTML, like Gecko; compatible; GPTBot/1.2; +https://openai.com/gptbot)"
20.171.207.112 - - [20/Jul/2025:20:23:21 +0000] "GET /item/3334736/ HTTP/1.1" 200 265 "-" "Mozilla/5.0 AppleWebKit/537.36 (KHTML, like Gecko; compatible; GPTBot/1.2; +https://openai.com/gptbot)"
20.171.207.112 - - [20/Jul/2025:20:23:37 +0000] "GET /item/1115113/ HTTP/1.1" 200 265 "-" "Mozilla/5.0 AppleWebKit/537.36 (KHTML, like Gecko; compatible; GPTBot/1.2; +https://openai.com/gptbot)"
20.171.207.112 - - [20/Jul/2025:20:23:42 +0000] "GET /item/2637666/ HTTP/1.1" 200 265 "-" "Mozilla/5.0 AppleWebKit/537.36 (KHTML, like Gecko; compatible; GPTBot/1.2; +https://openai.com/gptbot)"
20.171.207.112 - - [20/Jul/2025:20:23:50 +0000] "GET /item/2087000/ HTTP/1.1" 200 265 "-" "Mozilla/5.0 AppleWebKit/537.36 (KHTML, like Gecko; compatible; GPTBot/1.2; +https://openai.com/gptbot)"
20.171.207.112 - - [20/Jul/2025:20:24:00 +0000] "GET /item/2312225/ HTTP/1.1" 200 265 "-" "Mozilla/5.0 AppleWebKit/537.36 (KHTML, like Gecko; compatible; GPTBot/1.2; +https://openai.com/gptbot)"
20.171.207.112 - - [20/Jul/2025:20:24:05 +0000] "GET /item/1266686/ HTTP/1.1" 200 265 "-" "Mozilla/5.0 AppleWebKit/537.36 (KHTML, like Gecko; compatible; GPTBot/1.2; +https://openai.com/gptbot)"
20.171.207.112 - - [20/Jul/2025:20:24:10 +0000] "GET /item/3334139/ HTTP/1.1" 200 265 "-" "Mozilla/5.0 AppleWebKit/537.36 (KHTML, like Gecko; compatible; GPTBot/1.2; +https://openai.com/gptbot)"
20.171.207.112 - - [20/Jul/2025:20:24:13 +0000] "GET /item/1444542/ HTTP/1.1" 200 265 "-" "Mozilla/5.0 AppleWebKit/537.36 (KHTML, like Gecko; compatible; GPTBot/1.2; +https://openai.com/gptbot)"
20.171.207.112 - - [20/Jul/2025:20:24:18 +0000] "GET /item/4544457/ HTTP/1.1" 200 265 "-" "Mozilla/5.0 AppleWebKit/537.36 (KHTML, like Gecko; compatible; GPTBot/1.2; +https://openai.com/gptbot)"
20.171.207.112 - - [20/Jul/2025:20:24:21 +0000] "GET /item/3334139/ HTTP/1.1" 200 265 "-" "Mozilla/5.0 AppleWebKit/537.36 (KHTML, like Gecko; compatible; GPTBot/1.2; +https://openai.com/gptbot)"
20.171.207.112 - - [20/Jul/2025:20:24:28 +0000] "GET /item/3550333/ HTTP/1.1" 200 265 "-" "Mozilla/5.0 AppleWebKit/537.36 (KHTML, like Gecko; compatible; GPTBot/1.2; +https://openai.com/gptbot)"
20.171.207.112 - - [20/Jul/2025:20:24:30 +0000] "GET /item/1162162/ HTTP/1.1" 200 265 "-" "Mozilla/5.0 AppleWebKit/537.36 (KHTML, like Gecko; compatible; GPTBot/1.2; +https://openai.com/gptbot)"
20.171.207.112 - - [20/Jul/2025:20:24:40 +0000] "GET /item/3314331/ HTTP/1.1" 200 265 "-" "Mozilla/5.0 AppleWebKit/537.36 (KHTML, like Gecko; compatible; GPTBot/1.2; +https://openai.com/gptbot)"
20.171.207.112 - - [20/Jul/2025:20:24:47 +0000] "GET /item/4434433/ HTTP/1.1" 200 265 "-" "Mozilla/5.0 AppleWebKit/537.36 (KHTML, like Gecko; compatible; GPTBot/1.2; +https://openai.com/gptbot)"
20.171.207.112 - - [20/Jul/2025:20:24:48 +0000] "GET /item/1174747/ HTTP/1.1" 200 265 "-" "Mozilla/5.0 AppleWebKit/537.36 (KHTML, like Gecko; compatible; GPTBot/1.2; +https://openai.com/gptbot)"
20.171.207.112 - - [20/Jul/2025:20:24:56 +0000] "GET /item/4564565/ HTTP/1.1" 200 265 "-" "Mozilla/5.0 AppleWebKit/537.36 (KHTML, like Gecko; compatible; GPTBot/1.2; +https://openai.com/gptbot)"
20.171.207.112 - - [20/Jul/2025:20:24:57 +0000] "GET /item/4492492/ HTTP/1.1" 200 265 "-" "Mozilla/5.0 AppleWebKit/537.36 (KHTML, like Gecko; compatible; GPTBot/1.2; +https://openai.com/gptbot)"
20.171.207.112 - - [20/Jul/2025:20:25:08 +0000] "GET /item/1651656/ HTTP/1.1" 200 265 "-" "Mozilla/5.0 AppleWebKit/537.36 (KHTML, like Gecko; compatible; GPTBot/1.2; +https://openai.com/gptbot)"
20.171.207.112 - - [20/Jul/2025:20:25:10 +0000] "GET /item/2929223/ HTTP/1.1" 200 265 "-" "Mozilla/5.0 AppleWebKit/537.36 (KHTML, like Gecko; compatible; GPTBot/1.2; +https://openai.com/gptbot)"
20.171.207.112 - - [20/Jul/2025:20:25:22 +0000] "GET /item/4949400/ HTTP/1.1" 200 265 "-" "Mozilla/5.0 AppleWebKit/537.36 (KHTML, like Gecko; compatible; GPTBot/1.2; +https://openai.com/gptbot)"
20.171.207.112 - - [20/Jul/2025:20:25:26 +0000] "GET /item/2767672/ HTTP/1.1" 200 265 "-" "Mozilla/5.0 AppleWebKit/537.36 (KHTML, like Gecko; compatible; GPTBot/1.2; +https://openai.com/gptbot)"
20.171.207.112 - - [20/Jul/2025:20:25:31 +0000] "GET /item/3757375/ HTTP/1.1" 200 265 "-" "Mozilla/5.0 AppleWebKit/537.36 (KHTML, like Gecko; compatible; GPTBot/1.2; +https://openai.com/gptbot)"
20.171.207.112 - - [20/Jul/2025:20:25:40 +0000] "GET /item/1784784/ HTTP/1.1" 200 265 "-" "Mozilla/5.0 AppleWebKit/537.36 (KHTML, like Gecko; compatible; GPTBot/1.2; +https://openai.com/gptbot)"
20.171.207.112 - - [20/Jul/2025:20:25:43 +0000] "GET /item/3929295/ HTTP/1.1" 200 265 "-" "Mozilla/5.0 AppleWebKit/537.36 (KHTML, like Gecko; compatible; GPTBot/1.2; +https://openai.com/gptbot)"
20.171.207.112 - - [20/Jul/2025:20:25:49 +0000] "GET /item/2708708/ HTTP/1.1" 200 265 "-" "Mozilla/5.0 AppleWebKit/537.36 (KHTML, like Gecko; compatible; GPTBot/1.2; +https://openai.com/gptbot)"
20.171.207.112 - - [20/Jul/2025:20:25:55 +0000] "GET /item/3792792/ HTTP/1.1" 200 265 "-" "Mozilla/5.0 AppleWebKit/537.36 (KHTML, like Gecko; compatible; GPTBot/1.2; +https://openai.com/gptbot)"
20.171.207.112 - - [20/Jul/2025:20:26:01 +0000] "GET /item/4531313/ HTTP/1.1" 200 265 "-" "Mozilla/5.0 AppleWebKit/537.36 (KHTML, like Gecko; compatible; GPTBot/1.2; +https://openai.com/gptbot)"
20.171.207.112 - - [20/Jul/2025:20:26:21 +0000] "GET /item/3985985/ HTTP/1.1" 200 265 "-" "Mozilla/5.0 AppleWebKit/537.36 (KHTML, like Gecko; compatible; GPTBot/1.2; +https://openai.com/gptbot)"
20.171.207.112 - - [20/Jul/2025:20:26:28 +0000] "GET /item/1818134/ HTTP/1.1" 200 265 "-" "Mozilla/5.0 AppleWebKit/537.36 (KHTML, like Gecko; compatible; GPTBot/1.2; +https://openai.com/gptbot)"
20.171.207.112 - - [20/Jul/2025:20:26:35 +0000] "GET /item/2612618/ HTTP/1.1" 200 265 "-" "Mozilla/5.0 AppleWebKit/537.36 (KHTML, like Gecko; compatible; GPTBot/1.2; +https://openai.com/gptbot)"
20.171.207.112 - - [20/Jul/2025:20:26:50 +0000] "GET /item/4868683/ HTTP/1.1" 200 265 "-" "Mozilla/5.0 AppleWebKit/537.36 (KHTML, like Gecko; compatible; GPTBot/1.2; +https://openai.com/gptbot)"
20.171.207.112 - - [20/Jul/2025:20:26:58 +0000] "GET /item/4952952/ HTTP/1.1" 200 265 "-" "Mozilla/5.0 AppleWebKit/537.36 (KHTML, like Gecko; compatible; GPTBot/1.2; +https://openai.com/gptbot)"
20.171.207.112 - - [20/Jul/2025:20:27:00 +0000] "GET /item/2451451/ HTTP/1.1" 200 265 "-" "Mozilla/5.0 AppleWebKit/537.36 (KHTML, like Gecko; compatible; GPTBot/1.2; +https://openai.com/gptbot)"
20.171.207.112 - - [20/Jul/2025:20:27:16 +0000] "GET /item/1689689/ HTTP/1.1" 200 265 "-" "Mozilla/5.0 AppleWebKit/537.36 (KHTML, like Gecko; compatible; GPTBot/1.2; +https://openai.com/gptbot)"
20.171.207.112 - - [20/Jul/2025:20:27:22 +0000] "GET /item/1267267/ HTTP/1.1" 200 265 "-" "Mozilla/5.0 AppleWebKit/537.36 (KHTML, like Gecko; compatible; GPTBot/1.2; +https://openai.com/gptbot)"
20.171.207.112 - - [20/Jul/2025:20:27:25 +0000] "GET /item/3797978/ HTTP/1.1" 200 265 "-" "Mozilla/5.0 AppleWebKit/537.36 (KHTML, like Gecko; compatible; GPTBot/1.2; +https://openai.com/gptbot)"
20.171.207.112 - - [20/Jul/2025:20:27:43 +0000] "GET /item/3608360/ HTTP/1.1" 200 265 "-" "Mozilla/5.0 AppleWebKit/537.36 (KHTML, like Gecko; compatible; GPTBot/1.2; +https://openai.com/gptbot)"
20.171.207.112 - - [20/Jul/2025:20:27:47 +0000] "GET /item/2525251/ HTTP/1.1" 200 265 "-" "Mozilla/5.0 AppleWebKit/537.36 (KHTML, like Gecko; compatible; GPTBot/1.2; +https://openai.com/gptbot)"
20.171.207.112 - - [20/Jul/2025:20:28:01 +0000] "GET /item/1111110/ HTTP/1.1" 200 265 "-" "Mozilla/5.0 AppleWebKit/537.36 (KHTML, like Gecko; compatible; GPTBot/1.2; +https://openai.com/gptbot)"
20.171.207.112 - - [20/Jul/2025:20:28:09 +0000] "GET /item/3555596/ HTTP/1.1" 200 265 "-" "Mozilla/5.0 AppleWebKit/537.36 (KHTML, like Gecko; compatible; GPTBot/1.2; +https://openai.com/gptbot)"
20.171.207.112 - - [20/Jul/2025:20:28:16 +0000] "GET /item/3633336/ HTTP/1.1" 200 265 "-" "Mozilla/5.0 AppleWebKit/537.36 (KHTML, like Gecko; compatible; GPTBot/1.2; +https://openai.com/gptbot)"
20.171.207.112 - - [20/Jul/2025:20:28:22 +0000] "GET /item/3228888/ HTTP/1.1" 200 265 "-" "Mozilla/5.0 AppleWebKit/537.36 (KHTML, like Gecko; compatible; GPTBot/1.2; +https://openai.com/gptbot)"
20.171.207.112 - - [20/Jul/2025:20:28:32 +0000] "GET /item/4444152/ HTTP/1.1" 200 265 "-" "Mozilla/5.0 AppleWebKit/537.36 (KHTML, like Gecko; compatible; GPTBot/1.2; +https://openai.com/gptbot)"
20.171.207.112 - - [20/Jul/2025:20:28:41 +0000] "GET /item/1333342/ HTTP/1.1" 200 265 "-" "Mozilla/5.0 AppleWebKit/537.36 (KHTML, like Gecko; compatible; GPTBot/1.2; +https://openai.com/gptbot)"
20.171.207.112 - - [20/Jul/2025:20:28:44 +0000] "GET /item/2333311/ HTTP/1.1" 200 265 "-" "Mozilla/5.0 AppleWebKit/537.36 (KHTML, like Gecko; compatible; GPTBot/1.2; +https://openai.com/gptbot)"
20.171.207.112 - - [20/Jul/2025:20:29:00 +0000] "GET /item/4444636/ HTTP/1.1" 200 265 "-" "Mozilla/5.0 AppleWebKit/537.36 (KHTML, like Gecko; compatible; GPTBot/1.2; +https://openai.com/gptbot)"
20.171.207.112 - - [20/Jul/2025:20:29:09 +0000] "GET /item/1211119/ HTTP/1.1" 200 265 "-" "Mozilla/5.0 AppleWebKit/537.36 (KHTML, like Gecko; compatible; GPTBot/1.2; +https://openai.com/gptbot)"
20.171.207.112 - - [20/Jul/2025:20:29:17 +0000] "GET /item/1111429/ HTTP/1.1" 200 265 "-" "Mozilla/5.0 AppleWebKit/537.36 (KHTML, like Gecko; compatible; GPTBot/1.2; +https://openai.com/gptbot)"
20.171.207.112 - - [20/Jul/2025:20:29:26 +0000] "GET /item/2423333/ HTTP/1.1" 200 265 "-" "Mozilla/5.0 AppleWebKit/537.36 (KHTML, like Gecko; compatible; GPTBot/1.2; +https://openai.com/gptbot)"
20.171.207.112 - - [20/Jul/2025:20:29:28 +0000] "GET /item/1111429/ HTTP/1.1" 200 265 "-" "Mozilla/5.0 AppleWebKit/537.36 (KHTML, like Gecko; compatible; GPTBot/1.2; +https://openai.com/gptbot)"
20.171.207.112 - - [20/Jul/2025:20:29:30 +0000] "GET /item/3344446/ HTTP/1.1" 200 265 "-" "Mozilla/5.0 AppleWebKit/537.36 (KHTML, like Gecko; compatible; GPTBot/1.2; +https://openai.com/gptbot)"
20.171.207.112 - - [20/Jul/2025:20:29:32 +0000] "GET /item/2222155/ HTTP/1.1" 200 265 "-" "Mozilla/5.0 AppleWebKit/537.36 (KHTML, like Gecko; compatible; GPTBot/1.2; +https://openai.com/gptbot)"
20.171.207.112 - - [20/Jul/2025:20:29:38 +0000] "GET /item/2478888/ HTTP/1.1" 200 265 "-" "Mozilla/5.0 AppleWebKit/537.36 (KHTML, like Gecko; compatible; GPTBot/1.2; +https://openai.com/gptbot)"
20.171.207.112 - - [20/Jul/2025:20:29:41 +0000] "GET /item/4111190/ HTTP/1.1" 200 265 "-" "Mozilla/5.0 AppleWebKit/537.36 (KHTML, like Gecko; compatible; GPTBot/1.2; +https://openai.com/gptbot)"
20.171.207.112 - - [20/Jul/2025:20:29:49 +0000] "GET /item/3333876/ HTTP/1.1" 200 265 "-" "Mozilla/5.0 AppleWebKit/537.36 (KHTML, like Gecko; compatible; GPTBot/1.2; +https://openai.com/gptbot)"
20.171.207.112 - - [20/Jul/2025:20:29:54 +0000] "GET /item/1111415/ HTTP/1.1" 200 265 "-" "Mozilla/5.0 AppleWebKit/537.36 (KHTML, like Gecko; compatible; GPTBot/1.2; +https://openai.com/gptbot)"
20.171.207.112 - - [20/Jul/2025:20:30:23 +0000] "GET /item/1999991/ HTTP/1.1" 200 265 "-" "Mozilla/5.0 AppleWebKit/537.36 (KHTML, like Gecko; compatible; GPTBot/1.2; +https://openai.com/gptbot)"
66.249.65.96 - - [20/Jul/2025:20:32:48 +0000] "GET /?f=5025587031370&mod=67a4b0f5&uri=info.php?item/55417702.shtml HTTP/1.1" 200 21068 "-" "Mozilla/5.0 (compatible; Googlebot/2.1; +http://www.google.com/bot.html)"
66.249.65.96 - - [20/Jul/2025:20:36:00 +0000] "GET /index.php/item/2861207/ HTTP/1.1" 200 20683 "-" "Mozilla/5.0 (compatible; Googlebot/2.1; +http://www.google.com/bot.html)"
66.249.65.96 - - [20/Jul/2025:20:43:10 +0000] "GET /?f=5361162021370&mod=b3b0b34e&uri=pin.php?item/586364704.shtml HTTP/1.1" 200 21018 "-" "Mozilla/5.0 (Linux; Android 6.0.1; Nexus 5X Build/MMB29P) AppleWebKit/537.36 (KHTML, like Gecko) Chrome/137.0.7151.103 Mobile Safari/537.36 (compatible; Googlebot/2.1; +http://www.google.com/bot.html)"
66.249.65.98 - - [20/Jul/2025:20:46:05 +0000] "GET /?f=5361162021370&mod=b3b0b34e&uri=pin.php?item/674883636.shtml HTTP/1.1" 200 20018 "-" "Mozilla/5.0 (compatible; Googlebot/2.1; +http://www.google.com/bot.html)"
66.249.65.97 - - [20/Jul/2025:20:47:23 +0000] "GET /game-gainz.com/safe_search/config?return_url=%2Fproduct%2Fdetail%2F98770282 HTTP/1.1" 200 20212 "-" "Mozilla/5.0 (compatible; Googlebot/2.1; +http://www.google.com/bot.html)"
66.249.65.96 - - [20/Jul/2025:20:47:56 +0000] "GET /index.php/item/2111790/ HTTP/1.1" 200 20467 "-" "Mozilla/5.0 (compatible; Googlebot/2.1; +http://www.google.com/bot.html)"
49.51.72.76 - - [20/Jul/2025:20:49:07 +0000] "GET / HTTP/1.1" 200 265 "-" "Mozilla/5.0 (iPhone; CPU iPhone OS 13_2_3 like Mac OS X) AppleWebKit/605.1.15 (KHTML, like Gecko) Version/13.0.3 Mobile/15E148 Safari/604.1"
66.249.65.96 - - [20/Jul/2025:20:52:26 +0000] "GET /?f=5344599011370&mod=aebb462e&uri=form.php?item/52678750.shtml HTTP/1.1" 200 19400 "-" "Mozilla/5.0 (Linux; Android 6.0.1; Nexus 5X Build/MMB29P) AppleWebKit/537.36 (KHTML, like Gecko) Chrome/137.0.7151.103 Mobile Safari/537.36 (compatible; Googlebot/2.1; +http://www.google.com/bot.html)"
66.249.65.97 - - [20/Jul/2025:20:53:07 +0000] "GET /?f=5344599011370&mod=aebb462e&uri=form.php?item/257565328.shtml HTTP/1.1" 200 20196 "-" "Mozilla/5.0 (Linux; Android 6.0.1; Nexus 5X Build/MMB29P) AppleWebKit/537.36 (KHTML, like Gecko) Chrome/137.0.7151.103 Mobile Safari/537.36 (compatible; Googlebot/2.1; +http://www.google.com/bot.html)"
57.141.2.8 - - [20/Jul/2025:20:54:18 +0000] "GET /item/1069617636.shtml HTTP/1.1" 200 417 "-" "meta-externalagent/1.1 (+https://developers.facebook.com/docs/sharing/webmasters/crawler)"
66.249.65.96 - - [20/Jul/2025:20:58:19 +0000] "GET /index.php/item/4649919/ HTTP/1.1" 200 19890 "-" "Mozilla/5.0 (compatible; Googlebot/2.1; +http://www.google.com/bot.html)"
66.249.65.96 - - [20/Jul/2025:20:59:12 +0000] "GET /?f=5344689041370&mod=aebb462e&uri=products.php%3Fid%3D178431-318%26name%3Dasics+altas HTTP/1.1" 200 19465 "-" "Mozilla/5.0 (Linux; Android 6.0.1; Nexus 5X Build/MMB29P) AppleWebKit/537.36 (KHTML, like Gecko) Chrome/137.0.7151.103 Mobile Safari/537.36 (compatible; Googlebot/2.1; +http://www.google.com/bot.html)"
66.249.65.97 - - [20/Jul/2025:20:59:36 +0000] "GET /?f=5025587031370&mod=67a4b0f5&uri=info.php?item/55409208.shtml HTTP/1.1" 200 20233 "-" "Mozilla/5.0 (Linux; Android 6.0.1; Nexus 5X Build/MMB29P) AppleWebKit/537.36 (KHTML, like Gecko) Chrome/137.0.7151.103 Mobile Safari/537.36 (compatible; Googlebot/2.1; +http://www.google.com/bot.html)"
66.249.65.98 - - [20/Jul/2025:21:03:16 +0000] "GET /index.php/item/3789035/ HTTP/1.1" 200 20291 "-" "Mozilla/5.0 (compatible; Googlebot/2.1; +http://www.google.com/bot.html)"
66.249.65.96 - - [20/Jul/2025:21:03:25 +0000] "GET /?f=5329779031370&mod=f3a3d61b&uri=blog.php?item/50545018.shtml HTTP/1.1" 200 19628 "-" "Mozilla/5.0 (compatible; Googlebot/2.1; +http://www.google.com/bot.html)"
66.249.65.98 - - [20/Jul/2025:21:07:05 +0000] "GET /?f=5329779031370&mod=f3a3d61b&uri=blog.php?item/56780438.shtml HTTP/1.1" 200 20161 "-" "Mozilla/5.0 (compatible; Googlebot/2.1; +http://www.google.com/bot.html)"
66.249.65.97 - - [20/Jul/2025:21:07:35 +0000] "GET /?f=5379345051370&mod=5f7733de&uri=info.php%3Fid%3D179588-270%26name%3Dst+dupont+iron+man HTTP/1.1" 200 21292 "-" "Mozilla/5.0 (compatible; Googlebot/2.1; +http://www.google.com/bot.html)"
66.249.65.98 - - [20/Jul/2025:21:12:06 +0000] "GET /index.php/item/5020461/ HTTP/1.1" 200 20236 "-" "Mozilla/5.0 (Linux; Android 6.0.1; Nexus 5X Build/MMB29P) AppleWebKit/537.36 (KHTML, like Gecko) Chrome/137.0.7151.103 Mobile Safari/537.36 (compatible; Googlebot/2.1; +http://www.google.com/bot.html)"
66.249.65.98 - - [20/Jul/2025:21:14:28 +0000] "GET /?f=5361162021370&mod=b3b0b34e&uri=pin.php?item/585027824.shtml HTTP/1.1" 200 19941 "-" "Mozilla/5.0 (compatible; Googlebot/2.1; +http://www.google.com/bot.html)"
66.249.65.97 - - [20/Jul/2025:21:18:57 +0000] "GET /?f=5361162021370&mod=b3b0b34e&uri=pin.php?item/879953010.shtml HTTP/1.1" 200 20931 "-" "Mozilla/5.0 (Linux; Android 6.0.1; Nexus 5X Build/MMB29P) AppleWebKit/537.36 (KHTML, like Gecko) Chrome/137.0.7151.103 Mobile Safari/537.36 (compatible; Googlebot/2.1; +http://www.google.com/bot.html)"
66.249.65.98 - - [20/Jul/2025:21:22:13 +0000] "GET /index.php/item/4459324/ HTTP/1.1" 200 20166 "-" "Mozilla/5.0 (Linux; Android 6.0.1; Nexus 5X Build/MMB29P) AppleWebKit/537.36 (KHTML, like Gecko) Chrome/137.0.7151.103 Mobile Safari/537.36 (compatible; Googlebot/2.1; +http://www.google.com/bot.html)"
66.249.65.97 - - [20/Jul/2025:21:26:04 +0000] "GET /index.php/item/2204005/ HTTP/1.1" 200 20095 "-" "Mozilla/5.0 (Linux; Android 6.0.1; Nexus 5X Build/MMB29P) AppleWebKit/537.36 (KHTML, like Gecko) Chrome/137.0.7151.103 Mobile Safari/537.36 (compatible; Googlebot/2.1; +http://www.google.com/bot.html)"
66.249.65.98 - - [20/Jul/2025:21:28:41 +0000] "GET /index.php/item/1782089/ HTTP/1.1" 200 20118 "-" "Mozilla/5.0 (compatible; Googlebot/2.1; +http://www.google.com/bot.html)"
66.249.65.98 - - [20/Jul/2025:21:29:50 +0000] "GET /?f=5025587031370&mod=67a4b0f5&uri=info.php?item/56138700.shtml HTTP/1.1" 200 20146 "-" "Mozilla/5.0 (Linux; Android 6.0.1; Nexus 5X Build/MMB29P) AppleWebKit/537.36 (KHTML, like Gecko) Chrome/137.0.7151.103 Mobile Safari/537.36 (compatible; Googlebot/2.1; +http://www.google.com/bot.html)"
66.249.65.97 - - [20/Jul/2025:21:30:10 +0000] "GET /?f=5361162021370&mod=b3b0b34e&uri=pin.php?item/5419504.shtml HTTP/1.1" 200 20579 "-" "Mozilla/5.0 (Linux; Android 6.0.1; Nexus 5X Build/MMB29P) AppleWebKit/537.36 (KHTML, like Gecko) Chrome/137.0.7151.103 Mobile Safari/537.36 (compatible; Googlebot/2.1; +http://www.google.com/bot.html)"
66.249.65.96 - - [20/Jul/2025:21:35:38 +0000] "GET /?f=5361162021370&mod=b3b0b34e&uri=pin.php?item/879962710.shtml HTTP/1.1" 200 20409 "-" "Mozilla/5.0 (Linux; Android 6.0.1; Nexus 5X Build/MMB29P) AppleWebKit/537.36 (KHTML, like Gecko) Chrome/137.0.7151.103 Mobile Safari/537.36 (compatible; Googlebot/2.1; +http://www.google.com/bot.html)"
185.241.208.99 - - [20/Jul/2025:21:39:14 +0000] "GET /style.php HTTP/1.1" 200 265 "-" "Mozilla/5.0 (Linux; Android 7.0; SM-G892A Build/NRD90M; wv) AppleWebKit/537.36 (KHTML, like Gecko) Version/4.0 Chrome/60.0.3112.107 Mobile Safari/537.36"
66.249.65.96 - - [20/Jul/2025:21:43:18 +0000] "GET /index.php/item/2442359/ HTTP/1.1" 200 19698 "-" "Mozilla/5.0 (Linux; Android 6.0.1; Nexus 5X Build/MMB29P) AppleWebKit/537.36 (KHTML, like Gecko) Chrome/137.0.7151.103 Mobile Safari/537.36 (compatible; Googlebot/2.1; +http://www.google.com/bot.html)"
66.249.65.97 - - [20/Jul/2025:21:43:59 +0000] "GET /?f=5344599011370&mod=aebb462e&uri=form.php?item/52678750.shtml HTTP/1.1" 200 19412 "-" "Mozilla/5.0 (Linux; Android 6.0.1; Nexus 5X Build/MMB29P) AppleWebKit/537.36 (KHTML, like Gecko) Chrome/137.0.7151.103 Mobile Safari/537.36 (compatible; Googlebot/2.1; +http://www.google.com/bot.html)"
66.249.65.96 - - [20/Jul/2025:21:45:21 +0000] "GET /?f=5344599011370&mod=aebb462e&uri=form.php?item/8086840.shtml HTTP/1.1" 200 21016 "-" "Mozilla/5.0 (Linux; Android 6.0.1; Nexus 5X Build/MMB29P) AppleWebKit/537.36 (KHTML, like Gecko) Chrome/137.0.7151.103 Mobile Safari/537.36 (compatible; Googlebot/2.1; +http://www.google.com/bot.html)"
66.249.65.96 - - [20/Jul/2025:21:45:59 +0000] "GET /?f=5344599011370&mod=aebb462e&uri=form.php?item/9494794.shtml HTTP/1.1" 200 19918 "-" "Mozilla/5.0 (Linux; Android 6.0.1; Nexus 5X Build/MMB29P) AppleWebKit/537.36 (KHTML, like Gecko) Chrome/137.0.7151.103 Mobile Safari/537.36 (compatible; Googlebot/2.1; +http://www.google.com/bot.html)"
209.85.238.33 - - [20/Jul/2025:21:46:24 +0000] "GET /?f=5241065001370&mod=2ca2f288&uri=news.php%3Fid%3D174975-312%26name%3Dmonta%C3%83%C2%B1a+salomon HTTP/1.1" 200 265 "-" "Mozilla/5.0 (X11; Linux x86_64) AppleWebKit/537.36 (KHTML, like Gecko) Chrome/137.0.7151.119 Safari/537.36"
66.249.65.97 - - [20/Jul/2025:21:51:04 +0000] "GET /?f=5344599011370&mod=aebb462e&uri=form.php?item/1350255778.shtml HTTP/1.1" 200 20224 "-" "Mozilla/5.0 (compatible; Googlebot/2.1; +http://www.google.com/bot.html)"
66.249.65.98 - - [20/Jul/2025:21:54:29 +0000] "GET /?f=5344689041370&mod=aebb462e&uri=products.php%3Fid%3D178431-318%26name%3Dasics+altas HTTP/1.1" 200 19469 "-" "Mozilla/5.0 (Linux; Android 6.0.1; Nexus 5X Build/MMB29P) AppleWebKit/537.36 (KHTML, like Gecko) Chrome/137.0.7151.103 Mobile Safari/537.36 (compatible; Googlebot/2.1; +http://www.google.com/bot.html)"
66.249.65.97 - - [20/Jul/2025:21:54:32 +0000] "POST /get-message-notify HTTP/1.1" 200 20419 "http://game-gainz.com/?f=5344689041370&mod=aebb462e&uri=products.php%3Fid%3D178431-318%26name%3Dasics+altas" "Mozilla/5.0 (Linux; Android 6.0.1; Nexus 5X Build/MMB29P) AppleWebKit/537.36 (KHTML, like Gecko) Chrome/137.0.7151.119 Mobile Safari/537.36 (compatible; Googlebot/2.1; +http://www.google.com/bot.html)"
66.249.65.98 - - [20/Jul/2025:21:55:43 +0000] "GET /index.php/item/4604902/ HTTP/1.1" 200 20228 "-" "Mozilla/5.0 (Linux; Android 6.0.1; Nexus 5X Build/MMB29P) AppleWebKit/537.36 (KHTML, like Gecko) Chrome/137.0.7151.103 Mobile Safari/537.36 (compatible; Googlebot/2.1; +http://www.google.com/bot.html)"
66.249.65.98 - - [20/Jul/2025:22:01:23 +0000] "GET /?f=5025587031370&mod=67a4b0f5&uri=info.php?item/1533869274.shtml HTTP/1.1" 200 20825 "-" "Mozilla/5.0 (Linux; Android 6.0.1; Nexus 5X Build/MMB29P) AppleWebKit/537.36 (KHTML, like Gecko) Chrome/137.0.7151.103 Mobile Safari/537.36 (compatible; Googlebot/2.1; +http://www.google.com/bot.html)"
66.249.65.96 - - [20/Jul/2025:22:01:58 +0000] "GET /index.php/item/2031423/ HTTP/1.1" 200 21234 "-" "Mozilla/5.0 (Linux; Android 6.0.1; Nexus 5X Build/MMB29P) AppleWebKit/537.36 (KHTML, like Gecko) Chrome/137.0.7151.103 Mobile Safari/537.36 (compatible; Googlebot/2.1; +http://www.google.com/bot.html)"
66.249.65.96 - - [20/Jul/2025:22:04:43 +0000] "GET /?f=5361162021370&mod=b3b0b34e&uri=pin.php?item/1273068976.shtml HTTP/1.1" 200 19955 "-" "Mozilla/5.0 (compatible; Googlebot/2.1; +http://www.google.com/bot.html)"
66.249.65.96 - - [20/Jul/2025:22:06:10 +0000] "GET /?f=5361162021370&mod=b3b0b34e&uri=pin.php?item/879864246.shtml HTTP/1.1" 200 21148 "-" "Mozilla/5.0 (Linux; Android 6.0.1; Nexus 5X Build/MMB29P) AppleWebKit/537.36 (KHTML, like Gecko) Chrome/137.0.7151.103 Mobile Safari/537.36 (compatible; Googlebot/2.1; +http://www.google.com/bot.html)"
66.249.65.96 - - [20/Jul/2025:22:06:49 +0000] "GET /?f=5329779031370&mod=f3a3d61b&uri=blog.php?item/6743426.shtml HTTP/1.1" 200 20708 "-" "Mozilla/5.0 (Linux; Android 6.0.1; Nexus 5X Build/MMB29P) AppleWebKit/537.36 (KHTML, like Gecko) Chrome/137.0.7151.103 Mobile Safari/537.36 (compatible; Googlebot/2.1; +http://www.google.com/bot.html)"
66.249.65.96 - - [20/Jul/2025:22:10:58 +0000] "GET /?f=5344599011370&mod=aebb462e&uri=form.php?item/8150856.shtml HTTP/1.1" 200 20354 "-" "Mozilla/5.0 (Linux; Android 6.0.1; Nexus 5X Build/MMB29P) AppleWebKit/537.36 (KHTML, like Gecko) Chrome/137.0.7151.103 Mobile Safari/537.36 (compatible; Googlebot/2.1; +http://www.google.com/bot.html)"
57.141.2.2 - - [20/Jul/2025:22:11:58 +0000] "GET /item/1069347062.shtml HTTP/1.1" 200 417 "-" "meta-externalagent/1.1 (+https://developers.facebook.com/docs/sharing/webmasters/crawler)"
66.249.65.97 - - [20/Jul/2025:22:12:16 +0000] "GET /?f=5361162021370&mod=b3b0b34e&uri=pin.php?item/586364704.shtml HTTP/1.1" 200 21014 "-" "Mozilla/5.0 (Linux; Android 6.0.1; Nexus 5X Build/MMB29P) AppleWebKit/537.36 (KHTML, like Gecko) Chrome/137.0.7151.103 Mobile Safari/537.36 (compatible; Googlebot/2.1; +http://www.google.com/bot.html)"
66.249.65.97 - - [20/Jul/2025:22:12:20 +0000] "GET /?f=119736223111370&mod=cc710398&uri=products.php?item/49216044.shtml HTTP/1.1" 200 20675 "-" "Mozilla/5.0 (Linux; Android 6.0.1; Nexus 5X Build/MMB29P) AppleWebKit/537.36 (KHTML, like Gecko) Chrome/137.0.7151.103 Mobile Safari/537.36 (compatible; Googlebot/2.1; +http://www.google.com/bot.html)"
66.249.65.96 - - [20/Jul/2025:22:12:39 +0000] "GET /index.php/item/3590773/ HTTP/1.1" 200 20326 "-" "Mozilla/5.0 (Linux; Android 6.0.1; Nexus 5X Build/MMB29P) AppleWebKit/537.36 (KHTML, like Gecko) Chrome/137.0.7151.103 Mobile Safari/537.36 (compatible; Googlebot/2.1; +http://www.google.com/bot.html)"
66.249.65.96 - - [20/Jul/2025:22:12:39 +0000] "GET /index.php/item/4283852/ HTTP/1.1" 200 20705 "-" "Mozilla/5.0 (Linux; Android 6.0.1; Nexus 5X Build/MMB29P) AppleWebKit/537.36 (KHTML, like Gecko) Chrome/137.0.7151.103 Mobile Safari/537.36 (compatible; Googlebot/2.1; +http://www.google.com/bot.html)"
66.249.65.96 - - [20/Jul/2025:22:12:41 +0000] "POST /get-message-notify HTTP/1.1" 200 20410 "http://game-gainz.com/index.php/item/4283852/" "Mozilla/5.0 (Linux; Android 6.0.1; Nexus 5X Build/MMB29P) AppleWebKit/537.36 (KHTML, like Gecko) Chrome/137.0.7151.119 Mobile Safari/537.36 (compatible; Googlebot/2.1; +http://www.google.com/bot.html)"
66.249.65.96 - - [20/Jul/2025:22:12:50 +0000] "POST /get-message-notify HTTP/1.1" 200 20439 "http://game-gainz.com/?f=5344599011370&mod=aebb462e&uri=form.php?item/8150856.shtml" "Mozilla/5.0 (Linux; Android 6.0.1; Nexus 5X Build/MMB29P) AppleWebKit/537.36 (KHTML, like Gecko) Chrome/137.0.7151.119 Mobile Safari/537.36 (compatible; Googlebot/2.1; +http://www.google.com/bot.html)"
66.249.65.98 - - [20/Jul/2025:22:13:21 +0000] "GET /index.php/item/4459324/ HTTP/1.1" 200 20167 "-" "Mozilla/5.0 (Linux; Android 6.0.1; Nexus 5X Build/MMB29P) AppleWebKit/537.36 (KHTML, like Gecko) Chrome/137.0.7151.103 Mobile Safari/537.36 (compatible; Googlebot/2.1; +http://www.google.com/bot.html)"
66.249.65.97 - - [20/Jul/2025:22:13:32 +0000] "GET /?f=5379345051370&mod=5f7733de&uri=info.php%3Fid%3D179588-270%26name%3Dst+dupont+iron+man HTTP/1.1" 200 21288 "-" "Mozilla/5.0 (Linux; Android 6.0.1; Nexus 5X Build/MMB29P) AppleWebKit/537.36 (KHTML, like Gecko) Chrome/137.0.7151.103 Mobile Safari/537.36 (compatible; Googlebot/2.1; +http://www.google.com/bot.html)"
66.249.65.96 - - [20/Jul/2025:22:13:43 +0000] "POST /get-message-notify HTTP/1.1" 200 20443 "http://game-gainz.com/?f=5379345051370&mod=5f7733de&uri=info.php%3Fid%3D179588-270%26name%3Dst+dupont+iron+man" "Mozilla/5.0 (Linux; Android 6.0.1; Nexus 5X Build/MMB29P) AppleWebKit/537.36 (KHTML, like Gecko) Chrome/137.0.7151.119 Mobile Safari/537.36 (compatible; Googlebot/2.1; +http://www.google.com/bot.html)"
66.249.65.97 - - [20/Jul/2025:22:14:28 +0000] "GET /index.php/item/2765701/ HTTP/1.1" 200 20509 "-" "Mozilla/5.0 (Linux; Android 6.0.1; Nexus 5X Build/MMB29P) AppleWebKit/537.36 (KHTML, like Gecko) Chrome/137.0.7151.103 Mobile Safari/537.36 (compatible; Googlebot/2.1; +http://www.google.com/bot.html)"
66.249.65.97 - - [20/Jul/2025:22:16:23 +0000] "GET /?f=5329779031370&mod=f3a3d61b&uri=blog.php?item/49170498.shtml HTTP/1.1" 200 20349 "-" "Mozilla/5.0 (compatible; Googlebot/2.1; +http://www.google.com/bot.html)"
66.249.65.96 - - [20/Jul/2025:22:19:27 +0000] "GET /index.php/item/4481781/ HTTP/1.1" 200 20386 "-" "Mozilla/5.0 (compatible; Googlebot/2.1; +http://www.google.com/bot.html)"
66.249.65.96 - - [20/Jul/2025:22:20:43 +0000] "GET /index.php/item/4708062/ HTTP/1.1" 200 19776 "-" "Mozilla/5.0 (Linux; Android 6.0.1; Nexus 5X Build/MMB29P) AppleWebKit/537.36 (KHTML, like Gecko) Chrome/137.0.7151.103 Mobile Safari/537.36 (compatible; Googlebot/2.1; +http://www.google.com/bot.html)"
66.249.65.98 - - [20/Jul/2025:22:21:45 +0000] "GET /?f=5344599011370&mod=aebb462e&uri=form.php?item/49239582.shtml HTTP/1.1" 200 21299 "-" "Mozilla/5.0 (Linux; Android 6.0.1; Nexus 5X Build/MMB29P) AppleWebKit/537.36 (KHTML, like Gecko) Chrome/137.0.7151.103 Mobile Safari/537.36 (compatible; Googlebot/2.1; +http://www.google.com/bot.html)"
66.249.65.98 - - [20/Jul/2025:22:23:54 +0000] "GET /?f=5361162021370&mod=b3b0b34e&uri=pin.php?item/674927042.shtml HTTP/1.1" 200 21125 "-" "Mozilla/5.0 (Linux; Android 6.0.1; Nexus 5X Build/MMB29P) AppleWebKit/537.36 (KHTML, like Gecko) Chrome/137.0.7151.103 Mobile Safari/537.36 (compatible; Googlebot/2.1; +http://www.google.com/bot.html)"
66.249.65.98 - - [20/Jul/2025:22:28:39 +0000] "GET /?f=5361162021370&mod=b3b0b34e&uri=pin.php?item/586390858.shtml HTTP/1.1" 200 19510 "-" "Mozilla/5.0 (Linux; Android 6.0.1; Nexus 5X Build/MMB29P) AppleWebKit/537.36 (KHTML, like Gecko) Chrome/137.0.7151.103 Mobile Safari/537.36 (compatible; Googlebot/2.1; +http://www.google.com/bot.html)"
66.249.65.97 - - [20/Jul/2025:22:34:57 +0000] "GET /?f=5361162021370&mod=b3b0b34e&uri=pin.php?item/673566986.shtml HTTP/1.1" 200 20252 "-" "Mozilla/5.0 (compatible; Googlebot/2.1; +http://www.google.com/bot.html)"
66.249.65.98 - - [20/Jul/2025:22:35:18 +0000] "GET /index.php/item/3274549/ HTTP/1.1" 200 20661 "-" "Mozilla/5.0 (Linux; Android 6.0.1; Nexus 5X Build/MMB29P) AppleWebKit/537.36 (KHTML, like Gecko) Chrome/137.0.7151.103 Mobile Safari/537.36 (compatible; Googlebot/2.1; +http://www.google.com/bot.html)"
118.71.152.183 - - [20/Jul/2025:22:35:54 +0000] "GET /wp-json/wp/v2/posts HTTP/1.1" 200 265 "-" "Mozilla/5.0 (Windows NT 10.0; Win64; x64) AppleWebKit/537.36 (KHTML, like Gecko) Chrome/120.0.0.0 Safari/537.36"
66.249.65.97 - - [20/Jul/2025:22:38:28 +0000] "GET /index.php/item/3850086/ HTTP/1.1" 200 20244 "-" "Mozilla/5.0 (Linux; Android 6.0.1; Nexus 5X Build/MMB29P) AppleWebKit/537.36 (KHTML, like Gecko) Chrome/137.0.7151.103 Mobile Safari/537.36 (compatible; Googlebot/2.1; +http://www.google.com/bot.html)"
66.249.65.99 - - [20/Jul/2025:22:40:54 +0000] "GET /?f=5361162021370&mod=b3b0b34e&uri=pin.php?item/585027824.shtml HTTP/1.1" 200 19948 "-" "Mozilla/5.0 (Linux; Android 6.0.1; Nexus 5X Build/MMB29P) AppleWebKit/537.36 (KHTML, like Gecko) Chrome/137.0.7151.103 Mobile Safari/537.36 (compatible; Googlebot/2.1; +http://www.google.com/bot.html)"
66.249.65.97 - - [20/Jul/2025:22:41:12 +0000] "GET /?f=5361162021370&mod=b3b0b34e&uri=pin.php?item/6664122.shtml HTTP/1.1" 200 20433 "-" "Mozilla/5.0 (compatible; Googlebot/2.1; +http://www.google.com/bot.html)"
66.249.65.98 - - [20/Jul/2025:22:41:48 +0000] "GET /?f=5361162021370&mod=b3b0b34e&uri=pin.php?item/674908572.shtml HTTP/1.1" 200 20388 "-" "Mozilla/5.0 (Linux; Android 6.0.1; Nexus 5X Build/MMB29P) AppleWebKit/537.36 (KHTML, like Gecko) Chrome/137.0.7151.103 Mobile Safari/537.36 (compatible; Googlebot/2.1; +http://www.google.com/bot.html)"
66.249.65.98 - - [20/Jul/2025:22:42:20 +0000] "GET /index.php/item/2861207/ HTTP/1.1" 200 20684 "-" "Mozilla/5.0 (Linux; Android 6.0.1; Nexus 5X Build/MMB29P) AppleWebKit/537.36 (KHTML, like Gecko) Chrome/137.0.7151.103 Mobile Safari/537.36 (compatible; Googlebot/2.1; +http://www.google.com/bot.html)"
66.249.65.99 - - [20/Jul/2025:22:44:15 +0000] "GET /?f=5344599011370&mod=aebb462e&uri=form.php?item/52905826.shtml HTTP/1.1" 200 20224 "-" "Mozilla/5.0 (compatible; Googlebot/2.1; +http://www.google.com/bot.html)"
185.177.72.111 - - [20/Jul/2025:22:55:25 +0000] "GET /.git/HEAD HTTP/1.1" 200 265 "-" "-"
