Current File : /home/kelaby89/access-logs/kelaby.sixpack.studio |
209.74.77.214 - - [20/Jul/2025:12:08:20 +0000] "POST /wp-cron.php?doing_wp_cron=1753013300.4243919849395751953125 HTTP/1.1" 200 - "-" "WordPress/6.8.2; https://kelaby.company"
2a03:2880:f800:a:: - - [20/Jul/2025:12:08:20 +0000] "GET /detail/988638551 HTTP/1.1" 404 16429 "-" "meta-externalagent/1.1 (+https://developers.facebook.com/docs/sharing/webmasters/crawler)"
209.74.77.214 - - [20/Jul/2025:12:10:10 +0000] "POST /wp-cron.php?doing_wp_cron=1753013410.4554049968719482421875 HTTP/1.1" 200 - "-" "WordPress/6.8.2; https://kelaby.company"
2a03:2880:f800:10:: - - [20/Jul/2025:12:10:10 +0000] "GET /detail/988528356 HTTP/1.1" 404 16430 "-" "meta-externalagent/1.1 (+https://developers.facebook.com/docs/sharing/webmasters/crawler)"
2a03:2880:f800:8:: - - [20/Jul/2025:12:18:15 +0000] "GET /detail/988456430 HTTP/1.1" 404 16431 "-" "meta-externalagent/1.1 (+https://developers.facebook.com/docs/sharing/webmasters/crawler)"
2a03:2880:f800:1b:: - - [20/Jul/2025:12:31:52 +0000] "GET /detail/466876779 HTTP/1.1" 404 16429 "-" "meta-externalagent/1.1 (+https://developers.facebook.com/docs/sharing/webmasters/crawler)"
2a03:2880:f800:16:: - - [20/Jul/2025:12:32:54 +0000] "GET /detail/466996214 HTTP/1.1" 404 16429 "-" "meta-externalagent/1.1 (+https://developers.facebook.com/docs/sharing/webmasters/crawler)"
66.249.79.225 - - [20/Jul/2025:13:02:21 +0000] "GET /robots.txt HTTP/1.1" 304 - "-" "Mozilla/5.0 (compatible; Googlebot/2.1; +http://www.google.com/bot.html)"
66.249.79.225 - - [20/Jul/2025:13:02:21 +0000] "GET / HTTP/1.1" 200 19002 "-" "Mozilla/5.0 (Linux; Android 6.0.1; Nexus 5X Build/MMB29P) AppleWebKit/537.36 (KHTML, like Gecko) Chrome/137.0.7151.103 Mobile Safari/537.36 (compatible; Googlebot/2.1; +http://www.google.com/bot.html)"
52.138.202.86 - - [20/Jul/2025:13:03:22 +0000] "GET /dropdown.php HTTP/1.1" 404 16430 "-" "-"
52.138.202.86 - - [20/Jul/2025:13:03:23 +0000] "GET /makeasmtp.php HTTP/1.1" 404 16430 "-" "-"
52.138.202.86 - - [20/Jul/2025:13:03:24 +0000] "GET /wp-sigunq.php HTTP/1.1" 404 16429 "-" "-"
52.138.202.86 - - [20/Jul/2025:13:03:24 +0000] "GET /wso112233.php HTTP/1.1" 404 16429 "-" "-"
52.138.202.86 - - [20/Jul/2025:13:03:25 +0000] "GET /alfanew.php HTTP/1.1" 404 16429 "-" "-"
52.138.202.86 - - [20/Jul/2025:13:03:26 +0000] "GET /fw.php HTTP/1.1" 404 16430 "-" "-"
52.138.202.86 - - [20/Jul/2025:13:03:27 +0000] "GET /install.php HTTP/1.1" 404 16430 "-" "-"
52.138.202.86 - - [20/Jul/2025:13:03:27 +0000] "GET /wp-login.php HTTP/1.1" 302 - "-" "-"
52.138.202.86 - - [20/Jul/2025:13:03:28 +0000] "GET /chosen.php HTTP/1.1" 404 16429 "-" "-"
52.138.202.86 - - [20/Jul/2025:13:03:29 +0000] "GET /simple.php HTTP/1.1" 404 16430 "-" "-"
52.138.202.86 - - [20/Jul/2025:13:03:30 +0000] "GET /inputs.php HTTP/1.1" 404 16430 "-" "-"
52.138.202.86 - - [20/Jul/2025:13:03:30 +0000] "GET /classsmtps.php HTTP/1.1" 404 16430 "-" "-"
52.138.202.86 - - [20/Jul/2025:13:03:31 +0000] "GET /wp-blog-header.php HTTP/1.1" 404 - "-" "-"
52.138.202.86 - - [20/Jul/2025:13:03:31 +0000] "GET /wp-trackback.php HTTP/1.1" 404 130 "-" "-"
52.138.202.86 - - [20/Jul/2025:13:03:32 +0000] "GET /wp-signup.php HTTP/1.1" 302 - "-" "-"
52.138.202.86 - - [20/Jul/2025:13:03:32 +0000] "GET /wp-comments-post.php HTTP/1.1" 405 - "-" "-"
52.138.202.86 - - [20/Jul/2025:13:03:33 +0000] "GET /wp-cron.php HTTP/1.1" 200 - "-" "-"
52.138.202.86 - - [20/Jul/2025:13:03:33 +0000] "GET /wp-load.php HTTP/1.1" 200 - "-" "-"
52.138.202.86 - - [20/Jul/2025:13:03:33 +0000] "GET /wp-mail.php HTTP/1.1" 403 1060 "-" "-"
52.138.202.86 - - [20/Jul/2025:13:03:33 +0000] "GET /edit.php HTTP/1.1" 404 16430 "-" "-"
52.138.202.86 - - [20/Jul/2025:13:03:34 +0000] "GET /wp-activate.php HTTP/1.1" 302 - "-" "-"
52.138.202.86 - - [20/Jul/2025:13:03:35 +0000] "GET /plugins.php HTTP/1.1" 404 16430 "-" "-"
52.138.202.86 - - [20/Jul/2025:13:03:35 +0000] "GET /post.php HTTP/1.1" 404 16429 "-" "-"
52.138.202.86 - - [20/Jul/2025:13:03:36 +0000] "GET /admin.php HTTP/1.1" 404 16429 "-" "-"
52.138.202.86 - - [20/Jul/2025:13:03:37 +0000] "GET /about.php HTTP/1.1" 404 16430 "-" "-"
52.138.202.86 - - [20/Jul/2025:13:03:38 +0000] "GET /wp-2019.php HTTP/1.1" 404 16429 "-" "-"
52.138.202.86 - - [20/Jul/2025:13:03:38 +0000] "GET /geju.php HTTP/1.1" 404 16429 "-" "-"
52.138.202.86 - - [20/Jul/2025:13:03:39 +0000] "GET /wp.php HTTP/1.1" 404 16430 "-" "-"
52.138.202.86 - - [20/Jul/2025:13:03:40 +0000] "GET /hoot.php HTTP/1.1" 404 16429 "-" "-"
52.138.202.86 - - [20/Jul/2025:13:03:40 +0000] "GET /about.php HTTP/1.1" 404 16430 "-" "-"
52.138.202.86 - - [20/Jul/2025:13:03:41 +0000] "GET /admin.php HTTP/1.1" 404 16429 "-" "-"
52.138.202.86 - - [20/Jul/2025:13:03:42 +0000] "GET /css.php HTTP/1.1" 404 16429 "-" "-"
52.138.202.86 - - [20/Jul/2025:13:03:43 +0000] "GET /simple.php HTTP/1.1" 404 16430 "-" "-"
52.138.202.86 - - [20/Jul/2025:13:03:43 +0000] "GET /log.php HTTP/1.1" 404 16429 "-" "-"
52.138.202.86 - - [20/Jul/2025:13:03:44 +0000] "GET /mail.php HTTP/1.1" 404 16429 "-" "-"
52.138.202.86 - - [20/Jul/2025:13:03:45 +0000] "GET /bak.php HTTP/1.1" 404 16430 "-" "-"
52.138.202.86 - - [20/Jul/2025:13:03:46 +0000] "GET /content.php HTTP/1.1" 404 16429 "-" "-"
52.138.202.86 - - [20/Jul/2025:13:03:46 +0000] "GET /upfile.php HTTP/1.1" 404 16429 "-" "-"
52.138.202.86 - - [20/Jul/2025:13:03:47 +0000] "GET /wp.php HTTP/1.1" 404 16430 "-" "-"
52.138.202.86 - - [20/Jul/2025:13:03:48 +0000] "GET /wp-conflg.php HTTP/1.1" 404 16429 "-" "-"
52.138.202.86 - - [20/Jul/2025:13:03:48 +0000] "GET /bypass.php HTTP/1.1" 404 16429 "-" "-"
52.138.202.86 - - [20/Jul/2025:13:03:49 +0000] "GET /404.php HTTP/1.1" 404 16430 "-" "-"
52.138.202.86 - - [20/Jul/2025:13:03:50 +0000] "GET /updates.php HTTP/1.1" 404 16430 "-" "-"
52.138.202.86 - - [20/Jul/2025:13:03:50 +0000] "GET /radio.php HTTP/1.1" 404 16428 "-" "-"
52.138.202.86 - - [20/Jul/2025:13:03:51 +0000] "GET /xmrlpc.php HTTP/1.1" 404 16429 "-" "-"
52.138.202.86 - - [20/Jul/2025:13:03:52 +0000] "GET /ae.php HTTP/1.1" 404 16430 "-" "-"
52.138.202.86 - - [20/Jul/2025:13:03:53 +0000] "GET /moon.php HTTP/1.1" 404 16430 "-" "-"
52.138.202.86 - - [20/Jul/2025:13:03:53 +0000] "GET /blog.php HTTP/1.1" 404 16429 "-" "-"
52.138.202.86 - - [20/Jul/2025:13:03:54 +0000] "GET /themes.php HTTP/1.1" 404 16429 "-" "-"
52.138.202.86 - - [20/Jul/2025:13:03:55 +0000] "GET /ini.php HTTP/1.1" 404 16429 "-" "-"
52.138.202.86 - - [20/Jul/2025:13:03:55 +0000] "GET /as.php HTTP/1.1" 404 16430 "-" "-"
52.138.202.86 - - [20/Jul/2025:13:03:56 +0000] "GET /shell.php HTTP/1.1" 404 16429 "-" "-"
52.138.202.86 - - [20/Jul/2025:13:03:57 +0000] "GET /ws.php HTTP/1.1" 404 16429 "-" "-"
2a03:2880:f800:13:: - - [20/Jul/2025:13:07:43 +0000] "GET /detail/466975958 HTTP/1.1" 404 16429 "-" "meta-externalagent/1.1 (+https://developers.facebook.com/docs/sharing/webmasters/crawler)"
45.87.174.102 - - [20/Jul/2025:13:10:32 +0000] "GET /wp-login.php HTTP/1.1" 302 - "" "Mozilla/5.0 (Windows NT 10.0; Win64; x64; rv:137.0) Gecko/20100101 Firefox/137.0"
2a03:2880:f800:a:: - - [20/Jul/2025:13:19:22 +0000] "GET /detail/466671868 HTTP/1.1" 404 16430 "-" "meta-externalagent/1.1 (+https://developers.facebook.com/docs/sharing/webmasters/crawler)"
2a03:2880:f800:16:: - - [20/Jul/2025:13:37:58 +0000] "GET /detail/988817327 HTTP/1.1" 404 16430 "-" "meta-externalagent/1.1 (+https://developers.facebook.com/docs/sharing/webmasters/crawler)"
2a03:2880:f800:2:: - - [20/Jul/2025:13:40:42 +0000] "GET /detail/467090607 HTTP/1.1" 404 16430 "-" "meta-externalagent/1.1 (+https://developers.facebook.com/docs/sharing/webmasters/crawler)"
209.74.77.214 - - [20/Jul/2025:13:45:02 +0000] "POST /wp-cron.php?doing_wp_cron=1753019102.3798909187316894531250 HTTP/1.1" 200 - "-" "WordPress/6.8.2; https://kelaby.company"
2a03:2880:f800:d:: - - [20/Jul/2025:13:45:02 +0000] "GET /detail/466910113 HTTP/1.1" 404 16430 "-" "meta-externalagent/1.1 (+https://developers.facebook.com/docs/sharing/webmasters/crawler)"
2a03:2880:f800:4:: - - [20/Jul/2025:13:46:27 +0000] "GET /detail/988522266 HTTP/1.1" 404 16430 "-" "meta-externalagent/1.1 (+https://developers.facebook.com/docs/sharing/webmasters/crawler)"
2a03:2880:f800:7:: - - [20/Jul/2025:13:48:09 +0000] "GET /detail/988372715 HTTP/1.1" 404 16430 "-" "meta-externalagent/1.1 (+https://developers.facebook.com/docs/sharing/webmasters/crawler)"
209.74.77.214 - - [20/Jul/2025:14:07:22 +0000] "POST /wp-cron.php?doing_wp_cron=1753020442.2826139926910400390625 HTTP/1.1" 200 - "-" "WordPress/6.8.2; https://kelaby.company"
2a03:2880:f800:5:: - - [20/Jul/2025:14:07:22 +0000] "GET /detail/466987656 HTTP/1.1" 404 16431 "-" "meta-externalagent/1.1 (+https://developers.facebook.com/docs/sharing/webmasters/crawler)"
2a03:2880:25ff:5d:: - - [20/Jul/2025:14:07:39 +0000] "GET /robots.txt HTTP/1.1" 200 92 "-" "facebookexternalhit/1.1 (+http://www.facebook.com/externalhit_uatext.php)"
2a03:2880:f800:7:: - - [20/Jul/2025:14:08:21 +0000] "GET /detail/466859332 HTTP/1.1" 404 16430 "-" "meta-externalagent/1.1 (+https://developers.facebook.com/docs/sharing/webmasters/crawler)"
2a03:2880:f800:1:: - - [20/Jul/2025:14:12:39 +0000] "GET /detail/988637189 HTTP/1.1" 404 16431 "-" "meta-externalagent/1.1 (+https://developers.facebook.com/docs/sharing/webmasters/crawler)"
2a03:2880:f800:6:: - - [20/Jul/2025:14:42:46 +0000] "GET /detail/988458544 HTTP/1.1" 404 16429 "-" "meta-externalagent/1.1 (+https://developers.facebook.com/docs/sharing/webmasters/crawler)"
2a03:2880:f800:e:: - - [20/Jul/2025:14:47:34 +0000] "GET /detail/988689602 HTTP/1.1" 404 16430 "-" "meta-externalagent/1.1 (+https://developers.facebook.com/docs/sharing/webmasters/crawler)"
209.74.77.214 - - [20/Jul/2025:14:51:06 +0000] "POST /wp-cron.php?doing_wp_cron=1753023066.1142160892486572265625 HTTP/1.1" 200 - "-" "WordPress/6.8.2; https://kelaby.company"
2a03:2880:f800:1b:: - - [20/Jul/2025:14:51:05 +0000] "GET /detail/988810131 HTTP/1.1" 404 16430 "-" "meta-externalagent/1.1 (+https://developers.facebook.com/docs/sharing/webmasters/crawler)"
170.106.35.153 - - [20/Jul/2025:14:53:33 +0000] "GET / HTTP/1.1" 301 - "-" "Mozilla/5.0 (iPhone; CPU iPhone OS 13_2_3 like Mac OS X) AppleWebKit/605.1.15 (KHTML, like Gecko) Version/13.0.3 Mobile/15E148 Safari/604.1"
209.74.77.214 - - [20/Jul/2025:14:59:21 +0000] "POST /wp-cron.php?doing_wp_cron=1753023561.5978610515594482421875 HTTP/1.1" 200 - "-" "WordPress/6.8.2; https://kelaby.company"
2a03:2880:f800:f:: - - [20/Jul/2025:14:59:21 +0000] "GET /detail/988673377 HTTP/1.1" 404 16430 "-" "meta-externalagent/1.1 (+https://developers.facebook.com/docs/sharing/webmasters/crawler)"
209.74.77.214 - - [20/Jul/2025:15:04:03 +0000] "POST /wp-cron.php?doing_wp_cron=1753023843.5756170749664306640625 HTTP/1.1" 200 - "-" "WordPress/6.8.2; https://kelaby.company"
2a03:2880:f800:12:: - - [20/Jul/2025:15:04:03 +0000] "GET /detail/467099021 HTTP/1.1" 404 16429 "-" "meta-externalagent/1.1 (+https://developers.facebook.com/docs/sharing/webmasters/crawler)"
209.74.77.214 - - [20/Jul/2025:15:06:03 +0000] "POST /wp-cron.php?doing_wp_cron=1753023962.9205670356750488281250 HTTP/1.1" 200 - "-" "WordPress/6.8.2; https://kelaby.company"
2a03:2880:f800:11:: - - [20/Jul/2025:15:06:02 +0000] "GET /detail/988776797 HTTP/1.1" 404 16431 "-" "meta-externalagent/1.1 (+https://developers.facebook.com/docs/sharing/webmasters/crawler)"
2a03:2880:f800:d:: - - [20/Jul/2025:15:06:04 +0000] "GET /detail/988656275 HTTP/1.1" 404 16430 "-" "meta-externalagent/1.1 (+https://developers.facebook.com/docs/sharing/webmasters/crawler)"
2a03:2880:f800:c:: - - [20/Jul/2025:15:15:49 +0000] "GET /detail/466895883 HTTP/1.1" 404 16431 "-" "meta-externalagent/1.1 (+https://developers.facebook.com/docs/sharing/webmasters/crawler)"
209.74.77.214 - - [20/Jul/2025:15:22:49 +0000] "POST /wp-cron.php?doing_wp_cron=1753024969.0657019615173339843750 HTTP/1.1" 200 - "-" "WordPress/6.8.2; https://kelaby.company"
205.210.31.175 - - [20/Jul/2025:15:22:48 +0000] "GET / HTTP/1.1" 301 - "-" "-"
2a03:2880:f800:7:: - - [20/Jul/2025:15:28:04 +0000] "GET /detail/466807516 HTTP/1.1" 404 16430 "-" "meta-externalagent/1.1 (+https://developers.facebook.com/docs/sharing/webmasters/crawler)"
209.74.77.214 - - [20/Jul/2025:15:33:03 +0000] "POST /wp-cron.php?doing_wp_cron=1753025583.5733389854431152343750 HTTP/1.1" 200 - "-" "WordPress/6.8.2; https://kelaby.company"
2a03:2880:f800:f:: - - [20/Jul/2025:15:33:03 +0000] "GET /detail/988697143 HTTP/1.1" 404 16430 "-" "meta-externalagent/1.1 (+https://developers.facebook.com/docs/sharing/webmasters/crawler)"
2a03:2880:f800:15:: - - [20/Jul/2025:15:33:05 +0000] "GET /detail/988408791 HTTP/1.1" 404 16430 "-" "meta-externalagent/1.1 (+https://developers.facebook.com/docs/sharing/webmasters/crawler)"
18.220.44.18 - - [20/Jul/2025:15:45:43 +0000] "GET / HTTP/1.1" 301 - "-" "Mozilla/5.0 (Windows NT 10.0; Win64; x64) AppleWebKit/537.36 (KHTML, like Gecko) Chrome/120.0.0.0 Safari/537.36"
65.181.111.149 - - [20/Jul/2025:16:08:23 +0000] "GET /wp-login.php HTTP/1.1" 302 - "" "Mozilla/5.0 (Windows NT 10.0; Win64; x64; rv:137.0) Gecko/20100101 Firefox/137.0"
2a03:2880:f800:1:: - - [20/Jul/2025:16:16:01 +0000] "GET /detail/988816157 HTTP/1.1" 404 16430 "-" "meta-externalagent/1.1 (+https://developers.facebook.com/docs/sharing/webmasters/crawler)"
2a03:2880:f800:14:: - - [20/Jul/2025:16:16:54 +0000] "GET /detail/467035896 HTTP/1.1" 404 16430 "-" "meta-externalagent/1.1 (+https://developers.facebook.com/docs/sharing/webmasters/crawler)"
209.74.77.214 - - [20/Jul/2025:16:18:38 +0000] "POST /wp-cron.php?doing_wp_cron=1753028318.0880260467529296875000 HTTP/1.1" 200 - "-" "WordPress/6.8.2; https://kelaby.company"
2a03:2880:f800:5:: - - [20/Jul/2025:16:18:37 +0000] "GET /detail/466675280 HTTP/1.1" 404 16430 "-" "meta-externalagent/1.1 (+https://developers.facebook.com/docs/sharing/webmasters/crawler)"
209.74.77.214 - - [20/Jul/2025:16:20:17 +0000] "POST /wp-cron.php?doing_wp_cron=1753028416.9130389690399169921875 HTTP/1.1" 200 - "-" "WordPress/6.8.2; https://kelaby.company"
2a03:2880:f800:10:: - - [20/Jul/2025:16:20:16 +0000] "GET /detail/988599340 HTTP/1.1" 404 16430 "-" "meta-externalagent/1.1 (+https://developers.facebook.com/docs/sharing/webmasters/crawler)"
2a03:2880:f800:9:: - - [20/Jul/2025:16:20:31 +0000] "GET /detail/988487488 HTTP/1.1" 404 16430 "-" "meta-externalagent/1.1 (+https://developers.facebook.com/docs/sharing/webmasters/crawler)"
2a03:2880:f800:4:: - - [20/Jul/2025:16:28:59 +0000] "GET /detail/466691996 HTTP/1.1" 404 16430 "-" "meta-externalagent/1.1 (+https://developers.facebook.com/docs/sharing/webmasters/crawler)"
209.74.77.214 - - [20/Jul/2025:16:42:25 +0000] "POST /wp-cron.php?doing_wp_cron=1753029745.2009210586547851562500 HTTP/1.1" 200 - "-" "WordPress/6.8.2; https://kelaby.company"
2a03:2880:f800:1c:: - - [20/Jul/2025:16:42:24 +0000] "GET /detail/988391200 HTTP/1.1" 404 16430 "-" "meta-externalagent/1.1 (+https://developers.facebook.com/docs/sharing/webmasters/crawler)"
209.74.77.214 - - [20/Jul/2025:16:43:24 +0000] "POST /wp-cron.php?doing_wp_cron=1753029804.4762070178985595703125 HTTP/1.1" 200 - "-" "WordPress/6.8.2; https://kelaby.company"
2a03:2880:f800:a:: - - [20/Jul/2025:16:43:24 +0000] "GET /detail/466833523 HTTP/1.1" 404 16429 "-" "meta-externalagent/1.1 (+https://developers.facebook.com/docs/sharing/webmasters/crawler)"
2a03:2880:f800:1c:: - - [20/Jul/2025:16:46:32 +0000] "GET /detail/988689947 HTTP/1.1" 404 16430 "-" "meta-externalagent/1.1 (+https://developers.facebook.com/docs/sharing/webmasters/crawler)"
209.74.77.214 - - [20/Jul/2025:16:59:19 +0000] "POST /wp-cron.php?doing_wp_cron=1753030759.4462349414825439453125 HTTP/1.1" 200 - "-" "WordPress/6.8.2; https://kelaby.company"
2a03:2880:f800:13:: - - [20/Jul/2025:16:59:18 +0000] "GET /detail/988379783 HTTP/1.1" 404 16430 "-" "meta-externalagent/1.1 (+https://developers.facebook.com/docs/sharing/webmasters/crawler)"
209.74.77.214 - - [20/Jul/2025:17:03:39 +0000] "POST /wp-cron.php?doing_wp_cron=1753031019.0693299770355224609375 HTTP/1.1" 200 - "-" "WordPress/6.8.2; https://kelaby.company"
110.40.186.63 - - [20/Jul/2025:17:03:38 +0000] "GET / HTTP/1.1" 301 - "-" "Mozilla/5.0 (iPhone; CPU iPhone OS 13_2_3 like Mac OS X) AppleWebKit/605.1.15 (KHTML, like Gecko) Version/13.0.3 Mobile/15E148 Safari/604.1"
209.74.77.214 - - [20/Jul/2025:17:06:03 +0000] "POST /wp-cron.php?doing_wp_cron=1753031163.3734230995178222656250 HTTP/1.1" 200 - "-" "WordPress/6.8.2; https://kelaby.company"
2a03:2880:f800:13:: - - [20/Jul/2025:17:06:02 +0000] "GET /detail/467034129 HTTP/1.1" 404 16430 "-" "meta-externalagent/1.1 (+https://developers.facebook.com/docs/sharing/webmasters/crawler)"
209.74.77.214 - - [20/Jul/2025:17:14:46 +0000] "POST /wp-cron.php?doing_wp_cron=1753031686.1693689823150634765625 HTTP/1.1" 200 - "-" "WordPress/6.8.2; https://kelaby.company"
2a03:2880:f800:1:: - - [20/Jul/2025:17:14:45 +0000] "GET /detail/988854130 HTTP/1.1" 404 16430 "-" "meta-externalagent/1.1 (+https://developers.facebook.com/docs/sharing/webmasters/crawler)"
209.74.77.214 - - [20/Jul/2025:17:15:17 +0000] "POST /wp-cron.php?doing_wp_cron=1753031717.4437050819396972656250 HTTP/1.1" 200 - "-" "WordPress/6.8.2; https://kelaby.company"
2a03:2880:f800:1:: - - [20/Jul/2025:17:15:16 +0000] "GET /detail/988536237 HTTP/1.1" 404 16430 "-" "meta-externalagent/1.1 (+https://developers.facebook.com/docs/sharing/webmasters/crawler)"
209.74.77.214 - - [20/Jul/2025:17:16:22 +0000] "POST /wp-cron.php?doing_wp_cron=1753031781.9331130981445312500000 HTTP/1.1" 200 - "-" "WordPress/6.8.2; https://kelaby.company"
2a03:2880:f800:17:: - - [20/Jul/2025:17:16:21 +0000] "GET /detail/466910451 HTTP/1.1" 404 16430 "-" "meta-externalagent/1.1 (+https://developers.facebook.com/docs/sharing/webmasters/crawler)"
209.74.77.214 - - [20/Jul/2025:17:17:39 +0000] "POST /wp-cron.php?doing_wp_cron=1753031859.7343430519104003906250 HTTP/1.1" 200 - "-" "WordPress/6.8.2; https://kelaby.company"
2a03:2880:f800:6:: - - [20/Jul/2025:17:17:39 +0000] "GET /detail/988703914 HTTP/1.1" 404 16430 "-" "meta-externalagent/1.1 (+https://developers.facebook.com/docs/sharing/webmasters/crawler)"
4.227.36.108 - - [20/Jul/2025:17:21:38 +0000] "GET /robots.txt HTTP/1.1" 200 92 "-" "Mozilla/5.0 AppleWebKit/537.36 (KHTML, like Gecko; compatible; GPTBot/1.2; +https://openai.com/gptbot)"
20.171.207.31 - - [20/Jul/2025:17:22:41 +0000] "GET /sitemap.xml HTTP/1.1" 200 4436 "-" "Mozilla/5.0 AppleWebKit/537.36 (KHTML, like Gecko; compatible; GPTBot/1.2; +https://openai.com/gptbot)"
20.171.207.31 - - [20/Jul/2025:17:26:21 +0000] "GET /detail/1283912111 HTTP/1.1" 301 - "-" "Mozilla/5.0 AppleWebKit/537.36 (KHTML, like Gecko; compatible; GPTBot/1.2; +https://openai.com/gptbot)"
4.227.36.50 - - [20/Jul/2025:17:26:22 +0000] "GET /robots.txt HTTP/1.1" 200 92 "-" "Mozilla/5.0 AppleWebKit/537.36 (KHTML, like Gecko; compatible; GPTBot/1.2; +https://openai.com/gptbot)"
20.171.207.31 - - [20/Jul/2025:17:26:24 +0000] "GET /detail/1284004222 HTTP/1.1" 301 - "-" "Mozilla/5.0 AppleWebKit/537.36 (KHTML, like Gecko; compatible; GPTBot/1.2; +https://openai.com/gptbot)"
20.171.207.31 - - [20/Jul/2025:17:26:26 +0000] "GET /detail/1283802108 HTTP/1.1" 301 - "-" "Mozilla/5.0 AppleWebKit/537.36 (KHTML, like Gecko; compatible; GPTBot/1.2; +https://openai.com/gptbot)"
20.171.207.31 - - [20/Jul/2025:17:26:29 +0000] "GET /detail/1283888215 HTTP/1.1" 301 - "-" "Mozilla/5.0 AppleWebKit/537.36 (KHTML, like Gecko; compatible; GPTBot/1.2; +https://openai.com/gptbot)"
20.171.207.31 - - [20/Jul/2025:17:26:31 +0000] "GET /detail/1283676663 HTTP/1.1" 301 - "-" "Mozilla/5.0 AppleWebKit/537.36 (KHTML, like Gecko; compatible; GPTBot/1.2; +https://openai.com/gptbot)"
20.171.207.31 - - [20/Jul/2025:17:26:33 +0000] "GET /detail/1283666332 HTTP/1.1" 301 - "-" "Mozilla/5.0 AppleWebKit/537.36 (KHTML, like Gecko; compatible; GPTBot/1.2; +https://openai.com/gptbot)"
20.171.207.31 - - [20/Jul/2025:17:26:35 +0000] "GET /detail/1284000262 HTTP/1.1" 301 - "-" "Mozilla/5.0 AppleWebKit/537.36 (KHTML, like Gecko; compatible; GPTBot/1.2; +https://openai.com/gptbot)"
20.171.207.31 - - [20/Jul/2025:17:26:36 +0000] "GET /detail/1283991000 HTTP/1.1" 301 - "-" "Mozilla/5.0 AppleWebKit/537.36 (KHTML, like Gecko; compatible; GPTBot/1.2; +https://openai.com/gptbot)"
20.171.207.31 - - [20/Jul/2025:17:26:37 +0000] "GET /detail/1283777341 HTTP/1.1" 301 - "-" "Mozilla/5.0 AppleWebKit/537.36 (KHTML, like Gecko; compatible; GPTBot/1.2; +https://openai.com/gptbot)"
20.171.207.31 - - [20/Jul/2025:17:26:39 +0000] "GET /detail/1283642226 HTTP/1.1" 301 - "-" "Mozilla/5.0 AppleWebKit/537.36 (KHTML, like Gecko; compatible; GPTBot/1.2; +https://openai.com/gptbot)"
209.74.77.214 - - [20/Jul/2025:17:27:10 +0000] "POST /wp-cron.php?doing_wp_cron=1753032430.5680189132690429687500 HTTP/1.1" 200 - "-" "WordPress/6.8.2; https://kelaby.company"
20.171.207.31 - - [20/Jul/2025:17:27:10 +0000] "GET /detail/1283555732 HTTP/1.1" 301 - "-" "Mozilla/5.0 AppleWebKit/537.36 (KHTML, like Gecko; compatible; GPTBot/1.2; +https://openai.com/gptbot)"
20.171.207.31 - - [20/Jul/2025:17:27:11 +0000] "GET /detail/1283726222 HTTP/1.1" 301 - "-" "Mozilla/5.0 AppleWebKit/537.36 (KHTML, like Gecko; compatible; GPTBot/1.2; +https://openai.com/gptbot)"
20.171.207.31 - - [20/Jul/2025:17:27:12 +0000] "GET /detail/1283678777 HTTP/1.1" 301 - "-" "Mozilla/5.0 AppleWebKit/537.36 (KHTML, like Gecko; compatible; GPTBot/1.2; +https://openai.com/gptbot)"
20.171.207.31 - - [20/Jul/2025:17:27:13 +0000] "GET /detail/1283884449 HTTP/1.1" 301 - "-" "Mozilla/5.0 AppleWebKit/537.36 (KHTML, like Gecko; compatible; GPTBot/1.2; +https://openai.com/gptbot)"
20.171.207.31 - - [20/Jul/2025:17:27:14 +0000] "GET /detail/1283899913 HTTP/1.1" 301 - "-" "Mozilla/5.0 AppleWebKit/537.36 (KHTML, like Gecko; compatible; GPTBot/1.2; +https://openai.com/gptbot)"
20.171.207.26 - - [20/Jul/2025:17:27:23 +0000] "GET /detail/1284004222 HTTP/1.1" 404 16431 "-" "Mozilla/5.0 AppleWebKit/537.36 (KHTML, like Gecko; compatible; GPTBot/1.2; +https://openai.com/gptbot)"
20.171.207.26 - - [20/Jul/2025:17:27:26 +0000] "GET /detail/1283642226 HTTP/1.1" 404 16431 "-" "Mozilla/5.0 AppleWebKit/537.36 (KHTML, like Gecko; compatible; GPTBot/1.2; +https://openai.com/gptbot)"
20.171.207.26 - - [20/Jul/2025:17:27:29 +0000] "GET /detail/1283888215 HTTP/1.1" 404 16430 "-" "Mozilla/5.0 AppleWebKit/537.36 (KHTML, like Gecko; compatible; GPTBot/1.2; +https://openai.com/gptbot)"
20.171.207.26 - - [20/Jul/2025:17:27:32 +0000] "GET /detail/1283676663 HTTP/1.1" 404 16430 "-" "Mozilla/5.0 AppleWebKit/537.36 (KHTML, like Gecko; compatible; GPTBot/1.2; +https://openai.com/gptbot)"
20.171.207.26 - - [20/Jul/2025:17:27:35 +0000] "GET /detail/1283912111 HTTP/1.1" 404 16431 "-" "Mozilla/5.0 AppleWebKit/537.36 (KHTML, like Gecko; compatible; GPTBot/1.2; +https://openai.com/gptbot)"
209.74.77.214 - - [20/Jul/2025:17:27:38 +0000] "POST /wp-cron.php?doing_wp_cron=1753032458.2670989036560058593750 HTTP/1.1" 200 - "-" "WordPress/6.8.2; https://kelaby.company"
20.171.207.26 - - [20/Jul/2025:17:27:38 +0000] "GET /detail/1284000262 HTTP/1.1" 404 16430 "-" "Mozilla/5.0 AppleWebKit/537.36 (KHTML, like Gecko; compatible; GPTBot/1.2; +https://openai.com/gptbot)"
20.171.207.26 - - [20/Jul/2025:17:27:40 +0000] "GET /detail/1283666332 HTTP/1.1" 404 16430 "-" "Mozilla/5.0 AppleWebKit/537.36 (KHTML, like Gecko; compatible; GPTBot/1.2; +https://openai.com/gptbot)"
20.171.207.31 - - [20/Jul/2025:17:27:42 +0000] "GET /detail/1283942888 HTTP/1.1" 301 - "-" "Mozilla/5.0 AppleWebKit/537.36 (KHTML, like Gecko; compatible; GPTBot/1.2; +https://openai.com/gptbot)"
20.171.207.31 - - [20/Jul/2025:17:27:43 +0000] "GET /detail/1283701777 HTTP/1.1" 301 - "-" "Mozilla/5.0 AppleWebKit/537.36 (KHTML, like Gecko; compatible; GPTBot/1.2; +https://openai.com/gptbot)"
20.171.207.31 - - [20/Jul/2025:17:27:44 +0000] "GET /detail/1283842555 HTTP/1.1" 301 - "-" "Mozilla/5.0 AppleWebKit/537.36 (KHTML, like Gecko; compatible; GPTBot/1.2; +https://openai.com/gptbot)"
20.171.207.31 - - [20/Jul/2025:17:27:45 +0000] "GET /detail/1283600012 HTTP/1.1" 301 - "-" "Mozilla/5.0 AppleWebKit/537.36 (KHTML, like Gecko; compatible; GPTBot/1.2; +https://openai.com/gptbot)"
20.171.207.31 - - [20/Jul/2025:17:27:46 +0000] "GET /detail/1283670914 HTTP/1.1" 301 - "-" "Mozilla/5.0 AppleWebKit/537.36 (KHTML, like Gecko; compatible; GPTBot/1.2; +https://openai.com/gptbot)"
20.171.207.31 - - [20/Jul/2025:17:27:48 +0000] "GET /detail/1283599735 HTTP/1.1" 301 - "-" "Mozilla/5.0 AppleWebKit/537.36 (KHTML, like Gecko; compatible; GPTBot/1.2; +https://openai.com/gptbot)"
20.171.207.31 - - [20/Jul/2025:17:27:49 +0000] "GET /detail/1283791845 HTTP/1.1" 301 - "-" "Mozilla/5.0 AppleWebKit/537.36 (KHTML, like Gecko; compatible; GPTBot/1.2; +https://openai.com/gptbot)"
20.171.207.31 - - [20/Jul/2025:17:27:50 +0000] "GET /detail/1283579141 HTTP/1.1" 301 - "-" "Mozilla/5.0 AppleWebKit/537.36 (KHTML, like Gecko; compatible; GPTBot/1.2; +https://openai.com/gptbot)"
20.171.207.31 - - [20/Jul/2025:17:27:51 +0000] "GET /detail/1283766669 HTTP/1.1" 301 - "-" "Mozilla/5.0 AppleWebKit/537.36 (KHTML, like Gecko; compatible; GPTBot/1.2; +https://openai.com/gptbot)"
20.171.207.31 - - [20/Jul/2025:17:27:52 +0000] "GET /detail/1283656666 HTTP/1.1" 301 - "-" "Mozilla/5.0 AppleWebKit/537.36 (KHTML, like Gecko; compatible; GPTBot/1.2; +https://openai.com/gptbot)"
209.74.77.214 - - [20/Jul/2025:17:28:04 +0000] "POST /wp-cron.php?doing_wp_cron=1753032484.2451169490814208984375 HTTP/1.1" 200 - "-" "WordPress/6.8.2; https://kelaby.company"
20.171.207.26 - - [20/Jul/2025:17:28:04 +0000] "GET /detail/1283678777 HTTP/1.1" 404 16430 "-" "Mozilla/5.0 AppleWebKit/537.36 (KHTML, like Gecko; compatible; GPTBot/1.2; +https://openai.com/gptbot)"
20.171.207.31 - - [20/Jul/2025:17:28:05 +0000] "GET /detail/1283999969 HTTP/1.1" 301 - "-" "Mozilla/5.0 AppleWebKit/537.36 (KHTML, like Gecko; compatible; GPTBot/1.2; +https://openai.com/gptbot)"
20.171.207.31 - - [20/Jul/2025:17:28:06 +0000] "GET /detail/1283591111 HTTP/1.1" 301 - "-" "Mozilla/5.0 AppleWebKit/537.36 (KHTML, like Gecko; compatible; GPTBot/1.2; +https://openai.com/gptbot)"
20.171.207.26 - - [20/Jul/2025:17:28:06 +0000] "GET /detail/1283726222 HTTP/1.1" 404 16430 "-" "Mozilla/5.0 AppleWebKit/537.36 (KHTML, like Gecko; compatible; GPTBot/1.2; +https://openai.com/gptbot)"
20.171.207.31 - - [20/Jul/2025:17:28:07 +0000] "GET /detail/1283933304 HTTP/1.1" 301 - "-" "Mozilla/5.0 AppleWebKit/537.36 (KHTML, like Gecko; compatible; GPTBot/1.2; +https://openai.com/gptbot)"
20.171.207.31 - - [20/Jul/2025:17:28:08 +0000] "GET /detail/1283752229 HTTP/1.1" 301 - "-" "Mozilla/5.0 AppleWebKit/537.36 (KHTML, like Gecko; compatible; GPTBot/1.2; +https://openai.com/gptbot)"
20.171.207.26 - - [20/Jul/2025:17:28:09 +0000] "GET /detail/1283899913 HTTP/1.1" 404 16430 "-" "Mozilla/5.0 AppleWebKit/537.36 (KHTML, like Gecko; compatible; GPTBot/1.2; +https://openai.com/gptbot)"
20.171.207.26 - - [20/Jul/2025:17:28:12 +0000] "GET /detail/1283884449 HTTP/1.1" 404 16430 "-" "Mozilla/5.0 AppleWebKit/537.36 (KHTML, like Gecko; compatible; GPTBot/1.2; +https://openai.com/gptbot)"
20.171.207.26 - - [20/Jul/2025:17:28:15 +0000] "GET /detail/1283777341 HTTP/1.1" 404 16430 "-" "Mozilla/5.0 AppleWebKit/537.36 (KHTML, like Gecko; compatible; GPTBot/1.2; +https://openai.com/gptbot)"
20.171.207.26 - - [20/Jul/2025:17:28:18 +0000] "GET /detail/1283991000 HTTP/1.1" 404 16431 "-" "Mozilla/5.0 AppleWebKit/537.36 (KHTML, like Gecko; compatible; GPTBot/1.2; +https://openai.com/gptbot)"
20.171.207.31 - - [20/Jul/2025:17:28:19 +0000] "GET /detail/1283777615 HTTP/1.1" 301 - "-" "Mozilla/5.0 AppleWebKit/537.36 (KHTML, like Gecko; compatible; GPTBot/1.2; +https://openai.com/gptbot)"
20.171.207.31 - - [20/Jul/2025:17:28:20 +0000] "GET /detail/1283524446 HTTP/1.1" 301 - "-" "Mozilla/5.0 AppleWebKit/537.36 (KHTML, like Gecko; compatible; GPTBot/1.2; +https://openai.com/gptbot)"
20.171.207.26 - - [20/Jul/2025:17:28:21 +0000] "GET /detail/1283555732 HTTP/1.1" 404 16431 "-" "Mozilla/5.0 AppleWebKit/537.36 (KHTML, like Gecko; compatible; GPTBot/1.2; +https://openai.com/gptbot)"
20.171.207.31 - - [20/Jul/2025:17:28:21 +0000] "GET /detail/1283566678 HTTP/1.1" 301 - "-" "Mozilla/5.0 AppleWebKit/537.36 (KHTML, like Gecko; compatible; GPTBot/1.2; +https://openai.com/gptbot)"
20.171.207.31 - - [20/Jul/2025:17:28:23 +0000] "GET /detail/1283666741 HTTP/1.1" 301 - "-" "Mozilla/5.0 AppleWebKit/537.36 (KHTML, like Gecko; compatible; GPTBot/1.2; +https://openai.com/gptbot)"
20.171.207.31 - - [20/Jul/2025:17:28:24 +0000] "GET /detail/1283966654 HTTP/1.1" 301 - "-" "Mozilla/5.0 AppleWebKit/537.36 (KHTML, like Gecko; compatible; GPTBot/1.2; +https://openai.com/gptbot)"
20.171.207.26 - - [20/Jul/2025:17:28:24 +0000] "GET /detail/1283802108 HTTP/1.1" 404 16430 "-" "Mozilla/5.0 AppleWebKit/537.36 (KHTML, like Gecko; compatible; GPTBot/1.2; +https://openai.com/gptbot)"
20.171.207.31 - - [20/Jul/2025:17:28:25 +0000] "GET /detail/1283700068 HTTP/1.1" 301 - "-" "Mozilla/5.0 AppleWebKit/537.36 (KHTML, like Gecko; compatible; GPTBot/1.2; +https://openai.com/gptbot)"
20.171.207.31 - - [20/Jul/2025:17:28:26 +0000] "GET /detail/1284033319 HTTP/1.1" 301 - "-" "Mozilla/5.0 AppleWebKit/537.36 (KHTML, like Gecko; compatible; GPTBot/1.2; +https://openai.com/gptbot)"
20.171.207.31 - - [20/Jul/2025:17:28:27 +0000] "GET /detail/1283577761 HTTP/1.1" 301 - "-" "Mozilla/5.0 AppleWebKit/537.36 (KHTML, like Gecko; compatible; GPTBot/1.2; +https://openai.com/gptbot)"
2a03:2880:f800:3:: - - [20/Jul/2025:17:28:27 +0000] "GET /detail/988789665 HTTP/1.1" 404 16430 "-" "meta-externalagent/1.1 (+https://developers.facebook.com/docs/sharing/webmasters/crawler)"
20.171.207.31 - - [20/Jul/2025:17:28:30 +0000] "GET /detail/1283544427 HTTP/1.1" 301 - "-" "Mozilla/5.0 AppleWebKit/537.36 (KHTML, like Gecko; compatible; GPTBot/1.2; +https://openai.com/gptbot)"
20.171.207.31 - - [20/Jul/2025:17:28:31 +0000] "GET /detail/1283745454 HTTP/1.1" 301 - "-" "Mozilla/5.0 AppleWebKit/537.36 (KHTML, like Gecko; compatible; GPTBot/1.2; +https://openai.com/gptbot)"
20.171.207.26 - - [20/Jul/2025:17:28:32 +0000] "GET /detail/1283600012 HTTP/1.1" 404 16430 "-" "Mozilla/5.0 AppleWebKit/537.36 (KHTML, like Gecko; compatible; GPTBot/1.2; +https://openai.com/gptbot)"
20.171.207.31 - - [20/Jul/2025:17:28:32 +0000] "GET /detail/1284053769 HTTP/1.1" 301 - "-" "Mozilla/5.0 AppleWebKit/537.36 (KHTML, like Gecko; compatible; GPTBot/1.2; +https://openai.com/gptbot)"
20.171.207.26 - - [20/Jul/2025:17:28:35 +0000] "GET /detail/1283942888 HTTP/1.1" 404 16430 "-" "Mozilla/5.0 AppleWebKit/537.36 (KHTML, like Gecko; compatible; GPTBot/1.2; +https://openai.com/gptbot)"
20.171.207.26 - - [20/Jul/2025:17:28:37 +0000] "GET /detail/1283701777 HTTP/1.1" 404 16429 "-" "Mozilla/5.0 AppleWebKit/537.36 (KHTML, like Gecko; compatible; GPTBot/1.2; +https://openai.com/gptbot)"
20.171.207.31 - - [20/Jul/2025:17:28:38 +0000] "GET /detail/1283743943 HTTP/1.1" 301 - "-" "Mozilla/5.0 AppleWebKit/537.36 (KHTML, like Gecko; compatible; GPTBot/1.2; +https://openai.com/gptbot)"
20.171.207.31 - - [20/Jul/2025:17:28:39 +0000] "GET /detail/1283765904 HTTP/1.1" 301 - "-" "Mozilla/5.0 AppleWebKit/537.36 (KHTML, like Gecko; compatible; GPTBot/1.2; +https://openai.com/gptbot)"
20.171.207.31 - - [20/Jul/2025:17:28:40 +0000] "GET /detail/1283982867 HTTP/1.1" 301 - "-" "Mozilla/5.0 AppleWebKit/537.36 (KHTML, like Gecko; compatible; GPTBot/1.2; +https://openai.com/gptbot)"
20.171.207.26 - - [20/Jul/2025:17:28:40 +0000] "GET /detail/1283842555 HTTP/1.1" 404 16430 "-" "Mozilla/5.0 AppleWebKit/537.36 (KHTML, like Gecko; compatible; GPTBot/1.2; +https://openai.com/gptbot)"
20.171.207.31 - - [20/Jul/2025:17:28:41 +0000] "GET /detail/1283719154 HTTP/1.1" 301 - "-" "Mozilla/5.0 AppleWebKit/537.36 (KHTML, like Gecko; compatible; GPTBot/1.2; +https://openai.com/gptbot)"
20.171.207.31 - - [20/Jul/2025:17:28:43 +0000] "GET /detail/1283936117 HTTP/1.1" 301 - "-" "Mozilla/5.0 AppleWebKit/537.36 (KHTML, like Gecko; compatible; GPTBot/1.2; +https://openai.com/gptbot)"
20.171.207.26 - - [20/Jul/2025:17:28:43 +0000] "GET /detail/1283766669 HTTP/1.1" 404 16430 "-" "Mozilla/5.0 AppleWebKit/537.36 (KHTML, like Gecko; compatible; GPTBot/1.2; +https://openai.com/gptbot)"
20.171.207.31 - - [20/Jul/2025:17:28:44 +0000] "GET /detail/1284027631 HTTP/1.1" 301 - "-" "Mozilla/5.0 AppleWebKit/537.36 (KHTML, like Gecko; compatible; GPTBot/1.2; +https://openai.com/gptbot)"
20.171.207.31 - - [20/Jul/2025:17:28:45 +0000] "GET /detail/1283790675 HTTP/1.1" 301 - "-" "Mozilla/5.0 AppleWebKit/537.36 (KHTML, like Gecko; compatible; GPTBot/1.2; +https://openai.com/gptbot)"
20.171.207.31 - - [20/Jul/2025:17:28:46 +0000] "GET /detail/1283854269 HTTP/1.1" 301 - "-" "Mozilla/5.0 AppleWebKit/537.36 (KHTML, like Gecko; compatible; GPTBot/1.2; +https://openai.com/gptbot)"
20.171.207.26 - - [20/Jul/2025:17:28:46 +0000] "GET /detail/1283656666 HTTP/1.1" 404 16429 "-" "Mozilla/5.0 AppleWebKit/537.36 (KHTML, like Gecko; compatible; GPTBot/1.2; +https://openai.com/gptbot)"
20.171.207.31 - - [20/Jul/2025:17:28:47 +0000] "GET /detail/1283575501 HTTP/1.1" 301 - "-" "Mozilla/5.0 AppleWebKit/537.36 (KHTML, like Gecko; compatible; GPTBot/1.2; +https://openai.com/gptbot)"
20.171.207.31 - - [20/Jul/2025:17:28:48 +0000] "GET /detail/1283703544 HTTP/1.1" 301 - "-" "Mozilla/5.0 AppleWebKit/537.36 (KHTML, like Gecko; compatible; GPTBot/1.2; +https://openai.com/gptbot)"
20.171.207.31 - - [20/Jul/2025:17:28:50 +0000] "GET /detail/1283704309 HTTP/1.1" 301 - "-" "Mozilla/5.0 AppleWebKit/537.36 (KHTML, like Gecko; compatible; GPTBot/1.2; +https://openai.com/gptbot)"
20.171.207.26 - - [20/Jul/2025:17:28:52 +0000] "GET /detail/1283591111 HTTP/1.1" 404 16430 "-" "Mozilla/5.0 AppleWebKit/537.36 (KHTML, like Gecko; compatible; GPTBot/1.2; +https://openai.com/gptbot)"
20.171.207.31 - - [20/Jul/2025:17:28:53 +0000] "GET /detail/1283809498 HTTP/1.1" 301 - "-" "Mozilla/5.0 AppleWebKit/537.36 (KHTML, like Gecko; compatible; GPTBot/1.2; +https://openai.com/gptbot)"
20.171.207.31 - - [20/Jul/2025:17:28:55 +0000] "GET /detail/1284030360 HTTP/1.1" 301 - "-" "Mozilla/5.0 AppleWebKit/537.36 (KHTML, like Gecko; compatible; GPTBot/1.2; +https://openai.com/gptbot)"
20.171.207.26 - - [20/Jul/2025:17:28:55 +0000] "GET /detail/1283999969 HTTP/1.1" 404 16431 "-" "Mozilla/5.0 AppleWebKit/537.36 (KHTML, like Gecko; compatible; GPTBot/1.2; +https://openai.com/gptbot)"
20.171.207.31 - - [20/Jul/2025:17:28:56 +0000] "GET /detail/1283716345 HTTP/1.1" 301 - "-" "Mozilla/5.0 AppleWebKit/537.36 (KHTML, like Gecko; compatible; GPTBot/1.2; +https://openai.com/gptbot)"
20.171.207.31 - - [20/Jul/2025:17:28:57 +0000] "GET /detail/1283729439 HTTP/1.1" 301 - "-" "Mozilla/5.0 AppleWebKit/537.36 (KHTML, like Gecko; compatible; GPTBot/1.2; +https://openai.com/gptbot)"
20.171.207.26 - - [20/Jul/2025:17:28:58 +0000] "GET /detail/1283933304 HTTP/1.1" 404 16431 "-" "Mozilla/5.0 AppleWebKit/537.36 (KHTML, like Gecko; compatible; GPTBot/1.2; +https://openai.com/gptbot)"
20.171.207.31 - - [20/Jul/2025:17:28:58 +0000] "GET /detail/1283708973 HTTP/1.1" 301 - "-" "Mozilla/5.0 AppleWebKit/537.36 (KHTML, like Gecko; compatible; GPTBot/1.2; +https://openai.com/gptbot)"
20.171.207.31 - - [20/Jul/2025:17:28:59 +0000] "GET /detail/1283890475 HTTP/1.1" 301 - "-" "Mozilla/5.0 AppleWebKit/537.36 (KHTML, like Gecko; compatible; GPTBot/1.2; +https://openai.com/gptbot)"
209.74.77.214 - - [20/Jul/2025:17:29:01 +0000] "POST /wp-cron.php?doing_wp_cron=1753032541.0615329742431640625000 HTTP/1.1" 200 - "-" "WordPress/6.8.2; https://kelaby.company"
20.171.207.31 - - [20/Jul/2025:17:29:00 +0000] "GET /detail/1283953091 HTTP/1.1" 301 - "-" "Mozilla/5.0 AppleWebKit/537.36 (KHTML, like Gecko; compatible; GPTBot/1.2; +https://openai.com/gptbot)"
20.171.207.26 - - [20/Jul/2025:17:29:00 +0000] "GET /detail/1283752229 HTTP/1.1" 404 16430 "-" "Mozilla/5.0 AppleWebKit/537.36 (KHTML, like Gecko; compatible; GPTBot/1.2; +https://openai.com/gptbot)"
20.171.207.31 - - [20/Jul/2025:17:29:02 +0000] "GET /detail/1283980737 HTTP/1.1" 301 - "-" "Mozilla/5.0 AppleWebKit/537.36 (KHTML, like Gecko; compatible; GPTBot/1.2; +https://openai.com/gptbot)"
20.171.207.31 - - [20/Jul/2025:17:29:03 +0000] "GET /detail/1283938587 HTTP/1.1" 301 - "-" "Mozilla/5.0 AppleWebKit/537.36 (KHTML, like Gecko; compatible; GPTBot/1.2; +https://openai.com/gptbot)"
20.171.207.26 - - [20/Jul/2025:17:29:03 +0000] "GET /detail/1283966654 HTTP/1.1" 404 16430 "-" "Mozilla/5.0 AppleWebKit/537.36 (KHTML, like Gecko; compatible; GPTBot/1.2; +https://openai.com/gptbot)"
20.171.207.31 - - [20/Jul/2025:17:29:04 +0000] "GET /detail/1283943507 HTTP/1.1" 301 - "-" "Mozilla/5.0 AppleWebKit/537.36 (KHTML, like Gecko; compatible; GPTBot/1.2; +https://openai.com/gptbot)"
20.171.207.31 - - [20/Jul/2025:17:29:05 +0000] "GET /detail/1283798961 HTTP/1.1" 301 - "-" "Mozilla/5.0 AppleWebKit/537.36 (KHTML, like Gecko; compatible; GPTBot/1.2; +https://openai.com/gptbot)"
20.171.207.26 - - [20/Jul/2025:17:29:06 +0000] "GET /detail/1283700068 HTTP/1.1" 404 16430 "-" "Mozilla/5.0 AppleWebKit/537.36 (KHTML, like Gecko; compatible; GPTBot/1.2; +https://openai.com/gptbot)"
20.171.207.31 - - [20/Jul/2025:17:29:06 +0000] "GET /detail/1283784649 HTTP/1.1" 301 - "-" "Mozilla/5.0 AppleWebKit/537.36 (KHTML, like Gecko; compatible; GPTBot/1.2; +https://openai.com/gptbot)"
20.171.207.31 - - [20/Jul/2025:17:29:08 +0000] "GET /detail/1283807521 HTTP/1.1" 301 - "-" "Mozilla/5.0 AppleWebKit/537.36 (KHTML, like Gecko; compatible; GPTBot/1.2; +https://openai.com/gptbot)"
20.171.207.31 - - [20/Jul/2025:17:29:09 +0000] "GET /detail/1283699307 HTTP/1.1" 301 - "-" "Mozilla/5.0 AppleWebKit/537.36 (KHTML, like Gecko; compatible; GPTBot/1.2; +https://openai.com/gptbot)"
20.171.207.26 - - [20/Jul/2025:17:29:09 +0000] "GET /detail/1283524446 HTTP/1.1" 404 16430 "-" "Mozilla/5.0 AppleWebKit/537.36 (KHTML, like Gecko; compatible; GPTBot/1.2; +https://openai.com/gptbot)"
20.171.207.31 - - [20/Jul/2025:17:29:10 +0000] "GET /detail/1283645105 HTTP/1.1" 301 - "-" "Mozilla/5.0 AppleWebKit/537.36 (KHTML, like Gecko; compatible; GPTBot/1.2; +https://openai.com/gptbot)"
20.171.207.31 - - [20/Jul/2025:17:29:11 +0000] "GET /detail/1283971153 HTTP/1.1" 301 - "-" "Mozilla/5.0 AppleWebKit/537.36 (KHTML, like Gecko; compatible; GPTBot/1.2; +https://openai.com/gptbot)"
20.171.207.26 - - [20/Jul/2025:17:29:11 +0000] "GET /detail/1283566678 HTTP/1.1" 404 16431 "-" "Mozilla/5.0 AppleWebKit/537.36 (KHTML, like Gecko; compatible; GPTBot/1.2; +https://openai.com/gptbot)"
20.171.207.31 - - [20/Jul/2025:17:29:12 +0000] "GET /detail/1283620185 HTTP/1.1" 301 - "-" "Mozilla/5.0 AppleWebKit/537.36 (KHTML, like Gecko; compatible; GPTBot/1.2; +https://openai.com/gptbot)"
20.171.207.31 - - [20/Jul/2025:17:29:13 +0000] "GET /detail/1283655304 HTTP/1.1" 301 - "-" "Mozilla/5.0 AppleWebKit/537.36 (KHTML, like Gecko; compatible; GPTBot/1.2; +https://openai.com/gptbot)"
20.171.207.31 - - [20/Jul/2025:17:29:14 +0000] "GET /detail/1283779126 HTTP/1.1" 301 - "-" "Mozilla/5.0 AppleWebKit/537.36 (KHTML, like Gecko; compatible; GPTBot/1.2; +https://openai.com/gptbot)"
20.171.207.26 - - [20/Jul/2025:17:29:14 +0000] "GET /detail/1283790675 HTTP/1.1" 404 16430 "-" "Mozilla/5.0 AppleWebKit/537.36 (KHTML, like Gecko; compatible; GPTBot/1.2; +https://openai.com/gptbot)"
20.171.207.31 - - [20/Jul/2025:17:29:16 +0000] "GET /detail/1283885064 HTTP/1.1" 301 - "-" "Mozilla/5.0 AppleWebKit/537.36 (KHTML, like Gecko; compatible; GPTBot/1.2; +https://openai.com/gptbot)"
20.171.207.31 - - [20/Jul/2025:17:29:17 +0000] "GET /detail/1283790138 HTTP/1.1" 301 - "-" "Mozilla/5.0 AppleWebKit/537.36 (KHTML, like Gecko; compatible; GPTBot/1.2; +https://openai.com/gptbot)"
20.171.207.26 - - [20/Jul/2025:17:29:17 +0000] "GET /detail/1284033319 HTTP/1.1" 404 16430 "-" "Mozilla/5.0 AppleWebKit/537.36 (KHTML, like Gecko; compatible; GPTBot/1.2; +https://openai.com/gptbot)"
20.171.207.31 - - [20/Jul/2025:17:29:18 +0000] "GET /detail/1284021946 HTTP/1.1" 301 - "-" "Mozilla/5.0 AppleWebKit/537.36 (KHTML, like Gecko; compatible; GPTBot/1.2; +https://openai.com/gptbot)"
20.171.207.31 - - [20/Jul/2025:17:29:19 +0000] "GET /detail/1283832907 HTTP/1.1" 301 - "-" "Mozilla/5.0 AppleWebKit/537.36 (KHTML, like Gecko; compatible; GPTBot/1.2; +https://openai.com/gptbot)"
20.171.207.26 - - [20/Jul/2025:17:29:20 +0000] "GET /detail/1283777615 HTTP/1.1" 404 16430 "-" "Mozilla/5.0 AppleWebKit/537.36 (KHTML, like Gecko; compatible; GPTBot/1.2; +https://openai.com/gptbot)"
20.171.207.31 - - [20/Jul/2025:17:29:20 +0000] "GET /detail/1283816694 HTTP/1.1" 301 - "-" "Mozilla/5.0 AppleWebKit/537.36 (KHTML, like Gecko; compatible; GPTBot/1.2; +https://openai.com/gptbot)"
20.171.207.31 - - [20/Jul/2025:17:29:21 +0000] "GET /detail/1283749695 HTTP/1.1" 301 - "-" "Mozilla/5.0 AppleWebKit/537.36 (KHTML, like Gecko; compatible; GPTBot/1.2; +https://openai.com/gptbot)"
20.171.207.31 - - [20/Jul/2025:17:29:23 +0000] "GET /detail/1283839957 HTTP/1.1" 301 - "-" "Mozilla/5.0 AppleWebKit/537.36 (KHTML, like Gecko; compatible; GPTBot/1.2; +https://openai.com/gptbot)"
20.171.207.26 - - [20/Jul/2025:17:29:23 +0000] "GET /detail/1283666741 HTTP/1.1" 404 16430 "-" "Mozilla/5.0 AppleWebKit/537.36 (KHTML, like Gecko; compatible; GPTBot/1.2; +https://openai.com/gptbot)"
20.171.207.31 - - [20/Jul/2025:17:29:24 +0000] "GET /detail/1283550453 HTTP/1.1" 301 - "-" "Mozilla/5.0 AppleWebKit/537.36 (KHTML, like Gecko; compatible; GPTBot/1.2; +https://openai.com/gptbot)"
20.171.207.31 - - [20/Jul/2025:17:29:25 +0000] "GET /detail/1283882594 HTTP/1.1" 301 - "-" "Mozilla/5.0 AppleWebKit/537.36 (KHTML, like Gecko; compatible; GPTBot/1.2; +https://openai.com/gptbot)"
20.171.207.26 - - [20/Jul/2025:17:29:26 +0000] "GET /detail/1283577761 HTTP/1.1" 404 16430 "-" "Mozilla/5.0 AppleWebKit/537.36 (KHTML, like Gecko; compatible; GPTBot/1.2; +https://openai.com/gptbot)"
20.171.207.31 - - [20/Jul/2025:17:29:26 +0000] "GET /detail/1283692127 HTTP/1.1" 301 - "-" "Mozilla/5.0 AppleWebKit/537.36 (KHTML, like Gecko; compatible; GPTBot/1.2; +https://openai.com/gptbot)"
20.171.207.31 - - [20/Jul/2025:17:29:27 +0000] "GET /detail/1283697534 HTTP/1.1" 301 - "-" "Mozilla/5.0 AppleWebKit/537.36 (KHTML, like Gecko; compatible; GPTBot/1.2; +https://openai.com/gptbot)"
20.171.207.31 - - [20/Jul/2025:17:29:28 +0000] "GET /detail/1283951793 HTTP/1.1" 301 - "-" "Mozilla/5.0 AppleWebKit/537.36 (KHTML, like Gecko; compatible; GPTBot/1.2; +https://openai.com/gptbot)"
20.171.207.26 - - [20/Jul/2025:17:29:29 +0000] "GET /detail/1283544427 HTTP/1.1" 404 16430 "-" "Mozilla/5.0 AppleWebKit/537.36 (KHTML, like Gecko; compatible; GPTBot/1.2; +https://openai.com/gptbot)"
20.171.207.31 - - [20/Jul/2025:17:29:30 +0000] "GET /detail/1283731955 HTTP/1.1" 301 - "-" "Mozilla/5.0 AppleWebKit/537.36 (KHTML, like Gecko; compatible; GPTBot/1.2; +https://openai.com/gptbot)"
20.171.207.31 - - [20/Jul/2025:17:29:31 +0000] "GET /detail/1283867749 HTTP/1.1" 301 - "-" "Mozilla/5.0 AppleWebKit/537.36 (KHTML, like Gecko; compatible; GPTBot/1.2; +https://openai.com/gptbot)"
20.171.207.26 - - [20/Jul/2025:17:29:31 +0000] "GET /detail/1283745454 HTTP/1.1" 404 16431 "-" "Mozilla/5.0 AppleWebKit/537.36 (KHTML, like Gecko; compatible; GPTBot/1.2; +https://openai.com/gptbot)"
20.171.207.31 - - [20/Jul/2025:17:29:32 +0000] "GET /detail/1283779875 HTTP/1.1" 301 - "-" "Mozilla/5.0 AppleWebKit/537.36 (KHTML, like Gecko; compatible; GPTBot/1.2; +https://openai.com/gptbot)"
20.171.207.31 - - [20/Jul/2025:17:29:33 +0000] "GET /detail/1283757003 HTTP/1.1" 301 - "-" "Mozilla/5.0 AppleWebKit/537.36 (KHTML, like Gecko; compatible; GPTBot/1.2; +https://openai.com/gptbot)"
20.171.207.31 - - [20/Jul/2025:17:29:34 +0000] "GET /detail/1283765627 HTTP/1.1" 301 - "-" "Mozilla/5.0 AppleWebKit/537.36 (KHTML, like Gecko; compatible; GPTBot/1.2; +https://openai.com/gptbot)"
20.171.207.26 - - [20/Jul/2025:17:29:34 +0000] "GET /detail/1284053769 HTTP/1.1" 404 16431 "-" "Mozilla/5.0 AppleWebKit/537.36 (KHTML, like Gecko; compatible; GPTBot/1.2; +https://openai.com/gptbot)"
20.171.207.31 - - [20/Jul/2025:17:29:35 +0000] "GET /detail/1283907109 HTTP/1.1" 301 - "-" "Mozilla/5.0 AppleWebKit/537.36 (KHTML, like Gecko; compatible; GPTBot/1.2; +https://openai.com/gptbot)"
20.171.207.31 - - [20/Jul/2025:17:29:36 +0000] "GET /detail/1283934755 HTTP/1.1" 301 - "-" "Mozilla/5.0 AppleWebKit/537.36 (KHTML, like Gecko; compatible; GPTBot/1.2; +https://openai.com/gptbot)"
20.171.207.26 - - [20/Jul/2025:17:29:37 +0000] "GET /detail/1283765904 HTTP/1.1" 404 16430 "-" "Mozilla/5.0 AppleWebKit/537.36 (KHTML, like Gecko; compatible; GPTBot/1.2; +https://openai.com/gptbot)"
20.171.207.31 - - [20/Jul/2025:17:29:38 +0000] "GET /detail/1283692872 HTTP/1.1" 301 - "-" "Mozilla/5.0 AppleWebKit/537.36 (KHTML, like Gecko; compatible; GPTBot/1.2; +https://openai.com/gptbot)"
20.171.207.31 - - [20/Jul/2025:17:29:39 +0000] "GET /detail/1283771930 HTTP/1.1" 301 - "-" "Mozilla/5.0 AppleWebKit/537.36 (KHTML, like Gecko; compatible; GPTBot/1.2; +https://openai.com/gptbot)"
20.171.207.31 - - [20/Jul/2025:17:29:40 +0000] "GET /detail/1283569475 HTTP/1.1" 301 - "-" "Mozilla/5.0 AppleWebKit/537.36 (KHTML, like Gecko; compatible; GPTBot/1.2; +https://openai.com/gptbot)"
20.171.207.26 - - [20/Jul/2025:17:29:40 +0000] "GET /detail/1283980737 HTTP/1.1" 404 16430 "-" "Mozilla/5.0 AppleWebKit/537.36 (KHTML, like Gecko; compatible; GPTBot/1.2; +https://openai.com/gptbot)"
20.171.207.31 - - [20/Jul/2025:17:29:41 +0000] "GET /detail/1283523084 HTTP/1.1" 301 - "-" "Mozilla/5.0 AppleWebKit/537.36 (KHTML, like Gecko; compatible; GPTBot/1.2; +https://openai.com/gptbot)"
20.171.207.31 - - [20/Jul/2025:17:29:42 +0000] "GET /detail/1283582617 HTTP/1.1" 301 - "-" "Mozilla/5.0 AppleWebKit/537.36 (KHTML, like Gecko; compatible; GPTBot/1.2; +https://openai.com/gptbot)"
20.171.207.26 - - [20/Jul/2025:17:29:43 +0000] "GET /detail/1283936117 HTTP/1.1" 404 16430 "-" "Mozilla/5.0 AppleWebKit/537.36 (KHTML, like Gecko; compatible; GPTBot/1.2; +https://openai.com/gptbot)"
20.171.207.31 - - [20/Jul/2025:17:29:43 +0000] "GET /detail/1283698560 HTTP/1.1" 301 - "-" "Mozilla/5.0 AppleWebKit/537.36 (KHTML, like Gecko; compatible; GPTBot/1.2; +https://openai.com/gptbot)"
20.171.207.31 - - [20/Jul/2025:17:29:45 +0000] "GET /detail/1283988274 HTTP/1.1" 301 - "-" "Mozilla/5.0 AppleWebKit/537.36 (KHTML, like Gecko; compatible; GPTBot/1.2; +https://openai.com/gptbot)"
20.171.207.31 - - [20/Jul/2025:17:29:46 +0000] "GET /detail/1283543257 HTTP/1.1" 301 - "-" "Mozilla/5.0 AppleWebKit/537.36 (KHTML, like Gecko; compatible; GPTBot/1.2; +https://openai.com/gptbot)"
20.171.207.26 - - [20/Jul/2025:17:29:46 +0000] "GET /detail/1283943507 HTTP/1.1" 404 16430 "-" "Mozilla/5.0 AppleWebKit/537.36 (KHTML, like Gecko; compatible; GPTBot/1.2; +https://openai.com/gptbot)"
20.171.207.31 - - [20/Jul/2025:17:29:47 +0000] "GET /detail/1283857400 HTTP/1.1" 301 - "-" "Mozilla/5.0 AppleWebKit/537.36 (KHTML, like Gecko; compatible; GPTBot/1.2; +https://openai.com/gptbot)"
20.171.207.31 - - [20/Jul/2025:17:29:48 +0000] "GET /detail/1283803472 HTTP/1.1" 301 - "-" "Mozilla/5.0 AppleWebKit/537.36 (KHTML, like Gecko; compatible; GPTBot/1.2; +https://openai.com/gptbot)"
20.171.207.26 - - [20/Jul/2025:17:29:48 +0000] "GET /detail/1283645105 HTTP/1.1" 404 16429 "-" "Mozilla/5.0 AppleWebKit/537.36 (KHTML, like Gecko; compatible; GPTBot/1.2; +https://openai.com/gptbot)"
20.171.207.31 - - [20/Jul/2025:17:29:49 +0000] "GET /detail/1283948153 HTTP/1.1" 301 - "-" "Mozilla/5.0 AppleWebKit/537.36 (KHTML, like Gecko; compatible; GPTBot/1.2; +https://openai.com/gptbot)"
20.171.207.31 - - [20/Jul/2025:17:29:50 +0000] "GET /detail/1283591177 HTTP/1.1" 301 - "-" "Mozilla/5.0 AppleWebKit/537.36 (KHTML, like Gecko; compatible; GPTBot/1.2; +https://openai.com/gptbot)"
20.171.207.26 - - [20/Jul/2025:17:29:51 +0000] "GET /detail/1283790138 HTTP/1.1" 404 16430 "-" "Mozilla/5.0 AppleWebKit/537.36 (KHTML, like Gecko; compatible; GPTBot/1.2; +https://openai.com/gptbot)"
20.171.207.31 - - [20/Jul/2025:17:29:52 +0000] "GET /detail/1283538401 HTTP/1.1" 301 - "-" "Mozilla/5.0 AppleWebKit/537.36 (KHTML, like Gecko; compatible; GPTBot/1.2; +https://openai.com/gptbot)"
20.171.207.31 - - [20/Jul/2025:17:29:53 +0000] "GET /detail/1283806772 HTTP/1.1" 301 - "-" "Mozilla/5.0 AppleWebKit/537.36 (KHTML, like Gecko; compatible; GPTBot/1.2; +https://openai.com/gptbot)"
20.171.207.31 - - [20/Jul/2025:17:29:54 +0000] "GET /detail/1284027908 HTTP/1.1" 301 - "-" "Mozilla/5.0 AppleWebKit/537.36 (KHTML, like Gecko; compatible; GPTBot/1.2; +https://openai.com/gptbot)"
20.171.207.26 - - [20/Jul/2025:17:29:54 +0000] "GET /detail/1283550453 HTTP/1.1" 404 16431 "-" "Mozilla/5.0 AppleWebKit/537.36 (KHTML, like Gecko; compatible; GPTBot/1.2; +https://openai.com/gptbot)"
20.171.207.31 - - [20/Jul/2025:17:29:55 +0000] "GET /detail/1284026123 HTTP/1.1" 301 - "-" "Mozilla/5.0 AppleWebKit/537.36 (KHTML, like Gecko; compatible; GPTBot/1.2; +https://openai.com/gptbot)"
20.171.207.31 - - [20/Jul/2025:17:29:56 +0000] "GET /detail/1283652429 HTTP/1.1" 301 - "-" "Mozilla/5.0 AppleWebKit/537.36 (KHTML, like Gecko; compatible; GPTBot/1.2; +https://openai.com/gptbot)"
20.171.207.26 - - [20/Jul/2025:17:29:57 +0000] "GET /detail/1283809498 HTTP/1.1" 404 16431 "-" "Mozilla/5.0 AppleWebKit/537.36 (KHTML, like Gecko; compatible; GPTBot/1.2; +https://openai.com/gptbot)"
20.171.207.31 - - [20/Jul/2025:17:29:57 +0000] "GET /detail/1283754615 HTTP/1.1" 301 - "-" "Mozilla/5.0 AppleWebKit/537.36 (KHTML, like Gecko; compatible; GPTBot/1.2; +https://openai.com/gptbot)"
20.171.207.31 - - [20/Jul/2025:17:29:59 +0000] "GET /detail/1283979455 HTTP/1.1" 301 - "-" "Mozilla/5.0 AppleWebKit/537.36 (KHTML, like Gecko; compatible; GPTBot/1.2; +https://openai.com/gptbot)"
20.171.207.31 - - [20/Jul/2025:17:30:00 +0000] "GET /detail/1283876504 HTTP/1.1" 301 - "-" "Mozilla/5.0 AppleWebKit/537.36 (KHTML, like Gecko; compatible; GPTBot/1.2; +https://openai.com/gptbot)"
