20.171.207.26 - - [20/Jul/2025:18:01:52 +0000] "GET /detail/1283993959 HTTP/1.1" 404 16430 "-" "Mozilla/5.0 AppleWebKit/537.36 (KHTML, like Gecko; compatible; GPTBot/1.2; +https://openai.com/gptbot)"
20.171.207.26 - - [20/Jul/2025:18:01:55 +0000] "GET /detail/1283814080 HTTP/1.1" 404 16430 "-" "Mozilla/5.0 AppleWebKit/537.36 (KHTML, like Gecko; compatible; GPTBot/1.2; +https://openai.com/gptbot)"
20.171.207.26 - - [20/Jul/2025:18:01:58 +0000] "GET /detail/1283545533 HTTP/1.1" 404 16430 "-" "Mozilla/5.0 AppleWebKit/537.36 (KHTML, like Gecko; compatible; GPTBot/1.2; +https://openai.com/gptbot)"
209.74.77.214 - - [20/Jul/2025:18:02:01 +0000] "POST /wp-cron.php?doing_wp_cron=1753034521.3651258945465087890625 HTTP/1.1" 200 - "-" "WordPress/6.8.2; https://kelaby.company"
20.171.207.26 - - [20/Jul/2025:18:02:01 +0000] "GET /detail/1283532732 HTTP/1.1" 404 16429 "-" "Mozilla/5.0 AppleWebKit/537.36 (KHTML, like Gecko; compatible; GPTBot/1.2; +https://openai.com/gptbot)"
20.171.207.26 - - [20/Jul/2025:18:02:04 +0000] "GET /detail/1283841193 HTTP/1.1" 404 16429 "-" "Mozilla/5.0 AppleWebKit/537.36 (KHTML, like Gecko; compatible; GPTBot/1.2; +https://openai.com/gptbot)"
20.171.207.26 - - [20/Jul/2025:18:02:07 +0000] "GET /detail/1283893622 HTTP/1.1" 404 16430 "-" "Mozilla/5.0 AppleWebKit/537.36 (KHTML, like Gecko; compatible; GPTBot/1.2; +https://openai.com/gptbot)"
20.171.207.26 - - [20/Jul/2025:18:02:09 +0000] "GET /detail/1283797871 HTTP/1.1" 404 16430 "-" "Mozilla/5.0 AppleWebKit/537.36 (KHTML, like Gecko; compatible; GPTBot/1.2; +https://openai.com/gptbot)"
20.171.207.26 - - [20/Jul/2025:18:02:12 +0000] "GET /detail/1283979988 HTTP/1.1" 404 16429 "-" "Mozilla/5.0 AppleWebKit/537.36 (KHTML, like Gecko; compatible; GPTBot/1.2; +https://openai.com/gptbot)"
20.171.207.26 - - [20/Jul/2025:18:02:15 +0000] "GET /detail/1283883295 HTTP/1.1" 404 16430 "-" "Mozilla/5.0 AppleWebKit/537.36 (KHTML, like Gecko; compatible; GPTBot/1.2; +https://openai.com/gptbot)"
20.171.207.26 - - [20/Jul/2025:18:02:18 +0000] "GET /detail/1283955221 HTTP/1.1" 404 16430 "-" "Mozilla/5.0 AppleWebKit/537.36 (KHTML, like Gecko; compatible; GPTBot/1.2; +https://openai.com/gptbot)"
20.171.207.26 - - [20/Jul/2025:18:02:21 +0000] "GET /detail/1283811774 HTTP/1.1" 404 16430 "-" "Mozilla/5.0 AppleWebKit/537.36 (KHTML, like Gecko; compatible; GPTBot/1.2; +https://openai.com/gptbot)"
20.171.207.26 - - [20/Jul/2025:18:02:23 +0000] "GET /detail/1283982248 HTTP/1.1" 404 16430 "-" "Mozilla/5.0 AppleWebKit/537.36 (KHTML, like Gecko; compatible; GPTBot/1.2; +https://openai.com/gptbot)"
20.171.207.26 - - [20/Jul/2025:18:02:26 +0000] "GET /detail/1283834013 HTTP/1.1" 404 16430 "-" "Mozilla/5.0 AppleWebKit/537.36 (KHTML, like Gecko; compatible; GPTBot/1.2; +https://openai.com/gptbot)"
20.171.207.26 - - [20/Jul/2025:18:02:29 +0000] "GET /detail/1284002860 HTTP/1.1" 404 16429 "-" "Mozilla/5.0 AppleWebKit/537.36 (KHTML, like Gecko; compatible; GPTBot/1.2; +https://openai.com/gptbot)"
20.171.207.26 - - [20/Jul/2025:18:02:32 +0000] "GET /detail/1283938992 HTTP/1.1" 404 16429 "-" "Mozilla/5.0 AppleWebKit/537.36 (KHTML, like Gecko; compatible; GPTBot/1.2; +https://openai.com/gptbot)"
20.171.207.26 - - [20/Jul/2025:18:02:35 +0000] "GET /detail/1283832633 HTTP/1.1" 404 16430 "-" "Mozilla/5.0 AppleWebKit/537.36 (KHTML, like Gecko; compatible; GPTBot/1.2; +https://openai.com/gptbot)"
20.171.207.26 - - [20/Jul/2025:18:02:38 +0000] "GET /detail/1283732232 HTTP/1.1" 404 16430 "-" "Mozilla/5.0 AppleWebKit/537.36 (KHTML, like Gecko; compatible; GPTBot/1.2; +https://openai.com/gptbot)"
20.171.207.26 - - [20/Jul/2025:18:02:41 +0000] "GET /detail/1283880809 HTTP/1.1" 404 16429 "-" "Mozilla/5.0 AppleWebKit/537.36 (KHTML, like Gecko; compatible; GPTBot/1.2; +https://openai.com/gptbot)"
20.171.207.26 - - [20/Jul/2025:18:02:43 +0000] "GET /detail/1283845382 HTTP/1.1" 404 16430 "-" "Mozilla/5.0 AppleWebKit/537.36 (KHTML, like Gecko; compatible; GPTBot/1.2; +https://openai.com/gptbot)"
20.171.207.26 - - [20/Jul/2025:18:02:46 +0000] "GET /detail/1283624246 HTTP/1.1" 404 16429 "-" "Mozilla/5.0 AppleWebKit/537.36 (KHTML, like Gecko; compatible; GPTBot/1.2; +https://openai.com/gptbot)"
20.171.207.26 - - [20/Jul/2025:18:02:49 +0000] "GET /detail/1283583378 HTTP/1.1" 404 16430 "-" "Mozilla/5.0 AppleWebKit/537.36 (KHTML, like Gecko; compatible; GPTBot/1.2; +https://openai.com/gptbot)"
20.171.207.26 - - [20/Jul/2025:18:02:52 +0000] "GET /detail/1284011274 HTTP/1.1" 404 16430 "-" "Mozilla/5.0 AppleWebKit/537.36 (KHTML, like Gecko; compatible; GPTBot/1.2; +https://openai.com/gptbot)"
20.171.207.26 - - [20/Jul/2025:18:02:55 +0000] "GET /detail/1283618220 HTTP/1.1" 404 16430 "-" "Mozilla/5.0 AppleWebKit/537.36 (KHTML, like Gecko; compatible; GPTBot/1.2; +https://openai.com/gptbot)"
20.171.207.26 - - [20/Jul/2025:18:02:58 +0000] "GET /detail/1283855633 HTTP/1.1" 404 16430 "-" "Mozilla/5.0 AppleWebKit/537.36 (KHTML, like Gecko; compatible; GPTBot/1.2; +https://openai.com/gptbot)"
209.74.77.214 - - [20/Jul/2025:18:03:01 +0000] "POST /wp-cron.php?doing_wp_cron=1753034581.3243429660797119140625 HTTP/1.1" 200 - "-" "WordPress/6.8.2; https://kelaby.company"
20.171.207.26 - - [20/Jul/2025:18:03:01 +0000] "GET /detail/1283850028 HTTP/1.1" 404 16430 "-" "Mozilla/5.0 AppleWebKit/537.36 (KHTML, like Gecko; compatible; GPTBot/1.2; +https://openai.com/gptbot)"
20.171.207.26 - - [20/Jul/2025:18:03:04 +0000] "GET /detail/1283722033 HTTP/1.1" 404 16430 "-" "Mozilla/5.0 AppleWebKit/537.36 (KHTML, like Gecko; compatible; GPTBot/1.2; +https://openai.com/gptbot)"
43.130.110.130 - - [20/Jul/2025:18:03:04 +0000] "GET / HTTP/1.1" 301 - "-" "Mozilla/5.0 (iPhone; CPU iPhone OS 13_2_3 like Mac OS X) AppleWebKit/605.1.15 (KHTML, like Gecko) Version/13.0.3 Mobile/15E148 Safari/604.1"
20.171.207.26 - - [20/Jul/2025:18:03:06 +0000] "GET /detail/1283717387 HTTP/1.1" 404 16430 "-" "Mozilla/5.0 AppleWebKit/537.36 (KHTML, like Gecko; compatible; GPTBot/1.2; +https://openai.com/gptbot)"
20.171.207.26 - - [20/Jul/2025:18:03:09 +0000] "GET /detail/1283515611 HTTP/1.1" 404 16430 "-" "Mozilla/5.0 AppleWebKit/537.36 (KHTML, like Gecko; compatible; GPTBot/1.2; +https://openai.com/gptbot)"
20.171.207.26 - - [20/Jul/2025:18:03:12 +0000] "GET /detail/1283713210 HTTP/1.1" 404 16430 "-" "Mozilla/5.0 AppleWebKit/537.36 (KHTML, like Gecko; compatible; GPTBot/1.2; +https://openai.com/gptbot)"
20.171.207.26 - - [20/Jul/2025:18:03:15 +0000] "GET /detail/1283528817 HTTP/1.1" 404 16430 "-" "Mozilla/5.0 AppleWebKit/537.36 (KHTML, like Gecko; compatible; GPTBot/1.2; +https://openai.com/gptbot)"
20.171.207.26 - - [20/Jul/2025:18:03:18 +0000] "GET /detail/1283983628 HTTP/1.1" 404 16430 "-" "Mozilla/5.0 AppleWebKit/537.36 (KHTML, like Gecko; compatible; GPTBot/1.2; +https://openai.com/gptbot)"
20.171.207.26 - - [20/Jul/2025:18:03:20 +0000] "GET /detail/1283862829 HTTP/1.1" 404 16430 "-" "Mozilla/5.0 AppleWebKit/537.36 (KHTML, like Gecko; compatible; GPTBot/1.2; +https://openai.com/gptbot)"
20.171.207.26 - - [20/Jul/2025:18:03:23 +0000] "GET /detail/1283651131 HTTP/1.1" 404 16430 "-" "Mozilla/5.0 AppleWebKit/537.36 (KHTML, like Gecko; compatible; GPTBot/1.2; +https://openai.com/gptbot)"
20.171.207.26 - - [20/Jul/2025:18:03:26 +0000] "GET /detail/1283826881 HTTP/1.1" 404 16430 "-" "Mozilla/5.0 AppleWebKit/537.36 (KHTML, like Gecko; compatible; GPTBot/1.2; +https://openai.com/gptbot)"
20.171.207.26 - - [20/Jul/2025:18:03:29 +0000] "GET /detail/1283893903 HTTP/1.1" 404 16430 "-" "Mozilla/5.0 AppleWebKit/537.36 (KHTML, like Gecko; compatible; GPTBot/1.2; +https://openai.com/gptbot)"
20.171.207.26 - - [20/Jul/2025:18:03:32 +0000] "GET /detail/1283758255 HTTP/1.1" 404 16430 "-" "Mozilla/5.0 AppleWebKit/537.36 (KHTML, like Gecko; compatible; GPTBot/1.2; +https://openai.com/gptbot)"
20.171.207.26 - - [20/Jul/2025:18:03:34 +0000] "GET /detail/1283881915 HTTP/1.1" 404 16430 "-" "Mozilla/5.0 AppleWebKit/537.36 (KHTML, like Gecko; compatible; GPTBot/1.2; +https://openai.com/gptbot)"
2a03:2880:f800:3:: - - [20/Jul/2025:18:03:36 +0000] "GET /detail/466684946 HTTP/1.1" 404 16429 "-" "meta-externalagent/1.1 (+https://developers.facebook.com/docs/sharing/webmasters/crawler)"
20.171.207.26 - - [20/Jul/2025:18:03:37 +0000] "GET /detail/1283535885 HTTP/1.1" 404 16430 "-" "Mozilla/5.0 AppleWebKit/537.36 (KHTML, like Gecko; compatible; GPTBot/1.2; +https://openai.com/gptbot)"
20.171.207.26 - - [20/Jul/2025:18:03:40 +0000] "GET /detail/1283844340 HTTP/1.1" 404 16430 "-" "Mozilla/5.0 AppleWebKit/537.36 (KHTML, like Gecko; compatible; GPTBot/1.2; +https://openai.com/gptbot)"
20.171.207.26 - - [20/Jul/2025:18:03:43 +0000] "GET /detail/1283831543 HTTP/1.1" 404 16430 "-" "Mozilla/5.0 AppleWebKit/537.36 (KHTML, like Gecko; compatible; GPTBot/1.2; +https://openai.com/gptbot)"
20.171.207.26 - - [20/Jul/2025:18:03:46 +0000] "GET /detail/1283711361 HTTP/1.1" 404 16430 "-" "Mozilla/5.0 AppleWebKit/537.36 (KHTML, like Gecko; compatible; GPTBot/1.2; +https://openai.com/gptbot)"
20.171.207.26 - - [20/Jul/2025:18:03:49 +0000] "GET /detail/1283864468 HTTP/1.1" 404 16430 "-" "Mozilla/5.0 AppleWebKit/537.36 (KHTML, like Gecko; compatible; GPTBot/1.2; +https://openai.com/gptbot)"
20.171.207.26 - - [20/Jul/2025:18:03:52 +0000] "GET /detail/1283922310 HTTP/1.1" 404 16430 "-" "Mozilla/5.0 AppleWebKit/537.36 (KHTML, like Gecko; compatible; GPTBot/1.2; +https://openai.com/gptbot)"
20.171.207.26 - - [20/Jul/2025:18:03:54 +0000] "GET /detail/1283636282 HTTP/1.1" 404 16430 "-" "Mozilla/5.0 AppleWebKit/537.36 (KHTML, like Gecko; compatible; GPTBot/1.2; +https://openai.com/gptbot)"
20.171.207.26 - - [20/Jul/2025:18:03:57 +0000] "GET /detail/1283713747 HTTP/1.1" 404 16430 "-" "Mozilla/5.0 AppleWebKit/537.36 (KHTML, like Gecko; compatible; GPTBot/1.2; +https://openai.com/gptbot)"
209.74.77.214 - - [20/Jul/2025:18:04:01 +0000] "POST /wp-cron.php?doing_wp_cron=1753034641.0746629238128662109375 HTTP/1.1" 200 - "-" "WordPress/6.8.2; https://kelaby.company"
20.171.207.26 - - [20/Jul/2025:18:04:00 +0000] "GET /detail/1283831134 HTTP/1.1" 404 16428 "-" "Mozilla/5.0 AppleWebKit/537.36 (KHTML, like Gecko; compatible; GPTBot/1.2; +https://openai.com/gptbot)"
20.171.207.26 - - [20/Jul/2025:18:04:03 +0000] "GET /detail/1283784112 HTTP/1.1" 404 16428 "-" "Mozilla/5.0 AppleWebKit/537.36 (KHTML, like Gecko; compatible; GPTBot/1.2; +https://openai.com/gptbot)"
20.171.207.26 - - [20/Jul/2025:18:04:06 +0000] "GET /detail/1283781852 HTTP/1.1" 404 16429 "-" "Mozilla/5.0 AppleWebKit/537.36 (KHTML, like Gecko; compatible; GPTBot/1.2; +https://openai.com/gptbot)"
20.171.207.26 - - [20/Jul/2025:18:04:09 +0000] "GET /detail/1283969188 HTTP/1.1" 404 16429 "-" "Mozilla/5.0 AppleWebKit/537.36 (KHTML, like Gecko; compatible; GPTBot/1.2; +https://openai.com/gptbot)"
20.171.207.26 - - [20/Jul/2025:18:04:12 +0000] "GET /detail/1283758788 HTTP/1.1" 404 16429 "-" "Mozilla/5.0 AppleWebKit/537.36 (KHTML, like Gecko; compatible; GPTBot/1.2; +https://openai.com/gptbot)"
20.171.207.26 - - [20/Jul/2025:18:04:15 +0000] "GET /detail/1283531221 HTTP/1.1" 404 16430 "-" "Mozilla/5.0 AppleWebKit/537.36 (KHTML, like Gecko; compatible; GPTBot/1.2; +https://openai.com/gptbot)"
20.171.207.26 - - [20/Jul/2025:18:04:17 +0000] "GET /detail/1283897799 HTTP/1.1" 404 16429 "-" "Mozilla/5.0 AppleWebKit/537.36 (KHTML, like Gecko; compatible; GPTBot/1.2; +https://openai.com/gptbot)"
20.171.207.26 - - [20/Jul/2025:18:04:20 +0000] "GET /detail/1283641821 HTTP/1.1" 404 16429 "-" "Mozilla/5.0 AppleWebKit/537.36 (KHTML, like Gecko; compatible; GPTBot/1.2; +https://openai.com/gptbot)"
20.171.207.26 - - [20/Jul/2025:18:04:23 +0000] "GET /detail/1283626616 HTTP/1.1" 404 16429 "-" "Mozilla/5.0 AppleWebKit/537.36 (KHTML, like Gecko; compatible; GPTBot/1.2; +https://openai.com/gptbot)"
20.171.207.26 - - [20/Jul/2025:18:04:26 +0000] "GET /detail/1283550115 HTTP/1.1" 404 16429 "-" "Mozilla/5.0 AppleWebKit/537.36 (KHTML, like Gecko; compatible; GPTBot/1.2; +https://openai.com/gptbot)"
20.171.207.26 - - [20/Jul/2025:18:04:29 +0000] "GET /detail/1283723818 HTTP/1.1" 404 16429 "-" "Mozilla/5.0 AppleWebKit/537.36 (KHTML, like Gecko; compatible; GPTBot/1.2; +https://openai.com/gptbot)"
20.171.207.26 - - [20/Jul/2025:18:04:32 +0000] "GET /detail/1283837553 HTTP/1.1" 404 16429 "-" "Mozilla/5.0 AppleWebKit/537.36 (KHTML, like Gecko; compatible; GPTBot/1.2; +https://openai.com/gptbot)"
20.171.207.26 - - [20/Jul/2025:18:04:35 +0000] "GET /detail/1283886426 HTTP/1.1" 404 16430 "-" "Mozilla/5.0 AppleWebKit/537.36 (KHTML, like Gecko; compatible; GPTBot/1.2; +https://openai.com/gptbot)"
20.171.207.26 - - [20/Jul/2025:18:04:37 +0000] "GET /detail/1283972323 HTTP/1.1" 404 16429 "-" "Mozilla/5.0 AppleWebKit/537.36 (KHTML, like Gecko; compatible; GPTBot/1.2; +https://openai.com/gptbot)"
20.171.207.26 - - [20/Jul/2025:18:04:40 +0000] "GET /detail/1283589813 HTTP/1.1" 404 16429 "-" "Mozilla/5.0 AppleWebKit/537.36 (KHTML, like Gecko; compatible; GPTBot/1.2; +https://openai.com/gptbot)"
20.171.207.26 - - [20/Jul/2025:18:04:43 +0000] "GET /detail/1283618839 HTTP/1.1" 404 16429 "-" "Mozilla/5.0 AppleWebKit/537.36 (KHTML, like Gecko; compatible; GPTBot/1.2; +https://openai.com/gptbot)"
20.171.207.26 - - [20/Jul/2025:18:04:46 +0000] "GET /detail/1284046116 HTTP/1.1" 404 16429 "-" "Mozilla/5.0 AppleWebKit/537.36 (KHTML, like Gecko; compatible; GPTBot/1.2; +https://openai.com/gptbot)"
20.171.207.26 - - [20/Jul/2025:18:04:49 +0000] "GET /detail/1283848858 HTTP/1.1" 404 16429 "-" "Mozilla/5.0 AppleWebKit/537.36 (KHTML, like Gecko; compatible; GPTBot/1.2; +https://openai.com/gptbot)"
20.171.207.26 - - [20/Jul/2025:18:04:52 +0000] "GET /detail/1283985399 HTTP/1.1" 404 16429 "-" "Mozilla/5.0 AppleWebKit/537.36 (KHTML, like Gecko; compatible; GPTBot/1.2; +https://openai.com/gptbot)"
20.171.207.26 - - [20/Jul/2025:18:04:55 +0000] "GET /detail/1283525682 HTTP/1.1" 404 16429 "-" "Mozilla/5.0 AppleWebKit/537.36 (KHTML, like Gecko; compatible; GPTBot/1.2; +https://openai.com/gptbot)"
20.171.207.26 - - [20/Jul/2025:18:04:57 +0000] "GET /detail/1283835183 HTTP/1.1" 404 16429 "-" "Mozilla/5.0 AppleWebKit/537.36 (KHTML, like Gecko; compatible; GPTBot/1.2; +https://openai.com/gptbot)"
20.171.207.26 - - [20/Jul/2025:18:05:00 +0000] "GET /detail/1284001608 HTTP/1.1" 404 16429 "-" "Mozilla/5.0 AppleWebKit/537.36 (KHTML, like Gecko; compatible; GPTBot/1.2; +https://openai.com/gptbot)"
20.171.207.26 - - [20/Jul/2025:18:05:03 +0000] "GET /detail/1283882189 HTTP/1.1" 404 16429 "-" "Mozilla/5.0 AppleWebKit/537.36 (KHTML, like Gecko; compatible; GPTBot/1.2; +https://openai.com/gptbot)"
20.171.207.26 - - [20/Jul/2025:18:05:06 +0000] "GET /detail/1283681860 HTTP/1.1" 404 16430 "-" "Mozilla/5.0 AppleWebKit/537.36 (KHTML, like Gecko; compatible; GPTBot/1.2; +https://openai.com/gptbot)"
20.171.207.26 - - [20/Jul/2025:18:05:09 +0000] "GET /detail/1283868855 HTTP/1.1" 404 16430 "-" "Mozilla/5.0 AppleWebKit/537.36 (KHTML, like Gecko; compatible; GPTBot/1.2; +https://openai.com/gptbot)"
20.171.207.26 - - [20/Jul/2025:18:05:12 +0000] "GET /detail/1283553865 HTTP/1.1" 404 16430 "-" "Mozilla/5.0 AppleWebKit/537.36 (KHTML, like Gecko; compatible; GPTBot/1.2; +https://openai.com/gptbot)"
20.171.207.26 - - [20/Jul/2025:18:05:14 +0000] "GET /detail/1283719172 HTTP/1.1" 404 16430 "-" "Mozilla/5.0 AppleWebKit/537.36 (KHTML, like Gecko; compatible; GPTBot/1.2; +https://openai.com/gptbot)"
20.171.207.26 - - [20/Jul/2025:18:05:17 +0000] "GET /detail/1283873028 HTTP/1.1" 404 16430 "-" "Mozilla/5.0 AppleWebKit/537.36 (KHTML, like Gecko; compatible; GPTBot/1.2; +https://openai.com/gptbot)"
20.171.207.26 - - [20/Jul/2025:18:05:20 +0000] "GET /detail/1283892861 HTTP/1.1" 404 16429 "-" "Mozilla/5.0 AppleWebKit/537.36 (KHTML, like Gecko; compatible; GPTBot/1.2; +https://openai.com/gptbot)"
20.171.207.26 - - [20/Jul/2025:18:05:23 +0000] "GET /detail/1283761667 HTTP/1.1" 404 16430 "-" "Mozilla/5.0 AppleWebKit/537.36 (KHTML, like Gecko; compatible; GPTBot/1.2; +https://openai.com/gptbot)"
20.171.207.26 - - [20/Jul/2025:18:05:26 +0000] "GET /detail/1283722307 HTTP/1.1" 404 16430 "-" "Mozilla/5.0 AppleWebKit/537.36 (KHTML, like Gecko; compatible; GPTBot/1.2; +https://openai.com/gptbot)"
20.171.207.26 - - [20/Jul/2025:18:05:29 +0000] "GET /detail/1283891008 HTTP/1.1" 404 16429 "-" "Mozilla/5.0 AppleWebKit/537.36 (KHTML, like Gecko; compatible; GPTBot/1.2; +https://openai.com/gptbot)"
20.171.207.26 - - [20/Jul/2025:18:05:32 +0000] "GET /detail/1283869388 HTTP/1.1" 404 16429 "-" "Mozilla/5.0 AppleWebKit/537.36 (KHTML, like Gecko; compatible; GPTBot/1.2; +https://openai.com/gptbot)"
20.171.207.26 - - [20/Jul/2025:18:05:35 +0000] "GET /detail/1283827987 HTTP/1.1" 404 16430 "-" "Mozilla/5.0 AppleWebKit/537.36 (KHTML, like Gecko; compatible; GPTBot/1.2; +https://openai.com/gptbot)"
20.171.207.26 - - [20/Jul/2025:18:05:37 +0000] "GET /detail/1283698898 HTTP/1.1" 404 16430 "-" "Mozilla/5.0 AppleWebKit/537.36 (KHTML, like Gecko; compatible; GPTBot/1.2; +https://openai.com/gptbot)"
20.171.207.26 - - [20/Jul/2025:18:05:40 +0000] "GET /detail/1284008804 HTTP/1.1" 404 16430 "-" "Mozilla/5.0 AppleWebKit/537.36 (KHTML, like Gecko; compatible; GPTBot/1.2; +https://openai.com/gptbot)"
20.171.207.26 - - [20/Jul/2025:18:05:43 +0000] "GET /detail/1283628423 HTTP/1.1" 404 16430 "-" "Mozilla/5.0 AppleWebKit/537.36 (KHTML, like Gecko; compatible; GPTBot/1.2; +https://openai.com/gptbot)"
20.171.207.26 - - [20/Jul/2025:18:05:46 +0000] "GET /detail/1283998196 HTTP/1.1" 404 16430 "-" "Mozilla/5.0 AppleWebKit/537.36 (KHTML, like Gecko; compatible; GPTBot/1.2; +https://openai.com/gptbot)"
20.171.207.26 - - [20/Jul/2025:18:05:49 +0000] "GET /detail/1283995598 HTTP/1.1" 404 16430 "-" "Mozilla/5.0 AppleWebKit/537.36 (KHTML, like Gecko; compatible; GPTBot/1.2; +https://openai.com/gptbot)"
20.171.207.26 - - [20/Jul/2025:18:05:52 +0000] "GET /detail/1283682966 HTTP/1.1" 404 16429 "-" "Mozilla/5.0 AppleWebKit/537.36 (KHTML, like Gecko; compatible; GPTBot/1.2; +https://openai.com/gptbot)"
20.171.207.26 - - [20/Jul/2025:18:05:54 +0000] "GET /detail/1283771315 HTTP/1.1" 404 16430 "-" "Mozilla/5.0 AppleWebKit/537.36 (KHTML, like Gecko; compatible; GPTBot/1.2; +https://openai.com/gptbot)"
20.171.207.26 - - [20/Jul/2025:18:05:57 +0000] "GET /detail/1284014409 HTTP/1.1" 404 16430 "-" "Mozilla/5.0 AppleWebKit/537.36 (KHTML, like Gecko; compatible; GPTBot/1.2; +https://openai.com/gptbot)"
20.171.207.26 - - [20/Jul/2025:18:06:00 +0000] "GET /detail/1283608636 HTTP/1.1" 404 16429 "-" "Mozilla/5.0 AppleWebKit/537.36 (KHTML, like Gecko; compatible; GPTBot/1.2; +https://openai.com/gptbot)"
20.171.207.26 - - [20/Jul/2025:18:06:03 +0000] "GET /detail/1283727714 HTTP/1.1" 404 16430 "-" "Mozilla/5.0 AppleWebKit/537.36 (KHTML, like Gecko; compatible; GPTBot/1.2; +https://openai.com/gptbot)"
2a03:2880:f800:e:: - - [20/Jul/2025:18:06:04 +0000] "GET /detail/466666123 HTTP/1.1" 404 16430 "-" "meta-externalagent/1.1 (+https://developers.facebook.com/docs/sharing/webmasters/crawler)"
20.171.207.26 - - [20/Jul/2025:18:06:06 +0000] "GET /detail/1284048081 HTTP/1.1" 404 16429 "-" "Mozilla/5.0 AppleWebKit/537.36 (KHTML, like Gecko; compatible; GPTBot/1.2; +https://openai.com/gptbot)"
20.171.207.26 - - [20/Jul/2025:18:06:09 +0000] "GET /detail/1283782261 HTTP/1.1" 404 16430 "-" "Mozilla/5.0 AppleWebKit/537.36 (KHTML, like Gecko; compatible; GPTBot/1.2; +https://openai.com/gptbot)"
20.171.207.26 - - [20/Jul/2025:18:06:12 +0000] "GET /detail/1283825108 HTTP/1.1" 404 16430 "-" "Mozilla/5.0 AppleWebKit/537.36 (KHTML, like Gecko; compatible; GPTBot/1.2; +https://openai.com/gptbot)"
20.171.207.26 - - [20/Jul/2025:18:06:14 +0000] "GET /detail/1283884998 HTTP/1.1" 404 16430 "-" "Mozilla/5.0 AppleWebKit/537.36 (KHTML, like Gecko; compatible; GPTBot/1.2; +https://openai.com/gptbot)"
20.171.207.26 - - [20/Jul/2025:18:06:17 +0000] "GET /detail/1283992789 HTTP/1.1" 404 16430 "-" "Mozilla/5.0 AppleWebKit/537.36 (KHTML, like Gecko; compatible; GPTBot/1.2; +https://openai.com/gptbot)"
20.171.207.26 - - [20/Jul/2025:18:06:20 +0000] "GET /detail/1283932982 HTTP/1.1" 404 16429 "-" "Mozilla/5.0 AppleWebKit/537.36 (KHTML, like Gecko; compatible; GPTBot/1.2; +https://openai.com/gptbot)"
20.171.207.26 - - [20/Jul/2025:18:06:23 +0000] "GET /detail/1283853163 HTTP/1.1" 404 16430 "-" "Mozilla/5.0 AppleWebKit/537.36 (KHTML, like Gecko; compatible; GPTBot/1.2; +https://openai.com/gptbot)"
20.171.207.26 - - [20/Jul/2025:18:06:25 +0000] "GET /detail/1283872267 HTTP/1.1" 404 16430 "-" "Mozilla/5.0 AppleWebKit/537.36 (KHTML, like Gecko; compatible; GPTBot/1.2; +https://openai.com/gptbot)"
20.171.207.26 - - [20/Jul/2025:18:06:28 +0000] "GET /detail/1284010232 HTTP/1.1" 404 16429 "-" "Mozilla/5.0 AppleWebKit/537.36 (KHTML, like Gecko; compatible; GPTBot/1.2; +https://openai.com/gptbot)"
20.171.207.26 - - [20/Jul/2025:18:06:31 +0000] "GET /detail/1283834418 HTTP/1.1" 404 16430 "-" "Mozilla/5.0 AppleWebKit/537.36 (KHTML, like Gecko; compatible; GPTBot/1.2; +https://openai.com/gptbot)"
20.171.207.26 - - [20/Jul/2025:18:06:34 +0000] "GET /detail/1283563531 HTTP/1.1" 404 16430 "-" "Mozilla/5.0 AppleWebKit/537.36 (KHTML, like Gecko; compatible; GPTBot/1.2; +https://openai.com/gptbot)"
20.171.207.26 - - [20/Jul/2025:18:06:37 +0000] "GET /detail/1283820871 HTTP/1.1" 404 16430 "-" "Mozilla/5.0 AppleWebKit/537.36 (KHTML, like Gecko; compatible; GPTBot/1.2; +https://openai.com/gptbot)"
20.171.207.26 - - [20/Jul/2025:18:06:40 +0000] "GET /detail/1284023244 HTTP/1.1" 404 16430 "-" "Mozilla/5.0 AppleWebKit/537.36 (KHTML, like Gecko; compatible; GPTBot/1.2; +https://openai.com/gptbot)"
20.171.207.26 - - [20/Jul/2025:18:06:42 +0000] "GET /detail/1283815186 HTTP/1.1" 404 16430 "-" "Mozilla/5.0 AppleWebKit/537.36 (KHTML, like Gecko; compatible; GPTBot/1.2; +https://openai.com/gptbot)"
20.171.207.26 - - [20/Jul/2025:18:06:45 +0000] "GET /detail/1284022711 HTTP/1.1" 404 16430 "-" "Mozilla/5.0 AppleWebKit/537.36 (KHTML, like Gecko; compatible; GPTBot/1.2; +https://openai.com/gptbot)"
20.171.207.26 - - [20/Jul/2025:18:06:48 +0000] "GET /detail/1283661330 HTTP/1.1" 404 16430 "-" "Mozilla/5.0 AppleWebKit/537.36 (KHTML, like Gecko; compatible; GPTBot/1.2; +https://openai.com/gptbot)"
20.171.207.26 - - [20/Jul/2025:18:06:51 +0000] "GET /detail/1284024480 HTTP/1.1" 404 16430 "-" "Mozilla/5.0 AppleWebKit/537.36 (KHTML, like Gecko; compatible; GPTBot/1.2; +https://openai.com/gptbot)"
20.171.207.26 - - [20/Jul/2025:18:06:53 +0000] "GET /detail/1283883700 HTTP/1.1" 404 16430 "-" "Mozilla/5.0 AppleWebKit/537.36 (KHTML, like Gecko; compatible; GPTBot/1.2; +https://openai.com/gptbot)"
20.171.207.26 - - [20/Jul/2025:18:06:56 +0000] "GET /detail/1283563513 HTTP/1.1" 404 16430 "-" "Mozilla/5.0 AppleWebKit/537.36 (KHTML, like Gecko; compatible; GPTBot/1.2; +https://openai.com/gptbot)"
20.171.207.26 - - [20/Jul/2025:18:06:59 +0000] "GET /detail/1283613218 HTTP/1.1" 404 16429 "-" "Mozilla/5.0 AppleWebKit/537.36 (KHTML, like Gecko; compatible; GPTBot/1.2; +https://openai.com/gptbot)"
209.74.77.214 - - [20/Jul/2025:18:07:02 +0000] "POST /wp-cron.php?doing_wp_cron=1753034822.7822918891906738281250 HTTP/1.1" 200 - "-" "WordPress/6.8.2; https://kelaby.company"
20.171.207.26 - - [20/Jul/2025:18:07:02 +0000] "GET /detail/1283517887 HTTP/1.1" 404 16430 "-" "Mozilla/5.0 AppleWebKit/537.36 (KHTML, like Gecko; compatible; GPTBot/1.2; +https://openai.com/gptbot)"
20.171.207.26 - - [20/Jul/2025:18:07:05 +0000] "GET /detail/1283812311 HTTP/1.1" 404 16430 "-" "Mozilla/5.0 AppleWebKit/537.36 (KHTML, like Gecko; compatible; GPTBot/1.2; +https://openai.com/gptbot)"
20.171.207.26 - - [20/Jul/2025:18:07:08 +0000] "GET /detail/1283928921 HTTP/1.1" 404 16429 "-" "Mozilla/5.0 AppleWebKit/537.36 (KHTML, like Gecko; compatible; GPTBot/1.2; +https://openai.com/gptbot)"
20.171.207.26 - - [20/Jul/2025:18:07:11 +0000] "GET /detail/1283723413 HTTP/1.1" 404 16430 "-" "Mozilla/5.0 AppleWebKit/537.36 (KHTML, like Gecko; compatible; GPTBot/1.2; +https://openai.com/gptbot)"
20.171.207.26 - - [20/Jul/2025:18:07:14 +0000] "GET /detail/1283665635 HTTP/1.1" 404 16430 "-" "Mozilla/5.0 AppleWebKit/537.36 (KHTML, like Gecko; compatible; GPTBot/1.2; +https://openai.com/gptbot)"
20.171.207.26 - - [20/Jul/2025:18:07:16 +0000] "GET /detail/1283686862 HTTP/1.1" 404 16429 "-" "Mozilla/5.0 AppleWebKit/537.36 (KHTML, like Gecko; compatible; GPTBot/1.2; +https://openai.com/gptbot)"
20.171.207.26 - - [20/Jul/2025:18:07:19 +0000] "GET /detail/1283928320 HTTP/1.1" 404 16430 "-" "Mozilla/5.0 AppleWebKit/537.36 (KHTML, like Gecko; compatible; GPTBot/1.2; +https://openai.com/gptbot)"
20.171.207.26 - - [20/Jul/2025:18:07:22 +0000] "GET /detail/1283688361 HTTP/1.1" 404 16429 "-" "Mozilla/5.0 AppleWebKit/537.36 (KHTML, like Gecko; compatible; GPTBot/1.2; +https://openai.com/gptbot)"
20.171.207.26 - - [20/Jul/2025:18:07:25 +0000] "GET /detail/1283822382 HTTP/1.1" 404 16429 "-" "Mozilla/5.0 AppleWebKit/537.36 (KHTML, like Gecko; compatible; GPTBot/1.2; +https://openai.com/gptbot)"
20.171.207.26 - - [20/Jul/2025:18:07:28 +0000] "GET /detail/1283838595 HTTP/1.1" 404 16430 "-" "Mozilla/5.0 AppleWebKit/537.36 (KHTML, like Gecko; compatible; GPTBot/1.2; +https://openai.com/gptbot)"
20.171.207.26 - - [20/Jul/2025:18:07:31 +0000] "GET /detail/1284043840 HTTP/1.1" 404 16430 "-" "Mozilla/5.0 AppleWebKit/537.36 (KHTML, like Gecko; compatible; GPTBot/1.2; +https://openai.com/gptbot)"
20.171.207.26 - - [20/Jul/2025:18:07:34 +0000] "GET /detail/1283612813 HTTP/1.1" 404 16430 "-" "Mozilla/5.0 AppleWebKit/537.36 (KHTML, like Gecko; compatible; GPTBot/1.2; +https://openai.com/gptbot)"
20.171.207.26 - - [20/Jul/2025:18:07:36 +0000] "GET /detail/1283653535 HTTP/1.1" 404 16430 "-" "Mozilla/5.0 AppleWebKit/537.36 (KHTML, like Gecko; compatible; GPTBot/1.2; +https://openai.com/gptbot)"
20.171.207.26 - - [20/Jul/2025:18:07:39 +0000] "GET /detail/1284020840 HTTP/1.1" 404 16429 "-" "Mozilla/5.0 AppleWebKit/537.36 (KHTML, like Gecko; compatible; GPTBot/1.2; +https://openai.com/gptbot)"
20.171.207.26 - - [20/Jul/2025:18:07:42 +0000] "GET /detail/1283821212 HTTP/1.1" 404 16430 "-" "Mozilla/5.0 AppleWebKit/537.36 (KHTML, like Gecko; compatible; GPTBot/1.2; +https://openai.com/gptbot)"
20.171.207.26 - - [20/Jul/2025:18:07:45 +0000] "GET /detail/1283842832 HTTP/1.1" 404 16430 "-" "Mozilla/5.0 AppleWebKit/537.36 (KHTML, like Gecko; compatible; GPTBot/1.2; +https://openai.com/gptbot)"
20.171.207.26 - - [20/Jul/2025:18:07:48 +0000] "GET /detail/1283828392 HTTP/1.1" 404 16430 "-" "Mozilla/5.0 AppleWebKit/537.36 (KHTML, like Gecko; compatible; GPTBot/1.2; +https://openai.com/gptbot)"
20.171.207.26 - - [20/Jul/2025:18:07:50 +0000] "GET /detail/1283838314 HTTP/1.1" 404 16430 "-" "Mozilla/5.0 AppleWebKit/537.36 (KHTML, like Gecko; compatible; GPTBot/1.2; +https://openai.com/gptbot)"
20.171.207.26 - - [20/Jul/2025:18:07:53 +0000] "GET /detail/1283988548 HTTP/1.1" 404 16430 "-" "Mozilla/5.0 AppleWebKit/537.36 (KHTML, like Gecko; compatible; GPTBot/1.2; +https://openai.com/gptbot)"
20.171.207.26 - - [20/Jul/2025:18:07:56 +0000] "GET /detail/1283672422 HTTP/1.1" 404 16430 "-" "Mozilla/5.0 AppleWebKit/537.36 (KHTML, like Gecko; compatible; GPTBot/1.2; +https://openai.com/gptbot)"
20.171.207.26 - - [20/Jul/2025:18:07:59 +0000] "GET /detail/1283844621 HTTP/1.1" 404 16431 "-" "Mozilla/5.0 AppleWebKit/537.36 (KHTML, like Gecko; compatible; GPTBot/1.2; +https://openai.com/gptbot)"
20.171.207.26 - - [20/Jul/2025:18:08:02 +0000] "GET /detail/1283942143 HTTP/1.1" 404 16430 "-" "Mozilla/5.0 AppleWebKit/537.36 (KHTML, like Gecko; compatible; GPTBot/1.2; +https://openai.com/gptbot)"
20.171.207.26 - - [20/Jul/2025:18:08:04 +0000] "GET /detail/1283854543 HTTP/1.1" 404 16430 "-" "Mozilla/5.0 AppleWebKit/537.36 (KHTML, like Gecko; compatible; GPTBot/1.2; +https://openai.com/gptbot)"
20.171.207.26 - - [20/Jul/2025:18:08:07 +0000] "GET /detail/1283864614 HTTP/1.1" 404 16429 "-" "Mozilla/5.0 AppleWebKit/537.36 (KHTML, like Gecko; compatible; GPTBot/1.2; +https://openai.com/gptbot)"
20.171.207.26 - - [20/Jul/2025:18:08:10 +0000] "GET /detail/1283602610 HTTP/1.1" 404 16430 "-" "Mozilla/5.0 AppleWebKit/537.36 (KHTML, like Gecko; compatible; GPTBot/1.2; +https://openai.com/gptbot)"
20.171.207.26 - - [20/Jul/2025:18:08:13 +0000] "GET /detail/1283917372 HTTP/1.1" 404 16430 "-" "Mozilla/5.0 AppleWebKit/537.36 (KHTML, like Gecko; compatible; GPTBot/1.2; +https://openai.com/gptbot)"
20.171.207.26 - - [20/Jul/2025:18:08:16 +0000] "GET /detail/1283791927 HTTP/1.1" 404 16430 "-" "Mozilla/5.0 AppleWebKit/537.36 (KHTML, like Gecko; compatible; GPTBot/1.2; +https://openai.com/gptbot)"
20.171.207.26 - - [20/Jul/2025:18:08:19 +0000] "GET /detail/1283800341 HTTP/1.1" 404 16430 "-" "Mozilla/5.0 AppleWebKit/537.36 (KHTML, like Gecko; compatible; GPTBot/1.2; +https://openai.com/gptbot)"
20.171.207.26 - - [20/Jul/2025:18:08:21 +0000] "GET /detail/1284002714 HTTP/1.1" 404 16430 "-" "Mozilla/5.0 AppleWebKit/537.36 (KHTML, like Gecko; compatible; GPTBot/1.2; +https://openai.com/gptbot)"
20.171.207.26 - - [20/Jul/2025:18:08:24 +0000] "GET /detail/1283682673 HTTP/1.1" 404 16430 "-" "Mozilla/5.0 AppleWebKit/537.36 (KHTML, like Gecko; compatible; GPTBot/1.2; +https://openai.com/gptbot)"
20.171.207.26 - - [20/Jul/2025:18:08:27 +0000] "GET /detail/1283581527 HTTP/1.1" 404 16430 "-" "Mozilla/5.0 AppleWebKit/537.36 (KHTML, like Gecko; compatible; GPTBot/1.2; +https://openai.com/gptbot)"
20.171.207.26 - - [20/Jul/2025:18:08:30 +0000] "GET /detail/1283573712 HTTP/1.1" 404 16430 "-" "Mozilla/5.0 AppleWebKit/537.36 (KHTML, like Gecko; compatible; GPTBot/1.2; +https://openai.com/gptbot)"
20.171.207.26 - - [20/Jul/2025:18:08:33 +0000] "GET /detail/1283958352 HTTP/1.1" 404 16430 "-" "Mozilla/5.0 AppleWebKit/537.36 (KHTML, like Gecko; compatible; GPTBot/1.2; +https://openai.com/gptbot)"
20.171.207.26 - - [20/Jul/2025:18:08:36 +0000] "GET /detail/1283636819 HTTP/1.1" 404 16430 "-" "Mozilla/5.0 AppleWebKit/537.36 (KHTML, like Gecko; compatible; GPTBot/1.2; +https://openai.com/gptbot)"
20.171.207.26 - - [20/Jul/2025:18:08:38 +0000] "GET /detail/1283716638 HTTP/1.1" 404 16430 "-" "Mozilla/5.0 AppleWebKit/537.36 (KHTML, like Gecko; compatible; GPTBot/1.2; +https://openai.com/gptbot)"
20.171.207.26 - - [20/Jul/2025:18:08:41 +0000] "GET /detail/1283684312 HTTP/1.1" 404 16429 "-" "Mozilla/5.0 AppleWebKit/537.36 (KHTML, like Gecko; compatible; GPTBot/1.2; +https://openai.com/gptbot)"
20.171.207.26 - - [20/Jul/2025:18:08:44 +0000] "GET /detail/1283841742 HTTP/1.1" 404 16430 "-" "Mozilla/5.0 AppleWebKit/537.36 (KHTML, like Gecko; compatible; GPTBot/1.2; +https://openai.com/gptbot)"
20.171.207.26 - - [20/Jul/2025:18:08:47 +0000] "GET /detail/1283643268 HTTP/1.1" 404 16430 "-" "Mozilla/5.0 AppleWebKit/537.36 (KHTML, like Gecko; compatible; GPTBot/1.2; +https://openai.com/gptbot)"
20.171.207.26 - - [20/Jul/2025:18:08:50 +0000] "GET /detail/1283847137 HTTP/1.1" 404 16430 "-" "Mozilla/5.0 AppleWebKit/537.36 (KHTML, like Gecko; compatible; GPTBot/1.2; +https://openai.com/gptbot)"
20.171.207.26 - - [20/Jul/2025:18:08:53 +0000] "GET /detail/1283840103 HTTP/1.1" 404 16430 "-" "Mozilla/5.0 AppleWebKit/537.36 (KHTML, like Gecko; compatible; GPTBot/1.2; +https://openai.com/gptbot)"
20.171.207.26 - - [20/Jul/2025:18:08:55 +0000] "GET /detail/1283531626 HTTP/1.1" 404 16430 "-" "Mozilla/5.0 AppleWebKit/537.36 (KHTML, like Gecko; compatible; GPTBot/1.2; +https://openai.com/gptbot)"
20.171.207.26 - - [20/Jul/2025:18:08:58 +0000] "GET /detail/1283627381 HTTP/1.1" 404 16430 "-" "Mozilla/5.0 AppleWebKit/537.36 (KHTML, like Gecko; compatible; GPTBot/1.2; +https://openai.com/gptbot)"
209.74.77.214 - - [20/Jul/2025:18:09:02 +0000] "POST /wp-cron.php?doing_wp_cron=1753034942.0770690441131591796875 HTTP/1.1" 200 - "-" "WordPress/6.8.2; https://kelaby.company"
20.171.207.26 - - [20/Jul/2025:18:09:01 +0000] "GET /detail/1284026461 HTTP/1.1" 404 16429 "-" "Mozilla/5.0 AppleWebKit/537.36 (KHTML, like Gecko; compatible; GPTBot/1.2; +https://openai.com/gptbot)"
20.171.207.26 - - [20/Jul/2025:18:09:04 +0000] "GET /detail/1283687271 HTTP/1.1" 404 16430 "-" "Mozilla/5.0 AppleWebKit/537.36 (KHTML, like Gecko; compatible; GPTBot/1.2; +https://openai.com/gptbot)"
20.171.207.26 - - [20/Jul/2025:18:09:07 +0000] "GET /detail/1283784731 HTTP/1.1" 404 16430 "-" "Mozilla/5.0 AppleWebKit/537.36 (KHTML, like Gecko; compatible; GPTBot/1.2; +https://openai.com/gptbot)"
20.171.207.26 - - [20/Jul/2025:18:09:10 +0000] "GET /detail/1283837144 HTTP/1.1" 404 16429 "-" "Mozilla/5.0 AppleWebKit/537.36 (KHTML, like Gecko; compatible; GPTBot/1.2; +https://openai.com/gptbot)"
20.171.207.26 - - [20/Jul/2025:18:09:13 +0000] "GET /detail/1283816356 HTTP/1.1" 404 16430 "-" "Mozilla/5.0 AppleWebKit/537.36 (KHTML, like Gecko; compatible; GPTBot/1.2; +https://openai.com/gptbot)"
20.171.207.26 - - [20/Jul/2025:18:09:15 +0000] "GET /detail/1283693281 HTTP/1.1" 404 16430 "-" "Mozilla/5.0 AppleWebKit/537.36 (KHTML, like Gecko; compatible; GPTBot/1.2; +https://openai.com/gptbot)"
20.171.207.26 - - [20/Jul/2025:18:09:18 +0000] "GET /detail/1283773100 HTTP/1.1" 404 16430 "-" "Mozilla/5.0 AppleWebKit/537.36 (KHTML, like Gecko; compatible; GPTBot/1.2; +https://openai.com/gptbot)"
20.171.207.26 - - [20/Jul/2025:18:09:21 +0000] "GET /detail/1283820106 HTTP/1.1" 404 16430 "-" "Mozilla/5.0 AppleWebKit/537.36 (KHTML, like Gecko; compatible; GPTBot/1.2; +https://openai.com/gptbot)"
20.171.207.26 - - [20/Jul/2025:18:09:24 +0000] "GET /detail/1283865215 HTTP/1.1" 404 16430 "-" "Mozilla/5.0 AppleWebKit/537.36 (KHTML, like Gecko; compatible; GPTBot/1.2; +https://openai.com/gptbot)"
20.171.207.26 - - [20/Jul/2025:18:09:27 +0000] "GET /detail/1283899632 HTTP/1.1" 404 16430 "-" "Mozilla/5.0 AppleWebKit/537.36 (KHTML, like Gecko; compatible; GPTBot/1.2; +https://openai.com/gptbot)"
20.171.207.26 - - [20/Jul/2025:18:09:30 +0000] "GET /detail/1284042071 HTTP/1.1" 404 16430 "-" "Mozilla/5.0 AppleWebKit/537.36 (KHTML, like Gecko; compatible; GPTBot/1.2; +https://openai.com/gptbot)"
20.171.207.26 - - [20/Jul/2025:18:09:33 +0000] "GET /detail/1283586513 HTTP/1.1" 404 16430 "-" "Mozilla/5.0 AppleWebKit/537.36 (KHTML, like Gecko; compatible; GPTBot/1.2; +https://openai.com/gptbot)"
20.171.207.26 - - [20/Jul/2025:18:09:36 +0000] "GET /detail/1283851993 HTTP/1.1" 404 16430 "-" "Mozilla/5.0 AppleWebKit/537.36 (KHTML, like Gecko; compatible; GPTBot/1.2; +https://openai.com/gptbot)"
20.171.207.26 - - [20/Jul/2025:18:09:38 +0000] "GET /detail/1283866241 HTTP/1.1" 404 16430 "-" "Mozilla/5.0 AppleWebKit/537.36 (KHTML, like Gecko; compatible; GPTBot/1.2; +https://openai.com/gptbot)"
20.171.207.26 - - [20/Jul/2025:18:09:41 +0000] "GET /detail/1283557505 HTTP/1.1" 404 16430 "-" "Mozilla/5.0 AppleWebKit/537.36 (KHTML, like Gecko; compatible; GPTBot/1.2; +https://openai.com/gptbot)"
20.171.207.26 - - [20/Jul/2025:18:09:44 +0000] "GET /detail/1283825517 HTTP/1.1" 404 16430 "-" "Mozilla/5.0 AppleWebKit/537.36 (KHTML, like Gecko; compatible; GPTBot/1.2; +https://openai.com/gptbot)"
20.171.207.26 - - [20/Jul/2025:18:09:47 +0000] "GET /detail/1284018470 HTTP/1.1" 404 16430 "-" "Mozilla/5.0 AppleWebKit/537.36 (KHTML, like Gecko; compatible; GPTBot/1.2; +https://openai.com/gptbot)"
20.171.207.26 - - [20/Jul/2025:18:09:50 +0000] "GET /detail/1283535266 HTTP/1.1" 404 16429 "-" "Mozilla/5.0 AppleWebKit/537.36 (KHTML, like Gecko; compatible; GPTBot/1.2; +https://openai.com/gptbot)"
20.171.207.26 - - [20/Jul/2025:18:09:53 +0000] "GET /detail/1284014830 HTTP/1.1" 404 16430 "-" "Mozilla/5.0 AppleWebKit/537.36 (KHTML, like Gecko; compatible; GPTBot/1.2; +https://openai.com/gptbot)"
20.171.207.26 - - [20/Jul/2025:18:09:56 +0000] "GET /detail/1283515273 HTTP/1.1" 404 16430 "-" "Mozilla/5.0 AppleWebKit/537.36 (KHTML, like Gecko; compatible; GPTBot/1.2; +https://openai.com/gptbot)"
20.171.207.26 - - [20/Jul/2025:18:09:59 +0000] "GET /detail/1283930091 HTTP/1.1" 404 16430 "-" "Mozilla/5.0 AppleWebKit/537.36 (KHTML, like Gecko; compatible; GPTBot/1.2; +https://openai.com/gptbot)"
209.74.77.214 - - [20/Jul/2025:18:10:02 +0000] "POST /wp-cron.php?doing_wp_cron=1753035002.1854178905487060546875 HTTP/1.1" 200 - "-" "WordPress/6.8.2; https://kelaby.company"
20.171.207.26 - - [20/Jul/2025:18:10:01 +0000] "GET /detail/1283681327 HTTP/1.1" 404 16430 "-" "Mozilla/5.0 AppleWebKit/537.36 (KHTML, like Gecko; compatible; GPTBot/1.2; +https://openai.com/gptbot)"
20.171.207.26 - - [20/Jul/2025:18:10:04 +0000] "GET /detail/1283895395 HTTP/1.1" 404 16429 "-" "Mozilla/5.0 AppleWebKit/537.36 (KHTML, like Gecko; compatible; GPTBot/1.2; +https://openai.com/gptbot)"
20.171.207.26 - - [20/Jul/2025:18:10:07 +0000] "GET /detail/1283860231 HTTP/1.1" 404 16430 "-" "Mozilla/5.0 AppleWebKit/537.36 (KHTML, like Gecko; compatible; GPTBot/1.2; +https://openai.com/gptbot)"
20.171.207.26 - - [20/Jul/2025:18:10:10 +0000] "GET /detail/1283595839 HTTP/1.1" 404 16429 "-" "Mozilla/5.0 AppleWebKit/537.36 (KHTML, like Gecko; compatible; GPTBot/1.2; +https://openai.com/gptbot)"
20.171.207.26 - - [20/Jul/2025:18:10:13 +0000] "GET /detail/1283631899 HTTP/1.1" 404 16429 "-" "Mozilla/5.0 AppleWebKit/537.36 (KHTML, like Gecko; compatible; GPTBot/1.2; +https://openai.com/gptbot)"
20.171.207.26 - - [20/Jul/2025:18:10:15 +0000] "GET /detail/1283948914 HTTP/1.1" 404 16430 "-" "Mozilla/5.0 AppleWebKit/537.36 (KHTML, like Gecko; compatible; GPTBot/1.2; +https://openai.com/gptbot)"
20.171.207.26 - - [20/Jul/2025:18:10:18 +0000] "GET /detail/1283663928 HTTP/1.1" 404 16430 "-" "Mozilla/5.0 AppleWebKit/537.36 (KHTML, like Gecko; compatible; GPTBot/1.2; +https://openai.com/gptbot)"
20.171.207.26 - - [20/Jul/2025:18:10:21 +0000] "GET /detail/1283606038 HTTP/1.1" 404 16429 "-" "Mozilla/5.0 AppleWebKit/537.36 (KHTML, like Gecko; compatible; GPTBot/1.2; +https://openai.com/gptbot)"
20.171.207.26 - - [20/Jul/2025:18:10:24 +0000] "GET /detail/1283592539 HTTP/1.1" 404 16430 "-" "Mozilla/5.0 AppleWebKit/537.36 (KHTML, like Gecko; compatible; GPTBot/1.2; +https://openai.com/gptbot)"
20.171.207.26 - - [20/Jul/2025:18:10:27 +0000] "GET /detail/1283737981 HTTP/1.1" 404 16429 "-" "Mozilla/5.0 AppleWebKit/537.36 (KHTML, like Gecko; compatible; GPTBot/1.2; +https://openai.com/gptbot)"
20.171.207.26 - - [20/Jul/2025:18:10:30 +0000] "GET /detail/1283844002 HTTP/1.1" 404 16430 "-" "Mozilla/5.0 AppleWebKit/537.36 (KHTML, like Gecko; compatible; GPTBot/1.2; +https://openai.com/gptbot)"
20.171.207.26 - - [20/Jul/2025:18:10:33 +0000] "GET /detail/1283518566 HTTP/1.1" 404 16429 "-" "Mozilla/5.0 AppleWebKit/537.36 (KHTML, like Gecko; compatible; GPTBot/1.2; +https://openai.com/gptbot)"
20.171.207.26 - - [20/Jul/2025:18:10:36 +0000] "GET /detail/1283787263 HTTP/1.1" 404 16430 "-" "Mozilla/5.0 AppleWebKit/537.36 (KHTML, like Gecko; compatible; GPTBot/1.2; +https://openai.com/gptbot)"
20.171.207.26 - - [20/Jul/2025:18:10:38 +0000] "GET /detail/1284031043 HTTP/1.1" 404 16430 "-" "Mozilla/5.0 AppleWebKit/537.36 (KHTML, like Gecko; compatible; GPTBot/1.2; +https://openai.com/gptbot)"
20.171.207.26 - - [20/Jul/2025:18:10:41 +0000] "GET /detail/1283529859 HTTP/1.1" 404 16430 "-" "Mozilla/5.0 AppleWebKit/537.36 (KHTML, like Gecko; compatible; GPTBot/1.2; +https://openai.com/gptbot)"
20.171.207.26 - - [20/Jul/2025:18:10:44 +0000] "GET /detail/1283656812 HTTP/1.1" 404 16429 "-" "Mozilla/5.0 AppleWebKit/537.36 (KHTML, like Gecko; compatible; GPTBot/1.2; +https://openai.com/gptbot)"
20.171.207.26 - - [20/Jul/2025:18:10:47 +0000] "GET /detail/1284025081 HTTP/1.1" 404 16429 "-" "Mozilla/5.0 AppleWebKit/537.36 (KHTML, like Gecko; compatible; GPTBot/1.2; +https://openai.com/gptbot)"
20.171.207.26 - - [20/Jul/2025:18:10:50 +0000] "GET /detail/1283899310 HTTP/1.1" 404 16430 "-" "Mozilla/5.0 AppleWebKit/537.36 (KHTML, like Gecko; compatible; GPTBot/1.2; +https://openai.com/gptbot)"
20.171.207.26 - - [20/Jul/2025:18:10:53 +0000] "GET /detail/1283851392 HTTP/1.1" 404 16430 "-" "Mozilla/5.0 AppleWebKit/537.36 (KHTML, like Gecko; compatible; GPTBot/1.2; +https://openai.com/gptbot)"
20.171.207.26 - - [20/Jul/2025:18:10:56 +0000] "GET /detail/1283737152 HTTP/1.1" 404 16430 "-" "Mozilla/5.0 AppleWebKit/537.36 (KHTML, like Gecko; compatible; GPTBot/1.2; +https://openai.com/gptbot)"
20.171.207.26 - - [20/Jul/2025:18:10:58 +0000] "GET /detail/1283870201 HTTP/1.1" 404 16430 "-" "Mozilla/5.0 AppleWebKit/537.36 (KHTML, like Gecko; compatible; GPTBot/1.2; +https://openai.com/gptbot)"
209.74.77.214 - - [20/Jul/2025:18:11:02 +0000] "POST /wp-cron.php?doing_wp_cron=1753035062.1898729801177978515625 HTTP/1.1" 200 - "-" "WordPress/6.8.2; https://kelaby.company"
20.171.207.26 - - [20/Jul/2025:18:11:01 +0000] "GET /detail/1283858780 HTTP/1.1" 404 16430 "-" "Mozilla/5.0 AppleWebKit/537.36 (KHTML, like Gecko; compatible; GPTBot/1.2; +https://openai.com/gptbot)"
20.171.207.26 - - [20/Jul/2025:18:11:04 +0000] "GET /detail/1283824347 HTTP/1.1" 404 16430 "-" "Mozilla/5.0 AppleWebKit/537.36 (KHTML, like Gecko; compatible; GPTBot/1.2; +https://openai.com/gptbot)"
20.171.207.26 - - [20/Jul/2025:18:11:07 +0000] "GET /detail/1284044946 HTTP/1.1" 404 16430 "-" "Mozilla/5.0 AppleWebKit/537.36 (KHTML, like Gecko; compatible; GPTBot/1.2; +https://openai.com/gptbot)"
20.171.207.26 - - [20/Jul/2025:18:11:10 +0000] "GET /detail/1284005248 HTTP/1.1" 404 16429 "-" "Mozilla/5.0 AppleWebKit/537.36 (KHTML, like Gecko; compatible; GPTBot/1.2; +https://openai.com/gptbot)"
20.171.207.26 - - [20/Jul/2025:18:11:13 +0000] "GET /detail/1284048502 HTTP/1.1" 404 16430 "-" "Mozilla/5.0 AppleWebKit/537.36 (KHTML, like Gecko; compatible; GPTBot/1.2; +https://openai.com/gptbot)"
20.171.207.26 - - [20/Jul/2025:18:11:16 +0000] "GET /detail/1283761386 HTTP/1.1" 404 16430 "-" "Mozilla/5.0 AppleWebKit/537.36 (KHTML, like Gecko; compatible; GPTBot/1.2; +https://openai.com/gptbot)"
20.171.207.26 - - [20/Jul/2025:18:11:18 +0000] "GET /detail/1283903809 HTTP/1.1" 404 16429 "-" "Mozilla/5.0 AppleWebKit/537.36 (KHTML, like Gecko; compatible; GPTBot/1.2; +https://openai.com/gptbot)"
20.171.207.26 - - [20/Jul/2025:18:11:21 +0000] "GET /detail/1283876163 HTTP/1.1" 404 16429 "-" "Mozilla/5.0 AppleWebKit/537.36 (KHTML, like Gecko; compatible; GPTBot/1.2; +https://openai.com/gptbot)"
20.171.207.26 - - [20/Jul/2025:18:11:24 +0000] "GET /detail/1283621355 HTTP/1.1" 404 16429 "-" "Mozilla/5.0 AppleWebKit/537.36 (KHTML, like Gecko; compatible; GPTBot/1.2; +https://openai.com/gptbot)"
20.171.207.26 - - [20/Jul/2025:18:11:27 +0000] "GET /detail/1283636200 HTTP/1.1" 404 16430 "-" "Mozilla/5.0 AppleWebKit/537.36 (KHTML, like Gecko; compatible; GPTBot/1.2; +https://openai.com/gptbot)"
20.171.207.26 - - [20/Jul/2025:18:11:30 +0000] "GET /detail/1283915523 HTTP/1.1" 404 16430 "-" "Mozilla/5.0 AppleWebKit/537.36 (KHTML, like Gecko; compatible; GPTBot/1.2; +https://openai.com/gptbot)"
20.171.207.26 - - [20/Jul/2025:18:11:32 +0000] "GET /detail/1283955982 HTTP/1.1" 404 16430 "-" "Mozilla/5.0 AppleWebKit/537.36 (KHTML, like Gecko; compatible; GPTBot/1.2; +https://openai.com/gptbot)"
66.249.79.225 - - [20/Jul/2025:18:14:33 +0000] "GET /robots.txt HTTP/1.1" 304 - "-" "Mozilla/5.0 (compatible; Googlebot/2.1; +http://www.google.com/bot.html)"
66.249.79.225 - - [20/Jul/2025:18:14:34 +0000] "GET /?h=86400381131960&mod=f8cd71b7&uri=itm.php?feature/honten/index.html HTTP/1.1" 200 19918 "-" "Mozilla/5.0 (Linux; Android 6.0.1; Nexus 5X Build/MMB29P) AppleWebKit/537.36 (KHTML, like Gecko) Chrome/137.0.7151.103 Mobile Safari/537.36 (compatible; Googlebot/2.1; +http://www.google.com/bot.html)"
66.249.79.225 - - [20/Jul/2025:18:14:45 +0000] "POST /get-message-notify HTTP/1.1" 200 19476 "http://www.kelaby.company/?h=86400381131960&mod=f8cd71b7&uri=itm.php?feature/honten/index.html" "Mozilla/5.0 (Linux; Android 6.0.1; Nexus 5X Build/MMB29P) AppleWebKit/537.36 (KHTML, like Gecko) Chrome/137.0.7151.119 Mobile Safari/537.36 (compatible; Googlebot/2.1; +http://www.google.com/bot.html)"
2a03:2880:f800:13:: - - [20/Jul/2025:18:26:05 +0000] "GET /detail/988746000 HTTP/1.1" 404 16430 "-" "meta-externalagent/1.1 (+https://developers.facebook.com/docs/sharing/webmasters/crawler)"
2a03:2880:f800:3:: - - [20/Jul/2025:18:28:19 +0000] "GET /detail/988840924 HTTP/1.1" 404 16430 "-" "meta-externalagent/1.1 (+https://developers.facebook.com/docs/sharing/webmasters/crawler)"
2a03:2880:f800:8:: - - [20/Jul/2025:18:29:52 +0000] "GET /detail/988807398 HTTP/1.1" 404 16430 "-" "meta-externalagent/1.1 (+https://developers.facebook.com/docs/sharing/webmasters/crawler)"
66.249.79.237 - - [20/Jul/2025:18:30:41 +0000] "GET /?h=26702485011960&mod=43cf10a7&uri=info.php?detail/1680981 HTTP/1.1" 200 20761 "-" "Mozilla/5.0 (Linux; Android 6.0.1; Nexus 5X Build/MMB29P) AppleWebKit/537.36 (KHTML, like Gecko) Chrome/137.0.7151.103 Mobile Safari/537.36 (compatible; Googlebot/2.1; +http://www.google.com/bot.html)"
66.249.79.236 - - [20/Jul/2025:18:30:44 +0000] "POST /get-message-notify HTTP/1.1" 200 19476 "http://www.kelaby.company/?h=26702485011960&mod=43cf10a7&uri=info.php?detail/1680981" "Mozilla/5.0 (Linux; Android 6.0.1; Nexus 5X Build/MMB29P) AppleWebKit/537.36 (KHTML, like Gecko) Chrome/137.0.7151.119 Mobile Safari/537.36 (compatible; Googlebot/2.1; +http://www.google.com/bot.html)"
209.74.77.214 - - [20/Jul/2025:19:07:22 +0000] "POST /wp-cron.php?doing_wp_cron=1753038441.9184350967407226562500 HTTP/1.1" 200 - "-" "WordPress/6.8.2; https://kelaby.company"
2a03:2880:f800:17:: - - [20/Jul/2025:19:07:21 +0000] "GET /detail/988631227 HTTP/1.1" 404 16430 "-" "meta-externalagent/1.1 (+https://developers.facebook.com/docs/sharing/webmasters/crawler)"
2a03:2880:f800:1a:: - - [20/Jul/2025:19:11:33 +0000] "GET /detail/466948296 HTTP/1.1" 404 16430 "-" "meta-externalagent/1.1 (+https://developers.facebook.com/docs/sharing/webmasters/crawler)"
209.74.77.214 - - [20/Jul/2025:19:16:45 +0000] "POST /wp-cron.php?doing_wp_cron=1753039004.9441010951995849609375 HTTP/1.1" 200 - "-" "WordPress/6.8.2; https://kelaby.company"
2a03:2880:f800:6:: - - [20/Jul/2025:19:16:44 +0000] "GET /detail/988511722 HTTP/1.1" 404 16430 "-" "meta-externalagent/1.1 (+https://developers.facebook.com/docs/sharing/webmasters/crawler)"
2a03:2880:f800:6:: - - [20/Jul/2025:19:16:45 +0000] "GET /detail/467060066 HTTP/1.1" 404 16430 "-" "meta-externalagent/1.1 (+https://developers.facebook.com/docs/sharing/webmasters/crawler)"
178.254.50.106 - - [20/Jul/2025:19:24:40 +0000] "GET /wp-login.php HTTP/1.1" 302 - "" "Mozilla/5.0 (Windows NT 10.0; Win64; x64; rv:137.0) Gecko/20100101 Firefox/137.0"
209.74.77.214 - - [20/Jul/2025:19:31:05 +0000] "POST /wp-cron.php?doing_wp_cron=1753039865.3141460418701171875000 HTTP/1.1" 200 - "-" "WordPress/6.8.2; https://kelaby.company"
2a03:2880:f800:5:: - - [20/Jul/2025:19:31:05 +0000] "GET /detail/988644982 HTTP/1.1" 404 16430 "-" "meta-externalagent/1.1 (+https://developers.facebook.com/docs/sharing/webmasters/crawler)"
2a03:2880:f800:4:: - - [20/Jul/2025:19:31:14 +0000] "GET /detail/988877130 HTTP/1.1" 404 16430 "-" "meta-externalagent/1.1 (+https://developers.facebook.com/docs/sharing/webmasters/crawler)"
209.74.77.214 - - [20/Jul/2025:19:41:13 +0000] "POST /wp-cron.php?doing_wp_cron=1753040472.8908090591430664062500 HTTP/1.1" 200 - "-" "WordPress/6.8.2; https://kelaby.company"
60.248.174.146 - - [20/Jul/2025:19:41:12 +0000] "GET /wp-login.php HTTP/1.1" 302 - "" "Mozilla/5.0 (Windows NT 10.0; Win64; x64; rv:137.0) Gecko/20100101 Firefox/137.0"
2a03:2880:f800:16:: - - [20/Jul/2025:19:47:24 +0000] "GET /detail/467086558 HTTP/1.1" 404 16429 "-" "meta-externalagent/1.1 (+https://developers.facebook.com/docs/sharing/webmasters/crawler)"
2a03:2880:f800:1a:: - - [20/Jul/2025:19:50:02 +0000] "GET /detail/988574683 HTTP/1.1" 404 16430 "-" "meta-externalagent/1.1 (+https://developers.facebook.com/docs/sharing/webmasters/crawler)"
209.74.77.214 - - [20/Jul/2025:19:53:29 +0000] "POST /wp-cron.php?doing_wp_cron=1753041209.0106420516967773437500 HTTP/1.1" 200 - "-" "WordPress/6.8.2; https://kelaby.company"
2a03:2880:f800:c:: - - [20/Jul/2025:19:53:28 +0000] "GET /detail/988382381 HTTP/1.1" 404 16430 "-" "meta-externalagent/1.1 (+https://developers.facebook.com/docs/sharing/webmasters/crawler)"
66.249.79.236 - - [20/Jul/2025:20:00:09 +0000] "GET /?h=109901815041960&mod=e22d90e1&uri=info.php?feature/idol/gradol.html HTTP/1.1" 200 19655 "-" "Mozilla/5.0 (Linux; Android 6.0.1; Nexus 5X Build/MMB29P) AppleWebKit/537.36 (KHTML, like Gecko) Chrome/137.0.7151.103 Mobile Safari/537.36 (compatible; Googlebot/2.1; +http://www.google.com/bot.html)"
2a03:2880:f800:3:: - - [20/Jul/2025:20:01:09 +0000] "GET /detail/988810277 HTTP/1.1" 404 16430 "-" "meta-externalagent/1.1 (+https://developers.facebook.com/docs/sharing/webmasters/crawler)"
209.74.77.214 - - [20/Jul/2025:20:04:30 +0000] "POST /wp-cron.php?doing_wp_cron=1753041870.4401240348815917968750 HTTP/1.1" 200 - "-" "WordPress/6.8.2; https://kelaby.company"
139.155.139.22 - - [20/Jul/2025:20:04:30 +0000] "GET / HTTP/1.1" 301 - "-" "Mozilla/5.0 (iPhone; CPU iPhone OS 13_2_3 like Mac OS X) AppleWebKit/605.1.15 (KHTML, like Gecko) Version/13.0.3 Mobile/15E148 Safari/604.1"
2a03:2880:f800:11:: - - [20/Jul/2025:20:19:29 +0000] "GET /detail/466639839 HTTP/1.1" 404 16430 "-" "meta-externalagent/1.1 (+https://developers.facebook.com/docs/sharing/webmasters/crawler)"
209.74.77.214 - - [20/Jul/2025:20:26:55 +0000] "POST /wp-cron.php?doing_wp_cron=1753043215.7863891124725341796875 HTTP/1.1" 200 - "-" "WordPress/6.8.2; https://kelaby.company"
2a03:2880:f800:1a:: - - [20/Jul/2025:20:26:55 +0000] "GET /detail/988620960 HTTP/1.1" 404 16429 "-" "meta-externalagent/1.1 (+https://developers.facebook.com/docs/sharing/webmasters/crawler)"
209.74.77.214 - - [20/Jul/2025:20:33:54 +0000] "POST /wp-cron.php?doing_wp_cron=1753043634.5686619281768798828125 HTTP/1.1" 200 - "-" "WordPress/6.8.2; https://kelaby.company"
2a03:2880:f800:7:: - - [20/Jul/2025:20:33:54 +0000] "GET /detail/988719524 HTTP/1.1" 404 16430 "-" "meta-externalagent/1.1 (+https://developers.facebook.com/docs/sharing/webmasters/crawler)"
