17.246.15.104 - - [20/Jul/2025:20:22:09 +0000] "GET /wp-content/plugins/wolf-woocommerce-wishlist/assets/css/wishlist.min.css?ver=1.1.7 HTTP/1.1" 200 353 "https://muzza.fit/content-block/content-maps-dark/" "Mozilla/5.0 (Macintosh; Intel Mac OS X 10_15_7) AppleWebKit/605.1.15 (KHTML, like Gecko) Version/17.4 Safari/605.1.15 (Applebot/0.1; +http://www.apple.com/go/applebot)"
17.246.19.171 - - [20/Jul/2025:20:22:09 +0000] "GET /wp-content/plugins/js_composer/assets/css/js_composer.min.css?ver=7.6 HTTP/1.1" 200 44639 "https://muzza.fit/content-block/content-maps-dark/" "Mozilla/5.0 (Macintosh; Intel Mac OS X 10_15_7) AppleWebKit/605.1.15 (KHTML, like Gecko) Version/17.4 Safari/605.1.15 (Applebot/0.1; +http://www.apple.com/go/applebot)"
17.246.19.117 - - [20/Jul/2025:20:22:10 +0000] "GET /wp-content/plugins/wolf-visual-composer/assets/css/lib/dripicons/dripicons.min.css?ver=2.0.0 HTTP/1.1" 200 1751 "https://muzza.fit/content-block/content-maps-dark/" "Mozilla/5.0 (Macintosh; Intel Mac OS X 10_15_7) AppleWebKit/605.1.15 (KHTML, like Gecko) Version/17.4 Safari/605.1.15 (Applebot/0.1; +http://www.apple.com/go/applebot)"
17.246.19.236 - - [20/Jul/2025:20:22:11 +0000] "GET /wp-includes/js/jquery/jquery.min.js?ver=3.7.1 HTTP/1.1" 200 30368 "https://muzza.fit/content-block/content-maps-dark/" "Mozilla/5.0 (Macintosh; Intel Mac OS X 10_15_7) AppleWebKit/605.1.15 (KHTML, like Gecko) Version/17.4 Safari/605.1.15 (Applebot/0.1; +http://www.apple.com/go/applebot)"
17.246.15.112 - - [20/Jul/2025:20:22:11 +0000] "GET /wp-content/plugins/wolf-visual-composer/assets/css/lib/elegant-icons/elegant-icons.min.css?ver=1.0.0 HTTP/1.1" 200 2606 "https://muzza.fit/content-block/content-maps-dark/" "Mozilla/5.0 (Macintosh; Intel Mac OS X 10_15_7) AppleWebKit/605.1.15 (KHTML, like Gecko) Version/17.4 Safari/605.1.15 (Applebot/0.1; +http://www.apple.com/go/applebot)"
17.246.19.129 - - [20/Jul/2025:20:22:11 +0000] "GET /wp-includes/js/jquery/jquery-migrate.min.js?ver=3.4.1 HTTP/1.1" 200 4872 "https://muzza.fit/content-block/content-maps-dark/" "Mozilla/5.0 (Macintosh; Intel Mac OS X 10_15_7) AppleWebKit/605.1.15 (KHTML, like Gecko) Version/17.4 Safari/605.1.15 (Applebot/0.1; +http://www.apple.com/go/applebot)"
17.246.19.171 - - [20/Jul/2025:20:22:12 +0000] "GET /wp-includes/js/underscore.min.js?ver=1.13.7 HTTP/1.1" 200 7317 "https://muzza.fit/content-block/content-maps-dark/" "Mozilla/5.0 (Macintosh; Intel Mac OS X 10_15_7) AppleWebKit/605.1.15 (KHTML, like Gecko) Version/17.4 Safari/605.1.15 (Applebot/0.1; +http://www.apple.com/go/applebot)"
17.246.19.9 - - [20/Jul/2025:20:22:12 +0000] "GET /wp-content/plugins/wolf-custom-post-meta/assets/js/lib/js.cookie.min.js?ver=2.1.4 HTTP/1.1" 200 987 "https://muzza.fit/content-block/content-maps-dark/" "Mozilla/5.0 (Macintosh; Intel Mac OS X 10_15_7) AppleWebKit/605.1.15 (KHTML, like Gecko) Version/17.4 Safari/605.1.15 (Applebot/0.1; +http://www.apple.com/go/applebot)"
17.246.15.104 - - [20/Jul/2025:20:22:13 +0000] "GET /wp-includes/js/wp-util.min.js?ver=6.8.2 HTTP/1.1" 200 756 "https://muzza.fit/content-block/content-maps-dark/" "Mozilla/5.0 (Macintosh; Intel Mac OS X 10_15_7) AppleWebKit/605.1.15 (KHTML, like Gecko) Version/17.4 Safari/605.1.15 (Applebot/0.1; +http://www.apple.com/go/applebot)"
17.246.19.236 - - [20/Jul/2025:20:22:13 +0000] "GET /wp-content/plugins/woocommerce/assets/js/jquery-blockui/jquery.blockUI.min.js?ver=2.7.0-wc.10.0.2 HTTP/1.1" 200 3537 "https://muzza.fit/content-block/content-maps-dark/" "Mozilla/5.0 (Macintosh; Intel Mac OS X 10_15_7) AppleWebKit/605.1.15 (KHTML, like Gecko) Version/17.4 Safari/605.1.15 (Applebot/0.1; +http://www.apple.com/go/applebot)"
17.246.15.112 - - [20/Jul/2025:20:22:14 +0000] "GET /wp-content/plugins/woocommerce/assets/js/frontend/add-to-cart-variation.min.js?ver=10.0.2 HTTP/1.1" 200 3940 "https://muzza.fit/content-block/content-maps-dark/" "Mozilla/5.0 (Macintosh; Intel Mac OS X 10_15_7) AppleWebKit/605.1.15 (KHTML, like Gecko) Version/17.4 Safari/605.1.15 (Applebot/0.1; +http://www.apple.com/go/applebot)"
17.246.19.171 - - [20/Jul/2025:20:22:15 +0000] "GET /wp-content/plugins/woocommerce/assets/js/frontend/woocommerce.min.js?ver=10.0.2 HTTP/1.1" 200 1532 "https://muzza.fit/content-block/content-maps-dark/" "Mozilla/5.0 (Macintosh; Intel Mac OS X 10_15_7) AppleWebKit/605.1.15 (KHTML, like Gecko) Version/17.4 Safari/605.1.15 (Applebot/0.1; +http://www.apple.com/go/applebot)"
17.246.23.85 - - [20/Jul/2025:20:22:15 +0000] "GET /wp-content/plugins/woocommerce/assets/js/frontend/add-to-cart.min.js?ver=10.0.2 HTTP/1.1" 200 1407 "https://muzza.fit/content-block/content-maps-dark/" "Mozilla/5.0 (Macintosh; Intel Mac OS X 10_15_7) AppleWebKit/605.1.15 (KHTML, like Gecko) Version/17.4 Safari/605.1.15 (Applebot/0.1; +http://www.apple.com/go/applebot)"
17.246.19.9 - - [20/Jul/2025:20:22:15 +0000] "GET /wp-content/plugins/js_composer/assets/js/vendors/woocommerce-add-to-cart.js?ver=7.6 HTTP/1.1" 200 374 "https://muzza.fit/content-block/content-maps-dark/" "Mozilla/5.0 (Macintosh; Intel Mac OS X 10_15_7) AppleWebKit/605.1.15 (KHTML, like Gecko) Version/17.4 Safari/605.1.15 (Applebot/0.1; +http://www.apple.com/go/applebot)"
17.246.15.72 - - [20/Jul/2025:20:22:16 +0000] "GET /wp-content/plugins/woocommerce/assets/client/blocks/wc-blocks.css?ver=wc-10.0.2 HTTP/1.1" 200 2575 "https://muzza.fit/content-block/content-maps-dark/" "Mozilla/5.0 (Macintosh; Intel Mac OS X 10_15_7) AppleWebKit/605.1.15 (KHTML, like Gecko) Version/17.4 Safari/605.1.15 (Applebot/0.1; +http://www.apple.com/go/applebot)"
17.246.15.112 - - [20/Jul/2025:20:22:17 +0000] "GET /wp-content/plugins/revslider/sr6/assets/css/rs6.css?ver=6.7.13 HTTP/1.1" 200 12492 "https://muzza.fit/content-block/content-maps-dark/" "Mozilla/5.0 (Macintosh; Intel Mac OS X 10_15_7) AppleWebKit/605.1.15 (KHTML, like Gecko) Version/17.4 Safari/605.1.15 (Applebot/0.1; +http://www.apple.com/go/applebot)"
17.246.15.179 - - [20/Jul/2025:20:22:17 +0000] "GET /wp-content/themes/deadlift/assets/css/lib/aos.css?ver=2.3.0 HTTP/1.1" 200 2236 "https://muzza.fit/content-block/content-maps-dark/" "Mozilla/5.0 (Macintosh; Intel Mac OS X 10_15_7) AppleWebKit/605.1.15 (KHTML, like Gecko) Version/17.4 Safari/605.1.15 (Applebot/0.1; +http://www.apple.com/go/applebot)"
17.246.23.85 - - [20/Jul/2025:20:22:18 +0000] "GET /wp-includes/js/dist/i18n.min.js?ver=5e580eb46a90c2b997e6 HTTP/1.1" 200 3667 "https://muzza.fit/content-block/content-maps-dark/" "Mozilla/5.0 (Macintosh; Intel Mac OS X 10_15_7) AppleWebKit/605.1.15 (KHTML, like Gecko) Version/17.4 Safari/605.1.15 (Applebot/0.1; +http://www.apple.com/go/applebot)"
17.246.19.198 - - [20/Jul/2025:20:22:18 +0000] "GET /wp-includes/js/dist/hooks.min.js?ver=4d63a3d491d11ffd8ac6 HTTP/1.1" 200 1648 "https://muzza.fit/content-block/content-maps-dark/" "Mozilla/5.0 (Macintosh; Intel Mac OS X 10_15_7) AppleWebKit/605.1.15 (KHTML, like Gecko) Version/17.4 Safari/605.1.15 (Applebot/0.1; +http://www.apple.com/go/applebot)"
17.246.19.236 - - [20/Jul/2025:20:22:18 +0000] "GET /wp-content/plugins/contact-form-7/includes/swv/js/index.js?ver=6.1 HTTP/1.1" 200 3503 "https://muzza.fit/content-block/content-maps-dark/" "Mozilla/5.0 (Macintosh; Intel Mac OS X 10_15_7) AppleWebKit/605.1.15 (KHTML, like Gecko) Version/17.4 Safari/605.1.15 (Applebot/0.1; +http://www.apple.com/go/applebot)"
17.246.15.72 - - [20/Jul/2025:20:22:19 +0000] "GET /wp-content/plugins/contact-form-7/includes/js/index.js?ver=6.1 HTTP/1.1" 200 4265 "https://muzza.fit/content-block/content-maps-dark/" "Mozilla/5.0 (Macintosh; Intel Mac OS X 10_15_7) AppleWebKit/605.1.15 (KHTML, like Gecko) Version/17.4 Safari/605.1.15 (Applebot/0.1; +http://www.apple.com/go/applebot)"
17.246.19.9 - - [20/Jul/2025:20:22:19 +0000] "GET /wp-content/plugins/wolf-custom-post-meta/assets/js/wcpm.min.js?ver=1.0.3 HTTP/1.1" 200 712 "https://muzza.fit/content-block/content-maps-dark/" "Mozilla/5.0 (Macintosh; Intel Mac OS X 10_15_7) AppleWebKit/605.1.15 (KHTML, like Gecko) Version/17.4 Safari/605.1.15 (Applebot/0.1; +http://www.apple.com/go/applebot)"
17.246.19.219 - - [20/Jul/2025:20:22:20 +0000] "GET /wp-content/plugins/wolf-facebook-page-box/assets/js/wfpb.js?ver=1.0.9 HTTP/1.1" 200 - "https://muzza.fit/content-block/content-maps-dark/" "Mozilla/5.0 (Macintosh; Intel Mac OS X 10_15_7) AppleWebKit/605.1.15 (KHTML, like Gecko) Version/17.4 Safari/605.1.15 (Applebot/0.1; +http://www.apple.com/go/applebot)"
17.246.23.53 - - [20/Jul/2025:20:22:21 +0000] "GET /wp-content/plugins/wolf-woocommerce-quickview/assets/js/min/quickview.min.js?ver=1.1.5 HTTP/1.1" 200 945 "https://muzza.fit/content-block/content-maps-dark/" "Mozilla/5.0 (Macintosh; Intel Mac OS X 10_15_7) AppleWebKit/605.1.15 (KHTML, like Gecko) Version/17.4 Safari/605.1.15 (Applebot/0.1; +http://www.apple.com/go/applebot)"
17.246.23.20 - - [20/Jul/2025:20:22:21 +0000] "GET /wp-content/plugins/variation-swatches-for-woocommerce/assets/js/frontend.js?ver%5B0%5D=jquery HTTP/1.1" 200 2129 "https://muzza.fit/content-block/content-maps-dark/" "Mozilla/5.0 (Macintosh; Intel Mac OS X 10_15_7) AppleWebKit/605.1.15 (KHTML, like Gecko) Version/17.4 Safari/605.1.15 (Applebot/0.1; +http://www.apple.com/go/applebot)"
17.246.23.228 - - [20/Jul/2025:20:22:22 +0000] "GET /wp-includes/js/mediaelement/mediaelement-and-player.min.js?ver=4.2.17 HTTP/1.1" 200 38789 "https://muzza.fit/content-block/content-maps-dark/" "Mozilla/5.0 (Macintosh; Intel Mac OS X 10_15_7) AppleWebKit/605.1.15 (KHTML, like Gecko) Version/17.4 Safari/605.1.15 (Applebot/0.1; +http://www.apple.com/go/applebot)"
17.246.19.198 - - [20/Jul/2025:20:22:22 +0000] "GET /wp-includes/js/mediaelement/wp-mediaelement.min.js?ver=6.8.2 HTTP/1.1" 200 538 "https://muzza.fit/content-block/content-maps-dark/" "Mozilla/5.0 (Macintosh; Intel Mac OS X 10_15_7) AppleWebKit/605.1.15 (KHTML, like Gecko) Version/17.4 Safari/605.1.15 (Applebot/0.1; +http://www.apple.com/go/applebot)"
17.246.19.9 - - [20/Jul/2025:20:22:22 +0000] "GET /wp-includes/js/mediaelement/mediaelement-migrate.min.js?ver=6.8.2 HTTP/1.1" 200 540 "https://muzza.fit/content-block/content-maps-dark/" "Mozilla/5.0 (Macintosh; Intel Mac OS X 10_15_7) AppleWebKit/605.1.15 (KHTML, like Gecko) Version/17.4 Safari/605.1.15 (Applebot/0.1; +http://www.apple.com/go/applebot)"
17.246.19.219 - - [20/Jul/2025:20:22:23 +0000] "GET /wp-content/plugins/js_composer/assets/lib/flexslider/jquery.flexslider.min.js?ver=7.6 HTTP/1.1" 200 7321 "https://muzza.fit/content-block/content-maps-dark/" "Mozilla/5.0 (Macintosh; Intel Mac OS X 10_15_7) AppleWebKit/605.1.15 (KHTML, like Gecko) Version/17.4 Safari/605.1.15 (Applebot/0.1; +http://www.apple.com/go/applebot)"
17.246.19.202 - - [20/Jul/2025:20:22:24 +0000] "GET /wp-content/themes/deadlift/assets/js/lib/jquery.fancybox.min.js?ver=3.5.7 HTTP/1.1" 200 22013 "https://muzza.fit/content-block/content-maps-dark/" "Mozilla/5.0 (Macintosh; Intel Mac OS X 10_15_7) AppleWebKit/605.1.15 (KHTML, like Gecko) Version/17.4 Safari/605.1.15 (Applebot/0.1; +http://www.apple.com/go/applebot)"
17.246.19.111 - - [20/Jul/2025:20:22:24 +0000] "GET /wp-content/themes/deadlift/assets/js/lib/jquery.lazyloadxt.min.js?ver=1.1.0 HTTP/1.1" 200 1331 "https://muzza.fit/content-block/content-maps-dark/" "Mozilla/5.0 (Macintosh; Intel Mac OS X 10_15_7) AppleWebKit/605.1.15 (KHTML, like Gecko) Version/17.4 Safari/605.1.15 (Applebot/0.1; +http://www.apple.com/go/applebot)"
17.246.23.175 - - [20/Jul/2025:20:22:25 +0000] "GET /wp-content/themes/deadlift/assets/js/lib/sticky-kit.min.js?ver=1.1.3 HTTP/1.1" 200 1411 "https://muzza.fit/content-block/content-maps-dark/" "Mozilla/5.0 (Macintosh; Intel Mac OS X 10_15_7) AppleWebKit/605.1.15 (KHTML, like Gecko) Version/17.4 Safari/605.1.15 (Applebot/0.1; +http://www.apple.com/go/applebot)"
17.246.19.198 - - [20/Jul/2025:20:22:25 +0000] "GET /wp-content/themes/deadlift/assets/js/functions.min.js?ver=1.8.2 HTTP/1.1" 200 9964 "https://muzza.fit/content-block/content-maps-dark/" "Mozilla/5.0 (Macintosh; Intel Mac OS X 10_15_7) AppleWebKit/605.1.15 (KHTML, like Gecko) Version/17.4 Safari/605.1.15 (Applebot/0.1; +http://www.apple.com/go/applebot)"
17.246.19.219 - - [20/Jul/2025:20:22:26 +0000] "GET /wp-content/themes/deadlift/assets/js/lib/jarallax.min.js?ver=1.8.0 HTTP/1.1" 200 3519 "https://muzza.fit/content-block/content-maps-dark/" "Mozilla/5.0 (Macintosh; Intel Mac OS X 10_15_7) AppleWebKit/605.1.15 (KHTML, like Gecko) Version/17.4 Safari/605.1.15 (Applebot/0.1; +http://www.apple.com/go/applebot)"
17.246.19.166 - - [20/Jul/2025:20:22:26 +0000] "GET /wp-content/themes/deadlift/assets/js/lib/tooltipsy.min.js?ver=1.0.0 HTTP/1.1" 200 1828 "https://muzza.fit/content-block/content-maps-dark/" "Mozilla/5.0 (Macintosh; Intel Mac OS X 10_15_7) AppleWebKit/605.1.15 (KHTML, like Gecko) Version/17.4 Safari/605.1.15 (Applebot/0.1; +http://www.apple.com/go/applebot)"
17.246.19.202 - - [20/Jul/2025:20:22:26 +0000] "GET /wp-content/plugins/wolf-visual-composer/assets/js/lib/jquery.bigtext.min.js?ver=1.0.0 HTTP/1.1" 200 1804 "https://muzza.fit/content-block/content-maps-dark/" "Mozilla/5.0 (Macintosh; Intel Mac OS X 10_15_7) AppleWebKit/605.1.15 (KHTML, like Gecko) Version/17.4 Safari/605.1.15 (Applebot/0.1; +http://www.apple.com/go/applebot)"
17.246.19.9 - - [20/Jul/2025:20:22:27 +0000] "GET /wp-content/plugins/wolf-visual-composer/assets/js/min/bigtext.min.js?ver=3.7.21 HTTP/1.1" 200 268 "https://muzza.fit/content-block/content-maps-dark/" "Mozilla/5.0 (Macintosh; Intel Mac OS X 10_15_7) AppleWebKit/605.1.15 (KHTML, like Gecko) Version/17.4 Safari/605.1.15 (Applebot/0.1; +http://www.apple.com/go/applebot)"
17.246.23.175 - - [20/Jul/2025:20:22:27 +0000] "GET /wp-content/plugins/wolf-visual-composer/assets/js/min/functions.min.js?ver=3.7.21 HTTP/1.1" 200 5935 "https://muzza.fit/content-block/content-maps-dark/" "Mozilla/5.0 (Macintosh; Intel Mac OS X 10_15_7) AppleWebKit/605.1.15 (KHTML, like Gecko) Version/17.4 Safari/605.1.15 (Applebot/0.1; +http://www.apple.com/go/applebot)"
17.246.19.66 - - [20/Jul/2025:20:22:28 +0000] "GET /wp-content/plugins/woocommerce/assets/js/sourcebuster/sourcebuster.min.js?ver=10.0.2 HTTP/1.1" 200 4807 "https://muzza.fit/content-block/content-maps-dark/" "Mozilla/5.0 (Macintosh; Intel Mac OS X 10_15_7) AppleWebKit/605.1.15 (KHTML, like Gecko) Version/17.4 Safari/605.1.15 (Applebot/0.1; +http://www.apple.com/go/applebot)"
17.246.19.219 - - [20/Jul/2025:20:22:28 +0000] "GET /wp-content/plugins/woocommerce/assets/js/frontend/order-attribution.min.js?ver=10.0.2 HTTP/1.1" 200 1128 "https://muzza.fit/content-block/content-maps-dark/" "Mozilla/5.0 (Macintosh; Intel Mac OS X 10_15_7) AppleWebKit/605.1.15 (KHTML, like Gecko) Version/17.4 Safari/605.1.15 (Applebot/0.1; +http://www.apple.com/go/applebot)"
17.246.19.166 - - [20/Jul/2025:20:22:29 +0000] "GET /wp-content/plugins/wolf-woocommerce-wishlist/assets/js/wishlist.min.js?ver=1.1.7 HTTP/1.1" 200 1424 "https://muzza.fit/content-block/content-maps-dark/" "Mozilla/5.0 (Macintosh; Intel Mac OS X 10_15_7) AppleWebKit/605.1.15 (KHTML, like Gecko) Version/17.4 Safari/605.1.15 (Applebot/0.1; +http://www.apple.com/go/applebot)"
17.246.19.176 - - [20/Jul/2025:20:22:30 +0000] "GET /wp-content/plugins/wolf-visual-composer/assets/js/lib/countUp.min.js?ver=1.9.3 HTTP/1.1" 200 1451 "https://muzza.fit/content-block/content-maps-dark/" "Mozilla/5.0 (Macintosh; Intel Mac OS X 10_15_7) AppleWebKit/605.1.15 (KHTML, like Gecko) Version/17.4 Safari/605.1.15 (Applebot/0.1; +http://www.apple.com/go/applebot)"
17.246.19.241 - - [20/Jul/2025:20:22:30 +0000] "GET /wp-includes/js/jquery/ui/effect.min.js?ver=1.13.3 HTTP/1.1" 200 3886 "https://muzza.fit/content-block/content-maps-dark/" "Mozilla/5.0 (Macintosh; Intel Mac OS X 10_15_7) AppleWebKit/605.1.15 (KHTML, like Gecko) Version/17.4 Safari/605.1.15 (Applebot/0.1; +http://www.apple.com/go/applebot)"
17.246.23.209 - - [20/Jul/2025:20:22:31 +0000] "GET /wp-content/themes/deadlift/assets/js/t/deadlift.js?ver=1.8.2 HTTP/1.1" 200 3186 "https://muzza.fit/content-block/content-maps-dark/" "Mozilla/5.0 (Macintosh; Intel Mac OS X 10_15_7) AppleWebKit/605.1.15 (KHTML, like Gecko) Version/17.4 Safari/605.1.15 (Applebot/0.1; +http://www.apple.com/go/applebot)"
17.246.23.177 - - [20/Jul/2025:20:22:31 +0000] "GET /wp-content/plugins/wolf-visual-composer/assets/js/min/modal-window.min.js?ver=3.7.21 HTTP/1.1" 200 1066 "https://muzza.fit/content-block/content-maps-dark/" "Mozilla/5.0 (Macintosh; Intel Mac OS X 10_15_7) AppleWebKit/605.1.15 (KHTML, like Gecko) Version/17.4 Safari/605.1.15 (Applebot/0.1; +http://www.apple.com/go/applebot)"
17.246.23.254 - - [20/Jul/2025:20:22:32 +0000] "GET /wp-content/plugins/js_composer/assets/js/dist/js_composer_front.min.js?ver=7.6 HTTP/1.1" 200 5779 "https://muzza.fit/content-block/content-maps-dark/" "Mozilla/5.0 (Macintosh; Intel Mac OS X 10_15_7) AppleWebKit/605.1.15 (KHTML, like Gecko) Version/17.4 Safari/605.1.15 (Applebot/0.1; +http://www.apple.com/go/applebot)"
17.246.19.166 - - [20/Jul/2025:20:22:32 +0000] "GET /wp-content/plugins/wolf-visual-composer/assets/js/min/mailchimp.min.js?ver=3.7.21 HTTP/1.1" 200 599 "https://muzza.fit/content-block/content-maps-dark/" "Mozilla/5.0 (Macintosh; Intel Mac OS X 10_15_7) AppleWebKit/605.1.15 (KHTML, like Gecko) Version/17.4 Safari/605.1.15 (Applebot/0.1; +http://www.apple.com/go/applebot)"
17.246.23.125 - - [20/Jul/2025:20:22:32 +0000] "GET /wp-content/plugins/wolf-visual-composer/assets/js/lib/jquery.inview.min.js?ver=1.1.2 HTTP/1.1" 200 765 "https://muzza.fit/content-block/content-maps-dark/" "Mozilla/5.0 (Macintosh; Intel Mac OS X 10_15_7) AppleWebKit/605.1.15 (KHTML, like Gecko) Version/17.4 Safari/605.1.15 (Applebot/0.1; +http://www.apple.com/go/applebot)"
17.246.19.219 - - [20/Jul/2025:20:22:33 +0000] "GET /wp-content/plugins/wolf-visual-composer/assets/js/lib/jquery.fittext.min.js?ver=1.2.0 HTTP/1.1" 200 262 "https://muzza.fit/content-block/content-maps-dark/" "Mozilla/5.0 (Macintosh; Intel Mac OS X 10_15_7) AppleWebKit/605.1.15 (KHTML, like Gecko) Version/17.4 Safari/605.1.15 (Applebot/0.1; +http://www.apple.com/go/applebot)"
17.246.15.244 - - [20/Jul/2025:20:22:34 +0000] "GET /wp-content/plugins/wolf-visual-composer/assets/js/min/fittext.min.js?ver=3.7.21 HTTP/1.1" 200 281 "https://muzza.fit/content-block/content-maps-dark/" "Mozilla/5.0 (Macintosh; Intel Mac OS X 10_15_7) AppleWebKit/605.1.15 (KHTML, like Gecko) Version/17.4 Safari/605.1.15 (Applebot/0.1; +http://www.apple.com/go/applebot)"
17.246.15.194 - - [20/Jul/2025:20:22:34 +0000] "GET /wp-content/themes/deadlift/assets/js/lib/aos.js?ver=2.0.0 HTTP/1.1" 200 4506 "https://muzza.fit/content-block/content-maps-dark/" "Mozilla/5.0 (Macintosh; Intel Mac OS X 10_15_7) AppleWebKit/605.1.15 (KHTML, like Gecko) Version/17.4 Safari/605.1.15 (Applebot/0.1; +http://www.apple.com/go/applebot)"
17.246.19.241 - - [20/Jul/2025:20:22:35 +0000] "GET /wp-content/plugins/revslider/sr6/assets/js/rs6.min.js?ver=6.7.13 HTTP/1.1" 200 108962 "https://muzza.fit/content-block/content-maps-dark/" "Mozilla/5.0 (Macintosh; Intel Mac OS X 10_15_7) AppleWebKit/605.1.15 (KHTML, like Gecko) Version/17.4 Safari/605.1.15 (Applebot/0.1; +http://www.apple.com/go/applebot)"
17.246.23.193 - - [20/Jul/2025:20:22:35 +0000] "GET /wp-content/plugins/revslider/sr6/assets/js/rbtools.min.js?ver=6.7.13 HTTP/1.1" 200 61824 "https://muzza.fit/content-block/content-maps-dark/" "Mozilla/5.0 (Macintosh; Intel Mac OS X 10_15_7) AppleWebKit/605.1.15 (KHTML, like Gecko) Version/17.4 Safari/605.1.15 (Applebot/0.1; +http://www.apple.com/go/applebot)"
17.246.19.219 - - [20/Jul/2025:20:22:35 +0000] "GET /wp-includes/js/wp-emoji-release.min.js?ver=6.8.2 HTTP/1.1" 200 5163 "https://muzza.fit/content-block/content-maps-dark/" "Mozilla/5.0 (Macintosh; Intel Mac OS X 10_15_7) AppleWebKit/605.1.15 (KHTML, like Gecko) Version/17.4 Safari/605.1.15 (Applebot/0.1; +http://www.apple.com/go/applebot)"
209.74.77.214 - - [20/Jul/2025:20:22:38 +0000] "POST /wp-cron.php?doing_wp_cron=1753042958.6528439521789550781250 HTTP/1.1" 200 - "-" "WordPress/6.8.2; https://muzza.fit"
17.246.23.7 - - [20/Jul/2025:20:22:36 +0000] "POST /wp-admin/admin-ajax.php HTTP/1.1" 200 126 "https://muzza.fit/content-block/content-maps-dark/" "Mozilla/5.0 (Macintosh; Intel Mac OS X 10_15_7) AppleWebKit/605.1.15 (KHTML, like Gecko) Version/17.4 Safari/605.1.15 (Applebot/0.1; +http://www.apple.com/go/applebot)"
66.249.73.164 - - [20/Jul/2025:20:23:39 +0000] "GET /p/hospi12709272?id=2725530 HTTP/1.1" 200 40544 "-" "Mozilla/5.0 (Linux; Android 6.0.1; Nexus 5X Build/MMB29P) AppleWebKit/537.36 (KHTML, like Gecko) Chrome/137.0.7151.103 Mobile Safari/537.36 (compatible; Googlebot/2.1; +http://www.google.com/bot.html)"
66.249.73.165 - - [20/Jul/2025:20:24:07 +0000] "GET /p/sixty41089275?id=1105533 HTTP/1.1" 200 40153 "-" "Mozilla/5.0 (compatible; Googlebot/2.1; +http://www.google.com/bot.html)"
66.249.73.164 - - [20/Jul/2025:20:24:57 +0000] "GET /p/yeah80441559?id=457817 HTTP/1.1" 200 40127 "-" "Mozilla/5.0 (compatible; Googlebot/2.1; +http://www.google.com/bot.html)"
66.249.73.164 - - [20/Jul/2025:20:25:47 +0000] "GET /p/might20021633?id=37891 HTTP/1.1" 200 40486 "-" "Mozilla/5.0 (Linux; Android 6.0.1; Nexus 5X Build/MMB29P) AppleWebKit/537.36 (KHTML, like Gecko) Chrome/137.0.7151.103 Mobile Safari/537.36 (compatible; Googlebot/2.1; +http://www.google.com/bot.html)"
66.249.73.163 - - [20/Jul/2025:20:26:26 +0000] "GET /p/flap21527969?id=1544227 HTTP/1.1" 200 39915 "-" "Mozilla/5.0 (Linux; Android 6.0.1; Nexus 5X Build/MMB29P) AppleWebKit/537.36 (KHTML, like Gecko) Chrome/137.0.7151.103 Mobile Safari/537.36 (compatible; Googlebot/2.1; +http://www.google.com/bot.html)"
66.249.73.164 - - [20/Jul/2025:20:26:31 +0000] "POST /get-message-notify HTTP/1.1" 200 40095 "https://muzza.fit/p/flap21527969?id=1544227" "Mozilla/5.0 (Linux; Android 6.0.1; Nexus 5X Build/MMB29P) AppleWebKit/537.36 (KHTML, like Gecko) Chrome/137.0.7151.119 Mobile Safari/537.36 (compatible; Googlebot/2.1; +http://www.google.com/bot.html)"
66.249.73.163 - - [20/Jul/2025:20:26:42 +0000] "GET /p/tradi12600616?id=2616874 HTTP/1.1" 200 41175 "-" "Mozilla/5.0 (Linux; Android 6.0.1; Nexus 5X Build/MMB29P) AppleWebKit/537.36 (KHTML, like Gecko) Chrome/137.0.7151.103 Mobile Safari/537.36 (compatible; Googlebot/2.1; +http://www.google.com/bot.html)"
66.249.73.163 - - [20/Jul/2025:20:26:47 +0000] "GET /p/lever32278466?id=2294724 HTTP/1.1" 200 40415 "-" "Mozilla/5.0 (compatible; Googlebot/2.1; +http://www.google.com/bot.html)"
209.74.77.214 - - [20/Jul/2025:20:28:05 +0000] "POST /wp-cron.php?doing_wp_cron=1753043285.9478840827941894531250 HTTP/1.1" 200 - "-" "WordPress/6.8.2; https://muzza.fit"
213.180.203.164 - - [20/Jul/2025:20:28:03 +0000] "GET /p/stay61904741?id=1920999 HTTP/1.1" 200 23182 "-" "Mozilla/5.0 (compatible; YandexBot/3.0; +http://yandex.com/bots)"
66.249.73.163 - - [20/Jul/2025:20:28:42 +0000] "GET /p/funer62702829?id=2719087 HTTP/1.1" 200 39882 "-" "Mozilla/5.0 (compatible; Googlebot/2.1; +http://www.google.com/bot.html)"
66.249.73.163 - - [20/Jul/2025:20:29:05 +0000] "GET /p/lie10460240?id=476498 HTTP/1.1" 200 40332 "-" "Mozilla/5.0 (Linux; Android 6.0.1; Nexus 5X Build/MMB29P) AppleWebKit/537.36 (KHTML, like Gecko) Chrome/137.0.7151.103 Mobile Safari/537.36 (compatible; Googlebot/2.1; +http://www.google.com/bot.html)"
66.249.73.164 - - [20/Jul/2025:20:29:17 +0000] "GET /p/peak12579496?id=2595754 HTTP/1.1" 200 40150 "-" "Mozilla/5.0 (Linux; Android 6.0.1; Nexus 5X Build/MMB29P) AppleWebKit/537.36 (KHTML, like Gecko) Chrome/137.0.7151.103 Mobile Safari/537.36 (compatible; Googlebot/2.1; +http://www.google.com/bot.html)"
66.249.73.163 - - [20/Jul/2025:20:29:32 +0000] "GET /p/saint70606214?id=622472 HTTP/1.1" 200 40486 "-" "Mozilla/5.0 (compatible; Googlebot/2.1; +http://www.google.com/bot.html)"
66.249.73.165 - - [20/Jul/2025:20:31:58 +0000] "GET /p/with81700367?id=1716625 HTTP/1.1" 200 39885 "-" "Mozilla/5.0 (Linux; Android 6.0.1; Nexus 5X Build/MMB29P) AppleWebKit/537.36 (KHTML, like Gecko) Chrome/137.0.7151.103 Mobile Safari/537.36 (compatible; Googlebot/2.1; +http://www.google.com/bot.html)"
66.249.73.164 - - [20/Jul/2025:20:33:53 +0000] "GET /p/lurk61171853?id=1188111 HTTP/1.1" 200 39945 "-" "Mozilla/5.0 (compatible; Googlebot/2.1; +http://www.google.com/bot.html)"
66.249.73.164 - - [20/Jul/2025:20:34:02 +0000] "GET /p/skill52840852?id=2857110 HTTP/1.1" 200 40534 "-" "Mozilla/5.0 (compatible; Googlebot/2.1; +http://www.google.com/bot.html)"
66.249.73.163 - - [20/Jul/2025:20:34:09 +0000] "GET /p/freel71678646?id=1694904 HTTP/1.1" 200 40006 "-" "Mozilla/5.0 (compatible; Googlebot/2.1; +http://www.google.com/bot.html)"
66.249.73.163 - - [20/Jul/2025:20:34:38 +0000] "GET /p/swear10254528?id=270786 HTTP/1.1" 200 40143 "-" "Mozilla/5.0 (Linux; Android 6.0.1; Nexus 5X Build/MMB29P) AppleWebKit/537.36 (KHTML, like Gecko) Chrome/137.0.7151.103 Mobile Safari/537.36 (compatible; Googlebot/2.1; +http://www.google.com/bot.html)"
209.74.77.214 - - [20/Jul/2025:20:35:25 +0000] "POST /wp-cron.php?doing_wp_cron=1753043725.0333559513092041015625 HTTP/1.1" 200 - "-" "WordPress/6.8.2; https://muzza.fit"
5.255.231.112 - - [20/Jul/2025:20:35:22 +0000] "GET /p/execu51286476?id=1302734 HTTP/1.1" 200 23182 "-" "Mozilla/5.0 (compatible; YandexBot/3.0; +http://yandex.com/bots)"
66.249.73.165 - - [20/Jul/2025:20:37:18 +0000] "GET /p/lorn81519855?id=1536113 HTTP/1.1" 200 40208 "-" "Mozilla/5.0 (Linux; Android 6.0.1; Nexus 5X Build/MMB29P) AppleWebKit/537.36 (KHTML, like Gecko) Chrome/137.0.7151.103 Mobile Safari/537.36 (compatible; Googlebot/2.1; +http://www.google.com/bot.html)"
66.249.73.164 - - [20/Jul/2025:20:38:51 +0000] "GET /p/rainb80947303?id=963561 HTTP/1.1" 200 40749 "-" "Mozilla/5.0 (Linux; Android 6.0.1; Nexus 5X Build/MMB29P) AppleWebKit/537.36 (KHTML, like Gecko) Chrome/137.0.7151.103 Mobile Safari/537.36 (compatible; Googlebot/2.1; +http://www.google.com/bot.html)"
66.249.73.165 - - [20/Jul/2025:20:39:20 +0000] "GET /p/viewy41019987?id=1036245 HTTP/1.1" 200 40410 "-" "Mozilla/5.0 (Linux; Android 6.0.1; Nexus 5X Build/MMB29P) AppleWebKit/537.36 (KHTML, like Gecko) Chrome/137.0.7151.103 Mobile Safari/537.36 (compatible; Googlebot/2.1; +http://www.google.com/bot.html)"
66.249.73.163 - - [20/Jul/2025:20:39:52 +0000] "GET /toreka/plamodel_menu.html HTTP/1.1" 200 40064 "-" "Mozilla/5.0 (Linux; Android 6.0.1; Nexus 5X Build/MMB29P) AppleWebKit/537.36 (KHTML, like Gecko) Chrome/137.0.7151.103 Mobile Safari/537.36 (compatible; Googlebot/2.1; +http://www.google.com/bot.html)"
66.249.73.165 - - [20/Jul/2025:20:41:49 +0000] "GET /p/yang42457771?id=2474029 HTTP/1.1" 200 40086 "-" "Mozilla/5.0 (Linux; Android 6.0.1; Nexus 5X Build/MMB29P) AppleWebKit/537.36 (KHTML, like Gecko) Chrome/137.0.7151.103 Mobile Safari/537.36 (compatible; Googlebot/2.1; +http://www.google.com/bot.html)"
66.249.73.163 - - [20/Jul/2025:20:43:28 +0000] "GET /p/convi70125942?id=142200 HTTP/1.1" 200 40715 "-" "Mozilla/5.0 (Linux; Android 6.0.1; Nexus 5X Build/MMB29P) AppleWebKit/537.36 (KHTML, like Gecko) Chrome/137.0.7151.103 Mobile Safari/537.36 (compatible; Googlebot/2.1; +http://www.google.com/bot.html)"
66.249.73.164 - - [20/Jul/2025:20:43:36 +0000] "GET /p/discl31911282?id=1927540 HTTP/1.1" 200 40050 "-" "Mozilla/5.0 (compatible; Googlebot/2.1; +http://www.google.com/bot.html)"
66.249.73.163 - - [20/Jul/2025:20:45:24 +0000] "GET /p/suita50077340?id=93598 HTTP/1.1" 200 39927 "-" "Mozilla/5.0 (compatible; Googlebot/2.1; +http://www.google.com/bot.html)"
66.249.73.165 - - [20/Jul/2025:20:47:10 +0000] "GET /p/europ42416131?id=2432389 HTTP/1.1" 200 39949 "-" "Mozilla/5.0 (Linux; Android 6.0.1; Nexus 5X Build/MMB29P) AppleWebKit/537.36 (KHTML, like Gecko) Chrome/137.0.7151.103 Mobile Safari/537.36 (compatible; Googlebot/2.1; +http://www.google.com/bot.html)"
66.249.73.163 - - [20/Jul/2025:20:47:22 +0000] "GET /p/ought70658814?id=675072 HTTP/1.1" 200 40486 "-" "Mozilla/5.0 (Linux; Android 6.0.1; Nexus 5X Build/MMB29P) AppleWebKit/537.36 (KHTML, like Gecko) Chrome/137.0.7151.103 Mobile Safari/537.36 (compatible; Googlebot/2.1; +http://www.google.com/bot.html)"
66.249.73.164 - - [20/Jul/2025:20:48:48 +0000] "GET /p/troub51704836?id=1721094 HTTP/1.1" 200 40032 "-" "Mozilla/5.0 (compatible; Googlebot/2.1; +http://www.google.com/bot.html)"
66.249.73.163 - - [20/Jul/2025:20:48:53 +0000] "POST /get-message-notify HTTP/1.1" 200 40048 "https://muzza.fit/p/swear10254528?id=270786" "Mozilla/5.0 (Linux; Android 6.0.1; Nexus 5X Build/MMB29P) AppleWebKit/537.36 (KHTML, like Gecko) Chrome/137.0.7151.119 Mobile Safari/537.36 (compatible; Googlebot/2.1; +http://www.google.com/bot.html)"
66.249.73.165 - - [20/Jul/2025:20:51:23 +0000] "GET /p/skill51736852?id=1753110 HTTP/1.1" 200 40258 "-" "Mozilla/5.0 (Linux; Android 6.0.1; Nexus 5X Build/MMB29P) AppleWebKit/537.36 (KHTML, like Gecko) Chrome/137.0.7151.103 Mobile Safari/537.36 (compatible; Googlebot/2.1; +http://www.google.com/bot.html)"
66.249.73.165 - - [20/Jul/2025:20:52:18 +0000] "GET /p/trash62953493?id=2969751 HTTP/1.1" 200 39875 "-" "Mozilla/5.0 (Linux; Android 6.0.1; Nexus 5X Build/MMB29P) AppleWebKit/537.36 (KHTML, like Gecko) Chrome/137.0.7151.103 Mobile Safari/537.36 (compatible; Googlebot/2.1; +http://www.google.com/bot.html)"
66.249.73.163 - - [20/Jul/2025:20:52:24 +0000] "GET /p/lift10025080?id=41338 HTTP/1.1" 200 41078 "-" "Mozilla/5.0 (compatible; Googlebot/2.1; +http://www.google.com/bot.html)"
66.249.73.163 - - [20/Jul/2025:20:54:11 +0000] "GET /p/visua52530628?id=2546886 HTTP/1.1" 200 40368 "-" "Mozilla/5.0 (compatible; Googlebot/2.1; +http://www.google.com/bot.html)"
66.249.73.163 - - [20/Jul/2025:20:58:23 +0000] "GET /p/subdi21365937?id=1382195 HTTP/1.1" 200 40918 "-" "Mozilla/5.0 (Linux; Android 6.0.1; Nexus 5X Build/MMB29P) AppleWebKit/537.36 (KHTML, like Gecko) Chrome/137.0.7151.103 Mobile Safari/537.36 (compatible; Googlebot/2.1; +http://www.google.com/bot.html)"
66.249.73.164 - - [20/Jul/2025:20:58:33 +0000] "GET /p/let81793375?id=1809633 HTTP/1.1" 200 39897 "-" "Mozilla/5.0 (compatible; Googlebot/2.1; +http://www.google.com/bot.html)"
66.249.73.163 - - [20/Jul/2025:20:58:44 +0000] "GET /p/major72801430?id=2817688 HTTP/1.1" 200 41043 "-" "Mozilla/5.0 (compatible; Googlebot/2.1; +http://www.google.com/bot.html)"
66.249.73.164 - - [20/Jul/2025:20:59:45 +0000] "GET /p/bookc50505748?id=522006 HTTP/1.1" 200 40379 "-" "Mozilla/5.0 (compatible; Googlebot/2.1; +http://www.google.com/bot.html)"
66.249.73.163 - - [20/Jul/2025:21:00:52 +0000] "GET /p/layer72459350?id=2475608 HTTP/1.1" 200 40101 "-" "Mozilla/5.0 (compatible; Googlebot/2.1; +http://www.google.com/bot.html)"
66.249.73.164 - - [20/Jul/2025:21:01:10 +0000] "GET /p/rotat20283441?id=299699 HTTP/1.1" 200 41373 "-" "Mozilla/5.0 (compatible; Googlebot/2.1; +http://www.google.com/bot.html)"
66.249.73.164 - - [20/Jul/2025:21:02:23 +0000] "GET /p/oral21083553?id=1099811 HTTP/1.1" 200 39967 "-" "Mozilla/5.0 (compatible; Googlebot/2.1; +http://www.google.com/bot.html)"
66.249.73.163 - - [20/Jul/2025:21:03:01 +0000] "GET /p/mini22575857?id=2592115 HTTP/1.1" 200 40142 "-" "Mozilla/5.0 (compatible; Googlebot/2.1; +http://www.google.com/bot.html)"
66.249.73.163 - - [20/Jul/2025:21:04:14 +0000] "GET /p/husba71724702?id=1740960 HTTP/1.1" 200 40019 "-" "Mozilla/5.0 (Linux; Android 6.0.1; Nexus 5X Build/MMB29P) AppleWebKit/537.36 (KHTML, like Gecko) Chrome/137.0.7151.103 Mobile Safari/537.36 (compatible; Googlebot/2.1; +http://www.google.com/bot.html)"
213.180.203.33 - - [20/Jul/2025:21:05:17 +0000] "GET /robots.txt HTTP/1.1" 200 316 "-" "Mozilla/5.0 (compatible; YandexBot/3.0; +http://yandex.com/bots)"
209.74.77.214 - - [20/Jul/2025:21:05:21 +0000] "POST /wp-cron.php?doing_wp_cron=1753045521.9056038856506347656250 HTTP/1.1" 200 - "-" "WordPress/6.8.2; https://muzza.fit"
213.180.203.116 - - [20/Jul/2025:21:05:18 +0000] "GET /p/china80101111?id=117369 HTTP/1.1" 200 23182 "-" "Mozilla/5.0 (compatible; YandexBot/3.0; +http://yandex.com/bots)"
95.108.213.196 - - [20/Jul/2025:21:05:34 +0000] "GET /recollection.php?shopdetail/24571283 HTTP/1.1" 200 - "-" "Mozilla/5.0 (compatible; YandexBot/3.0; +http://yandex.com/bots)"
5.255.231.156 - - [20/Jul/2025:21:05:34 +0000] "GET /recollection.php?shopdetail/161776483 HTTP/1.1" 200 - "-" "Mozilla/5.0 (compatible; YandexBot/3.0; +http://yandex.com/bots)"
209.74.77.214 - - [20/Jul/2025:21:06:09 +0000] "POST /wp-cron.php?doing_wp_cron=1753045569.7319920063018798828125 HTTP/1.1" 200 - "-" "WordPress/6.8.2; https://muzza.fit"
66.249.73.164 - - [20/Jul/2025:21:06:09 +0000] "GET /p/strok21531257?id=1547515 HTTP/1.1" 200 40109 "-" "Mozilla/5.0 (Linux; Android 6.0.1; Nexus 5X Build/MMB29P) AppleWebKit/537.36 (KHTML, like Gecko) Chrome/137.0.7151.103 Mobile Safari/537.36 (compatible; Googlebot/2.1; +http://www.google.com/bot.html)"
104.168.140.233 - - [20/Jul/2025:21:06:08 +0000] "GET /pages/contact-us/ HTTP/1.1" 200 28472 "-" "Mozilla/5.0 (X11; Linux x86_64) AppleWebKit/537.36 (KHTML, like Gecko) Chrome/114.0.0.0 Safari/537.36 Vivaldi/5.3.2679.68"
104.168.140.233 - - [20/Jul/2025:21:06:12 +0000] "GET /wp-content/plugins/contact-form-7/includes/js/index.js?ver=6.1 HTTP/1.1" 200 4265 "https://muzza.fit/pages/contact-us/" "Mozilla/5.0 (X11; Linux x86_64) AppleWebKit/537.36 (KHTML, like Gecko) Chrome/114.0.0.0 Safari/537.36 Vivaldi/5.3.2679.68"
104.168.140.233 - - [20/Jul/2025:21:06:12 +0000] "POST /wp-json/contact-form-7/v1/contact-forms/7320/feedback HTTP/1.1" 200 298 "https://muzza.fit/pages/contact-us/" "Mozilla/5.0 (X11; Linux x86_64) AppleWebKit/537.36 (KHTML, like Gecko) Chrome/114.0.0.0 Safari/537.36 Vivaldi/5.3.2679.68"
66.249.73.164 - - [20/Jul/2025:21:07:36 +0000] "GET /p/elbow82001743?id=2018001 HTTP/1.1" 200 40005 "-" "Mozilla/5.0 (compatible; Googlebot/2.1; +http://www.google.com/bot.html)"
66.249.73.164 - - [20/Jul/2025:21:07:52 +0000] "GET /p/ficti20661425?id=677683 HTTP/1.1" 200 40568 "-" "Mozilla/5.0 (Linux; Android 6.0.1; Nexus 5X Build/MMB29P) AppleWebKit/537.36 (KHTML, like Gecko) Chrome/137.0.7151.103 Mobile Safari/537.36 (compatible; Googlebot/2.1; +http://www.google.com/bot.html)"
66.249.73.163 - - [20/Jul/2025:21:08:23 +0000] "GET /p/tonig22284377?id=2300635 HTTP/1.1" 200 39858 "-" "Mozilla/5.0 (Linux; Android 6.0.1; Nexus 5X Build/MMB29P) AppleWebKit/537.36 (KHTML, like Gecko) Chrome/137.0.7151.103 Mobile Safari/537.36 (compatible; Googlebot/2.1; +http://www.google.com/bot.html)"
66.249.73.163 - - [20/Jul/2025:21:08:25 +0000] "POST /get-message-notify HTTP/1.1" 200 40082 "https://muzza.fit/p/tonig22284377?id=2300635" "Mozilla/5.0 (Linux; Android 6.0.1; Nexus 5X Build/MMB29P) AppleWebKit/537.36 (KHTML, like Gecko) Chrome/137.0.7151.119 Mobile Safari/537.36 (compatible; Googlebot/2.1; +http://www.google.com/bot.html)"
66.249.73.163 - - [20/Jul/2025:21:08:42 +0000] "GET /p/disas80307375?id=323633 HTTP/1.1" 200 40018 "-" "Mozilla/5.0 (compatible; Googlebot/2.1; +http://www.google.com/bot.html)"
209.74.77.214 - - [20/Jul/2025:21:08:54 +0000] "POST /wp-cron.php?doing_wp_cron=1753045734.1958930492401123046875 HTTP/1.1" 200 - "-" "WordPress/6.8.2; https://muzza.fit"
192.111.137.33 - - [20/Jul/2025:21:08:53 +0000] "GET /pages/contact-us/ HTTP/1.1" 200 183643 "-" "Mozilla/5.0 (X11; Linux x86_64) AppleWebKit/537.36 (KHTML, like Gecko) Chrome/114.0.0.0 Safari/537.36 Vivaldi/5.3.2679.68"
192.111.137.33 - - [20/Jul/2025:21:09:01 +0000] "GET /wp-content/plugins/contact-form-7/includes/js/index.js?ver=6.1 HTTP/1.1" 200 13452 "https://muzza.fit/pages/contact-us/" "Mozilla/5.0 (X11; Linux x86_64) AppleWebKit/537.36 (KHTML, like Gecko) Chrome/114.0.0.0 Safari/537.36 Vivaldi/5.3.2679.68"
209.74.77.214 - - [20/Jul/2025:21:09:06 +0000] "POST /wp-cron.php?doing_wp_cron=1753045746.1308059692382812500000 HTTP/1.1" 200 - "-" "WordPress/6.8.2; https://muzza.fit"
192.111.137.33 - - [20/Jul/2025:21:09:05 +0000] "POST /wp-json/contact-form-7/v1/contact-forms/7320/feedback HTTP/1.1" 200 826 "https://muzza.fit/pages/contact-us/" "Mozilla/5.0 (X11; Linux x86_64) AppleWebKit/537.36 (KHTML, like Gecko) Chrome/114.0.0.0 Safari/537.36 Vivaldi/5.3.2679.68"
66.249.73.163 - - [20/Jul/2025:21:09:31 +0000] "GET /p/rich32636074?id=2652332 HTTP/1.1" 200 40153 "-" "Mozilla/5.0 (compatible; Googlebot/2.1; +http://www.google.com/bot.html)"
66.249.73.165 - - [20/Jul/2025:21:11:00 +0000] "GET /p/lad22267665?id=2283923 HTTP/1.1" 200 40172 "-" "Mozilla/5.0 (Linux; Android 6.0.1; Nexus 5X Build/MMB29P) AppleWebKit/537.36 (KHTML, like Gecko) Chrome/137.0.7151.103 Mobile Safari/537.36 (compatible; Googlebot/2.1; +http://www.google.com/bot.html)"
66.249.73.164 - - [20/Jul/2025:21:11:21 +0000] "GET /p/compe52045060?id=2061318 HTTP/1.1" 200 40528 "-" "Mozilla/5.0 (compatible; Googlebot/2.1; +http://www.google.com/bot.html)"
209.74.77.214 - - [20/Jul/2025:21:11:50 +0000] "POST /wp-cron.php?doing_wp_cron=1753045910.5494310855865478515625 HTTP/1.1" 200 - "-" "WordPress/6.8.2; https://muzza.fit"
52.0.105.244 - - [20/Jul/2025:21:11:48 +0000] "GET /category/news/ HTTP/1.1" 200 32941 "-" "Mozilla/5.0 AppleWebKit/537.36 (KHTML, like Gecko; compatible; Amazonbot/0.1; +https://developer.amazon.com/support/amazonbot) Chrome/119.0.6045.214 Safari/537.36"
35.169.240.53 - - [20/Jul/2025:21:11:53 +0000] "GET /wp-content/uploads/2018/09/victor-freitas-569958-unsplash-1-1024x682.jpg HTTP/1.1" 200 148902 "-" "Mozilla/5.0 AppleWebKit/537.36 (KHTML, like Gecko; compatible; Amazonbot/0.1; +https://developer.amazon.com/support/amazonbot) Chrome/119.0.6045.214 Safari/537.36"
18.205.91.101 - - [20/Jul/2025:21:11:57 +0000] "GET /wp-content/uploads/2018/10/fooood-1-1024x1024.jpg HTTP/1.1" 200 162754 "-" "Mozilla/5.0 AppleWebKit/537.36 (KHTML, like Gecko; compatible; Amazonbot/0.1; +https://developer.amazon.com/support/amazonbot) Chrome/119.0.6045.214 Safari/537.36"
66.249.73.163 - - [20/Jul/2025:21:11:58 +0000] "GET /p/thund12559504?id=2575762 HTTP/1.1" 200 40021 "-" "Mozilla/5.0 (compatible; Googlebot/2.1; +http://www.google.com/bot.html)"
184.72.84.154 - - [20/Jul/2025:21:12:01 +0000] "GET /wp-content/uploads/2018/02/scott-webb-22697-unsplash-1-1024x680.jpg HTTP/1.1" 200 50721 "-" "Mozilla/5.0 AppleWebKit/537.36 (KHTML, like Gecko; compatible; Amazonbot/0.1; +https://developer.amazon.com/support/amazonbot) Chrome/119.0.6045.214 Safari/537.36"
34.239.85.139 - - [20/Jul/2025:21:12:05 +0000] "GET /wp-content/uploads/2018/09/justyn-warner-532062-unsplash-1-scaled-847x508.jpg HTTP/1.1" 200 62686 "-" "Mozilla/5.0 AppleWebKit/537.36 (KHTML, like Gecko; compatible; Amazonbot/0.1; +https://developer.amazon.com/support/amazonbot) Chrome/119.0.6045.214 Safari/537.36"
5.255.231.180 - - [20/Jul/2025:21:12:06 +0000] "GET /recollection.php?shopdetail/161776483 HTTP/1.1" 200 - "-" "Mozilla/5.0 (compatible; YandexBot/3.0; +http://yandex.com/bots)"
18.211.148.239 - - [20/Jul/2025:21:12:09 +0000] "GET /wp-content/uploads/2018/09/alora-griffiths-750363-unsplash-1-847x508.jpg HTTP/1.1" 200 70533 "-" "Mozilla/5.0 AppleWebKit/537.36 (KHTML, like Gecko; compatible; Amazonbot/0.1; +https://developer.amazon.com/support/amazonbot) Chrome/119.0.6045.214 Safari/537.36"
34.225.87.80 - - [20/Jul/2025:21:12:13 +0000] "GET /wp-content/uploads/2018/09/justyn-warner-541670-unsplash-1-847x508.jpg HTTP/1.1" 200 80115 "-" "Mozilla/5.0 AppleWebKit/537.36 (KHTML, like Gecko; compatible; Amazonbot/0.1; +https://developer.amazon.com/support/amazonbot) Chrome/119.0.6045.214 Safari/537.36"
66.249.73.164 - - [20/Jul/2025:21:13:29 +0000] "GET /p/toil41587899?id=1604157 HTTP/1.1" 200 41104 "-" "Mozilla/5.0 (Linux; Android 6.0.1; Nexus 5X Build/MMB29P) AppleWebKit/537.36 (KHTML, like Gecko) Chrome/137.0.7151.103 Mobile Safari/537.36 (compatible; Googlebot/2.1; +http://www.google.com/bot.html)"
66.249.73.163 - - [20/Jul/2025:21:14:59 +0000] "GET /p/joint12838416?id=2854674 HTTP/1.1" 200 40162 "-" "Mozilla/5.0 (Linux; Android 6.0.1; Nexus 5X Build/MMB29P) AppleWebKit/537.36 (KHTML, like Gecko) Chrome/137.0.7151.103 Mobile Safari/537.36 (compatible; Googlebot/2.1; +http://www.google.com/bot.html)"
66.249.73.164 - - [20/Jul/2025:21:15:56 +0000] "GET /p/kettl70602870?id=619128 HTTP/1.1" 200 39945 "-" "Mozilla/5.0 (compatible; Googlebot/2.1; +http://www.google.com/bot.html)"
66.249.73.165 - - [20/Jul/2025:21:16:04 +0000] "GET /p/pan60619021?id=635279 HTTP/1.1" 200 40039 "-" "Mozilla/5.0 (Linux; Android 6.0.1; Nexus 5X Build/MMB29P) AppleWebKit/537.36 (KHTML, like Gecko) Chrome/137.0.7151.103 Mobile Safari/537.36 (compatible; Googlebot/2.1; +http://www.google.com/bot.html)"
66.249.73.163 - - [20/Jul/2025:21:16:44 +0000] "GET /p/bookc51673748?id=1690006 HTTP/1.1" 200 40713 "-" "Mozilla/5.0 (compatible; Googlebot/2.1; +http://www.google.com/bot.html)"
66.249.73.165 - - [20/Jul/2025:21:18:34 +0000] "GET /p/guess31925082?id=1941340 HTTP/1.1" 200 40722 "-" "Mozilla/5.0 (compatible; Googlebot/2.1; +http://www.google.com/bot.html)"
66.249.73.163 - - [20/Jul/2025:21:19:12 +0000] "GET /p/desse30993554?id=1009812 HTTP/1.1" 200 40043 "-" "Mozilla/5.0 (Linux; Android 6.0.1; Nexus 5X Build/MMB29P) AppleWebKit/537.36 (KHTML, like Gecko) Chrome/137.0.7151.103 Mobile Safari/537.36 (compatible; Googlebot/2.1; +http://www.google.com/bot.html)"
66.249.73.163 - - [20/Jul/2025:21:19:21 +0000] "GET /p/altho50172276?id=188534 HTTP/1.1" 200 40136 "-" "Mozilla/5.0 (compatible; Googlebot/2.1; +http://www.google.com/bot.html)"
66.249.73.163 - - [20/Jul/2025:21:20:08 +0000] "GET /p/coope11414264?id=1430522 HTTP/1.1" 200 40049 "-" "Mozilla/5.0 (compatible; Googlebot/2.1; +http://www.google.com/bot.html)"
66.249.73.164 - - [20/Jul/2025:21:20:23 +0000] "GET /p/attit52453444?id=2469702 HTTP/1.1" 200 40083 "-" "Mozilla/5.0 (Linux; Android 6.0.1; Nexus 5X Build/MMB29P) AppleWebKit/537.36 (KHTML, like Gecko) Chrome/137.0.7151.103 Mobile Safari/537.36 (compatible; Googlebot/2.1; +http://www.google.com/bot.html)"
66.249.73.164 - - [20/Jul/2025:21:21:54 +0000] "GET /p/bosom61855421?id=1871679 HTTP/1.1" 200 40138 "-" "Mozilla/5.0 (compatible; Googlebot/2.1; +http://www.google.com/bot.html)"
66.249.73.165 - - [20/Jul/2025:21:22:29 +0000] "GET /p/recip12725736?id=2741994 HTTP/1.1" 200 40095 "-" "Mozilla/5.0 (Linux; Android 6.0.1; Nexus 5X Build/MMB29P) AppleWebKit/537.36 (KHTML, like Gecko) Chrome/137.0.7151.103 Mobile Safari/537.36 (compatible; Googlebot/2.1; +http://www.google.com/bot.html)"
66.249.73.163 - - [20/Jul/2025:21:23:28 +0000] "GET /p/choic82528143?id=2544401 HTTP/1.1" 200 40455 "-" "Mozilla/5.0 (Linux; Android 6.0.1; Nexus 5X Build/MMB29P) AppleWebKit/537.36 (KHTML, like Gecko) Chrome/137.0.7151.103 Mobile Safari/537.36 (compatible; Googlebot/2.1; +http://www.google.com/bot.html)"
66.249.73.164 - - [20/Jul/2025:21:23:39 +0000] "GET /p/inste32340946?id=2357204 HTTP/1.1" 200 40982 "-" "Mozilla/5.0 (Linux; Android 6.0.1; Nexus 5X Build/MMB29P) AppleWebKit/537.36 (KHTML, like Gecko) Chrome/137.0.7151.103 Mobile Safari/537.36 (compatible; Googlebot/2.1; +http://www.google.com/bot.html)"
66.249.73.163 - - [20/Jul/2025:21:24:31 +0000] "GET /p/liar11770784?id=1787042 HTTP/1.1" 200 40621 "-" "Mozilla/5.0 (compatible; Googlebot/2.1; +http://www.google.com/bot.html)"
66.249.73.163 - - [20/Jul/2025:21:25:05 +0000] "GET /p/cook72128414?id=2144672 HTTP/1.1" 200 40097 "-" "Mozilla/5.0 (Linux; Android 6.0.1; Nexus 5X Build/MMB29P) AppleWebKit/537.36 (KHTML, like Gecko) Chrome/137.0.7151.103 Mobile Safari/537.36 (compatible; Googlebot/2.1; +http://www.google.com/bot.html)"
66.249.73.163 - - [20/Jul/2025:21:25:24 +0000] "GET /p/page72388670?id=2404928 HTTP/1.1" 200 40065 "-" "Mozilla/5.0 (compatible; Googlebot/2.1; +http://www.google.com/bot.html)"
66.249.73.163 - - [20/Jul/2025:21:25:36 +0000] "GET /p/bulle41714603?id=1730861 HTTP/1.1" 200 41368 "-" "Mozilla/5.0 (compatible; Googlebot/2.1; +http://www.google.com/bot.html)"
66.249.73.165 - - [20/Jul/2025:21:26:01 +0000] "GET /p/despe42959123?id=2975381 HTTP/1.1" 200 40660 "-" "Mozilla/5.0 (compatible; Googlebot/2.1; +http://www.google.com/bot.html)"
66.249.73.165 - - [20/Jul/2025:21:28:29 +0000] "GET /p/arriv60305181?id=321439 HTTP/1.1" 200 39885 "-" "Mozilla/5.0 (Linux; Android 6.0.1; Nexus 5X Build/MMB29P) AppleWebKit/537.36 (KHTML, like Gecko) Chrome/137.0.7151.103 Mobile Safari/537.36 (compatible; Googlebot/2.1; +http://www.google.com/bot.html)"
66.249.73.165 - - [20/Jul/2025:21:31:04 +0000] "GET /p/permi72153462?id=2169720 HTTP/1.1" 200 40718 "-" "Mozilla/5.0 (Linux; Android 6.0.1; Nexus 5X Build/MMB29P) AppleWebKit/537.36 (KHTML, like Gecko) Chrome/137.0.7151.103 Mobile Safari/537.36 (compatible; Googlebot/2.1; +http://www.google.com/bot.html)"
66.249.73.165 - - [20/Jul/2025:21:32:30 +0000] "GET /p/requi42464611?id=2480869 HTTP/1.1" 200 40184 "-" "Mozilla/5.0 (compatible; Googlebot/2.1; +http://www.google.com/bot.html)"
66.249.73.164 - - [20/Jul/2025:21:32:52 +0000] "GET /p/key62976261?id=2992519 HTTP/1.1" 200 40147 "-" "Mozilla/5.0 (compatible; Googlebot/2.1; +http://www.google.com/bot.html)"
66.249.73.164 - - [20/Jul/2025:21:34:20 +0000] "GET /p/gilt32091978?id=2108236 HTTP/1.1" 200 39992 "-" "Mozilla/5.0 (Linux; Android 6.0.1; Nexus 5X Build/MMB29P) AppleWebKit/537.36 (KHTML, like Gecko) Chrome/137.0.7151.103 Mobile Safari/537.36 (compatible; Googlebot/2.1; +http://www.google.com/bot.html)"
209.74.77.214 - - [20/Jul/2025:21:35:48 +0000] "POST /wp-cron.php?doing_wp_cron=1753047348.8541679382324218750000 HTTP/1.1" 200 - "-" "WordPress/6.8.2; https://muzza.fit"
156.228.78.185 - - [20/Jul/2025:21:35:45 +0000] "GET /pages/contact-us/ HTTP/1.1" 200 28470 "-" "Mozilla/5.0 (X11; Ubuntu; Linux i686; rv:114.0) Gecko/20100101 Firefox/114.0"
156.228.109.53 - - [20/Jul/2025:21:35:50 +0000] "GET /wp-content/plugins/contact-form-7/includes/js/index.js?ver=6.1 HTTP/1.1" 200 4265 "https://muzza.fit/pages/contact-us/" "Mozilla/5.0 (X11; Ubuntu; Linux i686; rv:114.0) Gecko/20100101 Firefox/114.0"
156.228.109.53 - - [20/Jul/2025:21:35:53 +0000] "POST /wp-json/contact-form-7/v1/contact-forms/7320/feedback HTTP/1.1" 200 297 "https://muzza.fit/pages/contact-us/" "Mozilla/5.0 (X11; Ubuntu; Linux i686; rv:114.0) Gecko/20100101 Firefox/114.0"
66.249.73.163 - - [20/Jul/2025:21:36:03 +0000] "GET /p/hotel21744673?id=1760931 HTTP/1.1" 200 40170 "-" "Mozilla/5.0 (Linux; Android 6.0.1; Nexus 5X Build/MMB29P) AppleWebKit/537.36 (KHTML, like Gecko) Chrome/137.0.7151.103 Mobile Safari/537.36 (compatible; Googlebot/2.1; +http://www.google.com/bot.html)"
66.249.73.163 - - [20/Jul/2025:21:36:43 +0000] "GET /p/provo51162340?id=1178598 HTTP/1.1" 200 40518 "-" "Mozilla/5.0 (Linux; Android 6.0.1; Nexus 5X Build/MMB29P) AppleWebKit/537.36 (KHTML, like Gecko) Chrome/137.0.7151.103 Mobile Safari/537.36 (compatible; Googlebot/2.1; +http://www.google.com/bot.html)"
66.249.73.163 - - [20/Jul/2025:21:36:52 +0000] "GET /p/exhib80689367?id=705625 HTTP/1.1" 200 40233 "-" "Mozilla/5.0 (compatible; Googlebot/2.1; +http://www.google.com/bot.html)"
66.249.73.163 - - [20/Jul/2025:21:37:15 +0000] "GET /p/canal82862847?id=2879105 HTTP/1.1" 200 40087 "-" "Mozilla/5.0 (Linux; Android 6.0.1; Nexus 5X Build/MMB29P) AppleWebKit/537.36 (KHTML, like Gecko) Chrome/137.0.7151.103 Mobile Safari/537.36 (compatible; Googlebot/2.1; +http://www.google.com/bot.html)"
66.249.73.163 - - [20/Jul/2025:21:38:43 +0000] "GET /p/donke20750905?id=767163 HTTP/1.1" 200 40906 "-" "Mozilla/5.0 (Linux; Android 6.0.1; Nexus 5X Build/MMB29P) AppleWebKit/537.36 (KHTML, like Gecko) Chrome/137.0.7151.103 Mobile Safari/537.36 (compatible; Googlebot/2.1; +http://www.google.com/bot.html)"
66.249.73.164 - - [20/Jul/2025:21:38:52 +0000] "GET /p/third61037221?id=1053479 HTTP/1.1" 200 40158 "-" "Mozilla/5.0 (compatible; Googlebot/2.1; +http://www.google.com/bot.html)"
66.249.73.163 - - [20/Jul/2025:21:38:56 +0000] "GET /p/bloom11690664?id=1706922 HTTP/1.1" 200 40037 "-" "Mozilla/5.0 (Linux; Android 6.0.1; Nexus 5X Build/MMB29P) AppleWebKit/537.36 (KHTML, like Gecko) Chrome/137.0.7151.103 Mobile Safari/537.36 (compatible; Googlebot/2.1; +http://www.google.com/bot.html)"
66.249.73.163 - - [20/Jul/2025:21:38:59 +0000] "POST /get-message-notify HTTP/1.1" 200 39983 "https://muzza.fit/p/bloom11690664?id=1706922" "Mozilla/5.0 (Linux; Android 6.0.1; Nexus 5X Build/MMB29P) AppleWebKit/537.36 (KHTML, like Gecko) Chrome/137.0.7151.119 Mobile Safari/537.36 (compatible; Googlebot/2.1; +http://www.google.com/bot.html)"
66.249.73.164 - - [20/Jul/2025:21:40:19 +0000] "GET /p/moody82499983?id=2516241 HTTP/1.1" 200 41340 "-" "Mozilla/5.0 (compatible; Googlebot/2.1; +http://www.google.com/bot.html)"
66.249.73.163 - - [20/Jul/2025:21:41:15 +0000] "GET /p/attit51777444?id=1793702 HTTP/1.1" 200 40091 "-" "Mozilla/5.0 (compatible; Googlebot/2.1; +http://www.google.com/bot.html)"
66.249.73.164 - - [20/Jul/2025:21:44:19 +0000] "GET /p/strap72514774?id=2531032 HTTP/1.1" 200 39998 "-" "Mozilla/5.0 (compatible; Googlebot/2.1; +http://www.google.com/bot.html)"
66.249.73.164 - - [20/Jul/2025:21:44:40 +0000] "GET /p/influ12296864?id=2313122 HTTP/1.1" 200 40293 "-" "Mozilla/5.0 (compatible; Googlebot/2.1; +http://www.google.com/bot.html)"
66.249.73.163 - - [20/Jul/2025:21:46:59 +0000] "GET /p/playe70717806?id=734064 HTTP/1.1" 200 41004 "-" "Mozilla/5.0 (compatible; Googlebot/2.1; +http://www.google.com/bot.html)"
66.249.73.164 - - [20/Jul/2025:21:49:09 +0000] "GET /p/choos32185578?id=2201836 HTTP/1.1" 200 39950 "-" "Mozilla/5.0 (Linux; Android 6.0.1; Nexus 5X Build/MMB29P) AppleWebKit/537.36 (KHTML, like Gecko) Chrome/137.0.7151.103 Mobile Safari/537.36 (compatible; Googlebot/2.1; +http://www.google.com/bot.html)"
66.249.73.163 - - [20/Jul/2025:21:49:26 +0000] "GET /p/lawye12402672?id=2418930 HTTP/1.1" 200 40804 "-" "Mozilla/5.0 (compatible; Googlebot/2.1; +http://www.google.com/bot.html)"
66.249.73.164 - - [20/Jul/2025:21:49:27 +0000] "GET /p/gas70867230?id=883488 HTTP/1.1" 200 40534 "-" "Mozilla/5.0 (compatible; Googlebot/2.1; +http://www.google.com/bot.html)"
