213.180.203.66 - - [20/Jul/2025:19:13:34 +0000] "GET /recollection.php?shopdetail/149536383 HTTP/1.1" 200 - "-" "Mozilla/5.0 (compatible; YandexBot/3.0; +http://yandex.com/bots)"
209.74.77.214 - - [20/Jul/2025:19:13:34 +0000] "POST /wp-cron.php?doing_wp_cron=1753038814.4573249816894531250000 HTTP/1.1" 200 - "-" "WordPress/6.8.2; https://muzza.fit"
87.250.224.232 - - [20/Jul/2025:19:13:34 +0000] "GET /p/impli12182184?id=2198442 HTTP/1.1" 200 23182 "-" "Mozilla/5.0 (compatible; YandexBot/3.0; +http://yandex.com/bots)"
213.180.203.164 - - [20/Jul/2025:19:13:34 +0000] "GET /p/upon52693356?id=2709614 HTTP/1.1" 200 23182 "-" "Mozilla/5.0 (compatible; YandexBot/3.0; +http://yandex.com/bots)"
213.180.203.64 - - [20/Jul/2025:19:13:34 +0000] "GET /recollection.php?shopdetail/264245783 HTTP/1.1" 200 - "-" "Mozilla/5.0 (compatible; YandexBot/3.0; +http://yandex.com/bots)"
213.180.203.39 - - [20/Jul/2025:19:13:35 +0000] "GET /p/britt32011538?id=2027796 HTTP/1.1" 200 23182 "-" "Mozilla/5.0 (compatible; YandexBot/3.0; +http://yandex.com/bots)"
213.180.203.114 - - [20/Jul/2025:19:13:36 +0000] "GET /p/shift62798501?id=2814759 HTTP/1.1" 200 23182 "-" "Mozilla/5.0 (compatible; YandexBot/3.0; +http://yandex.com/bots)"
213.180.203.117 - - [20/Jul/2025:19:13:36 +0000] "GET /recollection.php?shopdetail/108392283 HTTP/1.1" 200 - "-" "Mozilla/5.0 (compatible; YandexBot/3.0; +http://yandex.com/bots)"
213.180.203.14 - - [20/Jul/2025:19:13:37 +0000] "GET /p/label42110547?id=2126805 HTTP/1.1" 200 23182 "-" "Mozilla/5.0 (compatible; YandexBot/3.0; +http://yandex.com/bots)"
213.180.203.174 - - [20/Jul/2025:19:13:37 +0000] "GET /p/honou21707049?id=1723307 HTTP/1.1" 200 23182 "-" "Mozilla/5.0 (compatible; YandexBot/3.0; +http://yandex.com/bots)"
5.255.231.94 - - [20/Jul/2025:19:13:38 +0000] "GET /recollection.php?shopdetail/259888583 HTTP/1.1" 200 - "-" "Mozilla/5.0 (compatible; YandexBot/3.0; +http://yandex.com/bots)"
95.108.213.198 - - [20/Jul/2025:19:13:38 +0000] "GET /p/inexp61799245?id=1815503 HTTP/1.1" 200 23182 "-" "Mozilla/5.0 (compatible; YandexBot/3.0; +http://yandex.com/bots)"
87.250.224.254 - - [20/Jul/2025:19:13:39 +0000] "GET /p/navy71975462?id=1991720 HTTP/1.1" 200 23182 "-" "Mozilla/5.0 (compatible; YandexBot/3.0; +http://yandex.com/bots)"
5.255.231.156 - - [20/Jul/2025:19:13:40 +0000] "GET /p/month31221202?id=1237460 HTTP/1.1" 200 23182 "-" "Mozilla/5.0 (compatible; YandexBot/3.0; +http://yandex.com/bots)"
213.180.203.164 - - [20/Jul/2025:19:13:41 +0000] "GET /p/surf80089687?id=105945 HTTP/1.1" 200 23182 "-" "Mozilla/5.0 (compatible; YandexBot/3.0; +http://yandex.com/bots)"
213.180.203.48 - - [20/Jul/2025:19:13:41 +0000] "GET /p/stair42584411?id=2600669 HTTP/1.1" 200 23182 "-" "Mozilla/5.0 (compatible; YandexBot/3.0; +http://yandex.com/bots)"
5.255.231.112 - - [20/Jul/2025:19:13:41 +0000] "GET /p/flowe12780496?id=2796754 HTTP/1.1" 200 23182 "-" "Mozilla/5.0 (compatible; YandexBot/3.0; +http://yandex.com/bots)"
87.250.224.232 - - [20/Jul/2025:19:13:42 +0000] "GET /p/adapt51497988?id=1514246 HTTP/1.1" 200 23182 "-" "Mozilla/5.0 (compatible; YandexBot/3.0; +http://yandex.com/bots)"
213.180.203.66 - - [20/Jul/2025:19:13:43 +0000] "GET /p/bread11296928?id=1313186 HTTP/1.1" 200 23182 "-" "Mozilla/5.0 (compatible; YandexBot/3.0; +http://yandex.com/bots)"
213.180.203.64 - - [20/Jul/2025:19:13:43 +0000] "GET /p/princ31834122?id=1850380 HTTP/1.1" 200 23182 "-" "Mozilla/5.0 (compatible; YandexBot/3.0; +http://yandex.com/bots)"
213.180.203.39 - - [20/Jul/2025:19:13:44 +0000] "GET /p/opera80980871?id=997129 HTTP/1.1" 200 23182 "-" "Mozilla/5.0 (compatible; YandexBot/3.0; +http://yandex.com/bots)"
213.180.203.114 - - [20/Jul/2025:19:13:44 +0000] "GET /p/basic10508256?id=524514 HTTP/1.1" 200 23182 "-" "Mozilla/5.0 (compatible; YandexBot/3.0; +http://yandex.com/bots)"
213.180.203.117 - - [20/Jul/2025:19:13:45 +0000] "GET /recollection.php?shopdetail/19983783 HTTP/1.1" 200 - "-" "Mozilla/5.0 (compatible; YandexBot/3.0; +http://yandex.com/bots)"
213.180.203.14 - - [20/Jul/2025:19:13:45 +0000] "GET /p/stamp40016019?id=32277 HTTP/1.1" 200 23182 "-" "Mozilla/5.0 (compatible; YandexBot/3.0; +http://yandex.com/bots)"
213.180.203.174 - - [20/Jul/2025:19:13:46 +0000] "GET /p/ferti31402898?id=1419156 HTTP/1.1" 200 23182 "-" "Mozilla/5.0 (compatible; YandexBot/3.0; +http://yandex.com/bots)"
5.255.231.94 - - [20/Jul/2025:19:13:47 +0000] "GET /p/type41053779?id=1070037 HTTP/1.1" 200 23182 "-" "Mozilla/5.0 (compatible; YandexBot/3.0; +http://yandex.com/bots)"
95.108.213.198 - - [20/Jul/2025:19:13:47 +0000] "GET /p/chain71582894?id=1599152 HTTP/1.1" 200 23182 "-" "Mozilla/5.0 (compatible; YandexBot/3.0; +http://yandex.com/bots)"
87.250.224.254 - - [20/Jul/2025:19:13:48 +0000] "GET /recollection.php?shopdetail/146260883 HTTP/1.1" 200 - "-" "Mozilla/5.0 (compatible; YandexBot/3.0; +http://yandex.com/bots)"
5.255.231.156 - - [20/Jul/2025:19:13:48 +0000] "GET /p/intim71639574?id=1655832 HTTP/1.1" 200 23182 "-" "Mozilla/5.0 (compatible; YandexBot/3.0; +http://yandex.com/bots)"
213.180.203.48 - - [20/Jul/2025:19:13:49 +0000] "GET /p/exper71892806?id=1909064 HTTP/1.1" 200 23182 "-" "Mozilla/5.0 (compatible; YandexBot/3.0; +http://yandex.com/bots)"
213.180.203.164 - - [20/Jul/2025:19:13:50 +0000] "GET /p/sour72532974?id=2549232 HTTP/1.1" 200 23182 "-" "Mozilla/5.0 (compatible; YandexBot/3.0; +http://yandex.com/bots)"
5.255.231.112 - - [20/Jul/2025:19:13:50 +0000] "GET /p/treat41416851?id=1433109 HTTP/1.1" 200 23182 "-" "Mozilla/5.0 (compatible; YandexBot/3.0; +http://yandex.com/bots)"
87.250.224.232 - - [20/Jul/2025:19:13:51 +0000] "GET /p/playg12981224?id=2997482 HTTP/1.1" 200 23182 "-" "Mozilla/5.0 (compatible; YandexBot/3.0; +http://yandex.com/bots)"
213.180.203.66 - - [20/Jul/2025:19:13:51 +0000] "GET /p/maid52939308?id=2955566 HTTP/1.1" 200 23182 "-" "Mozilla/5.0 (compatible; YandexBot/3.0; +http://yandex.com/bots)"
213.180.203.64 - - [20/Jul/2025:19:13:52 +0000] "GET /recollection.php?shopdetail/224715083 HTTP/1.1" 200 - "-" "Mozilla/5.0 (compatible; YandexBot/3.0; +http://yandex.com/bots)"
213.180.203.39 - - [20/Jul/2025:19:13:53 +0000] "GET /p/prope31568602?id=1584860 HTTP/1.1" 200 23182 "-" "Mozilla/5.0 (compatible; YandexBot/3.0; +http://yandex.com/bots)"
213.180.203.114 - - [20/Jul/2025:19:13:53 +0000] "GET /p/aware10073856?id=90114 HTTP/1.1" 200 23182 "-" "Mozilla/5.0 (compatible; YandexBot/3.0; +http://yandex.com/bots)"
213.180.203.117 - - [20/Jul/2025:19:13:54 +0000] "GET /p/sampl62379461?id=2395719 HTTP/1.1" 200 23182 "-" "Mozilla/5.0 (compatible; YandexBot/3.0; +http://yandex.com/bots)"
213.180.203.14 - - [20/Jul/2025:19:13:54 +0000] "GET /p/undo50419052?id=435310 HTTP/1.1" 200 23182 "-" "Mozilla/5.0 (compatible; YandexBot/3.0; +http://yandex.com/bots)"
213.180.203.174 - - [20/Jul/2025:19:13:55 +0000] "GET /p/heir70775254?id=791512 HTTP/1.1" 200 23182 "-" "Mozilla/5.0 (compatible; YandexBot/3.0; +http://yandex.com/bots)"
5.255.231.94 - - [20/Jul/2025:19:13:55 +0000] "GET /p/draw60125725?id=141983 HTTP/1.1" 200 23182 "-" "Mozilla/5.0 (compatible; YandexBot/3.0; +http://yandex.com/bots)"
95.108.213.198 - - [20/Jul/2025:19:13:56 +0000] "GET /p/suffe30610330?id=626588 HTTP/1.1" 200 23182 "-" "Mozilla/5.0 (compatible; YandexBot/3.0; +http://yandex.com/bots)"
87.250.224.254 - - [20/Jul/2025:19:13:57 +0000] "GET /recollection.php?shopdetail/153528983 HTTP/1.1" 200 - "-" "Mozilla/5.0 (compatible; YandexBot/3.0; +http://yandex.com/bots)"
5.255.231.156 - - [20/Jul/2025:19:13:57 +0000] "GET /p/cord72719198?id=2735456 HTTP/1.1" 200 23182 "-" "Mozilla/5.0 (compatible; YandexBot/3.0; +http://yandex.com/bots)"
213.180.203.48 - - [20/Jul/2025:19:13:58 +0000] "GET /p/gener42917019?id=2933277 HTTP/1.1" 200 23182 "-" "Mozilla/5.0 (compatible; YandexBot/3.0; +http://yandex.com/bots)"
213.180.203.164 - - [20/Jul/2025:19:13:58 +0000] "GET /p/urge61286813?id=1303071 HTTP/1.1" 200 23182 "-" "Mozilla/5.0 (compatible; YandexBot/3.0; +http://yandex.com/bots)"
5.255.231.112 - - [20/Jul/2025:19:13:59 +0000] "GET /p/badmi70747270?id=763528 HTTP/1.1" 200 23182 "-" "Mozilla/5.0 (compatible; YandexBot/3.0; +http://yandex.com/bots)"
87.250.224.232 - - [20/Jul/2025:19:14:00 +0000] "GET /p/vanis61761981?id=1778239 HTTP/1.1" 200 23182 "-" "Mozilla/5.0 (compatible; YandexBot/3.0; +http://yandex.com/bots)"
213.180.203.66 - - [20/Jul/2025:19:14:00 +0000] "GET /p/pipe82138519?id=2154777 HTTP/1.1" 200 23182 "-" "Mozilla/5.0 (compatible; YandexBot/3.0; +http://yandex.com/bots)"
213.180.203.64 - - [20/Jul/2025:19:14:01 +0000] "GET /p/orpha82506575?id=2522833 HTTP/1.1" 200 23182 "-" "Mozilla/5.0 (compatible; YandexBot/3.0; +http://yandex.com/bots)"
213.180.203.39 - - [20/Jul/2025:19:14:01 +0000] "GET /p/pecul70030974?id=47232 HTTP/1.1" 200 23182 "-" "Mozilla/5.0 (compatible; YandexBot/3.0; +http://yandex.com/bots)"
213.180.203.114 - - [20/Jul/2025:19:14:02 +0000] "GET /p/coil70122622?id=138880 HTTP/1.1" 200 23182 "-" "Mozilla/5.0 (compatible; YandexBot/3.0; +http://yandex.com/bots)"
213.180.203.117 - - [20/Jul/2025:19:14:02 +0000] "GET /p/scree71444926?id=1461184 HTTP/1.1" 200 23182 "-" "Mozilla/5.0 (compatible; YandexBot/3.0; +http://yandex.com/bots)"
213.180.203.14 - - [20/Jul/2025:19:14:03 +0000] "GET /p/soon32296994?id=2313252 HTTP/1.1" 200 23182 "-" "Mozilla/5.0 (compatible; YandexBot/3.0; +http://yandex.com/bots)"
209.74.77.214 - - [20/Jul/2025:19:14:04 +0000] "POST /wp-cron.php?doing_wp_cron=1753038844.4524459838867187500000 HTTP/1.1" 200 - "-" "WordPress/6.8.2; https://muzza.fit"
213.180.203.174 - - [20/Jul/2025:19:14:04 +0000] "GET /p/meld40631859?id=648117 HTTP/1.1" 200 23182 "-" "Mozilla/5.0 (compatible; YandexBot/3.0; +http://yandex.com/bots)"
5.255.231.94 - - [20/Jul/2025:19:14:04 +0000] "GET /p/unity12323008?id=2339266 HTTP/1.1" 200 23182 "-" "Mozilla/5.0 (compatible; YandexBot/3.0; +http://yandex.com/bots)"
95.108.213.198 - - [20/Jul/2025:19:14:05 +0000] "GET /p/badmi72563270?id=2579528 HTTP/1.1" 200 23182 "-" "Mozilla/5.0 (compatible; YandexBot/3.0; +http://yandex.com/bots)"
87.250.224.254 - - [20/Jul/2025:19:14:05 +0000] "GET /p/separ71872654?id=1888912 HTTP/1.1" 200 23182 "-" "Mozilla/5.0 (compatible; YandexBot/3.0; +http://yandex.com/bots)"
5.255.231.156 - - [20/Jul/2025:19:14:06 +0000] "GET /p/parli20211601?id=227859 HTTP/1.1" 200 23182 "-" "Mozilla/5.0 (compatible; YandexBot/3.0; +http://yandex.com/bots)"
213.180.203.48 - - [20/Jul/2025:19:14:07 +0000] "GET /p/acre20427457?id=443715 HTTP/1.1" 200 23182 "-" "Mozilla/5.0 (compatible; YandexBot/3.0; +http://yandex.com/bots)"
213.180.203.164 - - [20/Jul/2025:19:14:07 +0000] "GET /p/horri41879795?id=1896053 HTTP/1.1" 200 23182 "-" "Mozilla/5.0 (compatible; YandexBot/3.0; +http://yandex.com/bots)"
5.255.231.112 - - [20/Jul/2025:19:14:08 +0000] "GET /p/reass10722408?id=738666 HTTP/1.1" 200 23182 "-" "Mozilla/5.0 (compatible; YandexBot/3.0; +http://yandex.com/bots)"
87.250.224.232 - - [20/Jul/2025:19:14:08 +0000] "GET /p/thin11045208?id=1061466 HTTP/1.1" 200 23182 "-" "Mozilla/5.0 (compatible; YandexBot/3.0; +http://yandex.com/bots)"
213.180.203.66 - - [20/Jul/2025:19:14:09 +0000] "GET /p/elbow82333743?id=2350001 HTTP/1.1" 200 23182 "-" "Mozilla/5.0 (compatible; YandexBot/3.0; +http://yandex.com/bots)"
213.180.203.64 - - [20/Jul/2025:19:14:10 +0000] "GET /p/consu70309934?id=326192 HTTP/1.1" 200 23182 "-" "Mozilla/5.0 (compatible; YandexBot/3.0; +http://yandex.com/bots)"
213.180.203.39 - - [20/Jul/2025:19:14:10 +0000] "GET /p/gradu80154679?id=170937 HTTP/1.1" 200 23182 "-" "Mozilla/5.0 (compatible; YandexBot/3.0; +http://yandex.com/bots)"
213.180.203.114 - - [20/Jul/2025:19:14:11 +0000] "GET /p/mask50398180?id=414438 HTTP/1.1" 200 23182 "-" "Mozilla/5.0 (compatible; YandexBot/3.0; +http://yandex.com/bots)"
213.180.203.117 - - [20/Jul/2025:19:14:11 +0000] "GET /p/claus32747674?id=2763932 HTTP/1.1" 200 23182 "-" "Mozilla/5.0 (compatible; YandexBot/3.0; +http://yandex.com/bots)"
213.180.203.14 - - [20/Jul/2025:19:14:12 +0000] "GET /p/prior30798370?id=814628 HTTP/1.1" 200 23182 "-" "Mozilla/5.0 (compatible; YandexBot/3.0; +http://yandex.com/bots)"
213.180.203.174 - - [20/Jul/2025:19:14:12 +0000] "GET /p/carbo80295031?id=311289 HTTP/1.1" 200 23182 "-" "Mozilla/5.0 (compatible; YandexBot/3.0; +http://yandex.com/bots)"
5.255.231.94 - - [20/Jul/2025:19:14:13 +0000] "GET /p/weake41450443?id=1466701 HTTP/1.1" 200 23182 "-" "Mozilla/5.0 (compatible; YandexBot/3.0; +http://yandex.com/bots)"
95.108.213.198 - - [20/Jul/2025:19:14:14 +0000] "GET /p/organ51389804?id=1406062 HTTP/1.1" 200 23182 "-" "Mozilla/5.0 (compatible; YandexBot/3.0; +http://yandex.com/bots)"
87.250.224.254 - - [20/Jul/2025:19:14:14 +0000] "GET /p/trap82535623?id=2551881 HTTP/1.1" 200 23182 "-" "Mozilla/5.0 (compatible; YandexBot/3.0; +http://yandex.com/bots)"
5.255.231.156 - - [20/Jul/2025:19:14:15 +0000] "GET /recollection.php?shopdetail/161872483 HTTP/1.1" 200 - "-" "Mozilla/5.0 (compatible; YandexBot/3.0; +http://yandex.com/bots)"
213.180.203.48 - - [20/Jul/2025:19:14:15 +0000] "GET /p/incid71849862?id=1866120 HTTP/1.1" 200 23182 "-" "Mozilla/5.0 (compatible; YandexBot/3.0; +http://yandex.com/bots)"
213.180.203.164 - - [20/Jul/2025:19:14:16 +0000] "GET /p/bed71309198?id=1325456 HTTP/1.1" 200 23182 "-" "Mozilla/5.0 (compatible; YandexBot/3.0; +http://yandex.com/bots)"
5.255.231.112 - - [20/Jul/2025:19:14:17 +0000] "GET /p/culti51766244?id=1782502 HTTP/1.1" 200 23182 "-" "Mozilla/5.0 (compatible; YandexBot/3.0; +http://yandex.com/bots)"
87.250.224.232 - - [20/Jul/2025:19:14:17 +0000] "GET /p/tiff81859895?id=1876153 HTTP/1.1" 200 23182 "-" "Mozilla/5.0 (compatible; YandexBot/3.0; +http://yandex.com/bots)"
213.180.203.66 - - [20/Jul/2025:19:14:18 +0000] "GET /p/cripp80723327?id=739585 HTTP/1.1" 200 23182 "-" "Mozilla/5.0 (compatible; YandexBot/3.0; +http://yandex.com/bots)"
213.180.203.64 - - [20/Jul/2025:19:14:18 +0000] "GET /p/royal80199055?id=215313 HTTP/1.1" 200 23182 "-" "Mozilla/5.0 (compatible; YandexBot/3.0; +http://yandex.com/bots)"
213.180.203.39 - - [20/Jul/2025:19:14:19 +0000] "GET /p/cow81084119?id=1100377 HTTP/1.1" 200 23182 "-" "Mozilla/5.0 (compatible; YandexBot/3.0; +http://yandex.com/bots)"
213.180.203.114 - - [20/Jul/2025:19:14:19 +0000] "GET /p/hoax32799842?id=2816100 HTTP/1.1" 200 23182 "-" "Mozilla/5.0 (compatible; YandexBot/3.0; +http://yandex.com/bots)"
213.180.203.117 - - [20/Jul/2025:19:14:20 +0000] "GET /p/scrat80553863?id=570121 HTTP/1.1" 200 23182 "-" "Mozilla/5.0 (compatible; YandexBot/3.0; +http://yandex.com/bots)"
213.180.203.14 - - [20/Jul/2025:19:14:21 +0000] "GET /p/germ31414594?id=1430852 HTTP/1.1" 200 23182 "-" "Mozilla/5.0 (compatible; YandexBot/3.0; +http://yandex.com/bots)"
213.180.203.174 - - [20/Jul/2025:19:14:21 +0000] "GET /p/title82451703?id=2467961 HTTP/1.1" 200 23182 "-" "Mozilla/5.0 (compatible; YandexBot/3.0; +http://yandex.com/bots)"
5.255.231.94 - - [20/Jul/2025:19:14:22 +0000] "GET /p/celeb40008971?id=25229 HTTP/1.1" 200 23182 "-" "Mozilla/5.0 (compatible; YandexBot/3.0; +http://yandex.com/bots)"
95.108.213.198 - - [20/Jul/2025:19:14:22 +0000] "GET /p/waite42981451?id=2997709 HTTP/1.1" 200 23182 "-" "Mozilla/5.0 (compatible; YandexBot/3.0; +http://yandex.com/bots)"
209.74.77.214 - - [20/Jul/2025:19:14:23 +0000] "POST /wp-cron.php?doing_wp_cron=1753038863.9441099166870117187500 HTTP/1.1" 200 - "-" "WordPress/6.8.2; https://muzza.fit"
87.250.224.254 - - [20/Jul/2025:19:14:23 +0000] "GET /p/stay61904741?id=1920999 HTTP/1.1" 200 23182 "-" "Mozilla/5.0 (compatible; YandexBot/3.0; +http://yandex.com/bots)"
5.255.231.156 - - [20/Jul/2025:19:14:24 +0000] "GET /p/mould71175278?id=1191536 HTTP/1.1" 200 23182 "-" "Mozilla/5.0 (compatible; YandexBot/3.0; +http://yandex.com/bots)"
213.180.203.48 - - [20/Jul/2025:19:14:24 +0000] "GET /p/arriv61885181?id=1901439 HTTP/1.1" 200 23182 "-" "Mozilla/5.0 (compatible; YandexBot/3.0; +http://yandex.com/bots)"
213.180.203.164 - - [20/Jul/2025:19:14:25 +0000] "GET /p/dozen81256303?id=1272561 HTTP/1.1" 200 23182 "-" "Mozilla/5.0 (compatible; YandexBot/3.0; +http://yandex.com/bots)"
5.255.231.112 - - [20/Jul/2025:19:14:25 +0000] "GET /p/audio72223798?id=2240056 HTTP/1.1" 200 23182 "-" "Mozilla/5.0 (compatible; YandexBot/3.0; +http://yandex.com/bots)"
87.250.224.232 - - [20/Jul/2025:19:14:26 +0000] "GET /p/margi31581866?id=1598124 HTTP/1.1" 200 23182 "-" "Mozilla/5.0 (compatible; YandexBot/3.0; +http://yandex.com/bots)"
213.180.203.66 - - [20/Jul/2025:19:14:27 +0000] "GET /p/group22716001?id=2732259 HTTP/1.1" 200 23182 "-" "Mozilla/5.0 (compatible; YandexBot/3.0; +http://yandex.com/bots)"
213.180.203.64 - - [20/Jul/2025:19:14:27 +0000] "GET /p/downl41105827?id=1122085 HTTP/1.1" 200 23182 "-" "Mozilla/5.0 (compatible; YandexBot/3.0; +http://yandex.com/bots)"
213.180.203.39 - - [20/Jul/2025:19:14:28 +0000] "GET /p/let81209375?id=1225633 HTTP/1.1" 200 23182 "-" "Mozilla/5.0 (compatible; YandexBot/3.0; +http://yandex.com/bots)"
213.180.203.114 - - [20/Jul/2025:19:14:28 +0000] "GET /p/domes60990229?id=1006487 HTTP/1.1" 200 23182 "-" "Mozilla/5.0 (compatible; YandexBot/3.0; +http://yandex.com/bots)"
213.180.203.117 - - [20/Jul/2025:19:14:29 +0000] "GET /p/moist22623153?id=2639411 HTTP/1.1" 200 23182 "-" "Mozilla/5.0 (compatible; YandexBot/3.0; +http://yandex.com/bots)"
213.180.203.14 - - [20/Jul/2025:19:14:30 +0000] "GET /p/peopl40385107?id=401365 HTTP/1.1" 200 23182 "-" "Mozilla/5.0 (compatible; YandexBot/3.0; +http://yandex.com/bots)"
213.180.203.174 - - [20/Jul/2025:19:14:30 +0000] "GET /p/cup71788382?id=1804640 HTTP/1.1" 200 23182 "-" "Mozilla/5.0 (compatible; YandexBot/3.0; +http://yandex.com/bots)"
5.255.231.94 - - [20/Jul/2025:19:14:31 +0000] "GET /recollection.php?shopdetail/259456283 HTTP/1.1" 200 - "-" "Mozilla/5.0 (compatible; YandexBot/3.0; +http://yandex.com/bots)"
95.108.213.198 - - [20/Jul/2025:19:14:31 +0000] "GET /recollection.php?shopdetail/27223283 HTTP/1.1" 200 - "-" "Mozilla/5.0 (compatible; YandexBot/3.0; +http://yandex.com/bots)"
87.250.224.254 - - [20/Jul/2025:19:14:32 +0000] "GET /p/tank12250448?id=2266706 HTTP/1.1" 200 23182 "-" "Mozilla/5.0 (compatible; YandexBot/3.0; +http://yandex.com/bots)"
5.255.231.156 - - [20/Jul/2025:19:14:32 +0000] "GET /p/by81641151?id=1657409 HTTP/1.1" 200 23182 "-" "Mozilla/5.0 (compatible; YandexBot/3.0; +http://yandex.com/bots)"
213.180.203.48 - - [20/Jul/2025:19:14:33 +0000] "GET /p/outpu20190665?id=206923 HTTP/1.1" 200 23182 "-" "Mozilla/5.0 (compatible; YandexBot/3.0; +http://yandex.com/bots)"
213.180.203.164 - - [20/Jul/2025:19:14:34 +0000] "GET /p/mutua30630170?id=646428 HTTP/1.1" 200 23182 "-" "Mozilla/5.0 (compatible; YandexBot/3.0; +http://yandex.com/bots)"
5.255.231.112 - - [20/Jul/2025:19:14:34 +0000] "GET /p/estim32194090?id=2210348 HTTP/1.1" 200 23182 "-" "Mozilla/5.0 (compatible; YandexBot/3.0; +http://yandex.com/bots)"
87.250.224.232 - - [20/Jul/2025:19:14:35 +0000] "GET /p/sympt42574219?id=2590477 HTTP/1.1" 200 23182 "-" "Mozilla/5.0 (compatible; YandexBot/3.0; +http://yandex.com/bots)"
213.180.203.66 - - [20/Jul/2025:19:14:35 +0000] "GET /p/salar51771652?id=1787910 HTTP/1.1" 200 23182 "-" "Mozilla/5.0 (compatible; YandexBot/3.0; +http://yandex.com/bots)"
213.180.203.64 - - [20/Jul/2025:19:14:36 +0000] "GET /p/subst11306112?id=1322370 HTTP/1.1" 200 23182 "-" "Mozilla/5.0 (compatible; YandexBot/3.0; +http://yandex.com/bots)"
213.180.203.39 - - [20/Jul/2025:19:14:36 +0000] "GET /p/bogus61465989?id=1482247 HTTP/1.1" 200 23182 "-" "Mozilla/5.0 (compatible; YandexBot/3.0; +http://yandex.com/bots)"
213.180.203.114 - - [20/Jul/2025:19:14:37 +0000] "GET /p/erase41208659?id=1224917 HTTP/1.1" 200 23182 "-" "Mozilla/5.0 (compatible; YandexBot/3.0; +http://yandex.com/bots)"
213.180.203.117 - - [20/Jul/2025:19:14:38 +0000] "GET /p/can80700775?id=717033 HTTP/1.1" 200 23182 "-" "Mozilla/5.0 (compatible; YandexBot/3.0; +http://yandex.com/bots)"
213.180.203.14 - - [20/Jul/2025:19:14:38 +0000] "GET /p/pace21403033?id=1419291 HTTP/1.1" 200 23182 "-" "Mozilla/5.0 (compatible; YandexBot/3.0; +http://yandex.com/bots)"
213.180.203.174 - - [20/Jul/2025:19:14:39 +0000] "GET /p/solut71925486?id=1941744 HTTP/1.1" 200 23182 "-" "Mozilla/5.0 (compatible; YandexBot/3.0; +http://yandex.com/bots)"
5.255.231.94 - - [20/Jul/2025:19:14:39 +0000] "GET /p/file40094755?id=111013 HTTP/1.1" 200 23182 "-" "Mozilla/5.0 (compatible; YandexBot/3.0; +http://yandex.com/bots)"
95.108.213.198 - - [20/Jul/2025:19:14:40 +0000] "GET /p/physi72156958?id=2173216 HTTP/1.1" 200 23182 "-" "Mozilla/5.0 (compatible; YandexBot/3.0; +http://yandex.com/bots)"
87.250.224.254 - - [20/Jul/2025:19:14:41 +0000] "GET /p/execu52014476?id=2030734 HTTP/1.1" 200 23182 "-" "Mozilla/5.0 (compatible; YandexBot/3.0; +http://yandex.com/bots)"
5.255.231.156 - - [20/Jul/2025:19:14:41 +0000] "GET /p/nasty41683579?id=1699837 HTTP/1.1" 200 23182 "-" "Mozilla/5.0 (compatible; YandexBot/3.0; +http://yandex.com/bots)"
213.180.203.48 - - [20/Jul/2025:19:14:42 +0000] "GET /recollection.php?shopdetail/71113383 HTTP/1.1" 200 - "-" "Mozilla/5.0 (compatible; YandexBot/3.0; +http://yandex.com/bots)"
213.180.203.164 - - [20/Jul/2025:19:14:42 +0000] "GET /p/roll82386535?id=2402793 HTTP/1.1" 200 23182 "-" "Mozilla/5.0 (compatible; YandexBot/3.0; +http://yandex.com/bots)"
5.255.231.112 - - [20/Jul/2025:19:14:43 +0000] "GET /p/oxyge11983712?id=1999970 HTTP/1.1" 200 23182 "-" "Mozilla/5.0 (compatible; YandexBot/3.0; +http://yandex.com/bots)"
87.250.224.232 - - [20/Jul/2025:19:14:44 +0000] "GET /p/cauti12514032?id=2530290 HTTP/1.1" 200 23182 "-" "Mozilla/5.0 (compatible; YandexBot/3.0; +http://yandex.com/bots)"
213.180.203.66 - - [20/Jul/2025:19:14:44 +0000] "GET /p/copyr52403740?id=2419998 HTTP/1.1" 200 23182 "-" "Mozilla/5.0 (compatible; YandexBot/3.0; +http://yandex.com/bots)"
213.180.203.64 - - [20/Jul/2025:19:14:45 +0000] "GET /p/proof40383619?id=399877 HTTP/1.1" 200 23182 "-" "Mozilla/5.0 (compatible; YandexBot/3.0; +http://yandex.com/bots)"
213.180.203.39 - - [20/Jul/2025:19:14:45 +0000] "GET /p/avow61243821?id=1260079 HTTP/1.1" 200 23182 "-" "Mozilla/5.0 (compatible; YandexBot/3.0; +http://yandex.com/bots)"
213.180.203.114 - - [20/Jul/2025:19:14:46 +0000] "GET /p/heal42530803?id=2547061 HTTP/1.1" 200 23182 "-" "Mozilla/5.0 (compatible; YandexBot/3.0; +http://yandex.com/bots)"
213.180.203.117 - - [20/Jul/2025:19:14:46 +0000] "GET /p/depri21874361?id=1890619 HTTP/1.1" 200 23182 "-" "Mozilla/5.0 (compatible; YandexBot/3.0; +http://yandex.com/bots)"
213.180.203.14 - - [20/Jul/2025:19:14:47 +0000] "GET /p/ancie60285117?id=301375 HTTP/1.1" 200 23182 "-" "Mozilla/5.0 (compatible; YandexBot/3.0; +http://yandex.com/bots)"
213.180.203.174 - - [20/Jul/2025:19:14:48 +0000] "GET /p/meado32154514?id=2170772 HTTP/1.1" 200 23182 "-" "Mozilla/5.0 (compatible; YandexBot/3.0; +http://yandex.com/bots)"
5.255.231.94 - - [20/Jul/2025:19:14:48 +0000] "GET /p/mostl71907590?id=1923848 HTTP/1.1" 200 23182 "-" "Mozilla/5.0 (compatible; YandexBot/3.0; +http://yandex.com/bots)"
95.108.213.198 - - [20/Jul/2025:19:14:49 +0000] "GET /recollection.php?shopdetail/75332283 HTTP/1.1" 200 - "-" "Mozilla/5.0 (compatible; YandexBot/3.0; +http://yandex.com/bots)"
87.250.224.254 - - [20/Jul/2025:19:14:49 +0000] "GET /p/learn42160667?id=2176925 HTTP/1.1" 200 23182 "-" "Mozilla/5.0 (compatible; YandexBot/3.0; +http://yandex.com/bots)"
5.255.231.156 - - [20/Jul/2025:19:14:50 +0000] "GET /recollection.php?shopdetail/214325183 HTTP/1.1" 200 - "-" "Mozilla/5.0 (compatible; YandexBot/3.0; +http://yandex.com/bots)"
213.180.203.48 - - [20/Jul/2025:19:14:51 +0000] "GET /p/condi70033006?id=49264 HTTP/1.1" 200 23182 "-" "Mozilla/5.0 (compatible; YandexBot/3.0; +http://yandex.com/bots)"
209.74.77.214 - - [20/Jul/2025:19:15:08 +0000] "POST /wp-cron.php?doing_wp_cron=1753038908.1817109584808349609375 HTTP/1.1" 200 - "-" "WordPress/6.8.2; https://muzza.fit"
213.180.203.164 - - [20/Jul/2025:19:15:07 +0000] "GET /p/noble21471497?id=1487755 HTTP/1.1" 200 23182 "-" "Mozilla/5.0 (compatible; YandexBot/3.0; +http://yandex.com/bots)"
5.255.231.112 - - [20/Jul/2025:19:15:07 +0000] "GET /p/sew30375106?id=391364 HTTP/1.1" 200 23182 "-" "Mozilla/5.0 (compatible; YandexBot/3.0; +http://yandex.com/bots)"
213.180.203.66 - - [20/Jul/2025:19:15:08 +0000] "GET /p/poem81756879?id=1773137 HTTP/1.1" 200 23182 "-" "Mozilla/5.0 (compatible; YandexBot/3.0; +http://yandex.com/bots)"
213.180.203.64 - - [20/Jul/2025:19:15:08 +0000] "GET /p/cash62351485?id=2367743 HTTP/1.1" 200 23182 "-" "Mozilla/5.0 (compatible; YandexBot/3.0; +http://yandex.com/bots)"
87.250.224.232 - - [20/Jul/2025:19:15:08 +0000] "GET /p/hosti70862822?id=879080 HTTP/1.1" 200 23182 "-" "Mozilla/5.0 (compatible; YandexBot/3.0; +http://yandex.com/bots)"
213.180.203.39 - - [20/Jul/2025:19:15:08 +0000] "GET /p/cd70769142?id=785400 HTTP/1.1" 200 23182 "-" "Mozilla/5.0 (compatible; YandexBot/3.0; +http://yandex.com/bots)"
213.180.203.114 - - [20/Jul/2025:19:15:09 +0000] "GET /recollection.php?shopdetail/24571283 HTTP/1.1" 200 - "-" "Mozilla/5.0 (compatible; YandexBot/3.0; +http://yandex.com/bots)"
213.180.203.117 - - [20/Jul/2025:19:15:10 +0000] "GET /recollection.php?shopdetail/372483 HTTP/1.1" 200 - "-" "Mozilla/5.0 (compatible; YandexBot/3.0; +http://yandex.com/bots)"
213.180.203.14 - - [20/Jul/2025:19:15:10 +0000] "GET /p/centr72104118?id=2120376 HTTP/1.1" 200 23182 "-" "Mozilla/5.0 (compatible; YandexBot/3.0; +http://yandex.com/bots)"
213.180.203.174 - - [20/Jul/2025:19:15:11 +0000] "GET /p/insis20993289?id=1009547 HTTP/1.1" 200 23182 "-" "Mozilla/5.0 (compatible; YandexBot/3.0; +http://yandex.com/bots)"
66.249.73.165 - - [20/Jul/2025:19:15:11 +0000] "GET /p/depth51551500?id=1567758 HTTP/1.1" 200 40007 "-" "Mozilla/5.0 (Linux; Android 6.0.1; Nexus 5X Build/MMB29P) AppleWebKit/537.36 (KHTML, like Gecko) Chrome/137.0.7151.103 Mobile Safari/537.36 (compatible; Googlebot/2.1; +http://www.google.com/bot.html)"
5.255.231.94 - - [20/Jul/2025:19:15:11 +0000] "GET /p/maze32123858?id=2140116 HTTP/1.1" 200 23182 "-" "Mozilla/5.0 (compatible; YandexBot/3.0; +http://yandex.com/bots)"
95.108.213.198 - - [20/Jul/2025:19:15:12 +0000] "GET /p/remem70828262?id=844520 HTTP/1.1" 200 23182 "-" "Mozilla/5.0 (compatible; YandexBot/3.0; +http://yandex.com/bots)"
87.250.224.254 - - [20/Jul/2025:19:15:13 +0000] "GET /p/elast22690529?id=2706787 HTTP/1.1" 200 23182 "-" "Mozilla/5.0 (compatible; YandexBot/3.0; +http://yandex.com/bots)"
5.255.231.156 - - [20/Jul/2025:19:15:13 +0000] "GET /p/divor60230725?id=246983 HTTP/1.1" 200 23182 "-" "Mozilla/5.0 (compatible; YandexBot/3.0; +http://yandex.com/bots)"
213.180.203.48 - - [20/Jul/2025:19:15:14 +0000] "GET /p/entry82007127?id=2023385 HTTP/1.1" 200 23182 "-" "Mozilla/5.0 (compatible; YandexBot/3.0; +http://yandex.com/bots)"
213.180.203.164 - - [20/Jul/2025:19:15:14 +0000] "GET /recollection.php?shopdetail/236872483 HTTP/1.1" 200 - "-" "Mozilla/5.0 (compatible; YandexBot/3.0; +http://yandex.com/bots)"
5.255.231.112 - - [20/Jul/2025:19:15:15 +0000] "GET /recollection.php?shopdetail/108934783 HTTP/1.1" 200 - "-" "Mozilla/5.0 (compatible; YandexBot/3.0; +http://yandex.com/bots)"
87.250.224.232 - - [20/Jul/2025:19:15:15 +0000] "GET /p/bankr40858371?id=874629 HTTP/1.1" 200 23182 "-" "Mozilla/5.0 (compatible; YandexBot/3.0; +http://yandex.com/bots)"
213.180.203.66 - - [20/Jul/2025:19:15:16 +0000] "GET /p/backg60893237?id=909495 HTTP/1.1" 200 23182 "-" "Mozilla/5.0 (compatible; YandexBot/3.0; +http://yandex.com/bots)"
66.249.73.163 - - [20/Jul/2025:19:15:16 +0000] "GET /p/think70713390?id=729648 HTTP/1.1" 200 40171 "-" "Mozilla/5.0 (compatible; Googlebot/2.1; +http://www.google.com/bot.html)"
213.180.203.64 - - [20/Jul/2025:19:15:17 +0000] "GET /p/sprin61021013?id=1037271 HTTP/1.1" 200 23182 "-" "Mozilla/5.0 (compatible; YandexBot/3.0; +http://yandex.com/bots)"
213.180.203.39 - - [20/Jul/2025:19:15:17 +0000] "GET /p/direc71428046?id=1444304 HTTP/1.1" 200 23182 "-" "Mozilla/5.0 (compatible; YandexBot/3.0; +http://yandex.com/bots)"
213.180.203.114 - - [20/Jul/2025:19:15:18 +0000] "GET /p/tired40024291?id=40549 HTTP/1.1" 200 23182 "-" "Mozilla/5.0 (compatible; YandexBot/3.0; +http://yandex.com/bots)"
209.74.77.214 - - [20/Jul/2025:19:15:40 +0000] "POST /wp-cron.php?doing_wp_cron=1753038940.0348150730133056640625 HTTP/1.1" 200 - "-" "WordPress/6.8.2; https://muzza.fit"
213.180.203.174 - - [20/Jul/2025:19:15:39 +0000] "GET /p/unfor20839689?id=855947 HTTP/1.1" 200 23182 "-" "Mozilla/5.0 (compatible; YandexBot/3.0; +http://yandex.com/bots)"
213.180.203.14 - - [20/Jul/2025:19:15:39 +0000] "GET /p/obsta60841821?id=858079 HTTP/1.1" 200 23182 "-" "Mozilla/5.0 (compatible; YandexBot/3.0; +http://yandex.com/bots)"
5.255.231.94 - - [20/Jul/2025:19:15:39 +0000] "GET /p/parti21277433?id=1293691 HTTP/1.1" 200 23182 "-" "Mozilla/5.0 (compatible; YandexBot/3.0; +http://yandex.com/bots)"
213.180.203.117 - - [20/Jul/2025:19:15:40 +0000] "GET /p/typew30955042?id=971300 HTTP/1.1" 200 23182 "-" "Mozilla/5.0 (compatible; YandexBot/3.0; +http://yandex.com/bots)"
95.108.213.198 - - [20/Jul/2025:19:15:40 +0000] "GET /p/commu61308317?id=1324575 HTTP/1.1" 200 23182 "-" "Mozilla/5.0 (compatible; YandexBot/3.0; +http://yandex.com/bots)"
87.250.224.254 - - [20/Jul/2025:19:15:40 +0000] "GET /p/sky32968786?id=2985044 HTTP/1.1" 200 23182 "-" "Mozilla/5.0 (compatible; YandexBot/3.0; +http://yandex.com/bots)"
5.255.231.156 - - [20/Jul/2025:19:15:41 +0000] "GET /recollection.php?shopdetail/194194183 HTTP/1.1" 200 - "-" "Mozilla/5.0 (compatible; YandexBot/3.0; +http://yandex.com/bots)"
209.74.77.214 - - [20/Jul/2025:19:15:42 +0000] "POST /wp-cron.php?doing_wp_cron=1753038942.6012380123138427734375 HTTP/1.1" 200 - "-" "WordPress/6.8.2; https://muzza.fit"
213.180.203.48 - - [20/Jul/2025:19:15:42 +0000] "GET /p/cheat51972124?id=1988382 HTTP/1.1" 200 23182 "-" "Mozilla/5.0 (compatible; YandexBot/3.0; +http://yandex.com/bots)"
213.180.203.164 - - [20/Jul/2025:19:15:42 +0000] "GET /p/golf70263638?id=279896 HTTP/1.1" 200 23182 "-" "Mozilla/5.0 (compatible; YandexBot/3.0; +http://yandex.com/bots)"
5.255.231.112 - - [20/Jul/2025:19:15:43 +0000] "GET /p/silen72588590?id=2604848 HTTP/1.1" 200 23182 "-" "Mozilla/5.0 (compatible; YandexBot/3.0; +http://yandex.com/bots)"
87.250.224.232 - - [20/Jul/2025:19:15:43 +0000] "GET /p/kitch21412177?id=1428435 HTTP/1.1" 200 23182 "-" "Mozilla/5.0 (compatible; YandexBot/3.0; +http://yandex.com/bots)"
213.180.203.66 - - [20/Jul/2025:19:15:44 +0000] "GET /p/chase22669385?id=2685643 HTTP/1.1" 200 23182 "-" "Mozilla/5.0 (compatible; YandexBot/3.0; +http://yandex.com/bots)"
213.180.203.64 - - [20/Jul/2025:19:15:45 +0000] "GET /p/club60365213?id=381471 HTTP/1.1" 200 23182 "-" "Mozilla/5.0 (compatible; YandexBot/3.0; +http://yandex.com/bots)"
213.180.203.39 - - [20/Jul/2025:19:15:45 +0000] "GET /p/exam31869562?id=1885820 HTTP/1.1" 200 23182 "-" "Mozilla/5.0 (compatible; YandexBot/3.0; +http://yandex.com/bots)"
213.180.203.114 - - [20/Jul/2025:19:15:46 +0000] "GET /p/basic12764256?id=2780514 HTTP/1.1" 200 23182 "-" "Mozilla/5.0 (compatible; YandexBot/3.0; +http://yandex.com/bots)"
213.180.203.117 - - [20/Jul/2025:19:15:47 +0000] "GET /p/onto41039419?id=1055677 HTTP/1.1" 200 23182 "-" "Mozilla/5.0 (compatible; YandexBot/3.0; +http://yandex.com/bots)"
213.180.203.14 - - [20/Jul/2025:19:15:47 +0000] "GET /p/smoot61568141?id=1584399 HTTP/1.1" 200 23182 "-" "Mozilla/5.0 (compatible; YandexBot/3.0; +http://yandex.com/bots)"
213.180.203.174 - - [20/Jul/2025:19:15:47 +0000] "GET /p/chick42544387?id=2560645 HTTP/1.1" 200 23182 "-" "Mozilla/5.0 (compatible; YandexBot/3.0; +http://yandex.com/bots)"
66.249.73.163 - - [20/Jul/2025:19:15:48 +0000] "GET /p/born61304541?id=1320799 HTTP/1.1" 200 39943 "-" "Mozilla/5.0 (Linux; Android 6.0.1; Nexus 5X Build/MMB29P) AppleWebKit/537.36 (KHTML, like Gecko) Chrome/137.0.7151.103 Mobile Safari/537.36 (compatible; Googlebot/2.1; +http://www.google.com/bot.html)"
5.255.231.94 - - [20/Jul/2025:19:15:48 +0000] "GET /p/tutor21921361?id=1937619 HTTP/1.1" 200 23182 "-" "Mozilla/5.0 (compatible; YandexBot/3.0; +http://yandex.com/bots)"
95.108.213.198 - - [20/Jul/2025:19:15:49 +0000] "GET /p/battl60034333?id=50591 HTTP/1.1" 200 23182 "-" "Mozilla/5.0 (compatible; YandexBot/3.0; +http://yandex.com/bots)"
87.250.224.254 - - [20/Jul/2025:19:15:49 +0000] "GET /p/lens50167612?id=183870 HTTP/1.1" 200 23182 "-" "Mozilla/5.0 (compatible; YandexBot/3.0; +http://yandex.com/bots)"
17.22.253.54 - - [20/Jul/2025:19:15:53 +0000] "GET /wp-content/plugins/js_composer/assets/lib/bower/font-awesome/css/v4-shims.min.css?ver=7.6 HTTP/1.1" 200 4260 "https://muzza.fit/timetable/column/monday/" "Mozilla/5.0 (Macintosh; Intel Mac OS X 10_15_7) AppleWebKit/605.1.15 (KHTML, like Gecko) Version/17.4 Safari/605.1.15 (Applebot/0.1; +http://www.apple.com/go/applebot)"
17.22.237.44 - - [20/Jul/2025:19:15:53 +0000] "GET /wp-content/plugins/wolf-custom-post-meta/assets/css/wcpm.min.css?ver=1.0.3 HTTP/1.1" 200 37 "https://muzza.fit/timetable/column/monday/" "Mozilla/5.0 (Macintosh; Intel Mac OS X 10_15_7) AppleWebKit/605.1.15 (KHTML, like Gecko) Version/17.4 Safari/605.1.15 (Applebot/0.1; +http://www.apple.com/go/applebot)"
17.22.237.76 - - [20/Jul/2025:19:15:54 +0000] "GET /wp-content/plugins/js_composer/assets/lib/bower/font-awesome/css/all.min.css?ver=7.6 HTTP/1.1" 200 12195 "https://muzza.fit/timetable/column/monday/" "Mozilla/5.0 (Macintosh; Intel Mac OS X 10_15_7) AppleWebKit/605.1.15 (KHTML, like Gecko) Version/17.4 Safari/605.1.15 (Applebot/0.1; +http://www.apple.com/go/applebot)"
17.22.237.64 - - [20/Jul/2025:19:15:54 +0000] "GET /wp-content/plugins/instagram-feed/css/sbi-styles.min.css?ver=6.9.1 HTTP/1.1" 200 8799 "https://muzza.fit/timetable/column/monday/" "Mozilla/5.0 (Macintosh; Intel Mac OS X 10_15_7) AppleWebKit/605.1.15 (KHTML, like Gecko) Version/17.4 Safari/605.1.15 (Applebot/0.1; +http://www.apple.com/go/applebot)"
17.22.237.133 - - [20/Jul/2025:19:15:55 +0000] "GET /wp-content/plugins/contact-form-7/includes/css/styles.css?ver=6.1 HTTP/1.1" 200 1031 "https://muzza.fit/timetable/column/monday/" "Mozilla/5.0 (Macintosh; Intel Mac OS X 10_15_7) AppleWebKit/605.1.15 (KHTML, like Gecko) Version/17.4 Safari/605.1.15 (Applebot/0.1; +http://www.apple.com/go/applebot)"
17.22.237.44 - - [20/Jul/2025:19:15:55 +0000] "GET /wp-content/plugins/variation-swatches-for-woocommerce/assets/css/frontend.css?ver=1.1.5 HTTP/1.1" 200 6414 "https://muzza.fit/timetable/column/monday/" "Mozilla/5.0 (Macintosh; Intel Mac OS X 10_15_7) AppleWebKit/605.1.15 (KHTML, like Gecko) Version/17.4 Safari/605.1.15 (Applebot/0.1; +http://www.apple.com/go/applebot)"
17.22.237.27 - - [20/Jul/2025:19:15:55 +0000] "GET /wp-content/plugins/wolf-woocommerce-quickview/assets/css/quickview.min.css?ver=1.1.5 HTTP/1.1" 200 703 "https://muzza.fit/timetable/column/monday/" "Mozilla/5.0 (Macintosh; Intel Mac OS X 10_15_7) AppleWebKit/605.1.15 (KHTML, like Gecko) Version/17.4 Safari/605.1.15 (Applebot/0.1; +http://www.apple.com/go/applebot)"
17.22.237.76 - - [20/Jul/2025:19:15:56 +0000] "GET /wp-content/plugins/woocommerce/assets/css/brands.css?ver=10.0.2 HTTP/1.1" 200 684 "https://muzza.fit/timetable/column/monday/" "Mozilla/5.0 (Macintosh; Intel Mac OS X 10_15_7) AppleWebKit/605.1.15 (KHTML, like Gecko) Version/17.4 Safari/605.1.15 (Applebot/0.1; +http://www.apple.com/go/applebot)"
17.22.237.64 - - [20/Jul/2025:19:15:56 +0000] "GET /wp-content/themes/deadlift/assets/css/lib/fonts/fontawesome/font-awesome.min.css?ver=1.8.2 HTTP/1.1" 200 6683 "https://muzza.fit/timetable/column/monday/" "Mozilla/5.0 (Macintosh; Intel Mac OS X 10_15_7) AppleWebKit/605.1.15 (KHTML, like Gecko) Version/17.4 Safari/605.1.15 (Applebot/0.1; +http://www.apple.com/go/applebot)"
17.22.237.44 - - [20/Jul/2025:19:15:57 +0000] "GET /wp-content/themes/deadlift/assets/css/lib/fonts/linea-icons/linea-icons.min.css?ver=1.8.2 HTTP/1.1" 200 5904 "https://muzza.fit/timetable/column/monday/" "Mozilla/5.0 (Macintosh; Intel Mac OS X 10_15_7) AppleWebKit/605.1.15 (KHTML, like Gecko) Version/17.4 Safari/605.1.15 (Applebot/0.1; +http://www.apple.com/go/applebot)"
17.22.237.167 - - [20/Jul/2025:19:15:57 +0000] "GET /wp-content/themes/deadlift/assets/css/lib/fonts/socicon/socicon.min.css?ver=1.8.2 HTTP/1.1" 200 2437 "https://muzza.fit/timetable/column/monday/" "Mozilla/5.0 (Macintosh; Intel Mac OS X 10_15_7) AppleWebKit/605.1.15 (KHTML, like Gecko) Version/17.4 Safari/605.1.15 (Applebot/0.1; +http://www.apple.com/go/applebot)"
5.255.231.156 - - [20/Jul/2025:19:15:57 +0000] "GET /p/exclu82230167?id=2246425 HTTP/1.1" 200 23182 "-" "Mozilla/5.0 (compatible; YandexBot/3.0; +http://yandex.com/bots)"
213.180.203.48 - - [20/Jul/2025:19:15:57 +0000] "GET /p/carto82055799?id=2072057 HTTP/1.1" 200 23182 "-" "Mozilla/5.0 (compatible; YandexBot/3.0; +http://yandex.com/bots)"
17.22.237.226 - - [20/Jul/2025:19:15:58 +0000] "GET /wp-content/themes/deadlift/assets/css/lib/fonts/linearicons/linearicons.min.css?ver=1.8.2 HTTP/1.1" 200 1611 "https://muzza.fit/timetable/column/monday/" "Mozilla/5.0 (Macintosh; Intel Mac OS X 10_15_7) AppleWebKit/605.1.15 (KHTML, like Gecko) Version/17.4 Safari/605.1.15 (Applebot/0.1; +http://www.apple.com/go/applebot)"
17.22.245.44 - - [20/Jul/2025:19:15:59 +0000] "GET /wp-includes/js/mediaelement/mediaelementplayer-legacy.min.css?ver=4.2.17 HTTP/1.1" 200 2592 "https://muzza.fit/timetable/column/monday/" "Mozilla/5.0 (Macintosh; Intel Mac OS X 10_15_7) AppleWebKit/605.1.15 (KHTML, like Gecko) Version/17.4 Safari/605.1.15 (Applebot/0.1; +http://www.apple.com/go/applebot)"
213.180.203.164 - - [20/Jul/2025:19:15:58 +0000] "GET /p/snack22710081?id=2726339 HTTP/1.1" 200 23182 "-" "Mozilla/5.0 (compatible; YandexBot/3.0; +http://yandex.com/bots)"
87.250.224.232 - - [20/Jul/2025:19:15:58 +0000] "GET /p/seep82947887?id=2964145 HTTP/1.1" 200 23182 "-" "Mozilla/5.0 (compatible; YandexBot/3.0; +http://yandex.com/bots)"
5.255.231.112 - - [20/Jul/2025:19:15:58 +0000] "GET /p/side81909311?id=1925569 HTTP/1.1" 200 23182 "-" "Mozilla/5.0 (compatible; YandexBot/3.0; +http://yandex.com/bots)"
213.180.203.66 - - [20/Jul/2025:19:15:58 +0000] "GET /p/drag42619171?id=2635429 HTTP/1.1" 200 23182 "-" "Mozilla/5.0 (compatible; YandexBot/3.0; +http://yandex.com/bots)"
17.22.237.241 - - [20/Jul/2025:19:15:59 +0000] "GET /wp-includes/js/mediaelement/wp-mediaelement.min.css?ver=6.8.2 HTTP/1.1" 200 1156 "https://muzza.fit/timetable/column/monday/" "Mozilla/5.0 (Macintosh; Intel Mac OS X 10_15_7) AppleWebKit/605.1.15 (KHTML, like Gecko) Version/17.4 Safari/605.1.15 (Applebot/0.1; +http://www.apple.com/go/applebot)"
17.22.237.76 - - [20/Jul/2025:19:16:00 +0000] "GET /wp-includes/css/dashicons.min.css?ver=6.8.2 HTTP/1.1" 200 35730 "https://muzza.fit/timetable/column/monday/" "Mozilla/5.0 (Macintosh; Intel Mac OS X 10_15_7) AppleWebKit/605.1.15 (KHTML, like Gecko) Version/17.4 Safari/605.1.15 (Applebot/0.1; +http://www.apple.com/go/applebot)"
17.22.237.12 - - [20/Jul/2025:19:16:00 +0000] "GET /wp-content/plugins/mp-timetable/media/css/style.css?ver=2.4.15 HTTP/1.1" 200 1992 "https://muzza.fit/timetable/column/monday/" "Mozilla/5.0 (Macintosh; Intel Mac OS X 10_15_7) AppleWebKit/605.1.15 (KHTML, like Gecko) Version/17.4 Safari/605.1.15 (Applebot/0.1; +http://www.apple.com/go/applebot)"
213.180.203.64 - - [20/Jul/2025:19:15:59 +0000] "GET /p/coin82424847?id=2441105 HTTP/1.1" 200 23182 "-" "Mozilla/5.0 (compatible; YandexBot/3.0; +http://yandex.com/bots)"
213.180.203.39 - - [20/Jul/2025:19:16:00 +0000] "GET /p/eye82085295?id=2101553 HTTP/1.1" 200 23182 "-" "Mozilla/5.0 (compatible; YandexBot/3.0; +http://yandex.com/bots)"
17.22.245.235 - - [20/Jul/2025:19:16:01 +0000] "GET /wp-content/themes/deadlift/assets/css/lib/normalize.min.css?ver=3.0.0 HTTP/1.1" 200 895 "https://muzza.fit/timetable/column/monday/" "Mozilla/5.0 (Macintosh; Intel Mac OS X 10_15_7) AppleWebKit/605.1.15 (KHTML, like Gecko) Version/17.4 Safari/605.1.15 (Applebot/0.1; +http://www.apple.com/go/applebot)"
213.180.203.114 - - [20/Jul/2025:19:16:00 +0000] "GET /p/slap21767737?id=1783995 HTTP/1.1" 200 23182 "-" "Mozilla/5.0 (compatible; YandexBot/3.0; +http://yandex.com/bots)"
17.22.245.23 - - [20/Jul/2025:19:16:01 +0000] "GET /wp-content/plugins/js_composer/assets/lib/flexslider/flexslider.min.css?ver=7.6 HTTP/1.1" 200 1259 "https://muzza.fit/timetable/column/monday/" "Mozilla/5.0 (Macintosh; Intel Mac OS X 10_15_7) AppleWebKit/605.1.15 (KHTML, like Gecko) Version/17.4 Safari/605.1.15 (Applebot/0.1; +http://www.apple.com/go/applebot)"
213.180.203.117 - - [20/Jul/2025:19:16:01 +0000] "GET /p/coppe82755135?id=2771393 HTTP/1.1" 200 23182 "-" "Mozilla/5.0 (compatible; YandexBot/3.0; +http://yandex.com/bots)"
17.22.237.208 - - [20/Jul/2025:19:16:01 +0000] "GET /wp-content/themes/deadlift/assets/css/lib/jquery.fancybox.min.css?ver=3.5.2 HTTP/1.1" 200 3743 "https://muzza.fit/timetable/column/monday/" "Mozilla/5.0 (Macintosh; Intel Mac OS X 10_15_7) AppleWebKit/605.1.15 (KHTML, like Gecko) Version/17.4 Safari/605.1.15 (Applebot/0.1; +http://www.apple.com/go/applebot)"
17.22.237.241 - - [20/Jul/2025:19:16:02 +0000] "GET /wp-content/themes/deadlift/assets/css/main.min.css?ver=1.8.2 HTTP/1.1" 200 78643 "https://muzza.fit/timetable/column/monday/" "Mozilla/5.0 (Macintosh; Intel Mac OS X 10_15_7) AppleWebKit/605.1.15 (KHTML, like Gecko) Version/17.4 Safari/605.1.15 (Applebot/0.1; +http://www.apple.com/go/applebot)"
213.180.203.14 - - [20/Jul/2025:19:16:01 +0000] "GET /p/flap22739969?id=2756227 HTTP/1.1" 200 23182 "-" "Mozilla/5.0 (compatible; YandexBot/3.0; +http://yandex.com/bots)"
213.180.203.174 - - [20/Jul/2025:19:16:02 +0000] "GET /p/xray80457551?id=473809 HTTP/1.1" 200 23182 "-" "Mozilla/5.0 (compatible; YandexBot/3.0; +http://yandex.com/bots)"
17.22.253.118 - - [20/Jul/2025:19:16:03 +0000] "GET /wp-content/themes/deadlift/style.css?ver=1.8.2 HTTP/1.1" 200 487 "https://muzza.fit/timetable/column/monday/" "Mozilla/5.0 (Macintosh; Intel Mac OS X 10_15_7) AppleWebKit/605.1.15 (KHTML, like Gecko) Version/17.4 Safari/605.1.15 (Applebot/0.1; +http://www.apple.com/go/applebot)"
5.255.231.94 - - [20/Jul/2025:19:16:03 +0000] "GET /p/stack32730490?id=2746748 HTTP/1.1" 200 23182 "-" "Mozilla/5.0 (compatible; YandexBot/3.0; +http://yandex.com/bots)"
95.108.213.198 - - [20/Jul/2025:19:16:03 +0000] "GET /recollection.php?shopdetail/213315883 HTTP/1.1" 200 - "-" "Mozilla/5.0 (compatible; YandexBot/3.0; +http://yandex.com/bots)"
17.22.245.23 - - [20/Jul/2025:19:16:04 +0000] "GET /wp-content/plugins/wolf-visual-composer/assets/css/lib/lity.min.css?ver=2.2.2 HTTP/1.1" 200 1015 "https://muzza.fit/timetable/column/monday/" "Mozilla/5.0 (Macintosh; Intel Mac OS X 10_15_7) AppleWebKit/605.1.15 (KHTML, like Gecko) Version/17.4 Safari/605.1.15 (Applebot/0.1; +http://www.apple.com/go/applebot)"
17.22.245.123 - - [20/Jul/2025:19:16:04 +0000] "GET /wp-content/themes/deadlift/assets/css/lib/flickity.min.css?ver=2.3.0 HTTP/1.1" 200 684 "https://muzza.fit/timetable/column/monday/" "Mozilla/5.0 (Macintosh; Intel Mac OS X 10_15_7) AppleWebKit/605.1.15 (KHTML, like Gecko) Version/17.4 Safari/605.1.15 (Applebot/0.1; +http://www.apple.com/go/applebot)"
17.22.237.208 - - [20/Jul/2025:19:16:04 +0000] "GET /wp-content/plugins/wolf-visual-composer/assets/css/wvc.min.css?ver=3.7.21 HTTP/1.1" 200 34035 "https://muzza.fit/timetable/column/monday/" "Mozilla/5.0 (Macintosh; Intel Mac OS X 10_15_7) AppleWebKit/605.1.15 (KHTML, like Gecko) Version/17.4 Safari/605.1.15 (Applebot/0.1; +http://www.apple.com/go/applebot)"
209.74.77.214 - - [20/Jul/2025:19:16:04 +0000] "POST /wp-cron.php?doing_wp_cron=1753038964.5789370536804199218750 HTTP/1.1" 200 - "-" "WordPress/6.8.2; https://muzza.fit"
87.250.224.254 - - [20/Jul/2025:19:16:04 +0000] "GET /p/fur71371646?id=1387904 HTTP/1.1" 200 23182 "-" "Mozilla/5.0 (compatible; YandexBot/3.0; +http://yandex.com/bots)"
5.255.231.156 - - [20/Jul/2025:19:16:04 +0000] "GET /p/eamon61847997?id=1864255 HTTP/1.1" 200 23182 "-" "Mozilla/5.0 (compatible; YandexBot/3.0; +http://yandex.com/bots)"
17.22.237.180 - - [20/Jul/2025:19:16:05 +0000] "GET /wp-content/plugins/wolf-portfolio/assets/css/portfolio.min.css?ver=1.2.4 HTTP/1.1" 200 513 "https://muzza.fit/timetable/column/monday/" "Mozilla/5.0 (Macintosh; Intel Mac OS X 10_15_7) AppleWebKit/605.1.15 (KHTML, like Gecko) Version/17.4 Safari/605.1.15 (Applebot/0.1; +http://www.apple.com/go/applebot)"
213.180.203.48 - - [20/Jul/2025:19:16:05 +0000] "GET /p/trump12814520?id=2830778 HTTP/1.1" 200 23182 "-" "Mozilla/5.0 (compatible; YandexBot/3.0; +http://yandex.com/bots)"
17.22.245.25 - - [20/Jul/2025:19:16:06 +0000] "GET /wp-content/plugins/wolf-videos/assets/css/videos.min.css?ver=1.3.1 HTTP/1.1" 200 1202 "https://muzza.fit/timetable/column/monday/" "Mozilla/5.0 (Macintosh; Intel Mac OS X 10_15_7) AppleWebKit/605.1.15 (KHTML, like Gecko) Version/17.4 Safari/605.1.15 (Applebot/0.1; +http://www.apple.com/go/applebot)"
213.180.203.164 - - [20/Jul/2025:19:16:05 +0000] "GET /p/apolo20923169?id=939427 HTTP/1.1" 200 23182 "-" "Mozilla/5.0 (compatible; YandexBot/3.0; +http://yandex.com/bots)"
17.22.245.81 - - [20/Jul/2025:19:16:06 +0000] "GET /wp-content/plugins/wolf-woocommerce-wishlist/assets/css/wishlist.min.css?ver=1.1.7 HTTP/1.1" 200 353 "https://muzza.fit/timetable/column/monday/" "Mozilla/5.0 (Macintosh; Intel Mac OS X 10_15_7) AppleWebKit/605.1.15 (KHTML, like Gecko) Version/17.4 Safari/605.1.15 (Applebot/0.1; +http://www.apple.com/go/applebot)"
17.22.245.123 - - [20/Jul/2025:19:16:07 +0000] "GET /wp-content/plugins/wolf-visual-composer/assets/css/lib/elegant-icons/elegant-icons.min.css?ver=1.0.0 HTTP/1.1" 200 2606 "https://muzza.fit/timetable/column/monday/" "Mozilla/5.0 (Macintosh; Intel Mac OS X 10_15_7) AppleWebKit/605.1.15 (KHTML, like Gecko) Version/17.4 Safari/605.1.15 (Applebot/0.1; +http://www.apple.com/go/applebot)"
17.22.237.166 - - [20/Jul/2025:19:16:07 +0000] "GET /wp-content/plugins/wolf-visual-composer/assets/css/lib/dripicons/dripicons.min.css?ver=2.0.0 HTTP/1.1" 200 1751 "https://muzza.fit/timetable/column/monday/" "Mozilla/5.0 (Macintosh; Intel Mac OS X 10_15_7) AppleWebKit/605.1.15 (KHTML, like Gecko) Version/17.4 Safari/605.1.15 (Applebot/0.1; +http://www.apple.com/go/applebot)"
17.22.237.180 - - [20/Jul/2025:19:16:08 +0000] "GET /wp-includes/js/jquery/jquery-migrate.min.js?ver=3.4.1 HTTP/1.1" 200 4872 "https://muzza.fit/timetable/column/monday/" "Mozilla/5.0 (Macintosh; Intel Mac OS X 10_15_7) AppleWebKit/605.1.15 (KHTML, like Gecko) Version/17.4 Safari/605.1.15 (Applebot/0.1; +http://www.apple.com/go/applebot)"
17.22.237.100 - - [20/Jul/2025:19:16:08 +0000] "GET /wp-includes/js/jquery/jquery.min.js?ver=3.7.1 HTTP/1.1" 200 30368 "https://muzza.fit/timetable/column/monday/" "Mozilla/5.0 (Macintosh; Intel Mac OS X 10_15_7) AppleWebKit/605.1.15 (KHTML, like Gecko) Version/17.4 Safari/605.1.15 (Applebot/0.1; +http://www.apple.com/go/applebot)"
17.22.245.25 - - [20/Jul/2025:19:16:08 +0000] "GET /wp-content/plugins/wolf-custom-post-meta/assets/js/lib/js.cookie.min.js?ver=2.1.4 HTTP/1.1" 200 987 "https://muzza.fit/timetable/column/monday/" "Mozilla/5.0 (Macintosh; Intel Mac OS X 10_15_7) AppleWebKit/605.1.15 (KHTML, like Gecko) Version/17.4 Safari/605.1.15 (Applebot/0.1; +http://www.apple.com/go/applebot)"
17.22.237.18 - - [20/Jul/2025:19:16:09 +0000] "GET /wp-includes/js/underscore.min.js?ver=1.13.7 HTTP/1.1" 200 7317 "https://muzza.fit/timetable/column/monday/" "Mozilla/5.0 (Macintosh; Intel Mac OS X 10_15_7) AppleWebKit/605.1.15 (KHTML, like Gecko) Version/17.4 Safari/605.1.15 (Applebot/0.1; +http://www.apple.com/go/applebot)"
17.22.253.210 - - [20/Jul/2025:19:16:09 +0000] "GET /wp-includes/js/wp-util.min.js?ver=6.8.2 HTTP/1.1" 200 756 "https://muzza.fit/timetable/column/monday/" "Mozilla/5.0 (Macintosh; Intel Mac OS X 10_15_7) AppleWebKit/605.1.15 (KHTML, like Gecko) Version/17.4 Safari/605.1.15 (Applebot/0.1; +http://www.apple.com/go/applebot)"
17.22.245.226 - - [20/Jul/2025:19:16:10 +0000] "GET /wp-content/plugins/woocommerce/assets/js/frontend/add-to-cart-variation.min.js?ver=10.0.2 HTTP/1.1" 200 3940 "https://muzza.fit/timetable/column/monday/" "Mozilla/5.0 (Macintosh; Intel Mac OS X 10_15_7) AppleWebKit/605.1.15 (KHTML, like Gecko) Version/17.4 Safari/605.1.15 (Applebot/0.1; +http://www.apple.com/go/applebot)"
17.22.237.111 - - [20/Jul/2025:19:16:11 +0000] "GET /wp-content/plugins/woocommerce/assets/js/jquery-blockui/jquery.blockUI.min.js?ver=2.7.0-wc.10.0.2 HTTP/1.1" 200 3537 "https://muzza.fit/timetable/column/monday/" "Mozilla/5.0 (Macintosh; Intel Mac OS X 10_15_7) AppleWebKit/605.1.15 (KHTML, like Gecko) Version/17.4 Safari/605.1.15 (Applebot/0.1; +http://www.apple.com/go/applebot)"
17.22.237.126 - - [20/Jul/2025:19:16:11 +0000] "GET /wp-content/plugins/woocommerce/assets/js/frontend/add-to-cart.min.js?ver=10.0.2 HTTP/1.1" 200 1407 "https://muzza.fit/timetable/column/monday/" "Mozilla/5.0 (Macintosh; Intel Mac OS X 10_15_7) AppleWebKit/605.1.15 (KHTML, like Gecko) Version/17.4 Safari/605.1.15 (Applebot/0.1; +http://www.apple.com/go/applebot)"
17.22.237.180 - - [20/Jul/2025:19:16:11 +0000] "GET /wp-content/plugins/woocommerce/assets/js/frontend/woocommerce.min.js?ver=10.0.2 HTTP/1.1" 200 1532 "https://muzza.fit/timetable/column/monday/" "Mozilla/5.0 (Macintosh; Intel Mac OS X 10_15_7) AppleWebKit/605.1.15 (KHTML, like Gecko) Version/17.4 Safari/605.1.15 (Applebot/0.1; +http://www.apple.com/go/applebot)"
17.22.253.152 - - [20/Jul/2025:19:16:12 +0000] "GET /wp-content/plugins/js_composer/assets/js/vendors/woocommerce-add-to-cart.js?ver=7.6 HTTP/1.1" 200 374 "https://muzza.fit/timetable/column/monday/" "Mozilla/5.0 (Macintosh; Intel Mac OS X 10_15_7) AppleWebKit/605.1.15 (KHTML, like Gecko) Version/17.4 Safari/605.1.15 (Applebot/0.1; +http://www.apple.com/go/applebot)"
17.22.237.184 - - [20/Jul/2025:19:16:12 +0000] "GET /wp-content/plugins/woocommerce/assets/client/blocks/wc-blocks.css?ver=wc-10.0.2 HTTP/1.1" 200 2575 "https://muzza.fit/timetable/column/monday/" "Mozilla/5.0 (Macintosh; Intel Mac OS X 10_15_7) AppleWebKit/605.1.15 (KHTML, like Gecko) Version/17.4 Safari/605.1.15 (Applebot/0.1; +http://www.apple.com/go/applebot)"
