Current File : /home/kelaby89/access-logs/muzza.sixpack.studio-ssl_log |
66.249.79.204 - - [20/Jul/2025:12:07:59 +0000] "GET /p/folk52071556?id=2087814 HTTP/1.1" 200 39888 "-" "Mozilla/5.0 (Linux; Android 6.0.1; Nexus 5X Build/MMB29P) AppleWebKit/537.36 (KHTML, like Gecko) Chrome/137.0.7151.103 Mobile Safari/537.36 (compatible; Googlebot/2.1; +http://www.google.com/bot.html)"
66.249.79.204 - - [20/Jul/2025:12:08:31 +0000] "GET /p/video70564086?id=580344 HTTP/1.1" 200 40002 "-" "Mozilla/5.0 (Linux; Android 6.0.1; Nexus 5X Build/MMB29P) AppleWebKit/537.36 (KHTML, like Gecko) Chrome/137.0.7151.103 Mobile Safari/537.36 (compatible; Googlebot/2.1; +http://www.google.com/bot.html)"
209.74.77.214 - - [20/Jul/2025:12:09:55 +0000] "POST /wp-cron.php?doing_wp_cron=1753013395.9454240798950195312500 HTTP/1.1" 200 - "-" "WordPress/6.8.2; https://muzza.fit"
5.133.192.133 - - [20/Jul/2025:12:09:53 +0000] "GET / HTTP/1.1" 200 37835 "-" "Mozilla/5.0 (Windows NT 10.0; Win64; x64) AppleWebKit/537.36 (KHTML, like Gecko) Chrome/105.0.0.0 Safari/537.36"
5.133.192.133 - - [20/Jul/2025:12:09:58 +0000] "GET /wp-content/uploads/2024/06/cropped-android-chrome-512x512-1-32x32.png HTTP/1.1" 200 1481 "-" "Mozilla/5.0 (Windows NT 10.0; Win64; x64) AppleWebKit/537.36 (KHTML, like Gecko) Chrome/105.0.0.0 Safari/537.36"
66.249.79.205 - - [20/Jul/2025:12:10:15 +0000] "GET /p/packa30520802?id=537060 HTTP/1.1" 200 40342 "-" "Mozilla/5.0 (Linux; Android 6.0.1; Nexus 5X Build/MMB29P) AppleWebKit/537.36 (KHTML, like Gecko) Chrome/137.0.7151.103 Mobile Safari/537.36 (compatible; Googlebot/2.1; +http://www.google.com/bot.html)"
66.249.79.206 - - [20/Jul/2025:12:11:32 +0000] "GET /p/patie71812902?id=1829160 HTTP/1.1" 200 40224 "-" "Mozilla/5.0 (Linux; Android 6.0.1; Nexus 5X Build/MMB29P) AppleWebKit/537.36 (KHTML, like Gecko) Chrome/137.0.7151.103 Mobile Safari/537.36 (compatible; Googlebot/2.1; +http://www.google.com/bot.html)"
66.249.79.204 - - [20/Jul/2025:12:11:39 +0000] "GET /p/virtu31585946?id=1602204 HTTP/1.1" 200 40226 "-" "Mozilla/5.0 (compatible; Googlebot/2.1; +http://www.google.com/bot.html)"
66.249.79.204 - - [20/Jul/2025:12:11:56 +0000] "GET /p/part32672090?id=2688348 HTTP/1.1" 200 40106 "-" "Mozilla/5.0 (compatible; Googlebot/2.1; +http://www.google.com/bot.html)"
66.249.79.206 - - [20/Jul/2025:12:17:17 +0000] "GET /p/disap60681805?id=698063 HTTP/1.1" 200 40248 "-" "Mozilla/5.0 (Linux; Android 6.0.1; Nexus 5X Build/MMB29P) AppleWebKit/537.36 (KHTML, like Gecko) Chrome/137.0.7151.103 Mobile Safari/537.36 (compatible; Googlebot/2.1; +http://www.google.com/bot.html)"
66.249.79.205 - - [20/Jul/2025:12:17:52 +0000] "GET /p/linen10267152?id=283410 HTTP/1.1" 200 40122 "-" "Mozilla/5.0 (Linux; Android 6.0.1; Nexus 5X Build/MMB29P) AppleWebKit/537.36 (KHTML, like Gecko) Chrome/137.0.7151.103 Mobile Safari/537.36 (compatible; Googlebot/2.1; +http://www.google.com/bot.html)"
66.249.79.205 - - [20/Jul/2025:12:17:55 +0000] "POST /get-message-notify HTTP/1.1" 200 40068 "https://muzza.fit/p/linen10267152?id=283410" "Mozilla/5.0 (Linux; Android 6.0.1; Nexus 5X Build/MMB29P) AppleWebKit/537.36 (KHTML, like Gecko) Chrome/137.0.7151.119 Mobile Safari/537.36 (compatible; Googlebot/2.1; +http://www.google.com/bot.html)"
66.249.79.205 - - [20/Jul/2025:12:18:07 +0000] "GET /p/grati61627189?id=1643447 HTTP/1.1" 200 40232 "-" "Mozilla/5.0 (Linux; Android 6.0.1; Nexus 5X Build/MMB29P) AppleWebKit/537.36 (KHTML, like Gecko) Chrome/137.0.7151.103 Mobile Safari/537.36 (compatible; Googlebot/2.1; +http://www.google.com/bot.html)"
66.249.79.205 - - [20/Jul/2025:12:18:14 +0000] "GET /p/plot51891420?id=1907678 HTTP/1.1" 200 40296 "-" "Mozilla/5.0 (compatible; Googlebot/2.1; +http://www.google.com/bot.html)"
66.249.79.204 - - [20/Jul/2025:12:18:40 +0000] "POST /get-message-notify HTTP/1.1" 200 40125 "https://muzza.fit/p/grati61627189?id=1643447" "Mozilla/5.0 (Linux; Android 6.0.1; Nexus 5X Build/MMB29P) AppleWebKit/537.36 (KHTML, like Gecko) Chrome/137.0.7151.119 Mobile Safari/537.36 (compatible; Googlebot/2.1; +http://www.google.com/bot.html)"
66.249.79.204 - - [20/Jul/2025:12:20:39 +0000] "GET /p/fop32951954?id=2968212 HTTP/1.1" 200 39961 "-" "Mozilla/5.0 (Linux; Android 6.0.1; Nexus 5X Build/MMB29P) AppleWebKit/537.36 (KHTML, like Gecko) Chrome/137.0.7151.103 Mobile Safari/537.36 (compatible; Googlebot/2.1; +http://www.google.com/bot.html)"
66.249.79.206 - - [20/Jul/2025:12:23:11 +0000] "GET /p/firem72854782?id=2871040 HTTP/1.1" 200 40017 "-" "Mozilla/5.0 (Linux; Android 6.0.1; Nexus 5X Build/MMB29P) AppleWebKit/537.36 (KHTML, like Gecko) Chrome/137.0.7151.103 Mobile Safari/537.36 (compatible; Googlebot/2.1; +http://www.google.com/bot.html)"
66.249.79.206 - - [20/Jul/2025:12:25:01 +0000] "GET /p/fox62892117?id=2908375 HTTP/1.1" 200 40646 "-" "Mozilla/5.0 (Linux; Android 6.0.1; Nexus 5X Build/MMB29P) AppleWebKit/537.36 (KHTML, like Gecko) Chrome/137.0.7151.103 Mobile Safari/537.36 (compatible; Googlebot/2.1; +http://www.google.com/bot.html)"
66.249.79.204 - - [20/Jul/2025:12:25:43 +0000] "GET /p/garag61885757?id=1902015 HTTP/1.1" 200 40083 "-" "Mozilla/5.0 (Linux; Android 6.0.1; Nexus 5X Build/MMB29P) AppleWebKit/537.36 (KHTML, like Gecko) Chrome/137.0.7151.103 Mobile Safari/537.36 (compatible; Googlebot/2.1; +http://www.google.com/bot.html)"
66.249.79.204 - - [20/Jul/2025:12:26:49 +0000] "GET /p/refin21282337?id=1298595 HTTP/1.1" 200 41335 "-" "Mozilla/5.0 (compatible; Googlebot/2.1; +http://www.google.com/bot.html)"
66.249.79.205 - - [20/Jul/2025:12:28:15 +0000] "GET /p/glare40470987?id=487245 HTTP/1.1" 200 40882 "-" "Mozilla/5.0 (Linux; Android 6.0.1; Nexus 5X Build/MMB29P) AppleWebKit/537.36 (KHTML, like Gecko) Chrome/137.0.7151.103 Mobile Safari/537.36 (compatible; Googlebot/2.1; +http://www.google.com/bot.html)"
66.249.79.204 - - [20/Jul/2025:12:30:48 +0000] "GET /p/soil80599311?id=615569 HTTP/1.1" 200 40216 "-" "Mozilla/5.0 (Linux; Android 6.0.1; Nexus 5X Build/MMB29P) AppleWebKit/537.36 (KHTML, like Gecko) Chrome/137.0.7151.103 Mobile Safari/537.36 (compatible; Googlebot/2.1; +http://www.google.com/bot.html)"
66.249.79.206 - - [20/Jul/2025:12:31:17 +0000] "GET /p/hands70172782?id=189040 HTTP/1.1" 200 40280 "-" "Mozilla/5.0 (compatible; Googlebot/2.1; +http://www.google.com/bot.html)"
66.249.79.204 - - [20/Jul/2025:12:31:43 +0000] "GET /p/typis51107132?id=1123390 HTTP/1.1" 200 41230 "-" "Mozilla/5.0 (Linux; Android 6.0.1; Nexus 5X Build/MMB29P) AppleWebKit/537.36 (KHTML, like Gecko) Chrome/137.0.7151.103 Mobile Safari/537.36 (compatible; Googlebot/2.1; +http://www.google.com/bot.html)"
66.249.79.204 - - [20/Jul/2025:12:33:20 +0000] "GET /p/troop20475577?id=491835 HTTP/1.1" 200 39968 "-" "Mozilla/5.0 (Linux; Android 6.0.1; Nexus 5X Build/MMB29P) AppleWebKit/537.36 (KHTML, like Gecko) Chrome/137.0.7151.103 Mobile Safari/537.36 (compatible; Googlebot/2.1; +http://www.google.com/bot.html)"
66.249.79.204 - - [20/Jul/2025:12:34:14 +0000] "GET /p/sour72476974?id=2493232 HTTP/1.1" 200 40041 "-" "Mozilla/5.0 (Linux; Android 6.0.1; Nexus 5X Build/MMB29P) AppleWebKit/537.36 (KHTML, like Gecko) Chrome/137.0.7151.103 Mobile Safari/537.36 (compatible; Googlebot/2.1; +http://www.google.com/bot.html)"
66.249.79.205 - - [20/Jul/2025:12:34:36 +0000] "GET /p/three11109120?id=1125378 HTTP/1.1" 200 40522 "-" "Mozilla/5.0 (Linux; Android 6.0.1; Nexus 5X Build/MMB29P) AppleWebKit/537.36 (KHTML, like Gecko) Chrome/137.0.7151.103 Mobile Safari/537.36 (compatible; Googlebot/2.1; +http://www.google.com/bot.html)"
66.249.79.204 - - [20/Jul/2025:12:35:52 +0000] "GET /p/sidew80434279?id=450537 HTTP/1.1" 200 39806 "-" "Mozilla/5.0 (Linux; Android 6.0.1; Nexus 5X Build/MMB29P) AppleWebKit/537.36 (KHTML, like Gecko) Chrome/137.0.7151.103 Mobile Safari/537.36 (compatible; Googlebot/2.1; +http://www.google.com/bot.html)"
66.249.79.204 - - [20/Jul/2025:12:36:46 +0000] "GET /p/londo30509314?id=525572 HTTP/1.1" 200 40032 "-" "Mozilla/5.0 (Linux; Android 6.0.1; Nexus 5X Build/MMB29P) AppleWebKit/537.36 (KHTML, like Gecko) Chrome/137.0.7151.103 Mobile Safari/537.36 (compatible; Googlebot/2.1; +http://www.google.com/bot.html)"
66.249.79.204 - - [20/Jul/2025:12:37:09 +0000] "GET /p/along61936053?id=1952311 HTTP/1.1" 200 40658 "-" "Mozilla/5.0 (Linux; Android 6.0.1; Nexus 5X Build/MMB29P) AppleWebKit/537.36 (KHTML, like Gecko) Chrome/137.0.7151.103 Mobile Safari/537.36 (compatible; Googlebot/2.1; +http://www.google.com/bot.html)"
66.249.79.205 - - [20/Jul/2025:12:38:26 +0000] "GET /p/bloom10302664?id=318922 HTTP/1.1" 200 39946 "-" "Mozilla/5.0 (Linux; Android 6.0.1; Nexus 5X Build/MMB29P) AppleWebKit/537.36 (KHTML, like Gecko) Chrome/137.0.7151.103 Mobile Safari/537.36 (compatible; Googlebot/2.1; +http://www.google.com/bot.html)"
66.249.79.205 - - [20/Jul/2025:12:38:31 +0000] "POST /get-message-notify HTTP/1.1" 200 40068 "https://muzza.fit/p/bloom10302664?id=318922" "Mozilla/5.0 (Linux; Android 6.0.1; Nexus 5X Build/MMB29P) AppleWebKit/537.36 (KHTML, like Gecko) Chrome/137.0.7151.119 Mobile Safari/537.36 (compatible; Googlebot/2.1; +http://www.google.com/bot.html)"
66.249.79.204 - - [20/Jul/2025:12:40:23 +0000] "GET /p/renee21047993?id=1064251 HTTP/1.1" 200 39980 "-" "Mozilla/5.0 (Linux; Android 6.0.1; Nexus 5X Build/MMB29P) AppleWebKit/537.36 (KHTML, like Gecko) Chrome/137.0.7151.103 Mobile Safari/537.36 (compatible; Googlebot/2.1; +http://www.google.com/bot.html)"
209.74.77.214 - - [20/Jul/2025:12:45:39 +0000] "POST /wp-cron.php?doing_wp_cron=1753015539.4191479682922363281250 HTTP/1.1" 200 - "-" "WordPress/6.8.2; https://muzza.fit"
98.82.107.102 - - [20/Jul/2025:12:45:37 +0000] "GET /our-services/ HTTP/1.1" 200 32698 "-" "Mozilla/5.0 AppleWebKit/537.36 (KHTML, like Gecko; compatible; Amazonbot/0.1; +https://developer.amazon.com/support/amazonbot) Chrome/119.0.6045.214 Safari/537.36"
100.27.153.9 - - [20/Jul/2025:12:45:41 +0000] "GET /product/construction-pullover/ HTTP/1.1" 200 28309 "-" "Mozilla/5.0 AppleWebKit/537.36 (KHTML, like Gecko; compatible; Amazonbot/0.1; +https://developer.amazon.com/support/amazonbot) Chrome/119.0.6045.214 Safari/537.36"
66.249.79.205 - - [20/Jul/2025:12:46:00 +0000] "GET /p/actua22726961?id=2743219 HTTP/1.1" 200 40099 "-" "Mozilla/5.0 (Linux; Android 6.0.1; Nexus 5X Build/MMB29P) AppleWebKit/537.36 (KHTML, like Gecko) Chrome/137.0.7151.103 Mobile Safari/537.36 (compatible; Googlebot/2.1; +http://www.google.com/bot.html)"
66.249.79.205 - - [20/Jul/2025:12:46:08 +0000] "POST /get-message-notify HTTP/1.1" 200 40012 "https://muzza.fit/p/actua22726961?id=2743219" "Mozilla/5.0 (Linux; Android 6.0.1; Nexus 5X Build/MMB29P) AppleWebKit/537.36 (KHTML, like Gecko) Chrome/137.0.7151.119 Mobile Safari/537.36 (compatible; Googlebot/2.1; +http://www.google.com/bot.html)"
66.249.79.204 - - [20/Jul/2025:12:46:29 +0000] "GET /p/tiger61536981?id=1553239 HTTP/1.1" 200 40171 "-" "Mozilla/5.0 (compatible; Googlebot/2.1; +http://www.google.com/bot.html)"
66.249.79.204 - - [20/Jul/2025:12:49:05 +0000] "GET /shop-2/order-tracking/ HTTP/1.1" 200 40613 "-" "Mozilla/5.0 (Linux; Android 6.0.1; Nexus 5X Build/MMB29P) AppleWebKit/537.36 (KHTML, like Gecko) Chrome/137.0.7151.103 Mobile Safari/537.36 (compatible; Googlebot/2.1; +http://www.google.com/bot.html)"
66.249.79.205 - - [20/Jul/2025:12:50:08 +0000] "GET /cargo/detail HTTP/1.1" 200 40171 "-" "Mozilla/5.0 (Linux; Android 6.0.1; Nexus 5X Build/MMB29P) AppleWebKit/537.36 (KHTML, like Gecko) Chrome/137.0.7151.103 Mobile Safari/537.36 (compatible; Googlebot/2.1; +http://www.google.com/bot.html)"
66.249.79.206 - - [20/Jul/2025:12:51:22 +0000] "GET /p/soup80776519?id=792777 HTTP/1.1" 200 40495 "-" "Mozilla/5.0 (compatible; Googlebot/2.1; +http://www.google.com/bot.html)"
66.249.79.204 - - [20/Jul/2025:12:52:29 +0000] "GET /2018/07/ HTTP/1.1" 200 40272 "-" "Mozilla/5.0 (Linux; Android 6.0.1; Nexus 5X Build/MMB29P) AppleWebKit/537.36 (KHTML, like Gecko) Chrome/137.0.7151.103 Mobile Safari/537.36 (compatible; Googlebot/2.1; +http://www.google.com/bot.html)"
66.249.79.206 - - [20/Jul/2025:12:55:45 +0000] "GET /p/cotto30632098?id=648356 HTTP/1.1" 200 41276 "-" "Mozilla/5.0 (compatible; Googlebot/2.1; +http://www.google.com/bot.html)"
66.249.79.205 - - [20/Jul/2025:12:55:46 +0000] "GET /p/prece70998502?id=1014760 HTTP/1.1" 200 40133 "-" "Mozilla/5.0 (Linux; Android 6.0.1; Nexus 5X Build/MMB29P) AppleWebKit/537.36 (KHTML, like Gecko) Chrome/137.0.7151.103 Mobile Safari/537.36 (compatible; Googlebot/2.1; +http://www.google.com/bot.html)"
66.249.79.204 - - [20/Jul/2025:12:56:56 +0000] "GET /p/termi81129991?id=1146249 HTTP/1.1" 200 40036 "-" "Mozilla/5.0 (compatible; Googlebot/2.1; +http://www.google.com/bot.html)"
66.249.79.204 - - [20/Jul/2025:12:58:26 +0000] "GET /p/addic61978373?id=1994631 HTTP/1.1" 200 40108 "-" "Mozilla/5.0 (Linux; Android 6.0.1; Nexus 5X Build/MMB29P) AppleWebKit/537.36 (KHTML, like Gecko) Chrome/137.0.7151.103 Mobile Safari/537.36 (compatible; Googlebot/2.1; +http://www.google.com/bot.html)"
66.249.79.205 - - [20/Jul/2025:13:01:28 +0000] "GET /p/bush40033363?id=49621 HTTP/1.1" 200 40309 "-" "Mozilla/5.0 (compatible; Googlebot/2.1; +http://www.google.com/bot.html)"
66.249.79.205 - - [20/Jul/2025:13:01:55 +0000] "GET /p/trail60418701?id=434959 HTTP/1.1" 200 40530 "-" "Mozilla/5.0 (Linux; Android 6.0.1; Nexus 5X Build/MMB29P) AppleWebKit/537.36 (KHTML, like Gecko) Chrome/137.0.7151.103 Mobile Safari/537.36 (compatible; Googlebot/2.1; +http://www.google.com/bot.html)"
66.249.79.204 - - [20/Jul/2025:13:02:08 +0000] "GET /p/prosp20362241?id=378499 HTTP/1.1" 200 39906 "-" "Mozilla/5.0 (compatible; Googlebot/2.1; +http://www.google.com/bot.html)"
66.249.79.204 - - [20/Jul/2025:13:02:10 +0000] "GET /p/treat42952851?id=2969109 HTTP/1.1" 200 40585 "-" "Mozilla/5.0 (compatible; Googlebot/2.1; +http://www.google.com/bot.html)"
66.249.79.205 - - [20/Jul/2025:13:02:32 +0000] "GET /p/shop52560060?id=2576318 HTTP/1.1" 200 39991 "-" "Mozilla/5.0 (Linux; Android 6.0.1; Nexus 5X Build/MMB29P) AppleWebKit/537.36 (KHTML, like Gecko) Chrome/137.0.7151.103 Mobile Safari/537.36 (compatible; Googlebot/2.1; +http://www.google.com/bot.html)"
66.249.79.205 - - [20/Jul/2025:13:04:05 +0000] "GET /p/farth30146618?id=162876 HTTP/1.1" 200 40225 "-" "Mozilla/5.0 (Linux; Android 6.0.1; Nexus 5X Build/MMB29P) AppleWebKit/537.36 (KHTML, like Gecko) Chrome/137.0.7151.103 Mobile Safari/537.36 (compatible; Googlebot/2.1; +http://www.google.com/bot.html)"
66.249.79.204 - - [20/Jul/2025:13:04:38 +0000] "GET /p/groun50964420?id=980678 HTTP/1.1" 200 40452 "-" "Mozilla/5.0 (compatible; Googlebot/2.1; +http://www.google.com/bot.html)"
66.249.79.205 - - [20/Jul/2025:13:06:37 +0000] "GET /p/insul30646306?id=662564 HTTP/1.1" 200 40071 "-" "Mozilla/5.0 (compatible; Googlebot/2.1; +http://www.google.com/bot.html)"
66.249.79.205 - - [20/Jul/2025:13:06:51 +0000] "GET /p/outle10698920?id=715178 HTTP/1.1" 200 40118 "-" "Mozilla/5.0 (compatible; Googlebot/2.1; +http://www.google.com/bot.html)"
66.249.79.204 - - [20/Jul/2025:13:08:24 +0000] "GET /p/cheri50255724?id=271982 HTTP/1.1" 200 40006 "-" "Mozilla/5.0 (compatible; Googlebot/2.1; +http://www.google.com/bot.html)"
66.249.79.204 - - [20/Jul/2025:13:09:30 +0000] "GET /p/sorro11382632?id=1398890 HTTP/1.1" 200 40167 "-" "Mozilla/5.0 (Linux; Android 6.0.1; Nexus 5X Build/MMB29P) AppleWebKit/537.36 (KHTML, like Gecko) Chrome/137.0.7151.103 Mobile Safari/537.36 (compatible; Googlebot/2.1; +http://www.google.com/bot.html)"
66.249.79.205 - - [20/Jul/2025:13:11:30 +0000] "GET /main-home/ HTTP/1.1" 200 40599 "-" "Mozilla/5.0 (Linux; Android 6.0.1; Nexus 5X Build/MMB29P) AppleWebKit/537.36 (KHTML, like Gecko) Chrome/137.0.7151.103 Mobile Safari/537.36 (compatible; Googlebot/2.1; +http://www.google.com/bot.html)"
66.249.79.205 - - [20/Jul/2025:13:11:33 +0000] "POST /get-message-notify HTTP/1.1" 200 39972 "https://muzza.fit/main-home/" "Mozilla/5.0 (Linux; Android 6.0.1; Nexus 5X Build/MMB29P) AppleWebKit/537.36 (KHTML, like Gecko) Chrome/137.0.7151.119 Mobile Safari/537.36 (compatible; Googlebot/2.1; +http://www.google.com/bot.html)"
66.249.79.205 - - [20/Jul/2025:13:12:33 +0000] "GET /p/teena42957755?id=2974013 HTTP/1.1" 200 40193 "-" "Mozilla/5.0 (Linux; Android 6.0.1; Nexus 5X Build/MMB29P) AppleWebKit/537.36 (KHTML, like Gecko) Chrome/137.0.7151.103 Mobile Safari/537.36 (compatible; Googlebot/2.1; +http://www.google.com/bot.html)"
66.249.79.204 - - [20/Jul/2025:13:15:27 +0000] "GET /pages/contact-us/ HTTP/1.1" 200 40284 "-" "Mozilla/5.0 (Linux; Android 6.0.1; Nexus 5X Build/MMB29P) AppleWebKit/537.36 (KHTML, like Gecko) Chrome/137.0.7151.103 Mobile Safari/537.36 (compatible; Googlebot/2.1; +http://www.google.com/bot.html)"
66.249.79.206 - - [20/Jul/2025:13:16:04 +0000] "GET /p/shave51670612?id=1686870 HTTP/1.1" 200 39801 "-" "Mozilla/5.0 (compatible; Googlebot/2.1; +http://www.google.com/bot.html)"
66.249.79.206 - - [20/Jul/2025:13:18:06 +0000] "GET /p/incom71910414?id=1926672 HTTP/1.1" 200 40085 "-" "Mozilla/5.0 (Linux; Android 6.0.1; Nexus 5X Build/MMB29P) AppleWebKit/537.36 (KHTML, like Gecko) Chrome/137.0.7151.103 Mobile Safari/537.36 (compatible; Googlebot/2.1; +http://www.google.com/bot.html)"
66.249.79.204 - - [20/Jul/2025:13:18:58 +0000] "GET /p/ready31900970?id=1917228 HTTP/1.1" 200 40075 "-" "Mozilla/5.0 (Linux; Android 6.0.1; Nexus 5X Build/MMB29P) AppleWebKit/537.36 (KHTML, like Gecko) Chrome/137.0.7151.103 Mobile Safari/537.36 (compatible; Googlebot/2.1; +http://www.google.com/bot.html)"
66.249.79.204 - - [20/Jul/2025:13:20:20 +0000] "GET /video/30-minute-at-home-strength-workout/ HTTP/1.1" 200 40431 "-" "Mozilla/5.0 (Linux; Android 6.0.1; Nexus 5X Build/MMB29P) AppleWebKit/537.36 (KHTML, like Gecko) Chrome/137.0.7151.103 Mobile Safari/537.36 (compatible; Googlebot/2.1; +http://www.google.com/bot.html)"
66.249.79.205 - - [20/Jul/2025:13:22:52 +0000] "GET /p/eden71171966?id=1188224 HTTP/1.1" 200 40241 "-" "Mozilla/5.0 (Linux; Android 6.0.1; Nexus 5X Build/MMB29P) AppleWebKit/537.36 (KHTML, like Gecko) Chrome/137.0.7151.103 Mobile Safari/537.36 (compatible; Googlebot/2.1; +http://www.google.com/bot.html)"
66.249.79.205 - - [20/Jul/2025:13:26:37 +0000] "GET /p/cover21380201?id=1396459 HTTP/1.1" 200 40318 "-" "Mozilla/5.0 (compatible; Googlebot/2.1; +http://www.google.com/bot.html)"
66.249.79.204 - - [20/Jul/2025:13:29:09 +0000] "GET /p/hair10300936?id=317194 HTTP/1.1" 200 40300 "-" "Mozilla/5.0 (Linux; Android 6.0.1; Nexus 5X Build/MMB29P) AppleWebKit/537.36 (KHTML, like Gecko) Chrome/137.0.7151.103 Mobile Safari/537.36 (compatible; Googlebot/2.1; +http://www.google.com/bot.html)"
66.249.79.204 - - [20/Jul/2025:13:30:12 +0000] "GET /p/aural41042563?id=1058821 HTTP/1.1" 200 40383 "-" "Mozilla/5.0 (compatible; Googlebot/2.1; +http://www.google.com/bot.html)"
209.74.77.214 - - [20/Jul/2025:13:31:08 +0000] "POST /wp-cron.php?doing_wp_cron=1753018268.0821819305419921875000 HTTP/1.1" 200 - "-" "WordPress/6.8.2; https://muzza.fit"
54.167.32.123 - - [20/Jul/2025:13:31:04 +0000] "GET /product/crest-hoodie/ HTTP/1.1" 200 28297 "-" "Mozilla/5.0 AppleWebKit/537.36 (KHTML, like Gecko; compatible; Amazonbot/0.1; +https://developer.amazon.com/support/amazonbot) Chrome/119.0.6045.214 Safari/537.36"
66.249.79.205 - - [20/Jul/2025:13:31:41 +0000] "GET /pages/pricing-plans/ HTTP/1.1" 200 40807 "-" "Mozilla/5.0 (Linux; Android 6.0.1; Nexus 5X Build/MMB29P) AppleWebKit/537.36 (KHTML, like Gecko) Chrome/137.0.7151.103 Mobile Safari/537.36 (compatible; Googlebot/2.1; +http://www.google.com/bot.html)"
66.249.79.204 - - [20/Jul/2025:13:31:59 +0000] "POST /get-message-notify HTTP/1.1" 200 40129 "https://muzza.fit/pages/pricing-plans/" "Mozilla/5.0 (Linux; Android 6.0.1; Nexus 5X Build/MMB29P) AppleWebKit/537.36 (KHTML, like Gecko) Chrome/137.0.7151.119 Mobile Safari/537.36 (compatible; Googlebot/2.1; +http://www.google.com/bot.html)"
66.249.79.204 - - [20/Jul/2025:13:32:33 +0000] "GET /p/reser61370029?id=1386287 HTTP/1.1" 200 40574 "-" "Mozilla/5.0 (Linux; Android 6.0.1; Nexus 5X Build/MMB29P) AppleWebKit/537.36 (KHTML, like Gecko) Chrome/137.0.7151.103 Mobile Safari/537.36 (compatible; Googlebot/2.1; +http://www.google.com/bot.html)"
66.249.79.205 - - [20/Jul/2025:13:34:47 +0000] "GET /p/densi60861965?id=878223 HTTP/1.1" 200 40357 "-" "Mozilla/5.0 (compatible; Googlebot/2.1; +http://www.google.com/bot.html)"
66.249.79.205 - - [20/Jul/2025:13:35:30 +0000] "GET /p/simpl21609305?id=1625563 HTTP/1.1" 200 40381 "-" "Mozilla/5.0 (Linux; Android 6.0.1; Nexus 5X Build/MMB29P) AppleWebKit/537.36 (KHTML, like Gecko) Chrome/137.0.7151.103 Mobile Safari/537.36 (compatible; Googlebot/2.1; +http://www.google.com/bot.html)"
66.249.79.205 - - [20/Jul/2025:13:35:34 +0000] "POST /get-message-notify HTTP/1.1" 200 40174 "https://muzza.fit/p/simpl21609305?id=1625563" "Mozilla/5.0 (Linux; Android 6.0.1; Nexus 5X Build/MMB29P) AppleWebKit/537.36 (KHTML, like Gecko) Chrome/137.0.7151.119 Mobile Safari/537.36 (compatible; Googlebot/2.1; +http://www.google.com/bot.html)"
66.249.79.206 - - [20/Jul/2025:13:36:57 +0000] "GET /p/upwar22155393?id=2171651 HTTP/1.1" 200 40116 "-" "Mozilla/5.0 (compatible; Googlebot/2.1; +http://www.google.com/bot.html)"
66.249.79.205 - - [20/Jul/2025:13:37:23 +0000] "GET /p/twice52540700?id=2556958 HTTP/1.1" 200 40156 "-" "Mozilla/5.0 (Linux; Android 6.0.1; Nexus 5X Build/MMB29P) AppleWebKit/537.36 (KHTML, like Gecko) Chrome/137.0.7151.103 Mobile Safari/537.36 (compatible; Googlebot/2.1; +http://www.google.com/bot.html)"
66.249.79.205 - - [20/Jul/2025:13:37:34 +0000] "GET /p/candi31549994?id=1566252 HTTP/1.1" 200 40252 "-" "Mozilla/5.0 (Linux; Android 6.0.1; Nexus 5X Build/MMB29P) AppleWebKit/537.36 (KHTML, like Gecko) Chrome/137.0.7151.103 Mobile Safari/537.36 (compatible; Googlebot/2.1; +http://www.google.com/bot.html)"
66.249.79.205 - - [20/Jul/2025:13:37:38 +0000] "POST /get-message-notify HTTP/1.1" 200 40141 "https://muzza.fit/p/candi31549994?id=1566252" "Mozilla/5.0 (Linux; Android 6.0.1; Nexus 5X Build/MMB29P) AppleWebKit/537.36 (KHTML, like Gecko) Chrome/137.0.7151.119 Mobile Safari/537.36 (compatible; Googlebot/2.1; +http://www.google.com/bot.html)"
185.191.171.15 - - [20/Jul/2025:13:38:31 +0000] "GET /robots.txt HTTP/1.1" 200 123 "-" "Mozilla/5.0 (compatible; SemrushBot/7~bl; +http://www.semrush.com/bot.html)"
66.249.79.206 - - [20/Jul/2025:13:38:34 +0000] "GET /p/singu71445750?id=1462008 HTTP/1.1" 200 40138 "-" "Mozilla/5.0 (compatible; Googlebot/2.1; +http://www.google.com/bot.html)"
209.74.77.214 - - [20/Jul/2025:13:38:35 +0000] "POST /wp-cron.php?doing_wp_cron=1753018715.5824649333953857421875 HTTP/1.1" 200 - "-" "WordPress/6.8.2; https://muzza.fit"
185.191.171.2 - - [20/Jul/2025:13:38:32 +0000] "GET /timetable/tag/cardio/ HTTP/1.1" 200 28007 "-" "Mozilla/5.0 (compatible; SemrushBot/7~bl; +http://www.semrush.com/bot.html)"
66.249.79.204 - - [20/Jul/2025:13:39:20 +0000] "GET /p/estat41515747?id=1532005 HTTP/1.1" 200 40160 "-" "Mozilla/5.0 (Linux; Android 6.0.1; Nexus 5X Build/MMB29P) AppleWebKit/537.36 (KHTML, like Gecko) Chrome/137.0.7151.103 Mobile Safari/537.36 (compatible; Googlebot/2.1; +http://www.google.com/bot.html)"
66.249.79.205 - - [20/Jul/2025:13:40:20 +0000] "GET /p/edge72928150?id=2944408 HTTP/1.1" 200 40094 "-" "Mozilla/5.0 (Linux; Android 6.0.1; Nexus 5X Build/MMB29P) AppleWebKit/537.36 (KHTML, like Gecko) Chrome/137.0.7151.103 Mobile Safari/537.36 (compatible; Googlebot/2.1; +http://www.google.com/bot.html)"
66.249.79.204 - - [20/Jul/2025:13:40:49 +0000] "GET /p/viola30225930?id=242188 HTTP/1.1" 200 40072 "-" "Mozilla/5.0 (Linux; Android 6.0.1; Nexus 5X Build/MMB29P) AppleWebKit/537.36 (KHTML, like Gecko) Chrome/137.0.7151.103 Mobile Safari/537.36 (compatible; Googlebot/2.1; +http://www.google.com/bot.html)"
66.249.79.206 - - [20/Jul/2025:13:41:01 +0000] "GET /p/brief11914936?id=1931194 HTTP/1.1" 200 40137 "-" "Mozilla/5.0 (Linux; Android 6.0.1; Nexus 5X Build/MMB29P) AppleWebKit/537.36 (KHTML, like Gecko) Chrome/137.0.7151.103 Mobile Safari/537.36 (compatible; Googlebot/2.1; +http://www.google.com/bot.html)"
66.249.79.204 - - [20/Jul/2025:13:42:26 +0000] "GET /p/give32237650?id=2253908 HTTP/1.1" 200 40145 "-" "Mozilla/5.0 (Linux; Android 6.0.1; Nexus 5X Build/MMB29P) AppleWebKit/537.36 (KHTML, like Gecko) Chrome/137.0.7151.103 Mobile Safari/537.36 (compatible; Googlebot/2.1; +http://www.google.com/bot.html)"
66.249.79.206 - - [20/Jul/2025:13:43:46 +0000] "GET /p/accor41403043?id=1419301 HTTP/1.1" 200 41628 "-" "Mozilla/5.0 (compatible; Googlebot/2.1; +http://www.google.com/bot.html)"
66.249.79.206 - - [20/Jul/2025:13:44:43 +0000] "GET /p/centi31122538?id=1138796 HTTP/1.1" 200 40580 "-" "Mozilla/5.0 (Linux; Android 6.0.1; Nexus 5X Build/MMB29P) AppleWebKit/537.36 (KHTML, like Gecko) Chrome/137.0.7151.103 Mobile Safari/537.36 (compatible; Googlebot/2.1; +http://www.google.com/bot.html)"
66.249.79.205 - - [20/Jul/2025:13:45:25 +0000] "GET /p/enfor52134948?id=2151206 HTTP/1.1" 200 40045 "-" "Mozilla/5.0 (Linux; Android 6.0.1; Nexus 5X Build/MMB29P) AppleWebKit/537.36 (KHTML, like Gecko) Chrome/137.0.7151.103 Mobile Safari/537.36 (compatible; Googlebot/2.1; +http://www.google.com/bot.html)"
66.249.79.205 - - [20/Jul/2025:13:45:41 +0000] "GET /p/plast81132671?id=1148929 HTTP/1.1" 200 40062 "-" "Mozilla/5.0 (compatible; Googlebot/2.1; +http://www.google.com/bot.html)"
66.249.79.205 - - [20/Jul/2025:13:50:25 +0000] "GET /p/give31609650?id=1625908 HTTP/1.1" 200 39981 "-" "Mozilla/5.0 (Linux; Android 6.0.1; Nexus 5X Build/MMB29P) AppleWebKit/537.36 (KHTML, like Gecko) Chrome/137.0.7151.103 Mobile Safari/537.36 (compatible; Googlebot/2.1; +http://www.google.com/bot.html)"
66.249.79.204 - - [20/Jul/2025:13:51:35 +0000] "GET /p/media71427750?id=1444008 HTTP/1.1" 200 40546 "-" "Mozilla/5.0 (Linux; Android 6.0.1; Nexus 5X Build/MMB29P) AppleWebKit/537.36 (KHTML, like Gecko) Chrome/137.0.7151.103 Mobile Safari/537.36 (compatible; Googlebot/2.1; +http://www.google.com/bot.html)"
66.249.79.205 - - [20/Jul/2025:13:52:52 +0000] "GET /p/down62076789?id=2093047 HTTP/1.1" 200 40283 "-" "Mozilla/5.0 (Linux; Android 6.0.1; Nexus 5X Build/MMB29P) AppleWebKit/537.36 (KHTML, like Gecko) Chrome/137.0.7151.103 Mobile Safari/537.36 (compatible; Googlebot/2.1; +http://www.google.com/bot.html)"
209.74.77.214 - - [20/Jul/2025:13:52:58 +0000] "POST /wp-cron.php?doing_wp_cron=1753019578.5251719951629638671875 HTTP/1.1" 200 - "-" "WordPress/6.8.2; https://muzza.fit"
44.209.187.99 - - [20/Jul/2025:13:52:57 +0000] "GET /pages/about-us/ HTTP/1.1" 200 30668 "-" "Mozilla/5.0 AppleWebKit/537.36 (KHTML, like Gecko; compatible; Amazonbot/0.1; +https://developer.amazon.com/support/amazonbot) Chrome/119.0.6045.214 Safari/537.36"
34.199.252.22 - - [20/Jul/2025:13:53:01 +0000] "GET /wp-content/uploads/2018/09/alex-perez-581230-unsplash-1-scaled-600x600.jpg HTTP/1.1" 200 113805 "-" "Mozilla/5.0 AppleWebKit/537.36 (KHTML, like Gecko; compatible; Amazonbot/0.1; +https://developer.amazon.com/support/amazonbot) Chrome/119.0.6045.214 Safari/537.36"
18.215.24.66 - - [20/Jul/2025:13:53:05 +0000] "GET /wp-content/uploads/2018/09/justyn-warner-532062-unsplash-1-scaled-600x600.jpg HTTP/1.1" 200 54038 "-" "Mozilla/5.0 AppleWebKit/537.36 (KHTML, like Gecko; compatible; Amazonbot/0.1; +https://developer.amazon.com/support/amazonbot) Chrome/119.0.6045.214 Safari/537.36"
66.249.79.206 - - [20/Jul/2025:13:53:05 +0000] "GET /p/fee81958511?id=1974769 HTTP/1.1" 200 39960 "-" "Mozilla/5.0 (Linux; Android 6.0.1; Nexus 5X Build/MMB29P) AppleWebKit/537.36 (KHTML, like Gecko) Chrome/137.0.7151.103 Mobile Safari/537.36 (compatible; Googlebot/2.1; +http://www.google.com/bot.html)"
3.221.244.28 - - [20/Jul/2025:13:53:09 +0000] "GET /wp-content/uploads/2018/09/justyn-warner-541670-unsplash-1-600x600.jpg HTTP/1.1" 200 72709 "-" "Mozilla/5.0 AppleWebKit/537.36 (KHTML, like Gecko; compatible; Amazonbot/0.1; +https://developer.amazon.com/support/amazonbot) Chrome/119.0.6045.214 Safari/537.36"
66.249.79.205 - - [20/Jul/2025:13:53:40 +0000] "GET /p/edito62070669?id=2086927 HTTP/1.1" 200 39761 "-" "Mozilla/5.0 (Linux; Android 6.0.1; Nexus 5X Build/MMB29P) AppleWebKit/537.36 (KHTML, like Gecko) Chrome/137.0.7151.103 Mobile Safari/537.36 (compatible; Googlebot/2.1; +http://www.google.com/bot.html)"
66.249.79.204 - - [20/Jul/2025:13:57:05 +0000] "GET /p/canad20076777?id=93035 HTTP/1.1" 200 40077 "-" "Mozilla/5.0 (Linux; Android 6.0.1; Nexus 5X Build/MMB29P) AppleWebKit/537.36 (KHTML, like Gecko) Chrome/137.0.7151.103 Mobile Safari/537.36 (compatible; Googlebot/2.1; +http://www.google.com/bot.html)"
66.249.79.204 - - [20/Jul/2025:13:57:11 +0000] "GET /p/poiso31945954?id=1962212 HTTP/1.1" 200 40105 "-" "Mozilla/5.0 (compatible; Googlebot/2.1; +http://www.google.com/bot.html)"
66.249.79.204 - - [20/Jul/2025:13:57:54 +0000] "GET /p/engag52125900?id=2142158 HTTP/1.1" 200 40155 "-" "Mozilla/5.0 (Linux; Android 6.0.1; Nexus 5X Build/MMB29P) AppleWebKit/537.36 (KHTML, like Gecko) Chrome/137.0.7151.103 Mobile Safari/537.36 (compatible; Googlebot/2.1; +http://www.google.com/bot.html)"
66.249.79.204 - - [20/Jul/2025:13:58:38 +0000] "POST /get-message-notify HTTP/1.1" 200 39988 "https://muzza.fit/p/engag52125900?id=2142158" "Mozilla/5.0 (Linux; Android 6.0.1; Nexus 5X Build/MMB29P) AppleWebKit/537.36 (KHTML, like Gecko) Chrome/137.0.7151.119 Mobile Safari/537.36 (compatible; Googlebot/2.1; +http://www.google.com/bot.html)"
66.249.79.205 - - [20/Jul/2025:13:58:44 +0000] "GET /p/scary20489705?id=505963 HTTP/1.1" 200 39975 "-" "Mozilla/5.0 (Linux; Android 6.0.1; Nexus 5X Build/MMB29P) AppleWebKit/537.36 (KHTML, like Gecko) Chrome/137.0.7151.103 Mobile Safari/537.36 (compatible; Googlebot/2.1; +http://www.google.com/bot.html)"
66.249.79.205 - - [20/Jul/2025:13:59:02 +0000] "GET /p/happy30516698?id=532956 HTTP/1.1" 200 40261 "-" "Mozilla/5.0 (compatible; Googlebot/2.1; +http://www.google.com/bot.html)"
66.249.79.204 - - [20/Jul/2025:13:59:19 +0000] "GET /p/realm21998465?id=2014723 HTTP/1.1" 200 40134 "-" "Mozilla/5.0 (Linux; Android 6.0.1; Nexus 5X Build/MMB29P) AppleWebKit/537.36 (KHTML, like Gecko) Chrome/137.0.7151.103 Mobile Safari/537.36 (compatible; Googlebot/2.1; +http://www.google.com/bot.html)"
66.249.79.206 - - [20/Jul/2025:14:00:32 +0000] "GET /p/bomb40903003?id=919261 HTTP/1.1" 200 40086 "-" "Mozilla/5.0 (compatible; Googlebot/2.1; +http://www.google.com/bot.html)"
66.249.79.204 - - [20/Jul/2025:14:00:39 +0000] "GET /p/violi10368720?id=384978 HTTP/1.1" 200 40400 "-" "Mozilla/5.0 (compatible; Googlebot/2.1; +http://www.google.com/bot.html)"
66.249.79.204 - - [20/Jul/2025:14:00:41 +0000] "GET /p/many32245522?id=2261780 HTTP/1.1" 200 40409 "-" "Mozilla/5.0 (Linux; Android 6.0.1; Nexus 5X Build/MMB29P) AppleWebKit/537.36 (KHTML, like Gecko) Chrome/137.0.7151.103 Mobile Safari/537.36 (compatible; Googlebot/2.1; +http://www.google.com/bot.html)"
66.249.79.204 - - [20/Jul/2025:14:02:02 +0000] "GET /p/goose50518788?id=535046 HTTP/1.1" 200 40185 "-" "Mozilla/5.0 (Linux; Android 6.0.1; Nexus 5X Build/MMB29P) AppleWebKit/537.36 (KHTML, like Gecko) Chrome/137.0.7151.103 Mobile Safari/537.36 (compatible; Googlebot/2.1; +http://www.google.com/bot.html)"
66.249.79.205 - - [20/Jul/2025:14:02:15 +0000] "GET /p/compo61248285?id=1264543 HTTP/1.1" 200 40048 "-" "Mozilla/5.0 (compatible; Googlebot/2.1; +http://www.google.com/bot.html)"
66.249.79.205 - - [20/Jul/2025:14:02:16 +0000] "POST /get-message-notify HTTP/1.1" 200 39996 "https://muzza.fit/p/goose50518788?id=535046" "Mozilla/5.0 (Linux; Android 6.0.1; Nexus 5X Build/MMB29P) AppleWebKit/537.36 (KHTML, like Gecko) Chrome/137.0.7151.119 Mobile Safari/537.36 (compatible; Googlebot/2.1; +http://www.google.com/bot.html)"
66.249.79.204 - - [20/Jul/2025:14:03:26 +0000] "GET /p/usefu20960281?id=976539 HTTP/1.1" 200 40474 "-" "Mozilla/5.0 (Linux; Android 6.0.1; Nexus 5X Build/MMB29P) AppleWebKit/537.36 (KHTML, like Gecko) Chrome/137.0.7151.103 Mobile Safari/537.36 (compatible; Googlebot/2.1; +http://www.google.com/bot.html)"
66.249.79.205 - - [20/Jul/2025:14:04:20 +0000] "GET /p/bacon62055789?id=2072047 HTTP/1.1" 200 40236 "-" "Mozilla/5.0 (Linux; Android 6.0.1; Nexus 5X Build/MMB29P) AppleWebKit/537.36 (KHTML, like Gecko) Chrome/137.0.7151.103 Mobile Safari/537.36 (compatible; Googlebot/2.1; +http://www.google.com/bot.html)"
66.249.79.205 - - [20/Jul/2025:14:05:28 +0000] "GET /p/cook71796414?id=1812672 HTTP/1.1" 200 40040 "-" "Mozilla/5.0 (compatible; Googlebot/2.1; +http://www.google.com/bot.html)"
45.227.253.15 - - [20/Jul/2025:14:08:05 +0000] "GET /index.php/jk HTTP/1.1" 200 59 "-" "Mozilla/5.0 (Macintosh; Intel Mac OS X 10.14; rv:103.0) Gecko/20100101 Firefox/101.0"
66.249.79.206 - - [20/Jul/2025:14:10:57 +0000] "GET /p/ray82183615?id=2199873 HTTP/1.1" 200 39902 "-" "Mozilla/5.0 (compatible; Googlebot/2.1; +http://www.google.com/bot.html)"
66.249.79.204 - - [20/Jul/2025:14:11:13 +0000] "GET /p/copyr51703740?id=1719998 HTTP/1.1" 200 40010 "-" "Mozilla/5.0 (Linux; Android 6.0.1; Nexus 5X Build/MMB29P) AppleWebKit/537.36 (KHTML, like Gecko) Chrome/137.0.7151.103 Mobile Safari/537.36 (compatible; Googlebot/2.1; +http://www.google.com/bot.html)"
66.249.79.206 - - [20/Jul/2025:14:12:02 +0000] "GET /p/calcu50453532?id=469790 HTTP/1.1" 200 40310 "-" "Mozilla/5.0 (Linux; Android 6.0.1; Nexus 5X Build/MMB29P) AppleWebKit/537.36 (KHTML, like Gecko) Chrome/137.0.7151.103 Mobile Safari/537.36 (compatible; Googlebot/2.1; +http://www.google.com/bot.html)"
66.249.79.204 - - [20/Jul/2025:14:14:56 +0000] "GET /p/aband30850522?id=866780 HTTP/1.1" 200 40903 "-" "Mozilla/5.0 (Linux; Android 6.0.1; Nexus 5X Build/MMB29P) AppleWebKit/537.36 (KHTML, like Gecko) Chrome/137.0.7151.103 Mobile Safari/537.36 (compatible; Googlebot/2.1; +http://www.google.com/bot.html)"
66.249.79.205 - - [20/Jul/2025:14:15:20 +0000] "GET /p/milli30949346?id=965604 HTTP/1.1" 200 40074 "-" "Mozilla/5.0 (Linux; Android 6.0.1; Nexus 5X Build/MMB29P) AppleWebKit/537.36 (KHTML, like Gecko) Chrome/137.0.7151.103 Mobile Safari/537.36 (compatible; Googlebot/2.1; +http://www.google.com/bot.html)"
66.249.79.206 - - [20/Jul/2025:14:16:14 +0000] "GET /p/dote80331959?id=348217 HTTP/1.1" 200 39989 "-" "Mozilla/5.0 (compatible; Googlebot/2.1; +http://www.google.com/bot.html)"
66.249.79.204 - - [20/Jul/2025:14:18:17 +0000] "GET /p/aware12133856?id=2150114 HTTP/1.1" 200 39996 "-" "Mozilla/5.0 (Linux; Android 6.0.1; Nexus 5X Build/MMB29P) AppleWebKit/537.36 (KHTML, like Gecko) Chrome/137.0.7151.103 Mobile Safari/537.36 (compatible; Googlebot/2.1; +http://www.google.com/bot.html)"
66.249.79.205 - - [20/Jul/2025:14:20:36 +0000] "GET /p/misco51835804?id=1852062 HTTP/1.1" 200 40079 "-" "Mozilla/5.0 (Linux; Android 6.0.1; Nexus 5X Build/MMB29P) AppleWebKit/537.36 (KHTML, like Gecko) Chrome/137.0.7151.103 Mobile Safari/537.36 (compatible; Googlebot/2.1; +http://www.google.com/bot.html)"
66.249.79.204 - - [20/Jul/2025:14:23:07 +0000] "GET /p/atom%2022091817?id=2108075 HTTP/1.1" 200 40407 "-" "Mozilla/5.0 (compatible; Googlebot/2.1; +http://www.google.com/bot.html)"
66.249.79.204 - - [20/Jul/2025:14:23:32 +0000] "GET /p/zeal40835915?id=852173 HTTP/1.1" 200 40156 "-" "Mozilla/5.0 (Linux; Android 6.0.1; Nexus 5X Build/MMB29P) AppleWebKit/537.36 (KHTML, like Gecko) Chrome/137.0.7151.103 Mobile Safari/537.36 (compatible; Googlebot/2.1; +http://www.google.com/bot.html)"
66.249.79.206 - - [20/Jul/2025:14:24:30 +0000] "GET /p/stret32882498?id=2898756 HTTP/1.1" 200 40514 "-" "Mozilla/5.0 (compatible; Googlebot/2.1; +http://www.google.com/bot.html)"
66.249.79.205 - - [20/Jul/2025:14:25:47 +0000] "GET /p/cope12747344?id=2763602 HTTP/1.1" 200 39967 "-" "Mozilla/5.0 (Linux; Android 6.0.1; Nexus 5X Build/MMB29P) AppleWebKit/537.36 (KHTML, like Gecko) Chrome/137.0.7151.103 Mobile Safari/537.36 (compatible; Googlebot/2.1; +http://www.google.com/bot.html)"
66.249.79.206 - - [20/Jul/2025:14:27:10 +0000] "GET /p/have82369351?id=2385609 HTTP/1.1" 200 40093 "-" "Mozilla/5.0 (compatible; Googlebot/2.1; +http://www.google.com/bot.html)"
66.249.79.204 - - [20/Jul/2025:14:27:16 +0000] "GET /p/guest72852334?id=2868592 HTTP/1.1" 200 40540 "-" "Mozilla/5.0 (Linux; Android 6.0.1; Nexus 5X Build/MMB29P) AppleWebKit/537.36 (KHTML, like Gecko) Chrome/137.0.7151.103 Mobile Safari/537.36 (compatible; Googlebot/2.1; +http://www.google.com/bot.html)"
66.249.79.204 - - [20/Jul/2025:14:27:25 +0000] "POST /get-message-notify HTTP/1.1" 200 40002 "https://muzza.fit/p/guest72852334?id=2868592" "Mozilla/5.0 (Linux; Android 6.0.1; Nexus 5X Build/MMB29P) AppleWebKit/537.36 (KHTML, like Gecko) Chrome/137.0.7151.119 Mobile Safari/537.36 (compatible; Googlebot/2.1; +http://www.google.com/bot.html)"
66.249.79.206 - - [20/Jul/2025:14:28:23 +0000] "GET /p/patch80570503?id=586761 HTTP/1.1" 200 40183 "-" "Mozilla/5.0 (Linux; Android 6.0.1; Nexus 5X Build/MMB29P) AppleWebKit/537.36 (KHTML, like Gecko) Chrome/137.0.7151.103 Mobile Safari/537.36 (compatible; Googlebot/2.1; +http://www.google.com/bot.html)"
66.249.79.204 - - [20/Jul/2025:14:28:28 +0000] "POST /get-message-notify HTTP/1.1" 200 40045 "https://muzza.fit/p/patch80570503?id=586761" "Mozilla/5.0 (Linux; Android 6.0.1; Nexus 5X Build/MMB29P) AppleWebKit/537.36 (KHTML, like Gecko) Chrome/137.0.7151.119 Mobile Safari/537.36 (compatible; Googlebot/2.1; +http://www.google.com/bot.html)"
66.249.79.205 - - [20/Jul/2025:14:30:51 +0000] "GET /p/mercu50147604?id=163862 HTTP/1.1" 200 39989 "-" "Mozilla/5.0 (Linux; Android 6.0.1; Nexus 5X Build/MMB29P) AppleWebKit/537.36 (KHTML, like Gecko) Chrome/137.0.7151.103 Mobile Safari/537.36 (compatible; Googlebot/2.1; +http://www.google.com/bot.html)"
66.249.79.204 - - [20/Jul/2025:14:32:22 +0000] "GET /p/sound30496722?id=512980 HTTP/1.1" 200 39968 "-" "Mozilla/5.0 (Linux; Android 6.0.1; Nexus 5X Build/MMB29P) AppleWebKit/537.36 (KHTML, like Gecko) Chrome/137.0.7151.103 Mobile Safari/537.36 (compatible; Googlebot/2.1; +http://www.google.com/bot.html)"
66.249.79.204 - - [20/Jul/2025:14:33:23 +0000] "GET /p/layer72767350?id=2783608 HTTP/1.1" 200 40055 "-" "Mozilla/5.0 (Linux; Android 6.0.1; Nexus 5X Build/MMB29P) AppleWebKit/537.36 (KHTML, like Gecko) Chrome/137.0.7151.103 Mobile Safari/537.36 (compatible; Googlebot/2.1; +http://www.google.com/bot.html)"
66.249.79.205 - - [20/Jul/2025:14:35:51 +0000] "GET /p/bagga81415063?id=1431321 HTTP/1.1" 200 40148 "-" "Mozilla/5.0 (Linux; Android 6.0.1; Nexus 5X Build/MMB29P) AppleWebKit/537.36 (KHTML, like Gecko) Chrome/137.0.7151.103 Mobile Safari/537.36 (compatible; Googlebot/2.1; +http://www.google.com/bot.html)"
66.249.79.204 - - [20/Jul/2025:14:35:56 +0000] "GET /p/rib61643621?id=1659879 HTTP/1.1" 200 40165 "-" "Mozilla/5.0 (Linux; Android 6.0.1; Nexus 5X Build/MMB29P) AppleWebKit/537.36 (KHTML, like Gecko) Chrome/137.0.7151.103 Mobile Safari/537.36 (compatible; Googlebot/2.1; +http://www.google.com/bot.html)"
66.249.79.205 - - [20/Jul/2025:14:37:48 +0000] "GET /p/it11677112?id=1693370 HTTP/1.1" 200 40001 "-" "Mozilla/5.0 (compatible; Googlebot/2.1; +http://www.google.com/bot.html)"
66.249.79.204 - - [20/Jul/2025:14:38:25 +0000] "GET /p/jewis11234600?id=1250858 HTTP/1.1" 200 40261 "-" "Mozilla/5.0 (compatible; Googlebot/2.1; +http://www.google.com/bot.html)"
66.249.79.204 - - [20/Jul/2025:14:38:35 +0000] "GET /p/wind12088296?id=2104554 HTTP/1.1" 200 39925 "-" "Mozilla/5.0 (Linux; Android 6.0.1; Nexus 5X Build/MMB29P) AppleWebKit/537.36 (KHTML, like Gecko) Chrome/137.0.7151.103 Mobile Safari/537.36 (compatible; Googlebot/2.1; +http://www.google.com/bot.html)"
66.249.79.204 - - [20/Jul/2025:14:39:31 +0000] "GET /p/senio40121835?id=138093 HTTP/1.1" 200 40006 "-" "Mozilla/5.0 (Linux; Android 6.0.1; Nexus 5X Build/MMB29P) AppleWebKit/537.36 (KHTML, like Gecko) Chrome/137.0.7151.103 Mobile Safari/537.36 (compatible; Googlebot/2.1; +http://www.google.com/bot.html)"
66.249.79.204 - - [20/Jul/2025:14:43:36 +0000] "GET /p/usefu20516281?id=532539 HTTP/1.1" 200 40235 "-" "Mozilla/5.0 (Linux; Android 6.0.1; Nexus 5X Build/MMB29P) AppleWebKit/537.36 (KHTML, like Gecko) Chrome/137.0.7151.103 Mobile Safari/537.36 (compatible; Googlebot/2.1; +http://www.google.com/bot.html)"
66.249.79.204 - - [20/Jul/2025:14:44:15 +0000] "POST /get-message-notify HTTP/1.1" 200 40042 "https://muzza.fit/p/usefu20516281?id=532539" "Mozilla/5.0 (Linux; Android 6.0.1; Nexus 5X Build/MMB29P) AppleWebKit/537.36 (KHTML, like Gecko) Chrome/137.0.7151.119 Mobile Safari/537.36 (compatible; Googlebot/2.1; +http://www.google.com/bot.html)"
66.249.79.206 - - [20/Jul/2025:14:46:10 +0000] "GET /p/dude61103829?id=1120087 HTTP/1.1" 200 39987 "-" "Mozilla/5.0 (Linux; Android 6.0.1; Nexus 5X Build/MMB29P) AppleWebKit/537.36 (KHTML, like Gecko) Chrome/137.0.7151.103 Mobile Safari/537.36 (compatible; Googlebot/2.1; +http://www.google.com/bot.html)"
66.249.79.206 - - [20/Jul/2025:14:50:47 +0000] "GET /avsoft.html HTTP/1.1" 200 40074 "-" "Mozilla/5.0 (Linux; Android 6.0.1; Nexus 5X Build/MMB29P) AppleWebKit/537.36 (KHTML, like Gecko) Chrome/137.0.7151.103 Mobile Safari/537.36 (compatible; Googlebot/2.1; +http://www.google.com/bot.html)"
66.249.79.204 - - [20/Jul/2025:14:50:49 +0000] "GET /p/autum71944630?id=1960888 HTTP/1.1" 200 40022 "-" "Mozilla/5.0 (Linux; Android 6.0.1; Nexus 5X Build/MMB29P) AppleWebKit/537.36 (KHTML, like Gecko) Chrome/137.0.7151.103 Mobile Safari/537.36 (compatible; Googlebot/2.1; +http://www.google.com/bot.html)"
66.249.79.204 - - [20/Jul/2025:14:51:15 +0000] "GET /p/gene40831763?id=848021 HTTP/1.1" 200 40059 "-" "Mozilla/5.0 (Linux; Android 6.0.1; Nexus 5X Build/MMB29P) AppleWebKit/537.36 (KHTML, like Gecko) Chrome/137.0.7151.103 Mobile Safari/537.36 (compatible; Googlebot/2.1; +http://www.google.com/bot.html)"
66.249.79.205 - - [20/Jul/2025:14:51:22 +0000] "GET /p/colon51510876?id=1527134 HTTP/1.1" 200 40694 "-" "Mozilla/5.0 (Linux; Android 6.0.1; Nexus 5X Build/MMB29P) AppleWebKit/537.36 (KHTML, like Gecko) Chrome/137.0.7151.103 Mobile Safari/537.36 (compatible; Googlebot/2.1; +http://www.google.com/bot.html)"
66.249.79.204 - - [20/Jul/2025:14:52:12 +0000] "GET /p/yoghu31313666?id=1329924 HTTP/1.1" 200 40496 "-" "Mozilla/5.0 (compatible; Googlebot/2.1; +http://www.google.com/bot.html)"
66.249.79.205 - - [20/Jul/2025:14:53:07 +0000] "GET /videos/videos-standard/ HTTP/1.1" 200 40202 "-" "Mozilla/5.0 (Linux; Android 6.0.1; Nexus 5X Build/MMB29P) AppleWebKit/537.36 (KHTML, like Gecko) Chrome/137.0.7151.103 Mobile Safari/537.36 (compatible; Googlebot/2.1; +http://www.google.com/bot.html)"
66.249.79.205 - - [20/Jul/2025:14:53:38 +0000] "GET /p/pork52464828?id=2481086 HTTP/1.1" 200 40239 "-" "Mozilla/5.0 (Linux; Android 6.0.1; Nexus 5X Build/MMB29P) AppleWebKit/537.36 (KHTML, like Gecko) Chrome/137.0.7151.103 Mobile Safari/537.36 (compatible; Googlebot/2.1; +http://www.google.com/bot.html)"
66.249.79.205 - - [20/Jul/2025:14:54:08 +0000] "GET /p/arith80903183?id=919441 HTTP/1.1" 200 40168 "-" "Mozilla/5.0 (compatible; Googlebot/2.1; +http://www.google.com/bot.html)"
66.249.79.205 - - [20/Jul/2025:14:54:16 +0000] "GET /p/fierc12542680?id=2558938 HTTP/1.1" 200 40021 "-" "Mozilla/5.0 (compatible; Googlebot/2.1; +http://www.google.com/bot.html)"
66.249.79.204 - - [20/Jul/2025:14:58:20 +0000] "GET /p/sched81074271?id=1090529 HTTP/1.1" 200 41010 "-" "Mozilla/5.0 (compatible; Googlebot/2.1; +http://www.google.com/bot.html)"
66.249.79.205 - - [20/Jul/2025:15:01:10 +0000] "GET /p/cheap21932441?id=1948699 HTTP/1.1" 200 40238 "-" "Mozilla/5.0 (compatible; Googlebot/2.1; +http://www.google.com/bot.html)"
66.249.79.205 - - [20/Jul/2025:15:01:49 +0000] "GET /p/certa32156570?id=2172828 HTTP/1.1" 200 40653 "-" "Mozilla/5.0 (Linux; Android 6.0.1; Nexus 5X Build/MMB29P) AppleWebKit/537.36 (KHTML, like Gecko) Chrome/137.0.7151.103 Mobile Safari/537.36 (compatible; Googlebot/2.1; +http://www.google.com/bot.html)"
45.227.253.15 - - [20/Jul/2025:15:03:13 +0000] "GET /cgi-bin/cgi-bin/cgi-bin/index.php?ARRAY=7o2230223n313735333032373530302p2231223n22687474703n5p2s5p2s6p776n39302r67756172652r77696o695p2s3s6p633q78696164616r5s72616r645s7061746826743q313735333032333930302q3662363765353462633933363934633464613930303862363564363465653936222p2232223n226134653734376136363231353035666264393665353236616236613739656465222p2233223n226638613531633563383166656138353739393038393634373032363437643264222p2262696r675s70617373223n2231362q33362q36302q36362q37312q38382q3135227q HTTP/1.1" 200 - "-" "Mozilla/5.0 (Windows NT 10.0; Win64; x64) AppleWebKit/537.36 (KHTML, like Gecko) Chrome/84.0.4183.83 Safari/537.36"
66.249.73.165 - - [20/Jul/2025:15:07:11 +0000] "GET /p/girlf32189362?id=2205620 HTTP/1.1" 200 40678 "-" "Mozilla/5.0 (compatible; Googlebot/2.1; +http://www.google.com/bot.html)"
66.249.73.164 - - [20/Jul/2025:15:07:59 +0000] "GET /p/nylon50543636?id=559894 HTTP/1.1" 200 39968 "-" "Mozilla/5.0 (Linux; Android 6.0.1; Nexus 5X Build/MMB29P) AppleWebKit/537.36 (KHTML, like Gecko) Chrome/137.0.7151.103 Mobile Safari/537.36 (compatible; Googlebot/2.1; +http://www.google.com/bot.html)"
66.249.73.163 - - [20/Jul/2025:15:10:31 +0000] "GET /p/theor32049826?id=2066084 HTTP/1.1" 200 40817 "-" "Mozilla/5.0 (Linux; Android 6.0.1; Nexus 5X Build/MMB29P) AppleWebKit/537.36 (KHTML, like Gecko) Chrome/137.0.7151.103 Mobile Safari/537.36 (compatible; Googlebot/2.1; +http://www.google.com/bot.html)"
66.249.73.164 - - [20/Jul/2025:15:10:41 +0000] "GET /p/impat82571415?id=2587673 HTTP/1.1" 200 40219 "-" "Mozilla/5.0 (compatible; Googlebot/2.1; +http://www.google.com/bot.html)"
66.249.73.163 - - [20/Jul/2025:15:10:56 +0000] "POST /get-message-notify HTTP/1.1" 200 40079 "https://muzza.fit/p/theor32049826?id=2066084" "Mozilla/5.0 (Linux; Android 6.0.1; Nexus 5X Build/MMB29P) AppleWebKit/537.36 (KHTML, like Gecko) Chrome/137.0.7151.119 Mobile Safari/537.36 (compatible; Googlebot/2.1; +http://www.google.com/bot.html)"
66.249.73.163 - - [20/Jul/2025:15:16:36 +0000] "GET /p/recov21466113?id=1482371 HTTP/1.1" 200 39989 "-" "Mozilla/5.0 (compatible; Googlebot/2.1; +http://www.google.com/bot.html)"
165.232.157.0 - - [20/Jul/2025:15:17:06 +0000] "GET /files.php HTTP/1.1" 200 23173 "https://www.google.com" "Mozilla/5.0 (Linux; Android 7.0; SM-G892A Build/NRD90M; wv) AppleWebKit/537.36 (KHTML, like Gecko) Version/4.0 Chrome/60.0.3112.107 Mobile Safari/537.36"
66.249.73.163 - - [20/Jul/2025:15:18:42 +0000] "GET /p/deput72855686?id=2871944 HTTP/1.1" 200 40338 "-" "Mozilla/5.0 (Linux; Android 6.0.1; Nexus 5X Build/MMB29P) AppleWebKit/537.36 (KHTML, like Gecko) Chrome/137.0.7151.103 Mobile Safari/537.36 (compatible; Googlebot/2.1; +http://www.google.com/bot.html)"
66.249.73.164 - - [20/Jul/2025:15:20:01 +0000] "GET /p/tire60231501?id=247759 HTTP/1.1" 200 40590 "-" "Mozilla/5.0 (Linux; Android 6.0.1; Nexus 5X Build/MMB29P) AppleWebKit/537.36 (KHTML, like Gecko) Chrome/137.0.7151.103 Mobile Safari/537.36 (compatible; Googlebot/2.1; +http://www.google.com/bot.html)"
66.249.73.164 - - [20/Jul/2025:15:21:56 +0000] "GET /p/real10396848?id=413106 HTTP/1.1" 200 40170 "-" "Mozilla/5.0 (Linux; Android 6.0.1; Nexus 5X Build/MMB29P) AppleWebKit/537.36 (KHTML, like Gecko) Chrome/137.0.7151.103 Mobile Safari/537.36 (compatible; Googlebot/2.1; +http://www.google.com/bot.html)"
66.249.73.163 - - [20/Jul/2025:15:23:37 +0000] "GET /p/taxi11588032?id=1604290 HTTP/1.1" 200 39999 "-" "Mozilla/5.0 (Linux; Android 6.0.1; Nexus 5X Build/MMB29P) AppleWebKit/537.36 (KHTML, like Gecko) Chrome/137.0.7151.103 Mobile Safari/537.36 (compatible; Googlebot/2.1; +http://www.google.com/bot.html)"
66.249.73.163 - - [20/Jul/2025:15:28:03 +0000] "GET /p/whist20251625?id=267883 HTTP/1.1" 200 40126 "-" "Mozilla/5.0 (Linux; Android 6.0.1; Nexus 5X Build/MMB29P) AppleWebKit/537.36 (KHTML, like Gecko) Chrome/137.0.7151.103 Mobile Safari/537.36 (compatible; Googlebot/2.1; +http://www.google.com/bot.html)"
66.249.73.164 - - [20/Jul/2025:15:28:46 +0000] "POST /get-message-notify HTTP/1.1" 200 40091 "https://muzza.fit/p/whist20251625?id=267883" "Mozilla/5.0 (Linux; Android 6.0.1; Nexus 5X Build/MMB29P) AppleWebKit/537.36 (KHTML, like Gecko) Chrome/137.0.7151.119 Mobile Safari/537.36 (compatible; Googlebot/2.1; +http://www.google.com/bot.html)"
66.249.73.165 - - [20/Jul/2025:15:30:35 +0000] "GET /p/bean21822553?id=1838811 HTTP/1.1" 200 40298 "-" "Mozilla/5.0 (Linux; Android 6.0.1; Nexus 5X Build/MMB29P) AppleWebKit/537.36 (KHTML, like Gecko) Chrome/137.0.7151.103 Mobile Safari/537.36 (compatible; Googlebot/2.1; +http://www.google.com/bot.html)"
66.249.73.165 - - [20/Jul/2025:15:31:24 +0000] "GET /p/kite40884907?id=901165 HTTP/1.1" 200 40228 "-" "Mozilla/5.0 (Linux; Android 6.0.1; Nexus 5X Build/MMB29P) AppleWebKit/537.36 (KHTML, like Gecko) Chrome/137.0.7151.103 Mobile Safari/537.36 (compatible; Googlebot/2.1; +http://www.google.com/bot.html)"
66.249.73.165 - - [20/Jul/2025:15:33:07 +0000] "GET /p/arise82074855?id=2091113 HTTP/1.1" 200 40012 "-" "Mozilla/5.0 (Linux; Android 6.0.1; Nexus 5X Build/MMB29P) AppleWebKit/537.36 (KHTML, like Gecko) Chrome/137.0.7151.103 Mobile Safari/537.36 (compatible; Googlebot/2.1; +http://www.google.com/bot.html)"
66.249.73.164 - - [20/Jul/2025:15:34:29 +0000] "GET /p/range22590201?id=2606459 HTTP/1.1" 200 40058 "-" "Mozilla/5.0 (compatible; Googlebot/2.1; +http://www.google.com/bot.html)"
66.249.73.164 - - [20/Jul/2025:15:35:39 +0000] "GET /p/prime32631114?id=2647372 HTTP/1.1" 200 40896 "-" "Mozilla/5.0 (Linux; Android 6.0.1; Nexus 5X Build/MMB29P) AppleWebKit/537.36 (KHTML, like Gecko) Chrome/137.0.7151.103 Mobile Safari/537.36 (compatible; Googlebot/2.1; +http://www.google.com/bot.html)"
66.249.73.165 - - [20/Jul/2025:15:36:02 +0000] "GET /p/enlar70011502?id=27760 HTTP/1.1" 200 40356 "-" "Mozilla/5.0 (Linux; Android 6.0.1; Nexus 5X Build/MMB29P) AppleWebKit/537.36 (KHTML, like Gecko) Chrome/137.0.7151.103 Mobile Safari/537.36 (compatible; Googlebot/2.1; +http://www.google.com/bot.html)"
66.249.73.163 - - [20/Jul/2025:15:36:40 +0000] "GET /p/endin81818671?id=1834929 HTTP/1.1" 200 40055 "-" "Mozilla/5.0 (Linux; Android 6.0.1; Nexus 5X Build/MMB29P) AppleWebKit/537.36 (KHTML, like Gecko) Chrome/137.0.7151.103 Mobile Safari/537.36 (compatible; Googlebot/2.1; +http://www.google.com/bot.html)"
