213.180.203.117 - - [20/Jul/2025:19:24:46 +0000] "GET /p/wrist10295016?id=311274 HTTP/1.1" 200 23182 "-" "Mozilla/5.0 (compatible; YandexBot/3.0; +http://yandex.com/bots)"
213.180.203.14 - - [20/Jul/2025:19:24:46 +0000] "GET /p/misun42089939?id=2106197 HTTP/1.1" 200 23182 "-" "Mozilla/5.0 (compatible; YandexBot/3.0; +http://yandex.com/bots)"
213.180.203.174 - - [20/Jul/2025:19:24:47 +0000] "GET /p/liner40838619?id=854877 HTTP/1.1" 200 23182 "-" "Mozilla/5.0 (compatible; YandexBot/3.0; +http://yandex.com/bots)"
5.255.231.94 - - [20/Jul/2025:19:24:48 +0000] "GET /p/prize80036511?id=52769 HTTP/1.1" 200 23182 "-" "Mozilla/5.0 (compatible; YandexBot/3.0; +http://yandex.com/bots)"
95.108.213.198 - - [20/Jul/2025:19:24:48 +0000] "GET /p/numer70586854?id=603112 HTTP/1.1" 200 23182 "-" "Mozilla/5.0 (compatible; YandexBot/3.0; +http://yandex.com/bots)"
87.250.224.254 - - [20/Jul/2025:19:24:49 +0000] "GET /p/bay40003635?id=19893 HTTP/1.1" 200 23182 "-" "Mozilla/5.0 (compatible; YandexBot/3.0; +http://yandex.com/bots)"
5.255.231.156 - - [20/Jul/2025:19:24:49 +0000] "GET /p/bloss22931297?id=2947555 HTTP/1.1" 200 23182 "-" "Mozilla/5.0 (compatible; YandexBot/3.0; +http://yandex.com/bots)"
213.180.203.48 - - [20/Jul/2025:19:24:50 +0000] "GET /p/over20808449?id=824707 HTTP/1.1" 200 23182 "-" "Mozilla/5.0 (compatible; YandexBot/3.0; +http://yandex.com/bots)"
213.180.203.164 - - [20/Jul/2025:19:24:50 +0000] "GET /p/motor32749146?id=2765404 HTTP/1.1" 200 23182 "-" "Mozilla/5.0 (compatible; YandexBot/3.0; +http://yandex.com/bots)"
213.180.203.66 - - [20/Jul/2025:19:25:23 +0000] "GET /recollection.php?shopdetail/264562783 HTTP/1.1" 200 - "-" "Mozilla/5.0 (compatible; YandexBot/3.0; +http://yandex.com/bots)"
213.180.203.114 - - [20/Jul/2025:19:25:24 +0000] "GET /recollection.php?shopdetail/238876683 HTTP/1.1" 200 - "-" "Mozilla/5.0 (compatible; YandexBot/3.0; +http://yandex.com/bots)"
209.74.77.214 - - [20/Jul/2025:19:25:24 +0000] "POST /wp-cron.php?doing_wp_cron=1753039524.8376779556274414062500 HTTP/1.1" 200 - "-" "WordPress/6.8.2; https://muzza.fit"
209.74.77.214 - - [20/Jul/2025:19:25:24 +0000] "POST /wp-cron.php?doing_wp_cron=1753039524.8371810913085937500000 HTTP/1.1" 200 - "-" "WordPress/6.8.2; https://muzza.fit"
66.249.73.164 - - [20/Jul/2025:19:25:24 +0000] "GET /p/theat30941506?id=957764 HTTP/1.1" 200 40058 "-" "Mozilla/5.0 (Linux; Android 6.0.1; Nexus 5X Build/MMB29P) AppleWebKit/537.36 (KHTML, like Gecko) Chrome/137.0.7151.103 Mobile Safari/537.36 (compatible; Googlebot/2.1; +http://www.google.com/bot.html)"
5.255.231.112 - - [20/Jul/2025:19:25:23 +0000] "GET /p/matte62525349?id=2541607 HTTP/1.1" 200 23182 "-" "Mozilla/5.0 (compatible; YandexBot/3.0; +http://yandex.com/bots)"
87.250.224.232 - - [20/Jul/2025:19:25:23 +0000] "GET /p/butch70891534?id=907792 HTTP/1.1" 200 23182 "-" "Mozilla/5.0 (compatible; YandexBot/3.0; +http://yandex.com/bots)"
213.180.203.39 - - [20/Jul/2025:19:25:24 +0000] "GET /p/sensi52905916?id=2922174 HTTP/1.1" 200 23182 "-" "Mozilla/5.0 (compatible; YandexBot/3.0; +http://yandex.com/bots)"
213.180.203.64 - - [20/Jul/2025:19:25:24 +0000] "GET /p/radia60503453?id=519711 HTTP/1.1" 200 23182 "-" "Mozilla/5.0 (compatible; YandexBot/3.0; +http://yandex.com/bots)"
213.180.203.117 - - [20/Jul/2025:19:25:25 +0000] "GET /p/male72215334?id=2231592 HTTP/1.1" 200 23182 "-" "Mozilla/5.0 (compatible; YandexBot/3.0; +http://yandex.com/bots)"
213.180.203.14 - - [20/Jul/2025:19:25:25 +0000] "GET /p/ever51445084?id=1461342 HTTP/1.1" 200 23182 "-" "Mozilla/5.0 (compatible; YandexBot/3.0; +http://yandex.com/bots)"
213.180.203.174 - - [20/Jul/2025:19:25:25 +0000] "GET /p/journ21202601?id=1218859 HTTP/1.1" 200 23182 "-" "Mozilla/5.0 (compatible; YandexBot/3.0; +http://yandex.com/bots)"
5.255.231.94 - - [20/Jul/2025:19:25:26 +0000] "GET /p/newss51243732?id=1259990 HTTP/1.1" 200 23182 "-" "Mozilla/5.0 (compatible; YandexBot/3.0; +http://yandex.com/bots)"
95.108.213.198 - - [20/Jul/2025:19:25:26 +0000] "GET /p/frost12315472?id=2331730 HTTP/1.1" 200 23182 "-" "Mozilla/5.0 (compatible; YandexBot/3.0; +http://yandex.com/bots)"
87.250.224.254 - - [20/Jul/2025:19:25:27 +0000] "GET /p/wagon71619694?id=1635952 HTTP/1.1" 200 23182 "-" "Mozilla/5.0 (compatible; YandexBot/3.0; +http://yandex.com/bots)"
66.249.73.164 - - [20/Jul/2025:19:25:39 +0000] "GET /p/sad40084771?id=101029 HTTP/1.1" 200 40662 "-" "Mozilla/5.0 (Linux; Android 6.0.1; Nexus 5X Build/MMB29P) AppleWebKit/537.36 (KHTML, like Gecko) Chrome/137.0.7151.103 Mobile Safari/537.36 (compatible; Googlebot/2.1; +http://www.google.com/bot.html)"
209.74.77.214 - - [20/Jul/2025:19:25:52 +0000] "POST /wp-cron.php?doing_wp_cron=1753039551.9925329685211181640625 HTTP/1.1" 200 - "-" "WordPress/6.8.2; https://muzza.fit"
209.74.77.214 - - [20/Jul/2025:19:25:52 +0000] "POST /wp-cron.php?doing_wp_cron=1753039551.9924829006195068359375 HTTP/1.1" 200 - "-" "WordPress/6.8.2; https://muzza.fit"
213.180.203.48 - - [20/Jul/2025:19:25:51 +0000] "GET /p/first11056728?id=1072986 HTTP/1.1" 200 23182 "-" "Mozilla/5.0 (compatible; YandexBot/3.0; +http://yandex.com/bots)"
5.255.231.156 - - [20/Jul/2025:19:25:51 +0000] "GET /p/prefe80345543?id=361801 HTTP/1.1" 200 23182 "-" "Mozilla/5.0 (compatible; YandexBot/3.0; +http://yandex.com/bots)"
213.180.203.164 - - [20/Jul/2025:19:25:52 +0000] "GET /p/sat51171940?id=1188198 HTTP/1.1" 200 23182 "-" "Mozilla/5.0 (compatible; YandexBot/3.0; +http://yandex.com/bots)"
5.255.231.112 - - [20/Jul/2025:19:25:52 +0000] "GET /p/consp80802351?id=818609 HTTP/1.1" 200 23182 "-" "Mozilla/5.0 (compatible; YandexBot/3.0; +http://yandex.com/bots)"
87.250.224.232 - - [20/Jul/2025:19:25:54 +0000] "GET /p/kilog80374527?id=390785 HTTP/1.1" 200 23182 "-" "Mozilla/5.0 (compatible; YandexBot/3.0; +http://yandex.com/bots)"
213.180.203.66 - - [20/Jul/2025:19:25:54 +0000] "GET /p/ugly32252578?id=2268836 HTTP/1.1" 200 23182 "-" "Mozilla/5.0 (compatible; YandexBot/3.0; +http://yandex.com/bots)"
213.180.203.64 - - [20/Jul/2025:19:25:54 +0000] "GET /p/glue40947259?id=963517 HTTP/1.1" 200 23182 "-" "Mozilla/5.0 (compatible; YandexBot/3.0; +http://yandex.com/bots)"
213.180.203.39 - - [20/Jul/2025:19:25:54 +0000] "GET /p/rosy11427880?id=1444138 HTTP/1.1" 200 23182 "-" "Mozilla/5.0 (compatible; YandexBot/3.0; +http://yandex.com/bots)"
213.180.203.114 - - [20/Jul/2025:19:25:54 +0000] "GET /p/snake50216452?id=232710 HTTP/1.1" 200 23182 "-" "Mozilla/5.0 (compatible; YandexBot/3.0; +http://yandex.com/bots)"
213.180.203.117 - - [20/Jul/2025:19:25:55 +0000] "GET /p/vacuu82087447?id=2103705 HTTP/1.1" 200 23182 "-" "Mozilla/5.0 (compatible; YandexBot/3.0; +http://yandex.com/bots)"
213.180.203.14 - - [20/Jul/2025:19:25:55 +0000] "GET /p/abuse71614158?id=1630416 HTTP/1.1" 200 23182 "-" "Mozilla/5.0 (compatible; YandexBot/3.0; +http://yandex.com/bots)"
213.180.203.174 - - [20/Jul/2025:19:25:56 +0000] "GET /p/spoon52008324?id=2024582 HTTP/1.1" 200 23182 "-" "Mozilla/5.0 (compatible; YandexBot/3.0; +http://yandex.com/bots)"
5.255.231.94 - - [20/Jul/2025:19:25:56 +0000] "GET /p/figur60018221?id=34479 HTTP/1.1" 200 23182 "-" "Mozilla/5.0 (compatible; YandexBot/3.0; +http://yandex.com/bots)"
95.108.213.198 - - [20/Jul/2025:19:25:57 +0000] "GET /p/perma41294299?id=1310557 HTTP/1.1" 200 23182 "-" "Mozilla/5.0 (compatible; YandexBot/3.0; +http://yandex.com/bots)"
87.250.224.254 - - [20/Jul/2025:19:25:57 +0000] "GET /p/prolo62327725?id=2343983 HTTP/1.1" 200 23182 "-" "Mozilla/5.0 (compatible; YandexBot/3.0; +http://yandex.com/bots)"
5.255.231.156 - - [20/Jul/2025:19:25:58 +0000] "GET /p/there51076652?id=1092910 HTTP/1.1" 200 23182 "-" "Mozilla/5.0 (compatible; YandexBot/3.0; +http://yandex.com/bots)"
209.74.77.214 - - [20/Jul/2025:19:26:18 +0000] "POST /wp-cron.php?doing_wp_cron=1753039578.0123059749603271484375 HTTP/1.1" 200 - "-" "WordPress/6.8.2; https://muzza.fit"
213.180.203.164 - - [20/Jul/2025:19:26:17 +0000] "GET /p/sulfu52899108?id=2915366 HTTP/1.1" 200 23182 "-" "Mozilla/5.0 (compatible; YandexBot/3.0; +http://yandex.com/bots)"
213.180.203.48 - - [20/Jul/2025:19:26:17 +0000] "GET /p/cathe10171528?id=187786 HTTP/1.1" 200 23182 "-" "Mozilla/5.0 (compatible; YandexBot/3.0; +http://yandex.com/bots)"
5.255.231.112 - - [20/Jul/2025:19:26:17 +0000] "GET /p/adopt71262518?id=1278776 HTTP/1.1" 200 23182 "-" "Mozilla/5.0 (compatible; YandexBot/3.0; +http://yandex.com/bots)"
213.180.203.66 - - [20/Jul/2025:19:26:18 +0000] "GET /recollection.php?shopdetail/236838983 HTTP/1.1" 200 - "-" "Mozilla/5.0 (compatible; YandexBot/3.0; +http://yandex.com/bots)"
87.250.224.232 - - [20/Jul/2025:19:26:17 +0000] "GET /p/meanw61918685?id=1934943 HTTP/1.1" 200 23182 "-" "Mozilla/5.0 (compatible; YandexBot/3.0; +http://yandex.com/bots)"
213.180.203.64 - - [20/Jul/2025:19:26:18 +0000] "GET /recollection.php?shopdetail/153617183 HTTP/1.1" 200 - "-" "Mozilla/5.0 (compatible; YandexBot/3.0; +http://yandex.com/bots)"
213.180.203.39 - - [20/Jul/2025:19:26:19 +0000] "GET /p/girlf31973362?id=1989620 HTTP/1.1" 200 23182 "-" "Mozilla/5.0 (compatible; YandexBot/3.0; +http://yandex.com/bots)"
213.180.203.114 - - [20/Jul/2025:19:26:19 +0000] "GET /p/pant61507877?id=1524135 HTTP/1.1" 200 23182 "-" "Mozilla/5.0 (compatible; YandexBot/3.0; +http://yandex.com/bots)"
213.180.203.117 - - [20/Jul/2025:19:26:20 +0000] "GET /p/shop52032060?id=2048318 HTTP/1.1" 200 23182 "-" "Mozilla/5.0 (compatible; YandexBot/3.0; +http://yandex.com/bots)"
213.180.203.14 - - [20/Jul/2025:19:26:20 +0000] "GET /p/field51832412?id=1848670 HTTP/1.1" 200 23182 "-" "Mozilla/5.0 (compatible; YandexBot/3.0; +http://yandex.com/bots)"
213.180.203.174 - - [20/Jul/2025:19:26:21 +0000] "GET /p/page72584670?id=2600928 HTTP/1.1" 200 125 "-" "Mozilla/5.0 (compatible; YandexBot/3.0; +http://yandex.com/bots)"
5.255.231.94 - - [20/Jul/2025:19:26:21 +0000] "GET /p/permi72253462?id=2269720 HTTP/1.1" 200 23182 "-" "Mozilla/5.0 (compatible; YandexBot/3.0; +http://yandex.com/bots)"
95.108.213.198 - - [20/Jul/2025:19:26:22 +0000] "GET /p/merch32606802?id=2623060 HTTP/1.1" 200 23182 "-" "Mozilla/5.0 (compatible; YandexBot/3.0; +http://yandex.com/bots)"
66.249.73.165 - - [20/Jul/2025:19:26:36 +0000] "GET /p/incen31418242?id=1434500 HTTP/1.1" 200 40869 "-" "Mozilla/5.0 (Linux; Android 6.0.1; Nexus 5X Build/MMB29P) AppleWebKit/537.36 (KHTML, like Gecko) Chrome/137.0.7151.103 Mobile Safari/537.36 (compatible; Googlebot/2.1; +http://www.google.com/bot.html)"
66.249.73.164 - - [20/Jul/2025:19:26:36 +0000] "GET /p/incen31418242?id=1434500 HTTP/1.1" 200 40813 "-" "Mozilla/5.0 (compatible; Googlebot/2.1; +http://www.google.com/bot.html)"
209.74.77.214 - - [20/Jul/2025:19:26:39 +0000] "POST /wp-cron.php?doing_wp_cron=1753039599.0047080516815185546875 HTTP/1.1" 200 - "-" "WordPress/6.8.2; https://muzza.fit"
209.74.77.214 - - [20/Jul/2025:19:26:39 +0000] "POST /wp-cron.php?doing_wp_cron=1753039599.0047080516815185546875 HTTP/1.1" 200 - "-" "WordPress/6.8.2; https://muzza.fit"
5.255.231.156 - - [20/Jul/2025:19:26:38 +0000] "GET /p/pitch70470910?id=487168 HTTP/1.1" 200 23182 "-" "Mozilla/5.0 (compatible; YandexBot/3.0; +http://yandex.com/bots)"
87.250.224.254 - - [20/Jul/2025:19:26:38 +0000] "GET /p/tend62535005?id=2551263 HTTP/1.1" 200 23182 "-" "Mozilla/5.0 (compatible; YandexBot/3.0; +http://yandex.com/bots)"
209.74.77.214 - - [20/Jul/2025:19:26:51 +0000] "POST /wp-cron.php?doing_wp_cron=1753039611.0578699111938476562500 HTTP/1.1" 200 - "-" "WordPress/6.8.2; https://muzza.fit"
5.255.231.112 - - [20/Jul/2025:19:26:50 +0000] "GET /p/magni12642648?id=2658906 HTTP/1.1" 200 23182 "-" "Mozilla/5.0 (compatible; YandexBot/3.0; +http://yandex.com/bots)"
213.180.203.48 - - [20/Jul/2025:19:26:50 +0000] "GET /p/assis20429553?id=445811 HTTP/1.1" 200 23182 "-" "Mozilla/5.0 (compatible; YandexBot/3.0; +http://yandex.com/bots)"
213.180.203.164 - - [20/Jul/2025:19:26:50 +0000] "GET /p/polis12591552?id=2607810 HTTP/1.1" 200 23182 "-" "Mozilla/5.0 (compatible; YandexBot/3.0; +http://yandex.com/bots)"
87.250.224.232 - - [20/Jul/2025:19:26:51 +0000] "GET /p/cloth51224372?id=1240630 HTTP/1.1" 200 23182 "-" "Mozilla/5.0 (compatible; YandexBot/3.0; +http://yandex.com/bots)"
213.180.203.64 - - [20/Jul/2025:19:26:53 +0000] "GET /p/dug72263942?id=2280200 HTTP/1.1" 200 23182 "-" "Mozilla/5.0 (compatible; YandexBot/3.0; +http://yandex.com/bots)"
213.180.203.66 - - [20/Jul/2025:19:26:53 +0000] "GET /p/ray82775615?id=2791873 HTTP/1.1" 200 23182 "-" "Mozilla/5.0 (compatible; YandexBot/3.0; +http://yandex.com/bots)"
209.74.77.214 - - [20/Jul/2025:19:27:05 +0000] "POST /wp-cron.php?doing_wp_cron=1753039625.1035990715026855468750 HTTP/1.1" 200 - "-" "WordPress/6.8.2; https://muzza.fit"
213.180.203.39 - - [20/Jul/2025:19:27:04 +0000] "GET /p/throu11760168?id=1776426 HTTP/1.1" 200 23182 "-" "Mozilla/5.0 (compatible; YandexBot/3.0; +http://yandex.com/bots)"
213.180.203.114 - - [20/Jul/2025:19:27:04 +0000] "GET /p/choic82040143?id=2056401 HTTP/1.1" 200 23182 "-" "Mozilla/5.0 (compatible; YandexBot/3.0; +http://yandex.com/bots)"
213.180.203.174 - - [20/Jul/2025:19:27:05 +0000] "GET /p/wande12195024?id=2211282 HTTP/1.1" 200 23182 "-" "Mozilla/5.0 (compatible; YandexBot/3.0; +http://yandex.com/bots)"
213.180.203.14 - - [20/Jul/2025:19:27:05 +0000] "GET /p/easy80196983?id=213241 HTTP/1.1" 200 23182 "-" "Mozilla/5.0 (compatible; YandexBot/3.0; +http://yandex.com/bots)"
213.180.203.117 - - [20/Jul/2025:19:27:05 +0000] "GET /p/hire41582003?id=1598261 HTTP/1.1" 200 23182 "-" "Mozilla/5.0 (compatible; YandexBot/3.0; +http://yandex.com/bots)"
5.255.231.94 - - [20/Jul/2025:19:27:05 +0000] "GET /p/franc10081608?id=97866 HTTP/1.1" 200 23182 "-" "Mozilla/5.0 (compatible; YandexBot/3.0; +http://yandex.com/bots)"
95.108.213.198 - - [20/Jul/2025:19:27:06 +0000] "GET /p/rescu51990076?id=2006334 HTTP/1.1" 200 23182 "-" "Mozilla/5.0 (compatible; YandexBot/3.0; +http://yandex.com/bots)"
66.249.73.163 - - [20/Jul/2025:19:27:12 +0000] "GET /p/fiew10399968?id=416226 HTTP/1.1" 200 41192 "-" "Mozilla/5.0 (Linux; Android 6.0.1; Nexus 5X Build/MMB29P) AppleWebKit/537.36 (KHTML, like Gecko) Chrome/137.0.7151.103 Mobile Safari/537.36 (compatible; Googlebot/2.1; +http://www.google.com/bot.html)"
87.250.224.254 - - [20/Jul/2025:19:27:14 +0000] "GET /p/perio61720181?id=1736439 HTTP/1.1" 200 23182 "-" "Mozilla/5.0 (compatible; YandexBot/3.0; +http://yandex.com/bots)"
213.180.203.48 - - [20/Jul/2025:19:27:14 +0000] "GET /p/deman21126121?id=1142379 HTTP/1.1" 200 23182 "-" "Mozilla/5.0 (compatible; YandexBot/3.0; +http://yandex.com/bots)"
213.180.203.164 - - [20/Jul/2025:19:27:14 +0000] "GET /p/night12176448?id=2192706 HTTP/1.1" 200 23182 "-" "Mozilla/5.0 (compatible; YandexBot/3.0; +http://yandex.com/bots)"
5.255.231.156 - - [20/Jul/2025:19:27:14 +0000] "GET /p/eat52277540?id=2293798 HTTP/1.1" 200 23182 "-" "Mozilla/5.0 (compatible; YandexBot/3.0; +http://yandex.com/bots)"
5.255.231.112 - - [20/Jul/2025:19:27:15 +0000] "GET /p/beard71185526?id=1201784 HTTP/1.1" 200 23182 "-" "Mozilla/5.0 (compatible; YandexBot/3.0; +http://yandex.com/bots)"
87.250.224.232 - - [20/Jul/2025:19:27:16 +0000] "GET /p/bear81613279?id=1629537 HTTP/1.1" 200 23182 "-" "Mozilla/5.0 (compatible; YandexBot/3.0; +http://yandex.com/bots)"
213.180.203.66 - - [20/Jul/2025:19:27:17 +0000] "GET /p/ceili51900820?id=1917078 HTTP/1.1" 200 23182 "-" "Mozilla/5.0 (compatible; YandexBot/3.0; +http://yandex.com/bots)"
213.180.203.64 - - [20/Jul/2025:19:27:17 +0000] "GET /p/tiro32203898?id=2220156 HTTP/1.1" 200 23182 "-" "Mozilla/5.0 (compatible; YandexBot/3.0; +http://yandex.com/bots)"
66.249.73.164 - - [20/Jul/2025:19:27:18 +0000] "GET /p/walk11812096?id=1828354 HTTP/1.1" 200 41012 "-" "Mozilla/5.0 (Linux; Android 6.0.1; Nexus 5X Build/MMB29P) AppleWebKit/537.36 (KHTML, like Gecko) Chrome/137.0.7151.103 Mobile Safari/537.36 (compatible; Googlebot/2.1; +http://www.google.com/bot.html)"
209.74.77.214 - - [20/Jul/2025:19:27:26 +0000] "POST /wp-cron.php?doing_wp_cron=1753039646.2103359699249267578125 HTTP/1.1" 200 - "-" "WordPress/6.8.2; https://muzza.fit"
213.180.203.39 - - [20/Jul/2025:19:27:25 +0000] "GET /p/flush61366797?id=1383055 HTTP/1.1" 200 23182 "-" "Mozilla/5.0 (compatible; YandexBot/3.0; +http://yandex.com/bots)"
213.180.203.114 - - [20/Jul/2025:19:27:26 +0000] "GET /p/bird52984868?id=3001126 HTTP/1.1" 200 23182 "-" "Mozilla/5.0 (compatible; YandexBot/3.0; +http://yandex.com/bots)"
213.180.203.117 - - [20/Jul/2025:19:27:39 +0000] "GET /p/headl61883013?id=1899271 HTTP/1.1" 200 23182 "-" "Mozilla/5.0 (compatible; YandexBot/3.0; +http://yandex.com/bots)"
213.180.203.14 - - [20/Jul/2025:19:27:40 +0000] "GET /p/forum20598129?id=614387 HTTP/1.1" 200 23182 "-" "Mozilla/5.0 (compatible; YandexBot/3.0; +http://yandex.com/bots)"
213.180.203.174 - - [20/Jul/2025:19:27:41 +0000] "GET /p/ever50605084?id=621342 HTTP/1.1" 200 23182 "-" "Mozilla/5.0 (compatible; YandexBot/3.0; +http://yandex.com/bots)"
5.255.231.94 - - [20/Jul/2025:19:27:42 +0000] "GET /p/now12232856?id=2249114 HTTP/1.1" 200 23182 "-" "Mozilla/5.0 (compatible; YandexBot/3.0; +http://yandex.com/bots)"
95.108.213.198 - - [20/Jul/2025:19:28:00 +0000] "GET /p/pin41342763?id=1359021 HTTP/1.1" 200 23182 "-" "Mozilla/5.0 (compatible; YandexBot/3.0; +http://yandex.com/bots)"
5.255.231.156 - - [20/Jul/2025:19:28:00 +0000] "GET /recollection.php?shopdetail/141051683 HTTP/1.1" 200 - "-" "Mozilla/5.0 (compatible; YandexBot/3.0; +http://yandex.com/bots)"
87.250.224.254 - - [20/Jul/2025:19:28:00 +0000] "GET /p/thril51589484?id=1605742 HTTP/1.1" 200 23182 "-" "Mozilla/5.0 (compatible; YandexBot/3.0; +http://yandex.com/bots)"
213.180.203.48 - - [20/Jul/2025:19:28:02 +0000] "GET /p/scope70978102?id=994360 HTTP/1.1" 200 23182 "-" "Mozilla/5.0 (compatible; YandexBot/3.0; +http://yandex.com/bots)"
213.180.203.164 - - [20/Jul/2025:19:28:13 +0000] "GET /recollection.php?shopdetail/225707683 HTTP/1.1" 200 - "-" "Mozilla/5.0 (compatible; YandexBot/3.0; +http://yandex.com/bots)"
209.74.77.214 - - [20/Jul/2025:19:28:13 +0000] "POST /wp-cron.php?doing_wp_cron=1753039693.1665918827056884765625 HTTP/1.1" 200 - "-" "WordPress/6.8.2; https://muzza.fit"
87.250.224.232 - - [20/Jul/2025:19:28:12 +0000] "GET /p/headq20457913?id=474171 HTTP/1.1" 200 23182 "-" "Mozilla/5.0 (compatible; YandexBot/3.0; +http://yandex.com/bots)"
5.255.231.112 - - [20/Jul/2025:19:28:12 +0000] "GET /p/minut82257063?id=2273321 HTTP/1.1" 200 23182 "-" "Mozilla/5.0 (compatible; YandexBot/3.0; +http://yandex.com/bots)"
213.180.203.64 - - [20/Jul/2025:19:28:13 +0000] "GET /p/shape11120752?id=1137010 HTTP/1.1" 200 23182 "-" "Mozilla/5.0 (compatible; YandexBot/3.0; +http://yandex.com/bots)"
213.180.203.66 - - [20/Jul/2025:19:28:13 +0000] "GET /p/eleme40753667?id=769925 HTTP/1.1" 200 23182 "-" "Mozilla/5.0 (compatible; YandexBot/3.0; +http://yandex.com/bots)"
213.180.203.39 - - [20/Jul/2025:19:28:15 +0000] "GET /recollection.php?shopdetail/71113383 HTTP/1.1" 200 - "-" "Mozilla/5.0 (compatible; YandexBot/3.0; +http://yandex.com/bots)"
213.180.203.114 - - [20/Jul/2025:19:28:14 +0000] "GET /p/crimi40739203?id=755461 HTTP/1.1" 200 23182 "-" "Mozilla/5.0 (compatible; YandexBot/3.0; +http://yandex.com/bots)"
213.180.203.14 - - [20/Jul/2025:19:28:31 +0000] "GET /recollection.php?shopdetail/78187583 HTTP/1.1" 200 - "-" "Mozilla/5.0 (compatible; YandexBot/3.0; +http://yandex.com/bots)"
209.74.77.214 - - [20/Jul/2025:19:28:31 +0000] "POST /wp-cron.php?doing_wp_cron=1753039711.2438130378723144531250 HTTP/1.1" 200 - "-" "WordPress/6.8.2; https://muzza.fit"
213.180.203.117 - - [20/Jul/2025:19:28:31 +0000] "GET /p/oppre80714799?id=731057 HTTP/1.1" 200 23182 "-" "Mozilla/5.0 (compatible; YandexBot/3.0; +http://yandex.com/bots)"
66.249.73.164 - - [20/Jul/2025:19:28:34 +0000] "GET /p/desti41094579?id=1110837 HTTP/1.1" 200 40106 "-" "Mozilla/5.0 (Linux; Android 6.0.1; Nexus 5X Build/MMB29P) AppleWebKit/537.36 (KHTML, like Gecko) Chrome/137.0.7151.103 Mobile Safari/537.36 (compatible; Googlebot/2.1; +http://www.google.com/bot.html)"
213.180.203.174 - - [20/Jul/2025:19:28:44 +0000] "GET /p/main52580444?id=2596702 HTTP/1.1" 200 23182 "-" "Mozilla/5.0 (compatible; YandexBot/3.0; +http://yandex.com/bots)"
5.255.231.94 - - [20/Jul/2025:19:28:45 +0000] "GET /p/situa80216655?id=232913 HTTP/1.1" 200 23182 "-" "Mozilla/5.0 (compatible; YandexBot/3.0; +http://yandex.com/bots)"
95.108.213.198 - - [20/Jul/2025:19:28:46 +0000] "GET /p/zig51979932?id=1996190 HTTP/1.1" 200 23182 "-" "Mozilla/5.0 (compatible; YandexBot/3.0; +http://yandex.com/bots)"
87.250.224.254 - - [20/Jul/2025:19:28:46 +0000] "GET /p/coat20516609?id=532867 HTTP/1.1" 200 23182 "-" "Mozilla/5.0 (compatible; YandexBot/3.0; +http://yandex.com/bots)"
5.255.231.156 - - [20/Jul/2025:19:28:48 +0000] "GET /p/quest71925262?id=1941520 HTTP/1.1" 200 23182 "-" "Mozilla/5.0 (compatible; YandexBot/3.0; +http://yandex.com/bots)"
213.180.203.48 - - [20/Jul/2025:19:29:00 +0000] "GET /p/pour71345582?id=1361840 HTTP/1.1" 200 23182 "-" "Mozilla/5.0 (compatible; YandexBot/3.0; +http://yandex.com/bots)"
5.255.231.112 - - [20/Jul/2025:19:29:01 +0000] "GET /recollection.php?shopdetail/31292883 HTTP/1.1" 200 - "-" "Mozilla/5.0 (compatible; YandexBot/3.0; +http://yandex.com/bots)"
213.180.203.164 - - [20/Jul/2025:19:29:01 +0000] "GET /p/pursu10242280?id=258538 HTTP/1.1" 200 23182 "-" "Mozilla/5.0 (compatible; YandexBot/3.0; +http://yandex.com/bots)"
209.74.77.214 - - [20/Jul/2025:19:29:15 +0000] "POST /wp-cron.php?doing_wp_cron=1753039755.2060220241546630859375 HTTP/1.1" 200 - "-" "WordPress/6.8.2; https://muzza.fit"
213.180.203.66 - - [20/Jul/2025:19:29:15 +0000] "GET /p/relat41696755?id=1713013 HTTP/1.1" 200 23182 "-" "Mozilla/5.0 (compatible; YandexBot/3.0; +http://yandex.com/bots)"
87.250.224.232 - - [20/Jul/2025:19:29:15 +0000] "GET /p/sacri82542727?id=2558985 HTTP/1.1" 200 23182 "-" "Mozilla/5.0 (compatible; YandexBot/3.0; +http://yandex.com/bots)"
209.74.77.214 - - [20/Jul/2025:19:29:31 +0000] "POST /wp-cron.php?doing_wp_cron=1753039771.3310849666595458984375 HTTP/1.1" 200 - "-" "WordPress/6.8.2; https://muzza.fit"
213.180.203.64 - - [20/Jul/2025:19:29:31 +0000] "GET /p/litte51280604?id=1296862 HTTP/1.1" 200 23182 "-" "Mozilla/5.0 (compatible; YandexBot/3.0; +http://yandex.com/bots)"
213.180.203.39 - - [20/Jul/2025:19:29:33 +0000] "GET /p/make52177500?id=2193758 HTTP/1.1" 200 23182 "-" "Mozilla/5.0 (compatible; YandexBot/3.0; +http://yandex.com/bots)"
213.180.203.114 - - [20/Jul/2025:19:29:49 +0000] "GET /p/let80429375?id=445633 HTTP/1.1" 200 23182 "-" "Mozilla/5.0 (compatible; YandexBot/3.0; +http://yandex.com/bots)"
213.180.203.117 - - [20/Jul/2025:19:29:50 +0000] "GET /p/disco31404082?id=1420340 HTTP/1.1" 200 23182 "-" "Mozilla/5.0 (compatible; YandexBot/3.0; +http://yandex.com/bots)"
213.180.203.14 - - [20/Jul/2025:19:29:51 +0000] "GET /p/socks41660915?id=1677173 HTTP/1.1" 200 23182 "-" "Mozilla/5.0 (compatible; YandexBot/3.0; +http://yandex.com/bots)"
213.180.203.174 - - [20/Jul/2025:19:29:51 +0000] "GET /p/midda81214879?id=1231137 HTTP/1.1" 200 23182 "-" "Mozilla/5.0 (compatible; YandexBot/3.0; +http://yandex.com/bots)"
66.249.73.165 - - [20/Jul/2025:19:29:59 +0000] "GET /p/accum32522386?id=2538644 HTTP/1.1" 200 40933 "-" "Mozilla/5.0 (Linux; Android 6.0.1; Nexus 5X Build/MMB29P) AppleWebKit/537.36 (KHTML, like Gecko) Chrome/137.0.7151.103 Mobile Safari/537.36 (compatible; Googlebot/2.1; +http://www.google.com/bot.html)"
5.255.231.94 - - [20/Jul/2025:19:30:03 +0000] "GET /p/field50628412?id=644670 HTTP/1.1" 200 23182 "-" "Mozilla/5.0 (compatible; YandexBot/3.0; +http://yandex.com/bots)"
66.249.73.163 - - [20/Jul/2025:19:30:07 +0000] "POST /get-message-notify HTTP/1.1" 200 40059 "https://muzza.fit/p/accum32522386?id=2538644" "Mozilla/5.0 (Linux; Android 6.0.1; Nexus 5X Build/MMB29P) AppleWebKit/537.36 (KHTML, like Gecko) Chrome/137.0.7151.119 Mobile Safari/537.36 (compatible; Googlebot/2.1; +http://www.google.com/bot.html)"
209.74.77.214 - - [20/Jul/2025:19:30:21 +0000] "POST /wp-cron.php?doing_wp_cron=1753039821.4576010704040527343750 HTTP/1.1" 200 - "-" "WordPress/6.8.2; https://muzza.fit"
95.108.213.198 - - [20/Jul/2025:19:30:21 +0000] "GET /p/affor11592344?id=1608602 HTTP/1.1" 200 23182 "-" "Mozilla/5.0 (compatible; YandexBot/3.0; +http://yandex.com/bots)"
87.250.224.254 - - [20/Jul/2025:19:30:22 +0000] "GET /p/marxi10910592?id=926850 HTTP/1.1" 200 23182 "-" "Mozilla/5.0 (compatible; YandexBot/3.0; +http://yandex.com/bots)"
209.74.77.214 - - [20/Jul/2025:19:30:34 +0000] "POST /wp-cron.php?doing_wp_cron=1753039834.4192659854888916015625 HTTP/1.1" 200 - "-" "WordPress/6.8.2; https://muzza.fit"
5.255.231.156 - - [20/Jul/2025:19:30:34 +0000] "GET /p/volca81003079?id=1019337 HTTP/1.1" 200 23182 "-" "Mozilla/5.0 (compatible; YandexBot/3.0; +http://yandex.com/bots)"
213.180.203.48 - - [20/Jul/2025:19:30:34 +0000] "GET /p/neckl31623290?id=1639548 HTTP/1.1" 200 23182 "-" "Mozilla/5.0 (compatible; YandexBot/3.0; +http://yandex.com/bots)"
213.180.203.164 - - [20/Jul/2025:19:30:35 +0000] "GET /p/consp82642351?id=2658609 HTTP/1.1" 200 23182 "-" "Mozilla/5.0 (compatible; YandexBot/3.0; +http://yandex.com/bots)"
5.255.231.112 - - [20/Jul/2025:19:30:36 +0000] "GET /recollection.php?shopdetail/264562783 HTTP/1.1" 200 - "-" "Mozilla/5.0 (compatible; YandexBot/3.0; +http://yandex.com/bots)"
87.250.224.232 - - [20/Jul/2025:19:30:48 +0000] "GET /recollection.php?shopdetail/27203083 HTTP/1.1" 200 - "-" "Mozilla/5.0 (compatible; YandexBot/3.0; +http://yandex.com/bots)"
209.74.77.214 - - [20/Jul/2025:19:31:29 +0000] "POST /wp-cron.php?doing_wp_cron=1753039889.3736410140991210937500 HTTP/1.1" 200 - "-" "WordPress/6.8.2; https://muzza.fit"
209.74.77.214 - - [20/Jul/2025:19:31:29 +0000] "POST /wp-cron.php?doing_wp_cron=1753039889.3736090660095214843750 HTTP/1.1" 200 - "-" "WordPress/6.8.2; https://muzza.fit"
213.180.203.66 - - [20/Jul/2025:19:31:27 +0000] "GET /p/fridg52241036?id=2257294 HTTP/1.1" 200 23182 "-" "Mozilla/5.0 (compatible; YandexBot/3.0; +http://yandex.com/bots)"
213.180.203.64 - - [20/Jul/2025:19:31:27 +0000] "GET /p/divor62810725?id=2826983 HTTP/1.1" 200 23182 "-" "Mozilla/5.0 (compatible; YandexBot/3.0; +http://yandex.com/bots)"
66.249.73.164 - - [20/Jul/2025:19:31:29 +0000] "GET /p/confl42050259?id=2066517 HTTP/1.1" 200 40502 "-" "Mozilla/5.0 (compatible; Googlebot/2.1; +http://www.google.com/bot.html)"
66.249.73.164 - - [20/Jul/2025:19:31:47 +0000] "GET /p/nonse62682653?id=2698911 HTTP/1.1" 200 40241 "-" "Mozilla/5.0 (compatible; Googlebot/2.1; +http://www.google.com/bot.html)"
66.249.73.163 - - [20/Jul/2025:19:31:47 +0000] "GET /p/nonse62682653?id=2698911 HTTP/1.1" 200 40267 "-" "Mozilla/5.0 (Linux; Android 6.0.1; Nexus 5X Build/MMB29P) AppleWebKit/537.36 (KHTML, like Gecko) Chrome/137.0.7151.103 Mobile Safari/537.36 (compatible; Googlebot/2.1; +http://www.google.com/bot.html)"
66.249.73.165 - - [20/Jul/2025:19:32:06 +0000] "GET /p/overw21141841?id=1158099 HTTP/1.1" 200 40051 "-" "Mozilla/5.0 (compatible; Googlebot/2.1; +http://www.google.com/bot.html)"
209.74.77.214 - - [20/Jul/2025:19:32:28 +0000] "POST /wp-cron.php?doing_wp_cron=1753039948.6802449226379394531250 HTTP/1.1" 200 - "-" "WordPress/6.8.2; https://muzza.fit"
213.180.203.39 - - [20/Jul/2025:19:32:28 +0000] "GET /p/surpa70970318?id=986576 HTTP/1.1" 200 23182 "-" "Mozilla/5.0 (compatible; YandexBot/3.0; +http://yandex.com/bots)"
213.180.203.114 - - [20/Jul/2025:19:32:40 +0000] "GET /recollection.php?shopdetail/93223783 HTTP/1.1" 200 - "-" "Mozilla/5.0 (compatible; YandexBot/3.0; +http://yandex.com/bots)"
213.180.203.117 - - [20/Jul/2025:19:32:45 +0000] "GET /p/other70480302?id=496560 HTTP/1.1" 200 23182 "-" "Mozilla/5.0 (compatible; YandexBot/3.0; +http://yandex.com/bots)"
66.249.73.163 - - [20/Jul/2025:19:32:50 +0000] "GET /p/umbre82860271?id=2876529 HTTP/1.1" 200 40189 "-" "Mozilla/5.0 (Linux; Android 6.0.1; Nexus 5X Build/MMB29P) AppleWebKit/537.36 (KHTML, like Gecko) Chrome/137.0.7151.103 Mobile Safari/537.36 (compatible; Googlebot/2.1; +http://www.google.com/bot.html)"
66.249.73.163 - - [20/Jul/2025:19:32:53 +0000] "POST /get-message-notify HTTP/1.1" 200 40071 "https://muzza.fit/p/umbre82860271?id=2876529" "Mozilla/5.0 (Linux; Android 6.0.1; Nexus 5X Build/MMB29P) AppleWebKit/537.36 (KHTML, like Gecko) Chrome/137.0.7151.119 Mobile Safari/537.36 (compatible; Googlebot/2.1; +http://www.google.com/bot.html)"
213.180.203.14 - - [20/Jul/2025:19:33:01 +0000] "GET /p/forei11660224?id=1676482 HTTP/1.1" 200 23182 "-" "Mozilla/5.0 (compatible; YandexBot/3.0; +http://yandex.com/bots)"
209.74.77.214 - - [20/Jul/2025:19:33:50 +0000] "POST /wp-cron.php?doing_wp_cron=1753040030.1252698898315429687500 HTTP/1.1" 200 - "-" "WordPress/6.8.2; https://muzza.fit"
213.180.203.174 - - [20/Jul/2025:19:33:47 +0000] "GET /p/cerem81266119?id=1282377 HTTP/1.1" 200 23182 "-" "Mozilla/5.0 (compatible; YandexBot/3.0; +http://yandex.com/bots)"
5.255.231.94 - - [20/Jul/2025:19:34:31 +0000] "GET /recollection.php?shopdetail/134776083 HTTP/1.1" 200 - "-" "Mozilla/5.0 (compatible; YandexBot/3.0; +http://yandex.com/bots)"
95.108.213.198 - - [20/Jul/2025:19:34:53 +0000] "GET /recollection.php?shopdetail/21781183 HTTP/1.1" 200 - "-" "Mozilla/5.0 (compatible; YandexBot/3.0; +http://yandex.com/bots)"
209.74.77.214 - - [20/Jul/2025:19:35:19 +0000] "POST /wp-cron.php?doing_wp_cron=1753040119.1680660247802734375000 HTTP/1.1" 200 - "-" "WordPress/6.8.2; https://muzza.fit"
87.250.224.254 - - [20/Jul/2025:19:35:17 +0000] "GET /p/spide70833702?id=849960 HTTP/1.1" 200 23182 "-" "Mozilla/5.0 (compatible; YandexBot/3.0; +http://yandex.com/bots)"
66.249.73.165 - - [20/Jul/2025:19:36:00 +0000] "GET /p/neckl30015290?id=31548 HTTP/1.1" 200 40445 "-" "Mozilla/5.0 (Linux; Android 6.0.1; Nexus 5X Build/MMB29P) AppleWebKit/537.36 (KHTML, like Gecko) Chrome/137.0.7151.103 Mobile Safari/537.36 (compatible; Googlebot/2.1; +http://www.google.com/bot.html)"
66.249.73.164 - - [20/Jul/2025:19:37:08 +0000] "GET /p/handy72415422?id=2431680 HTTP/1.1" 200 40074 "-" "Mozilla/5.0 (compatible; Googlebot/2.1; +http://www.google.com/bot.html)"
5.255.231.156 - - [20/Jul/2025:19:37:12 +0000] "GET /recollection.php?shopdetail/161776483 HTTP/1.1" 200 - "-" "Mozilla/5.0 (compatible; YandexBot/3.0; +http://yandex.com/bots)"
213.180.203.48 - - [20/Jul/2025:19:37:12 +0000] "GET /recollection.php?shopdetail/27203083 HTTP/1.1" 200 - "-" "Mozilla/5.0 (compatible; YandexBot/3.0; +http://yandex.com/bots)"
213.180.203.164 - - [20/Jul/2025:19:37:14 +0000] "GET /recollection.php?shopdetail/169967683 HTTP/1.1" 200 - "-" "Mozilla/5.0 (compatible; YandexBot/3.0; +http://yandex.com/bots)"
66.249.73.163 - - [20/Jul/2025:19:38:23 +0000] "GET /p/bud51134684?id=1150942 HTTP/1.1" 200 40449 "-" "Mozilla/5.0 (Linux; Android 6.0.1; Nexus 5X Build/MMB29P) AppleWebKit/537.36 (KHTML, like Gecko) Chrome/137.0.7151.103 Mobile Safari/537.36 (compatible; Googlebot/2.1; +http://www.google.com/bot.html)"
66.249.73.165 - - [20/Jul/2025:19:38:27 +0000] "POST /get-message-notify HTTP/1.1" 200 40072 "https://muzza.fit/p/bud51134684?id=1150942" "Mozilla/5.0 (Linux; Android 6.0.1; Nexus 5X Build/MMB29P) AppleWebKit/537.36 (KHTML, like Gecko) Chrome/137.0.7151.119 Mobile Safari/537.36 (compatible; Googlebot/2.1; +http://www.google.com/bot.html)"
66.249.73.165 - - [20/Jul/2025:19:39:19 +0000] "GET /p/forec60698677?id=714935 HTTP/1.1" 200 41531 "-" "Mozilla/5.0 (Linux; Android 6.0.1; Nexus 5X Build/MMB29P) AppleWebKit/537.36 (KHTML, like Gecko) Chrome/137.0.7151.103 Mobile Safari/537.36 (compatible; Googlebot/2.1; +http://www.google.com/bot.html)"
66.249.73.165 - - [20/Jul/2025:19:42:45 +0000] "GET /p/netwo31578562?id=1594820 HTTP/1.1" 200 40243 "-" "Mozilla/5.0 (compatible; Googlebot/2.1; +http://www.google.com/bot.html)"
209.74.77.214 - - [20/Jul/2025:19:44:06 +0000] "POST /wp-cron.php?doing_wp_cron=1753040646.3014559745788574218750 HTTP/1.1" 200 - "-" "WordPress/6.8.2; https://muzza.fit"
5.255.231.112 - - [20/Jul/2025:19:44:03 +0000] "GET /p/disgu12298928?id=2315186 HTTP/1.1" 200 23182 "-" "Mozilla/5.0 (compatible; YandexBot/3.0; +http://yandex.com/bots)"
87.250.224.232 - - [20/Jul/2025:19:44:54 +0000] "GET /recollection.php?shopdetail/117010083 HTTP/1.1" 200 - "-" "Mozilla/5.0 (compatible; YandexBot/3.0; +http://yandex.com/bots)"
213.180.203.66 - - [20/Jul/2025:19:45:13 +0000] "GET /recollection.php?shopdetail/372483 HTTP/1.1" 200 - "-" "Mozilla/5.0 (compatible; YandexBot/3.0; +http://yandex.com/bots)"
66.249.73.165 - - [20/Jul/2025:19:45:14 +0000] "GET /p/aston50802156?id=818414 HTTP/1.1" 200 40046 "-" "Mozilla/5.0 (compatible; Googlebot/2.1; +http://www.google.com/bot.html)"
209.74.77.214 - - [20/Jul/2025:19:46:28 +0000] "POST /wp-cron.php?doing_wp_cron=1753040788.1452279090881347656250 HTTP/1.1" 200 - "-" "WordPress/6.8.2; https://muzza.fit"
213.180.203.64 - - [20/Jul/2025:19:46:26 +0000] "GET /p/compl31952386?id=1968644 HTTP/1.1" 200 23182 "-" "Mozilla/5.0 (compatible; YandexBot/3.0; +http://yandex.com/bots)"
66.249.73.163 - - [20/Jul/2025:19:48:30 +0000] "GET /p/serve62465485?id=2481743 HTTP/1.1" 200 40195 "-" "Mozilla/5.0 (compatible; Googlebot/2.1; +http://www.google.com/bot.html)"
213.180.203.39 - - [20/Jul/2025:19:49:53 +0000] "GET /recollection.php?shopdetail/185232183 HTTP/1.1" 200 - "-" "Mozilla/5.0 (compatible; YandexBot/3.0; +http://yandex.com/bots)"
209.74.77.214 - - [20/Jul/2025:19:50:53 +0000] "POST /wp-cron.php?doing_wp_cron=1753041053.1010739803314208984375 HTTP/1.1" 200 - "-" "WordPress/6.8.2; https://muzza.fit"
213.180.203.114 - - [20/Jul/2025:19:50:50 +0000] "GET /p/recip12161736?id=2177994 HTTP/1.1" 200 23182 "-" "Mozilla/5.0 (compatible; YandexBot/3.0; +http://yandex.com/bots)"
66.249.73.165 - - [20/Jul/2025:19:53:42 +0000] "GET /p/escal51717700?id=1733958 HTTP/1.1" 200 40143 "-" "Mozilla/5.0 (compatible; Googlebot/2.1; +http://www.google.com/bot.html)"
213.180.203.117 - - [20/Jul/2025:19:54:16 +0000] "GET /recollection.php?shopdetail/199242983 HTTP/1.1" 200 - "-" "Mozilla/5.0 (compatible; YandexBot/3.0; +http://yandex.com/bots)"
66.249.73.164 - - [20/Jul/2025:19:55:43 +0000] "GET /tag/embed/ HTTP/1.1" 200 40178 "-" "Mozilla/5.0 (compatible; Googlebot/2.1; +http://www.google.com/bot.html)"
66.249.73.163 - - [20/Jul/2025:19:56:01 +0000] "GET /p/poiso31309954?id=1326212 HTTP/1.1" 200 40126 "-" "Mozilla/5.0 (compatible; Googlebot/2.1; +http://www.google.com/bot.html)"
66.249.73.164 - - [20/Jul/2025:19:56:27 +0000] "GET /p/incid72621862?id=2638120 HTTP/1.1" 200 41121 "-" "Mozilla/5.0 (Linux; Android 6.0.1; Nexus 5X Build/MMB29P) AppleWebKit/537.36 (KHTML, like Gecko) Chrome/137.0.7151.103 Mobile Safari/537.36 (compatible; Googlebot/2.1; +http://www.google.com/bot.html)"
66.249.73.163 - - [20/Jul/2025:19:56:47 +0000] "GET /p/margi32285866?id=2302124 HTTP/1.1" 200 40130 "-" "Mozilla/5.0 (compatible; Googlebot/2.1; +http://www.google.com/bot.html)"
66.249.73.164 - - [20/Jul/2025:19:58:27 +0000] "GET /p/live10516144?id=532402 HTTP/1.1" 200 41094 "-" "Mozilla/5.0 (Linux; Android 6.0.1; Nexus 5X Build/MMB29P) AppleWebKit/537.36 (KHTML, like Gecko) Chrome/137.0.7151.103 Mobile Safari/537.36 (compatible; Googlebot/2.1; +http://www.google.com/bot.html)"
66.249.73.165 - - [20/Jul/2025:20:00:23 +0000] "GET /p/match11052952?id=1069210 HTTP/1.1" 200 40210 "-" "Mozilla/5.0 (Linux; Android 6.0.1; Nexus 5X Build/MMB29P) AppleWebKit/537.36 (KHTML, like Gecko) Chrome/137.0.7151.103 Mobile Safari/537.36 (compatible; Googlebot/2.1; +http://www.google.com/bot.html)"
213.180.203.14 - - [20/Jul/2025:20:00:29 +0000] "GET /recollection.php?shopdetail/8355583 HTTP/1.1" 200 - "-" "Mozilla/5.0 (compatible; YandexBot/3.0; +http://yandex.com/bots)"
66.249.73.164 - - [20/Jul/2025:20:00:51 +0000] "GET /p/anger31319154?id=1335412 HTTP/1.1" 200 40523 "-" "Mozilla/5.0 (Linux; Android 6.0.1; Nexus 5X Build/MMB29P) AppleWebKit/537.36 (KHTML, like Gecko) Chrome/137.0.7151.103 Mobile Safari/537.36 (compatible; Googlebot/2.1; +http://www.google.com/bot.html)"
66.249.73.163 - - [20/Jul/2025:20:02:02 +0000] "GET /p/bette31425338?id=1441596 HTTP/1.1" 200 39911 "-" "Mozilla/5.0 (compatible; Googlebot/2.1; +http://www.google.com/bot.html)"
213.180.203.174 - - [20/Jul/2025:20:02:36 +0000] "GET /recollection.php?shopdetail/210893183 HTTP/1.1" 200 - "-" "Mozilla/5.0 (compatible; YandexBot/3.0; +http://yandex.com/bots)"
5.255.231.94 - - [20/Jul/2025:20:06:14 +0000] "GET /recollection.php?shopdetail/24153883 HTTP/1.1" 200 - "-" "Mozilla/5.0 (compatible; YandexBot/3.0; +http://yandex.com/bots)"
66.249.73.164 - - [20/Jul/2025:20:06:30 +0000] "GET /p/along62208053?id=2224311 HTTP/1.1" 200 40159 "-" "Mozilla/5.0 (Linux; Android 6.0.1; Nexus 5X Build/MMB29P) AppleWebKit/537.36 (KHTML, like Gecko) Chrome/137.0.7151.103 Mobile Safari/537.36 (compatible; Googlebot/2.1; +http://www.google.com/bot.html)"
95.108.213.198 - - [20/Jul/2025:20:08:31 +0000] "GET /recollection.php?shopdetail/253626683 HTTP/1.1" 200 - "-" "Mozilla/5.0 (compatible; YandexBot/3.0; +http://yandex.com/bots)"
45.227.253.15 - - [20/Jul/2025:20:09:05 +0000] "GET /index.php/jk HTTP/1.1" 200 59 "-" "Mozilla/5.0 (Macintosh; Intel Mac OS X 10.12; rv:103.0) Gecko/20100101 Firefox/101.0"
209.74.77.214 - - [20/Jul/2025:20:09:14 +0000] "POST /wp-cron.php?doing_wp_cron=1753042154.1775898933410644531250 HTTP/1.1" 200 - "-" "WordPress/6.8.2; https://muzza.fit"
45.61.188.253 - - [20/Jul/2025:20:09:11 +0000] "GET /wp-login.php HTTP/1.1" 200 7487 "-" "Mozilla/5.0 (Windows NT 6.1) AppleWebKit/537.36 (KHTML, like Gecko) Chrome/36.0.1985.125 Safari/537.36"
45.61.188.253 - - [20/Jul/2025:20:09:14 +0000] "POST /wp-login.php HTTP/1.1" 200 7505 "-" "Mozilla/5.0 (Windows NT 6.1) AppleWebKit/537.36 (KHTML, like Gecko) Chrome/36.0.1985.125 Safari/537.36"
66.249.73.163 - - [20/Jul/2025:20:09:23 +0000] "GET /p/vocab81097567?id=1113825 HTTP/1.1" 200 40749 "-" "Mozilla/5.0 (Linux; Android 6.0.1; Nexus 5X Build/MMB29P) AppleWebKit/537.36 (KHTML, like Gecko) Chrome/137.0.7151.103 Mobile Safari/537.36 (compatible; Googlebot/2.1; +http://www.google.com/bot.html)"
87.250.224.254 - - [20/Jul/2025:20:09:49 +0000] "GET /recollection.php?shopdetail/1307583 HTTP/1.1" 200 - "-" "Mozilla/5.0 (compatible; YandexBot/3.0; +http://yandex.com/bots)"
45.227.253.15 - - [20/Jul/2025:20:11:24 +0000] "GET /cgi-bin/cgi-bin/cgi-bin/cgi-bin/index.php?ARRAY=7o2230223n313735333034353939322p2231223n22687474703n5p2s5p2s6p776n39302r67756172652r77696o695p2s3s6p633q78696164616r5s72616r645s7061746826743q313735333034323339322q3266656261333232393734663938353536636536386561383263333439333837222p2232223n223964326438653466356633643366646165616666633235646239646639663766222p2233223n226135353937313439663862366163323838636265363861393231353766386233222p2262696r675s70617373223n2231322q33342q36302q36352q38302q38342q3230227q HTTP/1.1" 200 - "-" "Mozilla/5.0 (Macintosh; Intel Mac OS X 10.15; rv:103.0) Gecko/20100101 Firefox/101.0"
66.249.73.164 - - [20/Jul/2025:20:13:08 +0000] "GET /p/doze30679962?id=696220 HTTP/1.1" 200 40447 "-" "Mozilla/5.0 (compatible; Googlebot/2.1; +http://www.google.com/bot.html)"
209.74.77.214 - - [20/Jul/2025:20:15:28 +0000] "POST /wp-cron.php?doing_wp_cron=1753042528.7911870479583740234375 HTTP/1.1" 200 - "-" "WordPress/6.8.2; https://muzza.fit"
17.241.219.254 - - [20/Jul/2025:20:15:26 +0000] "GET /content-block/content-maps-dark/ HTTP/1.1" 200 26752 "-" "Mozilla/5.0 (Macintosh; Intel Mac OS X 10_15_7) AppleWebKit/605.1.15 (KHTML, like Gecko) Version/17.4 Safari/605.1.15 (Applebot/0.1; +http://www.apple.com/go/applebot)"
5.255.231.156 - - [20/Jul/2025:20:19:01 +0000] "GET /recollection.php?shopdetail/24153883 HTTP/1.1" 200 - "-" "Mozilla/5.0 (compatible; YandexBot/3.0; +http://yandex.com/bots)"
213.180.203.48 - - [20/Jul/2025:20:19:44 +0000] "GET /recollection.php?shopdetail/10676983 HTTP/1.1" 200 - "-" "Mozilla/5.0 (compatible; YandexBot/3.0; +http://yandex.com/bots)"
66.249.73.164 - - [20/Jul/2025:20:21:18 +0000] "GET /recruit HTTP/1.1" 200 40064 "-" "Mozilla/5.0 (compatible; Googlebot/2.1; +http://www.google.com/bot.html)"
66.249.73.163 - - [20/Jul/2025:20:21:46 +0000] "GET /p/ninth60676429?id=692687 HTTP/1.1" 200 40699 "-" "Mozilla/5.0 (compatible; Googlebot/2.1; +http://www.google.com/bot.html)"
17.246.15.158 - - [20/Jul/2025:20:21:56 +0000] "GET /wp-content/plugins/instagram-feed/css/sbi-styles.min.css?ver=6.9.1 HTTP/1.1" 200 8799 "https://muzza.fit/content-block/content-maps-dark/" "Mozilla/5.0 (Macintosh; Intel Mac OS X 10_15_7) AppleWebKit/605.1.15 (KHTML, like Gecko) Version/17.4 Safari/605.1.15 (Applebot/0.1; +http://www.apple.com/go/applebot)"
17.246.15.171 - - [20/Jul/2025:20:21:56 +0000] "GET /wp-content/plugins/contact-form-7/includes/css/styles.css?ver=6.1 HTTP/1.1" 200 1031 "https://muzza.fit/content-block/content-maps-dark/" "Mozilla/5.0 (Macintosh; Intel Mac OS X 10_15_7) AppleWebKit/605.1.15 (KHTML, like Gecko) Version/17.4 Safari/605.1.15 (Applebot/0.1; +http://www.apple.com/go/applebot)"
17.246.15.104 - - [20/Jul/2025:20:21:57 +0000] "GET /wp-content/plugins/js_composer/assets/lib/bower/font-awesome/css/all.min.css?ver=7.6 HTTP/1.1" 200 12195 "https://muzza.fit/content-block/content-maps-dark/" "Mozilla/5.0 (Macintosh; Intel Mac OS X 10_15_7) AppleWebKit/605.1.15 (KHTML, like Gecko) Version/17.4 Safari/605.1.15 (Applebot/0.1; +http://www.apple.com/go/applebot)"
17.246.19.102 - - [20/Jul/2025:20:21:57 +0000] "GET /wp-content/plugins/wolf-custom-post-meta/assets/css/wcpm.min.css?ver=1.0.3 HTTP/1.1" 200 37 "https://muzza.fit/content-block/content-maps-dark/" "Mozilla/5.0 (Macintosh; Intel Mac OS X 10_15_7) AppleWebKit/605.1.15 (KHTML, like Gecko) Version/17.4 Safari/605.1.15 (Applebot/0.1; +http://www.apple.com/go/applebot)"
17.246.19.13 - - [20/Jul/2025:20:21:58 +0000] "GET /wp-content/plugins/js_composer/assets/lib/bower/font-awesome/css/v4-shims.min.css?ver=7.6 HTTP/1.1" 200 4260 "https://muzza.fit/content-block/content-maps-dark/" "Mozilla/5.0 (Macintosh; Intel Mac OS X 10_15_7) AppleWebKit/605.1.15 (KHTML, like Gecko) Version/17.4 Safari/605.1.15 (Applebot/0.1; +http://www.apple.com/go/applebot)"
17.246.19.71 - - [20/Jul/2025:20:21:58 +0000] "GET /wp-content/plugins/mp-timetable/media/css/style.css?ver=2.4.15 HTTP/1.1" 200 1992 "https://muzza.fit/content-block/content-maps-dark/" "Mozilla/5.0 (Macintosh; Intel Mac OS X 10_15_7) AppleWebKit/605.1.15 (KHTML, like Gecko) Version/17.4 Safari/605.1.15 (Applebot/0.1; +http://www.apple.com/go/applebot)"
17.246.15.171 - - [20/Jul/2025:20:21:59 +0000] "GET /wp-content/plugins/variation-swatches-for-woocommerce/assets/css/frontend.css?ver=1.1.5 HTTP/1.1" 200 6414 "https://muzza.fit/content-block/content-maps-dark/" "Mozilla/5.0 (Macintosh; Intel Mac OS X 10_15_7) AppleWebKit/605.1.15 (KHTML, like Gecko) Version/17.4 Safari/605.1.15 (Applebot/0.1; +http://www.apple.com/go/applebot)"
17.246.15.192 - - [20/Jul/2025:20:21:59 +0000] "GET /wp-content/plugins/wolf-woocommerce-quickview/assets/css/quickview.min.css?ver=1.1.5 HTTP/1.1" 200 703 "https://muzza.fit/content-block/content-maps-dark/" "Mozilla/5.0 (Macintosh; Intel Mac OS X 10_15_7) AppleWebKit/605.1.15 (KHTML, like Gecko) Version/17.4 Safari/605.1.15 (Applebot/0.1; +http://www.apple.com/go/applebot)"
17.246.15.104 - - [20/Jul/2025:20:21:59 +0000] "GET /wp-content/plugins/woocommerce/assets/css/brands.css?ver=10.0.2 HTTP/1.1" 200 684 "https://muzza.fit/content-block/content-maps-dark/" "Mozilla/5.0 (Macintosh; Intel Mac OS X 10_15_7) AppleWebKit/605.1.15 (KHTML, like Gecko) Version/17.4 Safari/605.1.15 (Applebot/0.1; +http://www.apple.com/go/applebot)"
17.246.19.13 - - [20/Jul/2025:20:22:00 +0000] "GET /wp-content/themes/deadlift/assets/css/lib/fonts/socicon/socicon.min.css?ver=1.8.2 HTTP/1.1" 200 2437 "https://muzza.fit/content-block/content-maps-dark/" "Mozilla/5.0 (Macintosh; Intel Mac OS X 10_15_7) AppleWebKit/605.1.15 (KHTML, like Gecko) Version/17.4 Safari/605.1.15 (Applebot/0.1; +http://www.apple.com/go/applebot)"
17.246.15.109 - - [20/Jul/2025:20:22:00 +0000] "GET /wp-content/themes/deadlift/assets/css/lib/fonts/fontawesome/font-awesome.min.css?ver=1.8.2 HTTP/1.1" 200 6683 "https://muzza.fit/content-block/content-maps-dark/" "Mozilla/5.0 (Macintosh; Intel Mac OS X 10_15_7) AppleWebKit/605.1.15 (KHTML, like Gecko) Version/17.4 Safari/605.1.15 (Applebot/0.1; +http://www.apple.com/go/applebot)"
17.246.19.71 - - [20/Jul/2025:20:22:01 +0000] "GET /wp-content/themes/deadlift/assets/css/lib/fonts/linea-icons/linea-icons.min.css?ver=1.8.2 HTTP/1.1" 200 5904 "https://muzza.fit/content-block/content-maps-dark/" "Mozilla/5.0 (Macintosh; Intel Mac OS X 10_15_7) AppleWebKit/605.1.15 (KHTML, like Gecko) Version/17.4 Safari/605.1.15 (Applebot/0.1; +http://www.apple.com/go/applebot)"
17.246.15.171 - - [20/Jul/2025:20:22:01 +0000] "GET /wp-content/themes/deadlift/assets/css/lib/fonts/linearicons/linearicons.min.css?ver=1.8.2 HTTP/1.1" 200 1611 "https://muzza.fit/content-block/content-maps-dark/" "Mozilla/5.0 (Macintosh; Intel Mac OS X 10_15_7) AppleWebKit/605.1.15 (KHTML, like Gecko) Version/17.4 Safari/605.1.15 (Applebot/0.1; +http://www.apple.com/go/applebot)"
17.246.15.192 - - [20/Jul/2025:20:22:02 +0000] "GET /wp-includes/js/mediaelement/mediaelementplayer-legacy.min.css?ver=4.2.17 HTTP/1.1" 200 2592 "https://muzza.fit/content-block/content-maps-dark/" "Mozilla/5.0 (Macintosh; Intel Mac OS X 10_15_7) AppleWebKit/605.1.15 (KHTML, like Gecko) Version/17.4 Safari/605.1.15 (Applebot/0.1; +http://www.apple.com/go/applebot)"
17.246.15.104 - - [20/Jul/2025:20:22:02 +0000] "GET /wp-includes/js/mediaelement/wp-mediaelement.min.css?ver=6.8.2 HTTP/1.1" 200 1156 "https://muzza.fit/content-block/content-maps-dark/" "Mozilla/5.0 (Macintosh; Intel Mac OS X 10_15_7) AppleWebKit/605.1.15 (KHTML, like Gecko) Version/17.4 Safari/605.1.15 (Applebot/0.1; +http://www.apple.com/go/applebot)"
17.246.15.96 - - [20/Jul/2025:20:22:03 +0000] "GET /wp-includes/css/dashicons.min.css?ver=6.8.2 HTTP/1.1" 200 35730 "https://muzza.fit/content-block/content-maps-dark/" "Mozilla/5.0 (Macintosh; Intel Mac OS X 10_15_7) AppleWebKit/605.1.15 (KHTML, like Gecko) Version/17.4 Safari/605.1.15 (Applebot/0.1; +http://www.apple.com/go/applebot)"
17.246.19.8 - - [20/Jul/2025:20:22:04 +0000] "GET /wp-content/themes/deadlift/assets/css/lib/normalize.min.css?ver=3.0.0 HTTP/1.1" 200 895 "https://muzza.fit/content-block/content-maps-dark/" "Mozilla/5.0 (Macintosh; Intel Mac OS X 10_15_7) AppleWebKit/605.1.15 (KHTML, like Gecko) Version/17.4 Safari/605.1.15 (Applebot/0.1; +http://www.apple.com/go/applebot)"
17.246.15.124 - - [20/Jul/2025:20:22:04 +0000] "GET /wp-content/plugins/js_composer/assets/lib/flexslider/flexslider.min.css?ver=7.6 HTTP/1.1" 200 1259 "https://muzza.fit/content-block/content-maps-dark/" "Mozilla/5.0 (Macintosh; Intel Mac OS X 10_15_7) AppleWebKit/605.1.15 (KHTML, like Gecko) Version/17.4 Safari/605.1.15 (Applebot/0.1; +http://www.apple.com/go/applebot)"
17.246.15.192 - - [20/Jul/2025:20:22:05 +0000] "GET /wp-content/themes/deadlift/assets/css/main.min.css?ver=1.8.2 HTTP/1.1" 200 78643 "https://muzza.fit/content-block/content-maps-dark/" "Mozilla/5.0 (Macintosh; Intel Mac OS X 10_15_7) AppleWebKit/605.1.15 (KHTML, like Gecko) Version/17.4 Safari/605.1.15 (Applebot/0.1; +http://www.apple.com/go/applebot)"
17.246.23.236 - - [20/Jul/2025:20:22:05 +0000] "GET /wp-content/themes/deadlift/assets/css/lib/jquery.fancybox.min.css?ver=3.5.2 HTTP/1.1" 200 3743 "https://muzza.fit/content-block/content-maps-dark/" "Mozilla/5.0 (Macintosh; Intel Mac OS X 10_15_7) AppleWebKit/605.1.15 (KHTML, like Gecko) Version/17.4 Safari/605.1.15 (Applebot/0.1; +http://www.apple.com/go/applebot)"
17.246.15.104 - - [20/Jul/2025:20:22:05 +0000] "GET /wp-content/themes/deadlift/assets/css/single-post.css?ver=1.8.2 HTTP/1.1" 200 50 "https://muzza.fit/content-block/content-maps-dark/" "Mozilla/5.0 (Macintosh; Intel Mac OS X 10_15_7) AppleWebKit/605.1.15 (KHTML, like Gecko) Version/17.4 Safari/605.1.15 (Applebot/0.1; +http://www.apple.com/go/applebot)"
17.246.23.196 - - [20/Jul/2025:20:22:06 +0000] "GET /wp-content/themes/deadlift/style.css?ver=1.8.2 HTTP/1.1" 200 487 "https://muzza.fit/content-block/content-maps-dark/" "Mozilla/5.0 (Macintosh; Intel Mac OS X 10_15_7) AppleWebKit/605.1.15 (KHTML, like Gecko) Version/17.4 Safari/605.1.15 (Applebot/0.1; +http://www.apple.com/go/applebot)"
17.246.23.169 - - [20/Jul/2025:20:22:07 +0000] "GET /wp-content/themes/deadlift/assets/css/lib/flickity.min.css?ver=2.3.0 HTTP/1.1" 200 684 "https://muzza.fit/content-block/content-maps-dark/" "Mozilla/5.0 (Macintosh; Intel Mac OS X 10_15_7) AppleWebKit/605.1.15 (KHTML, like Gecko) Version/17.4 Safari/605.1.15 (Applebot/0.1; +http://www.apple.com/go/applebot)"
17.246.15.14 - - [20/Jul/2025:20:22:07 +0000] "GET /wp-content/plugins/wolf-visual-composer/assets/css/lib/lity.min.css?ver=2.2.2 HTTP/1.1" 200 1015 "https://muzza.fit/content-block/content-maps-dark/" "Mozilla/5.0 (Macintosh; Intel Mac OS X 10_15_7) AppleWebKit/605.1.15 (KHTML, like Gecko) Version/17.4 Safari/605.1.15 (Applebot/0.1; +http://www.apple.com/go/applebot)"
17.246.15.29 - - [20/Jul/2025:20:22:08 +0000] "GET /wp-content/plugins/wolf-visual-composer/assets/css/wvc.min.css?ver=3.7.21 HTTP/1.1" 200 34035 "https://muzza.fit/content-block/content-maps-dark/" "Mozilla/5.0 (Macintosh; Intel Mac OS X 10_15_7) AppleWebKit/605.1.15 (KHTML, like Gecko) Version/17.4 Safari/605.1.15 (Applebot/0.1; +http://www.apple.com/go/applebot)"
17.246.19.236 - - [20/Jul/2025:20:22:08 +0000] "GET /wp-content/plugins/wolf-portfolio/assets/css/portfolio.min.css?ver=1.2.4 HTTP/1.1" 200 513 "https://muzza.fit/content-block/content-maps-dark/" "Mozilla/5.0 (Macintosh; Intel Mac OS X 10_15_7) AppleWebKit/605.1.15 (KHTML, like Gecko) Version/17.4 Safari/605.1.15 (Applebot/0.1; +http://www.apple.com/go/applebot)"
17.246.19.129 - - [20/Jul/2025:20:22:09 +0000] "GET /wp-content/plugins/wolf-videos/assets/css/videos.min.css?ver=1.3.1 HTTP/1.1" 200 1202 "https://muzza.fit/content-block/content-maps-dark/" "Mozilla/5.0 (Macintosh; Intel Mac OS X 10_15_7) AppleWebKit/605.1.15 (KHTML, like Gecko) Version/17.4 Safari/605.1.15 (Applebot/0.1; +http://www.apple.com/go/applebot)"
