66.249.73.164 - - [20/Jul/2025:17:21:29 +0000] "GET /p/weep72499446?id=2515704 HTTP/1.1" 200 41045 "-" "Mozilla/5.0 (Linux; Android 6.0.1; Nexus 5X Build/MMB29P) AppleWebKit/537.36 (KHTML, like Gecko) Chrome/137.0.7151.103 Mobile Safari/537.36 (compatible; Googlebot/2.1; +http://www.google.com/bot.html)"
66.249.73.164 - - [20/Jul/2025:17:21:29 +0000] "GET /p/opini62461541?id=2477799 HTTP/1.1" 200 40976 "-" "Mozilla/5.0 (Linux; Android 6.0.1; Nexus 5X Build/MMB29P) AppleWebKit/537.36 (KHTML, like Gecko) Chrome/137.0.7151.103 Mobile Safari/537.36 (compatible; Googlebot/2.1; +http://www.google.com/bot.html)"
66.249.73.164 - - [20/Jul/2025:17:21:31 +0000] "POST /get-message-notify HTTP/1.1" 200 40115 "https://muzza.fit/p/weep72499446?id=2515704" "Mozilla/5.0 (Linux; Android 6.0.1; Nexus 5X Build/MMB29P) AppleWebKit/537.36 (KHTML, like Gecko) Chrome/137.0.7151.119 Mobile Safari/537.36 (compatible; Googlebot/2.1; +http://www.google.com/bot.html)"
66.249.73.165 - - [20/Jul/2025:17:24:03 +0000] "GET /p/lands72935734?id=2951992 HTTP/1.1" 200 40392 "-" "Mozilla/5.0 (Linux; Android 6.0.1; Nexus 5X Build/MMB29P) AppleWebKit/537.36 (KHTML, like Gecko) Chrome/137.0.7151.103 Mobile Safari/537.36 (compatible; Googlebot/2.1; +http://www.google.com/bot.html)"
66.249.73.164 - - [20/Jul/2025:17:24:18 +0000] "GET /p/regis51299404?id=1315662 HTTP/1.1" 200 40305 "-" "Mozilla/5.0 (compatible; Googlebot/2.1; +http://www.google.com/bot.html)"
66.249.73.163 - - [20/Jul/2025:17:24:36 +0000] "GET /p/helpl42410971?id=2427229 HTTP/1.1" 200 40234 "-" "Mozilla/5.0 (Linux; Android 6.0.1; Nexus 5X Build/MMB29P) AppleWebKit/537.36 (KHTML, like Gecko) Chrome/137.0.7151.103 Mobile Safari/537.36 (compatible; Googlebot/2.1; +http://www.google.com/bot.html)"
66.249.73.165 - - [20/Jul/2025:17:25:04 +0000] "POST /get-message-notify HTTP/1.1" 200 40120 "https://muzza.fit/p/helpl42410971?id=2427229" "Mozilla/5.0 (Linux; Android 6.0.1; Nexus 5X Build/MMB29P) AppleWebKit/537.36 (KHTML, like Gecko) Chrome/137.0.7151.119 Mobile Safari/537.36 (compatible; Googlebot/2.1; +http://www.google.com/bot.html)"
66.249.73.163 - - [20/Jul/2025:17:25:46 +0000] "GET /p/decem10097096?id=113354 HTTP/1.1" 200 40304 "-" "Mozilla/5.0 (Linux; Android 6.0.1; Nexus 5X Build/MMB29P) AppleWebKit/537.36 (KHTML, like Gecko) Chrome/137.0.7151.103 Mobile Safari/537.36 (compatible; Googlebot/2.1; +http://www.google.com/bot.html)"
66.249.73.165 - - [20/Jul/2025:17:26:37 +0000] "GET /p/brook50362508?id=378766 HTTP/1.1" 200 40092 "-" "Mozilla/5.0 (Linux; Android 6.0.1; Nexus 5X Build/MMB29P) AppleWebKit/537.36 (KHTML, like Gecko) Chrome/137.0.7151.103 Mobile Safari/537.36 (compatible; Googlebot/2.1; +http://www.google.com/bot.html)"
66.249.73.164 - - [20/Jul/2025:17:28:33 +0000] "GET /p/tortu42887411?id=2903669 HTTP/1.1" 200 40042 "-" "Mozilla/5.0 (compatible; Googlebot/2.1; +http://www.google.com/bot.html)"
66.249.73.165 - - [20/Jul/2025:17:29:12 +0000] "GET /p/kitch22696177?id=2712435 HTTP/1.1" 200 40365 "-" "Mozilla/5.0 (Linux; Android 6.0.1; Nexus 5X Build/MMB29P) AppleWebKit/537.36 (KHTML, like Gecko) Chrome/137.0.7151.103 Mobile Safari/537.36 (compatible; Googlebot/2.1; +http://www.google.com/bot.html)"
66.249.73.163 - - [20/Jul/2025:17:29:48 +0000] "GET /p/above50436140?id=452398 HTTP/1.1" 200 39950 "-" "Mozilla/5.0 (compatible; Googlebot/2.1; +http://www.google.com/bot.html)"
66.249.73.165 - - [20/Jul/2025:17:30:50 +0000] "GET /p/sweep31945570?id=1961828 HTTP/1.1" 200 40227 "-" "Mozilla/5.0 (compatible; Googlebot/2.1; +http://www.google.com/bot.html)"
66.249.73.164 - - [20/Jul/2025:17:31:45 +0000] "GET /p/too60092253?id=108511 HTTP/1.1" 200 40183 "-" "Mozilla/5.0 (Linux; Android 6.0.1; Nexus 5X Build/MMB29P) AppleWebKit/537.36 (KHTML, like Gecko) Chrome/137.0.7151.103 Mobile Safari/537.36 (compatible; Googlebot/2.1; +http://www.google.com/bot.html)"
66.249.73.163 - - [20/Jul/2025:17:31:46 +0000] "GET /p/pilla30595178?id=611436 HTTP/1.1" 200 40417 "-" "Mozilla/5.0 (Linux; Android 6.0.1; Nexus 5X Build/MMB29P) AppleWebKit/537.36 (KHTML, like Gecko) Chrome/137.0.7151.103 Mobile Safari/537.36 (compatible; Googlebot/2.1; +http://www.google.com/bot.html)"
66.249.73.165 - - [20/Jul/2025:17:34:20 +0000] "GET /p/ink52096492?id=2112750 HTTP/1.1" 200 41284 "-" "Mozilla/5.0 (Linux; Android 6.0.1; Nexus 5X Build/MMB29P) AppleWebKit/537.36 (KHTML, like Gecko) Chrome/137.0.7151.103 Mobile Safari/537.36 (compatible; Googlebot/2.1; +http://www.google.com/bot.html)"
66.249.73.164 - - [20/Jul/2025:17:34:24 +0000] "POST /get-message-notify HTTP/1.1" 200 39994 "https://muzza.fit/p/ink52096492?id=2112750" "Mozilla/5.0 (Linux; Android 6.0.1; Nexus 5X Build/MMB29P) AppleWebKit/537.36 (KHTML, like Gecko) Chrome/137.0.7151.119 Mobile Safari/537.36 (compatible; Googlebot/2.1; +http://www.google.com/bot.html)"
66.249.73.164 - - [20/Jul/2025:17:34:26 +0000] "GET /p/rusia61704133?id=1720391 HTTP/1.1" 200 40096 "-" "Mozilla/5.0 (Linux; Android 6.0.1; Nexus 5X Build/MMB29P) AppleWebKit/537.36 (KHTML, like Gecko) Chrome/137.0.7151.103 Mobile Safari/537.36 (compatible; Googlebot/2.1; +http://www.google.com/bot.html)"
66.249.73.165 - - [20/Jul/2025:17:36:55 +0000] "GET /p/despa22254945?id=2271203 HTTP/1.1" 200 40124 "-" "Mozilla/5.0 (Linux; Android 6.0.1; Nexus 5X Build/MMB29P) AppleWebKit/537.36 (KHTML, like Gecko) Chrome/137.0.7151.103 Mobile Safari/537.36 (compatible; Googlebot/2.1; +http://www.google.com/bot.html)"
66.249.73.165 - - [20/Jul/2025:17:36:57 +0000] "POST /get-message-notify HTTP/1.1" 200 39986 "https://muzza.fit/p/despa22254945?id=2271203" "Mozilla/5.0 (Linux; Android 6.0.1; Nexus 5X Build/MMB29P) AppleWebKit/537.36 (KHTML, like Gecko) Chrome/137.0.7151.119 Mobile Safari/537.36 (compatible; Googlebot/2.1; +http://www.google.com/bot.html)"
66.249.73.164 - - [20/Jul/2025:17:37:01 +0000] "GET /p/march31512186?id=1528444 HTTP/1.1" 200 39791 "-" "Mozilla/5.0 (Linux; Android 6.0.1; Nexus 5X Build/MMB29P) AppleWebKit/537.36 (KHTML, like Gecko) Chrome/137.0.7151.103 Mobile Safari/537.36 (compatible; Googlebot/2.1; +http://www.google.com/bot.html)"
66.249.73.163 - - [20/Jul/2025:17:38:40 +0000] "GET /p/riddl41236675?id=1252933 HTTP/1.1" 200 40168 "-" "Mozilla/5.0 (compatible; Googlebot/2.1; +http://www.google.com/bot.html)"
66.249.73.164 - - [20/Jul/2025:17:39:16 +0000] "GET /p/decen51734204?id=1750462 HTTP/1.1" 200 40113 "-" "Mozilla/5.0 (compatible; Googlebot/2.1; +http://www.google.com/bot.html)"
66.249.73.164 - - [20/Jul/2025:17:39:29 +0000] "GET /p/photo71533326?id=1549584 HTTP/1.1" 200 40683 "-" "Mozilla/5.0 (Linux; Android 6.0.1; Nexus 5X Build/MMB29P) AppleWebKit/537.36 (KHTML, like Gecko) Chrome/137.0.7151.103 Mobile Safari/537.36 (compatible; Googlebot/2.1; +http://www.google.com/bot.html)"
66.249.73.163 - - [20/Jul/2025:17:39:35 +0000] "GET /p/madam12360688?id=2376946 HTTP/1.1" 200 40356 "-" "Mozilla/5.0 (Linux; Android 6.0.1; Nexus 5X Build/MMB29P) AppleWebKit/537.36 (KHTML, like Gecko) Chrome/137.0.7151.103 Mobile Safari/537.36 (compatible; Googlebot/2.1; +http://www.google.com/bot.html)"
66.249.73.163 - - [20/Jul/2025:17:39:43 +0000] "POST /get-message-notify HTTP/1.1" 200 40031 "https://muzza.fit/p/madam12360688?id=2376946" "Mozilla/5.0 (Linux; Android 6.0.1; Nexus 5X Build/MMB29P) AppleWebKit/537.36 (KHTML, like Gecko) Chrome/137.0.7151.119 Mobile Safari/537.36 (compatible; Googlebot/2.1; +http://www.google.com/bot.html)"
66.249.73.163 - - [20/Jul/2025:17:39:46 +0000] "GET /p/key62112261?id=2128519 HTTP/1.1" 200 40120 "-" "Mozilla/5.0 (Linux; Android 6.0.1; Nexus 5X Build/MMB29P) AppleWebKit/537.36 (KHTML, like Gecko) Chrome/137.0.7151.103 Mobile Safari/537.36 (compatible; Googlebot/2.1; +http://www.google.com/bot.html)"
66.249.73.164 - - [20/Jul/2025:17:41:59 +0000] "GET /p/smart21500537?id=1516795 HTTP/1.1" 200 40221 "-" "Mozilla/5.0 (Linux; Android 6.0.1; Nexus 5X Build/MMB29P) AppleWebKit/537.36 (KHTML, like Gecko) Chrome/137.0.7151.103 Mobile Safari/537.36 (compatible; Googlebot/2.1; +http://www.google.com/bot.html)"
66.249.73.165 - - [20/Jul/2025:17:42:02 +0000] "GET /p/lose71325534?id=1341792 HTTP/1.1" 200 40166 "-" "Mozilla/5.0 (Linux; Android 6.0.1; Nexus 5X Build/MMB29P) AppleWebKit/537.36 (KHTML, like Gecko) Chrome/137.0.7151.103 Mobile Safari/537.36 (compatible; Googlebot/2.1; +http://www.google.com/bot.html)"
66.249.73.164 - - [20/Jul/2025:17:42:03 +0000] "GET /p/alrea71856078?id=1872336 HTTP/1.1" 200 40112 "-" "Mozilla/5.0 (Linux; Android 6.0.1; Nexus 5X Build/MMB29P) AppleWebKit/537.36 (KHTML, like Gecko) Chrome/137.0.7151.103 Mobile Safari/537.36 (compatible; Googlebot/2.1; +http://www.google.com/bot.html)"
66.249.73.164 - - [20/Jul/2025:17:42:05 +0000] "GET /p/fluen20162833?id=179091 HTTP/1.1" 200 40006 "-" "Mozilla/5.0 (Linux; Android 6.0.1; Nexus 5X Build/MMB29P) AppleWebKit/537.36 (KHTML, like Gecko) Chrome/137.0.7151.103 Mobile Safari/537.36 (compatible; Googlebot/2.1; +http://www.google.com/bot.html)"
66.249.73.163 - - [20/Jul/2025:17:42:08 +0000] "GET /p/celeb41560971?id=1577229 HTTP/1.1" 200 39845 "-" "Mozilla/5.0 (Linux; Android 6.0.1; Nexus 5X Build/MMB29P) AppleWebKit/537.36 (KHTML, like Gecko) Chrome/137.0.7151.103 Mobile Safari/537.36 (compatible; Googlebot/2.1; +http://www.google.com/bot.html)"
66.249.73.163 - - [20/Jul/2025:17:42:10 +0000] "GET /p/next30052730?id=68988 HTTP/1.1" 200 40027 "-" "Mozilla/5.0 (Linux; Android 6.0.1; Nexus 5X Build/MMB29P) AppleWebKit/537.36 (KHTML, like Gecko) Chrome/137.0.7151.103 Mobile Safari/537.36 (compatible; Googlebot/2.1; +http://www.google.com/bot.html)"
66.249.73.163 - - [20/Jul/2025:17:42:17 +0000] "POST /get-message-notify HTTP/1.1" 200 40105 "https://muzza.fit/p/smart21500537?id=1516795" "Mozilla/5.0 (Linux; Android 6.0.1; Nexus 5X Build/MMB29P) AppleWebKit/537.36 (KHTML, like Gecko) Chrome/137.0.7151.119 Mobile Safari/537.36 (compatible; Googlebot/2.1; +http://www.google.com/bot.html)"
66.249.73.163 - - [20/Jul/2025:17:42:25 +0000] "GET /p/seque81803583?id=1819841 HTTP/1.1" 200 40297 "-" "Mozilla/5.0 (compatible; Googlebot/2.1; +http://www.google.com/bot.html)"
66.249.73.165 - - [20/Jul/2025:17:43:05 +0000] "GET /p/makeu21010393?id=1026651 HTTP/1.1" 200 39951 "-" "Mozilla/5.0 (Linux; Android 6.0.1; Nexus 5X Build/MMB29P) AppleWebKit/537.36 (KHTML, like Gecko) Chrome/137.0.7151.103 Mobile Safari/537.36 (compatible; Googlebot/2.1; +http://www.google.com/bot.html)"
66.249.73.164 - - [20/Jul/2025:17:43:13 +0000] "GET /p/honou22455049?id=2471307 HTTP/1.1" 200 41177 "-" "Mozilla/5.0 (Linux; Android 6.0.1; Nexus 5X Build/MMB29P) AppleWebKit/537.36 (KHTML, like Gecko) Chrome/137.0.7151.103 Mobile Safari/537.36 (compatible; Googlebot/2.1; +http://www.google.com/bot.html)"
45.227.253.15 - - [20/Jul/2025:17:44:16 +0000] "GET /cgi-bin/cgi-bin/cgi-bin/cgi-bin/index.php?ARRAY=7o2230223n313735333033373136352p2231223n22687474703n5p2s5p2s6p776n39302r67756172652r77696o695p2s3s6p633q7068705s636s64655s6n6326743q313735333033333536352q6665623736663863383663656463346530393562303139623436386235643165222p2232223n223162343763333263343633613837656365653838623762653237363133373263222p2233223n223934356438666134663530376639383361656238376163666666646565326364222p2262696r675s70617373223n2232372q33392q35322q36362q37392q38372q3237227q HTTP/1.1" 200 102 "-" "Mozilla/5.0 (Macintosh; Intel Mac OS X 10.12; rv:103.0) Gecko/20100101 Firefox/103.0"
66.249.73.164 - - [20/Jul/2025:17:44:42 +0000] "GET /p/manua81394487?id=1410745 HTTP/1.1" 200 40226 "-" "Mozilla/5.0 (compatible; Googlebot/2.1; +http://www.google.com/bot.html)"
66.249.73.164 - - [20/Jul/2025:17:44:50 +0000] "GET /p/stage21869449?id=1885707 HTTP/1.1" 200 39834 "-" "Mozilla/5.0 (Linux; Android 6.0.1; Nexus 5X Build/MMB29P) AppleWebKit/537.36 (KHTML, like Gecko) Chrome/137.0.7151.103 Mobile Safari/537.36 (compatible; Googlebot/2.1; +http://www.google.com/bot.html)"
66.249.73.163 - - [20/Jul/2025:17:44:58 +0000] "GET /p/zinc82247927?id=2264185 HTTP/1.1" 200 40878 "-" "Mozilla/5.0 (Linux; Android 6.0.1; Nexus 5X Build/MMB29P) AppleWebKit/537.36 (KHTML, like Gecko) Chrome/137.0.7151.103 Mobile Safari/537.36 (compatible; Googlebot/2.1; +http://www.google.com/bot.html)"
66.249.73.163 - - [20/Jul/2025:17:45:47 +0000] "GET /p/secti32938914?id=2955172 HTTP/1.1" 200 40347 "-" "Mozilla/5.0 (compatible; Googlebot/2.1; +http://www.google.com/bot.html)"
66.249.73.164 - - [20/Jul/2025:17:46:27 +0000] "GET /p/clue60902069?id=918327 HTTP/1.1" 200 39956 "-" "Mozilla/5.0 (Linux; Android 6.0.1; Nexus 5X Build/MMB29P) AppleWebKit/537.36 (KHTML, like Gecko) Chrome/137.0.7151.103 Mobile Safari/537.36 (compatible; Googlebot/2.1; +http://www.google.com/bot.html)"
66.249.73.165 - - [20/Jul/2025:17:47:12 +0000] "GET /p/aver40379819?id=396077 HTTP/1.1" 200 40265 "-" "Mozilla/5.0 (Linux; Android 6.0.1; Nexus 5X Build/MMB29P) AppleWebKit/537.36 (KHTML, like Gecko) Chrome/137.0.7151.103 Mobile Safari/537.36 (compatible; Googlebot/2.1; +http://www.google.com/bot.html)"
66.249.73.164 - - [20/Jul/2025:17:47:18 +0000] "GET /p/fake62359837?id=2376095 HTTP/1.1" 200 40273 "-" "Mozilla/5.0 (Linux; Android 6.0.1; Nexus 5X Build/MMB29P) AppleWebKit/537.36 (KHTML, like Gecko) Chrome/137.0.7151.103 Mobile Safari/537.36 (compatible; Googlebot/2.1; +http://www.google.com/bot.html)"
66.249.73.164 - - [20/Jul/2025:17:48:03 +0000] "GET /p/disli10009760?id=26018 HTTP/1.1" 200 40552 "-" "Mozilla/5.0 (Linux; Android 6.0.1; Nexus 5X Build/MMB29P) AppleWebKit/537.36 (KHTML, like Gecko) Chrome/137.0.7151.103 Mobile Safari/537.36 (compatible; Googlebot/2.1; +http://www.google.com/bot.html)"
66.249.73.164 - - [20/Jul/2025:17:48:09 +0000] "POST /get-message-notify HTTP/1.1" 200 40133 "https://muzza.fit/p/disli10009760?id=26018" "Mozilla/5.0 (Linux; Android 6.0.1; Nexus 5X Build/MMB29P) AppleWebKit/537.36 (KHTML, like Gecko) Chrome/137.0.7151.119 Mobile Safari/537.36 (compatible; Googlebot/2.1; +http://www.google.com/bot.html)"
66.249.73.164 - - [20/Jul/2025:17:49:29 +0000] "GET /p/winne80364839?id=381097 HTTP/1.1" 200 40125 "-" "Mozilla/5.0 (Linux; Android 6.0.1; Nexus 5X Build/MMB29P) AppleWebKit/537.36 (KHTML, like Gecko) Chrome/137.0.7151.103 Mobile Safari/537.36 (compatible; Googlebot/2.1; +http://www.google.com/bot.html)"
66.249.73.163 - - [20/Jul/2025:17:49:33 +0000] "POST /get-message-notify HTTP/1.1" 200 39953 "https://muzza.fit/p/winne80364839?id=381097" "Mozilla/5.0 (Linux; Android 6.0.1; Nexus 5X Build/MMB29P) AppleWebKit/537.36 (KHTML, like Gecko) Chrome/137.0.7151.119 Mobile Safari/537.36 (compatible; Googlebot/2.1; +http://www.google.com/bot.html)"
66.249.73.163 - - [20/Jul/2025:17:49:48 +0000] "GET /p/while60929165?id=945423 HTTP/1.1" 200 40126 "-" "Mozilla/5.0 (Linux; Android 6.0.1; Nexus 5X Build/MMB29P) AppleWebKit/537.36 (KHTML, like Gecko) Chrome/137.0.7151.103 Mobile Safari/537.36 (compatible; Googlebot/2.1; +http://www.google.com/bot.html)"
66.249.73.163 - - [20/Jul/2025:17:49:52 +0000] "GET /p/sort51473076?id=1489334 HTTP/1.1" 200 40603 "-" "Mozilla/5.0 (Linux; Android 6.0.1; Nexus 5X Build/MMB29P) AppleWebKit/537.36 (KHTML, like Gecko) Chrome/137.0.7151.103 Mobile Safari/537.36 (compatible; Googlebot/2.1; +http://www.google.com/bot.html)"
66.249.73.165 - - [20/Jul/2025:17:51:51 +0000] "GET /p/weddi50738348?id=754606 HTTP/1.1" 200 40546 "-" "Mozilla/5.0 (compatible; Googlebot/2.1; +http://www.google.com/bot.html)"
66.249.73.164 - - [20/Jul/2025:17:52:23 +0000] "GET /p/gross62459205?id=2475463 HTTP/1.1" 200 40176 "-" "Mozilla/5.0 (Linux; Android 6.0.1; Nexus 5X Build/MMB29P) AppleWebKit/537.36 (KHTML, like Gecko) Chrome/137.0.7151.103 Mobile Safari/537.36 (compatible; Googlebot/2.1; +http://www.google.com/bot.html)"
66.249.73.164 - - [20/Jul/2025:17:52:28 +0000] "POST /get-message-notify HTTP/1.1" 200 40189 "https://muzza.fit/p/gross62459205?id=2475463" "Mozilla/5.0 (Linux; Android 6.0.1; Nexus 5X Build/MMB29P) AppleWebKit/537.36 (KHTML, like Gecko) Chrome/137.0.7151.119 Mobile Safari/537.36 (compatible; Googlebot/2.1; +http://www.google.com/bot.html)"
66.249.73.165 - - [20/Jul/2025:17:54:55 +0000] "GET /p/colum31729882?id=1746140 HTTP/1.1" 200 40425 "-" "Mozilla/5.0 (Linux; Android 6.0.1; Nexus 5X Build/MMB29P) AppleWebKit/537.36 (KHTML, like Gecko) Chrome/137.0.7151.103 Mobile Safari/537.36 (compatible; Googlebot/2.1; +http://www.google.com/bot.html)"
66.249.73.165 - - [20/Jul/2025:17:55:11 +0000] "GET /p/eat50637540?id=653798 HTTP/1.1" 200 40592 "-" "Mozilla/5.0 (Linux; Android 6.0.1; Nexus 5X Build/MMB29P) AppleWebKit/537.36 (KHTML, like Gecko) Chrome/137.0.7151.103 Mobile Safari/537.36 (compatible; Googlebot/2.1; +http://www.google.com/bot.html)"
66.249.73.163 - - [20/Jul/2025:17:56:43 +0000] "GET /p/craft52115220?id=2131478 HTTP/1.1" 200 40518 "-" "Mozilla/5.0 (compatible; Googlebot/2.1; +http://www.google.com/bot.html)"
66.249.73.163 - - [20/Jul/2025:17:56:53 +0000] "GET /p/strok22211257?id=2227515 HTTP/1.1" 200 41077 "-" "Mozilla/5.0 (Linux; Android 6.0.1; Nexus 5X Build/MMB29P) AppleWebKit/537.36 (KHTML, like Gecko) Chrome/137.0.7151.103 Mobile Safari/537.36 (compatible; Googlebot/2.1; +http://www.google.com/bot.html)"
66.249.73.164 - - [20/Jul/2025:17:56:56 +0000] "POST /get-message-notify HTTP/1.1" 200 40141 "https://muzza.fit/p/strok22211257?id=2227515" "Mozilla/5.0 (Linux; Android 6.0.1; Nexus 5X Build/MMB29P) AppleWebKit/537.36 (KHTML, like Gecko) Chrome/137.0.7151.119 Mobile Safari/537.36 (compatible; Googlebot/2.1; +http://www.google.com/bot.html)"
66.249.73.165 - - [20/Jul/2025:17:57:05 +0000] "GET /p/flour11454608?id=1470866 HTTP/1.1" 200 40085 "-" "Mozilla/5.0 (Linux; Android 6.0.1; Nexus 5X Build/MMB29P) AppleWebKit/537.36 (KHTML, like Gecko) Chrome/137.0.7151.103 Mobile Safari/537.36 (compatible; Googlebot/2.1; +http://www.google.com/bot.html)"
66.249.73.164 - - [20/Jul/2025:17:57:27 +0000] "GET /p/scout22435409?id=2451667 HTTP/1.1" 200 40620 "-" "Mozilla/5.0 (Linux; Android 6.0.1; Nexus 5X Build/MMB29P) AppleWebKit/537.36 (KHTML, like Gecko) Chrome/137.0.7151.103 Mobile Safari/537.36 (compatible; Googlebot/2.1; +http://www.google.com/bot.html)"
66.249.73.163 - - [20/Jul/2025:17:57:29 +0000] "GET /p/win82061671?id=2077929 HTTP/1.1" 200 40100 "-" "Mozilla/5.0 (Linux; Android 6.0.1; Nexus 5X Build/MMB29P) AppleWebKit/537.36 (KHTML, like Gecko) Chrome/137.0.7151.103 Mobile Safari/537.36 (compatible; Googlebot/2.1; +http://www.google.com/bot.html)"
66.249.73.165 - - [20/Jul/2025:17:59:06 +0000] "GET /p/noun52439348?id=2455606 HTTP/1.1" 200 40729 "-" "Mozilla/5.0 (Linux; Android 6.0.1; Nexus 5X Build/MMB29P) AppleWebKit/537.36 (KHTML, like Gecko) Chrome/137.0.7151.103 Mobile Safari/537.36 (compatible; Googlebot/2.1; +http://www.google.com/bot.html)"
66.249.73.165 - - [20/Jul/2025:18:00:03 +0000] "GET /p/galle10985416?id=1001674 HTTP/1.1" 200 40637 "-" "Mozilla/5.0 (Linux; Android 6.0.1; Nexus 5X Build/MMB29P) AppleWebKit/537.36 (KHTML, like Gecko) Chrome/137.0.7151.103 Mobile Safari/537.36 (compatible; Googlebot/2.1; +http://www.google.com/bot.html)"
66.249.73.163 - - [20/Jul/2025:18:01:28 +0000] "GET /p/aggre22597569?id=2613827 HTTP/1.1" 200 40124 "-" "Mozilla/5.0 (compatible; Googlebot/2.1; +http://www.google.com/bot.html)"
66.249.73.163 - - [20/Jul/2025:18:02:31 +0000] "GET /p/shark22169593?id=2185851 HTTP/1.1" 200 40342 "-" "Mozilla/5.0 (compatible; Googlebot/2.1; +http://www.google.com/bot.html)"
66.249.73.163 - - [20/Jul/2025:18:02:37 +0000] "GET /p/hinde21357889?id=1374147 HTTP/1.1" 200 40061 "-" "Mozilla/5.0 (Linux; Android 6.0.1; Nexus 5X Build/MMB29P) AppleWebKit/537.36 (KHTML, like Gecko) Chrome/137.0.7151.103 Mobile Safari/537.36 (compatible; Googlebot/2.1; +http://www.google.com/bot.html)"
66.249.73.163 - - [20/Jul/2025:18:02:50 +0000] "GET /p/too61284253?id=1300511 HTTP/1.1" 200 40132 "-" "Mozilla/5.0 (Linux; Android 6.0.1; Nexus 5X Build/MMB29P) AppleWebKit/537.36 (KHTML, like Gecko) Chrome/137.0.7151.103 Mobile Safari/537.36 (compatible; Googlebot/2.1; +http://www.google.com/bot.html)"
66.249.73.163 - - [20/Jul/2025:18:02:55 +0000] "GET /p/lens51687612?id=1703870 HTTP/1.1" 200 40187 "-" "Mozilla/5.0 (Linux; Android 6.0.1; Nexus 5X Build/MMB29P) AppleWebKit/537.36 (KHTML, like Gecko) Chrome/137.0.7151.103 Mobile Safari/537.36 (compatible; Googlebot/2.1; +http://www.google.com/bot.html)"
45.227.253.15 - - [20/Jul/2025:18:03:14 +0000] "GET /?of=1 HTTP/1.1" 200 6668 "-" "Mozilla/5.0 (Linux; Android 10; Z832 Build/MMB29M) AppleWebKit/537.36 (KHTML, like Gecko) Chrome/85.0.4183.83 Mobile Safari/537.36"
66.249.73.164 - - [20/Jul/2025:18:04:11 +0000] "GET /p/parti20673433?id=689691 HTTP/1.1" 200 40163 "-" "Mozilla/5.0 (compatible; Googlebot/2.1; +http://www.google.com/bot.html)"
66.249.73.165 - - [20/Jul/2025:18:04:12 +0000] "GET /p/maid51767308?id=1783566 HTTP/1.1" 200 40350 "-" "Mozilla/5.0 (compatible; Googlebot/2.1; +http://www.google.com/bot.html)"
66.249.73.164 - - [20/Jul/2025:18:04:43 +0000] "GET /p/daugh62040885?id=2057143 HTTP/1.1" 200 40277 "-" "Mozilla/5.0 (Linux; Android 6.0.1; Nexus 5X Build/MMB29P) AppleWebKit/537.36 (KHTML, like Gecko) Chrome/137.0.7151.103 Mobile Safari/537.36 (compatible; Googlebot/2.1; +http://www.google.com/bot.html)"
66.249.73.163 - - [20/Jul/2025:18:04:46 +0000] "GET /p/pride50048348?id=64606 HTTP/1.1" 200 40354 "-" "Mozilla/5.0 (Linux; Android 6.0.1; Nexus 5X Build/MMB29P) AppleWebKit/537.36 (KHTML, like Gecko) Chrome/137.0.7151.103 Mobile Safari/537.36 (compatible; Googlebot/2.1; +http://www.google.com/bot.html)"
209.74.77.214 - - [20/Jul/2025:18:04:56 +0000] "POST /wp-cron.php?doing_wp_cron=1753034696.1792979240417480468750 HTTP/1.1" 200 - "-" "WordPress/6.8.2; https://muzza.fit"
34.205.163.103 - - [20/Jul/2025:18:04:53 +0000] "GET /product/panel-sports-bra/ HTTP/1.1" 200 28312 "-" "Mozilla/5.0 AppleWebKit/537.36 (KHTML, like Gecko; compatible; Amazonbot/0.1; +https://developer.amazon.com/support/amazonbot) Chrome/119.0.6045.214 Safari/537.36"
66.249.73.163 - - [20/Jul/2025:18:04:58 +0000] "GET /p/brute81906951?id=1923209 HTTP/1.1" 200 40062 "-" "Mozilla/5.0 (compatible; Googlebot/2.1; +http://www.google.com/bot.html)"
209.74.77.214 - - [20/Jul/2025:18:04:57 +0000] "GET /wp-json/jetpack/v4/sync/spawn-sync?time=1753034697&request_lock_id=1753034697.891 HTTP/1.1" 200 142 "-" "WordPress/6.8.2; https://muzza.fit"
66.249.73.164 - - [20/Jul/2025:18:05:12 +0000] "GET /p/uncov60618893?id=635151 HTTP/1.1" 200 40307 "-" "Mozilla/5.0 (Linux; Android 6.0.1; Nexus 5X Build/MMB29P) AppleWebKit/537.36 (KHTML, like Gecko) Chrome/137.0.7151.103 Mobile Safari/537.36 (compatible; Googlebot/2.1; +http://www.google.com/bot.html)"
66.249.64.172 - - [20/Jul/2025:18:05:41 +0000] "GET /p/takeo41325907?id=1342165 HTTP/1.1" 200 40640 "-" "Mozilla/5.0 (Linux; Android 6.0.1; Nexus 5X Build/MMB29P) AppleWebKit/537.36 (KHTML, like Gecko) Chrome/137.0.7151.103 Mobile Safari/537.36 (compatible; Googlebot/2.1; +http://www.google.com/bot.html)"
66.249.73.163 - - [20/Jul/2025:18:06:12 +0000] "GET /p/vibra20499289?id=515547 HTTP/1.1" 200 40110 "-" "Mozilla/5.0 (Linux; Android 6.0.1; Nexus 5X Build/MMB29P) AppleWebKit/537.36 (KHTML, like Gecko) Chrome/137.0.7151.103 Mobile Safari/537.36 (compatible; Googlebot/2.1; +http://www.google.com/bot.html)"
66.249.73.163 - - [20/Jul/2025:18:06:42 +0000] "GET /p/exerc52317276?id=2333534 HTTP/1.1" 200 40031 "-" "Mozilla/5.0 (Linux; Android 6.0.1; Nexus 5X Build/MMB29P) AppleWebKit/537.36 (KHTML, like Gecko) Chrome/137.0.7151.103 Mobile Safari/537.36 (compatible; Googlebot/2.1; +http://www.google.com/bot.html)"
66.249.73.163 - - [20/Jul/2025:18:07:18 +0000] "GET /p/cultu82060031?id=2076289 HTTP/1.1" 200 39961 "-" "Mozilla/5.0 (Linux; Android 6.0.1; Nexus 5X Build/MMB29P) AppleWebKit/537.36 (KHTML, like Gecko) Chrome/137.0.7151.103 Mobile Safari/537.36 (compatible; Googlebot/2.1; +http://www.google.com/bot.html)"
66.249.73.164 - - [20/Jul/2025:18:07:20 +0000] "GET /p/certa32792570?id=2808828 HTTP/1.1" 200 40505 "-" "Mozilla/5.0 (Linux; Android 6.0.1; Nexus 5X Build/MMB29P) AppleWebKit/537.36 (KHTML, like Gecko) Chrome/137.0.7151.103 Mobile Safari/537.36 (compatible; Googlebot/2.1; +http://www.google.com/bot.html)"
66.249.73.163 - - [20/Jul/2025:18:07:48 +0000] "GET /p/madam10792688?id=808946 HTTP/1.1" 200 40310 "-" "Mozilla/5.0 (Linux; Android 6.0.1; Nexus 5X Build/MMB29P) AppleWebKit/537.36 (KHTML, like Gecko) Chrome/137.0.7151.103 Mobile Safari/537.36 (compatible; Googlebot/2.1; +http://www.google.com/bot.html)"
209.74.77.214 - - [20/Jul/2025:18:08:24 +0000] "POST /wp-cron.php?doing_wp_cron=1753034904.1020069122314453125000 HTTP/1.1" 200 - "-" "WordPress/6.8.2; https://muzza.fit"
134.17.14.12 - - [20/Jul/2025:18:08:21 +0000] "GET /themes.php HTTP/1.1" 200 23184 "-" "Mozilla/4.0 (compatible; MSIE 6.0; Windows NT 5.1; SV1)"
66.249.73.165 - - [20/Jul/2025:18:10:20 +0000] "GET /p/addre41712355?id=1728613 HTTP/1.1" 200 41243 "-" "Mozilla/5.0 (Linux; Android 6.0.1; Nexus 5X Build/MMB29P) AppleWebKit/537.36 (KHTML, like Gecko) Chrome/137.0.7151.103 Mobile Safari/537.36 (compatible; Googlebot/2.1; +http://www.google.com/bot.html)"
66.249.73.163 - - [20/Jul/2025:18:10:21 +0000] "GET /p/prett70348582?id=364840 HTTP/1.1" 200 40089 "-" "Mozilla/5.0 (Linux; Android 6.0.1; Nexus 5X Build/MMB29P) AppleWebKit/537.36 (KHTML, like Gecko) Chrome/137.0.7151.103 Mobile Safari/537.36 (compatible; Googlebot/2.1; +http://www.google.com/bot.html)"
66.249.73.164 - - [20/Jul/2025:18:10:23 +0000] "POST /get-message-notify HTTP/1.1" 200 40208 "https://muzza.fit/p/addre41712355?id=1728613" "Mozilla/5.0 (Linux; Android 6.0.1; Nexus 5X Build/MMB29P) AppleWebKit/537.36 (KHTML, like Gecko) Chrome/137.0.7151.119 Mobile Safari/537.36 (compatible; Googlebot/2.1; +http://www.google.com/bot.html)"
66.249.73.164 - - [20/Jul/2025:18:10:46 +0000] "GET /p/outdo82669503?id=2685761 HTTP/1.1" 200 40000 "-" "Mozilla/5.0 (compatible; Googlebot/2.1; +http://www.google.com/bot.html)"
66.249.73.164 - - [20/Jul/2025:18:12:31 +0000] "GET /p/diagr61143125?id=1159383 HTTP/1.1" 200 40843 "-" "Mozilla/5.0 (Linux; Android 6.0.1; Nexus 5X Build/MMB29P) AppleWebKit/537.36 (KHTML, like Gecko) Chrome/137.0.7151.103 Mobile Safari/537.36 (compatible; Googlebot/2.1; +http://www.google.com/bot.html)"
66.249.73.165 - - [20/Jul/2025:18:13:36 +0000] "GET /p/mouth82200991?id=2217249 HTTP/1.1" 200 41303 "-" "Mozilla/5.0 (compatible; Googlebot/2.1; +http://www.google.com/bot.html)"
66.249.73.165 - - [20/Jul/2025:18:14:19 +0000] "GET /p/squar62645141?id=2661399 HTTP/1.1" 200 40547 "-" "Mozilla/5.0 (Linux; Android 6.0.1; Nexus 5X Build/MMB29P) AppleWebKit/537.36 (KHTML, like Gecko) Chrome/137.0.7151.103 Mobile Safari/537.36 (compatible; Googlebot/2.1; +http://www.google.com/bot.html)"
66.249.73.163 - - [20/Jul/2025:18:15:03 +0000] "GET /p/screa41607715?id=1623973 HTTP/1.1" 200 40434 "-" "Mozilla/5.0 (Linux; Android 6.0.1; Nexus 5X Build/MMB29P) AppleWebKit/537.36 (KHTML, like Gecko) Chrome/137.0.7151.103 Mobile Safari/537.36 (compatible; Googlebot/2.1; +http://www.google.com/bot.html)"
66.249.73.164 - - [20/Jul/2025:18:15:05 +0000] "POST /get-message-notify HTTP/1.1" 200 40113 "https://muzza.fit/p/screa41607715?id=1623973" "Mozilla/5.0 (Linux; Android 6.0.1; Nexus 5X Build/MMB29P) AppleWebKit/537.36 (KHTML, like Gecko) Chrome/137.0.7151.119 Mobile Safari/537.36 (compatible; Googlebot/2.1; +http://www.google.com/bot.html)"
66.249.73.164 - - [20/Jul/2025:18:15:35 +0000] "GET /p/someb10597176?id=613434 HTTP/1.1" 200 40147 "-" "Mozilla/5.0 (compatible; Googlebot/2.1; +http://www.google.com/bot.html)"
66.249.73.163 - - [20/Jul/2025:18:16:29 +0000] "GET /p/laser40591387?id=607645 HTTP/1.1" 200 40729 "-" "Mozilla/5.0 (compatible; Googlebot/2.1; +http://www.google.com/bot.html)"
66.249.73.165 - - [20/Jul/2025:18:17:08 +0000] "GET /p/laud40475851?id=492109 HTTP/1.1" 200 40539 "-" "Mozilla/5.0 (compatible; Googlebot/2.1; +http://www.google.com/bot.html)"
66.249.73.163 - - [20/Jul/2025:18:17:22 +0000] "GET /p/baker42422347?id=2438605 HTTP/1.1" 200 39966 "-" "Mozilla/5.0 (Linux; Android 6.0.1; Nexus 5X Build/MMB29P) AppleWebKit/537.36 (KHTML, like Gecko) Chrome/137.0.7151.103 Mobile Safari/537.36 (compatible; Googlebot/2.1; +http://www.google.com/bot.html)"
66.249.73.163 - - [20/Jul/2025:18:17:28 +0000] "GET /p/high20996633?id=1012891 HTTP/1.1" 200 40419 "-" "Mozilla/5.0 (compatible; Googlebot/2.1; +http://www.google.com/bot.html)"
66.249.73.164 - - [20/Jul/2025:18:18:09 +0000] "GET /p/blood62112653?id=2128911 HTTP/1.1" 200 40641 "-" "Mozilla/5.0 (Linux; Android 6.0.1; Nexus 5X Build/MMB29P) AppleWebKit/537.36 (KHTML, like Gecko) Chrome/137.0.7151.103 Mobile Safari/537.36 (compatible; Googlebot/2.1; +http://www.google.com/bot.html)"
66.249.73.164 - - [20/Jul/2025:18:18:25 +0000] "GET /p/greek40031283?id=47541 HTTP/1.1" 200 40034 "-" "Mozilla/5.0 (Linux; Android 6.0.1; Nexus 5X Build/MMB29P) AppleWebKit/537.36 (KHTML, like Gecko) Chrome/137.0.7151.103 Mobile Safari/537.36 (compatible; Googlebot/2.1; +http://www.google.com/bot.html)"
66.249.73.163 - - [20/Jul/2025:18:19:07 +0000] "GET /p/smoot60332141?id=348399 HTTP/1.1" 200 41126 "-" "Mozilla/5.0 (compatible; Googlebot/2.1; +http://www.google.com/bot.html)"
66.249.73.163 - - [20/Jul/2025:18:19:22 +0000] "GET /p/pink21764569?id=1780827 HTTP/1.1" 200 40185 "-" "Mozilla/5.0 (Linux; Android 6.0.1; Nexus 5X Build/MMB29P) AppleWebKit/537.36 (KHTML, like Gecko) Chrome/137.0.7151.103 Mobile Safari/537.36 (compatible; Googlebot/2.1; +http://www.google.com/bot.html)"
66.249.73.163 - - [20/Jul/2025:18:19:34 +0000] "GET /p/inspe82174199?id=2190457 HTTP/1.1" 200 40188 "-" "Mozilla/5.0 (compatible; Googlebot/2.1; +http://www.google.com/bot.html)"
66.249.73.165 - - [20/Jul/2025:18:20:05 +0000] "GET /p/estim30486090?id=502348 HTTP/1.1" 200 41272 "-" "Mozilla/5.0 (compatible; Googlebot/2.1; +http://www.google.com/bot.html)"
66.249.73.163 - - [20/Jul/2025:18:20:27 +0000] "GET /p/unhap20465345?id=481603 HTTP/1.1" 200 40814 "-" "Mozilla/5.0 (Linux; Android 6.0.1; Nexus 5X Build/MMB29P) AppleWebKit/537.36 (KHTML, like Gecko) Chrome/137.0.7151.103 Mobile Safari/537.36 (compatible; Googlebot/2.1; +http://www.google.com/bot.html)"
66.249.73.163 - - [20/Jul/2025:18:20:54 +0000] "GET /p/wave81289407?id=1305665 HTTP/1.1" 200 39867 "-" "Mozilla/5.0 (compatible; Googlebot/2.1; +http://www.google.com/bot.html)"
66.249.73.164 - - [20/Jul/2025:18:21:38 +0000] "GET /p/care21868577?id=1884835 HTTP/1.1" 200 41302 "-" "Mozilla/5.0 (Linux; Android 6.0.1; Nexus 5X Build/MMB29P) AppleWebKit/537.36 (KHTML, like Gecko) Chrome/137.0.7151.103 Mobile Safari/537.36 (compatible; Googlebot/2.1; +http://www.google.com/bot.html)"
66.249.73.164 - - [20/Jul/2025:18:22:39 +0000] "GET /p/off31248778?id=1265036 HTTP/1.1" 200 40640 "-" "Mozilla/5.0 (Linux; Android 6.0.1; Nexus 5X Build/MMB29P) AppleWebKit/537.36 (KHTML, like Gecko) Chrome/137.0.7151.103 Mobile Safari/537.36 (compatible; Googlebot/2.1; +http://www.google.com/bot.html)"
66.249.73.163 - - [20/Jul/2025:18:22:46 +0000] "GET /p/usele42796651?id=2812909 HTTP/1.1" 200 39960 "-" "Mozilla/5.0 (Linux; Android 6.0.1; Nexus 5X Build/MMB29P) AppleWebKit/537.36 (KHTML, like Gecko) Chrome/137.0.7151.103 Mobile Safari/537.36 (compatible; Googlebot/2.1; +http://www.google.com/bot.html)"
66.249.73.165 - - [20/Jul/2025:18:23:18 +0000] "GET /p/gold31136250?id=1152508 HTTP/1.1" 200 40045 "-" "Mozilla/5.0 (Linux; Android 6.0.1; Nexus 5X Build/MMB29P) AppleWebKit/537.36 (KHTML, like Gecko) Chrome/137.0.7151.103 Mobile Safari/537.36 (compatible; Googlebot/2.1; +http://www.google.com/bot.html)"
66.249.73.163 - - [20/Jul/2025:18:23:23 +0000] "POST /get-message-notify HTTP/1.1" 200 40067 "https://muzza.fit/p/gold31136250?id=1152508" "Mozilla/5.0 (Linux; Android 6.0.1; Nexus 5X Build/MMB29P) AppleWebKit/537.36 (KHTML, like Gecko) Chrome/137.0.7151.119 Mobile Safari/537.36 (compatible; Googlebot/2.1; +http://www.google.com/bot.html)"
66.249.73.163 - - [20/Jul/2025:18:23:34 +0000] "GET /p/anger30979154?id=995412 HTTP/1.1" 200 40238 "-" "Mozilla/5.0 (Linux; Android 6.0.1; Nexus 5X Build/MMB29P) AppleWebKit/537.36 (KHTML, like Gecko) Chrome/137.0.7151.103 Mobile Safari/537.36 (compatible; Googlebot/2.1; +http://www.google.com/bot.html)"
66.249.73.163 - - [20/Jul/2025:18:23:45 +0000] "GET /p/diff52547828?id=2564086 HTTP/1.1" 200 40020 "-" "Mozilla/5.0 (Linux; Android 6.0.1; Nexus 5X Build/MMB29P) AppleWebKit/537.36 (KHTML, like Gecko) Chrome/137.0.7151.103 Mobile Safari/537.36 (compatible; Googlebot/2.1; +http://www.google.com/bot.html)"
66.249.73.163 - - [20/Jul/2025:18:24:51 +0000] "GET /p/pork52836828?id=2853086 HTTP/1.1" 200 39990 "-" "Mozilla/5.0 (Linux; Android 6.0.1; Nexus 5X Build/MMB29P) AppleWebKit/537.36 (KHTML, like Gecko) Chrome/137.0.7151.103 Mobile Safari/537.36 (compatible; Googlebot/2.1; +http://www.google.com/bot.html)"
66.249.73.164 - - [20/Jul/2025:18:25:20 +0000] "GET /p/flu31664706?id=1680964 HTTP/1.1" 200 39979 "-" "Mozilla/5.0 (Linux; Android 6.0.1; Nexus 5X Build/MMB29P) AppleWebKit/537.36 (KHTML, like Gecko) Chrome/137.0.7151.103 Mobile Safari/537.36 (compatible; Googlebot/2.1; +http://www.google.com/bot.html)"
66.249.73.164 - - [20/Jul/2025:18:25:21 +0000] "GET /p/nake42319867?id=2336125 HTTP/1.1" 200 39966 "-" "Mozilla/5.0 (Linux; Android 6.0.1; Nexus 5X Build/MMB29P) AppleWebKit/537.36 (KHTML, like Gecko) Chrome/137.0.7151.103 Mobile Safari/537.36 (compatible; Googlebot/2.1; +http://www.google.com/bot.html)"
66.249.73.163 - - [20/Jul/2025:18:25:52 +0000] "GET /p/bogus61977989?id=1994247 HTTP/1.1" 200 40026 "-" "Mozilla/5.0 (Linux; Android 6.0.1; Nexus 5X Build/MMB29P) AppleWebKit/537.36 (KHTML, like Gecko) Chrome/137.0.7151.103 Mobile Safari/537.36 (compatible; Googlebot/2.1; +http://www.google.com/bot.html)"
66.249.73.165 - - [20/Jul/2025:18:26:01 +0000] "GET /p/drown60283549?id=299807 HTTP/1.1" 200 39862 "-" "Mozilla/5.0 (compatible; Googlebot/2.1; +http://www.google.com/bot.html)"
66.249.73.164 - - [20/Jul/2025:18:26:40 +0000] "GET /p/explo81258287?id=1274545 HTTP/1.1" 200 40046 "-" "Mozilla/5.0 (Linux; Android 6.0.1; Nexus 5X Build/MMB29P) AppleWebKit/537.36 (KHTML, like Gecko) Chrome/137.0.7151.103 Mobile Safari/537.36 (compatible; Googlebot/2.1; +http://www.google.com/bot.html)"
66.249.73.163 - - [20/Jul/2025:18:26:51 +0000] "GET /p/bud50930684?id=946942 HTTP/1.1" 200 40062 "-" "Mozilla/5.0 (compatible; Googlebot/2.1; +http://www.google.com/bot.html)"
66.249.73.165 - - [20/Jul/2025:18:27:38 +0000] "GET /p/those61608917?id=1625175 HTTP/1.1" 200 40607 "-" "Mozilla/5.0 (compatible; Googlebot/2.1; +http://www.google.com/bot.html)"
66.249.73.163 - - [20/Jul/2025:18:27:54 +0000] "GET /p/capab51729932?id=1746190 HTTP/1.1" 200 40955 "-" "Mozilla/5.0 (Linux; Android 6.0.1; Nexus 5X Build/MMB29P) AppleWebKit/537.36 (KHTML, like Gecko) Chrome/137.0.7151.103 Mobile Safari/537.36 (compatible; Googlebot/2.1; +http://www.google.com/bot.html)"
66.249.73.164 - - [20/Jul/2025:18:28:05 +0000] "GET /p/globe42603035?id=2619293 HTTP/1.1" 200 40001 "-" "Mozilla/5.0 (Linux; Android 6.0.1; Nexus 5X Build/MMB29P) AppleWebKit/537.36 (KHTML, like Gecko) Chrome/137.0.7151.103 Mobile Safari/537.36 (compatible; Googlebot/2.1; +http://www.google.com/bot.html)"
66.249.73.163 - - [20/Jul/2025:18:28:11 +0000] "GET /p/supre22530761?id=2547019 HTTP/1.1" 200 40371 "-" "Mozilla/5.0 (Linux; Android 6.0.1; Nexus 5X Build/MMB29P) AppleWebKit/537.36 (KHTML, like Gecko) Chrome/137.0.7151.103 Mobile Safari/537.36 (compatible; Googlebot/2.1; +http://www.google.com/bot.html)"
66.249.73.163 - - [20/Jul/2025:18:28:24 +0000] "POST /get-message-notify HTTP/1.1" 200 40104 "https://muzza.fit/p/supre22530761?id=2547019" "Mozilla/5.0 (Linux; Android 6.0.1; Nexus 5X Build/MMB29P) AppleWebKit/537.36 (KHTML, like Gecko) Chrome/137.0.7151.119 Mobile Safari/537.36 (compatible; Googlebot/2.1; +http://www.google.com/bot.html)"
66.249.73.163 - - [20/Jul/2025:18:28:29 +0000] "GET /p/celeb41084971?id=1101229 HTTP/1.1" 200 40256 "-" "Mozilla/5.0 (Linux; Android 6.0.1; Nexus 5X Build/MMB29P) AppleWebKit/537.36 (KHTML, like Gecko) Chrome/137.0.7151.103 Mobile Safari/537.36 (compatible; Googlebot/2.1; +http://www.google.com/bot.html)"
66.249.73.163 - - [20/Jul/2025:18:28:34 +0000] "GET /p/discr71166406?id=1182664 HTTP/1.1" 200 40235 "-" "Mozilla/5.0 (Linux; Android 6.0.1; Nexus 5X Build/MMB29P) AppleWebKit/537.36 (KHTML, like Gecko) Chrome/137.0.7151.103 Mobile Safari/537.36 (compatible; Googlebot/2.1; +http://www.google.com/bot.html)"
66.249.73.164 - - [20/Jul/2025:18:29:46 +0000] "GET /p/pump50414492?id=430750 HTTP/1.1" 200 40208 "-" "Mozilla/5.0 (Linux; Android 6.0.1; Nexus 5X Build/MMB29P) AppleWebKit/537.36 (KHTML, like Gecko) Chrome/137.0.7151.103 Mobile Safari/537.36 (compatible; Googlebot/2.1; +http://www.google.com/bot.html)"
66.249.73.163 - - [20/Jul/2025:18:29:59 +0000] "POST /get-message-notify HTTP/1.1" 200 40051 "https://muzza.fit/p/pump50414492?id=430750" "Mozilla/5.0 (Linux; Android 6.0.1; Nexus 5X Build/MMB29P) AppleWebKit/537.36 (KHTML, like Gecko) Chrome/137.0.7151.119 Mobile Safari/537.36 (compatible; Googlebot/2.1; +http://www.google.com/bot.html)"
66.249.73.163 - - [20/Jul/2025:18:30:33 +0000] "GET /p/serb70071918?id=88176 HTTP/1.1" 200 40319 "-" "Mozilla/5.0 (compatible; Googlebot/2.1; +http://www.google.com/bot.html)"
66.249.73.163 - - [20/Jul/2025:18:31:01 +0000] "GET /p/landl70383078?id=399336 HTTP/1.1" 200 40176 "-" "Mozilla/5.0 (Linux; Android 6.0.1; Nexus 5X Build/MMB29P) AppleWebKit/537.36 (KHTML, like Gecko) Chrome/137.0.7151.103 Mobile Safari/537.36 (compatible; Googlebot/2.1; +http://www.google.com/bot.html)"
66.249.73.163 - - [20/Jul/2025:18:31:30 +0000] "POST /get-message-notify HTTP/1.1" 200 40099 "https://muzza.fit/p/landl70383078?id=399336" "Mozilla/5.0 (Linux; Android 6.0.1; Nexus 5X Build/MMB29P) AppleWebKit/537.36 (KHTML, like Gecko) Chrome/137.0.7151.119 Mobile Safari/537.36 (compatible; Googlebot/2.1; +http://www.google.com/bot.html)"
66.249.73.164 - - [20/Jul/2025:18:32:32 +0000] "GET /p/veter11715368?id=1731626 HTTP/1.1" 200 40029 "-" "Mozilla/5.0 (Linux; Android 6.0.1; Nexus 5X Build/MMB29P) AppleWebKit/537.36 (KHTML, like Gecko) Chrome/137.0.7151.103 Mobile Safari/537.36 (compatible; Googlebot/2.1; +http://www.google.com/bot.html)"
66.249.73.164 - - [20/Jul/2025:18:32:53 +0000] "GET /p/grate51114500?id=1130758 HTTP/1.1" 200 39953 "-" "Mozilla/5.0 (Linux; Android 6.0.1; Nexus 5X Build/MMB29P) AppleWebKit/537.36 (KHTML, like Gecko) Chrome/137.0.7151.103 Mobile Safari/537.36 (compatible; Googlebot/2.1; +http://www.google.com/bot.html)"
66.249.73.163 - - [20/Jul/2025:18:33:35 +0000] "GET /p/data22395353?id=2411611 HTTP/1.1" 200 40706 "-" "Mozilla/5.0 (Linux; Android 6.0.1; Nexus 5X Build/MMB29P) AppleWebKit/537.36 (KHTML, like Gecko) Chrome/137.0.7151.103 Mobile Safari/537.36 (compatible; Googlebot/2.1; +http://www.google.com/bot.html)"
66.249.73.164 - - [20/Jul/2025:18:33:53 +0000] "POST /get-message-notify HTTP/1.1" 200 40090 "https://muzza.fit/p/data22395353?id=2411611" "Mozilla/5.0 (Linux; Android 6.0.1; Nexus 5X Build/MMB29P) AppleWebKit/537.36 (KHTML, like Gecko) Chrome/137.0.7151.119 Mobile Safari/537.36 (compatible; Googlebot/2.1; +http://www.google.com/bot.html)"
66.249.73.165 - - [20/Jul/2025:18:34:37 +0000] "GET /p/outer10639304?id=655562 HTTP/1.1" 200 40251 "-" "Mozilla/5.0 (compatible; Googlebot/2.1; +http://www.google.com/bot.html)"
66.249.73.163 - - [20/Jul/2025:18:36:00 +0000] "GET /p/surre61242517?id=1258775 HTTP/1.1" 200 40184 "-" "Mozilla/5.0 (Linux; Android 6.0.1; Nexus 5X Build/MMB29P) AppleWebKit/537.36 (KHTML, like Gecko) Chrome/137.0.7151.103 Mobile Safari/537.36 (compatible; Googlebot/2.1; +http://www.google.com/bot.html)"
66.249.73.164 - - [20/Jul/2025:18:36:55 +0000] "GET /p/wit82286623?id=2302881 HTTP/1.1" 200 40390 "-" "Mozilla/5.0 (Linux; Android 6.0.1; Nexus 5X Build/MMB29P) AppleWebKit/537.36 (KHTML, like Gecko) Chrome/137.0.7151.103 Mobile Safari/537.36 (compatible; Googlebot/2.1; +http://www.google.com/bot.html)"
66.249.73.163 - - [20/Jul/2025:18:37:35 +0000] "GET /p/muddy30114738?id=130996 HTTP/1.1" 200 40007 "-" "Mozilla/5.0 (compatible; Googlebot/2.1; +http://www.google.com/bot.html)"
66.249.73.163 - - [20/Jul/2025:18:39:05 +0000] "GET /p/bean21058553?id=1074811 HTTP/1.1" 200 40098 "-" "Mozilla/5.0 (Linux; Android 6.0.1; Nexus 5X Build/MMB29P) AppleWebKit/537.36 (KHTML, like Gecko) Chrome/137.0.7151.103 Mobile Safari/537.36 (compatible; Googlebot/2.1; +http://www.google.com/bot.html)"
66.249.73.164 - - [20/Jul/2025:18:39:13 +0000] "POST /get-message-notify HTTP/1.1" 200 40058 "https://muzza.fit/p/bean21058553?id=1074811" "Mozilla/5.0 (Linux; Android 6.0.1; Nexus 5X Build/MMB29P) AppleWebKit/537.36 (KHTML, like Gecko) Chrome/137.0.7151.119 Mobile Safari/537.36 (compatible; Googlebot/2.1; +http://www.google.com/bot.html)"
66.249.73.163 - - [20/Jul/2025:18:39:41 +0000] "GET /p/surge51523428?id=1539686 HTTP/1.1" 200 40673 "-" "Mozilla/5.0 (compatible; Googlebot/2.1; +http://www.google.com/bot.html)"
66.249.73.163 - - [20/Jul/2025:18:40:44 +0000] "GET /p/devot11710400?id=1726658 HTTP/1.1" 200 40204 "-" "Mozilla/5.0 (compatible; Googlebot/2.1; +http://www.google.com/bot.html)"
66.249.73.164 - - [20/Jul/2025:18:42:25 +0000] "GET /p/sheer11835776?id=1852034 HTTP/1.1" 200 40412 "-" "Mozilla/5.0 (compatible; Googlebot/2.1; +http://www.google.com/bot.html)"
66.249.73.163 - - [20/Jul/2025:18:42:44 +0000] "GET /p/cut72785382?id=2801640 HTTP/1.1" 200 39852 "-" "Mozilla/5.0 (compatible; Googlebot/2.1; +http://www.google.com/bot.html)"
66.249.73.163 - - [20/Jul/2025:18:44:17 +0000] "GET /p/local72273590?id=2289848 HTTP/1.1" 200 40237 "-" "Mozilla/5.0 (Linux; Android 6.0.1; Nexus 5X Build/MMB29P) AppleWebKit/537.36 (KHTML, like Gecko) Chrome/137.0.7151.103 Mobile Safari/537.36 (compatible; Googlebot/2.1; +http://www.google.com/bot.html)"
66.249.73.163 - - [20/Jul/2025:18:44:26 +0000] "GET /p/card41480707?id=1496965 HTTP/1.1" 200 40370 "-" "Mozilla/5.0 (compatible; Googlebot/2.1; +http://www.google.com/bot.html)"
66.249.73.164 - - [20/Jul/2025:18:44:26 +0000] "GET /p/fourf40539731?id=555989 HTTP/1.1" 200 40320 "-" "Mozilla/5.0 (Linux; Android 6.0.1; Nexus 5X Build/MMB29P) AppleWebKit/537.36 (KHTML, like Gecko) Chrome/137.0.7151.103 Mobile Safari/537.36 (compatible; Googlebot/2.1; +http://www.google.com/bot.html)"
66.249.73.165 - - [20/Jul/2025:18:45:21 +0000] "GET /p/prece72150502?id=2166760 HTTP/1.1" 200 40067 "-" "Mozilla/5.0 (compatible; Googlebot/2.1; +http://www.google.com/bot.html)"
66.249.73.163 - - [20/Jul/2025:18:46:35 +0000] "GET /p/indif62534397?id=2550655 HTTP/1.1" 200 40849 "-" "Mozilla/5.0 (compatible; Googlebot/2.1; +http://www.google.com/bot.html)"
66.249.73.163 - - [20/Jul/2025:18:48:21 +0000] "GET /p/yolk20615913?id=632171 HTTP/1.1" 200 39848 "-" "Mozilla/5.0 (Linux; Android 6.0.1; Nexus 5X Build/MMB29P) AppleWebKit/537.36 (KHTML, like Gecko) Chrome/137.0.7151.103 Mobile Safari/537.36 (compatible; Googlebot/2.1; +http://www.google.com/bot.html)"
66.249.73.163 - - [20/Jul/2025:18:51:01 +0000] "GET /p/nobod10560656?id=576914 HTTP/1.1" 200 39984 "-" "Mozilla/5.0 (compatible; Googlebot/2.1; +http://www.google.com/bot.html)"
66.249.73.164 - - [20/Jul/2025:18:51:16 +0000] "GET /p/marxi11350592?id=1366850 HTTP/1.1" 200 40224 "-" "Mozilla/5.0 (compatible; Googlebot/2.1; +http://www.google.com/bot.html)"
66.249.73.163 - - [20/Jul/2025:18:51:29 +0000] "GET /p/soar40505923?id=522181 HTTP/1.1" 200 40086 "-" "Mozilla/5.0 (Linux; Android 6.0.1; Nexus 5X Build/MMB29P) AppleWebKit/537.36 (KHTML, like Gecko) Chrome/137.0.7151.103 Mobile Safari/537.36 (compatible; Googlebot/2.1; +http://www.google.com/bot.html)"
66.249.73.163 - - [20/Jul/2025:18:51:32 +0000] "POST /get-message-notify HTTP/1.1" 200 39997 "https://muzza.fit/p/soar40505923?id=522181" "Mozilla/5.0 (Linux; Android 6.0.1; Nexus 5X Build/MMB29P) AppleWebKit/537.36 (KHTML, like Gecko) Chrome/137.0.7151.119 Mobile Safari/537.36 (compatible; Googlebot/2.1; +http://www.google.com/bot.html)"
66.249.73.165 - - [20/Jul/2025:18:52:50 +0000] "GET /p/cap71669222?id=1685480 HTTP/1.1" 200 40133 "-" "Mozilla/5.0 (Linux; Android 6.0.1; Nexus 5X Build/MMB29P) AppleWebKit/537.36 (KHTML, like Gecko) Chrome/137.0.7151.103 Mobile Safari/537.36 (compatible; Googlebot/2.1; +http://www.google.com/bot.html)"
66.249.73.164 - - [20/Jul/2025:18:53:15 +0000] "GET /p/steal50893548?id=909806 HTTP/1.1" 200 40927 "-" "Mozilla/5.0 (compatible; Googlebot/2.1; +http://www.google.com/bot.html)"
66.249.73.165 - - [20/Jul/2025:18:53:15 +0000] "GET /p/actre60678773?id=695031 HTTP/1.1" 200 40725 "-" "Mozilla/5.0 (Linux; Android 6.0.1; Nexus 5X Build/MMB29P) AppleWebKit/537.36 (KHTML, like Gecko) Chrome/137.0.7151.103 Mobile Safari/537.36 (compatible; Googlebot/2.1; +http://www.google.com/bot.html)"
66.249.73.164 - - [20/Jul/2025:18:53:47 +0000] "GET /p/evolu51994100?id=2010358 HTTP/1.1" 200 40158 "-" "Mozilla/5.0 (Linux; Android 6.0.1; Nexus 5X Build/MMB29P) AppleWebKit/537.36 (KHTML, like Gecko) Chrome/137.0.7151.103 Mobile Safari/537.36 (compatible; Googlebot/2.1; +http://www.google.com/bot.html)"
66.249.73.163 - - [20/Jul/2025:18:54:04 +0000] "GET /p/radiu71335038?id=1351296 HTTP/1.1" 200 40022 "-" "Mozilla/5.0 (Linux; Android 6.0.1; Nexus 5X Build/MMB29P) AppleWebKit/537.36 (KHTML, like Gecko) Chrome/137.0.7151.103 Mobile Safari/537.36 (compatible; Googlebot/2.1; +http://www.google.com/bot.html)"
66.249.73.164 - - [20/Jul/2025:18:54:34 +0000] "GET /p/obey21933369?id=1949627 HTTP/1.1" 200 40559 "-" "Mozilla/5.0 (compatible; Googlebot/2.1; +http://www.google.com/bot.html)"
66.249.73.165 - - [20/Jul/2025:18:56:16 +0000] "GET /p/novem30344490?id=360748 HTTP/1.1" 200 40155 "-" "Mozilla/5.0 (compatible; Googlebot/2.1; +http://www.google.com/bot.html)"
213.180.203.14 - - [20/Jul/2025:18:56:22 +0000] "GET /robots.txt HTTP/1.1" 200 316 "-" "Mozilla/5.0 (compatible; YandexBot/3.0; +http://yandex.com/bots)"
209.74.77.214 - - [20/Jul/2025:18:56:24 +0000] "POST /wp-cron.php?doing_wp_cron=1753037784.9278430938720703125000 HTTP/1.1" 200 - "-" "WordPress/6.8.2; https://muzza.fit"
213.180.203.174 - - [20/Jul/2025:18:56:23 +0000] "GET / HTTP/1.1" 200 37827 "-" "Mozilla/5.0 (compatible; YandexBot/3.0; +http://yandex.com/bots)"
66.249.73.164 - - [20/Jul/2025:18:56:40 +0000] "GET /p/coil71790622?id=1806880 HTTP/1.1" 200 40302 "-" "Mozilla/5.0 (Linux; Android 6.0.1; Nexus 5X Build/MMB29P) AppleWebKit/537.36 (KHTML, like Gecko) Chrome/137.0.7151.103 Mobile Safari/537.36 (compatible; Googlebot/2.1; +http://www.google.com/bot.html)"
5.255.231.94 - - [20/Jul/2025:18:56:42 +0000] "GET /recollection.php?sitemap.xml HTTP/1.1" 200 4545 "-" "Mozilla/5.0 (compatible; YandexBot/3.0; +http://yandex.com/bots)"
95.108.213.198 - - [20/Jul/2025:18:56:43 +0000] "GET /sitemapa.xml HTTP/1.1" 200 26113 "-" "Mozilla/5.0 (compatible; YandexBot/3.0; +http://yandex.com/bots)"
87.250.224.254 - - [20/Jul/2025:18:56:45 +0000] "GET /sitemap.xml HTTP/1.1" 200 200 "-" "Mozilla/5.0 (compatible; YandexBot/3.0; +http://yandex.com/bots)"
5.255.231.156 - - [20/Jul/2025:18:56:46 +0000] "GET /sitemapb.xml HTTP/1.1" 200 20219 "-" "Mozilla/5.0 (compatible; YandexBot/3.0; +http://yandex.com/bots)"
213.180.203.48 - - [20/Jul/2025:18:56:46 +0000] "GET /sitemape.xml HTTP/1.1" 200 24748 "-" "Mozilla/5.0 (compatible; YandexBot/3.0; +http://yandex.com/bots)"
213.180.203.164 - - [20/Jul/2025:18:56:47 +0000] "GET /sitemapc.xml HTTP/1.1" 200 28182 "-" "Mozilla/5.0 (compatible; YandexBot/3.0; +http://yandex.com/bots)"
5.255.231.112 - - [20/Jul/2025:18:56:47 +0000] "GET /sitemapd.xml HTTP/1.1" 200 20523 "-" "Mozilla/5.0 (compatible; YandexBot/3.0; +http://yandex.com/bots)"
87.250.224.232 - - [20/Jul/2025:18:57:16 +0000] "GET /recollection.php?shopdetail/134776083 HTTP/1.1" 200 - "-" "Mozilla/5.0 (compatible; YandexBot/3.0; +http://yandex.com/bots)"
66.249.73.163 - - [20/Jul/2025:18:57:15 +0000] "GET /p/quote10279256?id=295514 HTTP/1.1" 200 40528 "-" "Mozilla/5.0 (compatible; Googlebot/2.1; +http://www.google.com/bot.html)"
209.74.77.214 - - [20/Jul/2025:18:57:16 +0000] "POST /wp-cron.php?doing_wp_cron=1753037836.4899380207061767578125 HTTP/1.1" 200 - "-" "WordPress/6.8.2; https://muzza.fit"
213.180.203.66 - - [20/Jul/2025:18:57:16 +0000] "GET /p/ill72808734?id=2824992 HTTP/1.1" 200 23182 "-" "Mozilla/5.0 (compatible; YandexBot/3.0; +http://yandex.com/bots)"
213.180.203.64 - - [20/Jul/2025:18:57:16 +0000] "GET /p/octob70445126?id=461384 HTTP/1.1" 200 23182 "-" "Mozilla/5.0 (compatible; YandexBot/3.0; +http://yandex.com/bots)"
213.180.203.114 - - [20/Jul/2025:18:57:16 +0000] "GET /p/basis31411570?id=1427828 HTTP/1.1" 200 23182 "-" "Mozilla/5.0 (compatible; YandexBot/3.0; +http://yandex.com/bots)"
213.180.203.39 - - [20/Jul/2025:18:57:16 +0000] "GET /p/say61165677?id=1181935 HTTP/1.1" 200 23182 "-" "Mozilla/5.0 (compatible; YandexBot/3.0; +http://yandex.com/bots)"
213.180.203.14 - - [20/Jul/2025:18:57:17 +0000] "GET /p/twist60402053?id=418311 HTTP/1.1" 200 23182 "-" "Mozilla/5.0 (compatible; YandexBot/3.0; +http://yandex.com/bots)"
213.180.203.117 - - [20/Jul/2025:18:57:17 +0000] "GET /p/only20580993?id=597251 HTTP/1.1" 200 23182 "-" "Mozilla/5.0 (compatible; YandexBot/3.0; +http://yandex.com/bots)"
213.180.203.174 - - [20/Jul/2025:18:57:17 +0000] "GET /p/blend62479349?id=2495607 HTTP/1.1" 200 23182 "-" "Mozilla/5.0 (compatible; YandexBot/3.0; +http://yandex.com/bots)"
5.255.231.94 - - [20/Jul/2025:18:57:18 +0000] "GET /p/limp70191814?id=208072 HTTP/1.1" 200 23182 "-" "Mozilla/5.0 (compatible; YandexBot/3.0; +http://yandex.com/bots)"
95.108.213.198 - - [20/Jul/2025:18:57:18 +0000] "GET /p/come52909780?id=2926038 HTTP/1.1" 200 23182 "-" "Mozilla/5.0 (compatible; YandexBot/3.0; +http://yandex.com/bots)"
87.250.224.254 - - [20/Jul/2025:18:57:19 +0000] "GET /p/pover70150590?id=166848 HTTP/1.1" 200 23182 "-" "Mozilla/5.0 (compatible; YandexBot/3.0; +http://yandex.com/bots)"
5.255.231.156 - - [20/Jul/2025:18:57:19 +0000] "GET /p/chair51308236?id=1324494 HTTP/1.1" 200 23182 "-" "Mozilla/5.0 (compatible; YandexBot/3.0; +http://yandex.com/bots)"
