17.22.237.111 - - [20/Jul/2025:19:16:13 +0000] "GET /wp-content/themes/deadlift/assets/css/lib/aos.css?ver=2.3.0 HTTP/1.1" 200 2236 "https://muzza.fit/timetable/column/monday/" "Mozilla/5.0 (Macintosh; Intel Mac OS X 10_15_7) AppleWebKit/605.1.15 (KHTML, like Gecko) Version/17.4 Safari/605.1.15 (Applebot/0.1; +http://www.apple.com/go/applebot)"
17.22.237.28 - - [20/Jul/2025:19:16:13 +0000] "GET /wp-content/plugins/js_composer/assets/css/js_composer.min.css?ver=7.6 HTTP/1.1" 200 44639 "https://muzza.fit/timetable/column/monday/" "Mozilla/5.0 (Macintosh; Intel Mac OS X 10_15_7) AppleWebKit/605.1.15 (KHTML, like Gecko) Version/17.4 Safari/605.1.15 (Applebot/0.1; +http://www.apple.com/go/applebot)"
5.255.231.112 - - [20/Jul/2025:19:16:13 +0000] "GET /p/price31101282?id=1117540 HTTP/1.1" 200 23182 "-" "Mozilla/5.0 (compatible; YandexBot/3.0; +http://yandex.com/bots)"
87.250.224.232 - - [20/Jul/2025:19:16:13 +0000] "GET /p/news12392360?id=2408618 HTTP/1.1" 200 23182 "-" "Mozilla/5.0 (compatible; YandexBot/3.0; +http://yandex.com/bots)"
213.180.203.66 - - [20/Jul/2025:19:16:13 +0000] "GET /p/veloc62647637?id=2663895 HTTP/1.1" 200 23182 "-" "Mozilla/5.0 (compatible; YandexBot/3.0; +http://yandex.com/bots)"
17.22.237.126 - - [20/Jul/2025:19:16:14 +0000] "GET /wp-includes/js/dist/hooks.min.js?ver=4d63a3d491d11ffd8ac6 HTTP/1.1" 200 1648 "https://muzza.fit/timetable/column/monday/" "Mozilla/5.0 (Macintosh; Intel Mac OS X 10_15_7) AppleWebKit/605.1.15 (KHTML, like Gecko) Version/17.4 Safari/605.1.15 (Applebot/0.1; +http://www.apple.com/go/applebot)"
17.22.245.149 - - [20/Jul/2025:19:16:14 +0000] "GET /wp-content/plugins/revslider/sr6/assets/css/rs6.css?ver=6.7.13 HTTP/1.1" 200 12492 "https://muzza.fit/timetable/column/monday/" "Mozilla/5.0 (Macintosh; Intel Mac OS X 10_15_7) AppleWebKit/605.1.15 (KHTML, like Gecko) Version/17.4 Safari/605.1.15 (Applebot/0.1; +http://www.apple.com/go/applebot)"
213.180.203.64 - - [20/Jul/2025:19:16:14 +0000] "GET /p/proto20979769?id=996027 HTTP/1.1" 200 23182 "-" "Mozilla/5.0 (compatible; YandexBot/3.0; +http://yandex.com/bots)"
213.180.203.39 - - [20/Jul/2025:19:16:14 +0000] "GET /p/depre52313820?id=2330078 HTTP/1.1" 200 23182 "-" "Mozilla/5.0 (compatible; YandexBot/3.0; +http://yandex.com/bots)"
213.180.203.114 - - [20/Jul/2025:19:16:14 +0000] "GET /p/idiom20246489?id=262747 HTTP/1.1" 200 23182 "-" "Mozilla/5.0 (compatible; YandexBot/3.0; +http://yandex.com/bots)"
17.22.245.241 - - [20/Jul/2025:19:16:15 +0000] "GET /wp-includes/js/dist/i18n.min.js?ver=5e580eb46a90c2b997e6 HTTP/1.1" 200 3667 "https://muzza.fit/timetable/column/monday/" "Mozilla/5.0 (Macintosh; Intel Mac OS X 10_15_7) AppleWebKit/605.1.15 (KHTML, like Gecko) Version/17.4 Safari/605.1.15 (Applebot/0.1; +http://www.apple.com/go/applebot)"
17.22.245.5 - - [20/Jul/2025:19:16:15 +0000] "GET /wp-content/plugins/contact-form-7/includes/swv/js/index.js?ver=6.1 HTTP/1.1" 200 3503 "https://muzza.fit/timetable/column/monday/" "Mozilla/5.0 (Macintosh; Intel Mac OS X 10_15_7) AppleWebKit/605.1.15 (KHTML, like Gecko) Version/17.4 Safari/605.1.15 (Applebot/0.1; +http://www.apple.com/go/applebot)"
17.22.237.184 - - [20/Jul/2025:19:16:16 +0000] "GET /wp-content/plugins/contact-form-7/includes/js/index.js?ver=6.1 HTTP/1.1" 200 4265 "https://muzza.fit/timetable/column/monday/" "Mozilla/5.0 (Macintosh; Intel Mac OS X 10_15_7) AppleWebKit/605.1.15 (KHTML, like Gecko) Version/17.4 Safari/605.1.15 (Applebot/0.1; +http://www.apple.com/go/applebot)"
213.180.203.117 - - [20/Jul/2025:19:16:15 +0000] "GET /p/demon41186395?id=1202653 HTTP/1.1" 200 23182 "-" "Mozilla/5.0 (compatible; YandexBot/3.0; +http://yandex.com/bots)"
213.180.203.14 - - [20/Jul/2025:19:16:16 +0000] "GET /p/probl52136956?id=2153214 HTTP/1.1" 200 23182 "-" "Mozilla/5.0 (compatible; YandexBot/3.0; +http://yandex.com/bots)"
17.22.245.109 - - [20/Jul/2025:19:16:16 +0000] "GET /wp-content/plugins/wolf-custom-post-meta/assets/js/wcpm.min.js?ver=1.0.3 HTTP/1.1" 200 712 "https://muzza.fit/timetable/column/monday/" "Mozilla/5.0 (Macintosh; Intel Mac OS X 10_15_7) AppleWebKit/605.1.15 (KHTML, like Gecko) Version/17.4 Safari/605.1.15 (Applebot/0.1; +http://www.apple.com/go/applebot)"
213.180.203.174 - - [20/Jul/2025:19:16:16 +0000] "GET /p/surf82377687?id=2393945 HTTP/1.1" 200 23182 "-" "Mozilla/5.0 (compatible; YandexBot/3.0; +http://yandex.com/bots)"
17.22.237.185 - - [20/Jul/2025:19:16:17 +0000] "GET /wp-content/plugins/wolf-facebook-page-box/assets/js/wfpb.js?ver=1.0.9 HTTP/1.1" 200 - "https://muzza.fit/timetable/column/monday/" "Mozilla/5.0 (Macintosh; Intel Mac OS X 10_15_7) AppleWebKit/605.1.15 (KHTML, like Gecko) Version/17.4 Safari/605.1.15 (Applebot/0.1; +http://www.apple.com/go/applebot)"
5.255.231.94 - - [20/Jul/2025:19:16:17 +0000] "GET /recollection.php?shopdetail/117891883 HTTP/1.1" 200 - "-" "Mozilla/5.0 (compatible; YandexBot/3.0; +http://yandex.com/bots)"
17.22.237.126 - - [20/Jul/2025:19:16:17 +0000] "GET /wp-content/plugins/wolf-woocommerce-quickview/assets/js/min/quickview.min.js?ver=1.1.5 HTTP/1.1" 200 945 "https://muzza.fit/timetable/column/monday/" "Mozilla/5.0 (Macintosh; Intel Mac OS X 10_15_7) AppleWebKit/605.1.15 (KHTML, like Gecko) Version/17.4 Safari/605.1.15 (Applebot/0.1; +http://www.apple.com/go/applebot)"
17.22.237.111 - - [20/Jul/2025:19:16:18 +0000] "GET /wp-content/plugins/variation-swatches-for-woocommerce/assets/js/frontend.js?ver%5B0%5D=jquery HTTP/1.1" 200 2129 "https://muzza.fit/timetable/column/monday/" "Mozilla/5.0 (Macintosh; Intel Mac OS X 10_15_7) AppleWebKit/605.1.15 (KHTML, like Gecko) Version/17.4 Safari/605.1.15 (Applebot/0.1; +http://www.apple.com/go/applebot)"
95.108.213.198 - - [20/Jul/2025:19:16:17 +0000] "GET /p/pat41458691?id=1474949 HTTP/1.1" 200 23182 "-" "Mozilla/5.0 (compatible; YandexBot/3.0; +http://yandex.com/bots)"
87.250.224.254 - - [20/Jul/2025:19:16:18 +0000] "GET /p/limit72810550?id=2826808 HTTP/1.1" 200 23182 "-" "Mozilla/5.0 (compatible; YandexBot/3.0; +http://yandex.com/bots)"
17.22.237.184 - - [20/Jul/2025:19:16:19 +0000] "GET /wp-includes/js/mediaelement/mediaelement-migrate.min.js?ver=6.8.2 HTTP/1.1" 200 540 "https://muzza.fit/timetable/column/monday/" "Mozilla/5.0 (Macintosh; Intel Mac OS X 10_15_7) AppleWebKit/605.1.15 (KHTML, like Gecko) Version/17.4 Safari/605.1.15 (Applebot/0.1; +http://www.apple.com/go/applebot)"
17.22.245.69 - - [20/Jul/2025:19:16:19 +0000] "GET /wp-includes/js/mediaelement/mediaelement-and-player.min.js?ver=4.2.17 HTTP/1.1" 200 38789 "https://muzza.fit/timetable/column/monday/" "Mozilla/5.0 (Macintosh; Intel Mac OS X 10_15_7) AppleWebKit/605.1.15 (KHTML, like Gecko) Version/17.4 Safari/605.1.15 (Applebot/0.1; +http://www.apple.com/go/applebot)"
17.22.245.109 - - [20/Jul/2025:19:16:19 +0000] "GET /wp-includes/js/mediaelement/wp-mediaelement.min.js?ver=6.8.2 HTTP/1.1" 200 538 "https://muzza.fit/timetable/column/monday/" "Mozilla/5.0 (Macintosh; Intel Mac OS X 10_15_7) AppleWebKit/605.1.15 (KHTML, like Gecko) Version/17.4 Safari/605.1.15 (Applebot/0.1; +http://www.apple.com/go/applebot)"
5.255.231.156 - - [20/Jul/2025:19:16:19 +0000] "GET /p/bathr22236689?id=2252947 HTTP/1.1" 200 23182 "-" "Mozilla/5.0 (compatible; YandexBot/3.0; +http://yandex.com/bots)"
17.22.237.185 - - [20/Jul/2025:19:16:20 +0000] "GET /wp-content/plugins/js_composer/assets/lib/flexslider/jquery.flexslider.min.js?ver=7.6 HTTP/1.1" 200 7321 "https://muzza.fit/timetable/column/monday/" "Mozilla/5.0 (Macintosh; Intel Mac OS X 10_15_7) AppleWebKit/605.1.15 (KHTML, like Gecko) Version/17.4 Safari/605.1.15 (Applebot/0.1; +http://www.apple.com/go/applebot)"
213.180.203.48 - - [20/Jul/2025:19:16:19 +0000] "GET /p/midni52638756?id=2655014 HTTP/1.1" 200 23182 "-" "Mozilla/5.0 (compatible; YandexBot/3.0; +http://yandex.com/bots)"
17.22.237.126 - - [20/Jul/2025:19:16:20 +0000] "GET /wp-content/themes/deadlift/assets/js/lib/jquery.fancybox.min.js?ver=3.5.7 HTTP/1.1" 200 22013 "https://muzza.fit/timetable/column/monday/" "Mozilla/5.0 (Macintosh; Intel Mac OS X 10_15_7) AppleWebKit/605.1.15 (KHTML, like Gecko) Version/17.4 Safari/605.1.15 (Applebot/0.1; +http://www.apple.com/go/applebot)"
213.180.203.164 - - [20/Jul/2025:19:16:20 +0000] "GET /p/mote80555863?id=572121 HTTP/1.1" 200 23182 "-" "Mozilla/5.0 (compatible; YandexBot/3.0; +http://yandex.com/bots)"
5.255.231.112 - - [20/Jul/2025:19:16:20 +0000] "GET /p/ship81644111?id=1660369 HTTP/1.1" 200 23182 "-" "Mozilla/5.0 (compatible; YandexBot/3.0; +http://yandex.com/bots)"
17.22.253.213 - - [20/Jul/2025:19:16:21 +0000] "GET /wp-content/themes/deadlift/assets/js/lib/jquery.lazyloadxt.min.js?ver=1.1.0 HTTP/1.1" 200 1331 "https://muzza.fit/timetable/column/monday/" "Mozilla/5.0 (Macintosh; Intel Mac OS X 10_15_7) AppleWebKit/605.1.15 (KHTML, like Gecko) Version/17.4 Safari/605.1.15 (Applebot/0.1; +http://www.apple.com/go/applebot)"
17.22.245.239 - - [20/Jul/2025:19:16:22 +0000] "GET /wp-content/themes/deadlift/assets/js/lib/sticky-kit.min.js?ver=1.1.3 HTTP/1.1" 200 1411 "https://muzza.fit/timetable/column/monday/" "Mozilla/5.0 (Macintosh; Intel Mac OS X 10_15_7) AppleWebKit/605.1.15 (KHTML, like Gecko) Version/17.4 Safari/605.1.15 (Applebot/0.1; +http://www.apple.com/go/applebot)"
17.22.237.130 - - [20/Jul/2025:19:16:22 +0000] "GET /wp-content/themes/deadlift/assets/js/functions.min.js?ver=1.8.2 HTTP/1.1" 200 9964 "https://muzza.fit/timetable/column/monday/" "Mozilla/5.0 (Macintosh; Intel Mac OS X 10_15_7) AppleWebKit/605.1.15 (KHTML, like Gecko) Version/17.4 Safari/605.1.15 (Applebot/0.1; +http://www.apple.com/go/applebot)"
17.22.245.109 - - [20/Jul/2025:19:16:22 +0000] "GET /wp-content/themes/deadlift/assets/js/lib/tooltipsy.min.js?ver=1.0.0 HTTP/1.1" 200 1828 "https://muzza.fit/timetable/column/monday/" "Mozilla/5.0 (Macintosh; Intel Mac OS X 10_15_7) AppleWebKit/605.1.15 (KHTML, like Gecko) Version/17.4 Safari/605.1.15 (Applebot/0.1; +http://www.apple.com/go/applebot)"
17.22.253.9 - - [20/Jul/2025:19:16:23 +0000] "GET /wp-content/themes/deadlift/assets/js/lib/jarallax.min.js?ver=1.8.0 HTTP/1.1" 200 3519 "https://muzza.fit/timetable/column/monday/" "Mozilla/5.0 (Macintosh; Intel Mac OS X 10_15_7) AppleWebKit/605.1.15 (KHTML, like Gecko) Version/17.4 Safari/605.1.15 (Applebot/0.1; +http://www.apple.com/go/applebot)"
17.22.245.215 - - [20/Jul/2025:19:16:23 +0000] "GET /wp-content/plugins/wolf-visual-composer/assets/js/lib/jquery.bigtext.min.js?ver=1.0.0 HTTP/1.1" 200 1804 "https://muzza.fit/timetable/column/monday/" "Mozilla/5.0 (Macintosh; Intel Mac OS X 10_15_7) AppleWebKit/605.1.15 (KHTML, like Gecko) Version/17.4 Safari/605.1.15 (Applebot/0.1; +http://www.apple.com/go/applebot)"
17.22.253.213 - - [20/Jul/2025:19:16:24 +0000] "GET /wp-content/plugins/wolf-visual-composer/assets/js/min/bigtext.min.js?ver=3.7.21 HTTP/1.1" 200 268 "https://muzza.fit/timetable/column/monday/" "Mozilla/5.0 (Macintosh; Intel Mac OS X 10_15_7) AppleWebKit/605.1.15 (KHTML, like Gecko) Version/17.4 Safari/605.1.15 (Applebot/0.1; +http://www.apple.com/go/applebot)"
17.22.245.69 - - [20/Jul/2025:19:16:24 +0000] "GET /wp-content/plugins/wolf-visual-composer/assets/js/min/functions.min.js?ver=3.7.21 HTTP/1.1" 200 5935 "https://muzza.fit/timetable/column/monday/" "Mozilla/5.0 (Macintosh; Intel Mac OS X 10_15_7) AppleWebKit/605.1.15 (KHTML, like Gecko) Version/17.4 Safari/605.1.15 (Applebot/0.1; +http://www.apple.com/go/applebot)"
17.22.237.130 - - [20/Jul/2025:19:16:25 +0000] "GET /wp-content/plugins/woocommerce/assets/js/sourcebuster/sourcebuster.min.js?ver=10.0.2 HTTP/1.1" 200 4807 "https://muzza.fit/timetable/column/monday/" "Mozilla/5.0 (Macintosh; Intel Mac OS X 10_15_7) AppleWebKit/605.1.15 (KHTML, like Gecko) Version/17.4 Safari/605.1.15 (Applebot/0.1; +http://www.apple.com/go/applebot)"
17.22.245.246 - - [20/Jul/2025:19:16:25 +0000] "GET /wp-content/plugins/woocommerce/assets/js/frontend/order-attribution.min.js?ver=10.0.2 HTTP/1.1" 200 1128 "https://muzza.fit/timetable/column/monday/" "Mozilla/5.0 (Macintosh; Intel Mac OS X 10_15_7) AppleWebKit/605.1.15 (KHTML, like Gecko) Version/17.4 Safari/605.1.15 (Applebot/0.1; +http://www.apple.com/go/applebot)"
209.74.77.214 - - [20/Jul/2025:19:16:26 +0000] "POST /wp-cron.php?doing_wp_cron=1753038986.1485900878906250000000 HTTP/1.1" 200 - "-" "WordPress/6.8.2; https://muzza.fit"
87.250.224.232 - - [20/Jul/2025:19:16:25 +0000] "GET /p/chest61017293?id=1033551 HTTP/1.1" 200 23182 "-" "Mozilla/5.0 (compatible; YandexBot/3.0; +http://yandex.com/bots)"
213.180.203.66 - - [20/Jul/2025:19:16:25 +0000] "GET /p/appro70993854?id=1010112 HTTP/1.1" 200 23182 "-" "Mozilla/5.0 (compatible; YandexBot/3.0; +http://yandex.com/bots)"
17.22.245.87 - - [20/Jul/2025:19:16:26 +0000] "GET /wp-content/plugins/wolf-woocommerce-wishlist/assets/js/wishlist.min.js?ver=1.1.7 HTTP/1.1" 200 1424 "https://muzza.fit/timetable/column/monday/" "Mozilla/5.0 (Macintosh; Intel Mac OS X 10_15_7) AppleWebKit/605.1.15 (KHTML, like Gecko) Version/17.4 Safari/605.1.15 (Applebot/0.1; +http://www.apple.com/go/applebot)"
17.22.237.13 - - [20/Jul/2025:19:16:26 +0000] "GET /wp-includes/js/jquery/ui/effect.min.js?ver=1.13.3 HTTP/1.1" 200 3886 "https://muzza.fit/timetable/column/monday/" "Mozilla/5.0 (Macintosh; Intel Mac OS X 10_15_7) AppleWebKit/605.1.15 (KHTML, like Gecko) Version/17.4 Safari/605.1.15 (Applebot/0.1; +http://www.apple.com/go/applebot)"
17.22.245.215 - - [20/Jul/2025:19:16:27 +0000] "GET /wp-content/plugins/wolf-visual-composer/assets/js/lib/countUp.min.js?ver=1.9.3 HTTP/1.1" 200 1451 "https://muzza.fit/timetable/column/monday/" "Mozilla/5.0 (Macintosh; Intel Mac OS X 10_15_7) AppleWebKit/605.1.15 (KHTML, like Gecko) Version/17.4 Safari/605.1.15 (Applebot/0.1; +http://www.apple.com/go/applebot)"
213.180.203.64 - - [20/Jul/2025:19:16:26 +0000] "GET /p/leath12098544?id=2114802 HTTP/1.1" 200 23182 "-" "Mozilla/5.0 (compatible; YandexBot/3.0; +http://yandex.com/bots)"
17.22.253.9 - - [20/Jul/2025:19:16:27 +0000] "GET /wp-content/themes/deadlift/assets/js/t/deadlift.js?ver=1.8.2 HTTP/1.1" 200 3186 "https://muzza.fit/timetable/column/monday/" "Mozilla/5.0 (Macintosh; Intel Mac OS X 10_15_7) AppleWebKit/605.1.15 (KHTML, like Gecko) Version/17.4 Safari/605.1.15 (Applebot/0.1; +http://www.apple.com/go/applebot)"
213.180.203.39 - - [20/Jul/2025:19:16:27 +0000] "GET /p/stand10452104?id=468362 HTTP/1.1" 200 23182 "-" "Mozilla/5.0 (compatible; YandexBot/3.0; +http://yandex.com/bots)"
213.180.203.174 - - [20/Jul/2025:19:16:27 +0000] "GET /p/syste51366700?id=1382958 HTTP/1.1" 200 23182 "-" "Mozilla/5.0 (compatible; YandexBot/3.0; +http://yandex.com/bots)"
213.180.203.14 - - [20/Jul/2025:19:16:27 +0000] "GET /p/creep21547065?id=1563323 HTTP/1.1" 200 23182 "-" "Mozilla/5.0 (compatible; YandexBot/3.0; +http://yandex.com/bots)"
213.180.203.117 - - [20/Jul/2025:19:16:27 +0000] "GET /p/gradu81966679?id=1982937 HTTP/1.1" 200 23182 "-" "Mozilla/5.0 (compatible; YandexBot/3.0; +http://yandex.com/bots)"
213.180.203.114 - - [20/Jul/2025:19:16:27 +0000] "GET /p/volle31900274?id=1916532 HTTP/1.1" 200 23182 "-" "Mozilla/5.0 (compatible; YandexBot/3.0; +http://yandex.com/bots)"
17.22.245.71 - - [20/Jul/2025:19:16:28 +0000] "GET /wp-content/plugins/wolf-visual-composer/assets/js/min/modal-window.min.js?ver=3.7.21 HTTP/1.1" 200 1066 "https://muzza.fit/timetable/column/monday/" "Mozilla/5.0 (Macintosh; Intel Mac OS X 10_15_7) AppleWebKit/605.1.15 (KHTML, like Gecko) Version/17.4 Safari/605.1.15 (Applebot/0.1; +http://www.apple.com/go/applebot)"
17.22.237.27 - - [20/Jul/2025:19:16:28 +0000] "GET /wp-content/plugins/js_composer/assets/js/dist/js_composer_front.min.js?ver=7.6 HTTP/1.1" 200 5779 "https://muzza.fit/timetable/column/monday/" "Mozilla/5.0 (Macintosh; Intel Mac OS X 10_15_7) AppleWebKit/605.1.15 (KHTML, like Gecko) Version/17.4 Safari/605.1.15 (Applebot/0.1; +http://www.apple.com/go/applebot)"
5.255.231.94 - - [20/Jul/2025:19:16:28 +0000] "GET /p/young61812693?id=1828951 HTTP/1.1" 200 23182 "-" "Mozilla/5.0 (compatible; YandexBot/3.0; +http://yandex.com/bots)"
95.108.213.198 - - [20/Jul/2025:19:16:28 +0000] "GET /p/norma40849219?id=865477 HTTP/1.1" 200 23182 "-" "Mozilla/5.0 (compatible; YandexBot/3.0; +http://yandex.com/bots)"
17.22.237.7 - - [20/Jul/2025:19:16:29 +0000] "GET /wp-content/plugins/wolf-visual-composer/assets/js/lib/jquery.inview.min.js?ver=1.1.2 HTTP/1.1" 200 765 "https://muzza.fit/timetable/column/monday/" "Mozilla/5.0 (Macintosh; Intel Mac OS X 10_15_7) AppleWebKit/605.1.15 (KHTML, like Gecko) Version/17.4 Safari/605.1.15 (Applebot/0.1; +http://www.apple.com/go/applebot)"
17.22.245.87 - - [20/Jul/2025:19:16:29 +0000] "GET /wp-content/plugins/wolf-visual-composer/assets/js/min/mailchimp.min.js?ver=3.7.21 HTTP/1.1" 200 599 "https://muzza.fit/timetable/column/monday/" "Mozilla/5.0 (Macintosh; Intel Mac OS X 10_15_7) AppleWebKit/605.1.15 (KHTML, like Gecko) Version/17.4 Safari/605.1.15 (Applebot/0.1; +http://www.apple.com/go/applebot)"
87.250.224.254 - - [20/Jul/2025:19:16:29 +0000] "GET /p/emit61145869?id=1162127 HTTP/1.1" 200 23182 "-" "Mozilla/5.0 (compatible; YandexBot/3.0; +http://yandex.com/bots)"
17.22.245.46 - - [20/Jul/2025:19:16:30 +0000] "GET /wp-content/plugins/wolf-visual-composer/assets/js/lib/jquery.fittext.min.js?ver=1.2.0 HTTP/1.1" 200 262 "https://muzza.fit/timetable/column/monday/" "Mozilla/5.0 (Macintosh; Intel Mac OS X 10_15_7) AppleWebKit/605.1.15 (KHTML, like Gecko) Version/17.4 Safari/605.1.15 (Applebot/0.1; +http://www.apple.com/go/applebot)"
5.255.231.156 - - [20/Jul/2025:19:16:30 +0000] "GET /p/enric82573951?id=2590209 HTTP/1.1" 200 23182 "-" "Mozilla/5.0 (compatible; YandexBot/3.0; +http://yandex.com/bots)"
17.22.245.71 - - [20/Jul/2025:19:16:31 +0000] "GET /wp-content/themes/deadlift/assets/js/lib/aos.js?ver=2.0.0 HTTP/1.1" 200 4506 "https://muzza.fit/timetable/column/monday/" "Mozilla/5.0 (Macintosh; Intel Mac OS X 10_15_7) AppleWebKit/605.1.15 (KHTML, like Gecko) Version/17.4 Safari/605.1.15 (Applebot/0.1; +http://www.apple.com/go/applebot)"
17.22.245.117 - - [20/Jul/2025:19:16:31 +0000] "GET /wp-content/plugins/wolf-visual-composer/assets/js/min/fittext.min.js?ver=3.7.21 HTTP/1.1" 200 281 "https://muzza.fit/timetable/column/monday/" "Mozilla/5.0 (Macintosh; Intel Mac OS X 10_15_7) AppleWebKit/605.1.15 (KHTML, like Gecko) Version/17.4 Safari/605.1.15 (Applebot/0.1; +http://www.apple.com/go/applebot)"
213.180.203.48 - - [20/Jul/2025:19:16:30 +0000] "GET /p/unimp61029373?id=1045631 HTTP/1.1" 200 23182 "-" "Mozilla/5.0 (compatible; YandexBot/3.0; +http://yandex.com/bots)"
17.22.237.27 - - [20/Jul/2025:19:16:31 +0000] "GET /wp-content/plugins/revslider/sr6/assets/js/rbtools.min.js?ver=6.7.13 HTTP/1.1" 200 61824 "https://muzza.fit/timetable/column/monday/" "Mozilla/5.0 (Macintosh; Intel Mac OS X 10_15_7) AppleWebKit/605.1.15 (KHTML, like Gecko) Version/17.4 Safari/605.1.15 (Applebot/0.1; +http://www.apple.com/go/applebot)"
213.180.203.164 - - [20/Jul/2025:19:16:31 +0000] "GET /p/organ50961804?id=978062 HTTP/1.1" 200 23182 "-" "Mozilla/5.0 (compatible; YandexBot/3.0; +http://yandex.com/bots)"
17.22.245.117 - - [20/Jul/2025:19:16:32 +0000] "GET /wp-includes/js/wp-emoji-release.min.js?ver=6.8.2 HTTP/1.1" 200 5163 "https://muzza.fit/timetable/column/monday/" "Mozilla/5.0 (Macintosh; Intel Mac OS X 10_15_7) AppleWebKit/605.1.15 (KHTML, like Gecko) Version/17.4 Safari/605.1.15 (Applebot/0.1; +http://www.apple.com/go/applebot)"
5.255.231.112 - - [20/Jul/2025:19:16:37 +0000] "GET /recollection.php?shopdetail/147899283 HTTP/1.1" 200 - "-" "Mozilla/5.0 (compatible; YandexBot/3.0; +http://yandex.com/bots)"
213.180.203.64 - - [20/Jul/2025:19:16:37 +0000] "GET /p/germa30831226?id=847484 HTTP/1.1" 200 23182 "-" "Mozilla/5.0 (compatible; YandexBot/3.0; +http://yandex.com/bots)"
87.250.224.232 - - [20/Jul/2025:19:16:37 +0000] "GET /p/sketc61295573?id=1311831 HTTP/1.1" 200 23182 "-" "Mozilla/5.0 (compatible; YandexBot/3.0; +http://yandex.com/bots)"
213.180.203.66 - - [20/Jul/2025:19:16:37 +0000] "GET /p/displ30121658?id=137916 HTTP/1.1" 200 23182 "-" "Mozilla/5.0 (compatible; YandexBot/3.0; +http://yandex.com/bots)"
17.22.237.126 - - [20/Jul/2025:19:16:33 +0000] "POST /wp-admin/admin-ajax.php HTTP/1.1" 200 127 "https://muzza.fit/timetable/column/monday/" "Mozilla/5.0 (Macintosh; Intel Mac OS X 10_15_7) AppleWebKit/605.1.15 (KHTML, like Gecko) Version/17.4 Safari/605.1.15 (Applebot/0.1; +http://www.apple.com/go/applebot)"
213.180.203.39 - - [20/Jul/2025:19:16:38 +0000] "GET /p/naugh50923444?id=939702 HTTP/1.1" 200 23182 "-" "Mozilla/5.0 (compatible; YandexBot/3.0; +http://yandex.com/bots)"
213.180.203.114 - - [20/Jul/2025:19:16:38 +0000] "GET /p/folk50555556?id=571814 HTTP/1.1" 200 23182 "-" "Mozilla/5.0 (compatible; YandexBot/3.0; +http://yandex.com/bots)"
213.180.203.117 - - [20/Jul/2025:19:16:39 +0000] "GET /p/slim71019742?id=1036000 HTTP/1.1" 200 23182 "-" "Mozilla/5.0 (compatible; YandexBot/3.0; +http://yandex.com/bots)"
213.180.203.14 - - [20/Jul/2025:19:16:39 +0000] "GET /p/afric20089377?id=105635 HTTP/1.1" 200 23182 "-" "Mozilla/5.0 (compatible; YandexBot/3.0; +http://yandex.com/bots)"
213.180.203.174 - - [20/Jul/2025:19:16:40 +0000] "GET /p/taste52057180?id=2073438 HTTP/1.1" 200 23182 "-" "Mozilla/5.0 (compatible; YandexBot/3.0; +http://yandex.com/bots)"
5.255.231.94 - - [20/Jul/2025:19:16:40 +0000] "GET /p/badly12431144?id=2447402 HTTP/1.1" 200 23182 "-" "Mozilla/5.0 (compatible; YandexBot/3.0; +http://yandex.com/bots)"
95.108.213.198 - - [20/Jul/2025:19:16:41 +0000] "GET /p/midst41718467?id=1734725 HTTP/1.1" 200 23182 "-" "Mozilla/5.0 (compatible; YandexBot/3.0; +http://yandex.com/bots)"
87.250.224.254 - - [20/Jul/2025:19:16:47 +0000] "GET /p/pipe82106519?id=2122777 HTTP/1.1" 200 23182 "-" "Mozilla/5.0 (compatible; YandexBot/3.0; +http://yandex.com/bots)"
213.180.203.164 - - [20/Jul/2025:19:16:48 +0000] "GET /p/cigar20133481?id=149739 HTTP/1.1" 200 23182 "-" "Mozilla/5.0 (compatible; YandexBot/3.0; +http://yandex.com/bots)"
213.180.203.48 - - [20/Jul/2025:19:16:48 +0000] "GET /p/milk62356813?id=2373071 HTTP/1.1" 200 23182 "-" "Mozilla/5.0 (compatible; YandexBot/3.0; +http://yandex.com/bots)"
87.250.224.232 - - [20/Jul/2025:19:16:48 +0000] "GET /p/mars12461640?id=2477898 HTTP/1.1" 200 23182 "-" "Mozilla/5.0 (compatible; YandexBot/3.0; +http://yandex.com/bots)"
5.255.231.112 - - [20/Jul/2025:19:16:48 +0000] "GET /p/simil82188919?id=2205177 HTTP/1.1" 200 23182 "-" "Mozilla/5.0 (compatible; YandexBot/3.0; +http://yandex.com/bots)"
5.255.231.156 - - [20/Jul/2025:19:16:48 +0000] "GET /p/bread11296928?id=1313186 HTTP/1.1" 200 23182 "-" "Mozilla/5.0 (compatible; YandexBot/3.0; +http://yandex.com/bots)"
213.180.203.66 - - [20/Jul/2025:19:16:49 +0000] "GET /p/above51776140?id=1792398 HTTP/1.1" 200 23182 "-" "Mozilla/5.0 (compatible; YandexBot/3.0; +http://yandex.com/bots)"
213.180.203.64 - - [20/Jul/2025:19:16:49 +0000] "GET /p/blend62459349?id=2475607 HTTP/1.1" 200 23182 "-" "Mozilla/5.0 (compatible; YandexBot/3.0; +http://yandex.com/bots)"
213.180.203.39 - - [20/Jul/2025:19:16:50 +0000] "GET /p/ever50033084?id=49342 HTTP/1.1" 200 23182 "-" "Mozilla/5.0 (compatible; YandexBot/3.0; +http://yandex.com/bots)"
213.180.203.114 - - [20/Jul/2025:19:16:50 +0000] "GET /p/magni12694648?id=2710906 HTTP/1.1" 200 23182 "-" "Mozilla/5.0 (compatible; YandexBot/3.0; +http://yandex.com/bots)"
213.180.203.117 - - [20/Jul/2025:19:16:51 +0000] "GET /p/sick10988992?id=1005250 HTTP/1.1" 200 23182 "-" "Mozilla/5.0 (compatible; YandexBot/3.0; +http://yandex.com/bots)"
213.180.203.14 - - [20/Jul/2025:19:16:51 +0000] "GET /p/mouse42325547?id=2341805 HTTP/1.1" 200 23182 "-" "Mozilla/5.0 (compatible; YandexBot/3.0; +http://yandex.com/bots)"
213.180.203.174 - - [20/Jul/2025:19:16:52 +0000] "GET /p/bush41893363?id=1909621 HTTP/1.1" 200 23182 "-" "Mozilla/5.0 (compatible; YandexBot/3.0; +http://yandex.com/bots)"
95.108.213.198 - - [20/Jul/2025:19:16:57 +0000] "GET /p/subma30266770?id=283028 HTTP/1.1" 200 23182 "-" "Mozilla/5.0 (compatible; YandexBot/3.0; +http://yandex.com/bots)"
87.250.224.254 - - [20/Jul/2025:19:16:57 +0000] "GET /p/landi20439137?id=455395 HTTP/1.1" 200 23182 "-" "Mozilla/5.0 (compatible; YandexBot/3.0; +http://yandex.com/bots)"
5.255.231.94 - - [20/Jul/2025:19:16:58 +0000] "GET /p/shall40937603?id=953861 HTTP/1.1" 200 23182 "-" "Mozilla/5.0 (compatible; YandexBot/3.0; +http://yandex.com/bots)"
5.255.231.156 - - [20/Jul/2025:19:16:58 +0000] "GET /recollection.php?shopdetail/255990983 HTTP/1.1" 200 - "-" "Mozilla/5.0 (compatible; YandexBot/3.0; +http://yandex.com/bots)"
213.180.203.48 - - [20/Jul/2025:19:16:58 +0000] "GET /p/swift50270332?id=286590 HTTP/1.1" 200 23182 "-" "Mozilla/5.0 (compatible; YandexBot/3.0; +http://yandex.com/bots)"
213.180.203.164 - - [20/Jul/2025:19:16:58 +0000] "GET /p/smell42121395?id=2137653 HTTP/1.1" 200 23182 "-" "Mozilla/5.0 (compatible; YandexBot/3.0; +http://yandex.com/bots)"
87.250.224.232 - - [20/Jul/2025:19:16:59 +0000] "GET /p/journ22574601?id=2590859 HTTP/1.1" 200 23182 "-" "Mozilla/5.0 (compatible; YandexBot/3.0; +http://yandex.com/bots)"
5.255.231.112 - - [20/Jul/2025:19:16:59 +0000] "GET /p/diame40938731?id=954989 HTTP/1.1" 200 23182 "-" "Mozilla/5.0 (compatible; YandexBot/3.0; +http://yandex.com/bots)"
213.180.203.66 - - [20/Jul/2025:19:17:00 +0000] "GET /recollection.php?shopdetail/218897583 HTTP/1.1" 200 - "-" "Mozilla/5.0 (compatible; YandexBot/3.0; +http://yandex.com/bots)"
213.180.203.64 - - [20/Jul/2025:19:17:01 +0000] "GET /p/punch20223281?id=239539 HTTP/1.1" 200 23182 "-" "Mozilla/5.0 (compatible; YandexBot/3.0; +http://yandex.com/bots)"
213.180.203.39 - - [20/Jul/2025:19:17:01 +0000] "GET /p/reinf41498211?id=1514469 HTTP/1.1" 200 23182 "-" "Mozilla/5.0 (compatible; YandexBot/3.0; +http://yandex.com/bots)"
213.180.203.114 - - [20/Jul/2025:19:17:02 +0000] "GET /p/recko70711702?id=727960 HTTP/1.1" 200 23182 "-" "Mozilla/5.0 (compatible; YandexBot/3.0; +http://yandex.com/bots)"
213.180.203.117 - - [20/Jul/2025:19:17:02 +0000] "GET /p/want32352842?id=2369100 HTTP/1.1" 200 23182 "-" "Mozilla/5.0 (compatible; YandexBot/3.0; +http://yandex.com/bots)"
209.74.77.214 - - [20/Jul/2025:19:17:05 +0000] "POST /wp-cron.php?doing_wp_cron=1753039025.2102360725402832031250 HTTP/1.1" 200 - "-" "WordPress/6.8.2; https://muzza.fit"
213.180.203.14 - - [20/Jul/2025:19:17:05 +0000] "GET /p/beard72741526?id=2757784 HTTP/1.1" 200 23182 "-" "Mozilla/5.0 (compatible; YandexBot/3.0; +http://yandex.com/bots)"
213.180.203.174 - - [20/Jul/2025:19:17:05 +0000] "GET /p/muse30919866?id=936124 HTTP/1.1" 200 23182 "-" "Mozilla/5.0 (compatible; YandexBot/3.0; +http://yandex.com/bots)"
5.255.231.94 - - [20/Jul/2025:19:17:05 +0000] "GET /recollection.php?shopdetail/107031383 HTTP/1.1" 200 - "-" "Mozilla/5.0 (compatible; YandexBot/3.0; +http://yandex.com/bots)"
95.108.213.198 - - [20/Jul/2025:19:17:05 +0000] "GET /p/siste11485312?id=1501570 HTTP/1.1" 200 23182 "-" "Mozilla/5.0 (compatible; YandexBot/3.0; +http://yandex.com/bots)"
5.255.231.156 - - [20/Jul/2025:19:17:06 +0000] "GET /p/baker42586347?id=2602605 HTTP/1.1" 200 23182 "-" "Mozilla/5.0 (compatible; YandexBot/3.0; +http://yandex.com/bots)"
87.250.224.254 - - [20/Jul/2025:19:17:07 +0000] "GET /p/block61573341?id=1589599 HTTP/1.1" 200 23182 "-" "Mozilla/5.0 (compatible; YandexBot/3.0; +http://yandex.com/bots)"
213.180.203.48 - - [20/Jul/2025:19:17:06 +0000] "GET /p/insur11622616?id=1638874 HTTP/1.1" 200 23182 "-" "Mozilla/5.0 (compatible; YandexBot/3.0; +http://yandex.com/bots)"
87.250.224.232 - - [20/Jul/2025:19:17:07 +0000] "GET /p/sum72875542?id=2891800 HTTP/1.1" 200 23182 "-" "Mozilla/5.0 (compatible; YandexBot/3.0; +http://yandex.com/bots)"
5.255.231.112 - - [20/Jul/2025:19:17:08 +0000] "GET /p/rope31488114?id=1504372 HTTP/1.1" 200 23182 "-" "Mozilla/5.0 (compatible; YandexBot/3.0; +http://yandex.com/bots)"
213.180.203.164 - - [20/Jul/2025:19:17:07 +0000] "GET /p/lean60923333?id=939591 HTTP/1.1" 200 23182 "-" "Mozilla/5.0 (compatible; YandexBot/3.0; +http://yandex.com/bots)"
213.180.203.66 - - [20/Jul/2025:19:17:09 +0000] "GET /recollection.php?shopdetail/56334783 HTTP/1.1" 200 - "-" "Mozilla/5.0 (compatible; YandexBot/3.0; +http://yandex.com/bots)"
213.180.203.117 - - [20/Jul/2025:19:17:14 +0000] "GET /p/crowd12357712?id=2373970 HTTP/1.1" 200 23182 "-" "Mozilla/5.0 (compatible; YandexBot/3.0; +http://yandex.com/bots)"
213.180.203.39 - - [20/Jul/2025:19:17:14 +0000] "GET /p/numb50875868?id=892126 HTTP/1.1" 200 23182 "-" "Mozilla/5.0 (compatible; YandexBot/3.0; +http://yandex.com/bots)"
213.180.203.64 - - [20/Jul/2025:19:17:14 +0000] "GET /p/bean22002553?id=2018811 HTTP/1.1" 200 23182 "-" "Mozilla/5.0 (compatible; YandexBot/3.0; +http://yandex.com/bots)"
213.180.203.114 - - [20/Jul/2025:19:17:14 +0000] "GET /p/durab70942142?id=958400 HTTP/1.1" 200 23182 "-" "Mozilla/5.0 (compatible; YandexBot/3.0; +http://yandex.com/bots)"
213.180.203.14 - - [20/Jul/2025:19:17:14 +0000] "GET /p/cruis40191771?id=208029 HTTP/1.1" 200 23182 "-" "Mozilla/5.0 (compatible; YandexBot/3.0; +http://yandex.com/bots)"
213.180.203.174 - - [20/Jul/2025:19:17:15 +0000] "GET /p/fluid50866828?id=883086 HTTP/1.1" 200 23182 "-" "Mozilla/5.0 (compatible; YandexBot/3.0; +http://yandex.com/bots)"
5.255.231.94 - - [20/Jul/2025:19:17:15 +0000] "GET /p/stere60074293?id=90551 HTTP/1.1" 200 23182 "-" "Mozilla/5.0 (compatible; YandexBot/3.0; +http://yandex.com/bots)"
95.108.213.198 - - [20/Jul/2025:19:17:16 +0000] "GET /p/ripe71143310?id=1159568 HTTP/1.1" 200 23182 "-" "Mozilla/5.0 (compatible; YandexBot/3.0; +http://yandex.com/bots)"
87.250.224.254 - - [20/Jul/2025:19:17:16 +0000] "GET /p/turke50873620?id=889878 HTTP/1.1" 200 23182 "-" "Mozilla/5.0 (compatible; YandexBot/3.0; +http://yandex.com/bots)"
5.255.231.156 - - [20/Jul/2025:19:17:17 +0000] "GET /p/vario10954728?id=970986 HTTP/1.1" 200 23182 "-" "Mozilla/5.0 (compatible; YandexBot/3.0; +http://yandex.com/bots)"
213.180.203.48 - - [20/Jul/2025:19:17:18 +0000] "GET /p/backw22406177?id=2422435 HTTP/1.1" 200 23182 "-" "Mozilla/5.0 (compatible; YandexBot/3.0; +http://yandex.com/bots)"
213.180.203.164 - - [20/Jul/2025:19:17:18 +0000] "GET /p/jaw80751495?id=767753 HTTP/1.1" 200 23182 "-" "Mozilla/5.0 (compatible; YandexBot/3.0; +http://yandex.com/bots)"
209.74.77.214 - - [20/Jul/2025:19:17:23 +0000] "POST /wp-cron.php?doing_wp_cron=1753039043.2023220062255859375000 HTTP/1.1" 200 - "-" "WordPress/6.8.2; https://muzza.fit"
213.180.203.66 - - [20/Jul/2025:19:17:23 +0000] "GET /p/was22659945?id=2676203 HTTP/1.1" 200 23182 "-" "Mozilla/5.0 (compatible; YandexBot/3.0; +http://yandex.com/bots)"
5.255.231.112 - - [20/Jul/2025:19:17:23 +0000] "GET /p/whoev61823685?id=1839943 HTTP/1.1" 200 23182 "-" "Mozilla/5.0 (compatible; YandexBot/3.0; +http://yandex.com/bots)"
213.180.203.64 - - [20/Jul/2025:19:17:24 +0000] "GET /p/readi70075030?id=91288 HTTP/1.1" 200 23182 "-" "Mozilla/5.0 (compatible; YandexBot/3.0; +http://yandex.com/bots)"
213.180.203.114 - - [20/Jul/2025:19:17:24 +0000] "GET /p/permi71109462?id=1125720 HTTP/1.1" 200 23182 "-" "Mozilla/5.0 (compatible; YandexBot/3.0; +http://yandex.com/bots)"
213.180.203.39 - - [20/Jul/2025:19:17:24 +0000] "GET /p/site61754173?id=1770431 HTTP/1.1" 200 23182 "-" "Mozilla/5.0 (compatible; YandexBot/3.0; +http://yandex.com/bots)"
213.180.203.117 - - [20/Jul/2025:19:17:24 +0000] "GET /p/thoro40650963?id=667221 HTTP/1.1" 200 23182 "-" "Mozilla/5.0 (compatible; YandexBot/3.0; +http://yandex.com/bots)"
213.180.203.14 - - [20/Jul/2025:19:17:25 +0000] "GET /p/refus61468909?id=1485167 HTTP/1.1" 200 23182 "-" "Mozilla/5.0 (compatible; YandexBot/3.0; +http://yandex.com/bots)"
87.250.224.232 - - [20/Jul/2025:19:17:25 +0000] "GET /p/visib40082331?id=98589 HTTP/1.1" 200 23182 "-" "Mozilla/5.0 (compatible; YandexBot/3.0; +http://yandex.com/bots)"
213.180.203.174 - - [20/Jul/2025:19:17:26 +0000] "GET /p/confo52454236?id=2470494 HTTP/1.1" 200 23182 "-" "Mozilla/5.0 (compatible; YandexBot/3.0; +http://yandex.com/bots)"
5.255.231.94 - - [20/Jul/2025:19:17:26 +0000] "GET /p/forgi80579175?id=595433 HTTP/1.1" 200 23182 "-" "Mozilla/5.0 (compatible; YandexBot/3.0; +http://yandex.com/bots)"
87.250.224.254 - - [20/Jul/2025:19:17:27 +0000] "GET /p/fever30596954?id=613212 HTTP/1.1" 200 23182 "-" "Mozilla/5.0 (compatible; YandexBot/3.0; +http://yandex.com/bots)"
95.108.213.198 - - [20/Jul/2025:19:17:27 +0000] "GET /p/bush42169363?id=2185621 HTTP/1.1" 200 23182 "-" "Mozilla/5.0 (compatible; YandexBot/3.0; +http://yandex.com/bots)"
5.255.231.156 - - [20/Jul/2025:19:17:27 +0000] "GET /p/foul50831972?id=848230 HTTP/1.1" 200 23182 "-" "Mozilla/5.0 (compatible; YandexBot/3.0; +http://yandex.com/bots)"
213.180.203.48 - - [20/Jul/2025:19:17:28 +0000] "GET /p/kick12732600?id=2748858 HTTP/1.1" 200 23182 "-" "Mozilla/5.0 (compatible; YandexBot/3.0; +http://yandex.com/bots)"
213.180.203.164 - - [20/Jul/2025:19:17:28 +0000] "GET /p/succe20228321?id=244579 HTTP/1.1" 200 23182 "-" "Mozilla/5.0 (compatible; YandexBot/3.0; +http://yandex.com/bots)"
5.255.231.112 - - [20/Jul/2025:19:17:29 +0000] "GET /p/muse31351866?id=1368124 HTTP/1.1" 200 23182 "-" "Mozilla/5.0 (compatible; YandexBot/3.0; +http://yandex.com/bots)"
87.250.224.232 - - [20/Jul/2025:19:17:30 +0000] "GET /p/rusia61508133?id=1524391 HTTP/1.1" 200 23182 "-" "Mozilla/5.0 (compatible; YandexBot/3.0; +http://yandex.com/bots)"
213.180.203.66 - - [20/Jul/2025:19:17:30 +0000] "GET /p/norm71411870?id=1428128 HTTP/1.1" 200 23182 "-" "Mozilla/5.0 (compatible; YandexBot/3.0; +http://yandex.com/bots)"
213.180.203.64 - - [20/Jul/2025:19:17:31 +0000] "GET /p/copy21140617?id=1156875 HTTP/1.1" 200 23182 "-" "Mozilla/5.0 (compatible; YandexBot/3.0; +http://yandex.com/bots)"
213.180.203.39 - - [20/Jul/2025:19:17:31 +0000] "GET /p/cave31035330?id=1051588 HTTP/1.1" 200 23182 "-" "Mozilla/5.0 (compatible; YandexBot/3.0; +http://yandex.com/bots)"
213.180.203.114 - - [20/Jul/2025:19:17:44 +0000] "GET /p/gray50498836?id=515094 HTTP/1.1" 200 23182 "-" "Mozilla/5.0 (compatible; YandexBot/3.0; +http://yandex.com/bots)"
213.180.203.14 - - [20/Jul/2025:19:17:44 +0000] "GET /p/child51333332?id=1349590 HTTP/1.1" 200 23182 "-" "Mozilla/5.0 (compatible; YandexBot/3.0; +http://yandex.com/bots)"
213.180.203.117 - - [20/Jul/2025:19:17:44 +0000] "GET /p/mine82720295?id=2736553 HTTP/1.1" 200 23182 "-" "Mozilla/5.0 (compatible; YandexBot/3.0; +http://yandex.com/bots)"
5.255.231.94 - - [20/Jul/2025:19:17:45 +0000] "GET /p/block62493341?id=2509599 HTTP/1.1" 200 23182 "-" "Mozilla/5.0 (compatible; YandexBot/3.0; +http://yandex.com/bots)"
95.108.213.198 - - [20/Jul/2025:19:17:45 +0000] "GET /p/legal52954284?id=2970542 HTTP/1.1" 200 23182 "-" "Mozilla/5.0 (compatible; YandexBot/3.0; +http://yandex.com/bots)"
213.180.203.174 - - [20/Jul/2025:19:17:45 +0000] "GET /p/lord60079317?id=95575 HTTP/1.1" 200 23182 "-" "Mozilla/5.0 (compatible; YandexBot/3.0; +http://yandex.com/bots)"
87.250.224.254 - - [20/Jul/2025:19:17:45 +0000] "GET /p/outdo82797503?id=2813761 HTTP/1.1" 200 23182 "-" "Mozilla/5.0 (compatible; YandexBot/3.0; +http://yandex.com/bots)"
5.255.231.156 - - [20/Jul/2025:19:17:46 +0000] "GET /p/alrig82933343?id=2949601 HTTP/1.1" 200 23182 "-" "Mozilla/5.0 (compatible; YandexBot/3.0; +http://yandex.com/bots)"
213.180.203.48 - - [20/Jul/2025:19:17:46 +0000] "GET /p/sunse20231657?id=247915 HTTP/1.1" 200 23182 "-" "Mozilla/5.0 (compatible; YandexBot/3.0; +http://yandex.com/bots)"
213.180.203.164 - - [20/Jul/2025:19:17:47 +0000] "GET /p/gasol41807155?id=1823413 HTTP/1.1" 200 23182 "-" "Mozilla/5.0 (compatible; YandexBot/3.0; +http://yandex.com/bots)"
5.255.231.112 - - [20/Jul/2025:19:17:47 +0000] "GET /p/clue61006069?id=1022327 HTTP/1.1" 200 23182 "-" "Mozilla/5.0 (compatible; YandexBot/3.0; +http://yandex.com/bots)"
87.250.224.232 - - [20/Jul/2025:19:17:48 +0000] "GET /p/and81652951?id=1669209 HTTP/1.1" 200 23182 "-" "Mozilla/5.0 (compatible; YandexBot/3.0; +http://yandex.com/bots)"
213.180.203.66 - - [20/Jul/2025:19:17:48 +0000] "GET /p/disab12705624?id=2721882 HTTP/1.1" 200 23182 "-" "Mozilla/5.0 (compatible; YandexBot/3.0; +http://yandex.com/bots)"
213.180.203.64 - - [20/Jul/2025:19:17:49 +0000] "GET /p/docto31284290?id=1300548 HTTP/1.1" 200 23182 "-" "Mozilla/5.0 (compatible; YandexBot/3.0; +http://yandex.com/bots)"
213.180.203.39 - - [20/Jul/2025:19:17:49 +0000] "GET /p/act71408350?id=1424608 HTTP/1.1" 200 23182 "-" "Mozilla/5.0 (compatible; YandexBot/3.0; +http://yandex.com/bots)"
213.180.203.117 - - [20/Jul/2025:19:18:01 +0000] "GET /p/court22301441?id=2317699 HTTP/1.1" 200 23182 "-" "Mozilla/5.0 (compatible; YandexBot/3.0; +http://yandex.com/bots)"
213.180.203.174 - - [20/Jul/2025:19:18:01 +0000] "GET /p/level61888573?id=1904831 HTTP/1.1" 200 23182 "-" "Mozilla/5.0 (compatible; YandexBot/3.0; +http://yandex.com/bots)"
213.180.203.114 - - [20/Jul/2025:19:18:01 +0000] "GET /p/open41341027?id=1357285 HTTP/1.1" 200 23182 "-" "Mozilla/5.0 (compatible; YandexBot/3.0; +http://yandex.com/bots)"
213.180.203.14 - - [20/Jul/2025:19:18:01 +0000] "GET /p/simil80816919?id=833177 HTTP/1.1" 200 23182 "-" "Mozilla/5.0 (compatible; YandexBot/3.0; +http://yandex.com/bots)"
5.255.231.94 - - [20/Jul/2025:19:18:01 +0000] "GET /p/surpl51807676?id=1823934 HTTP/1.1" 200 23182 "-" "Mozilla/5.0 (compatible; YandexBot/3.0; +http://yandex.com/bots)"
95.108.213.198 - - [20/Jul/2025:19:18:02 +0000] "GET /p/casse60247445?id=263703 HTTP/1.1" 200 23182 "-" "Mozilla/5.0 (compatible; YandexBot/3.0; +http://yandex.com/bots)"
87.250.224.254 - - [20/Jul/2025:19:18:02 +0000] "GET /p/sea81240759?id=1257017 HTTP/1.1" 200 23182 "-" "Mozilla/5.0 (compatible; YandexBot/3.0; +http://yandex.com/bots)"
5.255.231.156 - - [20/Jul/2025:19:18:03 +0000] "GET /p/opera81948871?id=1965129 HTTP/1.1" 200 23182 "-" "Mozilla/5.0 (compatible; YandexBot/3.0; +http://yandex.com/bots)"
213.180.203.48 - - [20/Jul/2025:19:18:03 +0000] "GET /p/turke51437620?id=1453878 HTTP/1.1" 200 23182 "-" "Mozilla/5.0 (compatible; YandexBot/3.0; +http://yandex.com/bots)"
209.74.77.214 - - [20/Jul/2025:19:18:04 +0000] "POST /wp-cron.php?doing_wp_cron=1753039084.2725229263305664062500 HTTP/1.1" 200 - "-" "WordPress/6.8.2; https://muzza.fit"
213.180.203.164 - - [20/Jul/2025:19:18:04 +0000] "GET /p/umbre82108271?id=2124529 HTTP/1.1" 200 23182 "-" "Mozilla/5.0 (compatible; YandexBot/3.0; +http://yandex.com/bots)"
5.255.231.112 - - [20/Jul/2025:19:18:04 +0000] "GET /p/truly30839762?id=856020 HTTP/1.1" 200 23182 "-" "Mozilla/5.0 (compatible; YandexBot/3.0; +http://yandex.com/bots)"
87.250.224.232 - - [20/Jul/2025:19:18:05 +0000] "GET /recollection.php?shopdetail/8355583 HTTP/1.1" 200 - "-" "Mozilla/5.0 (compatible; YandexBot/3.0; +http://yandex.com/bots)"
213.180.203.66 - - [20/Jul/2025:19:18:05 +0000] "GET /p/respo50006188?id=22446 HTTP/1.1" 200 23182 "-" "Mozilla/5.0 (compatible; YandexBot/3.0; +http://yandex.com/bots)"
213.180.203.64 - - [20/Jul/2025:19:18:06 +0000] "GET /p/moist20083153?id=99411 HTTP/1.1" 200 23182 "-" "Mozilla/5.0 (compatible; YandexBot/3.0; +http://yandex.com/bots)"
213.180.203.39 - - [20/Jul/2025:19:18:06 +0000] "GET /p/obsta60429821?id=446079 HTTP/1.1" 200 23182 "-" "Mozilla/5.0 (compatible; YandexBot/3.0; +http://yandex.com/bots)"
213.180.203.114 - - [20/Jul/2025:19:18:07 +0000] "GET /p/core72658534?id=2674792 HTTP/1.1" 200 23182 "-" "Mozilla/5.0 (compatible; YandexBot/3.0; +http://yandex.com/bots)"
213.180.203.117 - - [20/Jul/2025:19:18:07 +0000] "GET /p/signi60406381?id=422639 HTTP/1.1" 200 23182 "-" "Mozilla/5.0 (compatible; YandexBot/3.0; +http://yandex.com/bots)"
213.180.203.14 - - [20/Jul/2025:19:18:08 +0000] "GET /p/sacri82190727?id=2206985 HTTP/1.1" 200 23182 "-" "Mozilla/5.0 (compatible; YandexBot/3.0; +http://yandex.com/bots)"
213.180.203.174 - - [20/Jul/2025:19:18:09 +0000] "GET /p/cure41907099?id=1923357 HTTP/1.1" 200 23182 "-" "Mozilla/5.0 (compatible; YandexBot/3.0; +http://yandex.com/bots)"
5.255.231.94 - - [20/Jul/2025:19:18:09 +0000] "GET /p/drown60151549?id=167807 HTTP/1.1" 200 23182 "-" "Mozilla/5.0 (compatible; YandexBot/3.0; +http://yandex.com/bots)"
95.108.213.198 - - [20/Jul/2025:19:18:10 +0000] "GET /p/both12080888?id=2097146 HTTP/1.1" 200 23182 "-" "Mozilla/5.0 (compatible; YandexBot/3.0; +http://yandex.com/bots)"
5.255.231.156 - - [20/Jul/2025:19:18:17 +0000] "GET /p/chap41990403?id=2006661 HTTP/1.1" 200 23182 "-" "Mozilla/5.0 (compatible; YandexBot/3.0; +http://yandex.com/bots)"
87.250.224.254 - - [20/Jul/2025:19:18:17 +0000] "GET /p/avid50179820?id=196078 HTTP/1.1" 200 23182 "-" "Mozilla/5.0 (compatible; YandexBot/3.0; +http://yandex.com/bots)"
213.180.203.164 - - [20/Jul/2025:19:18:17 +0000] "GET /p/detec21721873?id=1738131 HTTP/1.1" 200 23182 "-" "Mozilla/5.0 (compatible; YandexBot/3.0; +http://yandex.com/bots)"
213.180.203.48 - - [20/Jul/2025:19:18:17 +0000] "GET /p/where12300136?id=2316394 HTTP/1.1" 200 23182 "-" "Mozilla/5.0 (compatible; YandexBot/3.0; +http://yandex.com/bots)"
5.255.231.112 - - [20/Jul/2025:19:18:18 +0000] "GET /p/flexi22154057?id=2170315 HTTP/1.1" 200 23182 "-" "Mozilla/5.0 (compatible; YandexBot/3.0; +http://yandex.com/bots)"
87.250.224.232 - - [20/Jul/2025:19:18:18 +0000] "GET /p/backw22694177?id=2710435 HTTP/1.1" 200 23182 "-" "Mozilla/5.0 (compatible; YandexBot/3.0; +http://yandex.com/bots)"
213.180.203.66 - - [20/Jul/2025:19:18:18 +0000] "GET /p/spark61554749?id=1571007 HTTP/1.1" 200 23182 "-" "Mozilla/5.0 (compatible; YandexBot/3.0; +http://yandex.com/bots)"
213.180.203.64 - - [20/Jul/2025:19:18:19 +0000] "GET /p/yard11385160?id=1401418 HTTP/1.1" 200 23182 "-" "Mozilla/5.0 (compatible; YandexBot/3.0; +http://yandex.com/bots)"
213.180.203.39 - - [20/Jul/2025:19:18:19 +0000] "GET /p/audie10767200?id=783458 HTTP/1.1" 200 23182 "-" "Mozilla/5.0 (compatible; YandexBot/3.0; +http://yandex.com/bots)"
213.180.203.114 - - [20/Jul/2025:19:18:20 +0000] "GET /p/means22994161?id=3010419 HTTP/1.1" 200 23182 "-" "Mozilla/5.0 (compatible; YandexBot/3.0; +http://yandex.com/bots)"
213.180.203.117 - - [20/Jul/2025:19:18:20 +0000] "GET /p/to21193033?id=1209291 HTTP/1.1" 200 23182 "-" "Mozilla/5.0 (compatible; YandexBot/3.0; +http://yandex.com/bots)"
213.180.203.14 - - [20/Jul/2025:19:18:21 +0000] "GET /p/confo52934236?id=2950494 HTTP/1.1" 200 23182 "-" "Mozilla/5.0 (compatible; YandexBot/3.0; +http://yandex.com/bots)"
213.180.203.174 - - [20/Jul/2025:19:18:21 +0000] "GET /p/rabbi21344057?id=1360315 HTTP/1.1" 200 23182 "-" "Mozilla/5.0 (compatible; YandexBot/3.0; +http://yandex.com/bots)"
5.255.231.94 - - [20/Jul/2025:19:18:22 +0000] "GET /p/econo82494775?id=2511033 HTTP/1.1" 200 23182 "-" "Mozilla/5.0 (compatible; YandexBot/3.0; +http://yandex.com/bots)"
95.108.213.198 - - [20/Jul/2025:19:18:22 +0000] "GET /p/pecul71334974?id=1351232 HTTP/1.1" 200 23182 "-" "Mozilla/5.0 (compatible; YandexBot/3.0; +http://yandex.com/bots)"
209.74.77.214 - - [20/Jul/2025:19:18:23 +0000] "POST /wp-cron.php?doing_wp_cron=1753039103.2994680404663085937500 HTTP/1.1" 200 - "-" "WordPress/6.8.2; https://muzza.fit"
87.250.224.254 - - [20/Jul/2025:19:18:23 +0000] "GET /p/curb62066109?id=2082367 HTTP/1.1" 200 23182 "-" "Mozilla/5.0 (compatible; YandexBot/3.0; +http://yandex.com/bots)"
5.255.231.156 - - [20/Jul/2025:19:18:23 +0000] "GET /p/exhib82929367?id=2945625 HTTP/1.1" 200 23182 "-" "Mozilla/5.0 (compatible; YandexBot/3.0; +http://yandex.com/bots)"
213.180.203.48 - - [20/Jul/2025:19:18:24 +0000] "GET /p/shock82317439?id=2333697 HTTP/1.1" 200 23182 "-" "Mozilla/5.0 (compatible; YandexBot/3.0; +http://yandex.com/bots)"
213.180.203.164 - - [20/Jul/2025:19:18:25 +0000] "GET /p/chine40548267?id=564525 HTTP/1.1" 200 23182 "-" "Mozilla/5.0 (compatible; YandexBot/3.0; +http://yandex.com/bots)"
5.255.231.112 - - [20/Jul/2025:19:18:25 +0000] "GET /p/walle61249421?id=1265679 HTTP/1.1" 200 23182 "-" "Mozilla/5.0 (compatible; YandexBot/3.0; +http://yandex.com/bots)"
87.250.224.232 - - [20/Jul/2025:19:18:27 +0000] "GET /p/downl41305827?id=1322085 HTTP/1.1" 200 23182 "-" "Mozilla/5.0 (compatible; YandexBot/3.0; +http://yandex.com/bots)"
213.180.203.39 - - [20/Jul/2025:19:18:34 +0000] "GET /p/down61500789?id=1517047 HTTP/1.1" 200 23182 "-" "Mozilla/5.0 (compatible; YandexBot/3.0; +http://yandex.com/bots)"
213.180.203.64 - - [20/Jul/2025:19:18:34 +0000] "GET /p/banne81558591?id=1574849 HTTP/1.1" 200 23182 "-" "Mozilla/5.0 (compatible; YandexBot/3.0; +http://yandex.com/bots)"
213.180.203.66 - - [20/Jul/2025:19:18:34 +0000] "GET /p/patte10298096?id=314354 HTTP/1.1" 200 23182 "-" "Mozilla/5.0 (compatible; YandexBot/3.0; +http://yandex.com/bots)"
213.180.203.114 - - [20/Jul/2025:19:18:34 +0000] "GET /p/murde80484343?id=500601 HTTP/1.1" 200 23182 "-" "Mozilla/5.0 (compatible; YandexBot/3.0; +http://yandex.com/bots)"
213.180.203.117 - - [20/Jul/2025:19:18:34 +0000] "GET /p/flesh41318667?id=1334925 HTTP/1.1" 200 23182 "-" "Mozilla/5.0 (compatible; YandexBot/3.0; +http://yandex.com/bots)"
213.180.203.14 - - [20/Jul/2025:19:18:35 +0000] "GET /p/lit11219936?id=1236194 HTTP/1.1" 200 23182 "-" "Mozilla/5.0 (compatible; YandexBot/3.0; +http://yandex.com/bots)"
213.180.203.174 - - [20/Jul/2025:19:18:35 +0000] "GET /p/edge72508150?id=2524408 HTTP/1.1" 200 23182 "-" "Mozilla/5.0 (compatible; YandexBot/3.0; +http://yandex.com/bots)"
5.255.231.94 - - [20/Jul/2025:19:18:36 +0000] "GET /p/uncov61410893?id=1427151 HTTP/1.1" 200 23182 "-" "Mozilla/5.0 (compatible; YandexBot/3.0; +http://yandex.com/bots)"
95.108.213.198 - - [20/Jul/2025:19:18:36 +0000] "GET /recollection.php?shopdetail/204250083 HTTP/1.1" 200 - "-" "Mozilla/5.0 (compatible; YandexBot/3.0; +http://yandex.com/bots)"
87.250.224.254 - - [20/Jul/2025:19:18:37 +0000] "GET /p/marry71220726?id=1236984 HTTP/1.1" 200 23182 "-" "Mozilla/5.0 (compatible; YandexBot/3.0; +http://yandex.com/bots)"
5.255.231.156 - - [20/Jul/2025:19:18:37 +0000] "GET /p/liabi72650334?id=2666592 HTTP/1.1" 200 23182 "-" "Mozilla/5.0 (compatible; YandexBot/3.0; +http://yandex.com/bots)"
213.180.203.48 - - [20/Jul/2025:19:18:38 +0000] "GET /p/layou32915410?id=2931668 HTTP/1.1" 200 23182 "-" "Mozilla/5.0 (compatible; YandexBot/3.0; +http://yandex.com/bots)"
213.180.203.164 - - [20/Jul/2025:19:18:38 +0000] "GET /p/own52429100?id=2445358 HTTP/1.1" 200 23182 "-" "Mozilla/5.0 (compatible; YandexBot/3.0; +http://yandex.com/bots)"
5.255.231.112 - - [20/Jul/2025:19:18:39 +0000] "GET /p/sheer10659776?id=676034 HTTP/1.1" 200 23182 "-" "Mozilla/5.0 (compatible; YandexBot/3.0; +http://yandex.com/bots)"
87.250.224.232 - - [20/Jul/2025:19:18:39 +0000] "GET /p/lane12082464?id=2098722 HTTP/1.1" 200 23182 "-" "Mozilla/5.0 (compatible; YandexBot/3.0; +http://yandex.com/bots)"
213.180.203.66 - - [20/Jul/2025:19:18:40 +0000] "GET /p/insec80925599?id=941857 HTTP/1.1" 200 23182 "-" "Mozilla/5.0 (compatible; YandexBot/3.0; +http://yandex.com/bots)"
213.180.203.64 - - [20/Jul/2025:19:18:51 +0000] "GET /p/map51484012?id=1500270 HTTP/1.1" 200 23182 "-" "Mozilla/5.0 (compatible; YandexBot/3.0; +http://yandex.com/bots)"
213.180.203.117 - - [20/Jul/2025:19:18:51 +0000] "GET /p/make52549500?id=2565758 HTTP/1.1" 200 23182 "-" "Mozilla/5.0 (compatible; YandexBot/3.0; +http://yandex.com/bots)"
213.180.203.114 - - [20/Jul/2025:19:18:51 +0000] "GET /p/shun60583893?id=600151 HTTP/1.1" 200 23182 "-" "Mozilla/5.0 (compatible; YandexBot/3.0; +http://yandex.com/bots)"
213.180.203.14 - - [20/Jul/2025:19:18:51 +0000] "GET /p/viola31601930?id=1618188 HTTP/1.1" 200 23182 "-" "Mozilla/5.0 (compatible; YandexBot/3.0; +http://yandex.com/bots)"
213.180.203.39 - - [20/Jul/2025:19:18:51 +0000] "GET /p/wily40855907?id=872165 HTTP/1.1" 200 23182 "-" "Mozilla/5.0 (compatible; YandexBot/3.0; +http://yandex.com/bots)"
213.180.203.174 - - [20/Jul/2025:19:18:52 +0000] "GET /p/conju72033350?id=2049608 HTTP/1.1" 200 23182 "-" "Mozilla/5.0 (compatible; YandexBot/3.0; +http://yandex.com/bots)"
5.255.231.94 - - [20/Jul/2025:19:18:52 +0000] "GET /p/kilo50184180?id=200438 HTTP/1.1" 200 23182 "-" "Mozilla/5.0 (compatible; YandexBot/3.0; +http://yandex.com/bots)"
95.108.213.198 - - [20/Jul/2025:19:18:53 +0000] "GET /p/carry51924388?id=1940646 HTTP/1.1" 200 23182 "-" "Mozilla/5.0 (compatible; YandexBot/3.0; +http://yandex.com/bots)"
87.250.224.254 - - [20/Jul/2025:19:18:53 +0000] "GET /p/deduc50947524?id=963782 HTTP/1.1" 200 23182 "-" "Mozilla/5.0 (compatible; YandexBot/3.0; +http://yandex.com/bots)"
5.255.231.156 - - [20/Jul/2025:19:18:54 +0000] "GET /p/idea20040985?id=57243 HTTP/1.1" 200 23182 "-" "Mozilla/5.0 (compatible; YandexBot/3.0; +http://yandex.com/bots)"
213.180.203.48 - - [20/Jul/2025:19:18:54 +0000] "GET /p/botto40665067?id=681325 HTTP/1.1" 200 23182 "-" "Mozilla/5.0 (compatible; YandexBot/3.0; +http://yandex.com/bots)"
213.180.203.164 - - [20/Jul/2025:19:18:55 +0000] "GET /p/accur82057999?id=2074257 HTTP/1.1" 200 23182 "-" "Mozilla/5.0 (compatible; YandexBot/3.0; +http://yandex.com/bots)"
5.255.231.112 - - [20/Jul/2025:19:18:55 +0000] "GET /recollection.php?shopdetail/80773183 HTTP/1.1" 200 - "-" "Mozilla/5.0 (compatible; YandexBot/3.0; +http://yandex.com/bots)"
87.250.224.232 - - [20/Jul/2025:19:18:56 +0000] "GET /recollection.php?shopdetail/188578483 HTTP/1.1" 200 - "-" "Mozilla/5.0 (compatible; YandexBot/3.0; +http://yandex.com/bots)"
213.180.203.66 - - [20/Jul/2025:19:18:56 +0000] "GET /p/fluid52266828?id=2283086 HTTP/1.1" 200 23182 "-" "Mozilla/5.0 (compatible; YandexBot/3.0; +http://yandex.com/bots)"
213.180.203.64 - - [20/Jul/2025:19:18:57 +0000] "GET /p/alert81194031?id=1210289 HTTP/1.1" 200 23182 "-" "Mozilla/5.0 (compatible; YandexBot/3.0; +http://yandex.com/bots)"
213.180.203.39 - - [20/Jul/2025:19:18:57 +0000] "GET /p/piano20249297?id=265555 HTTP/1.1" 200 23182 "-" "Mozilla/5.0 (compatible; YandexBot/3.0; +http://yandex.com/bots)"
213.180.203.114 - - [20/Jul/2025:19:18:58 +0000] "GET /p/subdi22321937?id=2338195 HTTP/1.1" 200 23182 "-" "Mozilla/5.0 (compatible; YandexBot/3.0; +http://yandex.com/bots)"
213.180.203.117 - - [20/Jul/2025:19:18:59 +0000] "GET /recollection.php?shopdetail/18656883 HTTP/1.1" 200 - "-" "Mozilla/5.0 (compatible; YandexBot/3.0; +http://yandex.com/bots)"
