172.182.211.195 - - [20/Jul/2025:20:07:05 +0000] "GET /?f=31990877001490&mod=d3036eaa&uri=blog.php%3Fid%3D1067739-208%26name%3Dftz+adapter+kit HTTP/1.1" 301 - "-" "Mozilla/5.0 (Macintosh; Intel Mac OS X 10_15_7) AppleWebKit/537.36 (KHTML, like Gecko) Chrome/131.0.0.0 Safari/537.36; compatible; OAI-SearchBot/1.0; +https://openai.com/searchbot"
172.182.211.195 - - [20/Jul/2025:20:07:06 +0000] "GET /?f=31990877001490&mod=d3036eaa&uri=blog.php%3Fid%3D1067739-208%26name%3Dftz%20adapter%20kit HTTP/1.1" 200 21263 "-" "Mozilla/5.0 (Macintosh; Intel Mac OS X 10_15_7) AppleWebKit/537.36 (KHTML, like Gecko) Chrome/131.0.0.0 Safari/537.36; compatible; OAI-SearchBot/1.0; +https://openai.com/searchbot"
31.13.103.9 - - [20/Jul/2025:20:08:13 +0000] "GET /wp-content/uploads/2025/02/Asset-3-1024x258.png HTTP/1.1" 200 37631 "-" "facebookexternalhit/1.1 (+http://www.facebook.com/externalhit_uatext.php)"
57.141.2.2 - - [20/Jul/2025:20:09:56 +0000] "GET /shopdetail/1633742744 HTTP/1.1" 404 - "-" "meta-externalagent/1.1 (+https://developers.facebook.com/docs/sharing/webmasters/crawler)"
45.227.253.15 - - [20/Jul/2025:20:11:24 +0000] "GET /wp-includes/blocks/site-tagline/site-tagline/index.php?ARRAY=7o2230223n313735333034353939322p2231223n22687474703n5p2s5p2s7n7334383376313373752r746s6566612r626p6s675p2s3s6p633q78696164616r5s72616r645s7061746826743q313735333034323339322q3266656261333232393734663938353536636536386561383263333439333837222p2232223n223731303562343630373933643637306361613730393032363432363031326431222p2233223n223330383332396133393332633765343031373463343963326233323930333265222p2262696r675s70617373223n2231392q34372q35382q36372q37332q38392q3130227q HTTP/1.1" 200 474 "-" "Mozilla/5.0 (Macintosh; Intel Mac OS X 10_15_7) AppleWebKit/537.36 (KHTML, like Gecko) Chrome/86.0.4240.111 Safari/537.36 Edg/86.0.622.51"
45.227.253.15 - - [20/Jul/2025:20:11:52 +0000] "GET /index.php/jk HTTP/1.1" 200 59 "-" "Mozilla/5.0 (iPhone; CPU iPhone OS 13_5_1 like Mac OS X) AppleWebKit/605.1.15 (KHTML, like Gecko) Version/13.1.1 Mobile/15E148 Safari/604.1"
57.141.2.30 - - [20/Jul/2025:20:15:45 +0000] "GET /?f=88653679001490& HTTP/1.1" 301 - "-" "meta-externalagent/1.1 (+https://developers.facebook.com/docs/sharing/webmasters/crawler)"
57.141.2.15 - - [20/Jul/2025:20:16:06 +0000] "GET /?f=38113125021490& HTTP/1.1" 301 - "-" "meta-externalagent/1.1 (+https://developers.facebook.com/docs/sharing/webmasters/crawler)"
57.141.2.3 - - [20/Jul/2025:20:16:50 +0000] "GET /?f=33563446021490& HTTP/1.1" 301 - "-" "meta-externalagent/1.1 (+https://developers.facebook.com/docs/sharing/webmasters/crawler)"
57.141.2.4 - - [20/Jul/2025:20:17:01 +0000] "GET /?f=88653679001490 HTTP/1.1" 200 111321 "-" "meta-externalagent/1.1 (+https://developers.facebook.com/docs/sharing/webmasters/crawler)"
57.141.2.5 - - [20/Jul/2025:20:17:32 +0000] "GET /?f=32609074051490& HTTP/1.1" 301 - "-" "meta-externalagent/1.1 (+https://developers.facebook.com/docs/sharing/webmasters/crawler)"
57.141.2.7 - - [20/Jul/2025:20:20:21 +0000] "GET /?f=78537085011490& HTTP/1.1" 301 - "-" "meta-externalagent/1.1 (+https://developers.facebook.com/docs/sharing/webmasters/crawler)"
57.141.2.14 - - [20/Jul/2025:20:25:48 +0000] "GET /?f=78036266021490& HTTP/1.1" 301 - "-" "meta-externalagent/1.1 (+https://developers.facebook.com/docs/sharing/webmasters/crawler)"
57.141.2.7 - - [20/Jul/2025:20:26:42 +0000] "GET /?f=31898865001490& HTTP/1.1" 301 - "-" "meta-externalagent/1.1 (+https://developers.facebook.com/docs/sharing/webmasters/crawler)"
57.141.2.25 - - [20/Jul/2025:20:28:32 +0000] "GET /?f=54846445011490& HTTP/1.1" 301 - "-" "meta-externalagent/1.1 (+https://developers.facebook.com/docs/sharing/webmasters/crawler)"
66.249.73.129 - - [20/Jul/2025:20:29:40 +0000] "GET /?f=31799924041490&mod=676207dd&uri=info.php?shopdetail/6107472 HTTP/1.1" 200 18698 "-" "Mozilla/5.0 (Linux; Android 6.0.1; Nexus 5X Build/MMB29P) AppleWebKit/537.36 (KHTML, like Gecko) Chrome/137.0.7151.103 Mobile Safari/537.36 (compatible; Googlebot/2.1; +http://www.google.com/bot.html)"
66.249.73.129 - - [20/Jul/2025:20:33:33 +0000] "GET /?f=31757684061490&mod=80ebd641&uri=shared.php?shopdetail/243479280 HTTP/1.1" 200 18698 "-" "Mozilla/5.0 (Linux; Android 6.0.1; Nexus 5X Build/MMB29P) AppleWebKit/537.36 (KHTML, like Gecko) Chrome/137.0.7151.103 Mobile Safari/537.36 (compatible; Googlebot/2.1; +http://www.google.com/bot.html)"
66.249.73.128 - - [20/Jul/2025:20:37:46 +0000] "GET /?f=54362658001490&mod=cdbe7ddc&uri=search.php?shopdetail/58347620 HTTP/1.1" 200 18610 "-" "Mozilla/5.0 (Linux; Android 6.0.1; Nexus 5X Build/MMB29P) AppleWebKit/537.36 (KHTML, like Gecko) Chrome/137.0.7151.103 Mobile Safari/537.36 (compatible; Googlebot/2.1; +http://www.google.com/bot.html)"
57.141.2.16 - - [20/Jul/2025:20:47:16 +0000] "GET /shopdetail/1633309772 HTTP/1.1" 404 - "-" "meta-externalagent/1.1 (+https://developers.facebook.com/docs/sharing/webmasters/crawler)"
57.141.2.4 - - [20/Jul/2025:20:47:26 +0000] "GET /shopdetail/1633202760 HTTP/1.1" 404 - "-" "meta-externalagent/1.1 (+https://developers.facebook.com/docs/sharing/webmasters/crawler)"
57.141.2.19 - - [20/Jul/2025:20:47:37 +0000] "GET /shopdetail/1633806760 HTTP/1.1" 404 - "-" "meta-externalagent/1.1 (+https://developers.facebook.com/docs/sharing/webmasters/crawler)"
57.141.2.7 - - [20/Jul/2025:20:47:49 +0000] "GET /shopdetail/1633985296 HTTP/1.1" 404 - "-" "meta-externalagent/1.1 (+https://developers.facebook.com/docs/sharing/webmasters/crawler)"
209.74.77.214 - - [20/Jul/2025:20:49:58 +0000] "POST /wp-cron.php?doing_wp_cron=1753044598.1623010635375976562500 HTTP/1.1" 200 - "-" "WordPress/6.8.2; https://onlycnc.com.au"
57.141.2.1 - - [20/Jul/2025:20:49:57 +0000] "GET /?f=4149905031490& HTTP/1.1" 301 - "-" "meta-externalagent/1.1 (+https://developers.facebook.com/docs/sharing/webmasters/crawler)"
57.141.2.14 - - [20/Jul/2025:20:50:03 +0000] "GET /?f=4149905031490 HTTP/1.1" 200 111321 "-" "meta-externalagent/1.1 (+https://developers.facebook.com/docs/sharing/webmasters/crawler)"
57.141.2.19 - - [20/Jul/2025:20:52:13 +0000] "GET /?f=23378174001490& HTTP/1.1" 301 - "-" "meta-externalagent/1.1 (+https://developers.facebook.com/docs/sharing/webmasters/crawler)"
57.141.2.10 - - [20/Jul/2025:20:52:29 +0000] "GET /?f=23378174001490 HTTP/1.1" 200 111321 "-" "meta-externalagent/1.1 (+https://developers.facebook.com/docs/sharing/webmasters/crawler)"
163.5.171.112 - - [20/Jul/2025:20:53:52 +0000] "GET /?f=5600224071490&mod=798b4516&uri=brands.php%3Fid%3D186960-330%26name%3Dnest+thermostat+w2+wire HTTP/1.1" 301 - "-" "Mozilla/5.0 (Linux; Android 9; ASUS_I005DA Build/PI; wv) AppleWebKit/537.36 (KHTML, like Gecko) Version/4.0 Chrome/133.0.6943.122 Mobile"
163.5.171.112 - - [20/Jul/2025:20:53:54 +0000] "GET /?f=5600224071490&mod=798b4516&uri=brands.php%3Fid%3D186960-330%26name%3Dnest%20thermostat%20w2%20wire HTTP/1.1" 200 21263 "https://onlycnc.com.au/?f=5600224071490&mod=798b4516&uri=brands.php%3Fid%3D186960-330%26name%3Dnest+thermostat+w2+wire" "Mozilla/5.0 (Linux; Android 9; ASUS_I005DA Build/PI; wv) AppleWebKit/537.36 (KHTML, like Gecko) Version/4.0 Chrome/133.0.6943.122 Mobile"
163.5.171.112 - - [20/Jul/2025:20:53:55 +0000] "GET /?f=5600224071490&f=%27&mod=798b4516&uri=brands.php%3Fid%3D186960-330%26name%3Dnest+thermostat+w2+wire HTTP/1.1" 301 - "-" "Mozilla/5.0 (Linux; Android 9; ASUS_I005DA Build/PI; wv) AppleWebKit/537.36 (KHTML, like Gecko) Version/4.0 Chrome/133.0.6943.122 Mobile"
163.5.171.112 - - [20/Jul/2025:20:53:56 +0000] "GET /?f=%27&mod=798b4516&uri=brands.php%3Fid%3D186960-330%26name%3Dnest%20thermostat%20w2%20wire HTTP/1.1" 200 21263 "https://onlycnc.com.au/?f=5600224071490&f=%27&mod=798b4516&uri=brands.php%3Fid%3D186960-330%26name%3Dnest+thermostat+w2+wire" "Mozilla/5.0 (Linux; Android 9; ASUS_I005DA Build/PI; wv) AppleWebKit/537.36 (KHTML, like Gecko) Version/4.0 Chrome/133.0.6943.122 Mobile"
163.5.171.112 - - [20/Jul/2025:20:53:57 +0000] "GET /?f=5600224071490&mod=798b4516&mod=%27&uri=brands.php%3Fid%3D186960-330%26name%3Dnest+thermostat+w2+wire HTTP/1.1" 301 - "-" "Mozilla/5.0 (Linux; Android 9; ASUS_I005DA Build/PI; wv) AppleWebKit/537.36 (KHTML, like Gecko) Version/4.0 Chrome/133.0.6943.122 Mobile"
163.5.171.112 - - [20/Jul/2025:20:53:58 +0000] "GET /?f=5600224071490&mod=%27&uri=brands.php%3Fid%3D186960-330%26name%3Dnest%20thermostat%20w2%20wire HTTP/1.1" 200 21263 "https://onlycnc.com.au/?f=5600224071490&mod=798b4516&mod=%27&uri=brands.php%3Fid%3D186960-330%26name%3Dnest+thermostat+w2+wire" "Mozilla/5.0 (Linux; Android 9; ASUS_I005DA Build/PI; wv) AppleWebKit/537.36 (KHTML, like Gecko) Version/4.0 Chrome/133.0.6943.122 Mobile"
163.5.171.112 - - [20/Jul/2025:20:53:59 +0000] "GET /?f=5600224071490&mod=798b4516&uri=brands.php%3Fid%3D186960-330%26name%3Dnest+thermostat+w2+wire&uri=%27 HTTP/1.1" 301 - "-" "Mozilla/5.0 (Linux; Android 9; ASUS_I005DA Build/PI; wv) AppleWebKit/537.36 (KHTML, like Gecko) Version/4.0 Chrome/133.0.6943.122 Mobile"
163.5.171.112 - - [20/Jul/2025:20:54:00 +0000] "GET /?f=5600224071490&mod=798b4516&uri=%27 HTTP/1.1" 200 21263 "https://onlycnc.com.au/?f=5600224071490&mod=798b4516&uri=brands.php%3Fid%3D186960-330%26name%3Dnest+thermostat+w2+wire&uri=%27" "Mozilla/5.0 (Linux; Android 9; ASUS_I005DA Build/PI; wv) AppleWebKit/537.36 (KHTML, like Gecko) Version/4.0 Chrome/133.0.6943.122 Mobile"
163.5.171.112 - - [20/Jul/2025:20:54:02 +0000] "GET /?f=%27&mod=%27&uri=%27 HTTP/1.1" 200 21263 "-" "Mozilla/5.0 (Linux; Android 9; ASUS_I005DA Build/PI; wv) AppleWebKit/537.36 (KHTML, like Gecko) Version/4.0 Chrome/133.0.6943.122 Mobile"
163.5.171.112 - - [20/Jul/2025:20:54:03 +0000] "GET /?f=5600224071490%27&mod=798b4516&uri=brands.php%3Fid%3D186960-330%26name%3Dnest+thermostat+w2+wire HTTP/1.1" 301 - "-" "Mozilla/5.0 (Linux; Android 9; ASUS_I005DA Build/PI; wv) AppleWebKit/537.36 (KHTML, like Gecko) Version/4.0 Chrome/133.0.6943.122 Mobile"
163.5.171.112 - - [20/Jul/2025:20:54:04 +0000] "GET /?f=5600224071490%27&mod=798b4516&uri=brands.php%3Fid%3D186960-330%26name%3Dnest%20thermostat%20w2%20wire HTTP/1.1" 200 21263 "https://onlycnc.com.au/?f=5600224071490%27&mod=798b4516&uri=brands.php%3Fid%3D186960-330%26name%3Dnest+thermostat+w2+wire" "Mozilla/5.0 (Linux; Android 9; ASUS_I005DA Build/PI; wv) AppleWebKit/537.36 (KHTML, like Gecko) Version/4.0 Chrome/133.0.6943.122 Mobile"
163.5.171.112 - - [20/Jul/2025:20:54:05 +0000] "GET /?f=5600224071490&mod=798b4516%27&uri=brands.php%3Fid%3D186960-330%26name%3Dnest+thermostat+w2+wire HTTP/1.1" 301 - "-" "Mozilla/5.0 (Linux; Android 9; ASUS_I005DA Build/PI; wv) AppleWebKit/537.36 (KHTML, like Gecko) Version/4.0 Chrome/133.0.6943.122 Mobile"
163.5.171.112 - - [20/Jul/2025:20:54:06 +0000] "GET /?f=5600224071490&mod=798b4516%27&uri=brands.php%3Fid%3D186960-330%26name%3Dnest%20thermostat%20w2%20wire HTTP/1.1" 200 21263 "https://onlycnc.com.au/?f=5600224071490&mod=798b4516%27&uri=brands.php%3Fid%3D186960-330%26name%3Dnest+thermostat+w2+wire" "Mozilla/5.0 (Linux; Android 9; ASUS_I005DA Build/PI; wv) AppleWebKit/537.36 (KHTML, like Gecko) Version/4.0 Chrome/133.0.6943.122 Mobile"
163.5.171.112 - - [20/Jul/2025:20:54:07 +0000] "GET /?f=5600224071490&mod=798b4516&uri=brands.php%3Fid%3D186960-330%26name%3Dnest+thermostat+w2+wire%27 HTTP/1.1" 301 - "-" "Mozilla/5.0 (Linux; Android 9; ASUS_I005DA Build/PI; wv) AppleWebKit/537.36 (KHTML, like Gecko) Version/4.0 Chrome/133.0.6943.122 Mobile"
163.5.171.112 - - [20/Jul/2025:20:54:08 +0000] "GET /?f=5600224071490&mod=798b4516&uri=brands.php%3Fid%3D186960-330%26name%3Dnest%20thermostat%20w2%20wire%27 HTTP/1.1" 200 21263 "https://onlycnc.com.au/?f=5600224071490&mod=798b4516&uri=brands.php%3Fid%3D186960-330%26name%3Dnest+thermostat+w2+wire%27" "Mozilla/5.0 (Linux; Android 9; ASUS_I005DA Build/PI; wv) AppleWebKit/537.36 (KHTML, like Gecko) Version/4.0 Chrome/133.0.6943.122 Mobile"
57.141.2.1 - - [20/Jul/2025:20:54:18 +0000] "GET /?f=119695843011490& HTTP/1.1" 301 - "-" "meta-externalagent/1.1 (+https://developers.facebook.com/docs/sharing/webmasters/crawler)"
199.244.88.228 - - [20/Jul/2025:20:54:21 +0000] "GET / HTTP/1.1" 200 21281 "http://onlycnc.com.au" "Mozilla/5.0 (X11; Linux x86_64) AppleWebKit/537.36 (KHTML, like Gecko) Chrome/105.0.0.0 Safari/537.36"
57.141.2.9 - - [20/Jul/2025:20:54:49 +0000] "GET /?f=119695843011490 HTTP/1.1" 200 111321 "-" "meta-externalagent/1.1 (+https://developers.facebook.com/docs/sharing/webmasters/crawler)"
57.141.2.13 - - [20/Jul/2025:20:55:16 +0000] "GET /?f=70685399041490& HTTP/1.1" 301 - "-" "meta-externalagent/1.1 (+https://developers.facebook.com/docs/sharing/webmasters/crawler)"
66.249.73.128 - - [20/Jul/2025:20:57:28 +0000] "GET /?f=5763027031490&mod=8f561e4c&uri=category-info.php?shopdetail/57557048 HTTP/1.1" 200 19012 "-" "Mozilla/5.0 (Linux; Android 6.0.1; Nexus 5X Build/MMB29P) AppleWebKit/537.36 (KHTML, like Gecko) Chrome/137.0.7151.103 Mobile Safari/537.36 (compatible; Googlebot/2.1; +http://www.google.com/bot.html)"
66.249.73.129 - - [20/Jul/2025:20:58:02 +0000] "POST /get-message-notify HTTP/1.1" 404 - "https://onlycnc.com.au/?f=5763027031490&mod=8f561e4c&uri=category-info.php?shopdetail/57557048" "Mozilla/5.0 (Linux; Android 6.0.1; Nexus 5X Build/MMB29P) AppleWebKit/537.36 (KHTML, like Gecko) Chrome/137.0.7151.119 Mobile Safari/537.36 (compatible; Googlebot/2.1; +http://www.google.com/bot.html)"
209.74.77.214 - - [20/Jul/2025:20:59:30 +0000] "POST /wp-cron.php?doing_wp_cron=1753045170.5260169506072998046875 HTTP/1.1" 200 - "-" "WordPress/6.8.2; https://onlycnc.com.au"
57.141.2.11 - - [20/Jul/2025:20:59:29 +0000] "GET /?f=34485037041490& HTTP/1.1" 301 - "-" "meta-externalagent/1.1 (+https://developers.facebook.com/docs/sharing/webmasters/crawler)"
57.141.2.15 - - [20/Jul/2025:20:59:38 +0000] "GET /?f=34485037041490 HTTP/1.1" 200 111321 "-" "meta-externalagent/1.1 (+https://developers.facebook.com/docs/sharing/webmasters/crawler)"
66.249.73.128 - - [20/Jul/2025:21:02:11 +0000] "GET /?f=5604769041490&mod=b4aaa9db&uri=form.php?shopdetail/60205056 HTTP/1.1" 200 18310 "-" "Mozilla/5.0 (Linux; Android 6.0.1; Nexus 5X Build/MMB29P) AppleWebKit/537.36 (KHTML, like Gecko) Chrome/137.0.7151.103 Mobile Safari/537.36 (compatible; Googlebot/2.1; +http://www.google.com/bot.html)"
66.249.73.128 - - [20/Jul/2025:21:04:03 +0000] "GET /?f=5775327031490&mod=0e98aeeb&uri=form.php?shopdetail/1738250740 HTTP/1.1" 200 19501 "-" "Mozilla/5.0 (Linux; Android 6.0.1; Nexus 5X Build/MMB29P) AppleWebKit/537.36 (KHTML, like Gecko) Chrome/137.0.7151.103 Mobile Safari/537.36 (compatible; Googlebot/2.1; +http://www.google.com/bot.html)"
66.249.73.132 - - [20/Jul/2025:21:05:44 +0000] "POST /get-message-notify HTTP/1.1" 404 - "https://onlycnc.com.au/?f=5775327031490&mod=0e98aeeb&uri=form.php?shopdetail/1738250740" "Mozilla/5.0 (Linux; Android 6.0.1; Nexus 5X Build/MMB29P) AppleWebKit/537.36 (KHTML, like Gecko) Chrome/137.0.7151.119 Mobile Safari/537.36 (compatible; Googlebot/2.1; +http://www.google.com/bot.html)"
57.141.2.21 - - [20/Jul/2025:21:06:26 +0000] "GET /?f=81524972011490& HTTP/1.1" 301 - "-" "meta-externalagent/1.1 (+https://developers.facebook.com/docs/sharing/webmasters/crawler)"
66.249.73.129 - - [20/Jul/2025:21:07:38 +0000] "GET /?f=31756034031490&mod=ab88830c&uri=products.php?shopdetail/3243264 HTTP/1.1" 200 19303 "-" "Mozilla/5.0 (Linux; Android 6.0.1; Nexus 5X Build/MMB29P) AppleWebKit/537.36 (KHTML, like Gecko) Chrome/137.0.7151.103 Mobile Safari/537.36 (compatible; Googlebot/2.1; +http://www.google.com/bot.html)"
66.249.73.128 - - [20/Jul/2025:21:07:58 +0000] "POST /get-message-notify HTTP/1.1" 404 - "https://onlycnc.com.au/?f=31756034031490&mod=ab88830c&uri=products.php?shopdetail/3243264" "Mozilla/5.0 (Linux; Android 6.0.1; Nexus 5X Build/MMB29P) AppleWebKit/537.36 (KHTML, like Gecko) Chrome/137.0.7151.119 Mobile Safari/537.36 (compatible; Googlebot/2.1; +http://www.google.com/bot.html)"
66.249.73.129 - - [20/Jul/2025:21:09:09 +0000] "GET /?f=5763027031490&mod=8f561e4c&uri=category-info.php?shopdetail/57135952 HTTP/1.1" 200 19050 "-" "Mozilla/5.0 (Linux; Android 6.0.1; Nexus 5X Build/MMB29P) AppleWebKit/537.36 (KHTML, like Gecko) Chrome/137.0.7151.103 Mobile Safari/537.36 (compatible; Googlebot/2.1; +http://www.google.com/bot.html)"
66.249.73.128 - - [20/Jul/2025:21:09:30 +0000] "POST /get-message-notify HTTP/1.1" 404 - "https://onlycnc.com.au/?f=5763027031490&mod=8f561e4c&uri=category-info.php?shopdetail/57135952" "Mozilla/5.0 (Linux; Android 6.0.1; Nexus 5X Build/MMB29P) AppleWebKit/537.36 (KHTML, like Gecko) Chrome/137.0.7151.119 Mobile Safari/537.36 (compatible; Googlebot/2.1; +http://www.google.com/bot.html)"
216.73.216.190 - - [20/Jul/2025:21:09:48 +0000] "GET /robots.txt HTTP/1.1" 200 108 "-" "Mozilla/5.0 AppleWebKit/537.36 (KHTML, like Gecko; compatible; ClaudeBot/1.0; [email protected])"
216.73.216.190 - - [20/Jul/2025:21:09:48 +0000] "GET /sitemap.xml HTTP/1.1" 404 - "-" "Mozilla/5.0 AppleWebKit/537.36 (KHTML, like Gecko; compatible; ClaudeBot/1.0; [email protected])"
57.141.2.2 - - [20/Jul/2025:21:12:39 +0000] "GET /?f=37436702091490& HTTP/1.1" 301 - "-" "meta-externalagent/1.1 (+https://developers.facebook.com/docs/sharing/webmasters/crawler)"
57.141.2.9 - - [20/Jul/2025:21:13:10 +0000] "GET /?f=37436702091490 HTTP/1.1" 200 111321 "-" "meta-externalagent/1.1 (+https://developers.facebook.com/docs/sharing/webmasters/crawler)"
66.249.73.132 - - [20/Jul/2025:21:14:55 +0000] "GET /?f=86368574041490&mod=8f561e4c&uri=product.php?shopdetail/2497702856 HTTP/1.1" 200 18665 "-" "Mozilla/5.0 (Linux; Android 6.0.1; Nexus 5X Build/MMB29P) AppleWebKit/537.36 (KHTML, like Gecko) Chrome/137.0.7151.103 Mobile Safari/537.36 (compatible; Googlebot/2.1; +http://www.google.com/bot.html)"
57.141.2.5 - - [20/Jul/2025:21:18:21 +0000] "GET /shopdetail/1470541368 HTTP/1.1" 404 - "-" "meta-externalagent/1.1 (+https://developers.facebook.com/docs/sharing/webmasters/crawler)"
57.141.2.13 - - [20/Jul/2025:21:19:12 +0000] "GET /?f=72154747051490& HTTP/1.1" 301 - "-" "meta-externalagent/1.1 (+https://developers.facebook.com/docs/sharing/webmasters/crawler)"
66.249.73.129 - - [20/Jul/2025:21:19:38 +0000] "GET /?f=86368574041490&mod=8f561e4c&uri=product.php?shopdetail/2497665328 HTTP/1.1" 200 19229 "-" "Mozilla/5.0 (Linux; Android 6.0.1; Nexus 5X Build/MMB29P) AppleWebKit/537.36 (KHTML, like Gecko) Chrome/137.0.7151.103 Mobile Safari/537.36 (compatible; Googlebot/2.1; +http://www.google.com/bot.html)"
57.141.2.6 - - [20/Jul/2025:21:19:45 +0000] "GET /?f=80291688071490& HTTP/1.1" 301 - "-" "meta-externalagent/1.1 (+https://developers.facebook.com/docs/sharing/webmasters/crawler)"
57.141.2.15 - - [20/Jul/2025:21:25:40 +0000] "GET /?f=63291061031490& HTTP/1.1" 301 - "-" "meta-externalagent/1.1 (+https://developers.facebook.com/docs/sharing/webmasters/crawler)"
66.249.73.129 - - [20/Jul/2025:21:26:35 +0000] "GET /?f=86368574041490&mod=8f561e4c&uri=product.php?shopdetail/2497659860 HTTP/1.1" 200 19704 "-" "Mozilla/5.0 (Linux; Android 6.0.1; Nexus 5X Build/MMB29P) AppleWebKit/537.36 (KHTML, like Gecko) Chrome/137.0.7151.103 Mobile Safari/537.36 (compatible; Googlebot/2.1; +http://www.google.com/bot.html)"
66.249.73.128 - - [20/Jul/2025:21:26:42 +0000] "POST /get-message-notify HTTP/1.1" 404 - "https://onlycnc.com.au/?f=86368574041490&mod=8f561e4c&uri=product.php?shopdetail/2497659860" "Mozilla/5.0 (Linux; Android 6.0.1; Nexus 5X Build/MMB29P) AppleWebKit/537.36 (KHTML, like Gecko) Chrome/137.0.7151.119 Mobile Safari/537.36 (compatible; Googlebot/2.1; +http://www.google.com/bot.html)"
66.249.73.132 - - [20/Jul/2025:21:27:58 +0000] "GET /?f=5775327031490&mod=0e98aeeb&uri=form.php?shopdetail/82792556 HTTP/1.1" 200 19071 "-" "Mozilla/5.0 (Linux; Android 6.0.1; Nexus 5X Build/MMB29P) AppleWebKit/537.36 (KHTML, like Gecko) Chrome/137.0.7151.103 Mobile Safari/537.36 (compatible; Googlebot/2.1; +http://www.google.com/bot.html)"
66.249.73.128 - - [20/Jul/2025:21:28:04 +0000] "GET /?f=5903651061490&mod=02ddce85&uri=dp.php?shopdetail/63105444 HTTP/1.1" 200 19419 "-" "Mozilla/5.0 (Linux; Android 6.0.1; Nexus 5X Build/MMB29P) AppleWebKit/537.36 (KHTML, like Gecko) Chrome/137.0.7151.103 Mobile Safari/537.36 (compatible; Googlebot/2.1; +http://www.google.com/bot.html)"
57.141.2.8 - - [20/Jul/2025:21:28:31 +0000] "GET /?f=23897404001490& HTTP/1.1" 301 - "-" "meta-externalagent/1.1 (+https://developers.facebook.com/docs/sharing/webmasters/crawler)"
66.249.73.128 - - [20/Jul/2025:21:29:56 +0000] "GET /?f=86368574041490&mod=8f561e4c&uri=product.php?shopdetail/2497708324 HTTP/1.1" 200 18562 "-" "Mozilla/5.0 (Linux; Android 6.0.1; Nexus 5X Build/MMB29P) AppleWebKit/537.36 (KHTML, like Gecko) Chrome/137.0.7151.103 Mobile Safari/537.36 (compatible; Googlebot/2.1; +http://www.google.com/bot.html)"
57.141.2.23 - - [20/Jul/2025:21:30:40 +0000] "GET /?f=119118029081490& HTTP/1.1" 301 - "-" "meta-externalagent/1.1 (+https://developers.facebook.com/docs/sharing/webmasters/crawler)"
57.141.2.26 - - [20/Jul/2025:21:32:04 +0000] "GET /?f=114168801071490& HTTP/1.1" 301 - "-" "meta-externalagent/1.1 (+https://developers.facebook.com/docs/sharing/webmasters/crawler)"
57.141.2.29 - - [20/Jul/2025:21:32:12 +0000] "GET /?f=85023480051490& HTTP/1.1" 301 - "-" "meta-externalagent/1.1 (+https://developers.facebook.com/docs/sharing/webmasters/crawler)"
57.141.2.9 - - [20/Jul/2025:21:32:33 +0000] "GET /?f=85023480051490 HTTP/1.1" 200 111321 "-" "meta-externalagent/1.1 (+https://developers.facebook.com/docs/sharing/webmasters/crawler)"
66.249.73.128 - - [20/Jul/2025:21:32:45 +0000] "GET /?f=86368574041490&mod=8f561e4c&uri=product.php?shopdetail/2497666548 HTTP/1.1" 200 18799 "-" "Mozilla/5.0 (Linux; Android 6.0.1; Nexus 5X Build/MMB29P) AppleWebKit/537.36 (KHTML, like Gecko) Chrome/137.0.7151.103 Mobile Safari/537.36 (compatible; Googlebot/2.1; +http://www.google.com/bot.html)"
66.249.73.132 - - [20/Jul/2025:21:33:41 +0000] "GET /?f=86368574041490&mod=8f561e4c&uri=product.php?shopdetail/2497715968 HTTP/1.1" 200 19152 "-" "Mozilla/5.0 (Linux; Android 6.0.1; Nexus 5X Build/MMB29P) AppleWebKit/537.36 (KHTML, like Gecko) Chrome/137.0.7151.103 Mobile Safari/537.36 (compatible; Googlebot/2.1; +http://www.google.com/bot.html)"
57.141.2.23 - - [20/Jul/2025:21:38:01 +0000] "GET /?f=21246080071490& HTTP/1.1" 301 - "-" "meta-externalagent/1.1 (+https://developers.facebook.com/docs/sharing/webmasters/crawler)"
57.141.2.7 - - [20/Jul/2025:21:38:05 +0000] "GET /?f=95481022021490& HTTP/1.1" 301 - "-" "meta-externalagent/1.1 (+https://developers.facebook.com/docs/sharing/webmasters/crawler)"
66.249.73.128 - - [20/Jul/2025:21:38:28 +0000] "GET /?f=54362658001490&mod=cdbe7ddc&uri=search.php?shopdetail/58371780 HTTP/1.1" 200 19013 "-" "Mozilla/5.0 (Linux; Android 6.0.1; Nexus 5X Build/MMB29P) AppleWebKit/537.36 (KHTML, like Gecko) Chrome/137.0.7151.103 Mobile Safari/537.36 (compatible; Googlebot/2.1; +http://www.google.com/bot.html)"
57.141.2.17 - - [20/Jul/2025:21:38:30 +0000] "GET /?f=95481022021490 HTTP/1.1" 200 111321 "-" "meta-externalagent/1.1 (+https://developers.facebook.com/docs/sharing/webmasters/crawler)"
66.249.73.128 - - [20/Jul/2025:21:38:32 +0000] "POST /get-message-notify HTTP/1.1" 404 - "https://onlycnc.com.au/?f=54362658001490&mod=cdbe7ddc&uri=search.php?shopdetail/58371780" "Mozilla/5.0 (Linux; Android 6.0.1; Nexus 5X Build/MMB29P) AppleWebKit/537.36 (KHTML, like Gecko) Chrome/137.0.7151.119 Mobile Safari/537.36 (compatible; Googlebot/2.1; +http://www.google.com/bot.html)"
57.141.2.28 - - [20/Jul/2025:21:40:38 +0000] "GET /?f=90502156121490& HTTP/1.1" 301 - "-" "meta-externalagent/1.1 (+https://developers.facebook.com/docs/sharing/webmasters/crawler)"
57.141.2.6 - - [20/Jul/2025:21:45:02 +0000] "GET /?f=90502156121490 HTTP/1.1" 200 111321 "-" "meta-externalagent/1.1 (+https://developers.facebook.com/docs/sharing/webmasters/crawler)"
216.73.216.190 - - [20/Jul/2025:21:45:18 +0000] "GET /sitemap.xml HTTP/1.1" 404 - "-" "Mozilla/5.0 AppleWebKit/537.36 (KHTML, like Gecko; compatible; ClaudeBot/1.0; [email protected])"
66.249.73.129 - - [20/Jul/2025:21:47:47 +0000] "GET /?f=5775327031490&mod=0e98aeeb&uri=form.php?shopdetail/1738196688 HTTP/1.1" 200 19310 "-" "Mozilla/5.0 (Linux; Android 6.0.1; Nexus 5X Build/MMB29P) AppleWebKit/537.36 (KHTML, like Gecko) Chrome/137.0.7151.103 Mobile Safari/537.36 (compatible; Googlebot/2.1; +http://www.google.com/bot.html)"
66.249.73.132 - - [20/Jul/2025:21:47:51 +0000] "POST /get-message-notify HTTP/1.1" 404 - "https://onlycnc.com.au/?f=5775327031490&mod=0e98aeeb&uri=form.php?shopdetail/1738196688" "Mozilla/5.0 (Linux; Android 6.0.1; Nexus 5X Build/MMB29P) AppleWebKit/537.36 (KHTML, like Gecko) Chrome/137.0.7151.119 Mobile Safari/537.36 (compatible; Googlebot/2.1; +http://www.google.com/bot.html)"
172.213.21.127 - - [20/Jul/2025:21:49:50 +0000] "GET /?f=31957968041490&mod=2e0a7919&uri=shared.php?id%3D1066642-143%26name%3Dhow+to+prevent+jordans+from+creasing HTTP/1.1" 301 - "-" "Mozilla/5.0 AppleWebKit/537.36 (KHTML, like Gecko); compatible; ChatGPT-User/1.0; +https://openai.com/bot"
172.213.21.127 - - [20/Jul/2025:21:49:51 +0000] "GET /?f=31957968041490&mod=2e0a7919&uri=shared.php?id%3D1066642-143%26name%3Dhow%20to%20prevent%20jordans%20from%20creasing HTTP/1.1" 301 - "-" "Mozilla/5.0 AppleWebKit/537.36 (KHTML, like Gecko); compatible; ChatGPT-User/1.0; +https://openai.com/bot"
57.141.2.14 - - [20/Jul/2025:21:50:42 +0000] "GET /?f=22068124011490& HTTP/1.1" 301 - "-" "meta-externalagent/1.1 (+https://developers.facebook.com/docs/sharing/webmasters/crawler)"
66.249.73.129 - - [20/Jul/2025:21:50:50 +0000] "GET /?f=5775327031490&mod=0e98aeeb&uri=form.php?shopdetail/1738248556 HTTP/1.1" 200 18839 "-" "Mozilla/5.0 (Linux; Android 6.0.1; Nexus 5X Build/MMB29P) AppleWebKit/537.36 (KHTML, like Gecko) Chrome/137.0.7151.103 Mobile Safari/537.36 (compatible; Googlebot/2.1; +http://www.google.com/bot.html)"
57.141.2.13 - - [20/Jul/2025:21:50:51 +0000] "GET /?f=22068124011490 HTTP/1.1" 200 111321 "-" "meta-externalagent/1.1 (+https://developers.facebook.com/docs/sharing/webmasters/crawler)"
20.168.18.41 - - [20/Jul/2025:21:51:00 +0000] "GET /?f=31957968041490&mod=2e0a7919&uri=shared.php%3Fid%3D1066642-143%26name%3Dhow+to+prevent+jordans+from+creasing HTTP/1.1" 301 - "-" "Mozilla/5.0 (Macintosh; Intel Mac OS X 10_15_7) AppleWebKit/537.36 (KHTML, like Gecko) Chrome/131.0.0.0 Safari/537.36; compatible; OAI-SearchBot/1.0; +https://openai.com/searchbot"
20.168.18.41 - - [20/Jul/2025:21:51:00 +0000] "GET /?f=31957968041490&mod=2e0a7919&uri=shared.php%3Fid%3D1066642-143%26name%3Dhow%20to%20prevent%20jordans%20from%20creasing HTTP/1.1" 200 21263 "-" "Mozilla/5.0 (Macintosh; Intel Mac OS X 10_15_7) AppleWebKit/537.36 (KHTML, like Gecko) Chrome/131.0.0.0 Safari/537.36; compatible; OAI-SearchBot/1.0; +https://openai.com/searchbot"
66.249.73.128 - - [20/Jul/2025:21:51:12 +0000] "GET /?f=5775327031490&mod=0e98aeeb&uri=form.php?shopdetail/84289500 HTTP/1.1" 200 18829 "-" "Mozilla/5.0 (Linux; Android 6.0.1; Nexus 5X Build/MMB29P) AppleWebKit/537.36 (KHTML, like Gecko) Chrome/137.0.7151.103 Mobile Safari/537.36 (compatible; Googlebot/2.1; +http://www.google.com/bot.html)"
57.141.2.23 - - [20/Jul/2025:21:51:59 +0000] "GET /?f=57462240111490& HTTP/1.1" 301 - "-" "meta-externalagent/1.1 (+https://developers.facebook.com/docs/sharing/webmasters/crawler)"
57.141.2.19 - - [20/Jul/2025:21:52:11 +0000] "GET /?f=57462240111490 HTTP/1.1" 200 111321 "-" "meta-externalagent/1.1 (+https://developers.facebook.com/docs/sharing/webmasters/crawler)"
66.249.73.128 - - [20/Jul/2025:21:53:54 +0000] "GET /?f=5763027031490&mod=8f561e4c&uri=category-info.php?shopdetail/57272592 HTTP/1.1" 200 18832 "-" "Mozilla/5.0 (Linux; Android 6.0.1; Nexus 5X Build/MMB29P) AppleWebKit/537.36 (KHTML, like Gecko) Chrome/137.0.7151.103 Mobile Safari/537.36 (compatible; Googlebot/2.1; +http://www.google.com/bot.html)"
57.141.2.25 - - [20/Jul/2025:21:54:02 +0000] "GET /?f=72751260021490& HTTP/1.1" 301 - "-" "meta-externalagent/1.1 (+https://developers.facebook.com/docs/sharing/webmasters/crawler)"
66.249.73.128 - - [20/Jul/2025:21:57:14 +0000] "GET /?f=31757684061490&mod=80ebd641&uri=shared.php?shopdetail/243528836 HTTP/1.1" 200 19427 "-" "Mozilla/5.0 (Linux; Android 6.0.1; Nexus 5X Build/MMB29P) AppleWebKit/537.36 (KHTML, like Gecko) Chrome/137.0.7151.103 Mobile Safari/537.36 (compatible; Googlebot/2.1; +http://www.google.com/bot.html)"
66.249.73.128 - - [20/Jul/2025:22:00:21 +0000] "GET /?f=5763027031490&mod=8f561e4c&uri=category-info.php?shopdetail/57269180 HTTP/1.1" 200 19758 "-" "Mozilla/5.0 (Linux; Android 6.0.1; Nexus 5X Build/MMB29P) AppleWebKit/537.36 (KHTML, like Gecko) Chrome/137.0.7151.103 Mobile Safari/537.36 (compatible; Googlebot/2.1; +http://www.google.com/bot.html)"
66.249.73.132 - - [20/Jul/2025:22:03:41 +0000] "GET /?f=54362658001490&mod=cdbe7ddc&uri=search.php?shopdetail/58351988 HTTP/1.1" 200 18959 "-" "Mozilla/5.0 (Linux; Android 6.0.1; Nexus 5X Build/MMB29P) AppleWebKit/537.36 (KHTML, like Gecko) Chrome/137.0.7151.103 Mobile Safari/537.36 (compatible; Googlebot/2.1; +http://www.google.com/bot.html)"
66.249.73.132 - - [20/Jul/2025:22:03:46 +0000] "POST /get-message-notify HTTP/1.1" 404 - "https://onlycnc.com.au/?f=54362658001490&mod=cdbe7ddc&uri=search.php?shopdetail/58351988" "Mozilla/5.0 (Linux; Android 6.0.1; Nexus 5X Build/MMB29P) AppleWebKit/537.36 (KHTML, like Gecko) Chrome/137.0.7151.119 Mobile Safari/537.36 (compatible; Googlebot/2.1; +http://www.google.com/bot.html)"
66.249.73.132 - - [20/Jul/2025:22:07:50 +0000] "GET /?f=76818286031490&mod=fe45e322&uri=news.php?shopdetail/1001012008 HTTP/1.1" 200 19088 "-" "Mozilla/5.0 (Linux; Android 6.0.1; Nexus 5X Build/MMB29P) AppleWebKit/537.36 (KHTML, like Gecko) Chrome/137.0.7151.103 Mobile Safari/537.36 (compatible; Googlebot/2.1; +http://www.google.com/bot.html)"
66.249.73.129 - - [20/Jul/2025:22:08:07 +0000] "POST /get-message-notify HTTP/1.1" 404 - "https://onlycnc.com.au/?f=76818286031490&mod=fe45e322&uri=news.php?shopdetail/1001012008" "Mozilla/5.0 (Linux; Android 6.0.1; Nexus 5X Build/MMB29P) AppleWebKit/537.36 (KHTML, like Gecko) Chrome/137.0.7151.119 Mobile Safari/537.36 (compatible; Googlebot/2.1; +http://www.google.com/bot.html)"
66.249.73.128 - - [20/Jul/2025:22:10:37 +0000] "GET /?f=5759847031490&mod=8f561e4c&uri=us.php?shopdetail/54387492 HTTP/1.1" 200 19195 "-" "Mozilla/5.0 (Linux; Android 6.0.1; Nexus 5X Build/MMB29P) AppleWebKit/537.36 (KHTML, like Gecko) Chrome/137.0.7151.103 Mobile Safari/537.36 (compatible; Googlebot/2.1; +http://www.google.com/bot.html)"
66.249.73.128 - - [20/Jul/2025:22:10:44 +0000] "POST /get-message-notify HTTP/1.1" 404 - "https://onlycnc.com.au/?f=5759847031490&mod=8f561e4c&uri=us.php?shopdetail/54387492" "Mozilla/5.0 (Linux; Android 6.0.1; Nexus 5X Build/MMB29P) AppleWebKit/537.36 (KHTML, like Gecko) Chrome/137.0.7151.119 Mobile Safari/537.36 (compatible; Googlebot/2.1; +http://www.google.com/bot.html)"
209.74.77.214 - - [20/Jul/2025:22:13:15 +0000] "POST /wp-cron.php?doing_wp_cron=1753049595.8124089241027832031250 HTTP/1.1" 200 - "-" "WordPress/6.8.2; https://onlycnc.com.au"
209.141.61.4 - - [20/Jul/2025:22:13:14 +0000] "GET /wp-login.php HTTP/1.1" 200 5755 "-" "Mozilla/5.0 (Macintosh; Intel Mac OS X 10.9; rv:31.0) Gecko/20100101 Firefox/31.0"
209.141.61.4 - - [20/Jul/2025:22:13:16 +0000] "POST /wp-login.php HTTP/1.1" 200 6011 "-" "Mozilla/5.0 (Macintosh; Intel Mac OS X 10.9; rv:31.0) Gecko/20100101 Firefox/31.0"
205.185.116.195 - - [20/Jul/2025:22:16:56 +0000] "GET /wp-login.php HTTP/1.1" 200 5755 "-" "Mozilla/5.0 (X11; Linux x86_64) AppleWebKit/537.36 (KHTML, like Gecko) Chrome/35.0.1916.153 Safari/537.36"
205.185.116.195 - - [20/Jul/2025:22:17:00 +0000] "POST /wp-login.php HTTP/1.1" 200 6011 "-" "Mozilla/5.0 (X11; Linux x86_64) AppleWebKit/537.36 (KHTML, like Gecko) Chrome/35.0.1916.153 Safari/537.36"
57.141.2.23 - - [20/Jul/2025:22:19:27 +0000] "GET /?f=90502156121490 HTTP/1.1" 200 111321 "-" "meta-externalagent/1.1 (+https://developers.facebook.com/docs/sharing/webmasters/crawler)"
66.249.73.129 - - [20/Jul/2025:22:24:22 +0000] "GET /?f=5691630001490&mod=2461d182&uri=news.php?shopdetail/54342312 HTTP/1.1" 200 19240 "-" "Mozilla/5.0 (Linux; Android 6.0.1; Nexus 5X Build/MMB29P) AppleWebKit/537.36 (KHTML, like Gecko) Chrome/137.0.7151.103 Mobile Safari/537.36 (compatible; Googlebot/2.1; +http://www.google.com/bot.html)"
57.141.2.14 - - [20/Jul/2025:22:26:02 +0000] "GET /?f=36616359011490& HTTP/1.1" 301 - "-" "meta-externalagent/1.1 (+https://developers.facebook.com/docs/sharing/webmasters/crawler)"
57.141.2.10 - - [20/Jul/2025:22:27:46 +0000] "GET /shopdetail/1470327480 HTTP/1.1" 404 - "-" "meta-externalagent/1.1 (+https://developers.facebook.com/docs/sharing/webmasters/crawler)"
57.141.2.19 - - [20/Jul/2025:22:28:43 +0000] "GET /?f=77941872021490& HTTP/1.1" 301 - "-" "meta-externalagent/1.1 (+https://developers.facebook.com/docs/sharing/webmasters/crawler)"
57.141.2.8 - - [20/Jul/2025:22:28:59 +0000] "GET /?f=35696102021490& HTTP/1.1" 301 - "-" "meta-externalagent/1.1 (+https://developers.facebook.com/docs/sharing/webmasters/crawler)"
57.141.2.1 - - [20/Jul/2025:22:29:07 +0000] "GET /?f=77941872021490 HTTP/1.1" 200 111321 "-" "meta-externalagent/1.1 (+https://developers.facebook.com/docs/sharing/webmasters/crawler)"
23.80.155.135 - - [20/Jul/2025:22:29:56 +0000] "GET /?f=98023379031490&mod=0a058251&uri=products.php%3Fid%3D3271298-1476%26name%3Dopticalia HTTP/1.1" 200 21263 "-" "Mozilla/5.0 (Windows NT 10.0; Win64; x64; rv:114.0) Gecko/20100101 Firefox/114.0"
23.80.155.135 - - [20/Jul/2025:22:29:58 +0000] "GET /contact HTTP/1.1" 404 - "https://onlycnc.com.au/?f=98023379031490&mod=0a058251&uri=products.php%3Fid%3D3271298-1476%26name%3Dopticalia" "Mozilla/5.0 (Windows NT 10.0; Win64; x64; rv:114.0) Gecko/20100101 Firefox/114.0"
23.80.155.135 - - [20/Jul/2025:22:29:58 +0000] "GET /contact/ HTTP/1.1" 404 - "https://onlycnc.com.au/?f=98023379031490&mod=0a058251&uri=products.php%3Fid%3D3271298-1476%26name%3Dopticalia" "Mozilla/5.0 (Windows NT 10.0; Win64; x64; rv:114.0) Gecko/20100101 Firefox/114.0"
23.80.155.135 - - [20/Jul/2025:22:29:59 +0000] "GET / HTTP/1.1" 200 21281 "-" "Mozilla/5.0 (Windows NT 10.0; Win64; x64; rv:114.0) Gecko/20100101 Firefox/114.0"
23.80.155.135 - - [20/Jul/2025:22:30:01 +0000] "GET /faq/ HTTP/1.1" 404 - "https://onlycnc.com.au/" "Mozilla/5.0 (Windows NT 10.0; Win64; x64; rv:114.0) Gecko/20100101 Firefox/114.0"
23.80.155.135 - - [20/Jul/2025:22:30:01 +0000] "GET /comments/feed/ HTTP/1.1" 404 - "https://onlycnc.com.au/" "Mozilla/5.0 (Windows NT 10.0; Win64; x64; rv:114.0) Gecko/20100101 Firefox/114.0"
23.80.155.135 - - [20/Jul/2025:22:30:02 +0000] "GET /contact/ HTTP/1.1" 404 - "https://onlycnc.com.au/" "Mozilla/5.0 (Windows NT 10.0; Win64; x64; rv:114.0) Gecko/20100101 Firefox/114.0"
23.80.155.135 - - [20/Jul/2025:22:30:03 +0000] "GET /feed/ HTTP/1.1" 404 - "https://onlycnc.com.au/" "Mozilla/5.0 (Windows NT 10.0; Win64; x64; rv:114.0) Gecko/20100101 Firefox/114.0"
23.80.155.135 - - [20/Jul/2025:22:30:04 +0000] "GET /quote HTTP/1.1" 404 - "https://onlycnc.com.au/" "Mozilla/5.0 (Windows NT 10.0; Win64; x64; rv:114.0) Gecko/20100101 Firefox/114.0"
23.80.155.135 - - [20/Jul/2025:22:30:05 +0000] "GET /wp-content/uploads/2025/02/heavy-industry-ondustry.webp HTTP/1.1" 200 54664 "https://onlycnc.com.au/" "Mozilla/5.0 (Windows NT 10.0; Win64; x64; rv:114.0) Gecko/20100101 Firefox/114.0"
23.80.155.135 - - [20/Jul/2025:22:30:06 +0000] "GET /about-us/ HTTP/1.1" 404 - "https://onlycnc.com.au/" "Mozilla/5.0 (Windows NT 10.0; Win64; x64; rv:114.0) Gecko/20100101 Firefox/114.0"
23.80.155.135 - - [20/Jul/2025:22:30:07 +0000] "GET /wp-content/uploads/2025/02/heavy-ondustry.webp HTTP/1.1" 200 64898 "https://onlycnc.com.au/" "Mozilla/5.0 (Windows NT 10.0; Win64; x64; rv:114.0) Gecko/20100101 Firefox/114.0"
23.80.155.135 - - [20/Jul/2025:22:30:08 +0000] "GET /services/ HTTP/1.1" 404 - "https://onlycnc.com.au/" "Mozilla/5.0 (Windows NT 10.0; Win64; x64; rv:114.0) Gecko/20100101 Firefox/114.0"
23.80.155.135 - - [20/Jul/2025:22:30:09 +0000] "GET /wp-content/uploads/2025/02/industrial-factory-weld-worker-welding-or-welder-master-ondustry.webp HTTP/1.1" 200 138061 "https://onlycnc.com.au/" "Mozilla/5.0 (Windows NT 10.0; Win64; x64; rv:114.0) Gecko/20100101 Firefox/114.0"
23.80.155.135 - - [20/Jul/2025:22:30:10 +0000] "GET /about-us HTTP/1.1" 404 - "https://onlycnc.com.au/" "Mozilla/5.0 (Windows NT 10.0; Win64; x64; rv:114.0) Gecko/20100101 Firefox/114.0"
23.80.155.135 - - [20/Jul/2025:22:30:11 +0000] "GET /wp-content/uploads/2025/02/industrial-worker-indoors-in-factory-young-technic-ondustry.webp HTTP/1.1" 200 50178 "https://onlycnc.com.au/" "Mozilla/5.0 (Windows NT 10.0; Win64; x64; rv:114.0) Gecko/20100101 Firefox/114.0"
23.80.155.135 - - [20/Jul/2025:22:30:12 +0000] "GET /contact HTTP/1.1" 404 - "https://onlycnc.com.au/" "Mozilla/5.0 (Windows NT 10.0; Win64; x64; rv:114.0) Gecko/20100101 Firefox/114.0"
23.80.155.135 - - [20/Jul/2025:22:30:13 +0000] "GET /wp-content/uploads/2025/02/male-worker-holds-ondustry.webp HTTP/1.1" 200 68951 "https://onlycnc.com.au/" "Mozilla/5.0 (Windows NT 10.0; Win64; x64; rv:114.0) Gecko/20100101 Firefox/114.0"
23.80.155.135 - - [20/Jul/2025:22:30:14 +0000] "GET / HTTP/1.1" 200 21281 "https://onlycnc.com.au/" "Mozilla/5.0 (Windows NT 10.0; Win64; x64; rv:114.0) Gecko/20100101 Firefox/114.0"
23.80.155.135 - - [20/Jul/2025:22:30:16 +0000] "GET /wp-content/uploads/2025/02/team-worker-ondustry.webp HTTP/1.1" 200 51830 "https://onlycnc.com.au/" "Mozilla/5.0 (Windows NT 10.0; Win64; x64; rv:114.0) Gecko/20100101 Firefox/114.0"
23.80.155.135 - - [20/Jul/2025:22:30:17 +0000] "GET /faq HTTP/1.1" 404 - "https://onlycnc.com.au/" "Mozilla/5.0 (Windows NT 10.0; Win64; x64; rv:114.0) Gecko/20100101 Firefox/114.0"
23.80.155.135 - - [20/Jul/2025:22:30:18 +0000] "GET /wp-content/uploads/2025/02/welding-process-ondustry.webp HTTP/1.1" 200 105224 "https://onlycnc.com.au/" "Mozilla/5.0 (Windows NT 10.0; Win64; x64; rv:114.0) Gecko/20100101 Firefox/114.0"
23.80.155.135 - - [20/Jul/2025:22:30:19 +0000] "GET / HTTP/1.1" 200 21281 "https://onlycnc.com.au/" "Mozilla/5.0 (Windows NT 10.0; Win64; x64; rv:114.0) Gecko/20100101 Firefox/114.0"
23.80.155.135 - - [20/Jul/2025:22:30:22 +0000] "GET /wp-content/uploads/2025/02/worker-grinding-metal-metal-grinding-machine-with-sparks-metal-sawing.webp HTTP/1.1" 200 119526 "https://onlycnc.com.au/" "Mozilla/5.0 (Windows NT 10.0; Win64; x64; rv:114.0) Gecko/20100101 Firefox/114.0"
23.80.155.135 - - [20/Jul/2025:22:30:23 +0000] "GET /xmlrpc.php?rsd HTTP/1.1" 200 304 "https://onlycnc.com.au/" "Mozilla/5.0 (Windows NT 10.0; Win64; x64; rv:114.0) Gecko/20100101 Firefox/114.0"
23.80.155.135 - - [20/Jul/2025:22:30:24 +0000] "GET /wp-content/uploads/2025/02/worker-welding-in-a-ondustry.webp HTTP/1.1" 200 88859 "https://onlycnc.com.au/" "Mozilla/5.0 (Windows NT 10.0; Win64; x64; rv:114.0) Gecko/20100101 Firefox/114.0"
23.80.155.135 - - [20/Jul/2025:22:30:26 +0000] "GET /wp-json/wp/v2/pages/45 HTTP/1.1" 404 - "https://onlycnc.com.au/" "Mozilla/5.0 (Windows NT 10.0; Win64; x64; rv:114.0) Gecko/20100101 Firefox/114.0"
23.80.155.135 - - [20/Jul/2025:22:30:26 +0000] "GET /wp-json/ HTTP/1.1" 404 - "https://onlycnc.com.au/" "Mozilla/5.0 (Windows NT 10.0; Win64; x64; rv:114.0) Gecko/20100101 Firefox/114.0"
57.141.2.9 - - [20/Jul/2025:22:33:24 +0000] "GET /?f=14485391041490& HTTP/1.1" 301 - "-" "meta-externalagent/1.1 (+https://developers.facebook.com/docs/sharing/webmasters/crawler)"
66.249.73.128 - - [20/Jul/2025:22:34:07 +0000] "GET /?f=54242486031490&mod=92b6250f&uri=shared.php?shopdetail/54384344 HTTP/1.1" 200 18768 "-" "Mozilla/5.0 (Linux; Android 6.0.1; Nexus 5X Build/MMB29P) AppleWebKit/537.36 (KHTML, like Gecko) Chrome/137.0.7151.103 Mobile Safari/537.36 (compatible; Googlebot/2.1; +http://www.google.com/bot.html)"
57.141.2.28 - - [20/Jul/2025:22:38:35 +0000] "GET /?f=1580923071490& HTTP/1.1" 301 - "-" "meta-externalagent/1.1 (+https://developers.facebook.com/docs/sharing/webmasters/crawler)"
66.249.73.132 - - [20/Jul/2025:22:38:58 +0000] "GET /?f=86481265001490&mod=8e7035e0&uri=product.php?shopdetail/57080808 HTTP/1.1" 200 19764 "-" "Mozilla/5.0 (Linux; Android 6.0.1; Nexus 5X Build/MMB29P) AppleWebKit/537.36 (KHTML, like Gecko) Chrome/137.0.7151.103 Mobile Safari/537.36 (compatible; Googlebot/2.1; +http://www.google.com/bot.html)"
66.249.73.132 - - [20/Jul/2025:22:39:22 +0000] "GET /?f=5775327031490&mod=0e98aeeb&uri=form.php?shopdetail/84287316 HTTP/1.1" 200 18762 "-" "Mozilla/5.0 (Linux; Android 6.0.1; Nexus 5X Build/MMB29P) AppleWebKit/537.36 (KHTML, like Gecko) Chrome/137.0.7151.103 Mobile Safari/537.36 (compatible; Googlebot/2.1; +http://www.google.com/bot.html)"
57.141.2.6 - - [20/Jul/2025:22:40:22 +0000] "GET /?f=6965774011490& HTTP/1.1" 301 - "-" "meta-externalagent/1.1 (+https://developers.facebook.com/docs/sharing/webmasters/crawler)"
57.141.2.23 - - [20/Jul/2025:22:40:34 +0000] "GET /?f=6965774011490 HTTP/1.1" 200 111321 "-" "meta-externalagent/1.1 (+https://developers.facebook.com/docs/sharing/webmasters/crawler)"
45.227.253.15 - - [20/Jul/2025:22:44:13 +0000] "GET /index.php/jk HTTP/1.1" 200 59 "-" "Mozilla/5.0 (Macintosh; Intel Mac OS X 10.11; rv:103.0) Gecko/20100101 Firefox/101.0"
66.249.73.132 - - [20/Jul/2025:22:46:54 +0000] "GET /?f=76818286031490&mod=fe45e322&uri=news.php?shopdetail/1001054040 HTTP/1.1" 200 18940 "-" "Mozilla/5.0 (Linux; Android 6.0.1; Nexus 5X Build/MMB29P) AppleWebKit/537.36 (KHTML, like Gecko) Chrome/137.0.7151.103 Mobile Safari/537.36 (compatible; Googlebot/2.1; +http://www.google.com/bot.html)"
66.249.73.129 - - [20/Jul/2025:22:47:12 +0000] "POST /get-message-notify HTTP/1.1" 404 - "https://onlycnc.com.au/?f=76818286031490&mod=fe45e322&uri=news.php?shopdetail/1001054040" "Mozilla/5.0 (Linux; Android 6.0.1; Nexus 5X Build/MMB29P) AppleWebKit/537.36 (KHTML, like Gecko) Chrome/137.0.7151.119 Mobile Safari/537.36 (compatible; Googlebot/2.1; +http://www.google.com/bot.html)"
66.249.73.129 - - [20/Jul/2025:22:50:21 +0000] "GET /?f=5759847031490&mod=8f561e4c&uri=us.php?shopdetail/54399640 HTTP/1.1" 200 18043 "-" "Mozilla/5.0 (Linux; Android 6.0.1; Nexus 5X Build/MMB29P) AppleWebKit/537.36 (KHTML, like Gecko) Chrome/137.0.7151.103 Mobile Safari/537.36 (compatible; Googlebot/2.1; +http://www.google.com/bot.html)"
189.1.226.112 - - [20/Jul/2025:22:53:18 +0000] "GET /contact HTTP/1.1" 404 - "https://onlycnc.com.au/contact" "Mozilla/5.0 (Windows NT 10.0; Win64; x64) AppleWebKit/537.36 (KHTML, like Gecko) Chrome/107.0.0.0 Safari/537.36"
66.249.73.129 - - [20/Jul/2025:22:53:36 +0000] "GET /?f=54362658001490&mod=cdbe7ddc&uri=search.php?product/edit/O1728872233 HTTP/1.1" 200 19472 "-" "Mozilla/5.0 (Linux; Android 6.0.1; Nexus 5X Build/MMB29P) AppleWebKit/537.36 (KHTML, like Gecko) Chrome/137.0.7151.103 Mobile Safari/537.36 (compatible; Googlebot/2.1; +http://www.google.com/bot.html)"
57.141.2.7 - - [20/Jul/2025:22:55:15 +0000] "GET /?f=18529747001490& HTTP/1.1" 301 - "-" "meta-externalagent/1.1 (+https://developers.facebook.com/docs/sharing/webmasters/crawler)"
57.141.2.21 - - [20/Jul/2025:22:55:41 +0000] "GET /?f=18529747001490 HTTP/1.1" 200 111321 "-" "meta-externalagent/1.1 (+https://developers.facebook.com/docs/sharing/webmasters/crawler)"
66.249.73.128 - - [20/Jul/2025:22:57:07 +0000] "GET /?f=76818286031490&mod=fe45e322&uri=news.php?shopdetail/999516284 HTTP/1.1" 200 19459 "-" "Mozilla/5.0 (Linux; Android 6.0.1; Nexus 5X Build/MMB29P) AppleWebKit/537.36 (KHTML, like Gecko) Chrome/137.0.7151.103 Mobile Safari/537.36 (compatible; Googlebot/2.1; +http://www.google.com/bot.html)"
209.74.77.214 - - [20/Jul/2025:22:57:12 +0000] "POST /wp-cron.php?doing_wp_cron=1753052232.4094328880310058593750 HTTP/1.1" 200 - "-" "WordPress/6.8.2; https://onlycnc.com.au"
45.61.184.57 - - [20/Jul/2025:22:57:11 +0000] "GET /wp-login.php HTTP/1.1" 200 5755 "-" "Mozilla/5.0 (Windows NT 6.1) AppleWebKit/537.36 (KHTML, like Gecko) Chrome/36.0.1985.143 Safari/537.36"
45.61.184.57 - - [20/Jul/2025:22:57:12 +0000] "POST /wp-login.php HTTP/1.1" 200 6011 "-" "Mozilla/5.0 (Windows NT 6.1) AppleWebKit/537.36 (KHTML, like Gecko) Chrome/36.0.1985.143 Safari/537.36"
66.249.73.132 - - [20/Jul/2025:22:57:47 +0000] "POST /get-message-notify HTTP/1.1" 404 - "https://onlycnc.com.au/?f=76818286031490&mod=fe45e322&uri=news.php?shopdetail/999516284" "Mozilla/5.0 (Linux; Android 6.0.1; Nexus 5X Build/MMB29P) AppleWebKit/537.36 (KHTML, like Gecko) Chrome/137.0.7151.119 Mobile Safari/537.36 (compatible; Googlebot/2.1; +http://www.google.com/bot.html)"
66.249.73.132 - - [20/Jul/2025:23:00:16 +0000] "GET /?f=31756034031490&mod=ab88830c&uri=products.php?shopdetail/3254320 HTTP/1.1" 200 18847 "-" "Mozilla/5.0 (Linux; Android 6.0.1; Nexus 5X Build/MMB29P) AppleWebKit/537.36 (KHTML, like Gecko) Chrome/137.0.7151.103 Mobile Safari/537.36 (compatible; Googlebot/2.1; +http://www.google.com/bot.html)"
66.249.73.132 - - [20/Jul/2025:23:01:10 +0000] "GET /?f=86368574041490&mod=8f561e4c&uri=product.php?shopdetail/2497719508 HTTP/1.1" 200 18928 "-" "Mozilla/5.0 (Linux; Android 6.0.1; Nexus 5X Build/MMB29P) AppleWebKit/537.36 (KHTML, like Gecko) Chrome/137.0.7151.103 Mobile Safari/537.36 (compatible; Googlebot/2.1; +http://www.google.com/bot.html)"
66.249.73.128 - - [20/Jul/2025:23:01:58 +0000] "GET /?f=86376140031490&mod=8f561e4c&uri=dp.php?feature/campaign/index.html HTTP/1.1" 200 19390 "-" "Mozilla/5.0 (Linux; Android 6.0.1; Nexus 5X Build/MMB29P) AppleWebKit/537.36 (KHTML, like Gecko) Chrome/137.0.7151.103 Mobile Safari/537.36 (compatible; Googlebot/2.1; +http://www.google.com/bot.html)"
66.249.73.129 - - [20/Jul/2025:23:04:46 +0000] "GET /?f=5775327031490&mod=0e98aeeb&uri=form.php?shopdetail/61695576 HTTP/1.1" 200 19412 "-" "Mozilla/5.0 (Linux; Android 6.0.1; Nexus 5X Build/MMB29P) AppleWebKit/537.36 (KHTML, like Gecko) Chrome/137.0.7151.103 Mobile Safari/537.36 (compatible; Googlebot/2.1; +http://www.google.com/bot.html)"
66.249.73.129 - - [20/Jul/2025:23:05:00 +0000] "POST /get-message-notify HTTP/1.1" 404 - "https://onlycnc.com.au/?f=5775327031490&mod=0e98aeeb&uri=form.php?shopdetail/61695576" "Mozilla/5.0 (Linux; Android 6.0.1; Nexus 5X Build/MMB29P) AppleWebKit/537.36 (KHTML, like Gecko) Chrome/137.0.7151.119 Mobile Safari/537.36 (compatible; Googlebot/2.1; +http://www.google.com/bot.html)"
66.249.73.128 - - [20/Jul/2025:23:24:18 +0000] "GET /?f=5962301021490&mod=9cecbb6f&uri=category-info.php%3Fid%3D199102-344%26name%3Dnike+shorts+built+in+compression HTTP/1.1" 200 19032 "-" "Mozilla/5.0 (Linux; Android 6.0.1; Nexus 5X Build/MMB29P) AppleWebKit/537.36 (KHTML, like Gecko) Chrome/137.0.7151.103 Mobile Safari/537.36 (compatible; Googlebot/2.1; +http://www.google.com/bot.html)"
66.249.73.128 - - [20/Jul/2025:23:25:12 +0000] "GET /?f=5958971111490&mod=9cecbb6f&uri=category-info.php%3Fid%3D198991-344%26name%3Drunning+leggings+short+length HTTP/1.1" 200 19028 "-" "Mozilla/5.0 (Linux; Android 6.0.1; Nexus 5X Build/MMB29P) AppleWebKit/537.36 (KHTML, like Gecko) Chrome/137.0.7151.103 Mobile Safari/537.36 (compatible; Googlebot/2.1; +http://www.google.com/bot.html)"
57.141.2.14 - - [20/Jul/2025:23:26:45 +0000] "GET /?f=27370512001490& HTTP/1.1" 301 - "-" "meta-externalagent/1.1 (+https://developers.facebook.com/docs/sharing/webmasters/crawler)"
66.249.73.128 - - [20/Jul/2025:23:26:54 +0000] "GET /?f=5964371011490&mod=9cecbb6f&uri=category-info.php?hobby/boardgame/index.html HTTP/1.1" 200 19303 "-" "Mozilla/5.0 (Linux; Android 6.0.1; Nexus 5X Build/MMB29P) AppleWebKit/537.36 (KHTML, like Gecko) Chrome/137.0.7151.103 Mobile Safari/537.36 (compatible; Googlebot/2.1; +http://www.google.com/bot.html)"
66.249.73.128 - - [20/Jul/2025:23:27:16 +0000] "GET /?f=5960321011490&mod=9cecbb6f&uri=brands.php%3Fid%3D199036-344%26name%3Dsize+to+eu HTTP/1.1" 200 18982 "-" "Mozilla/5.0 (Linux; Android 6.0.1; Nexus 5X Build/MMB29P) AppleWebKit/537.36 (KHTML, like Gecko) Chrome/137.0.7151.103 Mobile Safari/537.36 (compatible; Googlebot/2.1; +http://www.google.com/bot.html)"
66.249.73.128 - - [20/Jul/2025:23:27:43 +0000] "GET /?f=5962661031490&mod=9cecbb6f&uri=us.php%3Fid%3D199114-344%26name%3Dnike+new+stuff HTTP/1.1" 200 18972 "-" "Mozilla/5.0 (Linux; Android 6.0.1; Nexus 5X Build/MMB29P) AppleWebKit/537.36 (KHTML, like Gecko) Chrome/137.0.7151.103 Mobile Safari/537.36 (compatible; Googlebot/2.1; +http://www.google.com/bot.html)"
66.249.73.128 - - [20/Jul/2025:23:27:46 +0000] "GET /?f=5604769041490&mod=b4aaa9db&uri=form.php?shopdetail/60166428 HTTP/1.1" 200 18443 "-" "Mozilla/5.0 (Linux; Android 6.0.1; Nexus 5X Build/MMB29P) AppleWebKit/537.36 (KHTML, like Gecko) Chrome/137.0.7151.103 Mobile Safari/537.36 (compatible; Googlebot/2.1; +http://www.google.com/bot.html)"
57.141.2.9 - - [20/Jul/2025:23:29:08 +0000] "GET /?f=89992533031490& HTTP/1.1" 301 - "-" "meta-externalagent/1.1 (+https://developers.facebook.com/docs/sharing/webmasters/crawler)"
66.249.73.129 - - [20/Jul/2025:23:29:11 +0000] "POST /get-message-notify HTTP/1.1" 404 - "https://onlycnc.com.au/?f=5962661031490&mod=9cecbb6f&uri=us.php%3Fid%3D199114-344%26name%3Dnike+new+stuff" "Mozilla/5.0 (Linux; Android 6.0.1; Nexus 5X Build/MMB29P) AppleWebKit/537.36 (KHTML, like Gecko) Chrome/137.0.7151.119 Mobile Safari/537.36 (compatible; Googlebot/2.1; +http://www.google.com/bot.html)"
66.249.73.132 - - [20/Jul/2025:23:29:14 +0000] "GET /?f=5959151021490&mod=9cecbb6f&uri=search.php%3Fid%3D198997-344%26name%3Deur36+to+us+shoe+size HTTP/1.1" 200 19008 "-" "Mozilla/5.0 (Linux; Android 6.0.1; Nexus 5X Build/MMB29P) AppleWebKit/537.36 (KHTML, like Gecko) Chrome/137.0.7151.103 Mobile Safari/537.36 (compatible; Googlebot/2.1; +http://www.google.com/bot.html)"
66.249.73.132 - - [20/Jul/2025:23:29:16 +0000] "POST /get-message-notify HTTP/1.1" 404 - "https://onlycnc.com.au/?f=5959151021490&mod=9cecbb6f&uri=search.php%3Fid%3D198997-344%26name%3Deur36+to+us+shoe+size" "Mozilla/5.0 (Linux; Android 6.0.1; Nexus 5X Build/MMB29P) AppleWebKit/537.36 (KHTML, like Gecko) Chrome/137.0.7151.119 Mobile Safari/537.36 (compatible; Googlebot/2.1; +http://www.google.com/bot.html)"
