66.249.73.132 - - [20/Jul/2025:23:29:23 +0000] "GET /?f=5963921111490&mod=9cecbb6f&uri=pin.php?shopdetail/3249816 HTTP/1.1" 200 19462 "-" "Mozilla/5.0 (Linux; Android 6.0.1; Nexus 5X Build/MMB29P) AppleWebKit/537.36 (KHTML, like Gecko) Chrome/137.0.7151.103 Mobile Safari/537.36 (compatible; Googlebot/2.1; +http://www.google.com/bot.html)"
66.249.73.132 - - [20/Jul/2025:23:29:51 +0000] "GET /?f=5962121011490&mod=9cecbb6f&uri=info.php%3Fid%3D199096-344%26name%3Drm+williams+boot+sizes HTTP/1.1" 200 19002 "-" "Mozilla/5.0 (Linux; Android 6.0.1; Nexus 5X Build/MMB29P) AppleWebKit/537.36 (KHTML, like Gecko) Chrome/137.0.7151.103 Mobile Safari/537.36 (compatible; Googlebot/2.1; +http://www.google.com/bot.html)"
66.249.73.128 - - [20/Jul/2025:23:30:09 +0000] "GET /?f=5775327031490&mod=0e98aeeb&uri=form.php?shopdetail/58399352 HTTP/1.1" 200 19106 "-" "Mozilla/5.0 (Linux; Android 6.0.1; Nexus 5X Build/MMB29P) AppleWebKit/537.36 (KHTML, like Gecko) Chrome/137.0.7151.103 Mobile Safari/537.36 (compatible; Googlebot/2.1; +http://www.google.com/bot.html)"
66.249.73.128 - - [20/Jul/2025:23:30:13 +0000] "POST /get-message-notify HTTP/1.1" 404 - "https://onlycnc.com.au/?f=5775327031490&mod=0e98aeeb&uri=form.php?shopdetail/58399352" "Mozilla/5.0 (Linux; Android 6.0.1; Nexus 5X Build/MMB29P) AppleWebKit/537.36 (KHTML, like Gecko) Chrome/137.0.7151.119 Mobile Safari/537.36 (compatible; Googlebot/2.1; +http://www.google.com/bot.html)"
66.249.73.128 - - [20/Jul/2025:23:31:13 +0000] "GET /?f=5960861091490&mod=9cecbb6f&uri=info.php%3Fid%3D199054-344%26name%3Drunning+gear+on+sale HTTP/1.1" 200 18997 "-" "Mozilla/5.0 (Linux; Android 6.0.1; Nexus 5X Build/MMB29P) AppleWebKit/537.36 (KHTML, like Gecko) Chrome/137.0.7151.103 Mobile Safari/537.36 (compatible; Googlebot/2.1; +http://www.google.com/bot.html)"
66.249.73.128 - - [20/Jul/2025:23:31:24 +0000] "GET /?f=5763027031490&mod=8f561e4c&uri=category-info.php?shopdetail/57278180 HTTP/1.1" 200 18378 "-" "Mozilla/5.0 (Linux; Android 6.0.1; Nexus 5X Build/MMB29P) AppleWebKit/537.36 (KHTML, like Gecko) Chrome/137.0.7151.103 Mobile Safari/537.36 (compatible; Googlebot/2.1; +http://www.google.com/bot.html)"
66.249.73.132 - - [20/Jul/2025:23:31:49 +0000] "GET /?f=5763027031490&mod=8f561e4c&uri=category-info.php?shopdetail/59938208 HTTP/1.1" 200 18724 "-" "Mozilla/5.0 (Linux; Android 6.0.1; Nexus 5X Build/MMB29P) AppleWebKit/537.36 (KHTML, like Gecko) Chrome/137.0.7151.103 Mobile Safari/537.36 (compatible; Googlebot/2.1; +http://www.google.com/bot.html)"
66.249.73.132 - - [20/Jul/2025:23:31:51 +0000] "POST /get-message-notify HTTP/1.1" 404 - "https://onlycnc.com.au/?f=5763027031490&mod=8f561e4c&uri=category-info.php?shopdetail/59938208" "Mozilla/5.0 (Linux; Android 6.0.1; Nexus 5X Build/MMB29P) AppleWebKit/537.36 (KHTML, like Gecko) Chrome/137.0.7151.119 Mobile Safari/537.36 (compatible; Googlebot/2.1; +http://www.google.com/bot.html)"
66.249.73.132 - - [20/Jul/2025:23:31:52 +0000] "GET /?f=5961401011490&mod=9cecbb6f&uri=blog.php%3Fid%3D199072-344%26name%3Drm+williams+shorts HTTP/1.1" 200 18997 "-" "Mozilla/5.0 (Linux; Android 6.0.1; Nexus 5X Build/MMB29P) AppleWebKit/537.36 (KHTML, like Gecko) Chrome/137.0.7151.103 Mobile Safari/537.36 (compatible; Googlebot/2.1; +http://www.google.com/bot.html)"
57.141.2.17 - - [20/Jul/2025:23:32:02 +0000] "GET /?f=89510296031490& HTTP/1.1" 301 - "-" "meta-externalagent/1.1 (+https://developers.facebook.com/docs/sharing/webmasters/crawler)"
66.249.73.129 - - [20/Jul/2025:23:32:31 +0000] "POST /get-message-notify HTTP/1.1" 404 - "https://onlycnc.com.au/?f=5961401011490&mod=9cecbb6f&uri=blog.php%3Fid%3D199072-344%26name%3Drm+williams+shorts" "Mozilla/5.0 (Linux; Android 6.0.1; Nexus 5X Build/MMB29P) AppleWebKit/537.36 (KHTML, like Gecko) Chrome/137.0.7151.119 Mobile Safari/537.36 (compatible; Googlebot/2.1; +http://www.google.com/bot.html)"
66.249.73.129 - - [20/Jul/2025:23:32:33 +0000] "GET /?f=101662253021490&mod=02ddce85&uri=itm.php%3Fid%3D3392761-155%26name%3Dms650+rear+speakers HTTP/1.1" 200 19004 "-" "Mozilla/5.0 (Linux; Android 6.0.1; Nexus 5X Build/MMB29P) AppleWebKit/537.36 (KHTML, like Gecko) Chrome/137.0.7151.103 Mobile Safari/537.36 (compatible; Googlebot/2.1; +http://www.google.com/bot.html)"
66.249.73.132 - - [20/Jul/2025:23:33:20 +0000] "GET /?f=5958791001490&mod=9cecbb6f&uri=category-info.php%3Fid%3D198985-344%26name%3Dshoe+size+in+eu HTTP/1.1" 200 19006 "-" "Mozilla/5.0 (Linux; Android 6.0.1; Nexus 5X Build/MMB29P) AppleWebKit/537.36 (KHTML, like Gecko) Chrome/137.0.7151.103 Mobile Safari/537.36 (compatible; Googlebot/2.1; +http://www.google.com/bot.html)"
66.249.73.132 - - [20/Jul/2025:23:33:33 +0000] "GET /?f=5763027031490&mod=8f561e4c&uri=category-info.php?product/edit/O3476399651 HTTP/1.1" 200 18441 "-" "Mozilla/5.0 (Linux; Android 6.0.1; Nexus 5X Build/MMB29P) AppleWebKit/537.36 (KHTML, like Gecko) Chrome/137.0.7151.103 Mobile Safari/537.36 (compatible; Googlebot/2.1; +http://www.google.com/bot.html)"
66.249.73.128 - - [20/Jul/2025:23:33:33 +0000] "GET /?f=5763027031490&mod=8f561e4c&uri=category-info.php?shopdetail/57529476 HTTP/1.1" 200 18605 "-" "Mozilla/5.0 (Linux; Android 6.0.1; Nexus 5X Build/MMB29P) AppleWebKit/537.36 (KHTML, like Gecko) Chrome/137.0.7151.103 Mobile Safari/537.36 (compatible; Googlebot/2.1; +http://www.google.com/bot.html)"
66.249.73.128 - - [20/Jul/2025:23:34:01 +0000] "GET /?f=5960501051490&mod=9cecbb6f&uri=shop.php%3Fid%3D199042-344%26name%3Dkeen+footwear+store HTTP/1.1" 200 18992 "-" "Mozilla/5.0 (Linux; Android 6.0.1; Nexus 5X Build/MMB29P) AppleWebKit/537.36 (KHTML, like Gecko) Chrome/137.0.7151.103 Mobile Safari/537.36 (compatible; Googlebot/2.1; +http://www.google.com/bot.html)"
57.141.2.18 - - [20/Jul/2025:23:34:26 +0000] "GET /?f=101841804121490& HTTP/1.1" 301 - "-" "meta-externalagent/1.1 (+https://developers.facebook.com/docs/sharing/webmasters/crawler)"
57.141.2.22 - - [20/Jul/2025:23:34:32 +0000] "GET /?f=101841804121490 HTTP/1.1" 200 111321 "-" "meta-externalagent/1.1 (+https://developers.facebook.com/docs/sharing/webmasters/crawler)"
66.249.73.132 - - [20/Jul/2025:23:34:35 +0000] "GET /?f=5604769041490&mod=b4aaa9db&uri=form.php?shopdetail/60178576 HTTP/1.1" 200 19384 "-" "Mozilla/5.0 (Linux; Android 6.0.1; Nexus 5X Build/MMB29P) AppleWebKit/537.36 (KHTML, like Gecko) Chrome/137.0.7151.103 Mobile Safari/537.36 (compatible; Googlebot/2.1; +http://www.google.com/bot.html)"
66.249.73.132 - - [20/Jul/2025:23:34:41 +0000] "GET /?f=104126175001490&mod=02ddce85&uri=goods.php%3Fid%3D3475013-155%26name%3Dbox+speaker+array HTTP/1.1" 200 19008 "-" "Mozilla/5.0 (Linux; Android 6.0.1; Nexus 5X Build/MMB29P) AppleWebKit/537.36 (KHTML, like Gecko) Chrome/137.0.7151.103 Mobile Safari/537.36 (compatible; Googlebot/2.1; +http://www.google.com/bot.html)"
66.249.73.132 - - [20/Jul/2025:23:34:45 +0000] "GET /?f=54242486031490&mod=92b6250f&uri=shared.php?shopdetail/52930260 HTTP/1.1" 200 19044 "-" "Mozilla/5.0 (Linux; Android 6.0.1; Nexus 5X Build/MMB29P) AppleWebKit/537.36 (KHTML, like Gecko) Chrome/137.0.7151.103 Mobile Safari/537.36 (compatible; Googlebot/2.1; +http://www.google.com/bot.html)"
66.249.73.132 - - [20/Jul/2025:23:34:46 +0000] "POST /get-message-notify HTTP/1.1" 404 - "https://onlycnc.com.au/?f=104126175001490&mod=02ddce85&uri=goods.php%3Fid%3D3475013-155%26name%3Dbox+speaker+array" "Mozilla/5.0 (Linux; Android 6.0.1; Nexus 5X Build/MMB29P) AppleWebKit/537.36 (KHTML, like Gecko) Chrome/137.0.7151.119 Mobile Safari/537.36 (compatible; Googlebot/2.1; +http://www.google.com/bot.html)"
66.249.73.129 - - [20/Jul/2025:23:35:18 +0000] "GET /?f=5775327031490&mod=0e98aeeb&uri=form.php?shopdetail/59298864 HTTP/1.1" 200 19472 "-" "Mozilla/5.0 (Linux; Android 6.0.1; Nexus 5X Build/MMB29P) AppleWebKit/537.36 (KHTML, like Gecko) Chrome/137.0.7151.103 Mobile Safari/537.36 (compatible; Googlebot/2.1; +http://www.google.com/bot.html)"
66.249.73.132 - - [20/Jul/2025:23:35:22 +0000] "GET /?f=5961311021490&mod=9cecbb6f&uri=brands.php%3Fid%3D199069-344%26name%3Dlands+end+tennis+shoes HTTP/1.1" 200 19009 "-" "Mozilla/5.0 (Linux; Android 6.0.1; Nexus 5X Build/MMB29P) AppleWebKit/537.36 (KHTML, like Gecko) Chrome/137.0.7151.103 Mobile Safari/537.36 (compatible; Googlebot/2.1; +http://www.google.com/bot.html)"
66.249.73.132 - - [20/Jul/2025:23:35:42 +0000] "GET /?f=5691630001490&mod=2461d182&uri=news.php?shopdetail/54284984 HTTP/1.1" 200 18930 "-" "Mozilla/5.0 (Linux; Android 6.0.1; Nexus 5X Build/MMB29P) AppleWebKit/537.36 (KHTML, like Gecko) Chrome/137.0.7151.103 Mobile Safari/537.36 (compatible; Googlebot/2.1; +http://www.google.com/bot.html)"
66.249.73.129 - - [20/Jul/2025:23:36:14 +0000] "GET /?f=5763027031490&mod=8f561e4c&uri=category-info.php?shopdetail/62199380 HTTP/1.1" 200 18447 "-" "Mozilla/5.0 (Linux; Android 6.0.1; Nexus 5X Build/MMB29P) AppleWebKit/537.36 (KHTML, like Gecko) Chrome/137.0.7151.103 Mobile Safari/537.36 (compatible; Googlebot/2.1; +http://www.google.com/bot.html)"
66.249.73.129 - - [20/Jul/2025:23:36:17 +0000] "POST /get-message-notify HTTP/1.1" 404 - "https://onlycnc.com.au/?f=5691630001490&mod=2461d182&uri=news.php?shopdetail/54284984" "Mozilla/5.0 (Linux; Android 6.0.1; Nexus 5X Build/MMB29P) AppleWebKit/537.36 (KHTML, like Gecko) Chrome/137.0.7151.119 Mobile Safari/537.36 (compatible; Googlebot/2.1; +http://www.google.com/bot.html)"
57.141.2.29 - - [20/Jul/2025:23:36:18 +0000] "GET /?f=110672137081490& HTTP/1.1" 301 - "-" "meta-externalagent/1.1 (+https://developers.facebook.com/docs/sharing/webmasters/crawler)"
57.141.2.17 - - [20/Jul/2025:23:36:41 +0000] "GET /?f=110672137081490 HTTP/1.1" 200 111321 "-" "meta-externalagent/1.1 (+https://developers.facebook.com/docs/sharing/webmasters/crawler)"
66.249.73.132 - - [20/Jul/2025:23:37:08 +0000] "GET /?f=5604769041490&mod=b4aaa9db&uri=form.php?shopdetail/60209424 HTTP/1.1" 200 19322 "-" "Mozilla/5.0 (Linux; Android 6.0.1; Nexus 5X Build/MMB29P) AppleWebKit/537.36 (KHTML, like Gecko) Chrome/137.0.7151.103 Mobile Safari/537.36 (compatible; Googlebot/2.1; +http://www.google.com/bot.html)"
66.249.73.132 - - [20/Jul/2025:23:38:25 +0000] "GET /?f=5691630001490&mod=2461d182&uri=news.php?shopdetail/54290580 HTTP/1.1" 200 19061 "-" "Mozilla/5.0 (Linux; Android 6.0.1; Nexus 5X Build/MMB29P) AppleWebKit/537.36 (KHTML, like Gecko) Chrome/137.0.7151.103 Mobile Safari/537.36 (compatible; Googlebot/2.1; +http://www.google.com/bot.html)"
66.249.73.132 - - [20/Jul/2025:23:38:32 +0000] "POST /get-message-notify HTTP/1.1" 404 - "https://onlycnc.com.au/?f=5691630001490&mod=2461d182&uri=news.php?shopdetail/54290580" "Mozilla/5.0 (Linux; Android 6.0.1; Nexus 5X Build/MMB29P) AppleWebKit/537.36 (KHTML, like Gecko) Chrome/137.0.7151.119 Mobile Safari/537.36 (compatible; Googlebot/2.1; +http://www.google.com/bot.html)"
66.249.73.128 - - [20/Jul/2025:23:39:16 +0000] "GET /?f=5759847031490&mod=8f561e4c&uri=us.php?shopdetail/54401824 HTTP/1.1" 200 19346 "-" "Mozilla/5.0 (Linux; Android 6.0.1; Nexus 5X Build/MMB29P) AppleWebKit/537.36 (KHTML, like Gecko) Chrome/137.0.7151.103 Mobile Safari/537.36 (compatible; Googlebot/2.1; +http://www.google.com/bot.html)"
66.249.73.129 - - [20/Jul/2025:23:40:18 +0000] "GET /?f=25472362031490&mod=9cecbb6f&uri=news.php?shopdetail/62943552 HTTP/1.1" 200 19270 "-" "Mozilla/5.0 (Linux; Android 6.0.1; Nexus 5X Build/MMB29P) AppleWebKit/537.36 (KHTML, like Gecko) Chrome/137.0.7151.103 Mobile Safari/537.36 (compatible; Googlebot/2.1; +http://www.google.com/bot.html)"
66.249.73.132 - - [20/Jul/2025:23:40:53 +0000] "GET /?f=5963111021490&mod=9cecbb6f&uri=info.php%3Fid%3D199129-344%26name%3Dhalf+inch+heel+shoes HTTP/1.1" 200 19001 "-" "Mozilla/5.0 (Linux; Android 6.0.1; Nexus 5X Build/MMB29P) AppleWebKit/537.36 (KHTML, like Gecko) Chrome/137.0.7151.103 Mobile Safari/537.36 (compatible; Googlebot/2.1; +http://www.google.com/bot.html)"
66.249.73.129 - - [20/Jul/2025:23:41:04 +0000] "GET /?f=5963021011490&mod=9cecbb6f&uri=article.php%3Fid%3D199126-344%26name%3Dheavy+sole+sports+shoes HTTP/1.1" 200 19019 "-" "Mozilla/5.0 (Linux; Android 6.0.1; Nexus 5X Build/MMB29P) AppleWebKit/537.36 (KHTML, like Gecko) Chrome/137.0.7151.103 Mobile Safari/537.36 (compatible; Googlebot/2.1; +http://www.google.com/bot.html)"
66.249.73.132 - - [20/Jul/2025:23:41:07 +0000] "POST /get-message-notify HTTP/1.1" 404 - "https://onlycnc.com.au/?f=5963021011490&mod=9cecbb6f&uri=article.php%3Fid%3D199126-344%26name%3Dheavy+sole+sports+shoes" "Mozilla/5.0 (Linux; Android 6.0.1; Nexus 5X Build/MMB29P) AppleWebKit/537.36 (KHTML, like Gecko) Chrome/137.0.7151.119 Mobile Safari/537.36 (compatible; Googlebot/2.1; +http://www.google.com/bot.html)"
66.249.73.132 - - [20/Jul/2025:23:41:08 +0000] "GET /?f=5964641051490&mod=9cecbb6f&uri=us.php%3Fid%3D199180-344%26name%3Dmainplace+shoe+stores HTTP/1.1" 200 18975 "-" "Mozilla/5.0 (Linux; Android 6.0.1; Nexus 5X Build/MMB29P) AppleWebKit/537.36 (KHTML, like Gecko) Chrome/137.0.7151.103 Mobile Safari/537.36 (compatible; Googlebot/2.1; +http://www.google.com/bot.html)"
66.249.73.128 - - [20/Jul/2025:23:41:11 +0000] "POST /get-message-notify HTTP/1.1" 404 - "https://onlycnc.com.au/?f=5964641051490&mod=9cecbb6f&uri=us.php%3Fid%3D199180-344%26name%3Dmainplace+shoe+stores" "Mozilla/5.0 (Linux; Android 6.0.1; Nexus 5X Build/MMB29P) AppleWebKit/537.36 (KHTML, like Gecko) Chrome/137.0.7151.119 Mobile Safari/537.36 (compatible; Googlebot/2.1; +http://www.google.com/bot.html)"
66.249.73.132 - - [20/Jul/2025:23:49:19 +0000] "GET /?f=5903651061490&mod=02ddce85&uri=dp.php?shopdetail/3294996 HTTP/1.1" 200 19202 "-" "Mozilla/5.0 (Linux; Android 6.0.1; Nexus 5X Build/MMB29P) AppleWebKit/537.36 (KHTML, like Gecko) Chrome/137.0.7151.103 Mobile Safari/537.36 (compatible; Googlebot/2.1; +http://www.google.com/bot.html)"
57.141.2.16 - - [20/Jul/2025:23:49:45 +0000] "GET /?f=100633798021490& HTTP/1.1" 301 - "-" "meta-externalagent/1.1 (+https://developers.facebook.com/docs/sharing/webmasters/crawler)"
57.141.2.30 - - [20/Jul/2025:23:50:10 +0000] "GET /?f=100633798021490 HTTP/1.1" 200 111321 "-" "meta-externalagent/1.1 (+https://developers.facebook.com/docs/sharing/webmasters/crawler)"
66.249.73.132 - - [20/Jul/2025:23:51:30 +0000] "GET /?f=86368574041490&mod=8f561e4c&uri=product.php?shopdetail/55128516 HTTP/1.1" 200 19266 "-" "Mozilla/5.0 (Linux; Android 6.0.1; Nexus 5X Build/MMB29P) AppleWebKit/537.36 (KHTML, like Gecko) Chrome/137.0.7151.103 Mobile Safari/537.36 (compatible; Googlebot/2.1; +http://www.google.com/bot.html)"
66.249.73.132 - - [20/Jul/2025:23:51:33 +0000] "POST /get-message-notify HTTP/1.1" 404 - "https://onlycnc.com.au/?f=86368574041490&mod=8f561e4c&uri=product.php?shopdetail/55128516" "Mozilla/5.0 (Linux; Android 6.0.1; Nexus 5X Build/MMB29P) AppleWebKit/537.36 (KHTML, like Gecko) Chrome/137.0.7151.119 Mobile Safari/537.36 (compatible; Googlebot/2.1; +http://www.google.com/bot.html)"
57.141.2.23 - - [20/Jul/2025:23:54:02 +0000] "GET /?f=78264516031490& HTTP/1.1" 301 - "-" "meta-externalagent/1.1 (+https://developers.facebook.com/docs/sharing/webmasters/crawler)"
173.252.83.11 - - [20/Jul/2025:23:54:15 +0000] "GET /robots.txt HTTP/1.1" 206 125 "-" "facebookexternalhit/1.1 (+http://www.facebook.com/externalhit_uatext.php)"
66.249.73.128 - - [20/Jul/2025:23:54:27 +0000] "GET /?f=5729586001490&mod=06524331&uri=form.php?recruit HTTP/1.1" 200 19293 "-" "Mozilla/5.0 (Linux; Android 6.0.1; Nexus 5X Build/MMB29P) AppleWebKit/537.36 (KHTML, like Gecko) Chrome/137.0.7151.103 Mobile Safari/537.36 (compatible; Googlebot/2.1; +http://www.google.com/bot.html)"
66.249.73.132 - - [20/Jul/2025:23:54:30 +0000] "POST /get-message-notify HTTP/1.1" 404 - "https://onlycnc.com.au/?f=5729586001490&mod=06524331&uri=form.php?recruit" "Mozilla/5.0 (Linux; Android 6.0.1; Nexus 5X Build/MMB29P) AppleWebKit/537.36 (KHTML, like Gecko) Chrome/137.0.7151.119 Mobile Safari/537.36 (compatible; Googlebot/2.1; +http://www.google.com/bot.html)"
57.141.2.23 - - [20/Jul/2025:23:56:19 +0000] "GET /?f=93792405081490& HTTP/1.1" 301 - "-" "meta-externalagent/1.1 (+https://developers.facebook.com/docs/sharing/webmasters/crawler)"
209.74.77.214 - - [20/Jul/2025:23:56:35 +0000] "POST /wp-cron.php?doing_wp_cron=1753055795.1642339229583740234375 HTTP/1.1" 200 - "-" "WordPress/6.8.2; https://onlycnc.com.au"
57.141.2.20 - - [20/Jul/2025:23:56:34 +0000] "GET /?f=93792405081490 HTTP/1.1" 200 111321 "-" "meta-externalagent/1.1 (+https://developers.facebook.com/docs/sharing/webmasters/crawler)"
66.249.73.128 - - [20/Jul/2025:23:58:33 +0000] "GET /?f=54362658001490&mod=cdbe7ddc&uri=search.php?shopdetail/56908832 HTTP/1.1" 200 19030 "-" "Mozilla/5.0 (Linux; Android 6.0.1; Nexus 5X Build/MMB29P) AppleWebKit/537.36 (KHTML, like Gecko) Chrome/137.0.7151.103 Mobile Safari/537.36 (compatible; Googlebot/2.1; +http://www.google.com/bot.html)"
57.141.2.6 - - [20/Jul/2025:23:58:40 +0000] "GET /?f=97640476131490& HTTP/1.1" 301 - "-" "meta-externalagent/1.1 (+https://developers.facebook.com/docs/sharing/webmasters/crawler)"
57.141.2.9 - - [20/Jul/2025:23:58:56 +0000] "GET /?f=97640476131490 HTTP/1.1" 200 111321 "-" "meta-externalagent/1.1 (+https://developers.facebook.com/docs/sharing/webmasters/crawler)"
66.249.73.129 - - [20/Jul/2025:23:59:50 +0000] "GET /?f=54362658001490&mod=cdbe7ddc&uri=search.php?shopdetail/58286752 HTTP/1.1" 200 18520 "-" "Mozilla/5.0 (Linux; Android 6.0.1; Nexus 5X Build/MMB29P) AppleWebKit/537.36 (KHTML, like Gecko) Chrome/137.0.7151.103 Mobile Safari/537.36 (compatible; Googlebot/2.1; +http://www.google.com/bot.html)"
66.249.73.132 - - [21/Jul/2025:00:00:09 +0000] "GET /?f=25472362031490&mod=9cecbb6f&uri=news.php?shopdetail/62998432 HTTP/1.1" 200 18351 "-" "Mozilla/5.0 (Linux; Android 6.0.1; Nexus 5X Build/MMB29P) AppleWebKit/537.36 (KHTML, like Gecko) Chrome/137.0.7151.103 Mobile Safari/537.36 (compatible; Googlebot/2.1; +http://www.google.com/bot.html)"
66.249.73.129 - - [21/Jul/2025:00:00:11 +0000] "POST /get-message-notify HTTP/1.1" 404 - "https://onlycnc.com.au/?f=25472362031490&mod=9cecbb6f&uri=news.php?shopdetail/62998432" "Mozilla/5.0 (Linux; Android 6.0.1; Nexus 5X Build/MMB29P) AppleWebKit/537.36 (KHTML, like Gecko) Chrome/137.0.7151.119 Mobile Safari/537.36 (compatible; Googlebot/2.1; +http://www.google.com/bot.html)"
66.249.73.128 - - [21/Jul/2025:00:01:46 +0000] "GET /?f=5759847031490&mod=8f561e4c&uri=us.php?shopdetail/55885928 HTTP/1.1" 200 19224 "-" "Mozilla/5.0 (Linux; Android 6.0.1; Nexus 5X Build/MMB29P) AppleWebKit/537.36 (KHTML, like Gecko) Chrome/137.0.7151.103 Mobile Safari/537.36 (compatible; Googlebot/2.1; +http://www.google.com/bot.html)"
57.141.2.8 - - [21/Jul/2025:00:02:29 +0000] "GET /?f=73667824001490& HTTP/1.1" 301 - "-" "meta-externalagent/1.1 (+https://developers.facebook.com/docs/sharing/webmasters/crawler)"
66.249.73.132 - - [21/Jul/2025:00:04:07 +0000] "GET /?f=5763027031490&mod=8f561e4c&uri=category-info.php?product/edit/O2769494329 HTTP/1.1" 200 19036 "-" "Mozilla/5.0 (Linux; Android 6.0.1; Nexus 5X Build/MMB29P) AppleWebKit/537.36 (KHTML, like Gecko) Chrome/137.0.7151.103 Mobile Safari/537.36 (compatible; Googlebot/2.1; +http://www.google.com/bot.html)"
57.141.2.27 - - [21/Jul/2025:00:04:17 +0000] "GET /?f=51152909031490& HTTP/1.1" 301 - "-" "meta-externalagent/1.1 (+https://developers.facebook.com/docs/sharing/webmasters/crawler)"
66.249.73.132 - - [21/Jul/2025:00:04:42 +0000] "GET /?f=5691630001490&mod=2461d182&uri=news.php?shopdetail/54273928 HTTP/1.1" 200 18520 "-" "Mozilla/5.0 (Linux; Android 6.0.1; Nexus 5X Build/MMB29P) AppleWebKit/537.36 (KHTML, like Gecko) Chrome/137.0.7151.103 Mobile Safari/537.36 (compatible; Googlebot/2.1; +http://www.google.com/bot.html)"
66.249.73.132 - - [21/Jul/2025:00:05:00 +0000] "GET /?f=31799924041490&mod=676207dd&uri=info.php?shopdetail/6145836 HTTP/1.1" 200 18732 "-" "Mozilla/5.0 (Linux; Android 6.0.1; Nexus 5X Build/MMB29P) AppleWebKit/537.36 (KHTML, like Gecko) Chrome/137.0.7151.103 Mobile Safari/537.36 (compatible; Googlebot/2.1; +http://www.google.com/bot.html)"
66.249.73.128 - - [21/Jul/2025:00:05:15 +0000] "POST /get-message-notify HTTP/1.1" 404 - "https://onlycnc.com.au/?f=31799924041490&mod=676207dd&uri=info.php?shopdetail/6145836" "Mozilla/5.0 (Linux; Android 6.0.1; Nexus 5X Build/MMB29P) AppleWebKit/537.36 (KHTML, like Gecko) Chrome/137.0.7151.119 Mobile Safari/537.36 (compatible; Googlebot/2.1; +http://www.google.com/bot.html)"
57.141.2.28 - - [21/Jul/2025:00:05:28 +0000] "GET /?f=51152909031490 HTTP/1.1" 200 111321 "-" "meta-externalagent/1.1 (+https://developers.facebook.com/docs/sharing/webmasters/crawler)"
66.249.73.128 - - [21/Jul/2025:00:08:06 +0000] "GET /?f=5691630001490&mod=2461d182&uri=news.php?shopdetail/54346680 HTTP/1.1" 200 18790 "-" "Mozilla/5.0 (Linux; Android 6.0.1; Nexus 5X Build/MMB29P) AppleWebKit/537.36 (KHTML, like Gecko) Chrome/137.0.7151.103 Mobile Safari/537.36 (compatible; Googlebot/2.1; +http://www.google.com/bot.html)"
66.249.73.132 - - [21/Jul/2025:00:08:12 +0000] "GET /?f=31799924041490&mod=676207dd&uri=info.php?shopdetail/6127136 HTTP/1.1" 200 19320 "-" "Mozilla/5.0 (Linux; Android 6.0.1; Nexus 5X Build/MMB29P) AppleWebKit/537.36 (KHTML, like Gecko) Chrome/137.0.7151.103 Mobile Safari/537.36 (compatible; Googlebot/2.1; +http://www.google.com/bot.html)"
66.249.73.132 - - [21/Jul/2025:00:08:14 +0000] "POST /get-message-notify HTTP/1.1" 404 - "https://onlycnc.com.au/?f=31799924041490&mod=676207dd&uri=info.php?shopdetail/6127136" "Mozilla/5.0 (Linux; Android 6.0.1; Nexus 5X Build/MMB29P) AppleWebKit/537.36 (KHTML, like Gecko) Chrome/137.0.7151.119 Mobile Safari/537.36 (compatible; Googlebot/2.1; +http://www.google.com/bot.html)"
66.249.73.132 - - [21/Jul/2025:00:08:24 +0000] "GET /?f=5759847031490&mod=8f561e4c&uri=us.php?shopdetail/54366608 HTTP/1.1" 200 19382 "-" "Mozilla/5.0 (Linux; Android 6.0.1; Nexus 5X Build/MMB29P) AppleWebKit/537.36 (KHTML, like Gecko) Chrome/137.0.7151.103 Mobile Safari/537.36 (compatible; Googlebot/2.1; +http://www.google.com/bot.html)"
66.249.73.128 - - [21/Jul/2025:00:09:11 +0000] "POST /get-message-notify HTTP/1.1" 404 - "https://onlycnc.com.au/?f=5759847031490&mod=8f561e4c&uri=us.php?shopdetail/54366608" "Mozilla/5.0 (Linux; Android 6.0.1; Nexus 5X Build/MMB29P) AppleWebKit/537.36 (KHTML, like Gecko) Chrome/137.0.7151.119 Mobile Safari/537.36 (compatible; Googlebot/2.1; +http://www.google.com/bot.html)"
66.249.73.128 - - [21/Jul/2025:00:10:01 +0000] "GET /?f=86376140031490&mod=8f561e4c&uri=dp.php?shopdetail/3303868 HTTP/1.1" 200 19593 "-" "Mozilla/5.0 (Linux; Android 6.0.1; Nexus 5X Build/MMB29P) AppleWebKit/537.36 (KHTML, like Gecko) Chrome/137.0.7151.103 Mobile Safari/537.36 (compatible; Googlebot/2.1; +http://www.google.com/bot.html)"
66.249.73.129 - - [21/Jul/2025:00:10:02 +0000] "GET /?f=5729586001490&mod=06524331&uri=form.php?shopdetail/57098424 HTTP/1.1" 200 19605 "-" "Mozilla/5.0 (Linux; Android 6.0.1; Nexus 5X Build/MMB29P) AppleWebKit/537.36 (KHTML, like Gecko) Chrome/137.0.7151.103 Mobile Safari/537.36 (compatible; Googlebot/2.1; +http://www.google.com/bot.html)"
66.249.73.132 - - [21/Jul/2025:00:10:07 +0000] "POST /get-message-notify HTTP/1.1" 404 - "https://onlycnc.com.au/?f=5729586001490&mod=06524331&uri=form.php?shopdetail/57098424" "Mozilla/5.0 (Linux; Android 6.0.1; Nexus 5X Build/MMB29P) AppleWebKit/537.36 (KHTML, like Gecko) Chrome/137.0.7151.119 Mobile Safari/537.36 (compatible; Googlebot/2.1; +http://www.google.com/bot.html)"
66.249.73.132 - - [21/Jul/2025:00:10:09 +0000] "GET /?f=86376140031490&mod=8f561e4c&uri=dp.php?shopdetail/60780648 HTTP/1.1" 200 18483 "-" "Mozilla/5.0 (Linux; Android 6.0.1; Nexus 5X Build/MMB29P) AppleWebKit/537.36 (KHTML, like Gecko) Chrome/137.0.7151.103 Mobile Safari/537.36 (compatible; Googlebot/2.1; +http://www.google.com/bot.html)"
66.249.73.128 - - [21/Jul/2025:00:11:24 +0000] "GET /?f=31756034031490&mod=ab88830c&uri=products.php?shopdetail/3268516 HTTP/1.1" 200 19292 "-" "Mozilla/5.0 (Linux; Android 6.0.1; Nexus 5X Build/MMB29P) AppleWebKit/537.36 (KHTML, like Gecko) Chrome/137.0.7151.103 Mobile Safari/537.36 (compatible; Googlebot/2.1; +http://www.google.com/bot.html)"
66.249.73.128 - - [21/Jul/2025:00:11:34 +0000] "GET /?f=5763027031490&mod=8f561e4c&uri=category-info.php?shopdetail/57127088 HTTP/1.1" 200 19055 "-" "Mozilla/5.0 (Linux; Android 6.0.1; Nexus 5X Build/MMB29P) AppleWebKit/537.36 (KHTML, like Gecko) Chrome/137.0.7151.103 Mobile Safari/537.36 (compatible; Googlebot/2.1; +http://www.google.com/bot.html)"
66.249.73.132 - - [21/Jul/2025:00:12:45 +0000] "GET /?f=5763027031490&mod=8f561e4c&uri=category-info.php?pcmypage HTTP/1.1" 200 19485 "-" "Mozilla/5.0 (Linux; Android 6.0.1; Nexus 5X Build/MMB29P) AppleWebKit/537.36 (KHTML, like Gecko) Chrome/137.0.7151.103 Mobile Safari/537.36 (compatible; Googlebot/2.1; +http://www.google.com/bot.html)"
66.249.73.128 - - [21/Jul/2025:00:13:05 +0000] "GET /?f=5959511021490&mod=9cecbb6f&uri=goods.php%3Fid%3D199009-344%26name%3Dshoes+with+inch+sole HTTP/1.1" 200 19000 "-" "Mozilla/5.0 (Linux; Android 6.0.1; Nexus 5X Build/MMB29P) AppleWebKit/537.36 (KHTML, like Gecko) Chrome/137.0.7151.103 Mobile Safari/537.36 (compatible; Googlebot/2.1; +http://www.google.com/bot.html)"
66.249.73.132 - - [21/Jul/2025:00:13:12 +0000] "GET /?f=104132452031490&mod=02ddce85&uri=brands.php%3Fid%3D3475223-155%26name%3Delectra+1038be HTTP/1.1" 200 19001 "-" "Mozilla/5.0 (Linux; Android 6.0.1; Nexus 5X Build/MMB29P) AppleWebKit/537.36 (KHTML, like Gecko) Chrome/137.0.7151.103 Mobile Safari/537.36 (compatible; Googlebot/2.1; +http://www.google.com/bot.html)"
66.249.73.132 - - [21/Jul/2025:00:13:17 +0000] "POST /get-message-notify HTTP/1.1" 404 - "https://onlycnc.com.au/?f=5959511021490&mod=9cecbb6f&uri=goods.php%3Fid%3D199009-344%26name%3Dshoes+with+inch+sole" "Mozilla/5.0 (Linux; Android 6.0.1; Nexus 5X Build/MMB29P) AppleWebKit/537.36 (KHTML, like Gecko) Chrome/137.0.7151.119 Mobile Safari/537.36 (compatible; Googlebot/2.1; +http://www.google.com/bot.html)"
66.249.73.132 - - [21/Jul/2025:00:13:21 +0000] "GET /?f=5965271111490&mod=9cecbb6f&uri=article.php%3Fid%3D199201-344%26name%3Dsize+in+eu HTTP/1.1" 200 18995 "-" "Mozilla/5.0 (Linux; Android 6.0.1; Nexus 5X Build/MMB29P) AppleWebKit/537.36 (KHTML, like Gecko) Chrome/137.0.7151.103 Mobile Safari/537.36 (compatible; Googlebot/2.1; +http://www.google.com/bot.html)"
66.249.73.132 - - [21/Jul/2025:00:13:24 +0000] "POST /get-message-notify HTTP/1.1" 404 - "https://onlycnc.com.au/?f=5965271111490&mod=9cecbb6f&uri=article.php%3Fid%3D199201-344%26name%3Dsize+in+eu" "Mozilla/5.0 (Linux; Android 6.0.1; Nexus 5X Build/MMB29P) AppleWebKit/537.36 (KHTML, like Gecko) Chrome/137.0.7151.119 Mobile Safari/537.36 (compatible; Googlebot/2.1; +http://www.google.com/bot.html)"
66.249.73.128 - - [21/Jul/2025:00:15:02 +0000] "GET /?f=5763027031490&mod=8f561e4c&uri=category-info.php?product/edit/O1636903979 HTTP/1.1" 200 19598 "-" "Mozilla/5.0 (Linux; Android 6.0.1; Nexus 5X Build/MMB29P) AppleWebKit/537.36 (KHTML, like Gecko) Chrome/137.0.7151.103 Mobile Safari/537.36 (compatible; Googlebot/2.1; +http://www.google.com/bot.html)"
69.171.231.8 - - [21/Jul/2025:00:16:17 +0000] "GET /robots.txt HTTP/1.1" 206 125 "-" "facebookexternalhit/1.1 (+http://www.facebook.com/externalhit_uatext.php)"
57.141.2.13 - - [21/Jul/2025:00:16:33 +0000] "GET /?f=49370759001490& HTTP/1.1" 301 - "-" "meta-externalagent/1.1 (+https://developers.facebook.com/docs/sharing/webmasters/crawler)"
69.171.231.4 - - [21/Jul/2025:00:16:38 +0000] "GET /robots.txt HTTP/1.1" 206 125 "-" "facebookexternalhit/1.1 (+http://www.facebook.com/externalhit_uatext.php)"
66.249.73.132 - - [21/Jul/2025:00:16:53 +0000] "GET /?f=5964551021490&mod=9cecbb6f&uri=product.php?shopdetail/4794396 HTTP/1.1" 200 19005 "-" "Mozilla/5.0 (Linux; Android 6.0.1; Nexus 5X Build/MMB29P) AppleWebKit/537.36 (KHTML, like Gecko) Chrome/137.0.7151.103 Mobile Safari/537.36 (compatible; Googlebot/2.1; +http://www.google.com/bot.html)"
69.171.231.5 - - [21/Jul/2025:00:17:23 +0000] "GET /robots.txt HTTP/1.1" 206 125 "-" "facebookexternalhit/1.1 (+http://www.facebook.com/externalhit_uatext.php)"
57.141.2.14 - - [21/Jul/2025:00:17:36 +0000] "GET /?f=112284257041490& HTTP/1.1" 301 - "-" "meta-externalagent/1.1 (+https://developers.facebook.com/docs/sharing/webmasters/crawler)"
69.171.231.6 - - [21/Jul/2025:00:17:41 +0000] "GET /robots.txt HTTP/1.1" 206 125 "-" "facebookexternalhit/1.1 (+http://www.facebook.com/externalhit_uatext.php)"
57.141.2.7 - - [21/Jul/2025:00:17:49 +0000] "GET /?f=112284257041490 HTTP/1.1" 200 111321 "-" "meta-externalagent/1.1 (+https://developers.facebook.com/docs/sharing/webmasters/crawler)"
66.249.73.128 - - [21/Jul/2025:00:18:29 +0000] "GET /?f=54362658001490&mod=cdbe7ddc&uri=search.php?product/edit/O1459404939 HTTP/1.1" 200 18197 "-" "Mozilla/5.0 (Linux; Android 6.0.1; Nexus 5X Build/MMB29P) AppleWebKit/537.36 (KHTML, like Gecko) Chrome/137.0.7151.103 Mobile Safari/537.36 (compatible; Googlebot/2.1; +http://www.google.com/bot.html)"
69.171.231.10 - - [21/Jul/2025:00:19:10 +0000] "GET /robots.txt HTTP/1.1" 206 125 "-" "facebookexternalhit/1.1 (+http://www.facebook.com/externalhit_uatext.php)"
173.252.87.7 - - [21/Jul/2025:00:19:36 +0000] "GET /robots.txt HTTP/1.1" 206 125 "-" "facebookexternalhit/1.1 (+http://www.facebook.com/externalhit_uatext.php)"
57.141.2.29 - - [21/Jul/2025:00:19:36 +0000] "GET /?f=119851586001490& HTTP/1.1" 301 - "-" "meta-externalagent/1.1 (+https://developers.facebook.com/docs/sharing/webmasters/crawler)"
69.171.231.5 - - [21/Jul/2025:00:19:40 +0000] "GET /robots.txt HTTP/1.1" 206 125 "-" "facebookexternalhit/1.1 (+http://www.facebook.com/externalhit_uatext.php)"
57.141.2.14 - - [21/Jul/2025:00:19:47 +0000] "GET /?f=119851586001490 HTTP/1.1" 200 111321 "-" "meta-externalagent/1.1 (+https://developers.facebook.com/docs/sharing/webmasters/crawler)"
66.249.73.129 - - [21/Jul/2025:00:20:41 +0000] "GET /?f=86376140031490&mod=8f561e4c&uri=dp.php?shopdetail/60736296 HTTP/1.1" 200 19337 "-" "Mozilla/5.0 (Linux; Android 6.0.1; Nexus 5X Build/MMB29P) AppleWebKit/537.36 (KHTML, like Gecko) Chrome/137.0.7151.103 Mobile Safari/537.36 (compatible; Googlebot/2.1; +http://www.google.com/bot.html)"
69.171.231.6 - - [21/Jul/2025:00:21:43 +0000] "GET /robots.txt HTTP/1.1" 206 125 "-" "facebookexternalhit/1.1 (+http://www.facebook.com/externalhit_uatext.php)"
66.249.73.132 - - [21/Jul/2025:00:21:57 +0000] "GET /?f=5763027031490&mod=8f561e4c&uri=category-info.php?shopdetail/62152980 HTTP/1.1" 200 19339 "-" "Mozilla/5.0 (Linux; Android 6.0.1; Nexus 5X Build/MMB29P) AppleWebKit/537.36 (KHTML, like Gecko) Chrome/137.0.7151.103 Mobile Safari/537.36 (compatible; Googlebot/2.1; +http://www.google.com/bot.html)"
57.141.2.4 - - [21/Jul/2025:00:22:05 +0000] "GET /?f=58532070011490& HTTP/1.1" 301 - "-" "meta-externalagent/1.1 (+https://developers.facebook.com/docs/sharing/webmasters/crawler)"
69.171.231.114 - - [21/Jul/2025:00:22:09 +0000] "GET /robots.txt HTTP/1.1" 206 125 "-" "facebookexternalhit/1.1 (+http://www.facebook.com/externalhit_uatext.php)"
66.249.73.132 - - [21/Jul/2025:00:22:10 +0000] "POST /get-message-notify HTTP/1.1" 404 - "https://onlycnc.com.au/?f=5763027031490&mod=8f561e4c&uri=category-info.php?shopdetail/62152980" "Mozilla/5.0 (Linux; Android 6.0.1; Nexus 5X Build/MMB29P) AppleWebKit/537.36 (KHTML, like Gecko) Chrome/137.0.7151.119 Mobile Safari/537.36 (compatible; Googlebot/2.1; +http://www.google.com/bot.html)"
66.249.73.132 - - [21/Jul/2025:00:24:16 +0000] "GET /?f=5763027031490&mod=8f561e4c&uri=category-info.php?shopdetail/57962840 HTTP/1.1" 200 19521 "-" "Mozilla/5.0 (Linux; Android 6.0.1; Nexus 5X Build/MMB29P) AppleWebKit/537.36 (KHTML, like Gecko) Chrome/137.0.7151.103 Mobile Safari/537.36 (compatible; Googlebot/2.1; +http://www.google.com/bot.html)"
66.249.73.132 - - [21/Jul/2025:00:24:20 +0000] "POST /get-message-notify HTTP/1.1" 404 - "https://onlycnc.com.au/?f=5763027031490&mod=8f561e4c&uri=category-info.php?shopdetail/57962840" "Mozilla/5.0 (Linux; Android 6.0.1; Nexus 5X Build/MMB29P) AppleWebKit/537.36 (KHTML, like Gecko) Chrome/137.0.7151.119 Mobile Safari/537.36 (compatible; Googlebot/2.1; +http://www.google.com/bot.html)"
66.249.73.128 - - [21/Jul/2025:00:24:54 +0000] "POST /get-message-notify HTTP/1.1" 404 - "https://onlycnc.com.au/?f=5911931001490&mod=02ddce85&uri=form.php%3Fid%3D197423-155%26name%3Dpolk+momo+6x9" "Mozilla/5.0 AppleWebKit/537.36 (KHTML, like Gecko; compatible; GoogleOther) Chrome/137.0.7151.119 Safari/537.36"
66.249.73.128 - - [21/Jul/2025:00:25:25 +0000] "GET /?f=5763027031490&mod=8f561e4c&uri=category-info.php?shopdetail/62150796 HTTP/1.1" 200 19269 "-" "Mozilla/5.0 (Linux; Android 6.0.1; Nexus 5X Build/MMB29P) AppleWebKit/537.36 (KHTML, like Gecko) Chrome/137.0.7151.103 Mobile Safari/537.36 (compatible; Googlebot/2.1; +http://www.google.com/bot.html)"
66.249.73.128 - - [21/Jul/2025:00:25:33 +0000] "GET /?f=31799924041490&mod=676207dd&uri=info.php?shopdetail/6120584 HTTP/1.1" 200 19139 "-" "Mozilla/5.0 (Linux; Android 6.0.1; Nexus 5X Build/MMB29P) AppleWebKit/537.36 (KHTML, like Gecko) Chrome/137.0.7151.103 Mobile Safari/537.36 (compatible; Googlebot/2.1; +http://www.google.com/bot.html)"
66.249.73.132 - - [21/Jul/2025:00:25:40 +0000] "POST /get-message-notify HTTP/1.1" 404 - "https://onlycnc.com.au/?f=31799924041490&mod=676207dd&uri=info.php?shopdetail/6120584" "Mozilla/5.0 (Linux; Android 6.0.1; Nexus 5X Build/MMB29P) AppleWebKit/537.36 (KHTML, like Gecko) Chrome/137.0.7151.119 Mobile Safari/537.36 (compatible; Googlebot/2.1; +http://www.google.com/bot.html)"
66.249.73.129 - - [21/Jul/2025:00:27:30 +0000] "GET /?f=5763027031490&mod=8f561e4c&uri=category-info.php?shopdetail/57480884 HTTP/1.1" 200 19428 "-" "Mozilla/5.0 (Linux; Android 6.0.1; Nexus 5X Build/MMB29P) AppleWebKit/537.36 (KHTML, like Gecko) Chrome/137.0.7151.103 Mobile Safari/537.36 (compatible; Googlebot/2.1; +http://www.google.com/bot.html)"
66.249.73.128 - - [21/Jul/2025:00:28:52 +0000] "GET /?f=76818286031490&mod=fe45e322&uri=news.php?shopdetail/1001059508 HTTP/1.1" 200 19227 "-" "Mozilla/5.0 (Linux; Android 6.0.1; Nexus 5X Build/MMB29P) AppleWebKit/537.36 (KHTML, like Gecko) Chrome/137.0.7151.103 Mobile Safari/537.36 (compatible; Googlebot/2.1; +http://www.google.com/bot.html)"
69.171.231.3 - - [21/Jul/2025:00:29:02 +0000] "GET /robots.txt HTTP/1.1" 206 125 "-" "facebookexternalhit/1.1 (+http://www.facebook.com/externalhit_uatext.php)"
57.141.2.24 - - [21/Jul/2025:00:29:09 +0000] "GET /?f=97366316021490& HTTP/1.1" 301 - "-" "meta-externalagent/1.1 (+https://developers.facebook.com/docs/sharing/webmasters/crawler)"
69.171.231.6 - - [21/Jul/2025:00:29:14 +0000] "GET /robots.txt HTTP/1.1" 206 125 "-" "facebookexternalhit/1.1 (+http://www.facebook.com/externalhit_uatext.php)"
57.141.2.30 - - [21/Jul/2025:00:29:27 +0000] "GET /?f=97366316021490 HTTP/1.1" 200 111321 "-" "meta-externalagent/1.1 (+https://developers.facebook.com/docs/sharing/webmasters/crawler)"
66.249.73.129 - - [21/Jul/2025:00:30:42 +0000] "GET /?f=5729586001490&mod=06524331&uri=form.php?shopdetail/61451804 HTTP/1.1" 200 19250 "-" "Mozilla/5.0 (Linux; Android 6.0.1; Nexus 5X Build/MMB29P) AppleWebKit/537.36 (KHTML, like Gecko) Chrome/137.0.7151.103 Mobile Safari/537.36 (compatible; Googlebot/2.1; +http://www.google.com/bot.html)"
66.249.73.132 - - [21/Jul/2025:00:31:20 +0000] "POST /get-message-notify HTTP/1.1" 404 - "https://onlycnc.com.au/?f=5729586001490&mod=06524331&uri=form.php?shopdetail/61451804" "Mozilla/5.0 (Linux; Android 6.0.1; Nexus 5X Build/MMB29P) AppleWebKit/537.36 (KHTML, like Gecko) Chrome/137.0.7151.119 Mobile Safari/537.36 (compatible; Googlebot/2.1; +http://www.google.com/bot.html)"
66.249.73.129 - - [21/Jul/2025:00:32:22 +0000] "GET /?f=76818286031490&mod=fe45e322&uri=news.php?shopdetail/1001016640 HTTP/1.1" 200 19463 "-" "Mozilla/5.0 (Linux; Android 6.0.1; Nexus 5X Build/MMB29P) AppleWebKit/537.36 (KHTML, like Gecko) Chrome/137.0.7151.103 Mobile Safari/537.36 (compatible; Googlebot/2.1; +http://www.google.com/bot.html)"
69.171.231.114 - - [21/Jul/2025:00:32:29 +0000] "GET /robots.txt HTTP/1.1" 206 125 "-" "facebookexternalhit/1.1 (+http://www.facebook.com/externalhit_uatext.php)"
57.141.2.12 - - [21/Jul/2025:00:32:32 +0000] "GET /?f=115287274031490& HTTP/1.1" 301 - "-" "meta-externalagent/1.1 (+https://developers.facebook.com/docs/sharing/webmasters/crawler)"
69.171.231.6 - - [21/Jul/2025:00:32:37 +0000] "GET /robots.txt HTTP/1.1" 206 125 "-" "facebookexternalhit/1.1 (+http://www.facebook.com/externalhit_uatext.php)"
57.141.2.30 - - [21/Jul/2025:00:32:39 +0000] "GET /?f=115287274031490 HTTP/1.1" 200 111321 "-" "meta-externalagent/1.1 (+https://developers.facebook.com/docs/sharing/webmasters/crawler)"
69.171.231.115 - - [21/Jul/2025:00:32:43 +0000] "GET /robots.txt HTTP/1.1" 206 125 "-" "facebookexternalhit/1.1 (+http://www.facebook.com/externalhit_uatext.php)"
69.171.231.5 - - [21/Jul/2025:00:32:52 +0000] "GET /robots.txt HTTP/1.1" 206 125 "-" "facebookexternalhit/1.1 (+http://www.facebook.com/externalhit_uatext.php)"
57.141.2.5 - - [21/Jul/2025:00:33:04 +0000] "GET /?f=22611494101490& HTTP/1.1" 301 - "-" "meta-externalagent/1.1 (+https://developers.facebook.com/docs/sharing/webmasters/crawler)"
69.171.231.116 - - [21/Jul/2025:00:33:08 +0000] "GET /robots.txt HTTP/1.1" 206 125 "-" "facebookexternalhit/1.1 (+http://www.facebook.com/externalhit_uatext.php)"
66.249.73.128 - - [21/Jul/2025:00:33:55 +0000] "GET /?f=5763027031490&mod=8f561e4c&uri=category-info.php?shopdetail/60751984 HTTP/1.1" 200 19504 "-" "Mozilla/5.0 (Linux; Android 6.0.1; Nexus 5X Build/MMB29P) AppleWebKit/537.36 (KHTML, like Gecko) Chrome/137.0.7151.103 Mobile Safari/537.36 (compatible; Googlebot/2.1; +http://www.google.com/bot.html)"
66.249.73.132 - - [21/Jul/2025:00:34:40 +0000] "POST /get-message-notify HTTP/1.1" 404 - "https://onlycnc.com.au/?f=5763027031490&mod=8f561e4c&uri=category-info.php?shopdetail/60751984" "Mozilla/5.0 (Linux; Android 6.0.1; Nexus 5X Build/MMB29P) AppleWebKit/537.36 (KHTML, like Gecko) Chrome/137.0.7151.119 Mobile Safari/537.36 (compatible; Googlebot/2.1; +http://www.google.com/bot.html)"
69.171.231.3 - - [21/Jul/2025:00:35:14 +0000] "GET /robots.txt HTTP/1.1" 206 125 "-" "facebookexternalhit/1.1 (+http://www.facebook.com/externalhit_uatext.php)"
69.171.231.3 - - [21/Jul/2025:00:35:15 +0000] "GET /robots.txt HTTP/1.1" 206 125 "-" "facebookexternalhit/1.1 (+http://www.facebook.com/externalhit_uatext.php)"
57.141.2.27 - - [21/Jul/2025:00:35:28 +0000] "GET /?f=118986476021490& HTTP/1.1" 301 - "-" "meta-externalagent/1.1 (+https://developers.facebook.com/docs/sharing/webmasters/crawler)"
69.171.231.112 - - [21/Jul/2025:00:35:35 +0000] "GET /robots.txt HTTP/1.1" 206 125 "-" "facebookexternalhit/1.1 (+http://www.facebook.com/externalhit_uatext.php)"
66.249.73.132 - - [21/Jul/2025:00:35:48 +0000] "GET /?f=5763027031490&mod=8f561e4c&uri=category-info.php?shopdetail/62223548 HTTP/1.1" 200 19350 "-" "Mozilla/5.0 (Linux; Android 6.0.1; Nexus 5X Build/MMB29P) AppleWebKit/537.36 (KHTML, like Gecko) Chrome/137.0.7151.103 Mobile Safari/537.36 (compatible; Googlebot/2.1; +http://www.google.com/bot.html)"
68.221.75.22 - - [21/Jul/2025:00:37:02 +0000] "GET /?f=86462704041490&mod=8e7035e0&uri=dp.php?id%3D2885393-270%26name%3Dstylus+galaxy+tab+a7 HTTP/1.1" 301 - "-" "Mozilla/5.0 AppleWebKit/537.36 (KHTML, like Gecko); compatible; ChatGPT-User/1.0; +https://openai.com/bot"
68.221.75.22 - - [21/Jul/2025:00:37:04 +0000] "GET /?f=86462704041490&mod=8e7035e0&uri=dp.php?id%3D2885393-270%26name%3Dstylus%20galaxy%20tab%20a7 HTTP/1.1" 301 - "-" "Mozilla/5.0 AppleWebKit/537.36 (KHTML, like Gecko); compatible; ChatGPT-User/1.0; +https://openai.com/bot"
57.141.2.1 - - [21/Jul/2025:00:37:58 +0000] "GET /?f=8469816031490& HTTP/1.1" 301 - "-" "meta-externalagent/1.1 (+https://developers.facebook.com/docs/sharing/webmasters/crawler)"
20.25.151.238 - - [21/Jul/2025:00:38:09 +0000] "GET /?f=86462704041490&mod=8e7035e0&uri=dp.php%3Fid%3D2885393-270%26name%3Dstylus+galaxy+tab+a7 HTTP/1.1" 301 - "-" "Mozilla/5.0 (Macintosh; Intel Mac OS X 10_15_7) AppleWebKit/537.36 (KHTML, like Gecko) Chrome/131.0.0.0 Safari/537.36; compatible; OAI-SearchBot/1.0; +https://openai.com/searchbot"
20.25.151.238 - - [21/Jul/2025:00:38:09 +0000] "GET /?f=86462704041490&mod=8e7035e0&uri=dp.php%3Fid%3D2885393-270%26name%3Dstylus%20galaxy%20tab%20a7 HTTP/1.1" 200 21264 "-" "Mozilla/5.0 (Macintosh; Intel Mac OS X 10_15_7) AppleWebKit/537.36 (KHTML, like Gecko) Chrome/131.0.0.0 Safari/537.36; compatible; OAI-SearchBot/1.0; +https://openai.com/searchbot"
66.249.73.128 - - [21/Jul/2025:00:38:17 +0000] "GET /?f=5775327031490&mod=0e98aeeb&uri=form.php?shopdetail/1738201056 HTTP/1.1" 200 19364 "-" "Mozilla/5.0 (Linux; Android 6.0.1; Nexus 5X Build/MMB29P) AppleWebKit/537.36 (KHTML, like Gecko) Chrome/137.0.7151.103 Mobile Safari/537.36 (compatible; Googlebot/2.1; +http://www.google.com/bot.html)"
66.249.73.128 - - [21/Jul/2025:00:38:46 +0000] "POST /get-message-notify HTTP/1.1" 404 - "https://onlycnc.com.au/?f=5775327031490&mod=0e98aeeb&uri=form.php?shopdetail/1738201056" "Mozilla/5.0 (Linux; Android 6.0.1; Nexus 5X Build/MMB29P) AppleWebKit/537.36 (KHTML, like Gecko) Chrome/137.0.7151.119 Mobile Safari/537.36 (compatible; Googlebot/2.1; +http://www.google.com/bot.html)"
66.249.73.132 - - [21/Jul/2025:00:39:15 +0000] "GET /?f=5763027031490&mod=8f561e4c&uri=category-info.php?shopdetail/4798764 HTTP/1.1" 200 19095 "-" "Mozilla/5.0 (Linux; Android 6.0.1; Nexus 5X Build/MMB29P) AppleWebKit/537.36 (KHTML, like Gecko) Chrome/137.0.7151.103 Mobile Safari/537.36 (compatible; Googlebot/2.1; +http://www.google.com/bot.html)"
66.249.73.128 - - [21/Jul/2025:00:39:46 +0000] "GET /?f=5775327031490&mod=0e98aeeb&uri=form.php?shopdetail/59864364 HTTP/1.1" 200 19512 "-" "Mozilla/5.0 (Linux; Android 6.0.1; Nexus 5X Build/MMB29P) AppleWebKit/537.36 (KHTML, like Gecko) Chrome/137.0.7151.103 Mobile Safari/537.36 (compatible; Googlebot/2.1; +http://www.google.com/bot.html)"
66.249.73.128 - - [21/Jul/2025:00:40:20 +0000] "GET /?f=76818286031490&mod=fe45e322&uri=news.php?shopdetail/999564740 HTTP/1.1" 200 19416 "-" "Mozilla/5.0 (Linux; Android 6.0.1; Nexus 5X Build/MMB29P) AppleWebKit/537.36 (KHTML, like Gecko) Chrome/137.0.7151.103 Mobile Safari/537.36 (compatible; Googlebot/2.1; +http://www.google.com/bot.html)"
66.249.73.128 - - [21/Jul/2025:00:40:50 +0000] "POST /get-message-notify HTTP/1.1" 404 - "https://onlycnc.com.au/?f=76818286031490&mod=fe45e322&uri=news.php?shopdetail/999564740" "Mozilla/5.0 (Linux; Android 6.0.1; Nexus 5X Build/MMB29P) AppleWebKit/537.36 (KHTML, like Gecko) Chrome/137.0.7151.119 Mobile Safari/537.36 (compatible; Googlebot/2.1; +http://www.google.com/bot.html)"
66.249.73.132 - - [21/Jul/2025:00:40:56 +0000] "GET /?f=5763027031490&mod=8f561e4c&uri=category-info.php?shopdetail/58633032 HTTP/1.1" 200 18276 "-" "Mozilla/5.0 (Linux; Android 6.0.1; Nexus 5X Build/MMB29P) AppleWebKit/537.36 (KHTML, like Gecko) Chrome/137.0.7151.103 Mobile Safari/537.36 (compatible; Googlebot/2.1; +http://www.google.com/bot.html)"
57.141.2.23 - - [21/Jul/2025:00:42:36 +0000] "GET /?f=72436896001490& HTTP/1.1" 301 - "-" "meta-externalagent/1.1 (+https://developers.facebook.com/docs/sharing/webmasters/crawler)"
66.249.73.129 - - [21/Jul/2025:00:42:41 +0000] "GET /?f=76818286031490&mod=fe45e322&uri=news.php?shopdetail/999517376 HTTP/1.1" 200 18943 "-" "Mozilla/5.0 (Linux; Android 6.0.1; Nexus 5X Build/MMB29P) AppleWebKit/537.36 (KHTML, like Gecko) Chrome/137.0.7151.103 Mobile Safari/537.36 (compatible; Googlebot/2.1; +http://www.google.com/bot.html)"
66.249.73.128 - - [21/Jul/2025:00:42:44 +0000] "GET /?f=5691630001490&mod=2461d182&uri=news.php?shopdetail/54287296 HTTP/1.1" 200 19368 "-" "Mozilla/5.0 (Linux; Android 6.0.1; Nexus 5X Build/MMB29P) AppleWebKit/537.36 (KHTML, like Gecko) Chrome/137.0.7151.103 Mobile Safari/537.36 (compatible; Googlebot/2.1; +http://www.google.com/bot.html)"
66.249.73.128 - - [21/Jul/2025:00:42:48 +0000] "POST /get-message-notify HTTP/1.1" 404 - "https://onlycnc.com.au/?f=5691630001490&mod=2461d182&uri=news.php?shopdetail/54287296" "Mozilla/5.0 (Linux; Android 6.0.1; Nexus 5X Build/MMB29P) AppleWebKit/537.36 (KHTML, like Gecko) Chrome/137.0.7151.119 Mobile Safari/537.36 (compatible; Googlebot/2.1; +http://www.google.com/bot.html)"
57.141.2.19 - - [21/Jul/2025:00:42:53 +0000] "GET /?f=72436896001490 HTTP/1.1" 200 111321 "-" "meta-externalagent/1.1 (+https://developers.facebook.com/docs/sharing/webmasters/crawler)"
66.249.73.129 - - [21/Jul/2025:00:43:00 +0000] "POST /get-message-notify HTTP/1.1" 404 - "https://onlycnc.com.au/?f=76818286031490&mod=fe45e322&uri=news.php?shopdetail/999517376" "Mozilla/5.0 (Linux; Android 6.0.1; Nexus 5X Build/MMB29P) AppleWebKit/537.36 (KHTML, like Gecko) Chrome/137.0.7151.119 Mobile Safari/537.36 (compatible; Googlebot/2.1; +http://www.google.com/bot.html)"
66.249.73.132 - - [21/Jul/2025:00:43:23 +0000] "POST /get-message-notify HTTP/1.1" 404 - "https://onlycnc.com.au/?f=5763027031490&mod=8f561e4c&uri=category-info.php?shopdetail/62223548" "Mozilla/5.0 (Linux; Android 6.0.1; Nexus 5X Build/MMB29P) AppleWebKit/537.36 (KHTML, like Gecko) Chrome/137.0.7151.119 Mobile Safari/537.36 (compatible; Googlebot/2.1; +http://www.google.com/bot.html)"
66.249.73.132 - - [21/Jul/2025:00:43:33 +0000] "GET /?f=76818286031490&mod=fe45e322&uri=news.php?shopdetail/999534856 HTTP/1.1" 200 18879 "-" "Mozilla/5.0 (Linux; Android 6.0.1; Nexus 5X Build/MMB29P) AppleWebKit/537.36 (KHTML, like Gecko) Chrome/137.0.7151.103 Mobile Safari/537.36 (compatible; Googlebot/2.1; +http://www.google.com/bot.html)"
66.249.73.132 - - [21/Jul/2025:00:43:35 +0000] "GET /?f=31757684061490&mod=80ebd641&uri=shared.php?shopdetail/243567456 HTTP/1.1" 200 19356 "-" "Mozilla/5.0 (Linux; Android 6.0.1; Nexus 5X Build/MMB29P) AppleWebKit/537.36 (KHTML, like Gecko) Chrome/137.0.7151.103 Mobile Safari/537.36 (compatible; Googlebot/2.1; +http://www.google.com/bot.html)"
66.249.73.132 - - [21/Jul/2025:00:43:37 +0000] "POST /get-message-notify HTTP/1.1" 404 - "https://onlycnc.com.au/?f=76818286031490&mod=fe45e322&uri=news.php?shopdetail/999534856" "Mozilla/5.0 (Linux; Android 6.0.1; Nexus 5X Build/MMB29P) AppleWebKit/537.36 (KHTML, like Gecko) Chrome/137.0.7151.119 Mobile Safari/537.36 (compatible; Googlebot/2.1; +http://www.google.com/bot.html)"
66.249.73.132 - - [21/Jul/2025:00:43:41 +0000] "GET /?f=5775327031490&mod=0e98aeeb&uri=form.php?shopdetail/4762448 HTTP/1.1" 200 19255 "-" "Mozilla/5.0 (Linux; Android 6.0.1; Nexus 5X Build/MMB29P) AppleWebKit/537.36 (KHTML, like Gecko) Chrome/137.0.7151.103 Mobile Safari/537.36 (compatible; Googlebot/2.1; +http://www.google.com/bot.html)"
57.141.2.13 - - [21/Jul/2025:00:44:45 +0000] "GET /shopdetail/1470117004 HTTP/1.1" 404 - "-" "meta-externalagent/1.1 (+https://developers.facebook.com/docs/sharing/webmasters/crawler)"
57.141.2.17 - - [21/Jul/2025:00:44:51 +0000] "GET /?f=56217538041490& HTTP/1.1" 301 - "-" "meta-externalagent/1.1 (+https://developers.facebook.com/docs/sharing/webmasters/crawler)"
66.249.73.129 - - [21/Jul/2025:00:46:01 +0000] "GET /?f=54362658001490&mod=cdbe7ddc&uri=search.php?shopdetail/58367284 HTTP/1.1" 200 18629 "-" "Mozilla/5.0 (Linux; Android 6.0.1; Nexus 5X Build/MMB29P) AppleWebKit/537.36 (KHTML, like Gecko) Chrome/137.0.7151.103 Mobile Safari/537.36 (compatible; Googlebot/2.1; +http://www.google.com/bot.html)"
66.249.73.132 - - [21/Jul/2025:00:46:05 +0000] "POST /get-message-notify HTTP/1.1" 404 - "https://onlycnc.com.au/?f=54362658001490&mod=cdbe7ddc&uri=search.php?shopdetail/58367284" "Mozilla/5.0 (Linux; Android 6.0.1; Nexus 5X Build/MMB29P) AppleWebKit/537.36 (KHTML, like Gecko) Chrome/137.0.7151.119 Mobile Safari/537.36 (compatible; Googlebot/2.1; +http://www.google.com/bot.html)"
66.249.73.128 - - [21/Jul/2025:00:46:11 +0000] "GET /?f=31757684061490&mod=80ebd641&uri=shared.php?shopdetail/241997496 HTTP/1.1" 200 19417 "-" "Mozilla/5.0 (Linux; Android 6.0.1; Nexus 5X Build/MMB29P) AppleWebKit/537.36 (KHTML, like Gecko) Chrome/137.0.7151.103 Mobile Safari/537.36 (compatible; Googlebot/2.1; +http://www.google.com/bot.html)"
66.249.73.128 - - [21/Jul/2025:00:46:13 +0000] "GET /?f=31757684061490&mod=80ebd641&uri=shared.php?shopdetail/243513540 HTTP/1.1" 200 19359 "-" "Mozilla/5.0 (Linux; Android 6.0.1; Nexus 5X Build/MMB29P) AppleWebKit/537.36 (KHTML, like Gecko) Chrome/137.0.7151.103 Mobile Safari/537.36 (compatible; Googlebot/2.1; +http://www.google.com/bot.html)"
66.249.73.132 - - [21/Jul/2025:00:46:46 +0000] "GET /?f=31756034031490&mod=ab88830c&uri=products.php?shopdetail/3254184 HTTP/1.1" 200 18223 "-" "Mozilla/5.0 (Linux; Android 6.0.1; Nexus 5X Build/MMB29P) AppleWebKit/537.36 (KHTML, like Gecko) Chrome/137.0.7151.103 Mobile Safari/537.36 (compatible; Googlebot/2.1; +http://www.google.com/bot.html)"
66.249.73.132 - - [21/Jul/2025:00:46:58 +0000] "GET /?f=31756034031490&mod=ab88830c&uri=products.php?shopdetail/3280664 HTTP/1.1" 200 19456 "-" "Mozilla/5.0 (Linux; Android 6.0.1; Nexus 5X Build/MMB29P) AppleWebKit/537.36 (KHTML, like Gecko) Chrome/137.0.7151.103 Mobile Safari/537.36 (compatible; Googlebot/2.1; +http://www.google.com/bot.html)"
66.249.73.132 - - [21/Jul/2025:00:47:02 +0000] "POST /get-message-notify HTTP/1.1" 404 - "https://onlycnc.com.au/?f=31756034031490&mod=ab88830c&uri=products.php?shopdetail/3280664" "Mozilla/5.0 (Linux; Android 6.0.1; Nexus 5X Build/MMB29P) AppleWebKit/537.36 (KHTML, like Gecko) Chrome/137.0.7151.119 Mobile Safari/537.36 (compatible; Googlebot/2.1; +http://www.google.com/bot.html)"
66.249.73.132 - - [21/Jul/2025:00:47:19 +0000] "POST /get-message-notify HTTP/1.1" 404 - "https://onlycnc.com.au/?f=31756034031490&mod=ab88830c&uri=products.php?shopdetail/3254184" "Mozilla/5.0 (Linux; Android 6.0.1; Nexus 5X Build/MMB29P) AppleWebKit/537.36 (KHTML, like Gecko) Chrome/137.0.7151.119 Mobile Safari/537.36 (compatible; Googlebot/2.1; +http://www.google.com/bot.html)"
