57.141.2.5 - - [21/Jul/2025:00:48:27 +0000] "GET /?f=56175658031490& HTTP/1.1" 301 - "-" "meta-externalagent/1.1 (+https://developers.facebook.com/docs/sharing/webmasters/crawler)"
66.249.73.128 - - [21/Jul/2025:00:48:52 +0000] "GET /?f=54362658001490&mod=cdbe7ddc&uri=search.php?shopdetail/58374928 HTTP/1.1" 200 19262 "-" "Mozilla/5.0 (Linux; Android 6.0.1; Nexus 5X Build/MMB29P) AppleWebKit/537.36 (KHTML, like Gecko) Chrome/137.0.7151.103 Mobile Safari/537.36 (compatible; Googlebot/2.1; +http://www.google.com/bot.html)"
66.249.73.129 - - [21/Jul/2025:00:49:17 +0000] "GET /?f=5604769041490&mod=b4aaa9db&uri=form.php?shopdetail/60153316 HTTP/1.1" 200 18890 "-" "Mozilla/5.0 (Linux; Android 6.0.1; Nexus 5X Build/MMB29P) AppleWebKit/537.36 (KHTML, like Gecko) Chrome/137.0.7151.103 Mobile Safari/537.36 (compatible; Googlebot/2.1; +http://www.google.com/bot.html)"
57.141.2.23 - - [21/Jul/2025:00:49:27 +0000] "GET /?f=58949539041490& HTTP/1.1" 301 - "-" "meta-externalagent/1.1 (+https://developers.facebook.com/docs/sharing/webmasters/crawler)"
66.249.73.132 - - [21/Jul/2025:00:49:38 +0000] "GET /?f=31757684061490&mod=80ebd641&uri=shared.php?shopdetail/242008680 HTTP/1.1" 200 19415 "-" "Mozilla/5.0 (Linux; Android 6.0.1; Nexus 5X Build/MMB29P) AppleWebKit/537.36 (KHTML, like Gecko) Chrome/137.0.7151.103 Mobile Safari/537.36 (compatible; Googlebot/2.1; +http://www.google.com/bot.html)"
66.249.73.132 - - [21/Jul/2025:00:49:59 +0000] "GET /?f=31756034031490&mod=ab88830c&uri=products.php?shopdetail/3296216 HTTP/1.1" 200 18807 "-" "Mozilla/5.0 (Linux; Android 6.0.1; Nexus 5X Build/MMB29P) AppleWebKit/537.36 (KHTML, like Gecko) Chrome/137.0.7151.103 Mobile Safari/537.36 (compatible; Googlebot/2.1; +http://www.google.com/bot.html)"
66.249.73.132 - - [21/Jul/2025:00:50:02 +0000] "GET /?f=25472362031490&mod=9cecbb6f&uri=news.php?shopdetail/62935772 HTTP/1.1" 200 19029 "-" "Mozilla/5.0 (Linux; Android 6.0.1; Nexus 5X Build/MMB29P) AppleWebKit/537.36 (KHTML, like Gecko) Chrome/137.0.7151.103 Mobile Safari/537.36 (compatible; Googlebot/2.1; +http://www.google.com/bot.html)"
66.249.73.132 - - [21/Jul/2025:00:50:05 +0000] "POST /get-message-notify HTTP/1.1" 404 - "https://onlycnc.com.au/?f=25472362031490&mod=9cecbb6f&uri=news.php?shopdetail/62935772" "Mozilla/5.0 (Linux; Android 6.0.1; Nexus 5X Build/MMB29P) AppleWebKit/537.36 (KHTML, like Gecko) Chrome/137.0.7151.119 Mobile Safari/537.36 (compatible; Googlebot/2.1; +http://www.google.com/bot.html)"
66.249.73.132 - - [21/Jul/2025:00:51:16 +0000] "GET /?f=31756034031490&mod=ab88830c&uri=products.php?shopdetail/3269872 HTTP/1.1" 200 18836 "-" "Mozilla/5.0 (Linux; Android 6.0.1; Nexus 5X Build/MMB29P) AppleWebKit/537.36 (KHTML, like Gecko) Chrome/137.0.7151.103 Mobile Safari/537.36 (compatible; Googlebot/2.1; +http://www.google.com/bot.html)"
66.249.73.128 - - [21/Jul/2025:00:51:31 +0000] "GET /?f=5604769041490&mod=b4aaa9db&uri=form.php?shopdetail/60147728 HTTP/1.1" 200 18818 "-" "Mozilla/5.0 (Linux; Android 6.0.1; Nexus 5X Build/MMB29P) AppleWebKit/537.36 (KHTML, like Gecko) Chrome/137.0.7151.103 Mobile Safari/537.36 (compatible; Googlebot/2.1; +http://www.google.com/bot.html)"
57.141.2.24 - - [21/Jul/2025:00:52:07 +0000] "GET /?f=8363591031490& HTTP/1.1" 301 - "-" "meta-externalagent/1.1 (+https://developers.facebook.com/docs/sharing/webmasters/crawler)"
66.249.73.132 - - [21/Jul/2025:00:52:34 +0000] "GET /?f=5691630001490&mod=2461d182&uri=news.php?shopdetail/52997424 HTTP/1.1" 200 19298 "-" "Mozilla/5.0 (Linux; Android 6.0.1; Nexus 5X Build/MMB29P) AppleWebKit/537.36 (KHTML, like Gecko) Chrome/137.0.7151.103 Mobile Safari/537.36 (compatible; Googlebot/2.1; +http://www.google.com/bot.html)"
66.249.73.128 - - [21/Jul/2025:00:53:06 +0000] "GET /?f=76818286031490&mod=fe45e322&uri=news.php?shopdetail/999539224 HTTP/1.1" 200 19249 "-" "Mozilla/5.0 (Linux; Android 6.0.1; Nexus 5X Build/MMB29P) AppleWebKit/537.36 (KHTML, like Gecko) Chrome/137.0.7151.103 Mobile Safari/537.36 (compatible; Googlebot/2.1; +http://www.google.com/bot.html)"
66.249.73.132 - - [21/Jul/2025:00:53:12 +0000] "GET /?f=31756034031490&mod=ab88830c&uri=products.php?oreka/plamodel_menu.html HTTP/1.1" 200 18280 "-" "Mozilla/5.0 (Linux; Android 6.0.1; Nexus 5X Build/MMB29P) AppleWebKit/537.36 (KHTML, like Gecko) Chrome/137.0.7151.103 Mobile Safari/537.36 (compatible; Googlebot/2.1; +http://www.google.com/bot.html)"
66.249.73.132 - - [21/Jul/2025:00:53:46 +0000] "POST /get-message-notify HTTP/1.1" 404 - "https://onlycnc.com.au/?f=76818286031490&mod=fe45e322&uri=news.php?shopdetail/999539224" "Mozilla/5.0 (Linux; Android 6.0.1; Nexus 5X Build/MMB29P) AppleWebKit/537.36 (KHTML, like Gecko) Chrome/137.0.7151.119 Mobile Safari/537.36 (compatible; Googlebot/2.1; +http://www.google.com/bot.html)"
216.73.216.190 - - [21/Jul/2025:00:53:46 +0000] "GET /robots.txt HTTP/1.1" 200 108 "-" "Mozilla/5.0 AppleWebKit/537.36 (KHTML, like Gecko; compatible; ClaudeBot/1.0; [email protected])"
216.73.216.190 - - [21/Jul/2025:00:53:46 +0000] "GET /sitemap.xml HTTP/1.1" 404 - "-" "Mozilla/5.0 AppleWebKit/537.36 (KHTML, like Gecko; compatible; ClaudeBot/1.0; [email protected])"
66.249.73.129 - - [21/Jul/2025:00:54:12 +0000] "GET /?f=5604769041490&mod=b4aaa9db&uri=form.php?shopdetail/60184164 HTTP/1.1" 200 19425 "-" "Mozilla/5.0 (Linux; Android 6.0.1; Nexus 5X Build/MMB29P) AppleWebKit/537.36 (KHTML, like Gecko) Chrome/137.0.7151.103 Mobile Safari/537.36 (compatible; Googlebot/2.1; +http://www.google.com/bot.html)"
66.249.73.129 - - [21/Jul/2025:00:54:13 +0000] "GET /?f=5775327031490&mod=0e98aeeb&uri=form.php?shopdetail/1738230684 HTTP/1.1" 200 19165 "-" "Mozilla/5.0 (Linux; Android 6.0.1; Nexus 5X Build/MMB29P) AppleWebKit/537.36 (KHTML, like Gecko) Chrome/137.0.7151.103 Mobile Safari/537.36 (compatible; Googlebot/2.1; +http://www.google.com/bot.html)"
45.61.186.110 - - [21/Jul/2025:00:54:37 +0000] "GET /wp-login.php HTTP/1.1" 200 5755 "-" "Mozilla/5.0 (iPad; CPU OS 7_1_1 like Mac OS X) AppleWebKit/537.51.2 (KHTML, like Gecko) Version/7.0 Mobile/11D201 Safari/9537.53"
45.61.186.110 - - [21/Jul/2025:00:54:38 +0000] "POST /wp-login.php HTTP/1.1" 200 6011 "-" "Mozilla/5.0 (iPad; CPU OS 7_1_1 like Mac OS X) AppleWebKit/537.51.2 (KHTML, like Gecko) Version/7.0 Mobile/11D201 Safari/9537.53"
66.249.73.128 - - [21/Jul/2025:00:55:33 +0000] "GET /?f=5604769041490&mod=b4aaa9db&uri=form.php?shopdetail/60228124 HTTP/1.1" 200 19154 "-" "Mozilla/5.0 (Linux; Android 6.0.1; Nexus 5X Build/MMB29P) AppleWebKit/537.36 (KHTML, like Gecko) Chrome/137.0.7151.103 Mobile Safari/537.36 (compatible; Googlebot/2.1; +http://www.google.com/bot.html)"
66.249.73.128 - - [21/Jul/2025:00:55:43 +0000] "POST /get-message-notify HTTP/1.1" 404 - "https://onlycnc.com.au/?f=5604769041490&mod=b4aaa9db&uri=form.php?shopdetail/60228124" "Mozilla/5.0 (Linux; Android 6.0.1; Nexus 5X Build/MMB29P) AppleWebKit/537.36 (KHTML, like Gecko) Chrome/137.0.7151.119 Mobile Safari/537.36 (compatible; Googlebot/2.1; +http://www.google.com/bot.html)"
66.249.73.132 - - [21/Jul/2025:00:55:50 +0000] "GET /?f=5763027031490&mod=8f561e4c&uri=category-info.php?shopdetail/62167312 HTTP/1.1" 200 19452 "-" "Mozilla/5.0 (Linux; Android 6.0.1; Nexus 5X Build/MMB29P) AppleWebKit/537.36 (KHTML, like Gecko) Chrome/137.0.7151.103 Mobile Safari/537.36 (compatible; Googlebot/2.1; +http://www.google.com/bot.html)"
66.249.73.132 - - [21/Jul/2025:00:55:52 +0000] "POST /get-message-notify HTTP/1.1" 404 - "https://onlycnc.com.au/?f=5763027031490&mod=8f561e4c&uri=category-info.php?shopdetail/62167312" "Mozilla/5.0 (Linux; Android 6.0.1; Nexus 5X Build/MMB29P) AppleWebKit/537.36 (KHTML, like Gecko) Chrome/137.0.7151.119 Mobile Safari/537.36 (compatible; Googlebot/2.1; +http://www.google.com/bot.html)"
66.249.73.128 - - [21/Jul/2025:00:56:15 +0000] "POST /get-message-notify HTTP/1.1" 404 - "https://onlycnc.com.au/?f=5911931001490&mod=02ddce85&uri=form.php%3Fid%3D197423-155%26name%3Dpolk+momo+6x9" "Mozilla/5.0 AppleWebKit/537.36 (KHTML, like Gecko; compatible; GoogleOther) Chrome/137.0.7151.119 Safari/537.36"
66.249.73.132 - - [21/Jul/2025:00:56:24 +0000] "GET /?f=5962121011490&mod=9cecbb6f&uri=info.php?shopdetail/3296352 HTTP/1.1" 200 19106 "-" "Mozilla/5.0 (Linux; Android 6.0.1; Nexus 5X Build/MMB29P) AppleWebKit/537.36 (KHTML, like Gecko) Chrome/137.0.7151.103 Mobile Safari/537.36 (compatible; Googlebot/2.1; +http://www.google.com/bot.html)"
209.74.77.214 - - [21/Jul/2025:00:56:31 +0000] "POST /wp-cron.php?doing_wp_cron=1753059391.0695850849151611328125 HTTP/1.1" 200 - "-" "WordPress/6.8.2; https://onlycnc.com.au"
57.141.2.25 - - [21/Jul/2025:00:56:30 +0000] "GET /?f=59463874011490& HTTP/1.1" 301 - "-" "meta-externalagent/1.1 (+https://developers.facebook.com/docs/sharing/webmasters/crawler)"
66.249.73.132 - - [21/Jul/2025:00:56:34 +0000] "GET /?f=5993219021490&mod=15afbdff&uri=us.php?shopdetail/3245448 HTTP/1.1" 200 18771 "-" "Mozilla/5.0 (Linux; Android 6.0.1; Nexus 5X Build/MMB29P) AppleWebKit/537.36 (KHTML, like Gecko) Chrome/137.0.7151.103 Mobile Safari/537.36 (compatible; Googlebot/2.1; +http://www.google.com/bot.html)"
57.141.2.29 - - [21/Jul/2025:00:56:39 +0000] "GET /?f=62579392071490& HTTP/1.1" 301 - "-" "meta-externalagent/1.1 (+https://developers.facebook.com/docs/sharing/webmasters/crawler)"
66.249.73.132 - - [21/Jul/2025:00:56:49 +0000] "GET /?f=76818286031490&mod=fe45e322&uri=news.php?shopdetail/1001037524 HTTP/1.1" 200 19657 "-" "Mozilla/5.0 (Linux; Android 6.0.1; Nexus 5X Build/MMB29P) AppleWebKit/537.36 (KHTML, like Gecko) Chrome/137.0.7151.103 Mobile Safari/537.36 (compatible; Googlebot/2.1; +http://www.google.com/bot.html)"
66.249.73.132 - - [21/Jul/2025:00:56:54 +0000] "POST /get-message-notify HTTP/1.1" 404 - "https://onlycnc.com.au/?f=76818286031490&mod=fe45e322&uri=news.php?shopdetail/1001037524" "Mozilla/5.0 (Linux; Android 6.0.1; Nexus 5X Build/MMB29P) AppleWebKit/537.36 (KHTML, like Gecko) Chrome/137.0.7151.119 Mobile Safari/537.36 (compatible; Googlebot/2.1; +http://www.google.com/bot.html)"
57.141.2.12 - - [21/Jul/2025:00:57:03 +0000] "GET /?f=59463874011490 HTTP/1.1" 200 111321 "-" "meta-externalagent/1.1 (+https://developers.facebook.com/docs/sharing/webmasters/crawler)"
66.249.73.129 - - [21/Jul/2025:00:59:06 +0000] "GET /?f=5763027031490&mod=8f561e4c&uri=category-info.php?shopdetail/57288144 HTTP/1.1" 200 19013 "-" "Mozilla/5.0 (Linux; Android 6.0.1; Nexus 5X Build/MMB29P) AppleWebKit/537.36 (KHTML, like Gecko) Chrome/137.0.7151.103 Mobile Safari/537.36 (compatible; Googlebot/2.1; +http://www.google.com/bot.html)"
66.249.73.129 - - [21/Jul/2025:00:59:09 +0000] "POST /get-message-notify HTTP/1.1" 404 - "https://onlycnc.com.au/?f=5763027031490&mod=8f561e4c&uri=category-info.php?shopdetail/57288144" "Mozilla/5.0 (Linux; Android 6.0.1; Nexus 5X Build/MMB29P) AppleWebKit/537.36 (KHTML, like Gecko) Chrome/137.0.7151.119 Mobile Safari/537.36 (compatible; Googlebot/2.1; +http://www.google.com/bot.html)"
66.249.73.128 - - [21/Jul/2025:00:59:18 +0000] "POST /get-message-notify HTTP/1.1" 404 - "https://onlycnc.com.au/?f=5993219021490&mod=15afbdff&uri=us.php?shopdetail/3245448" "Mozilla/5.0 (Linux; Android 6.0.1; Nexus 5X Build/MMB29P) AppleWebKit/537.36 (KHTML, like Gecko) Chrome/137.0.7151.119 Mobile Safari/537.36 (compatible; Googlebot/2.1; +http://www.google.com/bot.html)"
57.141.2.28 - - [21/Jul/2025:00:59:20 +0000] "GET /?f=281315051490& HTTP/1.1" 301 - "-" "meta-externalagent/1.1 (+https://developers.facebook.com/docs/sharing/webmasters/crawler)"
66.249.73.132 - - [21/Jul/2025:00:59:28 +0000] "GET /?f=5763027031490&mod=8f561e4c&uri=category-info.php?shopdetail/6234148 HTTP/1.1" 200 19445 "-" "Mozilla/5.0 (Linux; Android 6.0.1; Nexus 5X Build/MMB29P) AppleWebKit/537.36 (KHTML, like Gecko) Chrome/137.0.7151.103 Mobile Safari/537.36 (compatible; Googlebot/2.1; +http://www.google.com/bot.html)"
66.249.73.132 - - [21/Jul/2025:00:59:30 +0000] "POST /get-message-notify HTTP/1.1" 404 - "https://onlycnc.com.au/?f=5763027031490&mod=8f561e4c&uri=category-info.php?shopdetail/6234148" "Mozilla/5.0 (Linux; Android 6.0.1; Nexus 5X Build/MMB29P) AppleWebKit/537.36 (KHTML, like Gecko) Chrome/137.0.7151.119 Mobile Safari/537.36 (compatible; Googlebot/2.1; +http://www.google.com/bot.html)"
57.141.2.21 - - [21/Jul/2025:00:59:35 +0000] "GET /?f=281315051490 HTTP/1.1" 200 111321 "-" "meta-externalagent/1.1 (+https://developers.facebook.com/docs/sharing/webmasters/crawler)"
66.249.73.132 - - [21/Jul/2025:00:59:37 +0000] "GET /?f=86368574041490&mod=8f561e4c&uri=product.php?shopdetail/2497718288 HTTP/1.1" 200 19422 "-" "Mozilla/5.0 (Linux; Android 6.0.1; Nexus 5X Build/MMB29P) AppleWebKit/537.36 (KHTML, like Gecko) Chrome/137.0.7151.103 Mobile Safari/537.36 (compatible; Googlebot/2.1; +http://www.google.com/bot.html)"
66.249.73.132 - - [21/Jul/2025:00:59:50 +0000] "GET /?f=25472362031490&mod=9cecbb6f&uri=news.php?shopdetail/62936736 HTTP/1.1" 200 18966 "-" "Mozilla/5.0 (Linux; Android 6.0.1; Nexus 5X Build/MMB29P) AppleWebKit/537.36 (KHTML, like Gecko) Chrome/137.0.7151.103 Mobile Safari/537.36 (compatible; Googlebot/2.1; +http://www.google.com/bot.html)"
66.249.73.128 - - [21/Jul/2025:01:00:02 +0000] "GET /?f=5993219021490&mod=15afbdff&uri=us.php?shopdetail/3270836 HTTP/1.1" 200 18756 "-" "Mozilla/5.0 (Linux; Android 6.0.1; Nexus 5X Build/MMB29P) AppleWebKit/537.36 (KHTML, like Gecko) Chrome/137.0.7151.103 Mobile Safari/537.36 (compatible; Googlebot/2.1; +http://www.google.com/bot.html)"
101.198.0.187 - - [21/Jul/2025:01:00:01 +0000] "GET / HTTP/1.1" 301 - "-" "Mozilla/5.0 (Macintosh; Intel Mac OS X 10_15_7) AppleWebKit/537.36 (KHTML, like Gecko) Chrome/120.0.0.0 Safari/537.36 Edg/120.0.0.0"
101.198.0.188 - - [21/Jul/2025:01:00:14 +0000] "GET /favicon.ico HTTP/1.1" 404 - "-" "Mozilla/5.0 (Macintosh; Intel Mac OS X 10_7_0) AppleWebKit/535.11 (KHTML, like Gecko) Chrome/17.0.963.56 Safari/535.11"
101.198.0.181 - - [21/Jul/2025:01:00:19 +0000] "GET /robots.txt HTTP/1.1" 200 108 "-" "Mozilla/5.0 (Macintosh; Intel Mac OS X 10_7_0) AppleWebKit/535.11 (KHTML, like Gecko) Chrome/17.0.963.56 Safari/535.11"
101.198.0.182 - - [21/Jul/2025:01:00:23 +0000] "GET /sitemap.xml HTTP/1.1" 404 - "-" "Mozilla/5.0 (Macintosh; Intel Mac OS X 10_7_0) AppleWebKit/535.11 (KHTML, like Gecko) Chrome/17.0.963.56 Safari/535.11"
66.249.73.128 - - [21/Jul/2025:01:00:24 +0000] "GET /?f=5763027031490&mod=8f561e4c&uri=category-info.php?shopdetail/6180096 HTTP/1.1" 200 18842 "-" "Mozilla/5.0 (Linux; Android 6.0.1; Nexus 5X Build/MMB29P) AppleWebKit/537.36 (KHTML, like Gecko) Chrome/137.0.7151.103 Mobile Safari/537.36 (compatible; Googlebot/2.1; +http://www.google.com/bot.html)"
66.249.73.129 - - [21/Jul/2025:01:02:06 +0000] "GET /?f=5763027031490&mod=8f561e4c&uri=category-info.php?shopdetail/62257672 HTTP/1.1" 200 18297 "-" "Mozilla/5.0 (Linux; Android 6.0.1; Nexus 5X Build/MMB29P) AppleWebKit/537.36 (KHTML, like Gecko) Chrome/137.0.7151.103 Mobile Safari/537.36 (compatible; Googlebot/2.1; +http://www.google.com/bot.html)"
66.249.73.132 - - [21/Jul/2025:01:02:24 +0000] "GET /?f=5691630001490&mod=2461d182&uri=news.php?shopdetail/51495012 HTTP/1.1" 200 19018 "-" "Mozilla/5.0 (Linux; Android 6.0.1; Nexus 5X Build/MMB29P) AppleWebKit/537.36 (KHTML, like Gecko) Chrome/137.0.7151.103 Mobile Safari/537.36 (compatible; Googlebot/2.1; +http://www.google.com/bot.html)"
66.249.73.132 - - [21/Jul/2025:01:02:50 +0000] "GET /?f=5775327031490&mod=0e98aeeb&uri=form.php?shopdetail/4756988 HTTP/1.1" 200 19150 "-" "Mozilla/5.0 (Linux; Android 6.0.1; Nexus 5X Build/MMB29P) AppleWebKit/537.36 (KHTML, like Gecko) Chrome/137.0.7151.103 Mobile Safari/537.36 (compatible; Googlebot/2.1; +http://www.google.com/bot.html)"
66.249.73.132 - - [21/Jul/2025:01:04:07 +0000] "GET /?f=5775327031490&mod=0e98aeeb&uri=form.php?shopdetail/59313196 HTTP/1.1" 200 18777 "-" "Mozilla/5.0 (Linux; Android 6.0.1; Nexus 5X Build/MMB29P) AppleWebKit/537.36 (KHTML, like Gecko) Chrome/137.0.7151.103 Mobile Safari/537.36 (compatible; Googlebot/2.1; +http://www.google.com/bot.html)"
57.141.2.17 - - [21/Jul/2025:01:04:32 +0000] "GET /?f=74830360031490& HTTP/1.1" 301 - "-" "meta-externalagent/1.1 (+https://developers.facebook.com/docs/sharing/webmasters/crawler)"
66.249.73.132 - - [21/Jul/2025:01:04:45 +0000] "GET /?f=5691630001490&mod=2461d182&uri=news.php?shopdetail/51446292 HTTP/1.1" 200 19335 "-" "Mozilla/5.0 (Linux; Android 6.0.1; Nexus 5X Build/MMB29P) AppleWebKit/537.36 (KHTML, like Gecko) Chrome/137.0.7151.103 Mobile Safari/537.36 (compatible; Googlebot/2.1; +http://www.google.com/bot.html)"
66.249.73.128 - - [21/Jul/2025:01:05:41 +0000] "GET /?f=5604769041490&mod=b4aaa9db&uri=form.php?shopdetail/58738824 HTTP/1.1" 200 18958 "-" "Mozilla/5.0 (Linux; Android 6.0.1; Nexus 5X Build/MMB29P) AppleWebKit/537.36 (KHTML, like Gecko) Chrome/137.0.7151.103 Mobile Safari/537.36 (compatible; Googlebot/2.1; +http://www.google.com/bot.html)"
66.249.73.132 - - [21/Jul/2025:01:06:03 +0000] "GET /?f=5775327031490&mod=0e98aeeb&uri=form.php?shopdetail/4717268 HTTP/1.1" 200 18728 "-" "Mozilla/5.0 (Linux; Android 6.0.1; Nexus 5X Build/MMB29P) AppleWebKit/537.36 (KHTML, like Gecko) Chrome/137.0.7151.103 Mobile Safari/537.36 (compatible; Googlebot/2.1; +http://www.google.com/bot.html)"
66.249.73.132 - - [21/Jul/2025:01:06:20 +0000] "POST /get-message-notify HTTP/1.1" 404 - "https://onlycnc.com.au/?f=5775327031490&mod=0e98aeeb&uri=form.php?shopdetail/4717268" "Mozilla/5.0 (Linux; Android 6.0.1; Nexus 5X Build/MMB29P) AppleWebKit/537.36 (KHTML, like Gecko) Chrome/137.0.7151.119 Mobile Safari/537.36 (compatible; Googlebot/2.1; +http://www.google.com/bot.html)"
66.249.73.132 - - [21/Jul/2025:01:06:28 +0000] "GET /?f=76818286031490&mod=fe45e322&uri=news.php?shopdetail/1001055004 HTTP/1.1" 200 19159 "-" "Mozilla/5.0 (Linux; Android 6.0.1; Nexus 5X Build/MMB29P) AppleWebKit/537.36 (KHTML, like Gecko) Chrome/137.0.7151.103 Mobile Safari/537.36 (compatible; Googlebot/2.1; +http://www.google.com/bot.html)"
66.249.73.132 - - [21/Jul/2025:01:07:25 +0000] "GET /?f=54362658001490&mod=cdbe7ddc&uri=search.php?shopdetail/56875664 HTTP/1.1" 200 19235 "-" "Mozilla/5.0 (Linux; Android 6.0.1; Nexus 5X Build/MMB29P) AppleWebKit/537.36 (KHTML, like Gecko) Chrome/137.0.7151.103 Mobile Safari/537.36 (compatible; Googlebot/2.1; +http://www.google.com/bot.html)"
66.249.73.132 - - [21/Jul/2025:01:07:30 +0000] "POST /get-message-notify HTTP/1.1" 404 - "https://onlycnc.com.au/?f=54362658001490&mod=cdbe7ddc&uri=search.php?shopdetail/56875664" "Mozilla/5.0 (Linux; Android 6.0.1; Nexus 5X Build/MMB29P) AppleWebKit/537.36 (KHTML, like Gecko) Chrome/137.0.7151.119 Mobile Safari/537.36 (compatible; Googlebot/2.1; +http://www.google.com/bot.html)"
66.249.73.132 - - [21/Jul/2025:01:07:35 +0000] "POST /get-message-notify HTTP/1.1" 404 - "https://onlycnc.com.au/?f=5604769041490&mod=b4aaa9db&uri=form.php?shopdetail/58738824" "Mozilla/5.0 (Linux; Android 6.0.1; Nexus 5X Build/MMB29P) AppleWebKit/537.36 (KHTML, like Gecko) Chrome/137.0.7151.119 Mobile Safari/537.36 (compatible; Googlebot/2.1; +http://www.google.com/bot.html)"
66.249.73.129 - - [21/Jul/2025:01:08:25 +0000] "GET /?f=5604769041490&mod=b4aaa9db&uri=form.php?shopdetail/60155500 HTTP/1.1" 200 18582 "-" "Mozilla/5.0 (Linux; Android 6.0.1; Nexus 5X Build/MMB29P) AppleWebKit/537.36 (KHTML, like Gecko) Chrome/137.0.7151.103 Mobile Safari/537.36 (compatible; Googlebot/2.1; +http://www.google.com/bot.html)"
66.249.73.128 - - [21/Jul/2025:01:08:55 +0000] "GET /?f=5763027031490&mod=8f561e4c&uri=category-info.php?feature/idol/gradol.html HTTP/1.1" 200 19380 "-" "Mozilla/5.0 (Linux; Android 6.0.1; Nexus 5X Build/MMB29P) AppleWebKit/537.36 (KHTML, like Gecko) Chrome/137.0.7151.103 Mobile Safari/537.36 (compatible; Googlebot/2.1; +http://www.google.com/bot.html)"
66.249.73.132 - - [21/Jul/2025:01:09:10 +0000] "POST /get-message-notify HTTP/1.1" 404 - "https://onlycnc.com.au/?f=5763027031490&mod=8f561e4c&uri=category-info.php?feature/idol/gradol.html" "Mozilla/5.0 (Linux; Android 6.0.1; Nexus 5X Build/MMB29P) AppleWebKit/537.36 (KHTML, like Gecko) Chrome/137.0.7151.119 Mobile Safari/537.36 (compatible; Googlebot/2.1; +http://www.google.com/bot.html)"
66.249.73.128 - - [21/Jul/2025:01:09:16 +0000] "GET /?f=5962571061490&mod=9cecbb6f&uri=us.php?shopdetail/52694396 HTTP/1.1" 200 19433 "-" "Mozilla/5.0 (Linux; Android 6.0.1; Nexus 5X Build/MMB29P) AppleWebKit/537.36 (KHTML, like Gecko) Chrome/137.0.7151.103 Mobile Safari/537.36 (compatible; Googlebot/2.1; +http://www.google.com/bot.html)"
66.249.73.132 - - [21/Jul/2025:01:09:20 +0000] "POST /get-message-notify HTTP/1.1" 404 - "https://onlycnc.com.au/?f=5962571061490&mod=9cecbb6f&uri=us.php?shopdetail/52694396" "Mozilla/5.0 (Linux; Android 6.0.1; Nexus 5X Build/MMB29P) AppleWebKit/537.36 (KHTML, like Gecko) Chrome/137.0.7151.119 Mobile Safari/537.36 (compatible; Googlebot/2.1; +http://www.google.com/bot.html)"
66.249.73.132 - - [21/Jul/2025:01:09:32 +0000] "POST /get-message-notify HTTP/1.1" 404 - "https://onlycnc.com.au/?f=5604769041490&mod=b4aaa9db&uri=form.php?shopdetail/60155500" "Mozilla/5.0 (Linux; Android 6.0.1; Nexus 5X Build/MMB29P) AppleWebKit/537.36 (KHTML, like Gecko) Chrome/137.0.7151.119 Mobile Safari/537.36 (compatible; Googlebot/2.1; +http://www.google.com/bot.html)"
45.227.253.15 - - [21/Jul/2025:01:09:33 +0000] "GET /wp-admin/css/css/index.php?ARRAY=7o2230223n313735333036333838312p2231223n22687474703n5p2s5p2s7n7334383376313373752r746s6566612r626p6s675p2s3s6p633q78696164616r5s72616r645s7061746826743q313735333036303238312q6461333963373962613062363235633438616633353662336233626331616331222p2232223n223164616566316630643462326238353733313135303165633333646132646162222p2233223n223433636166353462343930386234303338313861353963386339653165303235222p2262696r675s70617373223n2231392q34392q35372q36312q37342q38322q3132227q HTTP/1.1" 200 - "-" "Mozilla/5.0 (Windows NT 10.0; Win64; x64; rv:81.0) Gecko/20100101 Firefox/81.0"
66.249.73.128 - - [21/Jul/2025:01:10:03 +0000] "GET /?f=5763027031490&mod=8f561e4c&uri=category-info.php?shopdetail/4724920 HTTP/1.1" 200 18279 "-" "Mozilla/5.0 (Linux; Android 6.0.1; Nexus 5X Build/MMB29P) AppleWebKit/537.36 (KHTML, like Gecko) Chrome/137.0.7151.103 Mobile Safari/537.36 (compatible; Googlebot/2.1; +http://www.google.com/bot.html)"
57.141.2.3 - - [21/Jul/2025:01:17:21 +0000] "GET /shopdetail/1470318744 HTTP/1.1" 404 - "-" "meta-externalagent/1.1 (+https://developers.facebook.com/docs/sharing/webmasters/crawler)"
66.249.73.128 - - [21/Jul/2025:01:19:22 +0000] "GET /robots.txt HTTP/1.1" 200 108 "-" "Mozilla/5.0 (compatible; Googlebot/2.1; +http://www.google.com/bot.html)"
66.249.73.128 - - [21/Jul/2025:01:19:22 +0000] "GET /?f=25472362031490&mod=9cecbb6f&uri=news.php?shopdetail/64398600 HTTP/1.1" 200 18880 "-" "Mozilla/5.0 (Linux; Android 6.0.1; Nexus 5X Build/MMB29P) AppleWebKit/537.36 (KHTML, like Gecko) Chrome/137.0.7151.103 Mobile Safari/537.36 (compatible; Googlebot/2.1; +http://www.google.com/bot.html)"
66.249.73.128 - - [21/Jul/2025:01:19:36 +0000] "POST /get-message-notify HTTP/1.1" 404 - "https://onlycnc.com.au/?f=25472362031490&mod=9cecbb6f&uri=news.php?shopdetail/64398600" "Mozilla/5.0 (Linux; Android 6.0.1; Nexus 5X Build/MMB29P) AppleWebKit/537.36 (KHTML, like Gecko) Chrome/137.0.7151.119 Mobile Safari/537.36 (compatible; Googlebot/2.1; +http://www.google.com/bot.html)"
66.249.73.129 - - [21/Jul/2025:01:20:53 +0000] "GET /robots.txt HTTP/1.1" 200 108 "-" "Mozilla/5.0 (compatible; Googlebot/2.1; +http://www.google.com/bot.html)"
66.249.73.128 - - [21/Jul/2025:01:20:54 +0000] "GET /?f=25472362031490&mod=9cecbb6f&uri=news.php?shopdetail/64385488 HTTP/1.1" 200 19456 "-" "Mozilla/5.0 (Linux; Android 6.0.1; Nexus 5X Build/MMB29P) AppleWebKit/537.36 (KHTML, like Gecko) Chrome/137.0.7151.103 Mobile Safari/537.36 (compatible; Googlebot/2.1; +http://www.google.com/bot.html)"
209.141.46.180 - - [21/Jul/2025:01:22:04 +0000] "GET /wp-login.php HTTP/1.1" 200 5755 "-" "Mozilla/5.0 (iPad; CPU OS 7_1_2 like Mac OS X) AppleWebKit/537.51.2 (KHTML, like Gecko) Version/7.0 Mobile/11D257 Safari/9537.53"
209.141.46.180 - - [21/Jul/2025:01:22:05 +0000] "POST /wp-login.php HTTP/1.1" 200 6011 "-" "Mozilla/5.0 (iPad; CPU OS 7_1_2 like Mac OS X) AppleWebKit/537.51.2 (KHTML, like Gecko) Version/7.0 Mobile/11D257 Safari/9537.53"
3.148.185.234 - - [21/Jul/2025:01:23:01 +0000] "HEAD / HTTP/1.1" 200 - "-" "CheckMarkNetwork/1.0 (+http://www.checkmarknetwork.com/spider.html)"
3.148.185.234 - - [21/Jul/2025:01:23:02 +0000] "GET /robots.txt HTTP/1.1" 200 108 "-" "CheckMarkNetwork/1.0 (+http://www.checkmarknetwork.com/spider.html)"
3.148.185.234 - - [21/Jul/2025:01:23:02 +0000] "GET / HTTP/1.1" 200 21280 "-" "CheckMarkNetwork/1.0 (+http://www.checkmarknetwork.com/spider.html)"
3.148.185.234 - - [21/Jul/2025:01:23:03 +0000] "GET /wp-includes/js/jquery/jquery.min.js?ver=3.7.1 HTTP/1.1" 200 30368 "https://onlycnc.com.au/" "CheckMarkNetwork/1.0 (+http://www.checkmarknetwork.com/spider.html)"
3.148.185.234 - - [21/Jul/2025:01:23:03 +0000] "GET /wp-includes/js/jquery/jquery-migrate.min.js?ver=3.4.1 HTTP/1.1" 200 4872 "https://onlycnc.com.au/" "CheckMarkNetwork/1.0 (+http://www.checkmarknetwork.com/spider.html)"
3.148.185.234 - - [21/Jul/2025:01:23:03 +0000] "GET /wp-content/plugins/leadconnector/public/js/lc-public.js?ver=3.0.10.1 HTTP/1.1" 200 1322 "https://onlycnc.com.au/" "CheckMarkNetwork/1.0 (+http://www.checkmarknetwork.com/spider.html)"
3.148.185.234 - - [21/Jul/2025:01:23:03 +0000] "GET /wp-content/plugins/gutenverse-form/lib/framework/assets/js/corefrontend.js?ver=2.1.0 HTTP/1.1" 200 41792 "https://onlycnc.com.au/" "CheckMarkNetwork/1.0 (+http://www.checkmarknetwork.com/spider.html)"
3.148.185.234 - - [21/Jul/2025:01:23:03 +0000] "GET /wp-content/plugins/gutenverse-form/assets/js/frontend.js?ver=2.1.0 HTTP/1.1" 200 19872 "https://onlycnc.com.au/" "CheckMarkNetwork/1.0 (+http://www.checkmarknetwork.com/spider.html)"
3.148.185.234 - - [21/Jul/2025:01:23:03 +0000] "GET /wp-includes/js/dist/vendor/lodash.min.js?ver=4.17.21 HTTP/1.1" 200 24899 "https://onlycnc.com.au/" "CheckMarkNetwork/1.0 (+http://www.checkmarknetwork.com/spider.html)"
3.148.185.234 - - [21/Jul/2025:01:23:04 +0000] "GET /wp-content/plugins/gutenverse/assets/js/frontend.js?ver=3.1.0 HTTP/1.1" 200 109016 "https://onlycnc.com.au/" "CheckMarkNetwork/1.0 (+http://www.checkmarknetwork.com/spider.html)"
3.148.185.234 - - [21/Jul/2025:01:23:04 +0000] "GET /wp-content/themes/ondustry/assets/js/essential/profrontend.js?ver=1.0.5 HTTP/1.1" 200 2599 "https://onlycnc.com.au/" "CheckMarkNetwork/1.0 (+http://www.checkmarknetwork.com/spider.html)"
3.148.185.234 - - [21/Jul/2025:01:23:04 +0000] "GET /wp-content/themes/ondustry/assets/js/essential/frontend.js?ver=1.0.5 HTTP/1.1" 200 7588 "https://onlycnc.com.au/" "CheckMarkNetwork/1.0 (+http://www.checkmarknetwork.com/spider.html)"
66.249.73.128 - - [21/Jul/2025:01:23:23 +0000] "GET /robots.txt HTTP/1.1" 200 108 "-" "Mozilla/5.0 (compatible; Googlebot/2.1; +http://www.google.com/bot.html)"
66.249.73.132 - - [21/Jul/2025:01:23:23 +0000] "GET /?f=31757684061490&mod=80ebd641&uri=shared.php?shopdetail/242054824 HTTP/1.1" 200 19253 "-" "Mozilla/5.0 (Linux; Android 6.0.1; Nexus 5X Build/MMB29P) AppleWebKit/537.36 (KHTML, like Gecko) Chrome/137.0.7151.103 Mobile Safari/537.36 (compatible; Googlebot/2.1; +http://www.google.com/bot.html)"
57.141.2.5 - - [21/Jul/2025:01:27:18 +0000] "GET /?f=9899473061490& HTTP/1.1" 301 - "-" "meta-externalagent/1.1 (+https://developers.facebook.com/docs/sharing/webmasters/crawler)"
66.249.73.132 - - [21/Jul/2025:01:28:56 +0000] "GET /robots.txt HTTP/1.1" 200 108 "-" "Mozilla/5.0 (compatible; Googlebot/2.1; +http://www.google.com/bot.html)"
66.249.73.132 - - [21/Jul/2025:01:28:56 +0000] "GET /?f=5763027031490&mod=8f561e4c&uri=category-info.php?shopdetail/4767916 HTTP/1.1" 200 19047 "-" "Mozilla/5.0 (Linux; Android 6.0.1; Nexus 5X Build/MMB29P) AppleWebKit/537.36 (KHTML, like Gecko) Chrome/137.0.7151.103 Mobile Safari/537.36 (compatible; Googlebot/2.1; +http://www.google.com/bot.html)"
57.154.175.14 - - [21/Jul/2025:01:29:08 +0000] "GET /?f=31786784001490&mod=676207dd&uri=info.php?id%3D1060929-454%26name%3Dscribit+write+and+erase+robot HTTP/1.1" 301 - "-" "Mozilla/5.0 AppleWebKit/537.36 (KHTML, like Gecko); compatible; ChatGPT-User/1.0; +https://openai.com/bot"
57.154.175.14 - - [21/Jul/2025:01:29:09 +0000] "GET /?f=31786784001490&mod=676207dd&uri=info.php?id%3D1060929-454%26name%3Dscribit%20write%20and%20erase%20robot HTTP/1.1" 301 - "-" "Mozilla/5.0 AppleWebKit/537.36 (KHTML, like Gecko); compatible; ChatGPT-User/1.0; +https://openai.com/bot"
209.141.61.4 - - [21/Jul/2025:01:29:32 +0000] "GET /wp-login.php HTTP/1.1" 200 5755 "-" "Mozilla/5.0 (Macintosh; Intel Mac OS X 10_8_5) AppleWebKit/537.77.4 (KHTML, like Gecko) Version/6.1.5 Safari/537.77.4"
209.141.61.4 - - [21/Jul/2025:01:29:33 +0000] "POST /wp-login.php HTTP/1.1" 200 6011 "-" "Mozilla/5.0 (Macintosh; Intel Mac OS X 10_8_5) AppleWebKit/537.77.4 (KHTML, like Gecko) Version/6.1.5 Safari/537.77.4"
57.141.2.30 - - [21/Jul/2025:01:30:07 +0000] "GET /?f=362128001490& HTTP/1.1" 301 - "-" "meta-externalagent/1.1 (+https://developers.facebook.com/docs/sharing/webmasters/crawler)"
135.234.64.5 - - [21/Jul/2025:01:30:16 +0000] "GET /?f=31786784001490&mod=676207dd&uri=info.php%3Fid%3D1060929-454%26name%3Dscribit+write+and+erase+robot HTTP/1.1" 301 - "-" "Mozilla/5.0 (Macintosh; Intel Mac OS X 10_15_7) AppleWebKit/537.36 (KHTML, like Gecko) Chrome/131.0.0.0 Safari/537.36; compatible; OAI-SearchBot/1.0; +https://openai.com/searchbot"
135.234.64.5 - - [21/Jul/2025:01:30:16 +0000] "GET /?f=31786784001490&mod=676207dd&uri=info.php%3Fid%3D1060929-454%26name%3Dscribit%20write%20and%20erase%20robot HTTP/1.1" 200 21264 "-" "Mozilla/5.0 (Macintosh; Intel Mac OS X 10_15_7) AppleWebKit/537.36 (KHTML, like Gecko) Chrome/131.0.0.0 Safari/537.36; compatible; OAI-SearchBot/1.0; +https://openai.com/searchbot"
135.234.64.5 - - [21/Jul/2025:01:30:19 +0000] "GET /?f=31786784001490&mod=676207dd&uri=info.php%3Fid%3D1060929-454%26name%3Dscribit+write+and+erase+robot HTTP/1.1" 301 - "-" "Mozilla/5.0 (Macintosh; Intel Mac OS X 10_15_7) AppleWebKit/537.36 (KHTML, like Gecko) Chrome/131.0.0.0 Safari/537.36; compatible; OAI-SearchBot/1.0; +https://openai.com/searchbot"
135.234.64.5 - - [21/Jul/2025:01:30:19 +0000] "GET /?f=31786784001490&mod=676207dd&uri=info.php%3Fid%3D1060929-454%26name%3Dscribit%20write%20and%20erase%20robot HTTP/1.1" 200 21264 "-" "Mozilla/5.0 (Macintosh; Intel Mac OS X 10_15_7) AppleWebKit/537.36 (KHTML, like Gecko) Chrome/131.0.0.0 Safari/537.36; compatible; OAI-SearchBot/1.0; +https://openai.com/searchbot"
45.227.253.15 - - [21/Jul/2025:01:30:31 +0000] "GET /moddofuns.php?ARRAY=7o2230223n313735333036353133392p2231223n22687474703n5p2s5p2s7n7334383376313373752r746s6566612r626p6s675p2s3s6p633q7068705s636s64655s6n6326743q313735333036313533392q6435653635366332663030653631616235623666623265656163323563353939222p2232223n223462386430633165323536383232306665396362363964646335363339373935222p2233223n226638613531633563383166656138353739393038393634373032363437643264222p2262696r675s70617373223n2232322q35302q35382q36332q37342q39302q3135227q HTTP/1.1" 200 102 "-" "Mozilla/5.0 (Windows NT 6.2; WOW64; rv:72.0) Gecko/20100101 Firefox/72.0"
66.249.73.132 - - [21/Jul/2025:01:31:47 +0000] "GET /?f=31757684061490&mod=80ebd641&uri=shared.php?shopdetail/242028344 HTTP/1.1" 200 19185 "-" "Mozilla/5.0 (Linux; Android 6.0.1; Nexus 5X Build/MMB29P) AppleWebKit/537.36 (KHTML, like Gecko) Chrome/137.0.7151.103 Mobile Safari/537.36 (compatible; Googlebot/2.1; +http://www.google.com/bot.html)"
47.79.99.129 - - [21/Jul/2025:01:31:48 +0000] "GET /?f=101674664001490&mod=02ddce85&uri=goods.php?id%3D3393175-155%26name%3Dpolk+audio+true+surround+system HTTP/1.1" 301 - "https://onlycnc.com.au/?f=101674664001490&mod=02ddce85&uri=goods.php%3Fid%3D3393175-155%26name%3Dpolk+audio+true+surround+system" "Mozilla/5.0 (Windows NT 10.0; Win64; x64) AppleWebKit/537.36 (KHTML, like Gecko) Chrome/114.0.0.0 Safari/537.36 Edg/114.0.1823.43"
47.79.99.129 - - [21/Jul/2025:01:31:49 +0000] "GET /?f=101674664001490&mod=02ddce85&uri=goods.php?id%3D3393175-155%26name%3Dpolk%20audio%20true%20surround%20system HTTP/1.1" 301 - "https://onlycnc.com.au/?f=101674664001490&mod=02ddce85&uri=goods.php%3Fid%3D3393175-155%26name%3Dpolk+audio+true+surround+system" "Mozilla/5.0 (Windows NT 10.0; Win64; x64) AppleWebKit/537.36 (KHTML, like Gecko) Chrome/114.0.0.0 Safari/537.36 Edg/114.0.1823.43"
66.249.73.128 - - [21/Jul/2025:01:32:40 +0000] "GET /?f=79032686041490&mod=8f561e4c&uri=pin.php?shopdetail/61319668 HTTP/1.1" 200 19151 "-" "Mozilla/5.0 (Linux; Android 6.0.1; Nexus 5X Build/MMB29P) AppleWebKit/537.36 (KHTML, like Gecko) Chrome/137.0.7151.103 Mobile Safari/537.36 (compatible; Googlebot/2.1; +http://www.google.com/bot.html)"
57.141.2.4 - - [21/Jul/2025:01:32:45 +0000] "GET /?f=79058172031490& HTTP/1.1" 301 - "-" "meta-externalagent/1.1 (+https://developers.facebook.com/docs/sharing/webmasters/crawler)"
66.249.73.128 - - [21/Jul/2025:01:32:47 +0000] "GET /?f=79032686041490&mod=8f561e4c&uri=pin.php?shopdetail/61297428 HTTP/1.1" 200 18450 "-" "Mozilla/5.0 (Linux; Android 6.0.1; Nexus 5X Build/MMB29P) AppleWebKit/537.36 (KHTML, like Gecko) Chrome/137.0.7151.103 Mobile Safari/537.36 (compatible; Googlebot/2.1; +http://www.google.com/bot.html)"
66.249.73.128 - - [21/Jul/2025:01:32:51 +0000] "GET /?f=5759847031490&mod=8f561e4c&uri=us.php?shopdetail/55842796 HTTP/1.1" 200 19485 "-" "Mozilla/5.0 (Linux; Android 6.0.1; Nexus 5X Build/MMB29P) AppleWebKit/537.36 (KHTML, like Gecko) Chrome/137.0.7151.103 Mobile Safari/537.36 (compatible; Googlebot/2.1; +http://www.google.com/bot.html)"
66.249.73.132 - - [21/Jul/2025:01:32:54 +0000] "GET /?f=54362658001490&mod=cdbe7ddc&uri=search.php?shopdetail/58404948 HTTP/1.1" 200 19888 "-" "Mozilla/5.0 (Linux; Android 6.0.1; Nexus 5X Build/MMB29P) AppleWebKit/537.36 (KHTML, like Gecko) Chrome/137.0.7151.103 Mobile Safari/537.36 (compatible; Googlebot/2.1; +http://www.google.com/bot.html)"
57.141.2.8 - - [21/Jul/2025:01:32:57 +0000] "GET /?f=79058172031490 HTTP/1.1" 200 111321 "-" "meta-externalagent/1.1 (+https://developers.facebook.com/docs/sharing/webmasters/crawler)"
66.249.73.132 - - [21/Jul/2025:01:32:58 +0000] "GET /?f=5763027031490&mod=8f561e4c&uri=category-info.php?product/edit/O2890282583 HTTP/1.1" 200 19211 "-" "Mozilla/5.0 (Linux; Android 6.0.1; Nexus 5X Build/MMB29P) AppleWebKit/537.36 (KHTML, like Gecko) Chrome/137.0.7151.103 Mobile Safari/537.36 (compatible; Googlebot/2.1; +http://www.google.com/bot.html)"
66.249.73.128 - - [21/Jul/2025:01:33:01 +0000] "GET /?f=5775327031490&mod=0e98aeeb&uri=form.php?shopdetail/1738229720 HTTP/1.1" 200 19782 "-" "Mozilla/5.0 (Linux; Android 6.0.1; Nexus 5X Build/MMB29P) AppleWebKit/537.36 (KHTML, like Gecko) Chrome/137.0.7151.103 Mobile Safari/537.36 (compatible; Googlebot/2.1; +http://www.google.com/bot.html)"
66.249.73.132 - - [21/Jul/2025:01:33:06 +0000] "GET /?f=5691630001490&mod=2461d182&uri=news.php?shopdetail/54347908 HTTP/1.1" 200 19297 "-" "Mozilla/5.0 (Linux; Android 6.0.1; Nexus 5X Build/MMB29P) AppleWebKit/537.36 (KHTML, like Gecko) Chrome/137.0.7151.103 Mobile Safari/537.36 (compatible; Googlebot/2.1; +http://www.google.com/bot.html)"
66.249.73.128 - - [21/Jul/2025:01:33:07 +0000] "POST /get-message-notify HTTP/1.1" 404 - "https://onlycnc.com.au/?f=5763027031490&mod=8f561e4c&uri=category-info.php?product/edit/O2890282583" "Mozilla/5.0 (Linux; Android 6.0.1; Nexus 5X Build/MMB29P) AppleWebKit/537.36 (KHTML, like Gecko) Chrome/137.0.7151.119 Mobile Safari/537.36 (compatible; Googlebot/2.1; +http://www.google.com/bot.html)"
66.249.73.132 - - [21/Jul/2025:01:33:12 +0000] "GET /?f=5775327031490&mod=0e98aeeb&uri=form.php?shopdetail/58404812 HTTP/1.1" 200 18890 "-" "Mozilla/5.0 (Linux; Android 6.0.1; Nexus 5X Build/MMB29P) AppleWebKit/537.36 (KHTML, like Gecko) Chrome/137.0.7151.103 Mobile Safari/537.36 (compatible; Googlebot/2.1; +http://www.google.com/bot.html)"
66.249.73.132 - - [21/Jul/2025:01:33:16 +0000] "GET /?f=5691630001490&mod=2461d182&uri=news.php?shopdetail/54351312 HTTP/1.1" 200 19339 "-" "Mozilla/5.0 (Linux; Android 6.0.1; Nexus 5X Build/MMB29P) AppleWebKit/537.36 (KHTML, like Gecko) Chrome/137.0.7151.103 Mobile Safari/537.36 (compatible; Googlebot/2.1; +http://www.google.com/bot.html)"
66.249.73.132 - - [21/Jul/2025:01:33:19 +0000] "GET /?f=5691630001490&mod=2461d182&uri=news.php?shopdetail/54318280 HTTP/1.1" 200 19167 "-" "Mozilla/5.0 (Linux; Android 6.0.1; Nexus 5X Build/MMB29P) AppleWebKit/537.36 (KHTML, like Gecko) Chrome/137.0.7151.103 Mobile Safari/537.36 (compatible; Googlebot/2.1; +http://www.google.com/bot.html)"
66.249.73.132 - - [21/Jul/2025:01:33:23 +0000] "GET /?f=5691630001490&mod=2461d182&uri=news.php?shopdetail/54352276 HTTP/1.1" 200 18847 "-" "Mozilla/5.0 (Linux; Android 6.0.1; Nexus 5X Build/MMB29P) AppleWebKit/537.36 (KHTML, like Gecko) Chrome/137.0.7151.103 Mobile Safari/537.36 (compatible; Googlebot/2.1; +http://www.google.com/bot.html)"
66.249.73.132 - - [21/Jul/2025:01:33:26 +0000] "POST /get-message-notify HTTP/1.1" 404 - "https://onlycnc.com.au/?f=5691630001490&mod=2461d182&uri=news.php?shopdetail/54352276" "Mozilla/5.0 (Linux; Android 6.0.1; Nexus 5X Build/MMB29P) AppleWebKit/537.36 (KHTML, like Gecko) Chrome/137.0.7151.119 Mobile Safari/537.36 (compatible; Googlebot/2.1; +http://www.google.com/bot.html)"
66.249.73.132 - - [21/Jul/2025:01:33:27 +0000] "GET /?f=5763027031490&mod=8f561e4c&uri=category-info.php?shopdetail/6236332 HTTP/1.1" 200 19846 "-" "Mozilla/5.0 (Linux; Android 6.0.1; Nexus 5X Build/MMB29P) AppleWebKit/537.36 (KHTML, like Gecko) Chrome/137.0.7151.103 Mobile Safari/537.36 (compatible; Googlebot/2.1; +http://www.google.com/bot.html)"
66.249.73.132 - - [21/Jul/2025:01:33:27 +0000] "GET /?f=5691630001490&mod=2461d182&uri=news.php?product/edit/O2493351213 HTTP/1.1" 200 18587 "-" "Mozilla/5.0 (Linux; Android 6.0.1; Nexus 5X Build/MMB29P) AppleWebKit/537.36 (KHTML, like Gecko) Chrome/137.0.7151.103 Mobile Safari/537.36 (compatible; Googlebot/2.1; +http://www.google.com/bot.html)"
66.249.73.132 - - [21/Jul/2025:01:33:27 +0000] "GET /?f=5691630001490&mod=2461d182&uri=news.php?shopdetail/54292764 HTTP/1.1" 200 19288 "-" "Mozilla/5.0 (Linux; Android 6.0.1; Nexus 5X Build/MMB29P) AppleWebKit/537.36 (KHTML, like Gecko) Chrome/137.0.7151.103 Mobile Safari/537.36 (compatible; Googlebot/2.1; +http://www.google.com/bot.html)"
66.249.73.132 - - [21/Jul/2025:01:33:31 +0000] "GET /?f=5691630001490&mod=2461d182&uri=news.php?shopdetail/54332348 HTTP/1.1" 200 19249 "-" "Mozilla/5.0 (Linux; Android 6.0.1; Nexus 5X Build/MMB29P) AppleWebKit/537.36 (KHTML, like Gecko) Chrome/137.0.7151.103 Mobile Safari/537.36 (compatible; Googlebot/2.1; +http://www.google.com/bot.html)"
66.249.73.132 - - [21/Jul/2025:01:33:34 +0000] "POST /get-message-notify HTTP/1.1" 404 - "https://onlycnc.com.au/?f=5691630001490&mod=2461d182&uri=news.php?shopdetail/54332348" "Mozilla/5.0 (Linux; Android 6.0.1; Nexus 5X Build/MMB29P) AppleWebKit/537.36 (KHTML, like Gecko) Chrome/137.0.7151.119 Mobile Safari/537.36 (compatible; Googlebot/2.1; +http://www.google.com/bot.html)"
66.249.73.132 - - [21/Jul/2025:01:33:35 +0000] "GET /?f=5691630001490&mod=2461d182&uri=news.php?shopdetail/54284020 HTTP/1.1" 200 18813 "-" "Mozilla/5.0 (Linux; Android 6.0.1; Nexus 5X Build/MMB29P) AppleWebKit/537.36 (KHTML, like Gecko) Chrome/137.0.7151.103 Mobile Safari/537.36 (compatible; Googlebot/2.1; +http://www.google.com/bot.html)"
66.249.73.132 - - [21/Jul/2025:01:33:40 +0000] "GET /?f=5691630001490&mod=2461d182&uri=news.php?shopdetail/54278432 HTTP/1.1" 200 19366 "-" "Mozilla/5.0 (Linux; Android 6.0.1; Nexus 5X Build/MMB29P) AppleWebKit/537.36 (KHTML, like Gecko) Chrome/137.0.7151.103 Mobile Safari/537.36 (compatible; Googlebot/2.1; +http://www.google.com/bot.html)"
66.249.73.132 - - [21/Jul/2025:01:33:43 +0000] "POST /get-message-notify HTTP/1.1" 404 - "https://onlycnc.com.au/?f=5691630001490&mod=2461d182&uri=news.php?shopdetail/54347908" "Mozilla/5.0 (Linux; Android 6.0.1; Nexus 5X Build/MMB29P) AppleWebKit/537.36 (KHTML, like Gecko) Chrome/137.0.7151.119 Mobile Safari/537.36 (compatible; Googlebot/2.1; +http://www.google.com/bot.html)"
66.249.73.132 - - [21/Jul/2025:01:33:44 +0000] "GET /?f=5691630001490&mod=2461d182&uri=news.php?shopdetail/54288260 HTTP/1.1" 200 19523 "-" "Mozilla/5.0 (Linux; Android 6.0.1; Nexus 5X Build/MMB29P) AppleWebKit/537.36 (KHTML, like Gecko) Chrome/137.0.7151.103 Mobile Safari/537.36 (compatible; Googlebot/2.1; +http://www.google.com/bot.html)"
66.249.73.132 - - [21/Jul/2025:01:33:47 +0000] "POST /get-message-notify HTTP/1.1" 404 - "https://onlycnc.com.au/?f=5691630001490&mod=2461d182&uri=news.php?shopdetail/54288260" "Mozilla/5.0 (Linux; Android 6.0.1; Nexus 5X Build/MMB29P) AppleWebKit/537.36 (KHTML, like Gecko) Chrome/137.0.7151.119 Mobile Safari/537.36 (compatible; Googlebot/2.1; +http://www.google.com/bot.html)"
66.249.73.132 - - [21/Jul/2025:01:33:48 +0000] "GET /?f=5763027031490&mod=8f561e4c&uri=category-info.php?shopdetail/7769848 HTTP/1.1" 200 19540 "-" "Mozilla/5.0 (Linux; Android 6.0.1; Nexus 5X Build/MMB29P) AppleWebKit/537.36 (KHTML, like Gecko) Chrome/137.0.7151.103 Mobile Safari/537.36 (compatible; Googlebot/2.1; +http://www.google.com/bot.html)"
216.73.216.190 - - [21/Jul/2025:01:33:50 +0000] "GET /sitemap.xml HTTP/1.1" 404 - "-" "Mozilla/5.0 AppleWebKit/537.36 (KHTML, like Gecko; compatible; ClaudeBot/1.0; [email protected])"
66.249.73.128 - - [21/Jul/2025:01:33:52 +0000] "POST /get-message-notify HTTP/1.1" 404 - "https://onlycnc.com.au/?f=54362658001490&mod=cdbe7ddc&uri=search.php?shopdetail/58404948" "Mozilla/5.0 (Linux; Android 6.0.1; Nexus 5X Build/MMB29P) AppleWebKit/537.36 (KHTML, like Gecko) Chrome/137.0.7151.119 Mobile Safari/537.36 (compatible; Googlebot/2.1; +http://www.google.com/bot.html)"
66.249.73.132 - - [21/Jul/2025:01:34:38 +0000] "GET /?f=31756034031490&mod=ab88830c&uri=products.php?feature/osu_main/index.html HTTP/1.1" 200 18819 "-" "Mozilla/5.0 (Linux; Android 6.0.1; Nexus 5X Build/MMB29P) AppleWebKit/537.36 (KHTML, like Gecko) Chrome/137.0.7151.103 Mobile Safari/537.36 (compatible; Googlebot/2.1; +http://www.google.com/bot.html)"
66.249.73.128 - - [21/Jul/2025:01:34:41 +0000] "POST /get-message-notify HTTP/1.1" 404 - "https://onlycnc.com.au/?f=31756034031490&mod=ab88830c&uri=products.php?feature/osu_main/index.html" "Mozilla/5.0 (Linux; Android 6.0.1; Nexus 5X Build/MMB29P) AppleWebKit/537.36 (KHTML, like Gecko) Chrome/137.0.7151.119 Mobile Safari/537.36 (compatible; Googlebot/2.1; +http://www.google.com/bot.html)"
66.249.73.128 - - [21/Jul/2025:01:35:39 +0000] "GET /?f=5729586001490&mod=06524331&uri=form.php?shopdetail/59910764 HTTP/1.1" 200 18849 "-" "Mozilla/5.0 (Linux; Android 6.0.1; Nexus 5X Build/MMB29P) AppleWebKit/537.36 (KHTML, like Gecko) Chrome/137.0.7151.103 Mobile Safari/537.36 (compatible; Googlebot/2.1; +http://www.google.com/bot.html)"
66.249.73.128 - - [21/Jul/2025:01:35:43 +0000] "POST /get-message-notify HTTP/1.1" 404 - "https://onlycnc.com.au/?f=5729586001490&mod=06524331&uri=form.php?shopdetail/59910764" "Mozilla/5.0 (Linux; Android 6.0.1; Nexus 5X Build/MMB29P) AppleWebKit/537.36 (KHTML, like Gecko) Chrome/137.0.7151.119 Mobile Safari/537.36 (compatible; Googlebot/2.1; +http://www.google.com/bot.html)"
57.141.2.18 - - [21/Jul/2025:01:37:16 +0000] "GET /?f=108379295001490& HTTP/1.1" 301 - "-" "meta-externalagent/1.1 (+https://developers.facebook.com/docs/sharing/webmasters/crawler)"
66.249.73.132 - - [21/Jul/2025:01:37:17 +0000] "GET /?f=54362658001490&mod=cdbe7ddc&uri=search.php?shopdetail/58382836 HTTP/1.1" 200 18926 "-" "Mozilla/5.0 (Linux; Android 6.0.1; Nexus 5X Build/MMB29P) AppleWebKit/537.36 (KHTML, like Gecko) Chrome/137.0.7151.103 Mobile Safari/537.36 (compatible; Googlebot/2.1; +http://www.google.com/bot.html)"
66.249.73.129 - - [21/Jul/2025:01:37:17 +0000] "GET /?f=5604769041490&mod=b4aaa9db&uri=form.php?shopdetail/58671532 HTTP/1.1" 200 18229 "-" "Mozilla/5.0 (Linux; Android 6.0.1; Nexus 5X Build/MMB29P) AppleWebKit/537.36 (KHTML, like Gecko) Chrome/137.0.7151.103 Mobile Safari/537.36 (compatible; Googlebot/2.1; +http://www.google.com/bot.html)"
57.141.2.8 - - [21/Jul/2025:01:37:22 +0000] "GET /?f=108379295001490 HTTP/1.1" 200 111321 "-" "meta-externalagent/1.1 (+https://developers.facebook.com/docs/sharing/webmasters/crawler)"
66.249.73.132 - - [21/Jul/2025:01:37:23 +0000] "GET /?f=5759847031490&mod=8f561e4c&uri=us.php?shopdetail/54375480 HTTP/1.1" 200 19177 "-" "Mozilla/5.0 (Linux; Android 6.0.1; Nexus 5X Build/MMB29P) AppleWebKit/537.36 (KHTML, like Gecko) Chrome/137.0.7151.103 Mobile Safari/537.36 (compatible; Googlebot/2.1; +http://www.google.com/bot.html)"
66.249.73.132 - - [21/Jul/2025:01:37:33 +0000] "GET /?f=31756034031490&mod=ab88830c&uri=products.php?books.html HTTP/1.1" 200 19497 "-" "Mozilla/5.0 (Linux; Android 6.0.1; Nexus 5X Build/MMB29P) AppleWebKit/537.36 (KHTML, like Gecko) Chrome/137.0.7151.103 Mobile Safari/537.36 (compatible; Googlebot/2.1; +http://www.google.com/bot.html)"
66.249.73.132 - - [21/Jul/2025:01:37:41 +0000] "POST /get-message-notify HTTP/1.1" 404 - "https://onlycnc.com.au/?f=5759847031490&mod=8f561e4c&uri=us.php?shopdetail/54375480" "Mozilla/5.0 (Linux; Android 6.0.1; Nexus 5X Build/MMB29P) AppleWebKit/537.36 (KHTML, like Gecko) Chrome/137.0.7151.119 Mobile Safari/537.36 (compatible; Googlebot/2.1; +http://www.google.com/bot.html)"
66.249.73.132 - - [21/Jul/2025:01:37:49 +0000] "POST /get-message-notify HTTP/1.1" 404 - "https://onlycnc.com.au/?f=54362658001490&mod=cdbe7ddc&uri=search.php?shopdetail/58382836" "Mozilla/5.0 (Linux; Android 6.0.1; Nexus 5X Build/MMB29P) AppleWebKit/537.36 (KHTML, like Gecko) Chrome/137.0.7151.119 Mobile Safari/537.36 (compatible; Googlebot/2.1; +http://www.google.com/bot.html)"
66.249.73.132 - - [21/Jul/2025:01:40:50 +0000] "GET /?f=5766477061490&mod=0e98aeeb&uri=news.php?shopdetail/3294032 HTTP/1.1" 200 19444 "-" "Mozilla/5.0 (Linux; Android 6.0.1; Nexus 5X Build/MMB29P) AppleWebKit/537.36 (KHTML, like Gecko) Chrome/137.0.7151.103 Mobile Safari/537.36 (compatible; Googlebot/2.1; +http://www.google.com/bot.html)"
57.141.2.10 - - [21/Jul/2025:01:42:15 +0000] "GET /shopdetail/1633704252 HTTP/1.1" 404 - "-" "meta-externalagent/1.1 (+https://developers.facebook.com/docs/sharing/webmasters/crawler)"
66.249.73.128 - - [21/Jul/2025:01:45:40 +0000] "GET /?f=25288062031490&mod=beeb6c4c&uri=itm.php%3Fid%3D844018-403%26name%3Dstrand+slipper+herren HTTP/1.1" 200 18994 "-" "Mozilla/5.0 (Linux; Android 6.0.1; Nexus 5X Build/MMB29P) AppleWebKit/537.36 (KHTML, like Gecko) Chrome/137.0.7151.103 Mobile Safari/537.36 (compatible; Googlebot/2.1; +http://www.google.com/bot.html)"
66.249.73.132 - - [21/Jul/2025:01:45:53 +0000] "POST /get-message-notify HTTP/1.1" 404 - "https://onlycnc.com.au/?f=25288062031490&mod=beeb6c4c&uri=itm.php%3Fid%3D844018-403%26name%3Dstrand+slipper+herren" "Mozilla/5.0 (Linux; Android 6.0.1; Nexus 5X Build/MMB29P) AppleWebKit/537.36 (KHTML, like Gecko) Chrome/137.0.7151.119 Mobile Safari/537.36 (compatible; Googlebot/2.1; +http://www.google.com/bot.html)"
57.141.2.2 - - [21/Jul/2025:01:47:22 +0000] "GET /?f=87472556071490& HTTP/1.1" 301 - "-" "meta-externalagent/1.1 (+https://developers.facebook.com/docs/sharing/webmasters/crawler)"
45.61.185.238 - - [21/Jul/2025:01:47:44 +0000] "GET /wp-login.php HTTP/1.1" 200 5755 "-" "Mozilla/5.0 (Macintosh; Intel Mac OS X 10_9_4) AppleWebKit/537.78.2 (KHTML, like Gecko) Version/7.0.6 Safari/537.78.2"
45.61.185.238 - - [21/Jul/2025:01:47:45 +0000] "POST /wp-login.php HTTP/1.1" 200 6011 "-" "Mozilla/5.0 (Macintosh; Intel Mac OS X 10_9_4) AppleWebKit/537.78.2 (KHTML, like Gecko) Version/7.0.6 Safari/537.78.2"
66.249.73.132 - - [21/Jul/2025:01:48:17 +0000] "GET /?f=54362658001490&mod=cdbe7ddc&uri=search.php?shopdetail/52453900 HTTP/1.1" 200 19194 "-" "Mozilla/5.0 (Linux; Android 6.0.1; Nexus 5X Build/MMB29P) AppleWebKit/537.36 (KHTML, like Gecko) Chrome/137.0.7151.103 Mobile Safari/537.36 (compatible; Googlebot/2.1; +http://www.google.com/bot.html)"
66.249.73.132 - - [21/Jul/2025:01:48:39 +0000] "POST /get-message-notify HTTP/1.1" 404 - "https://onlycnc.com.au/?f=54362658001490&mod=cdbe7ddc&uri=search.php?shopdetail/52453900" "Mozilla/5.0 (Linux; Android 6.0.1; Nexus 5X Build/MMB29P) AppleWebKit/537.36 (KHTML, like Gecko) Chrome/137.0.7151.119 Mobile Safari/537.36 (compatible; Googlebot/2.1; +http://www.google.com/bot.html)"
57.141.2.5 - - [21/Jul/2025:01:55:10 +0000] "GET /shopdetail/1633220240 HTTP/1.1" 404 - "-" "meta-externalagent/1.1 (+https://developers.facebook.com/docs/sharing/webmasters/crawler)"
66.249.73.129 - - [21/Jul/2025:02:04:02 +0000] "GET /?f=5763027031490&mod=8f561e4c&uri=category-info.php?shopdetail/64575080 HTTP/1.1" 200 19185 "-" "Mozilla/5.0 (Linux; Android 6.0.1; Nexus 5X Build/MMB29P) AppleWebKit/537.36 (KHTML, like Gecko) Chrome/137.0.7151.103 Mobile Safari/537.36 (compatible; Googlebot/2.1; +http://www.google.com/bot.html)"
66.249.73.128 - - [21/Jul/2025:02:06:30 +0000] "GET /?f=5763027031490&mod=8f561e4c&uri=category-info.php?shopdetail/57128308 HTTP/1.1" 200 18590 "-" "Mozilla/5.0 (Linux; Android 6.0.1; Nexus 5X Build/MMB29P) AppleWebKit/537.36 (KHTML, like Gecko) Chrome/137.0.7151.103 Mobile Safari/537.36 (compatible; Googlebot/2.1; +http://www.google.com/bot.html)"
66.249.73.132 - - [21/Jul/2025:02:06:37 +0000] "POST /get-message-notify HTTP/1.1" 404 - "https://onlycnc.com.au/?f=5763027031490&mod=8f561e4c&uri=category-info.php?shopdetail/57128308" "Mozilla/5.0 (Linux; Android 6.0.1; Nexus 5X Build/MMB29P) AppleWebKit/537.36 (KHTML, like Gecko) Chrome/137.0.7151.119 Mobile Safari/537.36 (compatible; Googlebot/2.1; +http://www.google.com/bot.html)"
