20.171.207.65 - - [20/Jul/2025:16:50:15 +0000] "GET /items/tv/recording-media/2309268/ HTTP/1.1" 200 - "-" "Mozilla/5.0 AppleWebKit/537.36 (KHTML, like Gecko; compatible; GPTBot/1.2; +https://openai.com/gptbot)"
66.249.74.110 - - [20/Jul/2025:16:50:30 +0000] "GET /special/411814604 HTTP/1.1" 200 18109 "-" "Mozilla/5.0 (Linux; Android 6.0.1; Nexus 5X Build/MMB29P) AppleWebKit/537.36 (KHTML, like Gecko) Chrome/137.0.7151.103 Mobile Safari/537.36 (compatible; Googlebot/2.1; +http://www.google.com/bot.html)"
20.171.207.65 - - [20/Jul/2025:16:51:17 +0000] "GET /items/audio/single-focus/4437430/ HTTP/1.1" 200 - "-" "Mozilla/5.0 AppleWebKit/537.36 (KHTML, like Gecko; compatible; GPTBot/1.2; +https://openai.com/gptbot)"
20.171.207.65 - - [20/Jul/2025:16:52:19 +0000] "GET /items/kitchen/bulk-sales/4314012/ HTTP/1.1" 200 - "-" "Mozilla/5.0 AppleWebKit/537.36 (KHTML, like Gecko; compatible; GPTBot/1.2; +https://openai.com/gptbot)"
66.249.74.108 - - [20/Jul/2025:16:52:32 +0000] "GET /special/2968672 HTTP/1.1" 200 20973 "-" "Mozilla/5.0 (Linux; Android 6.0.1; Nexus 5X Build/MMB29P) AppleWebKit/537.36 (KHTML, like Gecko) Chrome/137.0.7151.103 Mobile Safari/537.36 (compatible; Googlebot/2.1; +http://www.google.com/bot.html)"
20.171.207.65 - - [20/Jul/2025:16:53:24 +0000] "GET /items/kitchen/bulk-sales/1985416/ HTTP/1.1" 200 - "-" "Mozilla/5.0 AppleWebKit/537.36 (KHTML, like Gecko; compatible; GPTBot/1.2; +https://openai.com/gptbot)"
66.249.65.200 - - [20/Jul/2025:16:54:08 +0000] "GET /special/428690364 HTTP/1.1" 200 19673 "-" "Mozilla/5.0 (Linux; Android 6.0.1; Nexus 5X Build/MMB29P) AppleWebKit/537.36 (KHTML, like Gecko) Chrome/137.0.7151.103 Mobile Safari/537.36 (compatible; Googlebot/2.1; +http://www.google.com/bot.html)"
66.249.65.201 - - [20/Jul/2025:16:54:12 +0000] "POST /get-message-notify HTTP/1.1" 200 19448 "https://sainature.group/special/428690364" "Mozilla/5.0 (Linux; Android 6.0.1; Nexus 5X Build/MMB29P) AppleWebKit/537.36 (KHTML, like Gecko) Chrome/137.0.7151.119 Mobile Safari/537.36 (compatible; Googlebot/2.1; +http://www.google.com/bot.html)"
66.249.74.108 - - [20/Jul/2025:16:54:20 +0000] "GET /special/411818944 HTTP/1.1" 200 18589 "-" "Mozilla/5.0 (Linux; Android 6.0.1; Nexus 5X Build/MMB29P) AppleWebKit/537.36 (KHTML, like Gecko) Chrome/137.0.7151.103 Mobile Safari/537.36 (compatible; Googlebot/2.1; +http://www.google.com/bot.html)"
20.171.207.65 - - [20/Jul/2025:16:56:15 +0000] "GET /items/kitchen/bulk-sales/3054941/ HTTP/1.1" 200 - "-" "Mozilla/5.0 AppleWebKit/537.36 (KHTML, like Gecko; compatible; GPTBot/1.2; +https://openai.com/gptbot)"
57.141.2.21 - - [20/Jul/2025:16:56:18 +0000] "GET /special/749943740 HTTP/1.1" 200 - "-" "meta-externalagent/1.1 (+https://developers.facebook.com/docs/sharing/webmasters/crawler)"
20.171.207.65 - - [20/Jul/2025:16:57:20 +0000] "GET /items/tv/audio-equipment/2563269/ HTTP/1.1" 200 - "-" "Mozilla/5.0 AppleWebKit/537.36 (KHTML, like Gecko; compatible; GPTBot/1.2; +https://openai.com/gptbot)"
57.141.2.15 - - [20/Jul/2025:16:57:22 +0000] "GET /special/304414400 HTTP/1.1" 200 - "-" "meta-externalagent/1.1 (+https://developers.facebook.com/docs/sharing/webmasters/crawler)"
20.171.207.65 - - [20/Jul/2025:16:58:20 +0000] "GET /items/kitchen/bulk-sales/4229405/ HTTP/1.1" 200 - "-" "Mozilla/5.0 AppleWebKit/537.36 (KHTML, like Gecko; compatible; GPTBot/1.2; +https://openai.com/gptbot)"
20.171.207.65 - - [20/Jul/2025:16:59:24 +0000] "GET /items/tv/audio-equipment/2517501/ HTTP/1.1" 200 - "-" "Mozilla/5.0 AppleWebKit/537.36 (KHTML, like Gecko; compatible; GPTBot/1.2; +https://openai.com/gptbot)"
20.171.207.65 - - [20/Jul/2025:17:00:28 +0000] "GET /items/tv/audio-equipment/5172054/ HTTP/1.1" 200 - "-" "Mozilla/5.0 AppleWebKit/537.36 (KHTML, like Gecko; compatible; GPTBot/1.2; +https://openai.com/gptbot)"
20.171.207.65 - - [20/Jul/2025:17:01:33 +0000] "GET /items/tv/audio-equipment/3161597/ HTTP/1.1" 200 - "-" "Mozilla/5.0 AppleWebKit/537.36 (KHTML, like Gecko; compatible; GPTBot/1.2; +https://openai.com/gptbot)"
20.171.207.65 - - [20/Jul/2025:17:02:36 +0000] "GET /items/kitchen/bulk-sales/3648492/ HTTP/1.1" 200 - "-" "Mozilla/5.0 AppleWebKit/537.36 (KHTML, like Gecko; compatible; GPTBot/1.2; +https://openai.com/gptbot)"
20.171.207.65 - - [20/Jul/2025:17:03:40 +0000] "GET /items/dvds/western-music/2414783/ HTTP/1.1" 200 - "-" "Mozilla/5.0 AppleWebKit/537.36 (KHTML, like Gecko; compatible; GPTBot/1.2; +https://openai.com/gptbot)"
20.171.207.65 - - [20/Jul/2025:17:04:45 +0000] "GET /items/cosmetics/basic-cosmetics/1767344/ HTTP/1.1" 200 - "-" "Mozilla/5.0 AppleWebKit/537.36 (KHTML, like Gecko; compatible; GPTBot/1.2; +https://openai.com/gptbot)"
57.141.2.26 - - [20/Jul/2025:17:05:19 +0000] "GET /special/749742604 HTTP/1.1" 200 - "-" "meta-externalagent/1.1 (+https://developers.facebook.com/docs/sharing/webmasters/crawler)"
20.171.207.65 - - [20/Jul/2025:17:05:50 +0000] "GET /items/cosmetics/basic-cosmetics/2110878/ HTTP/1.1" 200 - "-" "Mozilla/5.0 AppleWebKit/537.36 (KHTML, like Gecko; compatible; GPTBot/1.2; +https://openai.com/gptbot)"
57.141.2.29 - - [20/Jul/2025:17:15:41 +0000] "GET /special/749940760 HTTP/1.1" 200 - "-" "meta-externalagent/1.1 (+https://developers.facebook.com/docs/sharing/webmasters/crawler)"
216.73.216.140 - - [20/Jul/2025:17:18:46 +0000] "GET /robots.txt HTTP/1.1" 200 95 "-" "Mozilla/5.0 AppleWebKit/537.36 (KHTML, like Gecko; compatible; ClaudeBot/1.0; [email protected])"
216.73.216.140 - - [20/Jul/2025:17:18:46 +0000] "GET /special/425344 HTTP/1.1" 200 - "-" "Mozilla/5.0 AppleWebKit/537.36 (KHTML, like Gecko; compatible; ClaudeBot/1.0; [email protected])"
104.210.140.133 - - [20/Jul/2025:17:19:04 +0000] "GET /robots.txt HTTP/1.1" 200 95 "-" "Mozilla/5.0 (Macintosh; Intel Mac OS X 10_15_7) AppleWebKit/537.36 (KHTML, like Gecko) Chrome/131.0.0.0 Safari/537.36; compatible; OAI-SearchBot/1.0; +https://openai.com/searchbot"
57.141.2.10 - - [20/Jul/2025:17:19:52 +0000] "GET /special/308285340 HTTP/1.1" 200 - "-" "meta-externalagent/1.1 (+https://developers.facebook.com/docs/sharing/webmasters/crawler)"
216.73.216.140 - - [20/Jul/2025:17:21:26 +0000] "GET /special/219892 HTTP/1.1" 200 - "-" "Mozilla/5.0 AppleWebKit/537.36 (KHTML, like Gecko; compatible; ClaudeBot/1.0; [email protected])"
216.73.216.140 - - [20/Jul/2025:17:21:29 +0000] "GET /special/475788 HTTP/1.1" 200 - "-" "Mozilla/5.0 AppleWebKit/537.36 (KHTML, like Gecko; compatible; ClaudeBot/1.0; [email protected])"
20.171.207.147 - - [20/Jul/2025:17:21:39 +0000] "GET /items/cosmetics/basic-cosmetics/2497579/ HTTP/1.1" 200 - "-" "Mozilla/5.0 AppleWebKit/537.36 (KHTML, like Gecko; compatible; GPTBot/1.2; +https://openai.com/gptbot)"
20.171.207.147 - - [20/Jul/2025:17:21:54 +0000] "GET /items/cosmetics/basic-cosmetics/4885210/ HTTP/1.1" 200 - "-" "Mozilla/5.0 AppleWebKit/537.36 (KHTML, like Gecko; compatible; GPTBot/1.2; +https://openai.com/gptbot)"
20.171.207.147 - - [20/Jul/2025:17:21:59 +0000] "GET /items/cosmetics/basic-cosmetics/5173432/ HTTP/1.1" 200 - "-" "Mozilla/5.0 AppleWebKit/537.36 (KHTML, like Gecko; compatible; GPTBot/1.2; +https://openai.com/gptbot)"
20.171.207.147 - - [20/Jul/2025:17:22:02 +0000] "GET /items/cosmetics/basic-cosmetics/3709436/ HTTP/1.1" 200 - "-" "Mozilla/5.0 AppleWebKit/537.36 (KHTML, like Gecko; compatible; GPTBot/1.2; +https://openai.com/gptbot)"
20.171.207.147 - - [20/Jul/2025:17:22:04 +0000] "GET /items/cars/cars/4065378/ HTTP/1.1" 200 - "-" "Mozilla/5.0 AppleWebKit/537.36 (KHTML, like Gecko; compatible; GPTBot/1.2; +https://openai.com/gptbot)"
20.171.207.147 - - [20/Jul/2025:17:22:06 +0000] "GET /items/cars/cars/4971036/ HTTP/1.1" 200 - "-" "Mozilla/5.0 AppleWebKit/537.36 (KHTML, like Gecko; compatible; GPTBot/1.2; +https://openai.com/gptbot)"
20.171.207.147 - - [20/Jul/2025:17:22:08 +0000] "GET /items/cosmetics/basic-cosmetics/5007138/ HTTP/1.1" 200 - "-" "Mozilla/5.0 AppleWebKit/537.36 (KHTML, like Gecko; compatible; GPTBot/1.2; +https://openai.com/gptbot)"
20.171.207.147 - - [20/Jul/2025:17:22:10 +0000] "GET /items/cosmetics/basic-cosmetics/3912253/ HTTP/1.1" 200 - "-" "Mozilla/5.0 AppleWebKit/537.36 (KHTML, like Gecko; compatible; GPTBot/1.2; +https://openai.com/gptbot)"
20.171.207.147 - - [20/Jul/2025:17:22:11 +0000] "GET /items/cosmetics/basic-cosmetics/3121943/ HTTP/1.1" 200 - "-" "Mozilla/5.0 AppleWebKit/537.36 (KHTML, like Gecko; compatible; GPTBot/1.2; +https://openai.com/gptbot)"
57.141.2.7 - - [20/Jul/2025:17:22:12 +0000] "GET /special/916298088 HTTP/1.1" 200 - "-" "meta-externalagent/1.1 (+https://developers.facebook.com/docs/sharing/webmasters/crawler)"
20.171.207.147 - - [20/Jul/2025:17:22:13 +0000] "GET /items/cars/cars/4329167/ HTTP/1.1" 200 - "-" "Mozilla/5.0 AppleWebKit/537.36 (KHTML, like Gecko; compatible; GPTBot/1.2; +https://openai.com/gptbot)"
216.73.216.140 - - [20/Jul/2025:17:25:39 +0000] "GET /special/538260 HTTP/1.1" 200 - "-" "Mozilla/5.0 AppleWebKit/537.36 (KHTML, like Gecko; compatible; ClaudeBot/1.0; [email protected])"
20.171.207.147 - - [20/Jul/2025:17:29:20 +0000] "GET /items/beauty/skincare/3331118/ HTTP/1.1" 200 - "-" "Mozilla/5.0 AppleWebKit/537.36 (KHTML, like Gecko; compatible; GPTBot/1.2; +https://openai.com/gptbot)"
20.171.207.147 - - [20/Jul/2025:17:29:21 +0000] "GET /items/magazines/books/2966613/ HTTP/1.1" 200 - "-" "Mozilla/5.0 AppleWebKit/537.36 (KHTML, like Gecko; compatible; GPTBot/1.2; +https://openai.com/gptbot)"
20.171.207.147 - - [20/Jul/2025:17:29:22 +0000] "GET /items/fashion/jackets/3122295/ HTTP/1.1" 200 - "-" "Mozilla/5.0 AppleWebKit/537.36 (KHTML, like Gecko; compatible; GPTBot/1.2; +https://openai.com/gptbot)"
20.171.207.147 - - [20/Jul/2025:17:29:24 +0000] "GET /items/fashion/dresses/2224383/ HTTP/1.1" 200 - "-" "Mozilla/5.0 AppleWebKit/537.36 (KHTML, like Gecko; compatible; GPTBot/1.2; +https://openai.com/gptbot)"
20.171.207.147 - - [20/Jul/2025:17:29:25 +0000] "GET /items/fashion/dresses/3531116/ HTTP/1.1" 200 - "-" "Mozilla/5.0 AppleWebKit/537.36 (KHTML, like Gecko; compatible; GPTBot/1.2; +https://openai.com/gptbot)"
20.171.207.147 - - [20/Jul/2025:17:29:26 +0000] "GET /items/outdoor/fishing/4448219/ HTTP/1.1" 200 - "-" "Mozilla/5.0 AppleWebKit/537.36 (KHTML, like Gecko; compatible; GPTBot/1.2; +https://openai.com/gptbot)"
20.171.207.147 - - [20/Jul/2025:17:29:27 +0000] "GET /items/fashion/jackets/3555822/ HTTP/1.1" 200 - "-" "Mozilla/5.0 AppleWebKit/537.36 (KHTML, like Gecko; compatible; GPTBot/1.2; +https://openai.com/gptbot)"
20.171.207.147 - - [20/Jul/2025:17:29:28 +0000] "GET /items/outdoor/fishing/2555913/ HTTP/1.1" 200 - "-" "Mozilla/5.0 AppleWebKit/537.36 (KHTML, like Gecko; compatible; GPTBot/1.2; +https://openai.com/gptbot)"
20.171.207.147 - - [20/Jul/2025:17:29:30 +0000] "GET /items/interior/chairs/4035550/ HTTP/1.1" 200 - "-" "Mozilla/5.0 AppleWebKit/537.36 (KHTML, like Gecko; compatible; GPTBot/1.2; +https://openai.com/gptbot)"
20.171.207.147 - - [20/Jul/2025:17:29:31 +0000] "GET /items/pet-supplies/pumps/2500706/ HTTP/1.1" 200 - "-" "Mozilla/5.0 AppleWebKit/537.36 (KHTML, like Gecko; compatible; GPTBot/1.2; +https://openai.com/gptbot)"
4.227.36.93 - - [20/Jul/2025:17:32:14 +0000] "GET /robots.txt HTTP/1.1" 200 95 "-" "Mozilla/5.0 AppleWebKit/537.36 (KHTML, like Gecko; compatible; GPTBot/1.2; +https://openai.com/gptbot)"
20.171.207.56 - - [20/Jul/2025:17:32:15 +0000] "GET / HTTP/1.1" 200 - "-" "Mozilla/5.0 AppleWebKit/537.36 (KHTML, like Gecko; compatible; GPTBot/1.2; +https://openai.com/gptbot)"
57.141.2.11 - - [20/Jul/2025:17:32:48 +0000] "GET /special/304614812 HTTP/1.1" 200 - "-" "meta-externalagent/1.1 (+https://developers.facebook.com/docs/sharing/webmasters/crawler)"
20.171.207.147 - - [20/Jul/2025:17:34:04 +0000] "GET /items/alcohol/drinks/3037778/ HTTP/1.1" 200 - "-" "Mozilla/5.0 AppleWebKit/537.36 (KHTML, like Gecko; compatible; GPTBot/1.2; +https://openai.com/gptbot)"
20.171.207.147 - - [20/Jul/2025:17:34:05 +0000] "GET /items/smartphones/notebook/5070154/ HTTP/1.1" 200 - "-" "Mozilla/5.0 AppleWebKit/537.36 (KHTML, like Gecko; compatible; GPTBot/1.2; +https://openai.com/gptbot)"
20.171.207.147 - - [20/Jul/2025:17:34:08 +0000] "GET /items/sports/commemorative/4889144/ HTTP/1.1" 200 - "-" "Mozilla/5.0 AppleWebKit/537.36 (KHTML, like Gecko; compatible; GPTBot/1.2; +https://openai.com/gptbot)"
20.171.207.147 - - [20/Jul/2025:17:34:11 +0000] "GET /items/motorcycles/security/3867810/ HTTP/1.1" 200 - "-" "Mozilla/5.0 AppleWebKit/537.36 (KHTML, like Gecko; compatible; GPTBot/1.2; +https://openai.com/gptbot)"
20.171.207.147 - - [20/Jul/2025:17:34:13 +0000] "GET /items/handmade/accessories/2480059/ HTTP/1.1" 200 - "-" "Mozilla/5.0 AppleWebKit/537.36 (KHTML, like Gecko; compatible; GPTBot/1.2; +https://openai.com/gptbot)"
20.171.207.147 - - [20/Jul/2025:17:34:13 +0000] "GET /items/smartphones/monitors/2536879/ HTTP/1.1" 200 - "-" "Mozilla/5.0 AppleWebKit/537.36 (KHTML, like Gecko; compatible; GPTBot/1.2; +https://openai.com/gptbot)"
20.171.207.147 - - [20/Jul/2025:17:34:14 +0000] "GET /items/smartphones/notebook/3151081/ HTTP/1.1" 200 - "-" "Mozilla/5.0 AppleWebKit/537.36 (KHTML, like Gecko; compatible; GPTBot/1.2; +https://openai.com/gptbot)"
20.171.207.147 - - [20/Jul/2025:17:34:15 +0000] "GET /items/smartphones/notebook/2695224/ HTTP/1.1" 200 - "-" "Mozilla/5.0 AppleWebKit/537.36 (KHTML, like Gecko; compatible; GPTBot/1.2; +https://openai.com/gptbot)"
20.171.207.147 - - [20/Jul/2025:17:34:16 +0000] "GET /items/motorcycles/security/3998554/ HTTP/1.1" 200 - "-" "Mozilla/5.0 AppleWebKit/537.36 (KHTML, like Gecko; compatible; GPTBot/1.2; +https://openai.com/gptbot)"
20.171.207.147 - - [20/Jul/2025:17:34:18 +0000] "GET /items/smartphones/notebook/4150204/ HTTP/1.1" 200 - "-" "Mozilla/5.0 AppleWebKit/537.36 (KHTML, like Gecko; compatible; GPTBot/1.2; +https://openai.com/gptbot)"
216.73.216.140 - - [20/Jul/2025:17:36:23 +0000] "GET /special/373144 HTTP/1.1" 200 - "-" "Mozilla/5.0 AppleWebKit/537.36 (KHTML, like Gecko; compatible; ClaudeBot/1.0; [email protected])"
20.171.207.147 - - [20/Jul/2025:17:38:31 +0000] "GET /items/sports/commemorative/2483113/ HTTP/1.1" 200 - "-" "Mozilla/5.0 AppleWebKit/537.36 (KHTML, like Gecko; compatible; GPTBot/1.2; +https://openai.com/gptbot)"
20.171.207.147 - - [20/Jul/2025:17:38:32 +0000] "GET /items/blu-ray/anime/3928611/ HTTP/1.1" 200 - "-" "Mozilla/5.0 AppleWebKit/537.36 (KHTML, like Gecko; compatible; GPTBot/1.2; +https://openai.com/gptbot)"
20.171.207.147 - - [20/Jul/2025:17:38:33 +0000] "GET /items/diy/air-tools/4188752/ HTTP/1.1" 200 - "-" "Mozilla/5.0 AppleWebKit/537.36 (KHTML, like Gecko; compatible; GPTBot/1.2; +https://openai.com/gptbot)"
20.171.207.147 - - [20/Jul/2025:17:38:35 +0000] "GET /items/diy/air-tools/1952180/ HTTP/1.1" 200 - "-" "Mozilla/5.0 AppleWebKit/537.36 (KHTML, like Gecko; compatible; GPTBot/1.2; +https://openai.com/gptbot)"
20.171.207.147 - - [20/Jul/2025:17:38:36 +0000] "GET /items/diy/air-tools/4102195/ HTTP/1.1" 200 - "-" "Mozilla/5.0 AppleWebKit/537.36 (KHTML, like Gecko; compatible; GPTBot/1.2; +https://openai.com/gptbot)"
20.171.207.147 - - [20/Jul/2025:17:38:37 +0000] "GET /items/diy/air-tools/3907565/ HTTP/1.1" 200 - "-" "Mozilla/5.0 AppleWebKit/537.36 (KHTML, like Gecko; compatible; GPTBot/1.2; +https://openai.com/gptbot)"
20.171.207.147 - - [20/Jul/2025:17:38:38 +0000] "GET /items/blu-ray/music/5204185/ HTTP/1.1" 200 - "-" "Mozilla/5.0 AppleWebKit/537.36 (KHTML, like Gecko; compatible; GPTBot/1.2; +https://openai.com/gptbot)"
20.171.207.147 - - [20/Jul/2025:17:38:39 +0000] "GET /items/handmade/cushion-covers/1984476/ HTTP/1.1" 200 - "-" "Mozilla/5.0 AppleWebKit/537.36 (KHTML, like Gecko; compatible; GPTBot/1.2; +https://openai.com/gptbot)"
20.171.207.147 - - [20/Jul/2025:17:38:41 +0000] "GET /items/cameras/audio-equipment/3715842/ HTTP/1.1" 200 - "-" "Mozilla/5.0 AppleWebKit/537.36 (KHTML, like Gecko; compatible; GPTBot/1.2; +https://openai.com/gptbot)"
20.171.207.147 - - [20/Jul/2025:17:38:42 +0000] "GET /items/furniture/dining-tables/1985374/ HTTP/1.1" 200 - "-" "Mozilla/5.0 AppleWebKit/537.36 (KHTML, like Gecko; compatible; GPTBot/1.2; +https://openai.com/gptbot)"
216.73.216.140 - - [20/Jul/2025:17:39:19 +0000] "GET /special/388552 HTTP/1.1" 200 - "-" "Mozilla/5.0 AppleWebKit/537.36 (KHTML, like Gecko; compatible; ClaudeBot/1.0; [email protected])"
57.141.2.14 - - [20/Jul/2025:17:40:44 +0000] "GET /special/308363388 HTTP/1.1" 200 - "-" "meta-externalagent/1.1 (+https://developers.facebook.com/docs/sharing/webmasters/crawler)"
20.171.207.147 - - [20/Jul/2025:17:41:37 +0000] "GET /items/cameras/audio-equipment/4956031/ HTTP/1.1" 200 - "-" "Mozilla/5.0 AppleWebKit/537.36 (KHTML, like Gecko; compatible; GPTBot/1.2; +https://openai.com/gptbot)"
20.171.207.147 - - [20/Jul/2025:17:41:38 +0000] "GET /items/furniture/dining-tables/2019637/ HTTP/1.1" 200 - "-" "Mozilla/5.0 AppleWebKit/537.36 (KHTML, like Gecko; compatible; GPTBot/1.2; +https://openai.com/gptbot)"
20.171.207.147 - - [20/Jul/2025:17:41:39 +0000] "GET /items/computers/mobile-phones/2019681/ HTTP/1.1" 200 - "-" "Mozilla/5.0 AppleWebKit/537.36 (KHTML, like Gecko; compatible; GPTBot/1.2; +https://openai.com/gptbot)"
20.171.207.147 - - [20/Jul/2025:17:41:40 +0000] "GET /items/computers/mobile-phones/1786866/ HTTP/1.1" 200 - "-" "Mozilla/5.0 AppleWebKit/537.36 (KHTML, like Gecko; compatible; GPTBot/1.2; +https://openai.com/gptbot)"
20.171.207.147 - - [20/Jul/2025:17:41:42 +0000] "GET /items/computers/mobile-phones/3604347/ HTTP/1.1" 200 - "-" "Mozilla/5.0 AppleWebKit/537.36 (KHTML, like Gecko; compatible; GPTBot/1.2; +https://openai.com/gptbot)"
20.171.207.147 - - [20/Jul/2025:17:41:43 +0000] "GET /items/computers/mobile-phones/3747650/ HTTP/1.1" 200 - "-" "Mozilla/5.0 AppleWebKit/537.36 (KHTML, like Gecko; compatible; GPTBot/1.2; +https://openai.com/gptbot)"
20.171.207.147 - - [20/Jul/2025:17:41:44 +0000] "GET /items/tickets/ski-resorts/5222894/ HTTP/1.1" 200 - "-" "Mozilla/5.0 AppleWebKit/537.36 (KHTML, like Gecko; compatible; GPTBot/1.2; +https://openai.com/gptbot)"
20.171.207.147 - - [20/Jul/2025:17:41:45 +0000] "GET /items/diy/special-tools/1742426/ HTTP/1.1" 200 - "-" "Mozilla/5.0 AppleWebKit/537.36 (KHTML, like Gecko; compatible; GPTBot/1.2; +https://openai.com/gptbot)"
20.171.207.147 - - [20/Jul/2025:17:41:46 +0000] "GET /items/books/manga/5270169/ HTTP/1.1" 200 - "-" "Mozilla/5.0 AppleWebKit/537.36 (KHTML, like Gecko; compatible; GPTBot/1.2; +https://openai.com/gptbot)"
20.171.207.147 - - [20/Jul/2025:17:41:47 +0000] "GET /items/food/whiskey/5421805/ HTTP/1.1" 200 - "-" "Mozilla/5.0 AppleWebKit/537.36 (KHTML, like Gecko; compatible; GPTBot/1.2; +https://openai.com/gptbot)"
216.73.216.140 - - [20/Jul/2025:17:43:33 +0000] "GET /special/382288 HTTP/1.1" 200 - "-" "Mozilla/5.0 AppleWebKit/537.36 (KHTML, like Gecko; compatible; ClaudeBot/1.0; [email protected])"
216.73.216.140 - - [20/Jul/2025:17:43:34 +0000] "GET /special/366944 HTTP/1.1" 200 - "-" "Mozilla/5.0 AppleWebKit/537.36 (KHTML, like Gecko; compatible; ClaudeBot/1.0; [email protected])"
216.73.216.140 - - [20/Jul/2025:17:43:37 +0000] "GET /special/565536 HTTP/1.1" 200 - "-" "Mozilla/5.0 AppleWebKit/537.36 (KHTML, like Gecko; compatible; ClaudeBot/1.0; [email protected])"
45.227.253.15 - - [20/Jul/2025:17:44:03 +0000] "GET /images/images/images/index.php?ARRAY=7o2230223n313735333033373135312p2231223n22687474703n5p2s5p2s7n7334383176313373752r62757964792r70726s5p2s3s6p633q7068705s636s64655s6n6326743q313735333033333535312q3632663066643863323839363262363334656137333363313038316565656661222p2232223n226630316537306661396465303666613736313133343837623863343066616562222p2233223n223530366135366366633361623064313165366566393530373331636437656263222p2262696r675s70617373223n2232312q34392q35372q36392q37312q38372q3233227q HTTP/1.1" 200 - "-" "Mozilla/5.0 (Windows NT 6.1; Win64; x64) AppleWebKit/537.36 (KHTML, like Gecko) Chrome/86.0.4240.111 Safari/537.36"
20.171.207.147 - - [20/Jul/2025:17:44:35 +0000] "GET /items/diy/special-tools/2253008/ HTTP/1.1" 200 - "-" "Mozilla/5.0 AppleWebKit/537.36 (KHTML, like Gecko; compatible; GPTBot/1.2; +https://openai.com/gptbot)"
20.171.207.147 - - [20/Jul/2025:17:44:36 +0000] "GET /items/decor/work-chairs/4908137/ HTTP/1.1" 200 - "-" "Mozilla/5.0 AppleWebKit/537.36 (KHTML, like Gecko; compatible; GPTBot/1.2; +https://openai.com/gptbot)"
20.171.207.147 - - [20/Jul/2025:17:44:37 +0000] "GET /items/decor/futon/2534598/ HTTP/1.1" 200 - "-" "Mozilla/5.0 AppleWebKit/537.36 (KHTML, like Gecko; compatible; GPTBot/1.2; +https://openai.com/gptbot)"
20.171.207.147 - - [20/Jul/2025:17:44:39 +0000] "GET /items/food/brandy/2243985/ HTTP/1.1" 200 - "-" "Mozilla/5.0 AppleWebKit/537.36 (KHTML, like Gecko; compatible; GPTBot/1.2; +https://openai.com/gptbot)"
20.171.207.147 - - [20/Jul/2025:17:44:40 +0000] "GET /items/diy/special-tools/2408657/ HTTP/1.1" 200 - "-" "Mozilla/5.0 AppleWebKit/537.36 (KHTML, like Gecko; compatible; GPTBot/1.2; +https://openai.com/gptbot)"
20.171.207.147 - - [20/Jul/2025:17:44:41 +0000] "GET /items/cameras/zoom-lens/2476968/ HTTP/1.1" 200 - "-" "Mozilla/5.0 AppleWebKit/537.36 (KHTML, like Gecko; compatible; GPTBot/1.2; +https://openai.com/gptbot)"
20.171.207.147 - - [20/Jul/2025:17:44:42 +0000] "GET /items/audio/player/4328635/ HTTP/1.1" 200 - "-" "Mozilla/5.0 AppleWebKit/537.36 (KHTML, like Gecko; compatible; GPTBot/1.2; +https://openai.com/gptbot)"
20.171.207.147 - - [20/Jul/2025:17:44:43 +0000] "GET /items/fashion/bags/5301629/ HTTP/1.1" 200 - "-" "Mozilla/5.0 AppleWebKit/537.36 (KHTML, like Gecko; compatible; GPTBot/1.2; +https://openai.com/gptbot)"
20.171.207.147 - - [20/Jul/2025:17:44:45 +0000] "GET /items/books/manga/2934765/ HTTP/1.1" 200 - "-" "Mozilla/5.0 AppleWebKit/537.36 (KHTML, like Gecko; compatible; GPTBot/1.2; +https://openai.com/gptbot)"
20.171.207.147 - - [20/Jul/2025:17:44:46 +0000] "GET /items/beauty/scalp-care/3638102/ HTTP/1.1" 200 - "-" "Mozilla/5.0 AppleWebKit/537.36 (KHTML, like Gecko; compatible; GPTBot/1.2; +https://openai.com/gptbot)"
216.73.216.140 - - [20/Jul/2025:17:46:25 +0000] "GET /special/378344 HTTP/1.1" 200 - "-" "Mozilla/5.0 AppleWebKit/537.36 (KHTML, like Gecko; compatible; ClaudeBot/1.0; [email protected])"
57.141.2.5 - - [20/Jul/2025:17:46:32 +0000] "GET /special/749711416 HTTP/1.1" 200 - "-" "meta-externalagent/1.1 (+https://developers.facebook.com/docs/sharing/webmasters/crawler)"
20.171.207.147 - - [20/Jul/2025:17:47:19 +0000] "GET /items/decor/baby-chairs/3405447/ HTTP/1.1" 200 - "-" "Mozilla/5.0 AppleWebKit/537.36 (KHTML, like Gecko; compatible; GPTBot/1.2; +https://openai.com/gptbot)"
20.171.207.147 - - [20/Jul/2025:17:47:20 +0000] "GET /items/food/drinks/3148072/ HTTP/1.1" 200 - "-" "Mozilla/5.0 AppleWebKit/537.36 (KHTML, like Gecko; compatible; GPTBot/1.2; +https://openai.com/gptbot)"
20.171.207.147 - - [20/Jul/2025:17:47:21 +0000] "GET /items/beauty/hair-irons/5425586/ HTTP/1.1" 200 - "-" "Mozilla/5.0 AppleWebKit/537.36 (KHTML, like Gecko; compatible; GPTBot/1.2; +https://openai.com/gptbot)"
20.171.207.147 - - [20/Jul/2025:17:47:23 +0000] "GET /items/alcohol/wine/3450372/ HTTP/1.1" 200 - "-" "Mozilla/5.0 AppleWebKit/537.36 (KHTML, like Gecko; compatible; GPTBot/1.2; +https://openai.com/gptbot)"
20.171.207.147 - - [20/Jul/2025:17:47:24 +0000] "GET /items/diy/plumbing/3869518/ HTTP/1.1" 200 - "-" "Mozilla/5.0 AppleWebKit/537.36 (KHTML, like Gecko; compatible; GPTBot/1.2; +https://openai.com/gptbot)"
20.171.207.147 - - [20/Jul/2025:17:47:25 +0000] "GET /items/fashion/bags/2973481/ HTTP/1.1" 200 - "-" "Mozilla/5.0 AppleWebKit/537.36 (KHTML, like Gecko; compatible; GPTBot/1.2; +https://openai.com/gptbot)"
20.171.207.147 - - [20/Jul/2025:17:47:26 +0000] "GET /items/decor/work-chairs/2596195/ HTTP/1.1" 200 - "-" "Mozilla/5.0 AppleWebKit/537.36 (KHTML, like Gecko; compatible; GPTBot/1.2; +https://openai.com/gptbot)"
20.171.207.147 - - [20/Jul/2025:17:47:27 +0000] "GET /items/diy/special-tools/4651732/ HTTP/1.1" 200 - "-" "Mozilla/5.0 AppleWebKit/537.36 (KHTML, like Gecko; compatible; GPTBot/1.2; +https://openai.com/gptbot)"
20.171.207.147 - - [20/Jul/2025:17:47:28 +0000] "GET /items/art/cosplay/4509658/ HTTP/1.1" 200 - "-" "Mozilla/5.0 AppleWebKit/537.36 (KHTML, like Gecko; compatible; GPTBot/1.2; +https://openai.com/gptbot)"
20.171.207.147 - - [20/Jul/2025:17:47:30 +0000] "GET /items/fishing/ice-packs/4708016/ HTTP/1.1" 200 - "-" "Mozilla/5.0 AppleWebKit/537.36 (KHTML, like Gecko; compatible; GPTBot/1.2; +https://openai.com/gptbot)"
20.171.207.147 - - [20/Jul/2025:17:49:43 +0000] "GET /items/diet/whey-protein/2924823/ HTTP/1.1" 200 - "-" "Mozilla/5.0 AppleWebKit/537.36 (KHTML, like Gecko; compatible; GPTBot/1.2; +https://openai.com/gptbot)"
20.171.207.147 - - [20/Jul/2025:17:49:45 +0000] "GET /items/tools/cup-brushes/2290947/ HTTP/1.1" 200 - "-" "Mozilla/5.0 AppleWebKit/537.36 (KHTML, like Gecko; compatible; GPTBot/1.2; +https://openai.com/gptbot)"
20.171.207.147 - - [20/Jul/2025:17:49:46 +0000] "GET /items/cameras/zoom-lens/3569001/ HTTP/1.1" 200 - "-" "Mozilla/5.0 AppleWebKit/537.36 (KHTML, like Gecko; compatible; GPTBot/1.2; +https://openai.com/gptbot)"
20.171.207.147 - - [20/Jul/2025:17:49:47 +0000] "GET /items/diy/blowers/3401988/ HTTP/1.1" 200 - "-" "Mozilla/5.0 AppleWebKit/537.36 (KHTML, like Gecko; compatible; GPTBot/1.2; +https://openai.com/gptbot)"
20.171.207.147 - - [20/Jul/2025:17:49:48 +0000] "GET /items/outdoor/ice-packs/2784055/ HTTP/1.1" 200 - "-" "Mozilla/5.0 AppleWebKit/537.36 (KHTML, like Gecko; compatible; GPTBot/1.2; +https://openai.com/gptbot)"
20.171.207.147 - - [20/Jul/2025:17:49:49 +0000] "GET /items/beauty/hair-irons/2810052/ HTTP/1.1" 200 - "-" "Mozilla/5.0 AppleWebKit/537.36 (KHTML, like Gecko; compatible; GPTBot/1.2; +https://openai.com/gptbot)"
20.171.207.147 - - [20/Jul/2025:17:49:51 +0000] "GET /items/fashion/bags/5218476/ HTTP/1.1" 200 - "-" "Mozilla/5.0 AppleWebKit/537.36 (KHTML, like Gecko; compatible; GPTBot/1.2; +https://openai.com/gptbot)"
20.171.207.147 - - [20/Jul/2025:17:49:52 +0000] "GET /items/food/whiskey/2963753/ HTTP/1.1" 200 - "-" "Mozilla/5.0 AppleWebKit/537.36 (KHTML, like Gecko; compatible; GPTBot/1.2; +https://openai.com/gptbot)"
20.171.207.147 - - [20/Jul/2025:17:49:53 +0000] "GET /items/health/diet-foods/3681219/ HTTP/1.1" 200 - "-" "Mozilla/5.0 AppleWebKit/537.36 (KHTML, like Gecko; compatible; GPTBot/1.2; +https://openai.com/gptbot)"
20.171.207.147 - - [20/Jul/2025:17:49:54 +0000] "GET /items/tv/earphones/3127945/ HTTP/1.1" 200 - "-" "Mozilla/5.0 AppleWebKit/537.36 (KHTML, like Gecko; compatible; GPTBot/1.2; +https://openai.com/gptbot)"
20.171.207.147 - - [20/Jul/2025:17:52:04 +0000] "GET /items/art/slot-machines/2791599/ HTTP/1.1" 200 - "-" "Mozilla/5.0 AppleWebKit/537.36 (KHTML, like Gecko; compatible; GPTBot/1.2; +https://openai.com/gptbot)"
20.171.207.147 - - [20/Jul/2025:17:52:05 +0000] "GET /items/cameras/zoom-lens/3752279/ HTTP/1.1" 200 - "-" "Mozilla/5.0 AppleWebKit/537.36 (KHTML, like Gecko; compatible; GPTBot/1.2; +https://openai.com/gptbot)"
20.171.207.147 - - [20/Jul/2025:17:52:06 +0000] "GET /items/diy/special-tools/3675010/ HTTP/1.1" 200 - "-" "Mozilla/5.0 AppleWebKit/537.36 (KHTML, like Gecko; compatible; GPTBot/1.2; +https://openai.com/gptbot)"
20.171.207.147 - - [20/Jul/2025:17:52:09 +0000] "GET /items/cameras/zoom-lens/5573794/ HTTP/1.1" 200 - "-" "Mozilla/5.0 AppleWebKit/537.36 (KHTML, like Gecko; compatible; GPTBot/1.2; +https://openai.com/gptbot)"
20.171.207.147 - - [20/Jul/2025:17:52:10 +0000] "GET /items/fashion/bags/5197308/ HTTP/1.1" 200 - "-" "Mozilla/5.0 AppleWebKit/537.36 (KHTML, like Gecko; compatible; GPTBot/1.2; +https://openai.com/gptbot)"
20.171.207.147 - - [20/Jul/2025:17:52:11 +0000] "GET /items/food/whiskey/2916274/ HTTP/1.1" 200 - "-" "Mozilla/5.0 AppleWebKit/537.36 (KHTML, like Gecko; compatible; GPTBot/1.2; +https://openai.com/gptbot)"
20.171.207.147 - - [20/Jul/2025:17:52:12 +0000] "GET /items/decor/tables/3602548/ HTTP/1.1" 200 - "-" "Mozilla/5.0 AppleWebKit/537.36 (KHTML, like Gecko; compatible; GPTBot/1.2; +https://openai.com/gptbot)"
20.171.207.147 - - [20/Jul/2025:17:52:14 +0000] "GET /items/diy/special-tools/3708564/ HTTP/1.1" 200 - "-" "Mozilla/5.0 AppleWebKit/537.36 (KHTML, like Gecko; compatible; GPTBot/1.2; +https://openai.com/gptbot)"
20.171.207.147 - - [20/Jul/2025:17:52:15 +0000] "GET /items/books/manga/3549187/ HTTP/1.1" 200 - "-" "Mozilla/5.0 AppleWebKit/537.36 (KHTML, like Gecko; compatible; GPTBot/1.2; +https://openai.com/gptbot)"
20.171.207.147 - - [20/Jul/2025:17:52:16 +0000] "GET /items/food/grains/2459287/ HTTP/1.1" 200 - "-" "Mozilla/5.0 AppleWebKit/537.36 (KHTML, like Gecko; compatible; GPTBot/1.2; +https://openai.com/gptbot)"
20.171.207.147 - - [20/Jul/2025:17:54:44 +0000] "GET /items/beauty/body-cream/1776744/ HTTP/1.1" 200 - "-" "Mozilla/5.0 AppleWebKit/537.36 (KHTML, like Gecko; compatible; GPTBot/1.2; +https://openai.com/gptbot)"
20.171.207.147 - - [20/Jul/2025:17:54:44 +0000] "GET /items/tv/earphones/2967501/ HTTP/1.1" 200 - "-" "Mozilla/5.0 AppleWebKit/537.36 (KHTML, like Gecko; compatible; GPTBot/1.2; +https://openai.com/gptbot)"
20.171.207.147 - - [20/Jul/2025:17:54:46 +0000] "GET /items/food/whiskey/3045367/ HTTP/1.1" 200 - "-" "Mozilla/5.0 AppleWebKit/537.36 (KHTML, like Gecko; compatible; GPTBot/1.2; +https://openai.com/gptbot)"
20.171.207.147 - - [20/Jul/2025:17:54:47 +0000] "GET /items/diet/whey-protein/4353201/ HTTP/1.1" 200 - "-" "Mozilla/5.0 AppleWebKit/537.36 (KHTML, like Gecko; compatible; GPTBot/1.2; +https://openai.com/gptbot)"
20.171.207.147 - - [20/Jul/2025:17:54:48 +0000] "GET /items/smartphones/laptop-body/5526315/ HTTP/1.1" 200 - "-" "Mozilla/5.0 AppleWebKit/537.36 (KHTML, like Gecko; compatible; GPTBot/1.2; +https://openai.com/gptbot)"
20.171.207.147 - - [20/Jul/2025:17:54:49 +0000] "GET /items/cameras/audio-equipment/3535456/ HTTP/1.1" 200 - "-" "Mozilla/5.0 AppleWebKit/537.36 (KHTML, like Gecko; compatible; GPTBot/1.2; +https://openai.com/gptbot)"
20.171.207.147 - - [20/Jul/2025:17:54:50 +0000] "GET /items/gardening/dried-flowers/2258063/ HTTP/1.1" 200 - "-" "Mozilla/5.0 AppleWebKit/537.36 (KHTML, like Gecko; compatible; GPTBot/1.2; +https://openai.com/gptbot)"
20.171.207.147 - - [20/Jul/2025:17:54:51 +0000] "GET /items/smartphones/desktop-pcs/4586297/ HTTP/1.1" 200 - "-" "Mozilla/5.0 AppleWebKit/537.36 (KHTML, like Gecko; compatible; GPTBot/1.2; +https://openai.com/gptbot)"
20.171.207.147 - - [20/Jul/2025:17:54:53 +0000] "GET /items/cosmetics/women-perfume/4419295/ HTTP/1.1" 200 - "-" "Mozilla/5.0 AppleWebKit/537.36 (KHTML, like Gecko; compatible; GPTBot/1.2; +https://openai.com/gptbot)"
20.171.207.147 - - [20/Jul/2025:17:54:54 +0000] "GET /items/tickets/amusement-parks/1683995/ HTTP/1.1" 200 - "-" "Mozilla/5.0 AppleWebKit/537.36 (KHTML, like Gecko; compatible; GPTBot/1.2; +https://openai.com/gptbot)"
57.141.2.18 - - [20/Jul/2025:17:56:42 +0000] "GET /special/866654212 HTTP/1.1" 200 - "-" "meta-externalagent/1.1 (+https://developers.facebook.com/docs/sharing/webmasters/crawler)"
20.171.207.147 - - [20/Jul/2025:17:56:50 +0000] "GET /items/travel-supplies/fishing/1763462/ HTTP/1.1" 200 - "-" "Mozilla/5.0 AppleWebKit/537.36 (KHTML, like Gecko; compatible; GPTBot/1.2; +https://openai.com/gptbot)"
20.171.207.147 - - [20/Jul/2025:17:56:51 +0000] "GET /items/cameras/audio-equipment/5102805/ HTTP/1.1" 200 - "-" "Mozilla/5.0 AppleWebKit/537.36 (KHTML, like Gecko; compatible; GPTBot/1.2; +https://openai.com/gptbot)"
20.171.207.147 - - [20/Jul/2025:17:56:52 +0000] "GET /items/furniture/flower-stands/4726005/ HTTP/1.1" 200 - "-" "Mozilla/5.0 AppleWebKit/537.36 (KHTML, like Gecko; compatible; GPTBot/1.2; +https://openai.com/gptbot)"
20.171.207.147 - - [20/Jul/2025:17:56:53 +0000] "GET /items/smartphones/laptop-body/1719726/ HTTP/1.1" 200 - "-" "Mozilla/5.0 AppleWebKit/537.36 (KHTML, like Gecko; compatible; GPTBot/1.2; +https://openai.com/gptbot)"
20.171.207.147 - - [20/Jul/2025:17:56:55 +0000] "GET /items/cameras/audio-equipment/3429662/ HTTP/1.1" 200 - "-" "Mozilla/5.0 AppleWebKit/537.36 (KHTML, like Gecko; compatible; GPTBot/1.2; +https://openai.com/gptbot)"
20.171.207.147 - - [20/Jul/2025:17:56:56 +0000] "GET /items/cameras/audio-equipment/2415800/ HTTP/1.1" 200 - "-" "Mozilla/5.0 AppleWebKit/537.36 (KHTML, like Gecko; compatible; GPTBot/1.2; +https://openai.com/gptbot)"
20.171.207.147 - - [20/Jul/2025:17:56:57 +0000] "GET /items/smartphones/laptop-body/2322796/ HTTP/1.1" 200 - "-" "Mozilla/5.0 AppleWebKit/537.36 (KHTML, like Gecko; compatible; GPTBot/1.2; +https://openai.com/gptbot)"
20.171.207.147 - - [20/Jul/2025:17:56:59 +0000] "GET /items/cameras/audio-equipment/3641123/ HTTP/1.1" 200 - "-" "Mozilla/5.0 AppleWebKit/537.36 (KHTML, like Gecko; compatible; GPTBot/1.2; +https://openai.com/gptbot)"
20.171.207.147 - - [20/Jul/2025:17:57:00 +0000] "GET /items/travel-supplies/fishing/4556510/ HTTP/1.1" 200 - "-" "Mozilla/5.0 AppleWebKit/537.36 (KHTML, like Gecko; compatible; GPTBot/1.2; +https://openai.com/gptbot)"
20.171.207.147 - - [20/Jul/2025:17:57:01 +0000] "GET /items/cameras/audio-equipment/1966105/ HTTP/1.1" 200 - "-" "Mozilla/5.0 AppleWebKit/537.36 (KHTML, like Gecko; compatible; GPTBot/1.2; +https://openai.com/gptbot)"
20.171.207.147 - - [20/Jul/2025:17:58:34 +0000] "GET /items/air-conditioning/others/4019866/ HTTP/1.1" 200 - "-" "Mozilla/5.0 AppleWebKit/537.36 (KHTML, like Gecko; compatible; GPTBot/1.2; +https://openai.com/gptbot)"
20.171.207.147 - - [20/Jul/2025:17:58:35 +0000] "GET /items/tools/grinding-machines/2389982/ HTTP/1.1" 200 - "-" "Mozilla/5.0 AppleWebKit/537.36 (KHTML, like Gecko; compatible; GPTBot/1.2; +https://openai.com/gptbot)"
20.171.207.147 - - [20/Jul/2025:17:58:36 +0000] "GET /items/interior/welcome-boards/2902556/ HTTP/1.1" 200 - "-" "Mozilla/5.0 AppleWebKit/537.36 (KHTML, like Gecko; compatible; GPTBot/1.2; +https://openai.com/gptbot)"
20.171.207.147 - - [20/Jul/2025:17:58:37 +0000] "GET /items/air-conditioning/stoves/3738814/ HTTP/1.1" 200 - "-" "Mozilla/5.0 AppleWebKit/537.36 (KHTML, like Gecko; compatible; GPTBot/1.2; +https://openai.com/gptbot)"
20.171.207.147 - - [20/Jul/2025:17:58:38 +0000] "GET /items/air-conditioning/dryers/2918434/ HTTP/1.1" 200 - "-" "Mozilla/5.0 AppleWebKit/537.36 (KHTML, like Gecko; compatible; GPTBot/1.2; +https://openai.com/gptbot)"
20.171.207.147 - - [20/Jul/2025:17:58:40 +0000] "GET /items/furniture/dining-chairs/4388362/ HTTP/1.1" 200 - "-" "Mozilla/5.0 AppleWebKit/537.36 (KHTML, like Gecko; compatible; GPTBot/1.2; +https://openai.com/gptbot)"
20.171.207.147 - - [20/Jul/2025:17:58:41 +0000] "GET /items/magazines/foreign-books/3736052/ HTTP/1.1" 200 - "-" "Mozilla/5.0 AppleWebKit/537.36 (KHTML, like Gecko; compatible; GPTBot/1.2; +https://openai.com/gptbot)"
20.171.207.147 - - [20/Jul/2025:17:58:42 +0000] "GET /items/air-conditioning/stoves/2325317/ HTTP/1.1" 200 - "-" "Mozilla/5.0 AppleWebKit/537.36 (KHTML, like Gecko; compatible; GPTBot/1.2; +https://openai.com/gptbot)"
20.171.207.147 - - [20/Jul/2025:17:58:43 +0000] "GET /items/cameras/audio-equipment/2284507/ HTTP/1.1" 200 - "-" "Mozilla/5.0 AppleWebKit/537.36 (KHTML, like Gecko; compatible; GPTBot/1.2; +https://openai.com/gptbot)"
20.171.207.147 - - [20/Jul/2025:17:58:44 +0000] "GET /items/air-conditioning/others/2896586/ HTTP/1.1" 200 - "-" "Mozilla/5.0 AppleWebKit/537.36 (KHTML, like Gecko; compatible; GPTBot/1.2; +https://openai.com/gptbot)"
20.171.207.147 - - [20/Jul/2025:18:00:10 +0000] "GET /items/fishing/travel-supplies/4278431/ HTTP/1.1" 200 - "-" "Mozilla/5.0 AppleWebKit/537.36 (KHTML, like Gecko; compatible; GPTBot/1.2; +https://openai.com/gptbot)"
20.171.207.147 - - [20/Jul/2025:18:00:11 +0000] "GET /items/air-conditioning/others/1669378/ HTTP/1.1" 200 - "-" "Mozilla/5.0 AppleWebKit/537.36 (KHTML, like Gecko; compatible; GPTBot/1.2; +https://openai.com/gptbot)"
20.171.207.147 - - [20/Jul/2025:18:00:13 +0000] "GET /items/air-conditioning/others/3697238/ HTTP/1.1" 200 - "-" "Mozilla/5.0 AppleWebKit/537.36 (KHTML, like Gecko; compatible; GPTBot/1.2; +https://openai.com/gptbot)"
20.171.207.147 - - [20/Jul/2025:18:00:14 +0000] "GET /items/computers/apple-watches/5549460/ HTTP/1.1" 200 - "-" "Mozilla/5.0 AppleWebKit/537.36 (KHTML, like Gecko; compatible; GPTBot/1.2; +https://openai.com/gptbot)"
20.171.207.147 - - [20/Jul/2025:18:00:15 +0000] "GET /items/outdoor/travel-supplies/4737465/ HTTP/1.1" 200 - "-" "Mozilla/5.0 AppleWebKit/537.36 (KHTML, like Gecko; compatible; GPTBot/1.2; +https://openai.com/gptbot)"
20.171.207.147 - - [20/Jul/2025:18:00:16 +0000] "GET /items/art/musical-instruments/3861942/ HTTP/1.1" 200 - "-" "Mozilla/5.0 AppleWebKit/537.36 (KHTML, like Gecko; compatible; GPTBot/1.2; +https://openai.com/gptbot)"
20.171.207.147 - - [20/Jul/2025:18:00:17 +0000] "GET /items/travel-supplies/fishing/4561135/ HTTP/1.1" 200 - "-" "Mozilla/5.0 AppleWebKit/537.36 (KHTML, like Gecko; compatible; GPTBot/1.2; +https://openai.com/gptbot)"
20.171.207.147 - - [20/Jul/2025:18:00:18 +0000] "GET /items/air-conditioning/others/3214921/ HTTP/1.1" 200 - "-" "Mozilla/5.0 AppleWebKit/537.36 (KHTML, like Gecko; compatible; GPTBot/1.2; +https://openai.com/gptbot)"
20.171.207.147 - - [20/Jul/2025:18:00:20 +0000] "GET /items/tablets/gaming-desktops/4806833/ HTTP/1.1" 200 - "-" "Mozilla/5.0 AppleWebKit/537.36 (KHTML, like Gecko; compatible; GPTBot/1.2; +https://openai.com/gptbot)"
20.171.207.147 - - [20/Jul/2025:18:00:21 +0000] "GET /items/health/mugwort-steaming/1859221/ HTTP/1.1" 200 - "-" "Mozilla/5.0 AppleWebKit/537.36 (KHTML, like Gecko; compatible; GPTBot/1.2; +https://openai.com/gptbot)"
216.73.216.140 - - [20/Jul/2025:18:00:38 +0000] "GET /special/528052 HTTP/1.1" 200 - "-" "Mozilla/5.0 AppleWebKit/537.36 (KHTML, like Gecko; compatible; ClaudeBot/1.0; [email protected])"
20.171.207.147 - - [20/Jul/2025:18:01:40 +0000] "GET /items/travel-supplies/fishing/3848496/ HTTP/1.1" 200 - "-" "Mozilla/5.0 AppleWebKit/537.36 (KHTML, like Gecko; compatible; GPTBot/1.2; +https://openai.com/gptbot)"
20.171.207.147 - - [20/Jul/2025:18:01:41 +0000] "GET /items/cameras/audio-equipment/4338510/ HTTP/1.1" 200 - "-" "Mozilla/5.0 AppleWebKit/537.36 (KHTML, like Gecko; compatible; GPTBot/1.2; +https://openai.com/gptbot)"
20.171.207.147 - - [20/Jul/2025:18:01:42 +0000] "GET /items/travel-supplies/fishing/3120635/ HTTP/1.1" 200 - "-" "Mozilla/5.0 AppleWebKit/537.36 (KHTML, like Gecko; compatible; GPTBot/1.2; +https://openai.com/gptbot)"
20.171.207.147 - - [20/Jul/2025:18:01:43 +0000] "GET /items/interior/ceiling-lights/4731088/ HTTP/1.1" 200 - "-" "Mozilla/5.0 AppleWebKit/537.36 (KHTML, like Gecko; compatible; GPTBot/1.2; +https://openai.com/gptbot)"
20.171.207.147 - - [20/Jul/2025:18:01:44 +0000] "GET /items/smartphones/desktop-pcs/3491664/ HTTP/1.1" 200 - "-" "Mozilla/5.0 AppleWebKit/537.36 (KHTML, like Gecko; compatible; GPTBot/1.2; +https://openai.com/gptbot)"
20.171.207.147 - - [20/Jul/2025:18:01:46 +0000] "GET /items/cameras/audio-equipment/4200775/ HTTP/1.1" 200 - "-" "Mozilla/5.0 AppleWebKit/537.36 (KHTML, like Gecko; compatible; GPTBot/1.2; +https://openai.com/gptbot)"
20.171.207.147 - - [20/Jul/2025:18:01:47 +0000] "GET /items/air-conditioning/others/1766428/ HTTP/1.1" 200 - "-" "Mozilla/5.0 AppleWebKit/537.36 (KHTML, like Gecko; compatible; GPTBot/1.2; +https://openai.com/gptbot)"
20.171.207.147 - - [20/Jul/2025:18:01:48 +0000] "GET /items/cameras/audio-equipment/2112813/ HTTP/1.1" 200 - "-" "Mozilla/5.0 AppleWebKit/537.36 (KHTML, like Gecko; compatible; GPTBot/1.2; +https://openai.com/gptbot)"
20.171.207.147 - - [20/Jul/2025:18:01:49 +0000] "GET /items/travel-supplies/fishing/5461885/ HTTP/1.1" 200 - "-" "Mozilla/5.0 AppleWebKit/537.36 (KHTML, like Gecko; compatible; GPTBot/1.2; +https://openai.com/gptbot)"
20.171.207.147 - - [20/Jul/2025:18:01:50 +0000] "GET /items/travel-supplies/fishing/2497118/ HTTP/1.1" 200 - "-" "Mozilla/5.0 AppleWebKit/537.36 (KHTML, like Gecko; compatible; GPTBot/1.2; +https://openai.com/gptbot)"
20.171.207.147 - - [20/Jul/2025:18:02:53 +0000] "GET /items/cameras/audio-equipment/3922722/ HTTP/1.1" 200 - "-" "Mozilla/5.0 AppleWebKit/537.36 (KHTML, like Gecko; compatible; GPTBot/1.2; +https://openai.com/gptbot)"
20.171.207.147 - - [20/Jul/2025:18:02:54 +0000] "GET /items/furniture/trinket-boxes/4899678/ HTTP/1.1" 200 - "-" "Mozilla/5.0 AppleWebKit/537.36 (KHTML, like Gecko; compatible; GPTBot/1.2; +https://openai.com/gptbot)"
20.171.207.147 - - [20/Jul/2025:18:02:55 +0000] "GET /items/cameras/audio-equipment/2904935/ HTTP/1.1" 200 - "-" "Mozilla/5.0 AppleWebKit/537.36 (KHTML, like Gecko; compatible; GPTBot/1.2; +https://openai.com/gptbot)"
20.171.207.147 - - [20/Jul/2025:18:02:57 +0000] "GET /items/cameras/audio-equipment/2307768/ HTTP/1.1" 200 - "-" "Mozilla/5.0 AppleWebKit/537.36 (KHTML, like Gecko; compatible; GPTBot/1.2; +https://openai.com/gptbot)"
20.171.207.147 - - [20/Jul/2025:18:02:58 +0000] "GET /items/hobbies/fortune-telling/4317292/ HTTP/1.1" 200 - "-" "Mozilla/5.0 AppleWebKit/537.36 (KHTML, like Gecko; compatible; GPTBot/1.2; +https://openai.com/gptbot)"
20.171.207.147 - - [20/Jul/2025:18:02:59 +0000] "GET /items/tablets/network-devices/2677276/ HTTP/1.1" 200 - "-" "Mozilla/5.0 AppleWebKit/537.36 (KHTML, like Gecko; compatible; GPTBot/1.2; +https://openai.com/gptbot)"
20.171.207.147 - - [20/Jul/2025:18:03:00 +0000] "GET /items/air-conditioning/others/3498617/ HTTP/1.1" 200 - "-" "Mozilla/5.0 AppleWebKit/537.36 (KHTML, like Gecko; compatible; GPTBot/1.2; +https://openai.com/gptbot)"
20.171.207.147 - - [20/Jul/2025:18:03:01 +0000] "GET /items/travel-supplies/fishing/4951440/ HTTP/1.1" 200 - "-" "Mozilla/5.0 AppleWebKit/537.36 (KHTML, like Gecko; compatible; GPTBot/1.2; +https://openai.com/gptbot)"
20.171.207.147 - - [20/Jul/2025:18:03:03 +0000] "GET /items/cameras/audio-equipment/3923730/ HTTP/1.1" 200 - "-" "Mozilla/5.0 AppleWebKit/537.36 (KHTML, like Gecko; compatible; GPTBot/1.2; +https://openai.com/gptbot)"
20.171.207.147 - - [20/Jul/2025:18:03:04 +0000] "GET /items/cameras/audio-equipment/3324318/ HTTP/1.1" 200 - "-" "Mozilla/5.0 AppleWebKit/537.36 (KHTML, like Gecko; compatible; GPTBot/1.2; +https://openai.com/gptbot)"
45.227.253.15 - - [20/Jul/2025:18:03:14 +0000] "GET /?of=1 HTTP/1.1" 200 8000 "-" "Mozilla/5.0 (Windows NT 6.2; WOW64) AppleWebKit/535.24 (KHTML, like Gecko) Chrome/83.0.1055.1 Safari/535.24"
57.141.2.26 - - [20/Jul/2025:18:03:20 +0000] "GET /special/749708696 HTTP/1.1" 200 - "-" "meta-externalagent/1.1 (+https://developers.facebook.com/docs/sharing/webmasters/crawler)"
134.17.14.12 - - [20/Jul/2025:18:03:22 +0000] "GET /userfuns.php HTTP/1.1" 200 - "-" "Mozilla/4.0 (compatible; MSIE 6.0; Windows NT 5.1; SV1)"
66.249.65.201 - - [20/Jul/2025:18:03:53 +0000] "GET /robots.txt HTTP/1.1" 200 95 "-" "Mozilla/5.0 (compatible; Googlebot/2.1; +http://www.google.com/bot.html)"
66.249.65.201 - - [20/Jul/2025:18:03:53 +0000] "GET /special/428427416 HTTP/1.1" 200 19176 "-" "Mozilla/5.0 (Linux; Android 6.0.1; Nexus 5X Build/MMB29P) AppleWebKit/537.36 (KHTML, like Gecko) Chrome/137.0.7151.103 Mobile Safari/537.36 (compatible; Googlebot/2.1; +http://www.google.com/bot.html)"
20.171.207.147 - - [20/Jul/2025:18:03:54 +0000] "GET /items/cameras/recording-media/2239550/ HTTP/1.1" 200 - "-" "Mozilla/5.0 AppleWebKit/537.36 (KHTML, like Gecko; compatible; GPTBot/1.2; +https://openai.com/gptbot)"
20.171.207.147 - - [20/Jul/2025:18:03:55 +0000] "GET /items/health/diet-supplements/1754102/ HTTP/1.1" 200 - "-" "Mozilla/5.0 AppleWebKit/537.36 (KHTML, like Gecko; compatible; GPTBot/1.2; +https://openai.com/gptbot)"
20.171.207.147 - - [20/Jul/2025:18:03:57 +0000] "GET /items/air-conditioning/stoves/2795854/ HTTP/1.1" 200 - "-" "Mozilla/5.0 AppleWebKit/537.36 (KHTML, like Gecko; compatible; GPTBot/1.2; +https://openai.com/gptbot)"
20.171.207.147 - - [20/Jul/2025:18:03:58 +0000] "GET /items/furniture/dining-tables/3406033/ HTTP/1.1" 200 - "-" "Mozilla/5.0 AppleWebKit/537.36 (KHTML, like Gecko; compatible; GPTBot/1.2; +https://openai.com/gptbot)"
20.171.207.147 - - [20/Jul/2025:18:03:59 +0000] "GET /items/cameras/audio-equipment/3117615/ HTTP/1.1" 200 - "-" "Mozilla/5.0 AppleWebKit/537.36 (KHTML, like Gecko; compatible; GPTBot/1.2; +https://openai.com/gptbot)"
20.171.207.147 - - [20/Jul/2025:18:04:00 +0000] "GET /items/tickets/amusement-parks/4218980/ HTTP/1.1" 200 - "-" "Mozilla/5.0 AppleWebKit/537.36 (KHTML, like Gecko; compatible; GPTBot/1.2; +https://openai.com/gptbot)"
20.171.207.147 - - [20/Jul/2025:18:04:01 +0000] "GET /items/flowers/tuberous-plants/2534838/ HTTP/1.1" 200 - "-" "Mozilla/5.0 AppleWebKit/537.36 (KHTML, like Gecko; compatible; GPTBot/1.2; +https://openai.com/gptbot)"
20.171.207.147 - - [20/Jul/2025:18:04:03 +0000] "GET /items/furniture/trinket-boxes/3423459/ HTTP/1.1" 200 - "-" "Mozilla/5.0 AppleWebKit/537.36 (KHTML, like Gecko; compatible; GPTBot/1.2; +https://openai.com/gptbot)"
20.171.207.147 - - [20/Jul/2025:18:04:04 +0000] "GET /items/cameras/audio-equipment/5469595/ HTTP/1.1" 200 - "-" "Mozilla/5.0 AppleWebKit/537.36 (KHTML, like Gecko; compatible; GPTBot/1.2; +https://openai.com/gptbot)"
20.171.207.147 - - [20/Jul/2025:18:04:05 +0000] "GET /items/art/musical-instruments/2640873/ HTTP/1.1" 200 - "-" "Mozilla/5.0 AppleWebKit/537.36 (KHTML, like Gecko; compatible; GPTBot/1.2; +https://openai.com/gptbot)"
20.171.207.147 - - [20/Jul/2025:18:04:43 +0000] "GET /items/cameras/audio-equipment/1940038/ HTTP/1.1" 200 - "-" "Mozilla/5.0 AppleWebKit/537.36 (KHTML, like Gecko; compatible; GPTBot/1.2; +https://openai.com/gptbot)"
20.171.207.147 - - [20/Jul/2025:18:04:44 +0000] "GET /items/magazines/complete-sets/2683751/ HTTP/1.1" 200 - "-" "Mozilla/5.0 AppleWebKit/537.36 (KHTML, like Gecko; compatible; GPTBot/1.2; +https://openai.com/gptbot)"
20.171.207.147 - - [20/Jul/2025:18:04:45 +0000] "GET /items/air-conditioning/others/3456724/ HTTP/1.1" 200 - "-" "Mozilla/5.0 AppleWebKit/537.36 (KHTML, like Gecko; compatible; GPTBot/1.2; +https://openai.com/gptbot)"
20.171.207.147 - - [20/Jul/2025:18:04:47 +0000] "GET /items/cameras/audio-equipment/4070859/ HTTP/1.1" 200 - "-" "Mozilla/5.0 AppleWebKit/537.36 (KHTML, like Gecko; compatible; GPTBot/1.2; +https://openai.com/gptbot)"
20.171.207.147 - - [20/Jul/2025:18:04:48 +0000] "GET /items/furniture/trinket-boxes/4217391/ HTTP/1.1" 200 - "-" "Mozilla/5.0 AppleWebKit/537.36 (KHTML, like Gecko; compatible; GPTBot/1.2; +https://openai.com/gptbot)"
20.171.207.147 - - [20/Jul/2025:18:04:49 +0000] "GET /items/tickets/amusement-parks/4648720/ HTTP/1.1" 200 - "-" "Mozilla/5.0 AppleWebKit/537.36 (KHTML, like Gecko; compatible; GPTBot/1.2; +https://openai.com/gptbot)"
20.171.207.147 - - [20/Jul/2025:18:04:50 +0000] "GET /items/air-conditioning/others/5016585/ HTTP/1.1" 200 - "-" "Mozilla/5.0 AppleWebKit/537.36 (KHTML, like Gecko; compatible; GPTBot/1.2; +https://openai.com/gptbot)"
20.171.207.147 - - [20/Jul/2025:18:04:51 +0000] "GET /items/toys/anime/2996992/ HTTP/1.1" 200 - "-" "Mozilla/5.0 AppleWebKit/537.36 (KHTML, like Gecko; compatible; GPTBot/1.2; +https://openai.com/gptbot)"
20.171.207.147 - - [20/Jul/2025:18:04:52 +0000] "GET /items/tv/cameras/2272628/ HTTP/1.1" 200 - "-" "Mozilla/5.0 AppleWebKit/537.36 (KHTML, like Gecko; compatible; GPTBot/1.2; +https://openai.com/gptbot)"
20.171.207.147 - - [20/Jul/2025:18:04:54 +0000] "GET /items/goods/toys/4024274/ HTTP/1.1" 200 - "-" "Mozilla/5.0 AppleWebKit/537.36 (KHTML, like Gecko; compatible; GPTBot/1.2; +https://openai.com/gptbot)"
216.73.216.140 - - [20/Jul/2025:18:05:20 +0000] "GET /special/432436 HTTP/1.1" 200 - "-" "Mozilla/5.0 AppleWebKit/537.36 (KHTML, like Gecko; compatible; ClaudeBot/1.0; [email protected])"
4.227.36.58 - - [20/Jul/2025:18:05:29 +0000] "GET /robots.txt HTTP/1.1" 200 95 "-" "Mozilla/5.0 AppleWebKit/537.36 (KHTML, like Gecko; compatible; GPTBot/1.2; +https://openai.com/gptbot)"
20.171.207.147 - - [20/Jul/2025:18:05:29 +0000] "GET /items/toys/trading-cards/4795587/ HTTP/1.1" 200 - "-" "Mozilla/5.0 AppleWebKit/537.36 (KHTML, like Gecko; compatible; GPTBot/1.2; +https://openai.com/gptbot)"
20.171.207.147 - - [20/Jul/2025:18:05:30 +0000] "GET /items/toys/trading-cards/2448733/ HTTP/1.1" 200 - "-" "Mozilla/5.0 AppleWebKit/537.36 (KHTML, like Gecko; compatible; GPTBot/1.2; +https://openai.com/gptbot)"
20.171.207.147 - - [20/Jul/2025:18:05:31 +0000] "GET /items/beauty/face-creams/5168521/ HTTP/1.1" 200 - "-" "Mozilla/5.0 AppleWebKit/537.36 (KHTML, like Gecko; compatible; GPTBot/1.2; +https://openai.com/gptbot)"
20.171.207.147 - - [20/Jul/2025:18:05:33 +0000] "GET /items/toys/trading-cards/4610781/ HTTP/1.1" 200 - "-" "Mozilla/5.0 AppleWebKit/537.36 (KHTML, like Gecko; compatible; GPTBot/1.2; +https://openai.com/gptbot)"
20.171.207.147 - - [20/Jul/2025:18:05:34 +0000] "GET /items/beauty/face-creams/2506048/ HTTP/1.1" 200 - "-" "Mozilla/5.0 AppleWebKit/537.36 (KHTML, like Gecko; compatible; GPTBot/1.2; +https://openai.com/gptbot)"
20.171.207.147 - - [20/Jul/2025:18:05:35 +0000] "GET /items/beauty/face-creams/1862509/ HTTP/1.1" 200 - "-" "Mozilla/5.0 AppleWebKit/537.36 (KHTML, like Gecko; compatible; GPTBot/1.2; +https://openai.com/gptbot)"
20.171.207.147 - - [20/Jul/2025:18:05:36 +0000] "GET /items/smartphones/displays/3199952/ HTTP/1.1" 200 - "-" "Mozilla/5.0 AppleWebKit/537.36 (KHTML, like Gecko; compatible; GPTBot/1.2; +https://openai.com/gptbot)"
20.171.207.147 - - [20/Jul/2025:18:05:37 +0000] "GET /items/art/others/3140236/ HTTP/1.1" 200 - "-" "Mozilla/5.0 AppleWebKit/537.36 (KHTML, like Gecko; compatible; GPTBot/1.2; +https://openai.com/gptbot)"
20.171.207.147 - - [20/Jul/2025:18:05:39 +0000] "GET /items/art/crafts/2623481/ HTTP/1.1" 200 - "-" "Mozilla/5.0 AppleWebKit/537.36 (KHTML, like Gecko; compatible; GPTBot/1.2; +https://openai.com/gptbot)"
20.171.207.147 - - [20/Jul/2025:18:05:40 +0000] "GET /items/cds/others/2462851/ HTTP/1.1" 200 - "-" "Mozilla/5.0 AppleWebKit/537.36 (KHTML, like Gecko; compatible; GPTBot/1.2; +https://openai.com/gptbot)"
20.171.207.147 - - [20/Jul/2025:18:06:07 +0000] "GET /items/diy/sealer/4573730/ HTTP/1.1" 200 - "-" "Mozilla/5.0 AppleWebKit/537.36 (KHTML, like Gecko; compatible; GPTBot/1.2; +https://openai.com/gptbot)"
