40.77.167.0 - - [20/Jul/2025:14:38:10 +0000] "GET /special/1611978646.phtml HTTP/1.1" 200 18607 "-" "Mozilla/5.0 AppleWebKit/537.36 (KHTML, like Gecko; compatible; bingbot/2.0; +http://www.bing.com/bingbot.htm) Chrome/116.0.1938.76 Safari/537.36"
216.73.216.176 - - [20/Jul/2025:14:38:12 +0000] "GET /special/251747620.phtml HTTP/1.1" 404 13247 "-" "Mozilla/5.0 AppleWebKit/537.36 (KHTML, like Gecko; compatible; ClaudeBot/1.0; [email protected])"
216.73.216.176 - - [20/Jul/2025:14:38:57 +0000] "GET /special/927679748.phtml HTTP/1.1" 404 13247 "-" "Mozilla/5.0 AppleWebKit/537.36 (KHTML, like Gecko; compatible; ClaudeBot/1.0; [email protected])"
216.73.216.176 - - [20/Jul/2025:14:39:00 +0000] "GET /special/774534886.phtml HTTP/1.1" 404 13247 "-" "Mozilla/5.0 AppleWebKit/537.36 (KHTML, like Gecko; compatible; ClaudeBot/1.0; [email protected])"
216.73.216.176 - - [20/Jul/2025:14:39:03 +0000] "GET /special/252045528.phtml HTTP/1.1" 404 13247 "-" "Mozilla/5.0 AppleWebKit/537.36 (KHTML, like Gecko; compatible; ClaudeBot/1.0; [email protected])"
216.73.216.176 - - [20/Jul/2025:14:39:06 +0000] "GET /special/1955290172.phtml HTTP/1.1" 404 13247 "-" "Mozilla/5.0 AppleWebKit/537.36 (KHTML, like Gecko; compatible; ClaudeBot/1.0; [email protected])"
216.73.216.176 - - [20/Jul/2025:14:39:09 +0000] "GET /special/774729194.phtml HTTP/1.1" 404 13247 "-" "Mozilla/5.0 AppleWebKit/537.36 (KHTML, like Gecko; compatible; ClaudeBot/1.0; [email protected])"
216.73.216.176 - - [20/Jul/2025:14:39:12 +0000] "GET /special/927945546.phtml HTTP/1.1" 404 13247 "-" "Mozilla/5.0 AppleWebKit/537.36 (KHTML, like Gecko; compatible; ClaudeBot/1.0; [email protected])"
216.73.216.176 - - [20/Jul/2025:14:39:58 +0000] "GET /special/927553372.phtml HTTP/1.1" 404 13247 "-" "Mozilla/5.0 AppleWebKit/537.36 (KHTML, like Gecko; compatible; ClaudeBot/1.0; [email protected])"
216.73.216.176 - - [20/Jul/2025:14:40:01 +0000] "GET /special/774804570.phtml HTTP/1.1" 404 13247 "-" "Mozilla/5.0 AppleWebKit/537.36 (KHTML, like Gecko; compatible; ClaudeBot/1.0; [email protected])"
216.73.216.176 - - [20/Jul/2025:14:40:04 +0000] "GET /special/774651992.phtml HTTP/1.1" 404 13247 "-" "Mozilla/5.0 AppleWebKit/537.36 (KHTML, like Gecko; compatible; ClaudeBot/1.0; [email protected])"
216.73.216.176 - - [20/Jul/2025:14:40:07 +0000] "GET /special/1955834924.phtml HTTP/1.1" 404 13247 "-" "Mozilla/5.0 AppleWebKit/537.36 (KHTML, like Gecko; compatible; ClaudeBot/1.0; [email protected])"
216.73.216.176 - - [20/Jul/2025:14:40:10 +0000] "GET /special/775078196.phtml HTTP/1.1" 404 13247 "-" "Mozilla/5.0 AppleWebKit/537.36 (KHTML, like Gecko; compatible; ClaudeBot/1.0; [email protected])"
40.77.167.0 - - [20/Jul/2025:14:40:11 +0000] "GET /special/2156469904.phtml HTTP/1.1" 200 21463 "-" "Mozilla/5.0 AppleWebKit/537.36 (KHTML, like Gecko; compatible; bingbot/2.0; +http://www.bing.com/bingbot.htm) Chrome/116.0.1938.76 Safari/537.36"
216.73.216.176 - - [20/Jul/2025:14:41:05 +0000] "GET /special/1955436108.phtml HTTP/1.1" 404 13247 "-" "Mozilla/5.0 AppleWebKit/537.36 (KHTML, like Gecko; compatible; ClaudeBot/1.0; [email protected])"
216.73.216.176 - - [20/Jul/2025:14:41:08 +0000] "GET /special/1955328212.phtml HTTP/1.1" 404 13247 "-" "Mozilla/5.0 AppleWebKit/537.36 (KHTML, like Gecko; compatible; ClaudeBot/1.0; [email protected])"
216.73.216.176 - - [20/Jul/2025:14:41:11 +0000] "GET /special/1955555906.phtml HTTP/1.1" 404 13247 "-" "Mozilla/5.0 AppleWebKit/537.36 (KHTML, like Gecko; compatible; ClaudeBot/1.0; [email protected])"
216.73.216.176 - - [20/Jul/2025:14:41:14 +0000] "GET /special/1955617648.phtml HTTP/1.1" 404 13247 "-" "Mozilla/5.0 AppleWebKit/537.36 (KHTML, like Gecko; compatible; ClaudeBot/1.0; [email protected])"
216.73.216.176 - - [20/Jul/2025:14:41:17 +0000] "GET /special/1955412342.phtml HTTP/1.1" 404 13247 "-" "Mozilla/5.0 AppleWebKit/537.36 (KHTML, like Gecko; compatible; ClaudeBot/1.0; [email protected])"
207.46.13.52 - - [20/Jul/2025:14:41:25 +0000] "GET /special/1351634920.phtml HTTP/1.1" 200 19754 "-" "Mozilla/5.0 AppleWebKit/537.36 (KHTML, like Gecko; compatible; bingbot/2.0; +http://www.bing.com/bingbot.htm) Chrome/116.0.1938.76 Safari/537.36"
216.73.216.176 - - [20/Jul/2025:14:42:18 +0000] "GET /special/927978906.phtml HTTP/1.1" 404 13247 "-" "Mozilla/5.0 AppleWebKit/537.36 (KHTML, like Gecko; compatible; ClaudeBot/1.0; [email protected])"
216.73.216.176 - - [20/Jul/2025:14:42:21 +0000] "GET /special/1955658384.phtml HTTP/1.1" 404 13247 "-" "Mozilla/5.0 AppleWebKit/537.36 (KHTML, like Gecko; compatible; ClaudeBot/1.0; [email protected])"
216.73.216.176 - - [20/Jul/2025:14:42:24 +0000] "GET /special/1955427738.phtml HTTP/1.1" 404 13247 "-" "Mozilla/5.0 AppleWebKit/537.36 (KHTML, like Gecko; compatible; ClaudeBot/1.0; [email protected])"
216.73.216.176 - - [20/Jul/2025:14:42:27 +0000] "GET /special/774947268.phtml HTTP/1.1" 404 13247 "-" "Mozilla/5.0 AppleWebKit/537.36 (KHTML, like Gecko; compatible; ClaudeBot/1.0; [email protected])"
216.73.216.176 - - [20/Jul/2025:14:42:30 +0000] "GET /special/927862990.phtml HTTP/1.1" 404 13247 "-" "Mozilla/5.0 AppleWebKit/537.36 (KHTML, like Gecko; compatible; ClaudeBot/1.0; [email protected])"
40.77.167.5 - - [20/Jul/2025:14:43:03 +0000] "GET /special/2041145304.phtml HTTP/1.1" 200 21434 "-" "Mozilla/5.0 AppleWebKit/537.36 (KHTML, like Gecko; compatible; bingbot/2.0; +http://www.bing.com/bingbot.htm) Chrome/116.0.1938.76 Safari/537.36"
216.73.216.176 - - [20/Jul/2025:14:43:20 +0000] "GET /special/927711662.phtml HTTP/1.1" 404 13247 "-" "Mozilla/5.0 AppleWebKit/537.36 (KHTML, like Gecko; compatible; ClaudeBot/1.0; [email protected])"
216.73.216.176 - - [20/Jul/2025:14:43:23 +0000] "GET /special/1955471648.phtml HTTP/1.1" 404 13247 "-" "Mozilla/5.0 AppleWebKit/537.36 (KHTML, like Gecko; compatible; ClaudeBot/1.0; [email protected])"
216.73.216.176 - - [20/Jul/2025:14:43:26 +0000] "GET /special/775000926.phtml HTTP/1.1" 404 13247 "-" "Mozilla/5.0 AppleWebKit/537.36 (KHTML, like Gecko; compatible; ClaudeBot/1.0; [email protected])"
216.73.216.176 - - [20/Jul/2025:14:43:29 +0000] "GET /special/927819882.phtml HTTP/1.1" 404 13247 "-" "Mozilla/5.0 AppleWebKit/537.36 (KHTML, like Gecko; compatible; ClaudeBot/1.0; [email protected])"
216.73.216.176 - - [20/Jul/2025:14:43:32 +0000] "GET /special/1955987502.phtml HTTP/1.1" 404 13247 "-" "Mozilla/5.0 AppleWebKit/537.36 (KHTML, like Gecko; compatible; ClaudeBot/1.0; [email protected])"
207.46.13.52 - - [20/Jul/2025:14:44:26 +0000] "GET /special/1055243688.phtml HTTP/1.1" 200 20911 "-" "Mozilla/5.0 AppleWebKit/537.36 (KHTML, like Gecko; compatible; bingbot/2.0; +http://www.bing.com/bingbot.htm) Chrome/116.0.1938.76 Safari/537.36"
216.73.216.176 - - [20/Jul/2025:14:44:27 +0000] "GET /special/1955453748.phtml HTTP/1.1" 404 13247 "-" "Mozilla/5.0 AppleWebKit/537.36 (KHTML, like Gecko; compatible; ClaudeBot/1.0; [email protected])"
216.73.216.176 - - [20/Jul/2025:14:44:30 +0000] "GET /special/774811080.phtml HTTP/1.1" 404 13247 "-" "Mozilla/5.0 AppleWebKit/537.36 (KHTML, like Gecko; compatible; ClaudeBot/1.0; [email protected])"
216.73.216.176 - - [20/Jul/2025:14:44:33 +0000] "GET /special/1955404578.phtml HTTP/1.1" 404 13247 "-" "Mozilla/5.0 AppleWebKit/537.36 (KHTML, like Gecko; compatible; ClaudeBot/1.0; [email protected])"
216.73.216.176 - - [20/Jul/2025:14:44:36 +0000] "GET /special/1955766604.phtml HTTP/1.1" 404 13247 "-" "Mozilla/5.0 AppleWebKit/537.36 (KHTML, like Gecko; compatible; ClaudeBot/1.0; [email protected])"
216.73.216.176 - - [20/Jul/2025:14:44:39 +0000] "GET /special/1955494228.phtml HTTP/1.1" 404 13247 "-" "Mozilla/5.0 AppleWebKit/537.36 (KHTML, like Gecko; compatible; ClaudeBot/1.0; [email protected])"
216.73.216.176 - - [20/Jul/2025:14:45:24 +0000] "GET /special/1955828346.phtml HTTP/1.1" 404 13247 "-" "Mozilla/5.0 AppleWebKit/537.36 (KHTML, like Gecko; compatible; ClaudeBot/1.0; [email protected])"
216.73.216.176 - - [20/Jul/2025:14:45:27 +0000] "GET /special/774977096.phtml HTTP/1.1" 404 13247 "-" "Mozilla/5.0 AppleWebKit/537.36 (KHTML, like Gecko; compatible; ClaudeBot/1.0; [email protected])"
216.73.216.176 - - [20/Jul/2025:14:45:30 +0000] "GET /special/927723850.phtml HTTP/1.1" 404 13247 "-" "Mozilla/5.0 AppleWebKit/537.36 (KHTML, like Gecko; compatible; ClaudeBot/1.0; [email protected])"
216.73.216.176 - - [20/Jul/2025:14:45:33 +0000] "GET /special/2411770664.phtml HTTP/1.1" 404 13247 "-" "Mozilla/5.0 AppleWebKit/537.36 (KHTML, like Gecko; compatible; ClaudeBot/1.0; [email protected])"
216.73.216.176 - - [20/Jul/2025:14:45:36 +0000] "GET /special/2136329028.phtml HTTP/1.1" 404 13247 "-" "Mozilla/5.0 AppleWebKit/537.36 (KHTML, like Gecko; compatible; ClaudeBot/1.0; [email protected])"
216.73.216.176 - - [20/Jul/2025:14:46:08 +0000] "GET /special/1955638500.phtml HTTP/1.1" 404 13247 "-" "Mozilla/5.0 AppleWebKit/537.36 (KHTML, like Gecko; compatible; ClaudeBot/1.0; [email protected])"
216.73.216.176 - - [20/Jul/2025:14:46:11 +0000] "GET /special/252080488.phtml HTTP/1.1" 404 13247 "-" "Mozilla/5.0 AppleWebKit/537.36 (KHTML, like Gecko; compatible; ClaudeBot/1.0; [email protected])"
216.73.216.176 - - [20/Jul/2025:14:46:14 +0000] "GET /special/774636852.phtml HTTP/1.1" 404 13247 "-" "Mozilla/5.0 AppleWebKit/537.36 (KHTML, like Gecko; compatible; ClaudeBot/1.0; [email protected])"
216.73.216.176 - - [20/Jul/2025:14:46:17 +0000] "GET /special/927402304.phtml HTTP/1.1" 404 13247 "-" "Mozilla/5.0 AppleWebKit/537.36 (KHTML, like Gecko; compatible; ClaudeBot/1.0; [email protected])"
216.73.216.176 - - [20/Jul/2025:14:46:20 +0000] "GET /special/927982788.phtml HTTP/1.1" 404 13247 "-" "Mozilla/5.0 AppleWebKit/537.36 (KHTML, like Gecko; compatible; ClaudeBot/1.0; [email protected])"
40.77.167.131 - - [20/Jul/2025:14:46:53 +0000] "GET /special/1236516274.phtml HTTP/1.1" 200 18469 "-" "Mozilla/5.0 AppleWebKit/537.36 (KHTML, like Gecko; compatible; bingbot/2.0; +http://www.bing.com/bingbot.htm) Chrome/116.0.1938.76 Safari/537.36"
216.73.216.176 - - [20/Jul/2025:14:47:06 +0000] "GET /sitemap.xml HTTP/1.1" 200 4382 "-" "Mozilla/5.0 AppleWebKit/537.36 (KHTML, like Gecko; compatible; ClaudeBot/1.0; [email protected])"
216.73.216.176 - - [20/Jul/2025:14:47:08 +0000] "GET /special/927677372.phtml HTTP/1.1" 404 13247 "-" "Mozilla/5.0 AppleWebKit/537.36 (KHTML, like Gecko; compatible; ClaudeBot/1.0; [email protected])"
216.73.216.176 - - [20/Jul/2025:14:47:11 +0000] "GET /special/251480568.phtml HTTP/1.1" 404 13247 "-" "Mozilla/5.0 AppleWebKit/537.36 (KHTML, like Gecko; compatible; ClaudeBot/1.0; [email protected])"
216.73.216.176 - - [20/Jul/2025:14:47:14 +0000] "GET /special/774351836.phtml HTTP/1.1" 404 13247 "-" "Mozilla/5.0 AppleWebKit/537.36 (KHTML, like Gecko; compatible; ClaudeBot/1.0; [email protected])"
216.73.216.176 - - [20/Jul/2025:14:47:17 +0000] "GET /special/927612678.phtml HTTP/1.1" 404 13247 "-" "Mozilla/5.0 AppleWebKit/537.36 (KHTML, like Gecko; compatible; ClaudeBot/1.0; [email protected])"
40.77.167.131 - - [20/Jul/2025:14:47:42 +0000] "GET /special/50302150.phtml HTTP/1.1" 200 18527 "-" "Mozilla/5.0 AppleWebKit/537.36 (KHTML, like Gecko; compatible; bingbot/2.0; +http://www.bing.com/bingbot.htm) Chrome/116.0.1938.76 Safari/537.36"
216.73.216.176 - - [20/Jul/2025:14:47:49 +0000] "GET /special/928092258.phtml HTTP/1.1" 404 13247 "-" "Mozilla/5.0 AppleWebKit/537.36 (KHTML, like Gecko; compatible; ClaudeBot/1.0; [email protected])"
216.73.216.176 - - [20/Jul/2025:14:47:51 +0000] "GET /special/1955552348.phtml HTTP/1.1" 404 13247 "-" "Mozilla/5.0 AppleWebKit/537.36 (KHTML, like Gecko; compatible; ClaudeBot/1.0; [email protected])"
216.73.216.176 - - [20/Jul/2025:14:47:54 +0000] "GET /special/251598860.phtml HTTP/1.1" 404 13247 "-" "Mozilla/5.0 AppleWebKit/537.36 (KHTML, like Gecko; compatible; ClaudeBot/1.0; [email protected])"
216.73.216.176 - - [20/Jul/2025:14:47:57 +0000] "GET /special/251530924.phtml HTTP/1.1" 404 13247 "-" "Mozilla/5.0 AppleWebKit/537.36 (KHTML, like Gecko; compatible; ClaudeBot/1.0; [email protected])"
216.73.216.176 - - [20/Jul/2025:14:48:00 +0000] "GET /special/774794690.phtml HTTP/1.1" 404 13247 "-" "Mozilla/5.0 AppleWebKit/537.36 (KHTML, like Gecko; compatible; ClaudeBot/1.0; [email protected])"
216.73.216.176 - - [20/Jul/2025:14:48:45 +0000] "GET /special/927582850.phtml HTTP/1.1" 404 13247 "-" "Mozilla/5.0 AppleWebKit/537.36 (KHTML, like Gecko; compatible; ClaudeBot/1.0; [email protected])"
216.73.216.176 - - [20/Jul/2025:14:48:48 +0000] "GET /special/774667192.phtml HTTP/1.1" 404 13247 "-" "Mozilla/5.0 AppleWebKit/537.36 (KHTML, like Gecko; compatible; ClaudeBot/1.0; [email protected])"
216.73.216.176 - - [20/Jul/2025:14:48:51 +0000] "GET /special/927725100.phtml HTTP/1.1" 404 13247 "-" "Mozilla/5.0 AppleWebKit/537.36 (KHTML, like Gecko; compatible; ClaudeBot/1.0; [email protected])"
216.73.216.176 - - [20/Jul/2025:14:48:54 +0000] "GET /special/1955611586.phtml HTTP/1.1" 404 13247 "-" "Mozilla/5.0 AppleWebKit/537.36 (KHTML, like Gecko; compatible; ClaudeBot/1.0; [email protected])"
216.73.216.176 - - [20/Jul/2025:14:48:57 +0000] "GET /special/1955621466.phtml HTTP/1.1" 404 13247 "-" "Mozilla/5.0 AppleWebKit/537.36 (KHTML, like Gecko; compatible; ClaudeBot/1.0; [email protected])"
40.77.167.131 - - [20/Jul/2025:14:49:13 +0000] "GET /special/2542453170.phtml HTTP/1.1" 200 20032 "-" "Mozilla/5.0 AppleWebKit/537.36 (KHTML, like Gecko; compatible; bingbot/2.0; +http://www.bing.com/bingbot.htm) Chrome/116.0.1938.76 Safari/537.36"
216.73.216.176 - - [20/Jul/2025:14:49:18 +0000] "GET /special/774306356.phtml HTTP/1.1" 404 13247 "-" "Mozilla/5.0 AppleWebKit/537.36 (KHTML, like Gecko; compatible; ClaudeBot/1.0; [email protected])"
216.73.216.176 - - [20/Jul/2025:14:49:21 +0000] "GET /special/927408878.phtml HTTP/1.1" 404 13247 "-" "Mozilla/5.0 AppleWebKit/537.36 (KHTML, like Gecko; compatible; ClaudeBot/1.0; [email protected])"
216.73.216.176 - - [20/Jul/2025:14:49:24 +0000] "GET /special/927991478.phtml HTTP/1.1" 404 13247 "-" "Mozilla/5.0 AppleWebKit/537.36 (KHTML, like Gecko; compatible; ClaudeBot/1.0; [email protected])"
216.73.216.176 - - [20/Jul/2025:14:49:27 +0000] "GET /special/1955296682.phtml HTTP/1.1" 404 13247 "-" "Mozilla/5.0 AppleWebKit/537.36 (KHTML, like Gecko; compatible; ClaudeBot/1.0; [email protected])"
216.73.216.176 - - [20/Jul/2025:14:49:30 +0000] "GET /special/252034876.phtml HTTP/1.1" 404 13247 "-" "Mozilla/5.0 AppleWebKit/537.36 (KHTML, like Gecko; compatible; ClaudeBot/1.0; [email protected])"
57.141.2.7 - - [20/Jul/2025:14:49:31 +0000] "GET /special/1825217240.phtml HTTP/1.1" 404 65172 "-" "meta-externalagent/1.1 (+https://developers.facebook.com/docs/sharing/webmasters/crawler)"
40.77.167.131 - - [20/Jul/2025:14:49:33 +0000] "GET /special/1232270228.phtml HTTP/1.1" 200 22789 "-" "Mozilla/5.0 AppleWebKit/537.36 (KHTML, like Gecko; compatible; bingbot/2.0; +http://www.bing.com/bingbot.htm) Chrome/116.0.1938.76 Safari/537.36"
57.141.2.19 - - [20/Jul/2025:14:49:33 +0000] "GET /special/1824696126.phtml HTTP/1.1" 404 65172 "-" "meta-externalagent/1.1 (+https://developers.facebook.com/docs/sharing/webmasters/crawler)"
57.141.2.11 - - [20/Jul/2025:14:49:47 +0000] "GET /special/1825044454.phtml HTTP/1.1" 404 65172 "-" "meta-externalagent/1.1 (+https://developers.facebook.com/docs/sharing/webmasters/crawler)"
216.73.216.176 - - [20/Jul/2025:14:50:11 +0000] "GET /special/774924044.phtml HTTP/1.1" 404 13247 "-" "Mozilla/5.0 AppleWebKit/537.36 (KHTML, like Gecko; compatible; ClaudeBot/1.0; [email protected])"
216.73.216.176 - - [20/Jul/2025:14:50:14 +0000] "GET /special/774876448.phtml HTTP/1.1" 404 13247 "-" "Mozilla/5.0 AppleWebKit/537.36 (KHTML, like Gecko; compatible; ClaudeBot/1.0; [email protected])"
216.73.216.176 - - [20/Jul/2025:14:50:17 +0000] "GET /special/1955614026.phtml HTTP/1.1" 404 13247 "-" "Mozilla/5.0 AppleWebKit/537.36 (KHTML, like Gecko; compatible; ClaudeBot/1.0; [email protected])"
216.73.216.176 - - [20/Jul/2025:14:50:20 +0000] "GET /special/774529754.phtml HTTP/1.1" 404 13247 "-" "Mozilla/5.0 AppleWebKit/537.36 (KHTML, like Gecko; compatible; ClaudeBot/1.0; [email protected])"
216.73.216.176 - - [20/Jul/2025:14:50:23 +0000] "GET /special/774995060.phtml HTTP/1.1" 404 13247 "-" "Mozilla/5.0 AppleWebKit/537.36 (KHTML, like Gecko; compatible; ClaudeBot/1.0; [email protected])"
216.73.216.176 - - [20/Jul/2025:14:50:55 +0000] "GET /special/927727472.phtml HTTP/1.1" 404 13247 "-" "Mozilla/5.0 AppleWebKit/537.36 (KHTML, like Gecko; compatible; ClaudeBot/1.0; [email protected])"
216.73.216.176 - - [20/Jul/2025:14:50:58 +0000] "GET /special/927915718.phtml HTTP/1.1" 404 13247 "-" "Mozilla/5.0 AppleWebKit/537.36 (KHTML, like Gecko; compatible; ClaudeBot/1.0; [email protected])"
216.73.216.176 - - [20/Jul/2025:14:51:01 +0000] "GET /special/774581684.phtml HTTP/1.1" 404 13247 "-" "Mozilla/5.0 AppleWebKit/537.36 (KHTML, like Gecko; compatible; ClaudeBot/1.0; [email protected])"
216.73.216.176 - - [20/Jul/2025:14:51:04 +0000] "GET /special/927444034.phtml HTTP/1.1" 404 13247 "-" "Mozilla/5.0 AppleWebKit/537.36 (KHTML, like Gecko; compatible; ClaudeBot/1.0; [email protected])"
216.73.216.176 - - [20/Jul/2025:14:51:07 +0000] "GET /special/927855290.phtml HTTP/1.1" 404 13247 "-" "Mozilla/5.0 AppleWebKit/537.36 (KHTML, like Gecko; compatible; ClaudeBot/1.0; [email protected])"
216.73.216.176 - - [20/Jul/2025:14:51:38 +0000] "GET /special/928086802.phtml HTTP/1.1" 404 13247 "-" "Mozilla/5.0 AppleWebKit/537.36 (KHTML, like Gecko; compatible; ClaudeBot/1.0; [email protected])"
216.73.216.176 - - [20/Jul/2025:14:51:41 +0000] "GET /special/774789430.phtml HTTP/1.1" 404 13247 "-" "Mozilla/5.0 AppleWebKit/537.36 (KHTML, like Gecko; compatible; ClaudeBot/1.0; [email protected])"
52.167.144.22 - - [20/Jul/2025:14:51:43 +0000] "GET /special/1148713578.phtml HTTP/1.1" 200 20078 "-" "Mozilla/5.0 AppleWebKit/537.36 (KHTML, like Gecko; compatible; bingbot/2.0; +http://www.bing.com/bingbot.htm) Chrome/116.0.1938.76 Safari/537.36"
216.73.216.176 - - [20/Jul/2025:14:51:44 +0000] "GET /special/774676142.phtml HTTP/1.1" 404 13247 "-" "Mozilla/5.0 AppleWebKit/537.36 (KHTML, like Gecko; compatible; ClaudeBot/1.0; [email protected])"
52.167.144.22 - - [20/Jul/2025:14:51:46 +0000] "GET /special/1769808202.phtml HTTP/1.1" 200 18143 "-" "Mozilla/5.0 AppleWebKit/537.36 (KHTML, like Gecko; compatible; bingbot/2.0; +http://www.bing.com/bingbot.htm) Chrome/116.0.1938.76 Safari/537.36"
216.73.216.176 - - [20/Jul/2025:14:51:47 +0000] "GET /special/928065924.phtml HTTP/1.1" 404 13247 "-" "Mozilla/5.0 AppleWebKit/537.36 (KHTML, like Gecko; compatible; ClaudeBot/1.0; [email protected])"
216.73.216.176 - - [20/Jul/2025:14:51:50 +0000] "GET /special/927683694.phtml HTTP/1.1" 404 13247 "-" "Mozilla/5.0 AppleWebKit/537.36 (KHTML, like Gecko; compatible; ClaudeBot/1.0; [email protected])"
216.73.216.176 - - [20/Jul/2025:14:52:20 +0000] "GET /special/774712804.phtml HTTP/1.1" 404 13247 "-" "Mozilla/5.0 AppleWebKit/537.36 (KHTML, like Gecko; compatible; ClaudeBot/1.0; [email protected])"
216.73.216.176 - - [20/Jul/2025:14:52:22 +0000] "GET /special/1955951096.phtml HTTP/1.1" 404 13247 "-" "Mozilla/5.0 AppleWebKit/537.36 (KHTML, like Gecko; compatible; ClaudeBot/1.0; [email protected])"
216.73.216.176 - - [20/Jul/2025:14:52:25 +0000] "GET /special/1955780554.phtml HTTP/1.1" 404 13247 "-" "Mozilla/5.0 AppleWebKit/537.36 (KHTML, like Gecko; compatible; ClaudeBot/1.0; [email protected])"
216.73.216.176 - - [20/Jul/2025:14:52:28 +0000] "GET /special/928153006.phtml HTTP/1.1" 404 13247 "-" "Mozilla/5.0 AppleWebKit/537.36 (KHTML, like Gecko; compatible; ClaudeBot/1.0; [email protected])"
216.73.216.176 - - [20/Jul/2025:14:52:31 +0000] "GET /special/927806120.phtml HTTP/1.1" 404 13247 "-" "Mozilla/5.0 AppleWebKit/537.36 (KHTML, like Gecko; compatible; ClaudeBot/1.0; [email protected])"
207.46.13.154 - - [20/Jul/2025:14:53:07 +0000] "GET /special/1378629908.phtml HTTP/1.1" 200 19350 "-" "Mozilla/5.0 AppleWebKit/537.36 (KHTML, like Gecko; compatible; bingbot/2.0; +http://www.bing.com/bingbot.htm) Chrome/116.0.1938.76 Safari/537.36"
216.73.216.176 - - [20/Jul/2025:14:53:22 +0000] "GET /special/1955470462.phtml HTTP/1.1" 404 13247 "-" "Mozilla/5.0 AppleWebKit/537.36 (KHTML, like Gecko; compatible; ClaudeBot/1.0; [email protected])"
216.73.216.176 - - [20/Jul/2025:14:53:25 +0000] "GET /special/1955696296.phtml HTTP/1.1" 404 13247 "-" "Mozilla/5.0 AppleWebKit/537.36 (KHTML, like Gecko; compatible; ClaudeBot/1.0; [email protected])"
216.73.216.176 - - [20/Jul/2025:14:53:28 +0000] "GET /special/927712528.phtml HTTP/1.1" 404 13247 "-" "Mozilla/5.0 AppleWebKit/537.36 (KHTML, like Gecko; compatible; ClaudeBot/1.0; [email protected])"
216.73.216.176 - - [20/Jul/2025:14:53:31 +0000] "GET /special/774563720.phtml HTTP/1.1" 404 13247 "-" "Mozilla/5.0 AppleWebKit/537.36 (KHTML, like Gecko; compatible; ClaudeBot/1.0; [email protected])"
216.73.216.176 - - [20/Jul/2025:14:53:34 +0000] "GET /special/928021306.phtml HTTP/1.1" 404 13247 "-" "Mozilla/5.0 AppleWebKit/537.36 (KHTML, like Gecko; compatible; ClaudeBot/1.0; [email protected])"
216.73.216.176 - - [20/Jul/2025:14:54:20 +0000] "GET /special/1955595260.phtml HTTP/1.1" 404 13247 "-" "Mozilla/5.0 AppleWebKit/537.36 (KHTML, like Gecko; compatible; ClaudeBot/1.0; [email protected])"
216.73.216.176 - - [20/Jul/2025:14:54:23 +0000] "GET /special/251544686.phtml HTTP/1.1" 404 13247 "-" "Mozilla/5.0 AppleWebKit/537.36 (KHTML, like Gecko; compatible; ClaudeBot/1.0; [email protected])"
216.73.216.176 - - [20/Jul/2025:14:54:26 +0000] "GET /special/774958398.phtml HTTP/1.1" 404 13247 "-" "Mozilla/5.0 AppleWebKit/537.36 (KHTML, like Gecko; compatible; ClaudeBot/1.0; [email protected])"
216.73.216.176 - - [20/Jul/2025:14:54:29 +0000] "GET /special/251582470.phtml HTTP/1.1" 404 13247 "-" "Mozilla/5.0 AppleWebKit/537.36 (KHTML, like Gecko; compatible; ClaudeBot/1.0; [email protected])"
216.73.216.176 - - [20/Jul/2025:14:54:32 +0000] "GET /special/927800988.phtml HTTP/1.1" 404 13247 "-" "Mozilla/5.0 AppleWebKit/537.36 (KHTML, like Gecko; compatible; ClaudeBot/1.0; [email protected])"
216.73.216.176 - - [20/Jul/2025:14:54:55 +0000] "GET /special/927514402.phtml HTTP/1.1" 404 13247 "-" "Mozilla/5.0 AppleWebKit/537.36 (KHTML, like Gecko; compatible; ClaudeBot/1.0; [email protected])"
216.73.216.176 - - [20/Jul/2025:14:54:58 +0000] "GET /special/774362902.phtml HTTP/1.1" 404 13247 "-" "Mozilla/5.0 AppleWebKit/537.36 (KHTML, like Gecko; compatible; ClaudeBot/1.0; [email protected])"
216.73.216.176 - - [20/Jul/2025:14:55:01 +0000] "GET /special/774926996.phtml HTTP/1.1" 404 13247 "-" "Mozilla/5.0 AppleWebKit/537.36 (KHTML, like Gecko; compatible; ClaudeBot/1.0; [email protected])"
216.73.216.176 - - [20/Jul/2025:14:55:04 +0000] "GET /special/928074358.phtml HTTP/1.1" 404 13247 "-" "Mozilla/5.0 AppleWebKit/537.36 (KHTML, like Gecko; compatible; ClaudeBot/1.0; [email protected])"
216.73.216.176 - - [20/Jul/2025:14:55:07 +0000] "GET /special/251882298.phtml HTTP/1.1" 404 13247 "-" "Mozilla/5.0 AppleWebKit/537.36 (KHTML, like Gecko; compatible; ClaudeBot/1.0; [email protected])"
216.73.216.176 - - [20/Jul/2025:14:55:30 +0000] "GET /special/774635602.phtml HTTP/1.1" 404 13247 "-" "Mozilla/5.0 AppleWebKit/537.36 (KHTML, like Gecko; compatible; ClaudeBot/1.0; [email protected])"
216.73.216.176 - - [20/Jul/2025:14:55:33 +0000] "GET /special/774537002.phtml HTTP/1.1" 404 13247 "-" "Mozilla/5.0 AppleWebKit/537.36 (KHTML, like Gecko; compatible; ClaudeBot/1.0; [email protected])"
216.73.216.176 - - [20/Jul/2025:14:55:36 +0000] "GET /special/251633146.phtml HTTP/1.1" 404 13247 "-" "Mozilla/5.0 AppleWebKit/537.36 (KHTML, like Gecko; compatible; ClaudeBot/1.0; [email protected])"
216.73.216.176 - - [20/Jul/2025:14:55:39 +0000] "GET /special/774847482.phtml HTTP/1.1" 404 13247 "-" "Mozilla/5.0 AppleWebKit/537.36 (KHTML, like Gecko; compatible; ClaudeBot/1.0; [email protected])"
216.73.216.176 - - [20/Jul/2025:14:55:42 +0000] "GET /special/774987296.phtml HTTP/1.1" 404 13247 "-" "Mozilla/5.0 AppleWebKit/537.36 (KHTML, like Gecko; compatible; ClaudeBot/1.0; [email protected])"
57.141.2.26 - - [20/Jul/2025:14:56:24 +0000] "GET /special/1825334666.phtml HTTP/1.1" 404 65172 "-" "meta-externalagent/1.1 (+https://developers.facebook.com/docs/sharing/webmasters/crawler)"
216.73.216.176 - - [20/Jul/2025:14:56:25 +0000] "GET /special/775011450.phtml HTTP/1.1" 404 13247 "-" "Mozilla/5.0 AppleWebKit/537.36 (KHTML, like Gecko; compatible; ClaudeBot/1.0; [email protected])"
216.73.216.176 - - [20/Jul/2025:14:56:28 +0000] "GET /special/775038838.phtml HTTP/1.1" 404 13247 "-" "Mozilla/5.0 AppleWebKit/537.36 (KHTML, like Gecko; compatible; ClaudeBot/1.0; [email protected])"
216.73.216.176 - - [20/Jul/2025:14:56:31 +0000] "GET /special/774456818.phtml HTTP/1.1" 404 13247 "-" "Mozilla/5.0 AppleWebKit/537.36 (KHTML, like Gecko; compatible; ClaudeBot/1.0; [email protected])"
216.73.216.176 - - [20/Jul/2025:14:56:34 +0000] "GET /special/774956824.phtml HTTP/1.1" 404 13247 "-" "Mozilla/5.0 AppleWebKit/537.36 (KHTML, like Gecko; compatible; ClaudeBot/1.0; [email protected])"
216.73.216.176 - - [20/Jul/2025:14:56:37 +0000] "GET /special/928151756.phtml HTTP/1.1" 404 13247 "-" "Mozilla/5.0 AppleWebKit/537.36 (KHTML, like Gecko; compatible; ClaudeBot/1.0; [email protected])"
216.73.216.176 - - [20/Jul/2025:14:57:37 +0000] "GET /special/1955511868.phtml HTTP/1.1" 404 13247 "-" "Mozilla/5.0 AppleWebKit/537.36 (KHTML, like Gecko; compatible; ClaudeBot/1.0; [email protected])"
216.73.216.176 - - [20/Jul/2025:14:57:39 +0000] "GET /special/252111694.phtml HTTP/1.1" 404 13247 "-" "Mozilla/5.0 AppleWebKit/537.36 (KHTML, like Gecko; compatible; ClaudeBot/1.0; [email protected])"
216.73.216.176 - - [20/Jul/2025:14:57:42 +0000] "GET /special/927941058.phtml HTTP/1.1" 404 13247 "-" "Mozilla/5.0 AppleWebKit/537.36 (KHTML, like Gecko; compatible; ClaudeBot/1.0; [email protected])"
216.73.216.176 - - [20/Jul/2025:14:57:45 +0000] "GET /special/774891264.phtml HTTP/1.1" 404 13247 "-" "Mozilla/5.0 AppleWebKit/537.36 (KHTML, like Gecko; compatible; ClaudeBot/1.0; [email protected])"
216.73.216.176 - - [20/Jul/2025:14:57:48 +0000] "GET /special/928053480.phtml HTTP/1.1" 404 13247 "-" "Mozilla/5.0 AppleWebKit/537.36 (KHTML, like Gecko; compatible; ClaudeBot/1.0; [email protected])"
40.77.167.254 - - [20/Jul/2025:14:58:04 +0000] "GET /special/1595137876.phtml HTTP/1.1" 200 18612 "-" "Mozilla/5.0 AppleWebKit/537.36 (KHTML, like Gecko; compatible; bingbot/2.0; +http://www.bing.com/bingbot.htm) Chrome/116.0.1938.76 Safari/537.36"
207.46.13.154 - - [20/Jul/2025:14:58:08 +0000] "GET /special/2237348278.phtml HTTP/1.1" 200 22362 "-" "Mozilla/5.0 AppleWebKit/537.36 (KHTML, like Gecko; compatible; bingbot/2.0; +http://www.bing.com/bingbot.htm) Chrome/116.0.1938.76 Safari/537.36"
52.167.144.207 - - [20/Jul/2025:14:58:15 +0000] "GET /special/1600961568.phtml HTTP/1.1" 200 20602 "-" "Mozilla/5.0 AppleWebKit/537.36 (KHTML, like Gecko; compatible; bingbot/2.0; +http://www.bing.com/bingbot.htm) Chrome/116.0.1938.76 Safari/537.36"
216.73.216.176 - - [20/Jul/2025:14:58:34 +0000] "GET /special/252050660.phtml HTTP/1.1" 404 13247 "-" "Mozilla/5.0 AppleWebKit/537.36 (KHTML, like Gecko; compatible; ClaudeBot/1.0; [email protected])"
216.73.216.176 - - [20/Jul/2025:14:58:37 +0000] "GET /special/1955892976.phtml HTTP/1.1" 404 13247 "-" "Mozilla/5.0 AppleWebKit/537.36 (KHTML, like Gecko; compatible; ClaudeBot/1.0; [email protected])"
216.73.216.176 - - [20/Jul/2025:14:58:40 +0000] "GET /special/927842718.phtml HTTP/1.1" 404 13247 "-" "Mozilla/5.0 AppleWebKit/537.36 (KHTML, like Gecko; compatible; ClaudeBot/1.0; [email protected])"
216.73.216.176 - - [20/Jul/2025:14:58:43 +0000] "GET /special/928148804.phtml HTTP/1.1" 404 13247 "-" "Mozilla/5.0 AppleWebKit/537.36 (KHTML, like Gecko; compatible; ClaudeBot/1.0; [email protected])"
216.73.216.176 - - [20/Jul/2025:14:58:46 +0000] "GET /special/928048024.phtml HTTP/1.1" 404 13247 "-" "Mozilla/5.0 AppleWebKit/537.36 (KHTML, like Gecko; compatible; ClaudeBot/1.0; [email protected])"
216.73.216.176 - - [20/Jul/2025:14:59:33 +0000] "GET /special/927814426.phtml HTTP/1.1" 404 13247 "-" "Mozilla/5.0 AppleWebKit/537.36 (KHTML, like Gecko; compatible; ClaudeBot/1.0; [email protected])"
216.73.216.176 - - [20/Jul/2025:14:59:35 +0000] "GET /special/251658162.phtml HTTP/1.1" 404 13247 "-" "Mozilla/5.0 AppleWebKit/537.36 (KHTML, like Gecko; compatible; ClaudeBot/1.0; [email protected])"
216.73.216.176 - - [20/Jul/2025:14:59:38 +0000] "GET /special/774625786.phtml HTTP/1.1" 404 13247 "-" "Mozilla/5.0 AppleWebKit/537.36 (KHTML, like Gecko; compatible; ClaudeBot/1.0; [email protected])"
216.73.216.176 - - [20/Jul/2025:14:59:41 +0000] "GET /special/927859172.phtml HTTP/1.1" 404 13247 "-" "Mozilla/5.0 AppleWebKit/537.36 (KHTML, like Gecko; compatible; ClaudeBot/1.0; [email protected])"
216.73.216.176 - - [20/Jul/2025:14:59:44 +0000] "GET /special/927463052.phtml HTTP/1.1" 404 13247 "-" "Mozilla/5.0 AppleWebKit/537.36 (KHTML, like Gecko; compatible; ClaudeBot/1.0; [email protected])"
216.73.216.176 - - [20/Jul/2025:15:00:06 +0000] "GET /wp-sitemap.xml HTTP/1.1" 200 4376 "-" "Mozilla/5.0 AppleWebKit/537.36 (KHTML, like Gecko; compatible; ClaudeBot/1.0; [email protected])"
216.73.216.176 - - [20/Jul/2025:15:00:08 +0000] "GET /special/251593532.phtml HTTP/1.1" 404 13247 "-" "Mozilla/5.0 AppleWebKit/537.36 (KHTML, like Gecko; compatible; ClaudeBot/1.0; [email protected])"
216.73.216.176 - - [20/Jul/2025:15:00:11 +0000] "GET /special/774389748.phtml HTTP/1.1" 404 13247 "-" "Mozilla/5.0 AppleWebKit/537.36 (KHTML, like Gecko; compatible; ClaudeBot/1.0; [email protected])"
216.73.216.176 - - [20/Jul/2025:15:00:14 +0000] "GET /special/1955601838.phtml HTTP/1.1" 404 13247 "-" "Mozilla/5.0 AppleWebKit/537.36 (KHTML, like Gecko; compatible; ClaudeBot/1.0; [email protected])"
216.73.216.176 - - [20/Jul/2025:15:00:17 +0000] "GET /special/1955357174.phtml HTTP/1.1" 404 13247 "-" "Mozilla/5.0 AppleWebKit/537.36 (KHTML, like Gecko; compatible; ClaudeBot/1.0; [email protected])"
216.73.216.176 - - [20/Jul/2025:15:00:20 +0000] "GET /special/774654620.phtml HTTP/1.1" 404 13247 "-" "Mozilla/5.0 AppleWebKit/537.36 (KHTML, like Gecko; compatible; ClaudeBot/1.0; [email protected])"
45.227.253.15 - - [20/Jul/2025:15:03:12 +0000] "GET /wp-content/plugins/elementor-pro/modules/woocommerce/traits/traits/index.php?ARRAY=7o2230223n313735333032373530302p2231223n22687474703n5p2s5p2s7n7334393476313373752r74616368652r70726s5p2s3s6p633q78696164616r5s72616r645s7061746826743q313735333032333930302q3662363765353462633933363934633464613930303862363564363465653936222p2232223n226164363531326533656362373061383632323366363739393632386464636535222p2233223n226630633834306462643437326464376133373338326237636638383235333233222p2262696r675s70617373223n2232372q34392q35322q36362q37372q38362q3232227q HTTP/1.1" 200 501 "-" "Mozilla/5.0 (iPad; U; CPU OS 4_2_3 like Mac OS X; ja) AppleWebKit/533.17.9 (KHTML, like Gecko) Version/5.0.2 Mobile/8J2 Safari/6533.18.5"
40.77.167.254 - - [20/Jul/2025:15:05:14 +0000] "GET /special/1084422428.phtml HTTP/1.1" 200 19434 "-" "Mozilla/5.0 AppleWebKit/537.36 (KHTML, like Gecko; compatible; bingbot/2.0; +http://www.bing.com/bingbot.htm) Chrome/116.0.1938.76 Safari/537.36"
207.46.13.78 - - [20/Jul/2025:15:06:38 +0000] "GET /special/1769920300.phtml HTTP/1.1" 200 18304 "-" "Mozilla/5.0 AppleWebKit/537.36 (KHTML, like Gecko; compatible; bingbot/2.0; +http://www.bing.com/bingbot.htm) Chrome/116.0.1938.76 Safari/537.36"
40.77.167.23 - - [20/Jul/2025:15:07:45 +0000] "GET /special/1084543732.phtml HTTP/1.1" 200 20212 "-" "Mozilla/5.0 AppleWebKit/537.36 (KHTML, like Gecko; compatible; bingbot/2.0; +http://www.bing.com/bingbot.htm) Chrome/116.0.1938.76 Safari/537.36"
57.141.2.15 - - [20/Jul/2025:15:08:15 +0000] "GET /special/1825170186.phtml HTTP/1.1" 404 65172 "-" "meta-externalagent/1.1 (+https://developers.facebook.com/docs/sharing/webmasters/crawler)"
57.141.2.25 - - [20/Jul/2025:15:08:18 +0000] "GET /special/1825251206.phtml HTTP/1.1" 404 65172 "-" "meta-externalagent/1.1 (+https://developers.facebook.com/docs/sharing/webmasters/crawler)"
57.141.2.4 - - [20/Jul/2025:15:08:19 +0000] "GET /special/1824964014.phtml HTTP/1.1" 404 65172 "-" "meta-externalagent/1.1 (+https://developers.facebook.com/docs/sharing/webmasters/crawler)"
52.167.144.156 - - [20/Jul/2025:15:09:57 +0000] "GET /special/1769143972.phtml HTTP/1.1" 200 18690 "-" "Mozilla/5.0 AppleWebKit/537.36 (KHTML, like Gecko; compatible; bingbot/2.0; +http://www.bing.com/bingbot.htm) Chrome/116.0.1938.76 Safari/537.36"
207.46.13.78 - - [20/Jul/2025:15:10:02 +0000] "GET /special/1593905064.phtml HTTP/1.1" 200 18503 "-" "Mozilla/5.0 AppleWebKit/537.36 (KHTML, like Gecko; compatible; bingbot/2.0; +http://www.bing.com/bingbot.htm) Chrome/116.0.1938.76 Safari/537.36"
40.77.167.23 - - [20/Jul/2025:15:10:25 +0000] "GET /special/C_ZA27 HTTP/1.1" 200 18711 "-" "Mozilla/5.0 AppleWebKit/537.36 (KHTML, like Gecko; compatible; bingbot/2.0; +http://www.bing.com/bingbot.htm) Chrome/116.0.1938.76 Safari/537.36"
120.71.59.24 - - [20/Jul/2025:15:11:15 +0000] "GET / HTTP/1.1" 200 25964 "http://time2cut.com" "Mozilla/5.0 (iPhone; CPU iPhone OS 13_2_3 like Mac OS X) AppleWebKit/605.1.15 (KHTML, like Gecko) Version/13.0.3 Mobile/15E148 Safari/604.1"
40.77.167.23 - - [20/Jul/2025:15:11:46 +0000] "GET /special/1595159978.phtml HTTP/1.1" 200 18364 "-" "Mozilla/5.0 AppleWebKit/537.36 (KHTML, like Gecko; compatible; bingbot/2.0; +http://www.bing.com/bingbot.htm) Chrome/116.0.1938.76 Safari/537.36"
207.46.13.78 - - [20/Jul/2025:15:14:10 +0000] "GET /special/53083514.phtml HTTP/1.1" 200 19674 "-" "Mozilla/5.0 AppleWebKit/537.36 (KHTML, like Gecko; compatible; bingbot/2.0; +http://www.bing.com/bingbot.htm) Chrome/116.0.1938.76 Safari/537.36"
20.15.133.175 - - [20/Jul/2025:15:14:47 +0000] "GET /special/1148633936.phtml HTTP/1.1" 200 20501 "-" "Mozilla/5.0 AppleWebKit/537.36 (KHTML, like Gecko; compatible; bingbot/2.0; +http://www.bing.com/bingbot.htm) Chrome/116.0.1938.76 Safari/537.36"
157.55.39.51 - - [20/Jul/2025:15:14:50 +0000] "GET /special/1593862084.phtml HTTP/1.1" 200 19855 "-" "Mozilla/5.0 AppleWebKit/537.36 (KHTML, like Gecko; compatible; bingbot/2.0; +http://www.bing.com/bingbot.htm) Chrome/116.0.1938.76 Safari/537.36"
57.141.2.5 - - [20/Jul/2025:15:15:47 +0000] "GET /special/1825122782.phtml HTTP/1.1" 404 65172 "-" "meta-externalagent/1.1 (+https://developers.facebook.com/docs/sharing/webmasters/crawler)"
209.74.77.214 - - [20/Jul/2025:15:17:09 +0000] "POST /wp-cron.php?doing_wp_cron=1753024629.7245380878448486328125 HTTP/1.1" 200 - "-" "WordPress/6.8.2; https://time2cut.com"
57.141.2.11 - - [20/Jul/2025:15:17:08 +0000] "GET /special/2447600872.phtml HTTP/1.1" 404 65172 "-" "meta-externalagent/1.1 (+https://developers.facebook.com/docs/sharing/webmasters/crawler)"
57.141.2.2 - - [20/Jul/2025:15:17:10 +0000] "GET /special/2447428888.phtml HTTP/1.1" 404 65172 "-" "meta-externalagent/1.1 (+https://developers.facebook.com/docs/sharing/webmasters/crawler)"
40.77.167.33 - - [20/Jul/2025:15:20:20 +0000] "GET /special/1084287682.phtml HTTP/1.1" 200 20007 "-" "Mozilla/5.0 AppleWebKit/537.36 (KHTML, like Gecko; compatible; bingbot/2.0; +http://www.bing.com/bingbot.htm) Chrome/116.0.1938.76 Safari/537.36"
57.141.2.14 - - [20/Jul/2025:15:20:39 +0000] "GET /special/1824637336.phtml HTTP/1.1" 404 65172 "-" "meta-externalagent/1.1 (+https://developers.facebook.com/docs/sharing/webmasters/crawler)"
57.141.2.10 - - [20/Jul/2025:15:20:41 +0000] "GET /special/1825171760.phtml HTTP/1.1" 404 65172 "-" "meta-externalagent/1.1 (+https://developers.facebook.com/docs/sharing/webmasters/crawler)"
43.166.255.122 - - [20/Jul/2025:15:22:02 +0000] "GET / HTTP/1.1" 200 25963 "http://www.time2cut.com" "Mozilla/5.0 (iPhone; CPU iPhone OS 13_2_3 like Mac OS X) AppleWebKit/605.1.15 (KHTML, like Gecko) Version/13.0.3 Mobile/15E148 Safari/604.1"
46.105.46.43 - - [20/Jul/2025:15:23:21 +0000] "GET /robots.txt HTTP/1.1" 200 92 "-" "Mozilla/5.0 (compatible; MJ12bot/v2.0.2; http://mj12bot.com/)"
46.105.46.43 - - [20/Jul/2025:15:23:21 +0000] "GET / HTTP/1.1" 200 25965 "-" "Mozilla/5.0 (compatible; MJ12bot/v2.0.2; http://mj12bot.com/)"
157.55.39.51 - - [20/Jul/2025:15:24:30 +0000] "GET /special/1769860064.phtml HTTP/1.1" 200 20179 "-" "Mozilla/5.0 AppleWebKit/537.36 (KHTML, like Gecko; compatible; bingbot/2.0; +http://www.bing.com/bingbot.htm) Chrome/116.0.1938.76 Safari/537.36"
40.77.167.53 - - [20/Jul/2025:15:28:28 +0000] "GET /special/2094334858.phtml HTTP/1.1" 200 20475 "-" "Mozilla/5.0 AppleWebKit/537.36 (KHTML, like Gecko; compatible; bingbot/2.0; +http://www.bing.com/bingbot.htm) Chrome/116.0.1938.76 Safari/537.36"
20.15.133.163 - - [20/Jul/2025:15:28:49 +0000] "GET /pcmypage?callback=product%2Fdetail%2FT4108445720 HTTP/1.1" 200 18737 "-" "Mozilla/5.0 AppleWebKit/537.36 (KHTML, like Gecko; compatible; bingbot/2.0; +http://www.bing.com/bingbot.htm) Chrome/116.0.1938.76 Safari/537.36"
52.167.144.204 - - [20/Jul/2025:15:29:47 +0000] "GET /special/1595154846.phtml HTTP/1.1" 200 18376 "-" "Mozilla/5.0 AppleWebKit/537.36 (KHTML, like Gecko; compatible; bingbot/2.0; +http://www.bing.com/bingbot.htm) Chrome/116.0.1938.76 Safari/537.36"
57.141.2.23 - - [20/Jul/2025:15:31:17 +0000] "GET /special/1824867982.phtml HTTP/1.1" 404 65172 "-" "meta-externalagent/1.1 (+https://developers.facebook.com/docs/sharing/webmasters/crawler)"
52.167.144.204 - - [20/Jul/2025:15:33:28 +0000] "GET /special/2094130546.phtml HTTP/1.1" 200 21580 "-" "Mozilla/5.0 AppleWebKit/537.36 (KHTML, like Gecko; compatible; bingbot/2.0; +http://www.bing.com/bingbot.htm) Chrome/116.0.1938.76 Safari/537.36"
40.77.167.55 - - [20/Jul/2025:15:33:31 +0000] "GET /special/2237067882.phtml HTTP/1.1" 200 20243 "-" "Mozilla/5.0 AppleWebKit/537.36 (KHTML, like Gecko; compatible; bingbot/2.0; +http://www.bing.com/bingbot.htm) Chrome/116.0.1938.76 Safari/537.36"
40.77.167.55 - - [20/Jul/2025:15:33:32 +0000] "GET /special/1544511134.phtml HTTP/1.1" 200 17862 "-" "Mozilla/5.0 AppleWebKit/537.36 (KHTML, like Gecko; compatible; bingbot/2.0; +http://www.bing.com/bingbot.htm) Chrome/116.0.1938.76 Safari/537.36"
207.46.13.51 - - [20/Jul/2025:15:34:52 +0000] "GET /special/1005129268.phtml HTTP/1.1" 200 18677 "-" "Mozilla/5.0 AppleWebKit/537.36 (KHTML, like Gecko; compatible; bingbot/2.0; +http://www.bing.com/bingbot.htm) Chrome/116.0.1938.76 Safari/537.36"
52.167.144.204 - - [20/Jul/2025:15:39:18 +0000] "GET /special/50293200.phtml HTTP/1.1" 200 19420 "-" "Mozilla/5.0 AppleWebKit/537.36 (KHTML, like Gecko; compatible; bingbot/2.0; +http://www.bing.com/bingbot.htm) Chrome/116.0.1938.76 Safari/537.36"
207.46.13.51 - - [20/Jul/2025:15:39:22 +0000] "GET /special/2237519554.phtml HTTP/1.1" 200 23156 "-" "Mozilla/5.0 AppleWebKit/537.36 (KHTML, like Gecko; compatible; bingbot/2.0; +http://www.bing.com/bingbot.htm) Chrome/116.0.1938.76 Safari/537.36"
52.167.144.204 - - [20/Jul/2025:15:39:28 +0000] "GET /special/776441518.phtml HTTP/1.1" 200 18597 "-" "Mozilla/5.0 AppleWebKit/537.36 (KHTML, like Gecko; compatible; bingbot/2.0; +http://www.bing.com/bingbot.htm) Chrome/116.0.1938.76 Safari/537.36"
52.167.144.204 - - [20/Jul/2025:15:39:31 +0000] "GET /special/742901814.phtml HTTP/1.1" 200 18924 "-" "Mozilla/5.0 AppleWebKit/537.36 (KHTML, like Gecko; compatible; bingbot/2.0; +http://www.bing.com/bingbot.htm) Chrome/116.0.1938.76 Safari/537.36"
20.15.133.163 - - [20/Jul/2025:15:39:40 +0000] "GET /special/1139559154.phtml HTTP/1.1" 200 19407 "-" "Mozilla/5.0 AppleWebKit/537.36 (KHTML, like Gecko; compatible; bingbot/2.0; +http://www.bing.com/bingbot.htm) Chrome/116.0.1938.76 Safari/537.36"
57.141.2.20 - - [20/Jul/2025:15:42:51 +0000] "GET /special/1825116012.phtml HTTP/1.1" 404 65172 "-" "meta-externalagent/1.1 (+https://developers.facebook.com/docs/sharing/webmasters/crawler)"
40.77.167.5 - - [20/Jul/2025:15:43:24 +0000] "GET /special/1005877470.phtml HTTP/1.1" 200 19074 "-" "Mozilla/5.0 AppleWebKit/537.36 (KHTML, like Gecko; compatible; bingbot/2.0; +http://www.bing.com/bingbot.htm) Chrome/116.0.1938.76 Safari/537.36"
40.77.167.5 - - [20/Jul/2025:15:43:26 +0000] "GET /special/288625022.phtml HTTP/1.1" 200 18412 "-" "Mozilla/5.0 AppleWebKit/537.36 (KHTML, like Gecko; compatible; bingbot/2.0; +http://www.bing.com/bingbot.htm) Chrome/116.0.1938.76 Safari/537.36"
57.141.2.20 - - [20/Jul/2025:15:44:27 +0000] "GET /special/1825088300.phtml HTTP/1.1" 404 65172 "-" "meta-externalagent/1.1 (+https://developers.facebook.com/docs/sharing/webmasters/crawler)"
207.46.13.51 - - [20/Jul/2025:15:44:51 +0000] "GET /special/1769968864.phtml HTTP/1.1" 200 18039 "-" "Mozilla/5.0 AppleWebKit/537.36 (KHTML, like Gecko; compatible; bingbot/2.0; +http://www.bing.com/bingbot.htm) Chrome/116.0.1938.76 Safari/537.36"
207.46.13.51 - - [20/Jul/2025:15:45:02 +0000] "GET /special/1769959914.phtml HTTP/1.1" 200 19820 "-" "Mozilla/5.0 AppleWebKit/537.36 (KHTML, like Gecko; compatible; bingbot/2.0; +http://www.bing.com/bingbot.htm) Chrome/116.0.1938.76 Safari/537.36"
207.46.13.51 - - [20/Jul/2025:15:46:22 +0000] "GET /special/333776724.phtml HTTP/1.1" 200 19683 "-" "Mozilla/5.0 AppleWebKit/537.36 (KHTML, like Gecko; compatible; bingbot/2.0; +http://www.bing.com/bingbot.htm) Chrome/116.0.1938.76 Safari/537.36"
207.46.13.51 - - [20/Jul/2025:15:46:25 +0000] "GET /special/1544659894.phtml HTTP/1.1" 200 18177 "-" "Mozilla/5.0 AppleWebKit/537.36 (KHTML, like Gecko; compatible; bingbot/2.0; +http://www.bing.com/bingbot.htm) Chrome/116.0.1938.76 Safari/537.36"
52.167.144.141 - - [20/Jul/2025:15:47:18 +0000] "GET /special/x_490 HTTP/1.1" 200 18708 "-" "Mozilla/5.0 AppleWebKit/537.36 (KHTML, like Gecko; compatible; bingbot/2.0; +http://www.bing.com/bingbot.htm) Chrome/116.0.1938.76 Safari/537.36"
207.46.13.102 - - [20/Jul/2025:15:48:02 +0000] "GET /special/2671388162.phtml HTTP/1.1" 200 21270 "-" "Mozilla/5.0 AppleWebKit/537.36 (KHTML, like Gecko; compatible; bingbot/2.0; +http://www.bing.com/bingbot.htm) Chrome/116.0.1938.76 Safari/537.36"
20.15.133.184 - - [20/Jul/2025:15:52:20 +0000] "GET /special/1768635882.phtml HTTP/1.1" 200 20195 "-" "Mozilla/5.0 AppleWebKit/537.36 (KHTML, like Gecko; compatible; bingbot/2.0; +http://www.bing.com/bingbot.htm) Chrome/116.0.1938.76 Safari/537.36"
52.167.144.147 - - [20/Jul/2025:15:53:09 +0000] "GET /special/1148780648.phtml HTTP/1.1" 200 19060 "-" "Mozilla/5.0 AppleWebKit/537.36 (KHTML, like Gecko; compatible; bingbot/2.0; +http://www.bing.com/bingbot.htm) Chrome/116.0.1938.76 Safari/537.36"
20.15.133.174 - - [20/Jul/2025:15:53:42 +0000] "GET /special/1915825996.phtml HTTP/1.1" 200 19947 "-" "Mozilla/5.0 AppleWebKit/537.36 (KHTML, like Gecko; compatible; bingbot/2.0; +http://www.bing.com/bingbot.htm) Chrome/116.0.1938.76 Safari/537.36"
57.141.2.5 - - [20/Jul/2025:15:53:45 +0000] "GET /special/1824980404.phtml HTTP/1.1" 404 65172 "-" "meta-externalagent/1.1 (+https://developers.facebook.com/docs/sharing/webmasters/crawler)"
57.141.2.12 - - [20/Jul/2025:15:53:48 +0000] "GET /special/1825005164.phtml HTTP/1.1" 404 65172 "-" "meta-externalagent/1.1 (+https://developers.facebook.com/docs/sharing/webmasters/crawler)"
207.46.13.102 - - [20/Jul/2025:15:54:24 +0000] "GET /special/1768839682.phtml HTTP/1.1" 200 18515 "-" "Mozilla/5.0 AppleWebKit/537.36 (KHTML, like Gecko; compatible; bingbot/2.0; +http://www.bing.com/bingbot.htm) Chrome/116.0.1938.76 Safari/537.36"
57.141.2.8 - - [20/Jul/2025:15:58:44 +0000] "GET /special/1824617994.phtml HTTP/1.1" 404 65172 "-" "meta-externalagent/1.1 (+https://developers.facebook.com/docs/sharing/webmasters/crawler)"
207.46.13.31 - - [20/Jul/2025:15:59:15 +0000] "GET /special/986788506.phtml HTTP/1.1" 200 19061 "-" "Mozilla/5.0 AppleWebKit/537.36 (KHTML, like Gecko; compatible; bingbot/2.0; +http://www.bing.com/bingbot.htm) Chrome/116.0.1938.76 Safari/537.36"
207.46.13.31 - - [20/Jul/2025:15:59:27 +0000] "GET /special/84880810.phtml HTTP/1.1" 200 19665 "-" "Mozilla/5.0 AppleWebKit/537.36 (KHTML, like Gecko; compatible; bingbot/2.0; +http://www.bing.com/bingbot.htm) Chrome/116.0.1938.76 Safari/537.36"
45.227.253.15 - - [20/Jul/2025:15:59:37 +0000] "GET /index.php/jk HTTP/1.1" 200 59 "-" "Mozilla/5.0 (Windows NT 10.0; Win64; x64; rv:81.0) Gecko/20100101 Firefox/81.0"
40.77.167.77 - - [20/Jul/2025:15:59:47 +0000] "GET /special/1769913052.phtml HTTP/1.1" 200 18435 "-" "Mozilla/5.0 AppleWebKit/537.36 (KHTML, like Gecko; compatible; bingbot/2.0; +http://www.bing.com/bingbot.htm) Chrome/116.0.1938.76 Safari/537.36"
207.46.13.31 - - [20/Jul/2025:16:01:54 +0000] "GET /special/1915290774.phtml HTTP/1.1" 200 24563 "-" "Mozilla/5.0 AppleWebKit/537.36 (KHTML, like Gecko; compatible; bingbot/2.0; +http://www.bing.com/bingbot.htm) Chrome/116.0.1938.76 Safari/537.36"
40.77.167.20 - - [20/Jul/2025:16:03:38 +0000] "GET /special/1914902158.phtml HTTP/1.1" 200 20573 "-" "Mozilla/5.0 AppleWebKit/537.36 (KHTML, like Gecko; compatible; bingbot/2.0; +http://www.bing.com/bingbot.htm) Chrome/116.0.1938.76 Safari/537.36"
40.77.167.7 - - [20/Jul/2025:16:03:42 +0000] "GET /special/1004226500.phtml HTTP/1.1" 200 19816 "-" "Mozilla/5.0 AppleWebKit/537.36 (KHTML, like Gecko; compatible; bingbot/2.0; +http://www.bing.com/bingbot.htm) Chrome/116.0.1938.76 Safari/537.36"
40.77.167.7 - - [20/Jul/2025:16:04:20 +0000] "GET /special/1258102772.phtml HTTP/1.1" 200 19634 "-" "Mozilla/5.0 AppleWebKit/537.36 (KHTML, like Gecko; compatible; bingbot/2.0; +http://www.bing.com/bingbot.htm) Chrome/116.0.1938.76 Safari/537.36"
207.46.13.31 - - [20/Jul/2025:16:05:16 +0000] "GET /special/2237538060.phtml HTTP/1.1" 200 21075 "-" "Mozilla/5.0 AppleWebKit/537.36 (KHTML, like Gecko; compatible; bingbot/2.0; +http://www.bing.com/bingbot.htm) Chrome/116.0.1938.76 Safari/537.36"
57.141.2.23 - - [20/Jul/2025:16:05:36 +0000] "GET /special/1824962440.phtml HTTP/1.1" 404 65172 "-" "meta-externalagent/1.1 (+https://developers.facebook.com/docs/sharing/webmasters/crawler)"
40.77.167.20 - - [20/Jul/2025:16:08:08 +0000] "GET /special/1769963732.phtml HTTP/1.1" 200 18259 "-" "Mozilla/5.0 AppleWebKit/537.36 (KHTML, like Gecko; compatible; bingbot/2.0; +http://www.bing.com/bingbot.htm) Chrome/116.0.1938.76 Safari/537.36"
40.77.167.7 - - [20/Jul/2025:16:10:31 +0000] "GET /special/progressive/u003dy HTTP/1.1" 200 18726 "-" "Mozilla/5.0 AppleWebKit/537.36 (KHTML, like Gecko; compatible; bingbot/2.0; +http://www.bing.com/bingbot.htm) Chrome/116.0.1938.76 Safari/537.36"
20.15.133.163 - - [20/Jul/2025:16:10:32 +0000] "GET /product/edit/T308818056 HTTP/1.1" 200 19959 "-" "Mozilla/5.0 AppleWebKit/537.36 (KHTML, like Gecko; compatible; bingbot/2.0; +http://www.bing.com/bingbot.htm) Chrome/116.0.1938.76 Safari/537.36"
216.73.216.176 - - [20/Jul/2025:16:11:21 +0000] "GET /robots.txt HTTP/1.1" 200 92 "-" "Mozilla/5.0 AppleWebKit/537.36 (KHTML, like Gecko; compatible; ClaudeBot/1.0; [email protected])"
216.73.216.176 - - [20/Jul/2025:16:11:21 +0000] "GET /sitemap.xml HTTP/1.1" 200 4376 "-" "Mozilla/5.0 AppleWebKit/537.36 (KHTML, like Gecko; compatible; ClaudeBot/1.0; [email protected])"
49.51.72.236 - - [20/Jul/2025:16:11:36 +0000] "GET / HTTP/1.1" 200 25964 "http://time2cut.com" "Mozilla/5.0 (iPhone; CPU iPhone OS 13_2_3 like Mac OS X) AppleWebKit/605.1.15 (KHTML, like Gecko) Version/13.0.3 Mobile/15E148 Safari/604.1"
40.77.167.7 - - [20/Jul/2025:16:12:29 +0000] "GET /special/1236190590.phtml HTTP/1.1" 200 21301 "-" "Mozilla/5.0 AppleWebKit/537.36 (KHTML, like Gecko; compatible; bingbot/2.0; +http://www.bing.com/bingbot.htm) Chrome/116.0.1938.76 Safari/537.36"
40.77.167.7 - - [20/Jul/2025:16:12:33 +0000] "GET /special/742451456.phtml HTTP/1.1" 200 20418 "-" "Mozilla/5.0 AppleWebKit/537.36 (KHTML, like Gecko; compatible; bingbot/2.0; +http://www.bing.com/bingbot.htm) Chrome/116.0.1938.76 Safari/537.36"
216.73.216.176 - - [20/Jul/2025:16:12:49 +0000] "GET /special/966567190.phtml HTTP/1.1" 404 13247 "-" "Mozilla/5.0 AppleWebKit/537.36 (KHTML, like Gecko; compatible; ClaudeBot/1.0; [email protected])"
216.73.216.176 - - [20/Jul/2025:16:12:52 +0000] "GET /special/966576072.phtml HTTP/1.1" 404 13247 "-" "Mozilla/5.0 AppleWebKit/537.36 (KHTML, like Gecko; compatible; ClaudeBot/1.0; [email protected])"
216.73.216.176 - - [20/Jul/2025:16:12:55 +0000] "GET /special/966881296.phtml HTTP/1.1" 404 13247 "-" "Mozilla/5.0 AppleWebKit/537.36 (KHTML, like Gecko; compatible; ClaudeBot/1.0; [email protected])"
216.73.216.176 - - [20/Jul/2025:16:12:58 +0000] "GET /special/966804734.phtml HTTP/1.1" 404 13247 "-" "Mozilla/5.0 AppleWebKit/537.36 (KHTML, like Gecko; compatible; ClaudeBot/1.0; [email protected])"
216.73.216.176 - - [20/Jul/2025:16:13:01 +0000] "GET /special/1508099230.phtml HTTP/1.1" 404 13247 "-" "Mozilla/5.0 AppleWebKit/537.36 (KHTML, like Gecko; compatible; ClaudeBot/1.0; [email protected])"
216.73.216.176 - - [20/Jul/2025:16:13:04 +0000] "GET /special/966347000.phtml HTTP/1.1" 404 13247 "-" "Mozilla/5.0 AppleWebKit/537.36 (KHTML, like Gecko; compatible; ClaudeBot/1.0; [email protected])"
216.73.216.176 - - [20/Jul/2025:16:13:07 +0000] "GET /special/1507884714.phtml HTTP/1.1" 404 13247 "-" "Mozilla/5.0 AppleWebKit/537.36 (KHTML, like Gecko; compatible; ClaudeBot/1.0; [email protected])"
216.73.216.176 - - [20/Jul/2025:16:13:10 +0000] "GET /special/967037496.phtml HTTP/1.1" 404 13247 "-" "Mozilla/5.0 AppleWebKit/537.36 (KHTML, like Gecko; compatible; ClaudeBot/1.0; [email protected])"
216.73.216.176 - - [20/Jul/2025:16:13:13 +0000] "GET /special/966653022.phtml HTTP/1.1" 404 13247 "-" "Mozilla/5.0 AppleWebKit/537.36 (KHTML, like Gecko; compatible; ClaudeBot/1.0; [email protected])"
216.73.216.176 - - [20/Jul/2025:16:13:16 +0000] "GET /special/966459964.phtml HTTP/1.1" 404 13247 "-" "Mozilla/5.0 AppleWebKit/537.36 (KHTML, like Gecko; compatible; ClaudeBot/1.0; [email protected])"
216.73.216.176 - - [20/Jul/2025:16:13:19 +0000] "GET /special/966689940.phtml HTTP/1.1" 404 13247 "-" "Mozilla/5.0 AppleWebKit/537.36 (KHTML, like Gecko; compatible; ClaudeBot/1.0; [email protected])"
