209.74.77.214 - - [13/Jul/2025:21:57:38 +0000] "POST /wp-cron.php?doing_wp_cron=1752443858.9408550262451171875000 HTTP/1.1" 200 - "-" "WordPress/6.8.1; https://akaventures.com.au"
95.217.88.110 - - [13/Jul/2025:21:57:35 +0000] "GET / HTTP/1.1" 200 21821 "-" "Mozilla/5.0 (Windows NT 10.0; Win64; x64; rv:94.0) Gecko/20100101 Firefox/94.0"
66.249.74.130 - - [13/Jul/2025:22:13:49 +0000] "GET /sitemap.xml HTTP/1.1" 200 66654 "-" "Mozilla/5.0 (compatible; Googlebot/2.1; +http://www.google.com/bot.html)"
209.74.77.214 - - [13/Jul/2025:22:26:00 +0000] "POST /wp-cron.php?doing_wp_cron=1752445560.4542829990386962890625 HTTP/1.1" 200 - "-" "WordPress/6.8.1; https://akaventures.com.au"
66.249.74.131 - - [13/Jul/2025:22:25:59 +0000] "GET /?y=32623234031940&mod=94100281&uri=shop.php%3Fid%3D1088830-348%26name%3Dla+baie+peignoir HTTP/1.1" 301 - "-" "Mozilla/5.0 (Linux; Android 6.0.1; Nexus 5X Build/MMB29P) AppleWebKit/537.36 (KHTML, like Gecko) Chrome/137.0.7151.103 Mobile Safari/537.36 (compatible; GoogleOther)"
209.74.77.214 - - [13/Jul/2025:22:26:02 +0000] "POST /wp-cron.php?doing_wp_cron=1752445562.0481009483337402343750 HTTP/1.1" 200 - "-" "WordPress/6.8.1; https://akaventures.com.au"
66.249.74.132 - - [13/Jul/2025:22:26:01 +0000] "GET /?y=32623234031940&mod=94100281&uri=shop.php%3Fid%3D1088830-348%26name%3Dla%20baie%20peignoir HTTP/1.1" 200 21821 "-" "Mozilla/5.0 (Linux; Android 6.0.1; Nexus 5X Build/MMB29P) AppleWebKit/537.36 (KHTML, like Gecko) Chrome/137.0.7151.103 Mobile Safari/537.36 (compatible; GoogleOther)"
66.249.74.130 - - [13/Jul/2025:22:27:27 +0000] "GET /?y=29720641041940&mod=c6f60fbe&uri=pin.php%3Fid%3D991998-967%26name%3Dflight+steps HTTP/1.1" 200 22217 "-" "Mozilla/5.0 (Linux; Android 6.0.1; Nexus 5X Build/MMB29P) AppleWebKit/537.36 (KHTML, like Gecko) Chrome/137.0.7151.103 Mobile Safari/537.36 (compatible; Googlebot/2.1; +http://www.google.com/bot.html)"
66.249.74.130 - - [13/Jul/2025:22:27:54 +0000] "POST /wp-json/metform/v1/forms/views/1876 HTTP/1.1" 200 20707 "https://akaventures.com.au/?y=32623234031940&mod=94100281&uri=shop.php%3Fid%3D1088830-348%26name%3Dla%20baie%20peignoir" "Mozilla/5.0 (Linux; Android 6.0.1; Nexus 5X Build/MMB29P) AppleWebKit/537.36 (KHTML, like Gecko) Chrome/137.0.7151.119 Mobile Safari/537.36 (compatible; Googlebot/2.1; +http://www.google.com/bot.html)"
209.74.77.214 - - [13/Jul/2025:22:28:36 +0000] "POST /wp-cron.php?doing_wp_cron=1752445716.1251819133758544921875 HTTP/1.1" 200 - "-" "WordPress/6.8.1; https://akaventures.com.au"
66.249.74.131 - - [13/Jul/2025:22:28:34 +0000] "GET /?y=40547980041940&mod=928a05b0&uri=pin.php%3Fid%3D1353265-1149%26name%3Dthe+north+face+men%27s+mountain+murdo+gtx+parka HTTP/1.1" 301 - "-" "Mozilla/5.0 (Linux; Android 6.0.1; Nexus 5X Build/MMB29P) AppleWebKit/537.36 (KHTML, like Gecko) Chrome/137.0.7151.103 Mobile Safari/537.36 (compatible; GoogleOther)"
66.249.74.132 - - [13/Jul/2025:22:28:36 +0000] "GET /?y=40547980041940&mod=928a05b0&uri=pin.php%3Fid%3D1353265-1149%26name%3Dthe%20north%20face%20men%27s%20mountain%20murdo%20gtx%20parka HTTP/1.1" 200 21821 "-" "Mozilla/5.0 (Linux; Android 6.0.1; Nexus 5X Build/MMB29P) AppleWebKit/537.36 (KHTML, like Gecko) Chrome/137.0.7151.103 Mobile Safari/537.36 (compatible; GoogleOther)"
66.249.74.132 - - [13/Jul/2025:22:33:44 +0000] "GET /?y=43112796021940&mod=95831099&uri=shared.php%3Fid%3D1438831-399%26name%3Dgalaxy+watch+lte+vodafone+uk HTTP/1.1" 200 22013 "-" "Mozilla/5.0 (Linux; Android 6.0.1; Nexus 5X Build/MMB29P) AppleWebKit/537.36 (KHTML, like Gecko) Chrome/137.0.7151.103 Mobile Safari/537.36 (compatible; Googlebot/2.1; +http://www.google.com/bot.html)"
209.74.77.214 - - [13/Jul/2025:22:35:15 +0000] "POST /wp-cron.php?doing_wp_cron=1752446115.8510680198669433593750 HTTP/1.1" 200 - "-" "WordPress/6.8.1; https://akaventures.com.au"
65.21.10.198 - - [13/Jul/2025:22:35:14 +0000] "GET / HTTP/1.1" 200 21821 "-" "Mozilla/5.0 (Windows NT 10.0; Win64; x64; rv:94.0) Gecko/20100101 Firefox/94.0"
66.249.74.132 - - [13/Jul/2025:22:35:54 +0000] "GET /?y=55843481091940&mod=82022551&uri=news.php%3Fid%3D1863536-1314%26name%3Dwaving+wand+cloud HTTP/1.1" 200 20729 "-" "Mozilla/5.0 (Linux; Android 6.0.1; Nexus 5X Build/MMB29P) AppleWebKit/537.36 (KHTML, like Gecko) Chrome/137.0.7151.103 Mobile Safari/537.36 (compatible; Googlebot/2.1; +http://www.google.com/bot.html)"
66.249.74.131 - - [13/Jul/2025:22:36:06 +0000] "POST /get-message-notify HTTP/1.1" 200 21775 "https://akaventures.com.au/?y=55843481091940&mod=82022551&uri=news.php%3Fid%3D1863536-1314%26name%3Dwaving+wand+cloud" "Mozilla/5.0 (Linux; Android 6.0.1; Nexus 5X Build/MMB29P) AppleWebKit/537.36 (KHTML, like Gecko) Chrome/137.0.7151.119 Mobile Safari/537.36 (compatible; Googlebot/2.1; +http://www.google.com/bot.html)"
209.74.77.214 - - [13/Jul/2025:22:37:14 +0000] "POST /wp-cron.php?doing_wp_cron=1752446234.2251338958740234375000 HTTP/1.1" 200 - "-" "WordPress/6.8.1; https://akaventures.com.au"
66.249.74.132 - - [13/Jul/2025:22:37:12 +0000] "GET /?y=24337119031940&mod=2b2789af&uri=blog.php%3Fid%3D812300-181%26name%3Dtommy+puffer+vest HTTP/1.1" 301 - "-" "Mozilla/5.0 (Linux; Android 6.0.1; Nexus 5X Build/MMB29P) AppleWebKit/537.36 (KHTML, like Gecko) Chrome/137.0.7151.103 Mobile Safari/537.36 (compatible; GoogleOther)"
66.249.74.132 - - [13/Jul/2025:22:37:14 +0000] "GET /?y=24337119031940&mod=2b2789af&uri=blog.php%3Fid%3D812300-181%26name%3Dtommy%20puffer%20vest HTTP/1.1" 200 21821 "-" "Mozilla/5.0 (Linux; Android 6.0.1; Nexus 5X Build/MMB29P) AppleWebKit/537.36 (KHTML, like Gecko) Chrome/137.0.7151.103 Mobile Safari/537.36 (compatible; GoogleOther)"
66.249.74.130 - - [13/Jul/2025:22:37:42 +0000] "GET /?y=74329369021940&mod=fe7b6457&uri=news.php%3Fid%3D2480422-1463%26name%3Dcdg+play+wallet HTTP/1.1" 200 20888 "-" "Mozilla/5.0 (Linux; Android 6.0.1; Nexus 5X Build/MMB29P) AppleWebKit/537.36 (KHTML, like Gecko) Chrome/137.0.7151.103 Mobile Safari/537.36 (compatible; Googlebot/2.1; +http://www.google.com/bot.html)"
66.249.74.130 - - [13/Jul/2025:22:39:15 +0000] "GET /?y=50774017071940&mod=6385db53&uri=article.php%3Fid%3D1694412-1283%26name%3Dcognitive+development+theory+in+social+work HTTP/1.1" 200 20674 "-" "Mozilla/5.0 (Linux; Android 6.0.1; Nexus 5X Build/MMB29P) AppleWebKit/537.36 (KHTML, like Gecko) Chrome/137.0.7151.103 Mobile Safari/537.36 (compatible; Googlebot/2.1; +http://www.google.com/bot.html)"
209.74.77.214 - - [13/Jul/2025:22:39:51 +0000] "POST /wp-cron.php?doing_wp_cron=1752446391.1690759658813476562500 HTTP/1.1" 200 - "-" "WordPress/6.8.1; https://akaventures.com.au"
66.249.74.131 - - [13/Jul/2025:22:39:49 +0000] "GET /?y=92831073031940&mod=c48ed970&uri=pin.php%3Fid%3D3097942-1089%26name%3Dbridal+gown+preservation+near+me HTTP/1.1" 301 - "-" "Mozilla/5.0 (Linux; Android 6.0.1; Nexus 5X Build/MMB29P) AppleWebKit/537.36 (KHTML, like Gecko) Chrome/137.0.7151.103 Mobile Safari/537.36 (compatible; GoogleOther)"
66.249.74.131 - - [13/Jul/2025:22:39:51 +0000] "GET /?y=92831073031940&mod=c48ed970&uri=pin.php%3Fid%3D3097942-1089%26name%3Dbridal%20gown%20preservation%20near%20me HTTP/1.1" 200 21821 "-" "Mozilla/5.0 (Linux; Android 6.0.1; Nexus 5X Build/MMB29P) AppleWebKit/537.36 (KHTML, like Gecko) Chrome/137.0.7151.103 Mobile Safari/537.36 (compatible; GoogleOther)"
209.74.77.214 - - [13/Jul/2025:22:48:29 +0000] "POST /wp-cron.php?doing_wp_cron=1752446909.2044000625610351562500 HTTP/1.1" 200 - "-" "WordPress/6.8.1; https://akaventures.com.au"
66.249.74.131 - - [13/Jul/2025:22:48:27 +0000] "GET /?y=79629277011940&mod=7b6dc47f&uri=article.php%3Fid%3D2657332-935%26name%3Dacne+studios+fj%C3%83%C2%A4llr%C3%83%C2%A4ven+backpack HTTP/1.1" 301 - "-" "Mozilla/5.0 (Linux; Android 6.0.1; Nexus 5X Build/MMB29P) AppleWebKit/537.36 (KHTML, like Gecko) Chrome/137.0.7151.103 Mobile Safari/537.36 (compatible; GoogleOther)"
66.249.74.131 - - [13/Jul/2025:22:48:29 +0000] "GET /?y=79629277011940&mod=7b6dc47f&uri=article.php%3Fid%3D2657332-935%26name%3Dacne%20studios%20fj%C3%83%C2%A4llr%C3%83%C2%A4ven%20backpack HTTP/1.1" 200 21821 "-" "Mozilla/5.0 (Linux; Android 6.0.1; Nexus 5X Build/MMB29P) AppleWebKit/537.36 (KHTML, like Gecko) Chrome/137.0.7151.103 Mobile Safari/537.36 (compatible; GoogleOther)"
66.249.74.130 - - [13/Jul/2025:22:48:49 +0000] "POST /wp-json/metform/v1/forms/views/1876 HTTP/1.1" 200 20693 "https://akaventures.com.au/?y=79629277011940&mod=7b6dc47f&uri=article.php%3Fid%3D2657332-935%26name%3Dacne%20studios%20fj%C3%83%C2%A4llr%C3%83%C2%A4ven%20backpack" "Mozilla/5.0 (Linux; Android 6.0.1; Nexus 5X Build/MMB29P) AppleWebKit/537.36 (KHTML, like Gecko) Chrome/137.0.7151.119 Mobile Safari/537.36 (compatible; Googlebot/2.1; +http://www.google.com/bot.html)"
209.74.77.214 - - [13/Jul/2025:22:54:38 +0000] "POST /wp-cron.php?doing_wp_cron=1752447278.0517730712890625000000 HTTP/1.1" 200 - "-" "WordPress/6.8.1; https://akaventures.com.au"
206.168.34.95 - - [13/Jul/2025:22:54:36 +0000] "GET / HTTP/1.1" 301 - "-" "Mozilla/5.0 (compatible; CensysInspect/1.1; +https://about.censys.io/)"
46.105.38.210 - - [13/Jul/2025:22:54:54 +0000] "GET /robots.txt HTTP/1.1" 200 87 "-" "Mozilla/5.0 (compatible; MJ12bot/v2.0.2; http://mj12bot.com/)"
209.74.77.214 - - [13/Jul/2025:22:54:56 +0000] "POST /wp-cron.php?doing_wp_cron=1752447296.3336329460144042968750 HTTP/1.1" 200 - "-" "WordPress/6.8.1; https://akaventures.com.au"
46.105.38.210 - - [13/Jul/2025:22:54:56 +0000] "GET / HTTP/1.1" 200 21821 "-" "Mozilla/5.0 (compatible; MJ12bot/v2.0.2; http://mj12bot.com/)"
209.74.77.214 - - [13/Jul/2025:22:55:19 +0000] "POST /wp-cron.php?doing_wp_cron=1752447319.6732521057128906250000 HTTP/1.1" 200 - "-" "WordPress/6.8.1; https://akaventures.com.au"
206.168.34.95 - - [13/Jul/2025:22:55:19 +0000] "GET / HTTP/1.1" 200 21821 "-" "Mozilla/5.0 (compatible; CensysInspect/1.1; +https://about.censys.io/)"
206.168.34.95 - - [13/Jul/2025:22:55:23 +0000] "GET /wp-content/uploads/2024/11/cropped-AKA-32x32.png HTTP/1.1" 200 506 "-" "Mozilla/5.0 (compatible; CensysInspect/1.1; +https://about.censys.io/)"
206.168.34.95 - - [13/Jul/2025:22:55:25 +0000] "GET /wp-content/uploads/2024/11/cropped-AKA-192x192.png HTTP/1.1" 200 4381 "-" "Mozilla/5.0 (compatible; CensysInspect/1.1; +https://about.censys.io/)"
206.168.34.95 - - [13/Jul/2025:22:55:28 +0000] "GET /wp-content/uploads/2024/11/cropped-AKA-180x180.png HTTP/1.1" 200 4004 "-" "Mozilla/5.0 (compatible; CensysInspect/1.1; +https://about.censys.io/)"
206.168.34.95 - - [13/Jul/2025:22:55:36 +0000] "GET /favicon.ico HTTP/1.1" 302 - "-" "Mozilla/5.0 (compatible; CensysInspect/1.1; +https://about.censys.io/)"
206.168.34.95 - - [13/Jul/2025:22:55:39 +0000] "GET /wp-content/uploads/2024/11/cropped-AKA-32x32.png HTTP/1.1" 200 506 "https://akaventures.com.au/favicon.ico" "Mozilla/5.0 (compatible; CensysInspect/1.1; +https://about.censys.io/)"
209.74.77.214 - - [13/Jul/2025:22:56:31 +0000] "POST /wp-cron.php?doing_wp_cron=1752447391.7166309356689453125000 HTTP/1.1" 200 - "-" "WordPress/6.8.1; https://akaventures.com.au"
206.168.34.95 - - [13/Jul/2025:22:56:30 +0000] "GET / HTTP/1.1" 301 - "-" "Mozilla/5.0 (compatible; CensysInspect/1.1; +https://about.censys.io/)"
209.74.77.214 - - [13/Jul/2025:22:57:45 +0000] "POST /wp-cron.php?doing_wp_cron=1752447465.4171090126037597656250 HTTP/1.1" 200 - "-" "WordPress/6.8.1; https://akaventures.com.au"
88.99.89.252 - - [13/Jul/2025:22:57:44 +0000] "GET / HTTP/1.1" 200 21821 "-" "Mozilla/5.0 (Windows NT 10.0; Win64; x64; rv:94.0) Gecko/20100101 Firefox/94.0"
209.74.77.214 - - [13/Jul/2025:22:59:44 +0000] "POST /wp-cron.php?doing_wp_cron=1752447584.8514959812164306640625 HTTP/1.1" 200 - "-" "WordPress/6.8.1; https://akaventures.com.au"
66.249.74.131 - - [13/Jul/2025:22:59:42 +0000] "GET /?y=70801273051940&mod=f2f1b76b&uri=article.php%3Fid%3D2362701-227%26name%3Dadidas+shoes+nmd+r1+black+and+red HTTP/1.1" 301 - "-" "Mozilla/5.0 (Linux; Android 6.0.1; Nexus 5X Build/MMB29P) AppleWebKit/537.36 (KHTML, like Gecko) Chrome/137.0.7151.103 Mobile Safari/537.36 (compatible; GoogleOther)"
66.249.74.131 - - [13/Jul/2025:22:59:45 +0000] "GET /?y=70801273051940&mod=f2f1b76b&uri=article.php%3Fid%3D2362701-227%26name%3Dadidas%20shoes%20nmd%20r1%20black%20and%20red HTTP/1.1" 200 21821 "-" "Mozilla/5.0 (Linux; Android 6.0.1; Nexus 5X Build/MMB29P) AppleWebKit/537.36 (KHTML, like Gecko) Chrome/137.0.7151.103 Mobile Safari/537.36 (compatible; GoogleOther)"
66.249.74.131 - - [13/Jul/2025:22:59:53 +0000] "GET /?y=52065879031940&mod=19c787a6&uri=info.php%3Fid%3D1737498-206%26name%3Dconverse+mens+footwear HTTP/1.1" 301 - "-" "Mozilla/5.0 (Linux; Android 6.0.1; Nexus 5X Build/MMB29P) AppleWebKit/537.36 (KHTML, like Gecko) Chrome/137.0.7151.103 Mobile Safari/537.36 (compatible; GoogleOther)"
66.249.74.131 - - [13/Jul/2025:22:59:56 +0000] "GET /?y=52065879031940&mod=19c787a6&uri=info.php%3Fid%3D1737498-206%26name%3Dconverse%20mens%20footwear HTTP/1.1" 200 21821 "-" "Mozilla/5.0 (Linux; Android 6.0.1; Nexus 5X Build/MMB29P) AppleWebKit/537.36 (KHTML, like Gecko) Chrome/137.0.7151.103 Mobile Safari/537.36 (compatible; GoogleOther)"
66.249.74.130 - - [13/Jul/2025:22:59:58 +0000] "POST /wp-json/metform/v1/forms/views/1876 HTTP/1.1" 200 20711 "https://akaventures.com.au/?y=52065879031940&mod=19c787a6&uri=info.php%3Fid%3D1737498-206%26name%3Dconverse%20mens%20footwear" "Mozilla/5.0 (Linux; Android 6.0.1; Nexus 5X Build/MMB29P) AppleWebKit/537.36 (KHTML, like Gecko) Chrome/137.0.7151.119 Mobile Safari/537.36 (compatible; Googlebot/2.1; +http://www.google.com/bot.html)"
66.249.74.132 - - [13/Jul/2025:23:00:59 +0000] "GET /?y=99321370041940&mod=85eea89d&uri=shared.php%3Fid%3D3314609-1540%26name%3Djeffrey+campbell+camperos HTTP/1.1" 200 20567 "-" "Mozilla/5.0 (Linux; Android 6.0.1; Nexus 5X Build/MMB29P) AppleWebKit/537.36 (KHTML, like Gecko) Chrome/137.0.7151.103 Mobile Safari/537.36 (compatible; Googlebot/2.1; +http://www.google.com/bot.html)"
209.74.77.214 - - [13/Jul/2025:23:01:25 +0000] "POST /wp-cron.php?doing_wp_cron=1752447685.2047150135040283203125 HTTP/1.1" 200 - "-" "WordPress/6.8.1; https://akaventures.com.au"
66.249.74.130 - - [13/Jul/2025:23:01:24 +0000] "GET /?y=50775997011940&mod=be6a8bd9&uri=shared.php%3Fid%3D1694478-446%26name%3Dadidas+orange+jacket+women%27s HTTP/1.1" 301 - "-" "Mozilla/5.0 (Linux; Android 6.0.1; Nexus 5X Build/MMB29P) AppleWebKit/537.36 (KHTML, like Gecko) Chrome/137.0.7151.103 Mobile Safari/537.36 (compatible; GoogleOther)"
66.249.74.130 - - [13/Jul/2025:23:01:25 +0000] "GET /?y=50775997011940&mod=be6a8bd9&uri=shared.php%3Fid%3D1694478-446%26name%3Dadidas%20orange%20jacket%20women%27s HTTP/1.1" 200 21821 "-" "Mozilla/5.0 (Linux; Android 6.0.1; Nexus 5X Build/MMB29P) AppleWebKit/537.36 (KHTML, like Gecko) Chrome/137.0.7151.103 Mobile Safari/537.36 (compatible; GoogleOther)"
34.206.212.24 - - [13/Jul/2025:23:09:14 +0000] "GET /robots.txt HTTP/1.1" 200 87 "-" "Mozilla/5.0 AppleWebKit/537.36 (KHTML, like Gecko; compatible; Amazonbot/0.1; +https://developer.amazon.com/support/amazonbot) Chrome/119.0.6045.214 Safari/537.36"
209.74.77.214 - - [13/Jul/2025:23:09:15 +0000] "POST /wp-cron.php?doing_wp_cron=1752448155.9445209503173828125000 HTTP/1.1" 200 - "-" "WordPress/6.8.1; https://akaventures.com.au"
54.235.191.179 - - [13/Jul/2025:23:09:15 +0000] "GET /quote/ HTTP/1.1" 200 15486 "-" "Mozilla/5.0 AppleWebKit/537.36 (KHTML, like Gecko; compatible; Amazonbot/0.1; +https://developer.amazon.com/support/amazonbot) Chrome/119.0.6045.214 Safari/537.36"
66.249.74.131 - - [13/Jul/2025:23:09:50 +0000] "POST /get-message-notify HTTP/1.1" 200 21777 "https://akaventures.com.au/?y=99321370041940&mod=85eea89d&uri=shared.php%3Fid%3D3314609-1540%26name%3Djeffrey+campbell+camperos" "Mozilla/5.0 (Linux; Android 6.0.1; Nexus 5X Build/MMB29P) AppleWebKit/537.36 (KHTML, like Gecko) Chrome/137.0.7151.119 Mobile Safari/537.36 (compatible; Googlebot/2.1; +http://www.google.com/bot.html)"
66.249.74.131 - - [13/Jul/2025:23:10:03 +0000] "GET /wp-content/uploads/2024/11/1f017cda-5bc1-48dc-b55e-e50aaeba6347.png HTTP/1.1" 200 139908 "-" "Googlebot-Image/1.0"
209.74.77.214 - - [13/Jul/2025:23:10:59 +0000] "POST /wp-cron.php?doing_wp_cron=1752448259.2841229438781738281250 HTTP/1.1" 200 - "-" "WordPress/6.8.1; https://akaventures.com.au"
66.249.74.131 - - [13/Jul/2025:23:10:57 +0000] "GET /?y=51702447031940&mod=d3d5f8dd&uri=us.php%3Fid%3D1725380-1288%26name%3Ddiadora+n8000+uomo+blu HTTP/1.1" 301 - "-" "Mozilla/5.0 (Linux; Android 6.0.1; Nexus 5X Build/MMB29P) AppleWebKit/537.36 (KHTML, like Gecko) Chrome/137.0.7151.103 Mobile Safari/537.36 (compatible; GoogleOther)"
66.249.74.131 - - [13/Jul/2025:23:10:59 +0000] "GET /?y=100481240021940&mod=5eed2924&uri=pin.php%3Fid%3D3353334-128%26name%3Dinch+steak+on+grill HTTP/1.1" 301 - "-" "Mozilla/5.0 (Linux; Android 6.0.1; Nexus 5X Build/MMB29P) AppleWebKit/537.36 (KHTML, like Gecko) Chrome/137.0.7151.103 Mobile Safari/537.36 (compatible; GoogleOther)"
209.74.77.214 - - [13/Jul/2025:23:11:02 +0000] "POST /wp-cron.php?doing_wp_cron=1752448262.1523420810699462890625 HTTP/1.1" 200 - "-" "WordPress/6.8.1; https://akaventures.com.au"
66.249.74.130 - - [13/Jul/2025:23:11:01 +0000] "GET /?y=51702447031940&mod=d3d5f8dd&uri=us.php%3Fid%3D1725380-1288%26name%3Ddiadora%20n8000%20uomo%20blu HTTP/1.1" 200 21821 "-" "Mozilla/5.0 (Linux; Android 6.0.1; Nexus 5X Build/MMB29P) AppleWebKit/537.36 (KHTML, like Gecko) Chrome/137.0.7151.103 Mobile Safari/537.36 (compatible; GoogleOther)"
66.249.74.130 - - [13/Jul/2025:23:11:03 +0000] "GET /?y=100481240021940&mod=5eed2924&uri=pin.php%3Fid%3D3353334-128%26name%3Dinch%20steak%20on%20grill HTTP/1.1" 200 21821 "-" "Mozilla/5.0 (Linux; Android 6.0.1; Nexus 5X Build/MMB29P) AppleWebKit/537.36 (KHTML, like Gecko) Chrome/137.0.7151.103 Mobile Safari/537.36 (compatible; GoogleOther)"
66.249.74.130 - - [13/Jul/2025:23:11:06 +0000] "POST /wp-json/metform/v1/forms/views/1876 HTTP/1.1" 200 20715 "https://akaventures.com.au/?y=51702447031940&mod=d3d5f8dd&uri=us.php%3Fid%3D1725380-1288%26name%3Ddiadora%20n8000%20uomo%20blu" "Mozilla/5.0 (Linux; Android 6.0.1; Nexus 5X Build/MMB29P) AppleWebKit/537.36 (KHTML, like Gecko) Chrome/137.0.7151.119 Mobile Safari/537.36 (compatible; Googlebot/2.1; +http://www.google.com/bot.html)"
209.74.77.214 - - [13/Jul/2025:23:22:13 +0000] "POST /wp-cron.php?doing_wp_cron=1752448933.6803109645843505859375 HTTP/1.1" 200 - "-" "WordPress/6.8.1; https://akaventures.com.au"
66.249.74.130 - - [13/Jul/2025:23:22:11 +0000] "GET /?y=30490741061940&mod=f9bc5b58&uri=pin.php%3Fid%3D1017683-988%26name%3Dtres+grand+sac+de+plage HTTP/1.1" 301 - "-" "Mozilla/5.0 (Linux; Android 6.0.1; Nexus 5X Build/MMB29P) AppleWebKit/537.36 (KHTML, like Gecko) Chrome/137.0.7151.103 Mobile Safari/537.36 (compatible; GoogleOther)"
66.249.74.130 - - [13/Jul/2025:23:22:14 +0000] "GET /?y=30490741061940&mod=f9bc5b58&uri=pin.php%3Fid%3D1017683-988%26name%3Dtres%20grand%20sac%20de%20plage HTTP/1.1" 200 21821 "-" "Mozilla/5.0 (Linux; Android 6.0.1; Nexus 5X Build/MMB29P) AppleWebKit/537.36 (KHTML, like Gecko) Chrome/137.0.7151.103 Mobile Safari/537.36 (compatible; GoogleOther)"
209.74.77.214 - - [13/Jul/2025:23:23:54 +0000] "POST /wp-cron.php?doing_wp_cron=1752449034.8028221130371093750000 HTTP/1.1" 200 - "-" "WordPress/6.8.1; https://akaventures.com.au"
66.249.74.131 - - [13/Jul/2025:23:23:53 +0000] "GET /?y=110428522001940&mod=6f6b358f&uri=pin.php%3Fid%3D3685346-632%26name%3Dmochila+marron+hombre HTTP/1.1" 301 - "-" "Mozilla/5.0 (Linux; Android 6.0.1; Nexus 5X Build/MMB29P) AppleWebKit/537.36 (KHTML, like Gecko) Chrome/137.0.7151.103 Mobile Safari/537.36 (compatible; GoogleOther)"
66.249.74.132 - - [13/Jul/2025:23:23:55 +0000] "GET /?y=110428522001940&mod=6f6b358f&uri=pin.php%3Fid%3D3685346-632%26name%3Dmochila%20marron%20hombre HTTP/1.1" 200 21820 "-" "Mozilla/5.0 (Linux; Android 6.0.1; Nexus 5X Build/MMB29P) AppleWebKit/537.36 (KHTML, like Gecko) Chrome/137.0.7151.103 Mobile Safari/537.36 (compatible; GoogleOther)"
66.249.74.132 - - [13/Jul/2025:23:25:19 +0000] "GET /?y=5728574011940&mod=ed6e6434&uri=us.php%3Fid%3D191302-334%26name%3Dbeyond+evil+dramacool HTTP/1.1" 200 21772 "-" "Mozilla/5.0 (Linux; Android 6.0.1; Nexus 5X Build/MMB29P) AppleWebKit/537.36 (KHTML, like Gecko) Chrome/137.0.7151.103 Mobile Safari/537.36 (compatible; Googlebot/2.1; +http://www.google.com/bot.html)"
66.249.74.132 - - [13/Jul/2025:23:27:59 +0000] "POST /get-message-notify HTTP/1.1" 200 21765 "https://akaventures.com.au/?y=5728574011940&mod=ed6e6434&uri=us.php%3Fid%3D191302-334%26name%3Dbeyond+evil+dramacool" "Mozilla/5.0 (Linux; Android 6.0.1; Nexus 5X Build/MMB29P) AppleWebKit/537.36 (KHTML, like Gecko) Chrome/137.0.7151.119 Mobile Safari/537.36 (compatible; Googlebot/2.1; +http://www.google.com/bot.html)"
66.249.74.132 - - [13/Jul/2025:23:29:18 +0000] "GET /?y=92188119001940&mod=c765599d&uri=us.php%3Fid%3D3076492-552%26name%3Dkids+thick+blanket HTTP/1.1" 200 20562 "-" "Mozilla/5.0 (Linux; Android 6.0.1; Nexus 5X Build/MMB29P) AppleWebKit/537.36 (KHTML, like Gecko) Chrome/137.0.7151.103 Mobile Safari/537.36 (compatible; Googlebot/2.1; +http://www.google.com/bot.html)"
66.249.74.132 - - [13/Jul/2025:23:30:52 +0000] "GET /?y=16262906031940&mod=966edd6d&uri=shop.php%3Fid%3D542926-654%26name%3Dhugo+boss+women+pink HTTP/1.1" 200 21330 "-" "Mozilla/5.0 (Linux; Android 6.0.1; Nexus 5X Build/MMB29P) AppleWebKit/537.36 (KHTML, like Gecko) Chrome/137.0.7151.103 Mobile Safari/537.36 (compatible; Googlebot/2.1; +http://www.google.com/bot.html)"
66.249.74.132 - - [13/Jul/2025:23:31:46 +0000] "POST /wp-json/metform/v1/forms/views/1876 HTTP/1.1" 200 20701 "https://akaventures.com.au/?y=30490741061940&mod=f9bc5b58&uri=pin.php%3Fid%3D1017683-988%26name%3Dtres%20grand%20sac%20de%20plage" "Mozilla/5.0 (Linux; Android 6.0.1; Nexus 5X Build/MMB29P) AppleWebKit/537.36 (KHTML, like Gecko) Chrome/137.0.7151.119 Mobile Safari/537.36 (compatible; Googlebot/2.1; +http://www.google.com/bot.html)"
66.249.74.131 - - [13/Jul/2025:23:32:14 +0000] "GET /?y=101250154051940&mod=df3a0438&uri=search.php%3Fid%3D3378986-423%26name%3Dnike+air+max+270+black+white+and+grey HTTP/1.1" 200 21243 "-" "Mozilla/5.0 (Linux; Android 6.0.1; Nexus 5X Build/MMB29P) AppleWebKit/537.36 (KHTML, like Gecko) Chrome/137.0.7151.103 Mobile Safari/537.36 (compatible; Googlebot/2.1; +http://www.google.com/bot.html)"
173.208.198.210 - - [13/Jul/2025:23:32:19 +0000] "GET /?testPage HTTP/1.1" 200 21821 "-" "Mozilla/5.0 (Windows NT 10.0; Win64; x64) AppleWebKit/537.36 (KHTML, like Gecko) Chrome/125.0.0.0 Safari/537.36"
66.249.74.131 - - [13/Jul/2025:23:33:36 +0000] "GET /?y=37316029031940&mod=892a01fa&uri=info.php%3Fid%3D1245450-1115%26name%3Dfx+991es+calculator HTTP/1.1" 200 20636 "-" "Mozilla/5.0 (Linux; Android 6.0.1; Nexus 5X Build/MMB29P) AppleWebKit/537.36 (KHTML, like Gecko) Chrome/137.0.7151.103 Mobile Safari/537.36 (compatible; Googlebot/2.1; +http://www.google.com/bot.html)"
66.249.74.131 - - [13/Jul/2025:23:35:55 +0000] "GET /?y=73207385031940&mod=70f807c3&uri=search.php%3Fid%3D2443002-1456%26name%3Dr+max+98 HTTP/1.1" 200 21123 "-" "Mozilla/5.0 (Linux; Android 6.0.1; Nexus 5X Build/MMB29P) AppleWebKit/537.36 (KHTML, like Gecko) Chrome/137.0.7151.103 Mobile Safari/537.36 (compatible; Googlebot/2.1; +http://www.google.com/bot.html)"
66.249.74.132 - - [13/Jul/2025:23:38:05 +0000] "POST /get-message-notify HTTP/1.1" 200 21772 "https://akaventures.com.au/?y=99321370041940&mod=85eea89d&uri=shared.php%3Fid%3D3314609-1540%26name%3Djeffrey+campbell+camperos" "Mozilla/5.0 (Linux; Android 6.0.1; Nexus 5X Build/MMB29P) AppleWebKit/537.36 (KHTML, like Gecko) Chrome/137.0.7151.119 Mobile Safari/537.36 (compatible; Googlebot/2.1; +http://www.google.com/bot.html)"
66.249.74.131 - - [13/Jul/2025:23:38:39 +0000] "GET /?y=99700303071940&mod=f4f845d6&uri=pin.php%3Fid%3D3327251-173%26name%3D13+yr+old+boy+gifts HTTP/1.1" 200 21653 "-" "Mozilla/5.0 (Linux; Android 6.0.1; Nexus 5X Build/MMB29P) AppleWebKit/537.36 (KHTML, like Gecko) Chrome/137.0.7151.103 Mobile Safari/537.36 (compatible; Googlebot/2.1; +http://www.google.com/bot.html)"
66.249.74.132 - - [13/Jul/2025:23:41:35 +0000] "GET /?y=96562257031940&mod=dd364607&uri=us.php%3Fid%3D3222502-1586%26name%3Dlebron+for+sale HTTP/1.1" 200 21424 "-" "Mozilla/5.0 (Linux; Android 6.0.1; Nexus 5X Build/MMB29P) AppleWebKit/537.36 (KHTML, like Gecko) Chrome/137.0.7151.103 Mobile Safari/537.36 (compatible; Googlebot/2.1; +http://www.google.com/bot.html)"
209.74.77.214 - - [13/Jul/2025:23:41:44 +0000] "POST /wp-cron.php?doing_wp_cron=1752450104.8480861186981201171875 HTTP/1.1" 200 - "-" "WordPress/6.8.1; https://akaventures.com.au"
88.99.95.90 - - [13/Jul/2025:23:41:44 +0000] "GET / HTTP/1.1" 200 21821 "-" "Mozilla/5.0 (Windows NT 10.0; Win64; x64; rv:94.0) Gecko/20100101 Firefox/94.0"
213.209.150.71 - - [13/Jul/2025:23:41:58 +0000] "GET /?y=5290724021940&mod=e8a642ed&uri=shared.php%3Fid%3D176632-33%26name%3D3rd+row+chevy+vehicles%27 HTTP/1.1" 301 - "-" "Mozilla/5.0 (Windows NT 10.0; Win64; x64) AppleWebKit/537.36 (KHTML, like Gecko) Chrome/126.0.0.0 Safari/537.36"
213.209.150.71 - - [13/Jul/2025:23:41:58 +0000] "GET /?y=5290724021940%27&mod=e8a642ed&uri=shared.php%3Fid%3D176632-33%26name%3D3rd+row+chevy+vehicles HTTP/1.1" 301 - "-" "Mozilla/5.0 (Windows NT 10.0; Win64; x64) AppleWebKit/537.36 (KHTML, like Gecko) Chrome/126.0.0.0 Safari/537.36"
213.209.150.71 - - [13/Jul/2025:23:41:58 +0000] "GET /?y=5290724021940&mod=e8a642ed%27&uri=shared.php%3Fid%3D176632-33%26name%3D3rd+row+chevy+vehicles HTTP/1.1" 301 - "-" "Mozilla/5.0 (Windows NT 10.0; Win64; x64) AppleWebKit/537.36 (KHTML, like Gecko) Chrome/126.0.0.0 Safari/537.36"
213.209.150.71 - - [13/Jul/2025:23:41:58 +0000] "GET /?y=5290724021940%27&mod=e8a642ed&uri=shared.php%3Fid%3D176632-33%26name%3D3rd%20row%20chevy%20vehicles HTTP/1.1" 200 145763 "https://akaventures.com.au/?y=5290724021940%27&mod=e8a642ed&uri=shared.php%3Fid%3D176632-33%26name%3D3rd+row+chevy+vehicles" "Mozilla/5.0 (Windows NT 10.0; Win64; x64) AppleWebKit/537.36 (KHTML, like Gecko) Chrome/126.0.0.0 Safari/537.36"
213.209.150.71 - - [13/Jul/2025:23:41:58 +0000] "GET /?y=5290724021940&mod=e8a642ed&uri=shared.php%3Fid%3D176632-33%26name%3D3rd%20row%20chevy%20vehicles%27 HTTP/1.1" 200 145763 "https://akaventures.com.au/?y=5290724021940&mod=e8a642ed&uri=shared.php%3Fid%3D176632-33%26name%3D3rd+row+chevy+vehicles%27" "Mozilla/5.0 (Windows NT 10.0; Win64; x64) AppleWebKit/537.36 (KHTML, like Gecko) Chrome/126.0.0.0 Safari/537.36"
213.209.150.71 - - [13/Jul/2025:23:41:58 +0000] "GET /?y=5290724021940&mod=e8a642ed%27&uri=shared.php%3Fid%3D176632-33%26name%3D3rd%20row%20chevy%20vehicles HTTP/1.1" 200 145763 "https://akaventures.com.au/?y=5290724021940&mod=e8a642ed%27&uri=shared.php%3Fid%3D176632-33%26name%3D3rd+row+chevy+vehicles" "Mozilla/5.0 (Windows NT 10.0; Win64; x64) AppleWebKit/537.36 (KHTML, like Gecko) Chrome/126.0.0.0 Safari/537.36"