66.249.74.131 - - [13/Jul/2025:15:48:52 +0000] "GET /?y=5401845081940&mod=306708aa&uri=dp.php%3Fid%3D180338-208%26name%3Dcanon%2080d%20camera%20body HTTP/1.1" 200 21821 "-" "Mozilla/5.0 (Linux; Android 6.0.1; Nexus 5X Build/MMB29P) AppleWebKit/537.36 (KHTML, like Gecko) Chrome/137.0.7151.103 Mobile Safari/537.36 (compatible; GoogleOther)"
66.249.74.132 - - [13/Jul/2025:15:50:23 +0000] "POST /wp-json/metform/v1/forms/views/1876 HTTP/1.1" 200 20702 "https://akaventures.com.au/?y=5401845081940&mod=306708aa&uri=dp.php%3Fid%3D180338-208%26name%3Dcanon%2080d%20camera%20body" "Mozilla/5.0 (Linux; Android 6.0.1; Nexus 5X Build/MMB29P) AppleWebKit/537.36 (KHTML, like Gecko) Chrome/137.0.7151.119 Mobile Safari/537.36 (compatible; Googlebot/2.1; +http://www.google.com/bot.html)"
209.74.77.214 - - [13/Jul/2025:15:50:29 +0000] "POST /wp-cron.php?doing_wp_cron=1752421829.2541520595550537109375 HTTP/1.1" 200 - "-" "WordPress/6.8.1; https://akaventures.com.au"
66.249.74.130 - - [13/Jul/2025:15:50:27 +0000] "GET /?y=5479572061940&mod=234c7ac2&uri=info.php%3Fid%3D182930-326%26name%3Dtipografia+louis+vuitton HTTP/1.1" 301 - "-" "Mozilla/5.0 (Linux; Android 6.0.1; Nexus 5X Build/MMB29P) AppleWebKit/537.36 (KHTML, like Gecko) Chrome/137.0.7151.103 Mobile Safari/537.36 (compatible; GoogleOther)"
66.249.74.131 - - [13/Jul/2025:15:50:32 +0000] "GET /?y=5479572061940&mod=234c7ac2&uri=info.php%3Fid%3D182930-326%26name%3Dtipografia%20louis%20vuitton HTTP/1.1" 200 21821 "-" "Mozilla/5.0 (Linux; Android 6.0.1; Nexus 5X Build/MMB29P) AppleWebKit/537.36 (KHTML, like Gecko) Chrome/137.0.7151.103 Mobile Safari/537.36 (compatible; GoogleOther)"
209.74.77.214 - - [13/Jul/2025:15:51:01 +0000] "POST /wp-cron.php?doing_wp_cron=1752421861.5227859020233154296875 HTTP/1.1" 200 - "-" "WordPress/6.8.1; https://akaventures.com.au"
77.37.122.253 - - [13/Jul/2025:15:51:01 +0000] "GET /products.json HTTP/1.1" 404 13227 "-" "python-requests/2.32.3"
209.74.77.214 - - [13/Jul/2025:15:51:05 +0000] "POST /wp-cron.php?doing_wp_cron=1752421865.4956231117248535156250 HTTP/1.1" 200 - "-" "WordPress/6.8.1; https://akaventures.com.au"
77.37.122.253 - - [13/Jul/2025:15:51:05 +0000] "GET /products.json HTTP/1.1" 404 13227 "-" "python-requests/2.32.3"
77.37.122.253 - - [13/Jul/2025:15:51:10 +0000] "GET /products.json HTTP/1.1" 404 13227 "-" "python-requests/2.32.3"
209.74.77.214 - - [13/Jul/2025:15:52:06 +0000] "POST /wp-cron.php?doing_wp_cron=1752421926.8285861015319824218750 HTTP/1.1" 200 - "-" "WordPress/6.8.1; https://akaventures.com.au"
66.249.74.132 - - [13/Jul/2025:15:52:05 +0000] "GET /?y=5401365101940&mod=da960bb5&uri=product.php%3Fid%3D180322-270%26name%3Dcool+drawings+with+markers HTTP/1.1" 301 - "-" "Mozilla/5.0 (Linux; Android 6.0.1; Nexus 5X Build/MMB29P) AppleWebKit/537.36 (KHTML, like Gecko) Chrome/137.0.7151.103 Mobile Safari/537.36 (compatible; GoogleOther)"
66.249.74.132 - - [13/Jul/2025:15:52:07 +0000] "GET /?y=5401365101940&mod=da960bb5&uri=product.php%3Fid%3D180322-270%26name%3Dcool%20drawings%20with%20markers HTTP/1.1" 200 21821 "-" "Mozilla/5.0 (Linux; Android 6.0.1; Nexus 5X Build/MMB29P) AppleWebKit/537.36 (KHTML, like Gecko) Chrome/137.0.7151.103 Mobile Safari/537.36 (compatible; GoogleOther)"
66.249.74.131 - - [13/Jul/2025:15:52:21 +0000] "POST /wp-json/metform/v1/forms/views/1876 HTTP/1.1" 200 20704 "https://akaventures.com.au/?y=5401365101940&mod=da960bb5&uri=product.php%3Fid%3D180322-270%26name%3Dcool%20drawings%20with%20markers" "Mozilla/5.0 (Linux; Android 6.0.1; Nexus 5X Build/MMB29P) AppleWebKit/537.36 (KHTML, like Gecko) Chrome/137.0.7151.119 Mobile Safari/537.36 (compatible; Googlebot/2.1; +http://www.google.com/bot.html)"
209.74.77.214 - - [13/Jul/2025:15:53:45 +0000] "POST /wp-cron.php?doing_wp_cron=1752422025.4902439117431640625000 HTTP/1.1" 200 - "-" "WordPress/6.8.1; https://akaventures.com.au"
66.249.74.132 - - [13/Jul/2025:15:53:44 +0000] "GET /?y=9185301051940&mod=da960bb5&uri=pin.php%3Fid%3D306693-270%26name%3Dkuretake+watercolor HTTP/1.1" 301 - "-" "Mozilla/5.0 (Linux; Android 6.0.1; Nexus 5X Build/MMB29P) AppleWebKit/537.36 (KHTML, like Gecko) Chrome/137.0.7151.103 Mobile Safari/537.36 (compatible; GoogleOther)"
66.249.74.132 - - [13/Jul/2025:15:53:46 +0000] "GET /?y=9185301051940&mod=da960bb5&uri=pin.php%3Fid%3D306693-270%26name%3Dkuretake%20watercolor HTTP/1.1" 200 21821 "-" "Mozilla/5.0 (Linux; Android 6.0.1; Nexus 5X Build/MMB29P) AppleWebKit/537.36 (KHTML, like Gecko) Chrome/137.0.7151.103 Mobile Safari/537.36 (compatible; GoogleOther)"
66.249.74.131 - - [13/Jul/2025:15:54:26 +0000] "POST /wp-json/metform/v1/forms/views/1876 HTTP/1.1" 200 20698 "https://akaventures.com.au/?y=9185301051940&mod=da960bb5&uri=pin.php%3Fid%3D306693-270%26name%3Dkuretake%20watercolor" "Mozilla/5.0 (Linux; Android 6.0.1; Nexus 5X Build/MMB29P) AppleWebKit/537.36 (KHTML, like Gecko) Chrome/137.0.7151.119 Mobile Safari/537.36 (compatible; Googlebot/2.1; +http://www.google.com/bot.html)"
209.74.77.214 - - [13/Jul/2025:15:55:23 +0000] "POST /wp-cron.php?doing_wp_cron=1752422123.6408030986785888671875 HTTP/1.1" 200 - "-" "WordPress/6.8.1; https://akaventures.com.au"
66.249.74.132 - - [13/Jul/2025:15:55:21 +0000] "GET /?y=5413935071940&mod=306708aa&uri=shared.php%3Fid%3D180741-208%26name%3Dsony+zv1+cage HTTP/1.1" 301 - "-" "Mozilla/5.0 (Linux; Android 6.0.1; Nexus 5X Build/MMB29P) AppleWebKit/537.36 (KHTML, like Gecko) Chrome/137.0.7151.103 Mobile Safari/537.36 (compatible; GoogleOther)"
66.249.74.132 - - [13/Jul/2025:15:55:24 +0000] "GET /?y=5413935071940&mod=306708aa&uri=shared.php%3Fid%3D180741-208%26name%3Dsony%20zv1%20cage HTTP/1.1" 200 21821 "-" "Mozilla/5.0 (Linux; Android 6.0.1; Nexus 5X Build/MMB29P) AppleWebKit/537.36 (KHTML, like Gecko) Chrome/137.0.7151.103 Mobile Safari/537.36 (compatible; GoogleOther)"
66.249.74.131 - - [13/Jul/2025:15:56:11 +0000] "POST /wp-json/metform/v1/forms/views/1876 HTTP/1.1" 200 20705 "https://akaventures.com.au/?y=5413935071940&mod=306708aa&uri=shared.php%3Fid%3D180741-208%26name%3Dsony%20zv1%20cage" "Mozilla/5.0 (Linux; Android 6.0.1; Nexus 5X Build/MMB29P) AppleWebKit/537.36 (KHTML, like Gecko) Chrome/137.0.7151.119 Mobile Safari/537.36 (compatible; Googlebot/2.1; +http://www.google.com/bot.html)"
209.74.77.214 - - [13/Jul/2025:15:58:39 +0000] "POST /wp-cron.php?doing_wp_cron=1752422319.8872361183166503906250 HTTP/1.1" 200 - "-" "WordPress/6.8.1; https://akaventures.com.au"
66.249.74.132 - - [13/Jul/2025:15:58:38 +0000] "GET /?y=5408865001940&mod=503e7dbb&uri=goods.php%3Fid%3D180572-87%26name%3Dfisheye+lens+instagram+filter HTTP/1.1" 301 - "-" "Mozilla/5.0 (Linux; Android 6.0.1; Nexus 5X Build/MMB29P) AppleWebKit/537.36 (KHTML, like Gecko) Chrome/137.0.7151.103 Mobile Safari/537.36 (compatible; GoogleOther)"
37.27.137.70 - - [13/Jul/2025:15:58:39 +0000] "GET / HTTP/1.1" 200 21821 "-" "Mozilla/5.0 (Windows NT 10.0; Win64; x64; rv:94.0) Gecko/20100101 Firefox/94.0"
209.74.77.214 - - [13/Jul/2025:15:58:43 +0000] "POST /wp-cron.php?doing_wp_cron=1752422323.3928010463714599609375 HTTP/1.1" 200 - "-" "WordPress/6.8.1; https://akaventures.com.au"
66.249.74.130 - - [13/Jul/2025:15:58:43 +0000] "GET /?y=5408865001940&mod=503e7dbb&uri=goods.php%3Fid%3D180572-87%26name%3Dfisheye%20lens%20instagram%20filter HTTP/1.1" 200 21821 "-" "Mozilla/5.0 (Linux; Android 6.0.1; Nexus 5X Build/MMB29P) AppleWebKit/537.36 (KHTML, like Gecko) Chrome/137.0.7151.103 Mobile Safari/537.36 (compatible; GoogleOther)"
209.74.77.214 - - [13/Jul/2025:16:05:12 +0000] "POST /wp-cron.php?doing_wp_cron=1752422712.7239739894866943359375 HTTP/1.1" 200 - "-" "WordPress/6.8.1; https://akaventures.com.au"
66.249.74.131 - - [13/Jul/2025:16:05:10 +0000] "GET /?y=5400975031940&mod=da960bb5&uri=dp.php%3Fid%3D180309-270%26name%3Dwriting+sketch+pen HTTP/1.1" 301 - "-" "Mozilla/5.0 (Linux; Android 6.0.1; Nexus 5X Build/MMB29P) AppleWebKit/537.36 (KHTML, like Gecko) Chrome/137.0.7151.103 Mobile Safari/537.36 (compatible; GoogleOther)"
66.249.74.131 - - [13/Jul/2025:16:05:13 +0000] "GET /?y=5400975031940&mod=da960bb5&uri=dp.php%3Fid%3D180309-270%26name%3Dwriting%20sketch%20pen HTTP/1.1" 200 21821 "-" "Mozilla/5.0 (Linux; Android 6.0.1; Nexus 5X Build/MMB29P) AppleWebKit/537.36 (KHTML, like Gecko) Chrome/137.0.7151.103 Mobile Safari/537.36 (compatible; GoogleOther)"
209.74.77.214 - - [13/Jul/2025:16:08:29 +0000] "POST /wp-cron.php?doing_wp_cron=1752422908.9967548847198486328125 HTTP/1.1" 200 - "-" "WordPress/6.8.1; https://akaventures.com.au"
66.249.74.130 - - [13/Jul/2025:16:08:27 +0000] "GET /?y=5385105021940&mod=da960bb5&uri=brands.php%3Fid%3D179780-270%26name%3Dolympus+pen+vintage HTTP/1.1" 301 - "-" "Mozilla/5.0 (Linux; Android 6.0.1; Nexus 5X Build/MMB29P) AppleWebKit/537.36 (KHTML, like Gecko) Chrome/137.0.7151.103 Mobile Safari/537.36 (compatible; GoogleOther)"
66.249.74.131 - - [13/Jul/2025:16:08:29 +0000] "GET /?y=5385105021940&mod=da960bb5&uri=brands.php%3Fid%3D179780-270%26name%3Dolympus%20pen%20vintage HTTP/1.1" 200 21821 "-" "Mozilla/5.0 (Linux; Android 6.0.1; Nexus 5X Build/MMB29P) AppleWebKit/537.36 (KHTML, like Gecko) Chrome/137.0.7151.103 Mobile Safari/537.36 (compatible; GoogleOther)"
209.74.77.214 - - [13/Jul/2025:16:11:45 +0000] "POST /wp-cron.php?doing_wp_cron=1752423105.4347879886627197265625 HTTP/1.1" 200 - "-" "WordPress/6.8.1; https://akaventures.com.au"
66.249.74.131 - - [13/Jul/2025:16:11:43 +0000] "GET /quarry-materials/ HTTP/1.1" 200 17400 "-" "Mozilla/5.0 (Linux; Android 6.0.1; Nexus 5X Build/MMB29P) AppleWebKit/537.36 (KHTML, like Gecko) Chrome/137.0.7151.103 Mobile Safari/537.36 (compatible; GoogleOther)"
66.249.74.131 - - [13/Jul/2025:16:12:07 +0000] "GET /wp-content/plugins/elementor/assets/css/widget-spacer.min.css?ver=3.30.2 HTTP/1.1" 200 369 "https://akaventures.com.au/quarry-materials/" "Mozilla/5.0 (Linux; Android 6.0.1; Nexus 5X Build/MMB29P) AppleWebKit/537.36 (KHTML, like Gecko) Chrome/137.0.7151.119 Mobile Safari/537.36 (compatible; Googlebot/2.1; +http://www.google.com/bot.html)"
66.249.74.130 - - [13/Jul/2025:16:12:07 +0000] "GET /wp-content/uploads/elementor/css/post-297.css?ver=1752192000 HTTP/1.1" 200 6314 "https://akaventures.com.au/quarry-materials/" "Mozilla/5.0 (Linux; Android 6.0.1; Nexus 5X Build/MMB29P) AppleWebKit/537.36 (KHTML, like Gecko) Chrome/137.0.7151.119 Mobile Safari/537.36 (compatible; Googlebot/2.1; +http://www.google.com/bot.html)"
66.249.74.131 - - [13/Jul/2025:16:12:36 +0000] "GET /?y=5279565061940&mod=539c2943&uri=dp.php%3Fid%3D176260-294%26name%3Demily+ratajkowski+earrings HTTP/1.1" 200 20671 "-" "Mozilla/5.0 (Linux; Android 6.0.1; Nexus 5X Build/MMB29P) AppleWebKit/537.36 (KHTML, like Gecko) Chrome/137.0.7151.103 Mobile Safari/537.36 (compatible; Googlebot/2.1; +http://www.google.com/bot.html)"
66.249.74.130 - - [13/Jul/2025:16:12:48 +0000] "POST /get-message-notify HTTP/1.1" 200 21774 "https://akaventures.com.au/?y=5279565061940&mod=539c2943&uri=dp.php%3Fid%3D176260-294%26name%3Demily+ratajkowski+earrings" "Mozilla/5.0 (Linux; Android 6.0.1; Nexus 5X Build/MMB29P) AppleWebKit/537.36 (KHTML, like Gecko) Chrome/137.0.7151.119 Mobile Safari/537.36 (compatible; Googlebot/2.1; +http://www.google.com/bot.html)"
209.74.77.214 - - [13/Jul/2025:16:15:09 +0000] "POST /wp-cron.php?doing_wp_cron=1752423309.6483530998229980468750 HTTP/1.1" 200 - "-" "WordPress/6.8.1; https://akaventures.com.au"
66.249.74.132 - - [13/Jul/2025:16:15:08 +0000] "GET /?y=5731011091940&mod=ed6e6434&uri=form.php%3Fid%3D191385-334%26name%3Ddragon+ball+all+shows+in+order HTTP/1.1" 301 - "-" "Mozilla/5.0 (Linux; Android 6.0.1; Nexus 5X Build/MMB29P) AppleWebKit/537.36 (KHTML, like Gecko) Chrome/137.0.7151.103 Mobile Safari/537.36 (compatible; GoogleOther)"
66.249.74.131 - - [13/Jul/2025:16:15:12 +0000] "GET /?y=5731011091940&mod=ed6e6434&uri=form.php%3Fid%3D191385-334%26name%3Ddragon%20ball%20all%20shows%20in%20order HTTP/1.1" 200 21821 "-" "Mozilla/5.0 (Linux; Android 6.0.1; Nexus 5X Build/MMB29P) AppleWebKit/537.36 (KHTML, like Gecko) Chrome/137.0.7151.103 Mobile Safari/537.36 (compatible; GoogleOther)"
209.74.77.214 - - [13/Jul/2025:16:18:17 +0000] "POST /wp-cron.php?doing_wp_cron=1752423497.8297479152679443359375 HTTP/1.1" 200 - "-" "WordPress/6.8.1; https://akaventures.com.au"
66.249.74.132 - - [13/Jul/2025:16:18:16 +0000] "GET /steel-reinforcements/ HTTP/1.1" 200 17569 "-" "Mozilla/5.0 (Linux; Android 6.0.1; Nexus 5X Build/MMB29P) AppleWebKit/537.36 (KHTML, like Gecko) Chrome/137.0.7151.103 Mobile Safari/537.36 (compatible; GoogleOther)"
66.249.74.131 - - [13/Jul/2025:16:18:19 +0000] "GET /wp-content/uploads/elementor/css/post-312.css?ver=1752192000 HTTP/1.1" 200 6315 "https://akaventures.com.au/steel-reinforcements/" "Mozilla/5.0 (Linux; Android 6.0.1; Nexus 5X Build/MMB29P) AppleWebKit/537.36 (KHTML, like Gecko) Chrome/137.0.7151.119 Mobile Safari/537.36 (compatible; Googlebot/2.1; +http://www.google.com/bot.html)"
209.74.77.214 - - [13/Jul/2025:16:21:34 +0000] "POST /wp-cron.php?doing_wp_cron=1752423694.0961449146270751953125 HTTP/1.1" 200 - "-" "WordPress/6.8.1; https://akaventures.com.au"
66.249.74.130 - - [13/Jul/2025:16:21:32 +0000] "GET /?y=5382525021940&mod=da960bb5&uri=category-info.php%3Fid%3D179694-270%26name%3Dwater+based+poster+paint HTTP/1.1" 301 - "-" "Mozilla/5.0 (Linux; Android 6.0.1; Nexus 5X Build/MMB29P) AppleWebKit/537.36 (KHTML, like Gecko) Chrome/137.0.7151.103 Mobile Safari/537.36 (compatible; GoogleOther)"
66.249.74.132 - - [13/Jul/2025:16:21:34 +0000] "GET /?y=5382525021940&mod=da960bb5&uri=category-info.php%3Fid%3D179694-270%26name%3Dwater%20based%20poster%20paint HTTP/1.1" 200 21821 "-" "Mozilla/5.0 (Linux; Android 6.0.1; Nexus 5X Build/MMB29P) AppleWebKit/537.36 (KHTML, like Gecko) Chrome/137.0.7151.103 Mobile Safari/537.36 (compatible; GoogleOther)"
209.74.77.214 - - [13/Jul/2025:16:24:51 +0000] "POST /wp-cron.php?doing_wp_cron=1752423891.3705890178680419921875 HTTP/1.1" 200 - "-" "WordPress/6.8.1; https://akaventures.com.au"
66.249.74.132 - - [13/Jul/2025:16:24:49 +0000] "GET / HTTP/1.1" 200 21821 "-" "Mozilla/5.0 (Linux; Android 6.0.1; Nexus 5X Build/MMB29P) AppleWebKit/537.36 (KHTML, like Gecko) Chrome/137.0.7151.103 Mobile Safari/537.36 (compatible; GoogleOther)"
209.74.77.214 - - [13/Jul/2025:16:28:08 +0000] "POST /wp-cron.php?doing_wp_cron=1752424088.1889960765838623046875 HTTP/1.1" 200 - "-" "WordPress/6.8.1; https://akaventures.com.au"
66.249.74.130 - - [13/Jul/2025:16:28:06 +0000] "GET /?y=5424189031940&mod=306708aa&uri=us.php%3Fid%3D181083-208%26name%3Dhasselblad+mirrorless+medium+format HTTP/1.1" 301 - "-" "Mozilla/5.0 (Linux; Android 6.0.1; Nexus 5X Build/MMB29P) AppleWebKit/537.36 (KHTML, like Gecko) Chrome/137.0.7151.103 Mobile Safari/537.36 (compatible; GoogleOther)"
66.249.74.130 - - [13/Jul/2025:16:28:09 +0000] "GET /?y=5424189031940&mod=306708aa&uri=us.php%3Fid%3D181083-208%26name%3Dhasselblad%20mirrorless%20medium%20format HTTP/1.1" 200 21821 "-" "Mozilla/5.0 (Linux; Android 6.0.1; Nexus 5X Build/MMB29P) AppleWebKit/537.36 (KHTML, like Gecko) Chrome/137.0.7151.103 Mobile Safari/537.36 (compatible; GoogleOther)"
66.249.74.131 - - [13/Jul/2025:16:28:27 +0000] "POST /wp-json/metform/v1/forms/views/1876 HTTP/1.1" 200 20702 "https://akaventures.com.au/?y=5382525021940&mod=da960bb5&uri=category-info.php%3Fid%3D179694-270%26name%3Dwater%20based%20poster%20paint" "Mozilla/5.0 (Linux; Android 6.0.1; Nexus 5X Build/MMB29P) AppleWebKit/537.36 (KHTML, like Gecko) Chrome/137.0.7151.119 Mobile Safari/537.36 (compatible; Googlebot/2.1; +http://www.google.com/bot.html)"
66.249.74.130 - - [13/Jul/2025:16:28:37 +0000] "GET /wp-includes/css/dashicons.min.css?ver=6.8.1 HTTP/1.1" 200 35730 "https://akaventures.com.au/?y=5424189031940&mod=306708aa&uri=us.php%3Fid%3D181083-208%26name%3Dhasselblad%20mirrorless%20medium%20format" "Mozilla/5.0 (Linux; Android 6.0.1; Nexus 5X Build/MMB29P) AppleWebKit/537.36 (KHTML, like Gecko) Chrome/137.0.7151.119 Mobile Safari/537.36 (compatible; Googlebot/2.1; +http://www.google.com/bot.html)"
66.249.74.130 - - [13/Jul/2025:16:28:40 +0000] "POST /wp-json/metform/v1/forms/views/1876 HTTP/1.1" 200 20704 "https://akaventures.com.au/?y=5424189031940&mod=306708aa&uri=us.php%3Fid%3D181083-208%26name%3Dhasselblad%20mirrorless%20medium%20format" "Mozilla/5.0 (Linux; Android 6.0.1; Nexus 5X Build/MMB29P) AppleWebKit/537.36 (KHTML, like Gecko) Chrome/137.0.7151.119 Mobile Safari/537.36 (compatible; Googlebot/2.1; +http://www.google.com/bot.html)"
209.74.77.214 - - [13/Jul/2025:16:31:23 +0000] "POST /wp-cron.php?doing_wp_cron=1752424283.1843740940093994140625 HTTP/1.1" 200 - "-" "WordPress/6.8.1; https://akaventures.com.au"
66.249.74.130 - - [13/Jul/2025:16:31:21 +0000] "GET /?y=5400255071940&mod=da960bb5&uri=brands.php%3Fid%3D180285-270%26name%3Dcopic+sketch+e00 HTTP/1.1" 301 - "-" "Mozilla/5.0 (Linux; Android 6.0.1; Nexus 5X Build/MMB29P) AppleWebKit/537.36 (KHTML, like Gecko) Chrome/137.0.7151.103 Mobile Safari/537.36 (compatible; GoogleOther)"
66.249.74.130 - - [13/Jul/2025:16:31:23 +0000] "GET /?y=5400255071940&mod=da960bb5&uri=brands.php%3Fid%3D180285-270%26name%3Dcopic%20sketch%20e00 HTTP/1.1" 200 21821 "-" "Mozilla/5.0 (Linux; Android 6.0.1; Nexus 5X Build/MMB29P) AppleWebKit/537.36 (KHTML, like Gecko) Chrome/137.0.7151.103 Mobile Safari/537.36 (compatible; GoogleOther)"
209.74.77.214 - - [13/Jul/2025:16:34:40 +0000] "POST /wp-cron.php?doing_wp_cron=1752424480.0976400375366210937500 HTTP/1.1" 200 - "-" "WordPress/6.8.1; https://akaventures.com.au"
66.249.74.132 - - [13/Jul/2025:16:34:38 +0000] "GET /products HTTP/1.1" 301 - "-" "Mozilla/5.0 (Linux; Android 6.0.1; Nexus 5X Build/MMB29P) AppleWebKit/537.36 (KHTML, like Gecko) Chrome/137.0.7151.103 Mobile Safari/537.36 (compatible; GoogleOther)"
66.249.74.132 - - [13/Jul/2025:16:34:40 +0000] "GET /products/ HTTP/1.1" 200 17171 "-" "Mozilla/5.0 (Linux; Android 6.0.1; Nexus 5X Build/MMB29P) AppleWebKit/537.36 (KHTML, like Gecko) Chrome/137.0.7151.103 Mobile Safari/537.36 (compatible; GoogleOther)"
66.249.74.130 - - [13/Jul/2025:16:34:48 +0000] "GET /wp-content/uploads/elementor/css/post-244.css?ver=1752192000 HTTP/1.1" 200 5192 "https://akaventures.com.au/products/" "Mozilla/5.0 (Linux; Android 6.0.1; Nexus 5X Build/MMB29P) AppleWebKit/537.36 (KHTML, like Gecko) Chrome/137.0.7151.119 Mobile Safari/537.36 (compatible; Googlebot/2.1; +http://www.google.com/bot.html)"
209.74.77.214 - - [13/Jul/2025:16:36:58 +0000] "POST /wp-cron.php?doing_wp_cron=1752424618.7903869152069091796875 HTTP/1.1" 200 - "-" "WordPress/6.8.1; https://akaventures.com.au"
65.21.10.198 - - [13/Jul/2025:16:36:57 +0000] "GET / HTTP/1.1" 200 21821 "-" "Mozilla/5.0 (Windows NT 10.0; Win64; x64; rv:94.0) Gecko/20100101 Firefox/94.0"
66.249.74.131 - - [13/Jul/2025:16:37:22 +0000] "GET /?y=6198330031940&mod=84106259&uri=news.php%3Fid%3D207011-219%26name%3Ddimplex+dlgm29 HTTP/1.1" 200 22455 "-" "Mozilla/5.0 (Linux; Android 6.0.1; Nexus 5X Build/MMB29P) AppleWebKit/537.36 (KHTML, like Gecko) Chrome/137.0.7151.103 Mobile Safari/537.36 (compatible; Googlebot/2.1; +http://www.google.com/bot.html)"
209.74.77.214 - - [13/Jul/2025:16:37:54 +0000] "POST /wp-cron.php?doing_wp_cron=1752424674.6504800319671630859375 HTTP/1.1" 200 - "-" "WordPress/6.8.1; https://akaventures.com.au"
66.249.74.130 - - [13/Jul/2025:16:37:54 +0000] "GET /?y=5386935011940&mod=da960bb5&uri=info.php%3Fid%3D179841-270%26name%3Dcopic+e0000 HTTP/1.1" 301 - "-" "Mozilla/5.0 (Linux; Android 6.0.1; Nexus 5X Build/MMB29P) AppleWebKit/537.36 (KHTML, like Gecko) Chrome/137.0.7151.103 Mobile Safari/537.36 (compatible; GoogleOther)"
66.249.74.131 - - [13/Jul/2025:16:37:55 +0000] "GET /?y=5386935011940&mod=da960bb5&uri=info.php%3Fid%3D179841-270%26name%3Dcopic%20e0000 HTTP/1.1" 200 21821 "-" "Mozilla/5.0 (Linux; Android 6.0.1; Nexus 5X Build/MMB29P) AppleWebKit/537.36 (KHTML, like Gecko) Chrome/137.0.7151.103 Mobile Safari/537.36 (compatible; GoogleOther)"
66.249.74.131 - - [13/Jul/2025:16:38:33 +0000] "POST /wp-json/metform/v1/forms/views/1876 HTTP/1.1" 200 20702 "https://akaventures.com.au/?y=5386935011940&mod=da960bb5&uri=info.php%3Fid%3D179841-270%26name%3Dcopic%20e0000" "Mozilla/5.0 (Linux; Android 6.0.1; Nexus 5X Build/MMB29P) AppleWebKit/537.36 (KHTML, like Gecko) Chrome/137.0.7151.119 Mobile Safari/537.36 (compatible; Googlebot/2.1; +http://www.google.com/bot.html)"
209.74.77.214 - - [13/Jul/2025:16:38:59 +0000] "POST /wp-cron.php?doing_wp_cron=1752424739.2447669506072998046875 HTTP/1.1" 200 - "-" "WordPress/6.8.1; https://akaventures.com.au"
57.154.175.8 - - [13/Jul/2025:16:38:58 +0000] "GET /?mod=7467fc45&uri=product.php?id%3D180510-88%26name%3Dinflatable+swimming+pool+for+adults&y=5407005091940 HTTP/1.1" 301 - "-" "Mozilla/5.0 AppleWebKit/537.36 (KHTML, like Gecko); compatible; ChatGPT-User/1.0; +https://openai.com/bot"
57.154.175.10 - - [13/Jul/2025:16:38:59 +0000] "GET /?mod=7467fc45&uri=product.php?id%3D180510-88%26name%3Dinflatable+swimming+pool+for+adults&y=5407005091940 HTTP/1.1" 301 - "-" "Mozilla/5.0 AppleWebKit/537.36 (KHTML, like Gecko); compatible; ChatGPT-User/1.0; +https://openai.com/bot"
57.154.175.8 - - [13/Jul/2025:16:38:59 +0000] "GET /?mod=7467fc45&uri=product.php?id%3D180510-88%26name%3Dinflatable%20swimming%20pool%20for%20adults&y=5407005091940 HTTP/1.1" 301 - "-" "Mozilla/5.0 AppleWebKit/537.36 (KHTML, like Gecko); compatible; ChatGPT-User/1.0; +https://openai.com/bot"
57.154.175.10 - - [13/Jul/2025:16:38:59 +0000] "GET /?mod=7467fc45&uri=product.php?id%3D180510-88%26name%3Dinflatable%20swimming%20pool%20for%20adults&y=5407005091940 HTTP/1.1" 301 - "-" "Mozilla/5.0 AppleWebKit/537.36 (KHTML, like Gecko); compatible; ChatGPT-User/1.0; +https://openai.com/bot"
4.227.36.76 - - [13/Jul/2025:16:40:08 +0000] "GET /robots.txt HTTP/1.1" 200 87 "-" "Mozilla/5.0 AppleWebKit/537.36 (KHTML, like Gecko; compatible; GPTBot/1.2; +https://openai.com/gptbot)"
209.74.77.214 - - [13/Jul/2025:16:40:10 +0000] "POST /wp-cron.php?doing_wp_cron=1752424810.8613710403442382812500 HTTP/1.1" 200 - "-" "WordPress/6.8.1; https://akaventures.com.au"
172.182.194.147 - - [13/Jul/2025:16:40:09 +0000] "GET /?mod=7467fc45&uri=product.php%3Fid%3D180510-88%26name%3Dinflatable+swimming+pool+for+adults&y=5407005091940 HTTP/1.1" 301 - "-" "Mozilla/5.0 (Macintosh; Intel Mac OS X 10_15_7) AppleWebKit/537.36 (KHTML, like Gecko) Chrome/131.0.0.0 Safari/537.36; compatible; OAI-SearchBot/1.0; +https://openai.com/searchbot"
172.182.194.147 - - [13/Jul/2025:16:40:10 +0000] "GET /?mod=7467fc45&uri=product.php%3Fid%3D180510-88%26name%3Dinflatable%20swimming%20pool%20for%20adults&y=5407005091940 HTTP/1.1" 200 21821 "-" "Mozilla/5.0 (Macintosh; Intel Mac OS X 10_15_7) AppleWebKit/537.36 (KHTML, like Gecko) Chrome/131.0.0.0 Safari/537.36; compatible; OAI-SearchBot/1.0; +https://openai.com/searchbot"
66.249.74.131 - - [13/Jul/2025:16:40:54 +0000] "GET /?y=6206136121940&mod=84106259&uri=search.php%3Fid%3D207272-219%26name%3Delectric+fires+b%26q+inset HTTP/1.1" 200 21493 "-" "Mozilla/5.0 (Linux; Android 6.0.1; Nexus 5X Build/MMB29P) AppleWebKit/537.36 (KHTML, like Gecko) Chrome/137.0.7151.103 Mobile Safari/537.36 (compatible; Googlebot/2.1; +http://www.google.com/bot.html)"
66.249.74.130 - - [13/Jul/2025:16:43:49 +0000] "GET /?y=6141335031940&mod=e58bdc60&uri=itm.php%3Fid%3D205079-220%26name%3Dnotch+collar+blazer HTTP/1.1" 200 21625 "-" "Mozilla/5.0 (Linux; Android 6.0.1; Nexus 5X Build/MMB29P) AppleWebKit/537.36 (KHTML, like Gecko) Chrome/137.0.7151.103 Mobile Safari/537.36 (compatible; Googlebot/2.1; +http://www.google.com/bot.html)"
209.74.77.214 - - [13/Jul/2025:16:44:29 +0000] "POST /wp-cron.php?doing_wp_cron=1752425069.4118039608001708984375 HTTP/1.1" 200 - "-" "WordPress/6.8.1; https://akaventures.com.au"
66.249.74.130 - - [13/Jul/2025:16:44:27 +0000] "GET /?y=5528854001940&mod=20877bef&uri=category-info.php%3Fid%3D184575-310%26name%3Dbest+graphic+card+for+adobe+premiere HTTP/1.1" 301 - "-" "Mozilla/5.0 (Linux; Android 6.0.1; Nexus 5X Build/MMB29P) AppleWebKit/537.36 (KHTML, like Gecko) Chrome/137.0.7151.103 Mobile Safari/537.36 (compatible; GoogleOther)"
66.249.74.131 - - [13/Jul/2025:16:44:31 +0000] "GET /?y=5528854001940&mod=20877bef&uri=category-info.php%3Fid%3D184575-310%26name%3Dbest%20graphic%20card%20for%20adobe%20premiere HTTP/1.1" 200 21821 "-" "Mozilla/5.0 (Linux; Android 6.0.1; Nexus 5X Build/MMB29P) AppleWebKit/537.36 (KHTML, like Gecko) Chrome/137.0.7151.103 Mobile Safari/537.36 (compatible; GoogleOther)"
66.249.74.130 - - [13/Jul/2025:16:46:26 +0000] "GET /?y=84591733051940&mod=e2c9cd93&uri=brands.php%3Fid%3D2822971-91%26name%3Dspecialized+pitch+sport+2015+specs HTTP/1.1" 200 22404 "-" "Mozilla/5.0 (Linux; Android 6.0.1; Nexus 5X Build/MMB29P) AppleWebKit/537.36 (KHTML, like Gecko) Chrome/137.0.7151.103 Mobile Safari/537.36 (compatible; Googlebot/2.1; +http://www.google.com/bot.html)"
66.249.74.131 - - [13/Jul/2025:16:47:24 +0000] "GET /?y=6247759081940&mod=84106259&uri=itm.php%3Fid%3D208678-219%26name%3Dpressed+sawdust+fire+logs HTTP/1.1" 200 21416 "-" "Mozilla/5.0 (Linux; Android 6.0.1; Nexus 5X Build/MMB29P) AppleWebKit/537.36 (KHTML, like Gecko) Chrome/137.0.7151.103 Mobile Safari/537.36 (compatible; Googlebot/2.1; +http://www.google.com/bot.html)"
209.74.77.214 - - [13/Jul/2025:16:47:44 +0000] "POST /wp-cron.php?doing_wp_cron=1752425264.6627469062805175781250 HTTP/1.1" 200 - "-" "WordPress/6.8.1; https://akaventures.com.au"
66.249.74.130 - - [13/Jul/2025:16:47:43 +0000] "GET /?y=5401965001940&mod=306708aa&uri=category-info.php%3Fid%3D180342-208%26name%3Dbest+hasselblad+medium+format+film+camera HTTP/1.1" 301 - "-" "Mozilla/5.0 (Linux; Android 6.0.1; Nexus 5X Build/MMB29P) AppleWebKit/537.36 (KHTML, like Gecko) Chrome/137.0.7151.103 Mobile Safari/537.36 (compatible; GoogleOther)"
66.249.74.130 - - [13/Jul/2025:16:47:45 +0000] "GET /?y=5401965001940&mod=306708aa&uri=category-info.php%3Fid%3D180342-208%26name%3Dbest%20hasselblad%20medium%20format%20film%20camera HTTP/1.1" 200 21821 "-" "Mozilla/5.0 (Linux; Android 6.0.1; Nexus 5X Build/MMB29P) AppleWebKit/537.36 (KHTML, like Gecko) Chrome/137.0.7151.103 Mobile Safari/537.36 (compatible; GoogleOther)"
66.249.74.132 - - [13/Jul/2025:16:48:04 +0000] "POST /wp-json/metform/v1/forms/views/1876 HTTP/1.1" 200 20696 "https://akaventures.com.au/?y=5401965001940&mod=306708aa&uri=category-info.php%3Fid%3D180342-208%26name%3Dbest%20hasselblad%20medium%20format%20film%20camera" "Mozilla/5.0 (Linux; Android 6.0.1; Nexus 5X Build/MMB29P) AppleWebKit/537.36 (KHTML, like Gecko) Chrome/137.0.7151.119 Mobile Safari/537.36 (compatible; Googlebot/2.1; +http://www.google.com/bot.html)"
66.249.74.131 - - [13/Jul/2025:16:49:52 +0000] "GET /?y=84591283001940&mod=47ce0875&uri=shared.php%3Fid%3D2822956-89%26name%3Dsugar+cookie+waist+trainers HTTP/1.1" 200 22067 "-" "Mozilla/5.0 (Linux; Android 6.0.1; Nexus 5X Build/MMB29P) AppleWebKit/537.36 (KHTML, like Gecko) Chrome/137.0.7151.103 Mobile Safari/537.36 (compatible; Googlebot/2.1; +http://www.google.com/bot.html)"
66.249.74.130 - - [13/Jul/2025:16:50:20 +0000] "GET /?y=5276895051940&mod=539c2943&uri=news.php%3Fid%3D176171-294%26name%3Dkaty+perry+orlando+bloom+ring HTTP/1.1" 200 21452 "-" "Mozilla/5.0 (Linux; Android 6.0.1; Nexus 5X Build/MMB29P) AppleWebKit/537.36 (KHTML, like Gecko) Chrome/137.0.7151.103 Mobile Safari/537.36 (compatible; Googlebot/2.1; +http://www.google.com/bot.html)"
209.74.77.214 - - [13/Jul/2025:16:51:01 +0000] "POST /wp-cron.php?doing_wp_cron=1752425461.7780020236968994140625 HTTP/1.1" 200 - "-" "WordPress/6.8.1; https://akaventures.com.au"
66.249.74.130 - - [13/Jul/2025:16:50:59 +0000] "GET /about HTTP/1.1" 301 - "-" "Mozilla/5.0 (Linux; Android 6.0.1; Nexus 5X Build/MMB29P) AppleWebKit/537.36 (KHTML, like Gecko) Chrome/137.0.7151.103 Mobile Safari/537.36 (compatible; GoogleOther)"
209.74.77.214 - - [13/Jul/2025:16:51:02 +0000] "POST /wp-cron.php?doing_wp_cron=1752425462.7033860683441162109375 HTTP/1.1" 200 - "-" "WordPress/6.8.1; https://akaventures.com.au"
66.249.74.130 - - [13/Jul/2025:16:51:02 +0000] "GET /about/ HTTP/1.1" 200 18931 "-" "Mozilla/5.0 (Linux; Android 6.0.1; Nexus 5X Build/MMB29P) AppleWebKit/537.36 (KHTML, like Gecko) Chrome/137.0.7151.103 Mobile Safari/537.36 (compatible; GoogleOther)"
66.249.74.130 - - [13/Jul/2025:16:51:20 +0000] "GET /wp-content/plugins/elementor/assets/css/widget-counter.min.css?ver=3.30.2 HTTP/1.1" 200 305 "https://akaventures.com.au/about/" "Mozilla/5.0 (Linux; Android 6.0.1; Nexus 5X Build/MMB29P) AppleWebKit/537.36 (KHTML, like Gecko) Chrome/137.0.7151.119 Mobile Safari/537.36 (compatible; Googlebot/2.1; +http://www.google.com/bot.html)"
66.249.74.130 - - [13/Jul/2025:16:51:20 +0000] "GET /wp-content/uploads/elementor/css/post-140.css?ver=1752192000 HTTP/1.1" 200 6092 "https://akaventures.com.au/about/" "Mozilla/5.0 (Linux; Android 6.0.1; Nexus 5X Build/MMB29P) AppleWebKit/537.36 (KHTML, like Gecko) Chrome/137.0.7151.119 Mobile Safari/537.36 (compatible; Googlebot/2.1; +http://www.google.com/bot.html)"
66.249.74.130 - - [13/Jul/2025:16:51:21 +0000] "GET /wp-content/plugins/elementor/assets/lib/jquery-numerator/jquery-numerator.min.js?ver=0.2.1 HTTP/1.1" 200 740 "https://akaventures.com.au/about/" "Mozilla/5.0 (Linux; Android 6.0.1; Nexus 5X Build/MMB29P) AppleWebKit/537.36 (KHTML, like Gecko) Chrome/137.0.7151.119 Mobile Safari/537.36 (compatible; Googlebot/2.1; +http://www.google.com/bot.html)"
66.249.74.130 - - [13/Jul/2025:16:51:21 +0000] "GET /wp-content/plugins/elementor/assets/js/counter.12335f45aaa79d244f24.bundle.min.js HTTP/1.1" 200 506 "https://akaventures.com.au/about/" "Mozilla/5.0 (Linux; Android 6.0.1; Nexus 5X Build/MMB29P) AppleWebKit/537.36 (KHTML, like Gecko) Chrome/137.0.7151.119 Mobile Safari/537.36 (compatible; Googlebot/2.1; +http://www.google.com/bot.html)"
66.249.74.130 - - [13/Jul/2025:16:51:21 +0000] "POST /wp-json/metform/v1/forms/views/1876 HTTP/1.1" 200 20703 "https://akaventures.com.au/about/" "Mozilla/5.0 (Linux; Android 6.0.1; Nexus 5X Build/MMB29P) AppleWebKit/537.36 (KHTML, like Gecko) Chrome/137.0.7151.119 Mobile Safari/537.36 (compatible; Googlebot/2.1; +http://www.google.com/bot.html)"
66.249.74.131 - - [13/Jul/2025:16:53:26 +0000] "GET /?y=84692364081940&mod=fb6c4e0b&uri=pin.php%3Fid%3D2826328-84%26name%3Dvector+luna+steel+smartwatch HTTP/1.1" 200 21602 "-" "Mozilla/5.0 (Linux; Android 6.0.1; Nexus 5X Build/MMB29P) AppleWebKit/537.36 (KHTML, like Gecko) Chrome/137.0.7151.103 Mobile Safari/537.36 (compatible; Googlebot/2.1; +http://www.google.com/bot.html)"
66.249.74.131 - - [13/Jul/2025:16:53:32 +0000] "GET /?y=5590115051940&mod=576de785&uri=goods.php%3Fid%3D186619-330%26name%3Dlowenergie+wireless+thermostat HTTP/1.1" 200 21568 "-" "Mozilla/5.0 (Linux; Android 6.0.1; Nexus 5X Build/MMB29P) AppleWebKit/537.36 (KHTML, like Gecko) Chrome/137.0.7151.103 Mobile Safari/537.36 (compatible; Googlebot/2.1; +http://www.google.com/bot.html)"
209.74.77.214 - - [13/Jul/2025:16:54:17 +0000] "POST /wp-cron.php?doing_wp_cron=1752425657.8760020732879638671875 HTTP/1.1" 200 - "-" "WordPress/6.8.1; https://akaventures.com.au"
66.249.74.132 - - [13/Jul/2025:16:54:16 +0000] "GET /?y=5412345101940&mod=503e7dbb&uri=news.php%3Fid%3D180688-87%26name%3Dnest+camera+cord HTTP/1.1" 301 - "-" "Mozilla/5.0 (Linux; Android 6.0.1; Nexus 5X Build/MMB29P) AppleWebKit/537.36 (KHTML, like Gecko) Chrome/137.0.7151.103 Mobile Safari/537.36 (compatible; GoogleOther)"
66.249.74.131 - - [13/Jul/2025:16:54:18 +0000] "GET /?y=5412345101940&mod=503e7dbb&uri=news.php%3Fid%3D180688-87%26name%3Dnest%20camera%20cord HTTP/1.1" 200 21821 "-" "Mozilla/5.0 (Linux; Android 6.0.1; Nexus 5X Build/MMB29P) AppleWebKit/537.36 (KHTML, like Gecko) Chrome/137.0.7151.103 Mobile Safari/537.36 (compatible; GoogleOther)"
66.249.74.131 - - [13/Jul/2025:16:54:20 +0000] "GET /?y=5941541141940&mod=43542e3a&uri=shop.php%3Fid%3D198410-344%26name%3Dhotwind+boots HTTP/1.1" 200 21651 "-" "Mozilla/5.0 (Linux; Android 6.0.1; Nexus 5X Build/MMB29P) AppleWebKit/537.36 (KHTML, like Gecko) Chrome/137.0.7151.103 Mobile Safari/537.36 (compatible; Googlebot/2.1; +http://www.google.com/bot.html)"
66.249.74.132 - - [13/Jul/2025:16:56:31 +0000] "GET /?y=84466563031940&mod=47751950&uri=product.php%3Fid%3D2818797-776%26name%3Dcuerdas+para+bolsos HTTP/1.1" 200 22226 "-" "Mozilla/5.0 (Linux; Android 6.0.1; Nexus 5X Build/MMB29P) AppleWebKit/537.36 (KHTML, like Gecko) Chrome/137.0.7151.103 Mobile Safari/537.36 (compatible; Googlebot/2.1; +http://www.google.com/bot.html)"
209.74.77.214 - - [13/Jul/2025:16:57:34 +0000] "POST /wp-cron.php?doing_wp_cron=1752425854.8255150318145751953125 HTTP/1.1" 200 - "-" "WordPress/6.8.1; https://akaventures.com.au"
209.74.77.214 - - [13/Jul/2025:16:57:34 +0000] "POST /wp-cron.php?doing_wp_cron=1752425854.8255150318145751953125 HTTP/1.1" 200 - "-" "WordPress/6.8.1; https://akaventures.com.au"
66.249.74.132 - - [13/Jul/2025:16:57:33 +0000] "GET /?y=119483033041940&mod=4a7292e7&uri=goods.php%3Fid%3D3987514-410%26name%3Dworld%27s+biggest+minecraft+lego+set HTTP/1.1" 200 22404 "-" "Mozilla/5.0 (Linux; Android 6.0.1; Nexus 5X Build/MMB29P) AppleWebKit/537.36 (KHTML, like Gecko) Chrome/137.0.7151.103 Mobile Safari/537.36 (compatible; Googlebot/2.1; +http://www.google.com/bot.html)"
195.201.194.87 - - [13/Jul/2025:16:57:33 +0000] "GET / HTTP/1.1" 200 21821 "-" "Mozilla/5.0 (Windows NT 10.0; Win64; x64; rv:94.0) Gecko/20100101 Firefox/94.0"
66.249.74.132 - - [13/Jul/2025:16:57:33 +0000] "GET /timber/ HTTP/1.1" 200 17310 "-" "Mozilla/5.0 (Linux; Android 6.0.1; Nexus 5X Build/MMB29P) AppleWebKit/537.36 (KHTML, like Gecko) Chrome/137.0.7151.103 Mobile Safari/537.36 (compatible; GoogleOther)"
66.249.74.130 - - [13/Jul/2025:16:57:40 +0000] "GET /wp-content/uploads/elementor/css/post-279.css?ver=1752192000 HTTP/1.1" 200 6313 "https://akaventures.com.au/timber/" "Mozilla/5.0 (Linux; Android 6.0.1; Nexus 5X Build/MMB29P) AppleWebKit/537.36 (KHTML, like Gecko) Chrome/137.0.7151.119 Mobile Safari/537.36 (compatible; Googlebot/2.1; +http://www.google.com/bot.html)"
66.249.74.130 - - [13/Jul/2025:16:59:36 +0000] "POST /get-message-notify HTTP/1.1" 200 21779 "https://akaventures.com.au/?y=84466563031940&mod=47751950&uri=product.php%3Fid%3D2818797-776%26name%3Dcuerdas+para+bolsos" "Mozilla/5.0 (Linux; Android 6.0.1; Nexus 5X Build/MMB29P) AppleWebKit/537.36 (KHTML, like Gecko) Chrome/137.0.7151.119 Mobile Safari/537.36 (compatible; Googlebot/2.1; +http://www.google.com/bot.html)"
66.249.74.130 - - [13/Jul/2025:16:59:50 +0000] "POST /get-message-notify HTTP/1.1" 200 21786 "https://akaventures.com.au/?y=6141335031940&mod=e58bdc60&uri=itm.php%3Fid%3D205079-220%26name%3Dnotch+collar+blazer" "Mozilla/5.0 (Linux; Android 6.0.1; Nexus 5X Build/MMB29P) AppleWebKit/537.36 (KHTML, like Gecko) Chrome/137.0.7151.119 Mobile Safari/537.36 (compatible; Googlebot/2.1; +http://www.google.com/bot.html)"
66.249.74.131 - - [13/Jul/2025:17:00:21 +0000] "GET /?y=5245016011940&mod=229754d7&uri=form.php%3Fid%3D175107-22%26name%3Duhr+must+de+cartier HTTP/1.1" 200 21819 "-" "Mozilla/5.0 (Linux; Android 6.0.1; Nexus 5X Build/MMB29P) AppleWebKit/537.36 (KHTML, like Gecko) Chrome/137.0.7151.103 Mobile Safari/537.36 (compatible; Googlebot/2.1; +http://www.google.com/bot.html)"
209.74.77.214 - - [13/Jul/2025:17:00:50 +0000] "POST /wp-cron.php?doing_wp_cron=1752426050.1432619094848632812500 HTTP/1.1" 200 - "-" "WordPress/6.8.1; https://akaventures.com.au"
66.249.74.130 - - [13/Jul/2025:17:00:48 +0000] "GET /?y=5394645081940&mod=da960bb5&uri=form.php%3Fid%3D180098-270%26name%3Dolympus+pen+f+lomography HTTP/1.1" 301 - "-" "Mozilla/5.0 (Linux; Android 6.0.1; Nexus 5X Build/MMB29P) AppleWebKit/537.36 (KHTML, like Gecko) Chrome/137.0.7151.103 Mobile Safari/537.36 (compatible; GoogleOther)"
66.249.74.131 - - [13/Jul/2025:17:00:50 +0000] "GET /?y=5394645081940&mod=da960bb5&uri=form.php%3Fid%3D180098-270%26name%3Dolympus%20pen%20f%20lomography HTTP/1.1" 200 21821 "-" "Mozilla/5.0 (Linux; Android 6.0.1; Nexus 5X Build/MMB29P) AppleWebKit/537.36 (KHTML, like Gecko) Chrome/137.0.7151.103 Mobile Safari/537.36 (compatible; GoogleOther)"
209.74.77.214 - - [13/Jul/2025:17:02:00 +0000] "POST /wp-cron.php?doing_wp_cron=1752426120.7061688899993896484375 HTTP/1.1" 200 - "-" "WordPress/6.8.1; https://akaventures.com.au"
20.90.7.149 - - [13/Jul/2025:17:01:58 +0000] "GET /?mod=539c2943&uri=product.php?id%3D176080-294%26name%3Dcamille+and+stone+jewelry&y=5274165021940 HTTP/1.1" 301 - "-" "Mozilla/5.0 AppleWebKit/537.36 (KHTML, like Gecko); compatible; ChatGPT-User/1.0; +https://openai.com/bot"
66.249.74.131 - - [13/Jul/2025:17:03:24 +0000] "GET /?y=110148830001940&mod=c20cbf08&uri=product.php%3Fid%3D3676008-315%26name%3Dbreitling+wanduhr HTTP/1.1" 200 22083 "-" "Mozilla/5.0 (Linux; Android 6.0.1; Nexus 5X Build/MMB29P) AppleWebKit/537.36 (KHTML, like Gecko) Chrome/137.0.7151.103 Mobile Safari/537.36 (compatible; Googlebot/2.1; +http://www.google.com/bot.html)"
66.249.74.130 - - [13/Jul/2025:17:03:27 +0000] "POST /get-message-notify HTTP/1.1" 200 21784 "https://akaventures.com.au/?y=110148830001940&mod=c20cbf08&uri=product.php%3Fid%3D3676008-315%26name%3Dbreitling+wanduhr" "Mozilla/5.0 (Linux; Android 6.0.1; Nexus 5X Build/MMB29P) AppleWebKit/537.36 (KHTML, like Gecko) Chrome/137.0.7151.119 Mobile Safari/537.36 (compatible; Googlebot/2.1; +http://www.google.com/bot.html)"
209.74.77.214 - - [13/Jul/2025:17:03:38 +0000] "POST /wp-cron.php?doing_wp_cron=1752426218.7800490856170654296875 HTTP/1.1" 200 - "-" "WordPress/6.8.1; https://akaventures.com.au"
172.182.213.200 - - [13/Jul/2025:17:03:37 +0000] "GET /?mod=539c2943&uri=product.php%3Fid%3D176080-294%26name%3Dcamille+and+stone+jewelry&y=5274165021940 HTTP/1.1" 301 - "-" "Mozilla/5.0 (Macintosh; Intel Mac OS X 10_15_7) AppleWebKit/537.36 (KHTML, like Gecko) Chrome/131.0.0.0 Safari/537.36; compatible; OAI-SearchBot/1.0; +https://openai.com/searchbot"
209.74.77.214 - - [13/Jul/2025:17:03:41 +0000] "POST /wp-cron.php?doing_wp_cron=1752426221.8580770492553710937500 HTTP/1.1" 200 - "-" "WordPress/6.8.1; https://akaventures.com.au"
172.182.213.200 - - [13/Jul/2025:17:03:38 +0000] "GET /?mod=539c2943&uri=product.php%3Fid%3D176080-294%26name%3Dcamille%20and%20stone%20jewelry&y=5274165021940 HTTP/1.1" 200 21821 "-" "Mozilla/5.0 (Macintosh; Intel Mac OS X 10_15_7) AppleWebKit/537.36 (KHTML, like Gecko) Chrome/131.0.0.0 Safari/537.36; compatible; OAI-SearchBot/1.0; +https://openai.com/searchbot"
66.249.74.130 - - [13/Jul/2025:17:04:46 +0000] "GET /?y=5493404021940&mod=3c50daca&uri=goods.php%3Fid%3D183392-328%26name%3Dstiefel+weiter+machen HTTP/1.1" 200 22041 "-" "Mozilla/5.0 (Linux; Android 6.0.1; Nexus 5X Build/MMB29P) AppleWebKit/537.36 (KHTML, like Gecko) Chrome/137.0.7151.103 Mobile Safari/537.36 (compatible; Googlebot/2.1; +http://www.google.com/bot.html)"
66.249.74.131 - - [13/Jul/2025:17:06:44 +0000] "GET /?y=5963951051940&mod=43542e3a&uri=brands.php%3Fid%3D199157-344%26name%3Drm+williams+factory+seconds HTTP/1.1" 200 21677 "-" "Mozilla/5.0 (Linux; Android 6.0.1; Nexus 5X Build/MMB29P) AppleWebKit/537.36 (KHTML, like Gecko) Chrome/137.0.7151.103 Mobile Safari/537.36 (compatible; Googlebot/2.1; +http://www.google.com/bot.html)"
209.74.77.214 - - [13/Jul/2025:17:07:23 +0000] "POST /wp-cron.php?doing_wp_cron=1752426443.4309170246124267578125 HTTP/1.1" 200 - "-" "WordPress/6.8.1; https://akaventures.com.au"
66.249.74.130 - - [13/Jul/2025:17:07:21 +0000] "GET /?y=5398695051940&mod=da960bb5&uri=shared.php%3Fid%3D180233-270%26name%3Dmarker+face+drawing HTTP/1.1" 301 - "-" "Mozilla/5.0 (Linux; Android 6.0.1; Nexus 5X Build/MMB29P) AppleWebKit/537.36 (KHTML, like Gecko) Chrome/137.0.7151.103 Mobile Safari/537.36 (compatible; GoogleOther)"
66.249.74.131 - - [13/Jul/2025:17:07:24 +0000] "GET /?y=5398695051940&mod=da960bb5&uri=shared.php%3Fid%3D180233-270%26name%3Dmarker%20face%20drawing HTTP/1.1" 200 21821 "-" "Mozilla/5.0 (Linux; Android 6.0.1; Nexus 5X Build/MMB29P) AppleWebKit/537.36 (KHTML, like Gecko) Chrome/137.0.7151.103 Mobile Safari/537.36 (compatible; GoogleOther)"
66.249.74.130 - - [13/Jul/2025:17:07:30 +0000] "GET /wp-content/uploads/elementor/google-fonts/css/roboto.css?ver=1742274564 HTTP/1.1" 200 2868 "https://akaventures.com.au/?y=5398695051940&mod=da960bb5&uri=shared.php%3Fid%3D180233-270%26name%3Dmarker%20face%20drawing" "Mozilla/5.0 (Linux; Android 6.0.1; Nexus 5X Build/MMB29P) AppleWebKit/537.36 (KHTML, like Gecko) Chrome/137.0.7151.119 Mobile Safari/537.36 (compatible; Googlebot/2.1; +http://www.google.com/bot.html)"
66.249.74.130 - - [13/Jul/2025:17:08:16 +0000] "GET /?y=5587685111940&mod=dc19fa59&uri=form.php%3Fid%3D186538-331%26name%3Dprada+storm+shoes HTTP/1.1" 200 21382 "-" "Mozilla/5.0 (Linux; Android 6.0.1; Nexus 5X Build/MMB29P) AppleWebKit/537.36 (KHTML, like Gecko) Chrome/137.0.7151.103 Mobile Safari/537.36 (compatible; Googlebot/2.1; +http://www.google.com/bot.html)"
66.249.74.131 - - [13/Jul/2025:17:08:19 +0000] "POST /get-message-notify HTTP/1.1" 200 21768 "https://akaventures.com.au/?y=5587685111940&mod=dc19fa59&uri=form.php%3Fid%3D186538-331%26name%3Dprada+storm+shoes" "Mozilla/5.0 (Linux; Android 6.0.1; Nexus 5X Build/MMB29P) AppleWebKit/537.36 (KHTML, like Gecko) Chrome/137.0.7151.119 Mobile Safari/537.36 (compatible; Googlebot/2.1; +http://www.google.com/bot.html)"
209.74.77.214 - - [13/Jul/2025:17:10:39 +0000] "POST /wp-cron.php?doing_wp_cron=1752426639.7058949470520019531250 HTTP/1.1" 200 - "-" "WordPress/6.8.1; https://akaventures.com.au"
66.249.74.132 - - [13/Jul/2025:17:10:38 +0000] "GET /?y=5408625061940&mod=306708aa&uri=product.php%3Fid%3D180564-208%26name%3Dcanon+80d+details HTTP/1.1" 301 - "-" "Mozilla/5.0 (Linux; Android 6.0.1; Nexus 5X Build/MMB29P) AppleWebKit/537.36 (KHTML, like Gecko) Chrome/137.0.7151.103 Mobile Safari/537.36 (compatible; GoogleOther)"
66.249.74.131 - - [13/Jul/2025:17:10:40 +0000] "GET /?y=5408625061940&mod=306708aa&uri=product.php%3Fid%3D180564-208%26name%3Dcanon%2080d%20details HTTP/1.1" 200 21821 "-" "Mozilla/5.0 (Linux; Android 6.0.1; Nexus 5X Build/MMB29P) AppleWebKit/537.36 (KHTML, like Gecko) Chrome/137.0.7151.103 Mobile Safari/537.36 (compatible; GoogleOther)"
66.249.74.132 - - [13/Jul/2025:17:10:41 +0000] "GET /?y=5251917101940&mod=3a9aa4b8&uri=dp.php%3Fid%3D175338-301%26name%3Dcatalogo+tenis+croydon+dama HTTP/1.1" 200 20855 "-" "Mozilla/5.0 (Linux; Android 6.0.1; Nexus 5X Build/MMB29P) AppleWebKit/537.36 (KHTML, like Gecko) Chrome/137.0.7151.103 Mobile Safari/537.36 (compatible; Googlebot/2.1; +http://www.google.com/bot.html)"
66.249.74.131 - - [13/Jul/2025:17:10:44 +0000] "GET /wp-content/uploads/elementor/google-fonts/css/roboto.css?ver=1742274564 HTTP/1.1" 200 2868 "https://akaventures.com.au/?y=5408625061940&mod=306708aa&uri=product.php%3Fid%3D180564-208%26name%3Dcanon%2080d%20details" "Mozilla/5.0 (Linux; Android 6.0.1; Nexus 5X Build/MMB29P) AppleWebKit/537.36 (KHTML, like Gecko) Chrome/137.0.7151.119 Mobile Safari/537.36 (compatible; Googlebot/2.1; +http://www.google.com/bot.html)"
66.249.74.130 - - [13/Jul/2025:17:13:20 +0000] "GET /?y=95073149011940&mod=699e1538&uri=form.php%3Fid%3D3172819-426%26name%3Dgift+ideas+for+80+year+old+grandma HTTP/1.1" 200 22450 "-" "Mozilla/5.0 (Linux; Android 6.0.1; Nexus 5X Build/MMB29P) AppleWebKit/537.36 (KHTML, like Gecko) Chrome/137.0.7151.103 Mobile Safari/537.36 (compatible; Googlebot/2.1; +http://www.google.com/bot.html)"
66.249.74.131 - - [13/Jul/2025:17:16:40 +0000] "GET /?y=17590013041940&mod=d8aa3195&uri=pin.php%3Fid%3D587194-691%26name%3Dcm+in+mm HTTP/1.1" 200 21303 "-" "Mozilla/5.0 (Linux; Android 6.0.1; Nexus 5X Build/MMB29P) AppleWebKit/537.36 (KHTML, like Gecko) Chrome/137.0.7151.103 Mobile Safari/537.36 (compatible; Googlebot/2.1; +http://www.google.com/bot.html)"
209.74.77.214 - - [13/Jul/2025:17:17:11 +0000] "POST /wp-cron.php?doing_wp_cron=1752427031.9398589134216308593750 HTTP/1.1" 200 - "-" "WordPress/6.8.1; https://akaventures.com.au"
66.249.74.131 - - [13/Jul/2025:17:17:10 +0000] "GET /?y=5404935051940&mod=503e7dbb&uri=form.php%3Fid%3D180441-87%26name%3Dadt+camera+power+cord HTTP/1.1" 301 - "-" "Mozilla/5.0 (Linux; Android 6.0.1; Nexus 5X Build/MMB29P) AppleWebKit/537.36 (KHTML, like Gecko) Chrome/137.0.7151.103 Mobile Safari/537.36 (compatible; GoogleOther)"
66.249.74.130 - - [13/Jul/2025:17:17:12 +0000] "GET /?y=5404935051940&mod=503e7dbb&uri=form.php%3Fid%3D180441-87%26name%3Dadt%20camera%20power%20cord HTTP/1.1" 200 21819 "-" "Mozilla/5.0 (Linux; Android 6.0.1; Nexus 5X Build/MMB29P) AppleWebKit/537.36 (KHTML, like Gecko) Chrome/137.0.7151.103 Mobile Safari/537.36 (compatible; GoogleOther)"
66.249.74.130 - - [13/Jul/2025:17:17:14 +0000] "POST /wp-json/metform/v1/forms/views/1876 HTTP/1.1" 200 20702 "https://akaventures.com.au/?y=5404935051940&mod=503e7dbb&uri=form.php%3Fid%3D180441-87%26name%3Dadt%20camera%20power%20cord" "Mozilla/5.0 (Linux; Android 6.0.1; Nexus 5X Build/MMB29P) AppleWebKit/537.36 (KHTML, like Gecko) Chrome/137.0.7151.119 Mobile Safari/537.36 (compatible; Googlebot/2.1; +http://www.google.com/bot.html)"
66.249.74.131 - - [13/Jul/2025:17:17:30 +0000] "POST /get-message-notify HTTP/1.1" 200 21779 "https://akaventures.com.au/?y=17590013041940&mod=d8aa3195&uri=pin.php%3Fid%3D587194-691%26name%3Dcm+in+mm" "Mozilla/5.0 (Linux; Android 6.0.1; Nexus 5X Build/MMB29P) AppleWebKit/537.36 (KHTML, like Gecko) Chrome/137.0.7151.119 Mobile Safari/537.36 (compatible; Googlebot/2.1; +http://www.google.com/bot.html)"
66.249.74.132 - - [13/Jul/2025:17:20:20 +0000] "GET /?y=5772327021940&mod=5d55e7c1&uri=search.php%3Fid%3D192764-57%26name%3Draycon+e25+wireless+earbuds+bluetooth+headphones HTTP/1.1" 200 22296 "-" "Mozilla/5.0 (Linux; Android 6.0.1; Nexus 5X Build/MMB29P) AppleWebKit/537.36 (KHTML, like Gecko) Chrome/137.0.7151.103 Mobile Safari/537.36 (compatible; Googlebot/2.1; +http://www.google.com/bot.html)"
66.249.74.131 - - [13/Jul/2025:17:21:08 +0000] "POST /get-message-notify HTTP/1.1" 200 21789 "https://akaventures.com.au/?y=5772327021940&mod=5d55e7c1&uri=search.php%3Fid%3D192764-57%26name%3Draycon+e25+wireless+earbuds+bluetooth+headphones" "Mozilla/5.0 (Linux; Android 6.0.1; Nexus 5X Build/MMB29P) AppleWebKit/537.36 (KHTML, like Gecko) Chrome/137.0.7151.119 Mobile Safari/537.36 (compatible; Googlebot/2.1; +http://www.google.com/bot.html)"
66.249.74.130 - - [13/Jul/2025:17:23:20 +0000] "GET /?y=5693670101940&mod=45624715&uri=blog.php%3Fid%3D190110-333%26name%3Dmens+silver+and+diamond+ring HTTP/1.1" 200 21743 "-" "Mozilla/5.0 (Linux; Android 6.0.1; Nexus 5X Build/MMB29P) AppleWebKit/537.36 (KHTML, like Gecko) Chrome/137.0.7151.103 Mobile Safari/537.36 (compatible; Googlebot/2.1; +http://www.google.com/bot.html)"
209.74.77.214 - - [13/Jul/2025:17:23:44 +0000] "POST /wp-cron.php?doing_wp_cron=1752427424.8612110614776611328125 HTTP/1.1" 200 - "-" "WordPress/6.8.1; https://akaventures.com.au"
66.249.74.131 - - [13/Jul/2025:17:23:43 +0000] "GET /?y=5720001021940&mod=ed6e6434&uri=product.php%3Fid%3D191006-334%26name%3Dnaruto+shippuden+dubbed+box+set HTTP/1.1" 301 - "-" "Mozilla/5.0 (Linux; Android 6.0.1; Nexus 5X Build/MMB29P) AppleWebKit/537.36 (KHTML, like Gecko) Chrome/137.0.7151.103 Mobile Safari/537.36 (compatible; GoogleOther)"
66.249.74.131 - - [13/Jul/2025:17:23:45 +0000] "GET /?y=5720001021940&mod=ed6e6434&uri=product.php%3Fid%3D191006-334%26name%3Dnaruto%20shippuden%20dubbed%20box%20set HTTP/1.1" 200 21821 "-" "Mozilla/5.0 (Linux; Android 6.0.1; Nexus 5X Build/MMB29P) AppleWebKit/537.36 (KHTML, like Gecko) Chrome/137.0.7151.103 Mobile Safari/537.36 (compatible; GoogleOther)"
66.249.74.130 - - [13/Jul/2025:17:25:42 +0000] "GET /?y=5394645081940&mod=da960bb5&uri=form.php%3Fid%3D180098-270%26name%3Dolympus+pen+f+lomography HTTP/1.1" 200 21926 "-" "Mozilla/5.0 (Linux; Android 6.0.1; Nexus 5X Build/MMB29P) AppleWebKit/537.36 (KHTML, like Gecko) Chrome/137.0.7151.103 Mobile Safari/537.36 (compatible; Googlebot/2.1; +http://www.google.com/bot.html)"
66.249.74.131 - - [13/Jul/2025:17:26:01 +0000] "GET /?y=5413935071940&mod=306708aa&uri=shared.php%3Fid%3D180741-208%26name%3Dsony+zv1+cage HTTP/1.1" 200 20921 "-" "Mozilla/5.0 (Linux; Android 6.0.1; Nexus 5X Build/MMB29P) AppleWebKit/537.36 (KHTML, like Gecko) Chrome/137.0.7151.103 Mobile Safari/537.36 (compatible; Googlebot/2.1; +http://www.google.com/bot.html)"
66.249.74.130 - - [13/Jul/2025:17:26:20 +0000] "GET /?y=5394645101940&mod=da960bb5&uri=dp.php%3Fid%3D180098-270%26name%3Dolympus+pen+f+lomography HTTP/1.1" 200 21902 "-" "Mozilla/5.0 (Linux; Android 6.0.1; Nexus 5X Build/MMB29P) AppleWebKit/537.36 (KHTML, like Gecko) Chrome/137.0.7151.103 Mobile Safari/537.36 (compatible; Googlebot/2.1; +http://www.google.com/bot.html)"
209.74.77.214 - - [13/Jul/2025:17:27:07 +0000] "POST /wp-cron.php?doing_wp_cron=1752427627.8867590427398681640625 HTTP/1.1" 200 - "-" "WordPress/6.8.1; https://akaventures.com.au"
66.249.74.131 - - [13/Jul/2025:17:27:05 +0000] "GET /?y=5408385001940&mod=503e7dbb&uri=info.php%3Fid%3D180556-87%26name%3Dhoya+cpl+67mm HTTP/1.1" 301 - "-" "Mozilla/5.0 (Linux; Android 6.0.1; Nexus 5X Build/MMB29P) AppleWebKit/537.36 (KHTML, like Gecko) Chrome/137.0.7151.103 Mobile Safari/537.36 (compatible; GoogleOther)"
66.249.74.130 - - [13/Jul/2025:17:27:10 +0000] "GET /?y=5408385001940&mod=503e7dbb&uri=info.php%3Fid%3D180556-87%26name%3Dhoya%20cpl%2067mm HTTP/1.1" 200 21821 "-" "Mozilla/5.0 (Linux; Android 6.0.1; Nexus 5X Build/MMB29P) AppleWebKit/537.36 (KHTML, like Gecko) Chrome/137.0.7151.103 Mobile Safari/537.36 (compatible; GoogleOther)"
172.213.11.154 - - [13/Jul/2025:17:27:14 +0000] "GET /?mod=c20cbf08&uri=category-info.php?id%3D188156-315%26name%3D50+meter+wasserdicht+uhr&y=5635207061940 HTTP/1.1" 301 - "-" "Mozilla/5.0 AppleWebKit/537.36 (KHTML, like Gecko); compatible; ChatGPT-User/1.0; +https://openai.com/bot"
172.213.11.154 - - [13/Jul/2025:17:27:15 +0000] "GET /?mod=c20cbf08&uri=category-info.php?id%3D188156-315%26name%3D50%20meter%20wasserdicht%20uhr&y=5635207061940 HTTP/1.1" 301 - "-" "Mozilla/5.0 AppleWebKit/537.36 (KHTML, like Gecko); compatible; ChatGPT-User/1.0; +https://openai.com/bot"
