Current File : /home/kelaby89/access-logs/akaventures.com.au.sixpack.studio-ssl_log |
66.249.74.131 - - [13/Jul/2025:12:15:07 +0000] "GET /?y=102803764031940&mod=d23a0a28&uri=category-info.php%3Fid%3D3430841-739%26name%3Dbest+anti+fog+ski+goggles HTTP/1.1" 200 21780 "-" "Mozilla/5.0 (Linux; Android 6.0.1; Nexus 5X Build/MMB29P) AppleWebKit/537.36 (KHTML, like Gecko) Chrome/137.0.7151.103 Mobile Safari/537.36 (compatible; Googlebot/2.1; +http://www.google.com/bot.html)"
66.249.74.131 - - [13/Jul/2025:12:15:12 +0000] "POST /get-message-notify HTTP/1.1" 200 21796 "https://akaventures.com.au/?y=102803764031940&mod=d23a0a28&uri=category-info.php%3Fid%3D3430841-739%26name%3Dbest+anti+fog+ski+goggles" "Mozilla/5.0 (Linux; Android 6.0.1; Nexus 5X Build/MMB29P) AppleWebKit/537.36 (KHTML, like Gecko) Chrome/137.0.7151.119 Mobile Safari/537.36 (compatible; Googlebot/2.1; +http://www.google.com/bot.html)"
66.249.74.130 - - [13/Jul/2025:12:15:20 +0000] "GET /?y=5337009041940&mod=ca50333d&uri=us.php%3Fid%3D178175-318%26name%3Dzapatos+para+futbol+soccer+adidas HTTP/1.1" 200 20967 "-" "Mozilla/5.0 (Linux; Android 6.0.1; Nexus 5X Build/MMB29P) AppleWebKit/537.36 (KHTML, like Gecko) Chrome/137.0.7151.103 Mobile Safari/537.36 (compatible; Googlebot/2.1; +http://www.google.com/bot.html)"
66.249.74.130 - - [13/Jul/2025:12:15:24 +0000] "POST /get-message-notify HTTP/1.1" 200 21774 "https://akaventures.com.au/?y=5337009041940&mod=ca50333d&uri=us.php%3Fid%3D178175-318%26name%3Dzapatos+para+futbol+soccer+adidas" "Mozilla/5.0 (Linux; Android 6.0.1; Nexus 5X Build/MMB29P) AppleWebKit/537.36 (KHTML, like Gecko) Chrome/137.0.7151.119 Mobile Safari/537.36 (compatible; Googlebot/2.1; +http://www.google.com/bot.html)"
51.68.107.149 - - [13/Jul/2025:12:15:50 +0000] "GET /robots.txt HTTP/1.1" 200 87 "-" "Mozilla/5.0 (compatible; MJ12bot/v2.0.2; http://mj12bot.com/)"
209.74.77.214 - - [13/Jul/2025:12:16:07 +0000] "POST /wp-cron.php?doing_wp_cron=1752408967.0540950298309326171875 HTTP/1.1" 200 - "-" "WordPress/6.8.1; https://akaventures.com.au"
51.68.107.149 - - [13/Jul/2025:12:16:06 +0000] "GET / HTTP/1.1" 200 21821 "-" "Mozilla/5.0 (compatible; MJ12bot/v2.0.2; http://mj12bot.com/)"
66.249.74.130 - - [13/Jul/2025:12:16:52 +0000] "GET /?y=47436320071940&mod=db07748a&uri=product.php%3Fid%3D1583063-314%26name%3Dtnf+apex+hose HTTP/1.1" 200 21938 "-" "Mozilla/5.0 (Linux; Android 6.0.1; Nexus 5X Build/MMB29P) AppleWebKit/537.36 (KHTML, like Gecko) Chrome/137.0.7151.103 Mobile Safari/537.36 (compatible; Googlebot/2.1; +http://www.google.com/bot.html)"
66.249.74.132 - - [13/Jul/2025:12:16:55 +0000] "POST /get-message-notify HTTP/1.1" 200 21772 "https://akaventures.com.au/?y=47436320071940&mod=db07748a&uri=product.php%3Fid%3D1583063-314%26name%3Dtnf+apex+hose" "Mozilla/5.0 (Linux; Android 6.0.1; Nexus 5X Build/MMB29P) AppleWebKit/537.36 (KHTML, like Gecko) Chrome/137.0.7151.119 Mobile Safari/537.36 (compatible; Googlebot/2.1; +http://www.google.com/bot.html)"
66.249.74.131 - - [13/Jul/2025:12:17:53 +0000] "GET /?y=5355432001940&mod=7d0bbf7a&uri=pin.php%3Fid%3D178790-322%26name%3Ddd24sv2t9_n HTTP/1.1" 200 22203 "-" "Mozilla/5.0 (Linux; Android 6.0.1; Nexus 5X Build/MMB29P) AppleWebKit/537.36 (KHTML, like Gecko) Chrome/137.0.7151.103 Mobile Safari/537.36 (compatible; Googlebot/2.1; +http://www.google.com/bot.html)"
66.249.74.131 - - [13/Jul/2025:12:18:23 +0000] "GET /?y=9466293011940&mod=e6e6538d&uri=goods.php%3Fid%3D316078-465%26name%3Dnike+w+m2k HTTP/1.1" 200 21250 "-" "Mozilla/5.0 (Linux; Android 6.0.1; Nexus 5X Build/MMB29P) AppleWebKit/537.36 (KHTML, like Gecko) Chrome/137.0.7151.103 Mobile Safari/537.36 (compatible; Googlebot/2.1; +http://www.google.com/bot.html)"
66.249.74.130 - - [13/Jul/2025:12:18:29 +0000] "GET /?y=5443692071940&mod=edb446b6&uri=itm.php%3Fid%3D181734-59%26name%3Dtute+eleganti+estive+zara HTTP/1.1" 200 21749 "-" "Mozilla/5.0 (Linux; Android 6.0.1; Nexus 5X Build/MMB29P) AppleWebKit/537.36 (KHTML, like Gecko) Chrome/137.0.7151.103 Mobile Safari/537.36 (compatible; Googlebot/2.1; +http://www.google.com/bot.html)"
66.249.74.131 - - [13/Jul/2025:12:21:26 +0000] "GET /?y=5695407081940&mod=45624715&uri=products.php%3Fid%3D190168-333%26name%3Dargos+womens+gold+earrings HTTP/1.1" 200 22039 "-" "Mozilla/5.0 (Linux; Android 6.0.1; Nexus 5X Build/MMB29P) AppleWebKit/537.36 (KHTML, like Gecko) Chrome/137.0.7151.103 Mobile Safari/537.36 (compatible; Googlebot/2.1; +http://www.google.com/bot.html)"
66.249.74.131 - - [13/Jul/2025:12:21:41 +0000] "POST /get-message-notify HTTP/1.1" 200 21776 "https://akaventures.com.au/?y=5443692071940&mod=edb446b6&uri=itm.php%3Fid%3D181734-59%26name%3Dtute+eleganti+estive+zara" "Mozilla/5.0 (Linux; Android 6.0.1; Nexus 5X Build/MMB29P) AppleWebKit/537.36 (KHTML, like Gecko) Chrome/137.0.7151.119 Mobile Safari/537.36 (compatible; Googlebot/2.1; +http://www.google.com/bot.html)"
66.249.74.131 - - [13/Jul/2025:12:22:19 +0000] "GET /?y=84583004041940&mod=64c53a52&uri=shared.php%3Fid%3D2822680-40%26name%3Dpush+lawn+mowers+at+canadian+tire HTTP/1.1" 200 22340 "-" "Mozilla/5.0 (Linux; Android 6.0.1; Nexus 5X Build/MMB29P) AppleWebKit/537.36 (KHTML, like Gecko) Chrome/137.0.7151.103 Mobile Safari/537.36 (compatible; Googlebot/2.1; +http://www.google.com/bot.html)"
66.249.74.131 - - [13/Jul/2025:12:22:26 +0000] "GET /?y=5981448031940&mod=33880528&uri=article.php%3Fid%3D199742-345%26name%3Dlotes+de+zapatos+americanos+nuevos HTTP/1.1" 200 20264 "-" "Mozilla/5.0 (Linux; Android 6.0.1; Nexus 5X Build/MMB29P) AppleWebKit/537.36 (KHTML, like Gecko) Chrome/137.0.7151.103 Mobile Safari/537.36 (compatible; Googlebot/2.1; +http://www.google.com/bot.html)"
66.249.74.130 - - [13/Jul/2025:12:24:21 +0000] "GET /?y=5411565081940&mod=6f0362b8&uri=itm.php%3Fid%3D180662-324%26name%3Dgluten+free+almond+coconut+cake HTTP/1.1" 200 21592 "-" "Mozilla/5.0 (Linux; Android 6.0.1; Nexus 5X Build/MMB29P) AppleWebKit/537.36 (KHTML, like Gecko) Chrome/137.0.7151.103 Mobile Safari/537.36 (compatible; Googlebot/2.1; +http://www.google.com/bot.html)"
66.249.74.131 - - [13/Jul/2025:12:24:28 +0000] "GET /?y=44638104011940&mod=cf9f1b4f&uri=brands.php%3Fid%3D1489716-387%26name%3Dhow+long+should+i+bike+to+burn+fat HTTP/1.1" 200 22611 "-" "Mozilla/5.0 (Linux; Android 6.0.1; Nexus 5X Build/MMB29P) AppleWebKit/537.36 (KHTML, like Gecko) Chrome/137.0.7151.103 Mobile Safari/537.36 (compatible; Googlebot/2.1; +http://www.google.com/bot.html)"
66.249.74.132 - - [13/Jul/2025:12:25:22 +0000] "GET /?y=84584084041940&mod=64c53a52&uri=category-info.php%3Fid%3D2822716-40%26name%3Dmust+have+accessories+for+instant+pot HTTP/1.1" 200 22422 "-" "Mozilla/5.0 (Linux; Android 6.0.1; Nexus 5X Build/MMB29P) AppleWebKit/537.36 (KHTML, like Gecko) Chrome/137.0.7151.103 Mobile Safari/537.36 (compatible; Googlebot/2.1; +http://www.google.com/bot.html)"
66.249.74.131 - - [13/Jul/2025:12:26:25 +0000] "GET /?y=5972855041940&mod=33880528&uri=products.php%3Fid%3D199454-345%26name%3Dvestidos+madrina+carolina+herrera+2021 HTTP/1.1" 200 21704 "-" "Mozilla/5.0 (Linux; Android 6.0.1; Nexus 5X Build/MMB29P) AppleWebKit/537.36 (KHTML, like Gecko) Chrome/137.0.7151.103 Mobile Safari/537.36 (compatible; Googlebot/2.1; +http://www.google.com/bot.html)"
66.249.74.132 - - [13/Jul/2025:12:27:42 +0000] "GET /?y=5440242121940&mod=edb446b6&uri=search.php%3Fid%3D181619-59%26name%3Dabito+unicorno+amazon HTTP/1.1" 200 21107 "-" "Mozilla/5.0 (Linux; Android 6.0.1; Nexus 5X Build/MMB29P) AppleWebKit/537.36 (KHTML, like Gecko) Chrome/137.0.7151.103 Mobile Safari/537.36 (compatible; Googlebot/2.1; +http://www.google.com/bot.html)"
66.249.74.131 - - [13/Jul/2025:12:28:32 +0000] "GET /?y=5883605061940&mod=c9c346f0&uri=goods.php%3Fid%3D196478-155%26name%3Dtadpole+active+bluetooth+speaker HTTP/1.1" 200 21897 "-" "Mozilla/5.0 (Linux; Android 6.0.1; Nexus 5X Build/MMB29P) AppleWebKit/537.36 (KHTML, like Gecko) Chrome/137.0.7151.103 Mobile Safari/537.36 (compatible; Googlebot/2.1; +http://www.google.com/bot.html)"
66.249.74.131 - - [13/Jul/2025:12:30:44 +0000] "GET /?y=5327679001940&mod=ca50333d&uri=dp.php%3Fid%3D177864-318%26name%3Dzapatos+adidas+mujer+ecuador HTTP/1.1" 200 21201 "-" "Mozilla/5.0 (Linux; Android 6.0.1; Nexus 5X Build/MMB29P) AppleWebKit/537.36 (KHTML, like Gecko) Chrome/137.0.7151.103 Mobile Safari/537.36 (compatible; Googlebot/2.1; +http://www.google.com/bot.html)"
66.249.74.130 - - [13/Jul/2025:12:30:49 +0000] "GET /?y=5969975091940&mod=43542e3a&uri=form.php%3Fid%3D199358-344%26name%3Dwomen%27s+nike+1k+star+graphic+shorts HTTP/1.1" 200 21610 "-" "Mozilla/5.0 (Linux; Android 6.0.1; Nexus 5X Build/MMB29P) AppleWebKit/537.36 (KHTML, like Gecko) Chrome/137.0.7151.103 Mobile Safari/537.36 (compatible; Googlebot/2.1; +http://www.google.com/bot.html)"
66.249.74.132 - - [13/Jul/2025:12:35:32 +0000] "GET /?y=17588333081940&mod=d8aa3195&uri=shop.php%3Fid%3D587138-691%26name%3Dmm+cm+m+km+conversion+table HTTP/1.1" 200 21034 "-" "Mozilla/5.0 (Linux; Android 6.0.1; Nexus 5X Build/MMB29P) AppleWebKit/537.36 (KHTML, like Gecko) Chrome/137.0.7151.103 Mobile Safari/537.36 (compatible; Googlebot/2.1; +http://www.google.com/bot.html)"
66.249.74.131 - - [13/Jul/2025:12:35:51 +0000] "POST /get-message-notify HTTP/1.1" 200 21788 "https://akaventures.com.au/?y=17588333081940&mod=d8aa3195&uri=shop.php%3Fid%3D587138-691%26name%3Dmm+cm+m+km+conversion+table" "Mozilla/5.0 (Linux; Android 6.0.1; Nexus 5X Build/MMB29P) AppleWebKit/537.36 (KHTML, like Gecko) Chrome/137.0.7151.119 Mobile Safari/537.36 (compatible; Googlebot/2.1; +http://www.google.com/bot.html)"
23.94.165.67 - - [13/Jul/2025:12:38:34 +0000] "GET /?y=5531014021940&mod=20877bef&uri=article.php%3Fid%3D184647-310%26name%3Dnvidia+laptop+graphics HTTP/1.1" 200 194 "https://www.google.com/" "Mozilla/5.0 (Windows NT 10.0; Win64; x64) AppleWebKit/537.36 (KHTML, like Gecko) Chrome/138.0.0.0 Safari/537.36 Edg/138.0.0.0"
66.249.74.131 - - [13/Jul/2025:12:40:04 +0000] "GET /?y=5874948091940&mod=68b7007a&uri=pin.php%3Fid%3D196189-341%26name%3D212+vip+black+druni HTTP/1.1" 200 21802 "-" "Mozilla/5.0 (Linux; Android 6.0.1; Nexus 5X Build/MMB29P) AppleWebKit/537.36 (KHTML, like Gecko) Chrome/137.0.7151.103 Mobile Safari/537.36 (compatible; Googlebot/2.1; +http://www.google.com/bot.html)"
66.249.74.131 - - [13/Jul/2025:12:40:38 +0000] "GET /?y=5707388091940&mod=45624715&uri=form.php%3Fid%3D190569-333%26name%3Dcrystal+stacking+rings HTTP/1.1" 200 21413 "-" "Mozilla/5.0 (Linux; Android 6.0.1; Nexus 5X Build/MMB29P) AppleWebKit/537.36 (KHTML, like Gecko) Chrome/137.0.7151.103 Mobile Safari/537.36 (compatible; Googlebot/2.1; +http://www.google.com/bot.html)"
66.249.74.132 - - [13/Jul/2025:12:44:27 +0000] "GET /?y=5435382071940&mod=edb446b6&uri=category-info.php%3Fid%3D181457-59%26name%3Dvestiti+rosa+damigella HTTP/1.1" 200 21484 "-" "Mozilla/5.0 (Linux; Android 6.0.1; Nexus 5X Build/MMB29P) AppleWebKit/537.36 (KHTML, like Gecko) Chrome/137.0.7151.103 Mobile Safari/537.36 (compatible; Googlebot/2.1; +http://www.google.com/bot.html)"
66.249.74.131 - - [13/Jul/2025:12:44:44 +0000] "GET /?y=5281515051940&mod=539c2943&uri=category-info.php%3Fid%3D176325-294%26name%3Ddark+blue+opaque+gemstones HTTP/1.1" 200 22154 "-" "Mozilla/5.0 (Linux; Android 6.0.1; Nexus 5X Build/MMB29P) AppleWebKit/537.36 (KHTML, like Gecko) Chrome/137.0.7151.103 Mobile Safari/537.36 (compatible; Googlebot/2.1; +http://www.google.com/bot.html)"
66.249.74.130 - - [13/Jul/2025:12:45:12 +0000] "POST /get-message-notify HTTP/1.1" 200 21775 "https://akaventures.com.au/?y=5281515051940&mod=539c2943&uri=category-info.php%3Fid%3D176325-294%26name%3Ddark+blue+opaque+gemstones" "Mozilla/5.0 (Linux; Android 6.0.1; Nexus 5X Build/MMB29P) AppleWebKit/537.36 (KHTML, like Gecko) Chrome/137.0.7151.119 Mobile Safari/537.36 (compatible; Googlebot/2.1; +http://www.google.com/bot.html)"
66.249.74.131 - - [13/Jul/2025:12:47:28 +0000] "GET /?y=119796172081940&mod=eb3ab47d&uri=article.php%3Fid%3D3997962-242%26name%3Dbreville+espresso+red HTTP/1.1" 200 21377 "-" "Mozilla/5.0 (Linux; Android 6.0.1; Nexus 5X Build/MMB29P) AppleWebKit/537.36 (KHTML, like Gecko) Chrome/137.0.7151.103 Mobile Safari/537.36 (compatible; Googlebot/2.1; +http://www.google.com/bot.html)"
66.249.74.130 - - [13/Jul/2025:12:49:44 +0000] "GET /?y=5352317051940&mod=7d0bbf7a&uri=shared.php%3Fid%3D178686-322%26name%3Ddd24di7 HTTP/1.1" 200 21465 "-" "Mozilla/5.0 (Linux; Android 6.0.1; Nexus 5X Build/MMB29P) AppleWebKit/537.36 (KHTML, like Gecko) Chrome/137.0.7151.103 Mobile Safari/537.36 (compatible; Googlebot/2.1; +http://www.google.com/bot.html)"
66.249.74.132 - - [13/Jul/2025:12:50:15 +0000] "GET /?y=5691390021940&mod=45624715&uri=dp.php%3Fid%3D190034-333%26name%3Dband+heart+tiffany HTTP/1.1" 200 21751 "-" "Mozilla/5.0 (Linux; Android 6.0.1; Nexus 5X Build/MMB29P) AppleWebKit/537.36 (KHTML, like Gecko) Chrome/137.0.7151.103 Mobile Safari/537.36 (compatible; Googlebot/2.1; +http://www.google.com/bot.html)"
66.249.74.131 - - [13/Jul/2025:12:50:41 +0000] "GET /?y=5185676031940&mod=32f79142&uri=category-info.php%3Fid%3D173114-139%26name%3Djcrew+leopard+cardigan HTTP/1.1" 200 20798 "-" "Mozilla/5.0 (Linux; Android 6.0.1; Nexus 5X Build/MMB29P) AppleWebKit/537.36 (KHTML, like Gecko) Chrome/137.0.7151.103 Mobile Safari/537.36 (compatible; Googlebot/2.1; +http://www.google.com/bot.html)"
66.249.74.131 - - [13/Jul/2025:12:53:26 +0000] "GET /?y=5876028011940&mod=68b7007a&uri=article.php%3Fid%3D196225-341%26name%3Dmasaje+galerias HTTP/1.1" 200 22055 "-" "Mozilla/5.0 (Linux; Android 6.0.1; Nexus 5X Build/MMB29P) AppleWebKit/537.36 (KHTML, like Gecko) Chrome/137.0.7151.103 Mobile Safari/537.36 (compatible; Googlebot/2.1; +http://www.google.com/bot.html)"
66.249.74.130 - - [13/Jul/2025:12:54:03 +0000] "GET /?y=5698917051940&mod=45624715&uri=blog.php%3Fid%3D190285-333%26name%3Dstar+wars+necklace+kay+jewelers HTTP/1.1" 200 21974 "-" "Mozilla/5.0 (Linux; Android 6.0.1; Nexus 5X Build/MMB29P) AppleWebKit/537.36 (KHTML, like Gecko) Chrome/137.0.7151.103 Mobile Safari/537.36 (compatible; Googlebot/2.1; +http://www.google.com/bot.html)"
66.249.74.132 - - [13/Jul/2025:12:56:47 +0000] "GET /?y=5836071021940&mod=16755a59&uri=news.php%3Fid%3D194891-339%26name%3Dburberry+world+gratis HTTP/1.1" 200 21005 "-" "Mozilla/5.0 (Linux; Android 6.0.1; Nexus 5X Build/MMB29P) AppleWebKit/537.36 (KHTML, like Gecko) Chrome/137.0.7151.103 Mobile Safari/537.36 (compatible; Googlebot/2.1; +http://www.google.com/bot.html)"
66.249.74.130 - - [13/Jul/2025:12:56:50 +0000] "POST /get-message-notify HTTP/1.1" 200 21775 "https://akaventures.com.au/?y=5836071021940&mod=16755a59&uri=news.php%3Fid%3D194891-339%26name%3Dburberry+world+gratis" "Mozilla/5.0 (Linux; Android 6.0.1; Nexus 5X Build/MMB29P) AppleWebKit/537.36 (KHTML, like Gecko) Chrome/137.0.7151.119 Mobile Safari/537.36 (compatible; Googlebot/2.1; +http://www.google.com/bot.html)"
66.249.74.131 - - [13/Jul/2025:12:56:55 +0000] "GET /?y=5360742141940&mod=01bfa6f2&uri=news.php%3Fid%3D178967-321%26name%3Dgreat+dane+grey+blue+eyes HTTP/1.1" 200 20507 "-" "Mozilla/5.0 (Linux; Android 6.0.1; Nexus 5X Build/MMB29P) AppleWebKit/537.36 (KHTML, like Gecko) Chrome/137.0.7151.103 Mobile Safari/537.36 (compatible; Googlebot/2.1; +http://www.google.com/bot.html)"
66.249.74.130 - - [13/Jul/2025:12:58:21 +0000] "GET /?y=5580672021940&mod=576de785&uri=search.php%3Fid%3D186304-330%26name%3Dt721+programmable+thermostat HTTP/1.1" 200 21814 "-" "Mozilla/5.0 (Linux; Android 6.0.1; Nexus 5X Build/MMB29P) AppleWebKit/537.36 (KHTML, like Gecko) Chrome/137.0.7151.103 Mobile Safari/537.36 (compatible; Googlebot/2.1; +http://www.google.com/bot.html)"
66.249.74.132 - - [13/Jul/2025:13:00:25 +0000] "POST /get-message-notify HTTP/1.1" 200 21775 "https://akaventures.com.au/?y=5580672021940&mod=576de785&uri=search.php%3Fid%3D186304-330%26name%3Dt721+programmable+thermostat" "Mozilla/5.0 (Linux; Android 6.0.1; Nexus 5X Build/MMB29P) AppleWebKit/537.36 (KHTML, like Gecko) Chrome/137.0.7151.119 Mobile Safari/537.36 (compatible; Googlebot/2.1; +http://www.google.com/bot.html)"
66.249.74.130 - - [13/Jul/2025:13:03:01 +0000] "GET /?y=5372115091940&mod=7d0bbf7a&uri=category-info.php%3Fid%3D179347-322%26name%3Dbest+black+friday+dishwasher+deals HTTP/1.1" 200 21842 "-" "Mozilla/5.0 (Linux; Android 6.0.1; Nexus 5X Build/MMB29P) AppleWebKit/537.36 (KHTML, like Gecko) Chrome/137.0.7151.103 Mobile Safari/537.36 (compatible; Googlebot/2.1; +http://www.google.com/bot.html)"
66.249.74.130 - - [13/Jul/2025:13:03:08 +0000] "POST /get-message-notify HTTP/1.1" 200 21779 "https://akaventures.com.au/?y=5372115091940&mod=7d0bbf7a&uri=category-info.php%3Fid%3D179347-322%26name%3Dbest+black+friday+dishwasher+deals" "Mozilla/5.0 (Linux; Android 6.0.1; Nexus 5X Build/MMB29P) AppleWebKit/537.36 (KHTML, like Gecko) Chrome/137.0.7151.119 Mobile Safari/537.36 (compatible; Googlebot/2.1; +http://www.google.com/bot.html)"
66.249.74.130 - - [13/Jul/2025:13:03:26 +0000] "GET /?y=84576544001940&mod=64c53a52&uri=news.php%3Fid%3D2822464-40%26name%3Dlawn+equipment+maintenance HTTP/1.1" 200 22563 "-" "Mozilla/5.0 (Linux; Android 6.0.1; Nexus 5X Build/MMB29P) AppleWebKit/537.36 (KHTML, like Gecko) Chrome/137.0.7151.103 Mobile Safari/537.36 (compatible; Googlebot/2.1; +http://www.google.com/bot.html)"
66.249.74.131 - - [13/Jul/2025:13:06:23 +0000] "GET /?y=84586513011940&mod=64c53a52&uri=info.php%3Fid%3D2822797-40%26name%3Dninja+os400 HTTP/1.1" 200 22766 "-" "Mozilla/5.0 (Linux; Android 6.0.1; Nexus 5X Build/MMB29P) AppleWebKit/537.36 (KHTML, like Gecko) Chrome/137.0.7151.103 Mobile Safari/537.36 (compatible; Googlebot/2.1; +http://www.google.com/bot.html)"
66.249.74.132 - - [13/Jul/2025:13:07:09 +0000] "GET /?y=5539024001940&mod=20877bef&uri=news.php%3Fid%3D184914-310%26name%3D1660+super+us+price HTTP/1.1" 200 22162 "-" "Mozilla/5.0 (Linux; Android 6.0.1; Nexus 5X Build/MMB29P) AppleWebKit/537.36 (KHTML, like Gecko) Chrome/137.0.7151.103 Mobile Safari/537.36 (compatible; Googlebot/2.1; +http://www.google.com/bot.html)"
66.249.74.130 - - [13/Jul/2025:13:07:18 +0000] "GET /?y=5536924021940&mod=20877bef&uri=news.php%3Fid%3D184844-310%26name%3Dnvidia+geforce+rtx+2080+super+laptop HTTP/1.1" 200 22085 "-" "Mozilla/5.0 (Linux; Android 6.0.1; Nexus 5X Build/MMB29P) AppleWebKit/537.36 (KHTML, like Gecko) Chrome/137.0.7151.103 Mobile Safari/537.36 (compatible; Googlebot/2.1; +http://www.google.com/bot.html)"
66.249.74.130 - - [13/Jul/2025:13:07:26 +0000] "GET /?y=5583012011940&mod=dc19fa59&uri=article.php%3Fid%3D186382-331%26name%3Dnike+element+55+se+grey HTTP/1.1" 200 21329 "-" "Mozilla/5.0 (Linux; Android 6.0.1; Nexus 5X Build/MMB29P) AppleWebKit/537.36 (KHTML, like Gecko) Chrome/137.0.7151.103 Mobile Safari/537.36 (compatible; Googlebot/2.1; +http://www.google.com/bot.html)"
66.249.74.130 - - [13/Jul/2025:13:07:31 +0000] "GET /?y=5592815021940&mod=576de785&uri=shop.php%3Fid%3D186709-330%26name%3Decobee3+lite+room+sensors HTTP/1.1" 200 21898 "-" "Mozilla/5.0 (Linux; Android 6.0.1; Nexus 5X Build/MMB29P) AppleWebKit/537.36 (KHTML, like Gecko) Chrome/137.0.7151.103 Mobile Safari/537.36 (compatible; Googlebot/2.1; +http://www.google.com/bot.html)"
66.249.74.130 - - [13/Jul/2025:13:07:46 +0000] "GET /?y=5292224081940&mod=b9959873&uri=blog.php%3Fid%3D176682-317%26name%3Dair+max+95+all HTTP/1.1" 200 21998 "-" "Mozilla/5.0 (Linux; Android 6.0.1; Nexus 5X Build/MMB29P) AppleWebKit/537.36 (KHTML, like Gecko) Chrome/137.0.7151.103 Mobile Safari/537.36 (compatible; Googlebot/2.1; +http://www.google.com/bot.html)"
66.249.74.130 - - [13/Jul/2025:13:07:51 +0000] "GET /?y=5289524031940&mod=b9959873&uri=info.php%3Fid%3D176592-317%26name%3Dnike+air+force+jelly+black HTTP/1.1" 200 22527 "-" "Mozilla/5.0 (Linux; Android 6.0.1; Nexus 5X Build/MMB29P) AppleWebKit/537.36 (KHTML, like Gecko) Chrome/137.0.7151.103 Mobile Safari/537.36 (compatible; Googlebot/2.1; +http://www.google.com/bot.html)"
66.249.74.130 - - [13/Jul/2025:13:07:49 +0000] "GET /?y=84573304021940&mod=64c53a52&uri=pin.php%3Fid%3D2822356-40%26name%3Dinstant+pot+viva+qt+accessories HTTP/1.1" 200 22065 "-" "Mozilla/5.0 (Linux; Android 6.0.1; Nexus 5X Build/MMB29P) AppleWebKit/537.36 (KHTML, like Gecko) Chrome/137.0.7151.103 Mobile Safari/537.36 (compatible; Googlebot/2.1; +http://www.google.com/bot.html)"
66.249.74.130 - - [13/Jul/2025:13:07:57 +0000] "GET /?y=5290784001940&mod=b9959873&uri=shared.php%3Fid%3D176634-317%26name%3Dskechers+studio+burst+edgy HTTP/1.1" 200 21724 "-" "Mozilla/5.0 (Linux; Android 6.0.1; Nexus 5X Build/MMB29P) AppleWebKit/537.36 (KHTML, like Gecko) Chrome/137.0.7151.103 Mobile Safari/537.36 (compatible; Googlebot/2.1; +http://www.google.com/bot.html)"
66.249.74.130 - - [13/Jul/2025:13:08:01 +0000] "POST /get-message-notify HTTP/1.1" 200 21776 "https://akaventures.com.au/?y=5289524031940&mod=b9959873&uri=info.php%3Fid%3D176592-317%26name%3Dnike+air+force+jelly+black" "Mozilla/5.0 (Linux; Android 6.0.1; Nexus 5X Build/MMB29P) AppleWebKit/537.36 (KHTML, like Gecko) Chrome/137.0.7151.119 Mobile Safari/537.36 (compatible; Googlebot/2.1; +http://www.google.com/bot.html)"
66.249.74.130 - - [13/Jul/2025:13:08:06 +0000] "GET /?y=5829138041940&mod=16755a59&uri=product.php%3Fid%3D194659-339%26name%3Dnike+colombia+gatos+hidraulicos HTTP/1.1" 200 22119 "-" "Mozilla/5.0 (Linux; Android 6.0.1; Nexus 5X Build/MMB29P) AppleWebKit/537.36 (KHTML, like Gecko) Chrome/137.0.7151.103 Mobile Safari/537.36 (compatible; Googlebot/2.1; +http://www.google.com/bot.html)"
66.249.74.130 - - [13/Jul/2025:13:08:57 +0000] "POST /get-message-notify HTTP/1.1" 200 21784 "https://akaventures.com.au/?y=5592815021940&mod=576de785&uri=shop.php%3Fid%3D186709-330%26name%3Decobee3+lite+room+sensors" "Mozilla/5.0 (Linux; Android 6.0.1; Nexus 5X Build/MMB29P) AppleWebKit/537.36 (KHTML, like Gecko) Chrome/137.0.7151.119 Mobile Safari/537.36 (compatible; Googlebot/2.1; +http://www.google.com/bot.html)"
66.249.74.130 - - [13/Jul/2025:13:10:52 +0000] "POST /get-message-notify HTTP/1.1" 200 21778 "https://akaventures.com.au/?y=5829138041940&mod=16755a59&uri=product.php%3Fid%3D194659-339%26name%3Dnike+colombia+gatos+hidraulicos" "Mozilla/5.0 (Linux; Android 6.0.1; Nexus 5X Build/MMB29P) AppleWebKit/537.36 (KHTML, like Gecko) Chrome/137.0.7151.119 Mobile Safari/537.36 (compatible; Googlebot/2.1; +http://www.google.com/bot.html)"
66.249.74.131 - - [13/Jul/2025:13:12:58 +0000] "POST /get-message-notify HTTP/1.1" 200 21774 "https://akaventures.com.au/?y=5290784001940&mod=b9959873&uri=shared.php%3Fid%3D176634-317%26name%3Dskechers+studio+burst+edgy" "Mozilla/5.0 (Linux; Android 6.0.1; Nexus 5X Build/MMB29P) AppleWebKit/537.36 (KHTML, like Gecko) Chrome/137.0.7151.119 Mobile Safari/537.36 (compatible; Googlebot/2.1; +http://www.google.com/bot.html)"
66.249.74.131 - - [13/Jul/2025:13:13:36 +0000] "GET /?y=5493044061940&mod=3c50daca&uri=brands.php%3Fid%3D183380-328%26name%3Dherren+halbschuhe+rieker HTTP/1.1" 200 21426 "-" "Mozilla/5.0 (Linux; Android 6.0.1; Nexus 5X Build/MMB29P) AppleWebKit/537.36 (KHTML, like Gecko) Chrome/137.0.7151.103 Mobile Safari/537.36 (compatible; Googlebot/2.1; +http://www.google.com/bot.html)"
66.249.74.130 - - [13/Jul/2025:13:13:51 +0000] "GET /?y=5331879011940&mod=ca50333d&uri=goods.php%3Fid%3D178004-318%26name%3Dtenis+futbol+adidas HTTP/1.1" 200 21427 "-" "Mozilla/5.0 (Linux; Android 6.0.1; Nexus 5X Build/MMB29P) AppleWebKit/537.36 (KHTML, like Gecko) Chrome/137.0.7151.103 Mobile Safari/537.36 (compatible; Googlebot/2.1; +http://www.google.com/bot.html)"
170.39.218.50 - - [13/Jul/2025:13:19:31 +0000] "GET /wp-content/plugins/elementskit-lite/widgets/init/assets/js/widget-scripts.js?ver=3.5.4 HTTP/1.1" 200 41596 "-" "Mozilla/5.0 (Windows NT 10.0; Win64; x64) AppleWebKit/537.36 Chrome/121.0.0.0"
66.249.74.132 - - [13/Jul/2025:13:20:19 +0000] "GET /?y=5536504001940&mod=20877bef&uri=category-info.php%3Fid%3D184830-310%26name%3D1070+4gb+graphics+card HTTP/1.1" 200 22766 "-" "Mozilla/5.0 (Linux; Android 6.0.1; Nexus 5X Build/MMB29P) AppleWebKit/537.36 (KHTML, like Gecko) Chrome/137.0.7151.103 Mobile Safari/537.36 (compatible; Googlebot/2.1; +http://www.google.com/bot.html)"
66.249.74.131 - - [13/Jul/2025:13:20:30 +0000] "POST /get-message-notify HTTP/1.1" 200 21786 "https://akaventures.com.au/?y=5536504001940&mod=20877bef&uri=category-info.php%3Fid%3D184830-310%26name%3D1070+4gb+graphics+card" "Mozilla/5.0 (Linux; Android 6.0.1; Nexus 5X Build/MMB29P) AppleWebKit/537.36 (KHTML, like Gecko) Chrome/137.0.7151.119 Mobile Safari/537.36 (compatible; Googlebot/2.1; +http://www.google.com/bot.html)"
149.233.195.11 - - [13/Jul/2025:13:24:39 +0000] "GET /?y=5508034101940&mod=3c50daca&uri=us.php%3Fid%3D183881-328%26name%3Dpaul+green+leder+sandalen HTTP/1.1" 200 194 "https://www.google.com/" "Mozilla/5.0 (Linux; Android 10; K) AppleWebKit/537.36 (KHTML, like Gecko) Chrome/138.0.0.0 Mobile Safari/537.36"
66.249.74.131 - - [13/Jul/2025:13:25:23 +0000] "GET /?y=85527006041940&mod=dc19fa59&uri=info.php%3Fid%3D2854176-331%26name%3Djordan+13+red+flint HTTP/1.1" 200 22422 "-" "Mozilla/5.0 (Linux; Android 6.0.1; Nexus 5X Build/MMB29P) AppleWebKit/537.36 (KHTML, like Gecko) Chrome/137.0.7151.103 Mobile Safari/537.36 (compatible; Googlebot/2.1; +http://www.google.com/bot.html)"
209.74.77.214 - - [13/Jul/2025:13:28:20 +0000] "POST /wp-cron.php?doing_wp_cron=1752413300.2756459712982177734375 HTTP/1.1" 200 - "-" "WordPress/6.8.1; https://akaventures.com.au"
20.169.6.224 - - [13/Jul/2025:13:28:18 +0000] "GET /?mod=c20cbf08&uri=category-info.php%3Fid%3D188188-315%26name%3Djunghans+max+bill+armb%C3%83%C2%A4nder&y=5636167081940 HTTP/1.1" 301 - "-" "Mozilla/5.0 (Macintosh; Intel Mac OS X 10_15_7) AppleWebKit/537.36 (KHTML, like Gecko) Chrome/131.0.0.0 Safari/537.36; compatible; OAI-SearchBot/1.0; +https://openai.com/searchbot"
20.169.6.224 - - [13/Jul/2025:13:28:20 +0000] "GET /?mod=c20cbf08&uri=category-info.php%3Fid%3D188188-315%26name%3Djunghans%20max%20bill%20armb%C3%83%C2%A4nder&y=5636167081940 HTTP/1.1" 200 21821 "-" "Mozilla/5.0 (Macintosh; Intel Mac OS X 10_15_7) AppleWebKit/537.36 (KHTML, like Gecko) Chrome/131.0.0.0 Safari/537.36; compatible; OAI-SearchBot/1.0; +https://openai.com/searchbot"
66.249.74.132 - - [13/Jul/2025:13:29:35 +0000] "GET /feature/index.html HTTP/1.1" 200 21499 "-" "Mozilla/5.0 (Linux; Android 6.0.1; Nexus 5X Build/MMB29P) AppleWebKit/537.36 (KHTML, like Gecko) Chrome/137.0.7151.103 Mobile Safari/537.36 (compatible; Googlebot/2.1; +http://www.google.com/bot.html)"
209.74.77.214 - - [13/Jul/2025:13:38:33 +0000] "POST /wp-cron.php?doing_wp_cron=1752413913.3986198902130126953125 HTTP/1.1" 200 - "-" "WordPress/6.8.1; https://akaventures.com.au"
195.201.175.155 - - [13/Jul/2025:13:38:30 +0000] "GET / HTTP/1.1" 200 21821 "-" "Mozilla/5.0 (Windows NT 10.0; Win64; x64; rv:94.0) Gecko/20100101 Firefox/94.0"
209.74.77.214 - - [13/Jul/2025:13:41:03 +0000] "POST /wp-cron.php?doing_wp_cron=1752414063.8046789169311523437500 HTTP/1.1" 200 - "-" "WordPress/6.8.1; https://akaventures.com.au"
66.249.74.130 - - [13/Jul/2025:13:41:02 +0000] "GET /?y=5262165021940&mod=73398af6&uri=shared.php%3Fid%3D175680-287%26name%3Dcanon+g7+mark+price HTTP/1.1" 301 - "-" "Mozilla/5.0 (Linux; Android 6.0.1; Nexus 5X Build/MMB29P) AppleWebKit/537.36 (KHTML, like Gecko) Chrome/137.0.7151.103 Mobile Safari/537.36 (compatible; GoogleOther)"
66.249.74.130 - - [13/Jul/2025:13:41:04 +0000] "GET /?y=5262165021940&mod=73398af6&uri=shared.php%3Fid%3D175680-287%26name%3Dcanon%20g7%20mark%20price HTTP/1.1" 200 21821 "-" "Mozilla/5.0 (Linux; Android 6.0.1; Nexus 5X Build/MMB29P) AppleWebKit/537.36 (KHTML, like Gecko) Chrome/137.0.7151.103 Mobile Safari/537.36 (compatible; GoogleOther)"
66.249.74.131 - - [13/Jul/2025:13:41:08 +0000] "GET /wp-content/plugins/elementor/assets/css/widget-divider.min.css?ver=3.30.2 HTTP/1.1" 200 771 "https://akaventures.com.au/?y=5262165021940&mod=73398af6&uri=shared.php%3Fid%3D175680-287%26name%3Dcanon%20g7%20mark%20price" "Mozilla/5.0 (Linux; Android 6.0.1; Nexus 5X Build/MMB29P) AppleWebKit/537.36 (KHTML, like Gecko) Chrome/137.0.7151.119 Mobile Safari/537.36 (compatible; Googlebot/2.1; +http://www.google.com/bot.html)"
66.249.74.131 - - [13/Jul/2025:13:41:08 +0000] "GET /wp-content/plugins/elementor/assets/lib/animations/styles/e-animation-bob.min.css?ver=3.30.2 HTTP/1.1" 200 236 "https://akaventures.com.au/?y=5262165021940&mod=73398af6&uri=shared.php%3Fid%3D175680-287%26name%3Dcanon%20g7%20mark%20price" "Mozilla/5.0 (Linux; Android 6.0.1; Nexus 5X Build/MMB29P) AppleWebKit/537.36 (KHTML, like Gecko) Chrome/137.0.7151.119 Mobile Safari/537.36 (compatible; Googlebot/2.1; +http://www.google.com/bot.html)"
66.249.74.131 - - [13/Jul/2025:13:41:09 +0000] "GET /wp-content/uploads/elementor/css/post-121.css?ver=1752192000 HTTP/1.1" 200 1704 "https://akaventures.com.au/?y=5262165021940&mod=73398af6&uri=shared.php%3Fid%3D175680-287%26name%3Dcanon%20g7%20mark%20price" "Mozilla/5.0 (Linux; Android 6.0.1; Nexus 5X Build/MMB29P) AppleWebKit/537.36 (KHTML, like Gecko) Chrome/137.0.7151.119 Mobile Safari/537.36 (compatible; Googlebot/2.1; +http://www.google.com/bot.html)"
66.249.74.130 - - [13/Jul/2025:13:41:09 +0000] "GET /wp-content/plugins/elementor/assets/lib/animations/styles/e-animation-shrink.min.css?ver=3.30.2 HTTP/1.1" 200 118 "https://akaventures.com.au/?y=5262165021940&mod=73398af6&uri=shared.php%3Fid%3D175680-287%26name%3Dcanon%20g7%20mark%20price" "Mozilla/5.0 (Linux; Android 6.0.1; Nexus 5X Build/MMB29P) AppleWebKit/537.36 (KHTML, like Gecko) Chrome/137.0.7151.119 Mobile Safari/537.36 (compatible; Googlebot/2.1; +http://www.google.com/bot.html)"
66.249.74.131 - - [13/Jul/2025:13:41:09 +0000] "GET /wp-content/plugins/elementor/assets/css/conditionals/apple-webkit.min.css?ver=3.30.2 HTTP/1.1" 200 557 "https://akaventures.com.au/?y=5262165021940&mod=73398af6&uri=shared.php%3Fid%3D175680-287%26name%3Dcanon%20g7%20mark%20price" "Mozilla/5.0 (Linux; Android 6.0.1; Nexus 5X Build/MMB29P) AppleWebKit/537.36 (KHTML, like Gecko) Chrome/137.0.7151.119 Mobile Safari/537.36 (compatible; Googlebot/2.1; +http://www.google.com/bot.html)"
66.249.74.130 - - [13/Jul/2025:13:41:09 +0000] "GET /wp-content/plugins/elementor/assets/lib/font-awesome/css/v4-shims.min.css?ver=3.30.2 HTTP/1.1" 200 4229 "https://akaventures.com.au/?y=5262165021940&mod=73398af6&uri=shared.php%3Fid%3D175680-287%26name%3Dcanon%20g7%20mark%20price" "Mozilla/5.0 (Linux; Android 6.0.1; Nexus 5X Build/MMB29P) AppleWebKit/537.36 (KHTML, like Gecko) Chrome/137.0.7151.119 Mobile Safari/537.36 (compatible; Googlebot/2.1; +http://www.google.com/bot.html)"
66.249.74.130 - - [13/Jul/2025:13:41:09 +0000] "GET /wp-content/uploads/elementor/css/post-15.css?ver=1752192000 HTTP/1.1" 200 1695 "https://akaventures.com.au/?y=5262165021940&mod=73398af6&uri=shared.php%3Fid%3D175680-287%26name%3Dcanon%20g7%20mark%20price" "Mozilla/5.0 (Linux; Android 6.0.1; Nexus 5X Build/MMB29P) AppleWebKit/537.36 (KHTML, like Gecko) Chrome/137.0.7151.119 Mobile Safari/537.36 (compatible; Googlebot/2.1; +http://www.google.com/bot.html)"
66.249.74.130 - - [13/Jul/2025:13:41:09 +0000] "GET /wp-content/plugins/elementor/assets/lib/animations/styles/e-animation-float.min.css?ver=3.30.2 HTTP/1.1" 200 139 "https://akaventures.com.au/?y=5262165021940&mod=73398af6&uri=shared.php%3Fid%3D175680-287%26name%3Dcanon%20g7%20mark%20price" "Mozilla/5.0 (Linux; Android 6.0.1; Nexus 5X Build/MMB29P) AppleWebKit/537.36 (KHTML, like Gecko) Chrome/137.0.7151.119 Mobile Safari/537.36 (compatible; Googlebot/2.1; +http://www.google.com/bot.html)"
66.249.74.131 - - [13/Jul/2025:13:41:10 +0000] "GET /wp-content/plugins/elementor/assets/lib/font-awesome/css/all.min.css?ver=3.30.2 HTTP/1.1" 200 12869 "https://akaventures.com.au/?y=5262165021940&mod=73398af6&uri=shared.php%3Fid%3D175680-287%26name%3Dcanon%20g7%20mark%20price" "Mozilla/5.0 (Linux; Android 6.0.1; Nexus 5X Build/MMB29P) AppleWebKit/537.36 (KHTML, like Gecko) Chrome/137.0.7151.119 Mobile Safari/537.36 (compatible; Googlebot/2.1; +http://www.google.com/bot.html)"
66.249.74.131 - - [13/Jul/2025:13:41:10 +0000] "GET /wp-content/plugins/elementor/assets/css/widget-image-box.min.css?ver=3.30.2 HTTP/1.1" 200 379 "https://akaventures.com.au/?y=5262165021940&mod=73398af6&uri=shared.php%3Fid%3D175680-287%26name%3Dcanon%20g7%20mark%20price" "Mozilla/5.0 (Linux; Android 6.0.1; Nexus 5X Build/MMB29P) AppleWebKit/537.36 (KHTML, like Gecko) Chrome/137.0.7151.119 Mobile Safari/537.36 (compatible; Googlebot/2.1; +http://www.google.com/bot.html)"
66.249.74.131 - - [13/Jul/2025:13:41:10 +0000] "GET /wp-content/plugins/elementor/assets/lib/animations/styles/fadeInLeft.min.css?ver=3.30.2 HTTP/1.1" 200 120 "https://akaventures.com.au/?y=5262165021940&mod=73398af6&uri=shared.php%3Fid%3D175680-287%26name%3Dcanon%20g7%20mark%20price" "Mozilla/5.0 (Linux; Android 6.0.1; Nexus 5X Build/MMB29P) AppleWebKit/537.36 (KHTML, like Gecko) Chrome/137.0.7151.119 Mobile Safari/537.36 (compatible; Googlebot/2.1; +http://www.google.com/bot.html)"
66.249.74.131 - - [13/Jul/2025:13:41:11 +0000] "GET /wp-content/plugins/elementor/assets/css/widget-image.min.css?ver=3.30.2 HTTP/1.1" 200 164 "https://akaventures.com.au/?y=5262165021940&mod=73398af6&uri=shared.php%3Fid%3D175680-287%26name%3Dcanon%20g7%20mark%20price" "Mozilla/5.0 (Linux; Android 6.0.1; Nexus 5X Build/MMB29P) AppleWebKit/537.36 (KHTML, like Gecko) Chrome/137.0.7151.119 Mobile Safari/537.36 (compatible; Googlebot/2.1; +http://www.google.com/bot.html)"
66.249.74.130 - - [13/Jul/2025:13:41:11 +0000] "GET /wp-content/plugins/elementor/assets/css/widget-google_maps.min.css?ver=3.30.2 HTTP/1.1" 200 163 "https://akaventures.com.au/?y=5262165021940&mod=73398af6&uri=shared.php%3Fid%3D175680-287%26name%3Dcanon%20g7%20mark%20price" "Mozilla/5.0 (Linux; Android 6.0.1; Nexus 5X Build/MMB29P) AppleWebKit/537.36 (KHTML, like Gecko) Chrome/137.0.7151.119 Mobile Safari/537.36 (compatible; Googlebot/2.1; +http://www.google.com/bot.html)"
66.249.74.131 - - [13/Jul/2025:13:41:11 +0000] "GET /wp-content/plugins/elementor/assets/css/widget-testimonial.min.css?ver=3.30.2 HTTP/1.1" 200 378 "https://akaventures.com.au/?y=5262165021940&mod=73398af6&uri=shared.php%3Fid%3D175680-287%26name%3Dcanon%20g7%20mark%20price" "Mozilla/5.0 (Linux; Android 6.0.1; Nexus 5X Build/MMB29P) AppleWebKit/537.36 (KHTML, like Gecko) Chrome/137.0.7151.119 Mobile Safari/537.36 (compatible; Googlebot/2.1; +http://www.google.com/bot.html)"
66.249.74.130 - - [13/Jul/2025:13:41:11 +0000] "GET /wp-content/uploads/elementor/google-fonts/css/roboto.css?ver=1742274564 HTTP/1.1" 200 2868 "https://akaventures.com.au/?y=5262165021940&mod=73398af6&uri=shared.php%3Fid%3D175680-287%26name%3Dcanon%20g7%20mark%20price" "Mozilla/5.0 (Linux; Android 6.0.1; Nexus 5X Build/MMB29P) AppleWebKit/537.36 (KHTML, like Gecko) Chrome/137.0.7151.119 Mobile Safari/537.36 (compatible; Googlebot/2.1; +http://www.google.com/bot.html)"
66.249.74.131 - - [13/Jul/2025:13:41:12 +0000] "GET /wp-content/plugins/elementor/assets/lib/animations/styles/fadeInUp.min.css?ver=3.30.2 HTTP/1.1" 200 117 "https://akaventures.com.au/?y=5262165021940&mod=73398af6&uri=shared.php%3Fid%3D175680-287%26name%3Dcanon%20g7%20mark%20price" "Mozilla/5.0 (Linux; Android 6.0.1; Nexus 5X Build/MMB29P) AppleWebKit/537.36 (KHTML, like Gecko) Chrome/137.0.7151.119 Mobile Safari/537.36 (compatible; Googlebot/2.1; +http://www.google.com/bot.html)"
66.249.74.131 - - [13/Jul/2025:13:41:12 +0000] "GET /wp-content/themes/hello-elementor/assets/css/reset.css?ver=3.4.4 HTTP/1.1" 200 1792 "https://akaventures.com.au/?y=5262165021940&mod=73398af6&uri=shared.php%3Fid%3D175680-287%26name%3Dcanon%20g7%20mark%20price" "Mozilla/5.0 (Linux; Android 6.0.1; Nexus 5X Build/MMB29P) AppleWebKit/537.36 (KHTML, like Gecko) Chrome/137.0.7151.119 Mobile Safari/537.36 (compatible; Googlebot/2.1; +http://www.google.com/bot.html)"
66.249.74.130 - - [13/Jul/2025:13:41:12 +0000] "GET /wp-content/plugins/elementor/assets/lib/animations/styles/fadeIn.min.css?ver=3.30.2 HTTP/1.1" 200 79 "https://akaventures.com.au/?y=5262165021940&mod=73398af6&uri=shared.php%3Fid%3D175680-287%26name%3Dcanon%20g7%20mark%20price" "Mozilla/5.0 (Linux; Android 6.0.1; Nexus 5X Build/MMB29P) AppleWebKit/537.36 (KHTML, like Gecko) Chrome/137.0.7151.119 Mobile Safari/537.36 (compatible; Googlebot/2.1; +http://www.google.com/bot.html)"
66.249.74.130 - - [13/Jul/2025:13:41:13 +0000] "GET /wp-content/uploads/elementor/css/post-123.css?ver=1752192000 HTTP/1.1" 200 1988 "https://akaventures.com.au/?y=5262165021940&mod=73398af6&uri=shared.php%3Fid%3D175680-287%26name%3Dcanon%20g7%20mark%20price" "Mozilla/5.0 (Linux; Android 6.0.1; Nexus 5X Build/MMB29P) AppleWebKit/537.36 (KHTML, like Gecko) Chrome/137.0.7151.119 Mobile Safari/537.36 (compatible; Googlebot/2.1; +http://www.google.com/bot.html)"
66.249.74.130 - - [13/Jul/2025:13:41:13 +0000] "GET /wp-content/plugins/elementor/assets/css/widget-icon-list.min.css?ver=3.30.2 HTTP/1.1" 200 1069 "https://akaventures.com.au/?y=5262165021940&mod=73398af6&uri=shared.php%3Fid%3D175680-287%26name%3Dcanon%20g7%20mark%20price" "Mozilla/5.0 (Linux; Android 6.0.1; Nexus 5X Build/MMB29P) AppleWebKit/537.36 (KHTML, like Gecko) Chrome/137.0.7151.119 Mobile Safari/537.36 (compatible; Googlebot/2.1; +http://www.google.com/bot.html)"
66.249.74.130 - - [13/Jul/2025:13:41:13 +0000] "GET /wp-content/plugins/elementor/assets/css/frontend.min.css?ver=3.30.2 HTTP/1.1" 200 7117 "https://akaventures.com.au/?y=5262165021940&mod=73398af6&uri=shared.php%3Fid%3D175680-287%26name%3Dcanon%20g7%20mark%20price" "Mozilla/5.0 (Linux; Android 6.0.1; Nexus 5X Build/MMB29P) AppleWebKit/537.36 (KHTML, like Gecko) Chrome/137.0.7151.119 Mobile Safari/537.36 (compatible; Googlebot/2.1; +http://www.google.com/bot.html)"
66.249.74.130 - - [13/Jul/2025:13:41:13 +0000] "GET /wp-content/uploads/elementor/css/post-119.css?ver=1752192000 HTTP/1.1" 200 9581 "https://akaventures.com.au/?y=5262165021940&mod=73398af6&uri=shared.php%3Fid%3D175680-287%26name%3Dcanon%20g7%20mark%20price" "Mozilla/5.0 (Linux; Android 6.0.1; Nexus 5X Build/MMB29P) AppleWebKit/537.36 (KHTML, like Gecko) Chrome/137.0.7151.119 Mobile Safari/537.36 (compatible; Googlebot/2.1; +http://www.google.com/bot.html)"
66.249.74.130 - - [13/Jul/2025:13:41:13 +0000] "GET /wp-content/plugins/elementor/assets/css/widget-heading.min.css?ver=3.30.2 HTTP/1.1" 200 188 "https://akaventures.com.au/?y=5262165021940&mod=73398af6&uri=shared.php%3Fid%3D175680-287%26name%3Dcanon%20g7%20mark%20price" "Mozilla/5.0 (Linux; Android 6.0.1; Nexus 5X Build/MMB29P) AppleWebKit/537.36 (KHTML, like Gecko) Chrome/137.0.7151.119 Mobile Safari/537.36 (compatible; Googlebot/2.1; +http://www.google.com/bot.html)"
66.249.74.130 - - [13/Jul/2025:13:41:14 +0000] "GET /wp-includes/css/dashicons.min.css?ver=6.8.1 HTTP/1.1" 200 35730 "https://akaventures.com.au/?y=5262165021940&mod=73398af6&uri=shared.php%3Fid%3D175680-287%26name%3Dcanon%20g7%20mark%20price" "Mozilla/5.0 (Linux; Android 6.0.1; Nexus 5X Build/MMB29P) AppleWebKit/537.36 (KHTML, like Gecko) Chrome/137.0.7151.119 Mobile Safari/537.36 (compatible; Googlebot/2.1; +http://www.google.com/bot.html)"
66.249.74.130 - - [13/Jul/2025:13:41:14 +0000] "GET /wp-content/plugins/elementor/assets/lib/animations/styles/fadeInRight.min.css?ver=3.30.2 HTTP/1.1" 200 120 "https://akaventures.com.au/?y=5262165021940&mod=73398af6&uri=shared.php%3Fid%3D175680-287%26name%3Dcanon%20g7%20mark%20price" "Mozilla/5.0 (Linux; Android 6.0.1; Nexus 5X Build/MMB29P) AppleWebKit/537.36 (KHTML, like Gecko) Chrome/137.0.7151.119 Mobile Safari/537.36 (compatible; Googlebot/2.1; +http://www.google.com/bot.html)"
66.249.74.130 - - [13/Jul/2025:13:41:14 +0000] "GET /wp-content/plugins/elementor/assets/css/widget-social-icons.min.css?ver=3.30.2 HTTP/1.1" 200 1170 "https://akaventures.com.au/?y=5262165021940&mod=73398af6&uri=shared.php%3Fid%3D175680-287%26name%3Dcanon%20g7%20mark%20price" "Mozilla/5.0 (Linux; Android 6.0.1; Nexus 5X Build/MMB29P) AppleWebKit/537.36 (KHTML, like Gecko) Chrome/137.0.7151.119 Mobile Safari/537.36 (compatible; Googlebot/2.1; +http://www.google.com/bot.html)"
66.249.74.130 - - [13/Jul/2025:13:41:14 +0000] "GET /wp-content/plugins/elementor/assets/js/webpack.runtime.min.js?ver=3.30.2 HTTP/1.1" 200 2516 "https://akaventures.com.au/?y=5262165021940&mod=73398af6&uri=shared.php%3Fid%3D175680-287%26name%3Dcanon%20g7%20mark%20price" "Mozilla/5.0 (Linux; Android 6.0.1; Nexus 5X Build/MMB29P) AppleWebKit/537.36 (KHTML, like Gecko) Chrome/137.0.7151.119 Mobile Safari/537.36 (compatible; Googlebot/2.1; +http://www.google.com/bot.html)"
66.249.74.130 - - [13/Jul/2025:13:41:15 +0000] "GET /wp-content/plugins/elementor/assets/js/frontend-modules.min.js?ver=3.30.2 HTTP/1.1" 200 14815 "https://akaventures.com.au/?y=5262165021940&mod=73398af6&uri=shared.php%3Fid%3D175680-287%26name%3Dcanon%20g7%20mark%20price" "Mozilla/5.0 (Linux; Android 6.0.1; Nexus 5X Build/MMB29P) AppleWebKit/537.36 (KHTML, like Gecko) Chrome/137.0.7151.119 Mobile Safari/537.36 (compatible; Googlebot/2.1; +http://www.google.com/bot.html)"
66.249.74.130 - - [13/Jul/2025:13:41:15 +0000] "GET /wp-content/plugins/elementskit-lite/widgets/init/assets/js/animate-circle.min.js?ver=3.5.4 HTTP/1.1" 200 451 "https://akaventures.com.au/?y=5262165021940&mod=73398af6&uri=shared.php%3Fid%3D175680-287%26name%3Dcanon%20g7%20mark%20price" "Mozilla/5.0 (Linux; Android 6.0.1; Nexus 5X Build/MMB29P) AppleWebKit/537.36 (KHTML, like Gecko) Chrome/137.0.7151.119 Mobile Safari/537.36 (compatible; Googlebot/2.1; +http://www.google.com/bot.html)"
66.249.74.130 - - [13/Jul/2025:13:41:15 +0000] "GET /wp-content/plugins/elementor/assets/lib/font-awesome/js/v4-shims.min.js?ver=3.30.2 HTTP/1.1" 200 4209 "https://akaventures.com.au/?y=5262165021940&mod=73398af6&uri=shared.php%3Fid%3D175680-287%26name%3Dcanon%20g7%20mark%20price" "Mozilla/5.0 (Linux; Android 6.0.1; Nexus 5X Build/MMB29P) AppleWebKit/537.36 (KHTML, like Gecko) Chrome/137.0.7151.119 Mobile Safari/537.36 (compatible; Googlebot/2.1; +http://www.google.com/bot.html)"
66.249.74.130 - - [13/Jul/2025:13:41:15 +0000] "GET /wp-content/plugins/elementor/assets/js/frontend.min.js?ver=3.30.2 HTTP/1.1" 200 10595 "https://akaventures.com.au/?y=5262165021940&mod=73398af6&uri=shared.php%3Fid%3D175680-287%26name%3Dcanon%20g7%20mark%20price" "Mozilla/5.0 (Linux; Android 6.0.1; Nexus 5X Build/MMB29P) AppleWebKit/537.36 (KHTML, like Gecko) Chrome/137.0.7151.119 Mobile Safari/537.36 (compatible; Googlebot/2.1; +http://www.google.com/bot.html)"
66.249.74.130 - - [13/Jul/2025:13:41:16 +0000] "POST /wp-json/metform/v1/forms/views/1876 HTTP/1.1" 200 20689 "https://akaventures.com.au/?y=5262165021940&mod=73398af6&uri=shared.php%3Fid%3D175680-287%26name%3Dcanon%20g7%20mark%20price" "Mozilla/5.0 (Linux; Android 6.0.1; Nexus 5X Build/MMB29P) AppleWebKit/537.36 (KHTML, like Gecko) Chrome/137.0.7151.119 Mobile Safari/537.36 (compatible; Googlebot/2.1; +http://www.google.com/bot.html)"
17.241.219.131 - - [13/Jul/2025:13:47:02 +0000] "GET /robots.txt HTTP/1.1" 200 87 "-" "Mozilla/5.0 (Macintosh; Intel Mac OS X 10_15_7) AppleWebKit/605.1.15 (KHTML, like Gecko) Version/17.4 Safari/605.1.15 (Applebot/0.1; +http://www.apple.com/go/applebot)"
209.74.77.214 - - [13/Jul/2025:13:47:04 +0000] "POST /wp-cron.php?doing_wp_cron=1752414424.7705531120300292968750 HTTP/1.1" 200 - "-" "WordPress/6.8.1; https://akaventures.com.au"
17.241.219.131 - - [13/Jul/2025:13:47:03 +0000] "GET / HTTP/1.1" 200 21821 "-" "Mozilla/5.0 (Macintosh; Intel Mac OS X 10_15_7) AppleWebKit/605.1.15 (KHTML, like Gecko) Version/17.4 Safari/605.1.15 (Applebot/0.1; +http://www.apple.com/go/applebot)"
17.246.23.178 - - [13/Jul/2025:13:50:17 +0000] "GET /wp-content/plugins/metform/public/assets/css/text-editor.css?ver=4.0.1 HTTP/1.1" 200 3545 "https://akaventures.com.au/" "Mozilla/5.0 (Macintosh; Intel Mac OS X 10_15_7) AppleWebKit/605.1.15 (KHTML, like Gecko) Version/17.4 Safari/605.1.15 (Applebot/0.1; +http://www.apple.com/go/applebot)"
17.246.19.181 - - [13/Jul/2025:13:50:17 +0000] "GET /wp-content/plugins/metform/public/assets/lib/cute-alert/style.css?ver=4.0.1 HTTP/1.1" 200 1225 "https://akaventures.com.au/" "Mozilla/5.0 (Macintosh; Intel Mac OS X 10_15_7) AppleWebKit/605.1.15 (KHTML, like Gecko) Version/17.4 Safari/605.1.15 (Applebot/0.1; +http://www.apple.com/go/applebot)"
17.246.23.231 - - [13/Jul/2025:13:50:18 +0000] "GET /wp-content/themes/hello-elementor/assets/css/theme.css?ver=3.4.4 HTTP/1.1" 200 1271 "https://akaventures.com.au/" "Mozilla/5.0 (Macintosh; Intel Mac OS X 10_15_7) AppleWebKit/605.1.15 (KHTML, like Gecko) Version/17.4 Safari/605.1.15 (Applebot/0.1; +http://www.apple.com/go/applebot)"
17.246.23.193 - - [13/Jul/2025:13:50:18 +0000] "GET /wp-content/plugins/leadconnector/public/css/lc-public.css?ver=3.0.10.1 HTTP/1.1" 200 106 "https://akaventures.com.au/" "Mozilla/5.0 (Macintosh; Intel Mac OS X 10_15_7) AppleWebKit/605.1.15 (KHTML, like Gecko) Version/17.4 Safari/605.1.15 (Applebot/0.1; +http://www.apple.com/go/applebot)"
17.246.19.197 - - [13/Jul/2025:13:50:19 +0000] "GET /wp-includes/css/dashicons.min.css?ver=6.8.1 HTTP/1.1" 200 35730 "https://akaventures.com.au/" "Mozilla/5.0 (Macintosh; Intel Mac OS X 10_15_7) AppleWebKit/605.1.15 (KHTML, like Gecko) Version/17.4 Safari/605.1.15 (Applebot/0.1; +http://www.apple.com/go/applebot)"
17.246.15.17 - - [13/Jul/2025:13:50:19 +0000] "GET /wp-content/themes/hello-elementor/assets/css/reset.css?ver=3.4.4 HTTP/1.1" 200 1792 "https://akaventures.com.au/" "Mozilla/5.0 (Macintosh; Intel Mac OS X 10_15_7) AppleWebKit/605.1.15 (KHTML, like Gecko) Version/17.4 Safari/605.1.15 (Applebot/0.1; +http://www.apple.com/go/applebot)"
17.246.23.173 - - [13/Jul/2025:13:50:20 +0000] "GET /wp-content/themes/hello-elementor/assets/css/header-footer.css?ver=3.4.4 HTTP/1.1" 200 1423 "https://akaventures.com.au/" "Mozilla/5.0 (Macintosh; Intel Mac OS X 10_15_7) AppleWebKit/605.1.15 (KHTML, like Gecko) Version/17.4 Safari/605.1.15 (Applebot/0.1; +http://www.apple.com/go/applebot)"
17.246.15.230 - - [13/Jul/2025:13:50:20 +0000] "GET /wp-content/plugins/elementor/assets/css/frontend.min.css?ver=3.30.2 HTTP/1.1" 200 7117 "https://akaventures.com.au/" "Mozilla/5.0 (Macintosh; Intel Mac OS X 10_15_7) AppleWebKit/605.1.15 (KHTML, like Gecko) Version/17.4 Safari/605.1.15 (Applebot/0.1; +http://www.apple.com/go/applebot)"
17.246.23.87 - - [13/Jul/2025:13:50:21 +0000] "GET /wp-content/uploads/elementor/css/post-15.css?ver=1752379116 HTTP/1.1" 200 1695 "https://akaventures.com.au/" "Mozilla/5.0 (Macintosh; Intel Mac OS X 10_15_7) AppleWebKit/605.1.15 (KHTML, like Gecko) Version/17.4 Safari/605.1.15 (Applebot/0.1; +http://www.apple.com/go/applebot)"
17.246.23.193 - - [13/Jul/2025:13:50:21 +0000] "GET /wp-content/plugins/elementor/assets/css/widget-image.min.css?ver=3.30.2 HTTP/1.1" 200 164 "https://akaventures.com.au/" "Mozilla/5.0 (Macintosh; Intel Mac OS X 10_15_7) AppleWebKit/605.1.15 (KHTML, like Gecko) Version/17.4 Safari/605.1.15 (Applebot/0.1; +http://www.apple.com/go/applebot)"
17.246.15.234 - - [13/Jul/2025:13:50:22 +0000] "GET /wp-content/plugins/metform/public/assets/css/metform-ui.css?ver=4.0.1 HTTP/1.1" 200 15416 "https://akaventures.com.au/" "Mozilla/5.0 (Macintosh; Intel Mac OS X 10_15_7) AppleWebKit/605.1.15 (KHTML, like Gecko) Version/17.4 Safari/605.1.15 (Applebot/0.1; +http://www.apple.com/go/applebot)"
17.246.15.17 - - [13/Jul/2025:13:50:22 +0000] "GET /wp-content/plugins/metform/public/assets/css/style.css?ver=4.0.1 HTTP/1.1" 200 4763 "https://akaventures.com.au/" "Mozilla/5.0 (Macintosh; Intel Mac OS X 10_15_7) AppleWebKit/605.1.15 (KHTML, like Gecko) Version/17.4 Safari/605.1.15 (Applebot/0.1; +http://www.apple.com/go/applebot)"
17.246.23.173 - - [13/Jul/2025:13:50:22 +0000] "GET /wp-content/plugins/elementor/assets/css/widget-heading.min.css?ver=3.30.2 HTTP/1.1" 200 188 "https://akaventures.com.au/" "Mozilla/5.0 (Macintosh; Intel Mac OS X 10_15_7) AppleWebKit/605.1.15 (KHTML, like Gecko) Version/17.4 Safari/605.1.15 (Applebot/0.1; +http://www.apple.com/go/applebot)"
17.246.15.230 - - [13/Jul/2025:13:50:23 +0000] "GET /wp-content/plugins/elementor/assets/css/widget-icon-list.min.css?ver=3.30.2 HTTP/1.1" 200 1069 "https://akaventures.com.au/" "Mozilla/5.0 (Macintosh; Intel Mac OS X 10_15_7) AppleWebKit/605.1.15 (KHTML, like Gecko) Version/17.4 Safari/605.1.15 (Applebot/0.1; +http://www.apple.com/go/applebot)"
17.246.23.87 - - [13/Jul/2025:13:50:23 +0000] "GET /wp-content/plugins/elementor/assets/lib/animations/styles/e-animation-float.min.css?ver=3.30.2 HTTP/1.1" 200 139 "https://akaventures.com.au/" "Mozilla/5.0 (Macintosh; Intel Mac OS X 10_15_7) AppleWebKit/605.1.15 (KHTML, like Gecko) Version/17.4 Safari/605.1.15 (Applebot/0.1; +http://www.apple.com/go/applebot)"
17.246.23.193 - - [13/Jul/2025:13:50:24 +0000] "GET /wp-content/plugins/elementor/assets/lib/animations/styles/fadeIn.min.css?ver=3.30.2 HTTP/1.1" 200 79 "https://akaventures.com.au/" "Mozilla/5.0 (Macintosh; Intel Mac OS X 10_15_7) AppleWebKit/605.1.15 (KHTML, like Gecko) Version/17.4 Safari/605.1.15 (Applebot/0.1; +http://www.apple.com/go/applebot)"
17.246.23.18 - - [13/Jul/2025:13:50:25 +0000] "GET /wp-content/plugins/elementor/assets/css/widget-social-icons.min.css?ver=3.30.2 HTTP/1.1" 200 1170 "https://akaventures.com.au/" "Mozilla/5.0 (Macintosh; Intel Mac OS X 10_15_7) AppleWebKit/605.1.15 (KHTML, like Gecko) Version/17.4 Safari/605.1.15 (Applebot/0.1; +http://www.apple.com/go/applebot)"
17.246.19.123 - - [13/Jul/2025:13:50:25 +0000] "GET /wp-content/plugins/elementor/assets/css/conditionals/apple-webkit.min.css?ver=3.30.2 HTTP/1.1" 200 557 "https://akaventures.com.au/" "Mozilla/5.0 (Macintosh; Intel Mac OS X 10_15_7) AppleWebKit/605.1.15 (KHTML, like Gecko) Version/17.4 Safari/605.1.15 (Applebot/0.1; +http://www.apple.com/go/applebot)"
