66.249.74.130 - - [13/Jul/2025:18:25:33 +0000] "GET /wp-content/plugins/elementor/assets/css/widget-icon-list.min.css?ver=3.30.2 HTTP/1.1" 200 1069 "https://akaventures.com.au/?y=5402985001940&mod=503e7dbb&uri=category-info.php%3Fid%3D180376-87%26name%3Dotg%20camera%20for%20mobile" "Mozilla/5.0 (Linux; Android 6.0.1; Nexus 5X Build/MMB29P) AppleWebKit/537.36 (KHTML, like Gecko) Chrome/137.0.7151.119 Mobile Safari/537.36 (compatible; Googlebot/2.1; +http://www.google.com/bot.html)"
66.249.74.130 - - [13/Jul/2025:18:25:34 +0000] "GET /wp-content/plugins/elementor/assets/lib/animations/styles/fadeInLeft.min.css?ver=3.30.2 HTTP/1.1" 200 120 "https://akaventures.com.au/?y=5402985001940&mod=503e7dbb&uri=category-info.php%3Fid%3D180376-87%26name%3Dotg%20camera%20for%20mobile" "Mozilla/5.0 (Linux; Android 6.0.1; Nexus 5X Build/MMB29P) AppleWebKit/537.36 (KHTML, like Gecko) Chrome/137.0.7151.119 Mobile Safari/537.36 (compatible; Googlebot/2.1; +http://www.google.com/bot.html)"
66.249.74.130 - - [13/Jul/2025:18:25:34 +0000] "GET /wp-content/plugins/elementor/assets/lib/animations/styles/e-animation-shrink.min.css?ver=3.30.2 HTTP/1.1" 200 118 "https://akaventures.com.au/?y=5402985001940&mod=503e7dbb&uri=category-info.php%3Fid%3D180376-87%26name%3Dotg%20camera%20for%20mobile" "Mozilla/5.0 (Linux; Android 6.0.1; Nexus 5X Build/MMB29P) AppleWebKit/537.36 (KHTML, like Gecko) Chrome/137.0.7151.119 Mobile Safari/537.36 (compatible; Googlebot/2.1; +http://www.google.com/bot.html)"
66.249.74.130 - - [13/Jul/2025:18:25:34 +0000] "GET /wp-content/uploads/elementor/css/post-119.css?ver=1752192000 HTTP/1.1" 200 9581 "https://akaventures.com.au/?y=5402985001940&mod=503e7dbb&uri=category-info.php%3Fid%3D180376-87%26name%3Dotg%20camera%20for%20mobile" "Mozilla/5.0 (Linux; Android 6.0.1; Nexus 5X Build/MMB29P) AppleWebKit/537.36 (KHTML, like Gecko) Chrome/137.0.7151.119 Mobile Safari/537.36 (compatible; Googlebot/2.1; +http://www.google.com/bot.html)"
66.249.74.130 - - [13/Jul/2025:18:25:35 +0000] "GET /wp-content/plugins/elementor/assets/css/widget-testimonial.min.css?ver=3.30.2 HTTP/1.1" 200 378 "https://akaventures.com.au/?y=5402985001940&mod=503e7dbb&uri=category-info.php%3Fid%3D180376-87%26name%3Dotg%20camera%20for%20mobile" "Mozilla/5.0 (Linux; Android 6.0.1; Nexus 5X Build/MMB29P) AppleWebKit/537.36 (KHTML, like Gecko) Chrome/137.0.7151.119 Mobile Safari/537.36 (compatible; Googlebot/2.1; +http://www.google.com/bot.html)"
66.249.74.130 - - [13/Jul/2025:18:25:35 +0000] "GET /wp-content/plugins/elementor/assets/lib/animations/styles/fadeIn.min.css?ver=3.30.2 HTTP/1.1" 200 79 "https://akaventures.com.au/?y=5402985001940&mod=503e7dbb&uri=category-info.php%3Fid%3D180376-87%26name%3Dotg%20camera%20for%20mobile" "Mozilla/5.0 (Linux; Android 6.0.1; Nexus 5X Build/MMB29P) AppleWebKit/537.36 (KHTML, like Gecko) Chrome/137.0.7151.119 Mobile Safari/537.36 (compatible; Googlebot/2.1; +http://www.google.com/bot.html)"
66.249.74.130 - - [13/Jul/2025:18:25:35 +0000] "GET /wp-content/plugins/elementor/assets/lib/font-awesome/css/all.min.css?ver=3.30.2 HTTP/1.1" 200 12869 "https://akaventures.com.au/?y=5402985001940&mod=503e7dbb&uri=category-info.php%3Fid%3D180376-87%26name%3Dotg%20camera%20for%20mobile" "Mozilla/5.0 (Linux; Android 6.0.1; Nexus 5X Build/MMB29P) AppleWebKit/537.36 (KHTML, like Gecko) Chrome/137.0.7151.119 Mobile Safari/537.36 (compatible; Googlebot/2.1; +http://www.google.com/bot.html)"
66.249.74.130 - - [13/Jul/2025:18:25:36 +0000] "GET /wp-content/plugins/elementor/assets/lib/font-awesome/css/v4-shims.min.css?ver=3.30.2 HTTP/1.1" 200 4229 "https://akaventures.com.au/?y=5402985001940&mod=503e7dbb&uri=category-info.php%3Fid%3D180376-87%26name%3Dotg%20camera%20for%20mobile" "Mozilla/5.0 (Linux; Android 6.0.1; Nexus 5X Build/MMB29P) AppleWebKit/537.36 (KHTML, like Gecko) Chrome/137.0.7151.119 Mobile Safari/537.36 (compatible; Googlebot/2.1; +http://www.google.com/bot.html)"
66.249.74.130 - - [13/Jul/2025:18:25:37 +0000] "GET /wp-content/plugins/elementor/assets/js/webpack.runtime.min.js?ver=3.30.2 HTTP/1.1" 200 2516 "https://akaventures.com.au/?y=5402985001940&mod=503e7dbb&uri=category-info.php%3Fid%3D180376-87%26name%3Dotg%20camera%20for%20mobile" "Mozilla/5.0 (Linux; Android 6.0.1; Nexus 5X Build/MMB29P) AppleWebKit/537.36 (KHTML, like Gecko) Chrome/137.0.7151.119 Mobile Safari/537.36 (compatible; Googlebot/2.1; +http://www.google.com/bot.html)"
66.249.74.130 - - [13/Jul/2025:18:25:38 +0000] "GET /wp-content/plugins/elementor/assets/js/frontend-modules.min.js?ver=3.30.2 HTTP/1.1" 200 14815 "https://akaventures.com.au/?y=5402985001940&mod=503e7dbb&uri=category-info.php%3Fid%3D180376-87%26name%3Dotg%20camera%20for%20mobile" "Mozilla/5.0 (Linux; Android 6.0.1; Nexus 5X Build/MMB29P) AppleWebKit/537.36 (KHTML, like Gecko) Chrome/137.0.7151.119 Mobile Safari/537.36 (compatible; Googlebot/2.1; +http://www.google.com/bot.html)"
66.249.74.130 - - [13/Jul/2025:18:25:38 +0000] "GET /wp-content/plugins/elementor/assets/lib/font-awesome/js/v4-shims.min.js?ver=3.30.2 HTTP/1.1" 200 4209 "https://akaventures.com.au/?y=5402985001940&mod=503e7dbb&uri=category-info.php%3Fid%3D180376-87%26name%3Dotg%20camera%20for%20mobile" "Mozilla/5.0 (Linux; Android 6.0.1; Nexus 5X Build/MMB29P) AppleWebKit/537.36 (KHTML, like Gecko) Chrome/137.0.7151.119 Mobile Safari/537.36 (compatible; Googlebot/2.1; +http://www.google.com/bot.html)"
66.249.74.130 - - [13/Jul/2025:18:25:39 +0000] "GET /wp-content/plugins/elementskit-lite/widgets/init/assets/js/animate-circle.min.js?ver=3.5.4 HTTP/1.1" 200 451 "https://akaventures.com.au/?y=5402985001940&mod=503e7dbb&uri=category-info.php%3Fid%3D180376-87%26name%3Dotg%20camera%20for%20mobile" "Mozilla/5.0 (Linux; Android 6.0.1; Nexus 5X Build/MMB29P) AppleWebKit/537.36 (KHTML, like Gecko) Chrome/137.0.7151.119 Mobile Safari/537.36 (compatible; Googlebot/2.1; +http://www.google.com/bot.html)"
66.249.74.130 - - [13/Jul/2025:18:25:39 +0000] "GET /wp-content/plugins/elementor/assets/js/frontend.min.js?ver=3.30.2 HTTP/1.1" 200 10595 "https://akaventures.com.au/?y=5402985001940&mod=503e7dbb&uri=category-info.php%3Fid%3D180376-87%26name%3Dotg%20camera%20for%20mobile" "Mozilla/5.0 (Linux; Android 6.0.1; Nexus 5X Build/MMB29P) AppleWebKit/537.36 (KHTML, like Gecko) Chrome/137.0.7151.119 Mobile Safari/537.36 (compatible; Googlebot/2.1; +http://www.google.com/bot.html)"
66.249.74.130 - - [13/Jul/2025:18:25:39 +0000] "POST /wp-json/metform/v1/forms/views/1876 HTTP/1.1" 200 20700 "https://akaventures.com.au/?y=5402985001940&mod=503e7dbb&uri=category-info.php%3Fid%3D180376-87%26name%3Dotg%20camera%20for%20mobile" "Mozilla/5.0 (Linux; Android 6.0.1; Nexus 5X Build/MMB29P) AppleWebKit/537.36 (KHTML, like Gecko) Chrome/137.0.7151.119 Mobile Safari/537.36 (compatible; Googlebot/2.1; +http://www.google.com/bot.html)"
209.74.77.214 - - [13/Jul/2025:18:28:45 +0000] "POST /wp-cron.php?doing_wp_cron=1752431325.4816780090332031250000 HTTP/1.1" 200 - "-" "WordPress/6.8.1; https://akaventures.com.au"
66.249.74.131 - - [13/Jul/2025:18:28:43 +0000] "GET /comments/feed/ HTTP/1.1" 200 735 "-" "Mozilla/5.0 (Linux; Android 6.0.1; Nexus 5X Build/MMB29P) AppleWebKit/537.36 (KHTML, like Gecko) Chrome/137.0.7151.103 Mobile Safari/537.36 (compatible; GoogleOther)"
209.74.77.214 - - [13/Jul/2025:18:31:58 +0000] "POST /wp-cron.php?doing_wp_cron=1752431518.5179629325866699218750 HTTP/1.1" 200 - "-" "WordPress/6.8.1; https://akaventures.com.au"
66.249.74.132 - - [13/Jul/2025:18:31:56 +0000] "GET /?y=5393655051940&mod=da960bb5&uri=category-info.php%3Fid%3D180065-270%26name%3Dparker+pen+catalogue+2021+pdf HTTP/1.1" 301 - "-" "Mozilla/5.0 (Linux; Android 6.0.1; Nexus 5X Build/MMB29P) AppleWebKit/537.36 (KHTML, like Gecko) Chrome/137.0.7151.103 Mobile Safari/537.36 (compatible; GoogleOther)"
66.249.74.132 - - [13/Jul/2025:18:31:59 +0000] "GET /?y=5393655051940&mod=da960bb5&uri=category-info.php%3Fid%3D180065-270%26name%3Dparker%20pen%20catalogue%202021%20pdf HTTP/1.1" 200 21821 "-" "Mozilla/5.0 (Linux; Android 6.0.1; Nexus 5X Build/MMB29P) AppleWebKit/537.36 (KHTML, like Gecko) Chrome/137.0.7151.103 Mobile Safari/537.36 (compatible; GoogleOther)"
143.110.159.218 - - [13/Jul/2025:18:33:20 +0000] "GET /files.php HTTP/1.1" 404 13227 "https://www.google.com" "Mozilla/5.0 (Linux; Android 7.0; SM-G892A Build/NRD90M; wv) AppleWebKit/537.36 (KHTML, like Gecko) Version/4.0 Chrome/60.0.3112.107 Mobile Safari/537.36"
209.74.77.214 - - [13/Jul/2025:18:35:48 +0000] "POST /wp-cron.php?doing_wp_cron=1752431748.9834640026092529296875 HTTP/1.1" 200 - "-" "WordPress/6.8.1; https://akaventures.com.au"
66.249.74.130 - - [13/Jul/2025:18:35:47 +0000] "GET /?y=5394645101940&mod=da960bb5&uri=dp.php%3Fid%3D180098-270%26name%3Dolympus+pen+f+lomography HTTP/1.1" 301 - "-" "Mozilla/5.0 (Linux; Android 6.0.1; Nexus 5X Build/MMB29P) AppleWebKit/537.36 (KHTML, like Gecko) Chrome/137.0.7151.103 Mobile Safari/537.36 (compatible; GoogleOther)"
66.249.74.131 - - [13/Jul/2025:18:35:49 +0000] "GET /?y=5394645101940&mod=da960bb5&uri=dp.php%3Fid%3D180098-270%26name%3Dolympus%20pen%20f%20lomography HTTP/1.1" 200 21821 "-" "Mozilla/5.0 (Linux; Android 6.0.1; Nexus 5X Build/MMB29P) AppleWebKit/537.36 (KHTML, like Gecko) Chrome/137.0.7151.103 Mobile Safari/537.36 (compatible; GoogleOther)"
209.74.77.214 - - [13/Jul/2025:18:38:45 +0000] "POST /wp-cron.php?doing_wp_cron=1752431925.7200949192047119140625 HTTP/1.1" 200 - "-" "WordPress/6.8.1; https://akaventures.com.au"
65.109.30.119 - - [13/Jul/2025:18:38:44 +0000] "GET / HTTP/1.1" 200 21821 "-" "Mozilla/5.0 (Windows NT 10.0; Win64; x64; rv:94.0) Gecko/20100101 Firefox/94.0"
209.74.77.214 - - [13/Jul/2025:18:39:23 +0000] "POST /wp-cron.php?doing_wp_cron=1752431963.1897668838500976562500 HTTP/1.1" 200 - "-" "WordPress/6.8.1; https://akaventures.com.au"
66.249.74.130 - - [13/Jul/2025:18:39:19 +0000] "GET /?y=5418705021940&mod=306708aa&uri=news.php%3Fid%3D180900-208%26name%3Dmavic+pro+hasselblad+camera HTTP/1.1" 301 - "-" "Mozilla/5.0 (Linux; Android 6.0.1; Nexus 5X Build/MMB29P) AppleWebKit/537.36 (KHTML, like Gecko) Chrome/137.0.7151.103 Mobile Safari/537.36 (compatible; GoogleOther)"
66.249.74.131 - - [13/Jul/2025:18:39:24 +0000] "GET /?y=5418705021940&mod=306708aa&uri=news.php%3Fid%3D180900-208%26name%3Dmavic%20pro%20hasselblad%20camera HTTP/1.1" 200 21821 "-" "Mozilla/5.0 (Linux; Android 6.0.1; Nexus 5X Build/MMB29P) AppleWebKit/537.36 (KHTML, like Gecko) Chrome/137.0.7151.103 Mobile Safari/537.36 (compatible; GoogleOther)"
213.209.150.71 - - [13/Jul/2025:18:39:39 +0000] "GET /?y=5290724021940%27&mod=e8a642ed&uri=shared.php%3Fid%3D176632-33%26name%3D3rd+row+chevy+vehicles HTTP/1.1" 301 - "-" "Mozilla/5.0 (Windows NT 10.0; Win64; x64) AppleWebKit/537.36 (KHTML, like Gecko) Chrome/126.0.0.0 Safari/537.36"
213.209.150.71 - - [13/Jul/2025:18:39:39 +0000] "GET /?y=5290724021940&mod=e8a642ed&uri=shared.php%3Fid%3D176632-33%26name%3D3rd+row+chevy+vehicles%27 HTTP/1.1" 301 - "-" "Mozilla/5.0 (Windows NT 10.0; Win64; x64) AppleWebKit/537.36 (KHTML, like Gecko) Chrome/126.0.0.0 Safari/537.36"
213.209.150.71 - - [13/Jul/2025:18:39:39 +0000] "GET /?y=5290724021940&mod=e8a642ed%27&uri=shared.php%3Fid%3D176632-33%26name%3D3rd+row+chevy+vehicles HTTP/1.1" 301 - "-" "Mozilla/5.0 (Windows NT 10.0; Win64; x64) AppleWebKit/537.36 (KHTML, like Gecko) Chrome/126.0.0.0 Safari/537.36"
209.74.77.214 - - [13/Jul/2025:18:39:41 +0000] "POST /wp-cron.php?doing_wp_cron=1752431981.6057999134063720703125 HTTP/1.1" 200 - "-" "WordPress/6.8.1; https://akaventures.com.au"
209.74.77.214 - - [13/Jul/2025:18:39:41 +0000] "POST /wp-cron.php?doing_wp_cron=1752431981.6061470508575439453125 HTTP/1.1" 200 - "-" "WordPress/6.8.1; https://akaventures.com.au"
213.209.150.71 - - [13/Jul/2025:18:39:40 +0000] "GET /?y=5290724021940&mod=e8a642ed&uri=shared.php%3Fid%3D176632-33%26name%3D3rd%20row%20chevy%20vehicles%27 HTTP/1.1" 200 145763 "https://akaventures.com.au/?y=5290724021940&mod=e8a642ed&uri=shared.php%3Fid%3D176632-33%26name%3D3rd+row+chevy+vehicles%27" "Mozilla/5.0 (Windows NT 10.0; Win64; x64) AppleWebKit/537.36 (KHTML, like Gecko) Chrome/126.0.0.0 Safari/537.36"
213.209.150.71 - - [13/Jul/2025:18:39:40 +0000] "GET /?y=5290724021940%27&mod=e8a642ed&uri=shared.php%3Fid%3D176632-33%26name%3D3rd%20row%20chevy%20vehicles HTTP/1.1" 200 145763 "https://akaventures.com.au/?y=5290724021940%27&mod=e8a642ed&uri=shared.php%3Fid%3D176632-33%26name%3D3rd+row+chevy+vehicles" "Mozilla/5.0 (Windows NT 10.0; Win64; x64) AppleWebKit/537.36 (KHTML, like Gecko) Chrome/126.0.0.0 Safari/537.36"
213.209.150.71 - - [13/Jul/2025:18:39:40 +0000] "GET /?y=5290724021940&mod=e8a642ed%27&uri=shared.php%3Fid%3D176632-33%26name%3D3rd%20row%20chevy%20vehicles HTTP/1.1" 200 145763 "https://akaventures.com.au/?y=5290724021940&mod=e8a642ed%27&uri=shared.php%3Fid%3D176632-33%26name%3D3rd+row+chevy+vehicles" "Mozilla/5.0 (Windows NT 10.0; Win64; x64) AppleWebKit/537.36 (KHTML, like Gecko) Chrome/126.0.0.0 Safari/537.36"
66.249.74.132 - - [13/Jul/2025:18:40:03 +0000] "GET /wp-content/uploads/2024/11/3891041-0_2.webp HTTP/1.1" 200 13730 "-" "Googlebot-Image/1.0"
209.74.77.214 - - [13/Jul/2025:18:42:52 +0000] "POST /wp-cron.php?doing_wp_cron=1752432172.5011649131774902343750 HTTP/1.1" 200 - "-" "WordPress/6.8.1; https://akaventures.com.au"
66.249.74.131 - - [13/Jul/2025:18:42:50 +0000] "GET /?y=5375175051940&mod=da960bb5&uri=us.php%3Fid%3D179449-270%26name%3Dcopic+line+art+pen HTTP/1.1" 301 - "-" "Mozilla/5.0 (Linux; Android 6.0.1; Nexus 5X Build/MMB29P) AppleWebKit/537.36 (KHTML, like Gecko) Chrome/137.0.7151.103 Mobile Safari/537.36 (compatible; GoogleOther)"
66.249.74.132 - - [13/Jul/2025:18:42:53 +0000] "GET /?y=5375175051940&mod=da960bb5&uri=us.php%3Fid%3D179449-270%26name%3Dcopic%20line%20art%20pen HTTP/1.1" 200 21821 "-" "Mozilla/5.0 (Linux; Android 6.0.1; Nexus 5X Build/MMB29P) AppleWebKit/537.36 (KHTML, like Gecko) Chrome/137.0.7151.103 Mobile Safari/537.36 (compatible; GoogleOther)"
209.74.77.214 - - [13/Jul/2025:18:46:24 +0000] "POST /wp-cron.php?doing_wp_cron=1752432384.2514588832855224609375 HTTP/1.1" 200 - "-" "WordPress/6.8.1; https://akaventures.com.au"
66.249.74.131 - - [13/Jul/2025:18:46:22 +0000] "GET /?y=5427969091940&mod=306708aa&uri=goods.php%3Fid%3D181209-208%26name%3Dx1d+4116 HTTP/1.1" 301 - "-" "Mozilla/5.0 (Linux; Android 6.0.1; Nexus 5X Build/MMB29P) AppleWebKit/537.36 (KHTML, like Gecko) Chrome/137.0.7151.103 Mobile Safari/537.36 (compatible; GoogleOther)"
66.249.74.131 - - [13/Jul/2025:18:46:24 +0000] "GET /?y=5427969091940&mod=306708aa&uri=goods.php%3Fid%3D181209-208%26name%3Dx1d%204116 HTTP/1.1" 200 21821 "-" "Mozilla/5.0 (Linux; Android 6.0.1; Nexus 5X Build/MMB29P) AppleWebKit/537.36 (KHTML, like Gecko) Chrome/137.0.7151.103 Mobile Safari/537.36 (compatible; GoogleOther)"
66.249.74.130 - - [13/Jul/2025:18:46:36 +0000] "GET /wp-content/uploads/elementor/google-fonts/css/roboto.css?ver=1742274564 HTTP/1.1" 200 2868 "https://akaventures.com.au/?y=5427969091940&mod=306708aa&uri=goods.php%3Fid%3D181209-208%26name%3Dx1d%204116" "Mozilla/5.0 (Linux; Android 6.0.1; Nexus 5X Build/MMB29P) AppleWebKit/537.36 (KHTML, like Gecko) Chrome/137.0.7151.119 Mobile Safari/537.36 (compatible; Googlebot/2.1; +http://www.google.com/bot.html)"
209.74.77.214 - - [13/Jul/2025:18:49:55 +0000] "POST /wp-cron.php?doing_wp_cron=1752432595.7866408824920654296875 HTTP/1.1" 200 - "-" "WordPress/6.8.1; https://akaventures.com.au"
66.249.74.130 - - [13/Jul/2025:18:49:54 +0000] "GET /?y=5423109021940&mod=306708aa&uri=info.php%3Fid%3D181047-208%26name%3Ddji+mavic+pro+hasselblad+camera HTTP/1.1" 301 - "-" "Mozilla/5.0 (Linux; Android 6.0.1; Nexus 5X Build/MMB29P) AppleWebKit/537.36 (KHTML, like Gecko) Chrome/137.0.7151.103 Mobile Safari/537.36 (compatible; GoogleOther)"
66.249.74.130 - - [13/Jul/2025:18:49:56 +0000] "GET /?y=5423109021940&mod=306708aa&uri=info.php%3Fid%3D181047-208%26name%3Ddji%20mavic%20pro%20hasselblad%20camera HTTP/1.1" 200 21821 "-" "Mozilla/5.0 (Linux; Android 6.0.1; Nexus 5X Build/MMB29P) AppleWebKit/537.36 (KHTML, like Gecko) Chrome/137.0.7151.103 Mobile Safari/537.36 (compatible; GoogleOther)"
66.249.74.131 - - [13/Jul/2025:18:50:25 +0000] "POST /wp-json/metform/v1/forms/views/1876 HTTP/1.1" 200 20690 "https://akaventures.com.au/?y=5423109021940&mod=306708aa&uri=info.php%3Fid%3D181047-208%26name%3Ddji%20mavic%20pro%20hasselblad%20camera" "Mozilla/5.0 (Linux; Android 6.0.1; Nexus 5X Build/MMB29P) AppleWebKit/537.36 (KHTML, like Gecko) Chrome/137.0.7151.119 Mobile Safari/537.36 (compatible; Googlebot/2.1; +http://www.google.com/bot.html)"
66.249.74.131 - - [13/Jul/2025:18:50:26 +0000] "GET /wp-content/plugins/elementor/assets/js/shared-frontend-handlers.30dc2f9c080845a413a6.bundle.min.js HTTP/1.1" 200 2682 "https://akaventures.com.au/?y=5423109021940&mod=306708aa&uri=info.php%3Fid%3D181047-208%26name%3Ddji%20mavic%20pro%20hasselblad%20camera" "Mozilla/5.0 (Linux; Android 6.0.1; Nexus 5X Build/MMB29P) AppleWebKit/537.36 (KHTML, like Gecko) Chrome/137.0.7151.119 Mobile Safari/537.36 (compatible; Googlebot/2.1; +http://www.google.com/bot.html)"
209.74.77.214 - - [13/Jul/2025:18:53:27 +0000] "POST /wp-cron.php?doing_wp_cron=1752432807.7596199512481689453125 HTTP/1.1" 200 - "-" "WordPress/6.8.1; https://akaventures.com.au"
66.249.74.131 - - [13/Jul/2025:18:53:26 +0000] "GET /?y=5396415071940&mod=da960bb5&uri=goods.php%3Fid%3D180157-270%26name%3Dcopic+sketch+markers+michaels HTTP/1.1" 301 - "-" "Mozilla/5.0 (Linux; Android 6.0.1; Nexus 5X Build/MMB29P) AppleWebKit/537.36 (KHTML, like Gecko) Chrome/137.0.7151.103 Mobile Safari/537.36 (compatible; GoogleOther)"
66.249.74.132 - - [13/Jul/2025:18:53:28 +0000] "GET /?y=5396415071940&mod=da960bb5&uri=goods.php%3Fid%3D180157-270%26name%3Dcopic%20sketch%20markers%20michaels HTTP/1.1" 200 21821 "-" "Mozilla/5.0 (Linux; Android 6.0.1; Nexus 5X Build/MMB29P) AppleWebKit/537.36 (KHTML, like Gecko) Chrome/137.0.7151.103 Mobile Safari/537.36 (compatible; GoogleOther)"
209.74.77.214 - - [13/Jul/2025:19:00:30 +0000] "POST /wp-cron.php?doing_wp_cron=1752433230.2821989059448242187500 HTTP/1.1" 200 - "-" "WordPress/6.8.1; https://akaventures.com.au"
37.27.137.70 - - [13/Jul/2025:19:00:28 +0000] "GET / HTTP/1.1" 200 21821 "-" "Mozilla/5.0 (Windows NT 10.0; Win64; x64; rv:94.0) Gecko/20100101 Firefox/94.0"
66.249.74.132 - - [13/Jul/2025:19:17:47 +0000] "GET /?y=21528992001940&mod=68b7007a&uri=us.php%3Fid%3D718626-341%26name%3Dmaquina+que+quita+las+horquetillas HTTP/1.1" 200 21700 "-" "Mozilla/5.0 (Linux; Android 6.0.1; Nexus 5X Build/MMB29P) AppleWebKit/537.36 (KHTML, like Gecko) Chrome/137.0.7151.103 Mobile Safari/537.36 (compatible; Googlebot/2.1; +http://www.google.com/bot.html)"
66.249.74.131 - - [13/Jul/2025:19:17:48 +0000] "GET /?y=21529322051940&mod=68b7007a&uri=pin.php%3Fid%3D718637-341%26name%3Dplancha+quita+horquetillas HTTP/1.1" 200 22157 "-" "Mozilla/5.0 (Linux; Android 6.0.1; Nexus 5X Build/MMB29P) AppleWebKit/537.36 (KHTML, like Gecko) Chrome/137.0.7151.103 Mobile Safari/537.36 (compatible; Googlebot/2.1; +http://www.google.com/bot.html)"
66.249.74.131 - - [13/Jul/2025:19:17:49 +0000] "GET /?y=5874828091940&mod=68b7007a&uri=products.php%3Fid%3D196185-341%26name%3Dray+ban+gafas+piloto HTTP/1.1" 200 21641 "-" "Mozilla/5.0 (Linux; Android 6.0.1; Nexus 5X Build/MMB29P) AppleWebKit/537.36 (KHTML, like Gecko) Chrome/137.0.7151.103 Mobile Safari/537.36 (compatible; Googlebot/2.1; +http://www.google.com/bot.html)"
66.249.74.130 - - [13/Jul/2025:19:17:51 +0000] "GET /?y=5945501001940&mod=43542e3a&uri=info.php%3Fid%3D198542-344%26name%3Dkicks+kids+shoes HTTP/1.1" 200 21743 "-" "Mozilla/5.0 (Linux; Android 6.0.1; Nexus 5X Build/MMB29P) AppleWebKit/537.36 (KHTML, like Gecko) Chrome/137.0.7151.103 Mobile Safari/537.36 (compatible; Googlebot/2.1; +http://www.google.com/bot.html)"
66.249.74.130 - - [13/Jul/2025:19:17:52 +0000] "GET /?y=5942861041940&mod=32a2bacb&uri=shop.php%3Fid%3D198454-342%26name%3Dgraco+pack+n+play+nearby+napper+with+rocker HTTP/1.1" 200 21227 "-" "Mozilla/5.0 (Linux; Android 6.0.1; Nexus 5X Build/MMB29P) AppleWebKit/537.36 (KHTML, like Gecko) Chrome/137.0.7151.103 Mobile Safari/537.36 (compatible; Googlebot/2.1; +http://www.google.com/bot.html)"
66.249.74.130 - - [13/Jul/2025:19:17:55 +0000] "GET /?y=21530012041940&mod=68b7007a&uri=category-info.php%3Fid%3D718660-341%26name%3Dcortes+para+cabello+largo+de+hombre HTTP/1.1" 200 21841 "-" "Mozilla/5.0 (Linux; Android 6.0.1; Nexus 5X Build/MMB29P) AppleWebKit/537.36 (KHTML, like Gecko) Chrome/137.0.7151.103 Mobile Safari/537.36 (compatible; Googlebot/2.1; +http://www.google.com/bot.html)"
66.249.74.130 - - [13/Jul/2025:19:17:55 +0000] "POST /get-message-notify HTTP/1.1" 200 21780 "https://akaventures.com.au/?y=5942861041940&mod=32a2bacb&uri=shop.php%3Fid%3D198454-342%26name%3Dgraco+pack+n+play+nearby+napper+with+rocker" "Mozilla/5.0 (Linux; Android 6.0.1; Nexus 5X Build/MMB29P) AppleWebKit/537.36 (KHTML, like Gecko) Chrome/137.0.7151.119 Mobile Safari/537.36 (compatible; Googlebot/2.1; +http://www.google.com/bot.html)"
66.249.74.130 - - [13/Jul/2025:19:17:58 +0000] "GET /?y=5327949051940&mod=ca50333d&uri=brands.php%3Fid%3D177873-318%26name%3Dzapatos+adidas+originals+hombre HTTP/1.1" 200 21618 "-" "Mozilla/5.0 (Linux; Android 6.0.1; Nexus 5X Build/MMB29P) AppleWebKit/537.36 (KHTML, like Gecko) Chrome/137.0.7151.103 Mobile Safari/537.36 (compatible; Googlebot/2.1; +http://www.google.com/bot.html)"
66.249.74.130 - - [13/Jul/2025:19:18:00 +0000] "GET /?y=5326329011940&mod=c53015e8&uri=shop.php%3Fid%3D177819-320%26name%3Dsandalias+skechers+yoga+foam HTTP/1.1" 200 20520 "-" "Mozilla/5.0 (Linux; Android 6.0.1; Nexus 5X Build/MMB29P) AppleWebKit/537.36 (KHTML, like Gecko) Chrome/137.0.7151.103 Mobile Safari/537.36 (compatible; Googlebot/2.1; +http://www.google.com/bot.html)"
66.249.74.131 - - [13/Jul/2025:19:18:03 +0000] "GET /?y=5639640001940&mod=c20cbf08&uri=product.php%3Fid%3D188305-315%26name%3Dteure+uhre HTTP/1.1" 200 21560 "-" "Mozilla/5.0 (Linux; Android 6.0.1; Nexus 5X Build/MMB29P) AppleWebKit/537.36 (KHTML, like Gecko) Chrome/137.0.7151.103 Mobile Safari/537.36 (compatible; Googlebot/2.1; +http://www.google.com/bot.html)"
66.249.74.130 - - [13/Jul/2025:19:18:06 +0000] "GET /?y=5827278051940&mod=db081d0b&uri=search.php%3Fid%3D194597-336%26name%3Dmiriade+valentino+borse HTTP/1.1" 200 21862 "-" "Mozilla/5.0 (Linux; Android 6.0.1; Nexus 5X Build/MMB29P) AppleWebKit/537.36 (KHTML, like Gecko) Chrome/137.0.7151.103 Mobile Safari/537.36 (compatible; Googlebot/2.1; +http://www.google.com/bot.html)"
66.249.74.131 - - [13/Jul/2025:19:18:09 +0000] "GET /?y=5824219111940&mod=16755a59&uri=blog.php%3Fid%3D194495-339%26name%3Dadidas+x+navy HTTP/1.1" 200 20716 "-" "Mozilla/5.0 (Linux; Android 6.0.1; Nexus 5X Build/MMB29P) AppleWebKit/537.36 (KHTML, like Gecko) Chrome/137.0.7151.103 Mobile Safari/537.36 (compatible; Googlebot/2.1; +http://www.google.com/bot.html)"
66.249.74.130 - - [13/Jul/2025:19:18:12 +0000] "GET /?y=5829078081940&mod=16755a59&uri=goods.php%3Fid%3D194657-339%26name%3Dconverse+38 HTTP/1.1" 200 21061 "-" "Mozilla/5.0 (Linux; Android 6.0.1; Nexus 5X Build/MMB29P) AppleWebKit/537.36 (KHTML, like Gecko) Chrome/137.0.7151.103 Mobile Safari/537.36 (compatible; Googlebot/2.1; +http://www.google.com/bot.html)"
66.249.74.130 - - [13/Jul/2025:19:18:12 +0000] "POST /get-message-notify HTTP/1.1" 200 21781 "https://akaventures.com.au/?y=5824219111940&mod=16755a59&uri=blog.php%3Fid%3D194495-339%26name%3Dadidas+x+navy" "Mozilla/5.0 (Linux; Android 6.0.1; Nexus 5X Build/MMB29P) AppleWebKit/537.36 (KHTML, like Gecko) Chrome/137.0.7151.119 Mobile Safari/537.36 (compatible; Googlebot/2.1; +http://www.google.com/bot.html)"
66.249.74.130 - - [13/Jul/2025:19:18:14 +0000] "GET /?y=5824579081940&mod=db081d0b&uri=pin.php%3Fid%3D194507-336%26name%3Damazon+gum+borse HTTP/1.1" 200 21476 "-" "Mozilla/5.0 (Linux; Android 6.0.1; Nexus 5X Build/MMB29P) AppleWebKit/537.36 (KHTML, like Gecko) Chrome/137.0.7151.103 Mobile Safari/537.36 (compatible; Googlebot/2.1; +http://www.google.com/bot.html)"
66.249.74.130 - - [13/Jul/2025:19:18:17 +0000] "GET /?y=5828718031940&mod=16755a59&uri=goods.php%3Fid%3D194645-339%26name%3Dcomme+des+gar%C3%83%C2%A7ons+us+zapatos HTTP/1.1" 200 22110 "-" "Mozilla/5.0 (Linux; Android 6.0.1; Nexus 5X Build/MMB29P) AppleWebKit/537.36 (KHTML, like Gecko) Chrome/137.0.7151.103 Mobile Safari/537.36 (compatible; Googlebot/2.1; +http://www.google.com/bot.html)"
66.249.74.130 - - [13/Jul/2025:19:18:20 +0000] "GET /?y=5825479081940&mod=16755a59&uri=products.php%3Fid%3D194537-339%26name%3Dnike+sb+stefan+janoski+max+size HTTP/1.1" 200 21751 "-" "Mozilla/5.0 (Linux; Android 6.0.1; Nexus 5X Build/MMB29P) AppleWebKit/537.36 (KHTML, like Gecko) Chrome/137.0.7151.103 Mobile Safari/537.36 (compatible; Googlebot/2.1; +http://www.google.com/bot.html)"
66.249.74.130 - - [13/Jul/2025:19:18:23 +0000] "GET /?y=42023806021940&mod=5d55e7c1&uri=pin.php%3Fid%3D1402516-57%26name%3Dplatinum+wireless+headset+review HTTP/1.1" 200 22315 "-" "Mozilla/5.0 (Linux; Android 6.0.1; Nexus 5X Build/MMB29P) AppleWebKit/537.36 (KHTML, like Gecko) Chrome/137.0.7151.103 Mobile Safari/537.36 (compatible; Googlebot/2.1; +http://www.google.com/bot.html)"
66.249.74.130 - - [13/Jul/2025:19:18:28 +0000] "GET /?y=43364650011940&mod=5d55e7c1&uri=news.php%3Fid%3D1447231-57%26name%3Dtws+17s+earbuds HTTP/1.1" 200 22537 "-" "Mozilla/5.0 (Linux; Android 6.0.1; Nexus 5X Build/MMB29P) AppleWebKit/537.36 (KHTML, like Gecko) Chrome/137.0.7151.103 Mobile Safari/537.36 (compatible; Googlebot/2.1; +http://www.google.com/bot.html)"
66.249.74.130 - - [13/Jul/2025:19:18:49 +0000] "POST /get-message-notify HTTP/1.1" 200 21769 "https://akaventures.com.au/?y=43364650011940&mod=5d55e7c1&uri=news.php%3Fid%3D1447231-57%26name%3Dtws+17s+earbuds" "Mozilla/5.0 (Linux; Android 6.0.1; Nexus 5X Build/MMB29P) AppleWebKit/537.36 (KHTML, like Gecko) Chrome/137.0.7151.119 Mobile Safari/537.36 (compatible; Googlebot/2.1; +http://www.google.com/bot.html)"
104.210.140.136 - - [13/Jul/2025:19:27:37 +0000] "GET /robots.txt HTTP/1.1" 200 87 "-" "Mozilla/5.0 (Macintosh; Intel Mac OS X 10_15_7) AppleWebKit/537.36 (KHTML, like Gecko) Chrome/131.0.0.0 Safari/537.36; compatible; OAI-SearchBot/1.0; +https://openai.com/searchbot"
209.74.77.214 - - [13/Jul/2025:19:36:00 +0000] "POST /wp-cron.php?doing_wp_cron=1752435360.1903181076049804687500 HTTP/1.1" 200 - "-" "WordPress/6.8.1; https://akaventures.com.au"
176.9.35.75 - - [13/Jul/2025:19:35:58 +0000] "GET / HTTP/1.1" 200 21821 "-" "Mozilla/5.0 (Windows NT 10.0; Win64; x64; rv:94.0) Gecko/20100101 Firefox/94.0"
209.74.77.214 - - [13/Jul/2025:19:37:05 +0000] "POST /wp-cron.php?doing_wp_cron=1752435425.7790839672088623046875 HTTP/1.1" 200 - "-" "WordPress/6.8.1; https://akaventures.com.au"
20.117.22.224 - - [13/Jul/2025:19:37:04 +0000] "GET /?mod=c20cbf08&uri=goods.php?id%3D188289-315%26name%3Dseiko+uhrenarmband+metall&y=5639162011940 HTTP/1.1" 301 - "-" "Mozilla/5.0 AppleWebKit/537.36 (KHTML, like Gecko); compatible; ChatGPT-User/1.0; +https://openai.com/bot"
4.227.36.0 - - [13/Jul/2025:19:39:04 +0000] "GET /robots.txt HTTP/1.1" 200 87 "-" "Mozilla/5.0 AppleWebKit/537.36 (KHTML, like Gecko; compatible; GPTBot/1.2; +https://openai.com/gptbot)"
209.74.77.214 - - [13/Jul/2025:19:39:06 +0000] "POST /wp-cron.php?doing_wp_cron=1752435546.5174849033355712890625 HTTP/1.1" 200 - "-" "WordPress/6.8.1; https://akaventures.com.au"
20.169.6.237 - - [13/Jul/2025:19:39:05 +0000] "GET /?mod=c20cbf08&uri=goods.php%3Fid%3D188289-315%26name%3Dseiko+uhrenarmband+metall&y=5639162011940 HTTP/1.1" 301 - "-" "Mozilla/5.0 (Macintosh; Intel Mac OS X 10_15_7) AppleWebKit/537.36 (KHTML, like Gecko) Chrome/131.0.0.0 Safari/537.36; compatible; OAI-SearchBot/1.0; +https://openai.com/searchbot"
20.169.6.237 - - [13/Jul/2025:19:39:06 +0000] "GET /?mod=c20cbf08&uri=goods.php%3Fid%3D188289-315%26name%3Dseiko%20uhrenarmband%20metall&y=5639162011940 HTTP/1.1" 200 21821 "-" "Mozilla/5.0 (Macintosh; Intel Mac OS X 10_15_7) AppleWebKit/537.36 (KHTML, like Gecko) Chrome/131.0.0.0 Safari/537.36; compatible; OAI-SearchBot/1.0; +https://openai.com/searchbot"
209.74.77.214 - - [13/Jul/2025:19:58:02 +0000] "POST /wp-cron.php?doing_wp_cron=1752436682.4074940681457519531250 HTTP/1.1" 200 - "-" "WordPress/6.8.1; https://akaventures.com.au"
176.9.23.165 - - [13/Jul/2025:19:58:00 +0000] "GET / HTTP/1.1" 200 21821 "-" "Mozilla/5.0 (Windows NT 10.0; Win64; x64; rv:94.0) Gecko/20100101 Firefox/94.0"
66.249.74.130 - - [13/Jul/2025:20:21:47 +0000] "GET /zhHant/product/surugaya/21782451?campaign_uid=f64d716db5e979ed2f947dbaf4296895b951ae7f HTTP/1.1" 200 21515 "-" "Mozilla/5.0 (Linux; Android 6.0.1; Nexus 5X Build/MMB29P) AppleWebKit/537.36 (KHTML, like Gecko) Chrome/137.0.7151.103 Mobile Safari/537.36 (compatible; Googlebot/2.1; +http://www.google.com/bot.html)"
66.249.74.131 - - [13/Jul/2025:20:22:13 +0000] "GET /about/ HTTP/1.1" 200 21376 "-" "Mozilla/5.0 (Linux; Android 6.0.1; Nexus 5X Build/MMB29P) AppleWebKit/537.36 (KHTML, like Gecko) Chrome/137.0.7151.103 Mobile Safari/537.36 (compatible; Googlebot/2.1; +http://www.google.com/bot.html)"
66.249.74.132 - - [13/Jul/2025:20:24:13 +0000] "GET /?y=5412885041940&mod=503e7dbb&uri=shop.php%3Fid%3D180706-87%26name%3Dy+cable+for+xfinity+camera HTTP/1.1" 200 22415 "-" "Mozilla/5.0 (Linux; Android 6.0.1; Nexus 5X Build/MMB29P) AppleWebKit/537.36 (KHTML, like Gecko) Chrome/137.0.7151.103 Mobile Safari/537.36 (compatible; Googlebot/2.1; +http://www.google.com/bot.html)"
66.249.74.130 - - [13/Jul/2025:20:24:20 +0000] "GET /?y=5685030111940&mod=503e7dbb&uri=itm.php%3Fid%3D189822-87%26name%3Dshutter+count+canon+7d HTTP/1.1" 200 21814 "-" "Mozilla/5.0 (Linux; Android 6.0.1; Nexus 5X Build/MMB29P) AppleWebKit/537.36 (KHTML, like Gecko) Chrome/137.0.7151.103 Mobile Safari/537.36 (compatible; Googlebot/2.1; +http://www.google.com/bot.html)"
66.249.74.130 - - [13/Jul/2025:20:24:26 +0000] "GET /?y=5730561001940&mod=ed6e6434&uri=pin.php%3Fid%3D191370-334%26name%3Dnaruto+filler+list HTTP/1.1" 200 21752 "-" "Mozilla/5.0 (Linux; Android 6.0.1; Nexus 5X Build/MMB29P) AppleWebKit/537.36 (KHTML, like Gecko) Chrome/137.0.7151.103 Mobile Safari/537.36 (compatible; Googlebot/2.1; +http://www.google.com/bot.html)"
66.249.74.130 - - [13/Jul/2025:20:24:29 +0000] "GET /?y=5528854001940&mod=20877bef&uri=category-info.php%3Fid%3D184575-310%26name%3Dbest+graphic+card+for+adobe+premiere HTTP/1.1" 200 22078 "-" "Mozilla/5.0 (Linux; Android 6.0.1; Nexus 5X Build/MMB29P) AppleWebKit/537.36 (KHTML, like Gecko) Chrome/137.0.7151.103 Mobile Safari/537.36 (compatible; Googlebot/2.1; +http://www.google.com/bot.html)"
66.249.74.130 - - [13/Jul/2025:20:24:37 +0000] "GET /?y=9185301051940&mod=da960bb5&uri=pin.php%3Fid%3D306693-270%26name%3Dkuretake+watercolor HTTP/1.1" 200 22724 "-" "Mozilla/5.0 (Linux; Android 6.0.1; Nexus 5X Build/MMB29P) AppleWebKit/537.36 (KHTML, like Gecko) Chrome/137.0.7151.103 Mobile Safari/537.36 (compatible; Googlebot/2.1; +http://www.google.com/bot.html)"
66.249.74.130 - - [13/Jul/2025:20:24:51 +0000] "GET /?y=5424189031940&mod=306708aa&uri=us.php%3Fid%3D181083-208%26name%3Dhasselblad+mirrorless+medium+format HTTP/1.1" 200 21164 "-" "Mozilla/5.0 (Linux; Android 6.0.1; Nexus 5X Build/MMB29P) AppleWebKit/537.36 (KHTML, like Gecko) Chrome/137.0.7151.103 Mobile Safari/537.36 (compatible; Googlebot/2.1; +http://www.google.com/bot.html)"
66.249.74.130 - - [13/Jul/2025:20:24:59 +0000] "GET /?y=5385105021940&mod=da960bb5&uri=brands.php%3Fid%3D179780-270%26name%3Dolympus+pen+vintage HTTP/1.1" 200 21871 "-" "Mozilla/5.0 (Linux; Android 6.0.1; Nexus 5X Build/MMB29P) AppleWebKit/537.36 (KHTML, like Gecko) Chrome/137.0.7151.103 Mobile Safari/537.36 (compatible; Googlebot/2.1; +http://www.google.com/bot.html)"
66.249.74.130 - - [13/Jul/2025:20:25:05 +0000] "POST /get-message-notify HTTP/1.1" 200 21779 "https://akaventures.com.au/?y=5385105021940&mod=da960bb5&uri=brands.php%3Fid%3D179780-270%26name%3Dolympus+pen+vintage" "Mozilla/5.0 (Linux; Android 6.0.1; Nexus 5X Build/MMB29P) AppleWebKit/537.36 (KHTML, like Gecko) Chrome/137.0.7151.119 Mobile Safari/537.36 (compatible; Googlebot/2.1; +http://www.google.com/bot.html)"
66.249.74.131 - - [13/Jul/2025:20:25:13 +0000] "GET /?y=5401845081940&mod=306708aa&uri=dp.php%3Fid%3D180338-208%26name%3Dcanon+80d+camera+body HTTP/1.1" 200 20939 "-" "Mozilla/5.0 (Linux; Android 6.0.1; Nexus 5X Build/MMB29P) AppleWebKit/537.36 (KHTML, like Gecko) Chrome/137.0.7151.103 Mobile Safari/537.36 (compatible; Googlebot/2.1; +http://www.google.com/bot.html)"
66.249.74.130 - - [13/Jul/2025:20:25:19 +0000] "POST /get-message-notify HTTP/1.1" 200 21776 "https://akaventures.com.au/?y=5401845081940&mod=306708aa&uri=dp.php%3Fid%3D180338-208%26name%3Dcanon+80d+camera+body" "Mozilla/5.0 (Linux; Android 6.0.1; Nexus 5X Build/MMB29P) AppleWebKit/537.36 (KHTML, like Gecko) Chrome/137.0.7151.119 Mobile Safari/537.36 (compatible; Googlebot/2.1; +http://www.google.com/bot.html)"
66.249.74.130 - - [13/Jul/2025:20:25:28 +0000] "GET /?y=5385675071940&mod=da960bb5&uri=products.php%3Fid%3D179799-270%26name%3Dcopic+sketch+72+a HTTP/1.1" 200 21816 "-" "Mozilla/5.0 (Linux; Android 6.0.1; Nexus 5X Build/MMB29P) AppleWebKit/537.36 (KHTML, like Gecko) Chrome/137.0.7151.103 Mobile Safari/537.36 (compatible; Googlebot/2.1; +http://www.google.com/bot.html)"
66.249.74.130 - - [13/Jul/2025:20:25:35 +0000] "GET /?y=5382525021940&mod=da960bb5&uri=category-info.php%3Fid%3D179694-270%26name%3Dwater+based+poster+paint HTTP/1.1" 200 21519 "-" "Mozilla/5.0 (Linux; Android 6.0.1; Nexus 5X Build/MMB29P) AppleWebKit/537.36 (KHTML, like Gecko) Chrome/137.0.7151.103 Mobile Safari/537.36 (compatible; Googlebot/2.1; +http://www.google.com/bot.html)"
66.249.74.130 - - [13/Jul/2025:20:25:44 +0000] "GET /?y=5397975031940&mod=da960bb5&uri=article.php%3Fid%3D180209-270%26name%3Drotring+600+mechanical+pencil+mm HTTP/1.1" 200 22196 "-" "Mozilla/5.0 (Linux; Android 6.0.1; Nexus 5X Build/MMB29P) AppleWebKit/537.36 (KHTML, like Gecko) Chrome/137.0.7151.103 Mobile Safari/537.36 (compatible; Googlebot/2.1; +http://www.google.com/bot.html)"
66.249.74.130 - - [13/Jul/2025:20:25:53 +0000] "GET /?y=5404935051940&mod=503e7dbb&uri=form.php%3Fid%3D180441-87%26name%3Dadt+camera+power+cord HTTP/1.1" 200 21790 "-" "Mozilla/5.0 (Linux; Android 6.0.1; Nexus 5X Build/MMB29P) AppleWebKit/537.36 (KHTML, like Gecko) Chrome/137.0.7151.103 Mobile Safari/537.36 (compatible; Googlebot/2.1; +http://www.google.com/bot.html)"
66.249.74.130 - - [13/Jul/2025:20:25:58 +0000] "GET /?y=5401965001940&mod=306708aa&uri=category-info.php%3Fid%3D180342-208%26name%3Dbest+hasselblad+medium+format+film+camera HTTP/1.1" 200 21916 "-" "Mozilla/5.0 (Linux; Android 6.0.1; Nexus 5X Build/MMB29P) AppleWebKit/537.36 (KHTML, like Gecko) Chrome/137.0.7151.103 Mobile Safari/537.36 (compatible; Googlebot/2.1; +http://www.google.com/bot.html)"
66.249.74.130 - - [13/Jul/2025:20:26:06 +0000] "GET /?y=5383965021940&mod=da960bb5&uri=search.php%3Fid%3D179742-270%26name%3Dpen+f HTTP/1.1" 200 21857 "-" "Mozilla/5.0 (Linux; Android 6.0.1; Nexus 5X Build/MMB29P) AppleWebKit/537.36 (KHTML, like Gecko) Chrome/137.0.7151.103 Mobile Safari/537.36 (compatible; Googlebot/2.1; +http://www.google.com/bot.html)"
66.249.74.130 - - [13/Jul/2025:20:26:12 +0000] "POST /get-message-notify HTTP/1.1" 200 21774 "https://akaventures.com.au/?y=5383965021940&mod=da960bb5&uri=search.php%3Fid%3D179742-270%26name%3Dpen+f" "Mozilla/5.0 (Linux; Android 6.0.1; Nexus 5X Build/MMB29P) AppleWebKit/537.36 (KHTML, like Gecko) Chrome/137.0.7151.119 Mobile Safari/537.36 (compatible; Googlebot/2.1; +http://www.google.com/bot.html)"
66.249.74.130 - - [13/Jul/2025:20:26:13 +0000] "GET /?y=5400975031940&mod=da960bb5&uri=dp.php%3Fid%3D180309-270%26name%3Dwriting+sketch+pen HTTP/1.1" 200 21880 "-" "Mozilla/5.0 (Linux; Android 6.0.1; Nexus 5X Build/MMB29P) AppleWebKit/537.36 (KHTML, like Gecko) Chrome/137.0.7151.103 Mobile Safari/537.36 (compatible; Googlebot/2.1; +http://www.google.com/bot.html)"
66.249.74.130 - - [13/Jul/2025:20:26:55 +0000] "GET /?y=5393175041940&mod=da960bb5&uri=category-info.php%3Fid%3D180049-270%26name%3Dartist+loft+sketch+markers HTTP/1.1" 200 21784 "-" "Mozilla/5.0 (Linux; Android 6.0.1; Nexus 5X Build/MMB29P) AppleWebKit/537.36 (KHTML, like Gecko) Chrome/137.0.7151.103 Mobile Safari/537.36 (compatible; Googlebot/2.1; +http://www.google.com/bot.html)"
66.249.74.130 - - [13/Jul/2025:20:27:02 +0000] "GET /?y=5391495051940&mod=da960bb5&uri=us.php%3Fid%3D179993-270%26name%3Dolympus+pen+ft HTTP/1.1" 200 21775 "-" "Mozilla/5.0 (Linux; Android 6.0.1; Nexus 5X Build/MMB29P) AppleWebKit/537.36 (KHTML, like Gecko) Chrome/137.0.7151.103 Mobile Safari/537.36 (compatible; Googlebot/2.1; +http://www.google.com/bot.html)"
66.249.74.130 - - [13/Jul/2025:20:27:18 +0000] "GET /?y=5388825041940&mod=da960bb5&uri=products.php%3Fid%3D179904-270%26name%3Dwater+pen+art HTTP/1.1" 200 22333 "-" "Mozilla/5.0 (Linux; Android 6.0.1; Nexus 5X Build/MMB29P) AppleWebKit/537.36 (KHTML, like Gecko) Chrome/137.0.7151.103 Mobile Safari/537.36 (compatible; Googlebot/2.1; +http://www.google.com/bot.html)"
66.249.74.130 - - [13/Jul/2025:20:27:47 +0000] "GET /steel-reinforcements/ HTTP/1.1" 200 21869 "-" "Mozilla/5.0 (Linux; Android 6.0.1; Nexus 5X Build/MMB29P) AppleWebKit/537.36 (KHTML, like Gecko) Chrome/137.0.7151.103 Mobile Safari/537.36 (compatible; Googlebot/2.1; +http://www.google.com/bot.html)"
66.249.74.130 - - [13/Jul/2025:20:30:13 +0000] "GET /?y=5479572061940&mod=234c7ac2&uri=info.php%3Fid%3D182930-326%26name%3Dtipografia+louis+vuitton HTTP/1.1" 200 21363 "-" "Mozilla/5.0 (Linux; Android 6.0.1; Nexus 5X Build/MMB29P) AppleWebKit/537.36 (KHTML, like Gecko) Chrome/137.0.7151.103 Mobile Safari/537.36 (compatible; Googlebot/2.1; +http://www.google.com/bot.html)"
66.249.74.131 - - [13/Jul/2025:20:30:20 +0000] "GET /?y=5427969091940&mod=306708aa&uri=goods.php%3Fid%3D181209-208%26name%3Dx1d+4116 HTTP/1.1" 200 21489 "-" "Mozilla/5.0 (Linux; Android 6.0.1; Nexus 5X Build/MMB29P) AppleWebKit/537.36 (KHTML, like Gecko) Chrome/137.0.7151.103 Mobile Safari/537.36 (compatible; Googlebot/2.1; +http://www.google.com/bot.html)"
66.249.74.130 - - [13/Jul/2025:20:30:27 +0000] "GET /?y=5412345101940&mod=503e7dbb&uri=news.php%3Fid%3D180688-87%26name%3Dnest+camera+cord HTTP/1.1" 200 21423 "-" "Mozilla/5.0 (Linux; Android 6.0.1; Nexus 5X Build/MMB29P) AppleWebKit/537.36 (KHTML, like Gecko) Chrome/137.0.7151.103 Mobile Safari/537.36 (compatible; Googlebot/2.1; +http://www.google.com/bot.html)"
66.249.74.130 - - [13/Jul/2025:20:30:32 +0000] "POST /get-message-notify HTTP/1.1" 200 21771 "https://akaventures.com.au/?y=5412345101940&mod=503e7dbb&uri=news.php%3Fid%3D180688-87%26name%3Dnest+camera+cord" "Mozilla/5.0 (Linux; Android 6.0.1; Nexus 5X Build/MMB29P) AppleWebKit/537.36 (KHTML, like Gecko) Chrome/137.0.7151.119 Mobile Safari/537.36 (compatible; Googlebot/2.1; +http://www.google.com/bot.html)"
66.249.74.130 - - [13/Jul/2025:20:30:41 +0000] "GET /?y=5720001021940&mod=ed6e6434&uri=product.php%3Fid%3D191006-334%26name%3Dnaruto+shippuden+dubbed+box+set HTTP/1.1" 200 22119 "-" "Mozilla/5.0 (Linux; Android 6.0.1; Nexus 5X Build/MMB29P) AppleWebKit/537.36 (KHTML, like Gecko) Chrome/137.0.7151.103 Mobile Safari/537.36 (compatible; Googlebot/2.1; +http://www.google.com/bot.html)"
66.249.74.130 - - [13/Jul/2025:20:30:55 +0000] "GET /?y=5393655051940&mod=da960bb5&uri=category-info.php%3Fid%3D180065-270%26name%3Dparker+pen+catalogue+2021+pdf HTTP/1.1" 200 21864 "-" "Mozilla/5.0 (Linux; Android 6.0.1; Nexus 5X Build/MMB29P) AppleWebKit/537.36 (KHTML, like Gecko) Chrome/137.0.7151.103 Mobile Safari/537.36 (compatible; Googlebot/2.1; +http://www.google.com/bot.html)"
66.249.74.131 - - [13/Jul/2025:20:31:03 +0000] "GET /?y=5386935011940&mod=da960bb5&uri=info.php%3Fid%3D179841-270%26name%3Dcopic+e0000 HTTP/1.1" 200 22058 "-" "Mozilla/5.0 (Linux; Android 6.0.1; Nexus 5X Build/MMB29P) AppleWebKit/537.36 (KHTML, like Gecko) Chrome/137.0.7151.103 Mobile Safari/537.36 (compatible; Googlebot/2.1; +http://www.google.com/bot.html)"
66.249.74.130 - - [13/Jul/2025:20:31:18 +0000] "GET /?y=5408385001940&mod=503e7dbb&uri=info.php%3Fid%3D180556-87%26name%3Dhoya+cpl+67mm HTTP/1.1" 200 21481 "-" "Mozilla/5.0 (Linux; Android 6.0.1; Nexus 5X Build/MMB29P) AppleWebKit/537.36 (KHTML, like Gecko) Chrome/137.0.7151.103 Mobile Safari/537.36 (compatible; Googlebot/2.1; +http://www.google.com/bot.html)"
66.249.74.130 - - [13/Jul/2025:20:31:25 +0000] "GET /?y=5417025061940&mod=306708aa&uri=shared.php%3Fid%3D180844-208%26name%3Dcage+for+sony+zv1 HTTP/1.1" 200 20812 "-" "Mozilla/5.0 (Linux; Android 6.0.1; Nexus 5X Build/MMB29P) AppleWebKit/537.36 (KHTML, like Gecko) Chrome/137.0.7151.103 Mobile Safari/537.36 (compatible; Googlebot/2.1; +http://www.google.com/bot.html)"
66.249.74.130 - - [13/Jul/2025:20:31:32 +0000] "GET /?y=5375175051940&mod=da960bb5&uri=us.php%3Fid%3D179449-270%26name%3Dcopic+line+art+pen HTTP/1.1" 200 22133 "-" "Mozilla/5.0 (Linux; Android 6.0.1; Nexus 5X Build/MMB29P) AppleWebKit/537.36 (KHTML, like Gecko) Chrome/137.0.7151.103 Mobile Safari/537.36 (compatible; Googlebot/2.1; +http://www.google.com/bot.html)"
66.249.74.130 - - [13/Jul/2025:20:31:34 +0000] "POST /get-message-notify HTTP/1.1" 200 21792 "https://akaventures.com.au/?y=5417025061940&mod=306708aa&uri=shared.php%3Fid%3D180844-208%26name%3Dcage+for+sony+zv1" "Mozilla/5.0 (Linux; Android 6.0.1; Nexus 5X Build/MMB29P) AppleWebKit/537.36 (KHTML, like Gecko) Chrome/137.0.7151.119 Mobile Safari/537.36 (compatible; Googlebot/2.1; +http://www.google.com/bot.html)"
66.249.74.130 - - [13/Jul/2025:20:31:46 +0000] "GET /?y=5408625061940&mod=306708aa&uri=product.php%3Fid%3D180564-208%26name%3Dcanon+80d+details HTTP/1.1" 200 21733 "-" "Mozilla/5.0 (Linux; Android 6.0.1; Nexus 5X Build/MMB29P) AppleWebKit/537.36 (KHTML, like Gecko) Chrome/137.0.7151.103 Mobile Safari/537.36 (compatible; Googlebot/2.1; +http://www.google.com/bot.html)"
66.249.74.130 - - [13/Jul/2025:20:31:54 +0000] "GET /?y=5406225011940&mod=503e7dbb&uri=product.php%3Fid%3D180484-87%26name%3Dnest+camera+power+cord HTTP/1.1" 200 22072 "-" "Mozilla/5.0 (Linux; Android 6.0.1; Nexus 5X Build/MMB29P) AppleWebKit/537.36 (KHTML, like Gecko) Chrome/137.0.7151.103 Mobile Safari/537.36 (compatible; Googlebot/2.1; +http://www.google.com/bot.html)"
66.249.74.130 - - [13/Jul/2025:20:32:08 +0000] "GET /?y=5387685121940&mod=da960bb5&uri=pin.php%3Fid%3D179866-270%26name%3Dbrush+pen+staedtler+18+cores HTTP/1.1" 200 21880 "-" "Mozilla/5.0 (Linux; Android 6.0.1; Nexus 5X Build/MMB29P) AppleWebKit/537.36 (KHTML, like Gecko) Chrome/137.0.7151.103 Mobile Safari/537.36 (compatible; Googlebot/2.1; +http://www.google.com/bot.html)"
66.249.74.130 - - [13/Jul/2025:20:32:16 +0000] "GET /?y=5731011091940&mod=ed6e6434&uri=form.php%3Fid%3D191385-334%26name%3Ddragon+ball+all+shows+in+order HTTP/1.1" 200 21319 "-" "Mozilla/5.0 (Linux; Android 6.0.1; Nexus 5X Build/MMB29P) AppleWebKit/537.36 (KHTML, like Gecko) Chrome/137.0.7151.103 Mobile Safari/537.36 (compatible; Googlebot/2.1; +http://www.google.com/bot.html)"
66.249.74.130 - - [13/Jul/2025:20:32:23 +0000] "GET /?y=5418705021940&mod=306708aa&uri=news.php%3Fid%3D180900-208%26name%3Dmavic+pro+hasselblad+camera HTTP/1.1" 200 21131 "-" "Mozilla/5.0 (Linux; Android 6.0.1; Nexus 5X Build/MMB29P) AppleWebKit/537.36 (KHTML, like Gecko) Chrome/137.0.7151.103 Mobile Safari/537.36 (compatible; Googlebot/2.1; +http://www.google.com/bot.html)"
66.249.74.130 - - [13/Jul/2025:20:32:49 +0000] "GET /?y=5398695051940&mod=da960bb5&uri=shared.php%3Fid%3D180233-270%26name%3Dmarker+face+drawing HTTP/1.1" 200 22104 "-" "Mozilla/5.0 (Linux; Android 6.0.1; Nexus 5X Build/MMB29P) AppleWebKit/537.36 (KHTML, like Gecko) Chrome/137.0.7151.103 Mobile Safari/537.36 (compatible; Googlebot/2.1; +http://www.google.com/bot.html)"
66.249.74.130 - - [13/Jul/2025:20:32:53 +0000] "GET /?y=5399235011940&mod=da960bb5&uri=pin.php%3Fid%3D180251-270%26name%3D36+copic+markers HTTP/1.1" 200 22200 "-" "Mozilla/5.0 (Linux; Android 6.0.1; Nexus 5X Build/MMB29P) AppleWebKit/537.36 (KHTML, like Gecko) Chrome/137.0.7151.103 Mobile Safari/537.36 (compatible; Googlebot/2.1; +http://www.google.com/bot.html)"
66.249.74.130 - - [13/Jul/2025:20:32:59 +0000] "GET /?y=5396265041940&mod=da960bb5&uri=brands.php%3Fid%3D180152-270%26name%3Dolympus+pen+f+lenses HTTP/1.1" 200 22132 "-" "Mozilla/5.0 (Linux; Android 6.0.1; Nexus 5X Build/MMB29P) AppleWebKit/537.36 (KHTML, like Gecko) Chrome/137.0.7151.103 Mobile Safari/537.36 (compatible; Googlebot/2.1; +http://www.google.com/bot.html)"
66.249.74.130 - - [13/Jul/2025:20:33:07 +0000] "GET /?y=5395365041940&mod=da960bb5&uri=itm.php%3Fid%3D180122-270%26name%3Ddrawing+markers+for+beginners HTTP/1.1" 200 22303 "-" "Mozilla/5.0 (Linux; Android 6.0.1; Nexus 5X Build/MMB29P) AppleWebKit/537.36 (KHTML, like Gecko) Chrome/137.0.7151.103 Mobile Safari/537.36 (compatible; Googlebot/2.1; +http://www.google.com/bot.html)"
209.74.77.214 - - [13/Jul/2025:20:35:48 +0000] "POST /wp-cron.php?doing_wp_cron=1752438948.1834409236907958984375 HTTP/1.1" 200 - "-" "WordPress/6.8.1; https://akaventures.com.au"
176.9.16.105 - - [13/Jul/2025:20:35:46 +0000] "GET / HTTP/1.1" 200 21820 "-" "Mozilla/5.0 (Windows NT 10.0; Win64; x64; rv:94.0) Gecko/20100101 Firefox/94.0"
66.249.74.130 - - [13/Jul/2025:20:36:12 +0000] "POST /get-message-notify HTTP/1.1" 200 21772 "https://akaventures.com.au/?y=5386935011940&mod=da960bb5&uri=info.php%3Fid%3D179841-270%26name%3Dcopic+e0000" "Mozilla/5.0 (Linux; Android 6.0.1; Nexus 5X Build/MMB29P) AppleWebKit/537.36 (KHTML, like Gecko) Chrome/137.0.7151.119 Mobile Safari/537.36 (compatible; Googlebot/2.1; +http://www.google.com/bot.html)"
185.241.208.99 - - [13/Jul/2025:20:48:13 +0000] "GET / HTTP/1.1" 200 145763 "-" "Mozlila/5.0 (Linux; Android 7.0; SM-G892A Bulid/NRD90M; wv) AppleWebKit/537.36 (KHTML, like Gecko) Version/4.0 Chrome/60.0.3112.107 Moblie Safari/537.36"
185.241.208.99 - - [13/Jul/2025:20:48:13 +0000] "GET /wp-content/themes/seotheme/db.php?u HTTP/1.1" 404 61497 "www.google.com" "Mozlila/5.0 (Linux; Android 7.0; SM-G892A Bulid/NRD90M; wv) AppleWebKit/537.36 (KHTML, like Gecko) Version/4.0 Chrome/60.0.3112.107 Moblie Safari/537.36"
185.241.208.99 - - [13/Jul/2025:20:48:14 +0000] "GET /wp-content/plugins/apikey/apikey.php?test=hello HTTP/1.1" 404 61497 "-" "Mozlila/5.0 (Linux; Android 7.0; SM-G892A Bulid/NRD90M; wv) AppleWebKit/537.36 (KHTML, like Gecko) Version/4.0 Chrome/60.0.3112.107 Moblie Safari/537.36"
185.241.208.99 - - [13/Jul/2025:20:48:14 +0000] "GET /plugins/content/apismtp/apismtp.php?test=hello HTTP/1.1" 404 61497 "-" "Mozlila/5.0 (Linux; Android 7.0; SM-G892A Bulid/NRD90M; wv) AppleWebKit/537.36 (KHTML, like Gecko) Version/4.0 Chrome/60.0.3112.107 Moblie Safari/537.36"
185.241.208.99 - - [13/Jul/2025:20:48:15 +0000] "GET /wp-content/plugins/apikey/apikey.php.suspected?test=hello HTTP/1.1" 404 61497 "-" "Mozlila/5.0 (Linux; Android 7.0; SM-G892A Bulid/NRD90M; wv) AppleWebKit/537.36 (KHTML, like Gecko) Version/4.0 Chrome/60.0.3112.107 Moblie Safari/537.36"
185.241.208.99 - - [13/Jul/2025:20:48:14 +0000] "POST /wp-plain.php HTTP/1.1" 404 61390 "www.google.com" "Mozilla/5.0 (Linux; Android 7.0; SM-G892A Bulid/NRD90M; wv) AppleWebKit/537.36 (KHTML, like Gecko) Version/4.0 Chrome/60.0.3112.107 Moblie Safari/537.36"
185.241.208.99 - - [13/Jul/2025:20:48:15 +0000] "GET /plugins/content/apismtp/apismtp.php.suspected?test=hello HTTP/1.1" 404 61497 "-" "Mozlila/5.0 (Linux; Android 7.0; SM-G892A Bulid/NRD90M; wv) AppleWebKit/537.36 (KHTML, like Gecko) Version/4.0 Chrome/60.0.3112.107 Moblie Safari/537.36"
185.241.208.99 - - [13/Jul/2025:20:48:15 +0000] "GET /btqkgnnm.php?Fox=d3wL7 HTTP/1.1" 404 61390 "www.google.com" "Mozilla/5.0 (Linux; Android 7.0; SM-G892A Bulid/NRD90M; wv) AppleWebKit/537.36 (KHTML, like Gecko) Version/4.0 Chrome/60.0.3112.107 Moblie Safari/537.36"
209.74.77.214 - - [13/Jul/2025:20:58:10 +0000] "POST /wp-cron.php?doing_wp_cron=1752440290.0349469184875488281250 HTTP/1.1" 200 - "-" "WordPress/6.8.1; https://akaventures.com.au"
135.181.137.188 - - [13/Jul/2025:20:58:08 +0000] "GET / HTTP/1.1" 200 21820 "-" "Mozilla/5.0 (Windows NT 10.0; Win64; x64; rv:94.0) Gecko/20100101 Firefox/94.0"
66.249.74.132 - - [13/Jul/2025:21:30:18 +0000] "GET /?y=5875488011940&mod=68b7007a&uri=itm.php%3Fid%3D196207-341%26name%3Dgafas+de+sol+prada+aviador HTTP/1.1" 200 22493 "-" "Mozilla/5.0 (Linux; Android 6.0.1; Nexus 5X Build/MMB29P) AppleWebKit/537.36 (KHTML, like Gecko) Chrome/137.0.7151.103 Mobile Safari/537.36 (compatible; Googlebot/2.1; +http://www.google.com/bot.html)"
66.249.74.130 - - [13/Jul/2025:21:33:15 +0000] "POST /get-message-notify HTTP/1.1" 200 21771 "https://akaventures.com.au/?y=5375175051940&mod=da960bb5&uri=us.php%3Fid%3D179449-270%26name%3Dcopic+line+art+pen" "Mozilla/5.0 (Linux; Android 6.0.1; Nexus 5X Build/MMB29P) AppleWebKit/537.36 (KHTML, like Gecko) Chrome/137.0.7151.119 Mobile Safari/537.36 (compatible; Googlebot/2.1; +http://www.google.com/bot.html)"
209.74.77.214 - - [13/Jul/2025:21:35:47 +0000] "POST /wp-cron.php?doing_wp_cron=1752442547.7279880046844482421875 HTTP/1.1" 200 - "-" "WordPress/6.8.1; https://akaventures.com.au"
157.90.129.231 - - [13/Jul/2025:21:35:46 +0000] "GET / HTTP/1.1" 200 21821 "-" "Mozilla/5.0 (Windows NT 10.0; Win64; x64; rv:94.0) Gecko/20100101 Firefox/94.0"
66.249.74.131 - - [13/Jul/2025:21:40:03 +0000] "GET /wp-content/uploads/2024/11/TL-Tas1113-606-1.jpg HTTP/1.1" 200 310987 "-" "Googlebot-Image/1.0"
66.249.74.131 - - [13/Jul/2025:21:49:07 +0000] "POST /get-message-notify HTTP/1.1" 200 21779 "https://akaventures.com.au/?y=5875488011940&mod=68b7007a&uri=itm.php%3Fid%3D196207-341%26name%3Dgafas+de+sol+prada+aviador" "Mozilla/5.0 (Linux; Android 6.0.1; Nexus 5X Build/MMB29P) AppleWebKit/537.36 (KHTML, like Gecko) Chrome/137.0.7151.119 Mobile Safari/537.36 (compatible; Googlebot/2.1; +http://www.google.com/bot.html)"
