66.249.74.130 - - [13/Jul/2025:17:27:31 +0000] "GET /?y=5423109021940&mod=306708aa&uri=info.php%3Fid%3D181047-208%26name%3Ddji+mavic+pro+hasselblad+camera HTTP/1.1" 200 21062 "-" "Mozilla/5.0 (Linux; Android 6.0.1; Nexus 5X Build/MMB29P) AppleWebKit/537.36 (KHTML, like Gecko) Chrome/137.0.7151.103 Mobile Safari/537.36 (compatible; Googlebot/2.1; +http://www.google.com/bot.html)"
66.249.74.131 - - [13/Jul/2025:17:28:09 +0000] "GET /products HTTP/1.1" 200 20897 "-" "Mozilla/5.0 (Linux; Android 6.0.1; Nexus 5X Build/MMB29P) AppleWebKit/537.36 (KHTML, like Gecko) Chrome/137.0.7151.103 Mobile Safari/537.36 (compatible; Googlebot/2.1; +http://www.google.com/bot.html)"
66.249.74.130 - - [13/Jul/2025:17:28:34 +0000] "POST /wp-json/metform/v1/forms/views/1876 HTTP/1.1" 200 20700 "https://akaventures.com.au/?y=5408385001940&mod=503e7dbb&uri=info.php%3Fid%3D180556-87%26name%3Dhoya%20cpl%2067mm" "Mozilla/5.0 (Linux; Android 6.0.1; Nexus 5X Build/MMB29P) AppleWebKit/537.36 (KHTML, like Gecko) Chrome/137.0.7151.119 Mobile Safari/537.36 (compatible; Googlebot/2.1; +http://www.google.com/bot.html)"
66.249.74.132 - - [13/Jul/2025:17:29:29 +0000] "GET /?y=5657241001940&mod=503e7dbb&uri=form.php%3Fid%3D188895-87%26name%3Dphotography+print+services HTTP/1.1" 200 22688 "-" "Mozilla/5.0 (Linux; Android 6.0.1; Nexus 5X Build/MMB29P) AppleWebKit/537.36 (KHTML, like Gecko) Chrome/137.0.7151.103 Mobile Safari/537.36 (compatible; Googlebot/2.1; +http://www.google.com/bot.html)"
66.249.74.130 - - [13/Jul/2025:17:29:44 +0000] "GET /?y=5396415071940&mod=da960bb5&uri=goods.php%3Fid%3D180157-270%26name%3Dcopic+sketch+markers+michaels HTTP/1.1" 200 21895 "-" "Mozilla/5.0 (Linux; Android 6.0.1; Nexus 5X Build/MMB29P) AppleWebKit/537.36 (KHTML, like Gecko) Chrome/137.0.7151.103 Mobile Safari/537.36 (compatible; Googlebot/2.1; +http://www.google.com/bot.html)"
66.249.74.130 - - [13/Jul/2025:17:29:50 +0000] "GET /?y=5408865001940&mod=503e7dbb&uri=goods.php%3Fid%3D180572-87%26name%3Dfisheye+lens+instagram+filter HTTP/1.1" 200 21710 "-" "Mozilla/5.0 (Linux; Android 6.0.1; Nexus 5X Build/MMB29P) AppleWebKit/537.36 (KHTML, like Gecko) Chrome/137.0.7151.103 Mobile Safari/537.36 (compatible; Googlebot/2.1; +http://www.google.com/bot.html)"
209.74.77.214 - - [13/Jul/2025:17:30:17 +0000] "POST /wp-cron.php?doing_wp_cron=1752427817.1948089599609375000000 HTTP/1.1" 200 - "-" "WordPress/6.8.1; https://akaventures.com.au"
66.249.74.132 - - [13/Jul/2025:17:30:16 +0000] "GET /feed/ HTTP/1.1" 200 795 "-" "Mozilla/5.0 (Linux; Android 6.0.1; Nexus 5X Build/MMB29P) AppleWebKit/537.36 (KHTML, like Gecko) Chrome/137.0.7151.103 Mobile Safari/537.36 (compatible; GoogleOther)"
66.249.74.131 - - [13/Jul/2025:17:33:02 +0000] "GET /?y=5402985001940&mod=503e7dbb&uri=category-info.php%3Fid%3D180376-87%26name%3Dotg+camera+for+mobile HTTP/1.1" 200 22231 "-" "Mozilla/5.0 (Linux; Android 6.0.1; Nexus 5X Build/MMB29P) AppleWebKit/537.36 (KHTML, like Gecko) Chrome/137.0.7151.103 Mobile Safari/537.36 (compatible; Googlebot/2.1; +http://www.google.com/bot.html)"
66.249.74.131 - - [13/Jul/2025:17:33:07 +0000] "POST /get-message-notify HTTP/1.1" 200 21782 "https://akaventures.com.au/?y=5402985001940&mod=503e7dbb&uri=category-info.php%3Fid%3D180376-87%26name%3Dotg+camera+for+mobile" "Mozilla/5.0 (Linux; Android 6.0.1; Nexus 5X Build/MMB29P) AppleWebKit/537.36 (KHTML, like Gecko) Chrome/137.0.7151.119 Mobile Safari/537.36 (compatible; Googlebot/2.1; +http://www.google.com/bot.html)"
66.249.74.130 - - [13/Jul/2025:17:33:15 +0000] "GET /?y=5214535071940&mod=75a380a0&uri=article.php%3Fid%3D174085-187%26name%3Dannabelle+tamilyogi HTTP/1.1" 200 21598 "-" "Mozilla/5.0 (Linux; Android 6.0.1; Nexus 5X Build/MMB29P) AppleWebKit/537.36 (KHTML, like Gecko) Chrome/137.0.7151.103 Mobile Safari/537.36 (compatible; Googlebot/2.1; +http://www.google.com/bot.html)"
209.74.77.214 - - [13/Jul/2025:17:33:33 +0000] "POST /wp-cron.php?doing_wp_cron=1752428013.4475729465484619140625 HTTP/1.1" 200 - "-" "WordPress/6.8.1; https://akaventures.com.au"
66.249.74.130 - - [13/Jul/2025:17:33:32 +0000] "GET /?y=5685030111940&mod=503e7dbb&uri=itm.php%3Fid%3D189822-87%26name%3Dshutter+count+canon+7d HTTP/1.1" 301 - "-" "Mozilla/5.0 (Linux; Android 6.0.1; Nexus 5X Build/MMB29P) AppleWebKit/537.36 (KHTML, like Gecko) Chrome/137.0.7151.103 Mobile Safari/537.36 (compatible; GoogleOther)"
66.249.74.130 - - [13/Jul/2025:17:33:33 +0000] "GET /?y=5685030111940&mod=503e7dbb&uri=itm.php%3Fid%3D189822-87%26name%3Dshutter%20count%20canon%207d HTTP/1.1" 200 21821 "-" "Mozilla/5.0 (Linux; Android 6.0.1; Nexus 5X Build/MMB29P) AppleWebKit/537.36 (KHTML, like Gecko) Chrome/137.0.7151.103 Mobile Safari/537.36 (compatible; GoogleOther)"
66.249.74.130 - - [13/Jul/2025:17:33:47 +0000] "POST /wp-json/metform/v1/forms/views/1876 HTTP/1.1" 200 20703 "https://akaventures.com.au/?y=5685030111940&mod=503e7dbb&uri=itm.php%3Fid%3D189822-87%26name%3Dshutter%20count%20canon%207d" "Mozilla/5.0 (Linux; Android 6.0.1; Nexus 5X Build/MMB29P) AppleWebKit/537.36 (KHTML, like Gecko) Chrome/137.0.7151.119 Mobile Safari/537.36 (compatible; Googlebot/2.1; +http://www.google.com/bot.html)"
66.249.74.132 - - [13/Jul/2025:17:34:42 +0000] "GET /?y=36279811021940&mod=19b29d1c&uri=dp.php%3Fid%3D1210867-213%26name%3Dcal%C3%83%C2%A7a+bailarina+preta+infantil HTTP/1.1" 200 22558 "-" "Mozilla/5.0 (Linux; Android 6.0.1; Nexus 5X Build/MMB29P) AppleWebKit/537.36 (KHTML, like Gecko) Chrome/137.0.7151.103 Mobile Safari/537.36 (compatible; Googlebot/2.1; +http://www.google.com/bot.html)"
66.249.74.130 - - [13/Jul/2025:17:34:47 +0000] "GET /?y=5397015031940&mod=da960bb5&uri=products.php%3Fid%3D180177-270%26name%3Dpentel+juice+pens HTTP/1.1" 200 22354 "-" "Mozilla/5.0 (Linux; Android 6.0.1; Nexus 5X Build/MMB29P) AppleWebKit/537.36 (KHTML, like Gecko) Chrome/137.0.7151.103 Mobile Safari/537.36 (compatible; Googlebot/2.1; +http://www.google.com/bot.html)"
66.249.74.130 - - [13/Jul/2025:17:34:49 +0000] "GET /?y=5306954011940&mod=b9959873&uri=shop.php%3Fid%3D177173-317%26name%3Dskechers+burst+womens+shoes HTTP/1.1" 200 21826 "-" "Mozilla/5.0 (Linux; Android 6.0.1; Nexus 5X Build/MMB29P) AppleWebKit/537.36 (KHTML, like Gecko) Chrome/137.0.7151.103 Mobile Safari/537.36 (compatible; Googlebot/2.1; +http://www.google.com/bot.html)"
66.249.74.131 - - [13/Jul/2025:17:34:45 +0000] "GET /?y=36280291031940&mod=19b29d1c&uri=dp.php%3Fid%3D1210883-213%26name%3Dcal%C3%83%C2%A7a+de+alfaiataria+branca HTTP/1.1" 200 22250 "-" "Mozilla/5.0 (Linux; Android 6.0.1; Nexus 5X Build/MMB29P) AppleWebKit/537.36 (KHTML, like Gecko) Chrome/137.0.7151.103 Mobile Safari/537.36 (compatible; Googlebot/2.1; +http://www.google.com/bot.html)"
66.249.74.130 - - [13/Jul/2025:17:34:52 +0000] "POST /get-message-notify HTTP/1.1" 200 21785 "https://akaventures.com.au/?y=36279811021940&mod=19b29d1c&uri=dp.php%3Fid%3D1210867-213%26name%3Dcal%C3%83%C2%A7a+bailarina+preta+infantil" "Mozilla/5.0 (Linux; Android 6.0.1; Nexus 5X Build/MMB29P) AppleWebKit/537.36 (KHTML, like Gecko) Chrome/137.0.7151.119 Mobile Safari/537.36 (compatible; Googlebot/2.1; +http://www.google.com/bot.html)"
66.249.74.130 - - [13/Jul/2025:17:34:54 +0000] "GET /?y=68068773061940&mod=e0300681&uri=article.php%3Fid%3D2271512-559%26name%3Dchloe+sweater+sale HTTP/1.1" 200 21489 "-" "Mozilla/5.0 (Linux; Android 6.0.1; Nexus 5X Build/MMB29P) AppleWebKit/537.36 (KHTML, like Gecko) Chrome/137.0.7151.103 Mobile Safari/537.36 (compatible; Googlebot/2.1; +http://www.google.com/bot.html)"
66.249.74.130 - - [13/Jul/2025:17:34:54 +0000] "GET /?y=5653101011940&mod=c20cbf08&uri=brands.php%3Fid%3D188757-315%26name%3Dcitizen+titanuhren HTTP/1.1" 200 21226 "-" "Mozilla/5.0 (Linux; Android 6.0.1; Nexus 5X Build/MMB29P) AppleWebKit/537.36 (KHTML, like Gecko) Chrome/137.0.7151.103 Mobile Safari/537.36 (compatible; Googlebot/2.1; +http://www.google.com/bot.html)"
66.249.74.130 - - [13/Jul/2025:17:34:56 +0000] "GET /?y=5664861071940&mod=52564811&uri=products.php%3Fid%3D189149-308%26name%3Dcoach+sweatshirt+mens HTTP/1.1" 200 21694 "-" "Mozilla/5.0 (Linux; Android 6.0.1; Nexus 5X Build/MMB29P) AppleWebKit/537.36 (KHTML, like Gecko) Chrome/137.0.7151.103 Mobile Safari/537.36 (compatible; Googlebot/2.1; +http://www.google.com/bot.html)"
66.249.74.130 - - [13/Jul/2025:17:34:57 +0000] "POST /get-message-notify HTTP/1.1" 200 21783 "https://akaventures.com.au/?y=5653101011940&mod=c20cbf08&uri=brands.php%3Fid%3D188757-315%26name%3Dcitizen+titanuhren" "Mozilla/5.0 (Linux; Android 6.0.1; Nexus 5X Build/MMB29P) AppleWebKit/537.36 (KHTML, like Gecko) Chrome/137.0.7151.119 Mobile Safari/537.36 (compatible; Googlebot/2.1; +http://www.google.com/bot.html)"
66.249.74.130 - - [13/Jul/2025:17:34:58 +0000] "GET /?y=5407635071940&mod=7467fc45&uri=goods.php%3Fid%3D180531-88%26name%3Dintex+giant+floating+mat HTTP/1.1" 200 21669 "-" "Mozilla/5.0 (Linux; Android 6.0.1; Nexus 5X Build/MMB29P) AppleWebKit/537.36 (KHTML, like Gecko) Chrome/137.0.7151.103 Mobile Safari/537.36 (compatible; Googlebot/2.1; +http://www.google.com/bot.html)"
66.249.74.131 - - [13/Jul/2025:17:35:02 +0000] "GET /?y=5529184041940&mod=20877bef&uri=shared.php%3Fid%3D184586-310%26name%3Dintel+gpu+announcement HTTP/1.1" 200 22799 "-" "Mozilla/5.0 (Linux; Android 6.0.1; Nexus 5X Build/MMB29P) AppleWebKit/537.36 (KHTML, like Gecko) Chrome/137.0.7151.103 Mobile Safari/537.36 (compatible; Googlebot/2.1; +http://www.google.com/bot.html)"
66.249.74.130 - - [13/Jul/2025:17:35:00 +0000] "GET /?y=5407275031940&mod=84106259&uri=info.php%3Fid%3D180519-219%26name%3Dheat+and+glo+8000clx HTTP/1.1" 200 21642 "-" "Mozilla/5.0 (Linux; Android 6.0.1; Nexus 5X Build/MMB29P) AppleWebKit/537.36 (KHTML, like Gecko) Chrome/137.0.7151.103 Mobile Safari/537.36 (compatible; Googlebot/2.1; +http://www.google.com/bot.html)"
66.249.74.132 - - [13/Jul/2025:17:35:04 +0000] "GET /?y=5403225031940&mod=da960bb5&uri=shop.php%3Fid%3D180384-270%26name%3Dbest+heavy+ballpoint+pen HTTP/1.1" 200 21144 "-" "Mozilla/5.0 (Linux; Android 6.0.1; Nexus 5X Build/MMB29P) AppleWebKit/537.36 (KHTML, like Gecko) Chrome/137.0.7151.103 Mobile Safari/537.36 (compatible; Googlebot/2.1; +http://www.google.com/bot.html)"
66.249.74.132 - - [13/Jul/2025:17:35:10 +0000] "GET /?y=5658861071940&mod=52564811&uri=pin.php%3Fid%3D188949-308%26name%3Dfalling+in+reverse+merch+hoodie HTTP/1.1" 200 21535 "-" "Mozilla/5.0 (Linux; Android 6.0.1; Nexus 5X Build/MMB29P) AppleWebKit/537.36 (KHTML, like Gecko) Chrome/137.0.7151.103 Mobile Safari/537.36 (compatible; Googlebot/2.1; +http://www.google.com/bot.html)"
66.249.74.130 - - [13/Jul/2025:17:35:10 +0000] "GET /?y=5405475031940&mod=aef546f2&uri=brands.php%3Fid%3D180459-64%26name%3Doculus+quest+star+wars HTTP/1.1" 200 21593 "-" "Mozilla/5.0 (Linux; Android 6.0.1; Nexus 5X Build/MMB29P) AppleWebKit/537.36 (KHTML, like Gecko) Chrome/137.0.7151.103 Mobile Safari/537.36 (compatible; Googlebot/2.1; +http://www.google.com/bot.html)"
66.249.74.132 - - [13/Jul/2025:17:35:11 +0000] "GET /?y=5324529011940&mod=ca50333d&uri=form.php%3Fid%3D177759-318%26name%3Dzapatos+adidas+y+sus+precios HTTP/1.1" 200 21026 "-" "Mozilla/5.0 (Linux; Android 6.0.1; Nexus 5X Build/MMB29P) AppleWebKit/537.36 (KHTML, like Gecko) Chrome/137.0.7151.103 Mobile Safari/537.36 (compatible; Googlebot/2.1; +http://www.google.com/bot.html)"
66.249.74.130 - - [13/Jul/2025:17:35:11 +0000] "GET /?y=5659581011940&mod=52564811&uri=us.php%3Fid%3D188973-308%26name%3Dbershka+join+life+hoodie HTTP/1.1" 200 21579 "-" "Mozilla/5.0 (Linux; Android 6.0.1; Nexus 5X Build/MMB29P) AppleWebKit/537.36 (KHTML, like Gecko) Chrome/137.0.7151.103 Mobile Safari/537.36 (compatible; Googlebot/2.1; +http://www.google.com/bot.html)"
66.249.74.130 - - [13/Jul/2025:17:35:14 +0000] "GET /?y=5657421091940&mod=c20cbf08&uri=category-info.php%3Fid%3D188901-315%26name%3Dmeister+anker+glash%C3%83%C2%BCtte HTTP/1.1" 200 20973 "-" "Mozilla/5.0 (Linux; Android 6.0.1; Nexus 5X Build/MMB29P) AppleWebKit/537.36 (KHTML, like Gecko) Chrome/137.0.7151.103 Mobile Safari/537.36 (compatible; Googlebot/2.1; +http://www.google.com/bot.html)"
66.249.74.130 - - [13/Jul/2025:17:35:16 +0000] "GET /?y=5413965041940&mod=7467fc45&uri=us.php%3Fid%3D180742-88%26name%3Dblow+up+pool+bunnings HTTP/1.1" 200 21997 "-" "Mozilla/5.0 (Linux; Android 6.0.1; Nexus 5X Build/MMB29P) AppleWebKit/537.36 (KHTML, like Gecko) Chrome/137.0.7151.103 Mobile Safari/537.36 (compatible; Googlebot/2.1; +http://www.google.com/bot.html)"
66.249.74.130 - - [13/Jul/2025:17:35:34 +0000] "POST /get-message-notify HTTP/1.1" 200 21773 "https://akaventures.com.au/?y=5658861071940&mod=52564811&uri=pin.php%3Fid%3D188949-308%26name%3Dfalling+in+reverse+merch+hoodie" "Mozilla/5.0 (Linux; Android 6.0.1; Nexus 5X Build/MMB29P) AppleWebKit/537.36 (KHTML, like Gecko) Chrome/137.0.7151.119 Mobile Safari/537.36 (compatible; Googlebot/2.1; +http://www.google.com/bot.html)"
209.74.77.214 - - [13/Jul/2025:17:35:46 +0000] "POST /wp-cron.php?doing_wp_cron=1752428146.9251880645751953125000 HTTP/1.1" 200 - "-" "WordPress/6.8.1; https://akaventures.com.au"
117.5.147.127 - - [13/Jul/2025:17:35:46 +0000] "GET /?y=5402415011940&mod=da960bb5&uri=news.php%3Fid%3D180357-270%26name%3Dbic+xxl+pens+office+depot HTTP/1.1" 301 - "https://akaventures.com.au/?y=5402415011940&mod=da960bb5&uri=news.php%3Fid%3D180357-270%26name%3Dbic+xxl+pens+office+depot" "Mozilla/5.0 (Windows NT 10.0; WOW64; Rv:50.0) Gecko/20100101 Firefox/50.0"
117.5.147.127 - - [13/Jul/2025:17:35:47 +0000] "GET /?y=5402415011940&mod=da960bb5&uri=news.php%3Fid%3D180357-270%26name%3Dbic%20xxl%20pens%20office%20depot HTTP/1.1" 200 21821 "https://akaventures.com.au/?y=5402415011940&mod=da960bb5&uri=news.php%3Fid%3D180357-270%26name%3Dbic+xxl+pens+office+depot" "Mozilla/5.0 (Windows NT 10.0; WOW64; Rv:50.0) Gecko/20100101 Firefox/50.0"
117.5.147.127 - - [13/Jul/2025:17:35:48 +0000] "GET /?y=5402415011940'[0]&mod=da960bb5&uri=news.php?id=180357-270&name=bic%20xxl%20pens%20office%20depot HTTP/1.1" 404 13228 "https://akaventures.com.au/?y=5402415011940'[0]&mod=da960bb5&uri=news.php?id=180357-270&name=bic xxl pens office depot" "Mozilla/5.0 (Windows NT 10.0; WOW64; Rv:50.0) Gecko/20100101 Firefox/50.0"
117.5.147.127 - - [13/Jul/2025:17:35:50 +0000] "GET /?y=5402415011940&mod=da960bb5'[0]&uri=news.php?id=180357-270&name=bic%20xxl%20pens%20office%20depot HTTP/1.1" 404 13228 "https://akaventures.com.au/?y=5402415011940&mod=da960bb5'[0]&uri=news.php?id=180357-270&name=bic xxl pens office depot" "Mozilla/5.0 (Windows NT 10.0; WOW64; Rv:50.0) Gecko/20100101 Firefox/50.0"
117.5.147.127 - - [13/Jul/2025:17:35:51 +0000] "GET /?y=5402415011940&mod=da960bb5&uri=news.php?id=180357-270&name=bic%20xxl%20pens%20office%20depot'[0] HTTP/1.1" 404 13227 "https://akaventures.com.au/?y=5402415011940&mod=da960bb5&uri=news.php?id=180357-270&name=bic xxl pens office depot'[0]" "Mozilla/5.0 (Windows NT 10.0; WOW64; Rv:50.0) Gecko/20100101 Firefox/50.0"
117.5.147.127 - - [13/Jul/2025:17:35:52 +0000] "GET /?y=5402415011940&mod=\"><script%20>alert(String.fromCharCode(88,83,83))</script>&uri=news.php?id=180357-270&name=bic%20xxl%20pens%20office%20depot HTTP/1.1" 404 13227 "https://akaventures.com.au/?y=5402415011940&mod=\"><script >alert(String.fromCharCode(88,83,83))</script>&uri=news.php?id=180357-270&name=bic xxl pens office depot" "Mozilla/5.0 (Windows NT 10.0; WOW64; Rv:50.0) Gecko/20100101 Firefox/50.0"
117.5.147.127 - - [13/Jul/2025:17:35:53 +0000] "GET /?y=5402415011940&mod=da960bb5&uri=\"><script%20>alert(String.fromCharCode(88,83,83))</script> HTTP/1.1" 301 - "https://akaventures.com.au/?y=5402415011940&mod=da960bb5&uri=\"><script >alert(String.fromCharCode(88,83,83))</script>" "Mozilla/5.0 (Windows NT 10.0; WOW64; Rv:50.0) Gecko/20100101 Firefox/50.0"
117.5.147.127 - - [13/Jul/2025:17:35:53 +0000] "GET /?y=5402415011940&mod=da960bb5&uri=%5C%22%3E%3Cscript%20%3Ealert%28String.fromCharCode%2888%2C83%2C83%29%29%3C%2Fscript%3E HTTP/1.1" 200 21821 "https://akaventures.com.au/?y=5402415011940&mod=da960bb5&uri=\"><script >alert(String.fromCharCode(88,83,83))</script>" "Mozilla/5.0 (Windows NT 10.0; WOW64; Rv:50.0) Gecko/20100101 Firefox/50.0"
117.5.147.127 - - [13/Jul/2025:17:35:55 +0000] "GET /?y=5402415011940&mod=/etc/passwd&uri=news.php?id=180357-270&name=bic%20xxl%20pens%20office%20depot HTTP/1.1" 404 13228 "https://akaventures.com.au/?y=5402415011940&mod=/etc/passwd&uri=news.php?id=180357-270&name=bic xxl pens office depot" "Mozilla/5.0 (Windows NT 10.0; WOW64; Rv:50.0) Gecko/20100101 Firefox/50.0"
117.5.147.127 - - [13/Jul/2025:17:35:55 +0000] "GET /?y=5402415011940&mod=da960bb5&uri=/etc/passwd HTTP/1.1" 301 - "https://akaventures.com.au/?y=5402415011940&mod=da960bb5&uri=/etc/passwd" "Mozilla/5.0 (Windows NT 10.0; WOW64; Rv:50.0) Gecko/20100101 Firefox/50.0"
117.5.147.127 - - [13/Jul/2025:17:35:56 +0000] "GET /?y=5402415011940&mod=da960bb5&uri=%2Fetc%2Fpasswd HTTP/1.1" 200 21821 "https://akaventures.com.au/?y=5402415011940&mod=da960bb5&uri=/etc/passwd" "Mozilla/5.0 (Windows NT 10.0; WOW64; Rv:50.0) Gecko/20100101 Firefox/50.0"
117.5.147.127 - - [13/Jul/2025:17:35:57 +0000] "GET /?y=5402415011940&mod=http%3a%2f%2fwww.google.com&uri=news.php?id=180357-270&name=bic%20xxl%20pens%20office%20depot HTTP/1.1" 200 194 "https://akaventures.com.au/?y=5402415011940&mod=http%3a%2f%2fwww.google.com&uri=news.php?id=180357-270&name=bic xxl pens office depot" "Mozilla/5.0 (Windows NT 10.0; WOW64; Rv:50.0) Gecko/20100101 Firefox/50.0"
117.5.147.127 - - [13/Jul/2025:17:35:57 +0000] "GET /?y=5402415011940&mod=da960bb5&uri=http%3a%2f%2fwww.google.com HTTP/1.1" 200 194 "https://akaventures.com.au/?y=5402415011940&mod=da960bb5&uri=http%3a%2f%2fwww.google.com" "Mozilla/5.0 (Windows NT 10.0; WOW64; Rv:50.0) Gecko/20100101 Firefox/50.0"
66.249.74.131 - - [13/Jul/2025:17:36:01 +0000] "POST /get-message-notify HTTP/1.1" 200 21783 "https://akaventures.com.au/?y=5529184041940&mod=20877bef&uri=shared.php%3Fid%3D184586-310%26name%3Dintel+gpu+announcement" "Mozilla/5.0 (Linux; Android 6.0.1; Nexus 5X Build/MMB29P) AppleWebKit/537.36 (KHTML, like Gecko) Chrome/137.0.7151.119 Mobile Safari/537.36 (compatible; Googlebot/2.1; +http://www.google.com/bot.html)"
66.249.74.131 - - [13/Jul/2025:17:36:26 +0000] "GET /?y=5823679031940&mod=16755a59&uri=shop.php%3Fid%3D194477-339%26name%3Dbest+adidas+shoes+under+1000 HTTP/1.1" 200 22324 "-" "Mozilla/5.0 (Linux; Android 6.0.1; Nexus 5X Build/MMB29P) AppleWebKit/537.36 (KHTML, like Gecko) Chrome/137.0.7151.103 Mobile Safari/537.36 (compatible; Googlebot/2.1; +http://www.google.com/bot.html)"
209.74.77.214 - - [13/Jul/2025:17:36:27 +0000] "POST /wp-cron.php?doing_wp_cron=1752428187.9533329010009765625000 HTTP/1.1" 200 - "-" "WordPress/6.8.1; https://akaventures.com.au"
136.243.90.51 - - [13/Jul/2025:17:36:27 +0000] "GET / HTTP/1.1" 200 21821 "-" "Mozilla/5.0 (Windows NT 10.0; Win64; x64; rv:94.0) Gecko/20100101 Firefox/94.0"
66.249.74.130 - - [13/Jul/2025:17:36:37 +0000] "GET / HTTP/1.1" 200 22381 "-" "Mozilla/5.0 (Linux; Android 6.0.1; Nexus 5X Build/MMB29P) AppleWebKit/537.36 (KHTML, like Gecko) Chrome/137.0.7151.103 Mobile Safari/537.36 (compatible; Googlebot/2.1; +http://www.google.com/bot.html)"
209.74.77.214 - - [13/Jul/2025:17:37:07 +0000] "POST /wp-cron.php?doing_wp_cron=1752428227.4809389114379882812500 HTTP/1.1" 200 - "-" "WordPress/6.8.1; https://akaventures.com.au"
66.249.74.130 - - [13/Jul/2025:17:37:07 +0000] "GET /favicon.ico HTTP/1.1" 302 - "-" "Googlebot-Image/1.0"
66.249.74.130 - - [13/Jul/2025:17:37:07 +0000] "GET /wp-content/uploads/2024/11/cropped-AKA-32x32.png HTTP/1.1" 200 506 "-" "Googlebot-Image/1.0"
66.249.74.130 - - [13/Jul/2025:17:39:29 +0000] "GET /?y=5517574011940&mod=20877bef&uri=news.php%3Fid%3D184199-310%26name%3Dmsi+geforce+rtx+3060+ti+amazon HTTP/1.1" 200 22900 "-" "Mozilla/5.0 (Linux; Android 6.0.1; Nexus 5X Build/MMB29P) AppleWebKit/537.36 (KHTML, like Gecko) Chrome/137.0.7151.103 Mobile Safari/537.36 (compatible; Googlebot/2.1; +http://www.google.com/bot.html)"
209.74.77.214 - - [13/Jul/2025:17:40:08 +0000] "POST /wp-cron.php?doing_wp_cron=1752428408.9409708976745605468750 HTTP/1.1" 200 - "-" "WordPress/6.8.1; https://akaventures.com.au"
66.249.74.130 - - [13/Jul/2025:17:40:07 +0000] "GET /?y=5396265041940&mod=da960bb5&uri=brands.php%3Fid%3D180152-270%26name%3Dolympus+pen+f+lenses HTTP/1.1" 301 - "-" "Mozilla/5.0 (Linux; Android 6.0.1; Nexus 5X Build/MMB29P) AppleWebKit/537.36 (KHTML, like Gecko) Chrome/137.0.7151.103 Mobile Safari/537.36 (compatible; GoogleOther)"
66.249.74.131 - - [13/Jul/2025:17:40:10 +0000] "GET /?y=5396265041940&mod=da960bb5&uri=brands.php%3Fid%3D180152-270%26name%3Dolympus%20pen%20f%20lenses HTTP/1.1" 200 21821 "-" "Mozilla/5.0 (Linux; Android 6.0.1; Nexus 5X Build/MMB29P) AppleWebKit/537.36 (KHTML, like Gecko) Chrome/137.0.7151.103 Mobile Safari/537.36 (compatible; GoogleOther)"
209.74.77.214 - - [13/Jul/2025:17:41:24 +0000] "POST /wp-cron.php?doing_wp_cron=1752428484.7900419235229492187500 HTTP/1.1" 200 - "-" "WordPress/6.8.1; https://akaventures.com.au"
52.45.92.83 - - [13/Jul/2025:17:41:23 +0000] "GET /contact HTTP/1.1" 301 - "-" "Mozilla/5.0 AppleWebKit/537.36 (KHTML, like Gecko; compatible; Amazonbot/0.1; +https://developer.amazon.com/support/amazonbot) Chrome/119.0.6045.214 Safari/537.36"
3.215.59.93 - - [13/Jul/2025:17:41:25 +0000] "GET /contact/ HTTP/1.1" 200 15417 "-" "Mozilla/5.0 AppleWebKit/537.36 (KHTML, like Gecko; compatible; Amazonbot/0.1; +https://developer.amazon.com/support/amazonbot) Chrome/119.0.6045.214 Safari/537.36"
66.249.74.130 - - [13/Jul/2025:17:41:29 +0000] "GET / HTTP/1.1" 200 22368 "-" "Mozilla/5.0 (Linux; Android 6.0.1; Nexus 5X Build/MMB29P) AppleWebKit/537.36 (KHTML, like Gecko) Chrome/137.0.7151.103 Mobile Safari/537.36 (compatible; Googlebot/2.1; +http://www.google.com/bot.html)"
66.249.74.130 - - [13/Jul/2025:17:43:31 +0000] "GET /?y=5400255071940&mod=da960bb5&uri=brands.php%3Fid%3D180285-270%26name%3Dcopic+sketch+e00 HTTP/1.1" 200 22016 "-" "Mozilla/5.0 (Linux; Android 6.0.1; Nexus 5X Build/MMB29P) AppleWebKit/537.36 (KHTML, like Gecko) Chrome/137.0.7151.103 Mobile Safari/537.36 (compatible; Googlebot/2.1; +http://www.google.com/bot.html)"
66.249.74.131 - - [13/Jul/2025:17:43:59 +0000] "POST /get-message-notify HTTP/1.1" 200 21776 "https://akaventures.com.au/?y=5400255071940&mod=da960bb5&uri=brands.php%3Fid%3D180285-270%26name%3Dcopic+sketch+e00" "Mozilla/5.0 (Linux; Android 6.0.1; Nexus 5X Build/MMB29P) AppleWebKit/537.36 (KHTML, like Gecko) Chrome/137.0.7151.119 Mobile Safari/537.36 (compatible; Googlebot/2.1; +http://www.google.com/bot.html)"
66.249.74.131 - - [13/Jul/2025:17:44:18 +0000] "GET /?y=5328579051940&mod=ca50333d&uri=itm.php%3Fid%3D177894-318%26name%3Dzapatos+adidas+para+tenis HTTP/1.1" 200 20938 "-" "Mozilla/5.0 (Linux; Android 6.0.1; Nexus 5X Build/MMB29P) AppleWebKit/537.36 (KHTML, like Gecko) Chrome/137.0.7151.103 Mobile Safari/537.36 (compatible; Googlebot/2.1; +http://www.google.com/bot.html)"
66.249.74.131 - - [13/Jul/2025:17:44:22 +0000] "GET /?y=5427249071940&mod=306708aa&uri=category-info.php%3Fid%3D181185-208%26name%3Dfujifilm+instax+jb+hi+fi HTTP/1.1" 200 20058 "-" "Mozilla/5.0 (Linux; Android 6.0.1; Nexus 5X Build/MMB29P) AppleWebKit/537.36 (KHTML, like Gecko) Chrome/137.0.7151.103 Mobile Safari/537.36 (compatible; Googlebot/2.1; +http://www.google.com/bot.html)"
66.249.74.130 - - [13/Jul/2025:17:44:25 +0000] "POST /get-message-notify HTTP/1.1" 200 21790 "https://akaventures.com.au/?y=5427249071940&mod=306708aa&uri=category-info.php%3Fid%3D181185-208%26name%3Dfujifilm+instax+jb+hi+fi" "Mozilla/5.0 (Linux; Android 6.0.1; Nexus 5X Build/MMB29P) AppleWebKit/537.36 (KHTML, like Gecko) Chrome/137.0.7151.119 Mobile Safari/537.36 (compatible; Googlebot/2.1; +http://www.google.com/bot.html)"
66.249.74.130 - - [13/Jul/2025:17:44:31 +0000] "POST /get-message-notify HTTP/1.1" 200 21780 "https://akaventures.com.au/?y=5328579051940&mod=ca50333d&uri=itm.php%3Fid%3D177894-318%26name%3Dzapatos+adidas+para+tenis" "Mozilla/5.0 (Linux; Android 6.0.1; Nexus 5X Build/MMB29P) AppleWebKit/537.36 (KHTML, like Gecko) Chrome/137.0.7151.119 Mobile Safari/537.36 (compatible; Googlebot/2.1; +http://www.google.com/bot.html)"
209.74.77.214 - - [13/Jul/2025:17:46:39 +0000] "POST /wp-cron.php?doing_wp_cron=1752428799.5999419689178466796875 HTTP/1.1" 200 - "-" "WordPress/6.8.1; https://akaventures.com.au"
66.249.74.130 - - [13/Jul/2025:17:46:37 +0000] "GET /?y=5730561001940&mod=ed6e6434&uri=pin.php%3Fid%3D191370-334%26name%3Dnaruto+filler+list HTTP/1.1" 301 - "-" "Mozilla/5.0 (Linux; Android 6.0.1; Nexus 5X Build/MMB29P) AppleWebKit/537.36 (KHTML, like Gecko) Chrome/137.0.7151.103 Mobile Safari/537.36 (compatible; GoogleOther)"
66.249.74.130 - - [13/Jul/2025:17:46:40 +0000] "GET /?y=5730561001940&mod=ed6e6434&uri=pin.php%3Fid%3D191370-334%26name%3Dnaruto%20filler%20list HTTP/1.1" 200 21821 "-" "Mozilla/5.0 (Linux; Android 6.0.1; Nexus 5X Build/MMB29P) AppleWebKit/537.36 (KHTML, like Gecko) Chrome/137.0.7151.103 Mobile Safari/537.36 (compatible; GoogleOther)"
66.249.74.132 - - [13/Jul/2025:17:48:45 +0000] "GET /?y=84584354051940&mod=64c53a52&uri=info.php%3Fid%3D2822725-40%26name%3Drma+443+tc+stihl HTTP/1.1" 200 22171 "-" "Mozilla/5.0 (Linux; Android 6.0.1; Nexus 5X Build/MMB29P) AppleWebKit/537.36 (KHTML, like Gecko) Chrome/137.0.7151.103 Mobile Safari/537.36 (compatible; Googlebot/2.1; +http://www.google.com/bot.html)"
209.74.77.214 - - [13/Jul/2025:17:49:56 +0000] "POST /wp-cron.php?doing_wp_cron=1752428996.7066218852996826171875 HTTP/1.1" 200 - "-" "WordPress/6.8.1; https://akaventures.com.au"
66.249.74.132 - - [13/Jul/2025:17:49:55 +0000] "GET /?y=5427249071940&mod=306708aa&uri=category-info.php%3Fid%3D181185-208%26name%3Dfujifilm+instax+jb+hi+fi HTTP/1.1" 301 - "-" "Mozilla/5.0 (Linux; Android 6.0.1; Nexus 5X Build/MMB29P) AppleWebKit/537.36 (KHTML, like Gecko) Chrome/137.0.7151.103 Mobile Safari/537.36 (compatible; GoogleOther)"
66.249.74.130 - - [13/Jul/2025:17:49:57 +0000] "GET /?y=5427249071940&mod=306708aa&uri=category-info.php%3Fid%3D181185-208%26name%3Dfujifilm%20instax%20jb%20hi%20fi HTTP/1.1" 200 21821 "-" "Mozilla/5.0 (Linux; Android 6.0.1; Nexus 5X Build/MMB29P) AppleWebKit/537.36 (KHTML, like Gecko) Chrome/137.0.7151.103 Mobile Safari/537.36 (compatible; GoogleOther)"
66.249.74.130 - - [13/Jul/2025:17:53:15 +0000] "GET /?y=84584623021940&mod=64c53a52&uri=news.php%3Fid%3D2822734-40%26name%3Deasy+chicken+biryani+instant+pot HTTP/1.1" 200 21840 "-" "Mozilla/5.0 (Linux; Android 6.0.1; Nexus 5X Build/MMB29P) AppleWebKit/537.36 (KHTML, like Gecko) Chrome/137.0.7151.103 Mobile Safari/537.36 (compatible; Googlebot/2.1; +http://www.google.com/bot.html)"
209.74.77.214 - - [13/Jul/2025:17:53:27 +0000] "POST /wp-cron.php?doing_wp_cron=1752429207.3781349658966064453125 HTTP/1.1" 200 - "-" "WordPress/6.8.1; https://akaventures.com.au"
66.249.74.130 - - [13/Jul/2025:17:53:26 +0000] "GET /?y=5417025061940&mod=306708aa&uri=shared.php%3Fid%3D180844-208%26name%3Dcage+for+sony+zv1 HTTP/1.1" 301 - "-" "Mozilla/5.0 (Linux; Android 6.0.1; Nexus 5X Build/MMB29P) AppleWebKit/537.36 (KHTML, like Gecko) Chrome/137.0.7151.103 Mobile Safari/537.36 (compatible; GoogleOther)"
66.249.74.130 - - [13/Jul/2025:17:53:27 +0000] "GET /?y=5417025061940&mod=306708aa&uri=shared.php%3Fid%3D180844-208%26name%3Dcage%20for%20sony%20zv1 HTTP/1.1" 200 21821 "-" "Mozilla/5.0 (Linux; Android 6.0.1; Nexus 5X Build/MMB29P) AppleWebKit/537.36 (KHTML, like Gecko) Chrome/137.0.7151.103 Mobile Safari/537.36 (compatible; GoogleOther)"
66.249.74.130 - - [13/Jul/2025:17:53:44 +0000] "POST /wp-json/metform/v1/forms/views/1876 HTTP/1.1" 200 20708 "https://akaventures.com.au/?y=5417025061940&mod=306708aa&uri=shared.php%3Fid%3D180844-208%26name%3Dcage%20for%20sony%20zv1" "Mozilla/5.0 (Linux; Android 6.0.1; Nexus 5X Build/MMB29P) AppleWebKit/537.36 (KHTML, like Gecko) Chrome/137.0.7151.119 Mobile Safari/537.36 (compatible; Googlebot/2.1; +http://www.google.com/bot.html)"
66.249.74.130 - - [13/Jul/2025:17:53:54 +0000] "GET /text/terms HTTP/1.1" 200 21564 "-" "Mozilla/5.0 (Linux; Android 6.0.1; Nexus 5X Build/MMB29P) AppleWebKit/537.36 (KHTML, like Gecko) Chrome/137.0.7151.103 Mobile Safari/537.36 (compatible; Googlebot/2.1; +http://www.google.com/bot.html)"
209.74.77.214 - - [13/Jul/2025:17:57:00 +0000] "POST /wp-cron.php?doing_wp_cron=1752429420.6579780578613281250000 HTTP/1.1" 200 - "-" "WordPress/6.8.1; https://akaventures.com.au"
66.249.74.132 - - [13/Jul/2025:17:56:57 +0000] "GET /?y=5391495051940&mod=da960bb5&uri=us.php%3Fid%3D179993-270%26name%3Dolympus+pen+ft HTTP/1.1" 301 - "-" "Mozilla/5.0 (Linux; Android 6.0.1; Nexus 5X Build/MMB29P) AppleWebKit/537.36 (KHTML, like Gecko) Chrome/137.0.7151.103 Mobile Safari/537.36 (compatible; GoogleOther)"
209.74.77.214 - - [13/Jul/2025:17:57:03 +0000] "POST /wp-cron.php?doing_wp_cron=1752429423.5475270748138427734375 HTTP/1.1" 200 - "-" "WordPress/6.8.1; https://akaventures.com.au"
66.249.74.130 - - [13/Jul/2025:17:57:03 +0000] "GET /?y=5391495051940&mod=da960bb5&uri=us.php%3Fid%3D179993-270%26name%3Dolympus%20pen%20ft HTTP/1.1" 200 21821 "-" "Mozilla/5.0 (Linux; Android 6.0.1; Nexus 5X Build/MMB29P) AppleWebKit/537.36 (KHTML, like Gecko) Chrome/137.0.7151.103 Mobile Safari/537.36 (compatible; GoogleOther)"
66.249.74.130 - - [13/Jul/2025:17:57:49 +0000] "GET /?y=84585163011940&mod=64c53a52&uri=news.php%3Fid%3D2822752-40%26name%3Dpressure+cooker+online HTTP/1.1" 200 22396 "-" "Mozilla/5.0 (Linux; Android 6.0.1; Nexus 5X Build/MMB29P) AppleWebKit/537.36 (KHTML, like Gecko) Chrome/137.0.7151.103 Mobile Safari/537.36 (compatible; Googlebot/2.1; +http://www.google.com/bot.html)"
209.74.77.214 - - [13/Jul/2025:17:58:14 +0000] "POST /wp-cron.php?doing_wp_cron=1752429494.2429950237274169921875 HTTP/1.1" 200 - "-" "WordPress/6.8.1; https://akaventures.com.au"
88.99.27.116 - - [13/Jul/2025:17:58:13 +0000] "GET / HTTP/1.1" 200 21821 "-" "Mozilla/5.0 (Windows NT 10.0; Win64; x64; rv:94.0) Gecko/20100101 Firefox/94.0"
66.249.74.132 - - [13/Jul/2025:17:58:35 +0000] "GET /?y=5406765081940&mod=7467fc45&uri=shared.php%3Fid%3D180502-88%26name%3Dkool+splash HTTP/1.1" 200 21747 "-" "Mozilla/5.0 (Linux; Android 6.0.1; Nexus 5X Build/MMB29P) AppleWebKit/537.36 (KHTML, like Gecko) Chrome/137.0.7151.103 Mobile Safari/537.36 (compatible; Googlebot/2.1; +http://www.google.com/bot.html)"
209.74.77.214 - - [13/Jul/2025:18:00:31 +0000] "POST /wp-cron.php?doing_wp_cron=1752429631.3383040428161621093750 HTTP/1.1" 200 - "-" "WordPress/6.8.1; https://akaventures.com.au"
66.249.74.132 - - [13/Jul/2025:18:00:29 +0000] "GET /hello-world/ HTTP/1.1" 200 14963 "-" "Mozilla/5.0 (Linux; Android 6.0.1; Nexus 5X Build/MMB29P) AppleWebKit/537.36 (KHTML, like Gecko) Chrome/137.0.7151.103 Mobile Safari/537.36 (compatible; GoogleOther)"
66.249.74.131 - - [13/Jul/2025:18:00:37 +0000] "GET /wp-includes/css/dist/block-library/style.min.css?ver=6.8.1 HTTP/1.1" 200 15323 "https://akaventures.com.au/hello-world/" "Mozilla/5.0 (Linux; Android 6.0.1; Nexus 5X Build/MMB29P) AppleWebKit/537.36 (KHTML, like Gecko) Chrome/137.0.7151.119 Mobile Safari/537.36 (compatible; Googlebot/2.1; +http://www.google.com/bot.html)"
66.249.74.130 - - [13/Jul/2025:18:00:37 +0000] "GET /wp-includes/js/comment-reply.min.js?ver=6.8.1 HTTP/1.1" 200 1375 "https://akaventures.com.au/hello-world/" "Mozilla/5.0 (Linux; Android 6.0.1; Nexus 5X Build/MMB29P) AppleWebKit/537.36 (KHTML, like Gecko) Chrome/137.0.7151.119 Mobile Safari/537.36 (compatible; Googlebot/2.1; +http://www.google.com/bot.html)"
66.249.74.132 - - [13/Jul/2025:18:02:39 +0000] "GET /?y=5523394071940&mod=20877bef&uri=pin.php%3Fid%3D184393-310%26name%3Dintel+integrated+hd+graphics+4000 HTTP/1.1" 200 21449 "-" "Mozilla/5.0 (Linux; Android 6.0.1; Nexus 5X Build/MMB29P) AppleWebKit/537.36 (KHTML, like Gecko) Chrome/137.0.7151.103 Mobile Safari/537.36 (compatible; Googlebot/2.1; +http://www.google.com/bot.html)"
66.249.74.130 - - [13/Jul/2025:18:03:44 +0000] "GET /?y=6431816091940&mod=e58bdc60&uri=search.php%3Fid%3D214823-220%26name%3Ddying+a+wool+coat HTTP/1.1" 200 21835 "-" "Mozilla/5.0 (Linux; Android 6.0.1; Nexus 5X Build/MMB29P) AppleWebKit/537.36 (KHTML, like Gecko) Chrome/137.0.7151.103 Mobile Safari/537.36 (compatible; Googlebot/2.1; +http://www.google.com/bot.html)"
4.227.36.22 - - [13/Jul/2025:18:03:53 +0000] "GET /robots.txt HTTP/1.1" 200 91 "-" "Mozilla/5.0 AppleWebKit/537.36 (KHTML, like Gecko; compatible; GPTBot/1.2; +https://openai.com/gptbot)"
209.74.77.214 - - [13/Jul/2025:18:03:59 +0000] "POST /wp-cron.php?doing_wp_cron=1752429839.3679010868072509765625 HTTP/1.1" 200 - "-" "WordPress/6.8.1; https://akaventures.com.au"
20.171.207.233 - - [13/Jul/2025:18:03:58 +0000] "GET / HTTP/1.1" 301 - "-" "Mozilla/5.0 AppleWebKit/537.36 (KHTML, like Gecko; compatible; GPTBot/1.2; +https://openai.com/gptbot)"
66.249.74.132 - - [13/Jul/2025:18:04:01 +0000] "GET /?y=5388825041940&mod=da960bb5&uri=products.php%3Fid%3D179904-270%26name%3Dwater+pen+art HTTP/1.1" 301 - "-" "Mozilla/5.0 (Linux; Android 6.0.1; Nexus 5X Build/MMB29P) AppleWebKit/537.36 (KHTML, like Gecko) Chrome/137.0.7151.103 Mobile Safari/537.36 (compatible; GoogleOther)"
209.74.77.214 - - [13/Jul/2025:18:04:02 +0000] "POST /wp-cron.php?doing_wp_cron=1752429842.1737658977508544921875 HTTP/1.1" 200 - "-" "WordPress/6.8.1; https://akaventures.com.au"
66.249.74.131 - - [13/Jul/2025:18:04:01 +0000] "GET /?y=5388825041940&mod=da960bb5&uri=products.php%3Fid%3D179904-270%26name%3Dwater%20pen%20art HTTP/1.1" 200 21821 "-" "Mozilla/5.0 (Linux; Android 6.0.1; Nexus 5X Build/MMB29P) AppleWebKit/537.36 (KHTML, like Gecko) Chrome/137.0.7151.103 Mobile Safari/537.36 (compatible; GoogleOther)"
66.249.74.132 - - [13/Jul/2025:18:04:04 +0000] "POST /get-message-notify HTTP/1.1" 200 21788 "https://akaventures.com.au/?y=6431816091940&mod=e58bdc60&uri=search.php%3Fid%3D214823-220%26name%3Ddying+a+wool+coat" "Mozilla/5.0 (Linux; Android 6.0.1; Nexus 5X Build/MMB29P) AppleWebKit/537.36 (KHTML, like Gecko) Chrome/137.0.7151.119 Mobile Safari/537.36 (compatible; Googlebot/2.1; +http://www.google.com/bot.html)"
20.171.207.233 - - [13/Jul/2025:18:05:15 +0000] "GET /sitemap.xml HTTP/1.1" 200 67006 "-" "Mozilla/5.0 AppleWebKit/537.36 (KHTML, like Gecko; compatible; GPTBot/1.2; +https://openai.com/gptbot)"
66.249.74.131 - - [13/Jul/2025:18:05:48 +0000] "POST /wp-json/metform/v1/forms/views/1876 HTTP/1.1" 200 20707 "https://akaventures.com.au/?y=5388825041940&mod=da960bb5&uri=products.php%3Fid%3D179904-270%26name%3Dwater%20pen%20art" "Mozilla/5.0 (Linux; Android 6.0.1; Nexus 5X Build/MMB29P) AppleWebKit/537.36 (KHTML, like Gecko) Chrome/137.0.7151.119 Mobile Safari/537.36 (compatible; Googlebot/2.1; +http://www.google.com/bot.html)"
209.74.77.214 - - [13/Jul/2025:18:06:40 +0000] "POST /wp-cron.php?doing_wp_cron=1752430000.1529040336608886718750 HTTP/1.1" 200 - "-" "WordPress/6.8.1; https://akaventures.com.au"
54.147.182.90 - - [13/Jul/2025:18:06:38 +0000] "GET /about HTTP/1.1" 301 - "-" "Mozilla/5.0 AppleWebKit/537.36 (KHTML, like Gecko; compatible; Amazonbot/0.1; +https://developer.amazon.com/support/amazonbot) Chrome/119.0.6045.214 Safari/537.36"
184.73.195.18 - - [13/Jul/2025:18:06:40 +0000] "GET /about/ HTTP/1.1" 200 18938 "-" "Mozilla/5.0 AppleWebKit/537.36 (KHTML, like Gecko; compatible; Amazonbot/0.1; +https://developer.amazon.com/support/amazonbot) Chrome/119.0.6045.214 Safari/537.36"
209.74.77.214 - - [13/Jul/2025:18:07:34 +0000] "POST /wp-cron.php?doing_wp_cron=1752430054.4585809707641601562500 HTTP/1.1" 200 - "-" "WordPress/6.8.1; https://akaventures.com.au"
66.249.74.130 - - [13/Jul/2025:18:07:33 +0000] "GET /?y=5385675071940&mod=da960bb5&uri=products.php%3Fid%3D179799-270%26name%3Dcopic+sketch+72+a HTTP/1.1" 301 - "-" "Mozilla/5.0 (Linux; Android 6.0.1; Nexus 5X Build/MMB29P) AppleWebKit/537.36 (KHTML, like Gecko) Chrome/137.0.7151.103 Mobile Safari/537.36 (compatible; GoogleOther)"
66.249.74.131 - - [13/Jul/2025:18:07:35 +0000] "GET /?y=5385675071940&mod=da960bb5&uri=products.php%3Fid%3D179799-270%26name%3Dcopic%20sketch%2072%20a HTTP/1.1" 200 21821 "-" "Mozilla/5.0 (Linux; Android 6.0.1; Nexus 5X Build/MMB29P) AppleWebKit/537.36 (KHTML, like Gecko) Chrome/137.0.7151.103 Mobile Safari/537.36 (compatible; GoogleOther)"
66.249.74.131 - - [13/Jul/2025:18:07:43 +0000] "POST /wp-json/metform/v1/forms/views/1876 HTTP/1.1" 200 20693 "https://akaventures.com.au/?y=5385675071940&mod=da960bb5&uri=products.php%3Fid%3D179799-270%26name%3Dcopic%20sketch%2072%20a" "Mozilla/5.0 (Linux; Android 6.0.1; Nexus 5X Build/MMB29P) AppleWebKit/537.36 (KHTML, like Gecko) Chrome/137.0.7151.119 Mobile Safari/537.36 (compatible; Googlebot/2.1; +http://www.google.com/bot.html)"
209.74.77.214 - - [13/Jul/2025:18:11:06 +0000] "POST /wp-cron.php?doing_wp_cron=1752430266.6280250549316406250000 HTTP/1.1" 200 - "-" "WordPress/6.8.1; https://akaventures.com.au"
66.249.74.132 - - [13/Jul/2025:18:11:04 +0000] "GET /?y=5406225011940&mod=503e7dbb&uri=product.php%3Fid%3D180484-87%26name%3Dnest+camera+power+cord HTTP/1.1" 301 - "-" "Mozilla/5.0 (Linux; Android 6.0.1; Nexus 5X Build/MMB29P) AppleWebKit/537.36 (KHTML, like Gecko) Chrome/137.0.7151.103 Mobile Safari/537.36 (compatible; GoogleOther)"
66.249.74.131 - - [13/Jul/2025:18:11:07 +0000] "GET /?y=5406225011940&mod=503e7dbb&uri=product.php%3Fid%3D180484-87%26name%3Dnest%20camera%20power%20cord HTTP/1.1" 200 21821 "-" "Mozilla/5.0 (Linux; Android 6.0.1; Nexus 5X Build/MMB29P) AppleWebKit/537.36 (KHTML, like Gecko) Chrome/137.0.7151.103 Mobile Safari/537.36 (compatible; GoogleOther)"
66.249.74.132 - - [13/Jul/2025:18:14:07 +0000] "POST /wp-json/metform/v1/forms/views/1876 HTTP/1.1" 200 20706 "https://akaventures.com.au/?y=5406225011940&mod=503e7dbb&uri=product.php%3Fid%3D180484-87%26name%3Dnest%20camera%20power%20cord" "Mozilla/5.0 (Linux; Android 6.0.1; Nexus 5X Build/MMB29P) AppleWebKit/537.36 (KHTML, like Gecko) Chrome/137.0.7151.119 Mobile Safari/537.36 (compatible; Googlebot/2.1; +http://www.google.com/bot.html)"
209.74.77.214 - - [13/Jul/2025:18:14:38 +0000] "POST /wp-cron.php?doing_wp_cron=1752430478.1884970664978027343750 HTTP/1.1" 200 - "-" "WordPress/6.8.1; https://akaventures.com.au"
66.249.74.130 - - [13/Jul/2025:18:14:37 +0000] "GET /?y=5395365041940&mod=da960bb5&uri=itm.php%3Fid%3D180122-270%26name%3Ddrawing+markers+for+beginners HTTP/1.1" 301 - "-" "Mozilla/5.0 (Linux; Android 6.0.1; Nexus 5X Build/MMB29P) AppleWebKit/537.36 (KHTML, like Gecko) Chrome/137.0.7151.103 Mobile Safari/537.36 (compatible; GoogleOther)"
66.249.74.130 - - [13/Jul/2025:18:14:38 +0000] "GET /?y=5395365041940&mod=da960bb5&uri=itm.php%3Fid%3D180122-270%26name%3Ddrawing%20markers%20for%20beginners HTTP/1.1" 200 21821 "-" "Mozilla/5.0 (Linux; Android 6.0.1; Nexus 5X Build/MMB29P) AppleWebKit/537.36 (KHTML, like Gecko) Chrome/137.0.7151.103 Mobile Safari/537.36 (compatible; GoogleOther)"
66.249.74.132 - - [13/Jul/2025:18:15:00 +0000] "POST /wp-json/metform/v1/forms/views/1876 HTTP/1.1" 200 20699 "https://akaventures.com.au/?y=5395365041940&mod=da960bb5&uri=itm.php%3Fid%3D180122-270%26name%3Ddrawing%20markers%20for%20beginners" "Mozilla/5.0 (Linux; Android 6.0.1; Nexus 5X Build/MMB29P) AppleWebKit/537.36 (KHTML, like Gecko) Chrome/137.0.7151.119 Mobile Safari/537.36 (compatible; Googlebot/2.1; +http://www.google.com/bot.html)"
209.74.77.214 - - [13/Jul/2025:18:18:10 +0000] "POST /wp-cron.php?doing_wp_cron=1752430690.1229400634765625000000 HTTP/1.1" 200 - "-" "WordPress/6.8.1; https://akaventures.com.au"
66.249.74.131 - - [13/Jul/2025:18:18:08 +0000] "GET /?y=5393175041940&mod=da960bb5&uri=category-info.php%3Fid%3D180049-270%26name%3Dartist+loft+sketch+markers HTTP/1.1" 301 - "-" "Mozilla/5.0 (Linux; Android 6.0.1; Nexus 5X Build/MMB29P) AppleWebKit/537.36 (KHTML, like Gecko) Chrome/137.0.7151.103 Mobile Safari/537.36 (compatible; GoogleOther)"
66.249.74.131 - - [13/Jul/2025:18:18:10 +0000] "GET /?y=5393175041940&mod=da960bb5&uri=category-info.php%3Fid%3D180049-270%26name%3Dartist%20loft%20sketch%20markers HTTP/1.1" 200 21819 "-" "Mozilla/5.0 (Linux; Android 6.0.1; Nexus 5X Build/MMB29P) AppleWebKit/537.36 (KHTML, like Gecko) Chrome/137.0.7151.103 Mobile Safari/537.36 (compatible; GoogleOther)"
66.249.74.131 - - [13/Jul/2025:18:20:44 +0000] "GET /quarry-materials/ HTTP/1.1" 200 22180 "-" "Mozilla/5.0 (Linux; Android 6.0.1; Nexus 5X Build/MMB29P) AppleWebKit/537.36 (KHTML, like Gecko) Chrome/137.0.7151.103 Mobile Safari/537.36 (compatible; Googlebot/2.1; +http://www.google.com/bot.html)"
209.74.77.214 - - [13/Jul/2025:18:21:42 +0000] "POST /wp-cron.php?doing_wp_cron=1752430902.1133129596710205078125 HTTP/1.1" 200 - "-" "WordPress/6.8.1; https://akaventures.com.au"
66.249.74.132 - - [13/Jul/2025:18:21:40 +0000] "GET /?y=5397975031940&mod=da960bb5&uri=article.php%3Fid%3D180209-270%26name%3Drotring+600+mechanical+pencil+mm HTTP/1.1" 301 - "-" "Mozilla/5.0 (Linux; Android 6.0.1; Nexus 5X Build/MMB29P) AppleWebKit/537.36 (KHTML, like Gecko) Chrome/137.0.7151.103 Mobile Safari/537.36 (compatible; GoogleOther)"
66.249.74.131 - - [13/Jul/2025:18:21:42 +0000] "GET /?y=5397975031940&mod=da960bb5&uri=article.php%3Fid%3D180209-270%26name%3Drotring%20600%20mechanical%20pencil%20mm HTTP/1.1" 200 21821 "-" "Mozilla/5.0 (Linux; Android 6.0.1; Nexus 5X Build/MMB29P) AppleWebKit/537.36 (KHTML, like Gecko) Chrome/137.0.7151.103 Mobile Safari/537.36 (compatible; GoogleOther)"
66.249.74.132 - - [13/Jul/2025:18:22:51 +0000] "GET /products/ HTTP/1.1" 200 21729 "-" "Mozilla/5.0 (Linux; Android 6.0.1; Nexus 5X Build/MMB29P) AppleWebKit/537.36 (KHTML, like Gecko) Chrome/137.0.7151.103 Mobile Safari/537.36 (compatible; Googlebot/2.1; +http://www.google.com/bot.html)"
66.249.74.130 - - [13/Jul/2025:18:24:53 +0000] "POST /wp-json/metform/v1/forms/views/1876 HTTP/1.1" 200 20688 "https://akaventures.com.au/?y=5397975031940&mod=da960bb5&uri=article.php%3Fid%3D180209-270%26name%3Drotring%20600%20mechanical%20pencil%20mm" "Mozilla/5.0 (Linux; Android 6.0.1; Nexus 5X Build/MMB29P) AppleWebKit/537.36 (KHTML, like Gecko) Chrome/137.0.7151.119 Mobile Safari/537.36 (compatible; Googlebot/2.1; +http://www.google.com/bot.html)"
66.249.74.130 - - [13/Jul/2025:18:24:57 +0000] "GET /timber/ HTTP/1.1" 200 22442 "-" "Mozilla/5.0 (Linux; Android 6.0.1; Nexus 5X Build/MMB29P) AppleWebKit/537.36 (KHTML, like Gecko) Chrome/137.0.7151.103 Mobile Safari/537.36 (compatible; Googlebot/2.1; +http://www.google.com/bot.html)"
209.74.77.214 - - [13/Jul/2025:18:25:12 +0000] "POST /wp-cron.php?doing_wp_cron=1752431112.8799610137939453125000 HTTP/1.1" 200 - "-" "WordPress/6.8.1; https://akaventures.com.au"
66.249.74.131 - - [13/Jul/2025:18:25:11 +0000] "GET /?y=5402985001940&mod=503e7dbb&uri=category-info.php%3Fid%3D180376-87%26name%3Dotg+camera+for+mobile HTTP/1.1" 301 - "-" "Mozilla/5.0 (Linux; Android 6.0.1; Nexus 5X Build/MMB29P) AppleWebKit/537.36 (KHTML, like Gecko) Chrome/137.0.7151.103 Mobile Safari/537.36 (compatible; GoogleOther)"
66.249.74.130 - - [13/Jul/2025:18:25:13 +0000] "GET /?y=5402985001940&mod=503e7dbb&uri=category-info.php%3Fid%3D180376-87%26name%3Dotg%20camera%20for%20mobile HTTP/1.1" 200 21821 "-" "Mozilla/5.0 (Linux; Android 6.0.1; Nexus 5X Build/MMB29P) AppleWebKit/537.36 (KHTML, like Gecko) Chrome/137.0.7151.103 Mobile Safari/537.36 (compatible; GoogleOther)"
66.249.74.131 - - [13/Jul/2025:18:25:20 +0000] "POST /get-message-notify HTTP/1.1" 200 21781 "https://akaventures.com.au/products/" "Mozilla/5.0 (Linux; Android 6.0.1; Nexus 5X Build/MMB29P) AppleWebKit/537.36 (KHTML, like Gecko) Chrome/137.0.7151.119 Mobile Safari/537.36 (compatible; Googlebot/2.1; +http://www.google.com/bot.html)"
66.249.74.130 - - [13/Jul/2025:18:25:28 +0000] "GET /wp-content/plugins/elementor/assets/lib/animations/styles/e-animation-float.min.css?ver=3.30.2 HTTP/1.1" 200 139 "https://akaventures.com.au/?y=5402985001940&mod=503e7dbb&uri=category-info.php%3Fid%3D180376-87%26name%3Dotg%20camera%20for%20mobile" "Mozilla/5.0 (Linux; Android 6.0.1; Nexus 5X Build/MMB29P) AppleWebKit/537.36 (KHTML, like Gecko) Chrome/137.0.7151.119 Mobile Safari/537.36 (compatible; Googlebot/2.1; +http://www.google.com/bot.html)"
66.249.74.130 - - [13/Jul/2025:18:25:29 +0000] "GET /wp-content/plugins/elementor/assets/css/conditionals/apple-webkit.min.css?ver=3.30.2 HTTP/1.1" 200 557 "https://akaventures.com.au/?y=5402985001940&mod=503e7dbb&uri=category-info.php%3Fid%3D180376-87%26name%3Dotg%20camera%20for%20mobile" "Mozilla/5.0 (Linux; Android 6.0.1; Nexus 5X Build/MMB29P) AppleWebKit/537.36 (KHTML, like Gecko) Chrome/137.0.7151.119 Mobile Safari/537.36 (compatible; Googlebot/2.1; +http://www.google.com/bot.html)"
66.249.74.130 - - [13/Jul/2025:18:25:29 +0000] "GET /wp-content/plugins/elementor/assets/css/widget-divider.min.css?ver=3.30.2 HTTP/1.1" 200 771 "https://akaventures.com.au/?y=5402985001940&mod=503e7dbb&uri=category-info.php%3Fid%3D180376-87%26name%3Dotg%20camera%20for%20mobile" "Mozilla/5.0 (Linux; Android 6.0.1; Nexus 5X Build/MMB29P) AppleWebKit/537.36 (KHTML, like Gecko) Chrome/137.0.7151.119 Mobile Safari/537.36 (compatible; Googlebot/2.1; +http://www.google.com/bot.html)"
66.249.74.130 - - [13/Jul/2025:18:25:29 +0000] "GET /wp-content/plugins/elementor/assets/lib/animations/styles/e-animation-bob.min.css?ver=3.30.2 HTTP/1.1" 200 236 "https://akaventures.com.au/?y=5402985001940&mod=503e7dbb&uri=category-info.php%3Fid%3D180376-87%26name%3Dotg%20camera%20for%20mobile" "Mozilla/5.0 (Linux; Android 6.0.1; Nexus 5X Build/MMB29P) AppleWebKit/537.36 (KHTML, like Gecko) Chrome/137.0.7151.119 Mobile Safari/537.36 (compatible; Googlebot/2.1; +http://www.google.com/bot.html)"
66.249.74.130 - - [13/Jul/2025:18:25:30 +0000] "GET /wp-content/plugins/elementor/assets/css/widget-social-icons.min.css?ver=3.30.2 HTTP/1.1" 200 1170 "https://akaventures.com.au/?y=5402985001940&mod=503e7dbb&uri=category-info.php%3Fid%3D180376-87%26name%3Dotg%20camera%20for%20mobile" "Mozilla/5.0 (Linux; Android 6.0.1; Nexus 5X Build/MMB29P) AppleWebKit/537.36 (KHTML, like Gecko) Chrome/137.0.7151.119 Mobile Safari/537.36 (compatible; Googlebot/2.1; +http://www.google.com/bot.html)"
66.249.74.130 - - [13/Jul/2025:18:25:30 +0000] "GET /wp-content/uploads/elementor/css/post-121.css?ver=1752192000 HTTP/1.1" 200 1704 "https://akaventures.com.au/?y=5402985001940&mod=503e7dbb&uri=category-info.php%3Fid%3D180376-87%26name%3Dotg%20camera%20for%20mobile" "Mozilla/5.0 (Linux; Android 6.0.1; Nexus 5X Build/MMB29P) AppleWebKit/537.36 (KHTML, like Gecko) Chrome/137.0.7151.119 Mobile Safari/537.36 (compatible; Googlebot/2.1; +http://www.google.com/bot.html)"
66.249.74.130 - - [13/Jul/2025:18:25:31 +0000] "GET /wp-content/plugins/elementor/assets/css/widget-image-box.min.css?ver=3.30.2 HTTP/1.1" 200 379 "https://akaventures.com.au/?y=5402985001940&mod=503e7dbb&uri=category-info.php%3Fid%3D180376-87%26name%3Dotg%20camera%20for%20mobile" "Mozilla/5.0 (Linux; Android 6.0.1; Nexus 5X Build/MMB29P) AppleWebKit/537.36 (KHTML, like Gecko) Chrome/137.0.7151.119 Mobile Safari/537.36 (compatible; Googlebot/2.1; +http://www.google.com/bot.html)"
66.249.74.130 - - [13/Jul/2025:18:25:31 +0000] "GET /wp-content/plugins/elementor/assets/css/widget-heading.min.css?ver=3.30.2 HTTP/1.1" 200 188 "https://akaventures.com.au/?y=5402985001940&mod=503e7dbb&uri=category-info.php%3Fid%3D180376-87%26name%3Dotg%20camera%20for%20mobile" "Mozilla/5.0 (Linux; Android 6.0.1; Nexus 5X Build/MMB29P) AppleWebKit/537.36 (KHTML, like Gecko) Chrome/137.0.7151.119 Mobile Safari/537.36 (compatible; Googlebot/2.1; +http://www.google.com/bot.html)"
66.249.74.130 - - [13/Jul/2025:18:25:31 +0000] "GET /wp-content/plugins/elementor/assets/lib/animations/styles/fadeInUp.min.css?ver=3.30.2 HTTP/1.1" 200 117 "https://akaventures.com.au/?y=5402985001940&mod=503e7dbb&uri=category-info.php%3Fid%3D180376-87%26name%3Dotg%20camera%20for%20mobile" "Mozilla/5.0 (Linux; Android 6.0.1; Nexus 5X Build/MMB29P) AppleWebKit/537.36 (KHTML, like Gecko) Chrome/137.0.7151.119 Mobile Safari/537.36 (compatible; Googlebot/2.1; +http://www.google.com/bot.html)"
66.249.74.130 - - [13/Jul/2025:18:25:32 +0000] "GET /wp-content/uploads/elementor/css/post-15.css?ver=1752192000 HTTP/1.1" 200 1695 "https://akaventures.com.au/?y=5402985001940&mod=503e7dbb&uri=category-info.php%3Fid%3D180376-87%26name%3Dotg%20camera%20for%20mobile" "Mozilla/5.0 (Linux; Android 6.0.1; Nexus 5X Build/MMB29P) AppleWebKit/537.36 (KHTML, like Gecko) Chrome/137.0.7151.119 Mobile Safari/537.36 (compatible; Googlebot/2.1; +http://www.google.com/bot.html)"
66.249.74.130 - - [13/Jul/2025:18:25:32 +0000] "GET /wp-content/plugins/elementor/assets/css/widget-image.min.css?ver=3.30.2 HTTP/1.1" 200 164 "https://akaventures.com.au/?y=5402985001940&mod=503e7dbb&uri=category-info.php%3Fid%3D180376-87%26name%3Dotg%20camera%20for%20mobile" "Mozilla/5.0 (Linux; Android 6.0.1; Nexus 5X Build/MMB29P) AppleWebKit/537.36 (KHTML, like Gecko) Chrome/137.0.7151.119 Mobile Safari/537.36 (compatible; Googlebot/2.1; +http://www.google.com/bot.html)"
66.249.74.130 - - [13/Jul/2025:18:25:32 +0000] "GET /wp-content/uploads/elementor/css/post-123.css?ver=1752192000 HTTP/1.1" 200 1988 "https://akaventures.com.au/?y=5402985001940&mod=503e7dbb&uri=category-info.php%3Fid%3D180376-87%26name%3Dotg%20camera%20for%20mobile" "Mozilla/5.0 (Linux; Android 6.0.1; Nexus 5X Build/MMB29P) AppleWebKit/537.36 (KHTML, like Gecko) Chrome/137.0.7151.119 Mobile Safari/537.36 (compatible; Googlebot/2.1; +http://www.google.com/bot.html)"
66.249.74.130 - - [13/Jul/2025:18:25:33 +0000] "GET /wp-content/plugins/elementor/assets/lib/animations/styles/fadeInRight.min.css?ver=3.30.2 HTTP/1.1" 200 120 "https://akaventures.com.au/?y=5402985001940&mod=503e7dbb&uri=category-info.php%3Fid%3D180376-87%26name%3Dotg%20camera%20for%20mobile" "Mozilla/5.0 (Linux; Android 6.0.1; Nexus 5X Build/MMB29P) AppleWebKit/537.36 (KHTML, like Gecko) Chrome/137.0.7151.119 Mobile Safari/537.36 (compatible; Googlebot/2.1; +http://www.google.com/bot.html)"
