66.249.65.164 - - [12/Jul/2025:15:17:26 +0000] "GET /?k=47499575101900&mod=4ef30115&uri=goods.php%3Fid%3D1585174-91%26name%3Dgear+cycle+under+10000+for+adults HTTP/1.1" 200 21339 "-" "Mozilla/5.0 (Linux; Android 6.0.1; Nexus 5X Build/MMB29P) AppleWebKit/537.36 (KHTML, like Gecko) Chrome/137.0.7151.103 Mobile Safari/537.36 (compatible; Googlebot/2.1; +http://www.google.com/bot.html)"
66.249.65.164 - - [12/Jul/2025:15:17:26 +0000] "GET /?k=7022639071900&mod=3d1327c1&uri=shared.php%3Fid%3D234533-395%26name%3Dtaille+chez+levis+femme HTTP/1.1" 200 21485 "-" "Mozilla/5.0 (Linux; Android 6.0.1; Nexus 5X Build/MMB29P) AppleWebKit/537.36 (KHTML, like Gecko) Chrome/137.0.7151.103 Mobile Safari/537.36 (compatible; Googlebot/2.1; +http://www.google.com/bot.html)"
66.249.65.164 - - [12/Jul/2025:15:17:27 +0000] "GET /?k=119617000061900&mod=45fab23f&uri=product.php%3Fid%3D3991985-1161%26name%3Dnike+zoom+spectrum+vaporwave HTTP/1.1" 200 20636 "-" "Mozilla/5.0 (Linux; Android 6.0.1; Nexus 5X Build/MMB29P) AppleWebKit/537.36 (KHTML, like Gecko) Chrome/137.0.7151.103 Mobile Safari/537.36 (compatible; Googlebot/2.1; +http://www.google.com/bot.html)"
66.249.65.164 - - [12/Jul/2025:15:17:30 +0000] "POST /get-message-notify HTTP/1.1" 200 21423 "https://alalamy.com.au/?k=119617000061900&mod=45fab23f&uri=product.php%3Fid%3D3991985-1161%26name%3Dnike+zoom+spectrum+vaporwave" "Mozilla/5.0 (Linux; Android 6.0.1; Nexus 5X Build/MMB29P) AppleWebKit/537.36 (KHTML, like Gecko) Chrome/137.0.7151.119 Mobile Safari/537.36 (compatible; Googlebot/2.1; +http://www.google.com/bot.html)"
66.249.65.164 - - [12/Jul/2025:15:17:30 +0000] "GET /?k=7269910101900&mod=cbd35b79&uri=info.php%3Fid%3D242787-401%26name%3Dtuto+sac+banane+gratuit HTTP/1.1" 200 21724 "-" "Mozilla/5.0 (Linux; Android 6.0.1; Nexus 5X Build/MMB29P) AppleWebKit/537.36 (KHTML, like Gecko) Chrome/137.0.7151.103 Mobile Safari/537.36 (compatible; Googlebot/2.1; +http://www.google.com/bot.html)"
66.249.65.164 - - [12/Jul/2025:15:17:38 +0000] "POST /get-message-notify HTTP/1.1" 200 21424 "https://alalamy.com.au/?k=7022639071900&mod=3d1327c1&uri=shared.php%3Fid%3D234533-395%26name%3Dtaille+chez+levis+femme" "Mozilla/5.0 (Linux; Android 6.0.1; Nexus 5X Build/MMB29P) AppleWebKit/537.36 (KHTML, like Gecko) Chrome/137.0.7151.119 Mobile Safari/537.36 (compatible; Googlebot/2.1; +http://www.google.com/bot.html)"
209.74.77.214 - - [12/Jul/2025:15:17:41 +0000] "POST /wp-cron.php?doing_wp_cron=1752333461.1310811042785644531250 HTTP/1.1" 200 - "-" "WordPress/6.8.1; https://alalamy.com.au"
54.36.149.36 - - [12/Jul/2025:15:17:40 +0000] "GET /?k=45727124031900&mod=68ce85fc&uri=article.php%3Fid%3D1526052-1221%26name%3Ddeltaco+hdmi+extender HTTP/1.1" 301 - "-" "Mozilla/5.0 (compatible; AhrefsBot/7.0; +http://ahrefs.com/robot/)"
209.74.77.214 - - [12/Jul/2025:15:17:41 +0000] "POST /wp-admin/admin-ajax.php?action=async_litespeed&nonce=ikEvaFXL7ogrUTj94Xu9u5g2VZd9gyFa&litespeed_type=imgoptm HTTP/1.1" 200 21 "-" "WordPress/6.8.1; https://alalamy.com.au"
66.249.65.164 - - [12/Jul/2025:15:17:48 +0000] "GET /?k=7334269021900&mod=c242ee43&uri=itm.php%3Fid%3D244949-405%26name%3Dsteel+toe+puma+tennis+shoes HTTP/1.1" 200 20386 "-" "Mozilla/5.0 (Linux; Android 6.0.1; Nexus 5X Build/MMB29P) AppleWebKit/537.36 (KHTML, like Gecko) Chrome/137.0.7151.103 Mobile Safari/537.36 (compatible; Googlebot/2.1; +http://www.google.com/bot.html)"
66.249.65.164 - - [12/Jul/2025:15:17:55 +0000] "POST /get-message-notify HTTP/1.1" 200 21409 "https://alalamy.com.au/?k=7269910101900&mod=cbd35b79&uri=info.php%3Fid%3D242787-401%26name%3Dtuto+sac+banane+gratuit" "Mozilla/5.0 (Linux; Android 6.0.1; Nexus 5X Build/MMB29P) AppleWebKit/537.36 (KHTML, like Gecko) Chrome/137.0.7151.119 Mobile Safari/537.36 (compatible; Googlebot/2.1; +http://www.google.com/bot.html)"
209.74.77.214 - - [12/Jul/2025:15:18:19 +0000] "POST /wp-cron.php?doing_wp_cron=1752333499.1718740463256835937500 HTTP/1.1" 200 - "-" "WordPress/6.8.1; https://alalamy.com.au"
54.36.148.69 - - [12/Jul/2025:15:18:18 +0000] "GET /?k=4583839021900&mod=3125b62f&uri=blog.php%3Fid%3D152994-271%26name%3Dpuma+slides+nordstrom+rack HTTP/1.1" 301 - "-" "Mozilla/5.0 (compatible; AhrefsBot/7.0; +http://ahrefs.com/robot/)"
66.249.65.165 - - [12/Jul/2025:15:18:23 +0000] "GET /?k=6533725011900&mod=c5136a36&uri=category-info.php%3Fid%3D218221-366%26name%3Dlevis+baggy+sherpa+trucker+jacket HTTP/1.1" 200 20609 "-" "Mozilla/5.0 (Linux; Android 6.0.1; Nexus 5X Build/MMB29P) AppleWebKit/537.36 (KHTML, like Gecko) Chrome/137.0.7151.103 Mobile Safari/537.36 (compatible; Googlebot/2.1; +http://www.google.com/bot.html)"
209.74.77.214 - - [12/Jul/2025:15:19:02 +0000] "POST /wp-cron.php?doing_wp_cron=1752333542.9560949802398681640625 HTTP/1.1" 200 - "-" "WordPress/6.8.1; https://alalamy.com.au"
54.36.148.224 - - [12/Jul/2025:15:19:01 +0000] "GET /?k=46008617001900&mod=12cf6101&uri=pin.php%3Fid%3D1535445-701%26name%3Dpuma+lqdcell+optic HTTP/1.1" 301 - "-" "Mozilla/5.0 (compatible; AhrefsBot/7.0; +http://ahrefs.com/robot/)"
209.74.77.214 - - [12/Jul/2025:15:19:03 +0000] "POST /wp-admin/admin-ajax.php?action=async_litespeed&nonce=RpFI7ryOPQ6oVQQthGRZWRF5CfSGtKV6&litespeed_type=imgoptm HTTP/1.1" 200 21 "-" "WordPress/6.8.1; https://alalamy.com.au"
66.249.65.164 - - [12/Jul/2025:15:19:14 +0000] "GET /?k=7197189021900&mod=df7c6cbf&uri=itm.php%3Fid%3D240359-399%26name%3Dgear+watch+lte HTTP/1.1" 200 21591 "-" "Mozilla/5.0 (Linux; Android 6.0.1; Nexus 5X Build/MMB29P) AppleWebKit/537.36 (KHTML, like Gecko) Chrome/137.0.7151.103 Mobile Safari/537.36 (compatible; Googlebot/2.1; +http://www.google.com/bot.html)"
66.249.65.165 - - [12/Jul/2025:15:19:20 +0000] "GET /?k=6930605071900&mod=b9b993f4&uri=blog.php%3Fid%3D231461-387%26name%3Dpilates+power+gym+workouts HTTP/1.1" 200 22216 "-" "Mozilla/5.0 (Linux; Android 6.0.1; Nexus 5X Build/MMB29P) AppleWebKit/537.36 (KHTML, like Gecko) Chrome/137.0.7151.103 Mobile Safari/537.36 (compatible; Googlebot/2.1; +http://www.google.com/bot.html)"
66.249.65.164 - - [12/Jul/2025:15:19:20 +0000] "GET /?k=26448775011900&mod=962ebbfe&uri=product.php%3Fid%3D882741-394%26name%3Dsurya+aanch+burner HTTP/1.1" 200 21621 "-" "Mozilla/5.0 (Linux; Android 6.0.1; Nexus 5X Build/MMB29P) AppleWebKit/537.36 (KHTML, like Gecko) Chrome/137.0.7151.103 Mobile Safari/537.36 (compatible; Googlebot/2.1; +http://www.google.com/bot.html)"
209.74.77.214 - - [12/Jul/2025:15:19:33 +0000] "POST /wp-cron.php?doing_wp_cron=1752333573.4301970005035400390625 HTTP/1.1" 200 - "-" "WordPress/6.8.1; https://alalamy.com.au"
54.36.148.123 - - [12/Jul/2025:15:19:33 +0000] "GET /?k=46050300011900&mod=cacd7ba7&uri=goods.php%3Fid%3D1536835-1224%26name%3Dargent+925+sterling+silver HTTP/1.1" 301 - "-" "Mozilla/5.0 (compatible; AhrefsBot/7.0; +http://ahrefs.com/robot/)"
209.74.77.214 - - [12/Jul/2025:15:19:33 +0000] "POST /wp-admin/admin-ajax.php?action=async_litespeed&nonce=1G2fpHCKDp4Uox3tUT1YNC3gpoAgsBVG&litespeed_type=imgoptm HTTP/1.1" 200 21 "-" "WordPress/6.8.1; https://alalamy.com.au"
66.249.65.164 - - [12/Jul/2025:15:19:34 +0000] "GET /?k=7387949061900&mod=1b728593&uri=shared.php%3Fid%3D246740-409%26name%3Dmodare+azul+marinho HTTP/1.1" 200 21357 "-" "Mozilla/5.0 (Linux; Android 6.0.1; Nexus 5X Build/MMB29P) AppleWebKit/537.36 (KHTML, like Gecko) Chrome/137.0.7151.103 Mobile Safari/537.36 (compatible; Googlebot/2.1; +http://www.google.com/bot.html)"
66.249.65.164 - - [12/Jul/2025:15:19:34 +0000] "GET /?k=6871014001900&mod=69846de5&uri=us.php%3Fid%3D229472-386%26name%3Dbaby+boy+golf+hat HTTP/1.1" 200 22310 "-" "Mozilla/5.0 (Linux; Android 6.0.1; Nexus 5X Build/MMB29P) AppleWebKit/537.36 (KHTML, like Gecko) Chrome/137.0.7151.103 Mobile Safari/537.36 (compatible; Googlebot/2.1; +http://www.google.com/bot.html)"
66.249.65.164 - - [12/Jul/2025:15:19:43 +0000] "GET /?k=6985573041900&mod=962ebbfe&uri=search.php%3Fid%3D233294-394%26name%3Dthomson+pottery+16+pc+dinnerware+set HTTP/1.1" 200 21742 "-" "Mozilla/5.0 (Linux; Android 6.0.1; Nexus 5X Build/MMB29P) AppleWebKit/537.36 (KHTML, like Gecko) Chrome/137.0.7151.103 Mobile Safari/537.36 (compatible; Googlebot/2.1; +http://www.google.com/bot.html)"
66.249.65.166 - - [12/Jul/2025:15:20:05 +0000] "GET /?k=7259531031900&mod=cbd35b79&uri=shop.php%3Fid%3D242438-401%26name%3Dfond+de+sac+rigide+couture HTTP/1.1" 200 22375 "-" "Mozilla/5.0 (Linux; Android 6.0.1; Nexus 5X Build/MMB29P) AppleWebKit/537.36 (KHTML, like Gecko) Chrome/137.0.7151.103 Mobile Safari/537.36 (compatible; Googlebot/2.1; +http://www.google.com/bot.html)"
54.36.149.17 - - [12/Jul/2025:15:20:06 +0000] "GET /?k=4699789041900&mod=b8a28def&uri=pin.php%3Fid%3D156860-290%26name%3Djordan+white+women HTTP/1.1" 301 - "-" "Mozilla/5.0 (compatible; AhrefsBot/7.0; +http://ahrefs.com/robot/)"
66.249.65.165 - - [12/Jul/2025:15:20:17 +0000] "POST /get-message-notify HTTP/1.1" 200 21421 "https://alalamy.com.au/?k=6930605071900&mod=b9b993f4&uri=blog.php%3Fid%3D231461-387%26name%3Dpilates+power+gym+workouts" "Mozilla/5.0 (Linux; Android 6.0.1; Nexus 5X Build/MMB29P) AppleWebKit/537.36 (KHTML, like Gecko) Chrome/137.0.7151.119 Mobile Safari/537.36 (compatible; Googlebot/2.1; +http://www.google.com/bot.html)"
66.249.65.164 - - [12/Jul/2025:15:20:30 +0000] "GET /?k=6649975001900&mod=d2394127&uri=shared.php%3Fid%3D222096-372%26name%3Ddifference+between+man+made+diamond+and+natural+diamond HTTP/1.1" 200 22291 "-" "Mozilla/5.0 (Linux; Android 6.0.1; Nexus 5X Build/MMB29P) AppleWebKit/537.36 (KHTML, like Gecko) Chrome/137.0.7151.103 Mobile Safari/537.36 (compatible; Googlebot/2.1; +http://www.google.com/bot.html)"
209.74.77.214 - - [12/Jul/2025:15:20:40 +0000] "POST /wp-cron.php?doing_wp_cron=1752333640.3993449211120605468750 HTTP/1.1" 200 - "-" "WordPress/6.8.1; https://alalamy.com.au"
54.36.148.176 - - [12/Jul/2025:15:20:40 +0000] "GET /?k=47770361011900&mod=3685227c&uri=pin.php%3Fid%3D1594213-134%26name%3Ddetroit+metal+city+crunchyroll HTTP/1.1" 301 - "-" "Mozilla/5.0 (compatible; AhrefsBot/7.0; +http://ahrefs.com/robot/)"
209.74.77.214 - - [12/Jul/2025:15:20:40 +0000] "POST /wp-admin/admin-ajax.php?action=async_litespeed&nonce=GLvIVXjL6ljjWVpaC0vpiUryLvD1MNho&litespeed_type=imgoptm HTTP/1.1" 200 21 "-" "WordPress/6.8.1; https://alalamy.com.au"
66.249.65.164 - - [12/Jul/2025:15:20:46 +0000] "GET /?k=7027679031900&mod=156cc497&uri=goods.php%3Fid%3D234701-396%26name%3Dnike+jordan+soldes HTTP/1.1" 200 22291 "-" "Mozilla/5.0 (Linux; Android 6.0.1; Nexus 5X Build/MMB29P) AppleWebKit/537.36 (KHTML, like Gecko) Chrome/137.0.7151.103 Mobile Safari/537.36 (compatible; Googlebot/2.1; +http://www.google.com/bot.html)"
66.249.65.164 - - [12/Jul/2025:15:21:16 +0000] "GET /?k=7278727101900&mod=861288f2&uri=dp.php%3Fid%3D243087-403%26name%3Dwanderschuhe+vor+dem+ersten+tragen HTTP/1.1" 200 21867 "-" "Mozilla/5.0 (Linux; Android 6.0.1; Nexus 5X Build/MMB29P) AppleWebKit/537.36 (KHTML, like Gecko) Chrome/137.0.7151.103 Mobile Safari/537.36 (compatible; Googlebot/2.1; +http://www.google.com/bot.html)"
66.249.65.165 - - [12/Jul/2025:15:21:35 +0000] "GET /?k=6925565071900&mod=b9b993f4&uri=itm.php%3Fid%3D231293-387%26name%3Dspri+resistance+tubes HTTP/1.1" 200 21487 "-" "Mozilla/5.0 (Linux; Android 6.0.1; Nexus 5X Build/MMB29P) AppleWebKit/537.36 (KHTML, like Gecko) Chrome/137.0.7151.103 Mobile Safari/537.36 (compatible; Googlebot/2.1; +http://www.google.com/bot.html)"
66.249.65.165 - - [12/Jul/2025:15:21:37 +0000] "POST /get-message-notify HTTP/1.1" 200 21429 "https://alalamy.com.au/?k=6925565071900&mod=b9b993f4&uri=itm.php%3Fid%3D231293-387%26name%3Dspri+resistance+tubes" "Mozilla/5.0 (Linux; Android 6.0.1; Nexus 5X Build/MMB29P) AppleWebKit/537.36 (KHTML, like Gecko) Chrome/137.0.7151.119 Mobile Safari/537.36 (compatible; Googlebot/2.1; +http://www.google.com/bot.html)"
66.249.65.164 - - [12/Jul/2025:15:21:40 +0000] "POST /get-message-notify HTTP/1.1" 200 21416 "https://alalamy.com.au/?k=7027679031900&mod=156cc497&uri=goods.php%3Fid%3D234701-396%26name%3Dnike+jordan+soldes" "Mozilla/5.0 (Linux; Android 6.0.1; Nexus 5X Build/MMB29P) AppleWebKit/537.36 (KHTML, like Gecko) Chrome/137.0.7151.119 Mobile Safari/537.36 (compatible; Googlebot/2.1; +http://www.google.com/bot.html)"
66.249.65.164 - - [12/Jul/2025:15:21:46 +0000] "GET /?k=5148136051900&mod=fd6c1287&uri=blog.php%3Fid%3D171861-270%26name%3Dpen+tablet+flipkart HTTP/1.1" 200 22331 "-" "Mozilla/5.0 (Linux; Android 6.0.1; Nexus 5X Build/MMB29P) AppleWebKit/537.36 (KHTML, like Gecko) Chrome/137.0.7151.103 Mobile Safari/537.36 (compatible; Googlebot/2.1; +http://www.google.com/bot.html)"
66.249.65.164 - - [12/Jul/2025:15:21:47 +0000] "GET /?k=93989834001900&mod=0bb3498d&uri=brands.php%3Fid%3D3136630-367%26name%3Dbaby+tents+for+outside HTTP/1.1" 200 21446 "-" "Mozilla/5.0 (Linux; Android 6.0.1; Nexus 5X Build/MMB29P) AppleWebKit/537.36 (KHTML, like Gecko) Chrome/137.0.7151.103 Mobile Safari/537.36 (compatible; Googlebot/2.1; +http://www.google.com/bot.html)"
209.74.77.214 - - [12/Jul/2025:15:21:50 +0000] "POST /wp-cron.php?doing_wp_cron=1752333710.9793019294738769531250 HTTP/1.1" 200 - "-" "WordPress/6.8.1; https://alalamy.com.au"
209.74.77.214 - - [12/Jul/2025:15:21:51 +0000] "POST /wp-admin/admin-ajax.php?action=async_litespeed&nonce=F3lyOEuN96PR7wIew1N2vfSqhDHgR9dz&litespeed_type=imgoptm HTTP/1.1" 200 21 "-" "WordPress/6.8.1; https://alalamy.com.au"
54.36.148.172 - - [12/Jul/2025:15:21:50 +0000] "GET /?k=48061804001900&uri=info.php%3Fid%3D1603936-13%26name%3Dvapormax%20202q HTTP/1.1" 200 26570 "-" "Mozilla/5.0 (compatible; AhrefsBot/7.0; +http://ahrefs.com/robot/)"
66.249.65.164 - - [12/Jul/2025:15:21:56 +0000] "GET /?k=7027799051900&mod=156cc497&uri=shared.php%3Fid%3D234705-396%26name%3Dballon+de+basket+exterieur+taille HTTP/1.1" 200 21092 "-" "Mozilla/5.0 (Linux; Android 6.0.1; Nexus 5X Build/MMB29P) AppleWebKit/537.36 (KHTML, like Gecko) Chrome/137.0.7151.103 Mobile Safari/537.36 (compatible; Googlebot/2.1; +http://www.google.com/bot.html)"
66.249.65.164 - - [12/Jul/2025:15:22:07 +0000] "GET /?k=6476605011900&mod=cb826161&uri=category-info.php%3Fid%3D216317-364%26name%3Dshein+purple+coat HTTP/1.1" 200 21148 "-" "Mozilla/5.0 (Linux; Android 6.0.1; Nexus 5X Build/MMB29P) AppleWebKit/537.36 (KHTML, like Gecko) Chrome/137.0.7151.103 Mobile Safari/537.36 (compatible; Googlebot/2.1; +http://www.google.com/bot.html)"
52.167.144.194 - - [12/Jul/2025:15:22:09 +0000] "GET /?k=17498293041900&mod=cfa69734&uri=article.php%3Fid%3D584132-689%26name%3Dworld+record+for+running+a+marathon HTTP/1.1" 200 22542 "-" "Mozilla/5.0 AppleWebKit/537.36 (KHTML, like Gecko; compatible; bingbot/2.0; +http://www.bing.com/bingbot.htm) Chrome/116.0.1938.76 Safari/537.36"
66.249.65.164 - - [12/Jul/2025:15:22:10 +0000] "POST /get-message-notify HTTP/1.1" 200 21432 "https://alalamy.com.au/?k=7027799051900&mod=156cc497&uri=shared.php%3Fid%3D234705-396%26name%3Dballon+de+basket+exterieur+taille" "Mozilla/5.0 (Linux; Android 6.0.1; Nexus 5X Build/MMB29P) AppleWebKit/537.36 (KHTML, like Gecko) Chrome/137.0.7151.119 Mobile Safari/537.36 (compatible; Googlebot/2.1; +http://www.google.com/bot.html)"
66.249.65.165 - - [12/Jul/2025:15:22:11 +0000] "POST /get-message-notify HTTP/1.1" 200 21426 "https://alalamy.com.au/?k=6476605011900&mod=cb826161&uri=category-info.php%3Fid%3D216317-364%26name%3Dshein+purple+coat" "Mozilla/5.0 (Linux; Android 6.0.1; Nexus 5X Build/MMB29P) AppleWebKit/537.36 (KHTML, like Gecko) Chrome/137.0.7151.119 Mobile Safari/537.36 (compatible; Googlebot/2.1; +http://www.google.com/bot.html)"
66.249.65.164 - - [12/Jul/2025:15:22:21 +0000] "POST /get-message-notify HTTP/1.1" 200 21429 "https://alalamy.com.au/?k=93989834001900&mod=0bb3498d&uri=brands.php%3Fid%3D3136630-367%26name%3Dbaby+tents+for+outside" "Mozilla/5.0 (Linux; Android 6.0.1; Nexus 5X Build/MMB29P) AppleWebKit/537.36 (KHTML, like Gecko) Chrome/137.0.7151.119 Mobile Safari/537.36 (compatible; Googlebot/2.1; +http://www.google.com/bot.html)"
66.249.65.165 - - [12/Jul/2025:15:22:25 +0000] "GET /?k=7061292031900&mod=156cc497&uri=goods.php%3Fid%3D235823-396%26name%3Dconverse+plateforme+femme+beige HTTP/1.1" 200 21666 "-" "Mozilla/5.0 (Linux; Android 6.0.1; Nexus 5X Build/MMB29P) AppleWebKit/537.36 (KHTML, like Gecko) Chrome/137.0.7151.103 Mobile Safari/537.36 (compatible; Googlebot/2.1; +http://www.google.com/bot.html)"
209.74.77.214 - - [12/Jul/2025:15:22:29 +0000] "POST /wp-cron.php?doing_wp_cron=1752333749.1532199382781982421875 HTTP/1.1" 200 - "-" "WordPress/6.8.1; https://alalamy.com.au"
54.36.148.80 - - [12/Jul/2025:15:22:28 +0000] "GET /?k=48226899031900&mod=7f6aa77b&uri=info.php%3Fid%3D1609441-853%26name%3Damd+radeon+vega+juegos HTTP/1.1" 301 - "-" "Mozilla/5.0 (compatible; AhrefsBot/7.0; +http://ahrefs.com/robot/)"
66.249.65.164 - - [12/Jul/2025:15:22:32 +0000] "GET /?k=6551455041900&mod=0bb3498d&uri=news.php%3Fid%3D218812-367%26name%3Dbest+tents+for+families HTTP/1.1" 200 21835 "-" "Mozilla/5.0 (Linux; Android 6.0.1; Nexus 5X Build/MMB29P) AppleWebKit/537.36 (KHTML, like Gecko) Chrome/137.0.7151.103 Mobile Safari/537.36 (compatible; Googlebot/2.1; +http://www.google.com/bot.html)"
66.249.65.164 - - [12/Jul/2025:15:22:32 +0000] "GET /?k=7026929141900&mod=156cc497&uri=pin.php%3Fid%3D234676-396%26name%3Dpanier+basket+a+fixer HTTP/1.1" 200 20994 "-" "Mozilla/5.0 (Linux; Android 6.0.1; Nexus 5X Build/MMB29P) AppleWebKit/537.36 (KHTML, like Gecko) Chrome/137.0.7151.103 Mobile Safari/537.36 (compatible; Googlebot/2.1; +http://www.google.com/bot.html)"
66.249.65.164 - - [12/Jul/2025:15:22:47 +0000] "GET /?k=6861024011900&mod=365adce6&uri=dp.php%3Fid%3D229139-385%26name%3Diwatch+series+verizon HTTP/1.1" 200 20720 "-" "Mozilla/5.0 (Linux; Android 6.0.1; Nexus 5X Build/MMB29P) AppleWebKit/537.36 (KHTML, like Gecko) Chrome/137.0.7151.103 Mobile Safari/537.36 (compatible; Googlebot/2.1; +http://www.google.com/bot.html)"
209.74.77.214 - - [12/Jul/2025:15:23:02 +0000] "POST /wp-cron.php?doing_wp_cron=1752333782.9412620067596435546875 HTTP/1.1" 200 - "-" "WordPress/6.8.1; https://alalamy.com.au"
54.36.149.47 - - [12/Jul/2025:15:23:02 +0000] "GET /?k=48284466061900&mod=51801f91&uri=search.php%3Fid%3D1611363-674%26name%3Dlongbo+watch+price HTTP/1.1" 301 - "-" "Mozilla/5.0 (compatible; AhrefsBot/7.0; +http://ahrefs.com/robot/)"
209.74.77.214 - - [12/Jul/2025:15:23:03 +0000] "POST /wp-admin/admin-ajax.php?action=async_litespeed&nonce=aj7JjSMMfgOnTWP9cX4DV5hfR2nnEA8T&litespeed_type=imgoptm HTTP/1.1" 200 21 "-" "WordPress/6.8.1; https://alalamy.com.au"
209.74.77.214 - - [12/Jul/2025:15:23:37 +0000] "POST /wp-cron.php?doing_wp_cron=1752333817.1131858825683593750000 HTTP/1.1" 200 - "-" "WordPress/6.8.1; https://alalamy.com.au"
54.36.148.152 - - [12/Jul/2025:15:23:35 +0000] "GET /?k=48748304011900&uri=product.php%3Fid%3D1626831-623%26name%3Dredskins%20bottines%20homme HTTP/1.1" 200 26570 "-" "Mozilla/5.0 (compatible; AhrefsBot/7.0; +http://ahrefs.com/robot/)"
209.74.77.214 - - [12/Jul/2025:15:23:37 +0000] "POST /wp-admin/admin-ajax.php?action=async_litespeed&nonce=ffWjxaB3xd995EFIFXdKQp5jZM2qLqoY&litespeed_type=imgoptm HTTP/1.1" 200 21 "-" "WordPress/6.8.1; https://alalamy.com.au"
66.249.65.164 - - [12/Jul/2025:15:24:09 +0000] "GET /?k=6862374061900&mod=69846de5&uri=blog.php%3Fid%3D229184-386%26name%3Dtaylormade+m3+hat HTTP/1.1" 200 21334 "-" "Mozilla/5.0 (Linux; Android 6.0.1; Nexus 5X Build/MMB29P) AppleWebKit/537.36 (KHTML, like Gecko) Chrome/137.0.7151.103 Mobile Safari/537.36 (compatible; Googlebot/2.1; +http://www.google.com/bot.html)"
52.167.144.213 - - [12/Jul/2025:15:24:09 +0000] "GET /?k=5278335111900&mod=59ab1a1d&uri=shared.php%3Fid%3D176219-294%26name%3Dkendall+jenner+cross+necklace HTTP/1.1" 200 20434 "-" "Mozilla/5.0 AppleWebKit/537.36 (KHTML, like Gecko; compatible; bingbot/2.0; +http://www.bing.com/bingbot.htm) Chrome/116.0.1938.76 Safari/537.36"
66.249.65.164 - - [12/Jul/2025:15:24:10 +0000] "GET /?k=7274137091900&mod=861288f2&uri=category-info.php%3Fid%3D242931-403%26name%3Dmustang+sommerschuhe HTTP/1.1" 200 21720 "-" "Mozilla/5.0 (Linux; Android 6.0.1; Nexus 5X Build/MMB29P) AppleWebKit/537.36 (KHTML, like Gecko) Chrome/137.0.7151.103 Mobile Safari/537.36 (compatible; Googlebot/2.1; +http://www.google.com/bot.html)"
209.74.77.214 - - [12/Jul/2025:15:24:19 +0000] "POST /wp-cron.php?doing_wp_cron=1752333859.5534930229187011718750 HTTP/1.1" 200 - "-" "WordPress/6.8.1; https://alalamy.com.au"
54.36.148.35 - - [12/Jul/2025:15:24:18 +0000] "GET /?k=4899087011900&uri=dp.php%3Fid%3D163553-299%26name%3Danthropologie%20caftan%20dress HTTP/1.1" 200 26570 "-" "Mozilla/5.0 (compatible; AhrefsBot/7.0; +http://ahrefs.com/robot/)"
66.249.65.165 - - [12/Jul/2025:15:24:22 +0000] "GET /?k=7115145001900&mod=46489c17&uri=form.php%3Fid%3D237621-44%26name%3Dflsun+q5+filament HTTP/1.1" 200 21129 "-" "Mozilla/5.0 (Linux; Android 6.0.1; Nexus 5X Build/MMB29P) AppleWebKit/537.36 (KHTML, like Gecko) Chrome/137.0.7151.103 Mobile Safari/537.36 (compatible; Googlebot/2.1; +http://www.google.com/bot.html)"
66.249.65.164 - - [12/Jul/2025:15:24:25 +0000] "POST /get-message-notify HTTP/1.1" 200 21426 "https://alalamy.com.au/?k=6551455041900&mod=0bb3498d&uri=news.php%3Fid%3D218812-367%26name%3Dbest+tents+for+families" "Mozilla/5.0 (Linux; Android 6.0.1; Nexus 5X Build/MMB29P) AppleWebKit/537.36 (KHTML, like Gecko) Chrome/137.0.7151.119 Mobile Safari/537.36 (compatible; Googlebot/2.1; +http://www.google.com/bot.html)"
66.249.65.165 - - [12/Jul/2025:15:24:26 +0000] "GET /?k=7268650031900&mod=cbd35b79&uri=pin.php%3Fid%3D242745-401%26name%3Dpatron+sac+de+sport+gratuit HTTP/1.1" 200 21511 "-" "Mozilla/5.0 (Linux; Android 6.0.1; Nexus 5X Build/MMB29P) AppleWebKit/537.36 (KHTML, like Gecko) Chrome/137.0.7151.103 Mobile Safari/537.36 (compatible; Googlebot/2.1; +http://www.google.com/bot.html)"
66.249.65.164 - - [12/Jul/2025:15:24:29 +0000] "GET /?k=7112985081900&mod=46489c17&uri=article.php%3Fid%3D237549-44%26name%3Dfila+bj%C3%83%C2%B6rn+borg HTTP/1.1" 200 20431 "-" "Mozilla/5.0 (Linux; Android 6.0.1; Nexus 5X Build/MMB29P) AppleWebKit/537.36 (KHTML, like Gecko) Chrome/137.0.7151.103 Mobile Safari/537.36 (compatible; Googlebot/2.1; +http://www.google.com/bot.html)"
66.249.65.164 - - [12/Jul/2025:15:24:43 +0000] "GET /?k=7082614111900&mod=539ef09c&uri=news.php%3Fid%3D236536-397%26name%3Dcrocs+leather+clogs+womens HTTP/1.1" 200 20446 "-" "Mozilla/5.0 (Linux; Android 6.0.1; Nexus 5X Build/MMB29P) AppleWebKit/537.36 (KHTML, like Gecko) Chrome/137.0.7151.103 Mobile Safari/537.36 (compatible; Googlebot/2.1; +http://www.google.com/bot.html)"
66.249.65.164 - - [12/Jul/2025:15:24:53 +0000] "GET /?k=119829301031900&mod=34a95ac7&uri=search.php%3Fid%3D3999067-323%26name%3Dhydro+flask+stickers+vsco HTTP/1.1" 200 21105 "-" "Mozilla/5.0 (Linux; Android 6.0.1; Nexus 5X Build/MMB29P) AppleWebKit/537.36 (KHTML, like Gecko) Chrome/137.0.7151.103 Mobile Safari/537.36 (compatible; Googlebot/2.1; +http://www.google.com/bot.html)"
66.249.65.164 - - [12/Jul/2025:15:25:14 +0000] "GET /?k=5752827061900&mod=960b0b80&uri=info.php%3Fid%3D192114-335%26name%3Dbest+scaffolding+impact+wrench HTTP/1.1" 200 21723 "-" "Mozilla/5.0 (Linux; Android 6.0.1; Nexus 5X Build/MMB29P) AppleWebKit/537.36 (KHTML, like Gecko) Chrome/137.0.7151.103 Mobile Safari/537.36 (compatible; Googlebot/2.1; +http://www.google.com/bot.html)"
66.249.65.164 - - [12/Jul/2025:15:25:31 +0000] "GET /?k=42128980041900&mod=9b23e310&uri=search.php%3Fid%3D1406022-1175%26name%3Dpatrick+star+shoe HTTP/1.1" 200 22150 "-" "Mozilla/5.0 (Linux; Android 6.0.1; Nexus 5X Build/MMB29P) AppleWebKit/537.36 (KHTML, like Gecko) Chrome/137.0.7151.103 Mobile Safari/537.36 (compatible; Googlebot/2.1; +http://www.google.com/bot.html)"
209.74.77.214 - - [12/Jul/2025:15:25:32 +0000] "POST /wp-cron.php?doing_wp_cron=1752333932.8197479248046875000000 HTTP/1.1" 200 - "-" "WordPress/6.8.1; https://alalamy.com.au"
54.36.149.26 - - [12/Jul/2025:15:25:32 +0000] "GET /?k=49360229041900&mod=6c8fdc35&uri=product.php%3Fid%3D1647245-1265%26name%3Dwool+blend+base+layer HTTP/1.1" 301 - "-" "Mozilla/5.0 (compatible; AhrefsBot/7.0; +http://ahrefs.com/robot/)"
209.74.77.214 - - [12/Jul/2025:15:25:32 +0000] "POST /wp-admin/admin-ajax.php?action=async_litespeed&nonce=4xW9RF9ceCfqmJXya1If5F8kU2MyZGlR&litespeed_type=imgoptm HTTP/1.1" 200 21 "-" "WordPress/6.8.1; https://alalamy.com.au"
66.249.65.164 - - [12/Jul/2025:15:25:48 +0000] "GET /?k=7242999041900&mod=44f95c37&uri=dp.php%3Fid%3D241886-252%26name%3Drocket+crop+aura HTTP/1.1" 200 21509 "-" "Mozilla/5.0 (Linux; Android 6.0.1; Nexus 5X Build/MMB29P) AppleWebKit/537.36 (KHTML, like Gecko) Chrome/137.0.7151.103 Mobile Safari/537.36 (compatible; Googlebot/2.1; +http://www.google.com/bot.html)"
66.249.65.164 - - [12/Jul/2025:15:26:04 +0000] "GET /?k=7113855031900&mod=46489c17&uri=us.php%3Fid%3D237578-44%26name%3Dpla+marmor HTTP/1.1" 200 20672 "-" "Mozilla/5.0 (Linux; Android 6.0.1; Nexus 5X Build/MMB29P) AppleWebKit/537.36 (KHTML, like Gecko) Chrome/137.0.7151.103 Mobile Safari/537.36 (compatible; Googlebot/2.1; +http://www.google.com/bot.html)"
54.36.148.101 - - [12/Jul/2025:15:26:12 +0000] "GET /?k=49577532071900&mod=72dee70a&uri=dp.php%3Fid%3D1654498-262%26name%3Dcompleto+da+spiaggia+uomo HTTP/1.1" 301 - "-" "Mozilla/5.0 (compatible; AhrefsBot/7.0; +http://ahrefs.com/robot/)"
66.249.65.165 - - [12/Jul/2025:15:26:25 +0000] "GET /?k=7006717111900&mod=3d1327c1&uri=search.php%3Fid%3D234001-395%26name%3Dpepe+jeans+femme+taille+haute HTTP/1.1" 200 21532 "-" "Mozilla/5.0 (Linux; Android 6.0.1; Nexus 5X Build/MMB29P) AppleWebKit/537.36 (KHTML, like Gecko) Chrome/137.0.7151.103 Mobile Safari/537.36 (compatible; Googlebot/2.1; +http://www.google.com/bot.html)"
66.249.65.165 - - [12/Jul/2025:15:26:28 +0000] "GET /?k=7110465031900&mod=46489c17&uri=form.php%3Fid%3D237465-44%26name%3Dsunlu+aliexpress HTTP/1.1" 200 21198 "-" "Mozilla/5.0 (Linux; Android 6.0.1; Nexus 5X Build/MMB29P) AppleWebKit/537.36 (KHTML, like Gecko) Chrome/137.0.7151.103 Mobile Safari/537.36 (compatible; Googlebot/2.1; +http://www.google.com/bot.html)"
209.74.77.214 - - [12/Jul/2025:15:26:41 +0000] "POST /wp-cron.php?doing_wp_cron=1752334001.1710190773010253906250 HTTP/1.1" 200 - "-" "WordPress/6.8.1; https://alalamy.com.au"
54.36.148.49 - - [12/Jul/2025:15:26:40 +0000] "GET /?k=49841766041900&mod=e79dd48c&uri=goods.php%3Fid%3D1663312-812%26name%3Dkimono+bomber+jacket HTTP/1.1" 301 - "-" "Mozilla/5.0 (compatible; AhrefsBot/7.0; +http://ahrefs.com/robot/)"
209.74.77.214 - - [12/Jul/2025:15:26:41 +0000] "POST /wp-admin/admin-ajax.php?action=async_litespeed&nonce=n540Gq1BAnW6a59A0wqOsB15bFHSTSBx&litespeed_type=imgoptm HTTP/1.1" 200 21 "-" "WordPress/6.8.1; https://alalamy.com.au"
66.249.65.165 - - [12/Jul/2025:15:27:04 +0000] "GET /?k=7050470001900&mod=156cc497&uri=form.php%3Fid%3D235462-396%26name%3Dgeox+espadrilles+homme HTTP/1.1" 200 20834 "-" "Mozilla/5.0 (Linux; Android 6.0.1; Nexus 5X Build/MMB29P) AppleWebKit/537.36 (KHTML, like Gecko) Chrome/137.0.7151.103 Mobile Safari/537.36 (compatible; Googlebot/2.1; +http://www.google.com/bot.html)"
66.249.65.164 - - [12/Jul/2025:15:27:02 +0000] "GET /?k=7362469111900&mod=8a1df180&uri=form.php%3Fid%3D245889-143%26name%3Dnike+compression+long+sleeve+women%27s HTTP/1.1" 200 21054 "-" "Mozilla/5.0 (Linux; Android 6.0.1; Nexus 5X Build/MMB29P) AppleWebKit/537.36 (KHTML, like Gecko) Chrome/137.0.7151.103 Mobile Safari/537.36 (compatible; Googlebot/2.1; +http://www.google.com/bot.html)"
66.249.65.164 - - [12/Jul/2025:15:27:07 +0000] "GET /?k=7264760031900&mod=fafcb194&uri=news.php%3Fid%3D242613-402%26name%3Dhugo+boss+printemps HTTP/1.1" 200 21621 "-" "Mozilla/5.0 (Linux; Android 6.0.1; Nexus 5X Build/MMB29P) AppleWebKit/537.36 (KHTML, like Gecko) Chrome/137.0.7151.103 Mobile Safari/537.36 (compatible; Googlebot/2.1; +http://www.google.com/bot.html)"
66.249.65.166 - - [12/Jul/2025:15:27:09 +0000] "GET /?k=47499755011900&mod=4ef30115&uri=article.php%3Fid%3D1585180-91%26name%3Droyal+enfield+650+chopper HTTP/1.1" 200 21782 "-" "Mozilla/5.0 (Linux; Android 6.0.1; Nexus 5X Build/MMB29P) AppleWebKit/537.36 (KHTML, like Gecko) Chrome/137.0.7151.103 Mobile Safari/537.36 (compatible; Googlebot/2.1; +http://www.google.com/bot.html)"
66.249.65.164 - - [12/Jul/2025:15:27:14 +0000] "GET /?k=4429369021900&mod=6df811b7&uri=us.php%3Fid%3D147836-265%26name%3Dcasaco+para+frio+intenso+masculino HTTP/1.1" 200 21294 "-" "Mozilla/5.0 (Linux; Android 6.0.1; Nexus 5X Build/MMB29P) AppleWebKit/537.36 (KHTML, like Gecko) Chrome/137.0.7151.103 Mobile Safari/537.36 (compatible; Googlebot/2.1; +http://www.google.com/bot.html)"
66.249.65.164 - - [12/Jul/2025:15:27:16 +0000] "POST /get-message-notify HTTP/1.1" 200 21421 "https://alalamy.com.au/?k=4429369021900&mod=6df811b7&uri=us.php%3Fid%3D147836-265%26name%3Dcasaco+para+frio+intenso+masculino" "Mozilla/5.0 (Linux; Android 6.0.1; Nexus 5X Build/MMB29P) AppleWebKit/537.36 (KHTML, like Gecko) Chrome/137.0.7151.119 Mobile Safari/537.36 (compatible; Googlebot/2.1; +http://www.google.com/bot.html)"
66.249.65.164 - - [12/Jul/2025:15:27:18 +0000] "GET /?k=7060752051900&mod=156cc497&uri=info.php%3Fid%3D235805-396%26name%3Dveja+argent%C3%83%C2%A9+femme HTTP/1.1" 200 21763 "-" "Mozilla/5.0 (Linux; Android 6.0.1; Nexus 5X Build/MMB29P) AppleWebKit/537.36 (KHTML, like Gecko) Chrome/137.0.7151.103 Mobile Safari/537.36 (compatible; Googlebot/2.1; +http://www.google.com/bot.html)"
66.249.65.164 - - [12/Jul/2025:15:27:23 +0000] "GET /?k=47500325051900&mod=4ef30115&uri=pin.php%3Fid%3D1585199-91%26name%3Dspider+motorbike HTTP/1.1" 200 21919 "-" "Mozilla/5.0 (Linux; Android 6.0.1; Nexus 5X Build/MMB29P) AppleWebKit/537.36 (KHTML, like Gecko) Chrome/137.0.7151.103 Mobile Safari/537.36 (compatible; Googlebot/2.1; +http://www.google.com/bot.html)"
209.74.77.214 - - [12/Jul/2025:15:27:29 +0000] "POST /wp-cron.php?doing_wp_cron=1752334049.1006031036376953125000 HTTP/1.1" 200 - "-" "WordPress/6.8.1; https://alalamy.com.au"
54.36.148.218 - - [12/Jul/2025:15:27:28 +0000] "GET /?k=50211079021900&mod=cf74a3cf&uri=dp.php%3Fid%3D1675634-1267%26name%3Dcan+you+put+a+normal+trampoline+in+the+ground HTTP/1.1" 301 - "-" "Mozilla/5.0 (compatible; AhrefsBot/7.0; +http://ahrefs.com/robot/)"
66.249.65.164 - - [12/Jul/2025:15:27:32 +0000] "GET /?k=7091067021900&mod=539ef09c&uri=category-info.php%3Fid%3D236818-397%26name%3Dred+plaid+heel+boots HTTP/1.1" 200 22104 "-" "Mozilla/5.0 (Linux; Android 6.0.1; Nexus 5X Build/MMB29P) AppleWebKit/537.36 (KHTML, like Gecko) Chrome/137.0.7151.103 Mobile Safari/537.36 (compatible; Googlebot/2.1; +http://www.google.com/bot.html)"
66.249.65.164 - - [12/Jul/2025:15:27:32 +0000] "GET /?k=6916635081900&mod=b9b993f4&uri=search.php%3Fid%3D230995-387%26name%3Daldi+pull+up+bar HTTP/1.1" 200 21762 "-" "Mozilla/5.0 (Linux; Android 6.0.1; Nexus 5X Build/MMB29P) AppleWebKit/537.36 (KHTML, like Gecko) Chrome/137.0.7151.103 Mobile Safari/537.36 (compatible; Googlebot/2.1; +http://www.google.com/bot.html)"
66.249.65.164 - - [12/Jul/2025:15:27:34 +0000] "GET /?k=7182112041900&mod=4d383d5c&uri=search.php%3Fid%3D239856-234%26name%3Dskijacke+herren+mammut HTTP/1.1" 200 22743 "-" "Mozilla/5.0 (Linux; Android 6.0.1; Nexus 5X Build/MMB29P) AppleWebKit/537.36 (KHTML, like Gecko) Chrome/137.0.7151.103 Mobile Safari/537.36 (compatible; Googlebot/2.1; +http://www.google.com/bot.html)"
66.249.65.164 - - [12/Jul/2025:15:27:41 +0000] "GET /?k=7175191031900&mod=4d383d5c&uri=blog.php%3Fid%3D239625-234%26name%3Delvine+herren HTTP/1.1" 200 21862 "-" "Mozilla/5.0 (Linux; Android 6.0.1; Nexus 5X Build/MMB29P) AppleWebKit/537.36 (KHTML, like Gecko) Chrome/137.0.7151.103 Mobile Safari/537.36 (compatible; Googlebot/2.1; +http://www.google.com/bot.html)"
66.249.65.164 - - [12/Jul/2025:15:27:42 +0000] "GET /?k=7334449051900&mod=c242ee43&uri=search.php%3Fid%3D244955-405%26name%3Dgolf+galaxy+womens+golf+shoes HTTP/1.1" 200 21036 "-" "Mozilla/5.0 (Linux; Android 6.0.1; Nexus 5X Build/MMB29P) AppleWebKit/537.36 (KHTML, like Gecko) Chrome/137.0.7151.103 Mobile Safari/537.36 (compatible; Googlebot/2.1; +http://www.google.com/bot.html)"
66.249.65.164 - - [12/Jul/2025:15:27:42 +0000] "GET /?k=7186929051900&mod=5e3a4137&uri=article.php%3Fid%3D240017-400%26name%3Damazfit+bip+band+replacement HTTP/1.1" 200 21562 "-" "Mozilla/5.0 (Linux; Android 6.0.1; Nexus 5X Build/MMB29P) AppleWebKit/537.36 (KHTML, like Gecko) Chrome/137.0.7151.103 Mobile Safari/537.36 (compatible; Googlebot/2.1; +http://www.google.com/bot.html)"
66.249.65.164 - - [12/Jul/2025:15:27:44 +0000] "GET /?k=7180222011900&mod=4d383d5c&uri=news.php%3Fid%3D239793-234%26name%3Delegante+herbstjacke+herren HTTP/1.1" 200 22196 "-" "Mozilla/5.0 (Linux; Android 6.0.1; Nexus 5X Build/MMB29P) AppleWebKit/537.36 (KHTML, like Gecko) Chrome/137.0.7151.103 Mobile Safari/537.36 (compatible; Googlebot/2.1; +http://www.google.com/bot.html)"
66.249.65.165 - - [12/Jul/2025:15:27:48 +0000] "POST /get-message-notify HTTP/1.1" 200 21441 "https://alalamy.com.au/?k=7186929051900&mod=5e3a4137&uri=article.php%3Fid%3D240017-400%26name%3Damazfit+bip+band+replacement" "Mozilla/5.0 (Linux; Android 6.0.1; Nexus 5X Build/MMB29P) AppleWebKit/537.36 (KHTML, like Gecko) Chrome/137.0.7151.119 Mobile Safari/537.36 (compatible; Googlebot/2.1; +http://www.google.com/bot.html)"
66.249.65.164 - - [12/Jul/2025:15:27:48 +0000] "POST /get-message-notify HTTP/1.1" 200 21421 "https://alalamy.com.au/?k=6916635081900&mod=b9b993f4&uri=search.php%3Fid%3D230995-387%26name%3Daldi+pull+up+bar" "Mozilla/5.0 (Linux; Android 6.0.1; Nexus 5X Build/MMB29P) AppleWebKit/537.36 (KHTML, like Gecko) Chrome/137.0.7151.119 Mobile Safari/537.36 (compatible; Googlebot/2.1; +http://www.google.com/bot.html)"
66.249.65.164 - - [12/Jul/2025:15:27:53 +0000] "GET /?k=7223019081900&mod=44f95c37&uri=itm.php%3Fid%3D241220-252%26name%3Dalfani+stretch HTTP/1.1" 200 21825 "-" "Mozilla/5.0 (Linux; Android 6.0.1; Nexus 5X Build/MMB29P) AppleWebKit/537.36 (KHTML, like Gecko) Chrome/137.0.7151.103 Mobile Safari/537.36 (compatible; Googlebot/2.1; +http://www.google.com/bot.html)"
66.249.65.164 - - [12/Jul/2025:15:27:48 +0000] "GET /?k=7227699021900&mod=44f95c37&uri=form.php%3Fid%3D241376-252%26name%3Ddickies+872+review HTTP/1.1" 200 22022 "-" "Mozilla/5.0 (Linux; Android 6.0.1; Nexus 5X Build/MMB29P) AppleWebKit/537.36 (KHTML, like Gecko) Chrome/137.0.7151.103 Mobile Safari/537.36 (compatible; Googlebot/2.1; +http://www.google.com/bot.html)"
66.249.65.165 - - [12/Jul/2025:15:27:58 +0000] "POST /get-message-notify HTTP/1.1" 200 21428 "https://alalamy.com.au/?k=7223019081900&mod=44f95c37&uri=itm.php%3Fid%3D241220-252%26name%3Dalfani+stretch" "Mozilla/5.0 (Linux; Android 6.0.1; Nexus 5X Build/MMB29P) AppleWebKit/537.36 (KHTML, like Gecko) Chrome/137.0.7151.119 Mobile Safari/537.36 (compatible; Googlebot/2.1; +http://www.google.com/bot.html)"
66.249.65.165 - - [12/Jul/2025:15:28:01 +0000] "GET /?k=4438249061900&mod=6df811b7&uri=product.php%3Fid%3D148132-265%26name%3Dnike+sportswear+jaqueta HTTP/1.1" 200 21977 "-" "Mozilla/5.0 (Linux; Android 6.0.1; Nexus 5X Build/MMB29P) AppleWebKit/537.36 (KHTML, like Gecko) Chrome/137.0.7151.103 Mobile Safari/537.36 (compatible; Googlebot/2.1; +http://www.google.com/bot.html)"
66.249.65.164 - - [12/Jul/2025:15:28:07 +0000] "GET /?k=7183162051900&mod=4d383d5c&uri=news.php%3Fid%3D239891-234%26name%3Drukka+jacken+herren HTTP/1.1" 200 22745 "-" "Mozilla/5.0 (Linux; Android 6.0.1; Nexus 5X Build/MMB29P) AppleWebKit/537.36 (KHTML, like Gecko) Chrome/137.0.7151.103 Mobile Safari/537.36 (compatible; Googlebot/2.1; +http://www.google.com/bot.html)"
66.249.65.164 - - [12/Jul/2025:15:28:12 +0000] "GET /?k=6795052081900&mod=9c3916c3&uri=form.php%3Fid%3D226937-380%26name%3Dis+whole+grain+corn+good+for+dogs HTTP/1.1" 200 20965 "-" "Mozilla/5.0 (Linux; Android 6.0.1; Nexus 5X Build/MMB29P) AppleWebKit/537.36 (KHTML, like Gecko) Chrome/137.0.7151.103 Mobile Safari/537.36 (compatible; Googlebot/2.1; +http://www.google.com/bot.html)"
66.249.65.164 - - [12/Jul/2025:15:28:13 +0000] "GET /?k=47525135021900&mod=edbd3d1d&uri=blog.php%3Fid%3D1586026-1246%26name%3Dtory+burch+carson+croc HTTP/1.1" 200 21355 "-" "Mozilla/5.0 (Linux; Android 6.0.1; Nexus 5X Build/MMB29P) AppleWebKit/537.36 (KHTML, like Gecko) Chrome/137.0.7151.103 Mobile Safari/537.36 (compatible; Googlebot/2.1; +http://www.google.com/bot.html)"
209.74.77.214 - - [12/Jul/2025:15:28:17 +0000] "POST /wp-cron.php?doing_wp_cron=1752334097.7613279819488525390625 HTTP/1.1" 200 - "-" "WordPress/6.8.1; https://alalamy.com.au"
54.36.148.154 - - [12/Jul/2025:15:28:17 +0000] "GET /?k=50287033041900&mod=83672563&uri=pin.php%3Fid%3D1678173-309%26name%3Dasus+dual+rtx+2060+super+evo+8gb HTTP/1.1" 301 - "-" "Mozilla/5.0 (compatible; AhrefsBot/7.0; +http://ahrefs.com/robot/)"
209.74.77.214 - - [12/Jul/2025:15:28:17 +0000] "POST /wp-admin/admin-ajax.php?action=async_litespeed&nonce=cyPpqkxz0QbvUyrkRQOVGKHCSllYg6sf&litespeed_type=imgoptm HTTP/1.1" 200 21 "-" "WordPress/6.8.1; https://alalamy.com.au"
66.249.65.164 - - [12/Jul/2025:15:28:19 +0000] "GET /?k=7182202051900&mod=4d383d5c&uri=brands.php%3Fid%3D239859-234%26name%3Djako+softshelljacke+light HTTP/1.1" 200 22545 "-" "Mozilla/5.0 (Linux; Android 6.0.1; Nexus 5X Build/MMB29P) AppleWebKit/537.36 (KHTML, like Gecko) Chrome/137.0.7151.103 Mobile Safari/537.36 (compatible; Googlebot/2.1; +http://www.google.com/bot.html)"
66.249.65.164 - - [12/Jul/2025:15:28:21 +0000] "GET /?k=7223289031900&mod=44f95c37&uri=goods.php%3Fid%3D241229-252%26name%3Dvan+heusen+never+tuck+long+sleeve+shirt HTTP/1.1" 200 22067 "-" "Mozilla/5.0 (Linux; Android 6.0.1; Nexus 5X Build/MMB29P) AppleWebKit/537.36 (KHTML, like Gecko) Chrome/137.0.7151.103 Mobile Safari/537.36 (compatible; Googlebot/2.1; +http://www.google.com/bot.html)"
66.249.65.164 - - [12/Jul/2025:15:28:23 +0000] "GET /?k=7228239001900&mod=44f95c37&uri=brands.php%3Fid%3D241394-252%26name%3Dfausst HTTP/1.1" 200 21840 "-" "Mozilla/5.0 (Linux; Android 6.0.1; Nexus 5X Build/MMB29P) AppleWebKit/537.36 (KHTML, like Gecko) Chrome/137.0.7151.103 Mobile Safari/537.36 (compatible; Googlebot/2.1; +http://www.google.com/bot.html)"
66.249.65.164 - - [12/Jul/2025:15:28:27 +0000] "GET /?k=7197489071900&mod=df7c6cbf&uri=blog.php%3Fid%3D240369-399%26name%3Drolex+daytona+raingold+9655+price HTTP/1.1" 200 20742 "-" "Mozilla/5.0 (Linux; Android 6.0.1; Nexus 5X Build/MMB29P) AppleWebKit/537.36 (KHTML, like Gecko) Chrome/137.0.7151.103 Mobile Safari/537.36 (compatible; Googlebot/2.1; +http://www.google.com/bot.html)"
66.249.65.164 - - [12/Jul/2025:15:28:32 +0000] "GET /?k=7196859061900&mod=5e3a4137&uri=shared.php%3Fid%3D240348-400%26name%3Dtimex+marathon+watch+strap HTTP/1.1" 200 21424 "-" "Mozilla/5.0 (Linux; Android 6.0.1; Nexus 5X Build/MMB29P) AppleWebKit/537.36 (KHTML, like Gecko) Chrome/137.0.7151.103 Mobile Safari/537.36 (compatible; Googlebot/2.1; +http://www.google.com/bot.html)"
66.249.65.164 - - [12/Jul/2025:15:28:34 +0000] "GET /?k=4441609041900&mod=d4ae8c1a&uri=shared.php%3Fid%3D148244-267%26name%3Dlunettes+ourson+ki+et+la HTTP/1.1" 200 21110 "-" "Mozilla/5.0 (Linux; Android 6.0.1; Nexus 5X Build/MMB29P) AppleWebKit/537.36 (KHTML, like Gecko) Chrome/137.0.7151.103 Mobile Safari/537.36 (compatible; Googlebot/2.1; +http://www.google.com/bot.html)"
66.249.65.164 - - [12/Jul/2025:15:28:35 +0000] "GET /?k=39029306091900&mod=de3358ca&uri=category-info.php%3Fid%3D1302609-378%26name%3Dsilver+cross+surf+2012 HTTP/1.1" 200 21227 "-" "Mozilla/5.0 (Linux; Android 6.0.1; Nexus 5X Build/MMB29P) AppleWebKit/537.36 (KHTML, like Gecko) Chrome/137.0.7151.103 Mobile Safari/537.36 (compatible; Googlebot/2.1; +http://www.google.com/bot.html)"
66.249.65.164 - - [12/Jul/2025:15:28:37 +0000] "GET /?k=6876684051900&mod=365adce6&uri=blog.php%3Fid%3D229661-385%26name%3Dgarmin+forum+235 HTTP/1.1" 200 22375 "-" "Mozilla/5.0 (Linux; Android 6.0.1; Nexus 5X Build/MMB29P) AppleWebKit/537.36 (KHTML, like Gecko) Chrome/137.0.7151.103 Mobile Safari/537.36 (compatible; Googlebot/2.1; +http://www.google.com/bot.html)"
66.249.65.164 - - [12/Jul/2025:15:28:42 +0000] "GET /?k=7034730141900&mod=156cc497&uri=brands.php%3Fid%3D234937-396%26name%3Dsemelle+acupuncture+mal+de+dos HTTP/1.1" 200 20783 "-" "Mozilla/5.0 (Linux; Android 6.0.1; Nexus 5X Build/MMB29P) AppleWebKit/537.36 (KHTML, like Gecko) Chrome/137.0.7151.103 Mobile Safari/537.36 (compatible; Googlebot/2.1; +http://www.google.com/bot.html)"
66.249.65.164 - - [12/Jul/2025:15:28:48 +0000] "POST /get-message-notify HTTP/1.1" 200 21440 "https://alalamy.com.au/?k=7197489071900&mod=df7c6cbf&uri=blog.php%3Fid%3D240369-399%26name%3Drolex+daytona+raingold+9655+price" "Mozilla/5.0 (Linux; Android 6.0.1; Nexus 5X Build/MMB29P) AppleWebKit/537.36 (KHTML, like Gecko) Chrome/137.0.7151.119 Mobile Safari/537.36 (compatible; Googlebot/2.1; +http://www.google.com/bot.html)"
66.249.65.164 - - [12/Jul/2025:15:28:47 +0000] "GET /?k=7090887021900&mod=539ef09c&uri=shop.php%3Fid%3D236812-397%26name%3Dyukon+mesa HTTP/1.1" 200 22016 "-" "Mozilla/5.0 (Linux; Android 6.0.1; Nexus 5X Build/MMB29P) AppleWebKit/537.36 (KHTML, like Gecko) Chrome/137.0.7151.103 Mobile Safari/537.36 (compatible; Googlebot/2.1; +http://www.google.com/bot.html)"
209.74.77.214 - - [12/Jul/2025:15:29:02 +0000] "POST /wp-cron.php?doing_wp_cron=1752334142.2509059906005859375000 HTTP/1.1" 200 - "-" "WordPress/6.8.1; https://alalamy.com.au"
54.36.149.38 - - [12/Jul/2025:15:29:02 +0000] "GET /?k=50309893031900&uri=products.php%3Fid%3D1678935-1271%26name%3Dwoven%20heeled%20sandals HTTP/1.1" 200 26570 "-" "Mozilla/5.0 (compatible; AhrefsBot/7.0; +http://ahrefs.com/robot/)"
209.74.77.214 - - [12/Jul/2025:15:29:02 +0000] "POST /wp-admin/admin-ajax.php?action=async_litespeed&nonce=OYSs3y8BB7CaBOPXZSAmyGvt0FXug0lJ&litespeed_type=imgoptm HTTP/1.1" 200 21 "-" "WordPress/6.8.1; https://alalamy.com.au"
66.249.65.166 - - [12/Jul/2025:15:29:20 +0000] "GET /?k=5144146071900&mod=68c7db13&uri=products.php%3Fid%3D171728-311%26name%3Dfarrah+fawcett+doll+1977 HTTP/1.1" 200 20580 "-" "Mozilla/5.0 (Linux; Android 6.0.1; Nexus 5X Build/MMB29P) AppleWebKit/537.36 (KHTML, like Gecko) Chrome/137.0.7151.103 Mobile Safari/537.36 (compatible; Googlebot/2.1; +http://www.google.com/bot.html)"
66.249.65.165 - - [12/Jul/2025:15:29:20 +0000] "GET /?k=102965091081900&mod=de3358ca&uri=goods.php%3Fid%3D3436238-378%26name%3Dquatro+red+kite HTTP/1.1" 200 21431 "-" "Mozilla/5.0 (Linux; Android 6.0.1; Nexus 5X Build/MMB29P) AppleWebKit/537.36 (KHTML, like Gecko) Chrome/137.0.7151.103 Mobile Safari/537.36 (compatible; Googlebot/2.1; +http://www.google.com/bot.html)"
66.249.65.164 - - [12/Jul/2025:15:29:21 +0000] "GET /?k=7181692061900&mod=4d383d5c&uri=form.php%3Fid%3D239842-234%26name%3Ddaunenjacke+herren+wellensteyn HTTP/1.1" 200 22174 "-" "Mozilla/5.0 (Linux; Android 6.0.1; Nexus 5X Build/MMB29P) AppleWebKit/537.36 (KHTML, like Gecko) Chrome/137.0.7151.103 Mobile Safari/537.36 (compatible; Googlebot/2.1; +http://www.google.com/bot.html)"
209.74.77.214 - - [12/Jul/2025:15:29:40 +0000] "POST /wp-cron.php?doing_wp_cron=1752334180.9566531181335449218750 HTTP/1.1" 200 - "-" "WordPress/6.8.1; https://alalamy.com.au"
54.36.148.175 - - [12/Jul/2025:15:29:40 +0000] "GET /?k=50335243041900&mod=0cd62ce3&uri=dp.php%3Fid%3D1679780-1272%26name%3Dstraight+body+shape+clothes HTTP/1.1" 301 - "-" "Mozilla/5.0 (compatible; AhrefsBot/7.0; +http://ahrefs.com/robot/)"
209.74.77.214 - - [12/Jul/2025:15:29:41 +0000] "POST /wp-admin/admin-ajax.php?action=async_litespeed&nonce=ubTh2lfnQkzjWMTXt3NhbKivW1WvDqce&litespeed_type=imgoptm HTTP/1.1" 200 21 "-" "WordPress/6.8.1; https://alalamy.com.au"
66.249.65.165 - - [12/Jul/2025:15:29:48 +0000] "POST /get-message-notify HTTP/1.1" 200 21429 "https://alalamy.com.au/?k=102965091081900&mod=de3358ca&uri=goods.php%3Fid%3D3436238-378%26name%3Dquatro+red+kite" "Mozilla/5.0 (Linux; Android 6.0.1; Nexus 5X Build/MMB29P) AppleWebKit/537.36 (KHTML, like Gecko) Chrome/137.0.7151.119 Mobile Safari/537.36 (compatible; Googlebot/2.1; +http://www.google.com/bot.html)"
66.249.65.165 - - [12/Jul/2025:15:29:51 +0000] "GET /?k=7058922011900&mod=156cc497&uri=us.php%3Fid%3D235744-396%26name%3Dbasket+sport+puma HTTP/1.1" 200 21678 "-" "Mozilla/5.0 (Linux; Android 6.0.1; Nexus 5X Build/MMB29P) AppleWebKit/537.36 (KHTML, like Gecko) Chrome/137.0.7151.103 Mobile Safari/537.36 (compatible; Googlebot/2.1; +http://www.google.com/bot.html)"
66.249.65.165 - - [12/Jul/2025:15:29:51 +0000] "GET /?k=5750217041900&mod=960b0b80&uri=article.php%3Fid%3D192027-335%26name%3Dfoam+tub+support+washing+machine HTTP/1.1" 200 22452 "-" "Mozilla/5.0 (Linux; Android 6.0.1; Nexus 5X Build/MMB29P) AppleWebKit/537.36 (KHTML, like Gecko) Chrome/137.0.7151.103 Mobile Safari/537.36 (compatible; Googlebot/2.1; +http://www.google.com/bot.html)"
66.249.65.164 - - [12/Jul/2025:15:29:53 +0000] "POST /get-message-notify HTTP/1.1" 200 21424 "https://alalamy.com.au/?k=5750217041900&mod=960b0b80&uri=article.php%3Fid%3D192027-335%26name%3Dfoam+tub+support+washing+machine" "Mozilla/5.0 (Linux; Android 6.0.1; Nexus 5X Build/MMB29P) AppleWebKit/537.36 (KHTML, like Gecko) Chrome/137.0.7151.119 Mobile Safari/537.36 (compatible; Googlebot/2.1; +http://www.google.com/bot.html)"
66.249.65.164 - - [12/Jul/2025:15:29:59 +0000] "GET /?k=7058742041900&mod=156cc497&uri=info.php%3Fid%3D235738-396%26name%3Dchaussure+lavoro HTTP/1.1" 200 21359 "-" "Mozilla/5.0 (Linux; Android 6.0.1; Nexus 5X Build/MMB29P) AppleWebKit/537.36 (KHTML, like Gecko) Chrome/137.0.7151.103 Mobile Safari/537.36 (compatible; Googlebot/2.1; +http://www.google.com/bot.html)"
66.249.65.164 - - [12/Jul/2025:15:29:59 +0000] "POST /get-message-notify HTTP/1.1" 200 21431 "https://alalamy.com.au/?k=7058922011900&mod=156cc497&uri=us.php%3Fid%3D235744-396%26name%3Dbasket+sport+puma" "Mozilla/5.0 (Linux; Android 6.0.1; Nexus 5X Build/MMB29P) AppleWebKit/537.36 (KHTML, like Gecko) Chrome/137.0.7151.119 Mobile Safari/537.36 (compatible; Googlebot/2.1; +http://www.google.com/bot.html)"
66.249.65.164 - - [12/Jul/2025:15:30:03 +0000] "GET /?k=7059102071900&mod=156cc497&uri=products.php%3Fid%3D235750-396%26name%3Dairplum HTTP/1.1" 200 20655 "-" "Mozilla/5.0 (Linux; Android 6.0.1; Nexus 5X Build/MMB29P) AppleWebKit/537.36 (KHTML, like Gecko) Chrome/137.0.7151.103 Mobile Safari/537.36 (compatible; Googlebot/2.1; +http://www.google.com/bot.html)"
66.249.65.164 - - [12/Jul/2025:15:30:03 +0000] "GET /?k=7013774071900&mod=3d1327c1&uri=products.php%3Fid%3D234237-395%26name%3Dsurvetement+swoosh+femme HTTP/1.1" 200 21875 "-" "Mozilla/5.0 (Linux; Android 6.0.1; Nexus 5X Build/MMB29P) AppleWebKit/537.36 (KHTML, like Gecko) Chrome/137.0.7151.103 Mobile Safari/537.36 (compatible; Googlebot/2.1; +http://www.google.com/bot.html)"
66.249.65.164 - - [12/Jul/2025:15:30:08 +0000] "POST /get-message-notify HTTP/1.1" 200 21420 "https://alalamy.com.au/?k=7013774071900&mod=3d1327c1&uri=products.php%3Fid%3D234237-395%26name%3Dsurvetement+swoosh+femme" "Mozilla/5.0 (Linux; Android 6.0.1; Nexus 5X Build/MMB29P) AppleWebKit/537.36 (KHTML, like Gecko) Chrome/137.0.7151.119 Mobile Safari/537.36 (compatible; Googlebot/2.1; +http://www.google.com/bot.html)"
66.249.65.164 - - [12/Jul/2025:15:30:09 +0000] "GET /?k=7207809071900&mod=5e3a4137&uri=product.php%3Fid%3D240713-400%26name%3Dt+bar+watch+strap+replacement HTTP/1.1" 200 22359 "-" "Mozilla/5.0 (Linux; Android 6.0.1; Nexus 5X Build/MMB29P) AppleWebKit/537.36 (KHTML, like Gecko) Chrome/137.0.7151.103 Mobile Safari/537.36 (compatible; Googlebot/2.1; +http://www.google.com/bot.html)"
66.249.65.164 - - [12/Jul/2025:15:30:11 +0000] "POST /get-message-notify HTTP/1.1" 200 21426 "https://alalamy.com.au/?k=7207809071900&mod=5e3a4137&uri=product.php%3Fid%3D240713-400%26name%3Dt+bar+watch+strap+replacement" "Mozilla/5.0 (Linux; Android 6.0.1; Nexus 5X Build/MMB29P) AppleWebKit/537.36 (KHTML, like Gecko) Chrome/137.0.7151.119 Mobile Safari/537.36 (compatible; Googlebot/2.1; +http://www.google.com/bot.html)"
66.249.65.164 - - [12/Jul/2025:15:30:11 +0000] "GET /?k=7207689031900&mod=5e3a4137&uri=news.php%3Fid%3D240709-400%26name%3Dgt08+smart+watch+replacement+band HTTP/1.1" 200 21886 "-" "Mozilla/5.0 (Linux; Android 6.0.1; Nexus 5X Build/MMB29P) AppleWebKit/537.36 (KHTML, like Gecko) Chrome/137.0.7151.103 Mobile Safari/537.36 (compatible; Googlebot/2.1; +http://www.google.com/bot.html)"
66.249.65.164 - - [12/Jul/2025:15:30:14 +0000] "GET /?k=7333759001900&mod=9078b6ab&uri=blog.php%3Fid%3D244932-222%26name%3Dts+jordan HTTP/1.1" 200 21462 "-" "Mozilla/5.0 (Linux; Android 6.0.1; Nexus 5X Build/MMB29P) AppleWebKit/537.36 (KHTML, like Gecko) Chrome/137.0.7151.103 Mobile Safari/537.36 (compatible; Googlebot/2.1; +http://www.google.com/bot.html)"
66.249.65.164 - - [12/Jul/2025:15:30:15 +0000] "GET /?k=7207749051900&mod=5e3a4137&uri=blog.php%3Fid%3D240711-400%26name%3Dtimex+ironman+watch+strap+replacement HTTP/1.1" 200 21651 "-" "Mozilla/5.0 (Linux; Android 6.0.1; Nexus 5X Build/MMB29P) AppleWebKit/537.36 (KHTML, like Gecko) Chrome/137.0.7151.103 Mobile Safari/537.36 (compatible; Googlebot/2.1; +http://www.google.com/bot.html)"
66.249.65.164 - - [12/Jul/2025:15:30:21 +0000] "GET /?k=7408130041900&mod=1b728593&uri=goods.php%3Fid%3D247416-409%26name%3Dm%C3%83%C2%A1quina+de+fazer+chinelo+valor HTTP/1.1" 200 20966 "-" "Mozilla/5.0 (Linux; Android 6.0.1; Nexus 5X Build/MMB29P) AppleWebKit/537.36 (KHTML, like Gecko) Chrome/137.0.7151.103 Mobile Safari/537.36 (compatible; Googlebot/2.1; +http://www.google.com/bot.html)"
209.74.77.214 - - [12/Jul/2025:15:30:22 +0000] "POST /wp-cron.php?doing_wp_cron=1752334222.6891539096832275390625 HTTP/1.1" 200 - "-" "WordPress/6.8.1; https://alalamy.com.au"
54.36.148.15 - - [12/Jul/2025:15:30:22 +0000] "GET /?k=50586233001900&mod=da61fe8e&uri=products.php%3Fid%3D1688152-1275%26name%3Dporsche+964+sport+seats HTTP/1.1" 301 - "-" "Mozilla/5.0 (compatible; AhrefsBot/7.0; +http://ahrefs.com/robot/)"
