66.249.65.164 - - [12/Jul/2025:15:47:58 +0000] "GET /?k=42128800041900&mod=4fb04ef6&uri=products.php%3Fid%3D1406016-1173%26name%3Dedc+camera+backpack HTTP/1.1" 200 20494 "-" "Mozilla/5.0 (Linux; Android 6.0.1; Nexus 5X Build/MMB29P) AppleWebKit/537.36 (KHTML, like Gecko) Chrome/137.0.7151.103 Mobile Safari/537.36 (compatible; Googlebot/2.1; +http://www.google.com/bot.html)"
66.249.65.165 - - [12/Jul/2025:15:48:02 +0000] "POST /get-message-notify HTTP/1.1" 200 21426 "https://alalamy.com.au/?k=7069630031900&mod=156cc497&uri=category-info.php%3Fid%3D236103-396%26name%3Dair+max+gris+et+rose" "Mozilla/5.0 (Linux; Android 6.0.1; Nexus 5X Build/MMB29P) AppleWebKit/537.36 (KHTML, like Gecko) Chrome/137.0.7151.119 Mobile Safari/537.36 (compatible; Googlebot/2.1; +http://www.google.com/bot.html)"
66.249.65.164 - - [12/Jul/2025:15:48:11 +0000] "GET /?k=6861834031900&mod=365adce6&uri=news.php%3Fid%3D229166-385%26name%3Dare+garmin+vivofit+waterproof HTTP/1.1" 200 21451 "-" "Mozilla/5.0 (Linux; Android 6.0.1; Nexus 5X Build/MMB29P) AppleWebKit/537.36 (KHTML, like Gecko) Chrome/137.0.7151.103 Mobile Safari/537.36 (compatible; Googlebot/2.1; +http://www.google.com/bot.html)"
66.249.65.164 - - [12/Jul/2025:15:48:13 +0000] "GET /?k=7277827031900&mod=cbd35b79&uri=brands.php%3Fid%3D243057-401%26name%3Dtuto+de+sac+cabas HTTP/1.1" 200 21834 "-" "Mozilla/5.0 (Linux; Android 6.0.1; Nexus 5X Build/MMB29P) AppleWebKit/537.36 (KHTML, like Gecko) Chrome/137.0.7151.103 Mobile Safari/537.36 (compatible; Googlebot/2.1; +http://www.google.com/bot.html)"
66.249.65.164 - - [12/Jul/2025:15:48:17 +0000] "POST /get-message-notify HTTP/1.1" 200 21444 "https://alalamy.com.au/?k=7277827031900&mod=cbd35b79&uri=brands.php%3Fid%3D243057-401%26name%3Dtuto+de+sac+cabas" "Mozilla/5.0 (Linux; Android 6.0.1; Nexus 5X Build/MMB29P) AppleWebKit/537.36 (KHTML, like Gecko) Chrome/137.0.7151.119 Mobile Safari/537.36 (compatible; Googlebot/2.1; +http://www.google.com/bot.html)"
66.249.65.164 - - [12/Jul/2025:15:48:18 +0000] "GET /?k=7198269031900&mod=5e3a4137&uri=products.php%3Fid%3D240395-400%26name%3Dbushnell+ion+golf+watch+replacement+band HTTP/1.1" 200 22183 "-" "Mozilla/5.0 (Linux; Android 6.0.1; Nexus 5X Build/MMB29P) AppleWebKit/537.36 (KHTML, like Gecko) Chrome/137.0.7151.103 Mobile Safari/537.36 (compatible; Googlebot/2.1; +http://www.google.com/bot.html)"
66.249.65.164 - - [12/Jul/2025:15:48:29 +0000] "GET /?k=7082787041900&mod=539ef09c&uri=shared.php%3Fid%3D236542-397%26name%3Deverlane+red+heels HTTP/1.1" 200 20720 "-" "Mozilla/5.0 (Linux; Android 6.0.1; Nexus 5X Build/MMB29P) AppleWebKit/537.36 (KHTML, like Gecko) Chrome/137.0.7151.103 Mobile Safari/537.36 (compatible; Googlebot/2.1; +http://www.google.com/bot.html)"
66.249.65.164 - - [12/Jul/2025:15:48:31 +0000] "GET /?k=7070110011900&mod=156cc497&uri=search.php%3Fid%3D236119-396%26name%3Dfy3942 HTTP/1.1" 200 20973 "-" "Mozilla/5.0 (Linux; Android 6.0.1; Nexus 5X Build/MMB29P) AppleWebKit/537.36 (KHTML, like Gecko) Chrome/137.0.7151.103 Mobile Safari/537.36 (compatible; Googlebot/2.1; +http://www.google.com/bot.html)"
66.249.65.164 - - [12/Jul/2025:15:48:35 +0000] "GET /?k=100313496101900&mod=4ef30115&uri=info.php%3Fid%3D3347718-91%26name%3Dfat+bike+for+tall+rider HTTP/1.1" 200 21410 "-" "Mozilla/5.0 (Linux; Android 6.0.1; Nexus 5X Build/MMB29P) AppleWebKit/537.36 (KHTML, like Gecko) Chrome/137.0.7151.103 Mobile Safari/537.36 (compatible; Googlebot/2.1; +http://www.google.com/bot.html)"
66.249.65.164 - - [12/Jul/2025:15:48:39 +0000] "POST /get-message-notify HTTP/1.1" 200 21439 "https://alalamy.com.au/?k=7082787041900&mod=539ef09c&uri=shared.php%3Fid%3D236542-397%26name%3Deverlane+red+heels" "Mozilla/5.0 (Linux; Android 6.0.1; Nexus 5X Build/MMB29P) AppleWebKit/537.36 (KHTML, like Gecko) Chrome/137.0.7151.119 Mobile Safari/537.36 (compatible; Googlebot/2.1; +http://www.google.com/bot.html)"
66.249.65.164 - - [12/Jul/2025:15:48:44 +0000] "GET /?k=6807474001900&mod=9c3916c3&uri=brands.php%3Fid%3D227352-380%26name%3Dlarge+hard+plastic+dog+ball HTTP/1.1" 200 20844 "-" "Mozilla/5.0 (Linux; Android 6.0.1; Nexus 5X Build/MMB29P) AppleWebKit/537.36 (KHTML, like Gecko) Chrome/137.0.7151.103 Mobile Safari/537.36 (compatible; Googlebot/2.1; +http://www.google.com/bot.html)"
66.249.65.164 - - [12/Jul/2025:15:48:47 +0000] "GET /?k=7184805041900&mod=df7c6cbf&uri=form.php%3Fid%3D239946-399%26name%3Dnext+galaxy+watch+release HTTP/1.1" 200 21027 "-" "Mozilla/5.0 (Linux; Android 6.0.1; Nexus 5X Build/MMB29P) AppleWebKit/537.36 (KHTML, like Gecko) Chrome/137.0.7151.103 Mobile Safari/537.36 (compatible; Googlebot/2.1; +http://www.google.com/bot.html)"
66.249.65.164 - - [12/Jul/2025:15:48:49 +0000] "GET /?k=6635305111900&mod=25315d7e&uri=us.php%3Fid%3D221607-373%26name%3Dxfx+r9+280x+3gb HTTP/1.1" 200 21640 "-" "Mozilla/5.0 (Linux; Android 6.0.1; Nexus 5X Build/MMB29P) AppleWebKit/537.36 (KHTML, like Gecko) Chrome/137.0.7151.103 Mobile Safari/537.36 (compatible; Googlebot/2.1; +http://www.google.com/bot.html)"
66.249.65.164 - - [12/Jul/2025:15:48:49 +0000] "GET /?k=47500505011900&mod=4ef30115&uri=search.php%3Fid%3D1585205-91%26name%3Dhuffy+nighthawk+26+walmart HTTP/1.1" 200 21903 "-" "Mozilla/5.0 (Linux; Android 6.0.1; Nexus 5X Build/MMB29P) AppleWebKit/537.36 (KHTML, like Gecko) Chrome/137.0.7151.103 Mobile Safari/537.36 (compatible; Googlebot/2.1; +http://www.google.com/bot.html)"
66.249.65.164 - - [12/Jul/2025:15:48:51 +0000] "POST /get-message-notify HTTP/1.1" 200 21430 "https://alalamy.com.au/?k=6635305111900&mod=25315d7e&uri=us.php%3Fid%3D221607-373%26name%3Dxfx+r9+280x+3gb" "Mozilla/5.0 (Linux; Android 6.0.1; Nexus 5X Build/MMB29P) AppleWebKit/537.36 (KHTML, like Gecko) Chrome/137.0.7151.119 Mobile Safari/537.36 (compatible; Googlebot/2.1; +http://www.google.com/bot.html)"
66.249.65.164 - - [12/Jul/2025:15:48:53 +0000] "POST /get-message-notify HTTP/1.1" 200 21421 "https://alalamy.com.au/?k=7184805041900&mod=df7c6cbf&uri=form.php%3Fid%3D239946-399%26name%3Dnext+galaxy+watch+release" "Mozilla/5.0 (Linux; Android 6.0.1; Nexus 5X Build/MMB29P) AppleWebKit/537.36 (KHTML, like Gecko) Chrome/137.0.7151.119 Mobile Safari/537.36 (compatible; Googlebot/2.1; +http://www.google.com/bot.html)"
209.74.77.214 - - [12/Jul/2025:15:48:58 +0000] "POST /wp-cron.php?doing_wp_cron=1752335338.9796218872070312500000 HTTP/1.1" 200 - "-" "WordPress/6.8.1; https://alalamy.com.au"
54.36.148.103 - - [12/Jul/2025:15:48:56 +0000] "GET /?k=63348601021900&mod=8eec7d1b&uri=pin.php%3Fid%3D2114004-360%26name%3Drefuge+denim+skirt HTTP/1.1" 301 - "-" "Mozilla/5.0 (compatible; AhrefsBot/7.0; +http://ahrefs.com/robot/)"
209.74.77.214 - - [12/Jul/2025:15:48:59 +0000] "POST /wp-admin/admin-ajax.php?action=async_litespeed&nonce=etAsO5lIkrjqvzqexJfhlpr03sfkx6Fw&litespeed_type=imgoptm HTTP/1.1" 200 21 "-" "WordPress/6.8.1; https://alalamy.com.au"
66.249.65.164 - - [12/Jul/2025:15:48:52 +0000] "GET /?k=4435369001900&mod=6df811b7&uri=product.php%3Fid%3D148036-265%26name%3Dcasaco+preto+longo+feminino HTTP/1.1" 200 21264 "-" "Mozilla/5.0 (Linux; Android 6.0.1; Nexus 5X Build/MMB29P) AppleWebKit/537.36 (KHTML, like Gecko) Chrome/137.0.7151.103 Mobile Safari/537.36 (compatible; Googlebot/2.1; +http://www.google.com/bot.html)"
66.249.65.164 - - [12/Jul/2025:15:48:55 +0000] "GET /?k=4438729021900&mod=6df811b7&uri=form.php%3Fid%3D148148-265%26name%3Djaqueta+timberland+thermofibre+hooded HTTP/1.1" 200 22133 "-" "Mozilla/5.0 (Linux; Android 6.0.1; Nexus 5X Build/MMB29P) AppleWebKit/537.36 (KHTML, like Gecko) Chrome/137.0.7151.103 Mobile Safari/537.36 (compatible; Googlebot/2.1; +http://www.google.com/bot.html)"
66.249.65.164 - - [12/Jul/2025:15:49:00 +0000] "POST /get-message-notify HTTP/1.1" 200 21423 "https://alalamy.com.au/?k=7070110011900&mod=156cc497&uri=search.php%3Fid%3D236119-396%26name%3Dfy3942" "Mozilla/5.0 (Linux; Android 6.0.1; Nexus 5X Build/MMB29P) AppleWebKit/537.36 (KHTML, like Gecko) Chrome/137.0.7151.119 Mobile Safari/537.36 (compatible; Googlebot/2.1; +http://www.google.com/bot.html)"
66.249.65.164 - - [12/Jul/2025:15:49:01 +0000] "GET /?k=7078024131900&mod=156cc497&uri=brands.php%3Fid%3D236383-396%26name%3Dchaussure+indestructible+lockfeet HTTP/1.1" 200 20600 "-" "Mozilla/5.0 (Linux; Android 6.0.1; Nexus 5X Build/MMB29P) AppleWebKit/537.36 (KHTML, like Gecko) Chrome/137.0.7151.103 Mobile Safari/537.36 (compatible; Googlebot/2.1; +http://www.google.com/bot.html)"
66.249.65.164 - - [12/Jul/2025:15:49:02 +0000] "GET /?k=6868044051900&mod=365adce6&uri=dp.php%3Fid%3D229373-385%26name%3Djbhifi+garmin+instinct HTTP/1.1" 200 21255 "-" "Mozilla/5.0 (Linux; Android 6.0.1; Nexus 5X Build/MMB29P) AppleWebKit/537.36 (KHTML, like Gecko) Chrome/137.0.7151.103 Mobile Safari/537.36 (compatible; Googlebot/2.1; +http://www.google.com/bot.html)"
66.249.65.165 - - [12/Jul/2025:15:49:07 +0000] "GET /?k=7337119061900&mod=c242ee43&uri=form.php%3Fid%3D245044-405%26name%3Dskechers+bernal HTTP/1.1" 200 20797 "-" "Mozilla/5.0 (Linux; Android 6.0.1; Nexus 5X Build/MMB29P) AppleWebKit/537.36 (KHTML, like Gecko) Chrome/137.0.7151.103 Mobile Safari/537.36 (compatible; Googlebot/2.1; +http://www.google.com/bot.html)"
66.249.65.164 - - [12/Jul/2025:15:49:07 +0000] "GET /?k=6737889081900&mod=b75fccec&uri=search.php%3Fid%3D225028-233%26name%3Dchalecos+jersey+hombre HTTP/1.1" 200 21242 "-" "Mozilla/5.0 (Linux; Android 6.0.1; Nexus 5X Build/MMB29P) AppleWebKit/537.36 (KHTML, like Gecko) Chrome/137.0.7151.103 Mobile Safari/537.36 (compatible; Googlebot/2.1; +http://www.google.com/bot.html)"
66.249.65.164 - - [12/Jul/2025:15:49:13 +0000] "GET /?k=14090863061900&mod=4d383d5c&uri=itm.php%3Fid%3D470433-234%26name%3Dconverse+pullover+rot HTTP/1.1" 200 21895 "-" "Mozilla/5.0 (Linux; Android 6.0.1; Nexus 5X Build/MMB29P) AppleWebKit/537.36 (KHTML, like Gecko) Chrome/137.0.7151.103 Mobile Safari/537.36 (compatible; Googlebot/2.1; +http://www.google.com/bot.html)"
66.249.65.164 - - [12/Jul/2025:15:49:19 +0000] "GET /?k=6522025001900&mod=c5136a36&uri=category-info.php%3Fid%3D217831-366%26name%3Dlevis+peanuts+bag HTTP/1.1" 200 20565 "-" "Mozilla/5.0 (Linux; Android 6.0.1; Nexus 5X Build/MMB29P) AppleWebKit/537.36 (KHTML, like Gecko) Chrome/137.0.7151.103 Mobile Safari/537.36 (compatible; Googlebot/2.1; +http://www.google.com/bot.html)"
66.249.65.164 - - [12/Jul/2025:15:49:19 +0000] "GET /?k=6919875011900&mod=b9b993f4&uri=us.php%3Fid%3D231103-387%26name%3Drecumbent+stationary+exercise+bike HTTP/1.1" 200 22299 "-" "Mozilla/5.0 (Linux; Android 6.0.1; Nexus 5X Build/MMB29P) AppleWebKit/537.36 (KHTML, like Gecko) Chrome/137.0.7151.103 Mobile Safari/537.36 (compatible; Googlebot/2.1; +http://www.google.com/bot.html)"
66.249.65.164 - - [12/Jul/2025:15:49:21 +0000] "GET /?k=4423609021900&mod=6df811b7&uri=products.php%3Fid%3D147644-265%26name%3Dcasaco+fluminense+branco HTTP/1.1" 200 22217 "-" "Mozilla/5.0 (Linux; Android 6.0.1; Nexus 5X Build/MMB29P) AppleWebKit/537.36 (KHTML, like Gecko) Chrome/137.0.7151.103 Mobile Safari/537.36 (compatible; Googlebot/2.1; +http://www.google.com/bot.html)"
66.249.65.164 - - [12/Jul/2025:15:49:23 +0000] "POST /get-message-notify HTTP/1.1" 200 21435 "https://alalamy.com.au/?k=6919875011900&mod=b9b993f4&uri=us.php%3Fid%3D231103-387%26name%3Drecumbent+stationary+exercise+bike" "Mozilla/5.0 (Linux; Android 6.0.1; Nexus 5X Build/MMB29P) AppleWebKit/537.36 (KHTML, like Gecko) Chrome/137.0.7151.119 Mobile Safari/537.36 (compatible; Googlebot/2.1; +http://www.google.com/bot.html)"
66.249.65.164 - - [12/Jul/2025:15:49:24 +0000] "GET /?k=6936035021900&mod=20ea88ff&uri=goods.php%3Fid%3D231642-390%26name%3Dbandeau+foot+nike HTTP/1.1" 200 21053 "-" "Mozilla/5.0 (Linux; Android 6.0.1; Nexus 5X Build/MMB29P) AppleWebKit/537.36 (KHTML, like Gecko) Chrome/137.0.7151.103 Mobile Safari/537.36 (compatible; Googlebot/2.1; +http://www.google.com/bot.html)"
207.46.13.155 - - [12/Jul/2025:15:49:24 +0000] "GET /?k=111408101061900&mod=84d0a7cf&uri=category-info.php%3Fid%3D3718057-580%26name%3Drocky+boots+outlet HTTP/1.1" 200 22324 "-" "Mozilla/5.0 AppleWebKit/537.36 (KHTML, like Gecko; compatible; bingbot/2.0; +http://www.bing.com/bingbot.htm) Chrome/116.0.1938.76 Safari/537.36"
66.249.65.164 - - [12/Jul/2025:15:49:26 +0000] "POST /get-message-notify HTTP/1.1" 200 21412 "https://alalamy.com.au/?k=4423609021900&mod=6df811b7&uri=products.php%3Fid%3D147644-265%26name%3Dcasaco+fluminense+branco" "Mozilla/5.0 (Linux; Android 6.0.1; Nexus 5X Build/MMB29P) AppleWebKit/537.36 (KHTML, like Gecko) Chrome/137.0.7151.119 Mobile Safari/537.36 (compatible; Googlebot/2.1; +http://www.google.com/bot.html)"
209.74.77.214 - - [12/Jul/2025:15:49:27 +0000] "POST /wp-cron.php?doing_wp_cron=1752335367.6330521106719970703125 HTTP/1.1" 200 - "-" "WordPress/6.8.1; https://alalamy.com.au"
54.36.148.161 - - [12/Jul/2025:15:49:27 +0000] "GET /?k=63838779031900&mod=324ffc34&uri=shop.php%3Fid%3D2130356-1385%26name%3Dpuma+rsx+noir+bleu HTTP/1.1" 301 - "-" "Mozilla/5.0 (compatible; AhrefsBot/7.0; +http://ahrefs.com/robot/)"
66.249.65.164 - - [12/Jul/2025:15:49:27 +0000] "POST /get-message-notify HTTP/1.1" 200 21435 "https://alalamy.com.au/?k=6936035021900&mod=20ea88ff&uri=goods.php%3Fid%3D231642-390%26name%3Dbandeau+foot+nike" "Mozilla/5.0 (Linux; Android 6.0.1; Nexus 5X Build/MMB29P) AppleWebKit/537.36 (KHTML, like Gecko) Chrome/137.0.7151.119 Mobile Safari/537.36 (compatible; Googlebot/2.1; +http://www.google.com/bot.html)"
66.249.65.164 - - [12/Jul/2025:15:49:28 +0000] "GET /?k=42122861001900&mod=4fb04ef6&uri=info.php%3Fid%3D1405818-1173%26name%3Dmoleskine+laptop+sleeve HTTP/1.1" 200 21365 "-" "Mozilla/5.0 (Linux; Android 6.0.1; Nexus 5X Build/MMB29P) AppleWebKit/537.36 (KHTML, like Gecko) Chrome/137.0.7151.103 Mobile Safari/537.36 (compatible; Googlebot/2.1; +http://www.google.com/bot.html)"
66.249.65.164 - - [12/Jul/2025:15:49:31 +0000] "POST /get-message-notify HTTP/1.1" 200 21426 "https://alalamy.com.au/?k=6737889081900&mod=b75fccec&uri=search.php%3Fid%3D225028-233%26name%3Dchalecos+jersey+hombre" "Mozilla/5.0 (Linux; Android 6.0.1; Nexus 5X Build/MMB29P) AppleWebKit/537.36 (KHTML, like Gecko) Chrome/137.0.7151.119 Mobile Safari/537.36 (compatible; Googlebot/2.1; +http://www.google.com/bot.html)"
66.249.65.165 - - [12/Jul/2025:15:49:33 +0000] "POST /get-message-notify HTTP/1.1" 200 21427 "https://alalamy.com.au/?k=42122861001900&mod=4fb04ef6&uri=info.php%3Fid%3D1405818-1173%26name%3Dmoleskine+laptop+sleeve" "Mozilla/5.0 (Linux; Android 6.0.1; Nexus 5X Build/MMB29P) AppleWebKit/537.36 (KHTML, like Gecko) Chrome/137.0.7151.119 Mobile Safari/537.36 (compatible; Googlebot/2.1; +http://www.google.com/bot.html)"
66.249.65.164 - - [12/Jul/2025:15:49:33 +0000] "GET /?k=7035810001900&mod=156cc497&uri=article.php%3Fid%3D234973-396%26name%3Dsalomon+outline+homme HTTP/1.1" 200 21317 "-" "Mozilla/5.0 (Linux; Android 6.0.1; Nexus 5X Build/MMB29P) AppleWebKit/537.36 (KHTML, like Gecko) Chrome/137.0.7151.103 Mobile Safari/537.36 (compatible; Googlebot/2.1; +http://www.google.com/bot.html)"
66.249.65.164 - - [12/Jul/2025:15:49:42 +0000] "GET /?k=6871284031900&mod=69846de5&uri=products.php%3Fid%3D229481-386%26name%3Dmens+straw+golf+hats HTTP/1.1" 200 22403 "-" "Mozilla/5.0 (Linux; Android 6.0.1; Nexus 5X Build/MMB29P) AppleWebKit/537.36 (KHTML, like Gecko) Chrome/137.0.7151.103 Mobile Safari/537.36 (compatible; Googlebot/2.1; +http://www.google.com/bot.html)"
66.249.65.165 - - [12/Jul/2025:15:49:44 +0000] "GET /?k=7198539021900&mod=5e3a4137&uri=news.php%3Fid%3D240404-400%26name%3Dtag+heuer+aquaracer+watch+bands+replacement HTTP/1.1" 200 21742 "-" "Mozilla/5.0 (Linux; Android 6.0.1; Nexus 5X Build/MMB29P) AppleWebKit/537.36 (KHTML, like Gecko) Chrome/137.0.7151.103 Mobile Safari/537.36 (compatible; Googlebot/2.1; +http://www.google.com/bot.html)"
66.249.65.164 - - [12/Jul/2025:15:49:45 +0000] "POST /get-message-notify HTTP/1.1" 200 21424 "https://alalamy.com.au/?k=6871284031900&mod=69846de5&uri=products.php%3Fid%3D229481-386%26name%3Dmens+straw+golf+hats" "Mozilla/5.0 (Linux; Android 6.0.1; Nexus 5X Build/MMB29P) AppleWebKit/537.36 (KHTML, like Gecko) Chrome/137.0.7151.119 Mobile Safari/537.36 (compatible; Googlebot/2.1; +http://www.google.com/bot.html)"
66.249.65.165 - - [12/Jul/2025:15:49:48 +0000] "GET /?k=6872634081900&mod=69846de5&uri=product.php%3Fid%3D229526-386%26name%3Dou+golf+hat HTTP/1.1" 200 21686 "-" "Mozilla/5.0 (Linux; Android 6.0.1; Nexus 5X Build/MMB29P) AppleWebKit/537.36 (KHTML, like Gecko) Chrome/137.0.7151.103 Mobile Safari/537.36 (compatible; Googlebot/2.1; +http://www.google.com/bot.html)"
66.249.65.164 - - [12/Jul/2025:15:49:53 +0000] "POST /get-message-notify HTTP/1.1" 200 21435 "https://alalamy.com.au/?k=6872634081900&mod=69846de5&uri=product.php%3Fid%3D229526-386%26name%3Dou+golf+hat" "Mozilla/5.0 (Linux; Android 6.0.1; Nexus 5X Build/MMB29P) AppleWebKit/537.36 (KHTML, like Gecko) Chrome/137.0.7151.119 Mobile Safari/537.36 (compatible; Googlebot/2.1; +http://www.google.com/bot.html)"
209.74.77.214 - - [12/Jul/2025:15:49:57 +0000] "POST /wp-cron.php?doing_wp_cron=1752335397.7923450469970703125000 HTTP/1.1" 200 - "-" "WordPress/6.8.1; https://alalamy.com.au"
54.36.149.32 - - [12/Jul/2025:15:49:57 +0000] "GET /?k=64091925031900&mod=918b684d&uri=goods.php%3Fid%3D2138803-1379%26name%3Dsaucony+ride+iso+cena HTTP/1.1" 301 - "-" "Mozilla/5.0 (compatible; AhrefsBot/7.0; +http://ahrefs.com/robot/)"
66.249.65.165 - - [12/Jul/2025:15:49:57 +0000] "GET /?k=42123851011900&mod=a4968905&uri=info.php%3Fid%3D1405851-1174%26name%3Dberg+inground+champion HTTP/1.1" 200 21069 "-" "Mozilla/5.0 (Linux; Android 6.0.1; Nexus 5X Build/MMB29P) AppleWebKit/537.36 (KHTML, like Gecko) Chrome/137.0.7151.103 Mobile Safari/537.36 (compatible; Googlebot/2.1; +http://www.google.com/bot.html)"
209.74.77.214 - - [12/Jul/2025:15:49:57 +0000] "POST /wp-admin/admin-ajax.php?action=async_litespeed&nonce=0PD32F9KOUzfVz06EWEBGAJu0zLfsp2w&litespeed_type=imgoptm HTTP/1.1" 200 21 "-" "WordPress/6.8.1; https://alalamy.com.au"
66.249.65.164 - - [12/Jul/2025:15:50:03 +0000] "GET /?k=7196829051900&mod=5e3a4137&uri=us.php%3Fid%3D240347-400%26name%3Dsuunto+replacement+band HTTP/1.1" 200 21965 "-" "Mozilla/5.0 (Linux; Android 6.0.1; Nexus 5X Build/MMB29P) AppleWebKit/537.36 (KHTML, like Gecko) Chrome/137.0.7151.103 Mobile Safari/537.36 (compatible; Googlebot/2.1; +http://www.google.com/bot.html)"
66.249.65.165 - - [12/Jul/2025:15:50:09 +0000] "GET /?k=7197519031900&mod=4ef30115&uri=category-info.php%3Fid%3D240370-91%26name%3Dderailleur+front HTTP/1.1" 200 22072 "-" "Mozilla/5.0 (Linux; Android 6.0.1; Nexus 5X Build/MMB29P) AppleWebKit/537.36 (KHTML, like Gecko) Chrome/137.0.7151.103 Mobile Safari/537.36 (compatible; Googlebot/2.1; +http://www.google.com/bot.html)"
66.249.65.165 - - [12/Jul/2025:15:50:12 +0000] "POST /get-message-notify HTTP/1.1" 200 21431 "https://alalamy.com.au/?k=7197519031900&mod=4ef30115&uri=category-info.php%3Fid%3D240370-91%26name%3Dderailleur+front" "Mozilla/5.0 (Linux; Android 6.0.1; Nexus 5X Build/MMB29P) AppleWebKit/537.36 (KHTML, like Gecko) Chrome/137.0.7151.119 Mobile Safari/537.36 (compatible; Googlebot/2.1; +http://www.google.com/bot.html)"
66.249.65.164 - - [12/Jul/2025:15:50:18 +0000] "GET /?k=7029831001900&mod=156cc497&uri=info.php%3Fid%3D234773-396%26name%3Dballon+basket+custom HTTP/1.1" 200 20416 "-" "Mozilla/5.0 (Linux; Android 6.0.1; Nexus 5X Build/MMB29P) AppleWebKit/537.36 (KHTML, like Gecko) Chrome/137.0.7151.103 Mobile Safari/537.36 (compatible; Googlebot/2.1; +http://www.google.com/bot.html)"
66.249.65.164 - - [12/Jul/2025:15:50:21 +0000] "POST /get-message-notify HTTP/1.1" 200 21422 "https://alalamy.com.au/?k=7029831001900&mod=156cc497&uri=info.php%3Fid%3D234773-396%26name%3Dballon+basket+custom" "Mozilla/5.0 (Linux; Android 6.0.1; Nexus 5X Build/MMB29P) AppleWebKit/537.36 (KHTML, like Gecko) Chrome/137.0.7151.119 Mobile Safari/537.36 (compatible; Googlebot/2.1; +http://www.google.com/bot.html)"
66.249.65.164 - - [12/Jul/2025:15:50:22 +0000] "GET /?k=52668445041900&mod=cb45a111&uri=us.php%3Fid%3D1757598-381%26name%3Dnuove+crocs+con+tacco HTTP/1.1" 200 21765 "-" "Mozilla/5.0 (Linux; Android 6.0.1; Nexus 5X Build/MMB29P) AppleWebKit/537.36 (KHTML, like Gecko) Chrome/137.0.7151.103 Mobile Safari/537.36 (compatible; Googlebot/2.1; +http://www.google.com/bot.html)"
66.249.65.164 - - [12/Jul/2025:15:50:25 +0000] "POST /get-message-notify HTTP/1.1" 200 21429 "https://alalamy.com.au/?k=7196829051900&mod=5e3a4137&uri=us.php%3Fid%3D240347-400%26name%3Dsuunto+replacement+band" "Mozilla/5.0 (Linux; Android 6.0.1; Nexus 5X Build/MMB29P) AppleWebKit/537.36 (KHTML, like Gecko) Chrome/137.0.7151.119 Mobile Safari/537.36 (compatible; Googlebot/2.1; +http://www.google.com/bot.html)"
66.249.65.164 - - [12/Jul/2025:15:50:25 +0000] "GET /?k=7029231011900&mod=156cc497&uri=products.php%3Fid%3D234753-396%26name%3Djordan+high+courir HTTP/1.1" 200 21080 "-" "Mozilla/5.0 (Linux; Android 6.0.1; Nexus 5X Build/MMB29P) AppleWebKit/537.36 (KHTML, like Gecko) Chrome/137.0.7151.103 Mobile Safari/537.36 (compatible; Googlebot/2.1; +http://www.google.com/bot.html)"
66.249.65.164 - - [12/Jul/2025:15:50:28 +0000] "GET /?k=6862644051900&mod=365adce6&uri=shop.php%3Fid%3D229193-385%26name%3Dcheapest+iwatch+series HTTP/1.1" 200 21042 "-" "Mozilla/5.0 (Linux; Android 6.0.1; Nexus 5X Build/MMB29P) AppleWebKit/537.36 (KHTML, like Gecko) Chrome/137.0.7151.103 Mobile Safari/537.36 (compatible; Googlebot/2.1; +http://www.google.com/bot.html)"
66.249.65.164 - - [12/Jul/2025:15:50:33 +0000] "GET /?k=7033650031900&mod=156cc497&uri=itm.php%3Fid%3D234901-396%26name%3Dtropezienne+femme+sandale HTTP/1.1" 200 21633 "-" "Mozilla/5.0 (Linux; Android 6.0.1; Nexus 5X Build/MMB29P) AppleWebKit/537.36 (KHTML, like Gecko) Chrome/137.0.7151.103 Mobile Safari/537.36 (compatible; Googlebot/2.1; +http://www.google.com/bot.html)"
66.249.65.164 - - [12/Jul/2025:15:50:36 +0000] "GET /?k=6856284031900&mod=365adce6&uri=brands.php%3Fid%3D228981-385%26name%3Dwatch+the+honda+classic HTTP/1.1" 200 20713 "-" "Mozilla/5.0 (Linux; Android 6.0.1; Nexus 5X Build/MMB29P) AppleWebKit/537.36 (KHTML, like Gecko) Chrome/137.0.7151.103 Mobile Safari/537.36 (compatible; Googlebot/2.1; +http://www.google.com/bot.html)"
66.249.65.164 - - [12/Jul/2025:15:50:41 +0000] "GET /?k=7075384011900&mod=156cc497&uri=blog.php%3Fid%3D236295-396%26name%3Dpuma+cali+bleu+ciel HTTP/1.1" 200 20931 "-" "Mozilla/5.0 (Linux; Android 6.0.1; Nexus 5X Build/MMB29P) AppleWebKit/537.36 (KHTML, like Gecko) Chrome/137.0.7151.103 Mobile Safari/537.36 (compatible; Googlebot/2.1; +http://www.google.com/bot.html)"
209.74.77.214 - - [12/Jul/2025:15:50:43 +0000] "POST /wp-cron.php?doing_wp_cron=1752335443.9777181148529052734375 HTTP/1.1" 200 - "-" "WordPress/6.8.1; https://alalamy.com.au"
54.36.148.47 - - [12/Jul/2025:15:50:43 +0000] "GET /?k=64616927111900&uri=brands.php%3Fid%3D2156314-1117%26name%3Dgordmans%20leggings HTTP/1.1" 200 26570 "-" "Mozilla/5.0 (compatible; AhrefsBot/7.0; +http://ahrefs.com/robot/)"
209.74.77.214 - - [12/Jul/2025:15:50:44 +0000] "POST /wp-admin/admin-ajax.php?action=async_litespeed&nonce=f2PZ1oCRZlUUZw9By6dw8VUOG50RYYmZ&litespeed_type=imgoptm HTTP/1.1" 200 21 "-" "WordPress/6.8.1; https://alalamy.com.au"
66.249.65.164 - - [12/Jul/2025:15:50:44 +0000] "GET /?k=6749474011900&mod=b75fccec&uri=blog.php%3Fid%3D225415-233%26name%3Dcamiseta+seleccion+espa%C3%83%C2%B1ola+iniesta HTTP/1.1" 200 20895 "-" "Mozilla/5.0 (Linux; Android 6.0.1; Nexus 5X Build/MMB29P) AppleWebKit/537.36 (KHTML, like Gecko) Chrome/137.0.7151.103 Mobile Safari/537.36 (compatible; Googlebot/2.1; +http://www.google.com/bot.html)"
66.249.65.164 - - [12/Jul/2025:15:50:44 +0000] "GET /?k=4337753011900&mod=fbba2569&uri=us.php%3Fid%3D144777-258%26name%3Dblundstone+csa+review HTTP/1.1" 200 20643 "-" "Mozilla/5.0 (Linux; Android 6.0.1; Nexus 5X Build/MMB29P) AppleWebKit/537.36 (KHTML, like Gecko) Chrome/137.0.7151.103 Mobile Safari/537.36 (compatible; Googlebot/2.1; +http://www.google.com/bot.html)"
66.249.65.164 - - [12/Jul/2025:15:50:46 +0000] "GET /?k=6805527141900&mod=cb45a111&uri=brands.php%3Fid%3D227287-381%26name%3Dstivali+bianchi+di+gomma HTTP/1.1" 200 21611 "-" "Mozilla/5.0 (Linux; Android 6.0.1; Nexus 5X Build/MMB29P) AppleWebKit/537.36 (KHTML, like Gecko) Chrome/137.0.7151.103 Mobile Safari/537.36 (compatible; Googlebot/2.1; +http://www.google.com/bot.html)"
66.249.65.164 - - [12/Jul/2025:15:50:47 +0000] "POST /get-message-notify HTTP/1.1" 200 21433 "https://alalamy.com.au/?k=6749474011900&mod=b75fccec&uri=blog.php%3Fid%3D225415-233%26name%3Dcamiseta+seleccion+espa%C3%83%C2%B1ola+iniesta" "Mozilla/5.0 (Linux; Android 6.0.1; Nexus 5X Build/MMB29P) AppleWebKit/537.36 (KHTML, like Gecko) Chrome/137.0.7151.119 Mobile Safari/537.36 (compatible; Googlebot/2.1; +http://www.google.com/bot.html)"
66.249.65.164 - - [12/Jul/2025:15:50:49 +0000] "GET /?k=4361282031900&mod=a7a89f98&uri=form.php%3Fid%3D145563-260%26name%3Dcamisetas+burberry+original HTTP/1.1" 200 21149 "-" "Mozilla/5.0 (Linux; Android 6.0.1; Nexus 5X Build/MMB29P) AppleWebKit/537.36 (KHTML, like Gecko) Chrome/137.0.7151.103 Mobile Safari/537.36 (compatible; Googlebot/2.1; +http://www.google.com/bot.html)"
66.249.65.164 - - [12/Jul/2025:15:50:52 +0000] "GET /?k=6963914041900&mod=20ea88ff&uri=article.php%3Fid%3D232572-390%26name%3Dpolo+nike+stade+toulousain HTTP/1.1" 200 21027 "-" "Mozilla/5.0 (Linux; Android 6.0.1; Nexus 5X Build/MMB29P) AppleWebKit/537.36 (KHTML, like Gecko) Chrome/137.0.7151.103 Mobile Safari/537.36 (compatible; Googlebot/2.1; +http://www.google.com/bot.html)"
66.249.65.165 - - [12/Jul/2025:15:50:58 +0000] "GET /?k=7320109031900&mod=1177967c&uri=info.php%3Fid%3D244477-22%26name%3Dexplorer+rolex+2021 HTTP/1.1" 200 21491 "-" "Mozilla/5.0 (Linux; Android 6.0.1; Nexus 5X Build/MMB29P) AppleWebKit/537.36 (KHTML, like Gecko) Chrome/137.0.7151.103 Mobile Safari/537.36 (compatible; Googlebot/2.1; +http://www.google.com/bot.html)"
66.249.65.164 - - [12/Jul/2025:15:50:57 +0000] "GET /?k=47513135041900&mod=4ef30115&uri=us.php%3Fid%3D1585626-91%26name%3D24+inch+cruiser+bike+walmart HTTP/1.1" 200 21983 "-" "Mozilla/5.0 (Linux; Android 6.0.1; Nexus 5X Build/MMB29P) AppleWebKit/537.36 (KHTML, like Gecko) Chrome/137.0.7151.103 Mobile Safari/537.36 (compatible; Googlebot/2.1; +http://www.google.com/bot.html)"
66.249.65.164 - - [12/Jul/2025:15:51:07 +0000] "GET /?k=47500205011900&mod=4ef30115&uri=dp.php%3Fid%3D1585195-91%26name%3Dwomen%27s+mountain+bike+walmart HTTP/1.1" 200 21985 "-" "Mozilla/5.0 (Linux; Android 6.0.1; Nexus 5X Build/MMB29P) AppleWebKit/537.36 (KHTML, like Gecko) Chrome/137.0.7151.103 Mobile Safari/537.36 (compatible; Googlebot/2.1; +http://www.google.com/bot.html)"
66.249.65.164 - - [12/Jul/2025:15:51:08 +0000] "GET /?k=6846691031900&mod=d8d7e7b1&uri=dp.php%3Fid%3D228661-383%26name%3Dvintage+print+maxi+dress HTTP/1.1" 200 21285 "-" "Mozilla/5.0 (Linux; Android 6.0.1; Nexus 5X Build/MMB29P) AppleWebKit/537.36 (KHTML, like Gecko) Chrome/137.0.7151.103 Mobile Safari/537.36 (compatible; Googlebot/2.1; +http://www.google.com/bot.html)"
66.249.65.164 - - [12/Jul/2025:15:51:18 +0000] "GET /?k=4437769001900&mod=6df811b7&uri=form.php%3Fid%3D148116-265%26name%3Djaqueta+fila+classic HTTP/1.1" 200 21018 "-" "Mozilla/5.0 (Linux; Android 6.0.1; Nexus 5X Build/MMB29P) AppleWebKit/537.36 (KHTML, like Gecko) Chrome/137.0.7151.103 Mobile Safari/537.36 (compatible; Googlebot/2.1; +http://www.google.com/bot.html)"
66.249.65.164 - - [12/Jul/2025:15:51:15 +0000] "GET /?k=6875874021900&mod=69846de5&uri=product.php%3Fid%3D229634-386%26name%3Dtitleist+ball+caps HTTP/1.1" 200 21390 "-" "Mozilla/5.0 (Linux; Android 6.0.1; Nexus 5X Build/MMB29P) AppleWebKit/537.36 (KHTML, like Gecko) Chrome/137.0.7151.103 Mobile Safari/537.36 (compatible; Googlebot/2.1; +http://www.google.com/bot.html)"
209.74.77.214 - - [12/Jul/2025:15:51:21 +0000] "POST /wp-cron.php?doing_wp_cron=1752335481.4472119808197021484375 HTTP/1.1" 200 - "-" "WordPress/6.8.1; https://alalamy.com.au"
54.36.149.107 - - [12/Jul/2025:15:51:21 +0000] "GET /?k=64844134001900&mod=a41de62c&uri=blog.php%3Fid%3D2163892-1399%26name%3Dscarpe+fila+ducati+monster HTTP/1.1" 301 - "-" "Mozilla/5.0 (compatible; AhrefsBot/7.0; +http://ahrefs.com/robot/)"
66.249.65.164 - - [12/Jul/2025:15:51:21 +0000] "POST /get-message-notify HTTP/1.1" 200 21425 "https://alalamy.com.au/?k=47500205011900&mod=4ef30115&uri=dp.php%3Fid%3D1585195-91%26name%3Dwomen%27s+mountain+bike+walmart" "Mozilla/5.0 (Linux; Android 6.0.1; Nexus 5X Build/MMB29P) AppleWebKit/537.36 (KHTML, like Gecko) Chrome/137.0.7151.119 Mobile Safari/537.36 (compatible; Googlebot/2.1; +http://www.google.com/bot.html)"
66.249.65.164 - - [12/Jul/2025:15:51:22 +0000] "GET /?k=6918315091900&mod=b9b993f4&uri=blog.php%3Fid%3D231051-387%26name%3Dromanian+sit+ups HTTP/1.1" 200 21614 "-" "Mozilla/5.0 (Linux; Android 6.0.1; Nexus 5X Build/MMB29P) AppleWebKit/537.36 (KHTML, like Gecko) Chrome/137.0.7151.103 Mobile Safari/537.36 (compatible; Googlebot/2.1; +http://www.google.com/bot.html)"
66.249.65.164 - - [12/Jul/2025:15:51:22 +0000] "POST /get-message-notify HTTP/1.1" 200 21430 "https://alalamy.com.au/?k=6875874021900&mod=69846de5&uri=product.php%3Fid%3D229634-386%26name%3Dtitleist+ball+caps" "Mozilla/5.0 (Linux; Android 6.0.1; Nexus 5X Build/MMB29P) AppleWebKit/537.36 (KHTML, like Gecko) Chrome/137.0.7151.119 Mobile Safari/537.36 (compatible; Googlebot/2.1; +http://www.google.com/bot.html)"
66.249.65.164 - - [12/Jul/2025:15:51:36 +0000] "GET /?k=4440889021900&mod=d4ae8c1a&uri=article.php%3Fid%3D148220-267%26name%3Dlunette+de+vue+cosmopolitan HTTP/1.1" 200 21085 "-" "Mozilla/5.0 (Linux; Android 6.0.1; Nexus 5X Build/MMB29P) AppleWebKit/537.36 (KHTML, like Gecko) Chrome/137.0.7151.103 Mobile Safari/537.36 (compatible; Googlebot/2.1; +http://www.google.com/bot.html)"
66.249.65.164 - - [12/Jul/2025:15:51:47 +0000] "GET /?k=4436329121900&mod=6df811b7&uri=category-info.php%3Fid%3D148068-265%26name%3Dcasaco+da+nike+original HTTP/1.1" 200 20785 "-" "Mozilla/5.0 (Linux; Android 6.0.1; Nexus 5X Build/MMB29P) AppleWebKit/537.36 (KHTML, like Gecko) Chrome/137.0.7151.103 Mobile Safari/537.36 (compatible; Googlebot/2.1; +http://www.google.com/bot.html)"
66.249.65.164 - - [12/Jul/2025:15:51:49 +0000] "GET /?k=42127720021900&mod=a4968905&uri=dp.php%3Fid%3D1405980-1174%26name%3Dspringless+trampoline+mat HTTP/1.1" 200 21289 "-" "Mozilla/5.0 (Linux; Android 6.0.1; Nexus 5X Build/MMB29P) AppleWebKit/537.36 (KHTML, like Gecko) Chrome/137.0.7151.103 Mobile Safari/537.36 (compatible; Googlebot/2.1; +http://www.google.com/bot.html)"
66.249.65.164 - - [12/Jul/2025:15:51:52 +0000] "GET /?k=7197399041900&mod=5e3a4137&uri=search.php%3Fid%3D240366-400%26name%3Dtimex+expedition+t49271+strap HTTP/1.1" 200 22068 "-" "Mozilla/5.0 (Linux; Android 6.0.1; Nexus 5X Build/MMB29P) AppleWebKit/537.36 (KHTML, like Gecko) Chrome/137.0.7151.103 Mobile Safari/537.36 (compatible; Googlebot/2.1; +http://www.google.com/bot.html)"
209.74.77.214 - - [12/Jul/2025:15:51:56 +0000] "POST /wp-cron.php?doing_wp_cron=1752335516.9485809803009033203125 HTTP/1.1" 200 - "-" "WordPress/6.8.1; https://alalamy.com.au"
54.36.149.7 - - [12/Jul/2025:15:51:56 +0000] "GET /?k=6538645061900&mod=c5136a36&uri=news.php%3Fid%3D218385-366%26name%3Dbest+levis+for+cowboy+boots HTTP/1.1" 301 - "-" "Mozilla/5.0 (compatible; AhrefsBot/7.0; +http://ahrefs.com/robot/)"
209.74.77.214 - - [12/Jul/2025:15:51:57 +0000] "POST /wp-admin/admin-ajax.php?action=async_litespeed&nonce=vf6GytCHY9HZCAEKBzLiLvAU6FpBv120&litespeed_type=imgoptm HTTP/1.1" 200 21 "-" "WordPress/6.8.1; https://alalamy.com.au"
66.249.65.164 - - [12/Jul/2025:15:51:58 +0000] "GET /?k=6865884051900&mod=365adce6&uri=category-info.php%3Fid%3D229301-385%26name%3Dsky+iwatch HTTP/1.1" 200 21041 "-" "Mozilla/5.0 (Linux; Android 6.0.1; Nexus 5X Build/MMB29P) AppleWebKit/537.36 (KHTML, like Gecko) Chrome/137.0.7151.103 Mobile Safari/537.36 (compatible; Googlebot/2.1; +http://www.google.com/bot.html)"
66.249.65.166 - - [12/Jul/2025:15:52:10 +0000] "GET /?k=6921075061900&mod=b9b993f4&uri=product.php%3Fid%3D231143-387%26name%3Dstomach+crunch+machine HTTP/1.1" 200 21858 "-" "Mozilla/5.0 (Linux; Android 6.0.1; Nexus 5X Build/MMB29P) AppleWebKit/537.36 (KHTML, like Gecko) Chrome/137.0.7151.103 Mobile Safari/537.36 (compatible; Googlebot/2.1; +http://www.google.com/bot.html)"
66.249.65.164 - - [12/Jul/2025:15:52:15 +0000] "GET /?k=6721325071900&mod=26bcbaf7&uri=dp.php%3Fid%3D224475-377%26name%3Dcarbon+fiber+jogging+stroller HTTP/1.1" 200 21006 "-" "Mozilla/5.0 (Linux; Android 6.0.1; Nexus 5X Build/MMB29P) AppleWebKit/537.36 (KHTML, like Gecko) Chrome/137.0.7151.103 Mobile Safari/537.36 (compatible; Googlebot/2.1; +http://www.google.com/bot.html)"
66.249.65.164 - - [12/Jul/2025:15:52:21 +0000] "GET /?k=7076104041900&mod=c5136a36&uri=us.php%3Fid%3D236319-366%26name%3Dlevi%27s+535+mens HTTP/1.1" 200 21565 "-" "Mozilla/5.0 (Linux; Android 6.0.1; Nexus 5X Build/MMB29P) AppleWebKit/537.36 (KHTML, like Gecko) Chrome/137.0.7151.103 Mobile Safari/537.36 (compatible; Googlebot/2.1; +http://www.google.com/bot.html)"
66.249.65.164 - - [12/Jul/2025:15:52:21 +0000] "GET /?k=6986353041900&mod=962ebbfe&uri=article.php%3Fid%3D233320-394%26name%3Dchar+broil+463672717 HTTP/1.1" 200 21820 "-" "Mozilla/5.0 (Linux; Android 6.0.1; Nexus 5X Build/MMB29P) AppleWebKit/537.36 (KHTML, like Gecko) Chrome/137.0.7151.103 Mobile Safari/537.36 (compatible; Googlebot/2.1; +http://www.google.com/bot.html)"
66.249.65.164 - - [12/Jul/2025:15:52:23 +0000] "GET /?k=6737979021900&mod=b75fccec&uri=shop.php%3Fid%3D225031-233%26name%3Dcamisa+negra+scalpers HTTP/1.1" 200 21301 "-" "Mozilla/5.0 (Linux; Android 6.0.1; Nexus 5X Build/MMB29P) AppleWebKit/537.36 (KHTML, like Gecko) Chrome/137.0.7151.103 Mobile Safari/537.36 (compatible; Googlebot/2.1; +http://www.google.com/bot.html)"
66.249.65.164 - - [12/Jul/2025:15:52:23 +0000] "GET /?k=77531759001900&mod=4ef30115&uri=us.php%3Fid%3D2587304-91%26name%3Dinstant+cash+offer+motorcycle HTTP/1.1" 200 22727 "-" "Mozilla/5.0 (Linux; Android 6.0.1; Nexus 5X Build/MMB29P) AppleWebKit/537.36 (KHTML, like Gecko) Chrome/137.0.7151.103 Mobile Safari/537.36 (compatible; Googlebot/2.1; +http://www.google.com/bot.html)"
66.249.65.164 - - [12/Jul/2025:15:52:26 +0000] "GET /?k=6781015031900&mod=9c3916c3&uri=dp.php%3Fid%3D226468-380%26name%3Dgarden+dog+lead HTTP/1.1" 200 21435 "-" "Mozilla/5.0 (Linux; Android 6.0.1; Nexus 5X Build/MMB29P) AppleWebKit/537.36 (KHTML, like Gecko) Chrome/137.0.7151.103 Mobile Safari/537.36 (compatible; Googlebot/2.1; +http://www.google.com/bot.html)"
66.249.65.164 - - [12/Jul/2025:15:52:28 +0000] "POST /get-message-notify HTTP/1.1" 200 21442 "https://alalamy.com.au/?k=6781015031900&mod=9c3916c3&uri=dp.php%3Fid%3D226468-380%26name%3Dgarden+dog+lead" "Mozilla/5.0 (Linux; Android 6.0.1; Nexus 5X Build/MMB29P) AppleWebKit/537.36 (KHTML, like Gecko) Chrome/137.0.7151.119 Mobile Safari/537.36 (compatible; Googlebot/2.1; +http://www.google.com/bot.html)"
66.249.65.164 - - [12/Jul/2025:15:52:28 +0000] "GET /?k=7031970031900&mod=156cc497&uri=category-info.php%3Fid%3D234845-396%26name%3Dpuma+soft+foam+optimal+comfort+femme HTTP/1.1" 200 21813 "-" "Mozilla/5.0 (Linux; Android 6.0.1; Nexus 5X Build/MMB29P) AppleWebKit/537.36 (KHTML, like Gecko) Chrome/137.0.7151.103 Mobile Safari/537.36 (compatible; Googlebot/2.1; +http://www.google.com/bot.html)"
66.249.65.164 - - [12/Jul/2025:15:52:34 +0000] "GET /?k=7068924041900&mod=156cc497&uri=shop.php%3Fid%3D236079-396%26name%3Dpuma+femme+futur+rider HTTP/1.1" 200 21382 "-" "Mozilla/5.0 (Linux; Android 6.0.1; Nexus 5X Build/MMB29P) AppleWebKit/537.36 (KHTML, like Gecko) Chrome/137.0.7151.103 Mobile Safari/537.36 (compatible; Googlebot/2.1; +http://www.google.com/bot.html)"
66.249.65.164 - - [12/Jul/2025:15:52:37 +0000] "GET /?k=4425529041900&mod=6df811b7&uri=article.php%3Fid%3D147708-265%26name%3Dsmartphone+xiaomi+redmi+64gb+vers%C3%83%C2%A3o+global+desbloqueado+preto HTTP/1.1" 200 21925 "-" "Mozilla/5.0 (Linux; Android 6.0.1; Nexus 5X Build/MMB29P) AppleWebKit/537.36 (KHTML, like Gecko) Chrome/137.0.7151.103 Mobile Safari/537.36 (compatible; Googlebot/2.1; +http://www.google.com/bot.html)"
209.74.77.214 - - [12/Jul/2025:15:52:37 +0000] "POST /wp-cron.php?doing_wp_cron=1752335557.8015170097351074218750 HTTP/1.1" 200 - "-" "WordPress/6.8.1; https://alalamy.com.au"
54.36.149.53 - - [12/Jul/2025:15:52:37 +0000] "GET /?k=65423863001900&mod=f6da5811&uri=itm.php%3Fid%3D2183240-1405%26name%3Dojotas+adidas+talle+46 HTTP/1.1" 301 - "-" "Mozilla/5.0 (compatible; AhrefsBot/7.0; +http://ahrefs.com/robot/)"
209.74.77.214 - - [12/Jul/2025:15:52:37 +0000] "POST /wp-admin/admin-ajax.php?action=async_litespeed&nonce=1dsMKz3KJiWK2W20lispiDDjpKEDVKh9&litespeed_type=imgoptm HTTP/1.1" 200 21 "-" "WordPress/6.8.1; https://alalamy.com.au"
66.249.65.164 - - [12/Jul/2025:15:52:42 +0000] "GET /?k=6762858041900&mod=9c3916c3&uri=shop.php%3Fid%3D225862-380%26name%3Dsafety+clip+for+dog+leash HTTP/1.1" 200 21544 "-" "Mozilla/5.0 (Linux; Android 6.0.1; Nexus 5X Build/MMB29P) AppleWebKit/537.36 (KHTML, like Gecko) Chrome/137.0.7151.103 Mobile Safari/537.36 (compatible; Googlebot/2.1; +http://www.google.com/bot.html)"
66.249.65.164 - - [12/Jul/2025:15:52:45 +0000] "GET /?k=47499395041900&mod=4ef30115&uri=search.php%3Fid%3D1585168-91%26name%3Dtvs+bike+parts+shop+near+me HTTP/1.1" 200 21762 "-" "Mozilla/5.0 (Linux; Android 6.0.1; Nexus 5X Build/MMB29P) AppleWebKit/537.36 (KHTML, like Gecko) Chrome/137.0.7151.103 Mobile Safari/537.36 (compatible; Googlebot/2.1; +http://www.google.com/bot.html)"
66.249.65.164 - - [12/Jul/2025:15:52:47 +0000] "GET /?k=7196529051900&mod=df7c6cbf&uri=blog.php%3Fid%3D240337-399%26name%3Drolex+daytona+blue+arabic+dial+price HTTP/1.1" 200 21510 "-" "Mozilla/5.0 (Linux; Android 6.0.1; Nexus 5X Build/MMB29P) AppleWebKit/537.36 (KHTML, like Gecko) Chrome/137.0.7151.103 Mobile Safari/537.36 (compatible; Googlebot/2.1; +http://www.google.com/bot.html)"
66.249.65.164 - - [12/Jul/2025:15:52:49 +0000] "POST /get-message-notify HTTP/1.1" 200 21443 "https://alalamy.com.au/?k=47499395041900&mod=4ef30115&uri=search.php%3Fid%3D1585168-91%26name%3Dtvs+bike+parts+shop+near+me" "Mozilla/5.0 (Linux; Android 6.0.1; Nexus 5X Build/MMB29P) AppleWebKit/537.36 (KHTML, like Gecko) Chrome/137.0.7151.119 Mobile Safari/537.36 (compatible; Googlebot/2.1; +http://www.google.com/bot.html)"
66.249.65.164 - - [12/Jul/2025:15:52:50 +0000] "GET /?k=7080814111900&mod=539ef09c&uri=product.php%3Fid%3D236476-397%26name%3Dred+bow+tie+heels HTTP/1.1" 200 20646 "-" "Mozilla/5.0 (Linux; Android 6.0.1; Nexus 5X Build/MMB29P) AppleWebKit/537.36 (KHTML, like Gecko) Chrome/137.0.7151.103 Mobile Safari/537.36 (compatible; Googlebot/2.1; +http://www.google.com/bot.html)"
66.249.65.164 - - [12/Jul/2025:15:52:53 +0000] "POST /get-message-notify HTTP/1.1" 200 21432 "https://alalamy.com.au/?k=7080814111900&mod=539ef09c&uri=product.php%3Fid%3D236476-397%26name%3Dred+bow+tie+heels" "Mozilla/5.0 (Linux; Android 6.0.1; Nexus 5X Build/MMB29P) AppleWebKit/537.36 (KHTML, like Gecko) Chrome/137.0.7151.119 Mobile Safari/537.36 (compatible; Googlebot/2.1; +http://www.google.com/bot.html)"
66.249.65.164 - - [12/Jul/2025:15:52:55 +0000] "GET /?k=7033050031900&mod=156cc497&uri=form.php%3Fid%3D234881-396%26name%3Dpanier+de+basket+double+%C3%83%C2%A9lectronique HTTP/1.1" 200 21126 "-" "Mozilla/5.0 (Linux; Android 6.0.1; Nexus 5X Build/MMB29P) AppleWebKit/537.36 (KHTML, like Gecko) Chrome/137.0.7151.103 Mobile Safari/537.36 (compatible; Googlebot/2.1; +http://www.google.com/bot.html)"
66.249.65.165 - - [12/Jul/2025:15:52:57 +0000] "GET /?k=6617515041900&mod=4ef30115&uri=products.php%3Fid%3D221014-91%26name%3Dimortor+full+wireless HTTP/1.1" 200 22492 "-" "Mozilla/5.0 (Linux; Android 6.0.1; Nexus 5X Build/MMB29P) AppleWebKit/537.36 (KHTML, like Gecko) Chrome/137.0.7151.103 Mobile Safari/537.36 (compatible; Googlebot/2.1; +http://www.google.com/bot.html)"
66.249.65.165 - - [12/Jul/2025:15:53:00 +0000] "GET /?k=7197939121900&mod=5e3a4137&uri=article.php%3Fid%3D240384-400%26name%3Dgarmin+735xt+strap+replacement HTTP/1.1" 200 21869 "-" "Mozilla/5.0 (Linux; Android 6.0.1; Nexus 5X Build/MMB29P) AppleWebKit/537.36 (KHTML, like Gecko) Chrome/137.0.7151.103 Mobile Safari/537.36 (compatible; Googlebot/2.1; +http://www.google.com/bot.html)"
66.249.65.166 - - [12/Jul/2025:15:53:03 +0000] "POST /get-message-notify HTTP/1.1" 200 21437 "https://alalamy.com.au/?k=7197939121900&mod=5e3a4137&uri=article.php%3Fid%3D240384-400%26name%3Dgarmin+735xt+strap+replacement" "Mozilla/5.0 (Linux; Android 6.0.1; Nexus 5X Build/MMB29P) AppleWebKit/537.36 (KHTML, like Gecko) Chrome/137.0.7151.119 Mobile Safari/537.36 (compatible; Googlebot/2.1; +http://www.google.com/bot.html)"
66.249.65.164 - - [12/Jul/2025:15:53:09 +0000] "POST /get-message-notify HTTP/1.1" 200 21428 "https://alalamy.com.au/?k=6617515041900&mod=4ef30115&uri=products.php%3Fid%3D221014-91%26name%3Dimortor+full+wireless" "Mozilla/5.0 (Linux; Android 6.0.1; Nexus 5X Build/MMB29P) AppleWebKit/537.36 (KHTML, like Gecko) Chrome/137.0.7151.119 Mobile Safari/537.36 (compatible; Googlebot/2.1; +http://www.google.com/bot.html)"
66.249.65.165 - - [12/Jul/2025:15:53:09 +0000] "GET /?k=7029471031900&mod=156cc497&uri=brands.php%3Fid%3D234761-396%26name%3Dmini+ballon+basket+mousse HTTP/1.1" 200 20835 "-" "Mozilla/5.0 (Linux; Android 6.0.1; Nexus 5X Build/MMB29P) AppleWebKit/537.36 (KHTML, like Gecko) Chrome/137.0.7151.103 Mobile Safari/537.36 (compatible; Googlebot/2.1; +http://www.google.com/bot.html)"
209.74.77.214 - - [12/Jul/2025:15:53:11 +0000] "POST /wp-cron.php?doing_wp_cron=1752335591.2217760086059570312500 HTTP/1.1" 200 - "-" "WordPress/6.8.1; https://alalamy.com.au"
54.36.148.157 - - [12/Jul/2025:15:53:11 +0000] "GET /?k=65758764051900&uri=shared.php%3Fid%3D2194414-142%26name%3Dcheap%20mens%20trainers%20size HTTP/1.1" 200 26570 "-" "Mozilla/5.0 (compatible; AhrefsBot/7.0; +http://ahrefs.com/robot/)"
66.249.65.164 - - [12/Jul/2025:15:53:12 +0000] "GET /?k=7198149051900&mod=5e3a4137&uri=article.php%3Fid%3D240391-400%26name%3Dtomtom+golfer+replacement+strap HTTP/1.1" 200 22261 "-" "Mozilla/5.0 (Linux; Android 6.0.1; Nexus 5X Build/MMB29P) AppleWebKit/537.36 (KHTML, like Gecko) Chrome/137.0.7151.103 Mobile Safari/537.36 (compatible; Googlebot/2.1; +http://www.google.com/bot.html)"
66.249.65.164 - - [12/Jul/2025:15:53:15 +0000] "GET /?k=4298483021900&mod=507779fb&uri=search.php%3Fid%3D143468-256%26name%3Dkurgo+journey+air+dog+harness HTTP/1.1" 200 20320 "-" "Mozilla/5.0 (Linux; Android 6.0.1; Nexus 5X Build/MMB29P) AppleWebKit/537.36 (KHTML, like Gecko) Chrome/137.0.7151.103 Mobile Safari/537.36 (compatible; Googlebot/2.1; +http://www.google.com/bot.html)"
66.249.65.164 - - [12/Jul/2025:15:53:23 +0000] "GET /?k=7088187021900&mod=539ef09c&uri=article.php%3Fid%3D236722-397%26name%3Dsalomon+flip+flops+womens HTTP/1.1" 200 21871 "-" "Mozilla/5.0 (Linux; Android 6.0.1; Nexus 5X Build/MMB29P) AppleWebKit/537.36 (KHTML, like Gecko) Chrome/137.0.7151.103 Mobile Safari/537.36 (compatible; Googlebot/2.1; +http://www.google.com/bot.html)"
66.249.65.164 - - [12/Jul/2025:15:53:25 +0000] "POST /get-message-notify HTTP/1.1" 200 21423 "https://alalamy.com.au/?k=77531759001900&mod=4ef30115&uri=us.php%3Fid%3D2587304-91%26name%3Dinstant+cash+offer+motorcycle" "Mozilla/5.0 (Linux; Android 6.0.1; Nexus 5X Build/MMB29P) AppleWebKit/537.36 (KHTML, like Gecko) Chrome/137.0.7151.119 Mobile Safari/537.36 (compatible; Googlebot/2.1; +http://www.google.com/bot.html)"
66.249.65.164 - - [12/Jul/2025:15:53:26 +0000] "GET /?k=4426969041900&mod=6df811b7&uri=blog.php%3Fid%3D147756-265%26name%3Djaqueta+moto+olx HTTP/1.1" 200 20656 "-" "Mozilla/5.0 (Linux; Android 6.0.1; Nexus 5X Build/MMB29P) AppleWebKit/537.36 (KHTML, like Gecko) Chrome/137.0.7151.103 Mobile Safari/537.36 (compatible; Googlebot/2.1; +http://www.google.com/bot.html)"
66.249.65.164 - - [12/Jul/2025:15:53:27 +0000] "GET /?k=6932075111900&mod=b9b993f4&uri=itm.php%3Fid%3D231510-387%26name%3Dgym+chest+machine HTTP/1.1" 200 21600 "-" "Mozilla/5.0 (Linux; Android 6.0.1; Nexus 5X Build/MMB29P) AppleWebKit/537.36 (KHTML, like Gecko) Chrome/137.0.7151.103 Mobile Safari/537.36 (compatible; Googlebot/2.1; +http://www.google.com/bot.html)"
66.249.65.164 - - [12/Jul/2025:15:53:32 +0000] "POST /get-message-notify HTTP/1.1" 200 21431 "https://alalamy.com.au/?k=7088187021900&mod=539ef09c&uri=article.php%3Fid%3D236722-397%26name%3Dsalomon+flip+flops+womens" "Mozilla/5.0 (Linux; Android 6.0.1; Nexus 5X Build/MMB29P) AppleWebKit/537.36 (KHTML, like Gecko) Chrome/137.0.7151.119 Mobile Safari/537.36 (compatible; Googlebot/2.1; +http://www.google.com/bot.html)"
66.249.65.164 - - [12/Jul/2025:15:53:33 +0000] "GET /?k=6984553001900&mod=962ebbfe&uri=info.php%3Fid%3D233260-394%26name%3Dgas+grill+steak+cooking+times HTTP/1.1" 200 22153 "-" "Mozilla/5.0 (Linux; Android 6.0.1; Nexus 5X Build/MMB29P) AppleWebKit/537.36 (KHTML, like Gecko) Chrome/137.0.7151.103 Mobile Safari/537.36 (compatible; Googlebot/2.1; +http://www.google.com/bot.html)"
66.249.65.164 - - [12/Jul/2025:15:53:39 +0000] "GET /?k=26451985031900&mod=962ebbfe&uri=search.php%3Fid%3D882848-394%26name%3Dkitchenaid+precision+gooseneck+digital+kettle HTTP/1.1" 200 22075 "-" "Mozilla/5.0 (Linux; Android 6.0.1; Nexus 5X Build/MMB29P) AppleWebKit/537.36 (KHTML, like Gecko) Chrome/137.0.7151.103 Mobile Safari/537.36 (compatible; Googlebot/2.1; +http://www.google.com/bot.html)"
66.249.65.164 - - [12/Jul/2025:15:53:42 +0000] "POST /get-message-notify HTTP/1.1" 200 21419 "https://alalamy.com.au/?k=26451985031900&mod=962ebbfe&uri=search.php%3Fid%3D882848-394%26name%3Dkitchenaid+precision+gooseneck+digital+kettle" "Mozilla/5.0 (Linux; Android 6.0.1; Nexus 5X Build/MMB29P) AppleWebKit/537.36 (KHTML, like Gecko) Chrome/137.0.7151.119 Mobile Safari/537.36 (compatible; Googlebot/2.1; +http://www.google.com/bot.html)"
66.249.65.164 - - [12/Jul/2025:15:53:41 +0000] "GET /?k=7081234061900&mod=413e4eb3&uri=news.php%3Fid%3D236490-398%26name%3Dlane+bryant+tennis+shoes HTTP/1.1" 200 21292 "-" "Mozilla/5.0 (Linux; Android 6.0.1; Nexus 5X Build/MMB29P) AppleWebKit/537.36 (KHTML, like Gecko) Chrome/137.0.7151.103 Mobile Safari/537.36 (compatible; Googlebot/2.1; +http://www.google.com/bot.html)"
66.249.65.164 - - [12/Jul/2025:15:53:50 +0000] "POST /get-message-notify HTTP/1.1" 200 21425 "https://alalamy.com.au/?k=4426969041900&mod=6df811b7&uri=blog.php%3Fid%3D147756-265%26name%3Djaqueta+moto+olx" "Mozilla/5.0 (Linux; Android 6.0.1; Nexus 5X Build/MMB29P) AppleWebKit/537.36 (KHTML, like Gecko) Chrome/137.0.7151.119 Mobile Safari/537.36 (compatible; Googlebot/2.1; +http://www.google.com/bot.html)"
66.249.65.164 - - [12/Jul/2025:15:53:44 +0000] "GET /?k=77302752021900&mod=507779fb&uri=product.php%3Fid%3D2579663-256%26name%3Ddog+leash HTTP/1.1" 200 21766 "-" "Mozilla/5.0 (Linux; Android 6.0.1; Nexus 5X Build/MMB29P) AppleWebKit/537.36 (KHTML, like Gecko) Chrome/137.0.7151.103 Mobile Safari/537.36 (compatible; Googlebot/2.1; +http://www.google.com/bot.html)"
66.249.65.164 - - [12/Jul/2025:15:53:47 +0000] "GET /?k=6972854101900&mod=962ebbfe&uri=dp.php%3Fid%3D232870-394%26name%3Dsapid+pastry+mat HTTP/1.1" 200 21423 "-" "Mozilla/5.0 (Linux; Android 6.0.1; Nexus 5X Build/MMB29P) AppleWebKit/537.36 (KHTML, like Gecko) Chrome/137.0.7151.103 Mobile Safari/537.36 (compatible; Googlebot/2.1; +http://www.google.com/bot.html)"
66.249.65.165 - - [12/Jul/2025:15:53:51 +0000] "GET /?k=6990883051900&mod=962ebbfe&uri=itm.php%3Fid%3D233471-394%26name%3Dbest+way+to+season+ny+strip+steak HTTP/1.1" 200 22090 "-" "Mozilla/5.0 (Linux; Android 6.0.1; Nexus 5X Build/MMB29P) AppleWebKit/537.36 (KHTML, like Gecko) Chrome/137.0.7151.103 Mobile Safari/537.36 (compatible; Googlebot/2.1; +http://www.google.com/bot.html)"
66.249.65.164 - - [12/Jul/2025:15:54:01 +0000] "GET /?k=7026959031900&mod=156cc497&uri=form.php%3Fid%3D234677-396%26name%3Dtaille+ballon+basket+u7 HTTP/1.1" 200 21072 "-" "Mozilla/5.0 (Linux; Android 6.0.1; Nexus 5X Build/MMB29P) AppleWebKit/537.36 (KHTML, like Gecko) Chrome/137.0.7151.103 Mobile Safari/537.36 (compatible; Googlebot/2.1; +http://www.google.com/bot.html)"
66.249.65.164 - - [12/Jul/2025:15:54:02 +0000] "POST /get-message-notify HTTP/1.1" 200 21437 "https://alalamy.com.au/?k=6972854101900&mod=962ebbfe&uri=dp.php%3Fid%3D232870-394%26name%3Dsapid+pastry+mat" "Mozilla/5.0 (Linux; Android 6.0.1; Nexus 5X Build/MMB29P) AppleWebKit/537.36 (KHTML, like Gecko) Chrome/137.0.7151.119 Mobile Safari/537.36 (compatible; Googlebot/2.1; +http://www.google.com/bot.html)"
66.249.65.164 - - [12/Jul/2025:15:54:05 +0000] "POST /get-message-notify HTTP/1.1" 200 21434 "https://alalamy.com.au/?k=6984553001900&mod=962ebbfe&uri=info.php%3Fid%3D233260-394%26name%3Dgas+grill+steak+cooking+times" "Mozilla/5.0 (Linux; Android 6.0.1; Nexus 5X Build/MMB29P) AppleWebKit/537.36 (KHTML, like Gecko) Chrome/137.0.7151.119 Mobile Safari/537.36 (compatible; Googlebot/2.1; +http://www.google.com/bot.html)"
66.249.65.164 - - [12/Jul/2025:15:54:10 +0000] "GET /?k=7073704011900&mod=156cc497&uri=shared.php%3Fid%3D236239-396%26name%3Dnike+court+pastel HTTP/1.1" 200 21718 "-" "Mozilla/5.0 (Linux; Android 6.0.1; Nexus 5X Build/MMB29P) AppleWebKit/537.36 (KHTML, like Gecko) Chrome/137.0.7151.103 Mobile Safari/537.36 (compatible; Googlebot/2.1; +http://www.google.com/bot.html)"
66.249.65.164 - - [12/Jul/2025:15:54:14 +0000] "GET /?k=42124751031900&mod=4fb04ef6&uri=products.php%3Fid%3D1405881-1173%26name%3Dfly+fishing+sling+packs HTTP/1.1" 200 21167 "-" "Mozilla/5.0 (Linux; Android 6.0.1; Nexus 5X Build/MMB29P) AppleWebKit/537.36 (KHTML, like Gecko) Chrome/137.0.7151.103 Mobile Safari/537.36 (compatible; Googlebot/2.1; +http://www.google.com/bot.html)"
209.74.77.214 - - [12/Jul/2025:15:54:18 +0000] "POST /wp-cron.php?doing_wp_cron=1752335658.9233920574188232421875 HTTP/1.1" 200 - "-" "WordPress/6.8.1; https://alalamy.com.au"
