66.249.65.165 - - [12/Jul/2025:14:33:01 +0000] "GET /?k=7022609021900&mod=3d1327c1&uri=goods.php%3Fid%3D234532-395%26name%3Dballon+personnalis%C3%83%C2%A9+mariage HTTP/1.1" 200 21913 "-" "Mozilla/5.0 (Linux; Android 6.0.1; Nexus 5X Build/MMB29P) AppleWebKit/537.36 (KHTML, like Gecko) Chrome/137.0.7151.103 Mobile Safari/537.36 (compatible; Googlebot/2.1; +http://www.google.com/bot.html)"
66.249.65.164 - - [12/Jul/2025:14:33:02 +0000] "POST /get-message-notify HTTP/1.1" 200 21428 "https://alalamy.com.au/?k=6991813041900&mod=962ebbfe&uri=brands.php%3Fid%3D233502-394%26name%3Dvintage+royal+worcester+china+patterns" "Mozilla/5.0 (Linux; Android 6.0.1; Nexus 5X Build/MMB29P) AppleWebKit/537.36 (KHTML, like Gecko) Chrome/137.0.7151.119 Mobile Safari/537.36 (compatible; Googlebot/2.1; +http://www.google.com/bot.html)"
66.249.65.164 - - [12/Jul/2025:14:33:03 +0000] "GET /?k=119731423071900&mod=b1dbc35c&uri=news.php%3Fid%3D3995801-539%26name%3Dair+pods+extra HTTP/1.1" 200 20977 "-" "Mozilla/5.0 (Linux; Android 6.0.1; Nexus 5X Build/MMB29P) AppleWebKit/537.36 (KHTML, like Gecko) Chrome/137.0.7151.103 Mobile Safari/537.36 (compatible; Googlebot/2.1; +http://www.google.com/bot.html)"
66.249.65.164 - - [12/Jul/2025:14:33:11 +0000] "GET /?k=7027529041900&mod=156cc497&uri=itm.php%3Fid%3D234696-396%26name%3Dpanier+nba+prix HTTP/1.1" 200 22110 "-" "Mozilla/5.0 (Linux; Android 6.0.1; Nexus 5X Build/MMB29P) AppleWebKit/537.36 (KHTML, like Gecko) Chrome/137.0.7151.103 Mobile Safari/537.36 (compatible; Googlebot/2.1; +http://www.google.com/bot.html)"
209.74.77.214 - - [12/Jul/2025:14:33:12 +0000] "POST /wp-cron.php?doing_wp_cron=1752330792.7862310409545898437500 HTTP/1.1" 200 - "-" "WordPress/6.8.1; https://alalamy.com.au"
54.36.148.64 - - [12/Jul/2025:14:33:12 +0000] "GET /?k=30707821021900&uri=form.php%3Fid%3D1024923-991%26name%3Dclear%20heels%20size%2010 HTTP/1.1" 200 26570 "-" "Mozilla/5.0 (compatible; AhrefsBot/7.0; +http://ahrefs.com/robot/)"
209.74.77.214 - - [12/Jul/2025:14:33:12 +0000] "POST /wp-admin/admin-ajax.php?action=async_litespeed&nonce=Ij2S0klnkY2JNdJJiTo8ovrgKKlhTCNt&litespeed_type=imgoptm HTTP/1.1" 200 21 "-" "WordPress/6.8.1; https://alalamy.com.au"
66.249.65.164 - - [12/Jul/2025:14:33:13 +0000] "GET /?k=7404341131900&mod=1b728593&uri=info.php%3Fid%3D247289-409%26name%3Dsandalia+slide+feminina+infantil HTTP/1.1" 200 21210 "-" "Mozilla/5.0 (Linux; Android 6.0.1; Nexus 5X Build/MMB29P) AppleWebKit/537.36 (KHTML, like Gecko) Chrome/137.0.7151.103 Mobile Safari/537.36 (compatible; Googlebot/2.1; +http://www.google.com/bot.html)"
66.249.65.164 - - [12/Jul/2025:14:33:15 +0000] "POST /get-message-notify HTTP/1.1" 200 21456 "https://alalamy.com.au/?k=7027529041900&mod=156cc497&uri=itm.php%3Fid%3D234696-396%26name%3Dpanier+nba+prix" "Mozilla/5.0 (Linux; Android 6.0.1; Nexus 5X Build/MMB29P) AppleWebKit/537.36 (KHTML, like Gecko) Chrome/137.0.7151.119 Mobile Safari/537.36 (compatible; Googlebot/2.1; +http://www.google.com/bot.html)"
66.249.65.164 - - [12/Jul/2025:14:33:17 +0000] "POST /get-message-notify HTTP/1.1" 200 21434 "https://alalamy.com.au/?k=7022609021900&mod=3d1327c1&uri=goods.php%3Fid%3D234532-395%26name%3Dballon+personnalis%C3%83%C2%A9+mariage" "Mozilla/5.0 (Linux; Android 6.0.1; Nexus 5X Build/MMB29P) AppleWebKit/537.36 (KHTML, like Gecko) Chrome/137.0.7151.119 Mobile Safari/537.36 (compatible; Googlebot/2.1; +http://www.google.com/bot.html)"
66.249.65.164 - - [12/Jul/2025:14:33:17 +0000] "GET /?k=7080454141900&mod=539ef09c&uri=shared.php%3Fid%3D236464-397%26name%3Dred+ribbon+high+heels HTTP/1.1" 200 20214 "-" "Mozilla/5.0 (Linux; Android 6.0.1; Nexus 5X Build/MMB29P) AppleWebKit/537.36 (KHTML, like Gecko) Chrome/137.0.7151.103 Mobile Safari/537.36 (compatible; Googlebot/2.1; +http://www.google.com/bot.html)"
66.249.70.164 - - [12/Jul/2025:14:33:20 +0000] "GET /?k=7026449131900&mod=156cc497&uri=pin.php%3Fid%3D234660-396%26name%3Dkipsta+panier+basket HTTP/1.1" 200 21508 "-" "Mozilla/5.0 (Linux; Android 6.0.1; Nexus 5X Build/MMB29P) AppleWebKit/537.36 (KHTML, like Gecko) Chrome/137.0.7151.103 Mobile Safari/537.36 (compatible; Googlebot/2.1; +http://www.google.com/bot.html)"
66.249.65.164 - - [12/Jul/2025:14:33:22 +0000] "POST /get-message-notify HTTP/1.1" 200 21449 "https://alalamy.com.au/?k=7026449131900&mod=156cc497&uri=pin.php%3Fid%3D234660-396%26name%3Dkipsta+panier+basket" "Mozilla/5.0 (Linux; Android 6.0.1; Nexus 5X Build/MMB29P) AppleWebKit/537.36 (KHTML, like Gecko) Chrome/137.0.7151.119 Mobile Safari/537.36 (compatible; Googlebot/2.1; +http://www.google.com/bot.html)"
66.249.65.164 - - [12/Jul/2025:14:33:23 +0000] "GET /?k=7403261011900&mod=1b728593&uri=us.php%3Fid%3D247253-409%26name%3Dsandalia+tratorada+akazzo HTTP/1.1" 200 21043 "-" "Mozilla/5.0 (Linux; Android 6.0.1; Nexus 5X Build/MMB29P) AppleWebKit/537.36 (KHTML, like Gecko) Chrome/137.0.7151.103 Mobile Safari/537.36 (compatible; Googlebot/2.1; +http://www.google.com/bot.html)"
66.249.65.164 - - [12/Jul/2025:14:33:26 +0000] "POST /get-message-notify HTTP/1.1" 200 21434 "https://alalamy.com.au/?k=7403261011900&mod=1b728593&uri=us.php%3Fid%3D247253-409%26name%3Dsandalia+tratorada+akazzo" "Mozilla/5.0 (Linux; Android 6.0.1; Nexus 5X Build/MMB29P) AppleWebKit/537.36 (KHTML, like Gecko) Chrome/137.0.7151.119 Mobile Safari/537.36 (compatible; Googlebot/2.1; +http://www.google.com/bot.html)"
66.249.65.164 - - [12/Jul/2025:14:33:27 +0000] "GET /?k=7026089041900&mod=156cc497&uri=products.php%3Fid%3D234648-396%26name%3Dorth%C3%83%C2%A8se+plantaire HTTP/1.1" 200 21403 "-" "Mozilla/5.0 (Linux; Android 6.0.1; Nexus 5X Build/MMB29P) AppleWebKit/537.36 (KHTML, like Gecko) Chrome/137.0.7151.103 Mobile Safari/537.36 (compatible; Googlebot/2.1; +http://www.google.com/bot.html)"
66.249.65.164 - - [12/Jul/2025:14:33:29 +0000] "GET /?k=7404701011900&mod=1b728593&uri=info.php%3Fid%3D247301-409%26name%3Dchinelo+nike+masculino+promo%C3%83%C2%A7%C3%83%C2%A3o HTTP/1.1" 200 21097 "-" "Mozilla/5.0 (Linux; Android 6.0.1; Nexus 5X Build/MMB29P) AppleWebKit/537.36 (KHTML, like Gecko) Chrome/137.0.7151.103 Mobile Safari/537.36 (compatible; Googlebot/2.1; +http://www.google.com/bot.html)"
66.249.65.164 - - [12/Jul/2025:14:33:30 +0000] "GET /?k=7025609001900&mod=156cc497&uri=itm.php%3Fid%3D234632-396%26name%3Dair+jordan+de+nike HTTP/1.1" 200 20784 "-" "Mozilla/5.0 (Linux; Android 6.0.1; Nexus 5X Build/MMB29P) AppleWebKit/537.36 (KHTML, like Gecko) Chrome/137.0.7151.103 Mobile Safari/537.36 (compatible; Googlebot/2.1; +http://www.google.com/bot.html)"
66.249.65.164 - - [12/Jul/2025:14:33:31 +0000] "POST /get-message-notify HTTP/1.1" 200 21431 "https://alalamy.com.au/?k=7026089041900&mod=156cc497&uri=products.php%3Fid%3D234648-396%26name%3Dorth%C3%83%C2%A8se+plantaire" "Mozilla/5.0 (Linux; Android 6.0.1; Nexus 5X Build/MMB29P) AppleWebKit/537.36 (KHTML, like Gecko) Chrome/137.0.7151.119 Mobile Safari/537.36 (compatible; Googlebot/2.1; +http://www.google.com/bot.html)"
66.249.65.165 - - [12/Jul/2025:14:33:34 +0000] "GET /?k=7406122011900&mod=1b728593&uri=product.php%3Fid%3D247349-409%26name%3Dchinelos+havaianas+plataforma+pre%C3%83%C2%A7o HTTP/1.1" 200 22601 "-" "Mozilla/5.0 (Linux; Android 6.0.1; Nexus 5X Build/MMB29P) AppleWebKit/537.36 (KHTML, like Gecko) Chrome/137.0.7151.103 Mobile Safari/537.36 (compatible; Googlebot/2.1; +http://www.google.com/bot.html)"
66.249.65.164 - - [12/Jul/2025:14:33:38 +0000] "GET /?k=4506871031900&mod=72417e4a&uri=form.php%3Fid%3D150425-269%26name%3Dcube+tripod+head HTTP/1.1" 200 22139 "-" "Mozilla/5.0 (Linux; Android 6.0.1; Nexus 5X Build/MMB29P) AppleWebKit/537.36 (KHTML, like Gecko) Chrome/137.0.7151.103 Mobile Safari/537.36 (compatible; Googlebot/2.1; +http://www.google.com/bot.html)"
66.249.65.165 - - [12/Jul/2025:14:33:39 +0000] "POST /get-message-notify HTTP/1.1" 200 21430 "https://alalamy.com.au/?k=7406122011900&mod=1b728593&uri=product.php%3Fid%3D247349-409%26name%3Dchinelos+havaianas+plataforma+pre%C3%83%C2%A7o" "Mozilla/5.0 (Linux; Android 6.0.1; Nexus 5X Build/MMB29P) AppleWebKit/537.36 (KHTML, like Gecko) Chrome/137.0.7151.119 Mobile Safari/537.36 (compatible; Googlebot/2.1; +http://www.google.com/bot.html)"
66.249.65.164 - - [12/Jul/2025:14:33:42 +0000] "GET /?k=5137856041900&mod=8763d72b&uri=news.php%3Fid%3D171518-57%26name%3Dboompods+bassline+true+wireless+earbuds+review HTTP/1.1" 200 22042 "-" "Mozilla/5.0 (Linux; Android 6.0.1; Nexus 5X Build/MMB29P) AppleWebKit/537.36 (KHTML, like Gecko) Chrome/137.0.7151.103 Mobile Safari/537.36 (compatible; Googlebot/2.1; +http://www.google.com/bot.html)"
66.249.65.164 - - [12/Jul/2025:14:33:45 +0000] "GET /?k=5144776031900&mod=8763d72b&uri=products.php%3Fid%3D171749-57%26name%3Dtest+defunc+true+go HTTP/1.1" 200 21927 "-" "Mozilla/5.0 (Linux; Android 6.0.1; Nexus 5X Build/MMB29P) AppleWebKit/537.36 (KHTML, like Gecko) Chrome/137.0.7151.103 Mobile Safari/537.36 (compatible; Googlebot/2.1; +http://www.google.com/bot.html)"
66.249.65.164 - - [12/Jul/2025:14:33:49 +0000] "GET /?k=5147506141900&mod=8763d72b&uri=products.php%3Fid%3D171840-57%26name%3Dsennheiser+gsp+350+vs+game+zero HTTP/1.1" 200 21277 "-" "Mozilla/5.0 (Linux; Android 6.0.1; Nexus 5X Build/MMB29P) AppleWebKit/537.36 (KHTML, like Gecko) Chrome/137.0.7151.103 Mobile Safari/537.36 (compatible; Googlebot/2.1; +http://www.google.com/bot.html)"
66.249.65.164 - - [12/Jul/2025:14:33:52 +0000] "POST /get-message-notify HTTP/1.1" 200 21432 "https://alalamy.com.au/?k=5147506141900&mod=8763d72b&uri=products.php%3Fid%3D171840-57%26name%3Dsennheiser+gsp+350+vs+game+zero" "Mozilla/5.0 (Linux; Android 6.0.1; Nexus 5X Build/MMB29P) AppleWebKit/537.36 (KHTML, like Gecko) Chrome/137.0.7151.119 Mobile Safari/537.36 (compatible; Googlebot/2.1; +http://www.google.com/bot.html)"
66.249.65.164 - - [12/Jul/2025:14:33:53 +0000] "GET /?k=5149186061900&mod=8763d72b&uri=itm.php%3Fid%3D171896-57%26name%3Dgalaxy+buds+one+ear+not+connecting HTTP/1.1" 200 21405 "-" "Mozilla/5.0 (Linux; Android 6.0.1; Nexus 5X Build/MMB29P) AppleWebKit/537.36 (KHTML, like Gecko) Chrome/137.0.7151.103 Mobile Safari/537.36 (compatible; Googlebot/2.1; +http://www.google.com/bot.html)"
66.249.65.165 - - [12/Jul/2025:14:33:55 +0000] "GET /?k=5145826061900&mod=8763d72b&uri=pin.php%3Fid%3D171784-57%26name%3Dhow+to+connect+headset+to+xbox+one+x HTTP/1.1" 200 21020 "-" "Mozilla/5.0 (Linux; Android 6.0.1; Nexus 5X Build/MMB29P) AppleWebKit/537.36 (KHTML, like Gecko) Chrome/137.0.7151.103 Mobile Safari/537.36 (compatible; Googlebot/2.1; +http://www.google.com/bot.html)"
66.249.65.164 - - [12/Jul/2025:14:33:56 +0000] "GET /?k=5147716061900&mod=68c7db13&uri=product.php%3Fid%3D171847-311%26name%3Dcookieswirlc+lol+omg HTTP/1.1" 200 21430 "-" "Mozilla/5.0 (Linux; Android 6.0.1; Nexus 5X Build/MMB29P) AppleWebKit/537.36 (KHTML, like Gecko) Chrome/137.0.7151.103 Mobile Safari/537.36 (compatible; Googlebot/2.1; +http://www.google.com/bot.html)"
66.249.65.166 - - [12/Jul/2025:14:34:02 +0000] "GET /?k=5146456031900&mod=8763d72b&uri=us.php%3Fid%3D171805-57%26name%3Dlogitech+wireless+pro HTTP/1.1" 200 22035 "-" "Mozilla/5.0 (Linux; Android 6.0.1; Nexus 5X Build/MMB29P) AppleWebKit/537.36 (KHTML, like Gecko) Chrome/137.0.7151.103 Mobile Safari/537.36 (compatible; Googlebot/2.1; +http://www.google.com/bot.html)"
66.249.65.165 - - [12/Jul/2025:14:34:04 +0000] "GET /?k=5145616051900&mod=8763d72b&uri=dp.php%3Fid%3D171777-57%26name%3Dfreebuds+pro+vs+buds+live HTTP/1.1" 200 21970 "-" "Mozilla/5.0 (Linux; Android 6.0.1; Nexus 5X Build/MMB29P) AppleWebKit/537.36 (KHTML, like Gecko) Chrome/137.0.7151.103 Mobile Safari/537.36 (compatible; Googlebot/2.1; +http://www.google.com/bot.html)"
66.249.65.166 - - [12/Jul/2025:14:34:05 +0000] "GET /?k=5151286001900&mod=8763d72b&uri=brands.php%3Fid%3D171966-57%26name%3Dwill+the+vr+work+with+ps5 HTTP/1.1" 200 22265 "-" "Mozilla/5.0 (Linux; Android 6.0.1; Nexus 5X Build/MMB29P) AppleWebKit/537.36 (KHTML, like Gecko) Chrome/137.0.7151.103 Mobile Safari/537.36 (compatible; Googlebot/2.1; +http://www.google.com/bot.html)"
66.249.65.165 - - [12/Jul/2025:14:34:06 +0000] "GET /?k=7360789051900&mod=078fbc1d&uri=products.php%3Fid%3D245833-408%26name%3Dgrey+open+back+sweater HTTP/1.1" 200 21004 "-" "Mozilla/5.0 (Linux; Android 6.0.1; Nexus 5X Build/MMB29P) AppleWebKit/537.36 (KHTML, like Gecko) Chrome/137.0.7151.103 Mobile Safari/537.36 (compatible; Googlebot/2.1; +http://www.google.com/bot.html)"
66.249.65.164 - - [12/Jul/2025:14:34:07 +0000] "GET /?k=5143937001900&mod=8763d72b&uri=shop.php%3Fid%3D171721-57%26name%3Dturret+for+xbox+one HTTP/1.1" 200 20059 "-" "Mozilla/5.0 (Linux; Android 6.0.1; Nexus 5X Build/MMB29P) AppleWebKit/537.36 (KHTML, like Gecko) Chrome/137.0.7151.103 Mobile Safari/537.36 (compatible; Googlebot/2.1; +http://www.google.com/bot.html)"
66.249.65.164 - - [12/Jul/2025:14:34:09 +0000] "POST /get-message-notify HTTP/1.1" 200 21429 "https://alalamy.com.au/?k=5147716061900&mod=68c7db13&uri=product.php%3Fid%3D171847-311%26name%3Dcookieswirlc+lol+omg" "Mozilla/5.0 (Linux; Android 6.0.1; Nexus 5X Build/MMB29P) AppleWebKit/537.36 (KHTML, like Gecko) Chrome/137.0.7151.119 Mobile Safari/537.36 (compatible; Googlebot/2.1; +http://www.google.com/bot.html)"
66.249.65.164 - - [12/Jul/2025:14:34:15 +0000] "GET /?k=7222659021900&mod=44f95c37&uri=dp.php%3Fid%3D241208-252%26name%3Dlucky+brand+indian+motorcycle HTTP/1.1" 200 22045 "-" "Mozilla/5.0 (Linux; Android 6.0.1; Nexus 5X Build/MMB29P) AppleWebKit/537.36 (KHTML, like Gecko) Chrome/137.0.7151.103 Mobile Safari/537.36 (compatible; Googlebot/2.1; +http://www.google.com/bot.html)"
66.249.65.164 - - [12/Jul/2025:14:34:17 +0000] "POST /get-message-notify HTTP/1.1" 200 21424 "https://alalamy.com.au/?k=7222659021900&mod=44f95c37&uri=dp.php%3Fid%3D241208-252%26name%3Dlucky+brand+indian+motorcycle" "Mozilla/5.0 (Linux; Android 6.0.1; Nexus 5X Build/MMB29P) AppleWebKit/537.36 (KHTML, like Gecko) Chrome/137.0.7151.119 Mobile Safari/537.36 (compatible; Googlebot/2.1; +http://www.google.com/bot.html)"
209.74.77.214 - - [12/Jul/2025:14:34:22 +0000] "POST /wp-cron.php?doing_wp_cron=1752330862.7375009059906005859375 HTTP/1.1" 200 - "-" "WordPress/6.8.1; https://alalamy.com.au"
54.36.148.191 - - [12/Jul/2025:14:34:22 +0000] "GET /?k=30723511041900&mod=08cf859e&uri=category-info.php%3Fid%3D1025446-992%26name%3Dkyries+under+100 HTTP/1.1" 301 - "-" "Mozilla/5.0 (compatible; AhrefsBot/7.0; +http://ahrefs.com/robot/)"
209.74.77.214 - - [12/Jul/2025:14:34:22 +0000] "POST /wp-admin/admin-ajax.php?action=async_litespeed&nonce=rr7ebeZ7ghcYStrdIQKc6EYaZwWYzhmN&litespeed_type=imgoptm HTTP/1.1" 200 21 "-" "WordPress/6.8.1; https://alalamy.com.au"
66.249.65.164 - - [12/Jul/2025:14:34:25 +0000] "POST /get-message-notify HTTP/1.1" 200 21422 "https://alalamy.com.au/?k=4506871031900&mod=72417e4a&uri=form.php%3Fid%3D150425-269%26name%3Dcube+tripod+head" "Mozilla/5.0 (Linux; Android 6.0.1; Nexus 5X Build/MMB29P) AppleWebKit/537.36 (KHTML, like Gecko) Chrome/137.0.7151.119 Mobile Safari/537.36 (compatible; Googlebot/2.1; +http://www.google.com/bot.html)"
66.249.65.164 - - [12/Jul/2025:14:34:25 +0000] "GET /?k=11735933041900&mod=faab59d7&uri=pin.php%3Fid%3D391868-559%26name%3Drue+porter+hoodie+sizing HTTP/1.1" 200 20535 "-" "Mozilla/5.0 (Linux; Android 6.0.1; Nexus 5X Build/MMB29P) AppleWebKit/537.36 (KHTML, like Gecko) Chrome/137.0.7151.103 Mobile Safari/537.36 (compatible; Googlebot/2.1; +http://www.google.com/bot.html)"
66.249.65.164 - - [12/Jul/2025:14:34:28 +0000] "GET /?k=47606950001900&mod=68c7db13&uri=goods.php%3Fid%3D1588754-311%26name%3Dmega+bloks+barbie+superstar+stage HTTP/1.1" 200 21610 "-" "Mozilla/5.0 (Linux; Android 6.0.1; Nexus 5X Build/MMB29P) AppleWebKit/537.36 (KHTML, like Gecko) Chrome/137.0.7151.103 Mobile Safari/537.36 (compatible; Googlebot/2.1; +http://www.google.com/bot.html)"
66.249.65.164 - - [12/Jul/2025:14:34:31 +0000] "GET /?k=47609650001900&mod=8763d72b&uri=search.php%3Fid%3D1588844-57%26name%3Dhow+to+use+only+mic+on+headset+ps4 HTTP/1.1" 200 22510 "-" "Mozilla/5.0 (Linux; Android 6.0.1; Nexus 5X Build/MMB29P) AppleWebKit/537.36 (KHTML, like Gecko) Chrome/137.0.7151.103 Mobile Safari/537.36 (compatible; Googlebot/2.1; +http://www.google.com/bot.html)"
66.249.65.164 - - [12/Jul/2025:14:34:32 +0000] "GET /?k=47608450051900&mod=68c7db13&uri=us.php%3Fid%3D1588804-311%26name%3Dbarbie+bags+for+adults HTTP/1.1" 200 21681 "-" "Mozilla/5.0 (Linux; Android 6.0.1; Nexus 5X Build/MMB29P) AppleWebKit/537.36 (KHTML, like Gecko) Chrome/137.0.7151.103 Mobile Safari/537.36 (compatible; Googlebot/2.1; +http://www.google.com/bot.html)"
66.249.65.164 - - [12/Jul/2025:14:34:33 +0000] "POST /get-message-notify HTTP/1.1" 200 21426 "https://alalamy.com.au/?k=47606950001900&mod=68c7db13&uri=goods.php%3Fid%3D1588754-311%26name%3Dmega+bloks+barbie+superstar+stage" "Mozilla/5.0 (Linux; Android 6.0.1; Nexus 5X Build/MMB29P) AppleWebKit/537.36 (KHTML, like Gecko) Chrome/137.0.7151.119 Mobile Safari/537.36 (compatible; Googlebot/2.1; +http://www.google.com/bot.html)"
66.249.65.164 - - [12/Jul/2025:14:34:34 +0000] "POST /get-message-notify HTTP/1.1" 200 21426 "https://alalamy.com.au/?k=47608450051900&mod=68c7db13&uri=us.php%3Fid%3D1588804-311%26name%3Dbarbie+bags+for+adults" "Mozilla/5.0 (Linux; Android 6.0.1; Nexus 5X Build/MMB29P) AppleWebKit/537.36 (KHTML, like Gecko) Chrome/137.0.7151.119 Mobile Safari/537.36 (compatible; Googlebot/2.1; +http://www.google.com/bot.html)"
66.249.65.164 - - [12/Jul/2025:14:34:36 +0000] "GET /?k=47612350001900&mod=8763d72b&uri=form.php%3Fid%3D1588934-57%26name%3Ddo+any+earbuds+work+with+ps4 HTTP/1.1" 200 21995 "-" "Mozilla/5.0 (Linux; Android 6.0.1; Nexus 5X Build/MMB29P) AppleWebKit/537.36 (KHTML, like Gecko) Chrome/137.0.7151.103 Mobile Safari/537.36 (compatible; Googlebot/2.1; +http://www.google.com/bot.html)"
66.249.65.165 - - [12/Jul/2025:14:34:37 +0000] "GET /?k=47611150001900&mod=68c7db13&uri=us.php%3Fid%3D1588894-311%26name%3Dslumber+barbie HTTP/1.1" 200 21485 "-" "Mozilla/5.0 (Linux; Android 6.0.1; Nexus 5X Build/MMB29P) AppleWebKit/537.36 (KHTML, like Gecko) Chrome/137.0.7151.103 Mobile Safari/537.36 (compatible; Googlebot/2.1; +http://www.google.com/bot.html)"
66.249.65.164 - - [12/Jul/2025:14:34:39 +0000] "GET /?k=47610850001900&mod=8763d72b&uri=blog.php%3Fid%3D1588884-57%26name%3Dair+true+wireless+earbuds HTTP/1.1" 200 22421 "-" "Mozilla/5.0 (Linux; Android 6.0.1; Nexus 5X Build/MMB29P) AppleWebKit/537.36 (KHTML, like Gecko) Chrome/137.0.7151.103 Mobile Safari/537.36 (compatible; Googlebot/2.1; +http://www.google.com/bot.html)"
66.249.65.164 - - [12/Jul/2025:14:34:39 +0000] "GET /?k=6552415011900&mod=a020312b&uri=shop.php%3Fid%3D218844-369%26name%3Dconverse+shift+motorcycle HTTP/1.1" 200 21357 "-" "Mozilla/5.0 (Linux; Android 6.0.1; Nexus 5X Build/MMB29P) AppleWebKit/537.36 (KHTML, like Gecko) Chrome/137.0.7151.103 Mobile Safari/537.36 (compatible; Googlebot/2.1; +http://www.google.com/bot.html)"
66.249.65.165 - - [12/Jul/2025:14:34:40 +0000] "POST /get-message-notify HTTP/1.1" 200 21430 "https://alalamy.com.au/?k=47611150001900&mod=68c7db13&uri=us.php%3Fid%3D1588894-311%26name%3Dslumber+barbie" "Mozilla/5.0 (Linux; Android 6.0.1; Nexus 5X Build/MMB29P) AppleWebKit/537.36 (KHTML, like Gecko) Chrome/137.0.7151.119 Mobile Safari/537.36 (compatible; Googlebot/2.1; +http://www.google.com/bot.html)"
66.249.65.165 - - [12/Jul/2025:14:34:43 +0000] "GET /?k=47606650001900&mod=68c7db13&uri=news.php%3Fid%3D1588744-311%26name%3Dwhite+barbie+gown HTTP/1.1" 200 22046 "-" "Mozilla/5.0 (Linux; Android 6.0.1; Nexus 5X Build/MMB29P) AppleWebKit/537.36 (KHTML, like Gecko) Chrome/137.0.7151.103 Mobile Safari/537.36 (compatible; Googlebot/2.1; +http://www.google.com/bot.html)"
66.249.65.164 - - [12/Jul/2025:14:34:44 +0000] "GET /?k=7014464021900&mod=3d1327c1&uri=goods.php%3Fid%3D234260-395%26name%3Dmagasin+robes+de+mari%C3%83%C2%A9e+lyon HTTP/1.1" 200 22055 "-" "Mozilla/5.0 (Linux; Android 6.0.1; Nexus 5X Build/MMB29P) AppleWebKit/537.36 (KHTML, like Gecko) Chrome/137.0.7151.103 Mobile Safari/537.36 (compatible; Googlebot/2.1; +http://www.google.com/bot.html)"
66.249.65.165 - - [12/Jul/2025:14:34:57 +0000] "GET /?k=7069630091900&mod=156cc497&uri=article.php%3Fid%3D236103-396%26name%3Dair+max+gris+et+rose HTTP/1.1" 200 20883 "-" "Mozilla/5.0 (Linux; Android 6.0.1; Nexus 5X Build/MMB29P) AppleWebKit/537.36 (KHTML, like Gecko) Chrome/137.0.7151.103 Mobile Safari/537.36 (compatible; Googlebot/2.1; +http://www.google.com/bot.html)"
66.249.65.164 - - [12/Jul/2025:14:34:57 +0000] "GET /?k=7069750011900&mod=156cc497&uri=form.php%3Fid%3D236107-396%26name%3Dsabot+euroroutier HTTP/1.1" 200 21455 "-" "Mozilla/5.0 (Linux; Android 6.0.1; Nexus 5X Build/MMB29P) AppleWebKit/537.36 (KHTML, like Gecko) Chrome/137.0.7151.103 Mobile Safari/537.36 (compatible; Googlebot/2.1; +http://www.google.com/bot.html)"
66.249.65.165 - - [12/Jul/2025:14:34:59 +0000] "GET /?k=7071428031900&mod=156cc497&uri=goods.php%3Fid%3D236163-396%26name%3Dpuma+smash+v2+cuir HTTP/1.1" 200 21216 "-" "Mozilla/5.0 (Linux; Android 6.0.1; Nexus 5X Build/MMB29P) AppleWebKit/537.36 (KHTML, like Gecko) Chrome/137.0.7151.103 Mobile Safari/537.36 (compatible; Googlebot/2.1; +http://www.google.com/bot.html)"
66.249.65.164 - - [12/Jul/2025:14:35:01 +0000] "GET /?k=7070470071900&mod=156cc497&uri=shared.php%3Fid%3D236131-396%26name%3Dadidas+fv0834 HTTP/1.1" 200 20867 "-" "Mozilla/5.0 (Linux; Android 6.0.1; Nexus 5X Build/MMB29P) AppleWebKit/537.36 (KHTML, like Gecko) Chrome/137.0.7151.103 Mobile Safari/537.36 (compatible; Googlebot/2.1; +http://www.google.com/bot.html)"
66.249.65.164 - - [12/Jul/2025:14:35:02 +0000] "POST /get-message-notify HTTP/1.1" 200 21424 "https://alalamy.com.au/?k=7071428031900&mod=156cc497&uri=goods.php%3Fid%3D236163-396%26name%3Dpuma+smash+v2+cuir" "Mozilla/5.0 (Linux; Android 6.0.1; Nexus 5X Build/MMB29P) AppleWebKit/537.36 (KHTML, like Gecko) Chrome/137.0.7151.119 Mobile Safari/537.36 (compatible; Googlebot/2.1; +http://www.google.com/bot.html)"
66.249.65.164 - - [12/Jul/2025:14:35:02 +0000] "GET /?k=7059402061900&mod=156cc497&uri=category-info.php%3Fid%3D235760-396%26name%3Dsleakers+chausson HTTP/1.1" 200 21121 "-" "Mozilla/5.0 (Linux; Android 6.0.1; Nexus 5X Build/MMB29P) AppleWebKit/537.36 (KHTML, like Gecko) Chrome/137.0.7151.103 Mobile Safari/537.36 (compatible; Googlebot/2.1; +http://www.google.com/bot.html)"
66.249.65.164 - - [12/Jul/2025:14:35:04 +0000] "GET /?k=7277155111900&mod=861288f2&uri=blog.php%3Fid%3D243034-403%26name%3Dtom+tailor+sommerschuhe HTTP/1.1" 200 21531 "-" "Mozilla/5.0 (Linux; Android 6.0.1; Nexus 5X Build/MMB29P) AppleWebKit/537.36 (KHTML, like Gecko) Chrome/137.0.7151.103 Mobile Safari/537.36 (compatible; Googlebot/2.1; +http://www.google.com/bot.html)"
66.249.65.164 - - [12/Jul/2025:14:35:06 +0000] "GET /?k=7070830041900&mod=156cc497&uri=product.php%3Fid%3D236143-396%26name%3Dchaussure+pour+bb HTTP/1.1" 200 21344 "-" "Mozilla/5.0 (Linux; Android 6.0.1; Nexus 5X Build/MMB29P) AppleWebKit/537.36 (KHTML, like Gecko) Chrome/137.0.7151.103 Mobile Safari/537.36 (compatible; Googlebot/2.1; +http://www.google.com/bot.html)"
66.249.65.164 - - [12/Jul/2025:14:35:07 +0000] "GET /?k=7071788011900&mod=156cc497&uri=form.php%3Fid%3D236175-396%26name%3Dconverse+plateforme+couleur+sable HTTP/1.1" 200 21752 "-" "Mozilla/5.0 (Linux; Android 6.0.1; Nexus 5X Build/MMB29P) AppleWebKit/537.36 (KHTML, like Gecko) Chrome/137.0.7151.103 Mobile Safari/537.36 (compatible; Googlebot/2.1; +http://www.google.com/bot.html)"
209.74.77.214 - - [12/Jul/2025:14:35:10 +0000] "POST /wp-cron.php?doing_wp_cron=1752330910.2114779949188232421875 HTTP/1.1" 200 - "-" "WordPress/6.8.1; https://alalamy.com.au"
54.36.148.239 - - [12/Jul/2025:14:35:09 +0000] "GET /?k=30728851001900&uri=dp.php%3Fid%3D1025624-993%26name%3Dcrocs%20allcast%20boot HTTP/1.1" 200 26570 "-" "Mozilla/5.0 (compatible; AhrefsBot/7.0; +http://ahrefs.com/robot/)"
209.74.77.214 - - [12/Jul/2025:14:35:10 +0000] "POST /wp-admin/admin-ajax.php?action=async_litespeed&nonce=HXJvryLBZ2Frq6UUcbdOWfbR6aeYQdzV&litespeed_type=imgoptm HTTP/1.1" 200 21 "-" "WordPress/6.8.1; https://alalamy.com.au"
66.249.65.164 - - [12/Jul/2025:14:35:12 +0000] "GET /?k=7006975071900&mod=3d1327c1&uri=form.php%3Fid%3D234010-395%26name%3Dcerruti+jeans+homme HTTP/1.1" 200 21510 "-" "Mozilla/5.0 (Linux; Android 6.0.1; Nexus 5X Build/MMB29P) AppleWebKit/537.36 (KHTML, like Gecko) Chrome/137.0.7151.103 Mobile Safari/537.36 (compatible; Googlebot/2.1; +http://www.google.com/bot.html)"
66.249.65.164 - - [12/Jul/2025:14:35:13 +0000] "GET /?k=7071308001900&mod=156cc497&uri=form.php%3Fid%3D236159-396%26name%3Dadidas+earth+runner+primeblue HTTP/1.1" 200 21949 "-" "Mozilla/5.0 (Linux; Android 6.0.1; Nexus 5X Build/MMB29P) AppleWebKit/537.36 (KHTML, like Gecko) Chrome/137.0.7151.103 Mobile Safari/537.36 (compatible; Googlebot/2.1; +http://www.google.com/bot.html)"
66.249.65.164 - - [12/Jul/2025:14:35:16 +0000] "GET /?k=7071070051900&mod=156cc497&uri=news.php%3Fid%3D236151-396%26name%3Dtn+blanches+homme HTTP/1.1" 200 20652 "-" "Mozilla/5.0 (Linux; Android 6.0.1; Nexus 5X Build/MMB29P) AppleWebKit/537.36 (KHTML, like Gecko) Chrome/137.0.7151.103 Mobile Safari/537.36 (compatible; Googlebot/2.1; +http://www.google.com/bot.html)"
66.249.65.164 - - [12/Jul/2025:14:35:19 +0000] "GET /?k=7011828021900&mod=3d1327c1&uri=article.php%3Fid%3D234172-395%26name%3Dkeswa+tunisienne+2021 HTTP/1.1" 200 21104 "-" "Mozilla/5.0 (Linux; Android 6.0.1; Nexus 5X Build/MMB29P) AppleWebKit/537.36 (KHTML, like Gecko) Chrome/137.0.7151.103 Mobile Safari/537.36 (compatible; Googlebot/2.1; +http://www.google.com/bot.html)"
66.249.65.164 - - [12/Jul/2025:14:35:22 +0000] "GET /?k=6839041061900&mod=d8d7e7b1&uri=product.php%3Fid%3D228406-383%26name%3Dmaxi+cowl+dress HTTP/1.1" 200 21634 "-" "Mozilla/5.0 (Linux; Android 6.0.1; Nexus 5X Build/MMB29P) AppleWebKit/537.36 (KHTML, like Gecko) Chrome/137.0.7151.103 Mobile Safari/537.36 (compatible; Googlebot/2.1; +http://www.google.com/bot.html)"
66.249.65.164 - - [12/Jul/2025:14:35:24 +0000] "POST /get-message-notify HTTP/1.1" 200 21433 "https://alalamy.com.au/?k=6839041061900&mod=d8d7e7b1&uri=product.php%3Fid%3D228406-383%26name%3Dmaxi+cowl+dress" "Mozilla/5.0 AppleWebKit/537.36 (KHTML, like Gecko; compatible; Googlebot/2.1; +http://www.google.com/bot.html) Chrome/137.0.7151.119 Safari/537.36"
66.249.65.164 - - [12/Jul/2025:14:35:27 +0000] "GET /?k=7024259051900&mod=156cc497&uri=news.php%3Fid%3D234587-396%26name%3Dnike+tn+premier+modele HTTP/1.1" 200 20728 "-" "Mozilla/5.0 (Linux; Android 6.0.1; Nexus 5X Build/MMB29P) AppleWebKit/537.36 (KHTML, like Gecko) Chrome/137.0.7151.103 Mobile Safari/537.36 (compatible; Googlebot/2.1; +http://www.google.com/bot.html)"
66.249.65.164 - - [12/Jul/2025:14:35:29 +0000] "GET /?k=7051640041900&mod=156cc497&uri=shop.php%3Fid%3D235501-396%26name%3D21+pointure+bebe HTTP/1.1" 200 21879 "-" "Mozilla/5.0 (Linux; Android 6.0.1; Nexus 5X Build/MMB29P) AppleWebKit/537.36 (KHTML, like Gecko) Chrome/137.0.7151.103 Mobile Safari/537.36 (compatible; Googlebot/2.1; +http://www.google.com/bot.html)"
66.249.65.164 - - [12/Jul/2025:14:35:31 +0000] "GET /?k=6839221121900&mod=d8d7e7b1&uri=form.php%3Fid%3D228412-383%26name%3Denza+costa+maxi+dress HTTP/1.1" 200 20707 "-" "Mozilla/5.0 (Linux; Android 6.0.1; Nexus 5X Build/MMB29P) AppleWebKit/537.36 (KHTML, like Gecko) Chrome/137.0.7151.103 Mobile Safari/537.36 (compatible; Googlebot/2.1; +http://www.google.com/bot.html)"
66.249.65.165 - - [12/Jul/2025:14:35:37 +0000] "GET /?k=7092867011900&mod=539ef09c&uri=products.php%3Fid%3D236878-397%26name%3Dcobian+slippers HTTP/1.1" 200 22323 "-" "Mozilla/5.0 (Linux; Android 6.0.1; Nexus 5X Build/MMB29P) AppleWebKit/537.36 (KHTML, like Gecko) Chrome/137.0.7151.103 Mobile Safari/537.36 (compatible; Googlebot/2.1; +http://www.google.com/bot.html)"
66.249.65.164 - - [12/Jul/2025:14:35:38 +0000] "GET /?k=7092657031900&mod=413e4eb3&uri=blog.php%3Fid%3D236871-398%26name%3Dcharlotte+russe+lace+up+heels HTTP/1.1" 200 21822 "-" "Mozilla/5.0 (Linux; Android 6.0.1; Nexus 5X Build/MMB29P) AppleWebKit/537.36 (KHTML, like Gecko) Chrome/137.0.7151.103 Mobile Safari/537.36 (compatible; Googlebot/2.1; +http://www.google.com/bot.html)"
66.249.65.164 - - [12/Jul/2025:14:35:41 +0000] "GET /?k=5748867001900&mod=960b0b80&uri=products.php%3Fid%3D191982-335%26name%3Dnintendo+switch+charging HTTP/1.1" 200 22145 "-" "Mozilla/5.0 (Linux; Android 6.0.1; Nexus 5X Build/MMB29P) AppleWebKit/537.36 (KHTML, like Gecko) Chrome/137.0.7151.103 Mobile Safari/537.36 (compatible; Googlebot/2.1; +http://www.google.com/bot.html)"
66.249.65.164 - - [12/Jul/2025:14:35:44 +0000] "GET /?k=7305571011900&mod=1177967c&uri=us.php%3Fid%3D243989-22%26name%3Dpolar+pulsuhr+damen HTTP/1.1" 200 21967 "-" "Mozilla/5.0 (Linux; Android 6.0.1; Nexus 5X Build/MMB29P) AppleWebKit/537.36 (KHTML, like Gecko) Chrome/137.0.7151.103 Mobile Safari/537.36 (compatible; Googlebot/2.1; +http://www.google.com/bot.html)"
66.249.65.164 - - [12/Jul/2025:14:35:49 +0000] "GET /?k=47440326051900&mod=1177967c&uri=news.php%3Fid%3D1583197-22%26name%3Dlongines+uhr+quarz HTTP/1.1" 200 21984 "-" "Mozilla/5.0 (Linux; Android 6.0.1; Nexus 5X Build/MMB29P) AppleWebKit/537.36 (KHTML, like Gecko) Chrome/137.0.7151.103 Mobile Safari/537.36 (compatible; Googlebot/2.1; +http://www.google.com/bot.html)"
66.249.65.165 - - [12/Jul/2025:14:35:51 +0000] "GET /?k=7052030041900&mod=156cc497&uri=product.php%3Fid%3D235514-396%26name%3Dair+force+one+shadow+original HTTP/1.1" 200 21515 "-" "Mozilla/5.0 (Linux; Android 6.0.1; Nexus 5X Build/MMB29P) AppleWebKit/537.36 (KHTML, like Gecko) Chrome/137.0.7151.103 Mobile Safari/537.36 (compatible; Googlebot/2.1; +http://www.google.com/bot.html)"
66.249.65.165 - - [12/Jul/2025:14:35:58 +0000] "POST /get-message-notify HTTP/1.1" 200 21436 "https://alalamy.com.au/?k=7052030041900&mod=156cc497&uri=product.php%3Fid%3D235514-396%26name%3Dair+force+one+shadow+original" "Mozilla/5.0 (Linux; Android 6.0.1; Nexus 5X Build/MMB29P) AppleWebKit/537.36 (KHTML, like Gecko) Chrome/137.0.7151.119 Mobile Safari/537.36 (compatible; Googlebot/2.1; +http://www.google.com/bot.html)"
66.249.65.165 - - [12/Jul/2025:14:35:58 +0000] "GET /?k=6989053021900&mod=962ebbfe&uri=goods.php%3Fid%3D233410-394%26name%3Delectric+gas+cooker HTTP/1.1" 200 22191 "-" "Mozilla/5.0 (Linux; Android 6.0.1; Nexus 5X Build/MMB29P) AppleWebKit/537.36 (KHTML, like Gecko) Chrome/137.0.7151.103 Mobile Safari/537.36 (compatible; Googlebot/2.1; +http://www.google.com/bot.html)"
66.249.65.164 - - [12/Jul/2025:14:36:04 +0000] "GET /?k=7316539061900&mod=1177967c&uri=us.php%3Fid%3D244358-22%26name%3Darmband+f%C3%83%C2%BCr+herrenuhren HTTP/1.1" 200 21580 "-" "Mozilla/5.0 (Linux; Android 6.0.1; Nexus 5X Build/MMB29P) AppleWebKit/537.36 (KHTML, like Gecko) Chrome/137.0.7151.103 Mobile Safari/537.36 (compatible; Googlebot/2.1; +http://www.google.com/bot.html)"
66.249.65.165 - - [12/Jul/2025:14:36:10 +0000] "GET /?k=7056890011900&mod=156cc497&uri=us.php%3Fid%3D235676-396%26name%3Dbasket+toile+nike+garcon HTTP/1.1" 200 20942 "-" "Mozilla/5.0 (Linux; Android 6.0.1; Nexus 5X Build/MMB29P) AppleWebKit/537.36 (KHTML, like Gecko) Chrome/137.0.7151.103 Mobile Safari/537.36 (compatible; Googlebot/2.1; +http://www.google.com/bot.html)"
66.249.65.164 - - [12/Jul/2025:14:36:12 +0000] "GET /?k=102951531061900&mod=de3358ca&uri=search.php%3Fid%3D3435786-378%26name%3Dbaby+stroller+cover+for+winter HTTP/1.1" 200 22156 "-" "Mozilla/5.0 (Linux; Android 6.0.1; Nexus 5X Build/MMB29P) AppleWebKit/537.36 (KHTML, like Gecko) Chrome/137.0.7151.103 Mobile Safari/537.36 (compatible; Googlebot/2.1; +http://www.google.com/bot.html)"
209.74.77.214 - - [12/Jul/2025:14:36:15 +0000] "POST /wp-cron.php?doing_wp_cron=1752330975.0893199443817138671875 HTTP/1.1" 200 - "-" "WordPress/6.8.1; https://alalamy.com.au"
54.36.148.16 - - [12/Jul/2025:14:36:14 +0000] "GET /?k=30949846011900&mod=9c502490&uri=form.php%3Fid%3D1032999-240%26name%3Dkeras+on+gpu HTTP/1.1" 301 - "-" "Mozilla/5.0 (compatible; AhrefsBot/7.0; +http://ahrefs.com/robot/)"
209.74.77.214 - - [12/Jul/2025:14:36:15 +0000] "POST /wp-admin/admin-ajax.php?action=async_litespeed&nonce=B673wekvHKfsI6C5LB5QVIoFZDjRaEK1&litespeed_type=imgoptm HTTP/1.1" 200 21 "-" "WordPress/6.8.1; https://alalamy.com.au"
66.249.65.164 - - [12/Jul/2025:14:36:15 +0000] "GET /?k=5748687081900&mod=960b0b80&uri=info.php%3Fid%3D191976-335%26name%3Dcash+crusaders+twin+tub+washing+machine HTTP/1.1" 200 21360 "-" "Mozilla/5.0 (Linux; Android 6.0.1; Nexus 5X Build/MMB29P) AppleWebKit/537.36 (KHTML, like Gecko) Chrome/137.0.7151.103 Mobile Safari/537.36 (compatible; Googlebot/2.1; +http://www.google.com/bot.html)"
66.249.65.164 - - [12/Jul/2025:14:36:17 +0000] "GET /?k=7307469051900&mod=1894ea67&uri=us.php%3Fid%3D244053-314%26name%3Djack+wolfskin+polar+fleece HTTP/1.1" 200 22147 "-" "Mozilla/5.0 (Linux; Android 6.0.1; Nexus 5X Build/MMB29P) AppleWebKit/537.36 (KHTML, like Gecko) Chrome/137.0.7151.103 Mobile Safari/537.36 (compatible; Googlebot/2.1; +http://www.google.com/bot.html)"
66.249.65.164 - - [12/Jul/2025:14:36:23 +0000] "GET /?k=7334149131900&mod=c242ee43&uri=pin.php%3Fid%3D244945-405%26name%3Dlacoste+graduate+bl+sfa HTTP/1.1" 200 20782 "-" "Mozilla/5.0 (Linux; Android 6.0.1; Nexus 5X Build/MMB29P) AppleWebKit/537.36 (KHTML, like Gecko) Chrome/137.0.7151.103 Mobile Safari/537.36 (compatible; Googlebot/2.1; +http://www.google.com/bot.html)"
66.249.65.164 - - [12/Jul/2025:14:36:27 +0000] "GET /?k=7305849011900&mod=1894ea67&uri=article.php%3Fid%3D243999-314%26name%3Dfj%C3%83%C2%A4llr%C3%83%C2%A4ven+brenner HTTP/1.1" 200 21977 "-" "Mozilla/5.0 (Linux; Android 6.0.1; Nexus 5X Build/MMB29P) AppleWebKit/537.36 (KHTML, like Gecko) Chrome/137.0.7151.103 Mobile Safari/537.36 (compatible; Googlebot/2.1; +http://www.google.com/bot.html)"
66.249.65.164 - - [12/Jul/2025:14:36:28 +0000] "GET /?k=7306989141900&mod=1177967c&uri=article.php%3Fid%3D244037-22%26name%3Darmbanduhr+herren+skelett HTTP/1.1" 200 20783 "-" "Mozilla/5.0 (Linux; Android 6.0.1; Nexus 5X Build/MMB29P) AppleWebKit/537.36 (KHTML, like Gecko) Chrome/137.0.7151.103 Mobile Safari/537.36 (compatible; Googlebot/2.1; +http://www.google.com/bot.html)"
66.249.65.164 - - [12/Jul/2025:14:36:31 +0000] "POST /get-message-notify HTTP/1.1" 200 21416 "https://alalamy.com.au/?k=5748687081900&mod=960b0b80&uri=info.php%3Fid%3D191976-335%26name%3Dcash+crusaders+twin+tub+washing+machine" "Mozilla/5.0 (Linux; Android 6.0.1; Nexus 5X Build/MMB29P) AppleWebKit/537.36 (KHTML, like Gecko) Chrome/137.0.7151.119 Mobile Safari/537.36 (compatible; Googlebot/2.1; +http://www.google.com/bot.html)"
66.249.65.164 - - [12/Jul/2025:14:36:34 +0000] "GET /?k=7332379141900&mod=c242ee43&uri=itm.php%3Fid%3D244886-405%26name%3Dblack+over+the+knee+boots+pointed+toe HTTP/1.1" 200 20717 "-" "Mozilla/5.0 (Linux; Android 6.0.1; Nexus 5X Build/MMB29P) AppleWebKit/537.36 (KHTML, like Gecko) Chrome/137.0.7151.103 Mobile Safari/537.36 (compatible; Googlebot/2.1; +http://www.google.com/bot.html)"
66.249.65.164 - - [12/Jul/2025:14:36:35 +0000] "POST /get-message-notify HTTP/1.1" 200 21424 "https://alalamy.com.au/?k=7334149131900&mod=c242ee43&uri=pin.php%3Fid%3D244945-405%26name%3Dlacoste+graduate+bl+sfa" "Mozilla/5.0 (Linux; Android 6.0.1; Nexus 5X Build/MMB29P) AppleWebKit/537.36 (KHTML, like Gecko) Chrome/137.0.7151.119 Mobile Safari/537.36 (compatible; Googlebot/2.1; +http://www.google.com/bot.html)"
66.249.65.164 - - [12/Jul/2025:14:36:39 +0000] "GET /?k=7061742041900&mod=156cc497&uri=products.php%3Fid%3D235838-396%26name%3Dpantoufle+au+crochet+pour+homme HTTP/1.1" 200 21559 "-" "Mozilla/5.0 (Linux; Android 6.0.1; Nexus 5X Build/MMB29P) AppleWebKit/537.36 (KHTML, like Gecko) Chrome/137.0.7151.103 Mobile Safari/537.36 (compatible; Googlebot/2.1; +http://www.google.com/bot.html)"
66.249.65.164 - - [12/Jul/2025:14:36:43 +0000] "GET /?k=7354159081900&mod=e9c519a8&uri=shop.php%3Fid%3D245612-407%26name%3Dyeezy+season+zip+hoodie HTTP/1.1" 200 21496 "-" "Mozilla/5.0 (Linux; Android 6.0.1; Nexus 5X Build/MMB29P) AppleWebKit/537.36 (KHTML, like Gecko) Chrome/137.0.7151.103 Mobile Safari/537.36 (compatible; Googlebot/2.1; +http://www.google.com/bot.html)"
66.249.65.164 - - [12/Jul/2025:14:36:44 +0000] "GET /?k=5747697071900&mod=960b0b80&uri=info.php%3Fid%3D191943-335%26name%3Dnorthgard+switch+metacritic HTTP/1.1" 200 21594 "-" "Mozilla/5.0 (Linux; Android 6.0.1; Nexus 5X Build/MMB29P) AppleWebKit/537.36 (KHTML, like Gecko) Chrome/137.0.7151.103 Mobile Safari/537.36 (compatible; Googlebot/2.1; +http://www.google.com/bot.html)"
66.249.65.164 - - [12/Jul/2025:14:36:46 +0000] "POST /get-message-notify HTTP/1.1" 200 21423 "https://alalamy.com.au/?k=7354159081900&mod=e9c519a8&uri=shop.php%3Fid%3D245612-407%26name%3Dyeezy+season+zip+hoodie" "Mozilla/5.0 (Linux; Android 6.0.1; Nexus 5X Build/MMB29P) AppleWebKit/537.36 (KHTML, like Gecko) Chrome/137.0.7151.119 Mobile Safari/537.36 (compatible; Googlebot/2.1; +http://www.google.com/bot.html)"
66.249.65.164 - - [12/Jul/2025:14:36:49 +0000] "GET /?k=7092687021900&mod=413e4eb3&uri=blog.php%3Fid%3D236872-398%26name%3Dnext+gold+pumps HTTP/1.1" 200 20622 "-" "Mozilla/5.0 (Linux; Android 6.0.1; Nexus 5X Build/MMB29P) AppleWebKit/537.36 (KHTML, like Gecko) Chrome/137.0.7151.103 Mobile Safari/537.36 (compatible; Googlebot/2.1; +http://www.google.com/bot.html)"
66.249.65.164 - - [12/Jul/2025:14:36:50 +0000] "GET /?k=7332199031900&mod=c242ee43&uri=itm.php%3Fid%3D244880-405%26name%3Dover+the+knee+black+wide+calf+boots HTTP/1.1" 200 21328 "-" "Mozilla/5.0 (Linux; Android 6.0.1; Nexus 5X Build/MMB29P) AppleWebKit/537.36 (KHTML, like Gecko) Chrome/137.0.7151.103 Mobile Safari/537.36 (compatible; Googlebot/2.1; +http://www.google.com/bot.html)"
66.249.65.165 - - [12/Jul/2025:14:36:51 +0000] "POST /get-message-notify HTTP/1.1" 200 21423 "https://alalamy.com.au/?k=7092687021900&mod=413e4eb3&uri=blog.php%3Fid%3D236872-398%26name%3Dnext+gold+pumps" "Mozilla/5.0 (Linux; Android 6.0.1; Nexus 5X Build/MMB29P) AppleWebKit/537.36 (KHTML, like Gecko) Chrome/137.0.7151.119 Mobile Safari/537.36 (compatible; Googlebot/2.1; +http://www.google.com/bot.html)"
66.249.65.164 - - [12/Jul/2025:14:36:56 +0000] "GET /?k=6919905001900&mod=b9b993f4&uri=us.php%3Fid%3D231104-387%26name%3Dmountain+bike+to+stationary+bike HTTP/1.1" 200 22104 "-" "Mozilla/5.0 (Linux; Android 6.0.1; Nexus 5X Build/MMB29P) AppleWebKit/537.36 (KHTML, like Gecko) Chrome/137.0.7151.103 Mobile Safari/537.36 (compatible; Googlebot/2.1; +http://www.google.com/bot.html)"
66.249.65.164 - - [12/Jul/2025:14:36:57 +0000] "GET /?k=5749947001900&mod=48c608a1&uri=info.php%3Fid%3D192018-334%26name%3Ddramacool+my+little+happiness HTTP/1.1" 200 22540 "-" "Mozilla/5.0 (Linux; Android 6.0.1; Nexus 5X Build/MMB29P) AppleWebKit/537.36 (KHTML, like Gecko) Chrome/137.0.7151.103 Mobile Safari/537.36 (compatible; Googlebot/2.1; +http://www.google.com/bot.html)"
66.249.65.164 - - [12/Jul/2025:14:36:58 +0000] "POST /get-message-notify HTTP/1.1" 200 21437 "https://alalamy.com.au/?k=6919905001900&mod=b9b993f4&uri=us.php%3Fid%3D231104-387%26name%3Dmountain+bike+to+stationary+bike" "Mozilla/5.0 (Linux; Android 6.0.1; Nexus 5X Build/MMB29P) AppleWebKit/537.36 (KHTML, like Gecko) Chrome/137.0.7151.119 Mobile Safari/537.36 (compatible; Googlebot/2.1; +http://www.google.com/bot.html)"
66.249.65.165 - - [12/Jul/2025:14:36:58 +0000] "POST /get-message-notify HTTP/1.1" 200 21423 "https://alalamy.com.au/?k=5747697071900&mod=960b0b80&uri=info.php%3Fid%3D191943-335%26name%3Dnorthgard+switch+metacritic" "Mozilla/5.0 (Linux; Android 6.0.1; Nexus 5X Build/MMB29P) AppleWebKit/537.36 (KHTML, like Gecko) Chrome/137.0.7151.119 Mobile Safari/537.36 (compatible; Googlebot/2.1; +http://www.google.com/bot.html)"
209.74.77.214 - - [12/Jul/2025:14:37:04 +0000] "POST /wp-cron.php?doing_wp_cron=1752331024.0911419391632080078125 HTTP/1.1" 200 - "-" "WordPress/6.8.1; https://alalamy.com.au"
54.36.148.216 - - [12/Jul/2025:14:37:03 +0000] "GET /?k=31547947021900&mod=4bb9317d&uri=itm.php%3Fid%3D1052959-1005%26name%3Dnike+air+max+90+zenske HTTP/1.1" 301 - "-" "Mozilla/5.0 (compatible; AhrefsBot/7.0; +http://ahrefs.com/robot/)"
209.74.77.214 - - [12/Jul/2025:14:37:04 +0000] "POST /wp-admin/admin-ajax.php?action=async_litespeed&nonce=9iUSByACPFoxiAJeZhgsS4shecqW8zdF&litespeed_type=imgoptm HTTP/1.1" 200 21 "-" "WordPress/6.8.1; https://alalamy.com.au"
66.249.65.165 - - [12/Jul/2025:14:37:08 +0000] "GET /?k=7306689091900&mod=1177967c&uri=products.php%3Fid%3D244027-22%26name%3Dadidas+digitaluhr+damen HTTP/1.1" 200 21751 "-" "Mozilla/5.0 (Linux; Android 6.0.1; Nexus 5X Build/MMB29P) AppleWebKit/537.36 (KHTML, like Gecko) Chrome/137.0.7151.103 Mobile Safari/537.36 (compatible; Googlebot/2.1; +http://www.google.com/bot.html)"
66.249.65.165 - - [12/Jul/2025:14:37:14 +0000] "GET /?k=7306209051900&mod=1177967c&uri=itm.php%3Fid%3D244011-22%26name%3Dmini+rolex+damen HTTP/1.1" 200 22095 "-" "Mozilla/5.0 (Linux; Android 6.0.1; Nexus 5X Build/MMB29P) AppleWebKit/537.36 (KHTML, like Gecko) Chrome/137.0.7151.103 Mobile Safari/537.36 (compatible; Googlebot/2.1; +http://www.google.com/bot.html)"
66.249.65.164 - - [12/Jul/2025:14:37:19 +0000] "POST /get-message-notify HTTP/1.1" 200 21421 "https://alalamy.com.au/?k=7306689091900&mod=1177967c&uri=products.php%3Fid%3D244027-22%26name%3Dadidas+digitaluhr+damen" "Mozilla/5.0 (Linux; Android 6.0.1; Nexus 5X Build/MMB29P) AppleWebKit/537.36 (KHTML, like Gecko) Chrome/137.0.7151.119 Mobile Safari/537.36 (compatible; Googlebot/2.1; +http://www.google.com/bot.html)"
66.249.65.164 - - [12/Jul/2025:14:37:20 +0000] "GET /?k=5750487031900&mod=960b0b80&uri=search.php%3Fid%3D192036-335%26name%3Drcm+injector+pc HTTP/1.1" 200 22252 "-" "Mozilla/5.0 (Linux; Android 6.0.1; Nexus 5X Build/MMB29P) AppleWebKit/537.36 (KHTML, like Gecko) Chrome/137.0.7151.103 Mobile Safari/537.36 (compatible; Googlebot/2.1; +http://www.google.com/bot.html)"
66.249.65.164 - - [12/Jul/2025:14:37:27 +0000] "GET /?k=5746167041900&mod=960b0b80&uri=product.php%3Fid%3D191892-335%26name%3Dswitch+sale+price HTTP/1.1" 200 22187 "-" "Mozilla/5.0 (Linux; Android 6.0.1; Nexus 5X Build/MMB29P) AppleWebKit/537.36 (KHTML, like Gecko) Chrome/137.0.7151.103 Mobile Safari/537.36 (compatible; Googlebot/2.1; +http://www.google.com/bot.html)"
66.249.65.164 - - [12/Jul/2025:14:37:29 +0000] "POST /get-message-notify HTTP/1.1" 200 21419 "https://alalamy.com.au/?k=5746167041900&mod=960b0b80&uri=product.php%3Fid%3D191892-335%26name%3Dswitch+sale+price" "Mozilla/5.0 (Linux; Android 6.0.1; Nexus 5X Build/MMB29P) AppleWebKit/537.36 (KHTML, like Gecko) Chrome/137.0.7151.119 Mobile Safari/537.36 (compatible; Googlebot/2.1; +http://www.google.com/bot.html)"
66.249.65.164 - - [12/Jul/2025:14:37:33 +0000] "GET /?k=5746347021900&mod=48c608a1&uri=shop.php%3Fid%3D191898-334%26name%3Dmtv+roadies+revolution+oct+2021 HTTP/1.1" 200 22055 "-" "Mozilla/5.0 (Linux; Android 6.0.1; Nexus 5X Build/MMB29P) AppleWebKit/537.36 (KHTML, like Gecko) Chrome/137.0.7151.103 Mobile Safari/537.36 (compatible; Googlebot/2.1; +http://www.google.com/bot.html)"
66.249.65.164 - - [12/Jul/2025:14:37:34 +0000] "GET /?k=4432969051900&mod=6df811b7&uri=category-info.php%3Fid%3D147956-265%26name%3Diron+man+tenis HTTP/1.1" 200 21480 "-" "Mozilla/5.0 (Linux; Android 6.0.1; Nexus 5X Build/MMB29P) AppleWebKit/537.36 (KHTML, like Gecko) Chrome/137.0.7151.103 Mobile Safari/537.36 (compatible; Googlebot/2.1; +http://www.google.com/bot.html)"
66.249.65.164 - - [12/Jul/2025:14:37:38 +0000] "GET /?k=7333699041900&mod=9078b6ab&uri=itm.php%3Fid%3D244930-222%26name%3Dorange+blue+black+jordans HTTP/1.1" 200 22154 "-" "Mozilla/5.0 (Linux; Android 6.0.1; Nexus 5X Build/MMB29P) AppleWebKit/537.36 (KHTML, like Gecko) Chrome/137.0.7151.103 Mobile Safari/537.36 (compatible; Googlebot/2.1; +http://www.google.com/bot.html)"
66.249.65.164 - - [12/Jul/2025:14:37:43 +0000] "GET /?k=7055810021900&mod=156cc497&uri=pin.php%3Fid%3D235640-396%26name%3Dconverse+plateforme+vert+menthe HTTP/1.1" 200 21157 "-" "Mozilla/5.0 (Linux; Android 6.0.1; Nexus 5X Build/MMB29P) AppleWebKit/537.36 (KHTML, like Gecko) Chrome/137.0.7151.103 Mobile Safari/537.36 (compatible; Googlebot/2.1; +http://www.google.com/bot.html)"
66.249.65.164 - - [12/Jul/2025:14:37:46 +0000] "POST /get-message-notify HTTP/1.1" 200 21425 "https://alalamy.com.au/?k=7055810021900&mod=156cc497&uri=pin.php%3Fid%3D235640-396%26name%3Dconverse+plateforme+vert+menthe" "Mozilla/5.0 (Linux; Android 6.0.1; Nexus 5X Build/MMB29P) AppleWebKit/537.36 (KHTML, like Gecko) Chrome/137.0.7151.119 Mobile Safari/537.36 (compatible; Googlebot/2.1; +http://www.google.com/bot.html)"
66.249.65.164 - - [12/Jul/2025:14:37:47 +0000] "GET /?k=11599381001900&mod=8763d72b&uri=search.php%3Fid%3D387284-57%26name%3Doneplus+adapter+jack HTTP/1.1" 200 22187 "-" "Mozilla/5.0 (Linux; Android 6.0.1; Nexus 5X Build/MMB29P) AppleWebKit/537.36 (KHTML, like Gecko) Chrome/137.0.7151.103 Mobile Safari/537.36 (compatible; Googlebot/2.1; +http://www.google.com/bot.html)"
66.249.65.164 - - [12/Jul/2025:14:37:49 +0000] "GET /?k=6962954041900&mod=20ea88ff&uri=products.php%3Fid%3D232540-390%26name%3Dcrampon+montante+adidas HTTP/1.1" 200 22058 "-" "Mozilla/5.0 (Linux; Android 6.0.1; Nexus 5X Build/MMB29P) AppleWebKit/537.36 (KHTML, like Gecko) Chrome/137.0.7151.103 Mobile Safari/537.36 (compatible; Googlebot/2.1; +http://www.google.com/bot.html)"
66.249.65.164 - - [12/Jul/2025:14:37:52 +0000] "GET /?k=7061382041900&mod=156cc497&uri=us.php%3Fid%3D235826-396%26name%3Dnike+challenger+og+bleu HTTP/1.1" 200 21652 "-" "Mozilla/5.0 (Linux; Android 6.0.1; Nexus 5X Build/MMB29P) AppleWebKit/537.36 (KHTML, like Gecko) Chrome/137.0.7151.103 Mobile Safari/537.36 (compatible; Googlebot/2.1; +http://www.google.com/bot.html)"
66.249.65.164 - - [12/Jul/2025:14:37:56 +0000] "GET /?k=6957754031900&mod=20ea88ff&uri=blog.php%3Fid%3D232366-390%26name%3Dnike+green+men HTTP/1.1" 200 21446 "-" "Mozilla/5.0 (Linux; Android 6.0.1; Nexus 5X Build/MMB29P) AppleWebKit/537.36 (KHTML, like Gecko) Chrome/137.0.7151.103 Mobile Safari/537.36 (compatible; Googlebot/2.1; +http://www.google.com/bot.html)"
209.74.77.214 - - [12/Jul/2025:14:38:03 +0000] "POST /wp-cron.php?doing_wp_cron=1752331083.4921948909759521484375 HTTP/1.1" 200 - "-" "WordPress/6.8.1; https://alalamy.com.au"
54.36.148.163 - - [12/Jul/2025:14:38:03 +0000] "GET /?k=31712654111900&uri=itm.php%3Fid%3D1058458-1006%26name%3Dnike%20vapor%20flash HTTP/1.1" 200 26570 "-" "Mozilla/5.0 (compatible; AhrefsBot/7.0; +http://ahrefs.com/robot/)"
209.74.77.214 - - [12/Jul/2025:14:38:03 +0000] "POST /wp-admin/admin-ajax.php?action=async_litespeed&nonce=Gp3q3FqVrC7HEcjfYVHbxbYD3xBjEZ4A&litespeed_type=imgoptm HTTP/1.1" 200 21 "-" "WordPress/6.8.1; https://alalamy.com.au"
66.249.65.165 - - [12/Jul/2025:14:38:03 +0000] "GET /?k=7053650031900&mod=156cc497&uri=goods.php%3Fid%3D235568-396%26name%3Dconverse+plateforme+cozy HTTP/1.1" 200 21658 "-" "Mozilla/5.0 (Linux; Android 6.0.1; Nexus 5X Build/MMB29P) AppleWebKit/537.36 (KHTML, like Gecko) Chrome/137.0.7151.103 Mobile Safari/537.36 (compatible; Googlebot/2.1; +http://www.google.com/bot.html)"
66.249.65.165 - - [12/Jul/2025:14:38:04 +0000] "POST /get-message-notify HTTP/1.1" 200 21428 "https://alalamy.com.au/?k=6962954041900&mod=20ea88ff&uri=products.php%3Fid%3D232540-390%26name%3Dcrampon+montante+adidas" "Mozilla/5.0 (Linux; Android 6.0.1; Nexus 5X Build/MMB29P) AppleWebKit/537.36 (KHTML, like Gecko) Chrome/137.0.7151.119 Mobile Safari/537.36 (compatible; Googlebot/2.1; +http://www.google.com/bot.html)"
66.249.65.166 - - [12/Jul/2025:14:38:05 +0000] "POST /get-message-notify HTTP/1.1" 200 21425 "https://alalamy.com.au/?k=7053650031900&mod=156cc497&uri=goods.php%3Fid%3D235568-396%26name%3Dconverse+plateforme+cozy" "Mozilla/5.0 (Linux; Android 6.0.1; Nexus 5X Build/MMB29P) AppleWebKit/537.36 (KHTML, like Gecko) Chrome/137.0.7151.119 Mobile Safari/537.36 (compatible; Googlebot/2.1; +http://www.google.com/bot.html)"
66.249.65.165 - - [12/Jul/2025:14:38:16 +0000] "GET /?k=7307349011900&mod=1177967c&uri=itm.php%3Fid%3D244049-22%26name%3Ddaniel+wellington+bristol+damen HTTP/1.1" 200 21821 "-" "Mozilla/5.0 (Linux; Android 6.0.1; Nexus 5X Build/MMB29P) AppleWebKit/537.36 (KHTML, like Gecko) Chrome/137.0.7151.103 Mobile Safari/537.36 (compatible; Googlebot/2.1; +http://www.google.com/bot.html)"
66.249.65.165 - - [12/Jul/2025:14:38:18 +0000] "GET /?k=7055090021900&mod=156cc497&uri=itm.php%3Fid%3D235616-396%26name%3Dadidas+zx+500+bleu HTTP/1.1" 200 21698 "-" "Mozilla/5.0 (Linux; Android 6.0.1; Nexus 5X Build/MMB29P) AppleWebKit/537.36 (KHTML, like Gecko) Chrome/137.0.7151.103 Mobile Safari/537.36 (compatible; Googlebot/2.1; +http://www.google.com/bot.html)"
66.249.65.164 - - [12/Jul/2025:14:38:21 +0000] "GET /?k=103031139041900&mod=e0cfa2c5&uri=search.php%3Fid%3D3438440-633%26name%3Dharden+lifestyle+shoes HTTP/1.1" 200 21226 "-" "Mozilla/5.0 (Linux; Android 6.0.1; Nexus 5X Build/MMB29P) AppleWebKit/537.36 (KHTML, like Gecko) Chrome/137.0.7151.103 Mobile Safari/537.36 (compatible; Googlebot/2.1; +http://www.google.com/bot.html)"
66.249.65.164 - - [12/Jul/2025:14:38:25 +0000] "POST /get-message-notify HTTP/1.1" 200 21433 "https://alalamy.com.au/?k=7055090021900&mod=156cc497&uri=itm.php%3Fid%3D235616-396%26name%3Dadidas+zx+500+bleu" "Mozilla/5.0 (Linux; Android 6.0.1; Nexus 5X Build/MMB29P) AppleWebKit/537.36 (KHTML, like Gecko) Chrome/137.0.7151.119 Mobile Safari/537.36 (compatible; Googlebot/2.1; +http://www.google.com/bot.html)"
66.249.65.164 - - [12/Jul/2025:14:38:30 +0000] "GET /?k=6991213091900&mod=962ebbfe&uri=blog.php%3Fid%3D233482-394%26name%3Dlongaberger+dishes HTTP/1.1" 200 21541 "-" "Mozilla/5.0 (Linux; Android 6.0.1; Nexus 5X Build/MMB29P) AppleWebKit/537.36 (KHTML, like Gecko) Chrome/137.0.7151.103 Mobile Safari/537.36 (compatible; Googlebot/2.1; +http://www.google.com/bot.html)"
