66.249.65.164 - - [12/Jul/2025:14:38:36 +0000] "GET /?k=5752107021900&mod=960b0b80&uri=news.php%3Fid%3D192090-335%26name%3Dfire+emblem+switch+metacritic HTTP/1.1" 200 22049 "-" "Mozilla/5.0 (Linux; Android 6.0.1; Nexus 5X Build/MMB29P) AppleWebKit/537.36 (KHTML, like Gecko) Chrome/137.0.7151.103 Mobile Safari/537.36 (compatible; Googlebot/2.1; +http://www.google.com/bot.html)"
66.249.65.164 - - [12/Jul/2025:14:38:39 +0000] "GET /?k=7056170021900&mod=156cc497&uri=product.php%3Fid%3D235652-396%26name%3Dpointure+30+quel+age HTTP/1.1" 200 21431 "-" "Mozilla/5.0 (Linux; Android 6.0.1; Nexus 5X Build/MMB29P) AppleWebKit/537.36 (KHTML, like Gecko) Chrome/137.0.7151.103 Mobile Safari/537.36 (compatible; Googlebot/2.1; +http://www.google.com/bot.html)"
66.249.65.164 - - [12/Jul/2025:14:38:41 +0000] "POST /get-message-notify HTTP/1.1" 200 21422 "https://alalamy.com.au/?k=103031139041900&mod=e0cfa2c5&uri=search.php%3Fid%3D3438440-633%26name%3Dharden+lifestyle+shoes" "Mozilla/5.0 (Linux; Android 6.0.1; Nexus 5X Build/MMB29P) AppleWebKit/537.36 (KHTML, like Gecko) Chrome/137.0.7151.119 Mobile Safari/537.36 (compatible; Googlebot/2.1; +http://www.google.com/bot.html)"
66.249.65.164 - - [12/Jul/2025:14:38:51 +0000] "GET /?k=5750037051900&mod=960b0b80&uri=brands.php%3Fid%3D192021-335%26name%3Damerican+home+washing+machine+twin+tub HTTP/1.1" 200 21568 "-" "Mozilla/5.0 (Linux; Android 6.0.1; Nexus 5X Build/MMB29P) AppleWebKit/537.36 (KHTML, like Gecko) Chrome/137.0.7151.103 Mobile Safari/537.36 (compatible; Googlebot/2.1; +http://www.google.com/bot.html)"
66.249.65.164 - - [12/Jul/2025:14:38:54 +0000] "GET /?k=119706373031900&mod=8646de4b&uri=info.php%3Fid%3D3994966-484%26name%3Dcurve+ocean+swimwear HTTP/1.1" 200 21039 "-" "Mozilla/5.0 (Linux; Android 6.0.1; Nexus 5X Build/MMB29P) AppleWebKit/537.36 (KHTML, like Gecko) Chrome/137.0.7151.103 Mobile Safari/537.36 (compatible; Googlebot/2.1; +http://www.google.com/bot.html)"
66.249.65.164 - - [12/Jul/2025:14:38:55 +0000] "GET /?k=6991933001900&mod=962ebbfe&uri=brands.php%3Fid%3D233506-394%26name%3Dbamix+m122 HTTP/1.1" 200 22438 "-" "Mozilla/5.0 (Linux; Android 6.0.1; Nexus 5X Build/MMB29P) AppleWebKit/537.36 (KHTML, like Gecko) Chrome/137.0.7151.103 Mobile Safari/537.36 (compatible; Googlebot/2.1; +http://www.google.com/bot.html)"
209.74.77.214 - - [12/Jul/2025:14:38:56 +0000] "POST /wp-cron.php?doing_wp_cron=1752331136.0656430721282958984375 HTTP/1.1" 200 - "-" "WordPress/6.8.1; https://alalamy.com.au"
54.36.149.83 - - [12/Jul/2025:14:38:55 +0000] "GET /?k=31938638081900&uri=info.php%3Fid%3D1065997-1010%26name%3Dzapatos%20vans%20de%20mujeres%2070s HTTP/1.1" 200 26570 "-" "Mozilla/5.0 (compatible; AhrefsBot/7.0; +http://ahrefs.com/robot/)"
209.74.77.214 - - [12/Jul/2025:14:38:56 +0000] "POST /wp-admin/admin-ajax.php?action=async_litespeed&nonce=vYvhH2kyamWVy5W8PizsT5CjIQoC2eVk&litespeed_type=imgoptm HTTP/1.1" 200 21 "-" "WordPress/6.8.1; https://alalamy.com.au"
66.249.65.164 - - [12/Jul/2025:14:38:57 +0000] "POST /get-message-notify HTTP/1.1" 200 21422 "https://alalamy.com.au/?k=6991933001900&mod=962ebbfe&uri=brands.php%3Fid%3D233506-394%26name%3Dbamix+m122" "Mozilla/5.0 (Linux; Android 6.0.1; Nexus 5X Build/MMB29P) AppleWebKit/537.36 (KHTML, like Gecko) Chrome/137.0.7151.119 Mobile Safari/537.36 (compatible; Googlebot/2.1; +http://www.google.com/bot.html)"
66.249.65.166 - - [12/Jul/2025:14:39:02 +0000] "GET /?k=7333129031900&mod=9078b6ab&uri=form.php%3Fid%3D244911-222%26name%3Djordan+top+mid HTTP/1.1" 200 22041 "-" "Mozilla/5.0 (Linux; Android 6.0.1; Nexus 5X Build/MMB29P) AppleWebKit/537.36 (KHTML, like Gecko) Chrome/137.0.7151.103 Mobile Safari/537.36 (compatible; Googlebot/2.1; +http://www.google.com/bot.html)"
66.249.65.165 - - [12/Jul/2025:14:39:13 +0000] "GET /?k=119683093101900&mod=8646de4b&uri=article.php%3Fid%3D3994190-484%26name%3Dpalmacea+one+piece HTTP/1.1" 200 20613 "-" "Mozilla/5.0 (Linux; Android 6.0.1; Nexus 5X Build/MMB29P) AppleWebKit/537.36 (KHTML, like Gecko) Chrome/137.0.7151.103 Mobile Safari/537.36 (compatible; Googlebot/2.1; +http://www.google.com/bot.html)"
66.249.65.164 - - [12/Jul/2025:14:39:14 +0000] "GET /?k=7058682021900&mod=156cc497&uri=article.php%3Fid%3D235736-396%26name%3Dchaussure+2021+femme+nike HTTP/1.1" 200 21335 "-" "Mozilla/5.0 (Linux; Android 6.0.1; Nexus 5X Build/MMB29P) AppleWebKit/537.36 (KHTML, like Gecko) Chrome/137.0.7151.103 Mobile Safari/537.36 (compatible; Googlebot/2.1; +http://www.google.com/bot.html)"
66.249.65.164 - - [12/Jul/2025:14:39:17 +0000] "GET /?k=5747337031900&mod=960b0b80&uri=shop.php%3Fid%3D191931-335%26name%3Dsonos+arc+cover HTTP/1.1" 200 22355 "-" "Mozilla/5.0 (Linux; Android 6.0.1; Nexus 5X Build/MMB29P) AppleWebKit/537.36 (KHTML, like Gecko) Chrome/137.0.7151.103 Mobile Safari/537.36 (compatible; Googlebot/2.1; +http://www.google.com/bot.html)"
66.249.65.164 - - [12/Jul/2025:14:39:18 +0000] "GET /?k=47499125101900&mod=4ef30115&uri=shop.php%3Fid%3D1585159-91%26name%3Dbtwin+folding+bike+tilt+500 HTTP/1.1" 200 21943 "-" "Mozilla/5.0 (Linux; Android 6.0.1; Nexus 5X Build/MMB29P) AppleWebKit/537.36 (KHTML, like Gecko) Chrome/137.0.7151.103 Mobile Safari/537.36 (compatible; Googlebot/2.1; +http://www.google.com/bot.html)"
66.249.65.164 - - [12/Jul/2025:14:39:19 +0000] "GET /?k=6839161041900&mod=d8d7e7b1&uri=goods.php%3Fid%3D228410-383%26name%3Dgilli+maxi+dress HTTP/1.1" 200 21171 "-" "Mozilla/5.0 (Linux; Android 6.0.1; Nexus 5X Build/MMB29P) AppleWebKit/537.36 (KHTML, like Gecko) Chrome/137.0.7151.103 Mobile Safari/537.36 (compatible; Googlebot/2.1; +http://www.google.com/bot.html)"
66.249.65.164 - - [12/Jul/2025:14:39:20 +0000] "GET /?k=6992173021900&mod=3d1327c1&uri=shop.php%3Fid%3D233514-395%26name%3Dbroche+traine+robe+de+mari%C3%83%C2%A9e HTTP/1.1" 200 21143 "-" "Mozilla/5.0 (Linux; Android 6.0.1; Nexus 5X Build/MMB29P) AppleWebKit/537.36 (KHTML, like Gecko) Chrome/137.0.7151.103 Mobile Safari/537.36 (compatible; Googlebot/2.1; +http://www.google.com/bot.html)"
66.249.65.164 - - [12/Jul/2025:14:39:21 +0000] "GET /?k=5145196011900&mod=8763d72b&uri=blog.php%3Fid%3D171763-57%26name%3Dironclaw+rgb+wireless HTTP/1.1" 200 22039 "-" "Mozilla/5.0 (Linux; Android 6.0.1; Nexus 5X Build/MMB29P) AppleWebKit/537.36 (KHTML, like Gecko) Chrome/137.0.7151.103 Mobile Safari/537.36 (compatible; Googlebot/2.1; +http://www.google.com/bot.html)"
66.249.65.164 - - [12/Jul/2025:14:39:27 +0000] "GET /?k=7354969011900&mod=c242ee43&uri=search.php%3Fid%3D245639-405%26name%3Dlebron+stewie+griffin+price HTTP/1.1" 200 21228 "-" "Mozilla/5.0 (Linux; Android 6.0.1; Nexus 5X Build/MMB29P) AppleWebKit/537.36 (KHTML, like Gecko) Chrome/137.0.7151.103 Mobile Safari/537.36 (compatible; Googlebot/2.1; +http://www.google.com/bot.html)"
66.249.65.164 - - [12/Jul/2025:14:39:28 +0000] "GET /?k=47606350101900&mod=8763d72b&uri=news.php%3Fid%3D1588734-57%26name%3Dairpods+pro+colors HTTP/1.1" 200 21816 "-" "Mozilla/5.0 (Linux; Android 6.0.1; Nexus 5X Build/MMB29P) AppleWebKit/537.36 (KHTML, like Gecko) Chrome/137.0.7151.103 Mobile Safari/537.36 (compatible; Googlebot/2.1; +http://www.google.com/bot.html)"
66.249.65.164 - - [12/Jul/2025:14:39:31 +0000] "GET /?k=7306809081900&mod=1894ea67&uri=shop.php%3Fid%3D244031-314%26name%3Dbogner+fire+and+ice+caleb HTTP/1.1" 200 21731 "-" "Mozilla/5.0 (Linux; Android 6.0.1; Nexus 5X Build/MMB29P) AppleWebKit/537.36 (KHTML, like Gecko) Chrome/137.0.7151.103 Mobile Safari/537.36 (compatible; Googlebot/2.1; +http://www.google.com/bot.html)"
66.249.65.164 - - [12/Jul/2025:14:39:37 +0000] "GET /?k=7307649051900&mod=1177967c&uri=form.php%3Fid%3D244059-22%26name%3Ddaytona+rolex+uhr HTTP/1.1" 200 21406 "-" "Mozilla/5.0 (Linux; Android 6.0.1; Nexus 5X Build/MMB29P) AppleWebKit/537.36 (KHTML, like Gecko) Chrome/137.0.7151.103 Mobile Safari/537.36 (compatible; Googlebot/2.1; +http://www.google.com/bot.html)"
66.249.65.164 - - [12/Jul/2025:14:39:39 +0000] "POST /get-message-notify HTTP/1.1" 200 21425 "https://alalamy.com.au/?k=119683093101900&mod=8646de4b&uri=article.php%3Fid%3D3994190-484%26name%3Dpalmacea+one+piece" "Mozilla/5.0 (Linux; Android 6.0.1; Nexus 5X Build/MMB29P) AppleWebKit/537.36 (KHTML, like Gecko) Chrome/137.0.7151.119 Mobile Safari/537.36 (compatible; Googlebot/2.1; +http://www.google.com/bot.html)"
66.249.65.164 - - [12/Jul/2025:14:39:44 +0000] "GET /?k=7308363001900&mod=1894ea67&uri=dp.php%3Fid%3D244083-314%26name%3Dacne+pilotenjacke HTTP/1.1" 200 21591 "-" "Mozilla/5.0 (Linux; Android 6.0.1; Nexus 5X Build/MMB29P) AppleWebKit/537.36 (KHTML, like Gecko) Chrome/137.0.7151.103 Mobile Safari/537.36 (compatible; Googlebot/2.1; +http://www.google.com/bot.html)"
209.74.77.214 - - [12/Jul/2025:14:39:48 +0000] "POST /wp-cron.php?doing_wp_cron=1752331188.3929080963134765625000 HTTP/1.1" 200 - "-" "WordPress/6.8.1; https://alalamy.com.au"
54.36.148.117 - - [12/Jul/2025:14:39:48 +0000] "GET /?k=32167884081900&mod=70b10c20&uri=shop.php%3Fid%3D1073648-1013%26name%3Dnorth+face+cagoule+parka HTTP/1.1" 301 - "-" "Mozilla/5.0 (compatible; AhrefsBot/7.0; +http://ahrefs.com/robot/)"
209.74.77.214 - - [12/Jul/2025:14:39:48 +0000] "POST /wp-admin/admin-ajax.php?action=async_litespeed&nonce=r4QDlwl3D28yZosjnjci6rw0T5m6Z6IV&litespeed_type=imgoptm HTTP/1.1" 200 21 "-" "WordPress/6.8.1; https://alalamy.com.au"
66.249.65.164 - - [12/Jul/2025:14:39:54 +0000] "GET /?k=7332649051900&mod=c242ee43&uri=itm.php%3Fid%3D244895-405%26name%3Dbooties+sale+online HTTP/1.1" 200 22120 "-" "Mozilla/5.0 (Linux; Android 6.0.1; Nexus 5X Build/MMB29P) AppleWebKit/537.36 (KHTML, like Gecko) Chrome/137.0.7151.103 Mobile Safari/537.36 (compatible; Googlebot/2.1; +http://www.google.com/bot.html)"
66.249.65.164 - - [12/Jul/2025:14:39:57 +0000] "GET /?k=7306029031900&mod=1177967c&uri=search.php%3Fid%3D244005-22%26name%3Dseiko+herrenuhr+premier HTTP/1.1" 200 22001 "-" "Mozilla/5.0 (Linux; Android 6.0.1; Nexus 5X Build/MMB29P) AppleWebKit/537.36 (KHTML, like Gecko) Chrome/137.0.7151.103 Mobile Safari/537.36 (compatible; Googlebot/2.1; +http://www.google.com/bot.html)"
66.249.65.165 - - [12/Jul/2025:14:40:02 +0000] "GET /?k=7063518131900&mod=156cc497&uri=goods.php%3Fid%3D235898-396%26name%3Dchaussons+aquabike HTTP/1.1" 200 21494 "-" "Mozilla/5.0 (Linux; Android 6.0.1; Nexus 5X Build/MMB29P) AppleWebKit/537.36 (KHTML, like Gecko) Chrome/137.0.7151.103 Mobile Safari/537.36 (compatible; Googlebot/2.1; +http://www.google.com/bot.html)"
66.249.65.165 - - [12/Jul/2025:14:40:11 +0000] "GET /?k=5749767091900&mod=960b0b80&uri=us.php%3Fid%3D192012-335%26name%3Dcharging+dock+for+nintendo+switch+pro+controller HTTP/1.1" 200 21890 "-" "Mozilla/5.0 (Linux; Android 6.0.1; Nexus 5X Build/MMB29P) AppleWebKit/537.36 (KHTML, like Gecko) Chrome/137.0.7151.103 Mobile Safari/537.36 (compatible; Googlebot/2.1; +http://www.google.com/bot.html)"
66.249.65.165 - - [12/Jul/2025:14:40:15 +0000] "GET /?k=103022289001900&mod=e0cfa2c5&uri=dp.php%3Fid%3D3438145-633%26name%3Dnike+air+force+mid+x+supreme+x+nba HTTP/1.1" 200 21433 "-" "Mozilla/5.0 (Linux; Android 6.0.1; Nexus 5X Build/MMB29P) AppleWebKit/537.36 (KHTML, like Gecko) Chrome/137.0.7151.103 Mobile Safari/537.36 (compatible; Googlebot/2.1; +http://www.google.com/bot.html)"
66.249.65.164 - - [12/Jul/2025:14:40:24 +0000] "POST /get-message-notify HTTP/1.1" 200 21432 "https://alalamy.com.au/?k=7063518131900&mod=156cc497&uri=goods.php%3Fid%3D235898-396%26name%3Dchaussons+aquabike" "Mozilla/5.0 (Linux; Android 6.0.1; Nexus 5X Build/MMB29P) AppleWebKit/537.36 (KHTML, like Gecko) Chrome/137.0.7151.119 Mobile Safari/537.36 (compatible; Googlebot/2.1; +http://www.google.com/bot.html)"
66.249.65.164 - - [12/Jul/2025:14:40:26 +0000] "GET /?k=7266663061900&mod=fafcb194&uri=news.php%3Fid%3D242678-402%26name%3Dair+force+blanche+45 HTTP/1.1" 200 21691 "-" "Mozilla/5.0 (Linux; Android 6.0.1; Nexus 5X Build/MMB29P) AppleWebKit/537.36 (KHTML, like Gecko) Chrome/137.0.7151.103 Mobile Safari/537.36 (compatible; Googlebot/2.1; +http://www.google.com/bot.html)"
66.249.65.164 - - [12/Jul/2025:14:40:26 +0000] "GET /?k=102960621041900&mod=de3358ca&uri=goods.php%3Fid%3D3436089-378%26name%3Dchicco+booster+seat+canada HTTP/1.1" 200 22150 "-" "Mozilla/5.0 (Linux; Android 6.0.1; Nexus 5X Build/MMB29P) AppleWebKit/537.36 (KHTML, like Gecko) Chrome/137.0.7151.103 Mobile Safari/537.36 (compatible; Googlebot/2.1; +http://www.google.com/bot.html)"
66.249.65.164 - - [12/Jul/2025:14:40:32 +0000] "GET /?k=5747157121900&mod=960b0b80&uri=search.php%3Fid%3D191925-335%26name%3Dnintendo+switch+online+12 HTTP/1.1" 200 21663 "-" "Mozilla/5.0 (Linux; Android 6.0.1; Nexus 5X Build/MMB29P) AppleWebKit/537.36 (KHTML, like Gecko) Chrome/137.0.7151.103 Mobile Safari/537.36 (compatible; Googlebot/2.1; +http://www.google.com/bot.html)"
66.249.65.164 - - [12/Jul/2025:14:40:35 +0000] "GET /?k=5745897031900&mod=960b0b80&uri=search.php%3Fid%3D191883-335%26name%3D12+month+nintendo+switch+online+subscription HTTP/1.1" 200 21621 "-" "Mozilla/5.0 (Linux; Android 6.0.1; Nexus 5X Build/MMB29P) AppleWebKit/537.36 (KHTML, like Gecko) Chrome/137.0.7151.103 Mobile Safari/537.36 (compatible; Googlebot/2.1; +http://www.google.com/bot.html)"
66.249.65.164 - - [12/Jul/2025:14:40:37 +0000] "GET /?k=7007005011900&mod=3d1327c1&uri=search.php%3Fid%3D234011-395%26name%3Detam+vetements+femme HTTP/1.1" 200 21023 "-" "Mozilla/5.0 (Linux; Android 6.0.1; Nexus 5X Build/MMB29P) AppleWebKit/537.36 (KHTML, like Gecko) Chrome/137.0.7151.103 Mobile Safari/537.36 (compatible; Googlebot/2.1; +http://www.google.com/bot.html)"
66.249.65.164 - - [12/Jul/2025:14:40:40 +0000] "GET /?k=5752287001900&mod=960b0b80&uri=blog.php%3Fid%3D192096-335%26name%3Dsharp+twin+tub+washing+machine HTTP/1.1" 200 21977 "-" "Mozilla/5.0 (Linux; Android 6.0.1; Nexus 5X Build/MMB29P) AppleWebKit/537.36 (KHTML, like Gecko) Chrome/137.0.7151.103 Mobile Safari/537.36 (compatible; Googlebot/2.1; +http://www.google.com/bot.html)"
66.249.65.164 - - [12/Jul/2025:14:40:40 +0000] "POST /get-message-notify HTTP/1.1" 200 21422 "https://alalamy.com.au/?k=5745897031900&mod=960b0b80&uri=search.php%3Fid%3D191883-335%26name%3D12+month+nintendo+switch+online+subscription" "Mozilla/5.0 (Linux; Android 6.0.1; Nexus 5X Build/MMB29P) AppleWebKit/537.36 (KHTML, like Gecko) Chrome/137.0.7151.119 Mobile Safari/537.36 (compatible; Googlebot/2.1; +http://www.google.com/bot.html)"
209.74.77.214 - - [12/Jul/2025:14:40:43 +0000] "POST /wp-cron.php?doing_wp_cron=1752331243.3747549057006835937500 HTTP/1.1" 200 - "-" "WordPress/6.8.1; https://alalamy.com.au"
54.36.148.154 - - [12/Jul/2025:14:40:43 +0000] "GET /?k=32477194081900&mod=6e777acf&uri=article.php%3Fid%3D1083962-1017%26name%3Dpuma+campus+shoes HTTP/1.1" 301 - "-" "Mozilla/5.0 (compatible; AhrefsBot/7.0; +http://ahrefs.com/robot/)"
209.74.77.214 - - [12/Jul/2025:14:40:43 +0000] "POST /wp-admin/admin-ajax.php?action=wp_1_wc_privacy_cleanup&nonce=a461bae104 HTTP/1.1" 200 - "-" "WordPress/6.8.1; https://alalamy.com.au"
209.74.77.214 - - [12/Jul/2025:14:40:43 +0000] "POST /wp-admin/admin-ajax.php?action=async_litespeed&nonce=EAynvFDnP2iss41zMFL02F3nx8Yo30ds&litespeed_type=imgoptm HTTP/1.1" 200 21 "-" "WordPress/6.8.1; https://alalamy.com.au"
66.249.65.164 - - [12/Jul/2025:14:40:45 +0000] "GET /?k=7182322011900&mod=4d383d5c&uri=brands.php%3Fid%3D239863-234%26name%3Ddaunenmantel+herren+marco+polo HTTP/1.1" 200 22174 "-" "Mozilla/5.0 (Linux; Android 6.0.1; Nexus 5X Build/MMB29P) AppleWebKit/537.36 (KHTML, like Gecko) Chrome/137.0.7151.103 Mobile Safari/537.36 (compatible; Googlebot/2.1; +http://www.google.com/bot.html)"
66.249.65.164 - - [12/Jul/2025:14:40:46 +0000] "GET /?k=7059942041900&mod=156cc497&uri=news.php%3Fid%3D235778-396%26name%3Dchausson+animaux+kiabi HTTP/1.1" 200 20854 "-" "Mozilla/5.0 (Linux; Android 6.0.1; Nexus 5X Build/MMB29P) AppleWebKit/537.36 (KHTML, like Gecko) Chrome/137.0.7151.103 Mobile Safari/537.36 (compatible; Googlebot/2.1; +http://www.google.com/bot.html)"
66.249.65.164 - - [12/Jul/2025:14:40:52 +0000] "GET /?k=7409900041900&mod=1b728593&uri=category-info.php%3Fid%3D247475-409%26name%3Dmerrell+chameleon+baratas HTTP/1.1" 200 22591 "-" "Mozilla/5.0 (Linux; Android 6.0.1; Nexus 5X Build/MMB29P) AppleWebKit/537.36 (KHTML, like Gecko) Chrome/137.0.7151.103 Mobile Safari/537.36 (compatible; Googlebot/2.1; +http://www.google.com/bot.html)"
66.249.65.164 - - [12/Jul/2025:14:40:59 +0000] "GET /?k=7027769041900&mod=156cc497&uri=us.php%3Fid%3D234704-396%26name%3Dbasket+cali+wedge+pour+femme HTTP/1.1" 200 20829 "-" "Mozilla/5.0 (Linux; Android 6.0.1; Nexus 5X Build/MMB29P) AppleWebKit/537.36 (KHTML, like Gecko) Chrome/137.0.7151.103 Mobile Safari/537.36 (compatible; Googlebot/2.1; +http://www.google.com/bot.html)"
66.249.65.164 - - [12/Jul/2025:14:41:07 +0000] "GET /?k=7026209051900&mod=156cc497&uri=us.php%3Fid%3D234652-396%26name%3Dballon+de+basket+outdoor+taille HTTP/1.1" 200 20688 "-" "Mozilla/5.0 (Linux; Android 6.0.1; Nexus 5X Build/MMB29P) AppleWebKit/537.36 (KHTML, like Gecko) Chrome/137.0.7151.103 Mobile Safari/537.36 (compatible; Googlebot/2.1; +http://www.google.com/bot.html)"
66.249.65.164 - - [12/Jul/2025:14:41:08 +0000] "GET /?k=4506961061900&mod=72417e4a&uri=products.php%3Fid%3D150428-269%26name%3Dmonopod+fiyat HTTP/1.1" 200 22120 "-" "Mozilla/5.0 (Linux; Android 6.0.1; Nexus 5X Build/MMB29P) AppleWebKit/537.36 (KHTML, like Gecko) Chrome/137.0.7151.103 Mobile Safari/537.36 (compatible; Googlebot/2.1; +http://www.google.com/bot.html)"
66.249.65.166 - - [12/Jul/2025:14:41:11 +0000] "GET /?k=7027889011900&mod=156cc497&uri=search.php%3Fid%3D234708-396%26name%3Dballon+spalding+lakers HTTP/1.1" 200 21785 "-" "Mozilla/5.0 (Linux; Android 6.0.1; Nexus 5X Build/MMB29P) AppleWebKit/537.36 (KHTML, like Gecko) Chrome/137.0.7151.103 Mobile Safari/537.36 (compatible; Googlebot/2.1; +http://www.google.com/bot.html)"
66.249.65.164 - - [12/Jul/2025:14:41:20 +0000] "POST /get-message-notify HTTP/1.1" 200 21422 "https://alalamy.com.au/?k=7027769041900&mod=156cc497&uri=us.php%3Fid%3D234704-396%26name%3Dbasket+cali+wedge+pour+femme" "Mozilla/5.0 (Linux; Android 6.0.1; Nexus 5X Build/MMB29P) AppleWebKit/537.36 (KHTML, like Gecko) Chrome/137.0.7151.119 Mobile Safari/537.36 (compatible; Googlebot/2.1; +http://www.google.com/bot.html)"
66.249.65.164 - - [12/Jul/2025:14:41:27 +0000] "GET /?k=7025249001900&mod=156cc497&uri=info.php%3Fid%3D234620-396%26name%3Djordan+reduction HTTP/1.1" 200 21359 "-" "Mozilla/5.0 (Linux; Android 6.0.1; Nexus 5X Build/MMB29P) AppleWebKit/537.36 (KHTML, like Gecko) Chrome/137.0.7151.103 Mobile Safari/537.36 (compatible; Googlebot/2.1; +http://www.google.com/bot.html)"
66.249.65.164 - - [12/Jul/2025:14:41:29 +0000] "GET /?k=6705605131900&mod=de3358ca&uri=us.php%3Fid%3D223951-378%26name%3Djetblue+infant+car+seat HTTP/1.1" 200 21198 "-" "Mozilla/5.0 (Linux; Android 6.0.1; Nexus 5X Build/MMB29P) AppleWebKit/537.36 (KHTML, like Gecko) Chrome/137.0.7151.103 Mobile Safari/537.36 (compatible; Googlebot/2.1; +http://www.google.com/bot.html)"
66.249.65.164 - - [12/Jul/2025:14:41:30 +0000] "GET /?k=7020209001900&mod=3d1327c1&uri=pin.php%3Fid%3D234452-395%26name%3Dshort+de+bain+tommy+hilfiger+rose HTTP/1.1" 200 20954 "-" "Mozilla/5.0 (Linux; Android 6.0.1; Nexus 5X Build/MMB29P) AppleWebKit/537.36 (KHTML, like Gecko) Chrome/137.0.7151.103 Mobile Safari/537.36 (compatible; Googlebot/2.1; +http://www.google.com/bot.html)"
66.249.65.164 - - [12/Jul/2025:14:41:33 +0000] "GET /?k=7405421041900&mod=1b728593&uri=blog.php%3Fid%3D247325-409%26name%3Dsandalia+preta+promo%C3%83%C2%A7%C3%83%C2%A3o HTTP/1.1" 200 22202 "-" "Mozilla/5.0 (Linux; Android 6.0.1; Nexus 5X Build/MMB29P) AppleWebKit/537.36 (KHTML, like Gecko) Chrome/137.0.7151.103 Mobile Safari/537.36 (compatible; Googlebot/2.1; +http://www.google.com/bot.html)"
157.55.39.7 - - [12/Jul/2025:14:41:34 +0000] "GET /?k=100618170031900&mod=a7a89f98&uri=article.php%3Fid%3D3357904-260%26name%3Dwill+canada+goose+have+a+black+friday+sale HTTP/1.1" 200 20962 "-" "Mozilla/5.0 AppleWebKit/537.36 (KHTML, like Gecko; compatible; bingbot/2.0; +http://www.bing.com/bingbot.htm) Chrome/116.0.1938.76 Safari/537.36"
66.249.65.164 - - [12/Jul/2025:14:41:37 +0000] "GET /?k=7403801031900&mod=1b728593&uri=news.php%3Fid%3D247271-409%26name%3Dvalor+do+chinelo+da+oakley HTTP/1.1" 200 22006 "-" "Mozilla/5.0 (Linux; Android 6.0.1; Nexus 5X Build/MMB29P) AppleWebKit/537.36 (KHTML, like Gecko) Chrome/137.0.7151.103 Mobile Safari/537.36 (compatible; Googlebot/2.1; +http://www.google.com/bot.html)"
66.249.65.164 - - [12/Jul/2025:14:41:37 +0000] "GET /?k=7070230051900&mod=156cc497&uri=itm.php%3Fid%3D236123-396%26name%3Dpuma+rsx+rouge+noir HTTP/1.1" 200 21618 "-" "Mozilla/5.0 (Linux; Android 6.0.1; Nexus 5X Build/MMB29P) AppleWebKit/537.36 (KHTML, like Gecko) Chrome/137.0.7151.103 Mobile Safari/537.36 (compatible; Googlebot/2.1; +http://www.google.com/bot.html)"
66.249.65.164 - - [12/Jul/2025:14:41:39 +0000] "GET /?k=6956344021900&mod=20ea88ff&uri=article.php%3Fid%3D232319-390%26name%3Dgant+nike+dri+fit HTTP/1.1" 200 20992 "-" "Mozilla/5.0 (Linux; Android 6.0.1; Nexus 5X Build/MMB29P) AppleWebKit/537.36 (KHTML, like Gecko) Chrome/137.0.7151.103 Mobile Safari/537.36 (compatible; Googlebot/2.1; +http://www.google.com/bot.html)"
66.249.65.164 - - [12/Jul/2025:14:41:40 +0000] "POST /get-message-notify HTTP/1.1" 200 21427 "https://alalamy.com.au/?k=7070230051900&mod=156cc497&uri=itm.php%3Fid%3D236123-396%26name%3Dpuma+rsx+rouge+noir" "Mozilla/5.0 (Linux; Android 6.0.1; Nexus 5X Build/MMB29P) AppleWebKit/537.36 (KHTML, like Gecko) Chrome/137.0.7151.119 Mobile Safari/537.36 (compatible; Googlebot/2.1; +http://www.google.com/bot.html)"
209.74.77.214 - - [12/Jul/2025:14:41:40 +0000] "POST /wp-cron.php?doing_wp_cron=1752331300.4362480640411376953125 HTTP/1.1" 200 - "-" "WordPress/6.8.1; https://alalamy.com.au"
54.36.148.0 - - [12/Jul/2025:14:41:40 +0000] "GET /?k=32487994011900&uri=form.php%3Fid%3D1084322-505%26name%3Dlouis%20vuitton%20heartbreaker%20pump HTTP/1.1" 200 26570 "-" "Mozilla/5.0 (compatible; AhrefsBot/7.0; +http://ahrefs.com/robot/)"
66.249.65.164 - - [12/Jul/2025:14:41:50 +0000] "GET /?k=7050410061900&mod=156cc497&uri=article.php%3Fid%3D235460-396%26name%3Dair+force+one+shadow+ghost+glacier+pastel HTTP/1.1" 200 21340 "-" "Mozilla/5.0 (Linux; Android 6.0.1; Nexus 5X Build/MMB29P) AppleWebKit/537.36 (KHTML, like Gecko) Chrome/137.0.7151.103 Mobile Safari/537.36 (compatible; Googlebot/2.1; +http://www.google.com/bot.html)"
66.249.65.164 - - [12/Jul/2025:14:41:52 +0000] "POST /get-message-notify HTTP/1.1" 200 21430 "https://alalamy.com.au/?k=7050410061900&mod=156cc497&uri=article.php%3Fid%3D235460-396%26name%3Dair+force+one+shadow+ghost+glacier+pastel" "Mozilla/5.0 (Linux; Android 6.0.1; Nexus 5X Build/MMB29P) AppleWebKit/537.36 (KHTML, like Gecko) Chrome/137.0.7151.119 Mobile Safari/537.36 (compatible; Googlebot/2.1; +http://www.google.com/bot.html)"
66.249.65.164 - - [12/Jul/2025:14:41:58 +0000] "GET /?k=7410260031900&mod=16bb35ba&uri=shop.php%3Fid%3D247487-81%26name%3Dletti+singoli+poltrone+e+sofa HTTP/1.1" 200 21839 "-" "Mozilla/5.0 (Linux; Android 6.0.1; Nexus 5X Build/MMB29P) AppleWebKit/537.36 (KHTML, like Gecko) Chrome/137.0.7151.103 Mobile Safari/537.36 (compatible; Googlebot/2.1; +http://www.google.com/bot.html)"
66.249.65.164 - - [12/Jul/2025:14:41:58 +0000] "GET /?k=7075144071900&mod=156cc497&uri=brands.php%3Fid%3D236287-396%26name%3Dblazer+pastel+nike HTTP/1.1" 200 21004 "-" "Mozilla/5.0 (Linux; Android 6.0.1; Nexus 5X Build/MMB29P) AppleWebKit/537.36 (KHTML, like Gecko) Chrome/137.0.7151.103 Mobile Safari/537.36 (compatible; Googlebot/2.1; +http://www.google.com/bot.html)"
66.249.65.164 - - [12/Jul/2025:14:42:01 +0000] "GET /?k=7025849041900&mod=156cc497&uri=category-info.php%3Fid%3D234640-396%26name%3Dballon+taille+basket HTTP/1.1" 200 21703 "-" "Mozilla/5.0 (Linux; Android 6.0.1; Nexus 5X Build/MMB29P) AppleWebKit/537.36 (KHTML, like Gecko) Chrome/137.0.7151.103 Mobile Safari/537.36 (compatible; Googlebot/2.1; +http://www.google.com/bot.html)"
66.249.65.164 - - [12/Jul/2025:14:42:04 +0000] "GET /?k=7409720011900&mod=d8d7e7b1&uri=products.php%3Fid%3D247469-383%26name%3Dbaby+blue+maxi+maternity+dress HTTP/1.1" 200 21479 "-" "Mozilla/5.0 (Linux; Android 6.0.1; Nexus 5X Build/MMB29P) AppleWebKit/537.36 (KHTML, like Gecko) Chrome/137.0.7151.103 Mobile Safari/537.36 (compatible; Googlebot/2.1; +http://www.google.com/bot.html)"
66.249.65.164 - - [12/Jul/2025:14:42:07 +0000] "GET /?k=7405241031900&mod=1b728593&uri=us.php%3Fid%3D247319-409%26name%3Dsapatos+dakota+antigos HTTP/1.1" 200 21595 "-" "Mozilla/5.0 (Linux; Android 6.0.1; Nexus 5X Build/MMB29P) AppleWebKit/537.36 (KHTML, like Gecko) Chrome/137.0.7151.103 Mobile Safari/537.36 (compatible; Googlebot/2.1; +http://www.google.com/bot.html)"
66.249.65.164 - - [12/Jul/2025:14:42:09 +0000] "POST /get-message-notify HTTP/1.1" 200 21433 "https://alalamy.com.au/?k=7075144071900&mod=156cc497&uri=brands.php%3Fid%3D236287-396%26name%3Dblazer+pastel+nike" "Mozilla/5.0 (Linux; Android 6.0.1; Nexus 5X Build/MMB29P) AppleWebKit/537.36 (KHTML, like Gecko) Chrome/137.0.7151.119 Mobile Safari/537.36 (compatible; Googlebot/2.1; +http://www.google.com/bot.html)"
66.249.65.164 - - [12/Jul/2025:14:42:08 +0000] "GET /?k=11637372031900&mod=0cc2bf83&uri=info.php%3Fid%3D388552-477%26name%3Daj+12+stone+blue HTTP/1.1" 200 22580 "-" "Mozilla/5.0 (Linux; Android 6.0.1; Nexus 5X Build/MMB29P) AppleWebKit/537.36 (KHTML, like Gecko) Chrome/137.0.7151.103 Mobile Safari/537.36 (compatible; Googlebot/2.1; +http://www.google.com/bot.html)"
66.249.65.164 - - [12/Jul/2025:14:42:15 +0000] "GET /?k=5144356091900&mod=8763d72b&uri=category-info.php%3Fid%3D171735-57%26name%3Dcover+for+samsung+buds HTTP/1.1" 200 21532 "-" "Mozilla/5.0 (Linux; Android 6.0.1; Nexus 5X Build/MMB29P) AppleWebKit/537.36 (KHTML, like Gecko) Chrome/137.0.7151.103 Mobile Safari/537.36 (compatible; Googlebot/2.1; +http://www.google.com/bot.html)"
66.249.65.164 - - [12/Jul/2025:14:42:17 +0000] "POST /get-message-notify HTTP/1.1" 200 21424 "https://alalamy.com.au/?k=7405241031900&mod=1b728593&uri=us.php%3Fid%3D247319-409%26name%3Dsapatos+dakota+antigos" "Mozilla/5.0 (Linux; Android 6.0.1; Nexus 5X Build/MMB29P) AppleWebKit/537.36 (KHTML, like Gecko) Chrome/137.0.7151.119 Mobile Safari/537.36 (compatible; Googlebot/2.1; +http://www.google.com/bot.html)"
66.249.65.164 - - [12/Jul/2025:14:42:20 +0000] "POST /get-message-notify HTTP/1.1" 200 21426 "https://alalamy.com.au/?k=11637372031900&mod=0cc2bf83&uri=info.php%3Fid%3D388552-477%26name%3Daj+12+stone+blue" "Mozilla/5.0 (Linux; Android 6.0.1; Nexus 5X Build/MMB29P) AppleWebKit/537.36 (KHTML, like Gecko) Chrome/137.0.7151.119 Mobile Safari/537.36 (compatible; Googlebot/2.1; +http://www.google.com/bot.html)"
66.249.65.164 - - [12/Jul/2025:14:42:20 +0000] "GET /?k=7226439001900&mod=44f95c37&uri=goods.php%3Fid%3D241334-252%26name%3Dwomens+denim+sherpa+jacket HTTP/1.1" 200 22207 "-" "Mozilla/5.0 (Linux; Android 6.0.1; Nexus 5X Build/MMB29P) AppleWebKit/537.36 (KHTML, like Gecko) Chrome/137.0.7151.103 Mobile Safari/537.36 (compatible; Googlebot/2.1; +http://www.google.com/bot.html)"
66.249.65.164 - - [12/Jul/2025:14:42:22 +0000] "POST /get-message-notify HTTP/1.1" 200 21426 "https://alalamy.com.au/?k=7226439001900&mod=44f95c37&uri=goods.php%3Fid%3D241334-252%26name%3Dwomens+denim+sherpa+jacket" "Mozilla/5.0 (Linux; Android 6.0.1; Nexus 5X Build/MMB29P) AppleWebKit/537.36 (KHTML, like Gecko) Chrome/137.0.7151.119 Mobile Safari/537.36 (compatible; Googlebot/2.1; +http://www.google.com/bot.html)"
66.249.65.164 - - [12/Jul/2025:14:42:26 +0000] "GET /?k=7238109051900&mod=44f95c37&uri=pin.php%3Fid%3D241723-252%26name%3Dbanana+republic+tech+stretch HTTP/1.1" 200 21804 "-" "Mozilla/5.0 (Linux; Android 6.0.1; Nexus 5X Build/MMB29P) AppleWebKit/537.36 (KHTML, like Gecko) Chrome/137.0.7151.103 Mobile Safari/537.36 (compatible; Googlebot/2.1; +http://www.google.com/bot.html)"
66.249.65.164 - - [12/Jul/2025:14:42:27 +0000] "GET /?k=7106385021900&mod=539ef09c&uri=brands.php%3Fid%3D237329-397%26name%3Dmizuno+women%27s+wave+rider+running+shoe HTTP/1.1" 200 21796 "-" "Mozilla/5.0 (Linux; Android 6.0.1; Nexus 5X Build/MMB29P) AppleWebKit/537.36 (KHTML, like Gecko) Chrome/137.0.7151.103 Mobile Safari/537.36 (compatible; Googlebot/2.1; +http://www.google.com/bot.html)"
66.249.65.164 - - [12/Jul/2025:14:42:29 +0000] "POST /get-message-notify HTTP/1.1" 200 21416 "https://alalamy.com.au/?k=7106385021900&mod=539ef09c&uri=brands.php%3Fid%3D237329-397%26name%3Dmizuno+women%27s+wave+rider+running+shoe" "Mozilla/5.0 (Linux; Android 6.0.1; Nexus 5X Build/MMB29P) AppleWebKit/537.36 (KHTML, like Gecko) Chrome/137.0.7151.119 Mobile Safari/537.36 (compatible; Googlebot/2.1; +http://www.google.com/bot.html)"
66.249.65.164 - - [12/Jul/2025:14:42:32 +0000] "GET /?k=7154602061900&mod=8763d72b&uri=news.php%3Fid%3D238938-57%26name%3Dmultipoint+bluetooth+headset+devices HTTP/1.1" 200 21664 "-" "Mozilla/5.0 (Linux; Android 6.0.1; Nexus 5X Build/MMB29P) AppleWebKit/537.36 (KHTML, like Gecko) Chrome/137.0.7151.103 Mobile Safari/537.36 (compatible; Googlebot/2.1; +http://www.google.com/bot.html)"
20.215.214.25 - - [12/Jul/2025:14:42:35 +0000] "GET /?k=6677895031900&mod=ead6d4ad&uri=search.php?id%3D223027-374%26name%3Dvetement+baba+cool HTTP/1.1" 301 - "-" "Mozilla/5.0 AppleWebKit/537.36 (KHTML, like Gecko); compatible; ChatGPT-User/1.0; +https://openai.com/bot"
20.215.214.25 - - [12/Jul/2025:14:42:35 +0000] "GET /?k=6677895031900&mod=ead6d4ad&uri=search.php?id%3D223027-374%26name%3Dvetement%20baba%20cool HTTP/1.1" 301 - "-" "Mozilla/5.0 AppleWebKit/537.36 (KHTML, like Gecko); compatible; ChatGPT-User/1.0; +https://openai.com/bot"
209.74.77.214 - - [12/Jul/2025:14:42:41 +0000] "POST /wp-cron.php?doing_wp_cron=1752331361.1027700901031494140625 HTTP/1.1" 200 - "-" "WordPress/6.8.1; https://alalamy.com.au"
54.36.148.132 - - [12/Jul/2025:14:42:40 +0000] "GET /?k=32996450001900&mod=f8e8727e&uri=us.php%3Fid%3D1101283-1025%26name%3Dsleeveless+blouse+with+high+neck HTTP/1.1" 301 - "-" "Mozilla/5.0 (compatible; AhrefsBot/7.0; +http://ahrefs.com/robot/)"
209.74.77.214 - - [12/Jul/2025:14:42:41 +0000] "POST /wp-admin/admin-ajax.php?action=async_litespeed&nonce=BcSgMn84VjgMezX1RGFgA7GfXDWWLAWW&litespeed_type=imgoptm HTTP/1.1" 200 21 "-" "WordPress/6.8.1; https://alalamy.com.au"
66.249.65.165 - - [12/Jul/2025:14:42:41 +0000] "GET /?k=7181062041900&mod=4d383d5c&uri=us.php%3Fid%3D239821-234%26name%3Dwinterjacke+herren+scotch+and+soda HTTP/1.1" 200 22052 "-" "Mozilla/5.0 (Linux; Android 6.0.1; Nexus 5X Build/MMB29P) AppleWebKit/537.36 (KHTML, like Gecko) Chrome/137.0.7151.103 Mobile Safari/537.36 (compatible; Googlebot/2.1; +http://www.google.com/bot.html)"
66.249.65.164 - - [12/Jul/2025:14:42:45 +0000] "GET /?k=7228599001900&mod=44f95c37&uri=us.php%3Fid%3D241406-252%26name%3Dkohls+womens+lee+pants HTTP/1.1" 200 22155 "-" "Mozilla/5.0 (Linux; Android 6.0.1; Nexus 5X Build/MMB29P) AppleWebKit/537.36 (KHTML, like Gecko) Chrome/137.0.7151.103 Mobile Safari/537.36 (compatible; Googlebot/2.1; +http://www.google.com/bot.html)"
66.249.65.165 - - [12/Jul/2025:14:42:51 +0000] "POST /get-message-notify HTTP/1.1" 200 21427 "https://alalamy.com.au/?k=7181062041900&mod=4d383d5c&uri=us.php%3Fid%3D239821-234%26name%3Dwinterjacke+herren+scotch+and+soda" "Mozilla/5.0 (Linux; Android 6.0.1; Nexus 5X Build/MMB29P) AppleWebKit/537.36 (KHTML, like Gecko) Chrome/137.0.7151.119 Mobile Safari/537.36 (compatible; Googlebot/2.1; +http://www.google.com/bot.html)"
66.249.65.165 - - [12/Jul/2025:14:42:53 +0000] "GET /?k=7261160031900&mod=fafcb194&uri=shared.php%3Fid%3D242493-402%26name%3Dair+force+one+blanche+46 HTTP/1.1" 200 21678 "-" "Mozilla/5.0 (Linux; Android 6.0.1; Nexus 5X Build/MMB29P) AppleWebKit/537.36 (KHTML, like Gecko) Chrome/137.0.7151.103 Mobile Safari/537.36 (compatible; Googlebot/2.1; +http://www.google.com/bot.html)"
66.249.65.165 - - [12/Jul/2025:14:42:57 +0000] "GET /?k=7185669081900&mod=4d383d5c&uri=brands.php%3Fid%3D239975-234%26name%3Dvaude+softshell+weste+herren HTTP/1.1" 200 21922 "-" "Mozilla/5.0 (Linux; Android 6.0.1; Nexus 5X Build/MMB29P) AppleWebKit/537.36 (KHTML, like Gecko) Chrome/137.0.7151.103 Mobile Safari/537.36 (compatible; Googlebot/2.1; +http://www.google.com/bot.html)"
66.249.65.164 - - [12/Jul/2025:14:43:05 +0000] "GET /?k=7185039021900&mod=df7c6cbf&uri=products.php%3Fid%3D239954-399%26name%3Dgalaxy+s4+watch+specs HTTP/1.1" 200 21727 "-" "Mozilla/5.0 (Linux; Android 6.0.1; Nexus 5X Build/MMB29P) AppleWebKit/537.36 (KHTML, like Gecko) Chrome/137.0.7151.103 Mobile Safari/537.36 (compatible; Googlebot/2.1; +http://www.google.com/bot.html)"
66.249.65.165 - - [12/Jul/2025:14:43:17 +0000] "POST /get-message-notify HTTP/1.1" 200 21424 "https://alalamy.com.au/?k=7185669081900&mod=4d383d5c&uri=brands.php%3Fid%3D239975-234%26name%3Dvaude+softshell+weste+herren" "Mozilla/5.0 (Linux; Android 6.0.1; Nexus 5X Build/MMB29P) AppleWebKit/537.36 (KHTML, like Gecko) Chrome/137.0.7151.119 Mobile Safari/537.36 (compatible; Googlebot/2.1; +http://www.google.com/bot.html)"
66.249.65.165 - - [12/Jul/2025:14:43:17 +0000] "GET /?k=7223199091900&mod=44f95c37&uri=pin.php%3Fid%3D241226-252%26name%3Ddickies+894+flex HTTP/1.1" 200 21839 "-" "Mozilla/5.0 (Linux; Android 6.0.1; Nexus 5X Build/MMB29P) AppleWebKit/537.36 (KHTML, like Gecko) Chrome/137.0.7151.103 Mobile Safari/537.36 (compatible; Googlebot/2.1; +http://www.google.com/bot.html)"
66.249.65.165 - - [12/Jul/2025:14:43:21 +0000] "GET /?k=7176451001900&mod=4d383d5c&uri=products.php%3Fid%3D239667-234%26name%3Dbruno+banani+steppjacke HTTP/1.1" 200 21961 "-" "Mozilla/5.0 (Linux; Android 6.0.1; Nexus 5X Build/MMB29P) AppleWebKit/537.36 (KHTML, like Gecko) Chrome/137.0.7151.103 Mobile Safari/537.36 (compatible; Googlebot/2.1; +http://www.google.com/bot.html)"
66.249.65.165 - - [12/Jul/2025:14:43:22 +0000] "POST /get-message-notify HTTP/1.1" 200 21433 "https://alalamy.com.au/?k=7154602061900&mod=8763d72b&uri=news.php%3Fid%3D238938-57%26name%3Dmultipoint+bluetooth+headset+devices" "Mozilla/5.0 (Linux; Android 6.0.1; Nexus 5X Build/MMB29P) AppleWebKit/537.36 (KHTML, like Gecko) Chrome/137.0.7151.119 Mobile Safari/537.36 (compatible; Googlebot/2.1; +http://www.google.com/bot.html)"
66.249.65.164 - - [12/Jul/2025:14:43:22 +0000] "GET /?k=7209549011900&mod=5e3a4137&uri=products.php%3Fid%3D240771-400%26name%3Dswiss+legend+neptune+watch+band+replacement HTTP/1.1" 200 21801 "-" "Mozilla/5.0 (Linux; Android 6.0.1; Nexus 5X Build/MMB29P) AppleWebKit/537.36 (KHTML, like Gecko) Chrome/137.0.7151.103 Mobile Safari/537.36 (compatible; Googlebot/2.1; +http://www.google.com/bot.html)"
66.249.65.165 - - [12/Jul/2025:14:43:24 +0000] "GET /?k=7276782041900&mod=861288f2&uri=category-info.php%3Fid%3D243021-403%26name%3Ddoc+martens+f%C3%83%C2%BCr+breite+f%C3%83%C2%BC%C3%83%C2%9Fe HTTP/1.1" 200 21813 "-" "Mozilla/5.0 (Linux; Android 6.0.1; Nexus 5X Build/MMB29P) AppleWebKit/537.36 (KHTML, like Gecko) Chrome/137.0.7151.103 Mobile Safari/537.36 (compatible; Googlebot/2.1; +http://www.google.com/bot.html)"
66.249.65.164 - - [12/Jul/2025:14:43:24 +0000] "POST /get-message-notify HTTP/1.1" 200 21424 "https://alalamy.com.au/?k=7176451001900&mod=4d383d5c&uri=products.php%3Fid%3D239667-234%26name%3Dbruno+banani+steppjacke" "Mozilla/5.0 (Linux; Android 6.0.1; Nexus 5X Build/MMB29P) AppleWebKit/537.36 (KHTML, like Gecko) Chrome/137.0.7151.119 Mobile Safari/537.36 (compatible; Googlebot/2.1; +http://www.google.com/bot.html)"
66.249.65.164 - - [12/Jul/2025:14:43:29 +0000] "GET /?k=7172251051900&mod=4d383d5c&uri=goods.php%3Fid%3D239527-234%26name%3Djack+and+jones+parka+rot HTTP/1.1" 200 22099 "-" "Mozilla/5.0 (Linux; Android 6.0.1; Nexus 5X Build/MMB29P) AppleWebKit/537.36 (KHTML, like Gecko) Chrome/137.0.7151.103 Mobile Safari/537.36 (compatible; Googlebot/2.1; +http://www.google.com/bot.html)"
66.249.65.164 - - [12/Jul/2025:14:43:37 +0000] "GET /?k=7174561021900&mod=4d383d5c&uri=shared.php%3Fid%3D239604-234%26name%3Dreplay+daunenjacke+herren HTTP/1.1" 200 22134 "-" "Mozilla/5.0 (Linux; Android 6.0.1; Nexus 5X Build/MMB29P) AppleWebKit/537.36 (KHTML, like Gecko) Chrome/137.0.7151.103 Mobile Safari/537.36 (compatible; Googlebot/2.1; +http://www.google.com/bot.html)"
66.249.65.164 - - [12/Jul/2025:14:43:39 +0000] "GET /?k=7059402001900&mod=156cc497&uri=shop.php%3Fid%3D235760-396%26name%3Dsleakers+chausson HTTP/1.1" 200 20946 "-" "Mozilla/5.0 (Linux; Android 6.0.1; Nexus 5X Build/MMB29P) AppleWebKit/537.36 (KHTML, like Gecko) Chrome/137.0.7151.103 Mobile Safari/537.36 (compatible; Googlebot/2.1; +http://www.google.com/bot.html)"
209.74.77.214 - - [12/Jul/2025:14:43:41 +0000] "POST /wp-cron.php?doing_wp_cron=1752331421.8213438987731933593750 HTTP/1.1" 200 - "-" "WordPress/6.8.1; https://alalamy.com.au"
54.36.149.74 - - [12/Jul/2025:14:43:41 +0000] "GET /?k=33695365121900&uri=dp.php%3Fid%3D1124620-323%26name%3Dtumblr%20hydro%20flask HTTP/1.1" 200 26570 "-" "Mozilla/5.0 (compatible; AhrefsBot/7.0; +http://ahrefs.com/robot/)"
209.74.77.214 - - [12/Jul/2025:14:43:41 +0000] "POST /wp-admin/admin-ajax.php?action=async_litespeed&nonce=T9amoejLIZPUmQaSpaA1gSl0DSrfgup0&litespeed_type=imgoptm HTTP/1.1" 200 21 "-" "WordPress/6.8.1; https://alalamy.com.au"
66.249.65.164 - - [12/Jul/2025:14:43:45 +0000] "GET /?k=7276425021900&mod=861288f2&uri=blog.php%3Fid%3D243009-403%26name%3Decco+w+golf+biom+h4 HTTP/1.1" 200 22454 "-" "Mozilla/5.0 (Linux; Android 6.0.1; Nexus 5X Build/MMB29P) AppleWebKit/537.36 (KHTML, like Gecko) Chrome/137.0.7151.103 Mobile Safari/537.36 (compatible; Googlebot/2.1; +http://www.google.com/bot.html)"
66.249.65.164 - - [12/Jul/2025:14:43:46 +0000] "GET /?k=6808314061900&mod=cb45a111&uri=brands.php%3Fid%3D227380-381%26name%3Dall+star+azzurro+chiaro HTTP/1.1" 200 21448 "-" "Mozilla/5.0 (Linux; Android 6.0.1; Nexus 5X Build/MMB29P) AppleWebKit/537.36 (KHTML, like Gecko) Chrome/137.0.7151.103 Mobile Safari/537.36 (compatible; Googlebot/2.1; +http://www.google.com/bot.html)"
66.249.65.164 - - [12/Jul/2025:14:43:48 +0000] "GET /?k=7222389031900&mod=44f95c37&uri=us.php%3Fid%3D241199-252%26name%3Dgeoffrey+beene+regular+fit+dress+shirts HTTP/1.1" 200 22303 "-" "Mozilla/5.0 (Linux; Android 6.0.1; Nexus 5X Build/MMB29P) AppleWebKit/537.36 (KHTML, like Gecko) Chrome/137.0.7151.103 Mobile Safari/537.36 (compatible; Googlebot/2.1; +http://www.google.com/bot.html)"
66.249.65.164 - - [12/Jul/2025:14:43:48 +0000] "GET /?k=81937400111900&mod=cb826161&uri=goods.php%3Fid%3D2734407-364%26name%3Dvia+spiga+faux+fur+reversible+vest HTTP/1.1" 200 21537 "-" "Mozilla/5.0 (Linux; Android 6.0.1; Nexus 5X Build/MMB29P) AppleWebKit/537.36 (KHTML, like Gecko) Chrome/137.0.7151.103 Mobile Safari/537.36 (compatible; Googlebot/2.1; +http://www.google.com/bot.html)"
66.249.65.165 - - [12/Jul/2025:14:43:52 +0000] "GET /?k=6835651011900&mod=d8d7e7b1&uri=products.php%3Fid%3D228293-383%26name%3Dpink+color+maxi+dress HTTP/1.1" 200 21586 "-" "Mozilla/5.0 (Linux; Android 6.0.1; Nexus 5X Build/MMB29P) AppleWebKit/537.36 (KHTML, like Gecko) Chrome/137.0.7151.103 Mobile Safari/537.36 (compatible; Googlebot/2.1; +http://www.google.com/bot.html)"
66.249.65.164 - - [12/Jul/2025:14:43:54 +0000] "GET /?k=7224459061900&mod=44f95c37&uri=category-info.php%3Fid%3D241268-252%26name%3Drigs+and+rags+pants+price HTTP/1.1" 200 22514 "-" "Mozilla/5.0 (Linux; Android 6.0.1; Nexus 5X Build/MMB29P) AppleWebKit/537.36 (KHTML, like Gecko) Chrome/137.0.7151.103 Mobile Safari/537.36 (compatible; Googlebot/2.1; +http://www.google.com/bot.html)"
66.249.65.164 - - [12/Jul/2025:14:43:54 +0000] "POST /get-message-notify HTTP/1.1" 200 21432 "https://alalamy.com.au/?k=7222389031900&mod=44f95c37&uri=us.php%3Fid%3D241199-252%26name%3Dgeoffrey+beene+regular+fit+dress+shirts" "Mozilla/5.0 (Linux; Android 6.0.1; Nexus 5X Build/MMB29P) AppleWebKit/537.36 (KHTML, like Gecko) Chrome/137.0.7151.119 Mobile Safari/537.36 (compatible; Googlebot/2.1; +http://www.google.com/bot.html)"
66.249.65.164 - - [12/Jul/2025:14:43:57 +0000] "GET /?k=7222209011900&mod=44f95c37&uri=itm.php%3Fid%3D241193-252%26name%3Dprana+broderick HTTP/1.1" 200 22016 "-" "Mozilla/5.0 (Linux; Android 6.0.1; Nexus 5X Build/MMB29P) AppleWebKit/537.36 (KHTML, like Gecko) Chrome/137.0.7151.103 Mobile Safari/537.36 (compatible; Googlebot/2.1; +http://www.google.com/bot.html)"
66.249.65.165 - - [12/Jul/2025:14:43:58 +0000] "POST /get-message-notify HTTP/1.1" 200 21433 "https://alalamy.com.au/?k=7276425021900&mod=861288f2&uri=blog.php%3Fid%3D243009-403%26name%3Decco+w+golf+biom+h4" "Mozilla/5.0 (Linux; Android 6.0.1; Nexus 5X Build/MMB29P) AppleWebKit/537.36 (KHTML, like Gecko) Chrome/137.0.7151.119 Mobile Safari/537.36 (compatible; Googlebot/2.1; +http://www.google.com/bot.html)"
66.249.65.165 - - [12/Jul/2025:14:44:03 +0000] "GET /?k=7173301001900&mod=4d383d5c&uri=itm.php%3Fid%3D239562-234%26name%3Dalpenblitz+winterjacke+herren HTTP/1.1" 200 22137 "-" "Mozilla/5.0 (Linux; Android 6.0.1; Nexus 5X Build/MMB29P) AppleWebKit/537.36 (KHTML, like Gecko) Chrome/137.0.7151.103 Mobile Safari/537.36 (compatible; Googlebot/2.1; +http://www.google.com/bot.html)"
66.249.65.164 - - [12/Jul/2025:14:44:10 +0000] "GET /?k=7173721041900&mod=4d383d5c&uri=article.php%3Fid%3D239576-234%26name%3Dwellensteyn+herren+winterjacke+dunkelblau HTTP/1.1" 200 21655 "-" "Mozilla/5.0 (Linux; Android 6.0.1; Nexus 5X Build/MMB29P) AppleWebKit/537.36 (KHTML, like Gecko) Chrome/137.0.7151.103 Mobile Safari/537.36 (compatible; Googlebot/2.1; +http://www.google.com/bot.html)"
66.249.65.165 - - [12/Jul/2025:14:44:12 +0000] "GET /?k=72244681011900&mod=1177967c&uri=form.php%3Fid%3D2410883-22%26name%3Dtracking+uhr+damen HTTP/1.1" 200 21548 "-" "Mozilla/5.0 (Linux; Android 6.0.1; Nexus 5X Build/MMB29P) AppleWebKit/537.36 (KHTML, like Gecko) Chrome/137.0.7151.103 Mobile Safari/537.36 (compatible; Googlebot/2.1; +http://www.google.com/bot.html)"
209.74.77.214 - - [12/Jul/2025:14:44:32 +0000] "POST /wp-cron.php?doing_wp_cron=1752331472.9141120910644531250000 HTTP/1.1" 200 - "-" "WordPress/6.8.1; https://alalamy.com.au"
54.36.148.179 - - [12/Jul/2025:14:44:32 +0000] "GET /?k=33977186021900&mod=3f7ecac1&uri=pin.php%3Fid%3D1134039-977%26name%3Dchanclas+nike+sb+rojas HTTP/1.1" 301 - "-" "Mozilla/5.0 (compatible; AhrefsBot/7.0; +http://ahrefs.com/robot/)"
209.74.77.214 - - [12/Jul/2025:14:44:33 +0000] "POST /wp-admin/admin-ajax.php?action=async_litespeed&nonce=Drjsws1D3pL9cx8pIooxa2Cp4IzR6v8R&litespeed_type=imgoptm HTTP/1.1" 200 21 "-" "WordPress/6.8.1; https://alalamy.com.au"
66.249.65.164 - - [12/Jul/2025:14:44:15 +0000] "GET /?k=7228509031900&mod=44f95c37&uri=us.php%3Fid%3D241403-252%26name%3Dadriano+goldschmied+the+graduate HTTP/1.1" 200 21994 "-" "Mozilla/5.0 (Linux; Android 6.0.1; Nexus 5X Build/MMB29P) AppleWebKit/537.36 (KHTML, like Gecko) Chrome/137.0.7151.103 Mobile Safari/537.36 (compatible; Googlebot/2.1; +http://www.google.com/bot.html)"
66.249.65.164 - - [12/Jul/2025:14:44:27 +0000] "GET /?k=7086387041900&mod=413e4eb3&uri=news.php%3Fid%3D236662-398%26name%3Dcharlotte+russe+stilettos HTTP/1.1" 200 20891 "-" "Mozilla/5.0 (Linux; Android 6.0.1; Nexus 5X Build/MMB29P) AppleWebKit/537.36 (KHTML, like Gecko) Chrome/137.0.7151.103 Mobile Safari/537.36 (compatible; Googlebot/2.1; +http://www.google.com/bot.html)"
66.249.65.164 - - [12/Jul/2025:14:44:27 +0000] "GET /?k=7307589041900&mod=861288f2&uri=news.php%3Fid%3D244057-403%26name%3Dlaura+vita+sommerschuhe HTTP/1.1" 200 22275 "-" "Mozilla/5.0 (Linux; Android 6.0.1; Nexus 5X Build/MMB29P) AppleWebKit/537.36 (KHTML, like Gecko) Chrome/137.0.7151.103 Mobile Safari/537.36 (compatible; Googlebot/2.1; +http://www.google.com/bot.html)"
66.249.65.164 - - [12/Jul/2025:14:44:37 +0000] "POST /get-message-notify HTTP/1.1" 200 21420 "https://alalamy.com.au/?k=72244681011900&mod=1177967c&uri=form.php%3Fid%3D2410883-22%26name%3Dtracking+uhr+damen" "Mozilla/5.0 (Linux; Android 6.0.1; Nexus 5X Build/MMB29P) AppleWebKit/537.36 (KHTML, like Gecko) Chrome/137.0.7151.119 Mobile Safari/537.36 (compatible; Googlebot/2.1; +http://www.google.com/bot.html)"
66.249.65.164 - - [12/Jul/2025:14:44:38 +0000] "GET /?k=7224819031900&mod=44f95c37&uri=goods.php%3Fid%3D241280-252%26name%3Drag+and+bone+man+latest HTTP/1.1" 200 21548 "-" "Mozilla/5.0 (Linux; Android 6.0.1; Nexus 5X Build/MMB29P) AppleWebKit/537.36 (KHTML, like Gecko) Chrome/137.0.7151.103 Mobile Safari/537.36 (compatible; Googlebot/2.1; +http://www.google.com/bot.html)"
66.249.65.164 - - [12/Jul/2025:14:44:39 +0000] "GET /?k=7172281061900&mod=4d383d5c&uri=shop.php%3Fid%3D239528-234%26name%3Dneue+damen+pullover HTTP/1.1" 200 21926 "-" "Mozilla/5.0 (Linux; Android 6.0.1; Nexus 5X Build/MMB29P) AppleWebKit/537.36 (KHTML, like Gecko) Chrome/137.0.7151.103 Mobile Safari/537.36 (compatible; Googlebot/2.1; +http://www.google.com/bot.html)"
66.249.65.164 - - [12/Jul/2025:14:44:40 +0000] "GET /?k=7275192051900&mod=78b643f9&uri=shared.php%3Fid%3D242967-404%26name%3Dcostume+mare+calzedonia HTTP/1.1" 200 21748 "-" "Mozilla/5.0 (Linux; Android 6.0.1; Nexus 5X Build/MMB29P) AppleWebKit/537.36 (KHTML, like Gecko) Chrome/137.0.7151.103 Mobile Safari/537.36 (compatible; Googlebot/2.1; +http://www.google.com/bot.html)"
66.249.65.164 - - [12/Jul/2025:14:44:40 +0000] "POST /get-message-notify HTTP/1.1" 200 21431 "https://alalamy.com.au/?k=7173721041900&mod=4d383d5c&uri=article.php%3Fid%3D239576-234%26name%3Dwellensteyn+herren+winterjacke+dunkelblau" "Mozilla/5.0 (Linux; Android 6.0.1; Nexus 5X Build/MMB29P) AppleWebKit/537.36 (KHTML, like Gecko) Chrome/137.0.7151.119 Mobile Safari/537.36 (compatible; Googlebot/2.1; +http://www.google.com/bot.html)"
66.249.65.164 - - [12/Jul/2025:14:44:40 +0000] "GET /?k=7182952001900&mod=4d383d5c&uri=dp.php%3Fid%3D239884-234%26name%3Dmarco+polo+m%C3%83%C2%A4nner+jacken HTTP/1.1" 200 22359 "-" "Mozilla/5.0 (Linux; Android 6.0.1; Nexus 5X Build/MMB29P) AppleWebKit/537.36 (KHTML, like Gecko) Chrome/137.0.7151.103 Mobile Safari/537.36 (compatible; Googlebot/2.1; +http://www.google.com/bot.html)"
66.249.65.164 - - [12/Jul/2025:14:44:47 +0000] "GET /?k=7269010071900&mod=cbd35b79&uri=shop.php%3Fid%3D242757-401%26name%3Dtuto+porte+tarte HTTP/1.1" 200 21192 "-" "Mozilla/5.0 (Linux; Android 6.0.1; Nexus 5X Build/MMB29P) AppleWebKit/537.36 (KHTML, like Gecko) Chrome/137.0.7151.103 Mobile Safari/537.36 (compatible; Googlebot/2.1; +http://www.google.com/bot.html)"
66.249.65.164 - - [12/Jul/2025:14:44:59 +0000] "GET /?k=7062132091900&mod=156cc497&uri=goods.php%3Fid%3D235851-396%26name%3Dchaussures+nike+blazer+femme HTTP/1.1" 200 21888 "-" "Mozilla/5.0 (Linux; Android 6.0.1; Nexus 5X Build/MMB29P) AppleWebKit/537.36 (KHTML, like Gecko) Chrome/137.0.7151.103 Mobile Safari/537.36 (compatible; Googlebot/2.1; +http://www.google.com/bot.html)"
66.249.65.164 - - [12/Jul/2025:14:44:57 +0000] "GET /?k=7065318061900&mod=156cc497&uri=shop.php%3Fid%3D235958-396%26name%3Dgemo+skechers HTTP/1.1" 200 21613 "-" "Mozilla/5.0 (Linux; Android 6.0.1; Nexus 5X Build/MMB29P) AppleWebKit/537.36 (KHTML, like Gecko) Chrome/137.0.7151.103 Mobile Safari/537.36 (compatible; Googlebot/2.1; +http://www.google.com/bot.html)"
66.249.65.164 - - [12/Jul/2025:14:44:53 +0000] "GET /?k=7178971031900&mod=4d383d5c&uri=info.php%3Fid%3D239751-234%26name%3Dsisley+strickpullover HTTP/1.1" 200 22438 "-" "Mozilla/5.0 (Linux; Android 6.0.1; Nexus 5X Build/MMB29P) AppleWebKit/537.36 (KHTML, like Gecko) Chrome/137.0.7151.103 Mobile Safari/537.36 (compatible; Googlebot/2.1; +http://www.google.com/bot.html)"
66.249.65.164 - - [12/Jul/2025:14:45:03 +0000] "GET /?k=7209339041900&mod=5e3a4137&uri=dp.php%3Fid%3D240764-400%26name%3Dtimex+fabric+watch+bands HTTP/1.1" 200 22647 "-" "Mozilla/5.0 (Linux; Android 6.0.1; Nexus 5X Build/MMB29P) AppleWebKit/537.36 (KHTML, like Gecko) Chrome/137.0.7151.103 Mobile Safari/537.36 (compatible; Googlebot/2.1; +http://www.google.com/bot.html)"
66.249.65.164 - - [12/Jul/2025:14:45:04 +0000] "POST /get-message-notify HTTP/1.1" 200 21420 "https://alalamy.com.au/?k=7062132091900&mod=156cc497&uri=goods.php%3Fid%3D235851-396%26name%3Dchaussures+nike+blazer+femme" "Mozilla/5.0 (Linux; Android 6.0.1; Nexus 5X Build/MMB29P) AppleWebKit/537.36 (KHTML, like Gecko) Chrome/137.0.7151.119 Mobile Safari/537.36 (compatible; Googlebot/2.1; +http://www.google.com/bot.html)"
66.249.65.164 - - [12/Jul/2025:14:45:05 +0000] "POST /get-message-notify HTTP/1.1" 200 21426 "https://alalamy.com.au/?k=7065318061900&mod=156cc497&uri=shop.php%3Fid%3D235958-396%26name%3Dgemo+skechers" "Mozilla/5.0 (Linux; Android 6.0.1; Nexus 5X Build/MMB29P) AppleWebKit/537.36 (KHTML, like Gecko) Chrome/137.0.7151.119 Mobile Safari/537.36 (compatible; Googlebot/2.1; +http://www.google.com/bot.html)"
66.249.65.164 - - [12/Jul/2025:14:45:05 +0000] "GET /?k=7226259061900&mod=44f95c37&uri=goods.php%3Fid%3D241328-252%26name%3Drag+n+bone+man+citadel HTTP/1.1" 200 21819 "-" "Mozilla/5.0 (Linux; Android 6.0.1; Nexus 5X Build/MMB29P) AppleWebKit/537.36 (KHTML, like Gecko) Chrome/137.0.7151.103 Mobile Safari/537.36 (compatible; Googlebot/2.1; +http://www.google.com/bot.html)"
66.249.65.164 - - [12/Jul/2025:14:45:11 +0000] "GET /?k=7185459041900&mod=4d383d5c&uri=product.php%3Fid%3D239968-234%26name%3Dmammut+fahrradjacke+damen HTTP/1.1" 200 22239 "-" "Mozilla/5.0 (Linux; Android 6.0.1; Nexus 5X Build/MMB29P) AppleWebKit/537.36 (KHTML, like Gecko) Chrome/137.0.7151.103 Mobile Safari/537.36 (compatible; Googlebot/2.1; +http://www.google.com/bot.html)"
66.249.65.164 - - [12/Jul/2025:14:45:18 +0000] "GET /?k=7276258011900&mod=861288f2&uri=us.php%3Fid%3D243003-403%26name%3Dschuhe+schnell+sauber+machen HTTP/1.1" 200 21681 "-" "Mozilla/5.0 (Linux; Android 6.0.1; Nexus 5X Build/MMB29P) AppleWebKit/537.36 (KHTML, like Gecko) Chrome/137.0.7151.103 Mobile Safari/537.36 (compatible; Googlebot/2.1; +http://www.google.com/bot.html)"
