66.249.65.165 - - [12/Jul/2025:13:46:10 +0000] "GET /?k=6960304041900&mod=20ea88ff&uri=dp.php%3Fid%3D232451-390%26name%3Dgirl+power+nike HTTP/1.1" 200 21136 "-" "Mozilla/5.0 (Linux; Android 6.0.1; Nexus 5X Build/MMB29P) AppleWebKit/537.36 (KHTML, like Gecko) Chrome/137.0.7151.103 Mobile Safari/537.36 (compatible; Googlebot/2.1; +http://www.google.com/bot.html)"
66.249.65.166 - - [12/Jul/2025:13:46:10 +0000] "GET /?k=5023457001900&mod=621396ff&uri=article.php%3Fid%3D167704-307%26name%3Dadidas+yeezy+700+originali+prezzo HTTP/1.1" 200 21564 "-" "Mozilla/5.0 (Linux; Android 6.0.1; Nexus 5X Build/MMB29P) AppleWebKit/537.36 (KHTML, like Gecko) Chrome/137.0.7151.103 Mobile Safari/537.36 (compatible; Googlebot/2.1; +http://www.google.com/bot.html)"
66.249.65.166 - - [12/Jul/2025:13:46:11 +0000] "GET /?k=7247678041900&mod=fafcb194&uri=product.php%3Fid%3D242042-402%26name%3Dtnblanche HTTP/1.1" 200 21543 "-" "Mozilla/5.0 (Linux; Android 6.0.1; Nexus 5X Build/MMB29P) AppleWebKit/537.36 (KHTML, like Gecko) Chrome/137.0.7151.103 Mobile Safari/537.36 (compatible; Googlebot/2.1; +http://www.google.com/bot.html)"
66.249.65.164 - - [12/Jul/2025:13:46:11 +0000] "GET /?k=7242159001900&mod=44f95c37&uri=article.php%3Fid%3D241858-252%26name%3Dacne+studios+south HTTP/1.1" 200 21731 "-" "Mozilla/5.0 (Linux; Android 6.0.1; Nexus 5X Build/MMB29P) AppleWebKit/537.36 (KHTML, like Gecko) Chrome/137.0.7151.103 Mobile Safari/537.36 (compatible; Googlebot/2.1; +http://www.google.com/bot.html)"
66.249.65.165 - - [12/Jul/2025:13:46:13 +0000] "POST /get-message-notify HTTP/1.1" 200 21439 "https://alalamy.com.au/?k=6960304041900&mod=20ea88ff&uri=dp.php%3Fid%3D232451-390%26name%3Dgirl+power+nike" "Mozilla/5.0 (Linux; Android 6.0.1; Nexus 5X Build/MMB29P) AppleWebKit/537.36 (KHTML, like Gecko) Chrome/137.0.7151.119 Mobile Safari/537.36 (compatible; Googlebot/2.1; +http://www.google.com/bot.html)"
66.249.65.164 - - [12/Jul/2025:13:46:14 +0000] "GET /?k=7204809031900&mod=5e3a4137&uri=itm.php%3Fid%3D240613-400%26name%3D24mm+metal+watch+band HTTP/1.1" 200 22052 "-" "Mozilla/5.0 (Linux; Android 6.0.1; Nexus 5X Build/MMB29P) AppleWebKit/537.36 (KHTML, like Gecko) Chrome/137.0.7151.103 Mobile Safari/537.36 (compatible; Googlebot/2.1; +http://www.google.com/bot.html)"
66.249.65.165 - - [12/Jul/2025:13:46:14 +0000] "POST /get-message-notify HTTP/1.1" 200 21428 "https://alalamy.com.au/?k=7242159001900&mod=44f95c37&uri=article.php%3Fid%3D241858-252%26name%3Dacne+studios+south" "Mozilla/5.0 (Linux; Android 6.0.1; Nexus 5X Build/MMB29P) AppleWebKit/537.36 (KHTML, like Gecko) Chrome/137.0.7151.119 Mobile Safari/537.36 (compatible; Googlebot/2.1; +http://www.google.com/bot.html)"
66.249.65.165 - - [12/Jul/2025:13:46:24 +0000] "GET /?k=6804327071900&mod=9c3916c3&uri=itm.php%3Fid%3D227247-380%26name%3Dhamster+disinfectant HTTP/1.1" 200 20485 "-" "Mozilla/5.0 (Linux; Android 6.0.1; Nexus 5X Build/MMB29P) AppleWebKit/537.36 (KHTML, like Gecko) Chrome/137.0.7151.103 Mobile Safari/537.36 (compatible; Googlebot/2.1; +http://www.google.com/bot.html)"
66.249.65.165 - - [12/Jul/2025:13:46:24 +0000] "GET /?k=6958744011900&mod=20ea88ff&uri=category-info.php%3Fid%3D232399-390%26name%3Dbaskets+nike+solde HTTP/1.1" 200 20807 "-" "Mozilla/5.0 (Linux; Android 6.0.1; Nexus 5X Build/MMB29P) AppleWebKit/537.36 (KHTML, like Gecko) Chrome/137.0.7151.103 Mobile Safari/537.36 (compatible; Googlebot/2.1; +http://www.google.com/bot.html)"
209.74.77.214 - - [12/Jul/2025:13:46:26 +0000] "POST /wp-cron.php?doing_wp_cron=1752327986.3327839374542236328125 HTTP/1.1" 200 - "-" "WordPress/6.8.1; https://alalamy.com.au"
54.36.148.99 - - [12/Jul/2025:13:46:26 +0000] "GET /?k=12687957011900&uri=info.php%3Fid%3D423642-578%26name%3Dgivenchy%20love%20tote HTTP/1.1" 200 26570 "-" "Mozilla/5.0 (compatible; AhrefsBot/7.0; +http://ahrefs.com/robot/)"
66.249.65.164 - - [12/Jul/2025:13:46:28 +0000] "GET /?k=7324429031900&mod=9078b6ab&uri=brands.php%3Fid%3D244621-222%26name%3Dgreen+4s+jordans HTTP/1.1" 200 21101 "-" "Mozilla/5.0 (Linux; Android 6.0.1; Nexus 5X Build/MMB29P) AppleWebKit/537.36 (KHTML, like Gecko) Chrome/137.0.7151.103 Mobile Safari/537.36 (compatible; Googlebot/2.1; +http://www.google.com/bot.html)"
66.249.65.165 - - [12/Jul/2025:13:46:29 +0000] "GET /?k=7319479041900&mod=1894ea67&uri=product.php%3Fid%3D244456-314%26name%3Dharley+fxrg HTTP/1.1" 200 22079 "-" "Mozilla/5.0 (Linux; Android 6.0.1; Nexus 5X Build/MMB29P) AppleWebKit/537.36 (KHTML, like Gecko) Chrome/137.0.7151.103 Mobile Safari/537.36 (compatible; Googlebot/2.1; +http://www.google.com/bot.html)"
66.249.65.164 - - [12/Jul/2025:13:46:30 +0000] "POST /get-message-notify HTTP/1.1" 200 21434 "https://alalamy.com.au/?k=6958744011900&mod=20ea88ff&uri=category-info.php%3Fid%3D232399-390%26name%3Dbaskets+nike+solde" "Mozilla/5.0 (Linux; Android 6.0.1; Nexus 5X Build/MMB29P) AppleWebKit/537.36 (KHTML, like Gecko) Chrome/137.0.7151.119 Mobile Safari/537.36 (compatible; Googlebot/2.1; +http://www.google.com/bot.html)"
66.249.65.164 - - [12/Jul/2025:13:46:31 +0000] "GET /?k=7320919021900&mod=1177967c&uri=form.php%3Fid%3D244504-22%26name%3Drolex+verschenkt+uhren HTTP/1.1" 200 21646 "-" "Mozilla/5.0 (Linux; Android 6.0.1; Nexus 5X Build/MMB29P) AppleWebKit/537.36 (KHTML, like Gecko) Chrome/137.0.7151.103 Mobile Safari/537.36 (compatible; Googlebot/2.1; +http://www.google.com/bot.html)"
66.249.65.165 - - [12/Jul/2025:13:46:37 +0000] "POST /get-message-notify HTTP/1.1" 200 21427 "https://alalamy.com.au/?k=6957244071900&mod=20ea88ff&uri=product.php%3Fid%3D232349-390%26name%3Daq1090100" "Mozilla/5.0 (Linux; Android 6.0.1; Nexus 5X Build/MMB29P) AppleWebKit/537.36 (KHTML, like Gecko) Chrome/137.0.7151.119 Mobile Safari/537.36 (compatible; Googlebot/2.1; +http://www.google.com/bot.html)"
66.249.65.165 - - [12/Jul/2025:13:46:41 +0000] "GET /?k=7243479001900&mod=44f95c37&uri=news.php%3Fid%3D241902-252%26name%3Dwhere+can+i+buy+citizens+of+humanity+jeans HTTP/1.1" 200 22142 "-" "Mozilla/5.0 (Linux; Android 6.0.1; Nexus 5X Build/MMB29P) AppleWebKit/537.36 (KHTML, like Gecko) Chrome/137.0.7151.103 Mobile Safari/537.36 (compatible; Googlebot/2.1; +http://www.google.com/bot.html)"
66.249.65.165 - - [12/Jul/2025:13:46:37 +0000] "GET /?k=6805527021900&mod=cb45a111&uri=article.php%3Fid%3D227287-381%26name%3Dstivali+bianchi+di+gomma HTTP/1.1" 200 21655 "-" "Mozilla/5.0 (Linux; Android 6.0.1; Nexus 5X Build/MMB29P) AppleWebKit/537.36 (KHTML, like Gecko) Chrome/137.0.7151.103 Mobile Safari/537.36 (compatible; Googlebot/2.1; +http://www.google.com/bot.html)"
66.249.65.165 - - [12/Jul/2025:13:46:37 +0000] "GET /?k=6989923041900&mod=962ebbfe&uri=article.php%3Fid%3D233439-394%26name%3Dbamix+basic HTTP/1.1" 200 21931 "-" "Mozilla/5.0 (Linux; Android 6.0.1; Nexus 5X Build/MMB29P) AppleWebKit/537.36 (KHTML, like Gecko) Chrome/137.0.7151.103 Mobile Safari/537.36 (compatible; Googlebot/2.1; +http://www.google.com/bot.html)"
66.249.65.164 - - [12/Jul/2025:13:46:46 +0000] "GET /?k=7327039001900&mod=c242ee43&uri=category-info.php%3Fid%3D244708-405%26name%3Dpointy+shoes+with+ankle+strap HTTP/1.1" 200 21097 "-" "Mozilla/5.0 (Linux; Android 6.0.1; Nexus 5X Build/MMB29P) AppleWebKit/537.36 (KHTML, like Gecko) Chrome/137.0.7151.103 Mobile Safari/537.36 (compatible; Googlebot/2.1; +http://www.google.com/bot.html)"
66.249.65.165 - - [12/Jul/2025:13:46:46 +0000] "POST /get-message-notify HTTP/1.1" 200 21432 "https://alalamy.com.au/?k=7320919021900&mod=1177967c&uri=form.php%3Fid%3D244504-22%26name%3Drolex+verschenkt+uhren" "Mozilla/5.0 (Linux; Android 6.0.1; Nexus 5X Build/MMB29P) AppleWebKit/537.36 (KHTML, like Gecko) Chrome/137.0.7151.119 Mobile Safari/537.36 (compatible; Googlebot/2.1; +http://www.google.com/bot.html)"
66.249.65.164 - - [12/Jul/2025:13:46:47 +0000] "GET /?k=7226649071900&mod=44f95c37&uri=article.php%3Fid%3D241341-252%26name%3Drag+bone+manston+jacket HTTP/1.1" 200 22061 "-" "Mozilla/5.0 (Linux; Android 6.0.1; Nexus 5X Build/MMB29P) AppleWebKit/537.36 (KHTML, like Gecko) Chrome/137.0.7151.103 Mobile Safari/537.36 (compatible; Googlebot/2.1; +http://www.google.com/bot.html)"
66.249.65.164 - - [12/Jul/2025:13:46:47 +0000] "GET /?k=7259960051900&mod=cbd35b79&uri=shop.php%3Fid%3D242453-401%26name%3Dpochette+savon+tuto HTTP/1.1" 200 22429 "-" "Mozilla/5.0 (Linux; Android 6.0.1; Nexus 5X Build/MMB29P) AppleWebKit/537.36 (KHTML, like Gecko) Chrome/137.0.7151.103 Mobile Safari/537.36 (compatible; Googlebot/2.1; +http://www.google.com/bot.html)"
66.249.65.165 - - [12/Jul/2025:13:46:47 +0000] "GET /?k=6924255061900&mod=b9b993f4&uri=shop.php%3Fid%3D231249-387%26name%3Djoseph+pilates+clara+zeuner HTTP/1.1" 200 22030 "-" "Mozilla/5.0 (Linux; Android 6.0.1; Nexus 5X Build/MMB29P) AppleWebKit/537.36 (KHTML, like Gecko) Chrome/137.0.7151.103 Mobile Safari/537.36 (compatible; Googlebot/2.1; +http://www.google.com/bot.html)"
66.249.65.164 - - [12/Jul/2025:13:46:47 +0000] "GET /?k=7327309091900&mod=9078b6ab&uri=brands.php%3Fid%3D244717-222%26name%3Djordan+iv+green HTTP/1.1" 200 20795 "-" "Mozilla/5.0 (Linux; Android 6.0.1; Nexus 5X Build/MMB29P) AppleWebKit/537.36 (KHTML, like Gecko) Chrome/137.0.7151.103 Mobile Safari/537.36 (compatible; Googlebot/2.1; +http://www.google.com/bot.html)"
66.249.65.164 - - [12/Jul/2025:13:46:48 +0000] "GET /?k=47500025071900&mod=4ef30115&uri=dp.php%3Fid%3D1585189-91%26name%3Delectric+assist+beach+cruiser HTTP/1.1" 200 22171 "-" "Mozilla/5.0 (Linux; Android 6.0.1; Nexus 5X Build/MMB29P) AppleWebKit/537.36 (KHTML, like Gecko) Chrome/137.0.7151.103 Mobile Safari/537.36 (compatible; Googlebot/2.1; +http://www.google.com/bot.html)"
66.249.65.165 - - [12/Jul/2025:13:46:49 +0000] "GET /?k=12355836061900&mod=b9b993f4&uri=dp.php%3Fid%3D412564-387%26name%3Dbest+home+workout+for+ectomorph HTTP/1.1" 200 21947 "-" "Mozilla/5.0 (Linux; Android 6.0.1; Nexus 5X Build/MMB29P) AppleWebKit/537.36 (KHTML, like Gecko) Chrome/137.0.7151.103 Mobile Safari/537.36 (compatible; Googlebot/2.1; +http://www.google.com/bot.html)"
66.249.65.164 - - [12/Jul/2025:13:46:49 +0000] "GET /?k=6999962001900&mod=3d1327c1&uri=shared.php%3Fid%3D233775-395%26name%3Dth%C3%83%C2%A8me+champ%C3%83%C2%AAtre+mariage HTTP/1.1" 200 21396 "-" "Mozilla/5.0 (Linux; Android 6.0.1; Nexus 5X Build/MMB29P) AppleWebKit/537.36 (KHTML, like Gecko) Chrome/137.0.7151.103 Mobile Safari/537.36 (compatible; Googlebot/2.1; +http://www.google.com/bot.html)"
66.249.65.164 - - [12/Jul/2025:13:46:50 +0000] "POST /get-message-notify HTTP/1.1" 200 21428 "https://alalamy.com.au/?k=6924255061900&mod=b9b993f4&uri=shop.php%3Fid%3D231249-387%26name%3Djoseph+pilates+clara+zeuner" "Mozilla/5.0 (Linux; Android 6.0.1; Nexus 5X Build/MMB29P) AppleWebKit/537.36 (KHTML, like Gecko) Chrome/137.0.7151.119 Mobile Safari/537.36 (compatible; Googlebot/2.1; +http://www.google.com/bot.html)"
66.249.65.165 - - [12/Jul/2025:13:46:51 +0000] "POST /get-message-notify HTTP/1.1" 200 21431 "https://alalamy.com.au/?k=47500025071900&mod=4ef30115&uri=dp.php%3Fid%3D1585189-91%26name%3Delectric+assist+beach+cruiser" "Mozilla/5.0 (Linux; Android 6.0.1; Nexus 5X Build/MMB29P) AppleWebKit/537.36 (KHTML, like Gecko) Chrome/137.0.7151.119 Mobile Safari/537.36 (compatible; Googlebot/2.1; +http://www.google.com/bot.html)"
66.249.65.164 - - [12/Jul/2025:13:46:51 +0000] "GET /?k=7250059041900&mod=fafcb194&uri=form.php%3Fid%3D242122-402%26name%3Dcartier+tortue+femme HTTP/1.1" 200 22107 "-" "Mozilla/5.0 (Linux; Android 6.0.1; Nexus 5X Build/MMB29P) AppleWebKit/537.36 (KHTML, like Gecko) Chrome/137.0.7151.103 Mobile Safari/537.36 (compatible; Googlebot/2.1; +http://www.google.com/bot.html)"
66.249.65.164 - - [12/Jul/2025:13:46:57 +0000] "GET /?k=7245399001900&mod=cbd35b79&uri=pin.php%3Fid%3D241966-401%26name%3Dtuto+sac+avec+un+jean HTTP/1.1" 200 21828 "-" "Mozilla/5.0 (Linux; Android 6.0.1; Nexus 5X Build/MMB29P) AppleWebKit/537.36 (KHTML, like Gecko) Chrome/137.0.7151.103 Mobile Safari/537.36 (compatible; Googlebot/2.1; +http://www.google.com/bot.html)"
66.249.65.164 - - [12/Jul/2025:13:46:57 +0000] "POST /get-message-notify HTTP/1.1" 200 21419 "https://alalamy.com.au/?k=7226649071900&mod=44f95c37&uri=article.php%3Fid%3D241341-252%26name%3Drag+bone+manston+jacket" "Mozilla/5.0 (Linux; Android 6.0.1; Nexus 5X Build/MMB29P) AppleWebKit/537.36 (KHTML, like Gecko) Chrome/137.0.7151.119 Mobile Safari/537.36 (compatible; Googlebot/2.1; +http://www.google.com/bot.html)"
66.249.65.164 - - [12/Jul/2025:13:46:58 +0000] "GET /?k=7330909091900&mod=c242ee43&uri=form.php%3Fid%3D244837-405%26name%3Dladies+white+bowls+shoes HTTP/1.1" 200 20978 "-" "Mozilla/5.0 (Linux; Android 6.0.1; Nexus 5X Build/MMB29P) AppleWebKit/537.36 (KHTML, like Gecko) Chrome/137.0.7151.103 Mobile Safari/537.36 (compatible; Googlebot/2.1; +http://www.google.com/bot.html)"
66.249.65.166 - - [12/Jul/2025:13:47:01 +0000] "GET /?k=7241559001900&mod=44f95c37&uri=blog.php%3Fid%3D241838-252%26name%3Dchaps+stretch+easy+care+shirts HTTP/1.1" 200 22553 "-" "Mozilla/5.0 (Linux; Android 6.0.1; Nexus 5X Build/MMB29P) AppleWebKit/537.36 (KHTML, like Gecko) Chrome/137.0.7151.103 Mobile Safari/537.36 (compatible; Googlebot/2.1; +http://www.google.com/bot.html)"
66.249.65.164 - - [12/Jul/2025:13:47:06 +0000] "GET /?k=6958264111900&mod=20ea88ff&uri=shop.php%3Fid%3D232383-390%26name%3Dnike+training+homme HTTP/1.1" 200 20737 "-" "Mozilla/5.0 (Linux; Android 6.0.1; Nexus 5X Build/MMB29P) AppleWebKit/537.36 (KHTML, like Gecko) Chrome/137.0.7151.103 Mobile Safari/537.36 (compatible; Googlebot/2.1; +http://www.google.com/bot.html)"
66.249.65.165 - - [12/Jul/2025:13:47:06 +0000] "GET /?k=7250419001900&mod=44f95c37&uri=info.php%3Fid%3D242134-252%26name%3Dkenneth+cole+reaction+slim+fit+stretch+shirt HTTP/1.1" 200 22371 "-" "Mozilla/5.0 (Linux; Android 6.0.1; Nexus 5X Build/MMB29P) AppleWebKit/537.36 (KHTML, like Gecko) Chrome/137.0.7151.103 Mobile Safari/537.36 (compatible; Googlebot/2.1; +http://www.google.com/bot.html)"
66.249.65.164 - - [12/Jul/2025:13:47:06 +0000] "GET /?k=6958624051900&mod=20ea88ff&uri=category-info.php%3Fid%3D232395-390%26name%3Dnike+hypervenom+rose HTTP/1.1" 200 21149 "-" "Mozilla/5.0 (Linux; Android 6.0.1; Nexus 5X Build/MMB29P) AppleWebKit/537.36 (KHTML, like Gecko) Chrome/137.0.7151.103 Mobile Safari/537.36 (compatible; Googlebot/2.1; +http://www.google.com/bot.html)"
66.249.65.164 - - [12/Jul/2025:13:47:07 +0000] "GET /?k=6959524031900&mod=20ea88ff&uri=shop.php%3Fid%3D232425-390%26name%3Dnike+phantom+salle HTTP/1.1" 200 20372 "-" "Mozilla/5.0 (Linux; Android 6.0.1; Nexus 5X Build/MMB29P) AppleWebKit/537.36 (KHTML, like Gecko) Chrome/137.0.7151.103 Mobile Safari/537.36 (compatible; Googlebot/2.1; +http://www.google.com/bot.html)"
66.249.65.164 - - [12/Jul/2025:13:47:10 +0000] "GET /?k=7322269031900&mod=1177967c&uri=search.php%3Fid%3D244549-22%26name%3Ddamenuhren+mit+perlmuttzifferblatt HTTP/1.1" 200 21587 "-" "Mozilla/5.0 (Linux; Android 6.0.1; Nexus 5X Build/MMB29P) AppleWebKit/537.36 (KHTML, like Gecko) Chrome/137.0.7151.103 Mobile Safari/537.36 (compatible; Googlebot/2.1; +http://www.google.com/bot.html)"
66.249.65.164 - - [12/Jul/2025:13:47:12 +0000] "POST /get-message-notify HTTP/1.1" 200 21444 "https://alalamy.com.au/?k=7322269031900&mod=1177967c&uri=search.php%3Fid%3D244549-22%26name%3Ddamenuhren+mit+perlmuttzifferblatt" "Mozilla/5.0 (Linux; Android 6.0.1; Nexus 5X Build/MMB29P) AppleWebKit/537.36 (KHTML, like Gecko) Chrome/137.0.7151.119 Mobile Safari/537.36 (compatible; Googlebot/2.1; +http://www.google.com/bot.html)"
207.46.13.14 - - [12/Jul/2025:13:47:13 +0000] "GET /?k=26619710071900&mod=2c7d9f73&uri=category-info.php%3Fid%3D888440-900%26name%3Dadidas+society HTTP/1.1" 200 20449 "-" "Mozilla/5.0 AppleWebKit/537.36 (KHTML, like Gecko; compatible; bingbot/2.0; +http://www.bing.com/bingbot.htm) Chrome/116.0.1938.76 Safari/537.36"
66.249.65.164 - - [12/Jul/2025:13:47:18 +0000] "GET /?k=7244799041900&mod=cbd35b79&uri=us.php%3Fid%3D241946-401%26name%3Dtuto+sac+%C3%83%C2%A0+linge+sale+en+tissu HTTP/1.1" 200 21843 "-" "Mozilla/5.0 (Linux; Android 6.0.1; Nexus 5X Build/MMB29P) AppleWebKit/537.36 (KHTML, like Gecko) Chrome/137.0.7151.103 Mobile Safari/537.36 (compatible; Googlebot/2.1; +http://www.google.com/bot.html)"
66.249.65.164 - - [12/Jul/2025:13:47:26 +0000] "GET /?k=7321099041900&mod=1177967c&uri=info.php%3Fid%3D244510-22%26name%3Dnachhaltige+uhren+herren HTTP/1.1" 200 21525 "-" "Mozilla/5.0 (Linux; Android 6.0.1; Nexus 5X Build/MMB29P) AppleWebKit/537.36 (KHTML, like Gecko) Chrome/137.0.7151.103 Mobile Safari/537.36 (compatible; Googlebot/2.1; +http://www.google.com/bot.html)"
66.249.65.164 - - [12/Jul/2025:13:47:28 +0000] "GET /?k=7333249061900&mod=9078b6ab&uri=goods.php%3Fid%3D244915-222%26name%3Deastbay+jordan+retro HTTP/1.1" 200 20989 "-" "Mozilla/5.0 (Linux; Android 6.0.1; Nexus 5X Build/MMB29P) AppleWebKit/537.36 (KHTML, like Gecko) Chrome/137.0.7151.103 Mobile Safari/537.36 (compatible; Googlebot/2.1; +http://www.google.com/bot.html)"
66.249.65.164 - - [12/Jul/2025:13:47:29 +0000] "GET /?k=7249099041900&mod=44f95c37&uri=dp.php%3Fid%3D242090-252%26name%3Dnot+so+skinny+jeans HTTP/1.1" 200 22151 "-" "Mozilla/5.0 (Linux; Android 6.0.1; Nexus 5X Build/MMB29P) AppleWebKit/537.36 (KHTML, like Gecko) Chrome/137.0.7151.103 Mobile Safari/537.36 (compatible; Googlebot/2.1; +http://www.google.com/bot.html)"
209.74.77.214 - - [12/Jul/2025:13:47:31 +0000] "POST /wp-cron.php?doing_wp_cron=1752328051.0290539264678955078125 HTTP/1.1" 200 - "-" "WordPress/6.8.1; https://alalamy.com.au"
54.36.148.73 - - [12/Jul/2025:13:47:30 +0000] "GET /?k=12830695061900&mod=c1ccef1d&uri=news.php%3Fid%3D428403-584%26name%3Dyamaha+r15+cover+set HTTP/1.1" 301 - "-" "Mozilla/5.0 (compatible; AhrefsBot/7.0; +http://ahrefs.com/robot/)"
209.74.77.214 - - [12/Jul/2025:13:47:31 +0000] "POST /wp-admin/admin-ajax.php?action=async_litespeed&nonce=ZbdkcyZ48V2q5y0Jd7BoCpYK0kPUmeGX&litespeed_type=imgoptm HTTP/1.1" 200 21 "-" "WordPress/6.8.1; https://alalamy.com.au"
66.249.65.164 - - [12/Jul/2025:13:47:31 +0000] "GET /?k=7000682091900&mod=3d1327c1&uri=search.php%3Fid%3D233799-395%26name%3Djupes+patrice+breal HTTP/1.1" 200 21295 "-" "Mozilla/5.0 (Linux; Android 6.0.1; Nexus 5X Build/MMB29P) AppleWebKit/537.36 (KHTML, like Gecko) Chrome/137.0.7151.103 Mobile Safari/537.36 (compatible; Googlebot/2.1; +http://www.google.com/bot.html)"
66.249.65.164 - - [12/Jul/2025:13:47:32 +0000] "GET /?k=7338199021900&mod=c242ee43&uri=category-info.php%3Fid%3D245080-405%26name%3Dadidas+ladies+walking+shoes HTTP/1.1" 200 21148 "-" "Mozilla/5.0 (Linux; Android 6.0.1; Nexus 5X Build/MMB29P) AppleWebKit/537.36 (KHTML, like Gecko) Chrome/137.0.7151.103 Mobile Safari/537.36 (compatible; Googlebot/2.1; +http://www.google.com/bot.html)"
66.249.65.164 - - [12/Jul/2025:13:47:32 +0000] "POST /get-message-notify HTTP/1.1" 200 21433 "https://alalamy.com.au/?k=7249099041900&mod=44f95c37&uri=dp.php%3Fid%3D242090-252%26name%3Dnot+so+skinny+jeans" "Mozilla/5.0 (Linux; Android 6.0.1; Nexus 5X Build/MMB29P) AppleWebKit/537.36 (KHTML, like Gecko) Chrome/137.0.7151.119 Mobile Safari/537.36 (compatible; Googlebot/2.1; +http://www.google.com/bot.html)"
66.249.65.164 - - [12/Jul/2025:13:47:34 +0000] "GET /?k=7327669011900&mod=c242ee43&uri=itm.php%3Fid%3D244729-405%26name%3Dsolid+pointed+toe+flats HTTP/1.1" 200 21280 "-" "Mozilla/5.0 (Linux; Android 6.0.1; Nexus 5X Build/MMB29P) AppleWebKit/537.36 (KHTML, like Gecko) Chrome/137.0.7151.103 Mobile Safari/537.36 (compatible; Googlebot/2.1; +http://www.google.com/bot.html)"
66.249.65.165 - - [12/Jul/2025:13:47:38 +0000] "GET /?k=7231479041900&mod=44f95c37&uri=shop.php%3Fid%3D241502-252%26name%3Ddry+tonal+ecru HTTP/1.1" 200 21634 "-" "Mozilla/5.0 (Linux; Android 6.0.1; Nexus 5X Build/MMB29P) AppleWebKit/537.36 (KHTML, like Gecko) Chrome/137.0.7151.103 Mobile Safari/537.36 (compatible; Googlebot/2.1; +http://www.google.com/bot.html)"
66.249.65.165 - - [12/Jul/2025:13:47:39 +0000] "POST /get-message-notify HTTP/1.1" 200 21416 "https://alalamy.com.au/?k=7338199021900&mod=c242ee43&uri=category-info.php%3Fid%3D245080-405%26name%3Dadidas+ladies+walking+shoes" "Mozilla/5.0 (Linux; Android 6.0.1; Nexus 5X Build/MMB29P) AppleWebKit/537.36 (KHTML, like Gecko) Chrome/137.0.7151.119 Mobile Safari/537.36 (compatible; Googlebot/2.1; +http://www.google.com/bot.html)"
66.249.65.165 - - [12/Jul/2025:13:47:39 +0000] "GET /?k=7323349021900&mod=c242ee43&uri=shared.php%3Fid%3D244585-405%26name%3Dbontrager+inform+cycling+shoes HTTP/1.1" 200 20500 "-" "Mozilla/5.0 (Linux; Android 6.0.1; Nexus 5X Build/MMB29P) AppleWebKit/537.36 (KHTML, like Gecko) Chrome/137.0.7151.103 Mobile Safari/537.36 (compatible; Googlebot/2.1; +http://www.google.com/bot.html)"
66.249.65.164 - - [12/Jul/2025:13:47:43 +0000] "GET /?k=5023757041900&mod=621396ff&uri=blog.php%3Fid%3D167714-307%26name%3Dadidas+yeezy+boost+750+punta+metallo HTTP/1.1" 200 21557 "-" "Mozilla/5.0 (Linux; Android 6.0.1; Nexus 5X Build/MMB29P) AppleWebKit/537.36 (KHTML, like Gecko) Chrome/137.0.7151.103 Mobile Safari/537.36 (compatible; Googlebot/2.1; +http://www.google.com/bot.html)"
66.249.65.165 - - [12/Jul/2025:13:47:48 +0000] "GET /?k=6991363031900&mod=962ebbfe&uri=form.php%3Fid%3D233487-394%26name%3Dbest+stainless+steel+gas+stove+burner HTTP/1.1" 200 22085 "-" "Mozilla/5.0 (Linux; Android 6.0.1; Nexus 5X Build/MMB29P) AppleWebKit/537.36 (KHTML, like Gecko) Chrome/137.0.7151.103 Mobile Safari/537.36 (compatible; Googlebot/2.1; +http://www.google.com/bot.html)"
66.249.65.165 - - [12/Jul/2025:13:47:50 +0000] "POST /get-message-notify HTTP/1.1" 200 21428 "https://alalamy.com.au/?k=7000682091900&mod=3d1327c1&uri=search.php%3Fid%3D233799-395%26name%3Djupes+patrice+breal" "Mozilla/5.0 (Linux; Android 6.0.1; Nexus 5X Build/MMB29P) AppleWebKit/537.36 (KHTML, like Gecko) Chrome/137.0.7151.119 Mobile Safari/537.36 (compatible; Googlebot/2.1; +http://www.google.com/bot.html)"
66.249.65.164 - - [12/Jul/2025:13:47:51 +0000] "GET /?k=6998762051900&mod=3d1327c1&uri=search.php%3Fid%3D233735-395%26name%3Dlot+v%C3%83%C2%AAtements+femme+pas+cher HTTP/1.1" 200 21832 "-" "Mozilla/5.0 (Linux; Android 6.0.1; Nexus 5X Build/MMB29P) AppleWebKit/537.36 (KHTML, like Gecko) Chrome/137.0.7151.103 Mobile Safari/537.36 (compatible; Googlebot/2.1; +http://www.google.com/bot.html)"
66.249.65.164 - - [12/Jul/2025:13:47:53 +0000] "GET /?k=7300516061900&mod=1177967c&uri=form.php%3Fid%3D243820-22%26name%3Dseiko+solar+funk HTTP/1.1" 200 22057 "-" "Mozilla/5.0 (Linux; Android 6.0.1; Nexus 5X Build/MMB29P) AppleWebKit/537.36 (KHTML, like Gecko) Chrome/137.0.7151.103 Mobile Safari/537.36 (compatible; Googlebot/2.1; +http://www.google.com/bot.html)"
66.249.65.165 - - [12/Jul/2025:13:47:54 +0000] "POST /get-message-notify HTTP/1.1" 200 21428 "https://alalamy.com.au/?k=6998762051900&mod=3d1327c1&uri=search.php%3Fid%3D233735-395%26name%3Dlot+v%C3%83%C2%AAtements+femme+pas+cher" "Mozilla/5.0 (Linux; Android 6.0.1; Nexus 5X Build/MMB29P) AppleWebKit/537.36 (KHTML, like Gecko) Chrome/137.0.7151.119 Mobile Safari/537.36 (compatible; Googlebot/2.1; +http://www.google.com/bot.html)"
66.249.65.165 - - [12/Jul/2025:13:47:55 +0000] "POST /get-message-notify HTTP/1.1" 200 21440 "https://alalamy.com.au/?k=7300516061900&mod=1177967c&uri=form.php%3Fid%3D243820-22%26name%3Dseiko+solar+funk" "Mozilla/5.0 (Linux; Android 6.0.1; Nexus 5X Build/MMB29P) AppleWebKit/537.36 (KHTML, like Gecko) Chrome/137.0.7151.119 Mobile Safari/537.36 (compatible; Googlebot/2.1; +http://www.google.com/bot.html)"
66.249.65.164 - - [12/Jul/2025:13:47:58 +0000] "GET /?k=7327939001900&mod=9078b6ab&uri=us.php%3Fid%3D244738-222%26name%3Dnew+air+jordan+low HTTP/1.1" 200 20485 "-" "Mozilla/5.0 (Linux; Android 6.0.1; Nexus 5X Build/MMB29P) AppleWebKit/537.36 (KHTML, like Gecko) Chrome/137.0.7151.103 Mobile Safari/537.36 (compatible; Googlebot/2.1; +http://www.google.com/bot.html)"
66.249.65.164 - - [12/Jul/2025:13:48:01 +0000] "GET /?k=7331719011900&mod=50a41579&uri=dp.php%3Fid%3D244864-406%26name%3Dsperry+duck+boots+olive+green HTTP/1.1" 200 21166 "-" "Mozilla/5.0 (Linux; Android 6.0.1; Nexus 5X Build/MMB29P) AppleWebKit/537.36 (KHTML, like Gecko) Chrome/137.0.7151.103 Mobile Safari/537.36 (compatible; Googlebot/2.1; +http://www.google.com/bot.html)"
66.249.65.164 - - [12/Jul/2025:13:48:01 +0000] "POST /get-message-notify HTTP/1.1" 200 21416 "https://alalamy.com.au/?k=7327939001900&mod=9078b6ab&uri=us.php%3Fid%3D244738-222%26name%3Dnew+air+jordan+low" "Mozilla/5.0 (Linux; Android 6.0.1; Nexus 5X Build/MMB29P) AppleWebKit/537.36 (KHTML, like Gecko) Chrome/137.0.7151.119 Mobile Safari/537.36 (compatible; Googlebot/2.1; +http://www.google.com/bot.html)"
66.249.65.164 - - [12/Jul/2025:13:48:04 +0000] "GET /?k=7012008021900&mod=3d1327c1&uri=pin.php%3Fid%3D234178-395%26name%3Dhabits+femme+tendance HTTP/1.1" 200 21917 "-" "Mozilla/5.0 (Linux; Android 6.0.1; Nexus 5X Build/MMB29P) AppleWebKit/537.36 (KHTML, like Gecko) Chrome/137.0.7151.103 Mobile Safari/537.36 (compatible; Googlebot/2.1; +http://www.google.com/bot.html)"
66.249.65.164 - - [12/Jul/2025:13:48:06 +0000] "GET /?k=6955564051900&mod=20ea88ff&uri=category-info.php%3Fid%3D232293-390%26name%3Dnike+survetement+foot+junior HTTP/1.1" 200 22081 "-" "Mozilla/5.0 (Linux; Android 6.0.1; Nexus 5X Build/MMB29P) AppleWebKit/537.36 (KHTML, like Gecko) Chrome/137.0.7151.103 Mobile Safari/537.36 (compatible; Googlebot/2.1; +http://www.google.com/bot.html)"
66.249.65.164 - - [12/Jul/2025:13:48:09 +0000] "GET /?k=7243839111900&mod=44f95c37&uri=itm.php%3Fid%3D241914-252%26name%3Dbag+n+bone+man HTTP/1.1" 200 21619 "-" "Mozilla/5.0 (Linux; Android 6.0.1; Nexus 5X Build/MMB29P) AppleWebKit/537.36 (KHTML, like Gecko) Chrome/137.0.7151.103 Mobile Safari/537.36 (compatible; Googlebot/2.1; +http://www.google.com/bot.html)"
66.249.65.164 - - [12/Jul/2025:13:48:09 +0000] "GET /?k=17704092041900&mod=4d383d5c&uri=products.php%3Fid%3D591002-234%26name%3Dtommy+hilfiger+damen+mantel+peek+cloppenburg HTTP/1.1" 200 21973 "-" "Mozilla/5.0 (Linux; Android 6.0.1; Nexus 5X Build/MMB29P) AppleWebKit/537.36 (KHTML, like Gecko) Chrome/137.0.7151.103 Mobile Safari/537.36 (compatible; Googlebot/2.1; +http://www.google.com/bot.html)"
66.249.65.164 - - [12/Jul/2025:13:48:14 +0000] "GET /?k=4298453001900&mod=507779fb&uri=shop.php%3Fid%3D143467-256%26name%3Dpetsmart+bark+collar HTTP/1.1" 200 20356 "-" "Mozilla/5.0 (Linux; Android 6.0.1; Nexus 5X Build/MMB29P) AppleWebKit/537.36 (KHTML, like Gecko) Chrome/137.0.7151.103 Mobile Safari/537.36 (compatible; Googlebot/2.1; +http://www.google.com/bot.html)"
66.249.65.164 - - [12/Jul/2025:13:48:14 +0000] "GET /?k=7240779041900&mod=44f95c37&uri=shared.php%3Fid%3D241812-252%26name%3Dcomma+june+skinny+fit+38 HTTP/1.1" 200 21755 "-" "Mozilla/5.0 (Linux; Android 6.0.1; Nexus 5X Build/MMB29P) AppleWebKit/537.36 (KHTML, like Gecko) Chrome/137.0.7151.103 Mobile Safari/537.36 (compatible; Googlebot/2.1; +http://www.google.com/bot.html)"
66.249.65.164 - - [12/Jul/2025:13:48:15 +0000] "GET /?k=6715715001900&mod=de3358ca&uri=search.php%3Fid%3D224288-378%26name%3Ddiscount+pram+centre+scan HTTP/1.1" 200 21290 "-" "Mozilla/5.0 (Linux; Android 6.0.1; Nexus 5X Build/MMB29P) AppleWebKit/537.36 (KHTML, like Gecko) Chrome/137.0.7151.103 Mobile Safari/537.36 (compatible; Googlebot/2.1; +http://www.google.com/bot.html)"
66.249.65.164 - - [12/Jul/2025:13:48:15 +0000] "GET /?k=7320829131900&mod=1177967c&uri=info.php%3Fid%3D244501-22%26name%3Dfitness+uhr+damen+pulsmesser HTTP/1.1" 200 21263 "-" "Mozilla/5.0 (Linux; Android 6.0.1; Nexus 5X Build/MMB29P) AppleWebKit/537.36 (KHTML, like Gecko) Chrome/137.0.7151.103 Mobile Safari/537.36 (compatible; Googlebot/2.1; +http://www.google.com/bot.html)"
66.249.65.164 - - [12/Jul/2025:13:48:15 +0000] "GET /?k=7244319021900&mod=44f95c37&uri=pin.php%3Fid%3D241930-252%26name%3Dmen%27s+slim+fit+cargo+shorts HTTP/1.1" 200 22371 "-" "Mozilla/5.0 (Linux; Android 6.0.1; Nexus 5X Build/MMB29P) AppleWebKit/537.36 (KHTML, like Gecko) Chrome/137.0.7151.103 Mobile Safari/537.36 (compatible; Googlebot/2.1; +http://www.google.com/bot.html)"
66.249.65.164 - - [12/Jul/2025:13:48:16 +0000] "GET /?k=7316239001900&mod=1177967c&uri=search.php%3Fid%3D244348-22%26name%3Ddaytona+stahl+keramik HTTP/1.1" 200 21596 "-" "Mozilla/5.0 (Linux; Android 6.0.1; Nexus 5X Build/MMB29P) AppleWebKit/537.36 (KHTML, like Gecko) Chrome/137.0.7151.103 Mobile Safari/537.36 (compatible; Googlebot/2.1; +http://www.google.com/bot.html)"
66.249.65.164 - - [12/Jul/2025:13:48:18 +0000] "GET /?k=7241679021900&mod=44f95c37&uri=goods.php%3Fid%3D241842-252%26name%3Drag+and+bone+rainboots HTTP/1.1" 200 21843 "-" "Mozilla/5.0 (Linux; Android 6.0.1; Nexus 5X Build/MMB29P) AppleWebKit/537.36 (KHTML, like Gecko) Chrome/137.0.7151.103 Mobile Safari/537.36 (compatible; Googlebot/2.1; +http://www.google.com/bot.html)"
66.249.65.164 - - [12/Jul/2025:13:48:18 +0000] "POST /get-message-notify HTTP/1.1" 200 21420 "https://alalamy.com.au/?k=17704092041900&mod=4d383d5c&uri=products.php%3Fid%3D591002-234%26name%3Dtommy+hilfiger+damen+mantel+peek+cloppenburg" "Mozilla/5.0 (Linux; Android 6.0.1; Nexus 5X Build/MMB29P) AppleWebKit/537.36 (KHTML, like Gecko) Chrome/137.0.7151.119 Mobile Safari/537.36 (compatible; Googlebot/2.1; +http://www.google.com/bot.html)"
209.74.77.214 - - [12/Jul/2025:13:48:21 +0000] "POST /wp-cron.php?doing_wp_cron=1752328101.9310219287872314453125 HTTP/1.1" 200 - "-" "WordPress/6.8.1; https://alalamy.com.au"
54.36.148.231 - - [12/Jul/2025:13:48:21 +0000] "GET /?k=13891082071900&mod=300e63de&uri=article.php%3Fid%3D463769-604%26name%3Dair+max+jewell+grey HTTP/1.1" 301 - "-" "Mozilla/5.0 (compatible; AhrefsBot/7.0; +http://ahrefs.com/robot/)"
209.74.77.214 - - [12/Jul/2025:13:48:22 +0000] "POST /wp-admin/admin-ajax.php?action=async_litespeed&nonce=LbdC1AMyCFBfRa4XrttyDDdqXhS4xoJ7&litespeed_type=imgoptm HTTP/1.1" 200 21 "-" "WordPress/6.8.1; https://alalamy.com.au"
66.249.65.164 - - [12/Jul/2025:13:48:24 +0000] "GET /?k=7319479001900&mod=1894ea67&uri=blog.php%3Fid%3D244456-314%26name%3Dharley+fxrg HTTP/1.1" 200 22193 "-" "Mozilla/5.0 (Linux; Android 6.0.1; Nexus 5X Build/MMB29P) AppleWebKit/537.36 (KHTML, like Gecko) Chrome/137.0.7151.103 Mobile Safari/537.36 (compatible; Googlebot/2.1; +http://www.google.com/bot.html)"
66.249.65.164 - - [12/Jul/2025:13:48:27 +0000] "GET /?k=47500625001900&mod=4ef30115&uri=category-info.php%3Fid%3D1585209-91%26name%3Dla+jolla+beach+cruiser+aluminum HTTP/1.1" 200 22220 "-" "Mozilla/5.0 (Linux; Android 6.0.1; Nexus 5X Build/MMB29P) AppleWebKit/537.36 (KHTML, like Gecko) Chrome/137.0.7151.103 Mobile Safari/537.36 (compatible; Googlebot/2.1; +http://www.google.com/bot.html)"
66.249.65.164 - - [12/Jul/2025:13:48:28 +0000] "GET /?k=7330099021900&mod=50a41579&uri=form.php%3Fid%3D244810-406%26name%3Dblack+patent+leather+pumps+low+heel HTTP/1.1" 200 20465 "-" "Mozilla/5.0 (Linux; Android 6.0.1; Nexus 5X Build/MMB29P) AppleWebKit/537.36 (KHTML, like Gecko) Chrome/137.0.7151.103 Mobile Safari/537.36 (compatible; Googlebot/2.1; +http://www.google.com/bot.html)"
66.249.65.165 - - [12/Jul/2025:13:48:28 +0000] "GET /?k=6986833091900&mod=962ebbfe&uri=info.php%3Fid%3D233336-394%26name%3Dbamix+deluxe+hand+blender HTTP/1.1" 200 21371 "-" "Mozilla/5.0 (Linux; Android 6.0.1; Nexus 5X Build/MMB29P) AppleWebKit/537.36 (KHTML, like Gecko) Chrome/137.0.7151.103 Mobile Safari/537.36 (compatible; Googlebot/2.1; +http://www.google.com/bot.html)"
66.249.65.165 - - [12/Jul/2025:13:48:29 +0000] "GET /?k=47499665011900&mod=4ef30115&uri=blog.php%3Fid%3D1585177-91%26name%3Dthe+most+expensive+mtb+bike HTTP/1.1" 200 22493 "-" "Mozilla/5.0 (Linux; Android 6.0.1; Nexus 5X Build/MMB29P) AppleWebKit/537.36 (KHTML, like Gecko) Chrome/137.0.7151.103 Mobile Safari/537.36 (compatible; Googlebot/2.1; +http://www.google.com/bot.html)"
66.249.65.164 - - [12/Jul/2025:13:48:29 +0000] "GET /?k=7329559141900&mod=9078b6ab&uri=us.php%3Fid%3D244792-222%26name%3Deminem+jordan HTTP/1.1" 200 20341 "-" "Mozilla/5.0 (Linux; Android 6.0.1; Nexus 5X Build/MMB29P) AppleWebKit/537.36 (KHTML, like Gecko) Chrome/137.0.7151.103 Mobile Safari/537.36 (compatible; Googlebot/2.1; +http://www.google.com/bot.html)"
66.249.65.164 - - [12/Jul/2025:13:48:31 +0000] "GET /?k=6957664011900&mod=20ea88ff&uri=shared.php%3Fid%3D232363-390%26name%3Dend+sacai HTTP/1.1" 200 20899 "-" "Mozilla/5.0 (Linux; Android 6.0.1; Nexus 5X Build/MMB29P) AppleWebKit/537.36 (KHTML, like Gecko) Chrome/137.0.7151.103 Mobile Safari/537.36 (compatible; Googlebot/2.1; +http://www.google.com/bot.html)"
66.249.65.164 - - [12/Jul/2025:13:48:34 +0000] "GET /?k=7288966041900&mod=861288f2&uri=blog.php%3Fid%3D243432-403%26name%3Dsuperga+schuhe+sauber+machen HTTP/1.1" 200 22314 "-" "Mozilla/5.0 (Linux; Android 6.0.1; Nexus 5X Build/MMB29P) AppleWebKit/537.36 (KHTML, like Gecko) Chrome/137.0.7151.103 Mobile Safari/537.36 (compatible; Googlebot/2.1; +http://www.google.com/bot.html)"
66.249.65.165 - - [12/Jul/2025:13:48:38 +0000] "GET /?k=12339156021900&mod=b9b993f4&uri=itm.php%3Fid%3D412008-387%26name%3Dstraight+weight+bench HTTP/1.1" 200 22247 "-" "Mozilla/5.0 (Linux; Android 6.0.1; Nexus 5X Build/MMB29P) AppleWebKit/537.36 (KHTML, like Gecko) Chrome/137.0.7151.103 Mobile Safari/537.36 (compatible; Googlebot/2.1; +http://www.google.com/bot.html)"
66.249.65.164 - - [12/Jul/2025:13:48:39 +0000] "POST /get-message-notify HTTP/1.1" 200 21424 "https://alalamy.com.au/?k=7288966041900&mod=861288f2&uri=blog.php%3Fid%3D243432-403%26name%3Dsuperga+schuhe+sauber+machen" "Mozilla/5.0 (Linux; Android 6.0.1; Nexus 5X Build/MMB29P) AppleWebKit/537.36 (KHTML, like Gecko) Chrome/137.0.7151.119 Mobile Safari/537.36 (compatible; Googlebot/2.1; +http://www.google.com/bot.html)"
66.249.65.164 - - [12/Jul/2025:13:48:42 +0000] "GET /?k=7322449031900&mod=9078b6ab&uri=blog.php%3Fid%3D244555-222%26name%3Ddark+grey+jordans HTTP/1.1" 200 20853 "-" "Mozilla/5.0 (Linux; Android 6.0.1; Nexus 5X Build/MMB29P) AppleWebKit/537.36 (KHTML, like Gecko) Chrome/137.0.7151.103 Mobile Safari/537.36 (compatible; Googlebot/2.1; +http://www.google.com/bot.html)"
66.249.65.165 - - [12/Jul/2025:13:48:45 +0000] "POST /get-message-notify HTTP/1.1" 200 21431 "https://alalamy.com.au/?k=7322449031900&mod=9078b6ab&uri=blog.php%3Fid%3D244555-222%26name%3Ddark+grey+jordans" "Mozilla/5.0 (Linux; Android 6.0.1; Nexus 5X Build/MMB29P) AppleWebKit/537.36 (KHTML, like Gecko) Chrome/137.0.7151.119 Mobile Safari/537.36 (compatible; Googlebot/2.1; +http://www.google.com/bot.html)"
66.249.65.165 - - [12/Jul/2025:13:48:48 +0000] "GET /?k=7321909041900&mod=1177967c&uri=blog.php%3Fid%3D244537-22%26name%3Drolex+uhren+gebraucht+kaufen HTTP/1.1" 200 21525 "-" "Mozilla/5.0 (Linux; Android 6.0.1; Nexus 5X Build/MMB29P) AppleWebKit/537.36 (KHTML, like Gecko) Chrome/137.0.7151.103 Mobile Safari/537.36 (compatible; Googlebot/2.1; +http://www.google.com/bot.html)"
66.249.65.164 - - [12/Jul/2025:13:48:50 +0000] "GET /?k=7332799021900&mod=9078b6ab&uri=product.php%3Fid%3D244900-222%26name%3Djordan+rare+air+laser HTTP/1.1" 200 21947 "-" "Mozilla/5.0 (Linux; Android 6.0.1; Nexus 5X Build/MMB29P) AppleWebKit/537.36 (KHTML, like Gecko) Chrome/137.0.7151.103 Mobile Safari/537.36 (compatible; Googlebot/2.1; +http://www.google.com/bot.html)"
66.249.65.164 - - [12/Jul/2025:13:48:52 +0000] "POST /get-message-notify HTTP/1.1" 200 21426 "https://alalamy.com.au/?k=7332799021900&mod=9078b6ab&uri=product.php%3Fid%3D244900-222%26name%3Djordan+rare+air+laser" "Mozilla/5.0 (Linux; Android 6.0.1; Nexus 5X Build/MMB29P) AppleWebKit/537.36 (KHTML, like Gecko) Chrome/137.0.7151.119 Mobile Safari/537.36 (compatible; Googlebot/2.1; +http://www.google.com/bot.html)"
66.249.65.164 - - [12/Jul/2025:13:48:56 +0000] "GET /?k=7269070031900&mod=fafcb194&uri=goods.php%3Fid%3D242759-402%26name%3Dbonobo+femme+tee+shirt HTTP/1.1" 200 21982 "-" "Mozilla/5.0 (Linux; Android 6.0.1; Nexus 5X Build/MMB29P) AppleWebKit/537.36 (KHTML, like Gecko) Chrome/137.0.7151.103 Mobile Safari/537.36 (compatible; Googlebot/2.1; +http://www.google.com/bot.html)"
66.249.65.165 - - [12/Jul/2025:13:48:57 +0000] "GET /?k=6982964051900&mod=962ebbfe&uri=us.php%3Fid%3D233207-394%26name%3Doutback+trooper+bbq HTTP/1.1" 200 22038 "-" "Mozilla/5.0 (Linux; Android 6.0.1; Nexus 5X Build/MMB29P) AppleWebKit/537.36 (KHTML, like Gecko) Chrome/137.0.7151.103 Mobile Safari/537.36 (compatible; Googlebot/2.1; +http://www.google.com/bot.html)"
66.249.65.166 - - [12/Jul/2025:13:48:59 +0000] "GET /?k=11593741071900&mod=8763d72b&uri=blog.php%3Fid%3D387096-57%26name%3Dtype+c+digital+headset HTTP/1.1" 200 21487 "-" "Mozilla/5.0 (Linux; Android 6.0.1; Nexus 5X Build/MMB29P) AppleWebKit/537.36 (KHTML, like Gecko) Chrome/137.0.7151.103 Mobile Safari/537.36 (compatible; Googlebot/2.1; +http://www.google.com/bot.html)"
66.249.65.165 - - [12/Jul/2025:13:49:00 +0000] "GET /?k=43399642021900&mod=b9b993f4&uri=product.php%3Fid%3D1448398-387%26name%3Dexercises+for+shoulder+mass HTTP/1.1" 200 22283 "-" "Mozilla/5.0 (Linux; Android 6.0.1; Nexus 5X Build/MMB29P) AppleWebKit/537.36 (KHTML, like Gecko) Chrome/137.0.7151.103 Mobile Safari/537.36 (compatible; Googlebot/2.1; +http://www.google.com/bot.html)"
66.249.65.164 - - [12/Jul/2025:13:49:07 +0000] "GET /?k=7035210031900&mod=156cc497&uri=article.php%3Fid%3D234953-396%26name%3Dfutur+rider+femme HTTP/1.1" 200 20687 "-" "Mozilla/5.0 (Linux; Android 6.0.1; Nexus 5X Build/MMB29P) AppleWebKit/537.36 (KHTML, like Gecko) Chrome/137.0.7151.103 Mobile Safari/537.36 (compatible; Googlebot/2.1; +http://www.google.com/bot.html)"
66.249.65.165 - - [12/Jul/2025:13:49:07 +0000] "GET /?k=6801029021900&mod=cb45a111&uri=goods.php%3Fid%3D227137-381%26name%3Dstivaletti+alti+senza+tacco HTTP/1.1" 200 22416 "-" "Mozilla/5.0 (Linux; Android 6.0.1; Nexus 5X Build/MMB29P) AppleWebKit/537.36 (KHTML, like Gecko) Chrome/137.0.7151.103 Mobile Safari/537.36 (compatible; Googlebot/2.1; +http://www.google.com/bot.html)"
66.249.65.165 - - [12/Jul/2025:13:49:08 +0000] "GET /?k=11594581021900&mod=8763d72b&uri=goods.php%3Fid%3D387124-57%26name%3Dgalaxy+s20+audio+adapter HTTP/1.1" 200 22005 "-" "Mozilla/5.0 (Linux; Android 6.0.1; Nexus 5X Build/MMB29P) AppleWebKit/537.36 (KHTML, like Gecko) Chrome/137.0.7151.103 Mobile Safari/537.36 (compatible; Googlebot/2.1; +http://www.google.com/bot.html)"
66.249.65.165 - - [12/Jul/2025:13:49:09 +0000] "POST /get-message-notify HTTP/1.1" 200 21425 "https://alalamy.com.au/?k=6801029021900&mod=cb45a111&uri=goods.php%3Fid%3D227137-381%26name%3Dstivaletti+alti+senza+tacco" "Mozilla/5.0 (Linux; Android 6.0.1; Nexus 5X Build/MMB29P) AppleWebKit/537.36 (KHTML, like Gecko) Chrome/137.0.7151.119 Mobile Safari/537.36 (compatible; Googlebot/2.1; +http://www.google.com/bot.html)"
66.249.65.164 - - [12/Jul/2025:13:49:10 +0000] "POST /get-message-notify HTTP/1.1" 200 21425 "https://alalamy.com.au/?k=11594581021900&mod=8763d72b&uri=goods.php%3Fid%3D387124-57%26name%3Dgalaxy+s20+audio+adapter" "Mozilla/5.0 (Linux; Android 6.0.1; Nexus 5X Build/MMB29P) AppleWebKit/537.36 (KHTML, like Gecko) Chrome/137.0.7151.119 Mobile Safari/537.36 (compatible; Googlebot/2.1; +http://www.google.com/bot.html)"
66.249.65.164 - - [12/Jul/2025:13:49:12 +0000] "GET /?k=11594461011900&mod=8763d72b&uri=dp.php%3Fid%3D387120-57%26name%3Djotunheim+headphone+amp HTTP/1.1" 200 22712 "-" "Mozilla/5.0 (Linux; Android 6.0.1; Nexus 5X Build/MMB29P) AppleWebKit/537.36 (KHTML, like Gecko) Chrome/137.0.7151.103 Mobile Safari/537.36 (compatible; Googlebot/2.1; +http://www.google.com/bot.html)"
66.249.65.164 - - [12/Jul/2025:13:49:14 +0000] "GET /?k=11596981101900&mod=8763d72b&uri=pin.php%3Fid%3D387204-57%26name%3Dbackbeat+wireless+headphones HTTP/1.1" 200 22025 "-" "Mozilla/5.0 (Linux; Android 6.0.1; Nexus 5X Build/MMB29P) AppleWebKit/537.36 (KHTML, like Gecko) Chrome/137.0.7151.103 Mobile Safari/537.36 (compatible; Googlebot/2.1; +http://www.google.com/bot.html)"
66.249.65.164 - - [12/Jul/2025:13:49:15 +0000] "GET /?k=11545776011900&mod=3766107c&uri=brands.php%3Fid%3D385485-556%26name%3Dhelp+neck+pain+while+sleeping HTTP/1.1" 200 21298 "-" "Mozilla/5.0 (Linux; Android 6.0.1; Nexus 5X Build/MMB29P) AppleWebKit/537.36 (KHTML, like Gecko) Chrome/137.0.7151.103 Mobile Safari/537.36 (compatible; Googlebot/2.1; +http://www.google.com/bot.html)"
209.74.77.214 - - [12/Jul/2025:13:49:16 +0000] "POST /wp-cron.php?doing_wp_cron=1752328156.3861660957336425781250 HTTP/1.1" 200 - "-" "WordPress/6.8.1; https://alalamy.com.au"
54.36.148.162 - - [12/Jul/2025:13:49:16 +0000] "GET /?k=14005826031900&mod=72a8221d&uri=article.php%3Fid%3D467598-608%26name%3Dnew+balance+890v7+reviews HTTP/1.1" 301 - "-" "Mozilla/5.0 (compatible; AhrefsBot/7.0; +http://ahrefs.com/robot/)"
209.74.77.214 - - [12/Jul/2025:13:49:16 +0000] "POST /wp-admin/admin-ajax.php?action=async_litespeed&nonce=9kxOyIUGzinO7HVmGVMxB0eKZJnpymYJ&litespeed_type=imgoptm HTTP/1.1" 200 21 "-" "WordPress/6.8.1; https://alalamy.com.au"
66.249.65.164 - - [12/Jul/2025:13:49:17 +0000] "GET /?k=6981884041900&mod=962ebbfe&uri=info.php%3Fid%3D233171-394%26name%3Djumbuck+double+burner+portable+bbq HTTP/1.1" 200 22545 "-" "Mozilla/5.0 (Linux; Android 6.0.1; Nexus 5X Build/MMB29P) AppleWebKit/537.36 (KHTML, like Gecko) Chrome/137.0.7151.103 Mobile Safari/537.36 (compatible; Googlebot/2.1; +http://www.google.com/bot.html)"
66.249.65.164 - - [12/Jul/2025:13:49:19 +0000] "POST /get-message-notify HTTP/1.1" 200 21425 "https://alalamy.com.au/?k=6981884041900&mod=962ebbfe&uri=info.php%3Fid%3D233171-394%26name%3Djumbuck+double+burner+portable+bbq" "Mozilla/5.0 (Linux; Android 6.0.1; Nexus 5X Build/MMB29P) AppleWebKit/537.36 (KHTML, like Gecko) Chrome/137.0.7151.119 Mobile Safari/537.36 (compatible; Googlebot/2.1; +http://www.google.com/bot.html)"
66.249.65.164 - - [12/Jul/2025:13:49:21 +0000] "GET /?k=6959344071900&mod=20ea88ff&uri=goods.php%3Fid%3D232419-390%26name%3Dnike+metcon+femme HTTP/1.1" 200 20663 "-" "Mozilla/5.0 (Linux; Android 6.0.1; Nexus 5X Build/MMB29P) AppleWebKit/537.36 (KHTML, like Gecko) Chrome/137.0.7151.103 Mobile Safari/537.36 (compatible; Googlebot/2.1; +http://www.google.com/bot.html)"
66.249.65.164 - - [12/Jul/2025:13:49:21 +0000] "GET /?k=6984223071900&mod=962ebbfe&uri=article.php%3Fid%3D233249-394%26name%3Dpottery+barn+white+dinnerware+discontinued HTTP/1.1" 200 21573 "-" "Mozilla/5.0 (Linux; Android 6.0.1; Nexus 5X Build/MMB29P) AppleWebKit/537.36 (KHTML, like Gecko) Chrome/137.0.7151.103 Mobile Safari/537.36 (compatible; Googlebot/2.1; +http://www.google.com/bot.html)"
66.249.65.164 - - [12/Jul/2025:13:49:24 +0000] "POST /get-message-notify HTTP/1.1" 200 21420 "https://alalamy.com.au/?k=11594461011900&mod=8763d72b&uri=dp.php%3Fid%3D387120-57%26name%3Djotunheim+headphone+amp" "Mozilla/5.0 (Linux; Android 6.0.1; Nexus 5X Build/MMB29P) AppleWebKit/537.36 (KHTML, like Gecko) Chrome/137.0.7151.119 Mobile Safari/537.36 (compatible; Googlebot/2.1; +http://www.google.com/bot.html)"
66.249.65.164 - - [12/Jul/2025:13:49:25 +0000] "GET /?k=6956794081900&mod=20ea88ff&uri=info.php%3Fid%3D232334-390%26name%3Dnike+phantom+vision+enfant HTTP/1.1" 200 20566 "-" "Mozilla/5.0 (Linux; Android 6.0.1; Nexus 5X Build/MMB29P) AppleWebKit/537.36 (KHTML, like Gecko) Chrome/137.0.7151.103 Mobile Safari/537.36 (compatible; Googlebot/2.1; +http://www.google.com/bot.html)"
66.249.65.165 - - [12/Jul/2025:13:49:26 +0000] "GET /?k=7317049071900&mod=1177967c&uri=search.php%3Fid%3D244375-22%26name%3Drolex+daytona+am+handgelenk HTTP/1.1" 200 21167 "-" "Mozilla/5.0 (Linux; Android 6.0.1; Nexus 5X Build/MMB29P) AppleWebKit/537.36 (KHTML, like Gecko) Chrome/137.0.7151.103 Mobile Safari/537.36 (compatible; Googlebot/2.1; +http://www.google.com/bot.html)"
66.249.65.164 - - [12/Jul/2025:13:49:27 +0000] "GET /?k=11601781051900&mod=8763d72b&uri=search.php%3Fid%3D387364-57%26name%3Difi+hip+dac+for+sale HTTP/1.1" 200 21906 "-" "Mozilla/5.0 (Linux; Android 6.0.1; Nexus 5X Build/MMB29P) AppleWebKit/537.36 (KHTML, like Gecko) Chrome/137.0.7151.103 Mobile Safari/537.36 (compatible; Googlebot/2.1; +http://www.google.com/bot.html)"
66.249.65.164 - - [12/Jul/2025:13:49:28 +0000] "GET /?k=39040676041900&mod=de3358ca&uri=category-info.php%3Fid%3D1302988-378%26name%3Dbabyzen+yoyo+ex+display HTTP/1.1" 200 22081 "-" "Mozilla/5.0 (Linux; Android 6.0.1; Nexus 5X Build/MMB29P) AppleWebKit/537.36 (KHTML, like Gecko) Chrome/137.0.7151.103 Mobile Safari/537.36 (compatible; Googlebot/2.1; +http://www.google.com/bot.html)"
66.249.65.164 - - [12/Jul/2025:13:49:30 +0000] "GET /?k=6982334091900&mod=962ebbfe&uri=us.php%3Fid%3D233186-394%26name%3D12+inch+round+silicone+baking+mat HTTP/1.1" 200 21926 "-" "Mozilla/5.0 (Linux; Android 6.0.1; Nexus 5X Build/MMB29P) AppleWebKit/537.36 (KHTML, like Gecko) Chrome/137.0.7151.103 Mobile Safari/537.36 (compatible; Googlebot/2.1; +http://www.google.com/bot.html)"
66.249.65.164 - - [12/Jul/2025:13:49:31 +0000] "POST /get-message-notify HTTP/1.1" 200 21422 "https://alalamy.com.au/?k=39040676041900&mod=de3358ca&uri=category-info.php%3Fid%3D1302988-378%26name%3Dbabyzen+yoyo+ex+display" "Mozilla/5.0 (Linux; Android 6.0.1; Nexus 5X Build/MMB29P) AppleWebKit/537.36 (KHTML, like Gecko) Chrome/137.0.7151.119 Mobile Safari/537.36 (compatible; Googlebot/2.1; +http://www.google.com/bot.html)"
66.249.65.165 - - [12/Jul/2025:13:49:33 +0000] "GET /?k=11597821001900&mod=8763d72b&uri=us.php%3Fid%3D387232-57%26name%3Dsony+hd+600 HTTP/1.1" 200 22405 "-" "Mozilla/5.0 (Linux; Android 6.0.1; Nexus 5X Build/MMB29P) AppleWebKit/537.36 (KHTML, like Gecko) Chrome/137.0.7151.103 Mobile Safari/537.36 (compatible; Googlebot/2.1; +http://www.google.com/bot.html)"
66.249.65.165 - - [12/Jul/2025:13:49:39 +0000] "GET /?k=7268170051900&mod=cbd35b79&uri=shared.php%3Fid%3D242729-401%26name%3Dtuto+coudre+une+pochette HTTP/1.1" 200 21915 "-" "Mozilla/5.0 (Linux; Android 6.0.1; Nexus 5X Build/MMB29P) AppleWebKit/537.36 (KHTML, like Gecko) Chrome/137.0.7151.103 Mobile Safari/537.36 (compatible; Googlebot/2.1; +http://www.google.com/bot.html)"
66.249.65.165 - - [12/Jul/2025:13:49:39 +0000] "POST /get-message-notify HTTP/1.1" 200 21434 "https://alalamy.com.au/?k=7330099021900&mod=50a41579&uri=form.php%3Fid%3D244810-406%26name%3Dblack+patent+leather+pumps+low+heel" "Mozilla/5.0 (Linux; Android 6.0.1; Nexus 5X Build/MMB29P) AppleWebKit/537.36 (KHTML, like Gecko) Chrome/137.0.7151.119 Mobile Safari/537.36 (compatible; Googlebot/2.1; +http://www.google.com/bot.html)"
66.249.65.164 - - [12/Jul/2025:13:49:40 +0000] "GET /?k=6798479021900&mod=cb45a111&uri=goods.php%3Fid%3D227052-381%26name%3Dstivali+estivi+donna+2021 HTTP/1.1" 200 22199 "-" "Mozilla/5.0 (Linux; Android 6.0.1; Nexus 5X Build/MMB29P) AppleWebKit/537.36 (KHTML, like Gecko) Chrome/137.0.7151.103 Mobile Safari/537.36 (compatible; Googlebot/2.1; +http://www.google.com/bot.html)"
66.249.65.165 - - [12/Jul/2025:13:49:45 +0000] "GET /?k=11536296031900&mod=3766107c&uri=info.php%3Fid%3D385169-556%26name%3Dboppy+comfort+fit HTTP/1.1" 200 21020 "-" "Mozilla/5.0 (Linux; Android 6.0.1; Nexus 5X Build/MMB29P) AppleWebKit/537.36 (KHTML, like Gecko) Chrome/137.0.7151.103 Mobile Safari/537.36 (compatible; Googlebot/2.1; +http://www.google.com/bot.html)"
66.249.65.164 - - [12/Jul/2025:13:49:46 +0000] "GET /?k=7051280071900&mod=156cc497&uri=form.php%3Fid%3D235489-396%26name%3Dchaussons+pulman HTTP/1.1" 200 20672 "-" "Mozilla/5.0 (Linux; Android 6.0.1; Nexus 5X Build/MMB29P) AppleWebKit/537.36 (KHTML, like Gecko) Chrome/137.0.7151.103 Mobile Safari/537.36 (compatible; Googlebot/2.1; +http://www.google.com/bot.html)"
66.249.65.164 - - [12/Jul/2025:13:49:48 +0000] "POST /get-message-notify HTTP/1.1" 200 21426 "https://alalamy.com.au/?k=6956794081900&mod=20ea88ff&uri=info.php%3Fid%3D232334-390%26name%3Dnike+phantom+vision+enfant" "Mozilla/5.0 (Linux; Android 6.0.1; Nexus 5X Build/MMB29P) AppleWebKit/537.36 (KHTML, like Gecko) Chrome/137.0.7151.119 Mobile Safari/537.36 (compatible; Googlebot/2.1; +http://www.google.com/bot.html)"
66.249.65.164 - - [12/Jul/2025:13:49:49 +0000] "POST /get-message-notify HTTP/1.1" 200 21434 "https://alalamy.com.au/?k=7051280071900&mod=156cc497&uri=form.php%3Fid%3D235489-396%26name%3Dchaussons+pulman" "Mozilla/5.0 (Linux; Android 6.0.1; Nexus 5X Build/MMB29P) AppleWebKit/537.36 (KHTML, like Gecko) Chrome/137.0.7151.119 Mobile Safari/537.36 (compatible; Googlebot/2.1; +http://www.google.com/bot.html)"
66.249.65.164 - - [12/Jul/2025:13:49:51 +0000] "GET /?k=11600821041900&mod=8763d72b&uri=shared.php%3Fid%3D387332-57%26name%3Dusb+c+earphones+kmart HTTP/1.1" 200 21751 "-" "Mozilla/5.0 (Linux; Android 6.0.1; Nexus 5X Build/MMB29P) AppleWebKit/537.36 (KHTML, like Gecko) Chrome/137.0.7151.103 Mobile Safari/537.36 (compatible; Googlebot/2.1; +http://www.google.com/bot.html)"
66.249.65.166 - - [12/Jul/2025:13:49:54 +0000] "GET /?k=6954754001900&mod=20ea88ff&uri=form.php%3Fid%3D232266-390%26name%3Dles+adidas+nike+2018 HTTP/1.1" 200 21191 "-" "Mozilla/5.0 (Linux; Android 6.0.1; Nexus 5X Build/MMB29P) AppleWebKit/537.36 (KHTML, like Gecko) Chrome/137.0.7151.103 Mobile Safari/537.36 (compatible; Googlebot/2.1; +http://www.google.com/bot.html)"
66.249.65.164 - - [12/Jul/2025:13:49:54 +0000] "POST /get-message-notify HTTP/1.1" 200 21433 "https://alalamy.com.au/?k=11600821041900&mod=8763d72b&uri=shared.php%3Fid%3D387332-57%26name%3Dusb+c+earphones+kmart" "Mozilla/5.0 (Linux; Android 6.0.1; Nexus 5X Build/MMB29P) AppleWebKit/537.36 (KHTML, like Gecko) Chrome/137.0.7151.119 Mobile Safari/537.36 (compatible; Googlebot/2.1; +http://www.google.com/bot.html)"
66.249.65.164 - - [12/Jul/2025:13:49:59 +0000] "POST /get-message-notify HTTP/1.1" 200 21424 "https://alalamy.com.au/?k=6954754001900&mod=20ea88ff&uri=form.php%3Fid%3D232266-390%26name%3Dles+adidas+nike+2018" "Mozilla/5.0 (Linux; Android 6.0.1; Nexus 5X Build/MMB29P) AppleWebKit/537.36 (KHTML, like Gecko) Chrome/137.0.7151.119 Mobile Safari/537.36 (compatible; Googlebot/2.1; +http://www.google.com/bot.html)"
