66.249.65.164 - - [12/Jul/2025:13:30:20 +0000] "GET /?k=7307979001900&mod=1177967c&uri=products.php%3Fid%3D244070-22%26name%3Drolex+day+just+stahl HTTP/1.1" 200 21526 "-" "Mozilla/5.0 (Linux; Android 6.0.1; Nexus 5X Build/MMB29P) AppleWebKit/537.36 (KHTML, like Gecko) Chrome/137.0.7151.103 Mobile Safari/537.36 (compatible; Googlebot/2.1; +http://www.google.com/bot.html)"
66.249.65.164 - - [12/Jul/2025:13:30:22 +0000] "GET /?k=7329289001900&mod=c242ee43&uri=product.php%3Fid%3D244783-405%26name%3Djeffrey+campbell+black+ankle+boots HTTP/1.1" 200 21036 "-" "Mozilla/5.0 (Linux; Android 6.0.1; Nexus 5X Build/MMB29P) AppleWebKit/537.36 (KHTML, like Gecko) Chrome/137.0.7151.103 Mobile Safari/537.36 (compatible; Googlebot/2.1; +http://www.google.com/bot.html)"
66.249.65.164 - - [12/Jul/2025:13:30:23 +0000] "POST /get-message-notify HTTP/1.1" 200 21423 "https://alalamy.com.au/?k=7307979001900&mod=1177967c&uri=products.php%3Fid%3D244070-22%26name%3Drolex+day+just+stahl" "Mozilla/5.0 (Linux; Android 6.0.1; Nexus 5X Build/MMB29P) AppleWebKit/537.36 (KHTML, like Gecko) Chrome/137.0.7151.119 Mobile Safari/537.36 (compatible; Googlebot/2.1; +http://www.google.com/bot.html)"
66.249.65.164 - - [12/Jul/2025:13:30:23 +0000] "GET /?k=7316539081900&mod=1177967c&uri=shared.php%3Fid%3D244358-22%26name%3Darmband+f%C3%83%C2%BCr+herrenuhren HTTP/1.1" 200 21624 "-" "Mozilla/5.0 (Linux; Android 6.0.1; Nexus 5X Build/MMB29P) AppleWebKit/537.36 (KHTML, like Gecko) Chrome/137.0.7151.103 Mobile Safari/537.36 (compatible; Googlebot/2.1; +http://www.google.com/bot.html)"
66.249.65.164 - - [12/Jul/2025:13:30:25 +0000] "POST /get-message-notify HTTP/1.1" 200 21429 "https://alalamy.com.au/?k=7329289001900&mod=c242ee43&uri=product.php%3Fid%3D244783-405%26name%3Djeffrey+campbell+black+ankle+boots" "Mozilla/5.0 (Linux; Android 6.0.1; Nexus 5X Build/MMB29P) AppleWebKit/537.36 (KHTML, like Gecko) Chrome/137.0.7151.119 Mobile Safari/537.36 (compatible; Googlebot/2.1; +http://www.google.com/bot.html)"
66.249.65.164 - - [12/Jul/2025:13:30:27 +0000] "GET /?k=7306779001900&mod=1177967c&uri=form.php%3Fid%3D244030-22%26name%3Ddamenuhr+amazon+g%C3%83%C2%BCnstig HTTP/1.1" 200 21964 "-" "Mozilla/5.0 (Linux; Android 6.0.1; Nexus 5X Build/MMB29P) AppleWebKit/537.36 (KHTML, like Gecko) Chrome/137.0.7151.103 Mobile Safari/537.36 (compatible; Googlebot/2.1; +http://www.google.com/bot.html)"
66.249.65.165 - - [12/Jul/2025:13:30:27 +0000] "GET /?k=7167874031900&mod=4d383d5c&uri=search.php%3Fid%3D239381-234%26name%3Djack+wolfskin+herren+midnight+moon+men+fleecejacke HTTP/1.1" 200 22369 "-" "Mozilla/5.0 (Linux; Android 6.0.1; Nexus 5X Build/MMB29P) AppleWebKit/537.36 (KHTML, like Gecko) Chrome/137.0.7151.103 Mobile Safari/537.36 (compatible; Googlebot/2.1; +http://www.google.com/bot.html)"
66.249.65.164 - - [12/Jul/2025:13:30:28 +0000] "GET /?k=6956224051900&mod=20ea88ff&uri=itm.php%3Fid%3D232315-390%26name%3Dclaquette+just+do+it HTTP/1.1" 200 20616 "-" "Mozilla/5.0 (Linux; Android 6.0.1; Nexus 5X Build/MMB29P) AppleWebKit/537.36 (KHTML, like Gecko) Chrome/137.0.7151.103 Mobile Safari/537.36 (compatible; Googlebot/2.1; +http://www.google.com/bot.html)"
66.249.65.164 - - [12/Jul/2025:13:30:29 +0000] "GET /?k=102951501001900&mod=de3358ca&uri=product.php%3Fid%3D3435785-378%26name%3Dmaxi+cosi+rodi+air+protect+crash+test HTTP/1.1" 200 21491 "-" "Mozilla/5.0 (Linux; Android 6.0.1; Nexus 5X Build/MMB29P) AppleWebKit/537.36 (KHTML, like Gecko) Chrome/137.0.7151.103 Mobile Safari/537.36 (compatible; Googlebot/2.1; +http://www.google.com/bot.html)"
66.249.65.165 - - [12/Jul/2025:13:30:30 +0000] "GET /?k=7205949011900&mod=5e3a4137&uri=product.php%3Fid%3D240651-400%26name%3Dmi+fit+replacement+band HTTP/1.1" 200 21843 "-" "Mozilla/5.0 (Linux; Android 6.0.1; Nexus 5X Build/MMB29P) AppleWebKit/537.36 (KHTML, like Gecko) Chrome/137.0.7151.103 Mobile Safari/537.36 (compatible; Googlebot/2.1; +http://www.google.com/bot.html)"
66.249.65.165 - - [12/Jul/2025:13:30:31 +0000] "POST /get-message-notify HTTP/1.1" 200 21425 "https://alalamy.com.au/?k=6802677021900&mod=cb45a111&uri=us.php%3Fid%3D227192-381%26name%3Dfasciani+stivali+equitazione" "Mozilla/5.0 (Linux; Android 6.0.1; Nexus 5X Build/MMB29P) AppleWebKit/537.36 (KHTML, like Gecko) Chrome/137.0.7151.119 Mobile Safari/537.36 (compatible; Googlebot/2.1; +http://www.google.com/bot.html)"
66.249.65.164 - - [12/Jul/2025:13:30:31 +0000] "POST /get-message-notify HTTP/1.1" 200 21427 "https://alalamy.com.au/?k=102951501001900&mod=de3358ca&uri=product.php%3Fid%3D3435785-378%26name%3Dmaxi+cosi+rodi+air+protect+crash+test" "Mozilla/5.0 (Linux; Android 6.0.1; Nexus 5X Build/MMB29P) AppleWebKit/537.36 (KHTML, like Gecko) Chrome/137.0.7151.119 Mobile Safari/537.36 (compatible; Googlebot/2.1; +http://www.google.com/bot.html)"
66.249.65.164 - - [12/Jul/2025:13:30:32 +0000] "POST /get-message-notify HTTP/1.1" 200 21430 "https://alalamy.com.au/?k=7318699021900&mod=1177967c&uri=us.php%3Fid%3D244430-22%26name%3Dapple+watch+damen+g%C3%83%C2%BCnstig" "Mozilla/5.0 (Linux; Android 6.0.1; Nexus 5X Build/MMB29P) AppleWebKit/537.36 (KHTML, like Gecko) Chrome/137.0.7151.119 Mobile Safari/537.36 (compatible; Googlebot/2.1; +http://www.google.com/bot.html)"
66.249.65.165 - - [12/Jul/2025:13:30:32 +0000] "POST /get-message-notify HTTP/1.1" 200 21418 "https://alalamy.com.au/?k=7167874031900&mod=4d383d5c&uri=search.php%3Fid%3D239381-234%26name%3Djack+wolfskin+herren+midnight+moon+men+fleecejacke" "Mozilla/5.0 (Linux; Android 6.0.1; Nexus 5X Build/MMB29P) AppleWebKit/537.36 (KHTML, like Gecko) Chrome/137.0.7151.119 Mobile Safari/537.36 (compatible; Googlebot/2.1; +http://www.google.com/bot.html)"
66.249.65.164 - - [12/Jul/2025:13:30:42 +0000] "GET /?k=6959824031900&mod=20ea88ff&uri=dp.php%3Fid%3D232435-390%26name%3Dnike+cortez+femme+noir+et+rose HTTP/1.1" 200 21204 "-" "Mozilla/5.0 (Linux; Android 6.0.1; Nexus 5X Build/MMB29P) AppleWebKit/537.36 (KHTML, like Gecko) Chrome/137.0.7151.103 Mobile Safari/537.36 (compatible; Googlebot/2.1; +http://www.google.com/bot.html)"
66.249.65.164 - - [12/Jul/2025:13:30:44 +0000] "GET /?k=7326049021900&mod=1894ea67&uri=blog.php%3Fid%3D244675-314%26name%3Dfj%C3%83%C2%A4llr%C3%83%C2%A4ven+keb+jacket+m+test HTTP/1.1" 200 22145 "-" "Mozilla/5.0 (Linux; Android 6.0.1; Nexus 5X Build/MMB29P) AppleWebKit/537.36 (KHTML, like Gecko) Chrome/137.0.7151.103 Mobile Safari/537.36 (compatible; Googlebot/2.1; +http://www.google.com/bot.html)"
66.249.65.164 - - [12/Jul/2025:13:30:46 +0000] "GET /?k=6993523091900&mod=3d1327c1&uri=pin.php%3Fid%3D233559-395%26name%3Dbandeau+mariage+cheveux HTTP/1.1" 200 20698 "-" "Mozilla/5.0 (Linux; Android 6.0.1; Nexus 5X Build/MMB29P) AppleWebKit/537.36 (KHTML, like Gecko) Chrome/137.0.7151.103 Mobile Safari/537.36 (compatible; Googlebot/2.1; +http://www.google.com/bot.html)"
209.74.77.214 - - [12/Jul/2025:13:30:46 +0000] "POST /wp-cron.php?doing_wp_cron=1752327046.7428009510040283203125 HTTP/1.1" 200 - "-" "WordPress/6.8.1; https://alalamy.com.au"
209.74.77.214 - - [12/Jul/2025:13:30:46 +0000] "POST /wp-admin/admin-ajax.php?action=async_litespeed&nonce=bRGH1fBHjW6KPPTXHp6I0koEPforoL3o&litespeed_type=imgoptm HTTP/1.1" 200 21 "-" "WordPress/6.8.1; https://alalamy.com.au"
54.36.149.62 - - [12/Jul/2025:13:30:46 +0000] "GET /?k=116086693051900&uri=goods.php%3Fid%3D3874229-745%26name%3Denve%20dh%20stem HTTP/1.1" 200 26570 "-" "Mozilla/5.0 (compatible; AhrefsBot/7.0; +http://ahrefs.com/robot/)"
66.249.65.164 - - [12/Jul/2025:13:30:48 +0000] "POST /get-message-notify HTTP/1.1" 200 21423 "https://alalamy.com.au/?k=7306779001900&mod=1177967c&uri=form.php%3Fid%3D244030-22%26name%3Ddamenuhr+amazon+g%C3%83%C2%BCnstig" "Mozilla/5.0 (Linux; Android 6.0.1; Nexus 5X Build/MMB29P) AppleWebKit/537.36 (KHTML, like Gecko) Chrome/137.0.7151.119 Mobile Safari/537.36 (compatible; Googlebot/2.1; +http://www.google.com/bot.html)"
66.249.65.165 - - [12/Jul/2025:13:30:50 +0000] "GET /?k=7337659041900&mod=c242ee43&uri=brands.php%3Fid%3D245062-405%26name%3D3g+womens+bowling+shoes HTTP/1.1" 200 20879 "-" "Mozilla/5.0 (Linux; Android 6.0.1; Nexus 5X Build/MMB29P) AppleWebKit/537.36 (KHTML, like Gecko) Chrome/137.0.7151.103 Mobile Safari/537.36 (compatible; Googlebot/2.1; +http://www.google.com/bot.html)"
66.249.65.164 - - [12/Jul/2025:13:30:50 +0000] "GET /?k=6940055041900&mod=20ea88ff&uri=goods.php%3Fid%3D231776-390%26name%3Dpolo+nike+fc+barcelona HTTP/1.1" 200 21034 "-" "Mozilla/5.0 (Linux; Android 6.0.1; Nexus 5X Build/MMB29P) AppleWebKit/537.36 (KHTML, like Gecko) Chrome/137.0.7151.103 Mobile Safari/537.36 (compatible; Googlebot/2.1; +http://www.google.com/bot.html)"
66.249.65.165 - - [12/Jul/2025:13:30:53 +0000] "GET /?k=7340089051900&mod=9078b6ab&uri=shared.php%3Fid%3D245143-222%26name%3Djordan+rise+diamond+short HTTP/1.1" 200 21099 "-" "Mozilla/5.0 (Linux; Android 6.0.1; Nexus 5X Build/MMB29P) AppleWebKit/537.36 (KHTML, like Gecko) Chrome/137.0.7151.103 Mobile Safari/537.36 (compatible; Googlebot/2.1; +http://www.google.com/bot.html)"
66.249.65.166 - - [12/Jul/2025:13:30:53 +0000] "GET /?k=7206729011900&mod=5e3a4137&uri=news.php%3Fid%3D240677-400%26name%3Dtag+heuer+grand+carrera+calibre+36+replacement+strap HTTP/1.1" 200 22382 "-" "Mozilla/5.0 (Linux; Android 6.0.1; Nexus 5X Build/MMB29P) AppleWebKit/537.36 (KHTML, like Gecko) Chrome/137.0.7151.103 Mobile Safari/537.36 (compatible; Googlebot/2.1; +http://www.google.com/bot.html)"
66.249.65.165 - - [12/Jul/2025:13:30:55 +0000] "GET /?k=119539368011900&mod=615ee851&uri=us.php%3Fid%3D3989395-437%26name%3Dteva+universal+trail+review HTTP/1.1" 200 22489 "-" "Mozilla/5.0 (Linux; Android 6.0.1; Nexus 5X Build/MMB29P) AppleWebKit/537.36 (KHTML, like Gecko) Chrome/137.0.7151.103 Mobile Safari/537.36 (compatible; Googlebot/2.1; +http://www.google.com/bot.html)"
66.249.65.165 - - [12/Jul/2025:13:30:56 +0000] "GET /?k=7227429011900&mod=44f95c37&uri=goods.php%3Fid%3D241367-252%26name%3Dm+slim+fit+size HTTP/1.1" 200 22264 "-" "Mozilla/5.0 (Linux; Android 6.0.1; Nexus 5X Build/MMB29P) AppleWebKit/537.36 (KHTML, like Gecko) Chrome/137.0.7151.103 Mobile Safari/537.36 (compatible; Googlebot/2.1; +http://www.google.com/bot.html)"
66.249.65.166 - - [12/Jul/2025:13:30:58 +0000] "GET /?k=7226019061900&mod=44f95c37&uri=brands.php%3Fid%3D241320-252%26name%3Drag+and+bone+man HTTP/1.1" 200 22061 "-" "Mozilla/5.0 (Linux; Android 6.0.1; Nexus 5X Build/MMB29P) AppleWebKit/537.36 (KHTML, like Gecko) Chrome/137.0.7151.103 Mobile Safari/537.36 (compatible; Googlebot/2.1; +http://www.google.com/bot.html)"
66.249.65.165 - - [12/Jul/2025:13:31:01 +0000] "POST /get-message-notify HTTP/1.1" 200 21431 "https://alalamy.com.au/?k=7337659041900&mod=c242ee43&uri=brands.php%3Fid%3D245062-405%26name%3D3g+womens+bowling+shoes" "Mozilla/5.0 (Linux; Android 6.0.1; Nexus 5X Build/MMB29P) AppleWebKit/537.36 (KHTML, like Gecko) Chrome/137.0.7151.119 Mobile Safari/537.36 (compatible; Googlebot/2.1; +http://www.google.com/bot.html)"
66.249.65.166 - - [12/Jul/2025:13:31:02 +0000] "POST /get-message-notify HTTP/1.1" 200 21430 "https://alalamy.com.au/?k=7206729011900&mod=5e3a4137&uri=news.php%3Fid%3D240677-400%26name%3Dtag+heuer+grand+carrera+calibre+36+replacement+strap" "Mozilla/5.0 (Linux; Android 6.0.1; Nexus 5X Build/MMB29P) AppleWebKit/537.36 (KHTML, like Gecko) Chrome/137.0.7151.119 Mobile Safari/537.36 (compatible; Googlebot/2.1; +http://www.google.com/bot.html)"
66.249.65.164 - - [12/Jul/2025:13:31:04 +0000] "POST /get-message-notify HTTP/1.1" 200 21422 "https://alalamy.com.au/?k=7312987021900&mod=1177967c&uri=products.php%3Fid%3D244238-22%26name%3Dmisfit+uhren+damen" "Mozilla/5.0 (Linux; Android 6.0.1; Nexus 5X Build/MMB29P) AppleWebKit/537.36 (KHTML, like Gecko) Chrome/137.0.7151.119 Mobile Safari/537.36 (compatible; Googlebot/2.1; +http://www.google.com/bot.html)"
66.249.65.165 - - [12/Jul/2025:13:31:01 +0000] "GET /?k=7205709031900&mod=5e3a4137&uri=brands.php%3Fid%3D240643-400%26name%3Dtimex+expedition+watch+band+replacement HTTP/1.1" 200 21412 "-" "Mozilla/5.0 (Linux; Android 6.0.1; Nexus 5X Build/MMB29P) AppleWebKit/537.36 (KHTML, like Gecko) Chrome/137.0.7151.103 Mobile Safari/537.36 (compatible; Googlebot/2.1; +http://www.google.com/bot.html)"
66.249.65.165 - - [12/Jul/2025:13:31:05 +0000] "POST /get-message-notify HTTP/1.1" 200 21425 "https://alalamy.com.au/?k=7226019061900&mod=44f95c37&uri=brands.php%3Fid%3D241320-252%26name%3Drag+and+bone+man" "Mozilla/5.0 (Linux; Android 6.0.1; Nexus 5X Build/MMB29P) AppleWebKit/537.36 (KHTML, like Gecko) Chrome/137.0.7151.119 Mobile Safari/537.36 (compatible; Googlebot/2.1; +http://www.google.com/bot.html)"
66.249.65.164 - - [12/Jul/2025:13:31:10 +0000] "POST /get-message-notify HTTP/1.1" 200 21429 "https://alalamy.com.au/?k=7205709031900&mod=5e3a4137&uri=brands.php%3Fid%3D240643-400%26name%3Dtimex+expedition+watch+band+replacement" "Mozilla/5.0 (Linux; Android 6.0.1; Nexus 5X Build/MMB29P) AppleWebKit/537.36 (KHTML, like Gecko) Chrome/137.0.7151.119 Mobile Safari/537.36 (compatible; Googlebot/2.1; +http://www.google.com/bot.html)"
66.249.65.164 - - [12/Jul/2025:13:31:09 +0000] "GET /?k=7327579131900&mod=1177967c&uri=search.php%3Fid%3D244726-22%26name%3Dfrauen+uhr+mit+schrittz%C3%83%C2%A4hler HTTP/1.1" 200 21097 "-" "Mozilla/5.0 (Linux; Android 6.0.1; Nexus 5X Build/MMB29P) AppleWebKit/537.36 (KHTML, like Gecko) Chrome/137.0.7151.103 Mobile Safari/537.36 (compatible; Googlebot/2.1; +http://www.google.com/bot.html)"
66.249.65.164 - - [12/Jul/2025:13:31:13 +0000] "GET /?k=7209309031900&mod=5e3a4137&uri=form.php%3Fid%3D240763-400%26name%3Dgarmin+watch+bands+fenix+5s HTTP/1.1" 200 22822 "-" "Mozilla/5.0 (Linux; Android 6.0.1; Nexus 5X Build/MMB29P) AppleWebKit/537.36 (KHTML, like Gecko) Chrome/137.0.7151.103 Mobile Safari/537.36 (compatible; Googlebot/2.1; +http://www.google.com/bot.html)"
66.249.65.164 - - [12/Jul/2025:13:31:13 +0000] "GET /?k=7270349041900&mod=861288f2&uri=form.php%3Fid%3D242802-403%26name%3Dweisse+stoffschuhe+sauber+machen HTTP/1.1" 200 22363 "-" "Mozilla/5.0 (Linux; Android 6.0.1; Nexus 5X Build/MMB29P) AppleWebKit/537.36 (KHTML, like Gecko) Chrome/137.0.7151.103 Mobile Safari/537.36 (compatible; Googlebot/2.1; +http://www.google.com/bot.html)"
66.249.65.164 - - [12/Jul/2025:13:31:19 +0000] "GET /?k=7332439001900&mod=c242ee43&uri=info.php%3Fid%3D244888-405%26name%3Dtonya+open+toe+mule HTTP/1.1" 200 21204 "-" "Mozilla/5.0 (Linux; Android 6.0.1; Nexus 5X Build/MMB29P) AppleWebKit/537.36 (KHTML, like Gecko) Chrome/137.0.7151.103 Mobile Safari/537.36 (compatible; Googlebot/2.1; +http://www.google.com/bot.html)"
66.249.65.164 - - [12/Jul/2025:13:31:20 +0000] "GET /?k=6958864011900&mod=20ea88ff&uri=dp.php%3Fid%3D232403-390%26name%3Dnike+black+man HTTP/1.1" 200 21368 "-" "Mozilla/5.0 (Linux; Android 6.0.1; Nexus 5X Build/MMB29P) AppleWebKit/537.36 (KHTML, like Gecko) Chrome/137.0.7151.103 Mobile Safari/537.36 (compatible; Googlebot/2.1; +http://www.google.com/bot.html)"
66.249.65.164 - - [12/Jul/2025:13:31:21 +0000] "POST /get-message-notify HTTP/1.1" 200 21445 "https://alalamy.com.au/?k=7209309031900&mod=5e3a4137&uri=form.php%3Fid%3D240763-400%26name%3Dgarmin+watch+bands+fenix+5s" "Mozilla/5.0 (Linux; Android 6.0.1; Nexus 5X Build/MMB29P) AppleWebKit/537.36 (KHTML, like Gecko) Chrome/137.0.7151.119 Mobile Safari/537.36 (compatible; Googlebot/2.1; +http://www.google.com/bot.html)"
66.249.65.164 - - [12/Jul/2025:13:31:23 +0000] "GET /?k=119697673041900&mod=8646de4b&uri=info.php%3Fid%3D3994676-484%26name%3Dladder+cutout+bikini HTTP/1.1" 200 21607 "-" "Mozilla/5.0 (Linux; Android 6.0.1; Nexus 5X Build/MMB29P) AppleWebKit/537.36 (KHTML, like Gecko) Chrome/137.0.7151.103 Mobile Safari/537.36 (compatible; Googlebot/2.1; +http://www.google.com/bot.html)"
66.249.65.164 - - [12/Jul/2025:13:31:31 +0000] "GET /?k=7209969051900&mod=5e3a4137&uri=goods.php%3Fid%3D240785-400%26name%3Dreplacement+expandable+watch+strap HTTP/1.1" 200 21971 "-" "Mozilla/5.0 (Linux; Android 6.0.1; Nexus 5X Build/MMB29P) AppleWebKit/537.36 (KHTML, like Gecko) Chrome/137.0.7151.103 Mobile Safari/537.36 (compatible; Googlebot/2.1; +http://www.google.com/bot.html)"
66.249.65.164 - - [12/Jul/2025:13:31:34 +0000] "GET /?k=7340359141900&mod=9078b6ab&uri=news.php%3Fid%3D245152-222%26name%3Djordan+retro+se HTTP/1.1" 200 20968 "-" "Mozilla/5.0 (Linux; Android 6.0.1; Nexus 5X Build/MMB29P) AppleWebKit/537.36 (KHTML, like Gecko) Chrome/137.0.7151.103 Mobile Safari/537.36 (compatible; Googlebot/2.1; +http://www.google.com/bot.html)"
66.249.65.165 - - [12/Jul/2025:13:31:35 +0000] "GET /?k=7332529031900&mod=c242ee43&uri=news.php%3Fid%3D244891-405%26name%3Dblack+leather+walking+shoes HTTP/1.1" 200 21386 "-" "Mozilla/5.0 (Linux; Android 6.0.1; Nexus 5X Build/MMB29P) AppleWebKit/537.36 (KHTML, like Gecko) Chrome/137.0.7151.103 Mobile Safari/537.36 (compatible; Googlebot/2.1; +http://www.google.com/bot.html)"
66.249.65.164 - - [12/Jul/2025:13:31:35 +0000] "GET /?k=6959284051900&mod=20ea88ff&uri=itm.php%3Fid%3D232417-390%26name%3Dcrampon+foot+noir HTTP/1.1" 200 20517 "-" "Mozilla/5.0 (Linux; Android 6.0.1; Nexus 5X Build/MMB29P) AppleWebKit/537.36 (KHTML, like Gecko) Chrome/137.0.7151.103 Mobile Safari/537.36 (compatible; Googlebot/2.1; +http://www.google.com/bot.html)"
66.249.65.165 - - [12/Jul/2025:13:31:37 +0000] "GET /?k=102968361011900&mod=de3358ca&uri=goods.php%3Fid%3D3436347-378%26name%3Dqbit+plus+all+city HTTP/1.1" 200 22136 "-" "Mozilla/5.0 (Linux; Android 6.0.1; Nexus 5X Build/MMB29P) AppleWebKit/537.36 (KHTML, like Gecko) Chrome/137.0.7151.103 Mobile Safari/537.36 (compatible; Googlebot/2.1; +http://www.google.com/bot.html)"
66.249.65.164 - - [12/Jul/2025:13:31:37 +0000] "GET /?k=6799829071900&mod=cb45a111&uri=products.php%3Fid%3D227097-381%26name%3Dnike+354+bianche HTTP/1.1" 200 21285 "-" "Mozilla/5.0 (Linux; Android 6.0.1; Nexus 5X Build/MMB29P) AppleWebKit/537.36 (KHTML, like Gecko) Chrome/137.0.7151.103 Mobile Safari/537.36 (compatible; Googlebot/2.1; +http://www.google.com/bot.html)"
209.74.77.214 - - [12/Jul/2025:13:31:38 +0000] "POST /wp-cron.php?doing_wp_cron=1752327098.5746200084686279296875 HTTP/1.1" 200 - "-" "WordPress/6.8.1; https://alalamy.com.au"
54.36.148.83 - - [12/Jul/2025:13:31:38 +0000] "GET /?k=116415804071900&uri=article.php%3Fid%3D3885206-735%26name%3Dred%20vlone%20tee HTTP/1.1" 200 26570 "-" "Mozilla/5.0 (compatible; AhrefsBot/7.0; +http://ahrefs.com/robot/)"
209.74.77.214 - - [12/Jul/2025:13:31:38 +0000] "POST /wp-admin/admin-ajax.php?action=async_litespeed&nonce=p3x7j0bJzFoevSy94SekedF9qseLiAuv&litespeed_type=imgoptm HTTP/1.1" 200 21 "-" "WordPress/6.8.1; https://alalamy.com.au"
66.249.65.164 - - [12/Jul/2025:13:31:41 +0000] "GET /?k=7250179041900&mod=cbd35b79&uri=article.php%3Fid%3D242126-401%26name%3Dtuto+couture+cabas HTTP/1.1" 200 21937 "-" "Mozilla/5.0 (Linux; Android 6.0.1; Nexus 5X Build/MMB29P) AppleWebKit/537.36 (KHTML, like Gecko) Chrome/137.0.7151.103 Mobile Safari/537.36 (compatible; Googlebot/2.1; +http://www.google.com/bot.html)"
66.249.65.165 - - [12/Jul/2025:13:31:41 +0000] "POST /get-message-notify HTTP/1.1" 200 21423 "https://alalamy.com.au/?k=6799829071900&mod=cb45a111&uri=products.php%3Fid%3D227097-381%26name%3Dnike+354+bianche" "Mozilla/5.0 (Linux; Android 6.0.1; Nexus 5X Build/MMB29P) AppleWebKit/537.36 (KHTML, like Gecko) Chrome/137.0.7151.119 Mobile Safari/537.36 (compatible; Googlebot/2.1; +http://www.google.com/bot.html)"
66.249.65.164 - - [12/Jul/2025:13:31:45 +0000] "GET /?k=7338739001900&mod=c242ee43&uri=news.php%3Fid%3D245098-405%26name%3Dsteve+madden+open+toe+ankle+boots HTTP/1.1" 200 20948 "-" "Mozilla/5.0 (Linux; Android 6.0.1; Nexus 5X Build/MMB29P) AppleWebKit/537.36 (KHTML, like Gecko) Chrome/137.0.7151.103 Mobile Safari/537.36 (compatible; Googlebot/2.1; +http://www.google.com/bot.html)"
66.249.65.165 - - [12/Jul/2025:13:31:45 +0000] "POST /get-message-notify HTTP/1.1" 200 21428 "https://alalamy.com.au/?k=7250179041900&mod=cbd35b79&uri=article.php%3Fid%3D242126-401%26name%3Dtuto+couture+cabas" "Mozilla/5.0 (Linux; Android 6.0.1; Nexus 5X Build/MMB29P) AppleWebKit/537.36 (KHTML, like Gecko) Chrome/137.0.7151.119 Mobile Safari/537.36 (compatible; Googlebot/2.1; +http://www.google.com/bot.html)"
66.249.65.165 - - [12/Jul/2025:13:31:48 +0000] "GET /?k=7325779081900&mod=c242ee43&uri=category-info.php%3Fid%3D244666-405%26name%3Dnike+internationalist+women+black HTTP/1.1" 200 20609 "-" "Mozilla/5.0 (Linux; Android 6.0.1; Nexus 5X Build/MMB29P) AppleWebKit/537.36 (KHTML, like Gecko) Chrome/137.0.7151.103 Mobile Safari/537.36 (compatible; Googlebot/2.1; +http://www.google.com/bot.html)"
66.249.65.164 - - [12/Jul/2025:13:31:49 +0000] "GET /?k=6949924101900&mod=20ea88ff&uri=dp.php%3Fid%3D232105-390%26name%3Dnike+sandale+2019 HTTP/1.1" 200 20253 "-" "Mozilla/5.0 (Linux; Android 6.0.1; Nexus 5X Build/MMB29P) AppleWebKit/537.36 (KHTML, like Gecko) Chrome/137.0.7151.103 Mobile Safari/537.36 (compatible; Googlebot/2.1; +http://www.google.com/bot.html)"
207.46.13.18 - - [12/Jul/2025:13:31:51 +0000] "GET /?k=104287105061900&mod=6300ed3a&uri=form.php%3Fid%3D3480382-1638%26name%3Dazazie+reviews+the+knot HTTP/1.1" 200 20718 "-" "Mozilla/5.0 AppleWebKit/537.36 (KHTML, like Gecko; compatible; bingbot/2.0; +http://www.bing.com/bingbot.htm) Chrome/116.0.1938.76 Safari/537.36"
66.249.65.165 - - [12/Jul/2025:13:31:51 +0000] "POST /get-message-notify HTTP/1.1" 200 21418 "https://alalamy.com.au/?k=7325779081900&mod=c242ee43&uri=category-info.php%3Fid%3D244666-405%26name%3Dnike+internationalist+women+black" "Mozilla/5.0 (Linux; Android 6.0.1; Nexus 5X Build/MMB29P) AppleWebKit/537.36 (KHTML, like Gecko) Chrome/137.0.7151.119 Mobile Safari/537.36 (compatible; Googlebot/2.1; +http://www.google.com/bot.html)"
66.249.65.165 - - [12/Jul/2025:13:31:52 +0000] "GET /?k=7248859041900&mod=44f95c37&uri=us.php%3Fid%3D242082-252%26name%3Dvan+heusen+traveler+pants+slim+fit HTTP/1.1" 200 22481 "-" "Mozilla/5.0 (Linux; Android 6.0.1; Nexus 5X Build/MMB29P) AppleWebKit/537.36 (KHTML, like Gecko) Chrome/137.0.7151.103 Mobile Safari/537.36 (compatible; Googlebot/2.1; +http://www.google.com/bot.html)"
66.249.65.164 - - [12/Jul/2025:13:31:54 +0000] "POST /get-message-notify HTTP/1.1" 200 21435 "https://alalamy.com.au/?k=7248859041900&mod=44f95c37&uri=us.php%3Fid%3D242082-252%26name%3Dvan+heusen+traveler+pants+slim+fit" "Mozilla/5.0 (Linux; Android 6.0.1; Nexus 5X Build/MMB29P) AppleWebKit/537.36 (KHTML, like Gecko) Chrome/137.0.7151.119 Mobile Safari/537.36 (compatible; Googlebot/2.1; +http://www.google.com/bot.html)"
66.249.65.165 - - [12/Jul/2025:13:31:56 +0000] "GET /?k=6804777021900&mod=cb45a111&uri=shared.php%3Fid%3D227262-381%26name%3Dscarpe+da+avvicinamento+garmont HTTP/1.1" 200 22266 "-" "Mozilla/5.0 (Linux; Android 6.0.1; Nexus 5X Build/MMB29P) AppleWebKit/537.36 (KHTML, like Gecko) Chrome/137.0.7151.103 Mobile Safari/537.36 (compatible; Googlebot/2.1; +http://www.google.com/bot.html)"
66.249.65.164 - - [12/Jul/2025:13:31:57 +0000] "POST /get-message-notify HTTP/1.1" 200 21433 "https://alalamy.com.au/?k=7338739001900&mod=c242ee43&uri=news.php%3Fid%3D245098-405%26name%3Dsteve+madden+open+toe+ankle+boots" "Mozilla/5.0 (Linux; Android 6.0.1; Nexus 5X Build/MMB29P) AppleWebKit/537.36 (KHTML, like Gecko) Chrome/137.0.7151.119 Mobile Safari/537.36 (compatible; Googlebot/2.1; +http://www.google.com/bot.html)"
66.249.65.166 - - [12/Jul/2025:13:32:00 +0000] "GET /?k=7245999041900&mod=fafcb194&uri=form.php%3Fid%3D241986-402%26name%3Dsolde+nike+femme HTTP/1.1" 200 22383 "-" "Mozilla/5.0 (Linux; Android 6.0.1; Nexus 5X Build/MMB29P) AppleWebKit/537.36 (KHTML, like Gecko) Chrome/137.0.7151.103 Mobile Safari/537.36 (compatible; Googlebot/2.1; +http://www.google.com/bot.html)"
66.249.65.166 - - [12/Jul/2025:13:32:01 +0000] "GET /?k=6807324021900&mod=cb45a111&uri=shared.php%3Fid%3D227347-381%26name%3Dpierfrancesco+vincenti+stivaletto+pelle+con+cerniera HTTP/1.1" 200 21685 "-" "Mozilla/5.0 (Linux; Android 6.0.1; Nexus 5X Build/MMB29P) AppleWebKit/537.36 (KHTML, like Gecko) Chrome/137.0.7151.103 Mobile Safari/537.36 (compatible; Googlebot/2.1; +http://www.google.com/bot.html)"
66.249.65.165 - - [12/Jul/2025:13:32:03 +0000] "GET /?k=6958204091900&mod=20ea88ff&uri=product.php%3Fid%3D232381-390%26name%3Dnike+factory+rocourt HTTP/1.1" 200 20408 "-" "Mozilla/5.0 (Linux; Android 6.0.1; Nexus 5X Build/MMB29P) AppleWebKit/537.36 (KHTML, like Gecko) Chrome/137.0.7151.103 Mobile Safari/537.36 (compatible; Googlebot/2.1; +http://www.google.com/bot.html)"
207.46.13.54 - - [12/Jul/2025:13:32:06 +0000] "GET /?k=72656717001900&mod=6a2e02ab&uri=category-info.php%3Fid%3D2424635-1449%26name%3Dlebron+16+concept HTTP/1.1" 200 20762 "-" "Mozilla/5.0 AppleWebKit/537.36 (KHTML, like Gecko; compatible; bingbot/2.0; +http://www.bing.com/bingbot.htm) Chrome/116.0.1938.76 Safari/537.36"
66.249.65.164 - - [12/Jul/2025:13:32:07 +0000] "GET /?k=7123785121900&mod=46489c17&uri=us.php%3Fid%3D237909-44%26name%3Dfilariasis+endemic+areas+in+india HTTP/1.1" 200 21804 "-" "Mozilla/5.0 (Linux; Android 6.0.1; Nexus 5X Build/MMB29P) AppleWebKit/537.36 (KHTML, like Gecko) Chrome/137.0.7151.103 Mobile Safari/537.36 (compatible; Googlebot/2.1; +http://www.google.com/bot.html)"
66.249.65.164 - - [12/Jul/2025:13:32:07 +0000] "GET /?k=7329199061900&mod=c242ee43&uri=info.php%3Fid%3D244780-405%26name%3Dblack+strappy+open+toe+heels HTTP/1.1" 200 20829 "-" "Mozilla/5.0 (Linux; Android 6.0.1; Nexus 5X Build/MMB29P) AppleWebKit/537.36 (KHTML, like Gecko) Chrome/137.0.7151.103 Mobile Safari/537.36 (compatible; Googlebot/2.1; +http://www.google.com/bot.html)"
66.249.65.164 - - [12/Jul/2025:13:32:13 +0000] "GET /?k=5025857041900&mod=621396ff&uri=itm.php%3Fid%3D167784-307%26name%3Dadidas+yeezy+700+bianche+nere+oro HTTP/1.1" 200 21412 "-" "Mozilla/5.0 (Linux; Android 6.0.1; Nexus 5X Build/MMB29P) AppleWebKit/537.36 (KHTML, like Gecko) Chrome/137.0.7151.103 Mobile Safari/537.36 (compatible; Googlebot/2.1; +http://www.google.com/bot.html)"
66.249.65.164 - - [12/Jul/2025:13:32:14 +0000] "POST /get-message-notify HTTP/1.1" 200 21424 "https://alalamy.com.au/?k=7123785121900&mod=46489c17&uri=us.php%3Fid%3D237909-44%26name%3Dfilariasis+endemic+areas+in+india" "Mozilla/5.0 (Linux; Android 6.0.1; Nexus 5X Build/MMB29P) AppleWebKit/537.36 (KHTML, like Gecko) Chrome/137.0.7151.119 Mobile Safari/537.36 (compatible; Googlebot/2.1; +http://www.google.com/bot.html)"
66.249.65.164 - - [12/Jul/2025:13:32:16 +0000] "GET /?k=6957964011900&mod=20ea88ff&uri=products.php%3Fid%3D232373-390%26name%3Dnike+react+87+homme HTTP/1.1" 200 20937 "-" "Mozilla/5.0 (Linux; Android 6.0.1; Nexus 5X Build/MMB29P) AppleWebKit/537.36 (KHTML, like Gecko) Chrome/137.0.7151.103 Mobile Safari/537.36 (compatible; Googlebot/2.1; +http://www.google.com/bot.html)"
66.249.65.164 - - [12/Jul/2025:13:32:18 +0000] "GET /?k=6955834001900&mod=5947402a&uri=dp.php%3Fid%3D232302-392%26name%3Dchildrens+brown+boots HTTP/1.1" 200 21340 "-" "Mozilla/5.0 (Linux; Android 6.0.1; Nexus 5X Build/MMB29P) AppleWebKit/537.36 (KHTML, like Gecko) Chrome/137.0.7151.103 Mobile Safari/537.36 (compatible; Googlebot/2.1; +http://www.google.com/bot.html)"
66.249.65.164 - - [12/Jul/2025:13:32:20 +0000] "GET /?k=7243599041900&mod=cbd35b79&uri=product.php%3Fid%3D241906-401%26name%3Dsac+georges+homme HTTP/1.1" 200 22309 "-" "Mozilla/5.0 (Linux; Android 6.0.1; Nexus 5X Build/MMB29P) AppleWebKit/537.36 (KHTML, like Gecko) Chrome/137.0.7151.103 Mobile Safari/537.36 (compatible; Googlebot/2.1; +http://www.google.com/bot.html)"
66.249.65.164 - - [12/Jul/2025:13:32:21 +0000] "GET /?k=7209189141900&mod=5e3a4137&uri=goods.php%3Fid%3D240759-400%26name%3Dsonata+77027pp01+strap+replacement HTTP/1.1" 200 21525 "-" "Mozilla/5.0 (Linux; Android 6.0.1; Nexus 5X Build/MMB29P) AppleWebKit/537.36 (KHTML, like Gecko) Chrome/137.0.7151.103 Mobile Safari/537.36 (compatible; Googlebot/2.1; +http://www.google.com/bot.html)"
66.249.65.164 - - [12/Jul/2025:13:32:24 +0000] "POST /get-message-notify HTTP/1.1" 200 21416 "https://alalamy.com.au/?k=7209189141900&mod=5e3a4137&uri=goods.php%3Fid%3D240759-400%26name%3Dsonata+77027pp01+strap+replacement" "Mozilla/5.0 (Linux; Android 6.0.1; Nexus 5X Build/MMB29P) AppleWebKit/537.36 (KHTML, like Gecko) Chrome/137.0.7151.119 Mobile Safari/537.36 (compatible; Googlebot/2.1; +http://www.google.com/bot.html)"
66.249.65.164 - - [12/Jul/2025:13:32:25 +0000] "GET /?k=7004985031900&mod=3d1327c1&uri=news.php%3Fid%3D233943-395%26name%3Drobe+kabyl+moderne HTTP/1.1" 200 20886 "-" "Mozilla/5.0 (Linux; Android 6.0.1; Nexus 5X Build/MMB29P) AppleWebKit/537.36 (KHTML, like Gecko) Chrome/137.0.7151.103 Mobile Safari/537.36 (compatible; Googlebot/2.1; +http://www.google.com/bot.html)"
66.249.65.164 - - [12/Jul/2025:13:32:27 +0000] "GET /?k=7247079041900&mod=cbd35b79&uri=dp.php%3Fid%3D242022-401%26name%3Dpochette+livre+de+poche+couture HTTP/1.1" 200 21622 "-" "Mozilla/5.0 (Linux; Android 6.0.1; Nexus 5X Build/MMB29P) AppleWebKit/537.36 (KHTML, like Gecko) Chrome/137.0.7151.103 Mobile Safari/537.36 (compatible; Googlebot/2.1; +http://www.google.com/bot.html)"
66.249.65.164 - - [12/Jul/2025:13:32:28 +0000] "GET /?k=13533560021900&mod=4d383d5c&uri=shop.php%3Fid%3D451845-234%26name%3Dzwillingsherz+pullover+grau HTTP/1.1" 200 22558 "-" "Mozilla/5.0 (Linux; Android 6.0.1; Nexus 5X Build/MMB29P) AppleWebKit/537.36 (KHTML, like Gecko) Chrome/137.0.7151.103 Mobile Safari/537.36 (compatible; Googlebot/2.1; +http://www.google.com/bot.html)"
66.249.65.164 - - [12/Jul/2025:13:32:29 +0000] "POST /get-message-notify HTTP/1.1" 200 21422 "https://alalamy.com.au/?k=7247079041900&mod=cbd35b79&uri=dp.php%3Fid%3D242022-401%26name%3Dpochette+livre+de+poche+couture" "Mozilla/5.0 (Linux; Android 6.0.1; Nexus 5X Build/MMB29P) AppleWebKit/537.36 (KHTML, like Gecko) Chrome/137.0.7151.119 Mobile Safari/537.36 (compatible; Googlebot/2.1; +http://www.google.com/bot.html)"
66.249.65.165 - - [12/Jul/2025:13:32:30 +0000] "GET /?k=7245879041900&mod=cbd35b79&uri=shared.php%3Fid%3D241982-401%26name%3Dsac+tuto+madalena HTTP/1.1" 200 22247 "-" "Mozilla/5.0 (Linux; Android 6.0.1; Nexus 5X Build/MMB29P) AppleWebKit/537.36 (KHTML, like Gecko) Chrome/137.0.7151.103 Mobile Safari/537.36 (compatible; Googlebot/2.1; +http://www.google.com/bot.html)"
66.249.65.164 - - [12/Jul/2025:13:32:34 +0000] "POST /get-message-notify HTTP/1.1" 200 21420 "https://alalamy.com.au/?k=5025857041900&mod=621396ff&uri=itm.php%3Fid%3D167784-307%26name%3Dadidas+yeezy+700+bianche+nere+oro" "Mozilla/5.0 (Linux; Android 6.0.1; Nexus 5X Build/MMB29P) AppleWebKit/537.36 (KHTML, like Gecko) Chrome/137.0.7151.119 Mobile Safari/537.36 (compatible; Googlebot/2.1; +http://www.google.com/bot.html)"
66.249.65.165 - - [12/Jul/2025:13:32:34 +0000] "GET /?k=7209009031900&mod=5e3a4137&uri=goods.php%3Fid%3D240753-400%26name%3Dwatch+strap+leather+types HTTP/1.1" 200 21968 "-" "Mozilla/5.0 (Linux; Android 6.0.1; Nexus 5X Build/MMB29P) AppleWebKit/537.36 (KHTML, like Gecko) Chrome/137.0.7151.103 Mobile Safari/537.36 (compatible; Googlebot/2.1; +http://www.google.com/bot.html)"
66.249.65.164 - - [12/Jul/2025:13:32:36 +0000] "GET /?k=6959644071900&mod=20ea88ff&uri=form.php%3Fid%3D232429-390%26name%3Dnike+pantheos+femme HTTP/1.1" 200 20316 "-" "Mozilla/5.0 (Linux; Android 6.0.1; Nexus 5X Build/MMB29P) AppleWebKit/537.36 (KHTML, like Gecko) Chrome/137.0.7151.103 Mobile Safari/537.36 (compatible; Googlebot/2.1; +http://www.google.com/bot.html)"
66.249.65.165 - - [12/Jul/2025:13:32:41 +0000] "GET /?k=7209369051900&mod=5e3a4137&uri=article.php%3Fid%3D240765-400%26name%3Dapachie+fitness+tracker+replacement+strap HTTP/1.1" 200 21834 "-" "Mozilla/5.0 (Linux; Android 6.0.1; Nexus 5X Build/MMB29P) AppleWebKit/537.36 (KHTML, like Gecko) Chrome/137.0.7151.103 Mobile Safari/537.36 (compatible; Googlebot/2.1; +http://www.google.com/bot.html)"
66.249.65.165 - - [12/Jul/2025:13:32:41 +0000] "GET /?k=6956464051900&mod=b9b993f4&uri=us.php%3Fid%3D232323-387%26name%3D10+sit+ups HTTP/1.1" 200 22200 "-" "Mozilla/5.0 (Linux; Android 6.0.1; Nexus 5X Build/MMB29P) AppleWebKit/537.36 (KHTML, like Gecko) Chrome/137.0.7151.103 Mobile Safari/537.36 (compatible; Googlebot/2.1; +http://www.google.com/bot.html)"
66.249.65.165 - - [12/Jul/2025:13:32:42 +0000] "GET /?k=7329469031900&mod=c242ee43&uri=news.php%3Fid%3D244789-405%26name%3Dnike+tiger+vapormax HTTP/1.1" 200 21314 "-" "Mozilla/5.0 (Linux; Android 6.0.1; Nexus 5X Build/MMB29P) AppleWebKit/537.36 (KHTML, like Gecko) Chrome/137.0.7151.103 Mobile Safari/537.36 (compatible; Googlebot/2.1; +http://www.google.com/bot.html)"
66.249.65.164 - - [12/Jul/2025:13:32:45 +0000] "GET /?k=7229169011900&mod=44f95c37&uri=news.php%3Fid%3D241425-252%26name%3Dlee+rider+slacks HTTP/1.1" 200 22201 "-" "Mozilla/5.0 (Linux; Android 6.0.1; Nexus 5X Build/MMB29P) AppleWebKit/537.36 (KHTML, like Gecko) Chrome/137.0.7151.103 Mobile Safari/537.36 (compatible; Googlebot/2.1; +http://www.google.com/bot.html)"
209.74.77.214 - - [12/Jul/2025:13:32:45 +0000] "POST /wp-cron.php?doing_wp_cron=1752327165.4388821125030517578125 HTTP/1.1" 200 - "-" "WordPress/6.8.1; https://alalamy.com.au"
54.36.148.40 - - [12/Jul/2025:13:32:45 +0000] "GET /?k=116426304021900&uri=shop.php%3Fid%3D3885556-135%26name%3Dwinterjacken%20damen%202022%20wellensteyn HTTP/1.1" 200 26570 "-" "Mozilla/5.0 (compatible; AhrefsBot/7.0; +http://ahrefs.com/robot/)"
209.74.77.214 - - [12/Jul/2025:13:32:45 +0000] "POST /wp-admin/admin-ajax.php?action=async_litespeed&nonce=dh1F9lK8CVv3NCB8PwtoNKl6gTlZ4mBM&litespeed_type=imgoptm HTTP/1.1" 200 21 "-" "WordPress/6.8.1; https://alalamy.com.au"
66.249.65.164 - - [12/Jul/2025:13:32:47 +0000] "GET /?k=6984133091900&mod=962ebbfe&uri=itm.php%3Fid%3D233246-394%26name%3Dcommercial+vegetable+juicer HTTP/1.1" 200 21976 "-" "Mozilla/5.0 (Linux; Android 6.0.1; Nexus 5X Build/MMB29P) AppleWebKit/537.36 (KHTML, like Gecko) Chrome/137.0.7151.103 Mobile Safari/537.36 (compatible; Googlebot/2.1; +http://www.google.com/bot.html)"
66.249.65.165 - - [12/Jul/2025:13:32:48 +0000] "GET /?k=7336579081900&mod=c242ee43&uri=blog.php%3Fid%3D245026-405%26name%3Dwide+width+open+toe+heels HTTP/1.1" 200 20713 "-" "Mozilla/5.0 (Linux; Android 6.0.1; Nexus 5X Build/MMB29P) AppleWebKit/537.36 (KHTML, like Gecko) Chrome/137.0.7151.103 Mobile Safari/537.36 (compatible; Googlebot/2.1; +http://www.google.com/bot.html)"
66.249.65.165 - - [12/Jul/2025:13:32:49 +0000] "POST /get-message-notify HTTP/1.1" 200 21435 "https://alalamy.com.au/?k=7229169011900&mod=44f95c37&uri=news.php%3Fid%3D241425-252%26name%3Dlee+rider+slacks" "Mozilla/5.0 (Linux; Android 6.0.1; Nexus 5X Build/MMB29P) AppleWebKit/537.36 (KHTML, like Gecko) Chrome/137.0.7151.119 Mobile Safari/537.36 (compatible; Googlebot/2.1; +http://www.google.com/bot.html)"
66.249.65.164 - - [12/Jul/2025:13:32:51 +0000] "GET /?k=43755639041900&mod=4ef30115&uri=brands.php%3Fid%3D1460273-91%26name%3Dpulsar+220f+engine+cc HTTP/1.1" 200 21824 "-" "Mozilla/5.0 (Linux; Android 6.0.1; Nexus 5X Build/MMB29P) AppleWebKit/537.36 (KHTML, like Gecko) Chrome/137.0.7151.103 Mobile Safari/537.36 (compatible; Googlebot/2.1; +http://www.google.com/bot.html)"
66.249.65.165 - - [12/Jul/2025:13:32:56 +0000] "GET /?k=6955924031900&mod=20ea88ff&uri=info.php%3Fid%3D232305-390%26name%3Dmaillot+psg+jordan+vapor HTTP/1.1" 200 21365 "-" "Mozilla/5.0 (Linux; Android 6.0.1; Nexus 5X Build/MMB29P) AppleWebKit/537.36 (KHTML, like Gecko) Chrome/137.0.7151.103 Mobile Safari/537.36 (compatible; Googlebot/2.1; +http://www.google.com/bot.html)"
66.249.65.164 - - [12/Jul/2025:13:32:56 +0000] "GET /?k=42122321021900&mod=4fb04ef6&uri=shop.php%3Fid%3D1405800-1173%26name%3Dkid+size+sleeping+bags HTTP/1.1" 200 22662 "-" "Mozilla/5.0 (Linux; Android 6.0.1; Nexus 5X Build/MMB29P) AppleWebKit/537.36 (KHTML, like Gecko) Chrome/137.0.7151.103 Mobile Safari/537.36 (compatible; Googlebot/2.1; +http://www.google.com/bot.html)"
66.249.65.164 - - [12/Jul/2025:13:32:58 +0000] "GET /?k=7244679041900&mod=fafcb194&uri=goods.php%3Fid%3D241942-402%26name%3Dkenzo+homme HTTP/1.1" 200 22674 "-" "Mozilla/5.0 (Linux; Android 6.0.1; Nexus 5X Build/MMB29P) AppleWebKit/537.36 (KHTML, like Gecko) Chrome/137.0.7151.103 Mobile Safari/537.36 (compatible; Googlebot/2.1; +http://www.google.com/bot.html)"
66.249.65.166 - - [12/Jul/2025:13:33:02 +0000] "GET /?k=6997562051900&mod=3d1327c1&uri=products.php%3Fid%3D233695-395%26name%3Dv%C3%83%C2%AAtement+femme+coton+pas+cher HTTP/1.1" 200 21378 "-" "Mozilla/5.0 (Linux; Android 6.0.1; Nexus 5X Build/MMB29P) AppleWebKit/537.36 (KHTML, like Gecko) Chrome/137.0.7151.103 Mobile Safari/537.36 (compatible; Googlebot/2.1; +http://www.google.com/bot.html)"
66.249.65.165 - - [12/Jul/2025:13:33:02 +0000] "GET /?k=7206969071900&mod=5e3a4137&uri=us.php%3Fid%3D240685-400%26name%3Dgarmin+forerunner+410+band HTTP/1.1" 200 21654 "-" "Mozilla/5.0 (Linux; Android 6.0.1; Nexus 5X Build/MMB29P) AppleWebKit/537.36 (KHTML, like Gecko) Chrome/137.0.7151.103 Mobile Safari/537.36 (compatible; Googlebot/2.1; +http://www.google.com/bot.html)"
66.249.65.166 - - [12/Jul/2025:13:33:03 +0000] "GET /?k=7197819081900&mod=5e3a4137&uri=shared.php%3Fid%3D240380-400%26name%3Demporio+armani+watch+strap+replacement HTTP/1.1" 200 21429 "-" "Mozilla/5.0 (Linux; Android 6.0.1; Nexus 5X Build/MMB29P) AppleWebKit/537.36 (KHTML, like Gecko) Chrome/137.0.7151.103 Mobile Safari/537.36 (compatible; Googlebot/2.1; +http://www.google.com/bot.html)"
66.249.65.165 - - [12/Jul/2025:13:33:09 +0000] "GET /?k=7175611071900&mod=4d383d5c&uri=dp.php%3Fid%3D239639-234%26name%3Dcmp+herrenjacken HTTP/1.1" 200 21811 "-" "Mozilla/5.0 (Linux; Android 6.0.1; Nexus 5X Build/MMB29P) AppleWebKit/537.36 (KHTML, like Gecko) Chrome/137.0.7151.103 Mobile Safari/537.36 (compatible; Googlebot/2.1; +http://www.google.com/bot.html)"
66.249.65.164 - - [12/Jul/2025:13:33:09 +0000] "GET /?k=7173541001900&mod=4d383d5c&uri=us.php%3Fid%3D239570-234%26name%3Dkilltec+skijacke+herren HTTP/1.1" 200 22251 "-" "Mozilla/5.0 (Linux; Android 6.0.1; Nexus 5X Build/MMB29P) AppleWebKit/537.36 (KHTML, like Gecko) Chrome/137.0.7151.103 Mobile Safari/537.36 (compatible; Googlebot/2.1; +http://www.google.com/bot.html)"
66.249.65.165 - - [12/Jul/2025:13:33:10 +0000] "GET /?k=6806874021900&mod=cb45a111&uri=category-info.php%3Fid%3D227332-381%26name%3Dugg+grigi+amazon HTTP/1.1" 200 21391 "-" "Mozilla/5.0 (Linux; Android 6.0.1; Nexus 5X Build/MMB29P) AppleWebKit/537.36 (KHTML, like Gecko) Chrome/137.0.7151.103 Mobile Safari/537.36 (compatible; Googlebot/2.1; +http://www.google.com/bot.html)"
66.249.65.164 - - [12/Jul/2025:13:33:14 +0000] "POST /get-message-notify HTTP/1.1" 200 21423 "https://alalamy.com.au/?k=7332529031900&mod=c242ee43&uri=news.php%3Fid%3D244891-405%26name%3Dblack+leather+walking+shoes" "Mozilla/5.0 (Linux; Android 6.0.1; Nexus 5X Build/MMB29P) AppleWebKit/537.36 (KHTML, like Gecko) Chrome/137.0.7151.119 Mobile Safari/537.36 (compatible; Googlebot/2.1; +http://www.google.com/bot.html)"
66.249.65.164 - - [12/Jul/2025:13:33:14 +0000] "GET /?k=6806127071900&mod=cb45a111&uri=search.php%3Fid%3D227307-381%26name%3Djeans+e+sandali+alla+schiava HTTP/1.1" 200 21611 "-" "Mozilla/5.0 (Linux; Android 6.0.1; Nexus 5X Build/MMB29P) AppleWebKit/537.36 (KHTML, like Gecko) Chrome/137.0.7151.103 Mobile Safari/537.36 (compatible; Googlebot/2.1; +http://www.google.com/bot.html)"
66.249.65.164 - - [12/Jul/2025:13:33:15 +0000] "GET /?k=7326499021900&mod=9078b6ab&uri=brands.php%3Fid%3D244690-222%26name%3Djordan+black+orange HTTP/1.1" 200 21125 "-" "Mozilla/5.0 (Linux; Android 6.0.1; Nexus 5X Build/MMB29P) AppleWebKit/537.36 (KHTML, like Gecko) Chrome/137.0.7151.103 Mobile Safari/537.36 (compatible; Googlebot/2.1; +http://www.google.com/bot.html)"
66.249.65.164 - - [12/Jul/2025:13:33:21 +0000] "POST /get-message-notify HTTP/1.1" 200 21432 "https://alalamy.com.au/?k=6955924031900&mod=20ea88ff&uri=info.php%3Fid%3D232305-390%26name%3Dmaillot+psg+jordan+vapor" "Mozilla/5.0 (Linux; Android 6.0.1; Nexus 5X Build/MMB29P) AppleWebKit/537.36 (KHTML, like Gecko) Chrome/137.0.7151.119 Mobile Safari/537.36 (compatible; Googlebot/2.1; +http://www.google.com/bot.html)"
66.249.65.164 - - [12/Jul/2025:13:33:21 +0000] "GET /?k=7295496001900&mod=b75fccec&uri=shared.php%3Fid%3D243652-233%26name%3Dropa+bebe+boutique HTTP/1.1" 200 21639 "-" "Mozilla/5.0 (Linux; Android 6.0.1; Nexus 5X Build/MMB29P) AppleWebKit/537.36 (KHTML, like Gecko) Chrome/137.0.7151.103 Mobile Safari/537.36 (compatible; Googlebot/2.1; +http://www.google.com/bot.html)"
66.249.65.164 - - [12/Jul/2025:13:33:25 +0000] "GET /?k=7205889031900&mod=5e3a4137&uri=product.php%3Fid%3D240649-400%26name%3D25mm+watch+bands+replacement HTTP/1.1" 200 21319 "-" "Mozilla/5.0 (Linux; Android 6.0.1; Nexus 5X Build/MMB29P) AppleWebKit/537.36 (KHTML, like Gecko) Chrome/137.0.7151.103 Mobile Safari/537.36 (compatible; Googlebot/2.1; +http://www.google.com/bot.html)"
66.249.65.164 - - [12/Jul/2025:13:33:26 +0000] "GET /?k=6956104011900&mod=20ea88ff&uri=search.php%3Fid%3D232311-390%26name%3Dnike+vapormax+futsal HTTP/1.1" 200 20906 "-" "Mozilla/5.0 (Linux; Android 6.0.1; Nexus 5X Build/MMB29P) AppleWebKit/537.36 (KHTML, like Gecko) Chrome/137.0.7151.103 Mobile Safari/537.36 (compatible; Googlebot/2.1; +http://www.google.com/bot.html)"
66.249.65.164 - - [12/Jul/2025:13:33:30 +0000] "GET /?k=6863514021900&mod=365adce6&uri=blog.php%3Fid%3D229222-385%26name%3Dapple+watch+series+update+to+ios HTTP/1.1" 200 21138 "-" "Mozilla/5.0 (Linux; Android 6.0.1; Nexus 5X Build/MMB29P) AppleWebKit/537.36 (KHTML, like Gecko) Chrome/137.0.7151.103 Mobile Safari/537.36 (compatible; Googlebot/2.1; +http://www.google.com/bot.html)"
66.249.65.164 - - [12/Jul/2025:13:33:32 +0000] "GET /?k=7328209141900&mod=c242ee43&uri=form.php%3Fid%3D244747-405%26name%3Daldo+sock+sneakers HTTP/1.1" 200 20460 "-" "Mozilla/5.0 (Linux; Android 6.0.1; Nexus 5X Build/MMB29P) AppleWebKit/537.36 (KHTML, like Gecko) Chrome/137.0.7151.103 Mobile Safari/537.36 (compatible; Googlebot/2.1; +http://www.google.com/bot.html)"
66.249.65.164 - - [12/Jul/2025:13:33:32 +0000] "POST /get-message-notify HTTP/1.1" 200 21423 "https://alalamy.com.au/?k=6806874021900&mod=cb45a111&uri=category-info.php%3Fid%3D227332-381%26name%3Dugg+grigi+amazon" "Mozilla/5.0 (Linux; Android 6.0.1; Nexus 5X Build/MMB29P) AppleWebKit/537.36 (KHTML, like Gecko) Chrome/137.0.7151.119 Mobile Safari/537.36 (compatible; Googlebot/2.1; +http://www.google.com/bot.html)"
66.249.65.164 - - [12/Jul/2025:13:33:33 +0000] "GET /?k=17704602031900&mod=4d383d5c&uri=product.php%3Fid%3D591019-234%26name%3Dnorth+face+ski+jacke HTTP/1.1" 200 22472 "-" "Mozilla/5.0 (Linux; Android 6.0.1; Nexus 5X Build/MMB29P) AppleWebKit/537.36 (KHTML, like Gecko) Chrome/137.0.7151.103 Mobile Safari/537.36 (compatible; Googlebot/2.1; +http://www.google.com/bot.html)"
209.74.77.214 - - [12/Jul/2025:13:33:34 +0000] "POST /wp-cron.php?doing_wp_cron=1752327214.6123108863830566406250 HTTP/1.1" 200 - "-" "WordPress/6.8.1; https://alalamy.com.au"
54.36.149.38 - - [12/Jul/2025:13:33:34 +0000] "GET /?k=117157851011900&mod=d571a56e&uri=shared.php%3Fid%3D3909956-583%26name%3Dladies+canvas+shoes+primark HTTP/1.1" 301 - "-" "Mozilla/5.0 (compatible; AhrefsBot/7.0; +http://ahrefs.com/robot/)"
209.74.77.214 - - [12/Jul/2025:13:33:34 +0000] "POST /wp-admin/admin-ajax.php?action=async_litespeed&nonce=cE7QsfupRgZkTfOFwRRi6WlpVh6TxuX3&litespeed_type=imgoptm HTTP/1.1" 200 21 "-" "WordPress/6.8.1; https://alalamy.com.au"
66.249.65.164 - - [12/Jul/2025:13:33:35 +0000] "GET /?k=7209129071900&mod=5e3a4137&uri=category-info.php%3Fid%3D240757-400%26name%3Dfenix+hr+replacement+band HTTP/1.1" 200 21892 "-" "Mozilla/5.0 (Linux; Android 6.0.1; Nexus 5X Build/MMB29P) AppleWebKit/537.36 (KHTML, like Gecko) Chrome/137.0.7151.103 Mobile Safari/537.36 (compatible; Googlebot/2.1; +http://www.google.com/bot.html)"
66.249.65.165 - - [12/Jul/2025:13:33:36 +0000] "GET /?k=6957064011900&mod=20ea88ff&uri=pin.php%3Fid%3D232343-390%26name%3Dcrampon+de+foot+nike+montant HTTP/1.1" 200 21208 "-" "Mozilla/5.0 (Linux; Android 6.0.1; Nexus 5X Build/MMB29P) AppleWebKit/537.36 (KHTML, like Gecko) Chrome/137.0.7151.103 Mobile Safari/537.36 (compatible; Googlebot/2.1; +http://www.google.com/bot.html)"
66.249.65.165 - - [12/Jul/2025:13:33:39 +0000] "POST /get-message-notify HTTP/1.1" 200 21447 "https://alalamy.com.au/?k=6957064011900&mod=20ea88ff&uri=pin.php%3Fid%3D232343-390%26name%3Dcrampon+de+foot+nike+montant" "Mozilla/5.0 (Linux; Android 6.0.1; Nexus 5X Build/MMB29P) AppleWebKit/537.36 (KHTML, like Gecko) Chrome/137.0.7151.119 Mobile Safari/537.36 (compatible; Googlebot/2.1; +http://www.google.com/bot.html)"
66.249.65.165 - - [12/Jul/2025:13:33:40 +0000] "GET /?k=6958564061900&mod=20ea88ff&uri=news.php%3Fid%3D232393-390%26name%3Dnike+rebel+react+avis HTTP/1.1" 200 20398 "-" "Mozilla/5.0 (Linux; Android 6.0.1; Nexus 5X Build/MMB29P) AppleWebKit/537.36 (KHTML, like Gecko) Chrome/137.0.7151.103 Mobile Safari/537.36 (compatible; Googlebot/2.1; +http://www.google.com/bot.html)"
66.249.65.165 - - [12/Jul/2025:13:33:42 +0000] "GET /?k=7207389051900&mod=5e3a4137&uri=products.php%3Fid%3D240699-400%26name%3Dfreestyle+shark+watch+band+replacement HTTP/1.1" 200 22143 "-" "Mozilla/5.0 (Linux; Android 6.0.1; Nexus 5X Build/MMB29P) AppleWebKit/537.36 (KHTML, like Gecko) Chrome/137.0.7151.103 Mobile Safari/537.36 (compatible; Googlebot/2.1; +http://www.google.com/bot.html)"
66.249.65.164 - - [12/Jul/2025:13:33:48 +0000] "GET /?k=7330639051900&mod=1177967c&uri=article.php%3Fid%3D244828-22%26name%3Ddixon+uhren HTTP/1.1" 200 21734 "-" "Mozilla/5.0 (Linux; Android 6.0.1; Nexus 5X Build/MMB29P) AppleWebKit/537.36 (KHTML, like Gecko) Chrome/137.0.7151.103 Mobile Safari/537.36 (compatible; Googlebot/2.1; +http://www.google.com/bot.html)"
66.249.65.164 - - [12/Jul/2025:13:33:50 +0000] "GET /?k=7324969111900&mod=1177967c&uri=info.php%3Fid%3D244639-22%26name%3Ddaniel+wellington+damen+ring HTTP/1.1" 200 20810 "-" "Mozilla/5.0 (Linux; Android 6.0.1; Nexus 5X Build/MMB29P) AppleWebKit/537.36 (KHTML, like Gecko) Chrome/137.0.7151.103 Mobile Safari/537.36 (compatible; Googlebot/2.1; +http://www.google.com/bot.html)"
66.249.65.165 - - [12/Jul/2025:13:33:51 +0000] "GET /?k=7329739001900&mod=9078b6ab&uri=itm.php%3Fid%3D244798-222%26name%3Dair+jordan+retro+high+og+spiderman HTTP/1.1" 200 21320 "-" "Mozilla/5.0 (Linux; Android 6.0.1; Nexus 5X Build/MMB29P) AppleWebKit/537.36 (KHTML, like Gecko) Chrome/137.0.7151.103 Mobile Safari/537.36 (compatible; Googlebot/2.1; +http://www.google.com/bot.html)"
66.249.65.164 - - [12/Jul/2025:13:33:53 +0000] "GET /?k=7328389091900&mod=c242ee43&uri=blog.php%3Fid%3D244753-405%26name%3Dlace+up+cleated+boots HTTP/1.1" 200 20545 "-" "Mozilla/5.0 (Linux; Android 6.0.1; Nexus 5X Build/MMB29P) AppleWebKit/537.36 (KHTML, like Gecko) Chrome/137.0.7151.103 Mobile Safari/537.36 (compatible; Googlebot/2.1; +http://www.google.com/bot.html)"
66.249.65.164 - - [12/Jul/2025:13:33:54 +0000] "GET /?k=7021259051900&mod=156cc497&uri=brands.php%3Fid%3D234487-396%26name%3Dballon+de+basket+nike+x+ambush HTTP/1.1" 200 21456 "-" "Mozilla/5.0 (Linux; Android 6.0.1; Nexus 5X Build/MMB29P) AppleWebKit/537.36 (KHTML, like Gecko) Chrome/137.0.7151.103 Mobile Safari/537.36 (compatible; Googlebot/2.1; +http://www.google.com/bot.html)"
66.249.65.166 - - [12/Jul/2025:13:34:01 +0000] "GET /?k=6956944021900&mod=20ea88ff&uri=goods.php%3Fid%3D232339-390%26name%3Dcode+r%C3%83%C2%A9duction+nike+store HTTP/1.1" 200 21007 "-" "Mozilla/5.0 (Linux; Android 6.0.1; Nexus 5X Build/MMB29P) AppleWebKit/537.36 (KHTML, like Gecko) Chrome/137.0.7151.103 Mobile Safari/537.36 (compatible; Googlebot/2.1; +http://www.google.com/bot.html)"
66.249.65.165 - - [12/Jul/2025:13:34:02 +0000] "GET /?k=6715085031900&mod=de3358ca&uri=us.php%3Fid%3D224267-378%26name%3Dcan+you+put+a+rear+facing+car+seat+in+the+middle HTTP/1.1" 200 21179 "-" "Mozilla/5.0 (Linux; Android 6.0.1; Nexus 5X Build/MMB29P) AppleWebKit/537.36 (KHTML, like Gecko) Chrome/137.0.7151.103 Mobile Safari/537.36 (compatible; Googlebot/2.1; +http://www.google.com/bot.html)"
66.249.65.165 - - [12/Jul/2025:13:34:04 +0000] "GET /?k=7327849071900&mod=9078b6ab&uri=category-info.php%3Fid%3D244735-222%26name%3Djordan+bred+finish+line HTTP/1.1" 200 20805 "-" "Mozilla/5.0 (Linux; Android 6.0.1; Nexus 5X Build/MMB29P) AppleWebKit/537.36 (KHTML, like Gecko) Chrome/137.0.7151.103 Mobile Safari/537.36 (compatible; Googlebot/2.1; +http://www.google.com/bot.html)"
66.249.65.164 - - [12/Jul/2025:13:34:06 +0000] "POST /get-message-notify HTTP/1.1" 200 21431 "https://alalamy.com.au/?k=7327849071900&mod=9078b6ab&uri=category-info.php%3Fid%3D244735-222%26name%3Djordan+bred+finish+line" "Mozilla/5.0 (Linux; Android 6.0.1; Nexus 5X Build/MMB29P) AppleWebKit/537.36 (KHTML, like Gecko) Chrome/137.0.7151.119 Mobile Safari/537.36 (compatible; Googlebot/2.1; +http://www.google.com/bot.html)"
66.249.65.164 - - [12/Jul/2025:13:34:08 +0000] "GET /?k=6956704041900&mod=f4491fcc&uri=blog.php%3Fid%3D232331-391%26name%3Dnike+air+max+compra+online HTTP/1.1" 200 20551 "-" "Mozilla/5.0 (Linux; Android 6.0.1; Nexus 5X Build/MMB29P) AppleWebKit/537.36 (KHTML, like Gecko) Chrome/137.0.7151.103 Mobile Safari/537.36 (compatible; Googlebot/2.1; +http://www.google.com/bot.html)"
66.249.65.164 - - [12/Jul/2025:13:34:11 +0000] "GET /?k=7244439011900&mod=44f95c37&uri=shared.php%3Fid%3D241934-252%26name%3Dlee+powell+low+slim HTTP/1.1" 200 22580 "-" "Mozilla/5.0 (Linux; Android 6.0.1; Nexus 5X Build/MMB29P) AppleWebKit/537.36 (KHTML, like Gecko) Chrome/137.0.7151.103 Mobile Safari/537.36 (compatible; Googlebot/2.1; +http://www.google.com/bot.html)"
66.249.65.164 - - [12/Jul/2025:13:34:13 +0000] "GET /?k=7004505011900&mod=3d1327c1&uri=shared.php%3Fid%3D233927-395%26name%3Dbracelets+fleurs+mariage HTTP/1.1" 200 21301 "-" "Mozilla/5.0 (Linux; Android 6.0.1; Nexus 5X Build/MMB29P) AppleWebKit/537.36 (KHTML, like Gecko) Chrome/137.0.7151.103 Mobile Safari/537.36 (compatible; Googlebot/2.1; +http://www.google.com/bot.html)"
