66.249.65.164 - - [12/Jul/2025:14:45:19 +0000] "POST /get-message-notify HTTP/1.1" 200 21425 "https://alalamy.com.au/?k=7185459041900&mod=4d383d5c&uri=product.php%3Fid%3D239968-234%26name%3Dmammut+fahrradjacke+damen" "Mozilla/5.0 AppleWebKit/537.36 (KHTML, like Gecko; compatible; Googlebot/2.1; +http://www.google.com/bot.html) Chrome/137.0.7151.119 Safari/537.36"
66.249.65.164 - - [12/Jul/2025:14:45:20 +0000] "POST /get-message-notify HTTP/1.1" 200 21424 "https://alalamy.com.au/?k=7185459041900&mod=4d383d5c&uri=product.php%3Fid%3D239968-234%26name%3Dmammut+fahrradjacke+damen" "Mozilla/5.0 (Linux; Android 6.0.1; Nexus 5X Build/MMB29P) AppleWebKit/537.36 (KHTML, like Gecko) Chrome/137.0.7151.119 Mobile Safari/537.36 (compatible; Googlebot/2.1; +http://www.google.com/bot.html)"
209.74.77.214 - - [12/Jul/2025:14:45:22 +0000] "POST /wp-cron.php?doing_wp_cron=1752331522.8874759674072265625000 HTTP/1.1" 200 - "-" "WordPress/6.8.1; https://alalamy.com.au"
54.36.148.100 - - [12/Jul/2025:14:45:22 +0000] "GET /?k=34313090061900&uri=category-info.php%3Fid%3D1145243-1056%26name%3Dguess%202019%20borse HTTP/1.1" 200 26570 "-" "Mozilla/5.0 (compatible; AhrefsBot/7.0; +http://ahrefs.com/robot/)"
66.249.65.164 - - [12/Jul/2025:14:45:29 +0000] "GET /?k=7183372061900&mod=4d383d5c&uri=product.php%3Fid%3D239898-234%26name%3Darmani+exchange+mantel HTTP/1.1" 200 22127 "-" "Mozilla/5.0 (Linux; Android 6.0.1; Nexus 5X Build/MMB29P) AppleWebKit/537.36 (KHTML, like Gecko) Chrome/137.0.7151.103 Mobile Safari/537.36 (compatible; Googlebot/2.1; +http://www.google.com/bot.html)"
66.249.65.164 - - [12/Jul/2025:14:45:32 +0000] "GET /?k=7279267031900&mod=861288f2&uri=shared.php%3Fid%3D243105-403%26name%3Ddunkelblaue+ballerinas+leder HTTP/1.1" 200 22479 "-" "Mozilla/5.0 (Linux; Android 6.0.1; Nexus 5X Build/MMB29P) AppleWebKit/537.36 (KHTML, like Gecko) Chrome/137.0.7151.103 Mobile Safari/537.36 (compatible; Googlebot/2.1; +http://www.google.com/bot.html)"
66.249.65.164 - - [12/Jul/2025:14:45:36 +0000] "GET /?k=7226619001900&mod=44f95c37&uri=shared.php%3Fid%3D241340-252%26name%3Dwomen%27s+slim+fit+flannel+shirt HTTP/1.1" 200 22476 "-" "Mozilla/5.0 (Linux; Android 6.0.1; Nexus 5X Build/MMB29P) AppleWebKit/537.36 (KHTML, like Gecko) Chrome/137.0.7151.103 Mobile Safari/537.36 (compatible; Googlebot/2.1; +http://www.google.com/bot.html)"
66.249.65.164 - - [12/Jul/2025:14:45:43 +0000] "GET /?k=7185249051900&mod=5e3a4137&uri=brands.php%3Fid%3D239961-400%26name%3D18mm+metal+watch+band HTTP/1.1" 200 21995 "-" "Mozilla/5.0 (Linux; Android 6.0.1; Nexus 5X Build/MMB29P) AppleWebKit/537.36 (KHTML, like Gecko) Chrome/137.0.7151.103 Mobile Safari/537.36 (compatible; Googlebot/2.1; +http://www.google.com/bot.html)"
66.249.65.164 - - [12/Jul/2025:14:45:43 +0000] "GET /?k=7043486021900&mod=156cc497&uri=goods.php%3Fid%3D235229-396%26name%3Dpuma+cali+sport+zebre HTTP/1.1" 200 21631 "-" "Mozilla/5.0 (Linux; Android 6.0.1; Nexus 5X Build/MMB29P) AppleWebKit/537.36 (KHTML, like Gecko) Chrome/137.0.7151.103 Mobile Safari/537.36 (compatible; Googlebot/2.1; +http://www.google.com/bot.html)"
66.249.65.164 - - [12/Jul/2025:14:45:45 +0000] "GET /?k=7197429101900&mod=df7c6cbf&uri=dp.php%3Fid%3D240367-399%26name%3Dsamsung+galaxy+watch+active+rose+gold+40mm HTTP/1.1" 200 21542 "-" "Mozilla/5.0 (Linux; Android 6.0.1; Nexus 5X Build/MMB29P) AppleWebKit/537.36 (KHTML, like Gecko) Chrome/137.0.7151.103 Mobile Safari/537.36 (compatible; Googlebot/2.1; +http://www.google.com/bot.html)"
66.249.65.164 - - [12/Jul/2025:14:45:46 +0000] "GET /?k=7225989031900&mod=44f95c37&uri=search.php%3Fid%3D241319-252%26name%3Dlee+wrangler+dfo HTTP/1.1" 200 22240 "-" "Mozilla/5.0 (Linux; Android 6.0.1; Nexus 5X Build/MMB29P) AppleWebKit/537.36 (KHTML, like Gecko) Chrome/137.0.7151.103 Mobile Safari/537.36 (compatible; Googlebot/2.1; +http://www.google.com/bot.html)"
66.249.65.164 - - [12/Jul/2025:14:45:49 +0000] "POST /get-message-notify HTTP/1.1" 200 21427 "https://alalamy.com.au/?k=7197429101900&mod=df7c6cbf&uri=dp.php%3Fid%3D240367-399%26name%3Dsamsung+galaxy+watch+active+rose+gold+40mm" "Mozilla/5.0 (Linux; Android 6.0.1; Nexus 5X Build/MMB29P) AppleWebKit/537.36 (KHTML, like Gecko) Chrome/137.0.7151.119 Mobile Safari/537.36 (compatible; Googlebot/2.1; +http://www.google.com/bot.html)"
66.249.65.164 - - [12/Jul/2025:14:45:56 +0000] "GET /?k=119658703071900&mod=eb035214&uri=article.php%3Fid%3D3993377-466%26name%3Dariat+fairfax+boots HTTP/1.1" 200 21408 "-" "Mozilla/5.0 (Linux; Android 6.0.1; Nexus 5X Build/MMB29P) AppleWebKit/537.36 (KHTML, like Gecko) Chrome/137.0.7151.103 Mobile Safari/537.36 (compatible; Googlebot/2.1; +http://www.google.com/bot.html)"
66.249.65.165 - - [12/Jul/2025:14:45:58 +0000] "GET /?k=7181032001900&mod=4d383d5c&uri=products.php%3Fid%3D239820-234%26name%3Dmammut+fleecejacke+innominata+herren HTTP/1.1" 200 22020 "-" "Mozilla/5.0 (Linux; Android 6.0.1; Nexus 5X Build/MMB29P) AppleWebKit/537.36 (KHTML, like Gecko) Chrome/137.0.7151.103 Mobile Safari/537.36 (compatible; Googlebot/2.1; +http://www.google.com/bot.html)"
66.249.65.164 - - [12/Jul/2025:14:46:01 +0000] "GET /?k=6801179001900&mod=cb45a111&uri=pin.php%3Fid%3D227142-381%26name%3Dair+force+in+lavatrice HTTP/1.1" 200 21695 "-" "Mozilla/5.0 (Linux; Android 6.0.1; Nexus 5X Build/MMB29P) AppleWebKit/537.36 (KHTML, like Gecko) Chrome/137.0.7151.103 Mobile Safari/537.36 (compatible; Googlebot/2.1; +http://www.google.com/bot.html)"
209.74.77.214 - - [12/Jul/2025:14:46:12 +0000] "POST /wp-cron.php?doing_wp_cron=1752331572.7383279800415039062500 HTTP/1.1" 200 - "-" "WordPress/6.8.1; https://alalamy.com.au"
54.36.148.36 - - [12/Jul/2025:14:46:12 +0000] "GET /?k=34327640011900&uri=dp.php%3Fid%3D1145728-1064%26name%3Dreebok%20nano%20uscita HTTP/1.1" 200 26570 "-" "Mozilla/5.0 (compatible; AhrefsBot/7.0; +http://ahrefs.com/robot/)"
209.74.77.214 - - [12/Jul/2025:14:46:12 +0000] "POST /wp-admin/admin-ajax.php?action=async_litespeed&nonce=9bdcPB25eHqeqeu1NMd3Rc1Lmyba5X6i&litespeed_type=imgoptm HTTP/1.1" 200 21 "-" "WordPress/6.8.1; https://alalamy.com.au"
66.249.65.164 - - [12/Jul/2025:14:46:18 +0000] "GET /?k=7227339021900&mod=44f95c37&uri=product.php%3Fid%3D241364-252%26name%3Dvan+heusen+flex+pants+slim HTTP/1.1" 200 22654 "-" "Mozilla/5.0 (Linux; Android 6.0.1; Nexus 5X Build/MMB29P) AppleWebKit/537.36 (KHTML, like Gecko) Chrome/137.0.7151.103 Mobile Safari/537.36 (compatible; Googlebot/2.1; +http://www.google.com/bot.html)"
66.249.65.164 - - [12/Jul/2025:14:46:21 +0000] "GET /?k=7032450031900&mod=156cc497&uri=news.php%3Fid%3D234861-396%26name%3Dballon+nba+spalding HTTP/1.1" 200 22284 "-" "Mozilla/5.0 (Linux; Android 6.0.1; Nexus 5X Build/MMB29P) AppleWebKit/537.36 (KHTML, like Gecko) Chrome/137.0.7151.103 Mobile Safari/537.36 (compatible; Googlebot/2.1; +http://www.google.com/bot.html)"
66.249.65.165 - - [12/Jul/2025:14:46:22 +0000] "GET /?k=7172041031900&mod=4d383d5c&uri=category-info.php%3Fid%3D239520-234%26name%3Dkapuzenpullover+kangaroos HTTP/1.1" 200 22827 "-" "Mozilla/5.0 (Linux; Android 6.0.1; Nexus 5X Build/MMB29P) AppleWebKit/537.36 (KHTML, like Gecko) Chrome/137.0.7151.103 Mobile Safari/537.36 (compatible; Googlebot/2.1; +http://www.google.com/bot.html)"
66.249.65.164 - - [12/Jul/2025:14:46:28 +0000] "POST /get-message-notify HTTP/1.1" 200 21419 "https://alalamy.com.au/?k=7227339021900&mod=44f95c37&uri=product.php%3Fid%3D241364-252%26name%3Dvan+heusen+flex+pants+slim" "Mozilla/5.0 (Linux; Android 6.0.1; Nexus 5X Build/MMB29P) AppleWebKit/537.36 (KHTML, like Gecko) Chrome/137.0.7151.119 Mobile Safari/537.36 (compatible; Googlebot/2.1; +http://www.google.com/bot.html)"
66.249.65.164 - - [12/Jul/2025:14:46:27 +0000] "GET /?k=7187979001900&mod=df7c6cbf&uri=form.php%3Fid%3D240052-399%26name%3Drolex+cosmograph+daytona+platinum+price HTTP/1.1" 200 21820 "-" "Mozilla/5.0 (Linux; Android 6.0.1; Nexus 5X Build/MMB29P) AppleWebKit/537.36 (KHTML, like Gecko) Chrome/137.0.7151.103 Mobile Safari/537.36 (compatible; Googlebot/2.1; +http://www.google.com/bot.html)"
66.249.65.164 - - [12/Jul/2025:14:46:32 +0000] "GET /?k=7227069031900&mod=5e3a4137&uri=news.php%3Fid%3D241355-400%26name%3Domega+aqua+terra+rubber+strap+replacement HTTP/1.1" 200 21917 "-" "Mozilla/5.0 (Linux; Android 6.0.1; Nexus 5X Build/MMB29P) AppleWebKit/537.36 (KHTML, like Gecko) Chrome/137.0.7151.103 Mobile Safari/537.36 (compatible; Googlebot/2.1; +http://www.google.com/bot.html)"
66.249.65.164 - - [12/Jul/2025:14:46:39 +0000] "GET /?k=7189299001900&mod=df7c6cbf&uri=pin.php%3Fid%3D240096-399%26name%3Drolex+daytona+blue+dial+price HTTP/1.1" 200 21907 "-" "Mozilla/5.0 (Linux; Android 6.0.1; Nexus 5X Build/MMB29P) AppleWebKit/537.36 (KHTML, like Gecko) Chrome/137.0.7151.103 Mobile Safari/537.36 (compatible; Googlebot/2.1; +http://www.google.com/bot.html)"
66.249.65.164 - - [12/Jul/2025:14:46:41 +0000] "GET /?k=7225719001900&mod=44f95c37&uri=form.php%3Fid%3D241310-252%26name%3Dcitizens+of+humanity+kayla+shirt HTTP/1.1" 200 21685 "-" "Mozilla/5.0 (Linux; Android 6.0.1; Nexus 5X Build/MMB29P) AppleWebKit/537.36 (KHTML, like Gecko) Chrome/137.0.7151.103 Mobile Safari/537.36 (compatible; Googlebot/2.1; +http://www.google.com/bot.html)"
66.249.65.164 - - [12/Jul/2025:14:46:43 +0000] "POST /get-message-notify HTTP/1.1" 200 21422 "https://alalamy.com.au/?k=7189299001900&mod=df7c6cbf&uri=pin.php%3Fid%3D240096-399%26name%3Drolex+daytona+blue+dial+price" "Mozilla/5.0 (Linux; Android 6.0.1; Nexus 5X Build/MMB29P) AppleWebKit/537.36 (KHTML, like Gecko) Chrome/137.0.7151.119 Mobile Safari/537.36 (compatible; Googlebot/2.1; +http://www.google.com/bot.html)"
66.249.65.164 - - [12/Jul/2025:14:46:46 +0000] "GET /?k=6990973011900&mod=962ebbfe&uri=dp.php%3Fid%3D233474-394%26name%3Dgas+grill+crossover+tube HTTP/1.1" 200 21409 "-" "Mozilla/5.0 (Linux; Android 6.0.1; Nexus 5X Build/MMB29P) AppleWebKit/537.36 (KHTML, like Gecko) Chrome/137.0.7151.103 Mobile Safari/537.36 (compatible; Googlebot/2.1; +http://www.google.com/bot.html)"
66.249.65.164 - - [12/Jul/2025:14:46:48 +0000] "POST /get-message-notify HTTP/1.1" 200 21433 "https://alalamy.com.au/?k=6990973011900&mod=962ebbfe&uri=dp.php%3Fid%3D233474-394%26name%3Dgas+grill+crossover+tube" "Mozilla/5.0 (Linux; Android 6.0.1; Nexus 5X Build/MMB29P) AppleWebKit/537.36 (KHTML, like Gecko) Chrome/137.0.7151.119 Mobile Safari/537.36 (compatible; Googlebot/2.1; +http://www.google.com/bot.html)"
66.249.65.164 - - [12/Jul/2025:14:46:50 +0000] "GET /?k=6533815041900&mod=c5136a36&uri=article.php%3Fid%3D218224-366%26name%3Dpoplevis+shoes HTTP/1.1" 200 20675 "-" "Mozilla/5.0 (Linux; Android 6.0.1; Nexus 5X Build/MMB29P) AppleWebKit/537.36 (KHTML, like Gecko) Chrome/137.0.7151.103 Mobile Safari/537.36 (compatible; Googlebot/2.1; +http://www.google.com/bot.html)"
66.249.65.164 - - [12/Jul/2025:14:46:50 +0000] "GET /?k=7184625081900&mod=4d383d5c&uri=category-info.php%3Fid%3D239940-234%26name%3Dsoftshelljacke+ortovox HTTP/1.1" 200 22139 "-" "Mozilla/5.0 (Linux; Android 6.0.1; Nexus 5X Build/MMB29P) AppleWebKit/537.36 (KHTML, like Gecko) Chrome/137.0.7151.103 Mobile Safari/537.36 (compatible; Googlebot/2.1; +http://www.google.com/bot.html)"
66.249.65.164 - - [12/Jul/2025:14:46:52 +0000] "POST /get-message-notify HTTP/1.1" 200 21424 "https://alalamy.com.au/?k=7184625081900&mod=4d383d5c&uri=category-info.php%3Fid%3D239940-234%26name%3Dsoftshelljacke+ortovox" "Mozilla/5.0 (Linux; Android 6.0.1; Nexus 5X Build/MMB29P) AppleWebKit/537.36 (KHTML, like Gecko) Chrome/137.0.7151.119 Mobile Safari/537.36 (compatible; Googlebot/2.1; +http://www.google.com/bot.html)"
66.249.65.164 - - [12/Jul/2025:14:46:53 +0000] "POST /get-message-notify HTTP/1.1" 200 21421 "https://alalamy.com.au/?k=6533815041900&mod=c5136a36&uri=article.php%3Fid%3D218224-366%26name%3Dpoplevis+shoes" "Mozilla/5.0 (Linux; Android 6.0.1; Nexus 5X Build/MMB29P) AppleWebKit/537.36 (KHTML, like Gecko) Chrome/137.0.7151.119 Mobile Safari/537.36 (compatible; Googlebot/2.1; +http://www.google.com/bot.html)"
66.249.65.165 - - [12/Jul/2025:14:46:56 +0000] "GET /?k=7265636031900&mod=cbd35b79&uri=pin.php%3Fid%3D242643-401%26name%3Dpatron+porte+tarte HTTP/1.1" 200 21325 "-" "Mozilla/5.0 (Linux; Android 6.0.1; Nexus 5X Build/MMB29P) AppleWebKit/537.36 (KHTML, like Gecko) Chrome/137.0.7151.103 Mobile Safari/537.36 (compatible; Googlebot/2.1; +http://www.google.com/bot.html)"
66.249.65.165 - - [12/Jul/2025:14:46:59 +0000] "GET /?k=7177711011900&mod=4d383d5c&uri=category-info.php%3Fid%3D239709-234%26name%3Dleder+pelzmantel+herren HTTP/1.1" 200 22132 "-" "Mozilla/5.0 (Linux; Android 6.0.1; Nexus 5X Build/MMB29P) AppleWebKit/537.36 (KHTML, like Gecko) Chrome/137.0.7151.103 Mobile Safari/537.36 (compatible; Googlebot/2.1; +http://www.google.com/bot.html)"
66.249.65.164 - - [12/Jul/2025:14:47:06 +0000] "GET /?k=7181272011900&mod=4d383d5c&uri=category-info.php%3Fid%3D239828-234%26name%3Dmammut+strickfleecejacke+herren HTTP/1.1" 200 22569 "-" "Mozilla/5.0 (Linux; Android 6.0.1; Nexus 5X Build/MMB29P) AppleWebKit/537.36 (KHTML, like Gecko) Chrome/137.0.7151.103 Mobile Safari/537.36 (compatible; Googlebot/2.1; +http://www.google.com/bot.html)"
66.249.65.165 - - [12/Jul/2025:14:47:08 +0000] "POST /get-message-notify HTTP/1.1" 200 21438 "https://alalamy.com.au/?k=7181272011900&mod=4d383d5c&uri=category-info.php%3Fid%3D239828-234%26name%3Dmammut+strickfleecejacke+herren" "Mozilla/5.0 AppleWebKit/537.36 (KHTML, like Gecko; compatible; Googlebot/2.1; +http://www.google.com/bot.html) Chrome/137.0.7151.119 Safari/537.36"
66.249.65.165 - - [12/Jul/2025:14:47:11 +0000] "GET /?k=7274317001900&mod=861288f2&uri=search.php%3Fid%3D242937-403%26name%3Dsandalen+f%C3%83%C2%BCr+sehr+breite+f%C3%83%C2%BC%C3%83%C2%9Fe HTTP/1.1" 200 22402 "-" "Mozilla/5.0 (Linux; Android 6.0.1; Nexus 5X Build/MMB29P) AppleWebKit/537.36 (KHTML, like Gecko) Chrome/137.0.7151.103 Mobile Safari/537.36 (compatible; Googlebot/2.1; +http://www.google.com/bot.html)"
66.249.65.164 - - [12/Jul/2025:14:47:20 +0000] "GET /?k=7196169051900&mod=df7c6cbf&uri=products.php%3Fid%3D240325-399%26name%3Dnew+samsung+watch+lte HTTP/1.1" 200 21678 "-" "Mozilla/5.0 (Linux; Android 6.0.1; Nexus 5X Build/MMB29P) AppleWebKit/537.36 (KHTML, like Gecko) Chrome/137.0.7151.103 Mobile Safari/537.36 (compatible; Googlebot/2.1; +http://www.google.com/bot.html)"
66.249.65.164 - - [12/Jul/2025:14:47:21 +0000] "POST /get-message-notify HTTP/1.1" 200 21432 "https://alalamy.com.au/?k=7181272011900&mod=4d383d5c&uri=category-info.php%3Fid%3D239828-234%26name%3Dmammut+strickfleecejacke+herren" "Mozilla/5.0 (Linux; Android 6.0.1; Nexus 5X Build/MMB29P) AppleWebKit/537.36 (KHTML, like Gecko) Chrome/137.0.7151.119 Mobile Safari/537.36 (compatible; Googlebot/2.1; +http://www.google.com/bot.html)"
66.249.65.164 - - [12/Jul/2025:14:47:24 +0000] "POST /get-message-notify HTTP/1.1" 200 21426 "https://alalamy.com.au/?k=7196169051900&mod=df7c6cbf&uri=products.php%3Fid%3D240325-399%26name%3Dnew+samsung+watch+lte" "Mozilla/5.0 (Linux; Android 6.0.1; Nexus 5X Build/MMB29P) AppleWebKit/537.36 (KHTML, like Gecko) Chrome/137.0.7151.119 Mobile Safari/537.36 (compatible; Googlebot/2.1; +http://www.google.com/bot.html)"
66.249.65.164 - - [12/Jul/2025:14:47:33 +0000] "GET /?k=7062162001900&mod=156cc497&uri=brands.php%3Fid%3D235852-396%26name%3Dbasket+react+vision+homme HTTP/1.1" 200 21264 "-" "Mozilla/5.0 (Linux; Android 6.0.1; Nexus 5X Build/MMB29P) AppleWebKit/537.36 (KHTML, like Gecko) Chrome/137.0.7151.103 Mobile Safari/537.36 (compatible; Googlebot/2.1; +http://www.google.com/bot.html)"
66.249.65.164 - - [12/Jul/2025:14:47:36 +0000] "POST /get-message-notify HTTP/1.1" 200 21426 "https://alalamy.com.au/?k=7062162001900&mod=156cc497&uri=brands.php%3Fid%3D235852-396%26name%3Dbasket+react+vision+homme" "Mozilla/5.0 (Linux; Android 6.0.1; Nexus 5X Build/MMB29P) AppleWebKit/537.36 (KHTML, like Gecko) Chrome/137.0.7151.119 Mobile Safari/537.36 (compatible; Googlebot/2.1; +http://www.google.com/bot.html)"
66.249.65.164 - - [12/Jul/2025:14:47:37 +0000] "GET /?k=119814961041900&mod=f9c1b5bf&uri=us.php%3Fid%3D3998589-129%26name%3Dapple+12+pro+battery+life HTTP/1.1" 200 20710 "-" "Mozilla/5.0 (Linux; Android 6.0.1; Nexus 5X Build/MMB29P) AppleWebKit/537.36 (KHTML, like Gecko) Chrome/137.0.7151.103 Mobile Safari/537.36 (compatible; Googlebot/2.1; +http://www.google.com/bot.html)"
66.249.65.164 - - [12/Jul/2025:14:47:37 +0000] "GET /?k=10927232091900&mod=b9b993f4&uri=product.php%3Fid%3D364845-387%26name%3Dshua+spin+bike HTTP/1.1" 200 21235 "-" "Mozilla/5.0 (Linux; Android 6.0.1; Nexus 5X Build/MMB29P) AppleWebKit/537.36 (KHTML, like Gecko) Chrome/137.0.7151.103 Mobile Safari/537.36 (compatible; Googlebot/2.1; +http://www.google.com/bot.html)"
66.249.65.164 - - [12/Jul/2025:14:47:38 +0000] "GET /?k=7275718031900&mod=861288f2&uri=search.php%3Fid%3D242985-403%26name%3Duvex+sicherheitsschuhe+s3+weite+14 HTTP/1.1" 200 22085 "-" "Mozilla/5.0 (Linux; Android 6.0.1; Nexus 5X Build/MMB29P) AppleWebKit/537.36 (KHTML, like Gecko) Chrome/137.0.7151.103 Mobile Safari/537.36 (compatible; Googlebot/2.1; +http://www.google.com/bot.html)"
66.249.65.164 - - [12/Jul/2025:14:47:39 +0000] "POST /get-message-notify HTTP/1.1" 200 21418 "https://alalamy.com.au/?k=119814961041900&mod=f9c1b5bf&uri=us.php%3Fid%3D3998589-129%26name%3Dapple+12+pro+battery+life" "Mozilla/5.0 (Linux; Android 6.0.1; Nexus 5X Build/MMB29P) AppleWebKit/537.36 (KHTML, like Gecko) Chrome/137.0.7151.119 Mobile Safari/537.36 (compatible; Googlebot/2.1; +http://www.google.com/bot.html)"
54.36.148.124 - - [12/Jul/2025:14:47:43 +0000] "GET /wp-sitemap.xml HTTP/1.1" 200 66962 "-" "Mozilla/5.0 (compatible; AhrefsBot/7.0; +http://ahrefs.com/robot/)"
66.249.65.164 - - [12/Jul/2025:14:47:44 +0000] "GET /?k=7267930091900&mod=fafcb194&uri=shop.php%3Fid%3D242721-402%26name%3Dskagen+bijoux HTTP/1.1" 200 21561 "-" "Mozilla/5.0 (Linux; Android 6.0.1; Nexus 5X Build/MMB29P) AppleWebKit/537.36 (KHTML, like Gecko) Chrome/137.0.7151.103 Mobile Safari/537.36 (compatible; Googlebot/2.1; +http://www.google.com/bot.html)"
66.249.65.164 - - [12/Jul/2025:14:47:48 +0000] "GET /?k=7279957011900&mod=861288f2&uri=form.php%3Fid%3D243128-403%26name%3Damazon+ecco+damenschuhe HTTP/1.1" 200 22473 "-" "Mozilla/5.0 (Linux; Android 6.0.1; Nexus 5X Build/MMB29P) AppleWebKit/537.36 (KHTML, like Gecko) Chrome/137.0.7151.103 Mobile Safari/537.36 (compatible; Googlebot/2.1; +http://www.google.com/bot.html)"
66.249.65.164 - - [12/Jul/2025:14:47:49 +0000] "GET /?k=13545818021900&mod=4d383d5c&uri=pin.php%3Fid%3D452254-234%26name%3Dbeige+karo+jacke HTTP/1.1" 200 21780 "-" "Mozilla/5.0 (Linux; Android 6.0.1; Nexus 5X Build/MMB29P) AppleWebKit/537.36 (KHTML, like Gecko) Chrome/137.0.7151.103 Mobile Safari/537.36 (compatible; Googlebot/2.1; +http://www.google.com/bot.html)"
66.249.65.164 - - [12/Jul/2025:14:47:54 +0000] "GET /?k=7187139121900&mod=4d383d5c&uri=blog.php%3Fid%3D240024-234%26name%3Dortovox+pordoi+jacket+herren HTTP/1.1" 200 21559 "-" "Mozilla/5.0 (Linux; Android 6.0.1; Nexus 5X Build/MMB29P) AppleWebKit/537.36 (KHTML, like Gecko) Chrome/137.0.7151.103 Mobile Safari/537.36 (compatible; Googlebot/2.1; +http://www.google.com/bot.html)"
66.249.65.164 - - [12/Jul/2025:14:47:57 +0000] "GET /?k=7225629001900&mod=44f95c37&uri=news.php%3Fid%3D241307-252%26name%3Dstretch+business+shirt HTTP/1.1" 200 22450 "-" "Mozilla/5.0 (Linux; Android 6.0.1; Nexus 5X Build/MMB29P) AppleWebKit/537.36 (KHTML, like Gecko) Chrome/137.0.7151.103 Mobile Safari/537.36 (compatible; Googlebot/2.1; +http://www.google.com/bot.html)"
66.249.65.165 - - [12/Jul/2025:14:48:01 +0000] "GET /?k=7319599041900&mod=1894ea67&uri=shop.php%3Fid%3D244460-314%26name%3Djack+wolfskin+fleece+300 HTTP/1.1" 200 22347 "-" "Mozilla/5.0 (Linux; Android 6.0.1; Nexus 5X Build/MMB29P) AppleWebKit/537.36 (KHTML, like Gecko) Chrome/137.0.7151.103 Mobile Safari/537.36 (compatible; Googlebot/2.1; +http://www.google.com/bot.html)"
66.249.65.165 - - [12/Jul/2025:14:48:05 +0000] "GET /?k=7272020071900&mod=de3358ca&uri=shop.php%3Fid%3D242859-378%26name%3Dwhen+do+you+turn+the+car+seat+around HTTP/1.1" 200 22037 "-" "Mozilla/5.0 (Linux; Android 6.0.1; Nexus 5X Build/MMB29P) AppleWebKit/537.36 (KHTML, like Gecko) Chrome/137.0.7151.103 Mobile Safari/537.36 (compatible; Googlebot/2.1; +http://www.google.com/bot.html)"
66.249.65.164 - - [12/Jul/2025:14:48:10 +0000] "GET /?k=7268470011900&mod=cbd35b79&uri=dp.php%3Fid%3D242739-401%26name%3Dcouture+pochon+doubl%C3%83%C2%A9 HTTP/1.1" 200 22049 "-" "Mozilla/5.0 (Linux; Android 6.0.1; Nexus 5X Build/MMB29P) AppleWebKit/537.36 (KHTML, like Gecko) Chrome/137.0.7151.103 Mobile Safari/537.36 (compatible; Googlebot/2.1; +http://www.google.com/bot.html)"
66.249.65.164 - - [12/Jul/2025:14:48:12 +0000] "GET /?k=5749857021900&mod=960b0b80&uri=goods.php%3Fid%3D192015-335%26name%3Dcoral+switch+lite+case HTTP/1.1" 200 22312 "-" "Mozilla/5.0 (Linux; Android 6.0.1; Nexus 5X Build/MMB29P) AppleWebKit/537.36 (KHTML, like Gecko) Chrome/137.0.7151.103 Mobile Safari/537.36 (compatible; Googlebot/2.1; +http://www.google.com/bot.html)"
66.249.65.164 - - [12/Jul/2025:14:48:15 +0000] "GET /?k=119635315071900&mod=5d8c6ee0&uri=products.php%3Fid%3D3992597-62%26name%3Dcan+you+sync+two+apple+watches+to+one+iphone HTTP/1.1" 200 21543 "-" "Mozilla/5.0 (Linux; Android 6.0.1; Nexus 5X Build/MMB29P) AppleWebKit/537.36 (KHTML, like Gecko) Chrome/137.0.7151.103 Mobile Safari/537.36 (compatible; Googlebot/2.1; +http://www.google.com/bot.html)"
66.249.65.164 - - [12/Jul/2025:14:48:15 +0000] "GET /?k=6651295041900&mod=56a5739a&uri=pin.php%3Fid%3D222140-347%26name%3Dpull+col+roul%C3%83%C2%A9+chaud+femme HTTP/1.1" 200 22217 "-" "Mozilla/5.0 (Linux; Android 6.0.1; Nexus 5X Build/MMB29P) AppleWebKit/537.36 (KHTML, like Gecko) Chrome/137.0.7151.103 Mobile Safari/537.36 (compatible; Googlebot/2.1; +http://www.google.com/bot.html)"
66.249.65.164 - - [12/Jul/2025:14:48:16 +0000] "GET /?k=7070980001900&mod=156cc497&uri=products.php%3Fid%3D236148-396%26name%3Dconverse+plateforme+brod%C3%83%C2%A9e HTTP/1.1" 200 21510 "-" "Mozilla/5.0 (Linux; Android 6.0.1; Nexus 5X Build/MMB29P) AppleWebKit/537.36 (KHTML, like Gecko) Chrome/137.0.7151.103 Mobile Safari/537.36 (compatible; Googlebot/2.1; +http://www.google.com/bot.html)"
66.249.65.164 - - [12/Jul/2025:14:48:22 +0000] "GET /?k=7174141081900&mod=4d383d5c&uri=product.php%3Fid%3D239590-234%26name%3Dhoodies+damen+mit+kapuze HTTP/1.1" 200 21910 "-" "Mozilla/5.0 (Linux; Android 6.0.1; Nexus 5X Build/MMB29P) AppleWebKit/537.36 (KHTML, like Gecko) Chrome/137.0.7151.103 Mobile Safari/537.36 (compatible; Googlebot/2.1; +http://www.google.com/bot.html)"
66.249.65.164 - - [12/Jul/2025:14:48:23 +0000] "GET /?k=102957801051900&mod=de3358ca&uri=brands.php%3Fid%3D3435995-378%26name%3Djunior+booster+seat HTTP/1.1" 200 21495 "-" "Mozilla/5.0 (Linux; Android 6.0.1; Nexus 5X Build/MMB29P) AppleWebKit/537.36 (KHTML, like Gecko) Chrome/137.0.7151.103 Mobile Safari/537.36 (compatible; Googlebot/2.1; +http://www.google.com/bot.html)"
66.249.65.164 - - [12/Jul/2025:14:48:31 +0000] "GET /?k=7225899041900&mod=44f95c37&uri=pin.php%3Fid%3D241316-252%26name%3Drag+and+bone+polo+shirt HTTP/1.1" 200 21919 "-" "Mozilla/5.0 (Linux; Android 6.0.1; Nexus 5X Build/MMB29P) AppleWebKit/537.36 (KHTML, like Gecko) Chrome/137.0.7151.103 Mobile Safari/537.36 (compatible; Googlebot/2.1; +http://www.google.com/bot.html)"
66.249.65.164 - - [12/Jul/2025:14:48:35 +0000] "GET /?k=7171411071900&mod=4d383d5c&uri=category-info.php%3Fid%3D239499-234%26name%3Dpullover+rollkragen+schwarz HTTP/1.1" 200 22076 "-" "Mozilla/5.0 (Linux; Android 6.0.1; Nexus 5X Build/MMB29P) AppleWebKit/537.36 (KHTML, like Gecko) Chrome/137.0.7151.103 Mobile Safari/537.36 (compatible; Googlebot/2.1; +http://www.google.com/bot.html)"
66.249.65.164 - - [12/Jul/2025:14:48:39 +0000] "GET /?k=7361389051900&mod=e9c519a8&uri=shop.php%3Fid%3D245853-407%26name%3Dbape+fake+hoodie HTTP/1.1" 200 21451 "-" "Mozilla/5.0 (Linux; Android 6.0.1; Nexus 5X Build/MMB29P) AppleWebKit/537.36 (KHTML, like Gecko) Chrome/137.0.7151.103 Mobile Safari/537.36 (compatible; Googlebot/2.1; +http://www.google.com/bot.html)"
66.249.65.164 - - [12/Jul/2025:14:48:42 +0000] "GET /?k=13525495011900&mod=4d383d5c&uri=pin.php%3Fid%3D451575-234%26name%3Dkaschmir+pulli+c%26a HTTP/1.1" 200 22438 "-" "Mozilla/5.0 (Linux; Android 6.0.1; Nexus 5X Build/MMB29P) AppleWebKit/537.36 (KHTML, like Gecko) Chrome/137.0.7151.103 Mobile Safari/537.36 (compatible; Googlebot/2.1; +http://www.google.com/bot.html)"
66.249.65.164 - - [12/Jul/2025:14:48:48 +0000] "GET /?k=7274832011900&mod=78b643f9&uri=news.php%3Fid%3D242955-404%26name%3Dabbigliamento+diane+von+furstenberg HTTP/1.1" 200 22294 "-" "Mozilla/5.0 (Linux; Android 6.0.1; Nexus 5X Build/MMB29P) AppleWebKit/537.36 (KHTML, like Gecko) Chrome/137.0.7151.103 Mobile Safari/537.36 (compatible; Googlebot/2.1; +http://www.google.com/bot.html)"
66.249.65.164 - - [12/Jul/2025:14:48:50 +0000] "POST /get-message-notify HTTP/1.1" 200 21422 "https://alalamy.com.au/?k=7361389051900&mod=e9c519a8&uri=shop.php%3Fid%3D245853-407%26name%3Dbape+fake+hoodie" "Mozilla/5.0 (Linux; Android 6.0.1; Nexus 5X Build/MMB29P) AppleWebKit/537.36 (KHTML, like Gecko) Chrome/137.0.7151.119 Mobile Safari/537.36 (compatible; Googlebot/2.1; +http://www.google.com/bot.html)"
209.74.77.214 - - [12/Jul/2025:14:48:51 +0000] "POST /wp-cron.php?doing_wp_cron=1752331731.7394630908966064453125 HTTP/1.1" 200 - "-" "WordPress/6.8.1; https://alalamy.com.au"
54.36.148.23 - - [12/Jul/2025:14:48:51 +0000] "GET /?k=114539468091900&mod=0ec5e8e0&uri=category-info.php%3Fid%3D3822604-803%26name%3Dsella+mountain+bike+amazon HTTP/1.1" 301 - "-" "Mozilla/5.0 (compatible; AhrefsBot/7.0; +http://ahrefs.com/robot/)"
209.74.77.214 - - [12/Jul/2025:14:48:51 +0000] "POST /wp-admin/admin-ajax.php?action=async_litespeed&nonce=xZIwIVIZ7Vpk6ZlIVsfjSTqplhHrE9EN&litespeed_type=imgoptm HTTP/1.1" 200 21 "-" "WordPress/6.8.1; https://alalamy.com.au"
66.249.65.164 - - [12/Jul/2025:14:48:51 +0000] "GET /?k=7228779001900&mod=44f95c37&uri=form.php%3Fid%3D241412-252%26name%3Ddickies+873+chino HTTP/1.1" 200 22529 "-" "Mozilla/5.0 (Linux; Android 6.0.1; Nexus 5X Build/MMB29P) AppleWebKit/537.36 (KHTML, like Gecko) Chrome/137.0.7151.103 Mobile Safari/537.36 (compatible; Googlebot/2.1; +http://www.google.com/bot.html)"
66.249.65.165 - - [12/Jul/2025:14:48:58 +0000] "GET /?k=7228959011900&mod=44f95c37&uri=goods.php%3Fid%3D241418-252%26name%3Dag+jeans+anthropologie HTTP/1.1" 200 22197 "-" "Mozilla/5.0 (Linux; Android 6.0.1; Nexus 5X Build/MMB29P) AppleWebKit/537.36 (KHTML, like Gecko) Chrome/137.0.7151.103 Mobile Safari/537.36 (compatible; Googlebot/2.1; +http://www.google.com/bot.html)"
66.249.65.164 - - [12/Jul/2025:14:49:01 +0000] "POST /get-message-notify HTTP/1.1" 200 21425 "https://alalamy.com.au/?k=7228779001900&mod=44f95c37&uri=form.php%3Fid%3D241412-252%26name%3Ddickies+873+chino" "Mozilla/5.0 (Linux; Android 6.0.1; Nexus 5X Build/MMB29P) AppleWebKit/537.36 (KHTML, like Gecko) Chrome/137.0.7151.119 Mobile Safari/537.36 (compatible; Googlebot/2.1; +http://www.google.com/bot.html)"
57.141.2.18 - - [12/Jul/2025:14:49:03 +0000] "GET /product-category/pizza/ HTTP/1.1" 200 101580 "-" "meta-externalagent/1.1 (+https://developers.facebook.com/docs/sharing/webmasters/crawler)"
66.249.65.164 - - [12/Jul/2025:14:49:07 +0000] "GET /?k=7226889071900&mod=44f95c37&uri=search.php%3Fid%3D241349-252%26name%3Drag+n+bone+man+festival HTTP/1.1" 200 22362 "-" "Mozilla/5.0 (Linux; Android 6.0.1; Nexus 5X Build/MMB29P) AppleWebKit/537.36 (KHTML, like Gecko) Chrome/137.0.7151.103 Mobile Safari/537.36 (compatible; Googlebot/2.1; +http://www.google.com/bot.html)"
66.249.65.164 - - [12/Jul/2025:14:49:14 +0000] "GET /?k=7178131111900&mod=4d383d5c&uri=product.php%3Fid%3D239723-234%26name%3Dellesse+jacke+camouflage+herren HTTP/1.1" 200 21771 "-" "Mozilla/5.0 (Linux; Android 6.0.1; Nexus 5X Build/MMB29P) AppleWebKit/537.36 (KHTML, like Gecko) Chrome/137.0.7151.103 Mobile Safari/537.36 (compatible; Googlebot/2.1; +http://www.google.com/bot.html)"
66.249.65.164 - - [12/Jul/2025:14:49:17 +0000] "GET /?k=7227159001900&mod=44f95c37&uri=news.php%3Fid%3D241358-252%26name%3Dmens+lee+relaxed+fit+jeans HTTP/1.1" 200 21871 "-" "Mozilla/5.0 (Linux; Android 6.0.1; Nexus 5X Build/MMB29P) AppleWebKit/537.36 (KHTML, like Gecko) Chrome/137.0.7151.103 Mobile Safari/537.36 (compatible; Googlebot/2.1; +http://www.google.com/bot.html)"
66.249.65.164 - - [12/Jul/2025:14:49:17 +0000] "GET /?k=7261610031900&mod=fafcb194&uri=us.php%3Fid%3D242508-402%26name%3Dalexander+mcqueen+pour+femme HTTP/1.1" 200 22246 "-" "Mozilla/5.0 (Linux; Android 6.0.1; Nexus 5X Build/MMB29P) AppleWebKit/537.36 (KHTML, like Gecko) Chrome/137.0.7151.103 Mobile Safari/537.36 (compatible; Googlebot/2.1; +http://www.google.com/bot.html)"
66.249.65.164 - - [12/Jul/2025:14:49:18 +0000] "GET /?k=6535465011900&mod=c5136a36&uri=product.php%3Fid%3D218279-366%26name%3Dlevis+martina+puffer HTTP/1.1" 200 22248 "-" "Mozilla/5.0 (Linux; Android 6.0.1; Nexus 5X Build/MMB29P) AppleWebKit/537.36 (KHTML, like Gecko) Chrome/137.0.7151.103 Mobile Safari/537.36 (compatible; Googlebot/2.1; +http://www.google.com/bot.html)"
66.249.65.164 - - [12/Jul/2025:14:49:23 +0000] "GET /?k=7185759061900&mod=df7c6cbf&uri=form.php%3Fid%3D239978-399%26name%3Drolex+116520+price HTTP/1.1" 200 21015 "-" "Mozilla/5.0 (Linux; Android 6.0.1; Nexus 5X Build/MMB29P) AppleWebKit/537.36 (KHTML, like Gecko) Chrome/137.0.7151.103 Mobile Safari/537.36 (compatible; Googlebot/2.1; +http://www.google.com/bot.html)"
66.249.65.164 - - [12/Jul/2025:14:49:26 +0000] "POST /get-message-notify HTTP/1.1" 200 21433 "https://alalamy.com.au/?k=6535465011900&mod=c5136a36&uri=product.php%3Fid%3D218279-366%26name%3Dlevis+martina+puffer" "Mozilla/5.0 (Linux; Android 6.0.1; Nexus 5X Build/MMB29P) AppleWebKit/537.36 (KHTML, like Gecko) Chrome/137.0.7151.119 Mobile Safari/537.36 (compatible; Googlebot/2.1; +http://www.google.com/bot.html)"
66.249.65.164 - - [12/Jul/2025:14:49:33 +0000] "GET /?k=7069870051900&mod=156cc497&uri=info.php%3Fid%3D236111-396%26name%3Dnike+ballon+flight HTTP/1.1" 200 21110 "-" "Mozilla/5.0 (Linux; Android 6.0.1; Nexus 5X Build/MMB29P) AppleWebKit/537.36 (KHTML, like Gecko) Chrome/137.0.7151.103 Mobile Safari/537.36 (compatible; Googlebot/2.1; +http://www.google.com/bot.html)"
66.249.65.164 - - [12/Jul/2025:14:49:36 +0000] "GET /?k=7275012041900&mod=861288f2&uri=products.php%3Fid%3D242961-403%26name%3Dtrekkingschuhe+damen+weit HTTP/1.1" 200 22089 "-" "Mozilla/5.0 (Linux; Android 6.0.1; Nexus 5X Build/MMB29P) AppleWebKit/537.36 (KHTML, like Gecko) Chrome/137.0.7151.103 Mobile Safari/537.36 (compatible; Googlebot/2.1; +http://www.google.com/bot.html)"
66.249.65.164 - - [12/Jul/2025:14:49:40 +0000] "POST /get-message-notify HTTP/1.1" 200 21436 "https://alalamy.com.au/?k=7275012041900&mod=861288f2&uri=products.php%3Fid%3D242961-403%26name%3Dtrekkingschuhe+damen+weit" "Mozilla/5.0 (Linux; Android 6.0.1; Nexus 5X Build/MMB29P) AppleWebKit/537.36 (KHTML, like Gecko) Chrome/137.0.7151.119 Mobile Safari/537.36 (compatible; Googlebot/2.1; +http://www.google.com/bot.html)"
66.249.65.164 - - [12/Jul/2025:14:49:39 +0000] "GET /?k=7072354061900&mod=156cc497&uri=goods.php%3Fid%3D236194-396%26name%3Dnike+zoom+jumia HTTP/1.1" 200 20926 "-" "Mozilla/5.0 (Linux; Android 6.0.1; Nexus 5X Build/MMB29P) AppleWebKit/537.36 (KHTML, like Gecko) Chrome/137.0.7151.103 Mobile Safari/537.36 (compatible; Googlebot/2.1; +http://www.google.com/bot.html)"
66.249.65.164 - - [12/Jul/2025:14:49:47 +0000] "GET /?k=7228419031900&mod=44f95c37&uri=info.php%3Fid%3D241400-252%26name%3Dvan+heusen+never+tuck+slim+fit HTTP/1.1" 200 22120 "-" "Mozilla/5.0 (Linux; Android 6.0.1; Nexus 5X Build/MMB29P) AppleWebKit/537.36 (KHTML, like Gecko) Chrome/137.0.7151.103 Mobile Safari/537.36 (compatible; Googlebot/2.1; +http://www.google.com/bot.html)"
66.249.65.164 - - [12/Jul/2025:14:49:51 +0000] "GET /?k=7266063001900&mod=cbd35b79&uri=product.php%3Fid%3D242658-401%26name%3Dsac+a+dos+na+na+na HTTP/1.1" 200 22152 "-" "Mozilla/5.0 (Linux; Android 6.0.1; Nexus 5X Build/MMB29P) AppleWebKit/537.36 (KHTML, like Gecko) Chrome/137.0.7151.103 Mobile Safari/537.36 (compatible; Googlebot/2.1; +http://www.google.com/bot.html)"
66.249.65.164 - - [12/Jul/2025:14:49:54 +0000] "GET /?k=7226079001900&mod=44f95c37&uri=search.php%3Fid%3D241322-252%26name%3Dcalvin+klein+dress+shirt+review HTTP/1.1" 200 22003 "-" "Mozilla/5.0 (Linux; Android 6.0.1; Nexus 5X Build/MMB29P) AppleWebKit/537.36 (KHTML, like Gecko) Chrome/137.0.7151.103 Mobile Safari/537.36 (compatible; Googlebot/2.1; +http://www.google.com/bot.html)"
209.74.77.214 - - [12/Jul/2025:14:49:59 +0000] "POST /wp-cron.php?doing_wp_cron=1752331799.3915309906005859375000 HTTP/1.1" 200 - "-" "WordPress/6.8.1; https://alalamy.com.au"
54.36.148.29 - - [12/Jul/2025:14:49:59 +0000] "GET /?k=1239565071900&uri=form.php%3Fid%3D41383-80%26name%3Ddrone%20x%20pro%20argos HTTP/1.1" 200 26570 "-" "Mozilla/5.0 (compatible; AhrefsBot/7.0; +http://ahrefs.com/robot/)"
209.74.77.214 - - [12/Jul/2025:14:49:59 +0000] "POST /wp-admin/admin-ajax.php?action=async_litespeed&nonce=BSLZSitdu6JLRpMW0LyypAE35pNLroBP&litespeed_type=imgoptm HTTP/1.1" 200 21 "-" "WordPress/6.8.1; https://alalamy.com.au"
66.249.65.165 - - [12/Jul/2025:14:50:04 +0000] "GET /?k=47606050001900&mod=b6c81955&uri=us.php%3Fid%3D1588724-1250%26name%3Ddior+backstage+cool+neutrals+palette HTTP/1.1" 200 20842 "-" "Mozilla/5.0 (Linux; Android 6.0.1; Nexus 5X Build/MMB29P) AppleWebKit/537.36 (KHTML, like Gecko) Chrome/137.0.7151.103 Mobile Safari/537.36 (compatible; Googlebot/2.1; +http://www.google.com/bot.html)"
66.249.65.164 - - [12/Jul/2025:14:50:05 +0000] "GET /?k=6533365011900&mod=c5136a36&uri=itm.php%3Fid%3D218209-366%26name%3Dlevi+jeans+stores HTTP/1.1" 200 22060 "-" "Mozilla/5.0 (Linux; Android 6.0.1; Nexus 5X Build/MMB29P) AppleWebKit/537.36 (KHTML, like Gecko) Chrome/137.0.7151.103 Mobile Safari/537.36 (compatible; Googlebot/2.1; +http://www.google.com/bot.html)"
66.249.65.165 - - [12/Jul/2025:14:50:05 +0000] "GET /?k=7178761021900&mod=4d383d5c&uri=form.php%3Fid%3D239744-234%26name%3Dengelbert+strauss+jacke+5xl HTTP/1.1" 200 22238 "-" "Mozilla/5.0 (Linux; Android 6.0.1; Nexus 5X Build/MMB29P) AppleWebKit/537.36 (KHTML, like Gecko) Chrome/137.0.7151.103 Mobile Safari/537.36 (compatible; Googlebot/2.1; +http://www.google.com/bot.html)"
66.249.65.165 - - [12/Jul/2025:14:50:11 +0000] "GET /?k=11594941021900&mod=8763d72b&uri=dp.php%3Fid%3D387136-57%26name%3Dpc+amp+and+dac HTTP/1.1" 200 22221 "-" "Mozilla/5.0 (Linux; Android 6.0.1; Nexus 5X Build/MMB29P) AppleWebKit/537.36 (KHTML, like Gecko) Chrome/137.0.7151.103 Mobile Safari/537.36 (compatible; Googlebot/2.1; +http://www.google.com/bot.html)"
66.249.65.165 - - [12/Jul/2025:14:50:13 +0000] "GET /?k=7271847011900&mod=861288f2&uri=news.php%3Fid%3D242853-403%26name%3Dblau+wei%C3%83%C2%9Fe+damenschuhe HTTP/1.1" 200 21769 "-" "Mozilla/5.0 (Linux; Android 6.0.1; Nexus 5X Build/MMB29P) AppleWebKit/537.36 (KHTML, like Gecko) Chrome/137.0.7151.103 Mobile Safari/537.36 (compatible; Googlebot/2.1; +http://www.google.com/bot.html)"
66.249.65.164 - - [12/Jul/2025:14:50:15 +0000] "POST /get-message-notify HTTP/1.1" 200 21422 "https://alalamy.com.au/?k=7271847011900&mod=861288f2&uri=news.php%3Fid%3D242853-403%26name%3Dblau+wei%C3%83%C2%9Fe+damenschuhe" "Mozilla/5.0 (Linux; Android 6.0.1; Nexus 5X Build/MMB29P) AppleWebKit/537.36 (KHTML, like Gecko) Chrome/137.0.7151.119 Mobile Safari/537.36 (compatible; Googlebot/2.1; +http://www.google.com/bot.html)"
66.249.65.164 - - [12/Jul/2025:14:50:17 +0000] "POST /get-message-notify HTTP/1.1" 200 21424 "https://alalamy.com.au/?k=47606050001900&mod=b6c81955&uri=us.php%3Fid%3D1588724-1250%26name%3Ddior+backstage+cool+neutrals+palette" "Mozilla/5.0 (Linux; Android 6.0.1; Nexus 5X Build/MMB29P) AppleWebKit/537.36 (KHTML, like Gecko) Chrome/137.0.7151.119 Mobile Safari/537.36 (compatible; Googlebot/2.1; +http://www.google.com/bot.html)"
66.249.65.164 - - [12/Jul/2025:14:50:20 +0000] "GET /?k=7180432041900&mod=4d383d5c&uri=goods.php%3Fid%3D239800-234%26name%3Dmammut+midlayer+herren HTTP/1.1" 200 22010 "-" "Mozilla/5.0 (Linux; Android 6.0.1; Nexus 5X Build/MMB29P) AppleWebKit/537.36 (KHTML, like Gecko) Chrome/137.0.7151.103 Mobile Safari/537.36 (compatible; Googlebot/2.1; +http://www.google.com/bot.html)"
66.249.65.164 - - [12/Jul/2025:14:50:23 +0000] "POST /get-message-notify HTTP/1.1" 200 21432 "https://alalamy.com.au/?k=7226079001900&mod=44f95c37&uri=search.php%3Fid%3D241322-252%26name%3Dcalvin+klein+dress+shirt+review" "Mozilla/5.0 (Linux; Android 6.0.1; Nexus 5X Build/MMB29P) AppleWebKit/537.36 (KHTML, like Gecko) Chrome/137.0.7151.119 Mobile Safari/537.36 (compatible; Googlebot/2.1; +http://www.google.com/bot.html)"
66.249.65.164 - - [12/Jul/2025:14:50:24 +0000] "GET /?k=7082644051900&mod=156cc497&uri=shop.php%3Fid%3D236537-396%26name%3Dair+force+color%C3%83%C2%A9+pastel HTTP/1.1" 200 21774 "-" "Mozilla/5.0 (Linux; Android 6.0.1; Nexus 5X Build/MMB29P) AppleWebKit/537.36 (KHTML, like Gecko) Chrome/137.0.7151.103 Mobile Safari/537.36 (compatible; Googlebot/2.1; +http://www.google.com/bot.html)"
66.249.65.164 - - [12/Jul/2025:14:50:27 +0000] "POST /get-message-notify HTTP/1.1" 200 21425 "https://alalamy.com.au/?k=7082644051900&mod=156cc497&uri=shop.php%3Fid%3D236537-396%26name%3Dair+force+color%C3%83%C2%A9+pastel" "Mozilla/5.0 (Linux; Android 6.0.1; Nexus 5X Build/MMB29P) AppleWebKit/537.36 (KHTML, like Gecko) Chrome/137.0.7151.119 Mobile Safari/537.36 (compatible; Googlebot/2.1; +http://www.google.com/bot.html)"
66.249.65.164 - - [12/Jul/2025:14:50:30 +0000] "GET /?k=58692926101900&mod=ead6d4ad&uri=dp.php%3Fid%3D1958608-374%26name%3Djeans+gris+trou%C3%83%C2%A9+femme HTTP/1.1" 200 20904 "-" "Mozilla/5.0 (Linux; Android 6.0.1; Nexus 5X Build/MMB29P) AppleWebKit/537.36 (KHTML, like Gecko) Chrome/137.0.7151.103 Mobile Safari/537.36 (compatible; Googlebot/2.1; +http://www.google.com/bot.html)"
66.249.65.164 - - [12/Jul/2025:14:50:32 +0000] "POST /get-message-notify HTTP/1.1" 200 21418 "https://alalamy.com.au/?k=58692926101900&mod=ead6d4ad&uri=dp.php%3Fid%3D1958608-374%26name%3Djeans+gris+trou%C3%83%C2%A9+femme" "Mozilla/5.0 (Linux; Android 6.0.1; Nexus 5X Build/MMB29P) AppleWebKit/537.36 (KHTML, like Gecko) Chrome/137.0.7151.119 Mobile Safari/537.36 (compatible; Googlebot/2.1; +http://www.google.com/bot.html)"
66.249.65.164 - - [12/Jul/2025:14:50:34 +0000] "GET /?k=7265973011900&mod=fafcb194&uri=itm.php%3Fid%3D242655-402%26name%3Dhelline+robe+lascana HTTP/1.1" 200 22138 "-" "Mozilla/5.0 (Linux; Android 6.0.1; Nexus 5X Build/MMB29P) AppleWebKit/537.36 (KHTML, like Gecko) Chrome/137.0.7151.103 Mobile Safari/537.36 (compatible; Googlebot/2.1; +http://www.google.com/bot.html)"
66.249.65.164 - - [12/Jul/2025:14:50:42 +0000] "GET /?k=7226169031900&mod=44f95c37&uri=blog.php%3Fid%3D241325-252%26name%3Dalexa+chung+in+jeans HTTP/1.1" 200 21706 "-" "Mozilla/5.0 (Linux; Android 6.0.1; Nexus 5X Build/MMB29P) AppleWebKit/537.36 (KHTML, like Gecko) Chrome/137.0.7151.103 Mobile Safari/537.36 (compatible; Googlebot/2.1; +http://www.google.com/bot.html)"
66.249.65.164 - - [12/Jul/2025:14:50:44 +0000] "GET /?k=6616975001900&mod=4ef30115&uri=blog.php%3Fid%3D220996-91%26name%3Dsti+bike+price HTTP/1.1" 200 21863 "-" "Mozilla/5.0 (Linux; Android 6.0.1; Nexus 5X Build/MMB29P) AppleWebKit/537.36 (KHTML, like Gecko) Chrome/137.0.7151.103 Mobile Safari/537.36 (compatible; Googlebot/2.1; +http://www.google.com/bot.html)"
66.249.65.164 - - [12/Jul/2025:14:50:47 +0000] "GET /?k=7112625051900&mod=06992f33&uri=products.php%3Fid%3D237537-182%26name%3Dmint+and+coral+dress HTTP/1.1" 200 21566 "-" "Mozilla/5.0 (Linux; Android 6.0.1; Nexus 5X Build/MMB29P) AppleWebKit/537.36 (KHTML, like Gecko) Chrome/137.0.7151.103 Mobile Safari/537.36 (compatible; Googlebot/2.1; +http://www.google.com/bot.html)"
66.249.65.165 - - [12/Jul/2025:14:50:47 +0000] "GET /?k=7186299001900&mod=5e3a4137&uri=search.php%3Fid%3D239996-400%26name%3Dgarmin+20mm+quick+release+band HTTP/1.1" 200 22492 "-" "Mozilla/5.0 (Linux; Android 6.0.1; Nexus 5X Build/MMB29P) AppleWebKit/537.36 (KHTML, like Gecko) Chrome/137.0.7151.103 Mobile Safari/537.36 (compatible; Googlebot/2.1; +http://www.google.com/bot.html)"
66.249.65.165 - - [12/Jul/2025:14:50:53 +0000] "GET /?k=17706959041900&mod=4d383d5c&uri=form.php%3Fid%3D591098-234%26name%3Dsupreme+louis+vuitton+hoodie+rot HTTP/1.1" 200 22099 "-" "Mozilla/5.0 (Linux; Android 6.0.1; Nexus 5X Build/MMB29P) AppleWebKit/537.36 (KHTML, like Gecko) Chrome/137.0.7151.103 Mobile Safari/537.36 (compatible; Googlebot/2.1; +http://www.google.com/bot.html)"
66.249.65.165 - - [12/Jul/2025:14:51:05 +0000] "GET /?k=7228059061900&mod=44f95c37&uri=brands.php%3Fid%3D241388-252%26name%3Drag+and+bone+mens+t+shirts HTTP/1.1" 200 21678 "-" "Mozilla/5.0 (Linux; Android 6.0.1; Nexus 5X Build/MMB29P) AppleWebKit/537.36 (KHTML, like Gecko) Chrome/137.0.7151.103 Mobile Safari/537.36 (compatible; Googlebot/2.1; +http://www.google.com/bot.html)"
209.74.77.214 - - [12/Jul/2025:14:51:07 +0000] "POST /wp-cron.php?doing_wp_cron=1752331866.9823091030120849609375 HTTP/1.1" 200 - "-" "WordPress/6.8.1; https://alalamy.com.au"
54.36.149.40 - - [12/Jul/2025:14:51:06 +0000] "GET /?k=17387685001900&mod=d1247139&uri=category-info.php%3Fid%3D580441-687%26name%3Djogging+nike+swoosh+noir HTTP/1.1" 301 - "-" "Mozilla/5.0 (compatible; AhrefsBot/7.0; +http://ahrefs.com/robot/)"
209.74.77.214 - - [12/Jul/2025:14:51:07 +0000] "POST /wp-admin/admin-ajax.php?action=async_litespeed&nonce=1652FxtKU4JrUfvMJtXsqCsQSEPNmXeU&litespeed_type=imgoptm HTTP/1.1" 200 21 "-" "WordPress/6.8.1; https://alalamy.com.au"
66.249.65.165 - - [12/Jul/2025:14:51:09 +0000] "GET /?k=6852444131900&mod=365adce6&uri=form.php%3Fid%3D228853-385%26name%3Dapple+watch+compatibility+android HTTP/1.1" 200 20894 "-" "Mozilla/5.0 (Linux; Android 6.0.1; Nexus 5X Build/MMB29P) AppleWebKit/537.36 (KHTML, like Gecko) Chrome/137.0.7151.103 Mobile Safari/537.36 (compatible; Googlebot/2.1; +http://www.google.com/bot.html)"
66.249.65.164 - - [12/Jul/2025:14:51:10 +0000] "GET /?k=7223829051900&mod=44f95c37&uri=pin.php%3Fid%3D241247-252%26name%3Dag+the+stilt+roll+up HTTP/1.1" 200 21842 "-" "Mozilla/5.0 (Linux; Android 6.0.1; Nexus 5X Build/MMB29P) AppleWebKit/537.36 (KHTML, like Gecko) Chrome/137.0.7151.103 Mobile Safari/537.36 (compatible; Googlebot/2.1; +http://www.google.com/bot.html)"
66.249.65.164 - - [12/Jul/2025:14:51:20 +0000] "GET /?k=7175221041900&mod=4d383d5c&uri=itm.php%3Fid%3D239626-234%26name%3Dstrickpullover+damen+2021 HTTP/1.1" 200 22212 "-" "Mozilla/5.0 (Linux; Android 6.0.1; Nexus 5X Build/MMB29P) AppleWebKit/537.36 (KHTML, like Gecko) Chrome/137.0.7151.103 Mobile Safari/537.36 (compatible; Googlebot/2.1; +http://www.google.com/bot.html)"
66.249.65.164 - - [12/Jul/2025:14:51:23 +0000] "GET /?k=6990673001900&mod=962ebbfe&uri=info.php%3Fid%3D233464-394%26name%3Dmegamaster+evolution HTTP/1.1" 200 21883 "-" "Mozilla/5.0 (Linux; Android 6.0.1; Nexus 5X Build/MMB29P) AppleWebKit/537.36 (KHTML, like Gecko) Chrome/137.0.7151.103 Mobile Safari/537.36 (compatible; Googlebot/2.1; +http://www.google.com/bot.html)"
66.249.65.164 - - [12/Jul/2025:14:51:28 +0000] "GET /?k=7180012041900&mod=4d383d5c&uri=pin.php%3Fid%3D239786-234%26name%3Djeansjacke+herren+muster HTTP/1.1" 200 22295 "-" "Mozilla/5.0 (Linux; Android 6.0.1; Nexus 5X Build/MMB29P) AppleWebKit/537.36 (KHTML, like Gecko) Chrome/137.0.7151.103 Mobile Safari/537.36 (compatible; Googlebot/2.1; +http://www.google.com/bot.html)"
66.249.65.164 - - [12/Jul/2025:14:51:32 +0000] "GET /?k=7279087071900&mod=861288f2&uri=us.php%3Fid%3D243099-403%26name%3Doutdoor+sandalen+damen+ecco HTTP/1.1" 200 21619 "-" "Mozilla/5.0 (Linux; Android 6.0.1; Nexus 5X Build/MMB29P) AppleWebKit/537.36 (KHTML, like Gecko) Chrome/137.0.7151.103 Mobile Safari/537.36 (compatible; Googlebot/2.1; +http://www.google.com/bot.html)"
66.249.65.164 - - [12/Jul/2025:14:51:34 +0000] "GET /?k=7257101031900&mod=cbd35b79&uri=shared.php%3Fid%3D242357-401%26name%3Dcoudre+filet+de+lavage HTTP/1.1" 200 22279 "-" "Mozilla/5.0 (Linux; Android 6.0.1; Nexus 5X Build/MMB29P) AppleWebKit/537.36 (KHTML, like Gecko) Chrome/137.0.7151.103 Mobile Safari/537.36 (compatible; Googlebot/2.1; +http://www.google.com/bot.html)"
66.249.65.164 - - [12/Jul/2025:14:51:40 +0000] "GET /?k=7253237061900&mod=cbd35b79&uri=products.php%3Fid%3D242228-401%26name%3Dpatron+gratuit+sac+a+langer HTTP/1.1" 200 21359 "-" "Mozilla/5.0 (Linux; Android 6.0.1; Nexus 5X Build/MMB29P) AppleWebKit/537.36 (KHTML, like Gecko) Chrome/137.0.7151.103 Mobile Safari/537.36 (compatible; Googlebot/2.1; +http://www.google.com/bot.html)"
66.249.65.164 - - [12/Jul/2025:14:51:50 +0000] "GET /?k=23545949001900&mod=4d383d5c&uri=product.php%3Fid%3D785910-234%26name%3Dboss+strickweste+herren HTTP/1.1" 200 22238 "-" "Mozilla/5.0 (Linux; Android 6.0.1; Nexus 5X Build/MMB29P) AppleWebKit/537.36 (KHTML, like Gecko) Chrome/137.0.7151.103 Mobile Safari/537.36 (compatible; Googlebot/2.1; +http://www.google.com/bot.html)"
66.249.65.164 - - [12/Jul/2025:14:51:51 +0000] "GET /?k=7092447021900&mod=539ef09c&uri=pin.php%3Fid%3D236864-397%26name%3Dadda+omega+slippers HTTP/1.1" 200 21644 "-" "Mozilla/5.0 (Linux; Android 6.0.1; Nexus 5X Build/MMB29P) AppleWebKit/537.36 (KHTML, like Gecko) Chrome/137.0.7151.103 Mobile Safari/537.36 (compatible; Googlebot/2.1; +http://www.google.com/bot.html)"
209.74.77.214 - - [12/Jul/2025:14:51:53 +0000] "POST /wp-cron.php?doing_wp_cron=1752331913.6036529541015625000000 HTTP/1.1" 200 - "-" "WordPress/6.8.1; https://alalamy.com.au"
54.36.148.248 - - [12/Jul/2025:14:51:53 +0000] "GET /?k=34334480001900&mod=2f1df2af&uri=info.php%3Fid%3D1145956-1068%26name%3Dnike+hats HTTP/1.1" 301 - "-" "Mozilla/5.0 (compatible; AhrefsBot/7.0; +http://ahrefs.com/robot/)"
209.74.77.214 - - [12/Jul/2025:14:51:53 +0000] "POST /wp-admin/admin-ajax.php?action=async_litespeed&nonce=M8bETRb9THVNP4B7FJ0HTNS9fZHsGOut&litespeed_type=imgoptm HTTP/1.1" 200 21 "-" "WordPress/6.8.1; https://alalamy.com.au"
66.249.65.164 - - [12/Jul/2025:14:51:59 +0000] "GET /?k=7030300011900&mod=156cc497&uri=info.php%3Fid%3D234789-396%26name%3Dbasket+mile+rider+sunny+getaway+pour+femme HTTP/1.1" 200 20571 "-" "Mozilla/5.0 (Linux; Android 6.0.1; Nexus 5X Build/MMB29P) AppleWebKit/537.36 (KHTML, like Gecko) Chrome/137.0.7151.103 Mobile Safari/537.36 (compatible; Googlebot/2.1; +http://www.google.com/bot.html)"
66.249.65.164 - - [12/Jul/2025:14:52:11 +0000] "GET /?k=7307949011900&mod=1177967c&uri=products.php%3Fid%3D244069-22%26name%3Drolex+uhr+schwarz HTTP/1.1" 200 21385 "-" "Mozilla/5.0 (Linux; Android 6.0.1; Nexus 5X Build/MMB29P) AppleWebKit/537.36 (KHTML, like Gecko) Chrome/137.0.7151.103 Mobile Safari/537.36 (compatible; Googlebot/2.1; +http://www.google.com/bot.html)"
66.249.65.164 - - [12/Jul/2025:14:52:17 +0000] "GET /?k=6940535041900&mod=20ea88ff&uri=products.php%3Fid%3D231792-390%26name%3Ddes+nike+air HTTP/1.1" 200 21106 "-" "Mozilla/5.0 (Linux; Android 6.0.1; Nexus 5X Build/MMB29P) AppleWebKit/537.36 (KHTML, like Gecko) Chrome/137.0.7151.103 Mobile Safari/537.36 (compatible; Googlebot/2.1; +http://www.google.com/bot.html)"
66.249.65.164 - - [12/Jul/2025:14:52:25 +0000] "POST /get-message-notify HTTP/1.1" 200 21431 "https://alalamy.com.au/?k=6940535041900&mod=20ea88ff&uri=products.php%3Fid%3D231792-390%26name%3Ddes+nike+air" "Mozilla/5.0 (Linux; Android 6.0.1; Nexus 5X Build/MMB29P) AppleWebKit/537.36 (KHTML, like Gecko) Chrome/137.0.7151.119 Mobile Safari/537.36 (compatible; Googlebot/2.1; +http://www.google.com/bot.html)"
66.249.65.164 - - [12/Jul/2025:14:52:32 +0000] "GET /?k=6869664141900&mod=365adce6&uri=news.php%3Fid%3D229427-385%26name%3Dmasters+tournament+watch+live HTTP/1.1" 200 22040 "-" "Mozilla/5.0 (Linux; Android 6.0.1; Nexus 5X Build/MMB29P) AppleWebKit/537.36 (KHTML, like Gecko) Chrome/137.0.7151.103 Mobile Safari/537.36 (compatible; Googlebot/2.1; +http://www.google.com/bot.html)"
66.249.65.164 - - [12/Jul/2025:14:52:35 +0000] "POST /get-message-notify HTTP/1.1" 200 21426 "https://alalamy.com.au/?k=6869664141900&mod=365adce6&uri=news.php%3Fid%3D229427-385%26name%3Dmasters+tournament+watch+live" "Mozilla/5.0 (Linux; Android 6.0.1; Nexus 5X Build/MMB29P) AppleWebKit/537.36 (KHTML, like Gecko) Chrome/137.0.7151.119 Mobile Safari/537.36 (compatible; Googlebot/2.1; +http://www.google.com/bot.html)"
66.249.65.164 - - [12/Jul/2025:14:52:42 +0000] "GET /?k=7086927051900&mod=539ef09c&uri=brands.php%3Fid%3D236680-397%26name%3Dboohoo+flip+flops HTTP/1.1" 200 20454 "-" "Mozilla/5.0 (Linux; Android 6.0.1; Nexus 5X Build/MMB29P) AppleWebKit/537.36 (KHTML, like Gecko) Chrome/137.0.7151.103 Mobile Safari/537.36 (compatible; Googlebot/2.1; +http://www.google.com/bot.html)"
66.249.65.164 - - [12/Jul/2025:14:52:42 +0000] "GET /?k=7114065051900&mod=46489c17&uri=itm.php%3Fid%3D237585-44%26name%3Dfila+fisi HTTP/1.1" 200 21054 "-" "Mozilla/5.0 (Linux; Android 6.0.1; Nexus 5X Build/MMB29P) AppleWebKit/537.36 (KHTML, like Gecko) Chrome/137.0.7151.103 Mobile Safari/537.36 (compatible; Googlebot/2.1; +http://www.google.com/bot.html)"
66.249.65.164 - - [12/Jul/2025:14:52:45 +0000] "GET /?k=7204449041900&mod=5e3a4137&uri=shop.php%3Fid%3D240601-400%26name%3Dpebble+watch+band+replacement HTTP/1.1" 200 22615 "-" "Mozilla/5.0 (Linux; Android 6.0.1; Nexus 5X Build/MMB29P) AppleWebKit/537.36 (KHTML, like Gecko) Chrome/137.0.7151.103 Mobile Safari/537.36 (compatible; Googlebot/2.1; +http://www.google.com/bot.html)"
66.249.65.164 - - [12/Jul/2025:14:52:45 +0000] "POST /get-message-notify HTTP/1.1" 200 21431 "https://alalamy.com.au/?k=7114065051900&mod=46489c17&uri=itm.php%3Fid%3D237585-44%26name%3Dfila+fisi" "Mozilla/5.0 (Linux; Android 6.0.1; Nexus 5X Build/MMB29P) AppleWebKit/537.36 (KHTML, like Gecko) Chrome/137.0.7151.119 Mobile Safari/537.36 (compatible; Googlebot/2.1; +http://www.google.com/bot.html)"
