66.249.65.165 - - [12/Jul/2025:13:50:00 +0000] "GET /?k=6800879121900&mod=cb45a111&uri=search.php%3Fid%3D227132-381%26name%3Dstivale+militare HTTP/1.1" 200 22111 "-" "Mozilla/5.0 (Linux; Android 6.0.1; Nexus 5X Build/MMB29P) AppleWebKit/537.36 (KHTML, like Gecko) Chrome/137.0.7151.103 Mobile Safari/537.36 (compatible; Googlebot/2.1; +http://www.google.com/bot.html)"
66.249.65.166 - - [12/Jul/2025:13:50:02 +0000] "GET /?k=6987013001900&mod=962ebbfe&uri=product.php%3Fid%3D233342-394%26name%3Dsalondry+control+philips+2100w HTTP/1.1" 200 22088 "-" "Mozilla/5.0 (Linux; Android 6.0.1; Nexus 5X Build/MMB29P) AppleWebKit/537.36 (KHTML, like Gecko) Chrome/137.0.7151.103 Mobile Safari/537.36 (compatible; Googlebot/2.1; +http://www.google.com/bot.html)"
66.249.65.165 - - [12/Jul/2025:13:50:03 +0000] "GET /?k=11602621001900&mod=8763d72b&uri=blog.php%3Fid%3D387392-57%26name%3Dheadphone+port+to+usb HTTP/1.1" 200 22112 "-" "Mozilla/5.0 (Linux; Android 6.0.1; Nexus 5X Build/MMB29P) AppleWebKit/537.36 (KHTML, like Gecko) Chrome/137.0.7151.103 Mobile Safari/537.36 (compatible; Googlebot/2.1; +http://www.google.com/bot.html)"
66.249.65.164 - - [12/Jul/2025:13:50:05 +0000] "GET /?k=6986293061900&mod=962ebbfe&uri=article.php%3Fid%3D233318-394%26name%3Dgas+coal+bbq HTTP/1.1" 200 21673 "-" "Mozilla/5.0 (Linux; Android 6.0.1; Nexus 5X Build/MMB29P) AppleWebKit/537.36 (KHTML, like Gecko) Chrome/137.0.7151.103 Mobile Safari/537.36 (compatible; Googlebot/2.1; +http://www.google.com/bot.html)"
66.249.65.164 - - [12/Jul/2025:13:50:10 +0000] "GET /?k=6956194031900&mod=20ea88ff&uri=form.php%3Fid%3D232314-390%26name%3Dgants+running+nike+homme HTTP/1.1" 200 20858 "-" "Mozilla/5.0 (Linux; Android 6.0.1; Nexus 5X Build/MMB29P) AppleWebKit/537.36 (KHTML, like Gecko) Chrome/137.0.7151.103 Mobile Safari/537.36 (compatible; Googlebot/2.1; +http://www.google.com/bot.html)"
66.249.65.164 - - [12/Jul/2025:13:50:13 +0000] "GET /?k=7268710051900&mod=cbd35b79&uri=news.php%3Fid%3D242747-401%26name%3Dporte+tarte+couture HTTP/1.1" 200 21516 "-" "Mozilla/5.0 (Linux; Android 6.0.1; Nexus 5X Build/MMB29P) AppleWebKit/537.36 (KHTML, like Gecko) Chrome/137.0.7151.103 Mobile Safari/537.36 (compatible; Googlebot/2.1; +http://www.google.com/bot.html)"
209.74.77.214 - - [12/Jul/2025:13:50:17 +0000] "POST /wp-cron.php?doing_wp_cron=1752328217.3457589149475097656250 HTTP/1.1" 200 - "-" "WordPress/6.8.1; https://alalamy.com.au"
54.36.148.162 - - [12/Jul/2025:13:50:17 +0000] "GET /?k=1418536011900&mod=ce65f40e&uri=blog.php%3Fid%3D47357-89%26name%3Dethika+waist+trainer HTTP/1.1" 301 - "-" "Mozilla/5.0 (compatible; AhrefsBot/7.0; +http://ahrefs.com/robot/)"
209.74.77.214 - - [12/Jul/2025:13:50:17 +0000] "POST /wp-admin/admin-ajax.php?action=async_litespeed&nonce=fWCmcAT7T7UeyPYkG7B6izyzC6Nkkgf3&litespeed_type=imgoptm HTTP/1.1" 200 21 "-" "WordPress/6.8.1; https://alalamy.com.au"
66.249.65.164 - - [12/Jul/2025:13:50:18 +0000] "GET /?k=6983593011900&mod=962ebbfe&uri=us.php%3Fid%3D233228-394%26name%3Dstoneware+plates+with+lip HTTP/1.1" 200 22282 "-" "Mozilla/5.0 (Linux; Android 6.0.1; Nexus 5X Build/MMB29P) AppleWebKit/537.36 (KHTML, like Gecko) Chrome/137.0.7151.103 Mobile Safari/537.36 (compatible; Googlebot/2.1; +http://www.google.com/bot.html)"
66.249.65.164 - - [12/Jul/2025:13:50:20 +0000] "GET /?k=42796208031900&mod=b9b993f4&uri=info.php%3Fid%3D1428272-387%26name%3Dcore+exercises+for+seniors+seated HTTP/1.1" 200 21965 "-" "Mozilla/5.0 (Linux; Android 6.0.1; Nexus 5X Build/MMB29P) AppleWebKit/537.36 (KHTML, like Gecko) Chrome/137.0.7151.103 Mobile Safari/537.36 (compatible; Googlebot/2.1; +http://www.google.com/bot.html)"
66.249.65.164 - - [12/Jul/2025:13:50:21 +0000] "GET /?k=6956284011900&mod=5947402a&uri=blog.php%3Fid%3D232317-392%26name%3Dtwo+step+in+cowboy+boots HTTP/1.1" 200 21157 "-" "Mozilla/5.0 (Linux; Android 6.0.1; Nexus 5X Build/MMB29P) AppleWebKit/537.36 (KHTML, like Gecko) Chrome/137.0.7151.103 Mobile Safari/537.36 (compatible; Googlebot/2.1; +http://www.google.com/bot.html)"
66.249.65.164 - - [12/Jul/2025:13:50:23 +0000] "POST /get-message-notify HTTP/1.1" 200 21426 "https://alalamy.com.au/?k=6986293061900&mod=962ebbfe&uri=article.php%3Fid%3D233318-394%26name%3Dgas+coal+bbq" "Mozilla/5.0 (Linux; Android 6.0.1; Nexus 5X Build/MMB29P) AppleWebKit/537.36 (KHTML, like Gecko) Chrome/137.0.7151.119 Mobile Safari/537.36 (compatible; Googlebot/2.1; +http://www.google.com/bot.html)"
66.249.65.164 - - [12/Jul/2025:13:50:24 +0000] "POST /get-message-notify HTTP/1.1" 200 21420 "https://alalamy.com.au/?k=42796208031900&mod=b9b993f4&uri=info.php%3Fid%3D1428272-387%26name%3Dcore+exercises+for+seniors+seated" "Mozilla/5.0 (Linux; Android 6.0.1; Nexus 5X Build/MMB29P) AppleWebKit/537.36 (KHTML, like Gecko) Chrome/137.0.7151.119 Mobile Safari/537.36 (compatible; Googlebot/2.1; +http://www.google.com/bot.html)"
66.249.65.164 - - [12/Jul/2025:13:50:25 +0000] "GET /?k=11601661061900&mod=8763d72b&uri=shop.php%3Fid%3D387360-57%26name%3Dplantronics+plt+bb+pro HTTP/1.1" 200 22242 "-" "Mozilla/5.0 (Linux; Android 6.0.1; Nexus 5X Build/MMB29P) AppleWebKit/537.36 (KHTML, like Gecko) Chrome/137.0.7151.103 Mobile Safari/537.36 (compatible; Googlebot/2.1; +http://www.google.com/bot.html)"
66.249.65.164 - - [12/Jul/2025:13:50:25 +0000] "GET /?k=7038180021900&mod=156cc497&uri=form.php%3Fid%3D235052-396%26name%3Dchaussons+minnetonka HTTP/1.1" 200 20573 "-" "Mozilla/5.0 (Linux; Android 6.0.1; Nexus 5X Build/MMB29P) AppleWebKit/537.36 (KHTML, like Gecko) Chrome/137.0.7151.103 Mobile Safari/537.36 (compatible; Googlebot/2.1; +http://www.google.com/bot.html)"
66.249.65.164 - - [12/Jul/2025:13:50:27 +0000] "GET /?k=7274892011900&mod=fafcb194&uri=brands.php%3Fid%3D242957-402%26name%3Dpandora+bijoux+femme HTTP/1.1" 200 21997 "-" "Mozilla/5.0 (Linux; Android 6.0.1; Nexus 5X Build/MMB29P) AppleWebKit/537.36 (KHTML, like Gecko) Chrome/137.0.7151.103 Mobile Safari/537.36 (compatible; Googlebot/2.1; +http://www.google.com/bot.html)"
66.249.65.164 - - [12/Jul/2025:13:50:28 +0000] "GET /?k=6771655011900&mod=9c3916c3&uri=us.php%3Fid%3D226156-380%26name%3Dtoys+to+keep+dogs+occupied+during+the+day HTTP/1.1" 200 21742 "-" "Mozilla/5.0 (Linux; Android 6.0.1; Nexus 5X Build/MMB29P) AppleWebKit/537.36 (KHTML, like Gecko) Chrome/137.0.7151.103 Mobile Safari/537.36 (compatible; Googlebot/2.1; +http://www.google.com/bot.html)"
66.249.65.165 - - [12/Jul/2025:13:50:28 +0000] "POST /get-message-notify HTTP/1.1" 200 21428 "https://alalamy.com.au/?k=11601661061900&mod=8763d72b&uri=shop.php%3Fid%3D387360-57%26name%3Dplantronics+plt+bb+pro" "Mozilla/5.0 (Linux; Android 6.0.1; Nexus 5X Build/MMB29P) AppleWebKit/537.36 (KHTML, like Gecko) Chrome/137.0.7151.119 Mobile Safari/537.36 (compatible; Googlebot/2.1; +http://www.google.com/bot.html)"
66.249.65.165 - - [12/Jul/2025:13:50:28 +0000] "GET /?k=6955774041900&mod=20ea88ff&uri=article.php%3Fid%3D232300-390%26name%3Dnike+sur+amazon HTTP/1.1" 200 20830 "-" "Mozilla/5.0 (Linux; Android 6.0.1; Nexus 5X Build/MMB29P) AppleWebKit/537.36 (KHTML, like Gecko) Chrome/137.0.7151.103 Mobile Safari/537.36 (compatible; Googlebot/2.1; +http://www.google.com/bot.html)"
66.249.65.165 - - [12/Jul/2025:13:50:30 +0000] "GET /?k=6955024031900&mod=20ea88ff&uri=search.php%3Fid%3D232275-390%26name%3Dtraining+gris+nike HTTP/1.1" 200 21223 "-" "Mozilla/5.0 (Linux; Android 6.0.1; Nexus 5X Build/MMB29P) AppleWebKit/537.36 (KHTML, like Gecko) Chrome/137.0.7151.103 Mobile Safari/537.36 (compatible; Googlebot/2.1; +http://www.google.com/bot.html)"
66.249.65.164 - - [12/Jul/2025:13:50:32 +0000] "GET /?k=11597941001900&mod=8763d72b&uri=category-info.php%3Fid%3D387236-57%26name%3Dway+headphone+amp HTTP/1.1" 200 22136 "-" "Mozilla/5.0 (Linux; Android 6.0.1; Nexus 5X Build/MMB29P) AppleWebKit/537.36 (KHTML, like Gecko) Chrome/137.0.7151.103 Mobile Safari/537.36 (compatible; Googlebot/2.1; +http://www.google.com/bot.html)"
66.249.65.164 - - [12/Jul/2025:13:50:35 +0000] "GET /?k=11596741021900&mod=8763d72b&uri=us.php%3Fid%3D387196-57%26name%3Djds+labs+02 HTTP/1.1" 200 21782 "-" "Mozilla/5.0 (Linux; Android 6.0.1; Nexus 5X Build/MMB29P) AppleWebKit/537.36 (KHTML, like Gecko) Chrome/137.0.7151.103 Mobile Safari/537.36 (compatible; Googlebot/2.1; +http://www.google.com/bot.html)"
66.249.65.164 - - [12/Jul/2025:13:50:41 +0000] "GET /?k=7269250051900&mod=1366e101&uri=category-info.php%3Fid%3D242765-376%26name%3Dkabir+singh+full+movie+hd+online+free HTTP/1.1" 200 22516 "-" "Mozilla/5.0 (Linux; Android 6.0.1; Nexus 5X Build/MMB29P) AppleWebKit/537.36 (KHTML, like Gecko) Chrome/137.0.7151.103 Mobile Safari/537.36 (compatible; Googlebot/2.1; +http://www.google.com/bot.html)"
66.249.65.164 - - [12/Jul/2025:13:50:45 +0000] "GET /?k=6983233091900&mod=962ebbfe&uri=goods.php%3Fid%3D233216-394%26name%3Ddansk+bayberry+dinnerware HTTP/1.1" 200 21969 "-" "Mozilla/5.0 (Linux; Android 6.0.1; Nexus 5X Build/MMB29P) AppleWebKit/537.36 (KHTML, like Gecko) Chrome/137.0.7151.103 Mobile Safari/537.36 (compatible; Googlebot/2.1; +http://www.google.com/bot.html)"
66.249.65.164 - - [12/Jul/2025:13:50:45 +0000] "GET /?k=7196799041900&mod=5e3a4137&uri=shop.php%3Fid%3D240346-400%26name%3Dsuperdry+watch+strap+replacement HTTP/1.1" 200 22443 "-" "Mozilla/5.0 (Linux; Android 6.0.1; Nexus 5X Build/MMB29P) AppleWebKit/537.36 (KHTML, like Gecko) Chrome/137.0.7151.103 Mobile Safari/537.36 (compatible; Googlebot/2.1; +http://www.google.com/bot.html)"
66.249.65.165 - - [12/Jul/2025:13:50:45 +0000] "GET /?k=6956764071900&mod=20ea88ff&uri=products.php%3Fid%3D232333-390%26name%3Daq0377 HTTP/1.1" 200 20268 "-" "Mozilla/5.0 (Linux; Android 6.0.1; Nexus 5X Build/MMB29P) AppleWebKit/537.36 (KHTML, like Gecko) Chrome/137.0.7151.103 Mobile Safari/537.36 (compatible; Googlebot/2.1; +http://www.google.com/bot.html)"
66.249.65.165 - - [12/Jul/2025:13:50:46 +0000] "POST /get-message-notify HTTP/1.1" 200 21426 "https://alalamy.com.au/?k=7274892011900&mod=fafcb194&uri=brands.php%3Fid%3D242957-402%26name%3Dpandora+bijoux+femme" "Mozilla/5.0 (Linux; Android 6.0.1; Nexus 5X Build/MMB29P) AppleWebKit/537.36 (KHTML, like Gecko) Chrome/137.0.7151.119 Mobile Safari/537.36 (compatible; Googlebot/2.1; +http://www.google.com/bot.html)"
66.249.65.164 - - [12/Jul/2025:13:50:47 +0000] "POST /get-message-notify HTTP/1.1" 200 21433 "https://alalamy.com.au/?k=6956764071900&mod=20ea88ff&uri=products.php%3Fid%3D232333-390%26name%3Daq0377" "Mozilla/5.0 (Linux; Android 6.0.1; Nexus 5X Build/MMB29P) AppleWebKit/537.36 (KHTML, like Gecko) Chrome/137.0.7151.119 Mobile Safari/537.36 (compatible; Googlebot/2.1; +http://www.google.com/bot.html)"
66.249.65.164 - - [12/Jul/2025:13:50:48 +0000] "GET /?k=11600101091900&mod=8763d72b&uri=us.php%3Fid%3D387308-57%26name%3Dsamsung+usb+c+headphone+adapter HTTP/1.1" 200 21638 "-" "Mozilla/5.0 (Linux; Android 6.0.1; Nexus 5X Build/MMB29P) AppleWebKit/537.36 (KHTML, like Gecko) Chrome/137.0.7151.103 Mobile Safari/537.36 (compatible; Googlebot/2.1; +http://www.google.com/bot.html)"
66.249.65.165 - - [12/Jul/2025:13:50:50 +0000] "GET /?k=6978434001900&mod=962ebbfe&uri=info.php%3Fid%3D233056-394%26name%3Dbest+lamb+marinade+for+grilling HTTP/1.1" 200 22032 "-" "Mozilla/5.0 (Linux; Android 6.0.1; Nexus 5X Build/MMB29P) AppleWebKit/537.36 (KHTML, like Gecko) Chrome/137.0.7151.103 Mobile Safari/537.36 (compatible; Googlebot/2.1; +http://www.google.com/bot.html)"
66.249.65.165 - - [12/Jul/2025:13:50:54 +0000] "GET /?k=6955954101900&mod=20ea88ff&uri=brands.php%3Fid%3D232306-390%26name%3Dbasket+nike+air+vortex HTTP/1.1" 200 20428 "-" "Mozilla/5.0 (Linux; Android 6.0.1; Nexus 5X Build/MMB29P) AppleWebKit/537.36 (KHTML, like Gecko) Chrome/137.0.7151.103 Mobile Safari/537.36 (compatible; Googlebot/2.1; +http://www.google.com/bot.html)"
209.74.77.214 - - [12/Jul/2025:13:51:08 +0000] "POST /wp-cron.php?doing_wp_cron=1752328268.6028299331665039062500 HTTP/1.1" 200 - "-" "WordPress/6.8.1; https://alalamy.com.au"
54.36.149.83 - - [12/Jul/2025:13:51:07 +0000] "GET /?k=16280426041900&mod=cde10036&uri=search.php%3Fid%3D543510-658%26name%3Darmani+jeans+company HTTP/1.1" 301 - "-" "Mozilla/5.0 (compatible; AhrefsBot/7.0; +http://ahrefs.com/robot/)"
209.74.77.214 - - [12/Jul/2025:13:51:08 +0000] "POST /wp-admin/admin-ajax.php?action=async_litespeed&nonce=FERdD35JpUjAujELRVNg8IRRbe8NMb6l&litespeed_type=imgoptm HTTP/1.1" 200 21 "-" "WordPress/6.8.1; https://alalamy.com.au"
66.249.65.165 - - [12/Jul/2025:13:51:00 +0000] "POST /get-message-notify HTTP/1.1" 200 21433 "https://alalamy.com.au/?k=6983233091900&mod=962ebbfe&uri=goods.php%3Fid%3D233216-394%26name%3Ddansk+bayberry+dinnerware" "Mozilla/5.0 (Linux; Android 6.0.1; Nexus 5X Build/MMB29P) AppleWebKit/537.36 (KHTML, like Gecko) Chrome/137.0.7151.119 Mobile Safari/537.36 (compatible; Googlebot/2.1; +http://www.google.com/bot.html)"
66.249.65.165 - - [12/Jul/2025:13:51:00 +0000] "GET /?k=6994254131900&mod=3d1327c1&uri=product.php%3Fid%3D233584-395%26name%3Dpeigne+cheveux+mariage+dor%C3%83%C2%A9 HTTP/1.1" 200 20518 "-" "Mozilla/5.0 (Linux; Android 6.0.1; Nexus 5X Build/MMB29P) AppleWebKit/537.36 (KHTML, like Gecko) Chrome/137.0.7151.103 Mobile Safari/537.36 (compatible; Googlebot/2.1; +http://www.google.com/bot.html)"
66.249.65.165 - - [12/Jul/2025:13:51:01 +0000] "GET /?k=11598061061900&mod=8763d72b&uri=info.php%3Fid%3D387240-57%26name%3Dwoo+audio+wa2 HTTP/1.1" 200 22137 "-" "Mozilla/5.0 (Linux; Android 6.0.1; Nexus 5X Build/MMB29P) AppleWebKit/537.36 (KHTML, like Gecko) Chrome/137.0.7151.103 Mobile Safari/537.36 (compatible; Googlebot/2.1; +http://www.google.com/bot.html)"
66.249.65.164 - - [12/Jul/2025:13:51:09 +0000] "GET /?k=6796229011900&mod=cb45a111&uri=brands.php%3Fid%3D226977-381%26name%3Dciabatte+di+gomma+da+mare HTTP/1.1" 200 21601 "-" "Mozilla/5.0 (Linux; Android 6.0.1; Nexus 5X Build/MMB29P) AppleWebKit/537.36 (KHTML, like Gecko) Chrome/137.0.7151.103 Mobile Safari/537.36 (compatible; Googlebot/2.1; +http://www.google.com/bot.html)"
66.249.65.164 - - [12/Jul/2025:13:51:10 +0000] "GET /?k=6954934061900&mod=20ea88ff&uri=search.php%3Fid%3D232272-390%26name%3Dpolo+nike+homme+noir HTTP/1.1" 200 20946 "-" "Mozilla/5.0 (Linux; Android 6.0.1; Nexus 5X Build/MMB29P) AppleWebKit/537.36 (KHTML, like Gecko) Chrome/137.0.7151.103 Mobile Safari/537.36 (compatible; Googlebot/2.1; +http://www.google.com/bot.html)"
66.249.65.164 - - [12/Jul/2025:13:51:10 +0000] "GET /?k=42801308031900&mod=b9b993f4&uri=info.php%3Fid%3D1428442-387%26name%3Dback+to+basics+workout HTTP/1.1" 200 22174 "-" "Mozilla/5.0 (Linux; Android 6.0.1; Nexus 5X Build/MMB29P) AppleWebKit/537.36 (KHTML, like Gecko) Chrome/137.0.7151.103 Mobile Safari/537.36 (compatible; Googlebot/2.1; +http://www.google.com/bot.html)"
66.249.65.165 - - [12/Jul/2025:13:51:10 +0000] "GET /?k=6986473021900&mod=962ebbfe&uri=products.php%3Fid%3D233324-394%26name%3Dnutribullet+1000w+blender HTTP/1.1" 200 22053 "-" "Mozilla/5.0 (Linux; Android 6.0.1; Nexus 5X Build/MMB29P) AppleWebKit/537.36 (KHTML, like Gecko) Chrome/137.0.7151.103 Mobile Safari/537.36 (compatible; Googlebot/2.1; +http://www.google.com/bot.html)"
66.249.65.164 - - [12/Jul/2025:13:51:11 +0000] "GET /?k=119303123061900&mod=4e17fdfe&uri=article.php%3Fid%3D3981512-363%26name%3Dbeadnova+bracelet+string HTTP/1.1" 200 22327 "-" "Mozilla/5.0 (Linux; Android 6.0.1; Nexus 5X Build/MMB29P) AppleWebKit/537.36 (KHTML, like Gecko) Chrome/137.0.7151.103 Mobile Safari/537.36 (compatible; Googlebot/2.1; +http://www.google.com/bot.html)"
66.249.65.164 - - [12/Jul/2025:13:51:12 +0000] "POST /get-message-notify HTTP/1.1" 200 21430 "https://alalamy.com.au/?k=11600101091900&mod=8763d72b&uri=us.php%3Fid%3D387308-57%26name%3Dsamsung+usb+c+headphone+adapter" "Mozilla/5.0 (Linux; Android 6.0.1; Nexus 5X Build/MMB29P) AppleWebKit/537.36 (KHTML, like Gecko) Chrome/137.0.7151.119 Mobile Safari/537.36 (compatible; Googlebot/2.1; +http://www.google.com/bot.html)"
66.249.65.164 - - [12/Jul/2025:13:51:13 +0000] "POST /get-message-notify HTTP/1.1" 200 21420 "https://alalamy.com.au/?k=6983593011900&mod=962ebbfe&uri=us.php%3Fid%3D233228-394%26name%3Dstoneware+plates+with+lip" "Mozilla/5.0 (Linux; Android 6.0.1; Nexus 5X Build/MMB29P) AppleWebKit/537.36 (KHTML, like Gecko) Chrome/137.0.7151.119 Mobile Safari/537.36 (compatible; Googlebot/2.1; +http://www.google.com/bot.html)"
66.249.65.164 - - [12/Jul/2025:13:51:13 +0000] "POST /get-message-notify HTTP/1.1" 200 21423 "https://alalamy.com.au/?k=6986473021900&mod=962ebbfe&uri=products.php%3Fid%3D233324-394%26name%3Dnutribullet+1000w+blender" "Mozilla/5.0 (Linux; Android 6.0.1; Nexus 5X Build/MMB29P) AppleWebKit/537.36 (KHTML, like Gecko) Chrome/137.0.7151.119 Mobile Safari/537.36 (compatible; Googlebot/2.1; +http://www.google.com/bot.html)"
66.249.65.164 - - [12/Jul/2025:13:51:15 +0000] "GET /?k=6983323071900&mod=962ebbfe&uri=info.php%3Fid%3D233219-394%26name%3Dsilicone+pastry+rolling+mat HTTP/1.1" 200 21674 "-" "Mozilla/5.0 (Linux; Android 6.0.1; Nexus 5X Build/MMB29P) AppleWebKit/537.36 (KHTML, like Gecko) Chrome/137.0.7151.103 Mobile Safari/537.36 (compatible; Googlebot/2.1; +http://www.google.com/bot.html)"
66.249.65.164 - - [12/Jul/2025:13:51:17 +0000] "GET /?k=11531556001900&mod=b9b993f4&uri=form.php%3Fid%3D385011-387%26name%3Dforearm+workout+with+one+dumbbell HTTP/1.1" 200 22159 "-" "Mozilla/5.0 (Linux; Android 6.0.1; Nexus 5X Build/MMB29P) AppleWebKit/537.36 (KHTML, like Gecko) Chrome/137.0.7151.103 Mobile Safari/537.36 (compatible; Googlebot/2.1; +http://www.google.com/bot.html)"
66.249.65.164 - - [12/Jul/2025:13:51:19 +0000] "GET /?k=6980984091900&mod=962ebbfe&uri=form.php%3Fid%3D233141-394%26name%3Depare+coffee+grinder HTTP/1.1" 200 21550 "-" "Mozilla/5.0 (Linux; Android 6.0.1; Nexus 5X Build/MMB29P) AppleWebKit/537.36 (KHTML, like Gecko) Chrome/137.0.7151.103 Mobile Safari/537.36 (compatible; Googlebot/2.1; +http://www.google.com/bot.html)"
66.249.65.164 - - [12/Jul/2025:13:51:22 +0000] "GET /?k=6956734061900&mod=20ea88ff&uri=article.php%3Fid%3D232332-390%26name%3Dnik+2019 HTTP/1.1" 200 20915 "-" "Mozilla/5.0 (Linux; Android 6.0.1; Nexus 5X Build/MMB29P) AppleWebKit/537.36 (KHTML, like Gecko) Chrome/137.0.7151.103 Mobile Safari/537.36 (compatible; Googlebot/2.1; +http://www.google.com/bot.html)"
66.249.65.164 - - [12/Jul/2025:13:51:22 +0000] "POST /get-message-notify HTTP/1.1" 200 21427 "https://alalamy.com.au/?k=6980984091900&mod=962ebbfe&uri=form.php%3Fid%3D233141-394%26name%3Depare+coffee+grinder" "Mozilla/5.0 (Linux; Android 6.0.1; Nexus 5X Build/MMB29P) AppleWebKit/537.36 (KHTML, like Gecko) Chrome/137.0.7151.119 Mobile Safari/537.36 (compatible; Googlebot/2.1; +http://www.google.com/bot.html)"
66.249.65.164 - - [12/Jul/2025:13:51:22 +0000] "GET /?k=6986743011900&mod=962ebbfe&uri=news.php%3Fid%3D233333-394%26name%3Dgold+rimmed+dessert+plates HTTP/1.1" 200 22426 "-" "Mozilla/5.0 (Linux; Android 6.0.1; Nexus 5X Build/MMB29P) AppleWebKit/537.36 (KHTML, like Gecko) Chrome/137.0.7151.103 Mobile Safari/537.36 (compatible; Googlebot/2.1; +http://www.google.com/bot.html)"
66.249.65.164 - - [12/Jul/2025:13:51:22 +0000] "GET /?k=6854844031900&mod=365adce6&uri=dp.php%3Fid%3D228933-385%26name%3Dvivofit+vs+vivosmart+vs+vivosport HTTP/1.1" 200 21090 "-" "Mozilla/5.0 (Linux; Android 6.0.1; Nexus 5X Build/MMB29P) AppleWebKit/537.36 (KHTML, like Gecko) Chrome/137.0.7151.103 Mobile Safari/537.36 (compatible; Googlebot/2.1; +http://www.google.com/bot.html)"
66.249.65.164 - - [12/Jul/2025:13:51:32 +0000] "GET /?k=7327399021900&mod=c242ee43&uri=search.php%3Fid%3D244720-405%26name%3Dclosed+toe+open+back+shoes HTTP/1.1" 200 21509 "-" "Mozilla/5.0 (Linux; Android 6.0.1; Nexus 5X Build/MMB29P) AppleWebKit/537.36 (KHTML, like Gecko) Chrome/137.0.7151.103 Mobile Safari/537.36 (compatible; Googlebot/2.1; +http://www.google.com/bot.html)"
66.249.65.165 - - [12/Jul/2025:13:51:27 +0000] "GET /?k=11601061041900&mod=8763d72b&uri=article.php%3Fid%3D387340-57%26name%3Drog+cetra+rgb+buy HTTP/1.1" 200 21936 "-" "Mozilla/5.0 (Linux; Android 6.0.1; Nexus 5X Build/MMB29P) AppleWebKit/537.36 (KHTML, like Gecko) Chrome/137.0.7151.103 Mobile Safari/537.36 (compatible; Googlebot/2.1; +http://www.google.com/bot.html)"
66.249.65.165 - - [12/Jul/2025:13:51:32 +0000] "GET /?k=7207209031900&mod=5e3a4137&uri=category-info.php%3Fid%3D240693-400%26name%3Diwc+watch+bands+replacement HTTP/1.1" 200 22032 "-" "Mozilla/5.0 (Linux; Android 6.0.1; Nexus 5X Build/MMB29P) AppleWebKit/537.36 (KHTML, like Gecko) Chrome/137.0.7151.103 Mobile Safari/537.36 (compatible; Googlebot/2.1; +http://www.google.com/bot.html)"
66.249.65.164 - - [12/Jul/2025:13:51:34 +0000] "GET /?k=11598181021900&mod=8763d72b&uri=info.php%3Fid%3D387244-57%26name%3Dmonolith+by+monoprice+tube+headphone+amplifier+with+ess+sabre+dac HTTP/1.1" 200 22215 "-" "Mozilla/5.0 (Linux; Android 6.0.1; Nexus 5X Build/MMB29P) AppleWebKit/537.36 (KHTML, like Gecko) Chrome/137.0.7151.103 Mobile Safari/537.36 (compatible; Googlebot/2.1; +http://www.google.com/bot.html)"
66.249.65.165 - - [12/Jul/2025:13:51:34 +0000] "GET /?k=11594701001900&mod=8763d72b&uri=shop.php%3Fid%3D387128-57%26name%3Ddrop+darkvoice HTTP/1.1" 200 21430 "-" "Mozilla/5.0 (Linux; Android 6.0.1; Nexus 5X Build/MMB29P) AppleWebKit/537.36 (KHTML, like Gecko) Chrome/137.0.7151.103 Mobile Safari/537.36 (compatible; Googlebot/2.1; +http://www.google.com/bot.html)"
66.249.65.164 - - [12/Jul/2025:13:51:35 +0000] "POST /get-message-notify HTTP/1.1" 200 21426 "https://alalamy.com.au/?k=6986743011900&mod=962ebbfe&uri=news.php%3Fid%3D233333-394%26name%3Dgold+rimmed+dessert+plates" "Mozilla/5.0 (Linux; Android 6.0.1; Nexus 5X Build/MMB29P) AppleWebKit/537.36 (KHTML, like Gecko) Chrome/137.0.7151.119 Mobile Safari/537.36 (compatible; Googlebot/2.1; +http://www.google.com/bot.html)"
66.249.65.165 - - [12/Jul/2025:13:51:35 +0000] "POST /get-message-notify HTTP/1.1" 200 21424 "https://alalamy.com.au/?k=6854844031900&mod=365adce6&uri=dp.php%3Fid%3D228933-385%26name%3Dvivofit+vs+vivosmart+vs+vivosport" "Mozilla/5.0 AppleWebKit/537.36 (KHTML, like Gecko; compatible; Googlebot/2.1; +http://www.google.com/bot.html) Chrome/137.0.7151.119 Safari/537.36"
209.74.77.214 - - [12/Jul/2025:13:51:47 +0000] "POST /wp-cron.php?doing_wp_cron=1752328307.5849039554595947265625 HTTP/1.1" 200 - "-" "WordPress/6.8.1; https://alalamy.com.au"
54.36.148.11 - - [12/Jul/2025:13:51:46 +0000] "GET /?k=16311116031900&mod=198cc987&uri=news.php%3Fid%3D544533-659%26name%3Dabercrombie+and+fitch+hollister HTTP/1.1" 301 - "-" "Mozilla/5.0 (compatible; AhrefsBot/7.0; +http://ahrefs.com/robot/)"
209.74.77.214 - - [12/Jul/2025:13:51:47 +0000] "POST /wp-admin/admin-ajax.php?action=async_litespeed&nonce=In18Ej5etcbiFL5ZyqV4KTVsFndBbv09&litespeed_type=imgoptm HTTP/1.1" 200 21 "-" "WordPress/6.8.1; https://alalamy.com.au"
66.249.65.164 - - [12/Jul/2025:13:51:40 +0000] "GET /?k=11596141121900&mod=8763d72b&uri=blog.php%3Fid%3D387176-57%26name%3Dhyperx+cloud+orbit+ps5 HTTP/1.1" 200 22145 "-" "Mozilla/5.0 (Linux; Android 6.0.1; Nexus 5X Build/MMB29P) AppleWebKit/537.36 (KHTML, like Gecko) Chrome/137.0.7151.103 Mobile Safari/537.36 (compatible; Googlebot/2.1; +http://www.google.com/bot.html)"
66.249.65.165 - - [12/Jul/2025:13:51:41 +0000] "GET /?k=116167506011900&mod=4e17fdfe&uri=us.php%3Fid%3D3876923-363%26name%3Dbelt+fob HTTP/1.1" 200 21856 "-" "Mozilla/5.0 (Linux; Android 6.0.1; Nexus 5X Build/MMB29P) AppleWebKit/537.36 (KHTML, like Gecko) Chrome/137.0.7151.103 Mobile Safari/537.36 (compatible; Googlebot/2.1; +http://www.google.com/bot.html)"
66.249.65.165 - - [12/Jul/2025:13:51:36 +0000] "GET /?k=11595421081900&mod=8763d72b&uri=goods.php%3Fid%3D387152-57%26name%3Dscarlett+2i2+3rd+gen+headphone+amp HTTP/1.1" 200 21522 "-" "Mozilla/5.0 (Linux; Android 6.0.1; Nexus 5X Build/MMB29P) AppleWebKit/537.36 (KHTML, like Gecko) Chrome/137.0.7151.103 Mobile Safari/537.36 (compatible; Googlebot/2.1; +http://www.google.com/bot.html)"
66.249.65.165 - - [12/Jul/2025:13:51:49 +0000] "POST /get-message-notify HTTP/1.1" 200 21434 "https://alalamy.com.au/?k=7207209031900&mod=5e3a4137&uri=category-info.php%3Fid%3D240693-400%26name%3Diwc+watch+bands+replacement" "Mozilla/5.0 (Linux; Android 6.0.1; Nexus 5X Build/MMB29P) AppleWebKit/537.36 (KHTML, like Gecko) Chrome/137.0.7151.119 Mobile Safari/537.36 (compatible; Googlebot/2.1; +http://www.google.com/bot.html)"
66.249.65.165 - - [12/Jul/2025:13:51:50 +0000] "GET /?k=6985033021900&mod=962ebbfe&uri=shop.php%3Fid%3D233276-394%26name%3Dweber+5775+vs+5770 HTTP/1.1" 200 22033 "-" "Mozilla/5.0 (Linux; Android 6.0.1; Nexus 5X Build/MMB29P) AppleWebKit/537.36 (KHTML, like Gecko) Chrome/137.0.7151.103 Mobile Safari/537.36 (compatible; Googlebot/2.1; +http://www.google.com/bot.html)"
66.249.65.164 - - [12/Jul/2025:13:51:50 +0000] "GET /?k=12347736001900&mod=b9b993f4&uri=category-info.php%3Fid%3D412294-387%26name%3Dhand+weight+exercises+for+back HTTP/1.1" 200 21993 "-" "Mozilla/5.0 (Linux; Android 6.0.1; Nexus 5X Build/MMB29P) AppleWebKit/537.36 (KHTML, like Gecko) Chrome/137.0.7151.103 Mobile Safari/537.36 (compatible; Googlebot/2.1; +http://www.google.com/bot.html)"
66.249.65.165 - - [12/Jul/2025:13:51:50 +0000] "GET /?k=6955864021900&mod=20ea88ff&uri=product.php%3Fid%3D232303-390%26name%3Dlacet+nike+air+force HTTP/1.1" 200 20829 "-" "Mozilla/5.0 (Linux; Android 6.0.1; Nexus 5X Build/MMB29P) AppleWebKit/537.36 (KHTML, like Gecko) Chrome/137.0.7151.103 Mobile Safari/537.36 (compatible; Googlebot/2.1; +http://www.google.com/bot.html)"
66.249.65.165 - - [12/Jul/2025:13:51:51 +0000] "GET /?k=6955144131900&mod=20ea88ff&uri=shop.php%3Fid%3D232279-390%26name%3Dchaussures+running+nike+pegasus HTTP/1.1" 200 20509 "-" "Mozilla/5.0 (Linux; Android 6.0.1; Nexus 5X Build/MMB29P) AppleWebKit/537.36 (KHTML, like Gecko) Chrome/137.0.7151.103 Mobile Safari/537.36 (compatible; Googlebot/2.1; +http://www.google.com/bot.html)"
66.249.65.164 - - [12/Jul/2025:13:51:51 +0000] "POST /get-message-notify HTTP/1.1" 200 21426 "https://alalamy.com.au/?k=116167506011900&mod=4e17fdfe&uri=us.php%3Fid%3D3876923-363%26name%3Dbelt+fob" "Mozilla/5.0 (Linux; Android 6.0.1; Nexus 5X Build/MMB29P) AppleWebKit/537.36 (KHTML, like Gecko) Chrome/137.0.7151.119 Mobile Safari/537.36 (compatible; Googlebot/2.1; +http://www.google.com/bot.html)"
66.249.65.165 - - [12/Jul/2025:13:51:52 +0000] "POST /get-message-notify HTTP/1.1" 200 21419 "https://alalamy.com.au/?k=11596141121900&mod=8763d72b&uri=blog.php%3Fid%3D387176-57%26name%3Dhyperx+cloud+orbit+ps5" "Mozilla/5.0 (Linux; Android 6.0.1; Nexus 5X Build/MMB29P) AppleWebKit/537.36 (KHTML, like Gecko) Chrome/137.0.7151.119 Mobile Safari/537.36 (compatible; Googlebot/2.1; +http://www.google.com/bot.html)"
66.249.65.165 - - [12/Jul/2025:13:51:52 +0000] "POST /get-message-notify HTTP/1.1" 200 21421 "https://alalamy.com.au/?k=6985033021900&mod=962ebbfe&uri=shop.php%3Fid%3D233276-394%26name%3Dweber+5775+vs+5770" "Mozilla/5.0 (Linux; Android 6.0.1; Nexus 5X Build/MMB29P) AppleWebKit/537.36 (KHTML, like Gecko) Chrome/137.0.7151.119 Mobile Safari/537.36 (compatible; Googlebot/2.1; +http://www.google.com/bot.html)"
66.249.65.164 - - [12/Jul/2025:13:51:53 +0000] "GET /?k=6723065091900&mod=de3358ca&uri=us.php%3Fid%3D224533-378%26name%3Dwhen+to+turn+baby+car+seat HTTP/1.1" 200 21019 "-" "Mozilla/5.0 (Linux; Android 6.0.1; Nexus 5X Build/MMB29P) AppleWebKit/537.36 (KHTML, like Gecko) Chrome/137.0.7151.103 Mobile Safari/537.36 (compatible; Googlebot/2.1; +http://www.google.com/bot.html)"
66.249.65.164 - - [12/Jul/2025:13:51:53 +0000] "POST /get-message-notify HTTP/1.1" 200 21425 "https://alalamy.com.au/?k=6955144131900&mod=20ea88ff&uri=shop.php%3Fid%3D232279-390%26name%3Dchaussures+running+nike+pegasus" "Mozilla/5.0 (Linux; Android 6.0.1; Nexus 5X Build/MMB29P) AppleWebKit/537.36 (KHTML, like Gecko) Chrome/137.0.7151.119 Mobile Safari/537.36 (compatible; Googlebot/2.1; +http://www.google.com/bot.html)"
66.249.65.165 - - [12/Jul/2025:13:51:54 +0000] "POST /get-message-notify HTTP/1.1" 200 21436 "https://alalamy.com.au/?k=6955864021900&mod=20ea88ff&uri=product.php%3Fid%3D232303-390%26name%3Dlacet+nike+air+force" "Mozilla/5.0 (Linux; Android 6.0.1; Nexus 5X Build/MMB29P) AppleWebKit/537.36 (KHTML, like Gecko) Chrome/137.0.7151.119 Mobile Safari/537.36 (compatible; Googlebot/2.1; +http://www.google.com/bot.html)"
66.249.65.166 - - [12/Jul/2025:13:51:56 +0000] "GET /?k=11600221031900&mod=8763d72b&uri=shop.php%3Fid%3D387312-57%26name%3Dbest+headphones+for+practicing+guitar HTTP/1.1" 200 22330 "-" "Mozilla/5.0 (Linux; Android 6.0.1; Nexus 5X Build/MMB29P) AppleWebKit/537.36 (KHTML, like Gecko) Chrome/137.0.7151.103 Mobile Safari/537.36 (compatible; Googlebot/2.1; +http://www.google.com/bot.html)"
66.249.65.164 - - [12/Jul/2025:13:52:02 +0000] "GET /?k=11593861041900&mod=8763d72b&uri=dp.php%3Fid%3D387100-57%26name%3Dplantronics+bluetooth+sport HTTP/1.1" 200 22074 "-" "Mozilla/5.0 (Linux; Android 6.0.1; Nexus 5X Build/MMB29P) AppleWebKit/537.36 (KHTML, like Gecko) Chrome/137.0.7151.103 Mobile Safari/537.36 (compatible; Googlebot/2.1; +http://www.google.com/bot.html)"
66.249.65.165 - - [12/Jul/2025:13:52:03 +0000] "GET /?k=42811088001900&mod=b9b993f4&uri=info.php%3Fid%3D1428768-387%26name%3Dbelly+handles HTTP/1.1" 200 22112 "-" "Mozilla/5.0 (Linux; Android 6.0.1; Nexus 5X Build/MMB29P) AppleWebKit/537.36 (KHTML, like Gecko) Chrome/137.0.7151.103 Mobile Safari/537.36 (compatible; Googlebot/2.1; +http://www.google.com/bot.html)"
66.249.65.165 - - [12/Jul/2025:13:52:06 +0000] "GET /?k=11599501041900&mod=8763d72b&uri=itm.php%3Fid%3D387288-57%26name%3Dxbox+headphones+cheap HTTP/1.1" 200 22388 "-" "Mozilla/5.0 (Linux; Android 6.0.1; Nexus 5X Build/MMB29P) AppleWebKit/537.36 (KHTML, like Gecko) Chrome/137.0.7151.103 Mobile Safari/537.36 (compatible; Googlebot/2.1; +http://www.google.com/bot.html)"
66.249.65.165 - - [12/Jul/2025:13:52:07 +0000] "POST /get-message-notify HTTP/1.1" 200 21434 "https://alalamy.com.au/?k=11600221031900&mod=8763d72b&uri=shop.php%3Fid%3D387312-57%26name%3Dbest+headphones+for+practicing+guitar" "Mozilla/5.0 (Linux; Android 6.0.1; Nexus 5X Build/MMB29P) AppleWebKit/537.36 (KHTML, like Gecko) Chrome/137.0.7151.119 Mobile Safari/537.36 (compatible; Googlebot/2.1; +http://www.google.com/bot.html)"
66.249.65.165 - - [12/Jul/2025:13:52:09 +0000] "GET /?k=11595541021900&mod=8763d72b&uri=product.php%3Fid%3D387156-57%26name%3Doneplus+jack+adapter HTTP/1.1" 200 22569 "-" "Mozilla/5.0 (Linux; Android 6.0.1; Nexus 5X Build/MMB29P) AppleWebKit/537.36 (KHTML, like Gecko) Chrome/137.0.7151.103 Mobile Safari/537.36 (compatible; Googlebot/2.1; +http://www.google.com/bot.html)"
66.249.65.164 - - [12/Jul/2025:13:52:13 +0000] "POST /get-message-notify HTTP/1.1" 200 21421 "https://alalamy.com.au/?k=11599501041900&mod=8763d72b&uri=itm.php%3Fid%3D387288-57%26name%3Dxbox+headphones+cheap" "Mozilla/5.0 (Linux; Android 6.0.1; Nexus 5X Build/MMB29P) AppleWebKit/537.36 (KHTML, like Gecko) Chrome/137.0.7151.119 Mobile Safari/537.36 (compatible; Googlebot/2.1; +http://www.google.com/bot.html)"
66.249.65.164 - - [12/Jul/2025:13:52:14 +0000] "GET /?k=7099557031900&mod=413e4eb3&uri=pin.php%3Fid%3D237101-398%26name%3Dhouse+of+fraser+chelsea+boots HTTP/1.1" 200 20819 "-" "Mozilla/5.0 (Linux; Android 6.0.1; Nexus 5X Build/MMB29P) AppleWebKit/537.36 (KHTML, like Gecko) Chrome/137.0.7151.103 Mobile Safari/537.36 (compatible; Googlebot/2.1; +http://www.google.com/bot.html)"
66.249.65.164 - - [12/Jul/2025:13:52:16 +0000] "GET /?k=6985873061900&mod=962ebbfe&uri=goods.php%3Fid%3D233304-394%26name%3Dbutterfly+burner+stainless+steel+gas+stove HTTP/1.1" 200 21815 "-" "Mozilla/5.0 (Linux; Android 6.0.1; Nexus 5X Build/MMB29P) AppleWebKit/537.36 (KHTML, like Gecko) Chrome/137.0.7151.103 Mobile Safari/537.36 (compatible; Googlebot/2.1; +http://www.google.com/bot.html)"
66.249.65.164 - - [12/Jul/2025:13:52:18 +0000] "POST /get-message-notify HTTP/1.1" 200 21425 "https://alalamy.com.au/?k=42811088001900&mod=b9b993f4&uri=info.php%3Fid%3D1428768-387%26name%3Dbelly+handles" "Mozilla/5.0 (Linux; Android 6.0.1; Nexus 5X Build/MMB29P) AppleWebKit/537.36 (KHTML, like Gecko) Chrome/137.0.7151.119 Mobile Safari/537.36 (compatible; Googlebot/2.1; +http://www.google.com/bot.html)"
66.249.65.164 - - [12/Jul/2025:13:52:20 +0000] "GET /?k=7175401001900&mod=4d383d5c&uri=product.php%3Fid%3D239632-234%26name%3Dgolfjacke+wellensteyn+herren HTTP/1.1" 200 22203 "-" "Mozilla/5.0 (Linux; Android 6.0.1; Nexus 5X Build/MMB29P) AppleWebKit/537.36 (KHTML, like Gecko) Chrome/137.0.7151.103 Mobile Safari/537.36 (compatible; Googlebot/2.1; +http://www.google.com/bot.html)"
66.249.65.164 - - [12/Jul/2025:13:52:21 +0000] "GET /?k=6801779021900&mod=cb45a111&uri=category-info.php%3Fid%3D227162-381%26name%3Dsneaker+colorate+uomo HTTP/1.1" 200 22074 "-" "Mozilla/5.0 (Linux; Android 6.0.1; Nexus 5X Build/MMB29P) AppleWebKit/537.36 (KHTML, like Gecko) Chrome/137.0.7151.103 Mobile Safari/537.36 (compatible; Googlebot/2.1; +http://www.google.com/bot.html)"
66.249.65.164 - - [12/Jul/2025:13:52:21 +0000] "GET /?k=7077064111900&mod=156cc497&uri=brands.php%3Fid%3D236351-396%26name%3Dgemo+cora HTTP/1.1" 200 21000 "-" "Mozilla/5.0 (Linux; Android 6.0.1; Nexus 5X Build/MMB29P) AppleWebKit/537.36 (KHTML, like Gecko) Chrome/137.0.7151.103 Mobile Safari/537.36 (compatible; Googlebot/2.1; +http://www.google.com/bot.html)"
66.249.65.164 - - [12/Jul/2025:13:52:25 +0000] "GET /?k=6985483091900&mod=962ebbfe&uri=news.php%3Fid%3D233291-394%26name%3Dsunflame+glass+top+burner HTTP/1.1" 200 22132 "-" "Mozilla/5.0 (Linux; Android 6.0.1; Nexus 5X Build/MMB29P) AppleWebKit/537.36 (KHTML, like Gecko) Chrome/137.0.7151.103 Mobile Safari/537.36 (compatible; Googlebot/2.1; +http://www.google.com/bot.html)"
66.249.65.164 - - [12/Jul/2025:13:52:26 +0000] "POST /get-message-notify HTTP/1.1" 200 21422 "https://alalamy.com.au/?k=11593861041900&mod=8763d72b&uri=dp.php%3Fid%3D387100-57%26name%3Dplantronics+bluetooth+sport" "Mozilla/5.0 (Linux; Android 6.0.1; Nexus 5X Build/MMB29P) AppleWebKit/537.36 (KHTML, like Gecko) Chrome/137.0.7151.119 Mobile Safari/537.36 (compatible; Googlebot/2.1; +http://www.google.com/bot.html)"
66.249.65.164 - - [12/Jul/2025:13:52:28 +0000] "GET /?k=6983143031900&mod=962ebbfe&uri=category-info.php%3Fid%3D233213-394%26name%3Dtime+to+sous+vide+steak HTTP/1.1" 200 22032 "-" "Mozilla/5.0 (Linux; Android 6.0.1; Nexus 5X Build/MMB29P) AppleWebKit/537.36 (KHTML, like Gecko) Chrome/137.0.7151.103 Mobile Safari/537.36 (compatible; Googlebot/2.1; +http://www.google.com/bot.html)"
66.249.65.165 - - [12/Jul/2025:13:52:32 +0000] "GET /?k=6981074021900&mod=962ebbfe&uri=shared.php%3Fid%3D233144-394%26name%3Dbodum+bistro+electric+coffee+maker HTTP/1.1" 200 21399 "-" "Mozilla/5.0 (Linux; Android 6.0.1; Nexus 5X Build/MMB29P) AppleWebKit/537.36 (KHTML, like Gecko) Chrome/137.0.7151.103 Mobile Safari/537.36 (compatible; Googlebot/2.1; +http://www.google.com/bot.html)"
66.249.65.164 - - [12/Jul/2025:13:52:34 +0000] "GET /?k=11600941001900&mod=8763d72b&uri=shared.php%3Fid%3D387336-57%26name%3Dvalve+headphone+amp HTTP/1.1" 200 22016 "-" "Mozilla/5.0 (Linux; Android 6.0.1; Nexus 5X Build/MMB29P) AppleWebKit/537.36 (KHTML, like Gecko) Chrome/137.0.7151.103 Mobile Safari/537.36 (compatible; Googlebot/2.1; +http://www.google.com/bot.html)"
66.249.65.165 - - [12/Jul/2025:13:52:35 +0000] "GET /?k=11596861011900&mod=8763d72b&uri=news.php%3Fid%3D387200-57%26name%3Dpowerbeats+pro+wireless+vs+airpods HTTP/1.1" 200 22263 "-" "Mozilla/5.0 (Linux; Android 6.0.1; Nexus 5X Build/MMB29P) AppleWebKit/537.36 (KHTML, like Gecko) Chrome/137.0.7151.103 Mobile Safari/537.36 (compatible; Googlebot/2.1; +http://www.google.com/bot.html)"
66.249.65.165 - - [12/Jul/2025:13:52:39 +0000] "GET /?k=11600461001900&mod=8763d72b&uri=news.php%3Fid%3D387320-57%26name%3Dkokoon+eeg+headphones HTTP/1.1" 200 22349 "-" "Mozilla/5.0 (Linux; Android 6.0.1; Nexus 5X Build/MMB29P) AppleWebKit/537.36 (KHTML, like Gecko) Chrome/137.0.7151.103 Mobile Safari/537.36 (compatible; Googlebot/2.1; +http://www.google.com/bot.html)"
66.249.65.164 - - [12/Jul/2025:13:52:41 +0000] "GET /?k=43409172021900&mod=b9b993f4&uri=form.php%3Fid%3D1448716-387%26name%3Dnordictrack+s22i+power+switch HTTP/1.1" 200 21816 "-" "Mozilla/5.0 (Linux; Android 6.0.1; Nexus 5X Build/MMB29P) AppleWebKit/537.36 (KHTML, like Gecko) Chrome/137.0.7151.103 Mobile Safari/537.36 (compatible; Googlebot/2.1; +http://www.google.com/bot.html)"
66.249.65.164 - - [12/Jul/2025:13:52:41 +0000] "GET /?k=4431049041900&mod=6df811b7&uri=blog.php%3Fid%3D147892-265%26name%3Dtimberland+jaqueta+masculina HTTP/1.1" 200 21916 "-" "Mozilla/5.0 (Linux; Android 6.0.1; Nexus 5X Build/MMB29P) AppleWebKit/537.36 (KHTML, like Gecko) Chrome/137.0.7151.103 Mobile Safari/537.36 (compatible; Googlebot/2.1; +http://www.google.com/bot.html)"
66.249.65.165 - - [12/Jul/2025:13:52:48 +0000] "GET /?k=6954784011900&mod=20ea88ff&uri=dp.php%3Fid%3D232267-390%26name%3Dnike+voile+sport HTTP/1.1" 200 20282 "-" "Mozilla/5.0 (Linux; Android 6.0.1; Nexus 5X Build/MMB29P) AppleWebKit/537.36 (KHTML, like Gecko) Chrome/137.0.7151.103 Mobile Safari/537.36 (compatible; Googlebot/2.1; +http://www.google.com/bot.html)"
66.249.65.164 - - [12/Jul/2025:13:52:49 +0000] "GET /?k=6984313001900&mod=962ebbfe&uri=form.php%3Fid%3D233252-394%26name%3Dcuisinart+conical+burr+grinder+manual HTTP/1.1" 200 22227 "-" "Mozilla/5.0 (Linux; Android 6.0.1; Nexus 5X Build/MMB29P) AppleWebKit/537.36 (KHTML, like Gecko) Chrome/137.0.7151.103 Mobile Safari/537.36 (compatible; Googlebot/2.1; +http://www.google.com/bot.html)"
209.74.77.214 - - [12/Jul/2025:13:52:50 +0000] "POST /wp-cron.php?doing_wp_cron=1752328370.5131800174713134765625 HTTP/1.1" 200 - "-" "WordPress/6.8.1; https://alalamy.com.au"
54.36.148.128 - - [12/Jul/2025:13:52:50 +0000] "GET /?k=16577585021900&mod=bf6b0f58&uri=goods.php%3Fid%3D553418-461%26name%3Dhow+much+does+it+cost+to+get+a+money+order+at+walmart HTTP/1.1" 301 - "-" "Mozilla/5.0 (compatible; AhrefsBot/7.0; +http://ahrefs.com/robot/)"
209.74.77.214 - - [12/Jul/2025:13:52:50 +0000] "POST /wp-admin/admin-ajax.php?action=async_litespeed&nonce=frWNxHnXj9tCCdTxUt4Gg9LxCpg6xrtP&litespeed_type=imgoptm HTTP/1.1" 200 21 "-" "WordPress/6.8.1; https://alalamy.com.au"
66.249.65.164 - - [12/Jul/2025:13:52:51 +0000] "GET /?k=11595301041900&mod=8763d72b&uri=brands.php%3Fid%3D387148-57%26name%3Dbest+usb+type+c+to+mm+adapter HTTP/1.1" 200 22102 "-" "Mozilla/5.0 (Linux; Android 6.0.1; Nexus 5X Build/MMB29P) AppleWebKit/537.36 (KHTML, like Gecko) Chrome/137.0.7151.103 Mobile Safari/537.36 (compatible; Googlebot/2.1; +http://www.google.com/bot.html)"
66.249.65.164 - - [12/Jul/2025:13:52:52 +0000] "GET /?k=6972764001900&mod=962ebbfe&uri=products.php%3Fid%3D232867-394%26name%3Dhandmade+bowls+and+plates HTTP/1.1" 200 22502 "-" "Mozilla/5.0 (Linux; Android 6.0.1; Nexus 5X Build/MMB29P) AppleWebKit/537.36 (KHTML, like Gecko) Chrome/137.0.7151.103 Mobile Safari/537.36 (compatible; Googlebot/2.1; +http://www.google.com/bot.html)"
66.249.65.164 - - [12/Jul/2025:13:52:53 +0000] "POST /get-message-notify HTTP/1.1" 200 21434 "https://alalamy.com.au/?k=4431049041900&mod=6df811b7&uri=blog.php%3Fid%3D147892-265%26name%3Dtimberland+jaqueta+masculina" "Mozilla/5.0 (Linux; Android 6.0.1; Nexus 5X Build/MMB29P) AppleWebKit/537.36 (KHTML, like Gecko) Chrome/137.0.7151.119 Mobile Safari/537.36 (compatible; Googlebot/2.1; +http://www.google.com/bot.html)"
66.249.65.165 - - [12/Jul/2025:13:52:55 +0000] "GET /?k=6955564031900&mod=20ea88ff&uri=shared.php%3Fid%3D232293-390%26name%3Dnike+survetement+foot+junior HTTP/1.1" 200 21409 "-" "Mozilla/5.0 (Linux; Android 6.0.1; Nexus 5X Build/MMB29P) AppleWebKit/537.36 (KHTML, like Gecko) Chrome/137.0.7151.103 Mobile Safari/537.36 (compatible; Googlebot/2.1; +http://www.google.com/bot.html)"
66.249.65.164 - - [12/Jul/2025:13:53:08 +0000] "GET /?k=6984493061900&mod=962ebbfe&uri=search.php%3Fid%3D233258-394%26name%3Dt+bone+steak+internal+temp HTTP/1.1" 200 21533 "-" "Mozilla/5.0 (Linux; Android 6.0.1; Nexus 5X Build/MMB29P) AppleWebKit/537.36 (KHTML, like Gecko) Chrome/137.0.7151.103 Mobile Safari/537.36 (compatible; Googlebot/2.1; +http://www.google.com/bot.html)"
66.249.65.165 - - [12/Jul/2025:13:53:09 +0000] "GET /?k=10935272021900&mod=b9b993f4&uri=us.php%3Fid%3D365113-387%26name%3Dpower+step+up+exercise HTTP/1.1" 200 22581 "-" "Mozilla/5.0 (Linux; Android 6.0.1; Nexus 5X Build/MMB29P) AppleWebKit/537.36 (KHTML, like Gecko) Chrome/137.0.7151.103 Mobile Safari/537.36 (compatible; Googlebot/2.1; +http://www.google.com/bot.html)"
66.249.65.165 - - [12/Jul/2025:13:53:12 +0000] "POST /get-message-notify HTTP/1.1" 200 21425 "https://alalamy.com.au/?k=10935272021900&mod=b9b993f4&uri=us.php%3Fid%3D365113-387%26name%3Dpower+step+up+exercise" "Mozilla/5.0 (Linux; Android 6.0.1; Nexus 5X Build/MMB29P) AppleWebKit/537.36 (KHTML, like Gecko) Chrome/137.0.7151.119 Mobile Safari/537.36 (compatible; Googlebot/2.1; +http://www.google.com/bot.html)"
66.249.65.164 - - [12/Jul/2025:13:53:13 +0000] "GET /?k=43404402031900&mod=b9b993f4&uri=search.php%3Fid%3D1448557-387%26name%3Ddifferent+kinds+of+flexibility+exercises HTTP/1.1" 200 22588 "-" "Mozilla/5.0 (Linux; Android 6.0.1; Nexus 5X Build/MMB29P) AppleWebKit/537.36 (KHTML, like Gecko) Chrome/137.0.7151.103 Mobile Safari/537.36 (compatible; Googlebot/2.1; +http://www.google.com/bot.html)"
66.249.65.165 - - [12/Jul/2025:13:53:13 +0000] "GET /?k=6877494001900&mod=69846de5&uri=products.php%3Fid%3D229688-386%26name%3Dplaid+golf+hat+with+pom+pom HTTP/1.1" 200 21875 "-" "Mozilla/5.0 (Linux; Android 6.0.1; Nexus 5X Build/MMB29P) AppleWebKit/537.36 (KHTML, like Gecko) Chrome/137.0.7151.103 Mobile Safari/537.36 (compatible; Googlebot/2.1; +http://www.google.com/bot.html)"
66.249.65.165 - - [12/Jul/2025:13:53:14 +0000] "GET /?k=6421676031900&mod=4e17fdfe&uri=article.php%3Fid%3D214485-363%26name%3Dthe+best+way+to+clean+diamond+rings HTTP/1.1" 200 21291 "-" "Mozilla/5.0 (Linux; Android 6.0.1; Nexus 5X Build/MMB29P) AppleWebKit/537.36 (KHTML, like Gecko) Chrome/137.0.7151.103 Mobile Safari/537.36 (compatible; Googlebot/2.1; +http://www.google.com/bot.html)"
66.249.65.165 - - [12/Jul/2025:13:53:15 +0000] "GET /?k=7271487011900&mod=cbd35b79&uri=dp.php%3Fid%3D242841-401%26name%3Dsac+%C3%83%C2%A0+langer+couture HTTP/1.1" 200 22370 "-" "Mozilla/5.0 (Linux; Android 6.0.1; Nexus 5X Build/MMB29P) AppleWebKit/537.36 (KHTML, like Gecko) Chrome/137.0.7151.103 Mobile Safari/537.36 (compatible; Googlebot/2.1; +http://www.google.com/bot.html)"
66.249.65.164 - - [12/Jul/2025:13:53:16 +0000] "POST /get-message-notify HTTP/1.1" 200 21423 "https://alalamy.com.au/?k=6877494001900&mod=69846de5&uri=products.php%3Fid%3D229688-386%26name%3Dplaid+golf+hat+with+pom+pom" "Mozilla/5.0 (Linux; Android 6.0.1; Nexus 5X Build/MMB29P) AppleWebKit/537.36 (KHTML, like Gecko) Chrome/137.0.7151.119 Mobile Safari/537.36 (compatible; Googlebot/2.1; +http://www.google.com/bot.html)"
66.249.65.164 - - [12/Jul/2025:13:53:17 +0000] "POST /get-message-notify HTTP/1.1" 200 21422 "https://alalamy.com.au/?k=6421676031900&mod=4e17fdfe&uri=article.php%3Fid%3D214485-363%26name%3Dthe+best+way+to+clean+diamond+rings" "Mozilla/5.0 (Linux; Android 6.0.1; Nexus 5X Build/MMB29P) AppleWebKit/537.36 (KHTML, like Gecko) Chrome/137.0.7151.119 Mobile Safari/537.36 (compatible; Googlebot/2.1; +http://www.google.com/bot.html)"
66.249.65.164 - - [12/Jul/2025:13:53:18 +0000] "GET /?k=6786930111900&mod=9c3916c3&uri=article.php%3Fid%3D226666-380%26name%3Dis+grain+free+good+for+dogs HTTP/1.1" 200 20810 "-" "Mozilla/5.0 (Linux; Android 6.0.1; Nexus 5X Build/MMB29P) AppleWebKit/537.36 (KHTML, like Gecko) Chrome/137.0.7151.103 Mobile Safari/537.36 (compatible; Googlebot/2.1; +http://www.google.com/bot.html)"
66.249.65.164 - - [12/Jul/2025:13:53:19 +0000] "POST /get-message-notify HTTP/1.1" 200 21432 "https://alalamy.com.au/?k=6984313001900&mod=962ebbfe&uri=form.php%3Fid%3D233252-394%26name%3Dcuisinart+conical+burr+grinder+manual" "Mozilla/5.0 (Linux; Android 6.0.1; Nexus 5X Build/MMB29P) AppleWebKit/537.36 (KHTML, like Gecko) Chrome/137.0.7151.119 Mobile Safari/537.36 (compatible; Googlebot/2.1; +http://www.google.com/bot.html)"
66.249.65.164 - - [12/Jul/2025:13:53:19 +0000] "GET /?k=7330819011900&mod=9078b6ab&uri=products.php%3Fid%3D244834-222%26name%3Dfinish+line+retro HTTP/1.1" 200 20266 "-" "Mozilla/5.0 (Linux; Android 6.0.1; Nexus 5X Build/MMB29P) AppleWebKit/537.36 (KHTML, like Gecko) Chrome/137.0.7151.103 Mobile Safari/537.36 (compatible; Googlebot/2.1; +http://www.google.com/bot.html)"
66.249.65.164 - - [12/Jul/2025:13:53:21 +0000] "POST /get-message-notify HTTP/1.1" 200 21425 "https://alalamy.com.au/?k=6786930111900&mod=9c3916c3&uri=article.php%3Fid%3D226666-380%26name%3Dis+grain+free+good+for+dogs" "Mozilla/5.0 (Linux; Android 6.0.1; Nexus 5X Build/MMB29P) AppleWebKit/537.36 (KHTML, like Gecko) Chrome/137.0.7151.119 Mobile Safari/537.36 (compatible; Googlebot/2.1; +http://www.google.com/bot.html)"
66.249.65.164 - - [12/Jul/2025:13:53:24 +0000] "GET /?k=6955594031900&mod=20ea88ff&uri=news.php%3Fid%3D232294-390%26name%3Dcrampon+orange+fluo HTTP/1.1" 200 21156 "-" "Mozilla/5.0 (Linux; Android 6.0.1; Nexus 5X Build/MMB29P) AppleWebKit/537.36 (KHTML, like Gecko) Chrome/137.0.7151.103 Mobile Safari/537.36 (compatible; Googlebot/2.1; +http://www.google.com/bot.html)"
66.249.65.164 - - [12/Jul/2025:13:53:30 +0000] "GET /?k=11601421081900&mod=8763d72b&uri=itm.php%3Fid%3D387352-57%26name%3Dgalaxy+s20+usb+c+to+mm+adapter HTTP/1.1" 200 21669 "-" "Mozilla/5.0 (Linux; Android 6.0.1; Nexus 5X Build/MMB29P) AppleWebKit/537.36 (KHTML, like Gecko) Chrome/137.0.7151.103 Mobile Safari/537.36 (compatible; Googlebot/2.1; +http://www.google.com/bot.html)"
66.249.65.164 - - [12/Jul/2025:13:53:26 +0000] "GET /?k=7279867011900&mod=861288f2&uri=news.php%3Fid%3D243125-403%26name%3Ddamen+sommerschuhe+41 HTTP/1.1" 200 22233 "-" "Mozilla/5.0 (Linux; Android 6.0.1; Nexus 5X Build/MMB29P) AppleWebKit/537.36 (KHTML, like Gecko) Chrome/137.0.7151.103 Mobile Safari/537.36 (compatible; Googlebot/2.1; +http://www.google.com/bot.html)"
66.249.65.164 - - [12/Jul/2025:13:53:33 +0000] "GET /?k=11599141041900&mod=8763d72b&uri=info.php%3Fid%3D387276-57%26name%3Dhdv+820+headphone+amplifier HTTP/1.1" 200 22420 "-" "Mozilla/5.0 (Linux; Android 6.0.1; Nexus 5X Build/MMB29P) AppleWebKit/537.36 (KHTML, like Gecko) Chrome/137.0.7151.103 Mobile Safari/537.36 (compatible; Googlebot/2.1; +http://www.google.com/bot.html)"
66.249.65.164 - - [12/Jul/2025:13:53:34 +0000] "GET /?k=6981524021900&mod=962ebbfe&uri=us.php%3Fid%3D233159-394%26name%3Darabia+stoneware HTTP/1.1" 200 22664 "-" "Mozilla/5.0 (Linux; Android 6.0.1; Nexus 5X Build/MMB29P) AppleWebKit/537.36 (KHTML, like Gecko) Chrome/137.0.7151.103 Mobile Safari/537.36 (compatible; Googlebot/2.1; +http://www.google.com/bot.html)"
66.249.65.164 - - [12/Jul/2025:13:53:35 +0000] "POST /get-message-notify HTTP/1.1" 200 21454 "https://alalamy.com.au/?k=6955594031900&mod=20ea88ff&uri=news.php%3Fid%3D232294-390%26name%3Dcrampon+orange+fluo" "Mozilla/5.0 (Linux; Android 6.0.1; Nexus 5X Build/MMB29P) AppleWebKit/537.36 (KHTML, like Gecko) Chrome/137.0.7151.119 Mobile Safari/537.36 (compatible; Googlebot/2.1; +http://www.google.com/bot.html)"
66.249.65.164 - - [12/Jul/2025:13:53:35 +0000] "GET /?k=11594101041900&mod=8763d72b&uri=pin.php%3Fid%3D387108-57%26name%3Dpowerbeats+high+performance+vs+airpods HTTP/1.1" 200 21505 "-" "Mozilla/5.0 (Linux; Android 6.0.1; Nexus 5X Build/MMB29P) AppleWebKit/537.36 (KHTML, like Gecko) Chrome/137.0.7151.103 Mobile Safari/537.36 (compatible; Googlebot/2.1; +http://www.google.com/bot.html)"
66.249.65.164 - - [12/Jul/2025:13:53:36 +0000] "GET /?k=6954814001900&mod=20ea88ff&uri=dp.php%3Fid%3D232268-390%26name%3Dvapeur+max+97 HTTP/1.1" 200 20949 "-" "Mozilla/5.0 (Linux; Android 6.0.1; Nexus 5X Build/MMB29P) AppleWebKit/537.36 (KHTML, like Gecko) Chrome/137.0.7151.103 Mobile Safari/537.36 (compatible; Googlebot/2.1; +http://www.google.com/bot.html)"
66.249.65.164 - - [12/Jul/2025:13:53:37 +0000] "GET /?k=6807174021900&mod=cb45a111&uri=info.php%3Fid%3D227342-381%26name%3Dstivali+molli HTTP/1.1" 200 22164 "-" "Mozilla/5.0 (Linux; Android 6.0.1; Nexus 5X Build/MMB29P) AppleWebKit/537.36 (KHTML, like Gecko) Chrome/137.0.7151.103 Mobile Safari/537.36 (compatible; Googlebot/2.1; +http://www.google.com/bot.html)"
66.249.65.164 - - [12/Jul/2025:13:53:38 +0000] "POST /get-message-notify HTTP/1.1" 200 21432 "https://alalamy.com.au/?k=11599141041900&mod=8763d72b&uri=info.php%3Fid%3D387276-57%26name%3Dhdv+820+headphone+amplifier" "Mozilla/5.0 (Linux; Android 6.0.1; Nexus 5X Build/MMB29P) AppleWebKit/537.36 (KHTML, like Gecko) Chrome/137.0.7151.119 Mobile Safari/537.36 (compatible; Googlebot/2.1; +http://www.google.com/bot.html)"
66.249.65.165 - - [12/Jul/2025:13:53:38 +0000] "GET /?k=11569249051900&mod=e53de2be&uri=us.php%3Fid%3D386275-557%26name%3Dlego+duplo+coche+de+bomberos HTTP/1.1" 200 22491 "-" "Mozilla/5.0 (Linux; Android 6.0.1; Nexus 5X Build/MMB29P) AppleWebKit/537.36 (KHTML, like Gecko) Chrome/137.0.7151.103 Mobile Safari/537.36 (compatible; Googlebot/2.1; +http://www.google.com/bot.html)"
66.249.65.164 - - [12/Jul/2025:13:53:38 +0000] "POST /get-message-notify HTTP/1.1" 200 21424 "https://alalamy.com.au/?k=11600461001900&mod=8763d72b&uri=news.php%3Fid%3D387320-57%26name%3Dkokoon+eeg+headphones" "Mozilla/5.0 (Linux; Android 6.0.1; Nexus 5X Build/MMB29P) AppleWebKit/537.36 (KHTML, like Gecko) Chrome/137.0.7151.119 Mobile Safari/537.36 (compatible; Googlebot/2.1; +http://www.google.com/bot.html)"
66.249.65.165 - - [12/Jul/2025:13:53:39 +0000] "GET /?k=11595061041900&mod=8763d72b&uri=info.php%3Fid%3D387140-57%26name%3Dmagni+schiit HTTP/1.1" 200 22399 "-" "Mozilla/5.0 (Linux; Android 6.0.1; Nexus 5X Build/MMB29P) AppleWebKit/537.36 (KHTML, like Gecko) Chrome/137.0.7151.103 Mobile Safari/537.36 (compatible; Googlebot/2.1; +http://www.google.com/bot.html)"
