66.249.65.165 - - [12/Jul/2025:17:04:51 +0000] "POST /get-message-notify HTTP/1.1" 200 21431 "https://alalamy.com.au/?k=119682613041900&mod=8646de4b&uri=brands.php%3Fid%3D3994174-484%26name%3Dshell+bikini+set" "Mozilla/5.0 (Linux; Android 6.0.1; Nexus 5X Build/MMB29P) AppleWebKit/537.36 (KHTML, like Gecko) Chrome/137.0.7151.119 Mobile Safari/537.36 (compatible; Googlebot/2.1; +http://www.google.com/bot.html)"
66.249.65.165 - - [12/Jul/2025:17:04:54 +0000] "GET /?k=119687773001900&mod=8646de4b&uri=news.php%3Fid%3D3994346-484%26name%3Dveryvoga+tankini HTTP/1.1" 200 20581 "-" "Mozilla/5.0 (Linux; Android 6.0.1; Nexus 5X Build/MMB29P) AppleWebKit/537.36 (KHTML, like Gecko) Chrome/137.0.7151.103 Mobile Safari/537.36 (compatible; Googlebot/2.1; +http://www.google.com/bot.html)"
66.249.65.165 - - [12/Jul/2025:17:04:59 +0000] "GET /?k=119682253021900&mod=bbf1cfa2&uri=dp.php%3Fid%3D3994162-465%26name%3Dpure+platinum+white HTTP/1.1" 200 21955 "-" "Mozilla/5.0 (Linux; Android 6.0.1; Nexus 5X Build/MMB29P) AppleWebKit/537.36 (KHTML, like Gecko) Chrome/137.0.7151.103 Mobile Safari/537.36 (compatible; Googlebot/2.1; +http://www.google.com/bot.html)"
66.249.65.165 - - [12/Jul/2025:17:05:01 +0000] "POST /get-message-notify HTTP/1.1" 200 21433 "https://alalamy.com.au/?k=119687773001900&mod=8646de4b&uri=news.php%3Fid%3D3994346-484%26name%3Dveryvoga+tankini" "Mozilla/5.0 (Linux; Android 6.0.1; Nexus 5X Build/MMB29P) AppleWebKit/537.36 (KHTML, like Gecko) Chrome/137.0.7151.119 Mobile Safari/537.36 (compatible; Googlebot/2.1; +http://www.google.com/bot.html)"
66.249.65.164 - - [12/Jul/2025:17:05:01 +0000] "GET /?k=119682493021900&mod=8646de4b&uri=pin.php%3Fid%3D3994170-484%26name%3Dtankini+sunflair+sale HTTP/1.1" 200 21376 "-" "Mozilla/5.0 (Linux; Android 6.0.1; Nexus 5X Build/MMB29P) AppleWebKit/537.36 (KHTML, like Gecko) Chrome/137.0.7151.103 Mobile Safari/537.36 (compatible; Googlebot/2.1; +http://www.google.com/bot.html)"
66.249.65.164 - - [12/Jul/2025:17:05:04 +0000] "POST /get-message-notify HTTP/1.1" 200 21425 "https://alalamy.com.au/?k=119682493021900&mod=8646de4b&uri=pin.php%3Fid%3D3994170-484%26name%3Dtankini+sunflair+sale" "Mozilla/5.0 (Linux; Android 6.0.1; Nexus 5X Build/MMB29P) AppleWebKit/537.36 (KHTML, like Gecko) Chrome/137.0.7151.119 Mobile Safari/537.36 (compatible; Googlebot/2.1; +http://www.google.com/bot.html)"
66.249.65.164 - - [12/Jul/2025:17:05:05 +0000] "GET /?k=119689333081900&mod=8646de4b&uri=products.php%3Fid%3D3994398-484%26name%3Dkenneth+cole+reaction+tankini HTTP/1.1" 200 20846 "-" "Mozilla/5.0 (Linux; Android 6.0.1; Nexus 5X Build/MMB29P) AppleWebKit/537.36 (KHTML, like Gecko) Chrome/137.0.7151.103 Mobile Safari/537.36 (compatible; Googlebot/2.1; +http://www.google.com/bot.html)"
66.249.65.164 - - [12/Jul/2025:17:05:07 +0000] "GET /?k=119685253021900&mod=8646de4b&uri=form.php%3Fid%3D3994262-484%26name%3Danna+frozen+swimsuit HTTP/1.1" 200 20456 "-" "Mozilla/5.0 (Linux; Android 6.0.1; Nexus 5X Build/MMB29P) AppleWebKit/537.36 (KHTML, like Gecko) Chrome/137.0.7151.103 Mobile Safari/537.36 (compatible; Googlebot/2.1; +http://www.google.com/bot.html)"
66.249.65.164 - - [12/Jul/2025:17:05:08 +0000] "POST /get-message-notify HTTP/1.1" 200 21425 "https://alalamy.com.au/?k=119689333081900&mod=8646de4b&uri=products.php%3Fid%3D3994398-484%26name%3Dkenneth+cole+reaction+tankini" "Mozilla/5.0 (Linux; Android 6.0.1; Nexus 5X Build/MMB29P) AppleWebKit/537.36 (KHTML, like Gecko) Chrome/137.0.7151.119 Mobile Safari/537.36 (compatible; Googlebot/2.1; +http://www.google.com/bot.html)"
66.249.65.164 - - [12/Jul/2025:17:05:11 +0000] "GET /?k=119689813001900&mod=8646de4b&uri=news.php%3Fid%3D3994414-484%26name%3Drotita+tankini+swimsuits HTTP/1.1" 200 21049 "-" "Mozilla/5.0 (Linux; Android 6.0.1; Nexus 5X Build/MMB29P) AppleWebKit/537.36 (KHTML, like Gecko) Chrome/137.0.7151.103 Mobile Safari/537.36 (compatible; Googlebot/2.1; +http://www.google.com/bot.html)"
66.249.65.164 - - [12/Jul/2025:17:05:17 +0000] "GET /?k=119683213001900&mod=8646de4b&uri=category-info.php%3Fid%3D3994194-484%26name%3Dwomens+thong+bikini+sets HTTP/1.1" 200 21167 "-" "Mozilla/5.0 (Linux; Android 6.0.1; Nexus 5X Build/MMB29P) AppleWebKit/537.36 (KHTML, like Gecko) Chrome/137.0.7151.103 Mobile Safari/537.36 (compatible; Googlebot/2.1; +http://www.google.com/bot.html)"
66.249.65.164 - - [12/Jul/2025:17:05:21 +0000] "GET /?k=119690293041900&mod=8646de4b&uri=form.php%3Fid%3D3994430-484%26name%3Dfunky+bikini+sets HTTP/1.1" 200 21612 "-" "Mozilla/5.0 (Linux; Android 6.0.1; Nexus 5X Build/MMB29P) AppleWebKit/537.36 (KHTML, like Gecko) Chrome/137.0.7151.103 Mobile Safari/537.36 (compatible; Googlebot/2.1; +http://www.google.com/bot.html)"
66.249.65.164 - - [12/Jul/2025:17:05:21 +0000] "GET /?k=7380379041900&mod=e9c519a8&uri=search.php%3Fid%3D246486-407%26name%3Dbaby+milo+hoodie HTTP/1.1" 200 21188 "-" "Mozilla/5.0 (Linux; Android 6.0.1; Nexus 5X Build/MMB29P) AppleWebKit/537.36 (KHTML, like Gecko) Chrome/137.0.7151.103 Mobile Safari/537.36 (compatible; Googlebot/2.1; +http://www.google.com/bot.html)"
66.249.65.164 - - [12/Jul/2025:17:05:21 +0000] "GET /?k=7197579001900&mod=df7c6cbf&uri=news.php%3Fid%3D240372-399%26name%3Dharga+samsung+galaxy+watch+s4 HTTP/1.1" 200 22322 "-" "Mozilla/5.0 (Linux; Android 6.0.1; Nexus 5X Build/MMB29P) AppleWebKit/537.36 (KHTML, like Gecko) Chrome/137.0.7151.103 Mobile Safari/537.36 (compatible; Googlebot/2.1; +http://www.google.com/bot.html)"
66.249.65.164 - - [12/Jul/2025:17:05:22 +0000] "GET /?k=119687173061900&mod=8646de4b&uri=form.php%3Fid%3D3994326-484%26name%3Dswimming+costume+with+tummy+control HTTP/1.1" 200 20840 "-" "Mozilla/5.0 (Linux; Android 6.0.1; Nexus 5X Build/MMB29P) AppleWebKit/537.36 (KHTML, like Gecko) Chrome/137.0.7151.103 Mobile Safari/537.36 (compatible; Googlebot/2.1; +http://www.google.com/bot.html)"
66.249.65.164 - - [12/Jul/2025:17:05:23 +0000] "POST /get-message-notify HTTP/1.1" 200 21431 "https://alalamy.com.au/?k=7197579001900&mod=df7c6cbf&uri=news.php%3Fid%3D240372-399%26name%3Dharga+samsung+galaxy+watch+s4" "Mozilla/5.0 (Linux; Android 6.0.1; Nexus 5X Build/MMB29P) AppleWebKit/537.36 (KHTML, like Gecko) Chrome/137.0.7151.119 Mobile Safari/537.36 (compatible; Googlebot/2.1; +http://www.google.com/bot.html)"
66.249.65.164 - - [12/Jul/2025:17:05:24 +0000] "POST /get-message-notify HTTP/1.1" 200 21418 "https://alalamy.com.au/?k=119690293041900&mod=8646de4b&uri=form.php%3Fid%3D3994430-484%26name%3Dfunky+bikini+sets" "Mozilla/5.0 (Linux; Android 6.0.1; Nexus 5X Build/MMB29P) AppleWebKit/537.36 (KHTML, like Gecko) Chrome/137.0.7151.119 Mobile Safari/537.36 (compatible; Googlebot/2.1; +http://www.google.com/bot.html)"
66.249.65.164 - - [12/Jul/2025:17:05:25 +0000] "POST /get-message-notify HTTP/1.1" 200 21424 "https://alalamy.com.au/?k=119687173061900&mod=8646de4b&uri=form.php%3Fid%3D3994326-484%26name%3Dswimming+costume+with+tummy+control" "Mozilla/5.0 (Linux; Android 6.0.1; Nexus 5X Build/MMB29P) AppleWebKit/537.36 (KHTML, like Gecko) Chrome/137.0.7151.119 Mobile Safari/537.36 (compatible; Googlebot/2.1; +http://www.google.com/bot.html)"
66.249.65.165 - - [12/Jul/2025:17:05:28 +0000] "GET /?k=119686333001900&mod=eb035214&uri=form.php%3Fid%3D3994298-466%26name%3Dwarm+insulated+womens+boots HTTP/1.1" 200 22378 "-" "Mozilla/5.0 (Linux; Android 6.0.1; Nexus 5X Build/MMB29P) AppleWebKit/537.36 (KHTML, like Gecko) Chrome/137.0.7151.103 Mobile Safari/537.36 (compatible; Googlebot/2.1; +http://www.google.com/bot.html)"
66.249.65.165 - - [12/Jul/2025:17:05:31 +0000] "POST /get-message-notify HTTP/1.1" 200 21422 "https://alalamy.com.au/?k=119686333001900&mod=eb035214&uri=form.php%3Fid%3D3994298-466%26name%3Dwarm+insulated+womens+boots" "Mozilla/5.0 (Linux; Android 6.0.1; Nexus 5X Build/MMB29P) AppleWebKit/537.36 (KHTML, like Gecko) Chrome/137.0.7151.119 Mobile Safari/537.36 (compatible; Googlebot/2.1; +http://www.google.com/bot.html)"
66.249.65.164 - - [12/Jul/2025:17:05:31 +0000] "GET /?k=119684293051900&mod=8646de4b&uri=product.php%3Fid%3D3994230-484%26name%3Dlouis+vuitton+bikini+set HTTP/1.1" 200 20461 "-" "Mozilla/5.0 (Linux; Android 6.0.1; Nexus 5X Build/MMB29P) AppleWebKit/537.36 (KHTML, like Gecko) Chrome/137.0.7151.103 Mobile Safari/537.36 (compatible; Googlebot/2.1; +http://www.google.com/bot.html)"
209.74.77.214 - - [12/Jul/2025:17:05:35 +0000] "POST /wp-cron.php?doing_wp_cron=1752339935.6595339775085449218750 HTTP/1.1" 200 - "-" "WordPress/6.8.1; https://alalamy.com.au"
54.36.148.106 - - [12/Jul/2025:17:05:35 +0000] "GET /?k=80124024031900&mod=ae898d7f&uri=product.php%3Fid%3D2673842-1092%26name%3Drutina+para+pecho+volumen HTTP/1.1" 301 - "-" "Mozilla/5.0 (compatible; AhrefsBot/7.0; +http://ahrefs.com/robot/)"
209.74.77.214 - - [12/Jul/2025:17:05:35 +0000] "POST /wp-admin/admin-ajax.php?action=async_litespeed&nonce=0Qj83gJVFaMHEkFnxnWOwcySlJrsUeSq&litespeed_type=imgoptm HTTP/1.1" 200 21 "-" "WordPress/6.8.1; https://alalamy.com.au"
66.249.65.164 - - [12/Jul/2025:17:05:34 +0000] "GET /?k=119618650001900&mod=45fab23f&uri=itm.php%3Fid%3D3992040-1161%26name%3Dnike+foamposite+pro+tech+fleece HTTP/1.1" 200 20797 "-" "Mozilla/5.0 (Linux; Android 6.0.1; Nexus 5X Build/MMB29P) AppleWebKit/537.36 (KHTML, like Gecko) Chrome/137.0.7151.103 Mobile Safari/537.36 (compatible; Googlebot/2.1; +http://www.google.com/bot.html)"
66.249.65.165 - - [12/Jul/2025:17:05:38 +0000] "GET /?k=119687293001900&mod=8646de4b&uri=category-info.php%3Fid%3D3994330-484%26name%3Dcontrast+bikini+set HTTP/1.1" 200 21381 "-" "Mozilla/5.0 (Linux; Android 6.0.1; Nexus 5X Build/MMB29P) AppleWebKit/537.36 (KHTML, like Gecko) Chrome/137.0.7151.103 Mobile Safari/537.36 (compatible; Googlebot/2.1; +http://www.google.com/bot.html)"
66.249.65.165 - - [12/Jul/2025:17:05:40 +0000] "GET /?k=7064388011900&mod=156cc497&uri=goods.php%3Fid%3D235927-396%26name%3Davis+adidas+terrex+agravic+flow HTTP/1.1" 200 21500 "-" "Mozilla/5.0 (Linux; Android 6.0.1; Nexus 5X Build/MMB29P) AppleWebKit/537.36 (KHTML, like Gecko) Chrome/137.0.7151.103 Mobile Safari/537.36 (compatible; Googlebot/2.1; +http://www.google.com/bot.html)"
66.249.65.164 - - [12/Jul/2025:17:05:40 +0000] "GET /?k=119687053021900&mod=8646de4b&uri=shop.php%3Fid%3D3994322-484%26name%3Dbikini+high+waist+shein HTTP/1.1" 200 21400 "-" "Mozilla/5.0 (Linux; Android 6.0.1; Nexus 5X Build/MMB29P) AppleWebKit/537.36 (KHTML, like Gecko) Chrome/137.0.7151.103 Mobile Safari/537.36 (compatible; Googlebot/2.1; +http://www.google.com/bot.html)"
66.249.65.164 - - [12/Jul/2025:17:05:44 +0000] "GET /?k=119683693001900&mod=8646de4b&uri=news.php%3Fid%3D3994210-484%26name%3Dtextured+bandeau+bikini+set HTTP/1.1" 200 21007 "-" "Mozilla/5.0 (Linux; Android 6.0.1; Nexus 5X Build/MMB29P) AppleWebKit/537.36 (KHTML, like Gecko) Chrome/137.0.7151.103 Mobile Safari/537.36 (compatible; Googlebot/2.1; +http://www.google.com/bot.html)"
66.249.65.164 - - [12/Jul/2025:17:05:47 +0000] "GET /?k=7079974041900&mod=539ef09c&uri=article.php%3Fid%3D236448-397%26name%3Daerosoles+women%27s+pumps HTTP/1.1" 200 20983 "-" "Mozilla/5.0 (Linux; Android 6.0.1; Nexus 5X Build/MMB29P) AppleWebKit/537.36 (KHTML, like Gecko) Chrome/137.0.7151.103 Mobile Safari/537.36 (compatible; Googlebot/2.1; +http://www.google.com/bot.html)"
66.249.65.165 - - [12/Jul/2025:17:05:48 +0000] "POST /get-message-notify HTTP/1.1" 200 21429 "https://alalamy.com.au/?k=119683693001900&mod=8646de4b&uri=news.php%3Fid%3D3994210-484%26name%3Dtextured+bandeau+bikini+set" "Mozilla/5.0 (Linux; Android 6.0.1; Nexus 5X Build/MMB29P) AppleWebKit/537.36 (KHTML, like Gecko) Chrome/137.0.7151.119 Mobile Safari/537.36 (compatible; Googlebot/2.1; +http://www.google.com/bot.html)"
66.249.65.165 - - [12/Jul/2025:17:05:51 +0000] "GET /?k=7081114041900&mod=539ef09c&uri=info.php%3Fid%3D236486-397%26name%3Ddansko+marcelle+cordovan HTTP/1.1" 200 21148 "-" "Mozilla/5.0 (Linux; Android 6.0.1; Nexus 5X Build/MMB29P) AppleWebKit/537.36 (KHTML, like Gecko) Chrome/137.0.7151.103 Mobile Safari/537.36 (compatible; Googlebot/2.1; +http://www.google.com/bot.html)"
66.249.65.165 - - [12/Jul/2025:17:05:54 +0000] "GET /?k=7081354001900&mod=413e4eb3&uri=search.php%3Fid%3D236494-398%26name%3Dfinish+line+restock+218 HTTP/1.1" 200 20654 "-" "Mozilla/5.0 (Linux; Android 6.0.1; Nexus 5X Build/MMB29P) AppleWebKit/537.36 (KHTML, like Gecko) Chrome/137.0.7151.103 Mobile Safari/537.36 (compatible; Googlebot/2.1; +http://www.google.com/bot.html)"
66.249.65.165 - - [12/Jul/2025:17:05:58 +0000] "GET /?k=7078894081900&mod=539ef09c&uri=products.php%3Fid%3D236412-397%26name%3Dsilver+prom+dress+shoes HTTP/1.1" 200 20712 "-" "Mozilla/5.0 (Linux; Android 6.0.1; Nexus 5X Build/MMB29P) AppleWebKit/537.36 (KHTML, like Gecko) Chrome/137.0.7151.103 Mobile Safari/537.36 (compatible; Googlebot/2.1; +http://www.google.com/bot.html)"
66.249.65.164 - - [12/Jul/2025:17:06:05 +0000] "GET /?k=7055030101900&mod=156cc497&uri=shop.php%3Fid%3D235614-396%26name%3Dconverse+a+plateforme+marron HTTP/1.1" 200 20876 "-" "Mozilla/5.0 (Linux; Android 6.0.1; Nexus 5X Build/MMB29P) AppleWebKit/537.36 (KHTML, like Gecko) Chrome/137.0.7151.103 Mobile Safari/537.36 (compatible; Googlebot/2.1; +http://www.google.com/bot.html)"
66.249.65.165 - - [12/Jul/2025:17:06:09 +0000] "GET /?k=7078114021900&mod=413e4eb3&uri=info.php%3Fid%3D236386-398%26name%3Dshoe+metro+centre HTTP/1.1" 200 21024 "-" "Mozilla/5.0 (Linux; Android 6.0.1; Nexus 5X Build/MMB29P) AppleWebKit/537.36 (KHTML, like Gecko) Chrome/137.0.7151.103 Mobile Safari/537.36 (compatible; Googlebot/2.1; +http://www.google.com/bot.html)"
66.249.65.165 - - [12/Jul/2025:17:06:09 +0000] "GET /?k=6645805011900&mod=d2394127&uri=us.php%3Fid%3D221957-372%26name%3Ddifference+between+man+made+diamonds+and+real+diamonds HTTP/1.1" 200 21622 "-" "Mozilla/5.0 (Linux; Android 6.0.1; Nexus 5X Build/MMB29P) AppleWebKit/537.36 (KHTML, like Gecko) Chrome/137.0.7151.103 Mobile Safari/537.36 (compatible; Googlebot/2.1; +http://www.google.com/bot.html)"
66.249.65.164 - - [12/Jul/2025:17:06:10 +0000] "POST /get-message-notify HTTP/1.1" 200 21417 "https://alalamy.com.au/?k=7055030101900&mod=156cc497&uri=shop.php%3Fid%3D235614-396%26name%3Dconverse+a+plateforme+marron" "Mozilla/5.0 (Linux; Android 6.0.1; Nexus 5X Build/MMB29P) AppleWebKit/537.36 (KHTML, like Gecko) Chrome/137.0.7151.119 Mobile Safari/537.36 (compatible; Googlebot/2.1; +http://www.google.com/bot.html)"
66.249.65.164 - - [12/Jul/2025:17:06:14 +0000] "GET /?k=119686453021900&mod=8646de4b&uri=products.php%3Fid%3D3994302-484%26name%3Dfloral+ruffle+bikini HTTP/1.1" 200 20600 "-" "Mozilla/5.0 (Linux; Android 6.0.1; Nexus 5X Build/MMB29P) AppleWebKit/537.36 (KHTML, like Gecko) Chrome/137.0.7151.103 Mobile Safari/537.36 (compatible; Googlebot/2.1; +http://www.google.com/bot.html)"
66.249.65.164 - - [12/Jul/2025:17:06:16 +0000] "GET /?k=119681533081900&mod=eb035214&uri=blog.php%3Fid%3D3994138-466%26name%3Dwomen%27s+stretch+ankle+boots HTTP/1.1" 200 22034 "-" "Mozilla/5.0 (Linux; Android 6.0.1; Nexus 5X Build/MMB29P) AppleWebKit/537.36 (KHTML, like Gecko) Chrome/137.0.7151.103 Mobile Safari/537.36 (compatible; Googlebot/2.1; +http://www.google.com/bot.html)"
66.249.65.164 - - [12/Jul/2025:17:06:23 +0000] "GET /?k=119683333081900&mod=8646de4b&uri=pin.php%3Fid%3D3994198-484%26name%3Dshein+dalmatian+print+bikini HTTP/1.1" 200 21359 "-" "Mozilla/5.0 (Linux; Android 6.0.1; Nexus 5X Build/MMB29P) AppleWebKit/537.36 (KHTML, like Gecko) Chrome/137.0.7151.103 Mobile Safari/537.36 (compatible; Googlebot/2.1; +http://www.google.com/bot.html)"
66.249.65.164 - - [12/Jul/2025:17:06:26 +0000] "GET /?k=119686813141900&mod=8646de4b&uri=shared.php%3Fid%3D3994314-484%26name%3Dmost+slimming+bathing+suits HTTP/1.1" 200 20605 "-" "Mozilla/5.0 (Linux; Android 6.0.1; Nexus 5X Build/MMB29P) AppleWebKit/537.36 (KHTML, like Gecko) Chrome/137.0.7151.103 Mobile Safari/537.36 (compatible; Googlebot/2.1; +http://www.google.com/bot.html)"
66.249.65.164 - - [12/Jul/2025:17:06:30 +0000] "GET /?k=119708803031900&mod=8646de4b&uri=article.php%3Fid%3D3995047-484%26name%3Dmyer+tankini HTTP/1.1" 200 21087 "-" "Mozilla/5.0 (Linux; Android 6.0.1; Nexus 5X Build/MMB29P) AppleWebKit/537.36 (KHTML, like Gecko) Chrome/137.0.7151.103 Mobile Safari/537.36 (compatible; Googlebot/2.1; +http://www.google.com/bot.html)"
66.249.65.164 - - [12/Jul/2025:17:06:32 +0000] "GET /?k=119668723011900&mod=eb035214&uri=shop.php%3Fid%3D3993711-466%26name%3Dshirts+cowboys+wear HTTP/1.1" 200 22412 "-" "Mozilla/5.0 (Linux; Android 6.0.1; Nexus 5X Build/MMB29P) AppleWebKit/537.36 (KHTML, like Gecko) Chrome/137.0.7151.103 Mobile Safari/537.36 (compatible; Googlebot/2.1; +http://www.google.com/bot.html)"
66.249.65.164 - - [12/Jul/2025:17:06:33 +0000] "POST /get-message-notify HTTP/1.1" 200 21429 "https://alalamy.com.au/?k=119708803031900&mod=8646de4b&uri=article.php%3Fid%3D3995047-484%26name%3Dmyer+tankini" "Mozilla/5.0 (Linux; Android 6.0.1; Nexus 5X Build/MMB29P) AppleWebKit/537.36 (KHTML, like Gecko) Chrome/137.0.7151.119 Mobile Safari/537.36 (compatible; Googlebot/2.1; +http://www.google.com/bot.html)"
66.249.65.164 - - [12/Jul/2025:17:06:34 +0000] "GET /?k=119689093001900&mod=8646de4b&uri=goods.php%3Fid%3D3994390-484%26name%3Dfunkita+swimwear HTTP/1.1" 200 20460 "-" "Mozilla/5.0 (Linux; Android 6.0.1; Nexus 5X Build/MMB29P) AppleWebKit/537.36 (KHTML, like Gecko) Chrome/137.0.7151.103 Mobile Safari/537.36 (compatible; Googlebot/2.1; +http://www.google.com/bot.html)"
66.249.65.164 - - [12/Jul/2025:17:06:36 +0000] "GET /?k=119687893051900&mod=8646de4b&uri=products.php%3Fid%3D3994350-484%26name%3Dpython+swimsuit HTTP/1.1" 200 20657 "-" "Mozilla/5.0 (Linux; Android 6.0.1; Nexus 5X Build/MMB29P) AppleWebKit/537.36 (KHTML, like Gecko) Chrome/137.0.7151.103 Mobile Safari/537.36 (compatible; Googlebot/2.1; +http://www.google.com/bot.html)"
66.249.65.164 - - [12/Jul/2025:17:06:39 +0000] "GET /?k=119681413041900&mod=eb035214&uri=pin.php%3Fid%3D3994134-466%26name%3Dmen%27s+formal+western+boots HTTP/1.1" 200 21944 "-" "Mozilla/5.0 (Linux; Android 6.0.1; Nexus 5X Build/MMB29P) AppleWebKit/537.36 (KHTML, like Gecko) Chrome/137.0.7151.103 Mobile Safari/537.36 (compatible; Googlebot/2.1; +http://www.google.com/bot.html)"
66.249.65.164 - - [12/Jul/2025:17:06:41 +0000] "POST /get-message-notify HTTP/1.1" 200 21429 "https://alalamy.com.au/?k=6645805011900&mod=d2394127&uri=us.php%3Fid%3D221957-372%26name%3Ddifference+between+man+made+diamonds+and+real+diamonds" "Mozilla/5.0 (Linux; Android 6.0.1; Nexus 5X Build/MMB29P) AppleWebKit/537.36 (KHTML, like Gecko) Chrome/137.0.7151.119 Mobile Safari/537.36 (compatible; Googlebot/2.1; +http://www.google.com/bot.html)"
66.249.65.164 - - [12/Jul/2025:17:06:42 +0000] "GET /?k=119613130011900&mod=45fab23f&uri=goods.php%3Fid%3D3991856-1161%26name%3Dair+force+dark+green HTTP/1.1" 200 20738 "-" "Mozilla/5.0 (Linux; Android 6.0.1; Nexus 5X Build/MMB29P) AppleWebKit/537.36 (KHTML, like Gecko) Chrome/137.0.7151.103 Mobile Safari/537.36 (compatible; Googlebot/2.1; +http://www.google.com/bot.html)"
66.249.65.164 - - [12/Jul/2025:17:06:49 +0000] "GET /?k=119688763041900&mod=8646de4b&uri=form.php%3Fid%3D3994379-484%26name%3Ddresskini HTTP/1.1" 200 20747 "-" "Mozilla/5.0 (Linux; Android 6.0.1; Nexus 5X Build/MMB29P) AppleWebKit/537.36 (KHTML, like Gecko) Chrome/137.0.7151.103 Mobile Safari/537.36 (compatible; Googlebot/2.1; +http://www.google.com/bot.html)"
66.249.65.165 - - [12/Jul/2025:17:06:53 +0000] "GET /?k=119688253021900&mod=8646de4b&uri=category-info.php%3Fid%3D3994362-484%26name%3Dbikini+bottom+beach HTTP/1.1" 200 21062 "-" "Mozilla/5.0 (Linux; Android 6.0.1; Nexus 5X Build/MMB29P) AppleWebKit/537.36 (KHTML, like Gecko) Chrome/137.0.7151.103 Mobile Safari/537.36 (compatible; Googlebot/2.1; +http://www.google.com/bot.html)"
66.249.65.165 - - [12/Jul/2025:17:06:54 +0000] "GET /?k=119687533001900&mod=8646de4b&uri=products.php%3Fid%3D3994338-484%26name%3Ditsy+bikini HTTP/1.1" 200 20961 "-" "Mozilla/5.0 (Linux; Android 6.0.1; Nexus 5X Build/MMB29P) AppleWebKit/537.36 (KHTML, like Gecko) Chrome/137.0.7151.103 Mobile Safari/537.36 (compatible; Googlebot/2.1; +http://www.google.com/bot.html)"
66.249.65.164 - - [12/Jul/2025:17:06:55 +0000] "POST /get-message-notify HTTP/1.1" 200 21432 "https://alalamy.com.au/?k=119688253021900&mod=8646de4b&uri=category-info.php%3Fid%3D3994362-484%26name%3Dbikini+bottom+beach" "Mozilla/5.0 (Linux; Android 6.0.1; Nexus 5X Build/MMB29P) AppleWebKit/537.36 (KHTML, like Gecko) Chrome/137.0.7151.119 Mobile Safari/537.36 (compatible; Googlebot/2.1; +http://www.google.com/bot.html)"
66.249.65.165 - - [12/Jul/2025:17:06:56 +0000] "GET /?k=119638674091900&mod=5d8c6ee0&uri=blog.php%3Fid%3D3992709-62%26name%3Dapple+watch+series+cricket HTTP/1.1" 200 21821 "-" "Mozilla/5.0 (Linux; Android 6.0.1; Nexus 5X Build/MMB29P) AppleWebKit/537.36 (KHTML, like Gecko) Chrome/137.0.7151.103 Mobile Safari/537.36 (compatible; Googlebot/2.1; +http://www.google.com/bot.html)"
66.249.65.164 - - [12/Jul/2025:17:06:57 +0000] "POST /get-message-notify HTTP/1.1" 200 21435 "https://alalamy.com.au/?k=119687533001900&mod=8646de4b&uri=products.php%3Fid%3D3994338-484%26name%3Ditsy+bikini" "Mozilla/5.0 (Linux; Android 6.0.1; Nexus 5X Build/MMB29P) AppleWebKit/537.36 (KHTML, like Gecko) Chrome/137.0.7151.119 Mobile Safari/537.36 (compatible; Googlebot/2.1; +http://www.google.com/bot.html)"
66.249.65.165 - - [12/Jul/2025:17:07:00 +0000] "GET /?k=119681173061900&mod=eb035214&uri=article.php%3Fid%3D3994126-466%26name%3Dvintage+cowboy+shirts HTTP/1.1" 200 22241 "-" "Mozilla/5.0 (Linux; Android 6.0.1; Nexus 5X Build/MMB29P) AppleWebKit/537.36 (KHTML, like Gecko) Chrome/137.0.7151.103 Mobile Safari/537.36 (compatible; Googlebot/2.1; +http://www.google.com/bot.html)"
66.249.65.164 - - [12/Jul/2025:17:07:02 +0000] "POST /get-message-notify HTTP/1.1" 200 21429 "https://alalamy.com.au/?k=119681173061900&mod=eb035214&uri=article.php%3Fid%3D3994126-466%26name%3Dvintage+cowboy+shirts" "Mozilla/5.0 (Linux; Android 6.0.1; Nexus 5X Build/MMB29P) AppleWebKit/537.36 (KHTML, like Gecko) Chrome/137.0.7151.119 Mobile Safari/537.36 (compatible; Googlebot/2.1; +http://www.google.com/bot.html)"
66.249.65.164 - - [12/Jul/2025:17:07:05 +0000] "GET /?k=119689213041900&mod=8646de4b&uri=category-info.php%3Fid%3D3994394-484%26name%3Dcobalt+blue+tankini HTTP/1.1" 200 20348 "-" "Mozilla/5.0 (Linux; Android 6.0.1; Nexus 5X Build/MMB29P) AppleWebKit/537.36 (KHTML, like Gecko) Chrome/137.0.7151.103 Mobile Safari/537.36 (compatible; Googlebot/2.1; +http://www.google.com/bot.html)"
66.249.65.164 - - [12/Jul/2025:17:07:08 +0000] "GET /?k=119689573011900&mod=8646de4b&uri=goods.php%3Fid%3D3994406-484%26name%3Dbandeau+bikini+s+oliver HTTP/1.1" 200 20766 "-" "Mozilla/5.0 (Linux; Android 6.0.1; Nexus 5X Build/MMB29P) AppleWebKit/537.36 (KHTML, like Gecko) Chrome/137.0.7151.103 Mobile Safari/537.36 (compatible; Googlebot/2.1; +http://www.google.com/bot.html)"
66.249.65.164 - - [12/Jul/2025:17:07:10 +0000] "GET /?k=6705845061900&mod=9ff3e121&uri=search.php%3Fid%3D223959-208%26name%3Dpolaroid+camera+instax+square HTTP/1.1" 200 21847 "-" "Mozilla/5.0 (Linux; Android 6.0.1; Nexus 5X Build/MMB29P) AppleWebKit/537.36 (KHTML, like Gecko) Chrome/137.0.7151.103 Mobile Safari/537.36 (compatible; Googlebot/2.1; +http://www.google.com/bot.html)"
66.249.65.164 - - [12/Jul/2025:17:07:14 +0000] "POST /get-message-notify HTTP/1.1" 200 21431 "https://alalamy.com.au/?k=119638674091900&mod=5d8c6ee0&uri=blog.php%3Fid%3D3992709-62%26name%3Dapple+watch+series+cricket" "Mozilla/5.0 (Linux; Android 6.0.1; Nexus 5X Build/MMB29P) AppleWebKit/537.36 (KHTML, like Gecko) Chrome/137.0.7151.119 Mobile Safari/537.36 (compatible; Googlebot/2.1; +http://www.google.com/bot.html)"
66.249.65.164 - - [12/Jul/2025:17:07:16 +0000] "GET /?k=6706745071900&mod=de3358ca&uri=shop.php%3Fid%3D223989-378%26name%3Dcool+strollers+2018 HTTP/1.1" 200 20882 "-" "Mozilla/5.0 (Linux; Android 6.0.1; Nexus 5X Build/MMB29P) AppleWebKit/537.36 (KHTML, like Gecko) Chrome/137.0.7151.103 Mobile Safari/537.36 (compatible; Googlebot/2.1; +http://www.google.com/bot.html)"
66.249.65.164 - - [12/Jul/2025:17:07:18 +0000] "GET /?k=6837001081900&mod=d8d7e7b1&uri=goods.php%3Fid%3D228338-383%26name%3Dblack+feather+midi+dress HTTP/1.1" 200 21249 "-" "Mozilla/5.0 (Linux; Android 6.0.1; Nexus 5X Build/MMB29P) AppleWebKit/537.36 (KHTML, like Gecko) Chrome/137.0.7151.103 Mobile Safari/537.36 (compatible; Googlebot/2.1; +http://www.google.com/bot.html)"
66.249.65.164 - - [12/Jul/2025:17:07:19 +0000] "GET /?k=6705785041900&mod=1366e101&uri=info.php%3Fid%3D223957-376%26name%3Dthis+is+us+season+episode+11+watch+online HTTP/1.1" 200 21894 "-" "Mozilla/5.0 (Linux; Android 6.0.1; Nexus 5X Build/MMB29P) AppleWebKit/537.36 (KHTML, like Gecko) Chrome/137.0.7151.103 Mobile Safari/537.36 (compatible; Googlebot/2.1; +http://www.google.com/bot.html)"
66.249.65.164 - - [12/Jul/2025:17:07:21 +0000] "GET /?k=6706505031900&mod=1cde2efe&uri=news.php%3Fid%3D223981-161%26name%3Dhm+utility+jacket HTTP/1.1" 200 22257 "-" "Mozilla/5.0 (Linux; Android 6.0.1; Nexus 5X Build/MMB29P) AppleWebKit/537.36 (KHTML, like Gecko) Chrome/137.0.7151.103 Mobile Safari/537.36 (compatible; Googlebot/2.1; +http://www.google.com/bot.html)"
66.249.65.164 - - [12/Jul/2025:17:07:21 +0000] "POST /get-message-notify HTTP/1.1" 200 21424 "https://alalamy.com.au/?k=6837001081900&mod=d8d7e7b1&uri=goods.php%3Fid%3D228338-383%26name%3Dblack+feather+midi+dress" "Mozilla/5.0 (Linux; Android 6.0.1; Nexus 5X Build/MMB29P) AppleWebKit/537.36 (KHTML, like Gecko) Chrome/137.0.7151.119 Mobile Safari/537.36 (compatible; Googlebot/2.1; +http://www.google.com/bot.html)"
66.249.65.164 - - [12/Jul/2025:17:07:27 +0000] "GET /?k=6708665101900&mod=26bcbaf7&uri=info.php%3Fid%3D224053-377%26name%3Dbaby+jogger+wheel HTTP/1.1" 200 20540 "-" "Mozilla/5.0 (Linux; Android 6.0.1; Nexus 5X Build/MMB29P) AppleWebKit/537.36 (KHTML, like Gecko) Chrome/137.0.7151.103 Mobile Safari/537.36 (compatible; Googlebot/2.1; +http://www.google.com/bot.html)"
66.249.65.164 - - [12/Jul/2025:17:07:28 +0000] "POST /get-message-notify HTTP/1.1" 200 21437 "https://alalamy.com.au/?k=119689573011900&mod=8646de4b&uri=goods.php%3Fid%3D3994406-484%26name%3Dbandeau+bikini+s+oliver" "Mozilla/5.0 (Linux; Android 6.0.1; Nexus 5X Build/MMB29P) AppleWebKit/537.36 (KHTML, like Gecko) Chrome/137.0.7151.119 Mobile Safari/537.36 (compatible; Googlebot/2.1; +http://www.google.com/bot.html)"
209.74.77.214 - - [12/Jul/2025:17:07:29 +0000] "POST /wp-cron.php?doing_wp_cron=1752340049.3932828903198242187500 HTTP/1.1" 200 - "-" "WordPress/6.8.1; https://alalamy.com.au"
54.36.149.69 - - [12/Jul/2025:17:07:29 +0000] "GET /?k=80173294001900&uri=category-info.php%3Fid%3D2675487-721%26name%3Ddamen%20winterjacke%20dunkelgr%C3%83%C2%BCn HTTP/1.1" 200 26570 "-" "Mozilla/5.0 (compatible; AhrefsBot/7.0; +http://ahrefs.com/robot/)"
209.74.77.214 - - [12/Jul/2025:17:07:29 +0000] "POST /wp-admin/admin-ajax.php?action=async_litespeed&nonce=POoDv5Ns41PYrWkdNbEnAmmeSbvGh1PV&litespeed_type=imgoptm HTTP/1.1" 200 21 "-" "WordPress/6.8.1; https://alalamy.com.au"
66.249.65.164 - - [12/Jul/2025:17:07:30 +0000] "GET /?k=58700778001900&mod=ead6d4ad&uri=brands.php%3Fid%3D1958870-374%26name%3Ddoudoune+homme+foot HTTP/1.1" 200 21779 "-" "Mozilla/5.0 (Linux; Android 6.0.1; Nexus 5X Build/MMB29P) AppleWebKit/537.36 (KHTML, like Gecko) Chrome/137.0.7151.103 Mobile Safari/537.36 (compatible; Googlebot/2.1; +http://www.google.com/bot.html)"
66.249.65.164 - - [12/Jul/2025:17:07:35 +0000] "GET /?k=6862104021900&mod=365adce6&uri=product.php%3Fid%3D229175-385%26name%3Dfitbit+charge+vs+garmin+vivosmart HTTP/1.1" 200 21517 "-" "Mozilla/5.0 (Linux; Android 6.0.1; Nexus 5X Build/MMB29P) AppleWebKit/537.36 (KHTML, like Gecko) Chrome/137.0.7151.103 Mobile Safari/537.36 (compatible; Googlebot/2.1; +http://www.google.com/bot.html)"
66.249.65.164 - - [12/Jul/2025:17:07:42 +0000] "POST /get-message-notify HTTP/1.1" 200 21420 "https://alalamy.com.au/?k=6862104021900&mod=365adce6&uri=product.php%3Fid%3D229175-385%26name%3Dfitbit+charge+vs+garmin+vivosmart" "Mozilla/5.0 (Linux; Android 6.0.1; Nexus 5X Build/MMB29P) AppleWebKit/537.36 (KHTML, like Gecko) Chrome/137.0.7151.119 Mobile Safari/537.36 (compatible; Googlebot/2.1; +http://www.google.com/bot.html)"
66.249.65.164 - - [12/Jul/2025:17:07:46 +0000] "GET /?k=7274472011900&mod=861288f2&uri=dp.php%3Fid%3D242943-403%26name%3Dblaue+leder+sandaletten HTTP/1.1" 200 22658 "-" "Mozilla/5.0 (Linux; Android 6.0.1; Nexus 5X Build/MMB29P) AppleWebKit/537.36 (KHTML, like Gecko) Chrome/137.0.7151.103 Mobile Safari/537.36 (compatible; Googlebot/2.1; +http://www.google.com/bot.html)"
66.249.65.164 - - [12/Jul/2025:17:07:54 +0000] "POST /get-message-notify HTTP/1.1" 200 21441 "https://alalamy.com.au/?k=7274472011900&mod=861288f2&uri=dp.php%3Fid%3D242943-403%26name%3Dblaue+leder+sandaletten" "Mozilla/5.0 (Linux; Android 6.0.1; Nexus 5X Build/MMB29P) AppleWebKit/537.36 (KHTML, like Gecko) Chrome/137.0.7151.119 Mobile Safari/537.36 (compatible; Googlebot/2.1; +http://www.google.com/bot.html)"
66.249.65.165 - - [12/Jul/2025:17:08:14 +0000] "GET /?k=42123581041900&mod=a4968905&uri=dp.php%3Fid%3D1405842-1174%26name%3Dhigh+trampoline+park HTTP/1.1" 200 21696 "-" "Mozilla/5.0 (Linux; Android 6.0.1; Nexus 5X Build/MMB29P) AppleWebKit/537.36 (KHTML, like Gecko) Chrome/137.0.7151.103 Mobile Safari/537.36 (compatible; Googlebot/2.1; +http://www.google.com/bot.html)"
209.74.77.214 - - [12/Jul/2025:17:08:34 +0000] "POST /wp-cron.php?doing_wp_cron=1752340114.3830130100250244140625 HTTP/1.1" 200 - "-" "WordPress/6.8.1; https://alalamy.com.au"
54.36.148.41 - - [12/Jul/2025:17:08:34 +0000] "GET /?k=80220897061900&mod=a5dccaba&uri=news.php%3Fid%3D2677078-882%26name%3Dmsi+x570+ace+driver HTTP/1.1" 301 - "-" "Mozilla/5.0 (compatible; AhrefsBot/7.0; +http://ahrefs.com/robot/)"
209.74.77.214 - - [12/Jul/2025:17:08:34 +0000] "POST /wp-admin/admin-ajax.php?action=async_litespeed&nonce=fDi5w9RNqgItNfWoz7X3rYDKhATppOOm&litespeed_type=imgoptm HTTP/1.1" 200 21 "-" "WordPress/6.8.1; https://alalamy.com.au"
66.249.65.165 - - [12/Jul/2025:17:08:38 +0000] "GET /?k=6550315011900&mod=343e8f41&uri=goods.php%3Fid%3D218774-368%26name%3Dbest+person+tents+for+camping HTTP/1.1" 200 22024 "-" "Mozilla/5.0 (Linux; Android 6.0.1; Nexus 5X Build/MMB29P) AppleWebKit/537.36 (KHTML, like Gecko) Chrome/137.0.7151.103 Mobile Safari/537.36 (compatible; Googlebot/2.1; +http://www.google.com/bot.html)"
66.249.65.165 - - [12/Jul/2025:17:08:40 +0000] "POST /get-message-notify HTTP/1.1" 200 21421 "https://alalamy.com.au/?k=6550315011900&mod=343e8f41&uri=goods.php%3Fid%3D218774-368%26name%3Dbest+person+tents+for+camping" "Mozilla/5.0 (Linux; Android 6.0.1; Nexus 5X Build/MMB29P) AppleWebKit/537.36 (KHTML, like Gecko) Chrome/137.0.7151.119 Mobile Safari/537.36 (compatible; Googlebot/2.1; +http://www.google.com/bot.html)"
54.36.149.83 - - [12/Jul/2025:17:09:09 +0000] "GET /?k=80295498021900&uri=brands.php%3Fid%3D2679566-1504%26name%3Dcrazylight%20boost%202018%20white%20red HTTP/1.1" 200 26569 "-" "Mozilla/5.0 (compatible; AhrefsBot/7.0; +http://ahrefs.com/robot/)"
66.249.65.165 - - [12/Jul/2025:17:09:14 +0000] "GET /?k=7433869041900&mod=357a689f&uri=form.php%3Fid%3D248276-410%26name%3Dstranger+things+upside+down+legos HTTP/1.1" 200 21484 "-" "Mozilla/5.0 (Linux; Android 6.0.1; Nexus 5X Build/MMB29P) AppleWebKit/537.36 (KHTML, like Gecko) Chrome/137.0.7151.103 Mobile Safari/537.36 (compatible; Googlebot/2.1; +http://www.google.com/bot.html)"
66.249.65.165 - - [12/Jul/2025:17:09:35 +0000] "GET /pcmypage?callback=/product%2Fdetail%2F119690413142900 HTTP/1.1" 200 21206 "-" "Mozilla/5.0 (Linux; Android 6.0.1; Nexus 5X Build/MMB29P) AppleWebKit/537.36 (KHTML, like Gecko) Chrome/137.0.7151.103 Mobile Safari/537.36 (compatible; Googlebot/2.1; +http://www.google.com/bot.html)"
66.249.65.165 - - [12/Jul/2025:17:09:38 +0000] "POST /get-message-notify HTTP/1.1" 200 21428 "https://alalamy.com.au/pcmypage?callback=/product%2Fdetail%2F119690413142900" "Mozilla/5.0 (Linux; Android 6.0.1; Nexus 5X Build/MMB29P) AppleWebKit/537.36 (KHTML, like Gecko) Chrome/137.0.7151.119 Mobile Safari/537.36 (compatible; Googlebot/2.1; +http://www.google.com/bot.html)"
209.74.77.214 - - [12/Jul/2025:17:09:42 +0000] "POST /wp-cron.php?doing_wp_cron=1752340182.4238119125366210937500 HTTP/1.1" 200 - "-" "WordPress/6.8.1; https://alalamy.com.au"
54.36.149.52 - - [12/Jul/2025:17:09:42 +0000] "GET /?k=80297658021900&uri=itm.php%3Fid%3D2679638-1505%26name%3Dmens%20shoe%20conversion%20to%20women%27s HTTP/1.1" 200 26570 "-" "Mozilla/5.0 (compatible; AhrefsBot/7.0; +http://ahrefs.com/robot/)"
209.74.77.214 - - [12/Jul/2025:17:09:42 +0000] "POST /wp-admin/admin-ajax.php?action=async_litespeed&nonce=K0Da47pZB97czYpdbeel93s96Ysz9rJT&litespeed_type=imgoptm HTTP/1.1" 200 21 "-" "WordPress/6.8.1; https://alalamy.com.au"
66.249.65.164 - - [12/Jul/2025:17:09:46 +0000] "GET /?k=6806874141900&mod=cb45a111&uri=pin.php%3Fid%3D227332-381%26name%3Dugg+grigi+amazon HTTP/1.1" 200 21634 "-" "Mozilla/5.0 (Linux; Android 6.0.1; Nexus 5X Build/MMB29P) AppleWebKit/537.36 (KHTML, like Gecko) Chrome/137.0.7151.103 Mobile Safari/537.36 (compatible; Googlebot/2.1; +http://www.google.com/bot.html)"
209.74.77.214 - - [12/Jul/2025:17:10:16 +0000] "POST /wp-cron.php?doing_wp_cron=1752340216.1549029350280761718750 HTTP/1.1" 200 - "-" "WordPress/6.8.1; https://alalamy.com.au"
54.36.149.64 - - [12/Jul/2025:17:10:15 +0000] "GET /?k=80426579041900&uri=product.php%3Fid%3D2683939-404%26name%3Dgiubbotto%20in%20pelle%20aeronautica HTTP/1.1" 200 26570 "-" "Mozilla/5.0 (compatible; AhrefsBot/7.0; +http://ahrefs.com/robot/)"
209.74.77.214 - - [12/Jul/2025:17:10:50 +0000] "POST /wp-cron.php?doing_wp_cron=1752340250.5027210712432861328125 HTTP/1.1" 200 - "-" "WordPress/6.8.1; https://alalamy.com.au"
54.36.148.35 - - [12/Jul/2025:17:10:48 +0000] "GET /?k=80516209061900&uri=goods.php%3Fid%3D2686931-819%26name%3Dmidnight%20paris%20van%20cleef HTTP/1.1" 200 26570 "-" "Mozilla/5.0 (compatible; AhrefsBot/7.0; +http://ahrefs.com/robot/)"
209.74.77.214 - - [12/Jul/2025:17:10:50 +0000] "POST /wp-admin/admin-ajax.php?action=async_litespeed&nonce=8IC4JOmlNgKnaZTFSMApnY9pfAvoYnqG&litespeed_type=imgoptm HTTP/1.1" 200 21 "-" "WordPress/6.8.1; https://alalamy.com.au"
157.55.39.201 - - [12/Jul/2025:17:11:01 +0000] "GET /?k=119696833041900&mod=8646de4b&uri=news.php%3Fid%3D3994648-484%26name%3Dzebra+one+piece+swimsuit HTTP/1.1" 200 21186 "-" "Mozilla/5.0 AppleWebKit/537.36 (KHTML, like Gecko; compatible; bingbot/2.0; +http://www.bing.com/bingbot.htm) Chrome/116.0.1938.76 Safari/537.36"
66.249.65.166 - - [12/Jul/2025:17:11:09 +0000] "GET /?k=7196769031900&mod=5e3a4137&uri=goods.php%3Fid%3D240345-400%26name%3Dpatek+philippe+strap+replacement HTTP/1.1" 200 22464 "-" "Mozilla/5.0 (Linux; Android 6.0.1; Nexus 5X Build/MMB29P) AppleWebKit/537.36 (KHTML, like Gecko) Chrome/137.0.7151.103 Mobile Safari/537.36 (compatible; Googlebot/2.1; +http://www.google.com/bot.html)"
66.249.65.166 - - [12/Jul/2025:17:11:10 +0000] "GET /?k=7112145051900&mod=46489c17&uri=goods.php%3Fid%3D237521-44%26name%3Dmm+pla+3d+drucker+filament HTTP/1.1" 200 20742 "-" "Mozilla/5.0 (Linux; Android 6.0.1; Nexus 5X Build/MMB29P) AppleWebKit/537.36 (KHTML, like Gecko) Chrome/137.0.7151.103 Mobile Safari/537.36 (compatible; Googlebot/2.1; +http://www.google.com/bot.html)"
54.36.148.34 - - [12/Jul/2025:17:11:15 +0000] "GET /?k=80678797031900&mod=46fe4352&uri=blog.php%3Fid%3D2692368-1507%26name%3Dropa+bebe+clasica+barata HTTP/1.1" 301 - "-" "Mozilla/5.0 (compatible; AhrefsBot/7.0; +http://ahrefs.com/robot/)"
66.249.65.164 - - [12/Jul/2025:17:11:28 +0000] "GET /?k=7565899031900&mod=ec5df877&uri=article.php%3Fid%3D252684-248%26name%3Dralph+lauren+pink+perfume HTTP/1.1" 200 22153 "-" "Mozilla/5.0 (Linux; Android 6.0.1; Nexus 5X Build/MMB29P) AppleWebKit/537.36 (KHTML, like Gecko) Chrome/137.0.7151.103 Mobile Safari/537.36 (compatible; Googlebot/2.1; +http://www.google.com/bot.html)"
209.74.77.214 - - [12/Jul/2025:17:11:47 +0000] "POST /wp-cron.php?doing_wp_cron=1752340307.8690528869628906250000 HTTP/1.1" 200 - "-" "WordPress/6.8.1; https://alalamy.com.au"
54.36.148.221 - - [12/Jul/2025:17:11:47 +0000] "GET /?k=80891769001900&mod=4123451e&uri=itm.php%3Fid%3D2699479-1511%26name%3Dleo+messi+boots+2018 HTTP/1.1" 301 - "-" "Mozilla/5.0 (compatible; AhrefsBot/7.0; +http://ahrefs.com/robot/)"
209.74.77.214 - - [12/Jul/2025:17:11:48 +0000] "POST /wp-admin/admin-ajax.php?action=async_litespeed&nonce=rTGkh8WSp5uVI9wwgVFTkGtZHTd0Pq1v&litespeed_type=imgoptm HTTP/1.1" 200 21 "-" "WordPress/6.8.1; https://alalamy.com.au"
66.249.65.164 - - [12/Jul/2025:17:11:58 +0000] "GET /?k=7030900061900&mod=156cc497&uri=brands.php%3Fid%3D234809-396%26name%3Dloro+piana+white+sole HTTP/1.1" 200 20692 "-" "Mozilla/5.0 (Linux; Android 6.0.1; Nexus 5X Build/MMB29P) AppleWebKit/537.36 (KHTML, like Gecko) Chrome/137.0.7151.103 Mobile Safari/537.36 (compatible; Googlebot/2.1; +http://www.google.com/bot.html)"
209.74.77.214 - - [12/Jul/2025:17:12:19 +0000] "POST /wp-cron.php?doing_wp_cron=1752340339.9049060344696044921875 HTTP/1.1" 200 - "-" "WordPress/6.8.1; https://alalamy.com.au"
54.36.149.107 - - [12/Jul/2025:17:12:19 +0000] "GET /?k=80900949001900&mod=be3f925c&uri=itm.php%3Fid%3D2699785-1512%26name%3Dbuy+yung HTTP/1.1" 301 - "-" "Mozilla/5.0 (compatible; AhrefsBot/7.0; +http://ahrefs.com/robot/)"
209.74.77.214 - - [12/Jul/2025:17:12:47 +0000] "POST /wp-cron.php?doing_wp_cron=1752340367.8641009330749511718750 HTTP/1.1" 200 - "-" "WordPress/6.8.1; https://alalamy.com.au"
54.36.148.60 - - [12/Jul/2025:17:12:47 +0000] "GET /?k=8095339051900&uri=itm.php%3Fid%3D270344-430%26name%3Dgigi%20hadid%20cashmere HTTP/1.1" 200 26570 "-" "Mozilla/5.0 (compatible; AhrefsBot/7.0; +http://ahrefs.com/robot/)"
209.74.77.214 - - [12/Jul/2025:17:12:48 +0000] "POST /wp-admin/admin-ajax.php?action=async_litespeed&nonce=x6LidcdZz8ih4sYLORg7FSXxwF31IQE5&litespeed_type=imgoptm HTTP/1.1" 200 21 "-" "WordPress/6.8.1; https://alalamy.com.au"
54.36.148.10 - - [12/Jul/2025:17:13:13 +0000] "GET /?k=81005046071900&uri=search.php%3Fid%3D2703255-789%26name%3Dzapatillas%20lacoste HTTP/1.1" 200 26568 "-" "Mozilla/5.0 (compatible; AhrefsBot/7.0; +http://ahrefs.com/robot/)"
52.167.144.191 - - [12/Jul/2025:17:13:35 +0000] "GET /?k=56205538031900&mod=f611fb2f&uri=shop.php%3Fid%3D1875611-1317%26name%3Dmichael+kors+polka+dot+dress HTTP/1.1" 200 21123 "-" "Mozilla/5.0 AppleWebKit/537.36 (KHTML, like Gecko; compatible; bingbot/2.0; +http://www.bing.com/bingbot.htm) Chrome/116.0.1938.76 Safari/537.36"
66.249.65.166 - - [12/Jul/2025:17:13:44 +0000] "GET /?k=4507021001900&mod=72417e4a&uri=dp.php%3Fid%3D150430-269%26name%3Dzorki+camera HTTP/1.1" 200 21961 "-" "Mozilla/5.0 (Linux; Android 6.0.1; Nexus 5X Build/MMB29P) AppleWebKit/537.36 (KHTML, like Gecko) Chrome/137.0.7151.103 Mobile Safari/537.36 (compatible; Googlebot/2.1; +http://www.google.com/bot.html)"
66.249.65.165 - - [12/Jul/2025:17:13:45 +0000] "GET /?k=119685733081900&mod=8646de4b&uri=product.php%3Fid%3D3994278-484%26name%3Dtummy+control+tankini+uk HTTP/1.1" 200 20652 "-" "Mozilla/5.0 (Linux; Android 6.0.1; Nexus 5X Build/MMB29P) AppleWebKit/537.36 (KHTML, like Gecko) Chrome/137.0.7151.103 Mobile Safari/537.36 (compatible; Googlebot/2.1; +http://www.google.com/bot.html)"
209.74.77.214 - - [12/Jul/2025:17:13:49 +0000] "POST /wp-cron.php?doing_wp_cron=1752340429.6263260841369628906250 HTTP/1.1" 200 - "-" "WordPress/6.8.1; https://alalamy.com.au"
54.36.149.90 - - [12/Jul/2025:17:13:49 +0000] "GET /?k=81134006021900&mod=1fd3eb44&uri=itm.php%3Fid%3D2707569-1513%26name%3Dtrek+marlin+rosada HTTP/1.1" 301 - "-" "Mozilla/5.0 (compatible; AhrefsBot/7.0; +http://ahrefs.com/robot/)"
209.74.77.214 - - [12/Jul/2025:17:13:49 +0000] "POST /wp-admin/admin-ajax.php?action=async_litespeed&nonce=c5aBZhbJPVEILVDXLc9B1PY01bpmLxko&litespeed_type=imgoptm HTTP/1.1" 200 21 "-" "WordPress/6.8.1; https://alalamy.com.au"
66.249.65.164 - - [12/Jul/2025:17:13:51 +0000] "POST /get-message-notify HTTP/1.1" 200 21431 "https://alalamy.com.au/?k=4507021001900&mod=72417e4a&uri=dp.php%3Fid%3D150430-269%26name%3Dzorki+camera" "Mozilla/5.0 (Linux; Android 6.0.1; Nexus 5X Build/MMB29P) AppleWebKit/537.36 (KHTML, like Gecko) Chrome/137.0.7151.119 Mobile Safari/537.36 (compatible; Googlebot/2.1; +http://www.google.com/bot.html)"
66.249.65.164 - - [12/Jul/2025:17:13:56 +0000] "GET /?k=7027439001900&mod=156cc497&uri=shared.php%3Fid%3D234693-396%26name%3Dpanier+de+basket+sur+pied+professionnel HTTP/1.1" 200 21579 "-" "Mozilla/5.0 (Linux; Android 6.0.1; Nexus 5X Build/MMB29P) AppleWebKit/537.36 (KHTML, like Gecko) Chrome/137.0.7151.103 Mobile Safari/537.36 (compatible; Googlebot/2.1; +http://www.google.com/bot.html)"
66.249.65.164 - - [12/Jul/2025:17:13:59 +0000] "POST /get-message-notify HTTP/1.1" 200 21413 "https://alalamy.com.au/?k=7027439001900&mod=156cc497&uri=shared.php%3Fid%3D234693-396%26name%3Dpanier+de+basket+sur+pied+professionnel" "Mozilla/5.0 (Linux; Android 6.0.1; Nexus 5X Build/MMB29P) AppleWebKit/537.36 (KHTML, like Gecko) Chrome/137.0.7151.119 Mobile Safari/537.36 (compatible; Googlebot/2.1; +http://www.google.com/bot.html)"
209.74.77.214 - - [12/Jul/2025:17:14:18 +0000] "POST /wp-cron.php?doing_wp_cron=1752340458.1131050586700439453125 HTTP/1.1" 200 - "-" "WordPress/6.8.1; https://alalamy.com.au"
54.36.148.154 - - [12/Jul/2025:17:14:17 +0000] "GET /?k=81597862001900&uri=search.php%3Fid%3D2723067-1214%26name%3Dcarritos%20para%20bebes%20de%20control%20remoto HTTP/1.1" 200 26570 "-" "Mozilla/5.0 (compatible; AhrefsBot/7.0; +http://ahrefs.com/robot/)"
209.74.77.214 - - [12/Jul/2025:17:14:46 +0000] "POST /wp-cron.php?doing_wp_cron=1752340486.0547449588775634765625 HTTP/1.1" 200 - "-" "WordPress/6.8.1; https://alalamy.com.au"
54.36.148.130 - - [12/Jul/2025:17:14:45 +0000] "GET /?k=81653358041900&uri=category-info.php%3Fid%3D2724919-937%26name%3Dtommy%20hilfiger%20basket%20basse%20femme HTTP/1.1" 200 26570 "-" "Mozilla/5.0 (compatible; AhrefsBot/7.0; +http://ahrefs.com/robot/)"
209.74.77.214 - - [12/Jul/2025:17:14:46 +0000] "POST /wp-admin/admin-ajax.php?action=async_litespeed&nonce=VhIq0affe5ASPKetXouzCZbJr47c9fjB&litespeed_type=imgoptm HTTP/1.1" 200 21 "-" "WordPress/6.8.1; https://alalamy.com.au"
209.74.77.214 - - [12/Jul/2025:17:15:17 +0000] "POST /wp-cron.php?doing_wp_cron=1752340517.4068241119384765625000 HTTP/1.1" 200 - "-" "WordPress/6.8.1; https://alalamy.com.au"
54.36.148.56 - - [12/Jul/2025:17:15:17 +0000] "GET /?k=8165998041900&mod=002f8568&uri=category-info.php%3Fid%3D272703-432%26name%3Dsaint+laurent+lambskin+leather+jacket HTTP/1.1" 301 - "-" "Mozilla/5.0 (compatible; AhrefsBot/7.0; +http://ahrefs.com/robot/)"
66.249.65.164 - - [12/Jul/2025:17:15:52 +0000] "GET /?k=7239219061900&mod=44f95c37&uri=news.php%3Fid%3D241760-252%26name%3Demlyn+lee HTTP/1.1" 200 22407 "-" "Mozilla/5.0 (Linux; Android 6.0.1; Nexus 5X Build/MMB29P) AppleWebKit/537.36 (KHTML, like Gecko) Chrome/137.0.7151.103 Mobile Safari/537.36 (compatible; Googlebot/2.1; +http://www.google.com/bot.html)"
209.74.77.214 - - [12/Jul/2025:17:15:59 +0000] "POST /wp-cron.php?doing_wp_cron=1752340559.2878639698028564453125 HTTP/1.1" 200 - "-" "WordPress/6.8.1; https://alalamy.com.au"
54.36.148.195 - - [12/Jul/2025:17:15:58 +0000] "GET /?k=81687197021900&mod=c1c26021&uri=article.php%3Fid%3D2726049-637%26name%3Dchaussures+jogging+asics+gel+windhawk+homme HTTP/1.1" 301 - "-" "Mozilla/5.0 (compatible; AhrefsBot/7.0; +http://ahrefs.com/robot/)"
209.74.77.214 - - [12/Jul/2025:17:15:59 +0000] "POST /wp-admin/admin-ajax.php?action=async_litespeed&nonce=KY8vuIQH4NFdJLoBXGUJfryeao2DqlQ3&litespeed_type=imgoptm HTTP/1.1" 200 21 "-" "WordPress/6.8.1; https://alalamy.com.au"
209.74.77.214 - - [12/Jul/2025:17:16:24 +0000] "POST /wp-cron.php?doing_wp_cron=1752340584.6149320602416992187500 HTTP/1.1" 200 - "-" "WordPress/6.8.1; https://alalamy.com.au"
54.36.148.209 - - [12/Jul/2025:17:16:24 +0000] "GET /?k=81715628031900&uri=dp.php%3Fid%3D2726998-1288%26name%3Dsalomon%20x%20ultra%202018 HTTP/1.1" 200 26570 "-" "Mozilla/5.0 (compatible; AhrefsBot/7.0; +http://ahrefs.com/robot/)"
66.249.65.164 - - [12/Jul/2025:17:16:46 +0000] "GET /?k=4423849061900&mod=6df811b7&uri=blog.php%3Fid%3D147652-265%26name%3Dcasaco+camuflado+vans HTTP/1.1" 200 20912 "-" "Mozilla/5.0 (Linux; Android 6.0.1; Nexus 5X Build/MMB29P) AppleWebKit/537.36 (KHTML, like Gecko) Chrome/137.0.7151.103 Mobile Safari/537.36 (compatible; Googlebot/2.1; +http://www.google.com/bot.html)"
209.74.77.214 - - [12/Jul/2025:17:17:07 +0000] "POST /wp-cron.php?doing_wp_cron=1752340627.7987198829650878906250 HTTP/1.1" 200 - "-" "WordPress/6.8.1; https://alalamy.com.au"
54.36.148.141 - - [12/Jul/2025:17:17:07 +0000] "GET /?k=81758648051900&mod=951ca5e3&uri=pin.php%3Fid%3D2728432-932%26name%3Dfairy+frocks+online+shopping HTTP/1.1" 301 - "-" "Mozilla/5.0 (compatible; AhrefsBot/7.0; +http://ahrefs.com/robot/)"
209.74.77.214 - - [12/Jul/2025:17:17:07 +0000] "POST /wp-admin/admin-ajax.php?action=async_litespeed&nonce=iIS527s4gjfZjjIdtIJWn7j0EikKld7h&litespeed_type=imgoptm HTTP/1.1" 200 21 "-" "WordPress/6.8.1; https://alalamy.com.au"
66.249.65.165 - - [12/Jul/2025:17:17:12 +0000] "GET /?k=7308423071900&mod=1894ea67&uri=us.php%3Fid%3D244085-314%26name%3Dacne+studios+jacken+damen HTTP/1.1" 200 21822 "-" "Mozilla/5.0 (Linux; Android 6.0.1; Nexus 5X Build/MMB29P) AppleWebKit/537.36 (KHTML, like Gecko) Chrome/137.0.7151.103 Mobile Safari/537.36 (compatible; Googlebot/2.1; +http://www.google.com/bot.html)"
209.74.77.214 - - [12/Jul/2025:17:17:46 +0000] "POST /wp-cron.php?doing_wp_cron=1752340666.4762189388275146484375 HTTP/1.1" 200 - "-" "WordPress/6.8.1; https://alalamy.com.au"
54.36.148.184 - - [12/Jul/2025:17:17:44 +0000] "GET /?k=81832651001900&mod=1aaceaf4&uri=goods.php%3Fid%3D2730899-1105%26name%3Dnautica+deckloom+shoes HTTP/1.1" 301 - "-" "Mozilla/5.0 (compatible; AhrefsBot/7.0; +http://ahrefs.com/robot/)"
209.74.77.214 - - [12/Jul/2025:17:17:46 +0000] "POST /wp-admin/admin-ajax.php?action=async_litespeed&nonce=8SUSrAQjlfb9ZIlW50LjYt81xOBdCJls&litespeed_type=imgoptm HTTP/1.1" 200 21 "-" "WordPress/6.8.1; https://alalamy.com.au"
66.249.65.164 - - [12/Jul/2025:17:18:01 +0000] "GET /?k=47480825051900&mod=4ef30115&uri=products.php%3Fid%3D1584549-91%26name%3Dunderwater+bicycle HTTP/1.1" 200 21294 "-" "Mozilla/5.0 (Linux; Android 6.0.1; Nexus 5X Build/MMB29P) AppleWebKit/537.36 (KHTML, like Gecko) Chrome/137.0.7151.103 Mobile Safari/537.36 (compatible; Googlebot/2.1; +http://www.google.com/bot.html)"
209.74.77.214 - - [12/Jul/2025:17:18:23 +0000] "POST /wp-cron.php?doing_wp_cron=1752340703.2003679275512695312500 HTTP/1.1" 200 - "-" "WordPress/6.8.1; https://alalamy.com.au"
54.36.149.32 - - [12/Jul/2025:17:18:22 +0000] "GET /?k=82064447031900&mod=b301ec04&uri=article.php%3Fid%3D2738645-1515%26name%3Djoules+burghley+hoody HTTP/1.1" 301 - "-" "Mozilla/5.0 (compatible; AhrefsBot/7.0; +http://ahrefs.com/robot/)"
209.74.77.214 - - [12/Jul/2025:17:18:50 +0000] "POST /wp-cron.php?doing_wp_cron=1752340730.3456890583038330078125 HTTP/1.1" 200 - "-" "WordPress/6.8.1; https://alalamy.com.au"
54.36.149.44 - - [12/Jul/2025:17:18:50 +0000] "GET /?k=82067207021900&mod=ff091855&uri=pin.php%3Fid%3D2738737-1514%26name%3Duno+to+duo+double+stroller HTTP/1.1" 301 - "-" "Mozilla/5.0 (compatible; AhrefsBot/7.0; +http://ahrefs.com/robot/)"
209.74.77.214 - - [12/Jul/2025:17:18:50 +0000] "POST /wp-admin/admin-ajax.php?action=async_litespeed&nonce=WMivwgH2HWO24WVOnvYEmyGpMFe3hBN4&litespeed_type=imgoptm HTTP/1.1" 200 21 "-" "WordPress/6.8.1; https://alalamy.com.au"
209.74.77.214 - - [12/Jul/2025:17:19:21 +0000] "POST /wp-cron.php?doing_wp_cron=1752340761.1760330200195312500000 HTTP/1.1" 200 - "-" "WordPress/6.8.1; https://alalamy.com.au"
54.36.148.184 - - [12/Jul/2025:17:19:20 +0000] "GET /?k=82101137001900&mod=798e5a5d&uri=form.php%3Fid%3D2739868-197%26name%3Dthigh+high+nylon+socks HTTP/1.1" 301 - "-" "Mozilla/5.0 (compatible; AhrefsBot/7.0; +http://ahrefs.com/robot/)"
66.249.65.164 - - [12/Jul/2025:17:19:38 +0000] "GET /?k=6621295011900&mod=4ef30115&uri=pin.php%3Fid%3D221140-91%26name%3Dgravel+bike+26+inch HTTP/1.1" 200 22345 "-" "Mozilla/5.0 (Linux; Android 6.0.1; Nexus 5X Build/MMB29P) AppleWebKit/537.36 (KHTML, like Gecko) Chrome/137.0.7151.103 Mobile Safari/537.36 (compatible; Googlebot/2.1; +http://www.google.com/bot.html)"
209.74.77.214 - - [12/Jul/2025:17:19:55 +0000] "POST /wp-cron.php?doing_wp_cron=1752340795.1351110935211181640625 HTTP/1.1" 200 - "-" "WordPress/6.8.1; https://alalamy.com.au"
209.74.77.214 - - [12/Jul/2025:17:19:55 +0000] "POST /wp-admin/admin-ajax.php?action=async_litespeed&nonce=5T4roJpjrs5iM7ijawtfaHc343KbzLRm&litespeed_type=imgoptm HTTP/1.1" 200 21 "-" "WordPress/6.8.1; https://alalamy.com.au"
54.36.149.12 - - [12/Jul/2025:17:19:53 +0000] "GET /?k=82151720081900&uri=search.php%3Fid%3D2741555-1306%26name%3Dadidas%20supercourt%20blue%20white HTTP/1.1" 200 26570 "-" "Mozilla/5.0 (compatible; AhrefsBot/7.0; +http://ahrefs.com/robot/)"
52.167.144.191 - - [12/Jul/2025:17:19:46 +0000] "GET /?k=111204239051900&mod=d3b5cb5d&uri=goods.php%3Fid%3D3711250-492%26name%3Dmere+notice+saiyan+ji+ringtone HTTP/1.1" 200 21223 "-" "Mozilla/5.0 AppleWebKit/537.36 (KHTML, like Gecko; compatible; bingbot/2.0; +http://www.bing.com/bingbot.htm) Chrome/116.0.1938.76 Safari/537.36"
66.249.65.164 - - [12/Jul/2025:17:20:15 +0000] "GET /?k=7453604011900&mod=160c8865&uri=shop.php%3Fid%3D248934-11%26name%3Dlouboutin+saks+fifth+avenue HTTP/1.1" 200 21433 "-" "Mozilla/5.0 (Linux; Android 6.0.1; Nexus 5X Build/MMB29P) AppleWebKit/537.36 (KHTML, like Gecko) Chrome/137.0.7151.103 Mobile Safari/537.36 (compatible; Googlebot/2.1; +http://www.google.com/bot.html)"
209.74.77.214 - - [12/Jul/2025:17:20:22 +0000] "POST /wp-cron.php?doing_wp_cron=1752340822.7470300197601318359375 HTTP/1.1" 200 - "-" "WordPress/6.8.1; https://alalamy.com.au"
