66.249.65.164 - - [12/Jul/2025:14:05:30 +0000] "GET /?k=7121415001900&mod=46489c17&uri=product.php%3Fid%3D237830-44%26name%3Dsporttasche+fila HTTP/1.1" 200 21919 "-" "Mozilla/5.0 (Linux; Android 6.0.1; Nexus 5X Build/MMB29P) AppleWebKit/537.36 (KHTML, like Gecko) Chrome/137.0.7151.103 Mobile Safari/537.36 (compatible; Googlebot/2.1; +http://www.google.com/bot.html)"
66.249.65.164 - - [12/Jul/2025:14:05:31 +0000] "GET /?k=7085817001900&mod=539ef09c&uri=info.php%3Fid%3D236643-397%26name%3Dtribord+slippers HTTP/1.1" 200 21093 "-" "Mozilla/5.0 (Linux; Android 6.0.1; Nexus 5X Build/MMB29P) AppleWebKit/537.36 (KHTML, like Gecko) Chrome/137.0.7151.103 Mobile Safari/537.36 (compatible; Googlebot/2.1; +http://www.google.com/bot.html)"
66.249.65.164 - - [12/Jul/2025:14:05:32 +0000] "POST /get-message-notify HTTP/1.1" 200 21420 "https://alalamy.com.au/?k=6981104051900&mod=962ebbfe&uri=form.php%3Fid%3D233145-394%26name%3Dpolish+pottery+deviled+egg+plate" "Mozilla/5.0 (Linux; Android 6.0.1; Nexus 5X Build/MMB29P) AppleWebKit/537.36 (KHTML, like Gecko) Chrome/137.0.7151.119 Mobile Safari/537.36 (compatible; Googlebot/2.1; +http://www.google.com/bot.html)"
66.249.65.164 - - [12/Jul/2025:14:05:33 +0000] "GET /?k=7005911001900&mod=3d1327c1&uri=info.php%3Fid%3D233974-395%26name%3Djogging+femme+north+face HTTP/1.1" 200 21033 "-" "Mozilla/5.0 (Linux; Android 6.0.1; Nexus 5X Build/MMB29P) AppleWebKit/537.36 (KHTML, like Gecko) Chrome/137.0.7151.103 Mobile Safari/537.36 (compatible; Googlebot/2.1; +http://www.google.com/bot.html)"
66.249.65.165 - - [12/Jul/2025:14:05:36 +0000] "GET /?k=7353859041900&mod=50a41579&uri=search.php%3Fid%3D245602-406%26name%3Dpatent+leather+tuxedo+shoes HTTP/1.1" 200 20877 "-" "Mozilla/5.0 (Linux; Android 6.0.1; Nexus 5X Build/MMB29P) AppleWebKit/537.36 (KHTML, like Gecko) Chrome/137.0.7151.103 Mobile Safari/537.36 (compatible; Googlebot/2.1; +http://www.google.com/bot.html)"
66.249.65.164 - - [12/Jul/2025:14:05:37 +0000] "POST /get-message-notify HTTP/1.1" 200 21432 "https://alalamy.com.au/?k=7085817001900&mod=539ef09c&uri=info.php%3Fid%3D236643-397%26name%3Dtribord+slippers" "Mozilla/5.0 (Linux; Android 6.0.1; Nexus 5X Build/MMB29P) AppleWebKit/537.36 (KHTML, like Gecko) Chrome/137.0.7151.119 Mobile Safari/537.36 (compatible; Googlebot/2.1; +http://www.google.com/bot.html)"
66.249.65.165 - - [12/Jul/2025:14:05:39 +0000] "POST /get-message-notify HTTP/1.1" 200 21429 "https://alalamy.com.au/?k=7353859041900&mod=50a41579&uri=search.php%3Fid%3D245602-406%26name%3Dpatent+leather+tuxedo+shoes" "Mozilla/5.0 (Linux; Android 6.0.1; Nexus 5X Build/MMB29P) AppleWebKit/537.36 (KHTML, like Gecko) Chrome/137.0.7151.119 Mobile Safari/537.36 (compatible; Googlebot/2.1; +http://www.google.com/bot.html)"
66.249.65.165 - - [12/Jul/2025:14:05:42 +0000] "GET /?k=7005465091900&mod=3d1327c1&uri=dp.php%3Fid%3D233959-395%26name%3Dconfidence+mariage+paul+et+nathalie HTTP/1.1" 200 20704 "-" "Mozilla/5.0 (Linux; Android 6.0.1; Nexus 5X Build/MMB29P) AppleWebKit/537.36 (KHTML, like Gecko) Chrome/137.0.7151.103 Mobile Safari/537.36 (compatible; Googlebot/2.1; +http://www.google.com/bot.html)"
66.249.65.164 - - [12/Jul/2025:14:05:46 +0000] "GET /?k=5699787061900&mod=b4ea4cc5&uri=pin.php%3Fid%3D190314-333%26name%3Dpandora+greenbriar+mall HTTP/1.1" 200 21877 "-" "Mozilla/5.0 (Linux; Android 6.0.1; Nexus 5X Build/MMB29P) AppleWebKit/537.36 (KHTML, like Gecko) Chrome/137.0.7151.103 Mobile Safari/537.36 (compatible; Googlebot/2.1; +http://www.google.com/bot.html)"
66.249.65.164 - - [12/Jul/2025:14:05:46 +0000] "GET /?k=7328539121900&mod=50a41579&uri=shop.php%3Fid%3D244758-406%26name%3Dblack+patent+block+heel+boots HTTP/1.1" 200 20713 "-" "Mozilla/5.0 (Linux; Android 6.0.1; Nexus 5X Build/MMB29P) AppleWebKit/537.36 (KHTML, like Gecko) Chrome/137.0.7151.103 Mobile Safari/537.36 (compatible; Googlebot/2.1; +http://www.google.com/bot.html)"
66.249.65.165 - - [12/Jul/2025:14:05:47 +0000] "GET /?k=7088667001900&mod=539ef09c&uri=blog.php%3Fid%3D236738-397%26name%3Dred+bottom+heels+paris HTTP/1.1" 200 21450 "-" "Mozilla/5.0 (Linux; Android 6.0.1; Nexus 5X Build/MMB29P) AppleWebKit/537.36 (KHTML, like Gecko) Chrome/137.0.7151.103 Mobile Safari/537.36 (compatible; Googlebot/2.1; +http://www.google.com/bot.html)"
66.249.65.165 - - [12/Jul/2025:14:05:49 +0000] "GET /?k=7118445011900&mod=46489c17&uri=shop.php%3Fid%3D237731-44%26name%3Deverfil+pla HTTP/1.1" 200 22027 "-" "Mozilla/5.0 (Linux; Android 6.0.1; Nexus 5X Build/MMB29P) AppleWebKit/537.36 (KHTML, like Gecko) Chrome/137.0.7151.103 Mobile Safari/537.36 (compatible; Googlebot/2.1; +http://www.google.com/bot.html)"
66.249.65.164 - - [12/Jul/2025:14:05:52 +0000] "GET /?k=7099857031900&mod=539ef09c&uri=itm.php%3Fid%3D237111-397%26name%3Dflip+flop+company HTTP/1.1" 200 22218 "-" "Mozilla/5.0 (Linux; Android 6.0.1; Nexus 5X Build/MMB29P) AppleWebKit/537.36 (KHTML, like Gecko) Chrome/137.0.7151.103 Mobile Safari/537.36 (compatible; Googlebot/2.1; +http://www.google.com/bot.html)"
66.249.65.164 - - [12/Jul/2025:14:05:55 +0000] "GET /?k=7098237011900&mod=539ef09c&uri=category-info.php%3Fid%3D237057-397%26name%3Dborn+diamond+leather+sling+clogs HTTP/1.1" 200 22151 "-" "Mozilla/5.0 (Linux; Android 6.0.1; Nexus 5X Build/MMB29P) AppleWebKit/537.36 (KHTML, like Gecko) Chrome/137.0.7151.103 Mobile Safari/537.36 (compatible; Googlebot/2.1; +http://www.google.com/bot.html)"
66.249.65.165 - - [12/Jul/2025:14:05:58 +0000] "GET /robots.txt HTTP/1.1" 200 82 "-" "Mozilla/5.0 (compatible; Googlebot/2.1; +http://www.google.com/bot.html)"
66.249.65.165 - - [12/Jul/2025:14:05:58 +0000] "GET /?k=7115475061900&mod=46489c17&uri=form.php%3Fid%3D237632-44%26name%3Dfila+tennis+shirt+opelka HTTP/1.1" 200 22100 "-" "Mozilla/5.0 (Linux; Android 6.0.1; Nexus 5X Build/MMB29P) AppleWebKit/537.36 (KHTML, like Gecko) Chrome/137.0.7151.103 Mobile Safari/537.36 (compatible; Googlebot/2.1; +http://www.google.com/bot.html)"
66.249.65.164 - - [12/Jul/2025:14:06:00 +0000] "GET /?k=6795412001900&mod=cb45a111&uri=article.php%3Fid%3D226949-381%26name%3Dstivaletti+peluche HTTP/1.1" 200 22347 "-" "Mozilla/5.0 (Linux; Android 6.0.1; Nexus 5X Build/MMB29P) AppleWebKit/537.36 (KHTML, like Gecko) Chrome/137.0.7151.103 Mobile Safari/537.36 (compatible; Googlebot/2.1; +http://www.google.com/bot.html)"
66.249.65.164 - - [12/Jul/2025:14:06:03 +0000] "POST /get-message-notify HTTP/1.1" 200 21407 "https://alalamy.com.au/?k=7374769131900&mod=e9c519a8&uri=article.php%3Fid%3D246299-407%26name%3Djeep+zipper+hoodie" "Mozilla/5.0 (Linux; Android 6.0.1; Nexus 5X Build/MMB29P) AppleWebKit/537.36 (KHTML, like Gecko) Chrome/137.0.7151.119 Mobile Safari/537.36 (compatible; Googlebot/2.1; +http://www.google.com/bot.html)"
66.249.65.164 - - [12/Jul/2025:14:06:03 +0000] "GET /?k=7086417001900&mod=539ef09c&uri=us.php%3Fid%3D236663-397%26name%3Dfrye+fleece+lined+boots HTTP/1.1" 200 21092 "-" "Mozilla/5.0 (Linux; Android 6.0.1; Nexus 5X Build/MMB29P) AppleWebKit/537.36 (KHTML, like Gecko) Chrome/137.0.7151.103 Mobile Safari/537.36 (compatible; Googlebot/2.1; +http://www.google.com/bot.html)"
66.249.65.164 - - [12/Jul/2025:14:06:04 +0000] "GET /?k=7388909061900&mod=1b728593&uri=us.php%3Fid%3D246772-409%26name%3Dbota+cano+alto+nike HTTP/1.1" 200 21653 "-" "Mozilla/5.0 (Linux; Android 6.0.1; Nexus 5X Build/MMB29P) AppleWebKit/537.36 (KHTML, like Gecko) Chrome/137.0.7151.103 Mobile Safari/537.36 (compatible; Googlebot/2.1; +http://www.google.com/bot.html)"
66.249.65.164 - - [12/Jul/2025:14:06:05 +0000] "GET /?k=7327999091900&mod=c242ee43&uri=product.php%3Fid%3D244740-405%26name%3Ddc+men%27s+woodland+leather+boots HTTP/1.1" 200 21301 "-" "Mozilla/5.0 (Linux; Android 6.0.1; Nexus 5X Build/MMB29P) AppleWebKit/537.36 (KHTML, like Gecko) Chrome/137.0.7151.103 Mobile Safari/537.36 (compatible; Googlebot/2.1; +http://www.google.com/bot.html)"
66.249.65.164 - - [12/Jul/2025:14:06:07 +0000] "GET /?k=7240839081900&mod=44f95c37&uri=dp.php%3Fid%3D241814-252%26name%3Dgrunge+jeans+jacket HTTP/1.1" 200 22407 "-" "Mozilla/5.0 (Linux; Android 6.0.1; Nexus 5X Build/MMB29P) AppleWebKit/537.36 (KHTML, like Gecko) Chrome/137.0.7151.103 Mobile Safari/537.36 (compatible; Googlebot/2.1; +http://www.google.com/bot.html)"
66.249.65.164 - - [12/Jul/2025:14:06:11 +0000] "GET /?k=7101207041900&mod=413e4eb3&uri=category-info.php%3Fid%3D237156-398%26name%3Dshoe+zone+boots+womens HTTP/1.1" 200 20598 "-" "Mozilla/5.0 (Linux; Android 6.0.1; Nexus 5X Build/MMB29P) AppleWebKit/537.36 (KHTML, like Gecko) Chrome/137.0.7151.103 Mobile Safari/537.36 (compatible; Googlebot/2.1; +http://www.google.com/bot.html)"
66.249.65.164 - - [12/Jul/2025:14:06:11 +0000] "POST /get-message-notify HTTP/1.1" 200 21435 "https://alalamy.com.au/?k=7240839081900&mod=44f95c37&uri=dp.php%3Fid%3D241814-252%26name%3Dgrunge+jeans+jacket" "Mozilla/5.0 (Linux; Android 6.0.1; Nexus 5X Build/MMB29P) AppleWebKit/537.36 (KHTML, like Gecko) Chrome/137.0.7151.119 Mobile Safari/537.36 (compatible; Googlebot/2.1; +http://www.google.com/bot.html)"
66.249.65.164 - - [12/Jul/2025:14:06:12 +0000] "POST /get-message-notify HTTP/1.1" 200 21435 "https://alalamy.com.au/?k=7098237011900&mod=539ef09c&uri=category-info.php%3Fid%3D237057-397%26name%3Dborn+diamond+leather+sling+clogs" "Mozilla/5.0 (Linux; Android 6.0.1; Nexus 5X Build/MMB29P) AppleWebKit/537.36 (KHTML, like Gecko) Chrome/137.0.7151.119 Mobile Safari/537.36 (compatible; Googlebot/2.1; +http://www.google.com/bot.html)"
66.249.65.164 - - [12/Jul/2025:14:06:13 +0000] "POST /get-message-notify HTTP/1.1" 200 21418 "https://alalamy.com.au/?k=7327999091900&mod=c242ee43&uri=product.php%3Fid%3D244740-405%26name%3Ddc+men%27s+woodland+leather+boots" "Mozilla/5.0 (Linux; Android 6.0.1; Nexus 5X Build/MMB29P) AppleWebKit/537.36 (KHTML, like Gecko) Chrome/137.0.7151.119 Mobile Safari/537.36 (compatible; Googlebot/2.1; +http://www.google.com/bot.html)"
66.249.65.164 - - [12/Jul/2025:14:06:13 +0000] "POST /get-message-notify HTTP/1.1" 200 21428 "https://alalamy.com.au/?k=7328539121900&mod=50a41579&uri=shop.php%3Fid%3D244758-406%26name%3Dblack+patent+block+heel+boots" "Mozilla/5.0 (Linux; Android 6.0.1; Nexus 5X Build/MMB29P) AppleWebKit/537.36 (KHTML, like Gecko) Chrome/137.0.7151.119 Mobile Safari/537.36 (compatible; Googlebot/2.1; +http://www.google.com/bot.html)"
66.249.65.164 - - [12/Jul/2025:14:06:18 +0000] "GET /?k=7377199011900&mod=e9c519a8&uri=product.php%3Fid%3D246380-407%26name%3Dzelda+zip+up+hoodie HTTP/1.1" 200 22074 "-" "Mozilla/5.0 (Linux; Android 6.0.1; Nexus 5X Build/MMB29P) AppleWebKit/537.36 (KHTML, like Gecko) Chrome/137.0.7151.103 Mobile Safari/537.36 (compatible; Googlebot/2.1; +http://www.google.com/bot.html)"
66.249.65.164 - - [12/Jul/2025:14:06:19 +0000] "GET /?k=7393577041900&mod=1b728593&uri=search.php%3Fid%3D246928-409%26name%3Dbota+vizzano+2019 HTTP/1.1" 200 21252 "-" "Mozilla/5.0 (Linux; Android 6.0.1; Nexus 5X Build/MMB29P) AppleWebKit/537.36 (KHTML, like Gecko) Chrome/137.0.7151.103 Mobile Safari/537.36 (compatible; Googlebot/2.1; +http://www.google.com/bot.html)"
66.249.65.164 - - [12/Jul/2025:14:06:21 +0000] "POST /get-message-notify HTTP/1.1" 200 21425 "https://alalamy.com.au/?k=7393577041900&mod=1b728593&uri=search.php%3Fid%3D246928-409%26name%3Dbota+vizzano+2019" "Mozilla/5.0 (Linux; Android 6.0.1; Nexus 5X Build/MMB29P) AppleWebKit/537.36 (KHTML, like Gecko) Chrome/137.0.7151.119 Mobile Safari/537.36 (compatible; Googlebot/2.1; +http://www.google.com/bot.html)"
66.249.65.164 - - [12/Jul/2025:14:06:27 +0000] "GET /?k=7120605031900&mod=46489c17&uri=category-info.php%3Fid%3D237803-44%26name%3Ddamen+vans+sale HTTP/1.1" 200 22093 "-" "Mozilla/5.0 (Linux; Android 6.0.1; Nexus 5X Build/MMB29P) AppleWebKit/537.36 (KHTML, like Gecko) Chrome/137.0.7151.103 Mobile Safari/537.36 (compatible; Googlebot/2.1; +http://www.google.com/bot.html)"
66.249.65.164 - - [12/Jul/2025:14:06:27 +0000] "GET /?k=6986113061900&mod=962ebbfe&uri=category-info.php%3Fid%3D233312-394%26name%3Dsolid+gold+dinner+plates HTTP/1.1" 200 22245 "-" "Mozilla/5.0 (Linux; Android 6.0.1; Nexus 5X Build/MMB29P) AppleWebKit/537.36 (KHTML, like Gecko) Chrome/137.0.7151.103 Mobile Safari/537.36 (compatible; Googlebot/2.1; +http://www.google.com/bot.html)"
209.74.77.214 - - [12/Jul/2025:14:06:30 +0000] "POST /wp-cron.php?doing_wp_cron=1752329190.4061849117279052734375 HTTP/1.1" 200 - "-" "WordPress/6.8.1; https://alalamy.com.au"
54.36.149.92 - - [12/Jul/2025:14:06:30 +0000] "GET /?k=22466714031900&mod=d4ae8c1a&uri=us.php%3Fid%3D749907-267%26name%3Ddior+stellaire+o5 HTTP/1.1" 301 - "-" "Mozilla/5.0 (compatible; AhrefsBot/7.0; +http://ahrefs.com/robot/)"
209.74.77.214 - - [12/Jul/2025:14:06:30 +0000] "POST /wp-admin/admin-ajax.php?action=async_litespeed&nonce=EvVakHMLAuNG0y8cmtjeCDot2EW50YZ8&litespeed_type=imgoptm HTTP/1.1" 200 21 "-" "WordPress/6.8.1; https://alalamy.com.au"
66.249.65.164 - - [12/Jul/2025:14:06:33 +0000] "GET /?k=7374529001900&mod=078fbc1d&uri=form.php%3Fid%3D246291-408%26name%3Dguess+sweater+grey HTTP/1.1" 200 22134 "-" "Mozilla/5.0 (Linux; Android 6.0.1; Nexus 5X Build/MMB29P) AppleWebKit/537.36 (KHTML, like Gecko) Chrome/137.0.7151.103 Mobile Safari/537.36 (compatible; Googlebot/2.1; +http://www.google.com/bot.html)"
66.249.65.164 - - [12/Jul/2025:14:06:33 +0000] "GET /?k=7114395001900&mod=46489c17&uri=shop.php%3Fid%3D237596-44%26name%3Dfilament+1kg+meter HTTP/1.1" 200 21010 "-" "Mozilla/5.0 (Linux; Android 6.0.1; Nexus 5X Build/MMB29P) AppleWebKit/537.36 (KHTML, like Gecko) Chrome/137.0.7151.103 Mobile Safari/537.36 (compatible; Googlebot/2.1; +http://www.google.com/bot.html)"
66.249.65.164 - - [12/Jul/2025:14:06:39 +0000] "GET /?k=7118715001900&mod=46489c17&uri=form.php%3Fid%3D237740-44%26name%3Dprusament+pla+galaxy+black HTTP/1.1" 200 21539 "-" "Mozilla/5.0 (Linux; Android 6.0.1; Nexus 5X Build/MMB29P) AppleWebKit/537.36 (KHTML, like Gecko) Chrome/137.0.7151.103 Mobile Safari/537.36 (compatible; Googlebot/2.1; +http://www.google.com/bot.html)"
66.249.65.164 - - [12/Jul/2025:14:06:41 +0000] "GET /?k=7116825031900&mod=46489c17&uri=info.php%3Fid%3D237677-44%26name%3Dbasf+pla+filament HTTP/1.1" 200 21862 "-" "Mozilla/5.0 (Linux; Android 6.0.1; Nexus 5X Build/MMB29P) AppleWebKit/537.36 (KHTML, like Gecko) Chrome/137.0.7151.103 Mobile Safari/537.36 (compatible; Googlebot/2.1; +http://www.google.com/bot.html)"
66.249.65.165 - - [12/Jul/2025:14:06:42 +0000] "GET /?k=7098777071900&mod=539ef09c&uri=product.php%3Fid%3D237075-397%26name%3Dhavaianas+green HTTP/1.1" 200 21516 "-" "Mozilla/5.0 (Linux; Android 6.0.1; Nexus 5X Build/MMB29P) AppleWebKit/537.36 (KHTML, like Gecko) Chrome/137.0.7151.103 Mobile Safari/537.36 (compatible; Googlebot/2.1; +http://www.google.com/bot.html)"
66.249.65.164 - - [12/Jul/2025:14:06:44 +0000] "GET /?k=7114125031900&mod=46489c17&uri=itm.php%3Fid%3D237587-44%26name%3Dvans+evdnt HTTP/1.1" 200 21400 "-" "Mozilla/5.0 (Linux; Android 6.0.1; Nexus 5X Build/MMB29P) AppleWebKit/537.36 (KHTML, like Gecko) Chrome/137.0.7151.103 Mobile Safari/537.36 (compatible; Googlebot/2.1; +http://www.google.com/bot.html)"
66.249.65.165 - - [12/Jul/2025:14:06:48 +0000] "GET /?k=7005105031900&mod=3d1327c1&uri=blog.php%3Fid%3D233947-395%26name%3Densemble+blazer+h%26m HTTP/1.1" 200 21791 "-" "Mozilla/5.0 (Linux; Android 6.0.1; Nexus 5X Build/MMB29P) AppleWebKit/537.36 (KHTML, like Gecko) Chrome/137.0.7151.103 Mobile Safari/537.36 (compatible; Googlebot/2.1; +http://www.google.com/bot.html)"
66.249.65.164 - - [12/Jul/2025:14:06:48 +0000] "GET /?k=7088217001900&mod=539ef09c&uri=itm.php%3Fid%3D236723-397%26name%3Dred+sock+bootie+heels HTTP/1.1" 200 21707 "-" "Mozilla/5.0 (Linux; Android 6.0.1; Nexus 5X Build/MMB29P) AppleWebKit/537.36 (KHTML, like Gecko) Chrome/137.0.7151.103 Mobile Safari/537.36 (compatible; Googlebot/2.1; +http://www.google.com/bot.html)"
66.249.65.165 - - [12/Jul/2025:14:06:49 +0000] "GET /?k=7005555021900&mod=3d1327c1&uri=category-info.php%3Fid%3D233962-395%26name%3Densemble+cargo+nike+femme HTTP/1.1" 200 21415 "-" "Mozilla/5.0 (Linux; Android 6.0.1; Nexus 5X Build/MMB29P) AppleWebKit/537.36 (KHTML, like Gecko) Chrome/137.0.7151.103 Mobile Safari/537.36 (compatible; Googlebot/2.1; +http://www.google.com/bot.html)"
66.249.65.165 - - [12/Jul/2025:14:06:52 +0000] "POST /get-message-notify HTTP/1.1" 200 21414 "https://alalamy.com.au/?k=7005555021900&mod=3d1327c1&uri=category-info.php%3Fid%3D233962-395%26name%3Densemble+cargo+nike+femme" "Mozilla/5.0 (Linux; Android 6.0.1; Nexus 5X Build/MMB29P) AppleWebKit/537.36 (KHTML, like Gecko) Chrome/137.0.7151.119 Mobile Safari/537.36 (compatible; Googlebot/2.1; +http://www.google.com/bot.html)"
66.249.65.165 - - [12/Jul/2025:14:06:51 +0000] "GET /?k=7085367021900&mod=539ef09c&uri=search.php%3Fid%3D236628-397%26name%3Dflip+flops+with+massage+bumps HTTP/1.1" 200 20805 "-" "Mozilla/5.0 (Linux; Android 6.0.1; Nexus 5X Build/MMB29P) AppleWebKit/537.36 (KHTML, like Gecko) Chrome/137.0.7151.103 Mobile Safari/537.36 (compatible; Googlebot/2.1; +http://www.google.com/bot.html)"
66.249.65.164 - - [12/Jul/2025:14:06:54 +0000] "GET /?k=7027079011900&mod=156cc497&uri=dp.php%3Fid%3D234681-396%26name%3Dmachine+panier+de+basket HTTP/1.1" 200 21225 "-" "Mozilla/5.0 (Linux; Android 6.0.1; Nexus 5X Build/MMB29P) AppleWebKit/537.36 (KHTML, like Gecko) Chrome/137.0.7151.103 Mobile Safari/537.36 (compatible; Googlebot/2.1; +http://www.google.com/bot.html)"
66.249.65.165 - - [12/Jul/2025:14:06:56 +0000] "GET /?k=7004505021900&mod=3d1327c1&uri=news.php%3Fid%3D233927-395%26name%3Dbracelets+fleurs+mariage HTTP/1.1" 200 21774 "-" "Mozilla/5.0 (Linux; Android 6.0.1; Nexus 5X Build/MMB29P) AppleWebKit/537.36 (KHTML, like Gecko) Chrome/137.0.7151.103 Mobile Safari/537.36 (compatible; Googlebot/2.1; +http://www.google.com/bot.html)"
66.249.65.165 - - [12/Jul/2025:14:06:59 +0000] "GET /?k=7019219011900&mod=3d1327c1&uri=search.php%3Fid%3D234419-395%26name%3Dchapeau+cadeau+invit%C3%83%C2%A9+mariage HTTP/1.1" 200 21599 "-" "Mozilla/5.0 (Linux; Android 6.0.1; Nexus 5X Build/MMB29P) AppleWebKit/537.36 (KHTML, like Gecko) Chrome/137.0.7151.103 Mobile Safari/537.36 (compatible; Googlebot/2.1; +http://www.google.com/bot.html)"
66.249.65.165 - - [12/Jul/2025:14:07:01 +0000] "GET /robots.txt HTTP/1.1" 200 82 "-" "Mozilla/5.0 (compatible; Googlebot/2.1; +http://www.google.com/bot.html)"
66.249.65.164 - - [12/Jul/2025:14:07:01 +0000] "GET /?k=7396448001900&mod=1b728593&uri=dp.php%3Fid%3D247024-409%26name%3Dbota+encinas+leather HTTP/1.1" 200 21518 "-" "Mozilla/5.0 (Linux; Android 6.0.1; Nexus 5X Build/MMB29P) AppleWebKit/537.36 (KHTML, like Gecko) Chrome/137.0.7151.103 Mobile Safari/537.36 (compatible; Googlebot/2.1; +http://www.google.com/bot.html)"
66.249.65.164 - - [12/Jul/2025:14:07:03 +0000] "GET /?k=7004085031900&mod=3d1327c1&uri=blog.php%3Fid%3D233913-395%26name%3Dtom+tailor+jeans+homme HTTP/1.1" 200 21093 "-" "Mozilla/5.0 (Linux; Android 6.0.1; Nexus 5X Build/MMB29P) AppleWebKit/537.36 (KHTML, like Gecko) Chrome/137.0.7151.103 Mobile Safari/537.36 (compatible; Googlebot/2.1; +http://www.google.com/bot.html)"
66.249.65.164 - - [12/Jul/2025:14:07:03 +0000] "POST /get-message-notify HTTP/1.1" 200 21415 "https://alalamy.com.au/?k=7027079011900&mod=156cc497&uri=dp.php%3Fid%3D234681-396%26name%3Dmachine+panier+de+basket" "Mozilla/5.0 (Linux; Android 6.0.1; Nexus 5X Build/MMB29P) AppleWebKit/537.36 (KHTML, like Gecko) Chrome/137.0.7151.119 Mobile Safari/537.36 (compatible; Googlebot/2.1; +http://www.google.com/bot.html)"
66.249.65.164 - - [12/Jul/2025:14:07:04 +0000] "GET /?k=7389029021900&mod=1b728593&uri=us.php%3Fid%3D246776-409%26name%3Dcal%C3%83%C2%A7a+nike+pro+tight+feminina HTTP/1.1" 200 21931 "-" "Mozilla/5.0 (Linux; Android 6.0.1; Nexus 5X Build/MMB29P) AppleWebKit/537.36 (KHTML, like Gecko) Chrome/137.0.7151.103 Mobile Safari/537.36 (compatible; Googlebot/2.1; +http://www.google.com/bot.html)"
209.74.77.214 - - [12/Jul/2025:14:07:05 +0000] "POST /wp-cron.php?doing_wp_cron=1752329225.7236731052398681640625 HTTP/1.1" 200 - "-" "WordPress/6.8.1; https://alalamy.com.au"
54.36.149.60 - - [12/Jul/2025:14:07:05 +0000] "GET /?k=22582784001900&mod=e0a172c6&uri=product.php%3Fid%3D753780-820%26name%3Dlebron+james+all+star+game+shoes HTTP/1.1" 301 - "-" "Mozilla/5.0 (compatible; AhrefsBot/7.0; +http://ahrefs.com/robot/)"
66.249.65.164 - - [12/Jul/2025:14:07:05 +0000] "POST /get-message-notify HTTP/1.1" 200 21427 "https://alalamy.com.au/?k=7004505021900&mod=3d1327c1&uri=news.php%3Fid%3D233927-395%26name%3Dbracelets+fleurs+mariage" "Mozilla/5.0 (Linux; Android 6.0.1; Nexus 5X Build/MMB29P) AppleWebKit/537.36 (KHTML, like Gecko) Chrome/137.0.7151.119 Mobile Safari/537.36 (compatible; Googlebot/2.1; +http://www.google.com/bot.html)"
209.74.77.214 - - [12/Jul/2025:14:07:05 +0000] "POST /wp-admin/admin-ajax.php?action=async_litespeed&nonce=has0tW9gB7oSE5DHwp0ieFK5zOtNTQay&litespeed_type=imgoptm HTTP/1.1" 200 21 "-" "WordPress/6.8.1; https://alalamy.com.au"
66.249.65.164 - - [12/Jul/2025:14:07:07 +0000] "POST /get-message-notify HTTP/1.1" 200 21431 "https://alalamy.com.au/?k=7019219011900&mod=3d1327c1&uri=search.php%3Fid%3D234419-395%26name%3Dchapeau+cadeau+invit%C3%83%C2%A9+mariage" "Mozilla/5.0 (Linux; Android 6.0.1; Nexus 5X Build/MMB29P) AppleWebKit/537.36 (KHTML, like Gecko) Chrome/137.0.7151.119 Mobile Safari/537.36 (compatible; Googlebot/2.1; +http://www.google.com/bot.html)"
66.249.65.164 - - [12/Jul/2025:14:07:07 +0000] "GET /?k=7117365051900&mod=46489c17&uri=us.php%3Fid%3D237695-44%26name%3Dprusament+galaxy+black HTTP/1.1" 200 21397 "-" "Mozilla/5.0 (Linux; Android 6.0.1; Nexus 5X Build/MMB29P) AppleWebKit/537.36 (KHTML, like Gecko) Chrome/137.0.7151.103 Mobile Safari/537.36 (compatible; Googlebot/2.1; +http://www.google.com/bot.html)"
66.249.65.164 - - [12/Jul/2025:14:07:15 +0000] "GET /?k=7006361041900&mod=3d1327c1&uri=pin.php%3Fid%3D233989-395%26name%3Djeans+levis+trou%C3%83%C2%A9+homme HTTP/1.1" 200 21530 "-" "Mozilla/5.0 (Linux; Android 6.0.1; Nexus 5X Build/MMB29P) AppleWebKit/537.36 (KHTML, like Gecko) Chrome/137.0.7151.103 Mobile Safari/537.36 (compatible; Googlebot/2.1; +http://www.google.com/bot.html)"
66.249.65.164 - - [12/Jul/2025:14:07:16 +0000] "GET /?k=7115745011900&mod=46489c17&uri=article.php%3Fid%3D237641-44%26name%3Dfila+taschen+deichmann HTTP/1.1" 200 21414 "-" "Mozilla/5.0 (Linux; Android 6.0.1; Nexus 5X Build/MMB29P) AppleWebKit/537.36 (KHTML, like Gecko) Chrome/137.0.7151.103 Mobile Safari/537.36 (compatible; Googlebot/2.1; +http://www.google.com/bot.html)"
66.249.65.164 - - [12/Jul/2025:14:07:18 +0000] "GET /?k=7085967061900&mod=539ef09c&uri=dp.php%3Fid%3D236648-397%26name%3Dhush+puppies+slip+on+womens HTTP/1.1" 200 21026 "-" "Mozilla/5.0 (Linux; Android 6.0.1; Nexus 5X Build/MMB29P) AppleWebKit/537.36 (KHTML, like Gecko) Chrome/137.0.7151.103 Mobile Safari/537.36 (compatible; Googlebot/2.1; +http://www.google.com/bot.html)"
66.249.65.164 - - [12/Jul/2025:14:07:19 +0000] "GET /?k=7260920011900&mod=cbd35b79&uri=itm.php%3Fid%3D242485-401%26name%3Dtuto+pochette+tissu+avec+fermeture+eclair HTTP/1.1" 200 22393 "-" "Mozilla/5.0 (Linux; Android 6.0.1; Nexus 5X Build/MMB29P) AppleWebKit/537.36 (KHTML, like Gecko) Chrome/137.0.7151.103 Mobile Safari/537.36 (compatible; Googlebot/2.1; +http://www.google.com/bot.html)"
66.249.65.164 - - [12/Jul/2025:14:07:20 +0000] "POST /get-message-notify HTTP/1.1" 200 21420 "https://alalamy.com.au/?k=7117365051900&mod=46489c17&uri=us.php%3Fid%3D237695-44%26name%3Dprusament+galaxy+black" "Mozilla/5.0 (Linux; Android 6.0.1; Nexus 5X Build/MMB29P) AppleWebKit/537.36 (KHTML, like Gecko) Chrome/137.0.7151.119 Mobile Safari/537.36 (compatible; Googlebot/2.1; +http://www.google.com/bot.html)"
66.249.65.165 - - [12/Jul/2025:14:07:22 +0000] "GET /?k=7260830041900&mod=fafcb194&uri=itm.php%3Fid%3D242482-402%26name%3Dt+shirt+stone+island+femme HTTP/1.1" 200 21938 "-" "Mozilla/5.0 (Linux; Android 6.0.1; Nexus 5X Build/MMB29P) AppleWebKit/537.36 (KHTML, like Gecko) Chrome/137.0.7151.103 Mobile Safari/537.36 (compatible; Googlebot/2.1; +http://www.google.com/bot.html)"
66.249.65.165 - - [12/Jul/2025:14:07:25 +0000] "GET /?k=7114665031900&mod=46489c17&uri=article.php%3Fid%3D237605-44%26name%3Dpolymaker+polysupport HTTP/1.1" 200 21036 "-" "Mozilla/5.0 (Linux; Android 6.0.1; Nexus 5X Build/MMB29P) AppleWebKit/537.36 (KHTML, like Gecko) Chrome/137.0.7151.103 Mobile Safari/537.36 (compatible; Googlebot/2.1; +http://www.google.com/bot.html)"
66.249.65.164 - - [12/Jul/2025:14:07:26 +0000] "GET /?k=5760177031900&mod=960b0b80&uri=search.php%3Fid%3D192359-335%26name%3Dnintendo+switch+online+fortnite HTTP/1.1" 200 22327 "-" "Mozilla/5.0 (Linux; Android 6.0.1; Nexus 5X Build/MMB29P) AppleWebKit/537.36 (KHTML, like Gecko) Chrome/137.0.7151.103 Mobile Safari/537.36 (compatible; Googlebot/2.1; +http://www.google.com/bot.html)"
66.249.65.165 - - [12/Jul/2025:14:07:26 +0000] "GET /?k=6956674021900&mod=f4491fcc&uri=category-info.php%3Fid%3D232330-391%26name%3Dnike+tabas HTTP/1.1" 200 20671 "-" "Mozilla/5.0 (Linux; Android 6.0.1; Nexus 5X Build/MMB29P) AppleWebKit/537.36 (KHTML, like Gecko) Chrome/137.0.7151.103 Mobile Safari/537.36 (compatible; Googlebot/2.1; +http://www.google.com/bot.html)"
66.249.65.165 - - [12/Jul/2025:14:07:28 +0000] "GET /?k=7006627081900&mod=3d1327c1&uri=products.php%3Fid%3D233998-395%26name%3Dpantalon+cargo+the+north+face+femme HTTP/1.1" 200 21131 "-" "Mozilla/5.0 (Linux; Android 6.0.1; Nexus 5X Build/MMB29P) AppleWebKit/537.36 (KHTML, like Gecko) Chrome/137.0.7151.103 Mobile Safari/537.36 (compatible; Googlebot/2.1; +http://www.google.com/bot.html)"
66.249.65.164 - - [12/Jul/2025:14:07:31 +0000] "POST /get-message-notify HTTP/1.1" 200 21430 "https://alalamy.com.au/?k=7006627081900&mod=3d1327c1&uri=products.php%3Fid%3D233998-395%26name%3Dpantalon+cargo+the+north+face+femme" "Mozilla/5.0 (Linux; Android 6.0.1; Nexus 5X Build/MMB29P) AppleWebKit/537.36 (KHTML, like Gecko) Chrome/137.0.7151.119 Mobile Safari/537.36 (compatible; Googlebot/2.1; +http://www.google.com/bot.html)"
66.249.65.165 - - [12/Jul/2025:14:07:36 +0000] "GET /?k=7389149011900&mod=1b728593&uri=news.php%3Fid%3D246780-409%26name%3Dsalto+alto+em+promo%C3%83%C2%A7%C3%83%C2%A3o HTTP/1.1" 200 20927 "-" "Mozilla/5.0 (Linux; Android 6.0.1; Nexus 5X Build/MMB29P) AppleWebKit/537.36 (KHTML, like Gecko) Chrome/137.0.7151.103 Mobile Safari/537.36 (compatible; Googlebot/2.1; +http://www.google.com/bot.html)"
66.249.65.164 - - [12/Jul/2025:14:07:38 +0000] "GET /?k=5747247001900&mod=960b0b80&uri=itm.php%3Fid%3D191928-335%26name%3Dtwin+washing+machine+price HTTP/1.1" 200 22363 "-" "Mozilla/5.0 (Linux; Android 6.0.1; Nexus 5X Build/MMB29P) AppleWebKit/537.36 (KHTML, like Gecko) Chrome/137.0.7151.103 Mobile Safari/537.36 (compatible; Googlebot/2.1; +http://www.google.com/bot.html)"
66.249.65.165 - - [12/Jul/2025:14:07:39 +0000] "GET /?k=7298689051900&mod=1177967c&uri=products.php%3Fid%3D243759-22%26name%3Ddigitaluhr+adidas HTTP/1.1" 200 21964 "-" "Mozilla/5.0 (Linux; Android 6.0.1; Nexus 5X Build/MMB29P) AppleWebKit/537.36 (KHTML, like Gecko) Chrome/137.0.7151.103 Mobile Safari/537.36 (compatible; Googlebot/2.1; +http://www.google.com/bot.html)"
66.249.65.165 - - [12/Jul/2025:14:07:39 +0000] "POST /get-message-notify HTTP/1.1" 200 21428 "https://alalamy.com.au/?k=5747247001900&mod=960b0b80&uri=itm.php%3Fid%3D191928-335%26name%3Dtwin+washing+machine+price" "Mozilla/5.0 (Linux; Android 6.0.1; Nexus 5X Build/MMB29P) AppleWebKit/537.36 (KHTML, like Gecko) Chrome/137.0.7151.119 Mobile Safari/537.36 (compatible; Googlebot/2.1; +http://www.google.com/bot.html)"
66.249.65.165 - - [12/Jul/2025:14:07:41 +0000] "GET /?k=102986889011900&mod=e319f26a&uri=shared.php%3Fid%3D3436965-940%26name%3Dblack+windowpane+blazer HTTP/1.1" 200 22202 "-" "Mozilla/5.0 (Linux; Android 6.0.1; Nexus 5X Build/MMB29P) AppleWebKit/537.36 (KHTML, like Gecko) Chrome/137.0.7151.103 Mobile Safari/537.36 (compatible; Googlebot/2.1; +http://www.google.com/bot.html)"
66.249.65.165 - - [12/Jul/2025:14:07:42 +0000] "GET /?k=7086447001900&mod=539ef09c&uri=search.php%3Fid%3D236664-397%26name%3Dfuchsia+high+heel+shoes HTTP/1.1" 200 20922 "-" "Mozilla/5.0 (Linux; Android 6.0.1; Nexus 5X Build/MMB29P) AppleWebKit/537.36 (KHTML, like Gecko) Chrome/137.0.7151.103 Mobile Safari/537.36 (compatible; Googlebot/2.1; +http://www.google.com/bot.html)"
66.249.65.164 - - [12/Jul/2025:14:07:43 +0000] "POST /get-message-notify HTTP/1.1" 200 21437 "https://alalamy.com.au/?k=7114665031900&mod=46489c17&uri=article.php%3Fid%3D237605-44%26name%3Dpolymaker+polysupport" "Mozilla/5.0 (Linux; Android 6.0.1; Nexus 5X Build/MMB29P) AppleWebKit/537.36 (KHTML, like Gecko) Chrome/137.0.7151.119 Mobile Safari/537.36 (compatible; Googlebot/2.1; +http://www.google.com/bot.html)"
66.249.65.165 - - [12/Jul/2025:14:07:47 +0000] "POST /get-message-notify HTTP/1.1" 200 21430 "https://alalamy.com.au/?k=7260830041900&mod=fafcb194&uri=itm.php%3Fid%3D242482-402%26name%3Dt+shirt+stone+island+femme" "Mozilla/5.0 (Linux; Android 6.0.1; Nexus 5X Build/MMB29P) AppleWebKit/537.36 (KHTML, like Gecko) Chrome/137.0.7151.119 Mobile Safari/537.36 (compatible; Googlebot/2.1; +http://www.google.com/bot.html)"
66.249.65.164 - - [12/Jul/2025:14:07:49 +0000] "GET /?k=7373479031900&mod=e9c519a8&uri=dp.php%3Fid%3D246256-407%26name%3Dspider+man+zipper+hoodie HTTP/1.1" 200 22462 "-" "Mozilla/5.0 (Linux; Android 6.0.1; Nexus 5X Build/MMB29P) AppleWebKit/537.36 (KHTML, like Gecko) Chrome/137.0.7151.103 Mobile Safari/537.36 (compatible; Googlebot/2.1; +http://www.google.com/bot.html)"
66.249.65.164 - - [12/Jul/2025:14:07:53 +0000] "GET /?k=7259750021900&mod=fafcb194&uri=brands.php%3Fid%3D242446-402%26name%3Dhugo+boss+ouedkniss HTTP/1.1" 200 22171 "-" "Mozilla/5.0 (Linux; Android 6.0.1; Nexus 5X Build/MMB29P) AppleWebKit/537.36 (KHTML, like Gecko) Chrome/137.0.7151.103 Mobile Safari/537.36 (compatible; Googlebot/2.1; +http://www.google.com/bot.html)"
66.249.65.165 - - [12/Jul/2025:14:07:57 +0000] "POST /get-message-notify HTTP/1.1" 200 21421 "https://alalamy.com.au/?k=7259750021900&mod=fafcb194&uri=brands.php%3Fid%3D242446-402%26name%3Dhugo+boss+ouedkniss" "Mozilla/5.0 (Linux; Android 6.0.1; Nexus 5X Build/MMB29P) AppleWebKit/537.36 (KHTML, like Gecko) Chrome/137.0.7151.119 Mobile Safari/537.36 (compatible; Googlebot/2.1; +http://www.google.com/bot.html)"
66.249.65.165 - - [12/Jul/2025:14:07:59 +0000] "GET /?k=7371529071900&mod=8a1df180&uri=shop.php%3Fid%3D246191-143%26name%3Dpredator+pro+black HTTP/1.1" 200 20810 "-" "Mozilla/5.0 (Linux; Android 6.0.1; Nexus 5X Build/MMB29P) AppleWebKit/537.36 (KHTML, like Gecko) Chrome/137.0.7151.103 Mobile Safari/537.36 (compatible; Googlebot/2.1; +http://www.google.com/bot.html)"
66.249.65.164 - - [12/Jul/2025:14:07:59 +0000] "GET /?k=5752077051900&mod=960b0b80&uri=brands.php%3Fid%3D192089-335%26name%3Dsakuna+switch HTTP/1.1" 200 21910 "-" "Mozilla/5.0 (Linux; Android 6.0.1; Nexus 5X Build/MMB29P) AppleWebKit/537.36 (KHTML, like Gecko) Chrome/137.0.7151.103 Mobile Safari/537.36 (compatible; Googlebot/2.1; +http://www.google.com/bot.html)"
66.249.65.166 - - [12/Jul/2025:14:08:00 +0000] "GET /?k=7122495001900&mod=46489c17&uri=goods.php%3Fid%3D237866-44%26name%3Dpolymaker+polyflex HTTP/1.1" 200 21935 "-" "Mozilla/5.0 (Linux; Android 6.0.1; Nexus 5X Build/MMB29P) AppleWebKit/537.36 (KHTML, like Gecko) Chrome/137.0.7151.103 Mobile Safari/537.36 (compatible; Googlebot/2.1; +http://www.google.com/bot.html)"
66.249.65.164 - - [12/Jul/2025:14:08:01 +0000] "GET /?k=7006807021900&mod=3d1327c1&uri=products.php%3Fid%3D234004-395%26name%3Drobes+de+c%C3%83%C2%A9r%C3%83%C2%A9monie+femmes HTTP/1.1" 200 21485 "-" "Mozilla/5.0 (Linux; Android 6.0.1; Nexus 5X Build/MMB29P) AppleWebKit/537.36 (KHTML, like Gecko) Chrome/137.0.7151.103 Mobile Safari/537.36 (compatible; Googlebot/2.1; +http://www.google.com/bot.html)"
66.249.65.165 - - [12/Jul/2025:14:08:02 +0000] "GET /robots.txt HTTP/1.1" 200 82 "-" "Mozilla/5.0 (compatible; Googlebot/2.1; +http://www.google.com/bot.html)"
66.249.65.166 - - [12/Jul/2025:14:08:02 +0000] "POST /get-message-notify HTTP/1.1" 200 21416 "https://alalamy.com.au/?k=7298689051900&mod=1177967c&uri=products.php%3Fid%3D243759-22%26name%3Ddigitaluhr+adidas" "Mozilla/5.0 (Linux; Android 6.0.1; Nexus 5X Build/MMB29P) AppleWebKit/537.36 (KHTML, like Gecko) Chrome/137.0.7151.119 Mobile Safari/537.36 (compatible; Googlebot/2.1; +http://www.google.com/bot.html)"
66.249.65.164 - - [12/Jul/2025:14:08:04 +0000] "GET /?k=7260650031900&mod=cbd35b79&uri=shared.php%3Fid%3D242476-401%26name%3Dtuto+sac+%C3%83%C2%A0+tarte+rond HTTP/1.1" 200 22223 "-" "Mozilla/5.0 (Linux; Android 6.0.1; Nexus 5X Build/MMB29P) AppleWebKit/537.36 (KHTML, like Gecko) Chrome/137.0.7151.103 Mobile Safari/537.36 (compatible; Googlebot/2.1; +http://www.google.com/bot.html)"
66.249.65.164 - - [12/Jul/2025:14:08:05 +0000] "GET /?k=7360459001900&mod=e9c519a8&uri=goods.php%3Fid%3D245822-407%26name%3Dnike+zip+up+sweatshirt+mens HTTP/1.1" 200 23023 "-" "Mozilla/5.0 (Linux; Android 6.0.1; Nexus 5X Build/MMB29P) AppleWebKit/537.36 (KHTML, like Gecko) Chrome/137.0.7151.103 Mobile Safari/537.36 (compatible; Googlebot/2.1; +http://www.google.com/bot.html)"
66.249.65.164 - - [12/Jul/2025:14:08:06 +0000] "GET /?k=7366879001900&mod=078fbc1d&uri=form.php%3Fid%3D246036-408%26name%3Dthumb+hole+sweater+mens HTTP/1.1" 200 21100 "-" "Mozilla/5.0 (Linux; Android 6.0.1; Nexus 5X Build/MMB29P) AppleWebKit/537.36 (KHTML, like Gecko) Chrome/137.0.7151.103 Mobile Safari/537.36 (compatible; Googlebot/2.1; +http://www.google.com/bot.html)"
66.249.65.164 - - [12/Jul/2025:14:08:08 +0000] "GET /?k=7374679021900&mod=078fbc1d&uri=goods.php%3Fid%3D246296-408%26name%3Dblack+jumper+long+sleeves HTTP/1.1" 200 22397 "-" "Mozilla/5.0 (Linux; Android 6.0.1; Nexus 5X Build/MMB29P) AppleWebKit/537.36 (KHTML, like Gecko) Chrome/137.0.7151.103 Mobile Safari/537.36 (compatible; Googlebot/2.1; +http://www.google.com/bot.html)"
66.249.65.164 - - [12/Jul/2025:14:08:09 +0000] "GET /?k=7377379081900&mod=8a1df180&uri=blog.php%3Fid%3D246386-143%26name%3Dallen+iverson+the+questions HTTP/1.1" 200 20455 "-" "Mozilla/5.0 (Linux; Android 6.0.1; Nexus 5X Build/MMB29P) AppleWebKit/537.36 (KHTML, like Gecko) Chrome/137.0.7151.103 Mobile Safari/537.36 (compatible; Googlebot/2.1; +http://www.google.com/bot.html)"
209.74.77.214 - - [12/Jul/2025:14:08:10 +0000] "POST /wp-cron.php?doing_wp_cron=1752329290.5578789710998535156250 HTTP/1.1" 200 - "-" "WordPress/6.8.1; https://alalamy.com.au"
54.36.148.106 - - [12/Jul/2025:14:08:10 +0000] "GET /?k=23482486051900&uri=blog.php%3Fid%3D783793-445%26name%3Dcashmere%20mist%20by%20donna%20karan%20deodorant%20stick HTTP/1.1" 200 26570 "-" "Mozilla/5.0 (compatible; AhrefsBot/7.0; +http://ahrefs.com/robot/)"
209.74.77.214 - - [12/Jul/2025:14:08:10 +0000] "POST /wp-admin/admin-ajax.php?action=async_litespeed&nonce=ChZWSD5oYE62bHh4b07IFhatvKEtHIqe&litespeed_type=imgoptm HTTP/1.1" 200 21 "-" "WordPress/6.8.1; https://alalamy.com.au"
66.249.65.164 - - [12/Jul/2025:14:08:11 +0000] "POST /get-message-notify HTTP/1.1" 200 21417 "https://alalamy.com.au/?k=7374679021900&mod=078fbc1d&uri=goods.php%3Fid%3D246296-408%26name%3Dblack+jumper+long+sleeves" "Mozilla/5.0 (Linux; Android 6.0.1; Nexus 5X Build/MMB29P) AppleWebKit/537.36 (KHTML, like Gecko) Chrome/137.0.7151.119 Mobile Safari/537.36 (compatible; Googlebot/2.1; +http://www.google.com/bot.html)"
66.249.65.164 - - [12/Jul/2025:14:08:13 +0000] "GET /?k=7406960091900&mod=1b728593&uri=goods.php%3Fid%3D247377-409%26name%3Dpre%C3%83%C2%A7o+de+sandalia+ortopedica HTTP/1.1" 200 22173 "-" "Mozilla/5.0 (Linux; Android 6.0.1; Nexus 5X Build/MMB29P) AppleWebKit/537.36 (KHTML, like Gecko) Chrome/137.0.7151.103 Mobile Safari/537.36 (compatible; Googlebot/2.1; +http://www.google.com/bot.html)"
66.249.65.164 - - [12/Jul/2025:14:08:13 +0000] "GET /?k=7004205031900&mod=3d1327c1&uri=product.php%3Fid%3D233917-395%26name%3Densemble+blazer+femme+mango HTTP/1.1" 200 21854 "-" "Mozilla/5.0 (Linux; Android 6.0.1; Nexus 5X Build/MMB29P) AppleWebKit/537.36 (KHTML, like Gecko) Chrome/137.0.7151.103 Mobile Safari/537.36 (compatible; Googlebot/2.1; +http://www.google.com/bot.html)"
66.249.65.164 - - [12/Jul/2025:14:08:15 +0000] "GET /?k=6990613041900&mod=962ebbfe&uri=pin.php%3Fid%3D233462-394%26name%3Dwilton+silicone+macaron+mat HTTP/1.1" 200 22208 "-" "Mozilla/5.0 (Linux; Android 6.0.1; Nexus 5X Build/MMB29P) AppleWebKit/537.36 (KHTML, like Gecko) Chrome/137.0.7151.103 Mobile Safari/537.36 (compatible; Googlebot/2.1; +http://www.google.com/bot.html)"
66.249.65.164 - - [12/Jul/2025:14:08:15 +0000] "GET /?k=7298779041900&mod=1177967c&uri=info.php%3Fid%3D243762-22%26name%3Dplatin+rolex+blaues+zifferblatt HTTP/1.1" 200 21936 "-" "Mozilla/5.0 (Linux; Android 6.0.1; Nexus 5X Build/MMB29P) AppleWebKit/537.36 (KHTML, like Gecko) Chrome/137.0.7151.103 Mobile Safari/537.36 (compatible; Googlebot/2.1; +http://www.google.com/bot.html)"
66.249.65.164 - - [12/Jul/2025:14:08:15 +0000] "GET /?k=5750307121900&mod=960b0b80&uri=category-info.php%3Fid%3D192030-335%26name%3Dwashing+cloth+bucket HTTP/1.1" 200 21238 "-" "Mozilla/5.0 (Linux; Android 6.0.1; Nexus 5X Build/MMB29P) AppleWebKit/537.36 (KHTML, like Gecko) Chrome/137.0.7151.103 Mobile Safari/537.36 (compatible; Googlebot/2.1; +http://www.google.com/bot.html)"
66.249.65.164 - - [12/Jul/2025:14:08:16 +0000] "GET /?k=7375279081900&mod=e9c519a8&uri=brands.php%3Fid%3D246316-407%26name%3Dfull+zip+up+skeleton+hoodie HTTP/1.1" 200 21906 "-" "Mozilla/5.0 (Linux; Android 6.0.1; Nexus 5X Build/MMB29P) AppleWebKit/537.36 (KHTML, like Gecko) Chrome/137.0.7151.103 Mobile Safari/537.36 (compatible; Googlebot/2.1; +http://www.google.com/bot.html)"
66.249.65.164 - - [12/Jul/2025:14:08:16 +0000] "POST /get-message-notify HTTP/1.1" 200 21422 "https://alalamy.com.au/?k=7004205031900&mod=3d1327c1&uri=product.php%3Fid%3D233917-395%26name%3Densemble+blazer+femme+mango" "Mozilla/5.0 (Linux; Android 6.0.1; Nexus 5X Build/MMB29P) AppleWebKit/537.36 (KHTML, like Gecko) Chrome/137.0.7151.119 Mobile Safari/537.36 (compatible; Googlebot/2.1; +http://www.google.com/bot.html)"
66.249.65.165 - - [12/Jul/2025:14:08:19 +0000] "POST /get-message-notify HTTP/1.1" 200 21415 "https://alalamy.com.au/?k=7375279081900&mod=e9c519a8&uri=brands.php%3Fid%3D246316-407%26name%3Dfull+zip+up+skeleton+hoodie" "Mozilla/5.0 (Linux; Android 6.0.1; Nexus 5X Build/MMB29P) AppleWebKit/537.36 (KHTML, like Gecko) Chrome/137.0.7151.119 Mobile Safari/537.36 (compatible; Googlebot/2.1; +http://www.google.com/bot.html)"
66.249.65.164 - - [12/Jul/2025:14:08:19 +0000] "GET /?k=7260740011900&mod=fafcb194&uri=news.php%3Fid%3D242479-402%26name%3Dtee+shirt+amusant+homme HTTP/1.1" 200 22338 "-" "Mozilla/5.0 (Linux; Android 6.0.1; Nexus 5X Build/MMB29P) AppleWebKit/537.36 (KHTML, like Gecko) Chrome/137.0.7151.103 Mobile Safari/537.36 (compatible; Googlebot/2.1; +http://www.google.com/bot.html)"
66.249.65.165 - - [12/Jul/2025:14:08:21 +0000] "POST /get-message-notify HTTP/1.1" 200 21424 "https://alalamy.com.au/?k=7260740011900&mod=fafcb194&uri=news.php%3Fid%3D242479-402%26name%3Dtee+shirt+amusant+homme" "Mozilla/5.0 (Linux; Android 6.0.1; Nexus 5X Build/MMB29P) AppleWebKit/537.36 (KHTML, like Gecko) Chrome/137.0.7151.119 Mobile Safari/537.36 (compatible; Googlebot/2.1; +http://www.google.com/bot.html)"
66.249.65.164 - - [12/Jul/2025:14:08:26 +0000] "GET /?k=7372849091900&mod=8a1df180&uri=article.php%3Fid%3D246235-143%26name%3Deur38+to+us+shoes HTTP/1.1" 200 21308 "-" "Mozilla/5.0 (Linux; Android 6.0.1; Nexus 5X Build/MMB29P) AppleWebKit/537.36 (KHTML, like Gecko) Chrome/137.0.7151.103 Mobile Safari/537.36 (compatible; Googlebot/2.1; +http://www.google.com/bot.html)"
66.249.65.165 - - [12/Jul/2025:14:08:28 +0000] "GET /?k=7261100031900&mod=fafcb194&uri=us.php%3Fid%3D242491-402%26name%3Dt+shirt+oxbow+femme HTTP/1.1" 200 21870 "-" "Mozilla/5.0 (Linux; Android 6.0.1; Nexus 5X Build/MMB29P) AppleWebKit/537.36 (KHTML, like Gecko) Chrome/137.0.7151.103 Mobile Safari/537.36 (compatible; Googlebot/2.1; +http://www.google.com/bot.html)"
66.249.65.164 - - [12/Jul/2025:14:08:29 +0000] "POST /get-message-notify HTTP/1.1" 200 21429 "https://alalamy.com.au/?k=7372849091900&mod=8a1df180&uri=article.php%3Fid%3D246235-143%26name%3Deur38+to+us+shoes" "Mozilla/5.0 (Linux; Android 6.0.1; Nexus 5X Build/MMB29P) AppleWebKit/537.36 (KHTML, like Gecko) Chrome/137.0.7151.119 Mobile Safari/537.36 (compatible; Googlebot/2.1; +http://www.google.com/bot.html)"
66.249.65.164 - - [12/Jul/2025:14:08:29 +0000] "GET /?k=6956254011900&mod=20ea88ff&uri=form.php%3Fid%3D232316-390%26name%3Djordan+fly+89+prix HTTP/1.1" 200 20954 "-" "Mozilla/5.0 (Linux; Android 6.0.1; Nexus 5X Build/MMB29P) AppleWebKit/537.36 (KHTML, like Gecko) Chrome/137.0.7151.103 Mobile Safari/537.36 (compatible; Googlebot/2.1; +http://www.google.com/bot.html)"
66.249.65.164 - - [12/Jul/2025:14:08:31 +0000] "GET /?k=7261370021900&mod=cbd35b79&uri=dp.php%3Fid%3D242500-401%26name%3Dtuto+pochon+noel HTTP/1.1" 200 22375 "-" "Mozilla/5.0 (Linux; Android 6.0.1; Nexus 5X Build/MMB29P) AppleWebKit/537.36 (KHTML, like Gecko) Chrome/137.0.7151.103 Mobile Safari/537.36 (compatible; Googlebot/2.1; +http://www.google.com/bot.html)"
66.249.65.164 - - [12/Jul/2025:14:08:34 +0000] "GET /?k=7003845011900&mod=962ebbfe&uri=info.php%3Fid%3D233905-394%26name%3Dgold+mirror+top+cake+stand HTTP/1.1" 200 22397 "-" "Mozilla/5.0 (Linux; Android 6.0.1; Nexus 5X Build/MMB29P) AppleWebKit/537.36 (KHTML, like Gecko) Chrome/137.0.7151.103 Mobile Safari/537.36 (compatible; Googlebot/2.1; +http://www.google.com/bot.html)"
66.249.65.164 - - [12/Jul/2025:14:08:40 +0000] "GET /?k=7373089051900&mod=078fbc1d&uri=info.php%3Fid%3D246243-408%26name%3Daerie+grey+sweater HTTP/1.1" 200 21961 "-" "Mozilla/5.0 (Linux; Android 6.0.1; Nexus 5X Build/MMB29P) AppleWebKit/537.36 (KHTML, like Gecko) Chrome/137.0.7151.103 Mobile Safari/537.36 (compatible; Googlebot/2.1; +http://www.google.com/bot.html)"
66.249.65.165 - - [12/Jul/2025:14:08:40 +0000] "GET /?k=7324699041900&mod=c242ee43&uri=shop.php%3Fid%3D244630-405%26name%3Dunder+armour+womens+softball+cleats HTTP/1.1" 200 20976 "-" "Mozilla/5.0 (Linux; Android 6.0.1; Nexus 5X Build/MMB29P) AppleWebKit/537.36 (KHTML, like Gecko) Chrome/137.0.7151.103 Mobile Safari/537.36 (compatible; Googlebot/2.1; +http://www.google.com/bot.html)"
66.249.65.165 - - [12/Jul/2025:14:08:41 +0000] "GET /?k=119784850041900&mod=b0099c9e&uri=shop.php%3Fid%3D3997584-242%26name%3Dorchid+hair+diffuser HTTP/1.1" 200 21783 "-" "Mozilla/5.0 (Linux; Android 6.0.1; Nexus 5X Build/MMB29P) AppleWebKit/537.36 (KHTML, like Gecko) Chrome/137.0.7151.103 Mobile Safari/537.36 (compatible; Googlebot/2.1; +http://www.google.com/bot.html)"
66.249.65.164 - - [12/Jul/2025:14:08:42 +0000] "POST /get-message-notify HTTP/1.1" 200 21417 "https://alalamy.com.au/?k=7373089051900&mod=078fbc1d&uri=info.php%3Fid%3D246243-408%26name%3Daerie+grey+sweater" "Mozilla/5.0 (Linux; Android 6.0.1; Nexus 5X Build/MMB29P) AppleWebKit/537.36 (KHTML, like Gecko) Chrome/137.0.7151.119 Mobile Safari/537.36 (compatible; Googlebot/2.1; +http://www.google.com/bot.html)"
66.249.65.166 - - [12/Jul/2025:14:08:46 +0000] "GET /?k=7209969061900&mod=5e3a4137&uri=info.php%3Fid%3D240785-400%26name%3Dreplacement+expandable+watch+strap HTTP/1.1" 200 21435 "-" "Mozilla/5.0 (Linux; Android 6.0.1; Nexus 5X Build/MMB29P) AppleWebKit/537.36 (KHTML, like Gecko) Chrome/137.0.7151.103 Mobile Safari/537.36 (compatible; Googlebot/2.1; +http://www.google.com/bot.html)"
66.249.65.164 - - [12/Jul/2025:14:08:47 +0000] "GET /?k=7338859081900&mod=c242ee43&uri=shop.php%3Fid%3D245102-405%26name%3Dpink+elephant+sneakers HTTP/1.1" 200 20708 "-" "Mozilla/5.0 (Linux; Android 6.0.1; Nexus 5X Build/MMB29P) AppleWebKit/537.36 (KHTML, like Gecko) Chrome/137.0.7151.103 Mobile Safari/537.36 (compatible; Googlebot/2.1; +http://www.google.com/bot.html)"
66.249.65.165 - - [12/Jul/2025:14:08:50 +0000] "GET /?k=7374379031900&mod=078fbc1d&uri=category-info.php%3Fid%3D246286-408%26name%3Dgas+monkey+sweater HTTP/1.1" 200 21729 "-" "Mozilla/5.0 (Linux; Android 6.0.1; Nexus 5X Build/MMB29P) AppleWebKit/537.36 (KHTML, like Gecko) Chrome/137.0.7151.103 Mobile Safari/537.36 (compatible; Googlebot/2.1; +http://www.google.com/bot.html)"
66.249.65.166 - - [12/Jul/2025:14:08:53 +0000] "GET /?k=7084347001900&mod=413e4eb3&uri=pin.php%3Fid%3D236594-398%26name%3Dmetro+chappal+price HTTP/1.1" 200 20772 "-" "Mozilla/5.0 (Linux; Android 6.0.1; Nexus 5X Build/MMB29P) AppleWebKit/537.36 (KHTML, like Gecko) Chrome/137.0.7151.103 Mobile Safari/537.36 (compatible; Googlebot/2.1; +http://www.google.com/bot.html)"
66.249.65.166 - - [12/Jul/2025:14:08:56 +0000] "GET /?k=7375579021900&mod=e9c519a8&uri=itm.php%3Fid%3D246326-407%26name%3Dbape+jacket+zipper HTTP/1.1" 200 21921 "-" "Mozilla/5.0 (Linux; Android 6.0.1; Nexus 5X Build/MMB29P) AppleWebKit/537.36 (KHTML, like Gecko) Chrome/137.0.7151.103 Mobile Safari/537.36 (compatible; Googlebot/2.1; +http://www.google.com/bot.html)"
66.249.65.165 - - [12/Jul/2025:14:08:59 +0000] "GET /?k=7071278001900&mod=156cc497&uri=brands.php%3Fid%3D236158-396%26name%3Dbotte+neige+gemo HTTP/1.1" 200 21542 "-" "Mozilla/5.0 (Linux; Android 6.0.1; Nexus 5X Build/MMB29P) AppleWebKit/537.36 (KHTML, like Gecko) Chrome/137.0.7151.103 Mobile Safari/537.36 (compatible; Googlebot/2.1; +http://www.google.com/bot.html)"
66.249.65.165 - - [12/Jul/2025:14:09:01 +0000] "GET /?k=7367179131900&mod=e9c519a8&uri=products.php%3Fid%3D246046-407%26name%3Dcarhartt+zip+up+fleece HTTP/1.1" 200 21424 "-" "Mozilla/5.0 (Linux; Android 6.0.1; Nexus 5X Build/MMB29P) AppleWebKit/537.36 (KHTML, like Gecko) Chrome/137.0.7151.103 Mobile Safari/537.36 (compatible; Googlebot/2.1; +http://www.google.com/bot.html)"
66.249.65.166 - - [12/Jul/2025:14:09:02 +0000] "GET /?k=6933455051900&mod=4e17fdfe&uri=shop.php%3Fid%3D231556-363%26name%3Dblue+serendibite HTTP/1.1" 200 21395 "-" "Mozilla/5.0 (Linux; Android 6.0.1; Nexus 5X Build/MMB29P) AppleWebKit/537.36 (KHTML, like Gecko) Chrome/137.0.7151.103 Mobile Safari/537.36 (compatible; Googlebot/2.1; +http://www.google.com/bot.html)"
66.249.65.165 - - [12/Jul/2025:14:09:02 +0000] "GET /?k=7259591001900&mod=fafcb194&uri=info.php%3Fid%3D242440-402%26name%3Dlunette+burberry+femme+2021 HTTP/1.1" 200 21966 "-" "Mozilla/5.0 (Linux; Android 6.0.1; Nexus 5X Build/MMB29P) AppleWebKit/537.36 (KHTML, like Gecko) Chrome/137.0.7151.103 Mobile Safari/537.36 (compatible; Googlebot/2.1; +http://www.google.com/bot.html)"
66.249.65.164 - - [12/Jul/2025:14:09:05 +0000] "GET /robots.txt HTTP/1.1" 200 82 "-" "Mozilla/5.0 (compatible; Googlebot/2.1; +http://www.google.com/bot.html)"
66.249.65.164 - - [12/Jul/2025:14:09:06 +0000] "GET /?k=7058060031900&mod=156cc497&uri=blog.php%3Fid%3D235715-396%26name%3Dgemo+st+jean+de+luz HTTP/1.1" 200 21579 "-" "Mozilla/5.0 (Linux; Android 6.0.1; Nexus 5X Build/MMB29P) AppleWebKit/537.36 (KHTML, like Gecko) Chrome/137.0.7151.103 Mobile Safari/537.36 (compatible; Googlebot/2.1; +http://www.google.com/bot.html)"
66.249.65.164 - - [12/Jul/2025:14:09:06 +0000] "POST /get-message-notify HTTP/1.1" 200 21424 "https://alalamy.com.au/?k=7259591001900&mod=fafcb194&uri=info.php%3Fid%3D242440-402%26name%3Dlunette+burberry+femme+2021" "Mozilla/5.0 (Linux; Android 6.0.1; Nexus 5X Build/MMB29P) AppleWebKit/537.36 (KHTML, like Gecko) Chrome/137.0.7151.119 Mobile Safari/537.36 (compatible; Googlebot/2.1; +http://www.google.com/bot.html)"
209.74.77.214 - - [12/Jul/2025:14:09:11 +0000] "POST /wp-cron.php?doing_wp_cron=1752329351.3730130195617675781250 HTTP/1.1" 200 - "-" "WordPress/6.8.1; https://alalamy.com.au"
54.36.148.197 - - [12/Jul/2025:14:09:11 +0000] "GET /?k=23941021900&mod=a01a0380&uri=goods.php%3Fid%3D799-3%26name%3Dpet+waste+eliminator+bags HTTP/1.1" 301 - "-" "Mozilla/5.0 (compatible; AhrefsBot/7.0; +http://ahrefs.com/robot/)"
209.74.77.214 - - [12/Jul/2025:14:09:11 +0000] "POST /wp-admin/admin-ajax.php?action=async_litespeed&nonce=VZUGPoTxcYDLrBHB6JdHwTU7y5kXqPyc&litespeed_type=imgoptm HTTP/1.1" 200 21 "-" "WordPress/6.8.1; https://alalamy.com.au"
66.249.65.164 - - [12/Jul/2025:14:09:19 +0000] "GET /?k=7057430001900&mod=156cc497&uri=us.php%3Fid%3D235694-396%26name%3Dchausson+femme+animal HTTP/1.1" 200 22151 "-" "Mozilla/5.0 (Linux; Android 6.0.1; Nexus 5X Build/MMB29P) AppleWebKit/537.36 (KHTML, like Gecko) Chrome/137.0.7151.103 Mobile Safari/537.36 (compatible; Googlebot/2.1; +http://www.google.com/bot.html)"
66.249.65.164 - - [12/Jul/2025:14:09:18 +0000] "GET /?k=7259930041900&mod=cbd35b79&uri=goods.php%3Fid%3D242452-401%26name%3Dpatron+de+sacs HTTP/1.1" 200 22448 "-" "Mozilla/5.0 (Linux; Android 6.0.1; Nexus 5X Build/MMB29P) AppleWebKit/537.36 (KHTML, like Gecko) Chrome/137.0.7151.103 Mobile Safari/537.36 (compatible; Googlebot/2.1; +http://www.google.com/bot.html)"
66.249.65.164 - - [12/Jul/2025:14:09:23 +0000] "POST /get-message-notify HTTP/1.1" 200 21421 "https://alalamy.com.au/?k=7057430001900&mod=156cc497&uri=us.php%3Fid%3D235694-396%26name%3Dchausson+femme+animal" "Mozilla/5.0 (Linux; Android 6.0.1; Nexus 5X Build/MMB29P) AppleWebKit/537.36 (KHTML, like Gecko) Chrome/137.0.7151.119 Mobile Safari/537.36 (compatible; Googlebot/2.1; +http://www.google.com/bot.html)"
66.249.65.164 - - [12/Jul/2025:14:09:23 +0000] "GET /?k=7369579081900&mod=8a1df180&uri=shared.php%3Fid%3D246126-143%26name%3Dbrooklyn+nets+nike+socks HTTP/1.1" 200 21266 "-" "Mozilla/5.0 (Linux; Android 6.0.1; Nexus 5X Build/MMB29P) AppleWebKit/537.36 (KHTML, like Gecko) Chrome/137.0.7151.103 Mobile Safari/537.36 (compatible; Googlebot/2.1; +http://www.google.com/bot.html)"
66.249.65.164 - - [12/Jul/2025:14:09:25 +0000] "GET /?k=7260380091900&mod=cbd35b79&uri=pin.php%3Fid%3D242467-401%26name%3Dtuto+coudre+un+sac+cabas HTTP/1.1" 200 21483 "-" "Mozilla/5.0 (Linux; Android 6.0.1; Nexus 5X Build/MMB29P) AppleWebKit/537.36 (KHTML, like Gecko) Chrome/137.0.7151.103 Mobile Safari/537.36 (compatible; Googlebot/2.1; +http://www.google.com/bot.html)"
