66.249.65.164 - - [12/Jul/2025:15:10:06 +0000] "GET /?k=7072744021900&mod=156cc497&uri=brands.php%3Fid%3D236207-396%26name%3Dpuma+baskets+future+rider+hologram+femme HTTP/1.1" 200 21597 "-" "Mozilla/5.0 (Linux; Android 6.0.1; Nexus 5X Build/MMB29P) AppleWebKit/537.36 (KHTML, like Gecko) Chrome/137.0.7151.103 Mobile Safari/537.36 (compatible; Googlebot/2.1; +http://www.google.com/bot.html)"
66.249.65.164 - - [12/Jul/2025:15:10:07 +0000] "POST /get-message-notify HTTP/1.1" 200 21418 "https://alalamy.com.au/?k=7183995021900&mod=4d383d5c&uri=product.php%3Fid%3D239919-234%26name%3Dadler+m%C3%83%C2%A4ntel+und+jacken" "Mozilla/5.0 (Linux; Android 6.0.1; Nexus 5X Build/MMB29P) AppleWebKit/537.36 (KHTML, like Gecko) Chrome/137.0.7151.119 Mobile Safari/537.36 (compatible; Googlebot/2.1; +http://www.google.com/bot.html)"
66.249.65.165 - - [12/Jul/2025:15:10:11 +0000] "GET /?k=7031140041900&mod=156cc497&uri=product.php%3Fid%3D234817-396%26name%3Dsemelle+hallux+valgus HTTP/1.1" 200 21577 "-" "Mozilla/5.0 (Linux; Android 6.0.1; Nexus 5X Build/MMB29P) AppleWebKit/537.36 (KHTML, like Gecko) Chrome/137.0.7151.103 Mobile Safari/537.36 (compatible; Googlebot/2.1; +http://www.google.com/bot.html)"
66.249.65.164 - - [12/Jul/2025:15:10:18 +0000] "GET /?k=7029711011900&mod=156cc497&uri=product.php%3Fid%3D234769-396%26name%3Dnike+jordan+taille+34 HTTP/1.1" 200 20386 "-" "Mozilla/5.0 (Linux; Android 6.0.1; Nexus 5X Build/MMB29P) AppleWebKit/537.36 (KHTML, like Gecko) Chrome/137.0.7151.103 Mobile Safari/537.36 (compatible; Googlebot/2.1; +http://www.google.com/bot.html)"
66.249.65.164 - - [12/Jul/2025:15:10:21 +0000] "GET /?k=7065588021900&mod=156cc497&uri=news.php%3Fid%3D235967-396%26name%3Dnike+baskets+air+vapormax+flyknit+homme HTTP/1.1" 200 21604 "-" "Mozilla/5.0 (Linux; Android 6.0.1; Nexus 5X Build/MMB29P) AppleWebKit/537.36 (KHTML, like Gecko) Chrome/137.0.7151.103 Mobile Safari/537.36 (compatible; Googlebot/2.1; +http://www.google.com/bot.html)"
66.249.65.164 - - [12/Jul/2025:15:10:21 +0000] "GET /?k=42124661001900&mod=4fb04ef6&uri=form.php%3Fid%3D1405878-1173%26name%3Dfleece+laptop+sleeve HTTP/1.1" 200 21063 "-" "Mozilla/5.0 (Linux; Android 6.0.1; Nexus 5X Build/MMB29P) AppleWebKit/537.36 (KHTML, like Gecko) Chrome/137.0.7151.103 Mobile Safari/537.36 (compatible; Googlebot/2.1; +http://www.google.com/bot.html)"
66.249.65.164 - - [12/Jul/2025:15:10:24 +0000] "POST /get-message-notify HTTP/1.1" 200 21426 "https://alalamy.com.au/?k=7197729051900&mod=df7c6cbf&uri=goods.php%3Fid%3D240377-399%26name%3Dsamsung+galaxy+watch+lte+model+2018" "Mozilla/5.0 (Linux; Android 6.0.1; Nexus 5X Build/MMB29P) AppleWebKit/537.36 (KHTML, like Gecko) Chrome/137.0.7151.119 Mobile Safari/537.36 (compatible; Googlebot/2.1; +http://www.google.com/bot.html)"
66.249.65.164 - - [12/Jul/2025:15:10:26 +0000] "GET /?k=7061532011900&mod=156cc497&uri=shared.php%3Fid%3D235831-396%26name%3Dtreino+stella+mccartney HTTP/1.1" 200 22146 "-" "Mozilla/5.0 (Linux; Android 6.0.1; Nexus 5X Build/MMB29P) AppleWebKit/537.36 (KHTML, like Gecko) Chrome/137.0.7151.103 Mobile Safari/537.36 (compatible; Googlebot/2.1; +http://www.google.com/bot.html)"
66.249.65.164 - - [12/Jul/2025:15:10:30 +0000] "GET /?k=6804477041900&mod=cb45a111&uri=product.php%3Fid%3D227252-381%26name%3Dsandali+bianchi+bassi+yoox HTTP/1.1" 200 21585 "-" "Mozilla/5.0 (Linux; Android 6.0.1; Nexus 5X Build/MMB29P) AppleWebKit/537.36 (KHTML, like Gecko) Chrome/137.0.7151.103 Mobile Safari/537.36 (compatible; Googlebot/2.1; +http://www.google.com/bot.html)"
66.249.65.164 - - [12/Jul/2025:15:10:34 +0000] "GET /?k=7276605031900&mod=861288f2&uri=info.php%3Fid%3D243015-403%26name%3Dsommerschuhe+mit+bastsohle HTTP/1.1" 200 22157 "-" "Mozilla/5.0 (Linux; Android 6.0.1; Nexus 5X Build/MMB29P) AppleWebKit/537.36 (KHTML, like Gecko) Chrome/137.0.7151.103 Mobile Safari/537.36 (compatible; Googlebot/2.1; +http://www.google.com/bot.html)"
66.249.65.164 - - [12/Jul/2025:15:10:35 +0000] "GET /?k=7262510081900&mod=fafcb194&uri=search.php%3Fid%3D242538-402%26name%3Dbracelet+femme+dior HTTP/1.1" 200 21874 "-" "Mozilla/5.0 (Linux; Android 6.0.1; Nexus 5X Build/MMB29P) AppleWebKit/537.36 (KHTML, like Gecko) Chrome/137.0.7151.103 Mobile Safari/537.36 (compatible; Googlebot/2.1; +http://www.google.com/bot.html)"
66.249.65.164 - - [12/Jul/2025:15:10:36 +0000] "POST /get-message-notify HTTP/1.1" 200 21428 "https://alalamy.com.au/?k=7031140041900&mod=156cc497&uri=product.php%3Fid%3D234817-396%26name%3Dsemelle+hallux+valgus" "Mozilla/5.0 (Linux; Android 6.0.1; Nexus 5X Build/MMB29P) AppleWebKit/537.36 (KHTML, like Gecko) Chrome/137.0.7151.119 Mobile Safari/537.36 (compatible; Googlebot/2.1; +http://www.google.com/bot.html)"
66.249.65.164 - - [12/Jul/2025:15:10:37 +0000] "POST /get-message-notify HTTP/1.1" 200 21424 "https://alalamy.com.au/?k=7276605031900&mod=861288f2&uri=info.php%3Fid%3D243015-403%26name%3Dsommerschuhe+mit+bastsohle" "Mozilla/5.0 (Linux; Android 6.0.1; Nexus 5X Build/MMB29P) AppleWebKit/537.36 (KHTML, like Gecko) Chrome/137.0.7151.119 Mobile Safari/537.36 (compatible; Googlebot/2.1; +http://www.google.com/bot.html)"
209.74.77.214 - - [12/Jul/2025:15:10:39 +0000] "POST /wp-cron.php?doing_wp_cron=1752333039.1431250572204589843750 HTTP/1.1" 200 - "-" "WordPress/6.8.1; https://alalamy.com.au"
54.36.148.156 - - [12/Jul/2025:15:10:38 +0000] "GET /?k=4296923011900&mod=507779fb&uri=pin.php%3Fid%3D143416-256%26name%3Descape+proof+dog+cage HTTP/1.1" 301 - "-" "Mozilla/5.0 (compatible; AhrefsBot/7.0; +http://ahrefs.com/robot/)"
209.74.77.214 - - [12/Jul/2025:15:10:39 +0000] "POST /wp-admin/admin-ajax.php?action=async_litespeed&nonce=OMwaZtK3lDmGS4mCMUKwWkLv073gB4FZ&litespeed_type=imgoptm HTTP/1.1" 200 21 "-" "WordPress/6.8.1; https://alalamy.com.au"
66.249.65.165 - - [12/Jul/2025:15:10:40 +0000] "GET /?k=26435982041900&mod=962ebbfe&uri=products.php%3Fid%3D882314-394%26name%3Dtandem+gas+stove+burner HTTP/1.1" 200 22397 "-" "Mozilla/5.0 (Linux; Android 6.0.1; Nexus 5X Build/MMB29P) AppleWebKit/537.36 (KHTML, like Gecko) Chrome/137.0.7151.103 Mobile Safari/537.36 (compatible; Googlebot/2.1; +http://www.google.com/bot.html)"
66.249.65.164 - - [12/Jul/2025:15:10:44 +0000] "POST /get-message-notify HTTP/1.1" 200 21436 "https://alalamy.com.au/?k=26435982041900&mod=962ebbfe&uri=products.php%3Fid%3D882314-394%26name%3Dtandem+gas+stove+burner" "Mozilla/5.0 (Linux; Android 6.0.1; Nexus 5X Build/MMB29P) AppleWebKit/537.36 (KHTML, like Gecko) Chrome/137.0.7151.119 Mobile Safari/537.36 (compatible; Googlebot/2.1; +http://www.google.com/bot.html)"
66.249.65.165 - - [12/Jul/2025:15:10:45 +0000] "GET /?k=7088727021900&mod=539ef09c&uri=product.php%3Fid%3D236740-397%26name%3Dgucci+slippers+with+bee HTTP/1.1" 200 22011 "-" "Mozilla/5.0 (Linux; Android 6.0.1; Nexus 5X Build/MMB29P) AppleWebKit/537.36 (KHTML, like Gecko) Chrome/137.0.7151.103 Mobile Safari/537.36 (compatible; Googlebot/2.1; +http://www.google.com/bot.html)"
66.249.65.164 - - [12/Jul/2025:15:10:51 +0000] "GET /?k=7305789091900&mod=1177967c&uri=pin.php%3Fid%3D243997-22%26name%3Ddaniel+wellington+set+damen HTTP/1.1" 200 21738 "-" "Mozilla/5.0 (Linux; Android 6.0.1; Nexus 5X Build/MMB29P) AppleWebKit/537.36 (KHTML, like Gecko) Chrome/137.0.7151.103 Mobile Safari/537.36 (compatible; Googlebot/2.1; +http://www.google.com/bot.html)"
66.249.65.165 - - [12/Jul/2025:15:10:51 +0000] "GET /?k=6874524011900&mod=365adce6&uri=pin.php%3Fid%3D229589-385%26name%3Dnavigation+forerunner+235 HTTP/1.1" 200 21799 "-" "Mozilla/5.0 (Linux; Android 6.0.1; Nexus 5X Build/MMB29P) AppleWebKit/537.36 (KHTML, like Gecko) Chrome/137.0.7151.103 Mobile Safari/537.36 (compatible; Googlebot/2.1; +http://www.google.com/bot.html)"
66.249.65.165 - - [12/Jul/2025:15:10:55 +0000] "GET /?k=7182562031900&mod=4d383d5c&uri=shop.php%3Fid%3D239871-234%26name%3Dwellensteyn+herren+xxl HTTP/1.1" 200 22029 "-" "Mozilla/5.0 (Linux; Android 6.0.1; Nexus 5X Build/MMB29P) AppleWebKit/537.36 (KHTML, like Gecko) Chrome/137.0.7151.103 Mobile Safari/537.36 (compatible; Googlebot/2.1; +http://www.google.com/bot.html)"
66.249.65.164 - - [12/Jul/2025:15:10:55 +0000] "GET /?k=4424089041900&mod=6df811b7&uri=goods.php%3Fid%3D147660-265%26name%3Dcasaco+jaqueta+masculino+nike+acolchoada+refletivo+frio HTTP/1.1" 200 21446 "-" "Mozilla/5.0 (Linux; Android 6.0.1; Nexus 5X Build/MMB29P) AppleWebKit/537.36 (KHTML, like Gecko) Chrome/137.0.7151.103 Mobile Safari/537.36 (compatible; Googlebot/2.1; +http://www.google.com/bot.html)"
66.249.65.165 - - [12/Jul/2025:15:10:56 +0000] "GET /?k=7277467031900&mod=861288f2&uri=article.php%3Fid%3D243045-403%26name%3Dvergilbte+schuhe+wei%C3%83%C2%9F+bekommen HTTP/1.1" 200 22275 "-" "Mozilla/5.0 (Linux; Android 6.0.1; Nexus 5X Build/MMB29P) AppleWebKit/537.36 (KHTML, like Gecko) Chrome/137.0.7151.103 Mobile Safari/537.36 (compatible; Googlebot/2.1; +http://www.google.com/bot.html)"
66.249.65.164 - - [12/Jul/2025:15:10:59 +0000] "POST /get-message-notify HTTP/1.1" 200 21424 "https://alalamy.com.au/?k=7277467031900&mod=861288f2&uri=article.php%3Fid%3D243045-403%26name%3Dvergilbte+schuhe+wei%C3%83%C2%9F+bekommen" "Mozilla/5.0 (Linux; Android 6.0.1; Nexus 5X Build/MMB29P) AppleWebKit/537.36 (KHTML, like Gecko) Chrome/137.0.7151.119 Mobile Safari/537.36 (compatible; Googlebot/2.1; +http://www.google.com/bot.html)"
66.249.65.165 - - [12/Jul/2025:15:11:00 +0000] "GET /?k=6866694001900&mod=365adce6&uri=itm.php%3Fid%3D229328-385%26name%3Dgarmin+fenix+5s+plus+vs+forerunner+645 HTTP/1.1" 200 21516 "-" "Mozilla/5.0 (Linux; Android 6.0.1; Nexus 5X Build/MMB29P) AppleWebKit/537.36 (KHTML, like Gecko) Chrome/137.0.7151.103 Mobile Safari/537.36 (compatible; Googlebot/2.1; +http://www.google.com/bot.html)"
66.249.65.165 - - [12/Jul/2025:15:11:05 +0000] "GET /?k=7224639121900&mod=44f95c37&uri=pin.php%3Fid%3D241274-252%26name%3Drag+n+bone+man+amazon HTTP/1.1" 200 22096 "-" "Mozilla/5.0 (Linux; Android 6.0.1; Nexus 5X Build/MMB29P) AppleWebKit/537.36 (KHTML, like Gecko) Chrome/137.0.7151.103 Mobile Safari/537.36 (compatible; Googlebot/2.1; +http://www.google.com/bot.html)"
209.74.77.214 - - [12/Jul/2025:15:11:17 +0000] "POST /wp-cron.php?doing_wp_cron=1752333077.2583339214324951171875 HTTP/1.1" 200 - "-" "WordPress/6.8.1; https://alalamy.com.au"
54.36.148.47 - - [12/Jul/2025:15:11:16 +0000] "GET /?k=43074574001900&mod=3aad9695&uri=goods.php%3Fid%3D1437556-1195%26name%3Dnba+players+nike+zoom+live HTTP/1.1" 301 - "-" "Mozilla/5.0 (compatible; AhrefsBot/7.0; +http://ahrefs.com/robot/)"
66.249.65.164 - - [12/Jul/2025:15:11:13 +0000] "GET /?k=7197789021900&mod=5e3a4137&uri=products.php%3Fid%3D240379-400%26name%3Dmoto+360+sport+band+replacement HTTP/1.1" 200 22337 "-" "Mozilla/5.0 (Linux; Android 6.0.1; Nexus 5X Build/MMB29P) AppleWebKit/537.36 (KHTML, like Gecko) Chrome/137.0.7151.103 Mobile Safari/537.36 (compatible; Googlebot/2.1; +http://www.google.com/bot.html)"
66.249.65.164 - - [12/Jul/2025:15:11:17 +0000] "GET /?k=6918915031900&mod=b9b993f4&uri=category-info.php%3Fid%3D231071-387%26name%3Dbuy+gym+weights+online HTTP/1.1" 200 22543 "-" "Mozilla/5.0 (Linux; Android 6.0.1; Nexus 5X Build/MMB29P) AppleWebKit/537.36 (KHTML, like Gecko) Chrome/137.0.7151.103 Mobile Safari/537.36 (compatible; Googlebot/2.1; +http://www.google.com/bot.html)"
207.46.13.14 - - [12/Jul/2025:15:11:22 +0000] "GET /?k=106724448011900&mod=f87a0c6b&uri=brands.php%3Fid%3D3561748-1651%26name%3Dasics+gel+nimbus+21+uscita HTTP/1.1" 200 20702 "-" "Mozilla/5.0 AppleWebKit/537.36 (KHTML, like Gecko; compatible; bingbot/2.0; +http://www.bing.com/bingbot.htm) Chrome/116.0.1938.76 Safari/537.36"
66.249.65.164 - - [12/Jul/2025:15:11:23 +0000] "GET /?k=97367096001900&mod=4ef30115&uri=article.php%3Fid%3D3249362-91%26name%3Dimust+carbon+frame HTTP/1.1" 200 21757 "-" "Mozilla/5.0 (Linux; Android 6.0.1; Nexus 5X Build/MMB29P) AppleWebKit/537.36 (KHTML, like Gecko) Chrome/137.0.7151.103 Mobile Safari/537.36 (compatible; Googlebot/2.1; +http://www.google.com/bot.html)"
66.249.65.164 - - [12/Jul/2025:15:11:23 +0000] "GET /?k=7198569031900&mod=5e3a4137&uri=brands.php%3Fid%3D240405-400%26name%3Dgalaxy+watch+replacement+bands HTTP/1.1" 200 21845 "-" "Mozilla/5.0 (Linux; Android 6.0.1; Nexus 5X Build/MMB29P) AppleWebKit/537.36 (KHTML, like Gecko) Chrome/137.0.7151.103 Mobile Safari/537.36 (compatible; Googlebot/2.1; +http://www.google.com/bot.html)"
66.249.65.164 - - [12/Jul/2025:15:11:32 +0000] "GET /?k=7064868051900&mod=156cc497&uri=pin.php%3Fid%3D235943-396%26name%3Dmarque+chaussure+bebe+marche HTTP/1.1" 200 21795 "-" "Mozilla/5.0 (Linux; Android 6.0.1; Nexus 5X Build/MMB29P) AppleWebKit/537.36 (KHTML, like Gecko) Chrome/137.0.7151.103 Mobile Safari/537.36 (compatible; Googlebot/2.1; +http://www.google.com/bot.html)"
66.249.65.164 - - [12/Jul/2025:15:11:34 +0000] "GET /?k=7174981061900&mod=4d383d5c&uri=news.php%3Fid%3D239618-234%26name%3Ddiesel+jeans+weste HTTP/1.1" 200 22217 "-" "Mozilla/5.0 (Linux; Android 6.0.1; Nexus 5X Build/MMB29P) AppleWebKit/537.36 (KHTML, like Gecko) Chrome/137.0.7151.103 Mobile Safari/537.36 (compatible; Googlebot/2.1; +http://www.google.com/bot.html)"
66.249.65.164 - - [12/Jul/2025:15:11:36 +0000] "GET /?k=6922875031900&mod=b9b993f4&uri=us.php%3Fid%3D231203-387%26name%3Dbest+exercise+resistance+bands HTTP/1.1" 200 22041 "-" "Mozilla/5.0 (Linux; Android 6.0.1; Nexus 5X Build/MMB29P) AppleWebKit/537.36 (KHTML, like Gecko) Chrome/137.0.7151.103 Mobile Safari/537.36 (compatible; Googlebot/2.1; +http://www.google.com/bot.html)"
66.249.65.164 - - [12/Jul/2025:15:11:39 +0000] "GET /?k=7173511071900&mod=4d383d5c&uri=form.php%3Fid%3D239569-234%26name%3Dengelbert+strauss+sommerjacke+herren HTTP/1.1" 200 22052 "-" "Mozilla/5.0 (Linux; Android 6.0.1; Nexus 5X Build/MMB29P) AppleWebKit/537.36 (KHTML, like Gecko) Chrome/137.0.7151.103 Mobile Safari/537.36 (compatible; Googlebot/2.1; +http://www.google.com/bot.html)"
66.249.65.164 - - [12/Jul/2025:15:11:44 +0000] "GET /?k=4424329041900&mod=6df811b7&uri=category-info.php%3Fid%3D147668-265%26name%3Dhering+casaco+masculino HTTP/1.1" 200 21173 "-" "Mozilla/5.0 (Linux; Android 6.0.1; Nexus 5X Build/MMB29P) AppleWebKit/537.36 (KHTML, like Gecko) Chrome/137.0.7151.103 Mobile Safari/537.36 (compatible; Googlebot/2.1; +http://www.google.com/bot.html)"
66.249.65.164 - - [12/Jul/2025:15:11:50 +0000] "POST /get-message-notify HTTP/1.1" 200 21432 "https://alalamy.com.au/?k=4424329041900&mod=6df811b7&uri=category-info.php%3Fid%3D147668-265%26name%3Dhering+casaco+masculino" "Mozilla/5.0 (Linux; Android 6.0.1; Nexus 5X Build/MMB29P) AppleWebKit/537.36 (KHTML, like Gecko) Chrome/137.0.7151.119 Mobile Safari/537.36 (compatible; Googlebot/2.1; +http://www.google.com/bot.html)"
66.249.65.164 - - [12/Jul/2025:15:11:52 +0000] "GET /?k=4432249011900&mod=6df811b7&uri=article.php%3Fid%3D147932-265%26name%3Djaqueta+olho+de+gato HTTP/1.1" 200 20874 "-" "Mozilla/5.0 (Linux; Android 6.0.1; Nexus 5X Build/MMB29P) AppleWebKit/537.36 (KHTML, like Gecko) Chrome/137.0.7151.103 Mobile Safari/537.36 (compatible; Googlebot/2.1; +http://www.google.com/bot.html)"
66.249.65.164 - - [12/Jul/2025:15:11:55 +0000] "GET /?k=7070830031900&mod=156cc497&uri=article.php%3Fid%3D236143-396%26name%3Dchaussure+pour+bb HTTP/1.1" 200 21732 "-" "Mozilla/5.0 (Linux; Android 6.0.1; Nexus 5X Build/MMB29P) AppleWebKit/537.36 (KHTML, like Gecko) Chrome/137.0.7151.103 Mobile Safari/537.36 (compatible; Googlebot/2.1; +http://www.google.com/bot.html)"
209.74.77.214 - - [12/Jul/2025:15:11:55 +0000] "POST /wp-cron.php?doing_wp_cron=1752333115.8833360671997070312500 HTTP/1.1" 200 - "-" "WordPress/6.8.1; https://alalamy.com.au"
54.36.148.98 - - [12/Jul/2025:15:11:55 +0000] "GET /?k=43863235021900&mod=c5c9d4ef&uri=form.php%3Fid%3D1463863-1201%26name%3Dshawl HTTP/1.1" 200 26570 "-" "Mozilla/5.0 (compatible; AhrefsBot/7.0; +http://ahrefs.com/robot/)"
209.74.77.214 - - [12/Jul/2025:15:11:56 +0000] "POST /wp-admin/admin-ajax.php?action=async_litespeed&nonce=JEan0y1a5BXbrJlND7TBjBoYbRMoraAE&litespeed_type=imgoptm HTTP/1.1" 200 21 "-" "WordPress/6.8.1; https://alalamy.com.au"
66.249.65.164 - - [12/Jul/2025:15:11:57 +0000] "POST /get-message-notify HTTP/1.1" 200 21450 "https://alalamy.com.au/?k=7070830031900&mod=156cc497&uri=article.php%3Fid%3D236143-396%26name%3Dchaussure+pour+bb" "Mozilla/5.0 (Linux; Android 6.0.1; Nexus 5X Build/MMB29P) AppleWebKit/537.36 (KHTML, like Gecko) Chrome/137.0.7151.119 Mobile Safari/537.36 (compatible; Googlebot/2.1; +http://www.google.com/bot.html)"
66.249.65.165 - - [12/Jul/2025:15:12:00 +0000] "GET /?k=6808674141900&mod=cb45a111&uri=dp.php%3Fid%3D227392-381%26name%3Deleganti+sandali+oro HTTP/1.1" 200 21627 "-" "Mozilla/5.0 (Linux; Android 6.0.1; Nexus 5X Build/MMB29P) AppleWebKit/537.36 (KHTML, like Gecko) Chrome/137.0.7151.103 Mobile Safari/537.36 (compatible; Googlebot/2.1; +http://www.google.com/bot.html)"
66.249.65.164 - - [12/Jul/2025:15:12:04 +0000] "GET /?k=7222929031900&mod=44f95c37&uri=search.php%3Fid%3D241217-252%26name%3D130273+lee HTTP/1.1" 200 21487 "-" "Mozilla/5.0 (Linux; Android 6.0.1; Nexus 5X Build/MMB29P) AppleWebKit/537.36 (KHTML, like Gecko) Chrome/137.0.7151.103 Mobile Safari/537.36 (compatible; Googlebot/2.1; +http://www.google.com/bot.html)"
66.249.65.164 - - [12/Jul/2025:15:12:11 +0000] "GET /?k=6874254021900&mod=69846de5&uri=dp.php%3Fid%3D229580-386%26name%3Dyupoong+6002 HTTP/1.1" 200 21149 "-" "Mozilla/5.0 (Linux; Android 6.0.1; Nexus 5X Build/MMB29P) AppleWebKit/537.36 (KHTML, like Gecko) Chrome/137.0.7151.103 Mobile Safari/537.36 (compatible; Googlebot/2.1; +http://www.google.com/bot.html)"
66.249.65.164 - - [12/Jul/2025:15:12:14 +0000] "GET /?k=7224279001900&mod=44f95c37&uri=itm.php%3Fid%3D241262-252%26name%3Dgrey+skinny+stretch+trousers HTTP/1.1" 200 21768 "-" "Mozilla/5.0 (Linux; Android 6.0.1; Nexus 5X Build/MMB29P) AppleWebKit/537.36 (KHTML, like Gecko) Chrome/137.0.7151.103 Mobile Safari/537.36 (compatible; Googlebot/2.1; +http://www.google.com/bot.html)"
66.249.65.164 - - [12/Jul/2025:15:12:15 +0000] "POST /get-message-notify HTTP/1.1" 200 21429 "https://alalamy.com.au/?k=6874254021900&mod=69846de5&uri=dp.php%3Fid%3D229580-386%26name%3Dyupoong+6002" "Mozilla/5.0 (Linux; Android 6.0.1; Nexus 5X Build/MMB29P) AppleWebKit/537.36 (KHTML, like Gecko) Chrome/137.0.7151.119 Mobile Safari/537.36 (compatible; Googlebot/2.1; +http://www.google.com/bot.html)"
66.249.65.164 - - [12/Jul/2025:15:12:18 +0000] "GET /?k=13532150061900&mod=4d383d5c&uri=form.php%3Fid%3D451798-234%26name%3Dthermo+pulli+damen HTTP/1.1" 200 21581 "-" "Mozilla/5.0 (Linux; Android 6.0.1; Nexus 5X Build/MMB29P) AppleWebKit/537.36 (KHTML, like Gecko) Chrome/137.0.7151.103 Mobile Safari/537.36 (compatible; Googlebot/2.1; +http://www.google.com/bot.html)"
66.249.65.164 - - [12/Jul/2025:15:12:23 +0000] "GET /?k=6878304021900&mod=69846de5&uri=blog.php%3Fid%3D229715-386%26name%3Dfunny+golf+caps HTTP/1.1" 200 22001 "-" "Mozilla/5.0 (Linux; Android 6.0.1; Nexus 5X Build/MMB29P) AppleWebKit/537.36 (KHTML, like Gecko) Chrome/137.0.7151.103 Mobile Safari/537.36 (compatible; Googlebot/2.1; +http://www.google.com/bot.html)"
66.249.65.164 - - [12/Jul/2025:15:12:28 +0000] "GET /?k=7063188021900&mod=156cc497&uri=dp.php%3Fid%3D235887-396%26name%3Dchaussures+d+interieur+femme HTTP/1.1" 200 21998 "-" "Mozilla/5.0 (Linux; Android 6.0.1; Nexus 5X Build/MMB29P) AppleWebKit/537.36 (KHTML, like Gecko) Chrome/137.0.7151.103 Mobile Safari/537.36 (compatible; Googlebot/2.1; +http://www.google.com/bot.html)"
66.249.65.164 - - [12/Jul/2025:15:12:38 +0000] "GET /?k=42128620041900&mod=4fb04ef6&uri=form.php%3Fid%3D1406010-1173%26name%3Ddanish+backpack+brand HTTP/1.1" 200 20741 "-" "Mozilla/5.0 (Linux; Android 6.0.1; Nexus 5X Build/MMB29P) AppleWebKit/537.36 (KHTML, like Gecko) Chrome/137.0.7151.103 Mobile Safari/537.36 (compatible; Googlebot/2.1; +http://www.google.com/bot.html)"
66.249.65.164 - - [12/Jul/2025:15:12:39 +0000] "GET /?k=7223109061900&mod=44f95c37&uri=article.php%3Fid%3D241223-252%26name%3Dlee+active+performance+capris HTTP/1.1" 200 21606 "-" "Mozilla/5.0 (Linux; Android 6.0.1; Nexus 5X Build/MMB29P) AppleWebKit/537.36 (KHTML, like Gecko) Chrome/137.0.7151.103 Mobile Safari/537.36 (compatible; Googlebot/2.1; +http://www.google.com/bot.html)"
66.249.65.164 - - [12/Jul/2025:15:12:41 +0000] "GET /?k=6873444051900&mod=69846de5&uri=search.php%3Fid%3D229553-386%26name%3Dtravis+golf+hat HTTP/1.1" 200 20887 "-" "Mozilla/5.0 (Linux; Android 6.0.1; Nexus 5X Build/MMB29P) AppleWebKit/537.36 (KHTML, like Gecko) Chrome/137.0.7151.103 Mobile Safari/537.36 (compatible; Googlebot/2.1; +http://www.google.com/bot.html)"
207.46.13.14 - - [12/Jul/2025:15:12:42 +0000] "GET /?k=71313421051900&mod=0ef9343f&uri=category-info.php%3Fid%3D2379801-762%26name%3Dbig+wayfarer+sunglasses HTTP/1.1" 200 22201 "-" "Mozilla/5.0 AppleWebKit/537.36 (KHTML, like Gecko; compatible; bingbot/2.0; +http://www.bing.com/bingbot.htm) Chrome/116.0.1938.76 Safari/537.36"
66.249.65.164 - - [12/Jul/2025:15:12:43 +0000] "GET /?k=6940745011900&mod=20ea88ff&uri=pin.php%3Fid%3D231799-390%26name%3Dnike+dealabs HTTP/1.1" 200 20604 "-" "Mozilla/5.0 (Linux; Android 6.0.1; Nexus 5X Build/MMB29P) AppleWebKit/537.36 (KHTML, like Gecko) Chrome/137.0.7151.103 Mobile Safari/537.36 (compatible; Googlebot/2.1; +http://www.google.com/bot.html)"
209.74.77.214 - - [12/Jul/2025:15:12:44 +0000] "POST /wp-cron.php?doing_wp_cron=1752333164.1242558956146240234375 HTTP/1.1" 200 - "-" "WordPress/6.8.1; https://alalamy.com.au"
54.36.148.31 - - [12/Jul/2025:15:12:43 +0000] "GET /?k=43923877051900&mod=ddff28a4&uri=itm.php%3Fid%3D1465886-1203%26name%3Done+piece+dress+designs+images HTTP/1.1" 301 - "-" "Mozilla/5.0 (compatible; AhrefsBot/7.0; +http://ahrefs.com/robot/)"
209.74.77.214 - - [12/Jul/2025:15:12:44 +0000] "POST /wp-admin/admin-ajax.php?action=async_litespeed&nonce=HPpyFwjyV9RYbPwGl07j9wboAaTVj87w&litespeed_type=imgoptm HTTP/1.1" 200 21 "-" "WordPress/6.8.1; https://alalamy.com.au"
66.249.65.164 - - [12/Jul/2025:15:12:48 +0000] "GET /?k=7198689071900&mod=5e3a4137&uri=goods.php%3Fid%3D240409-400%26name%3Deragon+full+movie+in+hindi+watch+online HTTP/1.1" 200 21565 "-" "Mozilla/5.0 (Linux; Android 6.0.1; Nexus 5X Build/MMB29P) AppleWebKit/537.36 (KHTML, like Gecko) Chrome/137.0.7151.103 Mobile Safari/537.36 (compatible; Googlebot/2.1; +http://www.google.com/bot.html)"
66.249.65.164 - - [12/Jul/2025:15:12:53 +0000] "GET /?k=7028991021900&mod=156cc497&uri=brands.php%3Fid%3D234745-396%26name%3Dprix+de+panier+de+basket HTTP/1.1" 200 20744 "-" "Mozilla/5.0 (Linux; Android 6.0.1; Nexus 5X Build/MMB29P) AppleWebKit/537.36 (KHTML, like Gecko) Chrome/137.0.7151.103 Mobile Safari/537.36 (compatible; Googlebot/2.1; +http://www.google.com/bot.html)"
66.249.65.164 - - [12/Jul/2025:15:12:57 +0000] "GET /?k=5753577031900&mod=960b0b80&uri=shared.php%3Fid%3D192139-335%26name%3Dnintendo+switch+glitter+case HTTP/1.1" 200 22288 "-" "Mozilla/5.0 (Linux; Android 6.0.1; Nexus 5X Build/MMB29P) AppleWebKit/537.36 (KHTML, like Gecko) Chrome/137.0.7151.103 Mobile Safari/537.36 (compatible; Googlebot/2.1; +http://www.google.com/bot.html)"
66.249.65.165 - - [12/Jul/2025:15:12:58 +0000] "GET /?k=7185879001900&mod=5e3a4137&uri=category-info.php%3Fid%3D239982-400%26name%3Dgarmin+vivoactive+strap+replacement HTTP/1.1" 200 22145 "-" "Mozilla/5.0 (Linux; Android 6.0.1; Nexus 5X Build/MMB29P) AppleWebKit/537.36 (KHTML, like Gecko) Chrome/137.0.7151.103 Mobile Safari/537.36 (compatible; Googlebot/2.1; +http://www.google.com/bot.html)"
66.249.65.164 - - [12/Jul/2025:15:13:01 +0000] "POST /get-message-notify HTTP/1.1" 200 21422 "https://alalamy.com.au/?k=7198689071900&mod=5e3a4137&uri=goods.php%3Fid%3D240409-400%26name%3Deragon+full+movie+in+hindi+watch+online" "Mozilla/5.0 (Linux; Android 6.0.1; Nexus 5X Build/MMB29P) AppleWebKit/537.36 (KHTML, like Gecko) Chrome/137.0.7151.119 Mobile Safari/537.36 (compatible; Googlebot/2.1; +http://www.google.com/bot.html)"
66.249.65.164 - - [12/Jul/2025:15:13:03 +0000] "GET /?k=6963854021900&mod=20ea88ff&uri=form.php%3Fid%3D232570-390%26name%3Dlebron+15+equality+prix HTTP/1.1" 200 20449 "-" "Mozilla/5.0 (Linux; Android 6.0.1; Nexus 5X Build/MMB29P) AppleWebKit/537.36 (KHTML, like Gecko) Chrome/137.0.7151.103 Mobile Safari/537.36 (compatible; Googlebot/2.1; +http://www.google.com/bot.html)"
66.249.65.164 - - [12/Jul/2025:15:13:04 +0000] "GET /?k=7172281031900&mod=4d383d5c&uri=products.php%3Fid%3D239528-234%26name%3Dneue+damen+pullover HTTP/1.1" 200 21697 "-" "Mozilla/5.0 (Linux; Android 6.0.1; Nexus 5X Build/MMB29P) AppleWebKit/537.36 (KHTML, like Gecko) Chrome/137.0.7151.103 Mobile Safari/537.36 (compatible; Googlebot/2.1; +http://www.google.com/bot.html)"
66.249.65.164 - - [12/Jul/2025:15:13:09 +0000] "GET /?k=42126281041900&mod=4fb04ef6&uri=goods.php%3Fid%3D1405932-1173%26name%3Dburton+laptop+bag HTTP/1.1" 200 20756 "-" "Mozilla/5.0 (Linux; Android 6.0.1; Nexus 5X Build/MMB29P) AppleWebKit/537.36 (KHTML, like Gecko) Chrome/137.0.7151.103 Mobile Safari/537.36 (compatible; Googlebot/2.1; +http://www.google.com/bot.html)"
66.249.65.164 - - [12/Jul/2025:15:13:09 +0000] "GET /?k=7026329001900&mod=156cc497&uri=pin.php%3Fid%3D234656-396%26name%3Dcode+promo+tom+press HTTP/1.1" 200 22454 "-" "Mozilla/5.0 (Linux; Android 6.0.1; Nexus 5X Build/MMB29P) AppleWebKit/537.36 (KHTML, like Gecko) Chrome/137.0.7151.103 Mobile Safari/537.36 (compatible; Googlebot/2.1; +http://www.google.com/bot.html)"
66.249.65.164 - - [12/Jul/2025:15:13:09 +0000] "GET /?k=5137016091900&mod=8763d72b&uri=info.php%3Fid%3D171490-57%26name%3Darctis+replacement+cable HTTP/1.1" 200 21260 "-" "Mozilla/5.0 (Linux; Android 6.0.1; Nexus 5X Build/MMB29P) AppleWebKit/537.36 (KHTML, like Gecko) Chrome/137.0.7151.103 Mobile Safari/537.36 (compatible; Googlebot/2.1; +http://www.google.com/bot.html)"
66.249.65.164 - - [12/Jul/2025:15:13:13 +0000] "GET /?k=7175821001900&mod=4d383d5c&uri=dp.php%3Fid%3D239646-234%26name%3Dkappa+winterjacke+herren HTTP/1.1" 200 22208 "-" "Mozilla/5.0 (Linux; Android 6.0.1; Nexus 5X Build/MMB29P) AppleWebKit/537.36 (KHTML, like Gecko) Chrome/137.0.7151.103 Mobile Safari/537.36 (compatible; Googlebot/2.1; +http://www.google.com/bot.html)"
66.249.65.164 - - [12/Jul/2025:15:13:13 +0000] "POST /get-message-notify HTTP/1.1" 200 21426 "https://alalamy.com.au/?k=7026329001900&mod=156cc497&uri=pin.php%3Fid%3D234656-396%26name%3Dcode+promo+tom+press" "Mozilla/5.0 (Linux; Android 6.0.1; Nexus 5X Build/MMB29P) AppleWebKit/537.36 (KHTML, like Gecko) Chrome/137.0.7151.119 Mobile Safari/537.36 (compatible; Googlebot/2.1; +http://www.google.com/bot.html)"
209.74.77.214 - - [12/Jul/2025:15:13:17 +0000] "POST /wp-cron.php?doing_wp_cron=1752333197.9128420352935791015625 HTTP/1.1" 200 - "-" "WordPress/6.8.1; https://alalamy.com.au"
54.36.148.149 - - [12/Jul/2025:15:13:17 +0000] "GET /?k=4405012011900&mod=82555ac1&uri=news.php%3Fid%3D147024-263%26name%3Danelli+trollbeads+offerte HTTP/1.1" 301 - "-" "Mozilla/5.0 (compatible; AhrefsBot/7.0; +http://ahrefs.com/robot/)"
66.249.65.164 - - [12/Jul/2025:15:13:19 +0000] "GET /?k=7020119011900&mod=156cc497&uri=info.php%3Fid%3D234449-396%26name%3Dpanier+de+basket+bumber HTTP/1.1" 200 20872 "-" "Mozilla/5.0 (Linux; Android 6.0.1; Nexus 5X Build/MMB29P) AppleWebKit/537.36 (KHTML, like Gecko) Chrome/137.0.7151.103 Mobile Safari/537.36 (compatible; Googlebot/2.1; +http://www.google.com/bot.html)"
66.249.65.164 - - [12/Jul/2025:15:13:20 +0000] "GET /?k=7177921041900&mod=4d383d5c&uri=info.php%3Fid%3D239716-234%26name%3Dengelbert+strauss+winter+softshell+jacke HTTP/1.1" 200 22532 "-" "Mozilla/5.0 (Linux; Android 6.0.1; Nexus 5X Build/MMB29P) AppleWebKit/537.36 (KHTML, like Gecko) Chrome/137.0.7151.103 Mobile Safari/537.36 (compatible; Googlebot/2.1; +http://www.google.com/bot.html)"
66.249.65.164 - - [12/Jul/2025:15:13:22 +0000] "GET /?k=6998342051900&mod=3d1327c1&uri=category-info.php%3Fid%3D233721-395%26name%3Dmariage+champ%C3%83%C2%AAtre+boh%C3%83%C2%A8me HTTP/1.1" 200 22323 "-" "Mozilla/5.0 (Linux; Android 6.0.1; Nexus 5X Build/MMB29P) AppleWebKit/537.36 (KHTML, like Gecko) Chrome/137.0.7151.103 Mobile Safari/537.36 (compatible; Googlebot/2.1; +http://www.google.com/bot.html)"
66.249.65.164 - - [12/Jul/2025:15:13:31 +0000] "GET /?k=47500295041900&mod=4ef30115&uri=info.php%3Fid%3D1585198-91%26name%3Dbicycle+wheel+electric HTTP/1.1" 200 21957 "-" "Mozilla/5.0 (Linux; Android 6.0.1; Nexus 5X Build/MMB29P) AppleWebKit/537.36 (KHTML, like Gecko) Chrome/137.0.7151.103 Mobile Safari/537.36 (compatible; Googlebot/2.1; +http://www.google.com/bot.html)"
66.249.65.164 - - [12/Jul/2025:15:13:31 +0000] "GET /?k=6857484011900&mod=69846de5&uri=itm.php%3Fid%3D229021-386%26name%3Dtop+golf+hats HTTP/1.1" 200 21701 "-" "Mozilla/5.0 (Linux; Android 6.0.1; Nexus 5X Build/MMB29P) AppleWebKit/537.36 (KHTML, like Gecko) Chrome/137.0.7151.103 Mobile Safari/537.36 (compatible; Googlebot/2.1; +http://www.google.com/bot.html)"
66.249.65.164 - - [12/Jul/2025:15:13:34 +0000] "POST /get-message-notify HTTP/1.1" 200 21425 "https://alalamy.com.au/?k=6857484011900&mod=69846de5&uri=itm.php%3Fid%3D229021-386%26name%3Dtop+golf+hats" "Mozilla/5.0 (Linux; Android 6.0.1; Nexus 5X Build/MMB29P) AppleWebKit/537.36 (KHTML, like Gecko) Chrome/137.0.7151.119 Mobile Safari/537.36 (compatible; Googlebot/2.1; +http://www.google.com/bot.html)"
66.249.65.164 - - [12/Jul/2025:15:13:36 +0000] "GET /?k=6920835031900&mod=b9b993f4&uri=us.php%3Fid%3D231135-387%26name%3Dstationary+bike+with+zwift HTTP/1.1" 200 22160 "-" "Mozilla/5.0 (Linux; Android 6.0.1; Nexus 5X Build/MMB29P) AppleWebKit/537.36 (KHTML, like Gecko) Chrome/137.0.7151.103 Mobile Safari/537.36 (compatible; Googlebot/2.1; +http://www.google.com/bot.html)"
66.249.65.164 - - [12/Jul/2025:15:13:36 +0000] "GET /?k=4432729021900&mod=6df811b7&uri=article.php%3Fid%3D147948-265%26name%3Dblusa+de+frio+nylon+masculina HTTP/1.1" 200 21806 "-" "Mozilla/5.0 (Linux; Android 6.0.1; Nexus 5X Build/MMB29P) AppleWebKit/537.36 (KHTML, like Gecko) Chrome/137.0.7151.103 Mobile Safari/537.36 (compatible; Googlebot/2.1; +http://www.google.com/bot.html)"
66.249.65.164 - - [12/Jul/2025:15:13:39 +0000] "GET /?k=47499035041900&mod=4ef30115&uri=form.php%3Fid%3D1585156-91%26name%3Dwomen%27s+electric+cruiser+bike HTTP/1.1" 200 21989 "-" "Mozilla/5.0 (Linux; Android 6.0.1; Nexus 5X Build/MMB29P) AppleWebKit/537.36 (KHTML, like Gecko) Chrome/137.0.7151.103 Mobile Safari/537.36 (compatible; Googlebot/2.1; +http://www.google.com/bot.html)"
66.249.65.164 - - [12/Jul/2025:15:13:40 +0000] "GET /?k=7075624081900&mod=156cc497&uri=brands.php%3Fid%3D236303-396%26name%3Dconverse+plateforme+made+with+love HTTP/1.1" 200 20769 "-" "Mozilla/5.0 (Linux; Android 6.0.1; Nexus 5X Build/MMB29P) AppleWebKit/537.36 (KHTML, like Gecko) Chrome/137.0.7151.103 Mobile Safari/537.36 (compatible; Googlebot/2.1; +http://www.google.com/bot.html)"
66.249.65.165 - - [12/Jul/2025:15:13:42 +0000] "POST /get-message-notify HTTP/1.1" 200 21432 "https://alalamy.com.au/?k=47499035041900&mod=4ef30115&uri=form.php%3Fid%3D1585156-91%26name%3Dwomen%27s+electric+cruiser+bike" "Mozilla/5.0 (Linux; Android 6.0.1; Nexus 5X Build/MMB29P) AppleWebKit/537.36 (KHTML, like Gecko) Chrome/137.0.7151.119 Mobile Safari/537.36 (compatible; Googlebot/2.1; +http://www.google.com/bot.html)"
66.249.65.165 - - [12/Jul/2025:15:13:42 +0000] "GET /?k=6867774111900&mod=69846de5&uri=brands.php%3Fid%3D229364-386%26name%3Dahead+golf+hats HTTP/1.1" 200 21179 "-" "Mozilla/5.0 (Linux; Android 6.0.1; Nexus 5X Build/MMB29P) AppleWebKit/537.36 (KHTML, like Gecko) Chrome/137.0.7151.103 Mobile Safari/537.36 (compatible; Googlebot/2.1; +http://www.google.com/bot.html)"
66.249.65.164 - - [12/Jul/2025:15:13:50 +0000] "GET /?k=7032570021900&mod=156cc497&uri=form.php%3Fid%3D234865-396%26name%3Dpuma+rs+fast+blanche HTTP/1.1" 200 21457 "-" "Mozilla/5.0 (Linux; Android 6.0.1; Nexus 5X Build/MMB29P) AppleWebKit/537.36 (KHTML, like Gecko) Chrome/137.0.7151.103 Mobile Safari/537.36 (compatible; Googlebot/2.1; +http://www.google.com/bot.html)"
66.249.65.165 - - [12/Jul/2025:15:13:53 +0000] "GET /?k=7030180051900&mod=156cc497&uri=info.php%3Fid%3D234785-396%26name%3Dsemelle+orthop%C3%83%C2%A9dique+fasciite+plantaire HTTP/1.1" 200 21192 "-" "Mozilla/5.0 (Linux; Android 6.0.1; Nexus 5X Build/MMB29P) AppleWebKit/537.36 (KHTML, like Gecko) Chrome/137.0.7151.103 Mobile Safari/537.36 (compatible; Googlebot/2.1; +http://www.google.com/bot.html)"
66.249.65.164 - - [12/Jul/2025:15:13:55 +0000] "POST /get-message-notify HTTP/1.1" 200 21424 "https://alalamy.com.au/?k=7030180051900&mod=156cc497&uri=info.php%3Fid%3D234785-396%26name%3Dsemelle+orthop%C3%83%C2%A9dique+fasciite+plantaire" "Mozilla/5.0 (Linux; Android 6.0.1; Nexus 5X Build/MMB29P) AppleWebKit/537.36 (KHTML, like Gecko) Chrome/137.0.7151.119 Mobile Safari/537.36 (compatible; Googlebot/2.1; +http://www.google.com/bot.html)"
66.249.65.165 - - [12/Jul/2025:15:13:58 +0000] "POST /get-message-notify HTTP/1.1" 200 21432 "https://alalamy.com.au/?k=7032570021900&mod=156cc497&uri=form.php%3Fid%3D234865-396%26name%3Dpuma+rs+fast+blanche" "Mozilla/5.0 (Linux; Android 6.0.1; Nexus 5X Build/MMB29P) AppleWebKit/537.36 (KHTML, like Gecko) Chrome/137.0.7151.119 Mobile Safari/537.36 (compatible; Googlebot/2.1; +http://www.google.com/bot.html)"
209.74.77.214 - - [12/Jul/2025:15:14:07 +0000] "POST /wp-cron.php?doing_wp_cron=1752333247.1438360214233398437500 HTTP/1.1" 200 - "-" "WordPress/6.8.1; https://alalamy.com.au"
54.36.148.232 - - [12/Jul/2025:15:14:04 +0000] "GET /?k=44245761051900&mod=32c7d6f7&uri=pin.php%3Fid%3D1476620-1206%26name%3Ddress+barn+closest+to+me HTTP/1.1" 301 - "-" "Mozilla/5.0 (compatible; AhrefsBot/7.0; +http://ahrefs.com/robot/)"
209.74.77.214 - - [12/Jul/2025:15:14:07 +0000] "POST /wp-admin/admin-ajax.php?action=async_litespeed&nonce=116ug6bYxILtWabBSLnikE8sTQlE9qPh&litespeed_type=imgoptm HTTP/1.1" 200 21 "-" "WordPress/6.8.1; https://alalamy.com.au"
66.249.65.164 - - [12/Jul/2025:15:14:00 +0000] "GET /?k=7228689031900&mod=44f95c37&uri=form.php%3Fid%3D241409-252%26name%3Dlee+national+denim+day HTTP/1.1" 200 22062 "-" "Mozilla/5.0 (Linux; Android 6.0.1; Nexus 5X Build/MMB29P) AppleWebKit/537.36 (KHTML, like Gecko) Chrome/137.0.7151.103 Mobile Safari/537.36 (compatible; Googlebot/2.1; +http://www.google.com/bot.html)"
66.249.65.166 - - [12/Jul/2025:15:14:03 +0000] "GET /?k=7181902021900&mod=4d383d5c&uri=itm.php%3Fid%3D239849-234%26name%3Dvaude+larice+jacket+herren HTTP/1.1" 200 22527 "-" "Mozilla/5.0 (Linux; Android 6.0.1; Nexus 5X Build/MMB29P) AppleWebKit/537.36 (KHTML, like Gecko) Chrome/137.0.7151.103 Mobile Safari/537.36 (compatible; Googlebot/2.1; +http://www.google.com/bot.html)"
66.249.65.164 - - [12/Jul/2025:15:14:15 +0000] "GET /?k=4322033071900&mod=40d30097&uri=itm.php%3Fid%3D144253-243%26name%3Ddx7847+adidas HTTP/1.1" 200 21729 "-" "Mozilla/5.0 (Linux; Android 6.0.1; Nexus 5X Build/MMB29P) AppleWebKit/537.36 (KHTML, like Gecko) Chrome/137.0.7151.103 Mobile Safari/537.36 (compatible; Googlebot/2.1; +http://www.google.com/bot.html)"
66.249.65.165 - - [12/Jul/2025:15:14:18 +0000] "GET /?k=7082074081900&mod=539ef09c&uri=pin.php%3Fid%3D236518-397%26name%3Dwomen%27s+la+piqu%C3%83%C2%A9e+textile+trainers HTTP/1.1" 200 21018 "-" "Mozilla/5.0 (Linux; Android 6.0.1; Nexus 5X Build/MMB29P) AppleWebKit/537.36 (KHTML, like Gecko) Chrome/137.0.7151.103 Mobile Safari/537.36 (compatible; Googlebot/2.1; +http://www.google.com/bot.html)"
66.249.65.164 - - [12/Jul/2025:15:14:19 +0000] "GET /?k=42128260001900&mod=9b23e310&uri=blog.php%3Fid%3D1405998-1175%26name%3Dkyrie+flytrap+nike HTTP/1.1" 200 21229 "-" "Mozilla/5.0 (Linux; Android 6.0.1; Nexus 5X Build/MMB29P) AppleWebKit/537.36 (KHTML, like Gecko) Chrome/137.0.7151.103 Mobile Safari/537.36 (compatible; Googlebot/2.1; +http://www.google.com/bot.html)"
66.249.65.164 - - [12/Jul/2025:15:14:22 +0000] "GET /?k=7074664031900&mod=156cc497&uri=shared.php%3Fid%3D236271-396%26name%3Ddassy+chaussure HTTP/1.1" 200 20966 "-" "Mozilla/5.0 (Linux; Android 6.0.1; Nexus 5X Build/MMB29P) AppleWebKit/537.36 (KHTML, like Gecko) Chrome/137.0.7151.103 Mobile Safari/537.36 (compatible; Googlebot/2.1; +http://www.google.com/bot.html)"
66.249.65.164 - - [12/Jul/2025:15:14:25 +0000] "POST /get-message-notify HTTP/1.1" 200 21437 "https://alalamy.com.au/?k=7074664031900&mod=156cc497&uri=shared.php%3Fid%3D236271-396%26name%3Ddassy+chaussure" "Mozilla/5.0 (Linux; Android 6.0.1; Nexus 5X Build/MMB29P) AppleWebKit/537.36 (KHTML, like Gecko) Chrome/137.0.7151.119 Mobile Safari/537.36 (compatible; Googlebot/2.1; +http://www.google.com/bot.html)"
66.249.65.164 - - [12/Jul/2025:15:14:30 +0000] "GET /?k=7030060011900&mod=156cc497&uri=form.php%3Fid%3D234781-396%26name%3Dballon+de+basket+jeep+elite HTTP/1.1" 200 21502 "-" "Mozilla/5.0 (Linux; Android 6.0.1; Nexus 5X Build/MMB29P) AppleWebKit/537.36 (KHTML, like Gecko) Chrome/137.0.7151.103 Mobile Safari/537.36 (compatible; Googlebot/2.1; +http://www.google.com/bot.html)"
66.249.65.164 - - [12/Jul/2025:15:14:30 +0000] "POST /get-message-notify HTTP/1.1" 200 21429 "https://alalamy.com.au/?k=4322033071900&mod=40d30097&uri=itm.php%3Fid%3D144253-243%26name%3Ddx7847+adidas" "Mozilla/5.0 (Linux; Android 6.0.1; Nexus 5X Build/MMB29P) AppleWebKit/537.36 (KHTML, like Gecko) Chrome/137.0.7151.119 Mobile Safari/537.36 (compatible; Googlebot/2.1; +http://www.google.com/bot.html)"
66.249.65.164 - - [12/Jul/2025:15:14:32 +0000] "GET /?k=7062492031900&mod=156cc497&uri=shared.php%3Fid%3D235863-396%26name%3Dbasket+compense+nike HTTP/1.1" 200 21357 "-" "Mozilla/5.0 (Linux; Android 6.0.1; Nexus 5X Build/MMB29P) AppleWebKit/537.36 (KHTML, like Gecko) Chrome/137.0.7151.103 Mobile Safari/537.36 (compatible; Googlebot/2.1; +http://www.google.com/bot.html)"
66.249.65.164 - - [12/Jul/2025:15:14:35 +0000] "POST /get-message-notify HTTP/1.1" 200 21428 "https://alalamy.com.au/?k=7082074081900&mod=539ef09c&uri=pin.php%3Fid%3D236518-397%26name%3Dwomen%27s+la+piqu%C3%83%C2%A9e+textile+trainers" "Mozilla/5.0 (Linux; Android 6.0.1; Nexus 5X Build/MMB29P) AppleWebKit/537.36 (KHTML, like Gecko) Chrome/137.0.7151.119 Mobile Safari/537.36 (compatible; Googlebot/2.1; +http://www.google.com/bot.html)"
66.249.65.164 - - [12/Jul/2025:15:14:36 +0000] "GET /?k=7224099091900&mod=44f95c37&uri=products.php%3Fid%3D241256-252%26name%3Drag+and+bone+victor+blouse HTTP/1.1" 200 21406 "-" "Mozilla/5.0 (Linux; Android 6.0.1; Nexus 5X Build/MMB29P) AppleWebKit/537.36 (KHTML, like Gecko) Chrome/137.0.7151.103 Mobile Safari/537.36 (compatible; Googlebot/2.1; +http://www.google.com/bot.html)"
66.249.65.164 - - [12/Jul/2025:15:14:38 +0000] "POST /get-message-notify HTTP/1.1" 200 21425 "https://alalamy.com.au/?k=7062492031900&mod=156cc497&uri=shared.php%3Fid%3D235863-396%26name%3Dbasket+compense+nike" "Mozilla/5.0 (Linux; Android 6.0.1; Nexus 5X Build/MMB29P) AppleWebKit/537.36 (KHTML, like Gecko) Chrome/137.0.7151.119 Mobile Safari/537.36 (compatible; Googlebot/2.1; +http://www.google.com/bot.html)"
209.74.77.214 - - [12/Jul/2025:15:14:39 +0000] "POST /wp-cron.php?doing_wp_cron=1752333279.2343280315399169921875 HTTP/1.1" 200 - "-" "WordPress/6.8.1; https://alalamy.com.au"
54.36.149.24 - - [12/Jul/2025:15:14:39 +0000] "GET /?k=44389478081900&mod=276eabfa&uri=itm.php%3Fid%3D1481421-998%26name%3Dpolo+jacket+women HTTP/1.1" 301 - "-" "Mozilla/5.0 (compatible; AhrefsBot/7.0; +http://ahrefs.com/robot/)"
209.74.77.214 - - [12/Jul/2025:15:14:39 +0000] "POST /wp-admin/admin-ajax.php?action=async_litespeed&nonce=VEjMIuiI4zl7d86bETFParcupeq8RFVn&litespeed_type=imgoptm HTTP/1.1" 200 21 "-" "WordPress/6.8.1; https://alalamy.com.au"
66.249.65.164 - - [12/Jul/2025:15:14:41 +0000] "GET /?k=119756195071900&mod=c5b86fa9&uri=goods.php%3Fid%3D3996627-141%26name%3Dveneno+en+la+piel+vestidos+cortos HTTP/1.1" 200 22206 "-" "Mozilla/5.0 (Linux; Android 6.0.1; Nexus 5X Build/MMB29P) AppleWebKit/537.36 (KHTML, like Gecko) Chrome/137.0.7151.103 Mobile Safari/537.36 (compatible; Googlebot/2.1; +http://www.google.com/bot.html)"
66.249.65.164 - - [12/Jul/2025:15:14:41 +0000] "GET /?k=7028039051900&mod=156cc497&uri=article.php%3Fid%3D234713-396%26name%3Dbrowns+sandales HTTP/1.1" 200 21829 "-" "Mozilla/5.0 (Linux; Android 6.0.1; Nexus 5X Build/MMB29P) AppleWebKit/537.36 (KHTML, like Gecko) Chrome/137.0.7151.103 Mobile Safari/537.36 (compatible; Googlebot/2.1; +http://www.google.com/bot.html)"
66.249.65.165 - - [12/Jul/2025:15:14:46 +0000] "GET /?k=4427689041900&mod=6df811b7&uri=info.php%3Fid%3D147780-265%26name%3Djaqueta+x11+speed+couro HTTP/1.1" 200 20735 "-" "Mozilla/5.0 (Linux; Android 6.0.1; Nexus 5X Build/MMB29P) AppleWebKit/537.36 (KHTML, like Gecko) Chrome/137.0.7151.103 Mobile Safari/537.36 (compatible; Googlebot/2.1; +http://www.google.com/bot.html)"
66.249.65.164 - - [12/Jul/2025:15:14:49 +0000] "GET /?k=58243590001900&mod=4d383d5c&uri=shared.php%3Fid%3D1943618-234%26name%3Dheld+damen+motorradjacke+leder HTTP/1.1" 200 22363 "-" "Mozilla/5.0 (Linux; Android 6.0.1; Nexus 5X Build/MMB29P) AppleWebKit/537.36 (KHTML, like Gecko) Chrome/137.0.7151.103 Mobile Safari/537.36 (compatible; Googlebot/2.1; +http://www.google.com/bot.html)"
66.249.65.164 - - [12/Jul/2025:15:14:51 +0000] "GET /?k=6879654021900&mod=0afe1037&uri=search.php%3Fid%3D229760-345%26name%3Dcalzedonia+leggins+negros HTTP/1.1" 200 21797 "-" "Mozilla/5.0 (Linux; Android 6.0.1; Nexus 5X Build/MMB29P) AppleWebKit/537.36 (KHTML, like Gecko) Chrome/137.0.7151.103 Mobile Safari/537.36 (compatible; Googlebot/2.1; +http://www.google.com/bot.html)"
66.249.65.165 - - [12/Jul/2025:15:14:57 +0000] "GET /?k=7305451071900&mod=1177967c&uri=shared.php%3Fid%3D243985-22%26name%3Dcarl+f+bucherer+uhren+herren HTTP/1.1" 200 20893 "-" "Mozilla/5.0 (Linux; Android 6.0.1; Nexus 5X Build/MMB29P) AppleWebKit/537.36 (KHTML, like Gecko) Chrome/137.0.7151.103 Mobile Safari/537.36 (compatible; Googlebot/2.1; +http://www.google.com/bot.html)"
66.249.65.165 - - [12/Jul/2025:15:15:05 +0000] "GET /?k=7072028031900&mod=156cc497&uri=pin.php%3Fid%3D236183-396%26name%3Dbasket+nike+nouveaut%C3%83%C2%A9+femme HTTP/1.1" 200 21574 "-" "Mozilla/5.0 (Linux; Android 6.0.1; Nexus 5X Build/MMB29P) AppleWebKit/537.36 (KHTML, like Gecko) Chrome/137.0.7151.103 Mobile Safari/537.36 (compatible; Googlebot/2.1; +http://www.google.com/bot.html)"
66.249.65.165 - - [12/Jul/2025:15:15:05 +0000] "GET /?k=7225809011900&mod=44f95c37&uri=article.php%3Fid%3D241313-252%26name%3Dbig+and+tall+van+heusen+dress+shirts HTTP/1.1" 200 22326 "-" "Mozilla/5.0 (Linux; Android 6.0.1; Nexus 5X Build/MMB29P) AppleWebKit/537.36 (KHTML, like Gecko) Chrome/137.0.7151.103 Mobile Safari/537.36 (compatible; Googlebot/2.1; +http://www.google.com/bot.html)"
66.249.65.164 - - [12/Jul/2025:15:15:11 +0000] "GET /?k=7196679001900&mod=df7c6cbf&uri=blog.php%3Fid%3D240342-399%26name%3Drolex+panda+price HTTP/1.1" 200 21648 "-" "Mozilla/5.0 (Linux; Android 6.0.1; Nexus 5X Build/MMB29P) AppleWebKit/537.36 (KHTML, like Gecko) Chrome/137.0.7151.103 Mobile Safari/537.36 (compatible; Googlebot/2.1; +http://www.google.com/bot.html)"
66.249.65.164 - - [12/Jul/2025:15:15:11 +0000] "POST /get-message-notify HTTP/1.1" 200 21417 "https://alalamy.com.au/?k=4427689041900&mod=6df811b7&uri=info.php%3Fid%3D147780-265%26name%3Djaqueta+x11+speed+couro" "Mozilla/5.0 (Linux; Android 6.0.1; Nexus 5X Build/MMB29P) AppleWebKit/537.36 (KHTML, like Gecko) Chrome/137.0.7151.119 Mobile Safari/537.36 (compatible; Googlebot/2.1; +http://www.google.com/bot.html)"
209.74.77.214 - - [12/Jul/2025:15:15:17 +0000] "POST /wp-cron.php?doing_wp_cron=1752333317.0470919609069824218750 HTTP/1.1" 200 - "-" "WordPress/6.8.1; https://alalamy.com.au"
54.36.148.142 - - [12/Jul/2025:15:15:16 +0000] "GET /?k=44781734031900&mod=b9cd2d7e&uri=pin.php%3Fid%3D1494506-858%26name%3Dcharentaise+feutre+femme HTTP/1.1" 301 - "-" "Mozilla/5.0 (compatible; AhrefsBot/7.0; +http://ahrefs.com/robot/)"
66.249.65.164 - - [12/Jul/2025:15:15:19 +0000] "GET /?k=7223559001900&mod=44f95c37&uri=shared.php%3Fid%3D241238-252%26name%3Dmens+slim+fit+climbing+pants HTTP/1.1" 200 21921 "-" "Mozilla/5.0 (Linux; Android 6.0.1; Nexus 5X Build/MMB29P) AppleWebKit/537.36 (KHTML, like Gecko) Chrome/137.0.7151.103 Mobile Safari/537.36 (compatible; Googlebot/2.1; +http://www.google.com/bot.html)"
66.249.65.164 - - [12/Jul/2025:15:15:30 +0000] "GET /?k=5699757051900&mod=b4ea4cc5&uri=info.php%3Fid%3D190313-333%26name%3Doak+court+mall+jewelry+stores HTTP/1.1" 200 21749 "-" "Mozilla/5.0 (Linux; Android 6.0.1; Nexus 5X Build/MMB29P) AppleWebKit/537.36 (KHTML, like Gecko) Chrome/137.0.7151.103 Mobile Safari/537.36 (compatible; Googlebot/2.1; +http://www.google.com/bot.html)"
66.249.65.164 - - [12/Jul/2025:15:15:47 +0000] "GET /?k=81950450001900&mod=cb826161&uri=products.php%3Fid%3D2734842-364%26name%3Dblack+collar+leather+jacket HTTP/1.1" 200 21004 "-" "Mozilla/5.0 (Linux; Android 6.0.1; Nexus 5X Build/MMB29P) AppleWebKit/537.36 (KHTML, like Gecko) Chrome/137.0.7151.103 Mobile Safari/537.36 (compatible; Googlebot/2.1; +http://www.google.com/bot.html)"
209.74.77.214 - - [12/Jul/2025:15:15:54 +0000] "POST /wp-cron.php?doing_wp_cron=1752333354.3173251152038574218750 HTTP/1.1" 200 - "-" "WordPress/6.8.1; https://alalamy.com.au"
54.36.148.215 - - [12/Jul/2025:15:15:54 +0000] "GET /?k=45031804001900&mod=24dc105f&uri=us.php%3Fid%3D1502857-1216%26name%3Dburberry+be2288 HTTP/1.1" 301 - "-" "Mozilla/5.0 (compatible; AhrefsBot/7.0; +http://ahrefs.com/robot/)"
209.74.77.214 - - [12/Jul/2025:15:15:54 +0000] "POST /wp-admin/admin-ajax.php?action=async_litespeed&nonce=dwSyhukwX2MffhUjk4ksxJibCsAJcgzd&litespeed_type=imgoptm HTTP/1.1" 200 21 "-" "WordPress/6.8.1; https://alalamy.com.au"
66.249.65.164 - - [12/Jul/2025:15:16:02 +0000] "POST /get-message-notify HTTP/1.1" 200 21436 "https://alalamy.com.au/?k=81950450001900&mod=cb826161&uri=products.php%3Fid%3D2734842-364%26name%3Dblack+collar+leather+jacket" "Mozilla/5.0 (Linux; Android 6.0.1; Nexus 5X Build/MMB29P) AppleWebKit/537.36 (KHTML, like Gecko) Chrome/137.0.7151.119 Mobile Safari/537.36 (compatible; Googlebot/2.1; +http://www.google.com/bot.html)"
66.249.65.165 - - [12/Jul/2025:15:16:12 +0000] "GET /?k=7273957071900&mod=78b643f9&uri=goods.php%3Fid%3D242925-404%26name%3Doutfit+16+gradi HTTP/1.1" 200 22121 "-" "Mozilla/5.0 (Linux; Android 6.0.1; Nexus 5X Build/MMB29P) AppleWebKit/537.36 (KHTML, like Gecko) Chrome/137.0.7151.103 Mobile Safari/537.36 (compatible; Googlebot/2.1; +http://www.google.com/bot.html)"
66.249.65.164 - - [12/Jul/2025:15:16:20 +0000] "GET /?k=119418493051900&mod=960b0b80&uri=pin.php%3Fid%3D3985361-335%26name%3Dbloodborne+nintendo+switch HTTP/1.1" 200 21801 "-" "Mozilla/5.0 (Linux; Android 6.0.1; Nexus 5X Build/MMB29P) AppleWebKit/537.36 (KHTML, like Gecko) Chrome/137.0.7151.103 Mobile Safari/537.36 (compatible; Googlebot/2.1; +http://www.google.com/bot.html)"
66.249.65.164 - - [12/Jul/2025:15:16:24 +0000] "POST /get-message-notify HTTP/1.1" 200 21432 "https://alalamy.com.au/?k=119418493051900&mod=960b0b80&uri=pin.php%3Fid%3D3985361-335%26name%3Dbloodborne+nintendo+switch" "Mozilla/5.0 (Linux; Android 6.0.1; Nexus 5X Build/MMB29P) AppleWebKit/537.36 (KHTML, like Gecko) Chrome/137.0.7151.119 Mobile Safari/537.36 (compatible; Googlebot/2.1; +http://www.google.com/bot.html)"
66.249.65.164 - - [12/Jul/2025:15:16:26 +0000] "GET /?k=6982694061900&mod=962ebbfe&uri=itm.php%3Fid%3D233198-394%26name%3Dburner+gas+burner HTTP/1.1" 200 21834 "-" "Mozilla/5.0 (Linux; Android 6.0.1; Nexus 5X Build/MMB29P) AppleWebKit/537.36 (KHTML, like Gecko) Chrome/137.0.7151.103 Mobile Safari/537.36 (compatible; Googlebot/2.1; +http://www.google.com/bot.html)"
209.74.77.214 - - [12/Jul/2025:15:16:26 +0000] "POST /wp-cron.php?doing_wp_cron=1752333386.9325261116027832031250 HTTP/1.1" 200 - "-" "WordPress/6.8.1; https://alalamy.com.au"
54.36.149.67 - - [12/Jul/2025:15:16:26 +0000] "GET /?k=45309235071900&mod=452dee7e&uri=products.php%3Fid%3D1512110-313%26name%3Dgusti+leder+therese HTTP/1.1" 301 - "-" "Mozilla/5.0 (compatible; AhrefsBot/7.0; +http://ahrefs.com/robot/)"
66.249.65.166 - - [12/Jul/2025:15:17:02 +0000] "GET /?k=7085277141900&mod=539ef09c&uri=article.php%3Fid%3D236625-397%26name%3Dnaturalizer+cruzen+pump HTTP/1.1" 200 20270 "-" "Mozilla/5.0 (Linux; Android 6.0.1; Nexus 5X Build/MMB29P) AppleWebKit/537.36 (KHTML, like Gecko) Chrome/137.0.7151.103 Mobile Safari/537.36 (compatible; Googlebot/2.1; +http://www.google.com/bot.html)"
209.74.77.214 - - [12/Jul/2025:15:17:03 +0000] "POST /wp-cron.php?doing_wp_cron=1752333423.2966558933258056640625 HTTP/1.1" 200 - "-" "WordPress/6.8.1; https://alalamy.com.au"
54.36.149.23 - - [12/Jul/2025:15:17:01 +0000] "GET /?k=45395313001900&mod=50cb679c&uri=shared.php%3Fid%3D1514980-1081%26name%3Ddenver+broncos+sweatshirt+cheap HTTP/1.1" 301 - "-" "Mozilla/5.0 (compatible; AhrefsBot/7.0; +http://ahrefs.com/robot/)"
209.74.77.214 - - [12/Jul/2025:15:17:03 +0000] "POST /wp-admin/admin-ajax.php?action=async_litespeed&nonce=o3URFnErGerVqQyliBhGqTqB3xRwgnoC&litespeed_type=imgoptm HTTP/1.1" 200 21 "-" "WordPress/6.8.1; https://alalamy.com.au"
66.249.65.164 - - [12/Jul/2025:15:17:06 +0000] "POST /get-message-notify HTTP/1.1" 200 21432 "https://alalamy.com.au/?k=7085277141900&mod=539ef09c&uri=article.php%3Fid%3D236625-397%26name%3Dnaturalizer+cruzen+pump" "Mozilla/5.0 (Linux; Android 6.0.1; Nexus 5X Build/MMB29P) AppleWebKit/537.36 (KHTML, like Gecko) Chrome/137.0.7151.119 Mobile Safari/537.36 (compatible; Googlebot/2.1; +http://www.google.com/bot.html)"
66.249.65.164 - - [12/Jul/2025:15:17:14 +0000] "GET /?k=119728693001900&mod=b1dbc35c&uri=blog.php%3Fid%3D3995710-539%26name%3Dfarming+simulator+nintendo+switch+controls HTTP/1.1" 200 21591 "-" "Mozilla/5.0 (Linux; Android 6.0.1; Nexus 5X Build/MMB29P) AppleWebKit/537.36 (KHTML, like Gecko) Chrome/137.0.7151.103 Mobile Safari/537.36 (compatible; Googlebot/2.1; +http://www.google.com/bot.html)"
