66.249.65.164 - - [12/Jul/2025:16:00:34 +0000] "GET /?k=42126911071900&mod=4fb04ef6&uri=news.php%3Fid%3D1405953-1173%26name%3Dbike+trunk+bag+laptop HTTP/1.1" 200 20919 "-" "Mozilla/5.0 (Linux; Android 6.0.1; Nexus 5X Build/MMB29P) AppleWebKit/537.36 (KHTML, like Gecko) Chrome/137.0.7151.103 Mobile Safari/537.36 (compatible; Googlebot/2.1; +http://www.google.com/bot.html)"
66.249.65.164 - - [12/Jul/2025:16:00:40 +0000] "GET /?k=6876954021900&mod=69846de5&uri=goods.php%3Fid%3D229670-386%26name%3Dbridgestone+golf+hats+amazon HTTP/1.1" 200 22162 "-" "Mozilla/5.0 (Linux; Android 6.0.1; Nexus 5X Build/MMB29P) AppleWebKit/537.36 (KHTML, like Gecko) Chrome/137.0.7151.103 Mobile Safari/537.36 (compatible; Googlebot/2.1; +http://www.google.com/bot.html)"
209.74.77.214 - - [12/Jul/2025:16:00:41 +0000] "POST /wp-cron.php?doing_wp_cron=1752336041.0075991153717041015625 HTTP/1.1" 200 - "-" "WordPress/6.8.1; https://alalamy.com.au"
54.36.148.208 - - [12/Jul/2025:16:00:40 +0000] "GET /?k=71451664041900&mod=0fa32764&uri=itm.php%3Fid%3D2384414-1435%26name%3Djay+z+puma+suit HTTP/1.1" 301 - "-" "Mozilla/5.0 (compatible; AhrefsBot/7.0; +http://ahrefs.com/robot/)"
209.74.77.214 - - [12/Jul/2025:16:00:41 +0000] "POST /wp-admin/admin-ajax.php?action=async_litespeed&nonce=9NZYWL3UbjUvPIaQIZdMW4zwGRaFuWUi&litespeed_type=imgoptm HTTP/1.1" 200 21 "-" "WordPress/6.8.1; https://alalamy.com.au"
66.249.65.164 - - [12/Jul/2025:16:00:58 +0000] "GET /?k=42128080041900&mod=4fb04ef6&uri=brands.php%3Fid%3D1405992-1173%26name%3Ddimensions+of+fjallraven+kanken HTTP/1.1" 200 20947 "-" "Mozilla/5.0 (Linux; Android 6.0.1; Nexus 5X Build/MMB29P) AppleWebKit/537.36 (KHTML, like Gecko) Chrome/137.0.7151.103 Mobile Safari/537.36 (compatible; Googlebot/2.1; +http://www.google.com/bot.html)"
66.249.65.164 - - [12/Jul/2025:16:01:00 +0000] "POST /get-message-notify HTTP/1.1" 200 21417 "https://alalamy.com.au/?k=6876954021900&mod=69846de5&uri=goods.php%3Fid%3D229670-386%26name%3Dbridgestone+golf+hats+amazon" "Mozilla/5.0 (Linux; Android 6.0.1; Nexus 5X Build/MMB29P) AppleWebKit/537.36 (KHTML, like Gecko) Chrome/137.0.7151.119 Mobile Safari/537.36 (compatible; Googlebot/2.1; +http://www.google.com/bot.html)"
66.249.65.164 - - [12/Jul/2025:16:01:03 +0000] "GET /?k=7034490061900&mod=156cc497&uri=form.php%3Fid%3D234929-396%26name%3Dpanier+de+basket+en+carton HTTP/1.1" 200 20586 "-" "Mozilla/5.0 (Linux; Android 6.0.1; Nexus 5X Build/MMB29P) AppleWebKit/537.36 (KHTML, like Gecko) Chrome/137.0.7151.103 Mobile Safari/537.36 (compatible; Googlebot/2.1; +http://www.google.com/bot.html)"
66.249.65.164 - - [12/Jul/2025:16:01:05 +0000] "POST /get-message-notify HTTP/1.1" 200 21418 "https://alalamy.com.au/?k=42128080041900&mod=4fb04ef6&uri=brands.php%3Fid%3D1405992-1173%26name%3Ddimensions+of+fjallraven+kanken" "Mozilla/5.0 (Linux; Android 6.0.1; Nexus 5X Build/MMB29P) AppleWebKit/537.36 (KHTML, like Gecko) Chrome/137.0.7151.119 Mobile Safari/537.36 (compatible; Googlebot/2.1; +http://www.google.com/bot.html)"
66.249.65.164 - - [12/Jul/2025:16:01:05 +0000] "GET /?k=6963974061900&mod=20ea88ff&uri=info.php%3Fid%3D232574-390%26name%3Dchaussure+de+foot+nike+taille+39 HTTP/1.1" 200 20946 "-" "Mozilla/5.0 (Linux; Android 6.0.1; Nexus 5X Build/MMB29P) AppleWebKit/537.36 (KHTML, like Gecko) Chrome/137.0.7151.103 Mobile Safari/537.36 (compatible; Googlebot/2.1; +http://www.google.com/bot.html)"
66.249.65.164 - - [12/Jul/2025:16:01:05 +0000] "POST /get-message-notify HTTP/1.1" 200 21418 "https://alalamy.com.au/?k=7034490061900&mod=156cc497&uri=form.php%3Fid%3D234929-396%26name%3Dpanier+de+basket+en+carton" "Mozilla/5.0 (Linux; Android 6.0.1; Nexus 5X Build/MMB29P) AppleWebKit/537.36 (KHTML, like Gecko) Chrome/137.0.7151.119 Mobile Safari/537.36 (compatible; Googlebot/2.1; +http://www.google.com/bot.html)"
66.249.65.164 - - [12/Jul/2025:16:01:08 +0000] "POST /get-message-notify HTTP/1.1" 200 21418 "https://alalamy.com.au/?k=6963974061900&mod=20ea88ff&uri=info.php%3Fid%3D232574-390%26name%3Dchaussure+de+foot+nike+taille+39" "Mozilla/5.0 (Linux; Android 6.0.1; Nexus 5X Build/MMB29P) AppleWebKit/537.36 (KHTML, like Gecko) Chrome/137.0.7151.119 Mobile Safari/537.36 (compatible; Googlebot/2.1; +http://www.google.com/bot.html)"
54.36.148.230 - - [12/Jul/2025:16:01:13 +0000] "GET /?k=71560731011900&mod=484d7aa1&uri=form.php%3Fid%3D2388052-744%26name%3Dasics+black+and+pink+shoes HTTP/1.1" 301 - "-" "Mozilla/5.0 (compatible; AhrefsBot/7.0; +http://ahrefs.com/robot/)"
66.249.65.164 - - [12/Jul/2025:16:01:20 +0000] "GET /?k=6860214001900&mod=365adce6&uri=info.php%3Fid%3D229112-385%26name%3Diwatch+telenor HTTP/1.1" 200 21089 "-" "Mozilla/5.0 (Linux; Android 6.0.1; Nexus 5X Build/MMB29P) AppleWebKit/537.36 (KHTML, like Gecko) Chrome/137.0.7151.103 Mobile Safari/537.36 (compatible; Googlebot/2.1; +http://www.google.com/bot.html)"
66.249.65.164 - - [12/Jul/2025:16:01:23 +0000] "GET /?k=4440409031900&mod=d4ae8c1a&uri=products.php%3Fid%3D148204-267%26name%3Dessilor+verre+myopie HTTP/1.1" 200 21446 "-" "Mozilla/5.0 (Linux; Android 6.0.1; Nexus 5X Build/MMB29P) AppleWebKit/537.36 (KHTML, like Gecko) Chrome/137.0.7151.103 Mobile Safari/537.36 (compatible; Googlebot/2.1; +http://www.google.com/bot.html)"
66.249.65.164 - - [12/Jul/2025:16:01:26 +0000] "POST /get-message-notify HTTP/1.1" 200 21427 "https://alalamy.com.au/?k=6860214001900&mod=365adce6&uri=info.php%3Fid%3D229112-385%26name%3Diwatch+telenor" "Mozilla/5.0 (Linux; Android 6.0.1; Nexus 5X Build/MMB29P) AppleWebKit/537.36 (KHTML, like Gecko) Chrome/137.0.7151.119 Mobile Safari/537.36 (compatible; Googlebot/2.1; +http://www.google.com/bot.html)"
66.249.65.164 - - [12/Jul/2025:16:01:27 +0000] "GET /?k=47500895041900&mod=4ef30115&uri=us.php%3Fid%3D1585218-91%26name%3Dliv+cypress+dx+w HTTP/1.1" 200 21706 "-" "Mozilla/5.0 (Linux; Android 6.0.1; Nexus 5X Build/MMB29P) AppleWebKit/537.36 (KHTML, like Gecko) Chrome/137.0.7151.103 Mobile Safari/537.36 (compatible; Googlebot/2.1; +http://www.google.com/bot.html)"
66.249.65.164 - - [12/Jul/2025:16:01:27 +0000] "GET /?k=4439929021900&mod=6df811b7&uri=products.php%3Fid%3D148188-265%26name%3D0800+mizuno+alpargatas HTTP/1.1" 200 22271 "-" "Mozilla/5.0 (Linux; Android 6.0.1; Nexus 5X Build/MMB29P) AppleWebKit/537.36 (KHTML, like Gecko) Chrome/137.0.7151.103 Mobile Safari/537.36 (compatible; Googlebot/2.1; +http://www.google.com/bot.html)"
66.249.65.164 - - [12/Jul/2025:16:01:31 +0000] "POST /get-message-notify HTTP/1.1" 200 21428 "https://alalamy.com.au/?k=47500895041900&mod=4ef30115&uri=us.php%3Fid%3D1585218-91%26name%3Dliv+cypress+dx+w" "Mozilla/5.0 (Linux; Android 6.0.1; Nexus 5X Build/MMB29P) AppleWebKit/537.36 (KHTML, like Gecko) Chrome/137.0.7151.119 Mobile Safari/537.36 (compatible; Googlebot/2.1; +http://www.google.com/bot.html)"
66.249.65.164 - - [12/Jul/2025:16:01:34 +0000] "GET /?k=7328749051900&mod=9078b6ab&uri=shop.php%3Fid%3D244765-222%26name%3Dnike+jordan+react+havoc+psg HTTP/1.1" 200 21302 "-" "Mozilla/5.0 (Linux; Android 6.0.1; Nexus 5X Build/MMB29P) AppleWebKit/537.36 (KHTML, like Gecko) Chrome/137.0.7151.103 Mobile Safari/537.36 (compatible; Googlebot/2.1; +http://www.google.com/bot.html)"
66.249.65.164 - - [12/Jul/2025:16:01:34 +0000] "GET /?k=39041936021900&mod=de3358ca&uri=article.php%3Fid%3D1303030-378%26name%3Dwest+coast+kids+stroller HTTP/1.1" 200 22249 "-" "Mozilla/5.0 (Linux; Android 6.0.1; Nexus 5X Build/MMB29P) AppleWebKit/537.36 (KHTML, like Gecko) Chrome/137.0.7151.103 Mobile Safari/537.36 (compatible; Googlebot/2.1; +http://www.google.com/bot.html)"
66.249.65.165 - - [12/Jul/2025:16:01:37 +0000] "POST /get-message-notify HTTP/1.1" 200 21429 "https://alalamy.com.au/?k=7328749051900&mod=9078b6ab&uri=shop.php%3Fid%3D244765-222%26name%3Dnike+jordan+react+havoc+psg" "Mozilla/5.0 (Linux; Android 6.0.1; Nexus 5X Build/MMB29P) AppleWebKit/537.36 (KHTML, like Gecko) Chrome/137.0.7151.119 Mobile Safari/537.36 (compatible; Googlebot/2.1; +http://www.google.com/bot.html)"
66.249.65.165 - - [12/Jul/2025:16:01:38 +0000] "POST /get-message-notify HTTP/1.1" 200 21410 "https://alalamy.com.au/?k=39041936021900&mod=de3358ca&uri=article.php%3Fid%3D1303030-378%26name%3Dwest+coast+kids+stroller" "Mozilla/5.0 (Linux; Android 6.0.1; Nexus 5X Build/MMB29P) AppleWebKit/537.36 (KHTML, like Gecko) Chrome/137.0.7151.119 Mobile Safari/537.36 (compatible; Googlebot/2.1; +http://www.google.com/bot.html)"
66.249.65.165 - - [12/Jul/2025:16:01:40 +0000] "GET /?k=6923115031900&mod=b9b993f4&uri=dp.php%3Fid%3D231211-387%26name%3Dbosu+ball+core+exercises HTTP/1.1" 200 22155 "-" "Mozilla/5.0 (Linux; Android 6.0.1; Nexus 5X Build/MMB29P) AppleWebKit/537.36 (KHTML, like Gecko) Chrome/137.0.7151.103 Mobile Safari/537.36 (compatible; Googlebot/2.1; +http://www.google.com/bot.html)"
66.249.65.164 - - [12/Jul/2025:16:01:42 +0000] "GET /?k=4424569041900&mod=6df811b7&uri=products.php%3Fid%3D147676-265%26name%3Dprotetor+de+coluna+para+jaqueta HTTP/1.1" 200 21436 "-" "Mozilla/5.0 (Linux; Android 6.0.1; Nexus 5X Build/MMB29P) AppleWebKit/537.36 (KHTML, like Gecko) Chrome/137.0.7151.103 Mobile Safari/537.36 (compatible; Googlebot/2.1; +http://www.google.com/bot.html)"
66.249.65.164 - - [12/Jul/2025:16:01:43 +0000] "GET /?k=6736565091900&mod=b75fccec&uri=dp.php%3Fid%3D224983-233%26name%3Dpantal%C3%83%C2%B3n+uniforme+gris+hipercor HTTP/1.1" 200 20999 "-" "Mozilla/5.0 (Linux; Android 6.0.1; Nexus 5X Build/MMB29P) AppleWebKit/537.36 (KHTML, like Gecko) Chrome/137.0.7151.103 Mobile Safari/537.36 (compatible; Googlebot/2.1; +http://www.google.com/bot.html)"
66.249.65.164 - - [12/Jul/2025:16:01:48 +0000] "GET /?k=6933125031900&mod=b9b993f4&uri=shared.php%3Fid%3D231545-387%26name%3Ddragonfly+sit+up HTTP/1.1" 200 21775 "-" "Mozilla/5.0 (Linux; Android 6.0.1; Nexus 5X Build/MMB29P) AppleWebKit/537.36 (KHTML, like Gecko) Chrome/137.0.7151.103 Mobile Safari/537.36 (compatible; Googlebot/2.1; +http://www.google.com/bot.html)"
66.249.65.164 - - [12/Jul/2025:16:01:49 +0000] "GET /?k=4442329021900&mod=d4ae8c1a&uri=blog.php%3Fid%3D148268-267%26name%3Dverres+perc%C3%83%C2%A9s HTTP/1.1" 200 21114 "-" "Mozilla/5.0 (Linux; Android 6.0.1; Nexus 5X Build/MMB29P) AppleWebKit/537.36 (KHTML, like Gecko) Chrome/137.0.7151.103 Mobile Safari/537.36 (compatible; Googlebot/2.1; +http://www.google.com/bot.html)"
66.249.65.165 - - [12/Jul/2025:16:01:50 +0000] "GET /?k=4437529071900&mod=6df811b7&uri=brands.php%3Fid%3D148108-265%26name%3Djaqueta+de+fibra+masculina HTTP/1.1" 200 20524 "-" "Mozilla/5.0 (Linux; Android 6.0.1; Nexus 5X Build/MMB29P) AppleWebKit/537.36 (KHTML, like Gecko) Chrome/137.0.7151.103 Mobile Safari/537.36 (compatible; Googlebot/2.1; +http://www.google.com/bot.html)"
66.249.65.164 - - [12/Jul/2025:16:01:52 +0000] "POST /get-message-notify HTTP/1.1" 200 21440 "https://alalamy.com.au/?k=6736565091900&mod=b75fccec&uri=dp.php%3Fid%3D224983-233%26name%3Dpantal%C3%83%C2%B3n+uniforme+gris+hipercor" "Mozilla/5.0 (Linux; Android 6.0.1; Nexus 5X Build/MMB29P) AppleWebKit/537.36 (KHTML, like Gecko) Chrome/137.0.7151.119 Mobile Safari/537.36 (compatible; Googlebot/2.1; +http://www.google.com/bot.html)"
209.74.77.214 - - [12/Jul/2025:16:01:56 +0000] "POST /wp-cron.php?doing_wp_cron=1752336116.1332149505615234375000 HTTP/1.1" 200 - "-" "WordPress/6.8.1; https://alalamy.com.au"
54.36.149.86 - - [12/Jul/2025:16:01:55 +0000] "GET /?k=71575101001900&mod=1679bd57&uri=dp.php%3Fid%3D2388531-1436%26name%3Dpuma+disc+trinomic+uomo+online HTTP/1.1" 301 - "-" "Mozilla/5.0 (compatible; AhrefsBot/7.0; +http://ahrefs.com/robot/)"
209.74.77.214 - - [12/Jul/2025:16:01:56 +0000] "POST /wp-admin/admin-ajax.php?action=async_litespeed&nonce=Aq1obn7NQDiLYsCZG8JhVZc8NNeezLBT&litespeed_type=imgoptm HTTP/1.1" 200 21 "-" "WordPress/6.8.1; https://alalamy.com.au"
66.249.65.165 - - [12/Jul/2025:16:01:56 +0000] "GET /?k=4434649011900&mod=6df811b7&uri=brands.php%3Fid%3D148012-265%26name%3Dblusa+nike+windrunner HTTP/1.1" 200 20636 "-" "Mozilla/5.0 (Linux; Android 6.0.1; Nexus 5X Build/MMB29P) AppleWebKit/537.36 (KHTML, like Gecko) Chrome/137.0.7151.103 Mobile Safari/537.36 (compatible; Googlebot/2.1; +http://www.google.com/bot.html)"
66.249.65.166 - - [12/Jul/2025:16:02:02 +0000] "GET /?k=7197099021900&mod=5e3a4137&uri=form.php%3Fid%3D240356-400%26name%3Dgarmin+vivoactive+watch+strap+loop HTTP/1.1" 200 21961 "-" "Mozilla/5.0 (Linux; Android 6.0.1; Nexus 5X Build/MMB29P) AppleWebKit/537.36 (KHTML, like Gecko) Chrome/137.0.7151.103 Mobile Safari/537.36 (compatible; Googlebot/2.1; +http://www.google.com/bot.html)"
66.249.65.164 - - [12/Jul/2025:16:02:08 +0000] "GET /?k=119823541011900&mod=bba744f5&uri=product.php%3Fid%3D3998875-236%26name%3Dlean+yellow+belt+program HTTP/1.1" 200 21915 "-" "Mozilla/5.0 (Linux; Android 6.0.1; Nexus 5X Build/MMB29P) AppleWebKit/537.36 (KHTML, like Gecko) Chrome/137.0.7151.103 Mobile Safari/537.36 (compatible; Googlebot/2.1; +http://www.google.com/bot.html)"
66.249.65.164 - - [12/Jul/2025:16:02:14 +0000] "GET /?k=7085667041900&mod=413e4eb3&uri=goods.php%3Fid%3D236638-398%26name%3Dnext+signature+shoes+womens HTTP/1.1" 200 21332 "-" "Mozilla/5.0 (Linux; Android 6.0.1; Nexus 5X Build/MMB29P) AppleWebKit/537.36 (KHTML, like Gecko) Chrome/137.0.7151.103 Mobile Safari/537.36 (compatible; Googlebot/2.1; +http://www.google.com/bot.html)"
66.249.65.164 - - [12/Jul/2025:16:02:16 +0000] "GET /?k=4439689041900&mod=6df811b7&uri=form.php%3Fid%3D148180-265%26name%3Dvera+fibaro HTTP/1.1" 200 21939 "-" "Mozilla/5.0 (Linux; Android 6.0.1; Nexus 5X Build/MMB29P) AppleWebKit/537.36 (KHTML, like Gecko) Chrome/137.0.7151.103 Mobile Safari/537.36 (compatible; Googlebot/2.1; +http://www.google.com/bot.html)"
66.249.65.164 - - [12/Jul/2025:16:02:18 +0000] "GET /?k=4431769101900&mod=6df811b7&uri=news.php%3Fid%3D147916-265%26name%3Dcasaco+branco+com+capuz HTTP/1.1" 200 20329 "-" "Mozilla/5.0 (Linux; Android 6.0.1; Nexus 5X Build/MMB29P) AppleWebKit/537.36 (KHTML, like Gecko) Chrome/137.0.7151.103 Mobile Safari/537.36 (compatible; Googlebot/2.1; +http://www.google.com/bot.html)"
66.249.65.164 - - [12/Jul/2025:16:02:21 +0000] "GET /?k=7212309051900&mod=d2394127&uri=form.php%3Fid%3D240863-372%26name%3Drings+for+guys HTTP/1.1" 200 21984 "-" "Mozilla/5.0 (Linux; Android 6.0.1; Nexus 5X Build/MMB29P) AppleWebKit/537.36 (KHTML, like Gecko) Chrome/137.0.7151.103 Mobile Safari/537.36 (compatible; Googlebot/2.1; +http://www.google.com/bot.html)"
66.249.65.164 - - [12/Jul/2025:16:02:23 +0000] "GET /?k=7079944071900&mod=156cc497&uri=products.php%3Fid%3D236447-396%26name%3Dpuma+ralph+sampson+bleu HTTP/1.1" 200 21029 "-" "Mozilla/5.0 (Linux; Android 6.0.1; Nexus 5X Build/MMB29P) AppleWebKit/537.36 (KHTML, like Gecko) Chrome/137.0.7151.103 Mobile Safari/537.36 (compatible; Googlebot/2.1; +http://www.google.com/bot.html)"
66.249.65.164 - - [12/Jul/2025:16:02:24 +0000] "GET /?k=7200519041900&mod=5e3a4137&uri=news.php%3Fid%3D240470-400%26name%3Dreplacement+strap+for+garmin+s2+watch HTTP/1.1" 200 21560 "-" "Mozilla/5.0 (Linux; Android 6.0.1; Nexus 5X Build/MMB29P) AppleWebKit/537.36 (KHTML, like Gecko) Chrome/137.0.7151.103 Mobile Safari/537.36 (compatible; Googlebot/2.1; +http://www.google.com/bot.html)"
66.249.65.164 - - [12/Jul/2025:16:02:26 +0000] "GET /?k=42124841011900&mod=6b41983a&uri=goods.php%3Fid%3D1405884-542%26name%3Dcomo+quitar+el+mensaje+de+buzon+de+voz+telcel HTTP/1.1" 200 22010 "-" "Mozilla/5.0 (Linux; Android 6.0.1; Nexus 5X Build/MMB29P) AppleWebKit/537.36 (KHTML, like Gecko) Chrome/137.0.7151.103 Mobile Safari/537.36 (compatible; Googlebot/2.1; +http://www.google.com/bot.html)"
66.249.65.164 - - [12/Jul/2025:16:02:29 +0000] "GET /?k=42126731011900&mod=4fb04ef6&uri=dp.php%3Fid%3D1405947-1173%26name%3Dkanken+backpack+sizes+comparison HTTP/1.1" 200 20801 "-" "Mozilla/5.0 (Linux; Android 6.0.1; Nexus 5X Build/MMB29P) AppleWebKit/537.36 (KHTML, like Gecko) Chrome/137.0.7151.103 Mobile Safari/537.36 (compatible; Googlebot/2.1; +http://www.google.com/bot.html)"
66.249.65.164 - - [12/Jul/2025:16:02:29 +0000] "POST /get-message-notify HTTP/1.1" 200 21436 "https://alalamy.com.au/?k=42124841011900&mod=6b41983a&uri=goods.php%3Fid%3D1405884-542%26name%3Dcomo+quitar+el+mensaje+de+buzon+de+voz+telcel" "Mozilla/5.0 AppleWebKit/537.36 (KHTML, like Gecko; compatible; Googlebot/2.1; +http://www.google.com/bot.html) Chrome/137.0.7151.119 Safari/537.36"
66.249.65.164 - - [12/Jul/2025:16:02:31 +0000] "POST /get-message-notify HTTP/1.1" 200 21459 "https://alalamy.com.au/?k=42126731011900&mod=4fb04ef6&uri=dp.php%3Fid%3D1405947-1173%26name%3Dkanken+backpack+sizes+comparison" "Mozilla/5.0 (Linux; Android 6.0.1; Nexus 5X Build/MMB29P) AppleWebKit/537.36 (KHTML, like Gecko) Chrome/137.0.7151.119 Mobile Safari/537.36 (compatible; Googlebot/2.1; +http://www.google.com/bot.html)"
66.249.65.164 - - [12/Jul/2025:16:02:33 +0000] "POST /get-message-notify HTTP/1.1" 200 21432 "https://alalamy.com.au/?k=7200519041900&mod=5e3a4137&uri=news.php%3Fid%3D240470-400%26name%3Dreplacement+strap+for+garmin+s2+watch" "Mozilla/5.0 (Linux; Android 6.0.1; Nexus 5X Build/MMB29P) AppleWebKit/537.36 (KHTML, like Gecko) Chrome/137.0.7151.119 Mobile Safari/537.36 (compatible; Googlebot/2.1; +http://www.google.com/bot.html)"
66.249.65.164 - - [12/Jul/2025:16:02:34 +0000] "POST /get-message-notify HTTP/1.1" 200 21432 "https://alalamy.com.au/?k=4431769101900&mod=6df811b7&uri=news.php%3Fid%3D147916-265%26name%3Dcasaco+branco+com+capuz" "Mozilla/5.0 (Linux; Android 6.0.1; Nexus 5X Build/MMB29P) AppleWebKit/537.36 (KHTML, like Gecko) Chrome/137.0.7151.119 Mobile Safari/537.36 (compatible; Googlebot/2.1; +http://www.google.com/bot.html)"
66.249.65.164 - - [12/Jul/2025:16:02:34 +0000] "GET /?k=6855084011900&mod=365adce6&uri=info.php%3Fid%3D228941-385%26name%3Dcan+you+make+an+apple+watch+work+with+android HTTP/1.1" 200 21144 "-" "Mozilla/5.0 (Linux; Android 6.0.1; Nexus 5X Build/MMB29P) AppleWebKit/537.36 (KHTML, like Gecko) Chrome/137.0.7151.103 Mobile Safari/537.36 (compatible; Googlebot/2.1; +http://www.google.com/bot.html)"
209.74.77.214 - - [12/Jul/2025:16:02:34 +0000] "POST /wp-cron.php?doing_wp_cron=1752336154.7574119567871093750000 HTTP/1.1" 200 - "-" "WordPress/6.8.1; https://alalamy.com.au"
54.36.148.186 - - [12/Jul/2025:16:02:34 +0000] "GET /?k=71756879051900&mod=e7ca5194&uri=itm.php%3Fid%3D2394596-1261%26name%3Dvera+bradley+resort+medallion+backpack HTTP/1.1" 301 - "-" "Mozilla/5.0 (compatible; AhrefsBot/7.0; +http://ahrefs.com/robot/)"
209.74.77.214 - - [12/Jul/2025:16:02:34 +0000] "POST /wp-admin/admin-ajax.php?action=async_litespeed&nonce=xwpisu329Rkm3auFHe4UkhYBpRTXC0cI&litespeed_type=imgoptm HTTP/1.1" 200 21 "-" "WordPress/6.8.1; https://alalamy.com.au"
66.249.65.165 - - [12/Jul/2025:16:02:39 +0000] "GET /?k=42126101041900&mod=4fb04ef6&uri=blog.php%3Fid%3D1405926-1173%26name%3Dis+kanken+waterproof HTTP/1.1" 200 20576 "-" "Mozilla/5.0 (Linux; Android 6.0.1; Nexus 5X Build/MMB29P) AppleWebKit/537.36 (KHTML, like Gecko) Chrome/137.0.7151.103 Mobile Safari/537.36 (compatible; Googlebot/2.1; +http://www.google.com/bot.html)"
66.249.65.164 - - [12/Jul/2025:16:02:49 +0000] "GET /?k=6869814021900&mod=365adce6&uri=goods.php%3Fid%3D229432-385%26name%3Dgarmin+vivofit+vs+fitbit+alta HTTP/1.1" 200 21684 "-" "Mozilla/5.0 (Linux; Android 6.0.1; Nexus 5X Build/MMB29P) AppleWebKit/537.36 (KHTML, like Gecko) Chrome/137.0.7151.103 Mobile Safari/537.36 (compatible; Googlebot/2.1; +http://www.google.com/bot.html)"
66.249.65.165 - - [12/Jul/2025:16:02:51 +0000] "POST /get-message-notify HTTP/1.1" 200 21431 "https://alalamy.com.au/?k=42126101041900&mod=4fb04ef6&uri=blog.php%3Fid%3D1405926-1173%26name%3Dis+kanken+waterproof" "Mozilla/5.0 (Linux; Android 6.0.1; Nexus 5X Build/MMB29P) AppleWebKit/537.36 (KHTML, like Gecko) Chrome/137.0.7151.119 Mobile Safari/537.36 (compatible; Googlebot/2.1; +http://www.google.com/bot.html)"
66.249.65.164 - - [12/Jul/2025:16:02:52 +0000] "POST /get-message-notify HTTP/1.1" 200 21426 "https://alalamy.com.au/?k=6869814021900&mod=365adce6&uri=goods.php%3Fid%3D229432-385%26name%3Dgarmin+vivofit+vs+fitbit+alta" "Mozilla/5.0 (Linux; Android 6.0.1; Nexus 5X Build/MMB29P) AppleWebKit/537.36 (KHTML, like Gecko) Chrome/137.0.7151.119 Mobile Safari/537.36 (compatible; Googlebot/2.1; +http://www.google.com/bot.html)"
66.249.65.165 - - [12/Jul/2025:16:02:57 +0000] "GET /?k=6864414021900&mod=365adce6&uri=news.php%3Fid%3D229252-385%26name%3Diwatch+garmin HTTP/1.1" 200 21159 "-" "Mozilla/5.0 (Linux; Android 6.0.1; Nexus 5X Build/MMB29P) AppleWebKit/537.36 (KHTML, like Gecko) Chrome/137.0.7151.103 Mobile Safari/537.36 (compatible; Googlebot/2.1; +http://www.google.com/bot.html)"
66.249.65.165 - - [12/Jul/2025:16:02:59 +0000] "GET /?k=6858744111900&mod=69846de5&uri=article.php%3Fid%3D229063-386%26name%3Dcallaway+rogue+hat HTTP/1.1" 200 21208 "-" "Mozilla/5.0 (Linux; Android 6.0.1; Nexus 5X Build/MMB29P) AppleWebKit/537.36 (KHTML, like Gecko) Chrome/137.0.7151.103 Mobile Safari/537.36 (compatible; Googlebot/2.1; +http://www.google.com/bot.html)"
66.249.65.166 - - [12/Jul/2025:16:03:02 +0000] "POST /get-message-notify HTTP/1.1" 200 21435 "https://alalamy.com.au/?k=7085667041900&mod=413e4eb3&uri=goods.php%3Fid%3D236638-398%26name%3Dnext+signature+shoes+womens" "Mozilla/5.0 (Linux; Android 6.0.1; Nexus 5X Build/MMB29P) AppleWebKit/537.36 (KHTML, like Gecko) Chrome/137.0.7151.119 Mobile Safari/537.36 (compatible; Googlebot/2.1; +http://www.google.com/bot.html)"
66.249.65.164 - - [12/Jul/2025:16:03:03 +0000] "GET /?k=6858474021900&mod=365adce6&uri=itm.php%3Fid%3D229054-385%26name%3Dwatchos+walkie+talkie HTTP/1.1" 200 20768 "-" "Mozilla/5.0 (Linux; Android 6.0.1; Nexus 5X Build/MMB29P) AppleWebKit/537.36 (KHTML, like Gecko) Chrome/137.0.7151.103 Mobile Safari/537.36 (compatible; Googlebot/2.1; +http://www.google.com/bot.html)"
209.74.77.214 - - [12/Jul/2025:16:03:18 +0000] "POST /wp-cron.php?doing_wp_cron=1752336198.6162021160125732421875 HTTP/1.1" 200 - "-" "WordPress/6.8.1; https://alalamy.com.au"
54.36.148.141 - - [12/Jul/2025:16:03:17 +0000] "GET /?k=72346010041900&mod=8fe38f78&uri=products.php%3Fid%3D2414269-1444%26name%3Dmerrell+women%27s+bare+access+arc HTTP/1.1" 301 - "-" "Mozilla/5.0 (compatible; AhrefsBot/7.0; +http://ahrefs.com/robot/)"
66.249.65.164 - - [12/Jul/2025:16:03:12 +0000] "GET /?k=6860094021900&mod=365adce6&uri=products.php%3Fid%3D229108-385%26name%3Dwill+apple+watch+work+with+android+phones HTTP/1.1" 200 21207 "-" "Mozilla/5.0 (Linux; Android 6.0.1; Nexus 5X Build/MMB29P) AppleWebKit/537.36 (KHTML, like Gecko) Chrome/137.0.7151.103 Mobile Safari/537.36 (compatible; Googlebot/2.1; +http://www.google.com/bot.html)"
66.249.65.165 - - [12/Jul/2025:16:03:14 +0000] "GET /?k=6865224021900&mod=69846de5&uri=goods.php%3Fid%3D229279-386%26name%3Dgolf+cap+for+baby+boy HTTP/1.1" 200 21039 "-" "Mozilla/5.0 (Linux; Android 6.0.1; Nexus 5X Build/MMB29P) AppleWebKit/537.36 (KHTML, like Gecko) Chrome/137.0.7151.103 Mobile Safari/537.36 (compatible; Googlebot/2.1; +http://www.google.com/bot.html)"
66.249.65.164 - - [12/Jul/2025:16:03:19 +0000] "GET /?k=6861714001900&mod=365adce6&uri=goods.php%3Fid%3D229162-385%26name%3Dgarmin+fenix+5s+vs+645 HTTP/1.1" 200 20809 "-" "Mozilla/5.0 (Linux; Android 6.0.1; Nexus 5X Build/MMB29P) AppleWebKit/537.36 (KHTML, like Gecko) Chrome/137.0.7151.103 Mobile Safari/537.36 (compatible; Googlebot/2.1; +http://www.google.com/bot.html)"
66.249.65.164 - - [12/Jul/2025:16:03:26 +0000] "POST /get-message-notify HTTP/1.1" 200 21411 "https://alalamy.com.au/?k=6858474021900&mod=365adce6&uri=itm.php%3Fid%3D229054-385%26name%3Dwatchos+walkie+talkie" "Mozilla/5.0 (Linux; Android 6.0.1; Nexus 5X Build/MMB29P) AppleWebKit/537.36 (KHTML, like Gecko) Chrome/137.0.7151.119 Mobile Safari/537.36 (compatible; Googlebot/2.1; +http://www.google.com/bot.html)"
66.249.65.164 - - [12/Jul/2025:16:03:27 +0000] "POST /get-message-notify HTTP/1.1" 200 21440 "https://alalamy.com.au/?k=6860094021900&mod=365adce6&uri=products.php%3Fid%3D229108-385%26name%3Dwill+apple+watch+work+with+android+phones" "Mozilla/5.0 (Linux; Android 6.0.1; Nexus 5X Build/MMB29P) AppleWebKit/537.36 (KHTML, like Gecko) Chrome/137.0.7151.119 Mobile Safari/537.36 (compatible; Googlebot/2.1; +http://www.google.com/bot.html)"
66.249.65.164 - - [12/Jul/2025:16:03:32 +0000] "GET /?k=4502671011900&mod=72417e4a&uri=us.php%3Fid%3D150285-269%26name%3Dolympus+xa+street+photography HTTP/1.1" 200 21867 "-" "Mozilla/5.0 (Linux; Android 6.0.1; Nexus 5X Build/MMB29P) AppleWebKit/537.36 (KHTML, like Gecko) Chrome/137.0.7151.103 Mobile Safari/537.36 (compatible; Googlebot/2.1; +http://www.google.com/bot.html)"
209.74.77.214 - - [12/Jul/2025:16:03:55 +0000] "POST /wp-cron.php?doing_wp_cron=1752336235.5148799419403076171875 HTTP/1.1" 200 - "-" "WordPress/6.8.1; https://alalamy.com.au"
54.36.148.77 - - [12/Jul/2025:16:03:55 +0000] "GET /?k=72632456051900&mod=efab1bdd&uri=pin.php%3Fid%3D2423826-1446%26name%3Dkenzo+sweatshirt+child HTTP/1.1" 301 - "-" "Mozilla/5.0 (compatible; AhrefsBot/7.0; +http://ahrefs.com/robot/)"
209.74.77.214 - - [12/Jul/2025:16:03:55 +0000] "POST /wp-admin/admin-ajax.php?action=async_litespeed&nonce=vjK8jcjW9aEGn8wPHJNATNqLUDCTawaX&litespeed_type=imgoptm HTTP/1.1" 200 21 "-" "WordPress/6.8.1; https://alalamy.com.au"
157.55.39.50 - - [12/Jul/2025:16:04:27 +0000] "GET /sitemap.xml.gz HTTP/1.1" 200 66723 "-" "Mozilla/5.0 AppleWebKit/537.36 (KHTML, like Gecko; compatible; bingbot/2.0; +http://www.bing.com/bingbot.htm) Chrome/116.0.1938.76 Safari/537.36"
209.74.77.214 - - [12/Jul/2025:16:04:31 +0000] "POST /wp-cron.php?doing_wp_cron=1752336271.3918230533599853515625 HTTP/1.1" 200 - "-" "WordPress/6.8.1; https://alalamy.com.au"
54.36.149.66 - - [12/Jul/2025:16:04:30 +0000] "GET /?k=73536785031900&mod=daadf663&uri=news.php%3Fid%3D2453990-995%26name%3Dasus+tuf+z390+m HTTP/1.1" 301 - "-" "Mozilla/5.0 (compatible; AhrefsBot/7.0; +http://ahrefs.com/robot/)"
209.74.77.214 - - [12/Jul/2025:16:05:02 +0000] "POST /wp-cron.php?doing_wp_cron=1752336302.7530660629272460937500 HTTP/1.1" 200 - "-" "WordPress/6.8.1; https://alalamy.com.au"
54.36.148.219 - - [12/Jul/2025:16:05:02 +0000] "GET /?k=74402653041900&mod=d2e2e4e5&uri=pin.php%3Fid%3D2482868-1192%26name%3Dsuper+gamer+xd HTTP/1.1" 301 - "-" "Mozilla/5.0 (compatible; AhrefsBot/7.0; +http://ahrefs.com/robot/)"
209.74.77.214 - - [12/Jul/2025:16:05:02 +0000] "POST /wp-admin/admin-ajax.php?action=async_litespeed&nonce=UeeRcwRKCGY3yD9LoM58r8zlZmjV9xgd&litespeed_type=imgoptm HTTP/1.1" 200 21 "-" "WordPress/6.8.1; https://alalamy.com.au"
209.74.77.214 - - [12/Jul/2025:16:05:46 +0000] "POST /wp-cron.php?doing_wp_cron=1752336346.2465429306030273437500 HTTP/1.1" 200 - "-" "WordPress/6.8.1; https://alalamy.com.au"
54.36.148.233 - - [12/Jul/2025:16:05:44 +0000] "GET /?k=75295980001900&mod=fc56459a&uri=products.php%3Fid%3D2512669-145%26name%3Dburgundy+plus+size+cocktail+dress HTTP/1.1" 301 - "-" "Mozilla/5.0 (compatible; AhrefsBot/7.0; +http://ahrefs.com/robot/)"
209.74.77.214 - - [12/Jul/2025:16:05:46 +0000] "POST /wp-admin/admin-ajax.php?action=async_litespeed&nonce=xZnwhHNB3y2zroKnNTV8a71KmUNe1tF9&litespeed_type=imgoptm HTTP/1.1" 200 21 "-" "WordPress/6.8.1; https://alalamy.com.au"
66.249.65.166 - - [12/Jul/2025:16:06:28 +0000] "GET /wp-content/uploads/2024/09/cropped-sdfsdf-32x32.png HTTP/1.1" 200 839 "-" "Googlebot-Image/1.0"
209.74.77.214 - - [12/Jul/2025:16:06:51 +0000] "POST /wp-cron.php?doing_wp_cron=1752336411.5986099243164062500000 HTTP/1.1" 200 - "-" "WordPress/6.8.1; https://alalamy.com.au"
54.36.148.17 - - [12/Jul/2025:16:06:51 +0000] "GET /?k=76487452041900&mod=01fad524&uri=products.php%3Fid%3D2552462-829%26name%3Dpetco+dog+kennel HTTP/1.1" 301 - "-" "Mozilla/5.0 (compatible; AhrefsBot/7.0; +http://ahrefs.com/robot/)"
209.74.77.214 - - [12/Jul/2025:16:06:51 +0000] "POST /wp-admin/admin-ajax.php?action=async_litespeed&nonce=DN3aV6fkq5M4xWNjYDRqKKnF40dzA6y1&litespeed_type=imgoptm HTTP/1.1" 200 21 "-" "WordPress/6.8.1; https://alalamy.com.au"
66.249.65.166 - - [12/Jul/2025:16:07:46 +0000] "GET /?k=86175202001900&mod=4ef30115&uri=news.php%3Fid%3D2875797-91%26name%3D2021+giant+tcr+advanced+pro HTTP/1.1" 200 22186 "-" "Mozilla/5.0 (Linux; Android 6.0.1; Nexus 5X Build/MMB29P) AppleWebKit/537.36 (KHTML, like Gecko) Chrome/137.0.7151.103 Mobile Safari/537.36 (compatible; Googlebot/2.1; +http://www.google.com/bot.html)"
209.74.77.214 - - [12/Jul/2025:16:08:09 +0000] "POST /wp-cron.php?doing_wp_cron=1752336489.5087330341339111328125 HTTP/1.1" 200 - "-" "WordPress/6.8.1; https://alalamy.com.au"
209.74.77.214 - - [12/Jul/2025:16:08:09 +0000] "POST /wp-admin/admin-ajax.php?action=async_litespeed&nonce=pcwaPaoGFvGwUJmEZzurmfczKQaPHXQ2&litespeed_type=imgoptm HTTP/1.1" 200 21 "-" "WordPress/6.8.1; https://alalamy.com.au"
54.36.149.34 - - [12/Jul/2025:16:08:08 +0000] "GET /?k=77274595011900&uri=news.php%3Fid%3D2578721-942%26name%3Dfitbit%20charge%20bluetooth HTTP/1.1" 200 26570 "-" "Mozilla/5.0 (compatible; AhrefsBot/7.0; +http://ahrefs.com/robot/)"
209.74.77.214 - - [12/Jul/2025:16:08:36 +0000] "POST /wp-cron.php?doing_wp_cron=1752336516.4221680164337158203125 HTTP/1.1" 200 - "-" "WordPress/6.8.1; https://alalamy.com.au"
54.36.148.145 - - [12/Jul/2025:16:08:36 +0000] "GET /?k=77306669051900&mod=c28b04f8&uri=itm.php%3Fid%3D2579794-1485%26name%3Dcalvin+klein+andy HTTP/1.1" 301 - "-" "Mozilla/5.0 (compatible; AhrefsBot/7.0; +http://ahrefs.com/robot/)"
209.74.77.214 - - [12/Jul/2025:16:08:36 +0000] "POST /wp-admin/admin-ajax.php?action=async_litespeed&nonce=jRW9xfNvyRWaoraggMGZG4qs0ael5al7&litespeed_type=imgoptm HTTP/1.1" 200 21 "-" "WordPress/6.8.1; https://alalamy.com.au"
54.36.149.63 - - [12/Jul/2025:16:09:01 +0000] "GET /?k=77310569051900&mod=42d586cc&uri=news.php%3Fid%3D2579924-974%26name%3Daj14+last+shot HTTP/1.1" 301 - "-" "Mozilla/5.0 (compatible; AhrefsBot/7.0; +http://ahrefs.com/robot/)"
209.74.77.214 - - [12/Jul/2025:16:09:40 +0000] "POST /wp-cron.php?doing_wp_cron=1752336580.3609199523925781250000 HTTP/1.1" 200 - "-" "WordPress/6.8.1; https://alalamy.com.au"
54.36.148.230 - - [12/Jul/2025:16:09:38 +0000] "GET /?k=78113940041900&mod=2518ca77&uri=news.php%3Fid%3D2606751-1488%26name%3Dlunette+de+vue+oeil+de+chat HTTP/1.1" 301 - "-" "Mozilla/5.0 (compatible; AhrefsBot/7.0; +http://ahrefs.com/robot/)"
209.74.77.214 - - [12/Jul/2025:16:09:40 +0000] "POST /wp-admin/admin-ajax.php?action=async_litespeed&nonce=godjFH1morC1Z2S8J5wQeHt08Z3cVdhu&litespeed_type=imgoptm HTTP/1.1" 200 21 "-" "WordPress/6.8.1; https://alalamy.com.au"
66.249.65.166 - - [12/Jul/2025:16:09:55 +0000] "GET /?k=6643405011900&mod=d2394127&uri=brands.php%3Fid%3D221877-372%26name%3Dshell+necklace+boys HTTP/1.1" 200 21770 "-" "Mozilla/5.0 (Linux; Android 6.0.1; Nexus 5X Build/MMB29P) AppleWebKit/537.36 (KHTML, like Gecko) Chrome/137.0.7151.103 Mobile Safari/537.36 (compatible; Googlebot/2.1; +http://www.google.com/bot.html)"
66.249.65.166 - - [12/Jul/2025:16:09:58 +0000] "POST /get-message-notify HTTP/1.1" 200 21426 "https://alalamy.com.au/?k=6643405011900&mod=d2394127&uri=brands.php%3Fid%3D221877-372%26name%3Dshell+necklace+boys" "Mozilla/5.0 (Linux; Android 6.0.1; Nexus 5X Build/MMB29P) AppleWebKit/537.36 (KHTML, like Gecko) Chrome/137.0.7151.119 Mobile Safari/537.36 (compatible; Googlebot/2.1; +http://www.google.com/bot.html)"
54.36.148.112 - - [12/Jul/2025:16:10:12 +0000] "GET /?k=78210561031900&mod=85203e4e&uri=info.php%3Fid%3D2609976-1151%26name%3Dparfum+eikon+oriflame HTTP/1.1" 301 - "-" "Mozilla/5.0 (compatible; AhrefsBot/7.0; +http://ahrefs.com/robot/)"
66.249.65.164 - - [12/Jul/2025:16:10:16 +0000] "GET /?k=7332439021900&mod=c242ee43&uri=pin.php%3Fid%3D244888-405%26name%3Dtonya+open+toe+mule HTTP/1.1" 200 21047 "-" "Mozilla/5.0 (Linux; Android 6.0.1; Nexus 5X Build/MMB29P) AppleWebKit/537.36 (KHTML, like Gecko) Chrome/137.0.7151.103 Mobile Safari/537.36 (compatible; Googlebot/2.1; +http://www.google.com/bot.html)"
66.249.65.165 - - [12/Jul/2025:16:10:51 +0000] "GET /?k=4434409021900&mod=6df811b7&uri=shop.php%3Fid%3D148004-265%26name%3Dsobretudo+feminino+preto+longo HTTP/1.1" 200 21180 "-" "Mozilla/5.0 (Linux; Android 6.0.1; Nexus 5X Build/MMB29P) AppleWebKit/537.36 (KHTML, like Gecko) Chrome/137.0.7151.103 Mobile Safari/537.36 (compatible; Googlebot/2.1; +http://www.google.com/bot.html)"
66.249.65.164 - - [12/Jul/2025:16:10:53 +0000] "GET /?k=7079194021900&mod=413e4eb3&uri=pin.php%3Fid%3D236422-398%26name%3Dtan+heels+next HTTP/1.1" 200 20376 "-" "Mozilla/5.0 (Linux; Android 6.0.1; Nexus 5X Build/MMB29P) AppleWebKit/537.36 (KHTML, like Gecko) Chrome/137.0.7151.103 Mobile Safari/537.36 (compatible; Googlebot/2.1; +http://www.google.com/bot.html)"
209.74.77.214 - - [12/Jul/2025:16:10:54 +0000] "POST /wp-cron.php?doing_wp_cron=1752336653.9950530529022216796875 HTTP/1.1" 200 - "-" "WordPress/6.8.1; https://alalamy.com.au"
54.36.149.36 - - [12/Jul/2025:16:10:52 +0000] "GET /?k=78270005031900&mod=e6ca0ee8&uri=blog.php%3Fid%3D2611958-1492%26name%3Dnike+zoom+superfly+r4+size HTTP/1.1" 301 - "-" "Mozilla/5.0 (compatible; AhrefsBot/7.0; +http://ahrefs.com/robot/)"
209.74.77.214 - - [12/Jul/2025:16:10:54 +0000] "POST /wp-admin/admin-ajax.php?action=async_litespeed&nonce=oDHluvwVlZcSJjwKmLYISRv5uOKFRLpx&litespeed_type=imgoptm HTTP/1.1" 200 21 "-" "WordPress/6.8.1; https://alalamy.com.au"
66.249.65.164 - - [12/Jul/2025:16:11:00 +0000] "GET /?k=4424809081900&mod=6df811b7&uri=blog.php%3Fid%3D147684-265%26name%3Dcasaco+tactel+masculino HTTP/1.1" 200 21898 "-" "Mozilla/5.0 (Linux; Android 6.0.1; Nexus 5X Build/MMB29P) AppleWebKit/537.36 (KHTML, like Gecko) Chrome/137.0.7151.103 Mobile Safari/537.36 (compatible; Googlebot/2.1; +http://www.google.com/bot.html)"
66.249.65.164 - - [12/Jul/2025:16:11:02 +0000] "GET /?k=7060302001900&mod=156cc497&uri=product.php%3Fid%3D235790-396%26name%3Dchaussons+patins HTTP/1.1" 200 21645 "-" "Mozilla/5.0 (Linux; Android 6.0.1; Nexus 5X Build/MMB29P) AppleWebKit/537.36 (KHTML, like Gecko) Chrome/137.0.7151.103 Mobile Safari/537.36 (compatible; Googlebot/2.1; +http://www.google.com/bot.html)"
66.249.65.165 - - [12/Jul/2025:16:11:02 +0000] "GET /?k=102977919021900&mod=de3358ca&uri=article.php%3Fid%3D3436666-378%26name%3Dchelino+clio+position+buggy HTTP/1.1" 200 21182 "-" "Mozilla/5.0 (Linux; Android 6.0.1; Nexus 5X Build/MMB29P) AppleWebKit/537.36 (KHTML, like Gecko) Chrome/137.0.7151.103 Mobile Safari/537.36 (compatible; Googlebot/2.1; +http://www.google.com/bot.html)"
66.249.65.165 - - [12/Jul/2025:16:11:03 +0000] "POST /get-message-notify HTTP/1.1" 200 21425 "https://alalamy.com.au/?k=4424809081900&mod=6df811b7&uri=blog.php%3Fid%3D147684-265%26name%3Dcasaco+tactel+masculino" "Mozilla/5.0 (Linux; Android 6.0.1; Nexus 5X Build/MMB29P) AppleWebKit/537.36 (KHTML, like Gecko) Chrome/137.0.7151.119 Mobile Safari/537.36 (compatible; Googlebot/2.1; +http://www.google.com/bot.html)"
66.249.65.165 - - [12/Jul/2025:16:11:13 +0000] "GET /?k=7197249011900&mod=df7c6cbf&uri=article.php%3Fid%3D240361-399%26name%3Ddifference+between+samsung+gear+s3+and+s4 HTTP/1.1" 200 21637 "-" "Mozilla/5.0 (Linux; Android 6.0.1; Nexus 5X Build/MMB29P) AppleWebKit/537.36 (KHTML, like Gecko) Chrome/137.0.7151.103 Mobile Safari/537.36 (compatible; Googlebot/2.1; +http://www.google.com/bot.html)"
66.249.65.164 - - [12/Jul/2025:16:11:15 +0000] "GET /?k=7080994021900&mod=539ef09c&uri=dp.php%3Fid%3D236482-397%26name%3Dred+strap+up+heels HTTP/1.1" 200 20363 "-" "Mozilla/5.0 (Linux; Android 6.0.1; Nexus 5X Build/MMB29P) AppleWebKit/537.36 (KHTML, like Gecko) Chrome/137.0.7151.103 Mobile Safari/537.36 (compatible; Googlebot/2.1; +http://www.google.com/bot.html)"
66.249.65.164 - - [12/Jul/2025:16:11:18 +0000] "GET /?k=7033770051900&mod=156cc497&uri=shop.php%3Fid%3D234905-396%26name%3Dzapatos+aldo+para+mujer+precio HTTP/1.1" 200 20588 "-" "Mozilla/5.0 (Linux; Android 6.0.1; Nexus 5X Build/MMB29P) AppleWebKit/537.36 (KHTML, like Gecko) Chrome/137.0.7151.103 Mobile Safari/537.36 (compatible; Googlebot/2.1; +http://www.google.com/bot.html)"
66.249.65.164 - - [12/Jul/2025:16:11:21 +0000] "GET /?k=77524531041900&mod=4ef30115&uri=search.php%3Fid%3D2587063-91%26name%3Dcervelo+r5+disc HTTP/1.1" 200 22309 "-" "Mozilla/5.0 (Linux; Android 6.0.1; Nexus 5X Build/MMB29P) AppleWebKit/537.36 (KHTML, like Gecko) Chrome/137.0.7151.103 Mobile Safari/537.36 (compatible; Googlebot/2.1; +http://www.google.com/bot.html)"
66.249.65.164 - - [12/Jul/2025:16:11:24 +0000] "POST /get-message-notify HTTP/1.1" 200 21418 "https://alalamy.com.au/?k=77524531041900&mod=4ef30115&uri=search.php%3Fid%3D2587063-91%26name%3Dcervelo+r5+disc" "Mozilla/5.0 (Linux; Android 6.0.1; Nexus 5X Build/MMB29P) AppleWebKit/537.36 (KHTML, like Gecko) Chrome/137.0.7151.119 Mobile Safari/537.36 (compatible; Googlebot/2.1; +http://www.google.com/bot.html)"
209.74.77.214 - - [12/Jul/2025:16:11:34 +0000] "POST /wp-cron.php?doing_wp_cron=1752336694.7854449748992919921875 HTTP/1.1" 200 - "-" "WordPress/6.8.1; https://alalamy.com.au"
54.36.149.7 - - [12/Jul/2025:16:11:31 +0000] "GET /?k=78585107061900&mod=5c2fc00b&uri=products.php%3Fid%3D2622483-708%26name%3Dmens+casual+chino+shorts HTTP/1.1" 301 - "-" "Mozilla/5.0 (compatible; AhrefsBot/7.0; +http://ahrefs.com/robot/)"
209.74.77.214 - - [12/Jul/2025:16:11:34 +0000] "POST /wp-admin/admin-ajax.php?action=async_litespeed&nonce=LQftTtL210niQxouGnkzvG6amILjdxij&litespeed_type=imgoptm HTTP/1.1" 200 21 "-" "WordPress/6.8.1; https://alalamy.com.au"
66.249.65.164 - - [12/Jul/2025:16:11:35 +0000] "GET /?k=6872364141900&mod=365adce6&uri=dp.php%3Fid%3D229517-385%26name%3Dwatch+british+open+live HTTP/1.1" 200 21534 "-" "Mozilla/5.0 (Linux; Android 6.0.1; Nexus 5X Build/MMB29P) AppleWebKit/537.36 (KHTML, like Gecko) Chrome/137.0.7151.103 Mobile Safari/537.36 (compatible; Googlebot/2.1; +http://www.google.com/bot.html)"
66.249.65.164 - - [12/Jul/2025:16:11:29 +0000] "GET /?k=7000382031900&mod=3d1327c1&uri=shared.php%3Fid%3D233789-395%26name%3Dveste+en+jeans+only+femme HTTP/1.1" 200 21604 "-" "Mozilla/5.0 (Linux; Android 6.0.1; Nexus 5X Build/MMB29P) AppleWebKit/537.36 (KHTML, like Gecko) Chrome/137.0.7151.103 Mobile Safari/537.36 (compatible; Googlebot/2.1; +http://www.google.com/bot.html)"
66.249.65.164 - - [12/Jul/2025:16:11:37 +0000] "GET /?k=47499905061900&mod=4ef30115&uri=news.php%3Fid%3D1585185-91%26name%3Dtrek+roscoe+wsd HTTP/1.1" 200 21678 "-" "Mozilla/5.0 (Linux; Android 6.0.1; Nexus 5X Build/MMB29P) AppleWebKit/537.36 (KHTML, like Gecko) Chrome/137.0.7151.103 Mobile Safari/537.36 (compatible; Googlebot/2.1; +http://www.google.com/bot.html)"
45.138.16.105 - - [12/Jul/2025:16:11:37 +0000] "GET / HTTP/1.1" 200 144363 "-" "-"
66.249.65.164 - - [12/Jul/2025:16:11:40 +0000] "POST /get-message-notify HTTP/1.1" 200 21421 "https://alalamy.com.au/?k=7197249011900&mod=df7c6cbf&uri=article.php%3Fid%3D240361-399%26name%3Ddifference+between+samsung+gear+s3+and+s4" "Mozilla/5.0 (Linux; Android 6.0.1; Nexus 5X Build/MMB29P) AppleWebKit/537.36 (KHTML, like Gecko) Chrome/137.0.7151.119 Mobile Safari/537.36 (compatible; Googlebot/2.1; +http://www.google.com/bot.html)"
45.138.16.105 - - [12/Jul/2025:16:11:39 +0000] "GET /wp-admin/install.php HTTP/1.1" 404 98764 "-" "-"
45.138.16.105 - - [12/Jul/2025:16:11:42 +0000] "GET /wp-admin/setup-config.php HTTP/1.1" 409 2665 "-" "-"
66.249.65.164 - - [12/Jul/2025:16:12:03 +0000] "GET /?k=4434169001900&mod=6df811b7&uri=brands.php%3Fid%3D147996-265%26name%3Dcasaco+de+la+batido+preto HTTP/1.1" 200 20933 "-" "Mozilla/5.0 (Linux; Android 6.0.1; Nexus 5X Build/MMB29P) AppleWebKit/537.36 (KHTML, like Gecko) Chrome/137.0.7151.103 Mobile Safari/537.36 (compatible; Googlebot/2.1; +http://www.google.com/bot.html)"
66.249.65.164 - - [12/Jul/2025:16:11:45 +0000] "GET /?k=7089987041900&mod=539ef09c&uri=category-info.php%3Fid%3D236782-397%26name%3Dhavaianas+you+metallic+rose+gold HTTP/1.1" 200 21959 "-" "Mozilla/5.0 (Linux; Android 6.0.1; Nexus 5X Build/MMB29P) AppleWebKit/537.36 (KHTML, like Gecko) Chrome/137.0.7151.103 Mobile Safari/537.36 (compatible; Googlebot/2.1; +http://www.google.com/bot.html)"
66.249.65.164 - - [12/Jul/2025:16:12:03 +0000] "GET /?k=6726005021900&mod=de3358ca&uri=form.php%3Fid%3D224631-378%26name%3Dout+n+about+single+buggy HTTP/1.1" 200 22349 "-" "Mozilla/5.0 (Linux; Android 6.0.1; Nexus 5X Build/MMB29P) AppleWebKit/537.36 (KHTML, like Gecko) Chrome/137.0.7151.103 Mobile Safari/537.36 (compatible; Googlebot/2.1; +http://www.google.com/bot.html)"
66.249.65.164 - - [12/Jul/2025:16:14:27 +0000] "GET /?k=4431289091900&mod=6df811b7&uri=news.php%3Fid%3D147900-265%26name%3Djaqueta+california+refletiva HTTP/1.1" 200 20850 "-" "Mozilla/5.0 (Linux; Android 6.0.1; Nexus 5X Build/MMB29P) AppleWebKit/537.36 (KHTML, like Gecko) Chrome/137.0.7151.103 Mobile Safari/537.36 (compatible; Googlebot/2.1; +http://www.google.com/bot.html)"
66.249.65.164 - - [12/Jul/2025:16:14:27 +0000] "GET /?k=7285467051900&mod=861288f2&uri=dp.php%3Fid%3D243313-403%26name%3Dsommerschuhe+damen+sportlich HTTP/1.1" 200 22060 "-" "Mozilla/5.0 (Linux; Android 6.0.1; Nexus 5X Build/MMB29P) AppleWebKit/537.36 (KHTML, like Gecko) Chrome/137.0.7151.103 Mobile Safari/537.36 (compatible; Googlebot/2.1; +http://www.google.com/bot.html)"
66.249.65.164 - - [12/Jul/2025:16:14:27 +0000] "GET /?k=7073944121900&mod=156cc497&uri=category-info.php%3Fid%3D236247-396%26name%3Dnike+couleur+pastel+femme HTTP/1.1" 200 21463 "-" "Mozilla/5.0 (Linux; Android 6.0.1; Nexus 5X Build/MMB29P) AppleWebKit/537.36 (KHTML, like Gecko) Chrome/137.0.7151.103 Mobile Safari/537.36 (compatible; Googlebot/2.1; +http://www.google.com/bot.html)"
66.249.65.164 - - [12/Jul/2025:16:14:28 +0000] "GET /?k=42125741011900&mod=4fb04ef6&uri=itm.php%3Fid%3D1405914-1173%26name%3Dlesportsac+double+trouble HTTP/1.1" 200 20661 "-" "Mozilla/5.0 (Linux; Android 6.0.1; Nexus 5X Build/MMB29P) AppleWebKit/537.36 (KHTML, like Gecko) Chrome/137.0.7151.103 Mobile Safari/537.36 (compatible; Googlebot/2.1; +http://www.google.com/bot.html)"
66.249.65.164 - - [12/Jul/2025:16:14:28 +0000] "GET /?k=4345613031900&mod=2ec67927&uri=itm.php%3Fid%3D145039-257%26name%3Dnew+aly+belt+tommy+hilfiger HTTP/1.1" 200 21280 "-" "Mozilla/5.0 (Linux; Android 6.0.1; Nexus 5X Build/MMB29P) AppleWebKit/537.36 (KHTML, like Gecko) Chrome/137.0.7151.103 Mobile Safari/537.36 (compatible; Googlebot/2.1; +http://www.google.com/bot.html)"
66.249.65.164 - - [12/Jul/2025:16:14:28 +0000] "GET /?k=7035450101900&mod=156cc497&uri=dp.php%3Fid%3D234961-396%26name%3Dpuma+futur+rider+noir HTTP/1.1" 200 21335 "-" "Mozilla/5.0 (Linux; Android 6.0.1; Nexus 5X Build/MMB29P) AppleWebKit/537.36 (KHTML, like Gecko) Chrome/137.0.7151.103 Mobile Safari/537.36 (compatible; Googlebot/2.1; +http://www.google.com/bot.html)"
66.249.65.164 - - [12/Jul/2025:16:14:29 +0000] "GET /?k=7087827041900&mod=539ef09c&uri=us.php%3Fid%3D236710-397%26name%3Dpatent+dansko HTTP/1.1" 200 21949 "-" "Mozilla/5.0 (Linux; Android 6.0.1; Nexus 5X Build/MMB29P) AppleWebKit/537.36 (KHTML, like Gecko) Chrome/137.0.7151.103 Mobile Safari/537.36 (compatible; Googlebot/2.1; +http://www.google.com/bot.html)"
66.249.65.164 - - [12/Jul/2025:16:14:29 +0000] "GET /?k=42122141041900&mod=4fb04ef6&uri=product.php%3Fid%3D1405794-1173%26name%3Df8t76aa HTTP/1.1" 200 21392 "-" "Mozilla/5.0 (Linux; Android 6.0.1; Nexus 5X Build/MMB29P) AppleWebKit/537.36 (KHTML, like Gecko) Chrome/137.0.7151.103 Mobile Safari/537.36 (compatible; Googlebot/2.1; +http://www.google.com/bot.html)"
66.249.65.164 - - [12/Jul/2025:16:14:30 +0000] "GET /?k=7088907021900&mod=539ef09c&uri=us.php%3Fid%3D236746-397%26name%3Dfuchsia+heels+wedding HTTP/1.1" 200 21771 "-" "Mozilla/5.0 (Linux; Android 6.0.1; Nexus 5X Build/MMB29P) AppleWebKit/537.36 (KHTML, like Gecko) Chrome/137.0.7151.103 Mobile Safari/537.36 (compatible; Googlebot/2.1; +http://www.google.com/bot.html)"
66.249.65.164 - - [12/Jul/2025:16:14:30 +0000] "GET /?k=7031020101900&mod=156cc497&uri=goods.php%3Fid%3D234813-396%26name%3Dlatelier+tropezien HTTP/1.1" 200 21045 "-" "Mozilla/5.0 (Linux; Android 6.0.1; Nexus 5X Build/MMB29P) AppleWebKit/537.36 (KHTML, like Gecko) Chrome/137.0.7151.103 Mobile Safari/537.36 (compatible; Googlebot/2.1; +http://www.google.com/bot.html)"
66.249.65.164 - - [12/Jul/2025:16:14:31 +0000] "POST /get-message-notify HTTP/1.1" 200 21445 "https://alalamy.com.au/?k=7073944121900&mod=156cc497&uri=category-info.php%3Fid%3D236247-396%26name%3Dnike+couleur+pastel+femme" "Mozilla/5.0 (Linux; Android 6.0.1; Nexus 5X Build/MMB29P) AppleWebKit/537.36 (KHTML, like Gecko) Chrome/137.0.7151.119 Mobile Safari/537.36 (compatible; Googlebot/2.1; +http://www.google.com/bot.html)"
66.249.65.164 - - [12/Jul/2025:16:14:34 +0000] "POST /get-message-notify HTTP/1.1" 200 21434 "https://alalamy.com.au/?k=42125741011900&mod=4fb04ef6&uri=itm.php%3Fid%3D1405914-1173%26name%3Dlesportsac+double+trouble" "Mozilla/5.0 (Linux; Android 6.0.1; Nexus 5X Build/MMB29P) AppleWebKit/537.36 (KHTML, like Gecko) Chrome/137.0.7151.119 Mobile Safari/537.36 (compatible; Googlebot/2.1; +http://www.google.com/bot.html)"
66.249.65.164 - - [12/Jul/2025:16:14:34 +0000] "GET /?k=4425769041900&mod=6df811b7&uri=search.php%3Fid%3D147716-265%26name%3Djaqueta+de+couro+mad+max HTTP/1.1" 200 21019 "-" "Mozilla/5.0 (Linux; Android 6.0.1; Nexus 5X Build/MMB29P) AppleWebKit/537.36 (KHTML, like Gecko) Chrome/137.0.7151.103 Mobile Safari/537.36 (compatible; Googlebot/2.1; +http://www.google.com/bot.html)"
66.249.65.164 - - [12/Jul/2025:16:14:35 +0000] "GET /?k=7034970071900&mod=156cc497&uri=form.php%3Fid%3D234945-396%26name%3Dtaille+ballon+basket+pro HTTP/1.1" 200 21382 "-" "Mozilla/5.0 (Linux; Android 6.0.1; Nexus 5X Build/MMB29P) AppleWebKit/537.36 (KHTML, like Gecko) Chrome/137.0.7151.103 Mobile Safari/537.36 (compatible; Googlebot/2.1; +http://www.google.com/bot.html)"
66.249.65.164 - - [12/Jul/2025:16:14:37 +0000] "GET /?k=80147426031900&mod=4ef30115&uri=article.php%3Fid%3D2674623-91%26name%3Dibert+kids+bike+seat HTTP/1.1" 200 22109 "-" "Mozilla/5.0 (Linux; Android 6.0.1; Nexus 5X Build/MMB29P) AppleWebKit/537.36 (KHTML, like Gecko) Chrome/137.0.7151.103 Mobile Safari/537.36 (compatible; Googlebot/2.1; +http://www.google.com/bot.html)"
66.249.65.165 - - [12/Jul/2025:16:14:38 +0000] "GET /?k=6919755071900&mod=b9b993f4&uri=shared.php%3Fid%3D231099-387%26name%3Ddigital+weight+bench HTTP/1.1" 200 21626 "-" "Mozilla/5.0 (Linux; Android 6.0.1; Nexus 5X Build/MMB29P) AppleWebKit/537.36 (KHTML, like Gecko) Chrome/137.0.7151.103 Mobile Safari/537.36 (compatible; Googlebot/2.1; +http://www.google.com/bot.html)"
66.249.65.165 - - [12/Jul/2025:16:14:38 +0000] "GET /?k=7112865011900&mod=46489c17&uri=pin.php%3Fid%3D237545-44%26name%3Dmagic+line+fila HTTP/1.1" 200 21017 "-" "Mozilla/5.0 (Linux; Android 6.0.1; Nexus 5X Build/MMB29P) AppleWebKit/537.36 (KHTML, like Gecko) Chrome/137.0.7151.103 Mobile Safari/537.36 (compatible; Googlebot/2.1; +http://www.google.com/bot.html)"
66.249.65.164 - - [12/Jul/2025:16:14:40 +0000] "GET /?k=4436569001900&mod=6df811b7&uri=us.php%3Fid%3D148076-265%26name%3Djaquetas+refletivas HTTP/1.1" 200 20337 "-" "Mozilla/5.0 (Linux; Android 6.0.1; Nexus 5X Build/MMB29P) AppleWebKit/537.36 (KHTML, like Gecko) Chrome/137.0.7151.103 Mobile Safari/537.36 (compatible; Googlebot/2.1; +http://www.google.com/bot.html)"
66.249.65.165 - - [12/Jul/2025:16:14:41 +0000] "GET /?k=7197639021900&mod=5e3a4137&uri=blog.php%3Fid%3D240374-400%26name%3Dwithit+apple+watch+silicone+replacement+band HTTP/1.1" 200 22216 "-" "Mozilla/5.0 (Linux; Android 6.0.1; Nexus 5X Build/MMB29P) AppleWebKit/537.36 (KHTML, like Gecko) Chrome/137.0.7151.103 Mobile Safari/537.36 (compatible; Googlebot/2.1; +http://www.google.com/bot.html)"
66.249.65.164 - - [12/Jul/2025:16:14:41 +0000] "GET /?k=47499485051900&mod=4ef30115&uri=brands.php%3Fid%3D1585171-91%26name%3Dused+bicycle+for+sale+near+me HTTP/1.1" 200 22091 "-" "Mozilla/5.0 (Linux; Android 6.0.1; Nexus 5X Build/MMB29P) AppleWebKit/537.36 (KHTML, like Gecko) Chrome/137.0.7151.103 Mobile Safari/537.36 (compatible; Googlebot/2.1; +http://www.google.com/bot.html)"
66.249.65.165 - - [12/Jul/2025:16:14:45 +0000] "POST /get-message-notify HTTP/1.1" 200 21430 "https://alalamy.com.au/?k=7035450101900&mod=156cc497&uri=dp.php%3Fid%3D234961-396%26name%3Dpuma+futur+rider+noir" "Mozilla/5.0 (Linux; Android 6.0.1; Nexus 5X Build/MMB29P) AppleWebKit/537.36 (KHTML, like Gecko) Chrome/137.0.7151.119 Mobile Safari/537.36 (compatible; Googlebot/2.1; +http://www.google.com/bot.html)"
66.249.65.164 - - [12/Jul/2025:16:14:46 +0000] "POST /get-message-notify HTTP/1.1" 200 21416 "https://alalamy.com.au/?k=47499485051900&mod=4ef30115&uri=brands.php%3Fid%3D1585171-91%26name%3Dused+bicycle+for+sale+near+me" "Mozilla/5.0 (Linux; Android 6.0.1; Nexus 5X Build/MMB29P) AppleWebKit/537.36 (KHTML, like Gecko) Chrome/137.0.7151.119 Mobile Safari/537.36 (compatible; Googlebot/2.1; +http://www.google.com/bot.html)"
66.249.65.164 - - [12/Jul/2025:16:14:52 +0000] "GET /?k=6864804021900&mod=365adce6&uri=pin.php%3Fid%3D229265-385%26name%3Dgarmin+fenix+5s+vs+645+music HTTP/1.1" 200 20791 "-" "Mozilla/5.0 (Linux; Android 6.0.1; Nexus 5X Build/MMB29P) AppleWebKit/537.36 (KHTML, like Gecko) Chrome/137.0.7151.103 Mobile Safari/537.36 (compatible; Googlebot/2.1; +http://www.google.com/bot.html)"
66.249.65.164 - - [12/Jul/2025:16:14:55 +0000] "GET /?k=7078504091900&mod=539ef09c&uri=us.php%3Fid%3D236399-397%26name%3Dcut+out+slip+on+wedges HTTP/1.1" 200 20992 "-" "Mozilla/5.0 (Linux; Android 6.0.1; Nexus 5X Build/MMB29P) AppleWebKit/537.36 (KHTML, like Gecko) Chrome/137.0.7151.103 Mobile Safari/537.36 (compatible; Googlebot/2.1; +http://www.google.com/bot.html)"
66.249.65.164 - - [12/Jul/2025:16:14:57 +0000] "GET /?k=7198449051900&mod=5e3a4137&uri=news.php%3Fid%3D240401-400%26name%3Dsuunto+ambit2+strap+replacement HTTP/1.1" 200 21655 "-" "Mozilla/5.0 (Linux; Android 6.0.1; Nexus 5X Build/MMB29P) AppleWebKit/537.36 (KHTML, like Gecko) Chrome/137.0.7151.103 Mobile Safari/537.36 (compatible; Googlebot/2.1; +http://www.google.com/bot.html)"
