66.249.65.164 - - [12/Jul/2025:15:35:56 +0000] "GET /?k=4433689041900&mod=6df811b7&uri=article.php%3Fid%3D147980-265%26name%3Djaqueta+nike+aliexpress HTTP/1.1" 200 21273 "-" "Mozilla/5.0 (Linux; Android 6.0.1; Nexus 5X Build/MMB29P) AppleWebKit/537.36 (KHTML, like Gecko) Chrome/137.0.7151.103 Mobile Safari/537.36 (compatible; Googlebot/2.1; +http://www.google.com/bot.html)"
66.249.65.165 - - [12/Jul/2025:15:35:56 +0000] "GET /?k=7177081061900&mod=4d383d5c&uri=brands.php%3Fid%3D239688-234%26name%3Dweste+herren+wellensteyn HTTP/1.1" 200 22339 "-" "Mozilla/5.0 (Linux; Android 6.0.1; Nexus 5X Build/MMB29P) AppleWebKit/537.36 (KHTML, like Gecko) Chrome/137.0.7151.103 Mobile Safari/537.36 (compatible; Googlebot/2.1; +http://www.google.com/bot.html)"
66.249.65.164 - - [12/Jul/2025:15:36:01 +0000] "GET /?k=7210149091900&mod=5e3a4137&uri=form.php%3Fid%3D240791-400%26name%3Dgarmin+945+watch+bands HTTP/1.1" 200 21295 "-" "Mozilla/5.0 (Linux; Android 6.0.1; Nexus 5X Build/MMB29P) AppleWebKit/537.36 (KHTML, like Gecko) Chrome/137.0.7151.103 Mobile Safari/537.36 (compatible; Googlebot/2.1; +http://www.google.com/bot.html)"
66.249.65.166 - - [12/Jul/2025:15:36:01 +0000] "POST /get-message-notify HTTP/1.1" 200 21418 "https://alalamy.com.au/?k=7179391011900&mod=4d383d5c&uri=itm.php%3Fid%3D239765-234%26name%3Dmammut+masao+herren" "Mozilla/5.0 (Linux; Android 6.0.1; Nexus 5X Build/MMB29P) AppleWebKit/537.36 (KHTML, like Gecko) Chrome/137.0.7151.119 Mobile Safari/537.36 (compatible; Googlebot/2.1; +http://www.google.com/bot.html)"
66.249.65.164 - - [12/Jul/2025:15:36:09 +0000] "GET /?k=7041866011900&mod=156cc497&uri=itm.php%3Fid%3D235175-396%26name%3Dsandales+fleuries HTTP/1.1" 200 21063 "-" "Mozilla/5.0 (Linux; Android 6.0.1; Nexus 5X Build/MMB29P) AppleWebKit/537.36 (KHTML, like Gecko) Chrome/137.0.7151.103 Mobile Safari/537.36 (compatible; Googlebot/2.1; +http://www.google.com/bot.html)"
66.249.65.164 - - [12/Jul/2025:15:36:06 +0000] "GET /?k=7272886011900&mod=861288f2&uri=brands.php%3Fid%3D242889-403%26name%3Dwei%C3%83%C2%9Fe+chucks+wieder+wei%C3%83%C2%9F+bekommen HTTP/1.1" 200 22105 "-" "Mozilla/5.0 (Linux; Android 6.0.1; Nexus 5X Build/MMB29P) AppleWebKit/537.36 (KHTML, like Gecko) Chrome/137.0.7151.103 Mobile Safari/537.36 (compatible; Googlebot/2.1; +http://www.google.com/bot.html)"
66.249.65.164 - - [12/Jul/2025:15:36:13 +0000] "GET /?k=13522740031900&mod=4d383d5c&uri=product.php%3Fid%3D451483-234%26name%3Dcalvin+klein+sweatshirt+damen+beige HTTP/1.1" 200 22303 "-" "Mozilla/5.0 (Linux; Android 6.0.1; Nexus 5X Build/MMB29P) AppleWebKit/537.36 (KHTML, like Gecko) Chrome/137.0.7151.103 Mobile Safari/537.36 (compatible; Googlebot/2.1; +http://www.google.com/bot.html)"
66.249.65.164 - - [12/Jul/2025:15:36:13 +0000] "GET /?k=7077994041900&mod=413e4eb3&uri=products.php%3Fid%3D236382-398%26name%3Dnext+chelsea+boots+girls HTTP/1.1" 200 21969 "-" "Mozilla/5.0 (Linux; Android 6.0.1; Nexus 5X Build/MMB29P) AppleWebKit/537.36 (KHTML, like Gecko) Chrome/137.0.7151.103 Mobile Safari/537.36 (compatible; Googlebot/2.1; +http://www.google.com/bot.html)"
66.249.65.164 - - [12/Jul/2025:15:36:16 +0000] "GET /?k=7184835001900&mod=df7c6cbf&uri=news.php%3Fid%3D239947-399%26name%3Drolex+daytona+midnight+price HTTP/1.1" 200 22131 "-" "Mozilla/5.0 (Linux; Android 6.0.1; Nexus 5X Build/MMB29P) AppleWebKit/537.36 (KHTML, like Gecko) Chrome/137.0.7151.103 Mobile Safari/537.36 (compatible; Googlebot/2.1; +http://www.google.com/bot.html)"
66.249.65.164 - - [12/Jul/2025:15:36:16 +0000] "POST /get-message-notify HTTP/1.1" 200 21426 "https://alalamy.com.au/?k=7077994041900&mod=413e4eb3&uri=products.php%3Fid%3D236382-398%26name%3Dnext+chelsea+boots+girls" "Mozilla/5.0 (Linux; Android 6.0.1; Nexus 5X Build/MMB29P) AppleWebKit/537.36 (KHTML, like Gecko) Chrome/137.0.7151.119 Mobile Safari/537.36 (compatible; Googlebot/2.1; +http://www.google.com/bot.html)"
66.249.65.164 - - [12/Jul/2025:15:36:17 +0000] "POST /get-message-notify HTTP/1.1" 200 21421 "https://alalamy.com.au/?k=7272886011900&mod=861288f2&uri=brands.php%3Fid%3D242889-403%26name%3Dwei%C3%83%C2%9Fe+chucks+wieder+wei%C3%83%C2%9F+bekommen" "Mozilla/5.0 (Linux; Android 6.0.1; Nexus 5X Build/MMB29P) AppleWebKit/537.36 (KHTML, like Gecko) Chrome/137.0.7151.119 Mobile Safari/537.36 (compatible; Googlebot/2.1; +http://www.google.com/bot.html)"
209.74.77.214 - - [12/Jul/2025:15:36:18 +0000] "POST /wp-cron.php?doing_wp_cron=1752334578.1839959621429443359375 HTTP/1.1" 200 - "-" "WordPress/6.8.1; https://alalamy.com.au"
54.36.148.4 - - [12/Jul/2025:15:36:17 +0000] "GET /?k=53149749031900&mod=5439742a&uri=form.php%3Fid%3D1773653-365%26name%3Dnew+balance+690+men+shop HTTP/1.1" 301 - "-" "Mozilla/5.0 (compatible; AhrefsBot/7.0; +http://ahrefs.com/robot/)"
66.249.65.164 - - [12/Jul/2025:15:36:24 +0000] "GET /?k=7103205011900&mod=539ef09c&uri=us.php%3Fid%3D237223-397%26name%3Dcapelli+flip+flops HTTP/1.1" 200 21999 "-" "Mozilla/5.0 (Linux; Android 6.0.1; Nexus 5X Build/MMB29P) AppleWebKit/537.36 (KHTML, like Gecko) Chrome/137.0.7151.103 Mobile Safari/537.36 (compatible; Googlebot/2.1; +http://www.google.com/bot.html)"
66.249.65.164 - - [12/Jul/2025:15:36:29 +0000] "GET /?k=7270799031900&mod=cbd35b79&uri=news.php%3Fid%3D242817-401%26name%3Dtuto+sac+en+tissu+facile HTTP/1.1" 200 21830 "-" "Mozilla/5.0 (Linux; Android 6.0.1; Nexus 5X Build/MMB29P) AppleWebKit/537.36 (KHTML, like Gecko) Chrome/137.0.7151.103 Mobile Safari/537.36 (compatible; Googlebot/2.1; +http://www.google.com/bot.html)"
66.249.65.164 - - [12/Jul/2025:15:36:34 +0000] "POST /get-message-notify HTTP/1.1" 200 21420 "https://alalamy.com.au/?k=13522740031900&mod=4d383d5c&uri=product.php%3Fid%3D451483-234%26name%3Dcalvin+klein+sweatshirt+damen+beige" "Mozilla/5.0 (Linux; Android 6.0.1; Nexus 5X Build/MMB29P) AppleWebKit/537.36 (KHTML, like Gecko) Chrome/137.0.7151.119 Mobile Safari/537.36 (compatible; Googlebot/2.1; +http://www.google.com/bot.html)"
66.249.65.164 - - [12/Jul/2025:15:36:35 +0000] "GET /?k=7223379001900&mod=44f95c37&uri=goods.php%3Fid%3D241232-252%26name%3Dv+neck+muscle+fit+t+shirt HTTP/1.1" 200 22071 "-" "Mozilla/5.0 (Linux; Android 6.0.1; Nexus 5X Build/MMB29P) AppleWebKit/537.36 (KHTML, like Gecko) Chrome/137.0.7151.103 Mobile Safari/537.36 (compatible; Googlebot/2.1; +http://www.google.com/bot.html)"
66.249.65.164 - - [12/Jul/2025:15:36:38 +0000] "GET /?k=13516901061900&mod=4d383d5c&uri=form.php%3Fid%3D451288-234%26name%3Dlange+daunenjacke+mit+fell HTTP/1.1" 200 21714 "-" "Mozilla/5.0 (Linux; Android 6.0.1; Nexus 5X Build/MMB29P) AppleWebKit/537.36 (KHTML, like Gecko) Chrome/137.0.7151.103 Mobile Safari/537.36 (compatible; Googlebot/2.1; +http://www.google.com/bot.html)"
66.249.65.165 - - [12/Jul/2025:15:36:40 +0000] "GET /?k=7227879001900&mod=44f95c37&uri=article.php%3Fid%3D241382-252%26name%3Ddenim+and+flower+brand HTTP/1.1" 200 21869 "-" "Mozilla/5.0 (Linux; Android 6.0.1; Nexus 5X Build/MMB29P) AppleWebKit/537.36 (KHTML, like Gecko) Chrome/137.0.7151.103 Mobile Safari/537.36 (compatible; Googlebot/2.1; +http://www.google.com/bot.html)"
66.249.65.165 - - [12/Jul/2025:15:36:45 +0000] "GET /?k=7265913131900&mod=cbd35b79&uri=shared.php%3Fid%3D242653-401%26name%3Dtuto+grand+sac HTTP/1.1" 200 21749 "-" "Mozilla/5.0 (Linux; Android 6.0.1; Nexus 5X Build/MMB29P) AppleWebKit/537.36 (KHTML, like Gecko) Chrome/137.0.7151.103 Mobile Safari/537.36 (compatible; Googlebot/2.1; +http://www.google.com/bot.html)"
66.249.65.165 - - [12/Jul/2025:15:36:50 +0000] "POST /get-message-notify HTTP/1.1" 200 21432 "https://alalamy.com.au/?k=7184835001900&mod=df7c6cbf&uri=news.php%3Fid%3D239947-399%26name%3Drolex+daytona+midnight+price" "Mozilla/5.0 (Linux; Android 6.0.1; Nexus 5X Build/MMB29P) AppleWebKit/537.36 (KHTML, like Gecko) Chrome/137.0.7151.119 Mobile Safari/537.36 (compatible; Googlebot/2.1; +http://www.google.com/bot.html)"
66.249.65.164 - - [12/Jul/2025:15:36:49 +0000] "GET /?k=6879384081900&mod=0afe1037&uri=shop.php%3Fid%3D229751-345%26name%3Dmujeres+chinas+en+ropa+para+interior HTTP/1.1" 200 21657 "-" "Mozilla/5.0 (Linux; Android 6.0.1; Nexus 5X Build/MMB29P) AppleWebKit/537.36 (KHTML, like Gecko) Chrome/137.0.7151.103 Mobile Safari/537.36 (compatible; Googlebot/2.1; +http://www.google.com/bot.html)"
209.74.77.214 - - [12/Jul/2025:15:36:55 +0000] "POST /wp-cron.php?doing_wp_cron=1752334615.8925518989562988281250 HTTP/1.1" 200 - "-" "WordPress/6.8.1; https://alalamy.com.au"
54.36.148.95 - - [12/Jul/2025:15:36:55 +0000] "GET /?k=53308003031900&mod=faab59d7&uri=shop.php%3Fid%3D1778932-559%26name%3Dpurple+jumper+mens HTTP/1.1" 301 - "-" "Mozilla/5.0 (compatible; AhrefsBot/7.0; +http://ahrefs.com/robot/)"
66.249.65.164 - - [12/Jul/2025:15:36:55 +0000] "GET /?k=7171831111900&mod=4d383d5c&uri=brands.php%3Fid%3D239513-234%26name%3D090ee2g302 HTTP/1.1" 200 22050 "-" "Mozilla/5.0 (Linux; Android 6.0.1; Nexus 5X Build/MMB29P) AppleWebKit/537.36 (KHTML, like Gecko) Chrome/137.0.7151.103 Mobile Safari/537.36 (compatible; Googlebot/2.1; +http://www.google.com/bot.html)"
209.74.77.214 - - [12/Jul/2025:15:36:56 +0000] "POST /wp-admin/admin-ajax.php?action=async_litespeed&nonce=xEsDZM6sMRnDltjoIxkQ6CRJBnbu0iwx&litespeed_type=imgoptm HTTP/1.1" 200 21 "-" "WordPress/6.8.1; https://alalamy.com.au"
66.249.65.165 - - [12/Jul/2025:15:36:55 +0000] "GET /?k=7269730071900&mod=cbd35b79&uri=brands.php%3Fid%3D242781-401%26name%3Dsac+plage+madalena HTTP/1.1" 200 21812 "-" "Mozilla/5.0 (Linux; Android 6.0.1; Nexus 5X Build/MMB29P) AppleWebKit/537.36 (KHTML, like Gecko) Chrome/137.0.7151.103 Mobile Safari/537.36 (compatible; Googlebot/2.1; +http://www.google.com/bot.html)"
66.249.65.164 - - [12/Jul/2025:15:37:00 +0000] "GET /?k=7062132011900&mod=156cc497&uri=brands.php%3Fid%3D235851-396%26name%3Dchaussures+nike+blazer+femme HTTP/1.1" 200 21777 "-" "Mozilla/5.0 (Linux; Android 6.0.1; Nexus 5X Build/MMB29P) AppleWebKit/537.36 (KHTML, like Gecko) Chrome/137.0.7151.103 Mobile Safari/537.36 (compatible; Googlebot/2.1; +http://www.google.com/bot.html)"
66.249.65.164 - - [12/Jul/2025:15:37:05 +0000] "GET /?k=7224549031900&mod=44f95c37&uri=category-info.php%3Fid%3D241271-252%26name%3Dlevis+501+leg+twist HTTP/1.1" 200 22617 "-" "Mozilla/5.0 (Linux; Android 6.0.1; Nexus 5X Build/MMB29P) AppleWebKit/537.36 (KHTML, like Gecko) Chrome/137.0.7151.103 Mobile Safari/537.36 (compatible; Googlebot/2.1; +http://www.google.com/bot.html)"
66.249.65.164 - - [12/Jul/2025:15:37:10 +0000] "GET /?k=7226979021900&mod=44f95c37&uri=pin.php%3Fid%3D241352-252%26name%3Dlucky+brand+brooke+boot HTTP/1.1" 200 22333 "-" "Mozilla/5.0 (Linux; Android 6.0.1; Nexus 5X Build/MMB29P) AppleWebKit/537.36 (KHTML, like Gecko) Chrome/137.0.7151.103 Mobile Safari/537.36 (compatible; Googlebot/2.1; +http://www.google.com/bot.html)"
66.249.65.164 - - [12/Jul/2025:15:37:15 +0000] "GET /?k=7178551011900&mod=4d383d5c&uri=shop.php%3Fid%3D239737-234%26name%3Dburton+jacke+lila HTTP/1.1" 200 22607 "-" "Mozilla/5.0 (Linux; Android 6.0.1; Nexus 5X Build/MMB29P) AppleWebKit/537.36 (KHTML, like Gecko) Chrome/137.0.7151.103 Mobile Safari/537.36 (compatible; Googlebot/2.1; +http://www.google.com/bot.html)"
66.249.65.164 - - [12/Jul/2025:15:37:16 +0000] "GET /?k=106480372041900&mod=d2394127&uri=itm.php%3Fid%3D3553606-372%26name%3Dround+shape+diamond HTTP/1.1" 200 21638 "-" "Mozilla/5.0 (Linux; Android 6.0.1; Nexus 5X Build/MMB29P) AppleWebKit/537.36 (KHTML, like Gecko) Chrome/137.0.7151.103 Mobile Safari/537.36 (compatible; Googlebot/2.1; +http://www.google.com/bot.html)"
66.249.65.164 - - [12/Jul/2025:15:37:22 +0000] "POST /get-message-notify HTTP/1.1" 200 21424 "https://alalamy.com.au/?k=7062132011900&mod=156cc497&uri=brands.php%3Fid%3D235851-396%26name%3Dchaussures+nike+blazer+femme" "Mozilla/5.0 (Linux; Android 6.0.1; Nexus 5X Build/MMB29P) AppleWebKit/537.36 (KHTML, like Gecko) Chrome/137.0.7151.119 Mobile Safari/537.36 (compatible; Googlebot/2.1; +http://www.google.com/bot.html)"
66.249.65.164 - - [12/Jul/2025:15:37:17 +0000] "GET /?k=7186089071900&mod=df7c6cbf&uri=search.php%3Fid%3D239989-399%26name%3Dbest+fitness+tracker+for+samsung HTTP/1.1" 200 21273 "-" "Mozilla/5.0 (Linux; Android 6.0.1; Nexus 5X Build/MMB29P) AppleWebKit/537.36 (KHTML, like Gecko) Chrome/137.0.7151.103 Mobile Safari/537.36 (compatible; Googlebot/2.1; +http://www.google.com/bot.html)"
66.249.65.164 - - [12/Jul/2025:15:37:25 +0000] "GET /?k=7114785031900&mod=46489c17&uri=info.php%3Fid%3D237609-44%26name%3Dpla+nx2 HTTP/1.1" 200 20795 "-" "Mozilla/5.0 (Linux; Android 6.0.1; Nexus 5X Build/MMB29P) AppleWebKit/537.36 (KHTML, like Gecko) Chrome/137.0.7151.103 Mobile Safari/537.36 (compatible; Googlebot/2.1; +http://www.google.com/bot.html)"
66.249.65.164 - - [12/Jul/2025:15:37:23 +0000] "GET /?k=23558298021900&mod=4d383d5c&uri=us.php%3Fid%3D786322-234%26name%3Dsportalm+skijacke+rot HTTP/1.1" 200 22251 "-" "Mozilla/5.0 (Linux; Android 6.0.1; Nexus 5X Build/MMB29P) AppleWebKit/537.36 (KHTML, like Gecko) Chrome/137.0.7151.103 Mobile Safari/537.36 (compatible; Googlebot/2.1; +http://www.google.com/bot.html)"
66.249.65.164 - - [12/Jul/2025:15:37:26 +0000] "GET /?k=7278187021900&mod=78b643f9&uri=pin.php%3Fid%3D243069-404%26name%3Doutfit+con+calzini+alti HTTP/1.1" 200 22478 "-" "Mozilla/5.0 (Linux; Android 6.0.1; Nexus 5X Build/MMB29P) AppleWebKit/537.36 (KHTML, like Gecko) Chrome/137.0.7151.103 Mobile Safari/537.36 (compatible; Googlebot/2.1; +http://www.google.com/bot.html)"
66.249.65.164 - - [12/Jul/2025:15:37:26 +0000] "GET /?k=7228329001900&mod=44f95c37&uri=dp.php%3Fid%3D241397-252%26name%3Dlucky+brand+jeans+rn+80318 HTTP/1.1" 200 21864 "-" "Mozilla/5.0 (Linux; Android 6.0.1; Nexus 5X Build/MMB29P) AppleWebKit/537.36 (KHTML, like Gecko) Chrome/137.0.7151.103 Mobile Safari/537.36 (compatible; Googlebot/2.1; +http://www.google.com/bot.html)"
209.74.77.214 - - [12/Jul/2025:15:37:28 +0000] "POST /wp-cron.php?doing_wp_cron=1752334648.0927050113677978515625 HTTP/1.1" 200 - "-" "WordPress/6.8.1; https://alalamy.com.au"
54.36.148.226 - - [12/Jul/2025:15:37:27 +0000] "GET /?k=53372734021900&mod=2ec67927&uri=goods.php%3Fid%3D1781090-257%26name%3Dtommy+hilfiger+jeans+denton HTTP/1.1" 301 - "-" "Mozilla/5.0 (compatible; AhrefsBot/7.0; +http://ahrefs.com/robot/)"
66.249.65.164 - - [12/Jul/2025:15:37:29 +0000] "GET /?k=7224009071900&mod=44f95c37&uri=blog.php%3Fid%3D241253-252%26name%3Dbest+slim+work+pants HTTP/1.1" 200 21930 "-" "Mozilla/5.0 (Linux; Android 6.0.1; Nexus 5X Build/MMB29P) AppleWebKit/537.36 (KHTML, like Gecko) Chrome/137.0.7151.103 Mobile Safari/537.36 (compatible; Googlebot/2.1; +http://www.google.com/bot.html)"
66.249.65.164 - - [12/Jul/2025:15:37:30 +0000] "POST /get-message-notify HTTP/1.1" 200 21437 "https://alalamy.com.au/?k=7228329001900&mod=44f95c37&uri=dp.php%3Fid%3D241397-252%26name%3Dlucky+brand+jeans+rn+80318" "Mozilla/5.0 (Linux; Android 6.0.1; Nexus 5X Build/MMB29P) AppleWebKit/537.36 (KHTML, like Gecko) Chrome/137.0.7151.119 Mobile Safari/537.36 (compatible; Googlebot/2.1; +http://www.google.com/bot.html)"
66.249.70.164 - - [12/Jul/2025:15:37:30 +0000] "POST /get-message-notify HTTP/1.1" 200 21418 "https://alalamy.com.au/?k=23558298021900&mod=4d383d5c&uri=us.php%3Fid%3D786322-234%26name%3Dsportalm+skijacke+rot" "Mozilla/5.0 (Linux; Android 6.0.1; Nexus 5X Build/MMB29P) AppleWebKit/537.36 (KHTML, like Gecko) Chrome/137.0.7151.119 Mobile Safari/537.36 (compatible; Googlebot/2.1; +http://www.google.com/bot.html)"
66.249.65.165 - - [12/Jul/2025:15:37:34 +0000] "GET /?k=7231119031900&mod=44f95c37&uri=shared.php%3Fid%3D241490-252%26name%3Dtone+denim+skirt HTTP/1.1" 200 21676 "-" "Mozilla/5.0 (Linux; Android 6.0.1; Nexus 5X Build/MMB29P) AppleWebKit/537.36 (KHTML, like Gecko) Chrome/137.0.7151.103 Mobile Safari/537.36 (compatible; Googlebot/2.1; +http://www.google.com/bot.html)"
66.249.65.165 - - [12/Jul/2025:15:37:35 +0000] "POST /get-message-notify HTTP/1.1" 200 21416 "https://alalamy.com.au/?k=7224549031900&mod=44f95c37&uri=category-info.php%3Fid%3D241271-252%26name%3Dlevis+501+leg+twist" "Mozilla/5.0 (Linux; Android 6.0.1; Nexus 5X Build/MMB29P) AppleWebKit/537.36 (KHTML, like Gecko) Chrome/137.0.7151.119 Mobile Safari/537.36 (compatible; Googlebot/2.1; +http://www.google.com/bot.html)"
66.249.65.165 - - [12/Jul/2025:15:37:37 +0000] "POST /get-message-notify HTTP/1.1" 200 21420 "https://alalamy.com.au/?k=7231119031900&mod=44f95c37&uri=shared.php%3Fid%3D241490-252%26name%3Dtone+denim+skirt" "Mozilla/5.0 (Linux; Android 6.0.1; Nexus 5X Build/MMB29P) AppleWebKit/537.36 (KHTML, like Gecko) Chrome/137.0.7151.119 Mobile Safari/537.36 (compatible; Googlebot/2.1; +http://www.google.com/bot.html)"
66.249.65.164 - - [12/Jul/2025:15:37:39 +0000] "GET /?k=7222569031900&mod=44f95c37&uri=form.php%3Fid%3D241205-252%26name%3Dregular+fit+mens+dress+shirts HTTP/1.1" 200 22152 "-" "Mozilla/5.0 (Linux; Android 6.0.1; Nexus 5X Build/MMB29P) AppleWebKit/537.36 (KHTML, like Gecko) Chrome/137.0.7151.103 Mobile Safari/537.36 (compatible; Googlebot/2.1; +http://www.google.com/bot.html)"
66.249.65.164 - - [12/Jul/2025:15:37:47 +0000] "GET /?k=7110105071900&mod=46489c17&uri=shop.php%3Fid%3D237453-44%26name%3Dfila+alina HTTP/1.1" 200 21127 "-" "Mozilla/5.0 (Linux; Android 6.0.1; Nexus 5X Build/MMB29P) AppleWebKit/537.36 (KHTML, like Gecko) Chrome/137.0.7151.103 Mobile Safari/537.36 (compatible; Googlebot/2.1; +http://www.google.com/bot.html)"
66.249.65.165 - - [12/Jul/2025:15:37:51 +0000] "GET /?k=7222119001900&mod=44f95c37&uri=brands.php%3Fid%3D241190-252%26name%3Dcitizens+of+humanity+t+shirt HTTP/1.1" 200 22352 "-" "Mozilla/5.0 (Linux; Android 6.0.1; Nexus 5X Build/MMB29P) AppleWebKit/537.36 (KHTML, like Gecko) Chrome/137.0.7151.103 Mobile Safari/537.36 (compatible; Googlebot/2.1; +http://www.google.com/bot.html)"
66.249.65.164 - - [12/Jul/2025:15:37:53 +0000] "POST /get-message-notify HTTP/1.1" 200 21425 "https://alalamy.com.au/?k=7222119001900&mod=44f95c37&uri=brands.php%3Fid%3D241190-252%26name%3Dcitizens+of+humanity+t+shirt" "Mozilla/5.0 (Linux; Android 6.0.1; Nexus 5X Build/MMB29P) AppleWebKit/537.36 (KHTML, like Gecko) Chrome/137.0.7151.119 Mobile Safari/537.36 (compatible; Googlebot/2.1; +http://www.google.com/bot.html)"
66.249.65.165 - - [12/Jul/2025:15:37:57 +0000] "GET /?k=6702095021900&mod=1366e101&uri=dp.php%3Fid%3D223834-376%26name%3Dwatch+toy+story+online+free HTTP/1.1" 200 21648 "-" "Mozilla/5.0 (Linux; Android 6.0.1; Nexus 5X Build/MMB29P) AppleWebKit/537.36 (KHTML, like Gecko) Chrome/137.0.7151.103 Mobile Safari/537.36 (compatible; Googlebot/2.1; +http://www.google.com/bot.html)"
66.249.65.164 - - [12/Jul/2025:15:38:00 +0000] "GET /?k=17717009011900&mod=4d383d5c&uri=shop.php%3Fid%3D591433-234%26name%3Dwinterjacke+engelbert HTTP/1.1" 200 22065 "-" "Mozilla/5.0 (Linux; Android 6.0.1; Nexus 5X Build/MMB29P) AppleWebKit/537.36 (KHTML, like Gecko) Chrome/137.0.7151.103 Mobile Safari/537.36 (compatible; Googlebot/2.1; +http://www.google.com/bot.html)"
66.249.65.165 - - [12/Jul/2025:15:38:01 +0000] "POST /get-message-notify HTTP/1.1" 200 21420 "https://alalamy.com.au/?k=6702095021900&mod=1366e101&uri=dp.php%3Fid%3D223834-376%26name%3Dwatch+toy+story+online+free" "Mozilla/5.0 (Linux; Android 6.0.1; Nexus 5X Build/MMB29P) AppleWebKit/537.36 (KHTML, like Gecko) Chrome/137.0.7151.119 Mobile Safari/537.36 (compatible; Googlebot/2.1; +http://www.google.com/bot.html)"
66.249.65.164 - - [12/Jul/2025:15:38:03 +0000] "GET /?k=7268110101900&mod=cbd35b79&uri=brands.php%3Fid%3D242727-401%26name%3Dtuto+pochette+simili+cuir+et+tissu HTTP/1.1" 200 21888 "-" "Mozilla/5.0 (Linux; Android 6.0.1; Nexus 5X Build/MMB29P) AppleWebKit/537.36 (KHTML, like Gecko) Chrome/137.0.7151.103 Mobile Safari/537.36 (compatible; Googlebot/2.1; +http://www.google.com/bot.html)"
66.249.65.165 - - [12/Jul/2025:15:38:05 +0000] "GET /?k=7224999041900&mod=44f95c37&uri=news.php%3Fid%3D241286-252%26name%3Dlevis+501+love+fool HTTP/1.1" 200 22766 "-" "Mozilla/5.0 (Linux; Android 6.0.1; Nexus 5X Build/MMB29P) AppleWebKit/537.36 (KHTML, like Gecko) Chrome/137.0.7151.103 Mobile Safari/537.36 (compatible; Googlebot/2.1; +http://www.google.com/bot.html)"
209.74.77.214 - - [12/Jul/2025:15:38:06 +0000] "POST /wp-cron.php?doing_wp_cron=1752334686.2716829776763916015625 HTTP/1.1" 200 - "-" "WordPress/6.8.1; https://alalamy.com.au"
54.36.148.14 - - [12/Jul/2025:15:38:06 +0000] "GET /?k=53728913001900&mod=54617c13&uri=itm.php%3Fid%3D1792971-1305%26name%3Dnescafe+dolce+gusto+kapsules HTTP/1.1" 301 - "-" "Mozilla/5.0 (compatible; AhrefsBot/7.0; +http://ahrefs.com/robot/)"
209.74.77.214 - - [12/Jul/2025:15:38:06 +0000] "POST /wp-admin/admin-ajax.php?action=async_litespeed&nonce=2yuPxVXM0RuD4Fm3QivtjmHKPPLEoZbe&litespeed_type=imgoptm HTTP/1.1" 200 21 "-" "WordPress/6.8.1; https://alalamy.com.au"
66.249.65.164 - - [12/Jul/2025:15:38:08 +0000] "GET /?k=37645928051900&mod=4d383d5c&uri=brands.php%3Fid%3D1256459-234%26name%3Dnike+team+jacke HTTP/1.1" 200 21346 "-" "Mozilla/5.0 (Linux; Android 6.0.1; Nexus 5X Build/MMB29P) AppleWebKit/537.36 (KHTML, like Gecko) Chrome/137.0.7151.103 Mobile Safari/537.36 (compatible; Googlebot/2.1; +http://www.google.com/bot.html)"
66.249.65.164 - - [12/Jul/2025:15:38:10 +0000] "GET /?k=7180642001900&mod=4d383d5c&uri=pin.php%3Fid%3D239807-234%26name%3Dortovox+strickjacke+herren HTTP/1.1" 200 22385 "-" "Mozilla/5.0 (Linux; Android 6.0.1; Nexus 5X Build/MMB29P) AppleWebKit/537.36 (KHTML, like Gecko) Chrome/137.0.7151.103 Mobile Safari/537.36 (compatible; Googlebot/2.1; +http://www.google.com/bot.html)"
66.249.65.164 - - [12/Jul/2025:15:38:20 +0000] "GET /?k=7273777011900&mod=861288f2&uri=search.php%3Fid%3D242919-403%26name%3Dgeox+schuhe+damen+sommerschuhe HTTP/1.1" 200 22246 "-" "Mozilla/5.0 (Linux; Android 6.0.1; Nexus 5X Build/MMB29P) AppleWebKit/537.36 (KHTML, like Gecko) Chrome/137.0.7151.103 Mobile Safari/537.36 (compatible; Googlebot/2.1; +http://www.google.com/bot.html)"
66.249.65.164 - - [12/Jul/2025:15:38:26 +0000] "GET /?k=7260110041900&mod=cbd35b79&uri=shared.php%3Fid%3D242458-401%26name%3Dpatron+sac+a+collation HTTP/1.1" 200 22152 "-" "Mozilla/5.0 (Linux; Android 6.0.1; Nexus 5X Build/MMB29P) AppleWebKit/537.36 (KHTML, like Gecko) Chrome/137.0.7151.103 Mobile Safari/537.36 (compatible; Googlebot/2.1; +http://www.google.com/bot.html)"
66.249.65.164 - - [12/Jul/2025:15:38:26 +0000] "GET /?k=86636439021900&mod=78b643f9&uri=products.php%3Fid%3D2891189-404%26name%3Dcappotto+levi%27s+uomo HTTP/1.1" 200 22770 "-" "Mozilla/5.0 (Linux; Android 6.0.1; Nexus 5X Build/MMB29P) AppleWebKit/537.36 (KHTML, like Gecko) Chrome/137.0.7151.103 Mobile Safari/537.36 (compatible; Googlebot/2.1; +http://www.google.com/bot.html)"
66.249.65.164 - - [12/Jul/2025:15:38:28 +0000] "GET /?k=7174351011900&mod=4d383d5c&uri=product.php%3Fid%3D239597-234%26name%3Djones+wintermantel HTTP/1.1" 200 22303 "-" "Mozilla/5.0 (Linux; Android 6.0.1; Nexus 5X Build/MMB29P) AppleWebKit/537.36 (KHTML, like Gecko) Chrome/137.0.7151.103 Mobile Safari/537.36 (compatible; Googlebot/2.1; +http://www.google.com/bot.html)"
66.249.65.164 - - [12/Jul/2025:15:38:30 +0000] "POST /get-message-notify HTTP/1.1" 200 21431 "https://alalamy.com.au/?k=7174351011900&mod=4d383d5c&uri=product.php%3Fid%3D239597-234%26name%3Djones+wintermantel" "Mozilla/5.0 (Linux; Android 6.0.1; Nexus 5X Build/MMB29P) AppleWebKit/537.36 (KHTML, like Gecko) Chrome/137.0.7151.119 Mobile Safari/537.36 (compatible; Googlebot/2.1; +http://www.google.com/bot.html)"
66.249.65.164 - - [12/Jul/2025:15:38:31 +0000] "GET /?k=6704705131900&mod=de3358ca&uri=category-info.php%3Fid%3D223921-378%26name%3Dwhen+to+go+front+facing HTTP/1.1" 200 21182 "-" "Mozilla/5.0 (Linux; Android 6.0.1; Nexus 5X Build/MMB29P) AppleWebKit/537.36 (KHTML, like Gecko) Chrome/137.0.7151.103 Mobile Safari/537.36 (compatible; Googlebot/2.1; +http://www.google.com/bot.html)"
209.74.77.214 - - [12/Jul/2025:15:38:40 +0000] "POST /wp-cron.php?doing_wp_cron=1752334720.7711699008941650390625 HTTP/1.1" 200 - "-" "WordPress/6.8.1; https://alalamy.com.au"
54.36.149.40 - - [12/Jul/2025:15:38:40 +0000] "GET /?k=54233966101900&mod=cfa69734&uri=category-info.php%3Fid%3D1809837-689%26name%3Dheel+pain+and+numbness HTTP/1.1" 301 - "-" "Mozilla/5.0 (compatible; AhrefsBot/7.0; +http://ahrefs.com/robot/)"
209.74.77.214 - - [12/Jul/2025:15:38:40 +0000] "POST /wp-admin/admin-ajax.php?action=async_litespeed&nonce=cXGZ4vmPJAZS27XKREjAsWFIGnAM7OGC&litespeed_type=imgoptm HTTP/1.1" 200 21 "-" "WordPress/6.8.1; https://alalamy.com.au"
66.249.65.164 - - [12/Jul/2025:15:38:31 +0000] "GET /?k=7187349041900&mod=df7c6cbf&uri=form.php%3Fid%3D240031-399%26name%3Drolex+daytona+juan+pablo+montoya+price HTTP/1.1" 200 22206 "-" "Mozilla/5.0 (Linux; Android 6.0.1; Nexus 5X Build/MMB29P) AppleWebKit/537.36 (KHTML, like Gecko) Chrome/137.0.7151.103 Mobile Safari/537.36 (compatible; Googlebot/2.1; +http://www.google.com/bot.html)"
66.249.65.164 - - [12/Jul/2025:15:38:33 +0000] "GET /?k=7172251011900&mod=4d383d5c&uri=itm.php%3Fid%3D239527-234%26name%3Djack+and+jones+parka+rot HTTP/1.1" 200 21864 "-" "Mozilla/5.0 (Linux; Android 6.0.1; Nexus 5X Build/MMB29P) AppleWebKit/537.36 (KHTML, like Gecko) Chrome/137.0.7151.103 Mobile Safari/537.36 (compatible; Googlebot/2.1; +http://www.google.com/bot.html)"
66.249.65.164 - - [12/Jul/2025:15:38:40 +0000] "POST /get-message-notify HTTP/1.1" 200 21432 "https://alalamy.com.au/?k=17717009011900&mod=4d383d5c&uri=shop.php%3Fid%3D591433-234%26name%3Dwinterjacke+engelbert" "Mozilla/5.0 (Linux; Android 6.0.1; Nexus 5X Build/MMB29P) AppleWebKit/537.36 (KHTML, like Gecko) Chrome/137.0.7151.119 Mobile Safari/537.36 (compatible; Googlebot/2.1; +http://www.google.com/bot.html)"
66.249.65.164 - - [12/Jul/2025:15:38:41 +0000] "GET /?k=7224729001900&mod=44f95c37&uri=blog.php%3Fid%3D241277-252%26name%3Dlucky+brand+jeans+square+one HTTP/1.1" 200 21981 "-" "Mozilla/5.0 (Linux; Android 6.0.1; Nexus 5X Build/MMB29P) AppleWebKit/537.36 (KHTML, like Gecko) Chrome/137.0.7151.103 Mobile Safari/537.36 (compatible; Googlebot/2.1; +http://www.google.com/bot.html)"
66.249.65.165 - - [12/Jul/2025:15:38:53 +0000] "GET /?k=7270439031900&mod=fafcb194&uri=dp.php%3Fid%3D242805-402%26name%3Dmarque+de+bijoux+homme HTTP/1.1" 200 22114 "-" "Mozilla/5.0 (Linux; Android 6.0.1; Nexus 5X Build/MMB29P) AppleWebKit/537.36 (KHTML, like Gecko) Chrome/137.0.7151.103 Mobile Safari/537.36 (compatible; Googlebot/2.1; +http://www.google.com/bot.html)"
66.249.65.165 - - [12/Jul/2025:15:38:55 +0000] "GET /?k=7226799041900&mod=44f95c37&uri=products.php%3Fid%3D241346-252%26name%3Drag+and+bone+women%27s+clothing HTTP/1.1" 200 22396 "-" "Mozilla/5.0 (Linux; Android 6.0.1; Nexus 5X Build/MMB29P) AppleWebKit/537.36 (KHTML, like Gecko) Chrome/137.0.7151.103 Mobile Safari/537.36 (compatible; Googlebot/2.1; +http://www.google.com/bot.html)"
66.249.65.164 - - [12/Jul/2025:15:38:58 +0000] "GET /?k=7176031011900&mod=4d383d5c&uri=pin.php%3Fid%3D239653-234%26name%3Dkarl+lagerfeld+jacke+m%C3%83%C2%A4nner HTTP/1.1" 200 21870 "-" "Mozilla/5.0 (Linux; Android 6.0.1; Nexus 5X Build/MMB29P) AppleWebKit/537.36 (KHTML, like Gecko) Chrome/137.0.7151.103 Mobile Safari/537.36 (compatible; Googlebot/2.1; +http://www.google.com/bot.html)"
66.249.65.165 - - [12/Jul/2025:15:38:58 +0000] "GET /?k=119688373061900&mod=8646de4b&uri=products.php%3Fid%3D3994366-484%26name%3Dsame+swimwear HTTP/1.1" 200 20466 "-" "Mozilla/5.0 (Linux; Android 6.0.1; Nexus 5X Build/MMB29P) AppleWebKit/537.36 (KHTML, like Gecko) Chrome/137.0.7151.103 Mobile Safari/537.36 (compatible; Googlebot/2.1; +http://www.google.com/bot.html)"
66.249.65.166 - - [12/Jul/2025:15:39:07 +0000] "GET /?k=7273066011900&mod=cbd35b79&uri=product.php%3Fid%3D242895-401%26name%3Dtuto+pochette+savon+coton+enduit HTTP/1.1" 200 21972 "-" "Mozilla/5.0 (Linux; Android 6.0.1; Nexus 5X Build/MMB29P) AppleWebKit/537.36 (KHTML, like Gecko) Chrome/137.0.7151.103 Mobile Safari/537.36 (compatible; Googlebot/2.1; +http://www.google.com/bot.html)"
66.249.65.164 - - [12/Jul/2025:15:39:08 +0000] "POST /get-message-notify HTTP/1.1" 200 21419 "https://alalamy.com.au/?k=7273066011900&mod=cbd35b79&uri=product.php%3Fid%3D242895-401%26name%3Dtuto+pochette+savon+coton+enduit" "Mozilla/5.0 (Linux; Android 6.0.1; Nexus 5X Build/MMB29P) AppleWebKit/537.36 (KHTML, like Gecko) Chrome/137.0.7151.119 Mobile Safari/537.36 (compatible; Googlebot/2.1; +http://www.google.com/bot.html)"
66.249.65.165 - - [12/Jul/2025:15:39:12 +0000] "GET /?k=7203159011900&mod=5e3a4137&uri=news.php%3Fid%3D240558-400%26name%3Dfitbit+charge+nato+strap HTTP/1.1" 200 21912 "-" "Mozilla/5.0 (Linux; Android 6.0.1; Nexus 5X Build/MMB29P) AppleWebKit/537.36 (KHTML, like Gecko) Chrome/137.0.7151.103 Mobile Safari/537.36 (compatible; Googlebot/2.1; +http://www.google.com/bot.html)"
66.249.65.164 - - [12/Jul/2025:15:39:13 +0000] "GET /?k=42127540041900&mod=4fb04ef6&uri=category-info.php%3Fid%3D1405974-1173%26name%3Dhp+spectre+folio+uk HTTP/1.1" 200 21325 "-" "Mozilla/5.0 (Linux; Android 6.0.1; Nexus 5X Build/MMB29P) AppleWebKit/537.36 (KHTML, like Gecko) Chrome/137.0.7151.103 Mobile Safari/537.36 (compatible; Googlebot/2.1; +http://www.google.com/bot.html)"
66.249.65.165 - - [12/Jul/2025:15:39:15 +0000] "POST /get-message-notify HTTP/1.1" 200 21420 "https://alalamy.com.au/?k=7203159011900&mod=5e3a4137&uri=news.php%3Fid%3D240558-400%26name%3Dfitbit+charge+nato+strap" "Mozilla/5.0 (Linux; Android 6.0.1; Nexus 5X Build/MMB29P) AppleWebKit/537.36 (KHTML, like Gecko) Chrome/137.0.7151.119 Mobile Safari/537.36 (compatible; Googlebot/2.1; +http://www.google.com/bot.html)"
66.249.65.164 - - [12/Jul/2025:15:39:17 +0000] "GET /?k=7228869031900&mod=44f95c37&uri=products.php%3Fid%3D241415-252%26name%3Drag+and+bone+man+tour+dates+2019 HTTP/1.1" 200 21692 "-" "Mozilla/5.0 (Linux; Android 6.0.1; Nexus 5X Build/MMB29P) AppleWebKit/537.36 (KHTML, like Gecko) Chrome/137.0.7151.103 Mobile Safari/537.36 (compatible; Googlebot/2.1; +http://www.google.com/bot.html)"
209.74.77.214 - - [12/Jul/2025:15:39:22 +0000] "POST /wp-cron.php?doing_wp_cron=1752334762.5539989471435546875000 HTTP/1.1" 200 - "-" "WordPress/6.8.1; https://alalamy.com.au"
54.36.148.66 - - [12/Jul/2025:15:39:22 +0000] "GET /?k=56217178071900&mod=e2ac919b&uri=pin.php%3Fid%3D1875999-1318%26name%3Dnike+youth+soccer+shorts+size+chart HTTP/1.1" 301 - "-" "Mozilla/5.0 (compatible; AhrefsBot/7.0; +http://ahrefs.com/robot/)"
66.249.65.164 - - [12/Jul/2025:15:39:26 +0000] "GET /?k=7260710031900&mod=44f95c37&uri=category-info.php%3Fid%3D242478-252%26name%3Dlee+elly HTTP/1.1" 200 22071 "-" "Mozilla/5.0 (Linux; Android 6.0.1; Nexus 5X Build/MMB29P) AppleWebKit/537.36 (KHTML, like Gecko) Chrome/137.0.7151.103 Mobile Safari/537.36 (compatible; Googlebot/2.1; +http://www.google.com/bot.html)"
66.249.65.164 - - [12/Jul/2025:15:39:26 +0000] "GET /?k=119728483041900&mod=b1dbc35c&uri=category-info.php%3Fid%3D3995703-539%26name%3Dairpods+pros+sale HTTP/1.1" 200 21314 "-" "Mozilla/5.0 (Linux; Android 6.0.1; Nexus 5X Build/MMB29P) AppleWebKit/537.36 (KHTML, like Gecko) Chrome/137.0.7151.103 Mobile Safari/537.36 (compatible; Googlebot/2.1; +http://www.google.com/bot.html)"
66.249.65.164 - - [12/Jul/2025:15:39:28 +0000] "POST /get-message-notify HTTP/1.1" 200 21430 "https://alalamy.com.au/?k=7260710031900&mod=44f95c37&uri=category-info.php%3Fid%3D242478-252%26name%3Dlee+elly" "Mozilla/5.0 (Linux; Android 6.0.1; Nexus 5X Build/MMB29P) AppleWebKit/537.36 (KHTML, like Gecko) Chrome/137.0.7151.119 Mobile Safari/537.36 (compatible; Googlebot/2.1; +http://www.google.com/bot.html)"
66.249.65.164 - - [12/Jul/2025:15:39:32 +0000] "GET /?k=7173931011900&mod=4d383d5c&uri=info.php%3Fid%3D239583-234%26name%3Dl%C3%83%C2%B6ffler+laufjacke+herren HTTP/1.1" 200 21911 "-" "Mozilla/5.0 (Linux; Android 6.0.1; Nexus 5X Build/MMB29P) AppleWebKit/537.36 (KHTML, like Gecko) Chrome/137.0.7151.103 Mobile Safari/537.36 (compatible; Googlebot/2.1; +http://www.google.com/bot.html)"
66.249.65.164 - - [12/Jul/2025:15:39:37 +0000] "GET /?k=7055450021900&mod=156cc497&uri=category-info.php%3Fid%3D235628-396%26name%3Dugg+bebe+taille+21 HTTP/1.1" 200 21440 "-" "Mozilla/5.0 (Linux; Android 6.0.1; Nexus 5X Build/MMB29P) AppleWebKit/537.36 (KHTML, like Gecko) Chrome/137.0.7151.103 Mobile Safari/537.36 (compatible; Googlebot/2.1; +http://www.google.com/bot.html)"
66.249.65.164 - - [12/Jul/2025:15:39:37 +0000] "GET /?k=7223469031900&mod=44f95c37&uri=shared.php%3Fid%3D241235-252%26name%3Drag+n+bone+man+website HTTP/1.1" 200 22150 "-" "Mozilla/5.0 (Linux; Android 6.0.1; Nexus 5X Build/MMB29P) AppleWebKit/537.36 (KHTML, like Gecko) Chrome/137.0.7151.103 Mobile Safari/537.36 (compatible; Googlebot/2.1; +http://www.google.com/bot.html)"
66.249.65.164 - - [12/Jul/2025:15:39:39 +0000] "GET /?k=7091607061900&mod=539ef09c&uri=itm.php%3Fid%3D236836-397%26name%3Dgold+leather+flip+flops HTTP/1.1" 200 22019 "-" "Mozilla/5.0 (Linux; Android 6.0.1; Nexus 5X Build/MMB29P) AppleWebKit/537.36 (KHTML, like Gecko) Chrome/137.0.7151.103 Mobile Safari/537.36 (compatible; Googlebot/2.1; +http://www.google.com/bot.html)"
66.249.65.164 - - [12/Jul/2025:15:39:42 +0000] "POST /get-message-notify HTTP/1.1" 200 21419 "https://alalamy.com.au/?k=119728483041900&mod=b1dbc35c&uri=category-info.php%3Fid%3D3995703-539%26name%3Dairpods+pros+sale" "Mozilla/5.0 (Linux; Android 6.0.1; Nexus 5X Build/MMB29P) AppleWebKit/537.36 (KHTML, like Gecko) Chrome/137.0.7151.119 Mobile Safari/537.36 (compatible; Googlebot/2.1; +http://www.google.com/bot.html)"
66.249.65.164 - - [12/Jul/2025:15:39:43 +0000] "GET /?k=6880194021900&mod=0afe1037&uri=shared.php%3Fid%3D229778-345%26name%3Dpantalon+oficina+mujer HTTP/1.1" 200 22185 "-" "Mozilla/5.0 (Linux; Android 6.0.1; Nexus 5X Build/MMB29P) AppleWebKit/537.36 (KHTML, like Gecko) Chrome/137.0.7151.103 Mobile Safari/537.36 (compatible; Googlebot/2.1; +http://www.google.com/bot.html)"
66.249.65.164 - - [12/Jul/2025:15:39:46 +0000] "POST /get-message-notify HTTP/1.1" 200 21435 "https://alalamy.com.au/?k=7055450021900&mod=156cc497&uri=category-info.php%3Fid%3D235628-396%26name%3Dugg+bebe+taille+21" "Mozilla/5.0 (Linux; Android 6.0.1; Nexus 5X Build/MMB29P) AppleWebKit/537.36 (KHTML, like Gecko) Chrome/137.0.7151.119 Mobile Safari/537.36 (compatible; Googlebot/2.1; +http://www.google.com/bot.html)"
66.249.65.164 - - [12/Jul/2025:15:39:51 +0000] "POST /get-message-notify HTTP/1.1" 200 21441 "https://alalamy.com.au/?k=7091607061900&mod=539ef09c&uri=itm.php%3Fid%3D236836-397%26name%3Dgold+leather+flip+flops" "Mozilla/5.0 (Linux; Android 6.0.1; Nexus 5X Build/MMB29P) AppleWebKit/537.36 (KHTML, like Gecko) Chrome/137.0.7151.119 Mobile Safari/537.36 (compatible; Googlebot/2.1; +http://www.google.com/bot.html)"
209.74.77.214 - - [12/Jul/2025:15:39:52 +0000] "POST /wp-cron.php?doing_wp_cron=1752334792.3322920799255371093750 HTTP/1.1" 200 - "-" "WordPress/6.8.1; https://alalamy.com.au"
54.36.148.14 - - [12/Jul/2025:15:39:52 +0000] "GET /?k=57090953081900&mod=d881b3c1&uri=info.php%3Fid%3D1905151-177%26name%3Dseason+peaky+blinders+watch+online HTTP/1.1" 301 - "-" "Mozilla/5.0 (compatible; AhrefsBot/7.0; +http://ahrefs.com/robot/)"
209.74.77.214 - - [12/Jul/2025:15:39:52 +0000] "POST /wp-admin/admin-ajax.php?action=async_litespeed&nonce=i5343ovmBekpzDvnGXK8tpZ3zpsCzAFK&litespeed_type=imgoptm HTTP/1.1" 200 21 "-" "WordPress/6.8.1; https://alalamy.com.au"
66.249.65.164 - - [12/Jul/2025:15:39:49 +0000] "GET /?k=7034370071900&mod=156cc497&uri=news.php%3Fid%3D234925-396%26name%3Dair+jordan+lacets HTTP/1.1" 200 20906 "-" "Mozilla/5.0 (Linux; Android 6.0.1; Nexus 5X Build/MMB29P) AppleWebKit/537.36 (KHTML, like Gecko) Chrome/137.0.7151.103 Mobile Safari/537.36 (compatible; Googlebot/2.1; +http://www.google.com/bot.html)"
66.249.65.164 - - [12/Jul/2025:15:39:52 +0000] "GET /?k=6852684031900&mod=69846de5&uri=category-info.php%3Fid%3D228861-386%26name%3Dyellow+titleist+hat HTTP/1.1" 200 22054 "-" "Mozilla/5.0 (Linux; Android 6.0.1; Nexus 5X Build/MMB29P) AppleWebKit/537.36 (KHTML, like Gecko) Chrome/137.0.7151.103 Mobile Safari/537.36 (compatible; Googlebot/2.1; +http://www.google.com/bot.html)"
66.249.65.165 - - [12/Jul/2025:15:39:57 +0000] "GET /?k=4426009031900&mod=6df811b7&uri=dp.php%3Fid%3D147724-265%26name%3Dxinvmong+wear HTTP/1.1" 200 21714 "-" "Mozilla/5.0 (Linux; Android 6.0.1; Nexus 5X Build/MMB29P) AppleWebKit/537.36 (KHTML, like Gecko) Chrome/137.0.7151.103 Mobile Safari/537.36 (compatible; Googlebot/2.1; +http://www.google.com/bot.html)"
66.249.65.165 - - [12/Jul/2025:15:39:59 +0000] "GET /?k=42128710051900&mod=4fb04ef6&uri=article.php%3Fid%3D1406013-1173%26name%3Dhama+laptop+bag HTTP/1.1" 200 21025 "-" "Mozilla/5.0 (Linux; Android 6.0.1; Nexus 5X Build/MMB29P) AppleWebKit/537.36 (KHTML, like Gecko) Chrome/137.0.7151.103 Mobile Safari/537.36 (compatible; Googlebot/2.1; +http://www.google.com/bot.html)"
66.249.65.164 - - [12/Jul/2025:15:40:02 +0000] "GET /?k=7068457081900&mod=156cc497&uri=news.php%3Fid%3D236063-396%26name%3Dsandale+blanche+tropezienne HTTP/1.1" 200 20595 "-" "Mozilla/5.0 (Linux; Android 6.0.1; Nexus 5X Build/MMB29P) AppleWebKit/537.36 (KHTML, like Gecko) Chrome/137.0.7151.103 Mobile Safari/537.36 (compatible; Googlebot/2.1; +http://www.google.com/bot.html)"
66.249.65.164 - - [12/Jul/2025:15:40:02 +0000] "POST /get-message-notify HTTP/1.1" 200 21433 "https://alalamy.com.au/?k=4426009031900&mod=6df811b7&uri=dp.php%3Fid%3D147724-265%26name%3Dxinvmong+wear" "Mozilla/5.0 (Linux; Android 6.0.1; Nexus 5X Build/MMB29P) AppleWebKit/537.36 (KHTML, like Gecko) Chrome/137.0.7151.119 Mobile Safari/537.36 (compatible; Googlebot/2.1; +http://www.google.com/bot.html)"
66.249.65.164 - - [12/Jul/2025:15:40:07 +0000] "GET /?k=7196559061900&mod=df7c6cbf&uri=itm.php%3Fid%3D240338-399%26name%3Dsamsung+watch+2018+42mm HTTP/1.1" 200 21350 "-" "Mozilla/5.0 (Linux; Android 6.0.1; Nexus 5X Build/MMB29P) AppleWebKit/537.36 (KHTML, like Gecko) Chrome/137.0.7151.103 Mobile Safari/537.36 (compatible; Googlebot/2.1; +http://www.google.com/bot.html)"
66.249.65.164 - - [12/Jul/2025:15:40:14 +0000] "POST /get-message-notify HTTP/1.1" 200 21429 "https://alalamy.com.au/?k=7196559061900&mod=df7c6cbf&uri=itm.php%3Fid%3D240338-399%26name%3Dsamsung+watch+2018+42mm" "Mozilla/5.0 (Linux; Android 6.0.1; Nexus 5X Build/MMB29P) AppleWebKit/537.36 (KHTML, like Gecko) Chrome/137.0.7151.119 Mobile Safari/537.36 (compatible; Googlebot/2.1; +http://www.google.com/bot.html)"
66.249.65.164 - - [12/Jul/2025:15:40:15 +0000] "GET /?k=4438969041900&mod=6df811b7&uri=pin.php%3Fid%3D148156-265%26name%3Dt%C3%83%C2%AAnis+nike+lunar+prime+iron+ii+masculino HTTP/1.1" 200 22195 "-" "Mozilla/5.0 (Linux; Android 6.0.1; Nexus 5X Build/MMB29P) AppleWebKit/537.36 (KHTML, like Gecko) Chrome/137.0.7151.103 Mobile Safari/537.36 (compatible; Googlebot/2.1; +http://www.google.com/bot.html)"
66.249.65.164 - - [12/Jul/2025:15:40:20 +0000] "GET /?k=6865344031900&mod=69846de5&uri=search.php%3Fid%3D229283-386%26name%3Dgolf+visor+hat HTTP/1.1" 200 21442 "-" "Mozilla/5.0 (Linux; Android 6.0.1; Nexus 5X Build/MMB29P) AppleWebKit/537.36 (KHTML, like Gecko) Chrome/137.0.7151.103 Mobile Safari/537.36 (compatible; Googlebot/2.1; +http://www.google.com/bot.html)"
66.249.65.164 - - [12/Jul/2025:15:40:23 +0000] "GET /?k=7198479001900&mod=5e3a4137&uri=pin.php%3Fid%3D240402-400%26name%3Dfossil+interchangeable+watch HTTP/1.1" 200 22314 "-" "Mozilla/5.0 (Linux; Android 6.0.1; Nexus 5X Build/MMB29P) AppleWebKit/537.36 (KHTML, like Gecko) Chrome/137.0.7151.103 Mobile Safari/537.36 (compatible; Googlebot/2.1; +http://www.google.com/bot.html)"
66.249.65.164 - - [12/Jul/2025:15:40:26 +0000] "GET /?k=49957029051900&mod=26bcbaf7&uri=us.php%3Fid%3D1667157-377%26name%3Dsewa+stroller+babyzen+yoyo HTTP/1.1" 200 21326 "-" "Mozilla/5.0 (Linux; Android 6.0.1; Nexus 5X Build/MMB29P) AppleWebKit/537.36 (KHTML, like Gecko) Chrome/137.0.7151.103 Mobile Safari/537.36 (compatible; Googlebot/2.1; +http://www.google.com/bot.html)"
209.74.77.214 - - [12/Jul/2025:15:40:27 +0000] "POST /wp-cron.php?doing_wp_cron=1752334827.9783821105957031250000 HTTP/1.1" 200 - "-" "WordPress/6.8.1; https://alalamy.com.au"
54.36.148.186 - - [12/Jul/2025:15:40:27 +0000] "GET /?k=57659814051900&mod=93dd84d3&uri=products.php%3Fid%3D1924141-253%26name%3Dlego+houses+of+parliament HTTP/1.1" 301 - "-" "Mozilla/5.0 (compatible; AhrefsBot/7.0; +http://ahrefs.com/robot/)"
66.249.65.164 - - [12/Jul/2025:15:40:34 +0000] "GET /?k=7083507041900&mod=539ef09c&uri=itm.php%3Fid%3D236566-397%26name%3Dred+fringe+heels HTTP/1.1" 200 20923 "-" "Mozilla/5.0 (Linux; Android 6.0.1; Nexus 5X Build/MMB29P) AppleWebKit/537.36 (KHTML, like Gecko) Chrome/137.0.7151.103 Mobile Safari/537.36 (compatible; Googlebot/2.1; +http://www.google.com/bot.html)"
66.249.65.164 - - [12/Jul/2025:15:40:37 +0000] "GET /?k=7034850031900&mod=156cc497&uri=shop.php%3Fid%3D234941-396%26name%3Dbaskets+cali+sport+wild+cats HTTP/1.1" 200 21320 "-" "Mozilla/5.0 (Linux; Android 6.0.1; Nexus 5X Build/MMB29P) AppleWebKit/537.36 (KHTML, like Gecko) Chrome/137.0.7151.103 Mobile Safari/537.36 (compatible; Googlebot/2.1; +http://www.google.com/bot.html)"
66.249.65.164 - - [12/Jul/2025:15:40:39 +0000] "POST /get-message-notify HTTP/1.1" 200 21421 "https://alalamy.com.au/?k=7083507041900&mod=539ef09c&uri=itm.php%3Fid%3D236566-397%26name%3Dred+fringe+heels" "Mozilla/5.0 (Linux; Android 6.0.1; Nexus 5X Build/MMB29P) AppleWebKit/537.36 (KHTML, like Gecko) Chrome/137.0.7151.119 Mobile Safari/537.36 (compatible; Googlebot/2.1; +http://www.google.com/bot.html)"
66.249.65.164 - - [12/Jul/2025:15:40:41 +0000] "GET /?k=4431529021900&mod=6df811b7&uri=category-info.php%3Fid%3D147908-265%26name%3Djaqueta+transparente+rosa HTTP/1.1" 200 20576 "-" "Mozilla/5.0 (Linux; Android 6.0.1; Nexus 5X Build/MMB29P) AppleWebKit/537.36 (KHTML, like Gecko) Chrome/137.0.7151.103 Mobile Safari/537.36 (compatible; Googlebot/2.1; +http://www.google.com/bot.html)"
66.249.65.164 - - [12/Jul/2025:15:40:46 +0000] "GET /?k=6843091011900&mod=d8d7e7b1&uri=brands.php%3Fid%3D228541-383%26name%3Dbec+and+bridge+caroline+cut+out+dress HTTP/1.1" 200 20912 "-" "Mozilla/5.0 (Linux; Android 6.0.1; Nexus 5X Build/MMB29P) AppleWebKit/537.36 (KHTML, like Gecko) Chrome/137.0.7151.103 Mobile Safari/537.36 (compatible; Googlebot/2.1; +http://www.google.com/bot.html)"
66.249.65.164 - - [12/Jul/2025:15:40:51 +0000] "GET /?k=6752255021900&mod=b75fccec&uri=pin.php%3Fid%3D225508-233%26name%3Dcorbatas+scalpers+el+corte+ingles HTTP/1.1" 200 20929 "-" "Mozilla/5.0 (Linux; Android 6.0.1; Nexus 5X Build/MMB29P) AppleWebKit/537.36 (KHTML, like Gecko) Chrome/137.0.7151.103 Mobile Safari/537.36 (compatible; Googlebot/2.1; +http://www.google.com/bot.html)"
66.249.65.164 - - [12/Jul/2025:15:40:56 +0000] "GET /?k=7030660031900&mod=156cc497&uri=product.php%3Fid%3D234801-396%26name%3Dpanier+de+basket+b700 HTTP/1.1" 200 20784 "-" "Mozilla/5.0 (Linux; Android 6.0.1; Nexus 5X Build/MMB29P) AppleWebKit/537.36 (KHTML, like Gecko) Chrome/137.0.7151.103 Mobile Safari/537.36 (compatible; Googlebot/2.1; +http://www.google.com/bot.html)"
209.74.77.214 - - [12/Jul/2025:15:40:58 +0000] "POST /wp-cron.php?doing_wp_cron=1752334858.1085340976715087890625 HTTP/1.1" 200 - "-" "WordPress/6.8.1; https://alalamy.com.au"
54.36.148.120 - - [12/Jul/2025:15:40:57 +0000] "GET /?k=57911258121900&mod=09b5bc9e&uri=product.php%3Fid%3D1932531-1241%26name%3Dbarbour+men HTTP/1.1" 301 - "-" "Mozilla/5.0 (compatible; AhrefsBot/7.0; +http://ahrefs.com/robot/)"
209.74.77.214 - - [12/Jul/2025:15:40:58 +0000] "POST /wp-admin/admin-ajax.php?action=async_litespeed&nonce=HKqZ3LpJJDkwlSxoTGt7Cx8FklqnGkfn&litespeed_type=imgoptm HTTP/1.1" 200 21 "-" "WordPress/6.8.1; https://alalamy.com.au"
66.249.65.164 - - [12/Jul/2025:15:41:01 +0000] "GET /?k=7077544031900&mod=413e4eb3&uri=goods.php%3Fid%3D236367-398%26name%3Dbealls+children%27s+shoes HTTP/1.1" 200 21606 "-" "Mozilla/5.0 (Linux; Android 6.0.1; Nexus 5X Build/MMB29P) AppleWebKit/537.36 (KHTML, like Gecko) Chrome/137.0.7151.103 Mobile Safari/537.36 (compatible; Googlebot/2.1; +http://www.google.com/bot.html)"
66.249.65.166 - - [12/Jul/2025:15:41:02 +0000] "GET /?k=6533305021900&mod=c5136a36&uri=dp.php%3Fid%3D218207-366%26name%3Dhollister+sale+boys HTTP/1.1" 200 20700 "-" "Mozilla/5.0 (Linux; Android 6.0.1; Nexus 5X Build/MMB29P) AppleWebKit/537.36 (KHTML, like Gecko) Chrome/137.0.7151.103 Mobile Safari/537.36 (compatible; Googlebot/2.1; +http://www.google.com/bot.html)"
66.249.65.165 - - [12/Jul/2025:15:41:05 +0000] "POST /get-message-notify HTTP/1.1" 200 21435 "https://alalamy.com.au/?k=7077544031900&mod=413e4eb3&uri=goods.php%3Fid%3D236367-398%26name%3Dbealls+children%27s+shoes" "Mozilla/5.0 (Linux; Android 6.0.1; Nexus 5X Build/MMB29P) AppleWebKit/537.36 (KHTML, like Gecko) Chrome/137.0.7151.119 Mobile Safari/537.36 (compatible; Googlebot/2.1; +http://www.google.com/bot.html)"
66.249.65.165 - - [12/Jul/2025:15:41:06 +0000] "GET /?k=6872094021900&mod=69846de5&uri=category-info.php%3Fid%3D229508-386%26name%3Dfootjoy+trucker+cap HTTP/1.1" 200 21879 "-" "Mozilla/5.0 (Linux; Android 6.0.1; Nexus 5X Build/MMB29P) AppleWebKit/537.36 (KHTML, like Gecko) Chrome/137.0.7151.103 Mobile Safari/537.36 (compatible; Googlebot/2.1; +http://www.google.com/bot.html)"
66.249.65.164 - - [12/Jul/2025:15:41:09 +0000] "POST /get-message-notify HTTP/1.1" 200 21420 "https://alalamy.com.au/?k=6872094021900&mod=69846de5&uri=category-info.php%3Fid%3D229508-386%26name%3Dfootjoy+trucker+cap" "Mozilla/5.0 (Linux; Android 6.0.1; Nexus 5X Build/MMB29P) AppleWebKit/537.36 (KHTML, like Gecko) Chrome/137.0.7151.119 Mobile Safari/537.36 (compatible; Googlebot/2.1; +http://www.google.com/bot.html)"
66.249.65.164 - - [12/Jul/2025:15:41:19 +0000] "GET /?k=4428889041900&mod=6df811b7&uri=news.php%3Fid%3D147820-265%26name%3Djaqueta+x11+pre%C3%83%C2%A7o HTTP/1.1" 200 21127 "-" "Mozilla/5.0 (Linux; Android 6.0.1; Nexus 5X Build/MMB29P) AppleWebKit/537.36 (KHTML, like Gecko) Chrome/137.0.7151.103 Mobile Safari/537.36 (compatible; Googlebot/2.1; +http://www.google.com/bot.html)"
66.249.65.164 - - [12/Jul/2025:15:41:21 +0000] "POST /get-message-notify HTTP/1.1" 200 21426 "https://alalamy.com.au/?k=4428889041900&mod=6df811b7&uri=news.php%3Fid%3D147820-265%26name%3Djaqueta+x11+pre%C3%83%C2%A7o" "Mozilla/5.0 AppleWebKit/537.36 (KHTML, like Gecko; compatible; Googlebot/2.1; +http://www.google.com/bot.html) Chrome/137.0.7151.119 Safari/537.36"
66.249.65.164 - - [12/Jul/2025:15:41:21 +0000] "GET /?k=7198179001900&mod=5e3a4137&uri=form.php%3Fid%3D240392-400%26name%3Dreplacement+watch+straps+ireland HTTP/1.1" 200 22230 "-" "Mozilla/5.0 (Linux; Android 6.0.1; Nexus 5X Build/MMB29P) AppleWebKit/537.36 (KHTML, like Gecko) Chrome/137.0.7151.103 Mobile Safari/537.36 (compatible; Googlebot/2.1; +http://www.google.com/bot.html)"
66.249.65.164 - - [12/Jul/2025:15:41:23 +0000] "GET /?k=7180882001900&mod=4d383d5c&uri=blog.php%3Fid%3D239815-234%26name%3Ddaunenjacke+herren+mammut HTTP/1.1" 200 22441 "-" "Mozilla/5.0 (Linux; Android 6.0.1; Nexus 5X Build/MMB29P) AppleWebKit/537.36 (KHTML, like Gecko) Chrome/137.0.7151.103 Mobile Safari/537.36 (compatible; Googlebot/2.1; +http://www.google.com/bot.html)"
66.249.65.164 - - [12/Jul/2025:15:41:26 +0000] "GET /?k=7070350031900&mod=156cc497&uri=product.php%3Fid%3D236127-396%26name%3Dhm+chaussures+garcon HTTP/1.1" 200 21928 "-" "Mozilla/5.0 (Linux; Android 6.0.1; Nexus 5X Build/MMB29P) AppleWebKit/537.36 (KHTML, like Gecko) Chrome/137.0.7151.103 Mobile Safari/537.36 (compatible; Googlebot/2.1; +http://www.google.com/bot.html)"
209.74.77.214 - - [12/Jul/2025:15:41:27 +0000] "POST /wp-cron.php?doing_wp_cron=1752334887.6513359546661376953125 HTTP/1.1" 200 - "-" "WordPress/6.8.1; https://alalamy.com.au"
54.36.148.99 - - [12/Jul/2025:15:41:27 +0000] "GET /?k=58100338061900&mod=6f3e0bd5&uri=category-info.php%3Fid%3D1938837-1337%26name%3Dpiumini+uomo+geox HTTP/1.1" 301 - "-" "Mozilla/5.0 (compatible; AhrefsBot/7.0; +http://ahrefs.com/robot/)"
66.249.65.164 - - [12/Jul/2025:15:41:30 +0000] "GET /?k=7065348091900&mod=156cc497&uri=shared.php%3Fid%3D235959-396%26name%3Dcouleur+tong HTTP/1.1" 200 21484 "-" "Mozilla/5.0 (Linux; Android 6.0.1; Nexus 5X Build/MMB29P) AppleWebKit/537.36 (KHTML, like Gecko) Chrome/137.0.7151.103 Mobile Safari/537.36 (compatible; Googlebot/2.1; +http://www.google.com/bot.html)"
66.249.65.164 - - [12/Jul/2025:15:41:32 +0000] "GET /?k=7186539041900&mod=5e3a4137&uri=goods.php%3Fid%3D240004-400%26name%3Dgeetha+govindam+movie+online+dailymotion+hindi HTTP/1.1" 200 22018 "-" "Mozilla/5.0 (Linux; Android 6.0.1; Nexus 5X Build/MMB29P) AppleWebKit/537.36 (KHTML, like Gecko) Chrome/137.0.7151.103 Mobile Safari/537.36 (compatible; Googlebot/2.1; +http://www.google.com/bot.html)"
66.249.65.164 - - [12/Jul/2025:15:41:35 +0000] "GET /?k=7090707021900&mod=413e4eb3&uri=itm.php%3Fid%3D236806-398%26name%3Dtoms+stockists+near+me HTTP/1.1" 200 20607 "-" "Mozilla/5.0 (Linux; Android 6.0.1; Nexus 5X Build/MMB29P) AppleWebKit/537.36 (KHTML, like Gecko) Chrome/137.0.7151.103 Mobile Safari/537.36 (compatible; Googlebot/2.1; +http://www.google.com/bot.html)"
66.249.65.164 - - [12/Jul/2025:15:41:36 +0000] "GET /?k=7081054001900&mod=539ef09c&uri=dp.php%3Fid%3D236484-397%26name%3Dheel+less+formal+shoes HTTP/1.1" 200 21055 "-" "Mozilla/5.0 (Linux; Android 6.0.1; Nexus 5X Build/MMB29P) AppleWebKit/537.36 (KHTML, like Gecko) Chrome/137.0.7151.103 Mobile Safari/537.36 (compatible; Googlebot/2.1; +http://www.google.com/bot.html)"
66.249.65.164 - - [12/Jul/2025:15:41:40 +0000] "GET /?k=7075864011900&mod=156cc497&uri=form.php%3Fid%3D236311-396%26name%3Djordan+off+white+prix+de+sortie HTTP/1.1" 200 21468 "-" "Mozilla/5.0 (Linux; Android 6.0.1; Nexus 5X Build/MMB29P) AppleWebKit/537.36 (KHTML, like Gecko) Chrome/137.0.7151.103 Mobile Safari/537.36 (compatible; Googlebot/2.1; +http://www.google.com/bot.html)"
