207.46.13.160 - - [12/Jul/2025:12:40:16 +0000] "GET /sitemap.xml.gz HTTP/1.1" 200 66756 "-" "Mozilla/5.0 AppleWebKit/537.36 (KHTML, like Gecko; compatible; bingbot/2.0; +http://www.bing.com/bingbot.htm) Chrome/116.0.1938.76 Safari/537.36"
207.46.13.126 - - [12/Jul/2025:12:40:16 +0000] "GET /sitemap.xml HTTP/1.1" 200 66884 "-" "Mozilla/5.0 AppleWebKit/537.36 (KHTML, like Gecko; compatible; bingbot/2.0; +http://www.bing.com/bingbot.htm) Chrome/116.0.1938.76 Safari/537.36"
209.74.77.214 - - [12/Jul/2025:12:40:35 +0000] "POST /wp-cron.php?doing_wp_cron=1752324035.7144210338592529296875 HTTP/1.1" 200 - "-" "WordPress/6.8.1; https://alalamy.com.au"
54.36.148.122 - - [12/Jul/2025:12:40:35 +0000] "GET /?k=102180531021900&mod=5191411e&uri=shared.php%3Fid%3D3410053-523%26name%3Dciabatte+per+uscire HTTP/1.1" 301 - "-" "Mozilla/5.0 (compatible; AhrefsBot/7.0; +http://ahrefs.com/robot/)"
209.74.77.214 - - [12/Jul/2025:12:40:35 +0000] "POST /wp-admin/admin-ajax.php?action=async_litespeed&nonce=lpJ1EMAMkHi6JzprxH06qydMJE05skK0&litespeed_type=imgoptm HTTP/1.1" 200 21 "-" "WordPress/6.8.1; https://alalamy.com.au"
209.74.77.214 - - [12/Jul/2025:12:41:29 +0000] "POST /wp-cron.php?doing_wp_cron=1752324089.2714331150054931640625 HTTP/1.1" 200 - "-" "WordPress/6.8.1; https://alalamy.com.au"
54.36.148.101 - - [12/Jul/2025:12:41:27 +0000] "GET /?k=102455651011900&uri=us.php%3Fid%3D3419232-358%26name%3Dnegozi%20di%20pigiami HTTP/1.1" 200 26570 "-" "Mozilla/5.0 (compatible; AhrefsBot/7.0; +http://ahrefs.com/robot/)"
209.74.77.214 - - [12/Jul/2025:12:42:27 +0000] "POST /wp-cron.php?doing_wp_cron=1752324147.4266369342803955078125 HTTP/1.1" 200 - "-" "WordPress/6.8.1; https://alalamy.com.au"
54.36.148.181 - - [12/Jul/2025:12:42:25 +0000] "GET /?k=102995049001900&mod=d7f984ea&uri=search.php%3Fid%3D3437237-1128%26name%3Dmens+air+max+premium HTTP/1.1" 301 - "-" "Mozilla/5.0 (compatible; AhrefsBot/7.0; +http://ahrefs.com/robot/)"
209.74.77.214 - - [12/Jul/2025:12:42:27 +0000] "POST /wp-admin/admin-ajax.php?action=async_litespeed&nonce=s7wSF1tApWNy1NHGwDPwLQZhor9154KP&litespeed_type=imgoptm HTTP/1.1" 200 21 "-" "WordPress/6.8.1; https://alalamy.com.au"
207.46.13.160 - - [12/Jul/2025:12:42:34 +0000] "GET /wp-sitemap.xml HTTP/1.1" 200 67020 "-" "Mozilla/5.0 AppleWebKit/537.36 (KHTML, like Gecko; compatible; bingbot/2.0; +http://www.bing.com/bingbot.htm) Chrome/116.0.1938.76 Safari/537.36"
209.74.77.214 - - [12/Jul/2025:12:43:02 +0000] "POST /wp-admin/admin-ajax.php?action=async_litespeed&nonce=bN1doG9IQ4odleUrsxp2RZbOoiRQio34&litespeed_type=imgoptm HTTP/1.1" 200 21 "-" "WordPress/6.8.1; https://alalamy.com.au"
209.74.77.214 - - [12/Jul/2025:12:43:21 +0000] "POST /wp-cron.php?doing_wp_cron=1752324201.6627960205078125000000 HTTP/1.1" 200 - "-" "WordPress/6.8.1; https://alalamy.com.au"
54.36.148.231 - - [12/Jul/2025:12:43:21 +0000] "GET /?k=103100660011900&uri=form.php%3Fid%3D3440760-723%26name%3Dcombinaison%20travail%20jetable HTTP/1.1" 200 26570 "-" "Mozilla/5.0 (compatible; AhrefsBot/7.0; +http://ahrefs.com/robot/)"
209.74.77.214 - - [12/Jul/2025:12:44:44 +0000] "POST /wp-cron.php?doing_wp_cron=1752324284.2538800239562988281250 HTTP/1.1" 200 - "-" "WordPress/6.8.1; https://alalamy.com.au"
54.36.148.150 - - [12/Jul/2025:12:44:42 +0000] "GET /?k=104544818041900&mod=a1175a17&uri=info.php%3Fid%3D3488977-1639%26name%3Dstores+that+sell+balenciaga+near+me HTTP/1.1" 301 - "-" "Mozilla/5.0 (compatible; AhrefsBot/7.0; +http://ahrefs.com/robot/)"
209.74.77.214 - - [12/Jul/2025:12:44:44 +0000] "POST /wp-admin/admin-ajax.php?action=async_litespeed&nonce=AIqUQwpzJjZfHYSrWNpQQisu6byyTY64&litespeed_type=imgoptm HTTP/1.1" 200 21 "-" "WordPress/6.8.1; https://alalamy.com.au"
209.74.77.214 - - [12/Jul/2025:12:45:45 +0000] "POST /wp-cron.php?doing_wp_cron=1752324345.9744699001312255859375 HTTP/1.1" 200 - "-" "WordPress/6.8.1; https://alalamy.com.au"
209.74.77.214 - - [12/Jul/2025:12:45:46 +0000] "POST /wp-admin/admin-ajax.php?action=async_litespeed&nonce=hkHHTVp35hHynKc1Cs6HZlAjvnoZvdDY&litespeed_type=imgoptm HTTP/1.1" 200 21 "-" "WordPress/6.8.1; https://alalamy.com.au"
57.141.2.29 - - [12/Jul/2025:12:45:44 +0000] "GET /product/italian-pizza/ HTTP/1.1" 200 106985 "-" "meta-externalagent/1.1 (+https://developers.facebook.com/docs/sharing/webmasters/crawler)"
54.36.148.51 - - [12/Jul/2025:12:45:54 +0000] "GET /?k=104959704111900&uri=article.php%3Fid%3D3502821-1126%26name%3Dmat%20under%20dog%20bowls HTTP/1.1" 200 26570 "-" "Mozilla/5.0 (compatible; AhrefsBot/7.0; +http://ahrefs.com/robot/)"
209.74.77.214 - - [12/Jul/2025:12:47:17 +0000] "POST /wp-cron.php?doing_wp_cron=1752324437.4212689399719238281250 HTTP/1.1" 200 - "-" "WordPress/6.8.1; https://alalamy.com.au"
54.36.148.182 - - [12/Jul/2025:12:47:15 +0000] "GET /?k=105114858011900&mod=40d30097&uri=info.php%3Fid%3D3508003-243%26name%3Dmcqueen+scarpe+fluo HTTP/1.1" 301 - "-" "Mozilla/5.0 (compatible; AhrefsBot/7.0; +http://ahrefs.com/robot/)"
209.74.77.214 - - [12/Jul/2025:12:47:17 +0000] "POST /wp-admin/admin-ajax.php?action=async_litespeed&nonce=z20sea0Q9BHO2wrCeTgFj8vevnMZ9Beq&litespeed_type=imgoptm HTTP/1.1" 200 21 "-" "WordPress/6.8.1; https://alalamy.com.au"
209.74.77.214 - - [12/Jul/2025:12:48:18 +0000] "POST /wp-cron.php?doing_wp_cron=1752324498.0837600231170654296875 HTTP/1.1" 200 - "-" "WordPress/6.8.1; https://alalamy.com.au"
54.36.148.157 - - [12/Jul/2025:12:48:16 +0000] "GET /?k=105182525081900&mod=4e3ae2f5&uri=us.php%3Fid%3D3510260-541%26name%3Dbracelet+montre+cerruti+1881 HTTP/1.1" 301 - "-" "Mozilla/5.0 (compatible; AhrefsBot/7.0; +http://ahrefs.com/robot/)"
209.74.77.214 - - [12/Jul/2025:12:48:18 +0000] "POST /wp-admin/admin-ajax.php?action=async_litespeed&nonce=gZhaD9MmQxoxhYMC1C0MCpr6cOVOXz1C&litespeed_type=imgoptm HTTP/1.1" 200 21 "-" "WordPress/6.8.1; https://alalamy.com.au"
209.74.77.214 - - [12/Jul/2025:12:49:30 +0000] "POST /wp-cron.php?doing_wp_cron=1752324570.4232978820800781250000 HTTP/1.1" 200 - "-" "WordPress/6.8.1; https://alalamy.com.au"
54.36.149.32 - - [12/Jul/2025:12:49:28 +0000] "GET /?k=105406125081900&mod=077faa4c&uri=brands.php%3Fid%3D3517762-728%26name%3Dsnakeskin+bag+strap HTTP/1.1" 301 - "-" "Mozilla/5.0 (compatible; AhrefsBot/7.0; +http://ahrefs.com/robot/)"
209.74.77.214 - - [12/Jul/2025:12:49:30 +0000] "POST /wp-admin/admin-ajax.php?action=async_litespeed&nonce=s6eqHNFkD9dHyeFfaAkU59ZVqqroHeya&litespeed_type=imgoptm HTTP/1.1" 200 21 "-" "WordPress/6.8.1; https://alalamy.com.au"
209.74.77.214 - - [12/Jul/2025:12:50:42 +0000] "POST /wp-cron.php?doing_wp_cron=1752324642.7397971153259277343750 HTTP/1.1" 200 - "-" "WordPress/6.8.1; https://alalamy.com.au"
54.36.149.52 - - [12/Jul/2025:12:50:40 +0000] "GET /?k=105655732001900&mod=7af6e1ed&uri=dp.php%3Fid%3D3526086-1609%26name%3Dscarpa+zeppa+donna HTTP/1.1" 301 - "-" "Mozilla/5.0 (compatible; AhrefsBot/7.0; +http://ahrefs.com/robot/)"
209.74.77.214 - - [12/Jul/2025:12:50:42 +0000] "POST /wp-admin/admin-ajax.php?action=async_litespeed&nonce=IZ9TsT2BWFXVDM7gRDkLOrF41CEqmJya&litespeed_type=imgoptm HTTP/1.1" 200 21 "-" "WordPress/6.8.1; https://alalamy.com.au"
209.74.77.214 - - [12/Jul/2025:12:51:46 +0000] "POST /wp-cron.php?doing_wp_cron=1752324706.1797990798950195312500 HTTP/1.1" 200 - "-" "WordPress/6.8.1; https://alalamy.com.au"
54.36.149.79 - - [12/Jul/2025:12:51:44 +0000] "GET /?k=105819083131900&uri=pin.php%3Fid%3D3531538-1257%26name%3Dsmall%20bmx%20handlebars HTTP/1.1" 200 26570 "-" "Mozilla/5.0 (compatible; AhrefsBot/7.0; +http://ahrefs.com/robot/)"
209.74.77.214 - - [12/Jul/2025:12:51:46 +0000] "POST /wp-admin/admin-ajax.php?action=async_litespeed&nonce=3fsZw2yqBnbg24jRxDo5DIllbuHbbjYi&litespeed_type=imgoptm HTTP/1.1" 200 21 "-" "WordPress/6.8.1; https://alalamy.com.au"
209.74.77.214 - - [12/Jul/2025:12:52:36 +0000] "POST /wp-cron.php?doing_wp_cron=1752324756.5660920143127441406250 HTTP/1.1" 200 - "-" "WordPress/6.8.1; https://alalamy.com.au"
54.36.148.229 - - [12/Jul/2025:12:52:34 +0000] "GET /?k=10585738021900&mod=5385d038&uri=pin.php%3Fid%3D353450-525%26name%3Dbest+medicine+for+cat+diarrhea HTTP/1.1" 301 - "-" "Mozilla/5.0 (compatible; AhrefsBot/7.0; +http://ahrefs.com/robot/)"
209.74.77.214 - - [12/Jul/2025:12:52:36 +0000] "POST /wp-admin/admin-ajax.php?action=async_litespeed&nonce=Ztgb0JWQto7x2fkcBQ2hw5BIeMQqH8Vw&litespeed_type=imgoptm HTTP/1.1" 200 21 "-" "WordPress/6.8.1; https://alalamy.com.au"
209.74.77.214 - - [12/Jul/2025:12:53:25 +0000] "POST /wp-cron.php?doing_wp_cron=1752324805.4712860584259033203125 HTTP/1.1" 200 - "-" "WordPress/6.8.1; https://alalamy.com.au"
54.36.148.17 - - [12/Jul/2025:12:53:20 +0000] "GET /?k=105930235001900&mod=5574e93b&uri=news.php%3Fid%3D3535244-1646%26name%3Dperfume+box+coupon HTTP/1.1" 301 - "-" "Mozilla/5.0 (compatible; AhrefsBot/7.0; +http://ahrefs.com/robot/)"
66.249.65.165 - - [12/Jul/2025:12:53:39 +0000] "GET /?k=6601495021900&mod=4ef30115&uri=news.php%3Fid%3D220480-91%26name%3Dtricycle+italtrike HTTP/1.1" 200 22299 "-" "Mozilla/5.0 (Linux; Android 6.0.1; Nexus 5X Build/MMB29P) AppleWebKit/537.36 (KHTML, like Gecko) Chrome/137.0.7151.103 Mobile Safari/537.36 (compatible; Googlebot/2.1; +http://www.google.com/bot.html)"
209.74.77.214 - - [12/Jul/2025:12:54:24 +0000] "POST /wp-cron.php?doing_wp_cron=1752324864.3779699802398681640625 HTTP/1.1" 200 - "-" "WordPress/6.8.1; https://alalamy.com.au"
54.36.148.156 - - [12/Jul/2025:12:54:22 +0000] "GET /?k=106458562051900&mod=3d8f1723&uri=info.php%3Fid%3D3552879-1049%26name%3Dconverse+verde+aguamarina HTTP/1.1" 301 - "-" "Mozilla/5.0 (compatible; AhrefsBot/7.0; +http://ahrefs.com/robot/)"
209.74.77.214 - - [12/Jul/2025:12:54:24 +0000] "POST /wp-admin/admin-ajax.php?action=async_litespeed&nonce=ojpqlewudnwoFgzMaHKPzsTLmxxQenlH&litespeed_type=imgoptm HTTP/1.1" 200 21 "-" "WordPress/6.8.1; https://alalamy.com.au"
209.74.77.214 - - [12/Jul/2025:12:55:35 +0000] "POST /wp-cron.php?doing_wp_cron=1752324935.0835809707641601562500 HTTP/1.1" 200 - "-" "WordPress/6.8.1; https://alalamy.com.au"
54.36.149.98 - - [12/Jul/2025:12:55:33 +0000] "GET /?k=106467382031900&mod=e65f1a04&uri=us.php%3Fid%3D3553173-1649%26name%3Dcloudfoam+lite+racer+byd+mens+trainers+review HTTP/1.1" 301 - "-" "Mozilla/5.0 (compatible; AhrefsBot/7.0; +http://ahrefs.com/robot/)"
209.74.77.214 - - [12/Jul/2025:12:55:35 +0000] "POST /wp-admin/admin-ajax.php?action=async_litespeed&nonce=FhCYyeUkedXshI4ALthoQuTmQxygQ7k6&litespeed_type=imgoptm HTTP/1.1" 200 21 "-" "WordPress/6.8.1; https://alalamy.com.au"
66.249.65.166 - - [12/Jul/2025:12:55:41 +0000] "GET /?k=6952204081900&mod=20ea88ff&uri=info.php%3Fid%3D232181-390%26name%3Dsandales+femme+nike HTTP/1.1" 200 20744 "-" "Mozilla/5.0 (Linux; Android 6.0.1; Nexus 5X Build/MMB29P) AppleWebKit/537.36 (KHTML, like Gecko) Chrome/137.0.7151.103 Mobile Safari/537.36 (compatible; Googlebot/2.1; +http://www.google.com/bot.html)"
66.249.65.165 - - [12/Jul/2025:12:55:37 +0000] "GET /?k=6950194041900&mod=20ea88ff&uri=product.php%3Fid%3D232114-390%26name%3Dtraining+homme+nike HTTP/1.1" 200 21140 "-" "Mozilla/5.0 (Linux; Android 6.0.1; Nexus 5X Build/MMB29P) AppleWebKit/537.36 (KHTML, like Gecko) Chrome/137.0.7151.103 Mobile Safari/537.36 (compatible; Googlebot/2.1; +http://www.google.com/bot.html)"
66.249.65.164 - - [12/Jul/2025:12:55:44 +0000] "GET /?k=6719885091900&mod=de3358ca&uri=goods.php%3Fid%3D224427-378%26name%3Doyster+age+range HTTP/1.1" 200 20810 "-" "Mozilla/5.0 (Linux; Android 6.0.1; Nexus 5X Build/MMB29P) AppleWebKit/537.36 (KHTML, like Gecko) Chrome/137.0.7151.103 Mobile Safari/537.36 (compatible; Googlebot/2.1; +http://www.google.com/bot.html)"
66.249.65.164 - - [12/Jul/2025:12:55:47 +0000] "GET /?k=43764999051900&mod=4ef30115&uri=products.php%3Fid%3D1460585-91%26name%3Dbike+for+nine+year+old+boy HTTP/1.1" 200 22072 "-" "Mozilla/5.0 (Linux; Android 6.0.1; Nexus 5X Build/MMB29P) AppleWebKit/537.36 (KHTML, like Gecko) Chrome/137.0.7151.103 Mobile Safari/537.36 (compatible; Googlebot/2.1; +http://www.google.com/bot.html)"
66.249.65.164 - - [12/Jul/2025:12:55:48 +0000] "GET /?k=6713795061900&mod=26bcbaf7&uri=product.php%3Fid%3D224224-377%26name%3Dinstep+grand+safari+double+jogging+stroller+yellow HTTP/1.1" 200 22042 "-" "Mozilla/5.0 (Linux; Android 6.0.1; Nexus 5X Build/MMB29P) AppleWebKit/537.36 (KHTML, like Gecko) Chrome/137.0.7151.103 Mobile Safari/537.36 (compatible; Googlebot/2.1; +http://www.google.com/bot.html)"
66.249.65.165 - - [12/Jul/2025:12:55:50 +0000] "GET /?k=6715055081900&mod=26bcbaf7&uri=category-info.php%3Fid%3D224266-377%26name%3Dciti+mini+bassinet HTTP/1.1" 200 21073 "-" "Mozilla/5.0 (Linux; Android 6.0.1; Nexus 5X Build/MMB29P) AppleWebKit/537.36 (KHTML, like Gecko) Chrome/137.0.7151.103 Mobile Safari/537.36 (compatible; Googlebot/2.1; +http://www.google.com/bot.html)"
66.249.65.165 - - [12/Jul/2025:12:55:51 +0000] "GET /?k=47496065041900&mod=4ef30115&uri=itm.php%3Fid%3D1585057-91%26name%3Delectric+bike+accessories+near+me HTTP/1.1" 200 22663 "-" "Mozilla/5.0 (Linux; Android 6.0.1; Nexus 5X Build/MMB29P) AppleWebKit/537.36 (KHTML, like Gecko) Chrome/137.0.7151.103 Mobile Safari/537.36 (compatible; Googlebot/2.1; +http://www.google.com/bot.html)"
66.249.65.164 - - [12/Jul/2025:12:55:53 +0000] "GET /?k=7173961041900&mod=4d383d5c&uri=search.php%3Fid%3D239584-234%26name%3Dedc+steppjacke+herren HTTP/1.1" 200 22292 "-" "Mozilla/5.0 (Linux; Android 6.0.1; Nexus 5X Build/MMB29P) AppleWebKit/537.36 (KHTML, like Gecko) Chrome/137.0.7151.103 Mobile Safari/537.36 (compatible; Googlebot/2.1; +http://www.google.com/bot.html)"
66.249.65.164 - - [12/Jul/2025:12:55:55 +0000] "GET /?k=7057760041900&mod=156cc497&uri=shop.php%3Fid%3D235705-396%26name%3Dbasket+veja+femme+bleu+marine HTTP/1.1" 200 20886 "-" "Mozilla/5.0 (Linux; Android 6.0.1; Nexus 5X Build/MMB29P) AppleWebKit/537.36 (KHTML, like Gecko) Chrome/137.0.7151.103 Mobile Safari/537.36 (compatible; Googlebot/2.1; +http://www.google.com/bot.html)"
66.249.65.164 - - [12/Jul/2025:12:55:56 +0000] "POST /get-message-notify HTTP/1.1" 200 21440 "https://alalamy.com.au/?k=7173961041900&mod=4d383d5c&uri=search.php%3Fid%3D239584-234%26name%3Dedc+steppjacke+herren" "Mozilla/5.0 (Linux; Android 6.0.1; Nexus 5X Build/MMB29P) AppleWebKit/537.36 (KHTML, like Gecko) Chrome/137.0.7151.119 Mobile Safari/537.36 (compatible; Googlebot/2.1; +http://www.google.com/bot.html)"
66.249.65.164 - - [12/Jul/2025:12:55:57 +0000] "POST /get-message-notify HTTP/1.1" 200 21434 "https://alalamy.com.au/?k=7057760041900&mod=156cc497&uri=shop.php%3Fid%3D235705-396%26name%3Dbasket+veja+femme+bleu+marine" "Mozilla/5.0 (Linux; Android 6.0.1; Nexus 5X Build/MMB29P) AppleWebKit/537.36 (KHTML, like Gecko) Chrome/137.0.7151.119 Mobile Safari/537.36 (compatible; Googlebot/2.1; +http://www.google.com/bot.html)"
66.249.65.166 - - [12/Jul/2025:12:56:01 +0000] "GET /?k=7176481021900&mod=4d383d5c&uri=shop.php%3Fid%3D239668-234%26name%3Djack+wolfskin+herren+viking+sky+jacke HTTP/1.1" 200 22313 "-" "Mozilla/5.0 (Linux; Android 6.0.1; Nexus 5X Build/MMB29P) AppleWebKit/537.36 (KHTML, like Gecko) Chrome/137.0.7151.103 Mobile Safari/537.36 (compatible; Googlebot/2.1; +http://www.google.com/bot.html)"
66.249.65.164 - - [12/Jul/2025:12:56:02 +0000] "GET /?k=7181092021900&mod=4d383d5c&uri=pin.php%3Fid%3D239822-234%26name%3Dmontclaire+jacken+herren HTTP/1.1" 200 21972 "-" "Mozilla/5.0 (Linux; Android 6.0.1; Nexus 5X Build/MMB29P) AppleWebKit/537.36 (KHTML, like Gecko) Chrome/137.0.7151.103 Mobile Safari/537.36 (compatible; Googlebot/2.1; +http://www.google.com/bot.html)"
66.249.65.166 - - [12/Jul/2025:12:56:03 +0000] "POST /get-message-notify HTTP/1.1" 200 21425 "https://alalamy.com.au/?k=7176481021900&mod=4d383d5c&uri=shop.php%3Fid%3D239668-234%26name%3Djack+wolfskin+herren+viking+sky+jacke" "Mozilla/5.0 (Linux; Android 6.0.1; Nexus 5X Build/MMB29P) AppleWebKit/537.36 (KHTML, like Gecko) Chrome/137.0.7151.119 Mobile Safari/537.36 (compatible; Googlebot/2.1; +http://www.google.com/bot.html)"
66.249.65.165 - - [12/Jul/2025:12:56:04 +0000] "GET /?k=7048796051900&mod=156cc497&uri=form.php%3Fid%3D235406-396%26name%3Dbasket+veja+solde+femme HTTP/1.1" 200 21219 "-" "Mozilla/5.0 (Linux; Android 6.0.1; Nexus 5X Build/MMB29P) AppleWebKit/537.36 (KHTML, like Gecko) Chrome/137.0.7151.103 Mobile Safari/537.36 (compatible; Googlebot/2.1; +http://www.google.com/bot.html)"
66.249.65.164 - - [12/Jul/2025:12:56:09 +0000] "GET /?k=7182772041900&mod=4ef30115&uri=form.php%3Fid%3D239878-91%26name%3Dkickr+smart+trainer+for+sale HTTP/1.1" 200 22060 "-" "Mozilla/5.0 (Linux; Android 6.0.1; Nexus 5X Build/MMB29P) AppleWebKit/537.36 (KHTML, like Gecko) Chrome/137.0.7151.103 Mobile Safari/537.36 (compatible; Googlebot/2.1; +http://www.google.com/bot.html)"
66.249.65.165 - - [12/Jul/2025:12:56:11 +0000] "GET /?k=7182982051900&mod=4d383d5c&uri=info.php%3Fid%3D239885-234%26name%3Dwellensteyn+herren+rot HTTP/1.1" 200 22419 "-" "Mozilla/5.0 (Linux; Android 6.0.1; Nexus 5X Build/MMB29P) AppleWebKit/537.36 (KHTML, like Gecko) Chrome/137.0.7151.103 Mobile Safari/537.36 (compatible; Googlebot/2.1; +http://www.google.com/bot.html)"
66.249.65.164 - - [12/Jul/2025:12:56:12 +0000] "POST /get-message-notify HTTP/1.1" 200 21423 "https://alalamy.com.au/?k=7182772041900&mod=4ef30115&uri=form.php%3Fid%3D239878-91%26name%3Dkickr+smart+trainer+for+sale" "Mozilla/5.0 (Linux; Android 6.0.1; Nexus 5X Build/MMB29P) AppleWebKit/537.36 (KHTML, like Gecko) Chrome/137.0.7151.119 Mobile Safari/537.36 (compatible; Googlebot/2.1; +http://www.google.com/bot.html)"
66.249.65.165 - - [12/Jul/2025:12:56:13 +0000] "GET /?k=7177531031900&mod=4d383d5c&uri=us.php%3Fid%3D239703-234%26name%3Dwintermantel+camouflage+damen HTTP/1.1" 200 22412 "-" "Mozilla/5.0 (Linux; Android 6.0.1; Nexus 5X Build/MMB29P) AppleWebKit/537.36 (KHTML, like Gecko) Chrome/137.0.7151.103 Mobile Safari/537.36 (compatible; Googlebot/2.1; +http://www.google.com/bot.html)"
66.249.65.164 - - [12/Jul/2025:12:56:16 +0000] "GET /?k=7180672021900&mod=4d383d5c&uri=shared.php%3Fid%3D239808-234%26name%3Dherno+daunenjacke+herren HTTP/1.1" 200 21698 "-" "Mozilla/5.0 (Linux; Android 6.0.1; Nexus 5X Build/MMB29P) AppleWebKit/537.36 (KHTML, like Gecko) Chrome/137.0.7151.103 Mobile Safari/537.36 (compatible; Googlebot/2.1; +http://www.google.com/bot.html)"
209.74.77.214 - - [12/Jul/2025:12:56:19 +0000] "POST /wp-cron.php?doing_wp_cron=1752324979.7913749217987060546875 HTTP/1.1" 200 - "-" "WordPress/6.8.1; https://alalamy.com.au"
54.36.148.23 - - [12/Jul/2025:12:56:19 +0000] "GET /?k=106794568011900&mod=0a504467&uri=shop.php%3Fid%3D3564087-1652%26name%3Dgta+online+swat+outfit HTTP/1.1" 301 - "-" "Mozilla/5.0 (compatible; AhrefsBot/7.0; +http://ahrefs.com/robot/)"
66.249.65.164 - - [12/Jul/2025:12:56:24 +0000] "GET /?k=7174591031900&mod=4d383d5c&uri=category-info.php%3Fid%3D239605-234%26name%3Djack+and+jones+achselshirt HTTP/1.1" 200 22046 "-" "Mozilla/5.0 (Linux; Android 6.0.1; Nexus 5X Build/MMB29P) AppleWebKit/537.36 (KHTML, like Gecko) Chrome/137.0.7151.103 Mobile Safari/537.36 (compatible; Googlebot/2.1; +http://www.google.com/bot.html)"
66.249.65.164 - - [12/Jul/2025:12:56:28 +0000] "GET /?k=7172071071900&mod=4d383d5c&uri=itm.php%3Fid%3D239521-234%26name%3Dwoolrich+arctic+parka+herren+gebraucht HTTP/1.1" 200 22146 "-" "Mozilla/5.0 (Linux; Android 6.0.1; Nexus 5X Build/MMB29P) AppleWebKit/537.36 (KHTML, like Gecko) Chrome/137.0.7151.103 Mobile Safari/537.36 (compatible; Googlebot/2.1; +http://www.google.com/bot.html)"
66.249.65.164 - - [12/Jul/2025:12:56:29 +0000] "GET /?k=7179211051900&mod=4d383d5c&uri=blog.php%3Fid%3D239759-234%26name%3Dmantel+herren+fell HTTP/1.1" 200 22012 "-" "Mozilla/5.0 (Linux; Android 6.0.1; Nexus 5X Build/MMB29P) AppleWebKit/537.36 (KHTML, like Gecko) Chrome/137.0.7151.103 Mobile Safari/537.36 (compatible; Googlebot/2.1; +http://www.google.com/bot.html)"
66.249.65.164 - - [12/Jul/2025:12:56:31 +0000] "GET /?k=6795262001900&mod=cb45a111&uri=brands.php%3Fid%3D226944-381%26name%3Dsandali+mare+con+tacco HTTP/1.1" 200 22093 "-" "Mozilla/5.0 (Linux; Android 6.0.1; Nexus 5X Build/MMB29P) AppleWebKit/537.36 (KHTML, like Gecko) Chrome/137.0.7151.103 Mobile Safari/537.36 (compatible; Googlebot/2.1; +http://www.google.com/bot.html)"
66.249.65.164 - - [12/Jul/2025:12:56:32 +0000] "GET /?k=44477135031900&mod=9c3916c3&uri=brands.php%3Fid%3D1484346-380%26name%3Dbest+dog+shop HTTP/1.1" 200 22516 "-" "Mozilla/5.0 (Linux; Android 6.0.1; Nexus 5X Build/MMB29P) AppleWebKit/537.36 (KHTML, like Gecko) Chrome/137.0.7151.103 Mobile Safari/537.36 (compatible; Googlebot/2.1; +http://www.google.com/bot.html)"
66.249.65.165 - - [12/Jul/2025:12:56:35 +0000] "GET /?k=6764808091900&mod=9c3916c3&uri=us.php%3Fid%3D225927-380%26name%3Dpollock+meal HTTP/1.1" 200 21511 "-" "Mozilla/5.0 (Linux; Android 6.0.1; Nexus 5X Build/MMB29P) AppleWebKit/537.36 (KHTML, like Gecko) Chrome/137.0.7151.103 Mobile Safari/537.36 (compatible; Googlebot/2.1; +http://www.google.com/bot.html)"
66.249.65.165 - - [12/Jul/2025:12:56:37 +0000] "POST /get-message-notify HTTP/1.1" 200 21425 "https://alalamy.com.au/?k=47496065041900&mod=4ef30115&uri=itm.php%3Fid%3D1585057-91%26name%3Delectric+bike+accessories+near+me" "Mozilla/5.0 (Linux; Android 6.0.1; Nexus 5X Build/MMB29P) AppleWebKit/537.36 (KHTML, like Gecko) Chrome/137.0.7151.119 Mobile Safari/537.36 (compatible; Googlebot/2.1; +http://www.google.com/bot.html)"
66.249.65.165 - - [12/Jul/2025:12:56:40 +0000] "GET /?k=44493215041900&mod=9c3916c3&uri=shop.php%3Fid%3D1484882-380%26name%3Dhasbro%27s+lifelike+joy+for+all+companion+cat HTTP/1.1" 200 20771 "-" "Mozilla/5.0 (Linux; Android 6.0.1; Nexus 5X Build/MMB29P) AppleWebKit/537.36 (KHTML, like Gecko) Chrome/137.0.7151.103 Mobile Safari/537.36 (compatible; Googlebot/2.1; +http://www.google.com/bot.html)"
66.249.65.165 - - [12/Jul/2025:12:56:42 +0000] "GET /?k=6813811061900&mod=cb45a111&uri=shared.php%3Fid%3D227564-381%26name%3Dstivali+bassi+moda+2022 HTTP/1.1" 200 22172 "-" "Mozilla/5.0 (Linux; Android 6.0.1; Nexus 5X Build/MMB29P) AppleWebKit/537.36 (KHTML, like Gecko) Chrome/137.0.7151.103 Mobile Safari/537.36 (compatible; Googlebot/2.1; +http://www.google.com/bot.html)"
66.249.65.164 - - [12/Jul/2025:12:56:44 +0000] "GET /?k=6817570001900&mod=cb45a111&uri=news.php%3Fid%3D227690-381%26name%3Ddecollete+multicolor HTTP/1.1" 200 22319 "-" "Mozilla/5.0 (Linux; Android 6.0.1; Nexus 5X Build/MMB29P) AppleWebKit/537.36 (KHTML, like Gecko) Chrome/137.0.7151.103 Mobile Safari/537.36 (compatible; Googlebot/2.1; +http://www.google.com/bot.html)"
66.249.65.165 - - [12/Jul/2025:12:56:50 +0000] "GET /?k=6626095021900&mod=4ef30115&uri=blog.php%3Fid%3D221300-91%26name%3Dhero+honda+cd+100+ss+for+sale HTTP/1.1" 200 21402 "-" "Mozilla/5.0 (Linux; Android 6.0.1; Nexus 5X Build/MMB29P) AppleWebKit/537.36 (KHTML, like Gecko) Chrome/137.0.7151.103 Mobile Safari/537.36 (compatible; Googlebot/2.1; +http://www.google.com/bot.html)"
66.249.65.165 - - [12/Jul/2025:12:56:50 +0000] "GET /?k=6934535071900&mod=b9b993f4&uri=shared.php%3Fid%3D231592-387%26name%3Dcross+sit+ups HTTP/1.1" 200 21847 "-" "Mozilla/5.0 (Linux; Android 6.0.1; Nexus 5X Build/MMB29P) AppleWebKit/537.36 (KHTML, like Gecko) Chrome/137.0.7151.103 Mobile Safari/537.36 (compatible; Googlebot/2.1; +http://www.google.com/bot.html)"
66.249.65.164 - - [12/Jul/2025:12:56:51 +0000] "GET /?k=6928865011900&mod=b9b993f4&uri=product.php%3Fid%3D231403-387%26name%3Dstationary+bike+cyber+monday HTTP/1.1" 200 22405 "-" "Mozilla/5.0 (Linux; Android 6.0.1; Nexus 5X Build/MMB29P) AppleWebKit/537.36 (KHTML, like Gecko) Chrome/137.0.7151.103 Mobile Safari/537.36 (compatible; Googlebot/2.1; +http://www.google.com/bot.html)"
66.249.65.165 - - [12/Jul/2025:12:56:54 +0000] "GET /?k=6941555011900&mod=b9b993f4&uri=itm.php%3Fid%3D231826-387%26name%3Draised+leg+sit+ups HTTP/1.1" 200 21522 "-" "Mozilla/5.0 (Linux; Android 6.0.1; Nexus 5X Build/MMB29P) AppleWebKit/537.36 (KHTML, like Gecko) Chrome/137.0.7151.103 Mobile Safari/537.36 (compatible; Googlebot/2.1; +http://www.google.com/bot.html)"
66.249.65.166 - - [12/Jul/2025:12:57:07 +0000] "POST /get-message-notify HTTP/1.1" 200 21429 "https://alalamy.com.au/?k=6928865011900&mod=b9b993f4&uri=product.php%3Fid%3D231403-387%26name%3Dstationary+bike+cyber+monday" "Mozilla/5.0 (Linux; Android 6.0.1; Nexus 5X Build/MMB29P) AppleWebKit/537.36 (KHTML, like Gecko) Chrome/137.0.7151.119 Mobile Safari/537.36 (compatible; Googlebot/2.1; +http://www.google.com/bot.html)"
209.74.77.214 - - [12/Jul/2025:12:57:11 +0000] "POST /wp-cron.php?doing_wp_cron=1752325031.3767900466918945312500 HTTP/1.1" 200 - "-" "WordPress/6.8.1; https://alalamy.com.au"
54.36.148.79 - - [12/Jul/2025:12:57:11 +0000] "GET /?k=106809658001900&mod=43ea8cb1&uri=blog.php%3Fid%3D3564590-1424%26name%3Dskechers+store+oxford+street HTTP/1.1" 301 - "-" "Mozilla/5.0 (compatible; AhrefsBot/7.0; +http://ahrefs.com/robot/)"
209.74.77.214 - - [12/Jul/2025:12:57:11 +0000] "POST /wp-admin/admin-ajax.php?action=async_litespeed&nonce=mKYZqOtZJvjePim3u1Sd99bYr5Yk51CY&litespeed_type=imgoptm HTTP/1.1" 200 21 "-" "WordPress/6.8.1; https://alalamy.com.au"
66.249.65.164 - - [12/Jul/2025:12:57:29 +0000] "GET /?k=6627415141900&mod=4ef30115&uri=products.php%3Fid%3D221344-91%26name%3Dchainring+bike HTTP/1.1" 200 21797 "-" "Mozilla/5.0 (Linux; Android 6.0.1; Nexus 5X Build/MMB29P) AppleWebKit/537.36 (KHTML, like Gecko) Chrome/137.0.7151.103 Mobile Safari/537.36 (compatible; Googlebot/2.1; +http://www.google.com/bot.html)"
66.249.65.166 - - [12/Jul/2025:12:58:09 +0000] "GET /product_archives HTTP/1.1" 200 21677 "-" "Mozilla/5.0 (Linux; Android 6.0.1; Nexus 5X Build/MMB29P) AppleWebKit/537.36 (KHTML, like Gecko) Chrome/137.0.7151.103 Mobile Safari/537.36 (compatible; Googlebot/2.1; +http://www.google.com/bot.html)"
66.249.65.166 - - [12/Jul/2025:12:58:13 +0000] "GET /books.html HTTP/1.1" 200 20918 "-" "Mozilla/5.0 (Linux; Android 6.0.1; Nexus 5X Build/MMB29P) AppleWebKit/537.36 (KHTML, like Gecko) Chrome/137.0.7151.103 Mobile Safari/537.36 (compatible; Googlebot/2.1; +http://www.google.com/bot.html)"
66.249.65.165 - - [12/Jul/2025:12:58:14 +0000] "GET /dozin.html HTTP/1.1" 200 21298 "-" "Mozilla/5.0 (Linux; Android 6.0.1; Nexus 5X Build/MMB29P) AppleWebKit/537.36 (KHTML, like Gecko) Chrome/137.0.7151.103 Mobile Safari/537.36 (compatible; Googlebot/2.1; +http://www.google.com/bot.html)"
209.74.77.214 - - [12/Jul/2025:12:58:18 +0000] "POST /wp-cron.php?doing_wp_cron=1752325098.3207600116729736328125 HTTP/1.1" 200 - "-" "WordPress/6.8.1; https://alalamy.com.au"
54.36.148.143 - - [12/Jul/2025:12:58:17 +0000] "GET /?k=107128251011900&mod=549c7852&uri=shop.php%3Fid%3D3575222-1263%26name%3Dshimano+xt+clip+pedals HTTP/1.1" 301 - "-" "Mozilla/5.0 (compatible; AhrefsBot/7.0; +http://ahrefs.com/robot/)"
209.74.77.214 - - [12/Jul/2025:12:58:18 +0000] "POST /wp-admin/admin-ajax.php?action=async_litespeed&nonce=4L3HoQOhdTmYX7lnBWtHRi5SJNTFgduF&litespeed_type=imgoptm HTTP/1.1" 200 21 "-" "WordPress/6.8.1; https://alalamy.com.au"
66.249.65.164 - - [12/Jul/2025:12:58:18 +0000] "POST /get-message-notify HTTP/1.1" 200 21434 "https://alalamy.com.au/books.html" "Mozilla/5.0 (Linux; Android 6.0.1; Nexus 5X Build/MMB29P) AppleWebKit/537.36 (KHTML, like Gecko) Chrome/137.0.7151.119 Mobile Safari/537.36 (compatible; Googlebot/2.1; +http://www.google.com/bot.html)"
64.233.173.134 - - [12/Jul/2025:12:58:31 +0000] "GET /.well-known/traffic-advice HTTP/1.1" 404 20342 "-" "Chrome Privacy Preserving Prefetch Proxy"
209.74.77.214 - - [12/Jul/2025:12:58:32 +0000] "POST /wp-cron.php?doing_wp_cron=1752325112.0683169364929199218750 HTTP/1.1" 200 - "-" "WordPress/6.8.1; https://alalamy.com.au"
193.186.4.175 - - [12/Jul/2025:12:58:31 +0000] "GET / HTTP/1.1" 200 26577 "https://www.google.com/" "Mozilla/5.0 (Linux; Android 10; K) AppleWebKit/537.36 (KHTML, like Gecko) Chrome/137.0.0.0 Mobile Safari/537.36"
209.74.77.214 - - [12/Jul/2025:12:58:32 +0000] "POST /wp-admin/admin-ajax.php?action=async_litespeed&nonce=S7a0cTiWZH5ikG1nCibp80urnVTgYYmI&litespeed_type=imgoptm HTTP/1.1" 200 21 "-" "WordPress/6.8.1; https://alalamy.com.au"
66.249.65.164 - - [12/Jul/2025:12:58:46 +0000] "GET /feature/index.html HTTP/1.1" 200 20229 "-" "Mozilla/5.0 (Linux; Android 6.0.1; Nexus 5X Build/MMB29P) AppleWebKit/537.36 (KHTML, like Gecko) Chrome/137.0.7151.103 Mobile Safari/537.36 (compatible; Googlebot/2.1; +http://www.google.com/bot.html)"
207.46.13.54 - - [12/Jul/2025:12:58:48 +0000] "GET /?k=113871126121900&mod=e3879bde&uri=article.php%3Fid%3D3800286-1126%26name%3Dsoft+dog+cone+uk HTTP/1.1" 200 21458 "-" "Mozilla/5.0 AppleWebKit/537.36 (KHTML, like Gecko; compatible; bingbot/2.0; +http://www.bing.com/bingbot.htm) Chrome/116.0.1938.76 Safari/537.36"
66.249.65.164 - - [12/Jul/2025:12:58:49 +0000] "POST /get-message-notify HTTP/1.1" 200 21422 "https://alalamy.com.au/product_archives" "Mozilla/5.0 (Linux; Android 6.0.1; Nexus 5X Build/MMB29P) AppleWebKit/537.36 (KHTML, like Gecko) Chrome/137.0.7151.119 Mobile Safari/537.36 (compatible; Googlebot/2.1; +http://www.google.com/bot.html)"
54.36.148.41 - - [12/Jul/2025:12:59:10 +0000] "GET /?k=107255267031900&mod=fea4330b&uri=news.php%3Fid%3D3579458-1186%26name%3Dburgundy+polo+shirt+school HTTP/1.1" 301 - "-" "Mozilla/5.0 (compatible; AhrefsBot/7.0; +http://ahrefs.com/robot/)"
66.249.65.164 - - [12/Jul/2025:12:59:19 +0000] "GET /?k=6782125051900&mod=9c3916c3&uri=goods.php%3Fid%3D226505-380%26name%3Ddelomo+pet+grooming+glove HTTP/1.1" 200 21258 "-" "Mozilla/5.0 (Linux; Android 6.0.1; Nexus 5X Build/MMB29P) AppleWebKit/537.36 (KHTML, like Gecko) Chrome/137.0.7151.103 Mobile Safari/537.36 (compatible; Googlebot/2.1; +http://www.google.com/bot.html)"
66.249.65.165 - - [12/Jul/2025:12:59:36 +0000] "GET /?k=6602215021900&mod=4ef30115&uri=article.php%3Fid%3D220504-91%26name%3Dshimano+dura+ace+bar+end+shifters HTTP/1.1" 200 21590 "-" "Mozilla/5.0 (Linux; Android 6.0.1; Nexus 5X Build/MMB29P) AppleWebKit/537.36 (KHTML, like Gecko) Chrome/137.0.7151.103 Mobile Safari/537.36 (compatible; Googlebot/2.1; +http://www.google.com/bot.html)"
66.249.65.164 - - [12/Jul/2025:12:59:39 +0000] "POST /get-message-notify HTTP/1.1" 200 21424 "https://alalamy.com.au/?k=6602215021900&mod=4ef30115&uri=article.php%3Fid%3D220504-91%26name%3Dshimano+dura+ace+bar+end+shifters" "Mozilla/5.0 (Linux; Android 6.0.1; Nexus 5X Build/MMB29P) AppleWebKit/537.36 (KHTML, like Gecko) Chrome/137.0.7151.119 Mobile Safari/537.36 (compatible; Googlebot/2.1; +http://www.google.com/bot.html)"
209.74.77.214 - - [12/Jul/2025:13:00:02 +0000] "POST /wp-cron.php?doing_wp_cron=1752325202.8222699165344238281250 HTTP/1.1" 200 - "-" "WordPress/6.8.1; https://alalamy.com.au"
54.36.148.180 - - [12/Jul/2025:13:00:02 +0000] "GET /?k=107771659031900&uri=brands.php%3Fid%3D3596698-1039%26name%3Dzapatos%20ecco%20on%20line%20opiniones HTTP/1.1" 200 26570 "-" "Mozilla/5.0 (compatible; AhrefsBot/7.0; +http://ahrefs.com/robot/)"
209.74.77.214 - - [12/Jul/2025:13:00:03 +0000] "POST /wp-admin/admin-ajax.php?action=async_litespeed&nonce=XZXvxeKyeI55UeOLMb1HznJLLZCHyzUc&litespeed_type=imgoptm HTTP/1.1" 200 21 "-" "WordPress/6.8.1; https://alalamy.com.au"
66.249.65.165 - - [12/Jul/2025:13:00:55 +0000] "GET /?k=12351876041900&mod=b9b993f4&uri=article.php%3Fid%3D412432-387%26name%3Dgym+machinery+names HTTP/1.1" 200 21428 "-" "Mozilla/5.0 (Linux; Android 6.0.1; Nexus 5X Build/MMB29P) AppleWebKit/537.36 (KHTML, like Gecko) Chrome/137.0.7151.103 Mobile Safari/537.36 (compatible; Googlebot/2.1; +http://www.google.com/bot.html)"
209.74.77.214 - - [12/Jul/2025:13:00:57 +0000] "POST /wp-cron.php?doing_wp_cron=1752325257.3092210292816162109375 HTTP/1.1" 200 - "-" "WordPress/6.8.1; https://alalamy.com.au"
54.36.148.53 - - [12/Jul/2025:13:00:56 +0000] "GET /?k=108285362141900&mod=107d5df2&uri=search.php%3Fid%3D3613836-1660%26name%3Dadidas+boys+padded+jacket HTTP/1.1" 301 - "-" "Mozilla/5.0 (compatible; AhrefsBot/7.0; +http://ahrefs.com/robot/)"
209.74.77.214 - - [12/Jul/2025:13:00:57 +0000] "POST /wp-admin/admin-ajax.php?action=async_litespeed&nonce=wY48sHGveaJLSJQwinWFgx1mJWRF8wN3&litespeed_type=imgoptm HTTP/1.1" 200 21 "-" "WordPress/6.8.1; https://alalamy.com.au"
66.249.65.166 - - [12/Jul/2025:13:00:59 +0000] "GET /?k=6991393041900&mod=962ebbfe&uri=dp.php%3Fid%3D233488-394%26name%3Dsous+vide+steak+temperature+and+time HTTP/1.1" 200 21936 "-" "Mozilla/5.0 (Linux; Android 6.0.1; Nexus 5X Build/MMB29P) AppleWebKit/537.36 (KHTML, like Gecko) Chrome/137.0.7151.103 Mobile Safari/537.36 (compatible; Googlebot/2.1; +http://www.google.com/bot.html)"
66.249.65.164 - - [12/Jul/2025:13:01:01 +0000] "GET /?k=12358861051900&mod=b9b993f4&uri=form.php%3Fid%3D412665-387%26name%3Dleg+press+machine+decathlon HTTP/1.1" 200 21180 "-" "Mozilla/5.0 (Linux; Android 6.0.1; Nexus 5X Build/MMB29P) AppleWebKit/537.36 (KHTML, like Gecko) Chrome/137.0.7151.103 Mobile Safari/537.36 (compatible; Googlebot/2.1; +http://www.google.com/bot.html)"
66.249.65.166 - - [12/Jul/2025:13:01:02 +0000] "GET /?k=6984523061900&mod=962ebbfe&uri=shared.php%3Fid%3D233259-394%26name%3Dkettle+in+costco HTTP/1.1" 200 21980 "-" "Mozilla/5.0 (Linux; Android 6.0.1; Nexus 5X Build/MMB29P) AppleWebKit/537.36 (KHTML, like Gecko) Chrome/137.0.7151.103 Mobile Safari/537.36 (compatible; Googlebot/2.1; +http://www.google.com/bot.html)"
66.249.65.165 - - [12/Jul/2025:13:01:02 +0000] "POST /get-message-notify HTTP/1.1" 200 21425 "https://alalamy.com.au/?k=6991393041900&mod=962ebbfe&uri=dp.php%3Fid%3D233488-394%26name%3Dsous+vide+steak+temperature+and+time" "Mozilla/5.0 (Linux; Android 6.0.1; Nexus 5X Build/MMB29P) AppleWebKit/537.36 (KHTML, like Gecko) Chrome/137.0.7151.119 Mobile Safari/537.36 (compatible; Googlebot/2.1; +http://www.google.com/bot.html)"
66.249.65.164 - - [12/Jul/2025:13:01:05 +0000] "GET /?k=6963914091900&mod=20ea88ff&uri=shop.php%3Fid%3D232572-390%26name%3Dpolo+nike+stade+toulousain HTTP/1.1" 200 20800 "-" "Mozilla/5.0 (Linux; Android 6.0.1; Nexus 5X Build/MMB29P) AppleWebKit/537.36 (KHTML, like Gecko) Chrome/137.0.7151.103 Mobile Safari/537.36 (compatible; Googlebot/2.1; +http://www.google.com/bot.html)"
66.249.65.164 - - [12/Jul/2025:13:01:08 +0000] "GET /?k=6714425071900&mod=de3358ca&uri=pin.php%3Fid%3D224245-378%26name%3Ddelta+airlines+child+car+seat+policy HTTP/1.1" 200 22019 "-" "Mozilla/5.0 (Linux; Android 6.0.1; Nexus 5X Build/MMB29P) AppleWebKit/537.36 (KHTML, like Gecko) Chrome/137.0.7151.103 Mobile Safari/537.36 (compatible; Googlebot/2.1; +http://www.google.com/bot.html)"
66.249.65.165 - - [12/Jul/2025:13:01:09 +0000] "POST /get-message-notify HTTP/1.1" 200 21433 "https://alalamy.com.au/?k=6984523061900&mod=962ebbfe&uri=shared.php%3Fid%3D233259-394%26name%3Dkettle+in+costco" "Mozilla/5.0 (Linux; Android 6.0.1; Nexus 5X Build/MMB29P) AppleWebKit/537.36 (KHTML, like Gecko) Chrome/137.0.7151.119 Mobile Safari/537.36 (compatible; Googlebot/2.1; +http://www.google.com/bot.html)"
66.249.65.165 - - [12/Jul/2025:13:01:09 +0000] "POST /get-message-notify HTTP/1.1" 200 21420 "https://alalamy.com.au/?k=6963914091900&mod=20ea88ff&uri=shop.php%3Fid%3D232572-390%26name%3Dpolo+nike+stade+toulousain" "Mozilla/5.0 (Linux; Android 6.0.1; Nexus 5X Build/MMB29P) AppleWebKit/537.36 (KHTML, like Gecko) Chrome/137.0.7151.119 Mobile Safari/537.36 (compatible; Googlebot/2.1; +http://www.google.com/bot.html)"
66.249.65.164 - - [12/Jul/2025:13:01:11 +0000] "GET /?k=6721355031900&mod=26bcbaf7&uri=brands.php%3Fid%3D224476-377%26name%3Dbob+ironman+sport+utility+stroller HTTP/1.1" 200 21445 "-" "Mozilla/5.0 (Linux; Android 6.0.1; Nexus 5X Build/MMB29P) AppleWebKit/537.36 (KHTML, like Gecko) Chrome/137.0.7151.103 Mobile Safari/537.36 (compatible; Googlebot/2.1; +http://www.google.com/bot.html)"
66.249.65.164 - - [12/Jul/2025:13:01:14 +0000] "POST /get-message-notify HTTP/1.1" 200 21416 "https://alalamy.com.au/?k=6714425071900&mod=de3358ca&uri=pin.php%3Fid%3D224245-378%26name%3Ddelta+airlines+child+car+seat+policy" "Mozilla/5.0 (Linux; Android 6.0.1; Nexus 5X Build/MMB29P) AppleWebKit/537.36 (KHTML, like Gecko) Chrome/137.0.7151.119 Mobile Safari/537.36 (compatible; Googlebot/2.1; +http://www.google.com/bot.html)"
66.249.65.164 - - [12/Jul/2025:13:01:14 +0000] "GET /?k=7180882091900&mod=4d383d5c&uri=pin.php%3Fid%3D239815-234%26name%3Ddaunenjacke+herren+mammut HTTP/1.1" 200 21580 "-" "Mozilla/5.0 (Linux; Android 6.0.1; Nexus 5X Build/MMB29P) AppleWebKit/537.36 (KHTML, like Gecko) Chrome/137.0.7151.103 Mobile Safari/537.36 (compatible; Googlebot/2.1; +http://www.google.com/bot.html)"
66.249.65.164 - - [12/Jul/2025:13:01:21 +0000] "GET /?k=6724925021900&mod=1b7fc124&uri=category-info.php%3Fid%3D224595-379%26name%3Dikea+cradle HTTP/1.1" 200 21413 "-" "Mozilla/5.0 (Linux; Android 6.0.1; Nexus 5X Build/MMB29P) AppleWebKit/537.36 (KHTML, like Gecko) Chrome/137.0.7151.103 Mobile Safari/537.36 (compatible; Googlebot/2.1; +http://www.google.com/bot.html)"
66.249.65.164 - - [12/Jul/2025:13:01:17 +0000] "GET /?k=6719465001900&mod=de3358ca&uri=blog.php%3Fid%3D224413-378%26name%3Dvenicci+soft+3in1+travel+system HTTP/1.1" 200 21844 "-" "Mozilla/5.0 (Linux; Android 6.0.1; Nexus 5X Build/MMB29P) AppleWebKit/537.36 (KHTML, like Gecko) Chrome/137.0.7151.103 Mobile Safari/537.36 (compatible; Googlebot/2.1; +http://www.google.com/bot.html)"
66.249.65.164 - - [12/Jul/2025:13:01:24 +0000] "GET /?k=6716315001900&mod=de3358ca&uri=category-info.php%3Fid%3D224308-378%26name%3Drecaro+monza+nova+speakers HTTP/1.1" 200 21783 "-" "Mozilla/5.0 (Linux; Android 6.0.1; Nexus 5X Build/MMB29P) AppleWebKit/537.36 (KHTML, like Gecko) Chrome/137.0.7151.103 Mobile Safari/537.36 (compatible; Googlebot/2.1; +http://www.google.com/bot.html)"
66.249.65.164 - - [12/Jul/2025:13:01:26 +0000] "POST /get-message-notify HTTP/1.1" 200 21415 "https://alalamy.com.au/?k=6719465001900&mod=de3358ca&uri=blog.php%3Fid%3D224413-378%26name%3Dvenicci+soft+3in1+travel+system" "Mozilla/5.0 (Linux; Android 6.0.1; Nexus 5X Build/MMB29P) AppleWebKit/537.36 (KHTML, like Gecko) Chrome/137.0.7151.119 Mobile Safari/537.36 (compatible; Googlebot/2.1; +http://www.google.com/bot.html)"
66.249.65.164 - - [12/Jul/2025:13:01:27 +0000] "POST /get-message-notify HTTP/1.1" 200 21423 "https://alalamy.com.au/?k=12351876041900&mod=b9b993f4&uri=article.php%3Fid%3D412432-387%26name%3Dgym+machinery+names" "Mozilla/5.0 (Linux; Android 6.0.1; Nexus 5X Build/MMB29P) AppleWebKit/537.36 (KHTML, like Gecko) Chrome/137.0.7151.119 Mobile Safari/537.36 (compatible; Googlebot/2.1; +http://www.google.com/bot.html)"
66.249.65.165 - - [12/Jul/2025:13:01:30 +0000] "GET /?k=6936155011900&mod=20ea88ff&uri=pin.php%3Fid%3D231646-390%26name%3Dnike+duel+racer+femme HTTP/1.1" 200 21126 "-" "Mozilla/5.0 (Linux; Android 6.0.1; Nexus 5X Build/MMB29P) AppleWebKit/537.36 (KHTML, like Gecko) Chrome/137.0.7151.103 Mobile Safari/537.36 (compatible; Googlebot/2.1; +http://www.google.com/bot.html)"
66.249.65.165 - - [12/Jul/2025:13:01:33 +0000] "GET /?k=6720095061900&mod=1b7fc124&uri=us.php%3Fid%3D224434-379%26name%3Dtarget+baby+bedding+sets HTTP/1.1" 200 20654 "-" "Mozilla/5.0 (Linux; Android 6.0.1; Nexus 5X Build/MMB29P) AppleWebKit/537.36 (KHTML, like Gecko) Chrome/137.0.7151.103 Mobile Safari/537.36 (compatible; Googlebot/2.1; +http://www.google.com/bot.html)"
66.249.65.164 - - [12/Jul/2025:13:01:37 +0000] "GET /?k=42075223041900&mod=4ef30115&uri=product.php%3Fid%3D1404230-91%26name%3Dnew+hero+honda+bike+2021 HTTP/1.1" 200 21701 "-" "Mozilla/5.0 (Linux; Android 6.0.1; Nexus 5X Build/MMB29P) AppleWebKit/537.36 (KHTML, like Gecko) Chrome/137.0.7151.103 Mobile Safari/537.36 (compatible; Googlebot/2.1; +http://www.google.com/bot.html)"
66.249.65.165 - - [12/Jul/2025:13:01:37 +0000] "POST /get-message-notify HTTP/1.1" 200 21419 "https://alalamy.com.au/?k=6720095061900&mod=1b7fc124&uri=us.php%3Fid%3D224434-379%26name%3Dtarget+baby+bedding+sets" "Mozilla/5.0 (Linux; Android 6.0.1; Nexus 5X Build/MMB29P) AppleWebKit/537.36 (KHTML, like Gecko) Chrome/137.0.7151.119 Mobile Safari/537.36 (compatible; Googlebot/2.1; +http://www.google.com/bot.html)"
66.249.65.165 - - [12/Jul/2025:13:01:45 +0000] "GET /?k=6716525021900&mod=de3358ca&uri=goods.php%3Fid%3D224315-378%26name%3Dgraco+kyo+baby+carrier HTTP/1.1" 200 21444 "-" "Mozilla/5.0 (Linux; Android 6.0.1; Nexus 5X Build/MMB29P) AppleWebKit/537.36 (KHTML, like Gecko) Chrome/137.0.7151.103 Mobile Safari/537.36 (compatible; Googlebot/2.1; +http://www.google.com/bot.html)"
209.74.77.214 - - [12/Jul/2025:13:01:46 +0000] "POST /wp-cron.php?doing_wp_cron=1752325306.8747360706329345703125 HTTP/1.1" 200 - "-" "WordPress/6.8.1; https://alalamy.com.au"
54.36.148.183 - - [12/Jul/2025:13:01:46 +0000] "GET /?k=108474659051900&mod=6f94bd00&uri=pin.php%3Fid%3D3620150-1380%26name%3Dmotorcycle+baby+bedding HTTP/1.1" 301 - "-" "Mozilla/5.0 (compatible; AhrefsBot/7.0; +http://ahrefs.com/robot/)"
209.74.77.214 - - [12/Jul/2025:13:01:47 +0000] "POST /wp-admin/admin-ajax.php?action=async_litespeed&nonce=qcqmvMDVNBtsbwWTiM4qTN09vKnYLLAR&litespeed_type=imgoptm HTTP/1.1" 200 21 "-" "WordPress/6.8.1; https://alalamy.com.au"
66.249.65.164 - - [12/Jul/2025:13:01:47 +0000] "GET /?k=47483135081900&mod=4ef30115&uri=blog.php%3Fid%3D1584626-91%26name%3Dwhyte+909+2018 HTTP/1.1" 200 21298 "-" "Mozilla/5.0 (Linux; Android 6.0.1; Nexus 5X Build/MMB29P) AppleWebKit/537.36 (KHTML, like Gecko) Chrome/137.0.7151.103 Mobile Safari/537.36 (compatible; Googlebot/2.1; +http://www.google.com/bot.html)"
66.249.65.164 - - [12/Jul/2025:13:01:48 +0000] "GET /?k=6717575021900&mod=1b7fc124&uri=info.php%3Fid%3D224350-379%26name%3Dlullaby+earth HTTP/1.1" 200 20943 "-" "Mozilla/5.0 (Linux; Android 6.0.1; Nexus 5X Build/MMB29P) AppleWebKit/537.36 (KHTML, like Gecko) Chrome/137.0.7151.103 Mobile Safari/537.36 (compatible; Googlebot/2.1; +http://www.google.com/bot.html)"
66.249.65.164 - - [12/Jul/2025:13:01:50 +0000] "GET /?k=7180462071900&mod=4d383d5c&uri=us.php%3Fid%3D239801-234%26name%3Dmantel+%C3%83%C2%BCber+sakko HTTP/1.1" 200 21650 "-" "Mozilla/5.0 (Linux; Android 6.0.1; Nexus 5X Build/MMB29P) AppleWebKit/537.36 (KHTML, like Gecko) Chrome/137.0.7151.103 Mobile Safari/537.36 (compatible; Googlebot/2.1; +http://www.google.com/bot.html)"
66.249.65.165 - - [12/Jul/2025:13:01:51 +0000] "GET /?k=7182562051900&mod=4d383d5c&uri=us.php%3Fid%3D239871-234%26name%3Dwellensteyn+herren+xxl HTTP/1.1" 200 22448 "-" "Mozilla/5.0 (Linux; Android 6.0.1; Nexus 5X Build/MMB29P) AppleWebKit/537.36 (KHTML, like Gecko) Chrome/137.0.7151.103 Mobile Safari/537.36 (compatible; Googlebot/2.1; +http://www.google.com/bot.html)"
66.249.65.164 - - [12/Jul/2025:13:01:52 +0000] "GET /?k=6853674021900&mod=69846de5&uri=shared.php%3Fid%3D228894-386%26name%3Dgolf+bucket+hats+titleist HTTP/1.1" 200 21463 "-" "Mozilla/5.0 (Linux; Android 6.0.1; Nexus 5X Build/MMB29P) AppleWebKit/537.36 (KHTML, like Gecko) Chrome/137.0.7151.103 Mobile Safari/537.36 (compatible; Googlebot/2.1; +http://www.google.com/bot.html)"
66.249.65.164 - - [12/Jul/2025:13:01:53 +0000] "GET /?k=7175641091900&mod=8763d72b&uri=product.php%3Fid%3D239640-57%26name%3Dsennheiser+hd+50 HTTP/1.1" 200 21685 "-" "Mozilla/5.0 (Linux; Android 6.0.1; Nexus 5X Build/MMB29P) AppleWebKit/537.36 (KHTML, like Gecko) Chrome/137.0.7151.103 Mobile Safari/537.36 (compatible; Googlebot/2.1; +http://www.google.com/bot.html)"
66.249.65.164 - - [12/Jul/2025:13:01:56 +0000] "POST /get-message-notify HTTP/1.1" 200 21425 "https://alalamy.com.au/?k=6853674021900&mod=69846de5&uri=shared.php%3Fid%3D228894-386%26name%3Dgolf+bucket+hats+titleist" "Mozilla/5.0 (Linux; Android 6.0.1; Nexus 5X Build/MMB29P) AppleWebKit/537.36 (KHTML, like Gecko) Chrome/137.0.7151.119 Mobile Safari/537.36 (compatible; Googlebot/2.1; +http://www.google.com/bot.html)"
66.249.65.164 - - [12/Jul/2025:13:01:57 +0000] "GET /?k=7178371011900&mod=4d383d5c&uri=itm.php%3Fid%3D239731-234%26name%3Dellesse+kapuzenpulli+damen HTTP/1.1" 200 22733 "-" "Mozilla/5.0 (Linux; Android 6.0.1; Nexus 5X Build/MMB29P) AppleWebKit/537.36 (KHTML, like Gecko) Chrome/137.0.7151.103 Mobile Safari/537.36 (compatible; Googlebot/2.1; +http://www.google.com/bot.html)"
66.249.65.166 - - [12/Jul/2025:13:02:12 +0000] "GET /?k=7171861081900&mod=4d383d5c&uri=news.php%3Fid%3D239514-234%26name%3Dweste+maloja HTTP/1.1" 200 21935 "-" "Mozilla/5.0 (Linux; Android 6.0.1; Nexus 5X Build/MMB29P) AppleWebKit/537.36 (KHTML, like Gecko) Chrome/137.0.7151.103 Mobile Safari/537.36 (compatible; Googlebot/2.1; +http://www.google.com/bot.html)"
66.249.65.164 - - [12/Jul/2025:13:02:12 +0000] "GET /?k=7180252081900&mod=4d383d5c&uri=product.php%3Fid%3D239794-234%26name%3Dpl%C3%83%C2%BCsch+pullover+schwarz HTTP/1.1" 200 21961 "-" "Mozilla/5.0 (Linux; Android 6.0.1; Nexus 5X Build/MMB29P) AppleWebKit/537.36 (KHTML, like Gecko) Chrome/137.0.7151.103 Mobile Safari/537.36 (compatible; Googlebot/2.1; +http://www.google.com/bot.html)"
66.249.65.164 - - [12/Jul/2025:13:02:15 +0000] "POST /get-message-notify HTTP/1.1" 200 21424 "https://alalamy.com.au/?k=7171861081900&mod=4d383d5c&uri=news.php%3Fid%3D239514-234%26name%3Dweste+maloja" "Mozilla/5.0 (Linux; Android 6.0.1; Nexus 5X Build/MMB29P) AppleWebKit/537.36 (KHTML, like Gecko) Chrome/137.0.7151.119 Mobile Safari/537.36 (compatible; Googlebot/2.1; +http://www.google.com/bot.html)"
66.249.65.165 - - [12/Jul/2025:13:02:17 +0000] "POST /get-message-notify HTTP/1.1" 200 21433 "https://alalamy.com.au/?k=47483135081900&mod=4ef30115&uri=blog.php%3Fid%3D1584626-91%26name%3Dwhyte+909+2018" "Mozilla/5.0 (Linux; Android 6.0.1; Nexus 5X Build/MMB29P) AppleWebKit/537.36 (KHTML, like Gecko) Chrome/137.0.7151.119 Mobile Safari/537.36 (compatible; Googlebot/2.1; +http://www.google.com/bot.html)"
66.249.65.165 - - [12/Jul/2025:13:02:18 +0000] "GET /?k=7179001061900&mod=4d383d5c&uri=search.php%3Fid%3D239752-234%26name%3Dvalentino+mantel+herren HTTP/1.1" 200 22114 "-" "Mozilla/5.0 (Linux; Android 6.0.1; Nexus 5X Build/MMB29P) AppleWebKit/537.36 (KHTML, like Gecko) Chrome/137.0.7151.103 Mobile Safari/537.36 (compatible; Googlebot/2.1; +http://www.google.com/bot.html)"
66.249.65.164 - - [12/Jul/2025:13:02:22 +0000] "GET /?k=7181302031900&mod=4d383d5c&uri=blog.php%3Fid%3D239829-234%26name%3Dengelbert+strauss+daunenjacke+herren HTTP/1.1" 200 22213 "-" "Mozilla/5.0 (Linux; Android 6.0.1; Nexus 5X Build/MMB29P) AppleWebKit/537.36 (KHTML, like Gecko) Chrome/137.0.7151.103 Mobile Safari/537.36 (compatible; Googlebot/2.1; +http://www.google.com/bot.html)"
66.249.65.164 - - [12/Jul/2025:13:02:23 +0000] "GET /?k=7176901001900&mod=4d383d5c&uri=article.php%3Fid%3D239682-234%26name%3Dthe+north+face+jacke+m HTTP/1.1" 200 22205 "-" "Mozilla/5.0 (Linux; Android 6.0.1; Nexus 5X Build/MMB29P) AppleWebKit/537.36 (KHTML, like Gecko) Chrome/137.0.7151.103 Mobile Safari/537.36 (compatible; Googlebot/2.1; +http://www.google.com/bot.html)"
66.249.65.164 - - [12/Jul/2025:13:02:26 +0000] "GET /?k=7172701011900&mod=4d383d5c&uri=blog.php%3Fid%3D239542-234%26name%3Dspyder+skijacke+herren+2022 HTTP/1.1" 200 21646 "-" "Mozilla/5.0 (Linux; Android 6.0.1; Nexus 5X Build/MMB29P) AppleWebKit/537.36 (KHTML, like Gecko) Chrome/137.0.7151.103 Mobile Safari/537.36 (compatible; Googlebot/2.1; +http://www.google.com/bot.html)"
66.249.65.164 - - [12/Jul/2025:13:02:30 +0000] "GET /?k=7175221001900&mod=4d383d5c&uri=brands.php%3Fid%3D239626-234%26name%3Dstrickpullover+damen+2021 HTTP/1.1" 200 22165 "-" "Mozilla/5.0 (Linux; Android 6.0.1; Nexus 5X Build/MMB29P) AppleWebKit/537.36 (KHTML, like Gecko) Chrome/137.0.7151.103 Mobile Safari/537.36 (compatible; Googlebot/2.1; +http://www.google.com/bot.html)"
66.249.65.164 - - [12/Jul/2025:13:02:33 +0000] "GET /?k=7176271031900&mod=4d383d5c&uri=itm.php%3Fid%3D239661-234%26name%3Dwellensteyn+starstream+khaki HTTP/1.1" 200 21832 "-" "Mozilla/5.0 (Linux; Android 6.0.1; Nexus 5X Build/MMB29P) AppleWebKit/537.36 (KHTML, like Gecko) Chrome/137.0.7151.103 Mobile Safari/537.36 (compatible; Googlebot/2.1; +http://www.google.com/bot.html)"
66.249.65.164 - - [12/Jul/2025:13:02:36 +0000] "POST /get-message-notify HTTP/1.1" 200 21417 "https://alalamy.com.au/?k=7176271031900&mod=4d383d5c&uri=itm.php%3Fid%3D239661-234%26name%3Dwellensteyn+starstream+khaki" "Mozilla/5.0 (Linux; Android 6.0.1; Nexus 5X Build/MMB29P) AppleWebKit/537.36 (KHTML, like Gecko) Chrome/137.0.7151.119 Mobile Safari/537.36 (compatible; Googlebot/2.1; +http://www.google.com/bot.html)"
209.74.77.214 - - [12/Jul/2025:13:02:39 +0000] "POST /wp-cron.php?doing_wp_cron=1752325359.7254159450531005859375 HTTP/1.1" 200 - "-" "WordPress/6.8.1; https://alalamy.com.au"
54.36.148.163 - - [12/Jul/2025:13:02:39 +0000] "GET /?k=108861260041900&mod=ccfe77c3&uri=article.php%3Fid%3D3633048-1661%26name%3Dninfeo+mio+goutal HTTP/1.1" 301 - "-" "Mozilla/5.0 (compatible; AhrefsBot/7.0; +http://ahrefs.com/robot/)"
209.74.77.214 - - [12/Jul/2025:13:02:39 +0000] "POST /wp-admin/admin-ajax.php?action=async_litespeed&nonce=afVBpXsGTiSloQdkHFafZpCWIwqEpgbm&litespeed_type=imgoptm HTTP/1.1" 200 21 "-" "WordPress/6.8.1; https://alalamy.com.au"
66.249.65.164 - - [12/Jul/2025:13:02:41 +0000] "GET /?k=7173121001900&mod=4d383d5c&uri=news.php%3Fid%3D239556-234%26name%3Dpeuterey+herren+winterjacke HTTP/1.1" 200 21802 "-" "Mozilla/5.0 (Linux; Android 6.0.1; Nexus 5X Build/MMB29P) AppleWebKit/537.36 (KHTML, like Gecko) Chrome/137.0.7151.103 Mobile Safari/537.36 (compatible; Googlebot/2.1; +http://www.google.com/bot.html)"
66.249.65.164 - - [12/Jul/2025:13:02:46 +0000] "GET /?k=6724295061900&mod=26bcbaf7&uri=category-info.php%3Fid%3D224574-377%26name%3Dbaby+trend+premiere+jogger+travel+system HTTP/1.1" 200 21296 "-" "Mozilla/5.0 (Linux; Android 6.0.1; Nexus 5X Build/MMB29P) AppleWebKit/537.36 (KHTML, like Gecko) Chrome/137.0.7151.103 Mobile Safari/537.36 (compatible; Googlebot/2.1; +http://www.google.com/bot.html)"
66.249.65.164 - - [12/Jul/2025:13:02:46 +0000] "GET /?k=7062132001900&mod=156cc497&uri=category-info.php%3Fid%3D235851-396%26name%3Dchaussures+nike+blazer+femme HTTP/1.1" 200 21032 "-" "Mozilla/5.0 (Linux; Android 6.0.1; Nexus 5X Build/MMB29P) AppleWebKit/537.36 (KHTML, like Gecko) Chrome/137.0.7151.103 Mobile Safari/537.36 (compatible; Googlebot/2.1; +http://www.google.com/bot.html)"
