66.249.65.164 - - [12/Jul/2025:15:30:24 +0000] "POST /get-message-notify HTTP/1.1" 200 21440 "https://alalamy.com.au/?k=7207689031900&mod=5e3a4137&uri=news.php%3Fid%3D240709-400%26name%3Dgt08+smart+watch+replacement+band" "Mozilla/5.0 (Linux; Android 6.0.1; Nexus 5X Build/MMB29P) AppleWebKit/537.36 (KHTML, like Gecko) Chrome/137.0.7151.119 Mobile Safari/537.36 (compatible; Googlebot/2.1; +http://www.google.com/bot.html)"
66.249.65.164 - - [12/Jul/2025:15:30:24 +0000] "POST /get-message-notify HTTP/1.1" 200 21426 "https://alalamy.com.au/?k=7207749051900&mod=5e3a4137&uri=blog.php%3Fid%3D240711-400%26name%3Dtimex+ironman+watch+strap+replacement" "Mozilla/5.0 (Linux; Android 6.0.1; Nexus 5X Build/MMB29P) AppleWebKit/537.36 (KHTML, like Gecko) Chrome/137.0.7151.119 Mobile Safari/537.36 (compatible; Googlebot/2.1; +http://www.google.com/bot.html)"
66.249.65.164 - - [12/Jul/2025:15:30:25 +0000] "GET /?k=5151076131900&mod=8763d72b&uri=product.php%3Fid%3D171959-57%26name%3Dsennheiser+officerunner+battery HTTP/1.1" 200 21652 "-" "Mozilla/5.0 (Linux; Android 6.0.1; Nexus 5X Build/MMB29P) AppleWebKit/537.36 (KHTML, like Gecko) Chrome/137.0.7151.103 Mobile Safari/537.36 (compatible; Googlebot/2.1; +http://www.google.com/bot.html)"
66.249.65.164 - - [12/Jul/2025:15:30:30 +0000] "GET /?k=5149396071900&mod=8763d72b&uri=us.php%3Fid%3D171903-57%26name%3Dxmate+gusto+earbuds+review HTTP/1.1" 200 21996 "-" "Mozilla/5.0 (Linux; Android 6.0.1; Nexus 5X Build/MMB29P) AppleWebKit/537.36 (KHTML, like Gecko) Chrome/137.0.7151.103 Mobile Safari/537.36 (compatible; Googlebot/2.1; +http://www.google.com/bot.html)"
66.249.65.164 - - [12/Jul/2025:15:30:31 +0000] "GET /?k=119617030041900&mod=45fab23f&uri=article.php%3Fid%3D3991986-1161%26name%3Dnike+air+force+outdoor+green HTTP/1.1" 200 21118 "-" "Mozilla/5.0 (Linux; Android 6.0.1; Nexus 5X Build/MMB29P) AppleWebKit/537.36 (KHTML, like Gecko) Chrome/137.0.7151.103 Mobile Safari/537.36 (compatible; Googlebot/2.1; +http://www.google.com/bot.html)"
66.249.65.164 - - [12/Jul/2025:15:30:34 +0000] "POST /get-message-notify HTTP/1.1" 200 21423 "https://alalamy.com.au/?k=5149396071900&mod=8763d72b&uri=us.php%3Fid%3D171903-57%26name%3Dxmate+gusto+earbuds+review" "Mozilla/5.0 (Linux; Android 6.0.1; Nexus 5X Build/MMB29P) AppleWebKit/537.36 (KHTML, like Gecko) Chrome/137.0.7151.119 Mobile Safari/537.36 (compatible; Googlebot/2.1; +http://www.google.com/bot.html)"
66.249.65.164 - - [12/Jul/2025:15:30:35 +0000] "GET /?k=5147086001900&mod=8763d72b&uri=search.php%3Fid%3D171826-57%26name%3Dconnect+earbuds+to+xbox+one HTTP/1.1" 200 21530 "-" "Mozilla/5.0 (Linux; Android 6.0.1; Nexus 5X Build/MMB29P) AppleWebKit/537.36 (KHTML, like Gecko) Chrome/137.0.7151.103 Mobile Safari/537.36 (compatible; Googlebot/2.1; +http://www.google.com/bot.html)"
66.249.65.164 - - [12/Jul/2025:15:30:36 +0000] "GET /?k=7031380021900&mod=156cc497&uri=us.php%3Fid%3D234825-396%26name%3Ddouleurs+avec+semelles+orthop%C3%83%C2%A9diques HTTP/1.1" 200 21360 "-" "Mozilla/5.0 (Linux; Android 6.0.1; Nexus 5X Build/MMB29P) AppleWebKit/537.36 (KHTML, like Gecko) Chrome/137.0.7151.103 Mobile Safari/537.36 (compatible; Googlebot/2.1; +http://www.google.com/bot.html)"
66.249.65.164 - - [12/Jul/2025:15:30:38 +0000] "POST /get-message-notify HTTP/1.1" 200 21432 "https://alalamy.com.au/?k=119617030041900&mod=45fab23f&uri=article.php%3Fid%3D3991986-1161%26name%3Dnike+air+force+outdoor+green" "Mozilla/5.0 (Linux; Android 6.0.1; Nexus 5X Build/MMB29P) AppleWebKit/537.36 (KHTML, like Gecko) Chrome/137.0.7151.119 Mobile Safari/537.36 (compatible; Googlebot/2.1; +http://www.google.com/bot.html)"
207.46.13.78 - - [12/Jul/2025:15:30:47 +0000] "GET /?k=46252551031900&mod=e96f6dc7&uri=article.php%3Fid%3D1543579-1134%26name%3Dpeppa+pig+t+shirts+for+toddlers HTTP/1.1" 200 21658 "-" "Mozilla/5.0 AppleWebKit/537.36 (KHTML, like Gecko; compatible; bingbot/2.0; +http://www.bing.com/bingbot.htm) Chrome/116.0.1938.76 Safari/537.36"
66.249.65.165 - - [12/Jul/2025:15:30:50 +0000] "GET /?k=5137436031900&mod=8763d72b&uri=brands.php%3Fid%3D171504-57%26name%3Di12+inpods+review HTTP/1.1" 200 21441 "-" "Mozilla/5.0 (Linux; Android 6.0.1; Nexus 5X Build/MMB29P) AppleWebKit/537.36 (KHTML, like Gecko) Chrome/137.0.7151.103 Mobile Safari/537.36 (compatible; Googlebot/2.1; +http://www.google.com/bot.html)"
66.249.65.164 - - [12/Jul/2025:15:30:52 +0000] "POST /get-message-notify HTTP/1.1" 200 21427 "https://alalamy.com.au/?k=5147086001900&mod=8763d72b&uri=search.php%3Fid%3D171826-57%26name%3Dconnect+earbuds+to+xbox+one" "Mozilla/5.0 (Linux; Android 6.0.1; Nexus 5X Build/MMB29P) AppleWebKit/537.36 (KHTML, like Gecko) Chrome/137.0.7151.119 Mobile Safari/537.36 (compatible; Googlebot/2.1; +http://www.google.com/bot.html)"
66.249.65.164 - - [12/Jul/2025:15:30:53 +0000] "GET /?k=5148346021900&mod=8763d72b&uri=product.php%3Fid%3D171868-57%26name%3Dresident+evil+psvr HTTP/1.1" 200 21246 "-" "Mozilla/5.0 (Linux; Android 6.0.1; Nexus 5X Build/MMB29P) AppleWebKit/537.36 (KHTML, like Gecko) Chrome/137.0.7151.103 Mobile Safari/537.36 (compatible; Googlebot/2.1; +http://www.google.com/bot.html)"
66.249.65.164 - - [12/Jul/2025:15:30:54 +0000] "GET /?k=7197609011900&mod=df7c6cbf&uri=brands.php%3Fid%3D240373-399%26name%3Drolex+daytona+rubber+strap+price HTTP/1.1" 200 21305 "-" "Mozilla/5.0 (Linux; Android 6.0.1; Nexus 5X Build/MMB29P) AppleWebKit/537.36 (KHTML, like Gecko) Chrome/137.0.7151.103 Mobile Safari/537.36 (compatible; Googlebot/2.1; +http://www.google.com/bot.html)"
66.249.65.165 - - [12/Jul/2025:15:30:56 +0000] "POST /get-message-notify HTTP/1.1" 200 21427 "https://alalamy.com.au/?k=7197609011900&mod=df7c6cbf&uri=brands.php%3Fid%3D240373-399%26name%3Drolex+daytona+rubber+strap+price" "Mozilla/5.0 (Linux; Android 6.0.1; Nexus 5X Build/MMB29P) AppleWebKit/537.36 (KHTML, like Gecko) Chrome/137.0.7151.119 Mobile Safari/537.36 (compatible; Googlebot/2.1; +http://www.google.com/bot.html)"
66.249.65.165 - - [12/Jul/2025:15:30:57 +0000] "POST /get-message-notify HTTP/1.1" 200 21425 "https://alalamy.com.au/?k=5148346021900&mod=8763d72b&uri=product.php%3Fid%3D171868-57%26name%3Dresident+evil+psvr" "Mozilla/5.0 (Linux; Android 6.0.1; Nexus 5X Build/MMB29P) AppleWebKit/537.36 (KHTML, like Gecko) Chrome/137.0.7151.119 Mobile Safari/537.36 (compatible; Googlebot/2.1; +http://www.google.com/bot.html)"
66.249.65.164 - - [12/Jul/2025:15:30:59 +0000] "GET /?k=7222479001900&mod=44f95c37&uri=us.php%3Fid%3D241202-252%26name%3Dskinny+fit+oxford+shirt HTTP/1.1" 200 22441 "-" "Mozilla/5.0 (Linux; Android 6.0.1; Nexus 5X Build/MMB29P) AppleWebKit/537.36 (KHTML, like Gecko) Chrome/137.0.7151.103 Mobile Safari/537.36 (compatible; Googlebot/2.1; +http://www.google.com/bot.html)"
66.249.65.164 - - [12/Jul/2025:15:30:59 +0000] "GET /?k=5146246021900&mod=8763d72b&uri=itm.php%3Fid%3D171798-57%26name%3Dsamsung+buds+leather+case HTTP/1.1" 200 21235 "-" "Mozilla/5.0 (Linux; Android 6.0.1; Nexus 5X Build/MMB29P) AppleWebKit/537.36 (KHTML, like Gecko) Chrome/137.0.7151.103 Mobile Safari/537.36 (compatible; Googlebot/2.1; +http://www.google.com/bot.html)"
209.74.77.214 - - [12/Jul/2025:15:31:00 +0000] "POST /wp-cron.php?doing_wp_cron=1752334260.6751790046691894531250 HTTP/1.1" 200 - "-" "WordPress/6.8.1; https://alalamy.com.au"
54.36.149.51 - - [12/Jul/2025:15:31:00 +0000] "GET /?k=50748609051900&uri=blog.php%3Fid%3D1693565-1278%26name%3Dkelty%20redwing%2050%20pack HTTP/1.1" 200 26570 "-" "Mozilla/5.0 (compatible; AhrefsBot/7.0; +http://ahrefs.com/robot/)"
209.74.77.214 - - [12/Jul/2025:15:31:00 +0000] "POST /wp-admin/admin-ajax.php?action=async_litespeed&nonce=wumkjb2YjNywqZkx7mWgvNZl3VFCeUEU&litespeed_type=imgoptm HTTP/1.1" 200 21 "-" "WordPress/6.8.1; https://alalamy.com.au"
66.249.65.164 - - [12/Jul/2025:15:31:02 +0000] "GET /?k=5151496071900&mod=7da8cfbd&uri=shared.php%3Fid%3D171973-155%26name%3Dyamaha+drx+12 HTTP/1.1" 200 22036 "-" "Mozilla/5.0 (Linux; Android 6.0.1; Nexus 5X Build/MMB29P) AppleWebKit/537.36 (KHTML, like Gecko) Chrome/137.0.7151.103 Mobile Safari/537.36 (compatible; Googlebot/2.1; +http://www.google.com/bot.html)"
66.249.65.165 - - [12/Jul/2025:15:31:02 +0000] "POST /get-message-notify HTTP/1.1" 200 21424 "https://alalamy.com.au/?k=5146246021900&mod=8763d72b&uri=itm.php%3Fid%3D171798-57%26name%3Dsamsung+buds+leather+case" "Mozilla/5.0 (Linux; Android 6.0.1; Nexus 5X Build/MMB29P) AppleWebKit/537.36 (KHTML, like Gecko) Chrome/137.0.7151.119 Mobile Safari/537.36 (compatible; Googlebot/2.1; +http://www.google.com/bot.html)"
66.249.65.164 - - [12/Jul/2025:15:31:04 +0000] "GET /?k=5150866061900&mod=7da8cfbd&uri=info.php%3Fid%3D171952-155%26name%3Dnest+hub+as+alarm+clock HTTP/1.1" 200 21461 "-" "Mozilla/5.0 (Linux; Android 6.0.1; Nexus 5X Build/MMB29P) AppleWebKit/537.36 (KHTML, like Gecko) Chrome/137.0.7151.103 Mobile Safari/537.36 (compatible; Googlebot/2.1; +http://www.google.com/bot.html)"
66.249.65.164 - - [12/Jul/2025:15:31:07 +0000] "POST /get-message-notify HTTP/1.1" 200 21420 "https://alalamy.com.au/?k=5150866061900&mod=7da8cfbd&uri=info.php%3Fid%3D171952-155%26name%3Dnest+hub+as+alarm+clock" "Mozilla/5.0 (Linux; Android 6.0.1; Nexus 5X Build/MMB29P) AppleWebKit/537.36 (KHTML, like Gecko) Chrome/137.0.7151.119 Mobile Safari/537.36 (compatible; Googlebot/2.1; +http://www.google.com/bot.html)"
66.249.65.164 - - [12/Jul/2025:15:31:07 +0000] "GET /?k=5146876081900&mod=8763d72b&uri=shared.php%3Fid%3D171819-57%26name%3Dcompare+airdopes+441+and+441+pro HTTP/1.1" 200 21763 "-" "Mozilla/5.0 (Linux; Android 6.0.1; Nexus 5X Build/MMB29P) AppleWebKit/537.36 (KHTML, like Gecko) Chrome/137.0.7151.103 Mobile Safari/537.36 (compatible; Googlebot/2.1; +http://www.google.com/bot.html)"
66.249.65.164 - - [12/Jul/2025:15:31:12 +0000] "POST /get-message-notify HTTP/1.1" 200 21413 "https://alalamy.com.au/?k=5146876081900&mod=8763d72b&uri=shared.php%3Fid%3D171819-57%26name%3Dcompare+airdopes+441+and+441+pro" "Mozilla/5.0 (Linux; Android 6.0.1; Nexus 5X Build/MMB29P) AppleWebKit/537.36 (KHTML, like Gecko) Chrome/137.0.7151.119 Mobile Safari/537.36 (compatible; Googlebot/2.1; +http://www.google.com/bot.html)"
66.249.65.164 - - [12/Jul/2025:15:31:13 +0000] "GET /?k=7067737141900&mod=156cc497&uri=shared.php%3Fid%3D236039-396%26name%3Dgemo+31 HTTP/1.1" 200 20488 "-" "Mozilla/5.0 (Linux; Android 6.0.1; Nexus 5X Build/MMB29P) AppleWebKit/537.36 (KHTML, like Gecko) Chrome/137.0.7151.103 Mobile Safari/537.36 (compatible; Googlebot/2.1; +http://www.google.com/bot.html)"
66.249.65.164 - - [12/Jul/2025:15:31:15 +0000] "GET /?k=7091787021900&mod=413e4eb3&uri=product.php%3Fid%3D236842-398%26name%3Dhouse+of+fraser+hotter+shoes HTTP/1.1" 200 20398 "-" "Mozilla/5.0 (Linux; Android 6.0.1; Nexus 5X Build/MMB29P) AppleWebKit/537.36 (KHTML, like Gecko) Chrome/137.0.7151.103 Mobile Safari/537.36 (compatible; Googlebot/2.1; +http://www.google.com/bot.html)"
66.249.65.164 - - [12/Jul/2025:15:31:19 +0000] "GET /?k=6873174061900&mod=69846de5&uri=article.php%3Fid%3D229544-386%26name%3Dtitleist+golf+cap+with+magnetic+ball+marker HTTP/1.1" 200 21593 "-" "Mozilla/5.0 (Linux; Android 6.0.1; Nexus 5X Build/MMB29P) AppleWebKit/537.36 (KHTML, like Gecko) Chrome/137.0.7151.103 Mobile Safari/537.36 (compatible; Googlebot/2.1; +http://www.google.com/bot.html)"
66.249.65.164 - - [12/Jul/2025:15:31:19 +0000] "POST /get-message-notify HTTP/1.1" 200 21427 "https://alalamy.com.au/?k=7067737141900&mod=156cc497&uri=shared.php%3Fid%3D236039-396%26name%3Dgemo+31" "Mozilla/5.0 (Linux; Android 6.0.1; Nexus 5X Build/MMB29P) AppleWebKit/537.36 (KHTML, like Gecko) Chrome/137.0.7151.119 Mobile Safari/537.36 (compatible; Googlebot/2.1; +http://www.google.com/bot.html)"
66.249.65.164 - - [12/Jul/2025:15:31:30 +0000] "GET /?k=7062252001900&mod=156cc497&uri=dp.php%3Fid%3D235855-396%26name%3Dballerine+danse+classique HTTP/1.1" 200 21392 "-" "Mozilla/5.0 (Linux; Android 6.0.1; Nexus 5X Build/MMB29P) AppleWebKit/537.36 (KHTML, like Gecko) Chrome/137.0.7151.103 Mobile Safari/537.36 (compatible; Googlebot/2.1; +http://www.google.com/bot.html)"
66.249.65.164 - - [12/Jul/2025:15:31:30 +0000] "POST /get-message-notify HTTP/1.1" 200 21423 "https://alalamy.com.au/?k=7091787021900&mod=413e4eb3&uri=product.php%3Fid%3D236842-398%26name%3Dhouse+of+fraser+hotter+shoes" "Mozilla/5.0 (Linux; Android 6.0.1; Nexus 5X Build/MMB29P) AppleWebKit/537.36 (KHTML, like Gecko) Chrome/137.0.7151.119 Mobile Safari/537.36 (compatible; Googlebot/2.1; +http://www.google.com/bot.html)"
209.74.77.214 - - [12/Jul/2025:15:31:35 +0000] "POST /wp-cron.php?doing_wp_cron=1752334295.7014019489288330078125 HTTP/1.1" 200 - "-" "WordPress/6.8.1; https://alalamy.com.au"
54.36.149.45 - - [12/Jul/2025:15:31:35 +0000] "GET /?k=50749807021900&mod=df99d1ab&uri=article.php%3Fid%3D1693605-1281%26name%3Dtoddler+girl+dresses+macys HTTP/1.1" 301 - "-" "Mozilla/5.0 (compatible; AhrefsBot/7.0; +http://ahrefs.com/robot/)"
209.74.77.214 - - [12/Jul/2025:15:31:35 +0000] "POST /wp-admin/admin-ajax.php?action=async_litespeed&nonce=kNTqFsnVaIyBD4fyY8qOGSy2tVpGYK94&litespeed_type=imgoptm HTTP/1.1" 200 21 "-" "WordPress/6.8.1; https://alalamy.com.au"
66.249.65.164 - - [12/Jul/2025:15:31:37 +0000] "GET /?k=74687417041900&mod=ead6d4ad&uri=goods.php%3Fid%3D2492368-374%26name%3Djogging+petite+femme HTTP/1.1" 200 20970 "-" "Mozilla/5.0 (Linux; Android 6.0.1; Nexus 5X Build/MMB29P) AppleWebKit/537.36 (KHTML, like Gecko) Chrome/137.0.7151.103 Mobile Safari/537.36 (compatible; Googlebot/2.1; +http://www.google.com/bot.html)"
66.249.65.164 - - [12/Jul/2025:15:31:53 +0000] "GET /?k=7027919011900&mod=156cc497&uri=shared.php%3Fid%3D234709-396%26name%3Djordan+mid+colore HTTP/1.1" 200 21643 "-" "Mozilla/5.0 (Linux; Android 6.0.1; Nexus 5X Build/MMB29P) AppleWebKit/537.36 (KHTML, like Gecko) Chrome/137.0.7151.103 Mobile Safari/537.36 (compatible; Googlebot/2.1; +http://www.google.com/bot.html)"
66.249.65.164 - - [12/Jul/2025:15:31:55 +0000] "POST /get-message-notify HTTP/1.1" 200 21421 "https://alalamy.com.au/?k=7027919011900&mod=156cc497&uri=shared.php%3Fid%3D234709-396%26name%3Djordan+mid+colore" "Mozilla/5.0 (Linux; Android 6.0.1; Nexus 5X Build/MMB29P) AppleWebKit/537.36 (KHTML, like Gecko) Chrome/137.0.7151.119 Mobile Safari/537.36 (compatible; Googlebot/2.1; +http://www.google.com/bot.html)"
66.249.65.165 - - [12/Jul/2025:15:31:59 +0000] "GET /?k=119729323071900&mod=b1dbc35c&uri=search.php%3Fid%3D3995731-539%26name%3Dcomfy+airpods+pro HTTP/1.1" 200 21217 "-" "Mozilla/5.0 (Linux; Android 6.0.1; Nexus 5X Build/MMB29P) AppleWebKit/537.36 (KHTML, like Gecko) Chrome/137.0.7151.103 Mobile Safari/537.36 (compatible; Googlebot/2.1; +http://www.google.com/bot.html)"
66.249.65.164 - - [12/Jul/2025:15:32:00 +0000] "GET /?k=7273246071900&mod=861288f2&uri=form.php%3Fid%3D242901-403%26name%3Ddamen+sommerschuhe+zalando HTTP/1.1" 200 21730 "-" "Mozilla/5.0 (Linux; Android 6.0.1; Nexus 5X Build/MMB29P) AppleWebKit/537.36 (KHTML, like Gecko) Chrome/137.0.7151.103 Mobile Safari/537.36 (compatible; Googlebot/2.1; +http://www.google.com/bot.html)"
66.249.65.164 - - [12/Jul/2025:15:32:03 +0000] "GET /?k=6868854021900&mod=365adce6&uri=shop.php%3Fid%3D229400-385%26name%3Dapple+watch+series+singtel HTTP/1.1" 200 21037 "-" "Mozilla/5.0 (Linux; Android 6.0.1; Nexus 5X Build/MMB29P) AppleWebKit/537.36 (KHTML, like Gecko) Chrome/137.0.7151.103 Mobile Safari/537.36 (compatible; Googlebot/2.1; +http://www.google.com/bot.html)"
66.249.65.164 - - [12/Jul/2025:15:32:08 +0000] "GET /?k=7208379001900&mod=5e3a4137&uri=form.php%3Fid%3D240732-400%26name%3Dmoto+360+1st+gen+band+replacement HTTP/1.1" 200 21641 "-" "Mozilla/5.0 (Linux; Android 6.0.1; Nexus 5X Build/MMB29P) AppleWebKit/537.36 (KHTML, like Gecko) Chrome/137.0.7151.103 Mobile Safari/537.36 (compatible; Googlebot/2.1; +http://www.google.com/bot.html)"
54.36.148.137 - - [12/Jul/2025:15:32:09 +0000] "GET /?k=50758267031900&uri=category-info.php%3Fid%3D1693887-1283%26name%3Dspeedmaster%2060th%20anniversary%20review HTTP/1.1" 200 26570 "-" "Mozilla/5.0 (compatible; AhrefsBot/7.0; +http://ahrefs.com/robot/)"
66.249.65.164 - - [12/Jul/2025:15:32:22 +0000] "GET /?k=6851244031900&mod=365adce6&uri=blog.php%3Fid%3D228813-385%26name%3Ddoes+apple+watch+work+android HTTP/1.1" 200 21768 "-" "Mozilla/5.0 (Linux; Android 6.0.1; Nexus 5X Build/MMB29P) AppleWebKit/537.36 (KHTML, like Gecko) Chrome/137.0.7151.103 Mobile Safari/537.36 (compatible; Googlebot/2.1; +http://www.google.com/bot.html)"
66.249.65.164 - - [12/Jul/2025:15:32:22 +0000] "GET /?k=7063908031900&mod=156cc497&uri=pin.php%3Fid%3D235911-396%26name%3Dchaussures+rando+asolo HTTP/1.1" 200 21388 "-" "Mozilla/5.0 (Linux; Android 6.0.1; Nexus 5X Build/MMB29P) AppleWebKit/537.36 (KHTML, like Gecko) Chrome/137.0.7151.103 Mobile Safari/537.36 (compatible; Googlebot/2.1; +http://www.google.com/bot.html)"
66.249.65.164 - - [12/Jul/2025:15:32:27 +0000] "GET /?k=7077304091900&mod=539ef09c&uri=product.php%3Fid%3D236359-397%26name%3Dsilver+formal+heels HTTP/1.1" 200 20802 "-" "Mozilla/5.0 (Linux; Android 6.0.1; Nexus 5X Build/MMB29P) AppleWebKit/537.36 (KHTML, like Gecko) Chrome/137.0.7151.103 Mobile Safari/537.36 (compatible; Googlebot/2.1; +http://www.google.com/bot.html)"
66.249.65.164 - - [12/Jul/2025:15:32:30 +0000] "GET /?k=7198239071900&mod=df7c6cbf&uri=shop.php%3Fid%3D240394-399%26name%3Dmens+rolex+daytona HTTP/1.1" 200 21249 "-" "Mozilla/5.0 (Linux; Android 6.0.1; Nexus 5X Build/MMB29P) AppleWebKit/537.36 (KHTML, like Gecko) Chrome/137.0.7151.103 Mobile Safari/537.36 (compatible; Googlebot/2.1; +http://www.google.com/bot.html)"
66.249.65.164 - - [12/Jul/2025:15:32:30 +0000] "POST /get-message-notify HTTP/1.1" 200 21437 "https://alalamy.com.au/?k=7077304091900&mod=539ef09c&uri=product.php%3Fid%3D236359-397%26name%3Dsilver+formal+heels" "Mozilla/5.0 (Linux; Android 6.0.1; Nexus 5X Build/MMB29P) AppleWebKit/537.36 (KHTML, like Gecko) Chrome/137.0.7151.119 Mobile Safari/537.36 (compatible; Googlebot/2.1; +http://www.google.com/bot.html)"
66.249.65.164 - - [12/Jul/2025:15:32:31 +0000] "POST /get-message-notify HTTP/1.1" 200 21439 "https://alalamy.com.au/?k=6873174061900&mod=69846de5&uri=article.php%3Fid%3D229544-386%26name%3Dtitleist+golf+cap+with+magnetic+ball+marker" "Mozilla/5.0 (Linux; Android 6.0.1; Nexus 5X Build/MMB29P) AppleWebKit/537.36 (KHTML, like Gecko) Chrome/137.0.7151.119 Mobile Safari/537.36 (compatible; Googlebot/2.1; +http://www.google.com/bot.html)"
66.249.65.164 - - [12/Jul/2025:15:32:39 +0000] "GET /?k=42126191071900&mod=4fb04ef6&uri=goods.php%3Fid%3D1405929-1173%26name%3Ddakine+waterproof+backpacks HTTP/1.1" 200 20583 "-" "Mozilla/5.0 (Linux; Android 6.0.1; Nexus 5X Build/MMB29P) AppleWebKit/537.36 (KHTML, like Gecko) Chrome/137.0.7151.103 Mobile Safari/537.36 (compatible; Googlebot/2.1; +http://www.google.com/bot.html)"
66.249.65.164 - - [12/Jul/2025:15:32:42 +0000] "GET /?k=7031740011900&mod=156cc497&uri=product.php%3Fid%3D234837-396%26name%3Dpataugas+femme+jester HTTP/1.1" 200 21456 "-" "Mozilla/5.0 (Linux; Android 6.0.1; Nexus 5X Build/MMB29P) AppleWebKit/537.36 (KHTML, like Gecko) Chrome/137.0.7151.103 Mobile Safari/537.36 (compatible; Googlebot/2.1; +http://www.google.com/bot.html)"
209.74.77.214 - - [12/Jul/2025:15:32:47 +0000] "POST /wp-cron.php?doing_wp_cron=1752334367.1295940876007080078125 HTTP/1.1" 200 - "-" "WordPress/6.8.1; https://alalamy.com.au"
54.36.148.121 - - [12/Jul/2025:15:32:46 +0000] "GET /?k=51960145011900&mod=14748aab&uri=shared.php%3Fid%3D1733973-1287%26name%3Dtory+burch+t+block+backpack HTTP/1.1" 301 - "-" "Mozilla/5.0 (compatible; AhrefsBot/7.0; +http://ahrefs.com/robot/)"
209.74.77.214 - - [12/Jul/2025:15:32:47 +0000] "POST /wp-admin/admin-ajax.php?action=async_litespeed&nonce=UCMFku7oEr1USIaubZA1bWoQwOrz43mh&litespeed_type=imgoptm HTTP/1.1" 200 21 "-" "WordPress/6.8.1; https://alalamy.com.au"
66.249.65.164 - - [12/Jul/2025:15:32:49 +0000] "GET /?k=6750460001900&mod=b75fccec&uri=brands.php%3Fid%3D225448-233%26name%3Dpantalones+entretiempo+mujer HTTP/1.1" 200 21734 "-" "Mozilla/5.0 (Linux; Android 6.0.1; Nexus 5X Build/MMB29P) AppleWebKit/537.36 (KHTML, like Gecko) Chrome/137.0.7151.103 Mobile Safari/537.36 (compatible; Googlebot/2.1; +http://www.google.com/bot.html)"
66.249.65.164 - - [12/Jul/2025:15:32:51 +0000] "GET /?k=42076573121900&mod=108a6d45&uri=goods.php%3Fid%3D1404275-476%26name%3Dhuawei+watch+gt+45mm HTTP/1.1" 200 22192 "-" "Mozilla/5.0 (Linux; Android 6.0.1; Nexus 5X Build/MMB29P) AppleWebKit/537.36 (KHTML, like Gecko) Chrome/137.0.7151.103 Mobile Safari/537.36 (compatible; Googlebot/2.1; +http://www.google.com/bot.html)"
66.249.65.164 - - [12/Jul/2025:15:32:52 +0000] "GET /?k=42128170011900&mod=a4968905&uri=brands.php%3Fid%3D1405995-1174%26name%3Dvuly+medium+trampoline HTTP/1.1" 200 21206 "-" "Mozilla/5.0 (Linux; Android 6.0.1; Nexus 5X Build/MMB29P) AppleWebKit/537.36 (KHTML, like Gecko) Chrome/137.0.7151.103 Mobile Safari/537.36 (compatible; Googlebot/2.1; +http://www.google.com/bot.html)"
66.249.65.164 - - [12/Jul/2025:15:32:55 +0000] "POST /get-message-notify HTTP/1.1" 200 21460 "https://alalamy.com.au/?k=42128170011900&mod=a4968905&uri=brands.php%3Fid%3D1405995-1174%26name%3Dvuly+medium+trampoline" "Mozilla/5.0 (Linux; Android 6.0.1; Nexus 5X Build/MMB29P) AppleWebKit/537.36 (KHTML, like Gecko) Chrome/137.0.7151.119 Mobile Safari/537.36 (compatible; Googlebot/2.1; +http://www.google.com/bot.html)"
66.249.65.166 - - [12/Jul/2025:15:33:00 +0000] "GET /?k=7064148141900&mod=156cc497&uri=search.php%3Fid%3D235919-396%26name%3Dnike+air+max+plus+noire HTTP/1.1" 200 21747 "-" "Mozilla/5.0 (Linux; Android 6.0.1; Nexus 5X Build/MMB29P) AppleWebKit/537.36 (KHTML, like Gecko) Chrome/137.0.7151.103 Mobile Safari/537.36 (compatible; Googlebot/2.1; +http://www.google.com/bot.html)"
66.249.65.164 - - [12/Jul/2025:15:32:57 +0000] "GET /?k=97363316081900&mod=4ef30115&uri=product.php%3Fid%3D3249236-91%26name%3Dbuy+baby+tricycle HTTP/1.1" 200 21906 "-" "Mozilla/5.0 (Linux; Android 6.0.1; Nexus 5X Build/MMB29P) AppleWebKit/537.36 (KHTML, like Gecko) Chrome/137.0.7151.103 Mobile Safari/537.36 (compatible; Googlebot/2.1; +http://www.google.com/bot.html)"
66.249.65.164 - - [12/Jul/2025:15:32:57 +0000] "GET /?k=26967523041900&mod=962ebbfe&uri=goods.php%3Fid%3D900046-394%26name%3Dsunflame+burner+gas+chula HTTP/1.1" 200 22473 "-" "Mozilla/5.0 (Linux; Android 6.0.1; Nexus 5X Build/MMB29P) AppleWebKit/537.36 (KHTML, like Gecko) Chrome/137.0.7151.103 Mobile Safari/537.36 (compatible; Googlebot/2.1; +http://www.google.com/bot.html)"
66.249.65.164 - - [12/Jul/2025:15:33:08 +0000] "GET /?k=7078294021900&mod=539ef09c&uri=news.php%3Fid%3D236392-397%26name%3Dred+booties+wedges HTTP/1.1" 200 21221 "-" "Mozilla/5.0 (Linux; Android 6.0.1; Nexus 5X Build/MMB29P) AppleWebKit/537.36 (KHTML, like Gecko) Chrome/137.0.7151.103 Mobile Safari/537.36 (compatible; Googlebot/2.1; +http://www.google.com/bot.html)"
66.249.65.165 - - [12/Jul/2025:15:33:09 +0000] "GET /?k=6843571021900&mod=d8d7e7b1&uri=brands.php%3Fid%3D228557-383%26name%3Dpretty+woman+movie+dress HTTP/1.1" 200 20870 "-" "Mozilla/5.0 (Linux; Android 6.0.1; Nexus 5X Build/MMB29P) AppleWebKit/537.36 (KHTML, like Gecko) Chrome/137.0.7151.103 Mobile Safari/537.36 (compatible; Googlebot/2.1; +http://www.google.com/bot.html)"
66.249.65.164 - - [12/Jul/2025:15:33:09 +0000] "GET /?k=7069150021900&mod=156cc497&uri=category-info.php%3Fid%3D236087-396%26name%3Dultrabold+chaussures HTTP/1.1" 200 20917 "-" "Mozilla/5.0 (Linux; Android 6.0.1; Nexus 5X Build/MMB29P) AppleWebKit/537.36 (KHTML, like Gecko) Chrome/137.0.7151.103 Mobile Safari/537.36 (compatible; Googlebot/2.1; +http://www.google.com/bot.html)"
66.249.65.165 - - [12/Jul/2025:15:33:09 +0000] "GET /?k=6984523071900&mod=962ebbfe&uri=news.php%3Fid%3D233259-394%26name%3Dkettle+in+costco HTTP/1.1" 200 21670 "-" "Mozilla/5.0 (Linux; Android 6.0.1; Nexus 5X Build/MMB29P) AppleWebKit/537.36 (KHTML, like Gecko) Chrome/137.0.7151.103 Mobile Safari/537.36 (compatible; Googlebot/2.1; +http://www.google.com/bot.html)"
66.249.65.164 - - [12/Jul/2025:15:33:10 +0000] "GET /?k=7061052031900&mod=156cc497&uri=brands.php%3Fid%3D235815-396%26name%3Dchaussons+de+danse+jazz HTTP/1.1" 200 21822 "-" "Mozilla/5.0 (Linux; Android 6.0.1; Nexus 5X Build/MMB29P) AppleWebKit/537.36 (KHTML, like Gecko) Chrome/137.0.7151.103 Mobile Safari/537.36 (compatible; Googlebot/2.1; +http://www.google.com/bot.html)"
66.249.65.164 - - [12/Jul/2025:15:33:14 +0000] "POST /get-message-notify HTTP/1.1" 200 21438 "https://alalamy.com.au/?k=7064148141900&mod=156cc497&uri=search.php%3Fid%3D235919-396%26name%3Dnike+air+max+plus+noire" "Mozilla/5.0 (Linux; Android 6.0.1; Nexus 5X Build/MMB29P) AppleWebKit/537.36 (KHTML, like Gecko) Chrome/137.0.7151.119 Mobile Safari/537.36 (compatible; Googlebot/2.1; +http://www.google.com/bot.html)"
66.249.65.164 - - [12/Jul/2025:15:33:17 +0000] "GET /?k=7027199011900&mod=156cc497&uri=products.php%3Fid%3D234685-396%26name%3Dballon+basketball+taille HTTP/1.1" 200 21683 "-" "Mozilla/5.0 (Linux; Android 6.0.1; Nexus 5X Build/MMB29P) AppleWebKit/537.36 (KHTML, like Gecko) Chrome/137.0.7151.103 Mobile Safari/537.36 (compatible; Googlebot/2.1; +http://www.google.com/bot.html)"
66.249.65.164 - - [12/Jul/2025:15:33:19 +0000] "GET /?k=7223739001900&mod=44f95c37&uri=dp.php%3Fid%3D241244-252%26name%3Drags+and+bones+human HTTP/1.1" 200 22239 "-" "Mozilla/5.0 (Linux; Android 6.0.1; Nexus 5X Build/MMB29P) AppleWebKit/537.36 (KHTML, like Gecko) Chrome/137.0.7151.103 Mobile Safari/537.36 (compatible; Googlebot/2.1; +http://www.google.com/bot.html)"
66.249.65.164 - - [12/Jul/2025:15:33:20 +0000] "GET /?k=119688733031900&mod=8646de4b&uri=category-info.php%3Fid%3D3994378-484%26name%3Dorange+bikini+high+waist HTTP/1.1" 200 20484 "-" "Mozilla/5.0 (Linux; Android 6.0.1; Nexus 5X Build/MMB29P) AppleWebKit/537.36 (KHTML, like Gecko) Chrome/137.0.7151.103 Mobile Safari/537.36 (compatible; Googlebot/2.1; +http://www.google.com/bot.html)"
209.74.77.214 - - [12/Jul/2025:15:33:23 +0000] "POST /wp-cron.php?doing_wp_cron=1752334403.8392839431762695312500 HTTP/1.1" 200 - "-" "WordPress/6.8.1; https://alalamy.com.au"
54.36.148.8 - - [12/Jul/2025:15:33:23 +0000] "GET /?k=52115218041900&mod=3f5a2615&uri=blog.php%3Fid%3D1739143-875%26name%3Dms574blw HTTP/1.1" 200 26570 "-" "Mozilla/5.0 (compatible; AhrefsBot/7.0; +http://ahrefs.com/robot/)"
66.249.65.164 - - [12/Jul/2025:15:33:24 +0000] "GET /?k=7226709031900&mod=5e3a4137&uri=dp.php%3Fid%3D241343-400%26name%3Dhirsch+james+performance HTTP/1.1" 200 22073 "-" "Mozilla/5.0 (Linux; Android 6.0.1; Nexus 5X Build/MMB29P) AppleWebKit/537.36 (KHTML, like Gecko) Chrome/137.0.7151.103 Mobile Safari/537.36 (compatible; Googlebot/2.1; +http://www.google.com/bot.html)"
66.249.65.164 - - [12/Jul/2025:15:33:24 +0000] "POST /get-message-notify HTTP/1.1" 200 21414 "https://alalamy.com.au/?k=7027199011900&mod=156cc497&uri=products.php%3Fid%3D234685-396%26name%3Dballon+basketball+taille" "Mozilla/5.0 (Linux; Android 6.0.1; Nexus 5X Build/MMB29P) AppleWebKit/537.36 (KHTML, like Gecko) Chrome/137.0.7151.119 Mobile Safari/537.36 (compatible; Googlebot/2.1; +http://www.google.com/bot.html)"
66.249.65.164 - - [12/Jul/2025:15:33:29 +0000] "GET /?k=7226349091900&mod=44f95c37&uri=shared.php%3Fid%3D241331-252%26name%3Drag+n+bone+man+facebook HTTP/1.1" 200 21964 "-" "Mozilla/5.0 (Linux; Android 6.0.1; Nexus 5X Build/MMB29P) AppleWebKit/537.36 (KHTML, like Gecko) Chrome/137.0.7151.103 Mobile Safari/537.36 (compatible; Googlebot/2.1; +http://www.google.com/bot.html)"
66.249.65.164 - - [12/Jul/2025:15:33:33 +0000] "GET /?k=7176871141900&mod=4d383d5c&uri=form.php%3Fid%3D239681-234%26name%3Dellesse+monterini+damen HTTP/1.1" 200 21746 "-" "Mozilla/5.0 (Linux; Android 6.0.1; Nexus 5X Build/MMB29P) AppleWebKit/537.36 (KHTML, like Gecko) Chrome/137.0.7151.103 Mobile Safari/537.36 (compatible; Googlebot/2.1; +http://www.google.com/bot.html)"
66.249.65.165 - - [12/Jul/2025:15:33:38 +0000] "GET /?k=7270619011900&mod=cbd35b79&uri=products.php%3Fid%3D242811-401%26name%3Dtuto+couture+porte+tarte HTTP/1.1" 200 22276 "-" "Mozilla/5.0 (Linux; Android 6.0.1; Nexus 5X Build/MMB29P) AppleWebKit/537.36 (KHTML, like Gecko) Chrome/137.0.7151.103 Mobile Safari/537.36 (compatible; Googlebot/2.1; +http://www.google.com/bot.html)"
66.249.65.164 - - [12/Jul/2025:15:33:39 +0000] "POST /get-message-notify HTTP/1.1" 200 21410 "https://alalamy.com.au/?k=26967523041900&mod=962ebbfe&uri=goods.php%3Fid%3D900046-394%26name%3Dsunflame+burner+gas+chula" "Mozilla/5.0 (Linux; Android 6.0.1; Nexus 5X Build/MMB29P) AppleWebKit/537.36 (KHTML, like Gecko) Chrome/137.0.7151.119 Mobile Safari/537.36 (compatible; Googlebot/2.1; +http://www.google.com/bot.html)"
66.249.65.165 - - [12/Jul/2025:15:33:40 +0000] "POST /get-message-notify HTTP/1.1" 200 21434 "https://alalamy.com.au/?k=7270619011900&mod=cbd35b79&uri=products.php%3Fid%3D242811-401%26name%3Dtuto+couture+porte+tarte" "Mozilla/5.0 (Linux; Android 6.0.1; Nexus 5X Build/MMB29P) AppleWebKit/537.36 (KHTML, like Gecko) Chrome/137.0.7151.119 Mobile Safari/537.36 (compatible; Googlebot/2.1; +http://www.google.com/bot.html)"
66.249.65.165 - - [12/Jul/2025:15:33:42 +0000] "GET /?k=5147926041900&mod=8763d72b&uri=pin.php%3Fid%3D171854-57%26name%3Dklipsch+t5m+wired+earphones+review HTTP/1.1" 200 21498 "-" "Mozilla/5.0 (Linux; Android 6.0.1; Nexus 5X Build/MMB29P) AppleWebKit/537.36 (KHTML, like Gecko) Chrome/137.0.7151.103 Mobile Safari/537.36 (compatible; Googlebot/2.1; +http://www.google.com/bot.html)"
66.249.65.165 - - [12/Jul/2025:15:33:42 +0000] "POST /get-message-notify HTTP/1.1" 200 21436 "https://alalamy.com.au/?k=7226349091900&mod=44f95c37&uri=shared.php%3Fid%3D241331-252%26name%3Drag+n+bone+man+facebook" "Mozilla/5.0 (Linux; Android 6.0.1; Nexus 5X Build/MMB29P) AppleWebKit/537.36 (KHTML, like Gecko) Chrome/137.0.7151.119 Mobile Safari/537.36 (compatible; Googlebot/2.1; +http://www.google.com/bot.html)"
157.55.39.200 - - [12/Jul/2025:15:33:42 +0000] "GET /?k=108800526061900&mod=78b643f9&uri=article.php%3Fid%3D3631023-404%26name%3Dvestiti+da+piratessa HTTP/1.1" 200 21828 "-" "Mozilla/5.0 AppleWebKit/537.36 (KHTML, like Gecko; compatible; bingbot/2.0; +http://www.bing.com/bingbot.htm) Chrome/116.0.1938.76 Safari/537.36"
66.249.65.165 - - [12/Jul/2025:15:33:43 +0000] "GET /?k=7144319031900&mod=8763d72b&uri=info.php%3Fid%3D238595-57%26name%3Djbl+headphones+pink+wireless HTTP/1.1" 200 22533 "-" "Mozilla/5.0 (Linux; Android 6.0.1; Nexus 5X Build/MMB29P) AppleWebKit/537.36 (KHTML, like Gecko) Chrome/137.0.7151.103 Mobile Safari/537.36 (compatible; Googlebot/2.1; +http://www.google.com/bot.html)"
66.249.65.164 - - [12/Jul/2025:15:33:43 +0000] "GET /?k=7225179001900&mod=44f95c37&uri=brands.php%3Fid%3D241292-252%26name%3Dnudie+jeans+tube+tom+fit HTTP/1.1" 200 22298 "-" "Mozilla/5.0 (Linux; Android 6.0.1; Nexus 5X Build/MMB29P) AppleWebKit/537.36 (KHTML, like Gecko) Chrome/137.0.7151.103 Mobile Safari/537.36 (compatible; Googlebot/2.1; +http://www.google.com/bot.html)"
66.249.65.164 - - [12/Jul/2025:15:33:51 +0000] "GET /?k=7222749091900&mod=44f95c37&uri=search.php%3Fid%3D241211-252%26name%3Dadriano+goldschmied+isabelle HTTP/1.1" 200 21337 "-" "Mozilla/5.0 (Linux; Android 6.0.1; Nexus 5X Build/MMB29P) AppleWebKit/537.36 (KHTML, like Gecko) Chrome/137.0.7151.103 Mobile Safari/537.36 (compatible; Googlebot/2.1; +http://www.google.com/bot.html)"
66.249.65.165 - - [12/Jul/2025:15:33:54 +0000] "GET /?k=7273426011900&mod=cbd35b79&uri=form.php%3Fid%3D242907-401%26name%3Dcoudre+sac+%C3%83%C2%A0+main HTTP/1.1" 200 22085 "-" "Mozilla/5.0 (Linux; Android 6.0.1; Nexus 5X Build/MMB29P) AppleWebKit/537.36 (KHTML, like Gecko) Chrome/137.0.7151.103 Mobile Safari/537.36 (compatible; Googlebot/2.1; +http://www.google.com/bot.html)"
66.249.65.164 - - [12/Jul/2025:15:33:54 +0000] "GET /?k=6681157041900&mod=ead6d4ad&uri=itm.php%3Fid%3D223136-374%26name%3Dundiz+homme+vinted HTTP/1.1" 200 21924 "-" "Mozilla/5.0 (Linux; Android 6.0.1; Nexus 5X Build/MMB29P) AppleWebKit/537.36 (KHTML, like Gecko) Chrome/137.0.7151.103 Mobile Safari/537.36 (compatible; Googlebot/2.1; +http://www.google.com/bot.html)"
66.249.65.165 - - [12/Jul/2025:15:33:57 +0000] "POST /get-message-notify HTTP/1.1" 200 21439 "https://alalamy.com.au/?k=6681157041900&mod=ead6d4ad&uri=itm.php%3Fid%3D223136-374%26name%3Dundiz+homme+vinted" "Mozilla/5.0 (Linux; Android 6.0.1; Nexus 5X Build/MMB29P) AppleWebKit/537.36 (KHTML, like Gecko) Chrome/137.0.7151.119 Mobile Safari/537.36 (compatible; Googlebot/2.1; +http://www.google.com/bot.html)"
66.249.65.164 - - [12/Jul/2025:15:33:58 +0000] "GET /?k=7271159011900&mod=861288f2&uri=goods.php%3Fid%3D242829-403%26name%3Dvitaform+schuhe+weite+k HTTP/1.1" 200 22340 "-" "Mozilla/5.0 (Linux; Android 6.0.1; Nexus 5X Build/MMB29P) AppleWebKit/537.36 (KHTML, like Gecko) Chrome/137.0.7151.103 Mobile Safari/537.36 (compatible; Googlebot/2.1; +http://www.google.com/bot.html)"
66.249.65.165 - - [12/Jul/2025:15:33:59 +0000] "POST /get-message-notify HTTP/1.1" 200 21420 "https://alalamy.com.au/?k=7176871141900&mod=4d383d5c&uri=form.php%3Fid%3D239681-234%26name%3Dellesse+monterini+damen" "Mozilla/5.0 (Linux; Android 6.0.1; Nexus 5X Build/MMB29P) AppleWebKit/537.36 (KHTML, like Gecko) Chrome/137.0.7151.119 Mobile Safari/537.36 (compatible; Googlebot/2.1; +http://www.google.com/bot.html)"
66.249.65.164 - - [12/Jul/2025:15:34:03 +0000] "GET /?k=7173091031900&mod=4d383d5c&uri=brands.php%3Fid%3D239555-234%26name%3Dstrickpullover+curry HTTP/1.1" 200 22234 "-" "Mozilla/5.0 (Linux; Android 6.0.1; Nexus 5X Build/MMB29P) AppleWebKit/537.36 (KHTML, like Gecko) Chrome/137.0.7151.103 Mobile Safari/537.36 (compatible; Googlebot/2.1; +http://www.google.com/bot.html)"
209.74.77.214 - - [12/Jul/2025:15:34:05 +0000] "POST /wp-cron.php?doing_wp_cron=1752334445.2683339118957519531250 HTTP/1.1" 200 - "-" "WordPress/6.8.1; https://alalamy.com.au"
54.36.149.97 - - [12/Jul/2025:15:34:05 +0000] "GET /?k=52184152051900&mod=5787b921&uri=product.php%3Fid%3D1741441-1297%26name%3Dhm+skinny+fit+jeans HTTP/1.1" 301 - "-" "Mozilla/5.0 (compatible; AhrefsBot/7.0; +http://ahrefs.com/robot/)"
209.74.77.214 - - [12/Jul/2025:15:34:05 +0000] "POST /wp-admin/admin-ajax.php?action=async_litespeed&nonce=AZ3AtLpaIOW2KdH1sBh4kpMgDES1gNnm&litespeed_type=imgoptm HTTP/1.1" 200 21 "-" "WordPress/6.8.1; https://alalamy.com.au"
66.249.65.164 - - [12/Jul/2025:15:34:08 +0000] "GET /?k=7293302041900&mod=861288f2&uri=us.php%3Fid%3D243578-403%26name%3Dfettflecken+von+schuhen+entfernen HTTP/1.1" 200 22049 "-" "Mozilla/5.0 (Linux; Android 6.0.1; Nexus 5X Build/MMB29P) AppleWebKit/537.36 (KHTML, like Gecko) Chrome/137.0.7151.103 Mobile Safari/537.36 (compatible; Googlebot/2.1; +http://www.google.com/bot.html)"
66.249.65.164 - - [12/Jul/2025:15:34:10 +0000] "POST /get-message-notify HTTP/1.1" 200 21427 "https://alalamy.com.au/?k=7173091031900&mod=4d383d5c&uri=brands.php%3Fid%3D239555-234%26name%3Dstrickpullover+curry" "Mozilla/5.0 (Linux; Android 6.0.1; Nexus 5X Build/MMB29P) AppleWebKit/537.36 (KHTML, like Gecko) Chrome/137.0.7151.119 Mobile Safari/537.36 (compatible; Googlebot/2.1; +http://www.google.com/bot.html)"
66.249.65.164 - - [12/Jul/2025:15:34:11 +0000] "GET /?k=7168564021900&mod=4d383d5c&uri=form.php%3Fid%3D239404-234%26name%3Dellesse+jacke+mont+damen HTTP/1.1" 200 22453 "-" "Mozilla/5.0 (Linux; Android 6.0.1; Nexus 5X Build/MMB29P) AppleWebKit/537.36 (KHTML, like Gecko) Chrome/137.0.7151.103 Mobile Safari/537.36 (compatible; Googlebot/2.1; +http://www.google.com/bot.html)"
66.249.65.164 - - [12/Jul/2025:15:34:11 +0000] "GET /?k=7198209071900&mod=df7c6cbf&uri=info.php%3Fid%3D240393-399%26name%3Dgalaxy+latest+smartwatch HTTP/1.1" 200 20999 "-" "Mozilla/5.0 (Linux; Android 6.0.1; Nexus 5X Build/MMB29P) AppleWebKit/537.36 (KHTML, like Gecko) Chrome/137.0.7151.103 Mobile Safari/537.36 (compatible; Googlebot/2.1; +http://www.google.com/bot.html)"
66.249.65.164 - - [12/Jul/2025:15:34:13 +0000] "GET /?k=7186719131900&mod=df7c6cbf&uri=product.php%3Fid%3D240010-399%26name%3Dsamsung+gear+s4+battery+life HTTP/1.1" 200 20805 "-" "Mozilla/5.0 (Linux; Android 6.0.1; Nexus 5X Build/MMB29P) AppleWebKit/537.36 (KHTML, like Gecko) Chrome/137.0.7151.103 Mobile Safari/537.36 (compatible; Googlebot/2.1; +http://www.google.com/bot.html)"
66.249.65.164 - - [12/Jul/2025:15:34:14 +0000] "POST /get-message-notify HTTP/1.1" 200 21435 "https://alalamy.com.au/?k=7168564021900&mod=4d383d5c&uri=form.php%3Fid%3D239404-234%26name%3Dellesse+jacke+mont+damen" "Mozilla/5.0 (Linux; Android 6.0.1; Nexus 5X Build/MMB29P) AppleWebKit/537.36 (KHTML, like Gecko) Chrome/137.0.7151.119 Mobile Safari/537.36 (compatible; Googlebot/2.1; +http://www.google.com/bot.html)"
66.249.65.164 - - [12/Jul/2025:15:34:18 +0000] "GET /?k=7182742031900&mod=4d383d5c&uri=category-info.php%3Fid%3D239877-234%26name%3Dkarl+lagerfeld+steppjacke+herren HTTP/1.1" 200 22553 "-" "Mozilla/5.0 (Linux; Android 6.0.1; Nexus 5X Build/MMB29P) AppleWebKit/537.36 (KHTML, like Gecko) Chrome/137.0.7151.103 Mobile Safari/537.36 (compatible; Googlebot/2.1; +http://www.google.com/bot.html)"
66.249.65.164 - - [12/Jul/2025:15:34:22 +0000] "GET /?k=6534325061900&mod=c5136a36&uri=products.php%3Fid%3D218241-366%26name%3Dmacy+levi+sale HTTP/1.1" 200 20505 "-" "Mozilla/5.0 (Linux; Android 6.0.1; Nexus 5X Build/MMB29P) AppleWebKit/537.36 (KHTML, like Gecko) Chrome/137.0.7151.103 Mobile Safari/537.36 (compatible; Googlebot/2.1; +http://www.google.com/bot.html)"
66.249.65.164 - - [12/Jul/2025:15:34:26 +0000] "GET /?k=119800012031900&mod=f9c1b5bf&uri=article.php%3Fid%3D3998090-129%26name%3Dsony+xperia+l2+battery+replacement HTTP/1.1" 200 21710 "-" "Mozilla/5.0 (Linux; Android 6.0.1; Nexus 5X Build/MMB29P) AppleWebKit/537.36 (KHTML, like Gecko) Chrome/137.0.7151.103 Mobile Safari/537.36 (compatible; Googlebot/2.1; +http://www.google.com/bot.html)"
66.249.65.164 - - [12/Jul/2025:15:34:28 +0000] "GET /?k=7225539021900&mod=44f95c37&uri=shared.php%3Fid%3D241304-252%26name%3Dslim+fit+duck+canvas+pants HTTP/1.1" 200 22021 "-" "Mozilla/5.0 (Linux; Android 6.0.1; Nexus 5X Build/MMB29P) AppleWebKit/537.36 (KHTML, like Gecko) Chrome/137.0.7151.103 Mobile Safari/537.36 (compatible; Googlebot/2.1; +http://www.google.com/bot.html)"
66.249.65.164 - - [12/Jul/2025:15:34:32 +0000] "GET /?k=7178341001900&mod=4d383d5c&uri=blog.php%3Fid%3D239730-234%26name%3Dkunstfell+jacke+dunkelblau HTTP/1.1" 200 22334 "-" "Mozilla/5.0 (Linux; Android 6.0.1; Nexus 5X Build/MMB29P) AppleWebKit/537.36 (KHTML, like Gecko) Chrome/137.0.7151.103 Mobile Safari/537.36 (compatible; Googlebot/2.1; +http://www.google.com/bot.html)"
209.74.77.214 - - [12/Jul/2025:15:34:38 +0000] "POST /wp-cron.php?doing_wp_cron=1752334478.4172160625457763671875 HTTP/1.1" 200 - "-" "WordPress/6.8.1; https://alalamy.com.au"
54.36.148.74 - - [12/Jul/2025:15:34:38 +0000] "GET /?k=5228382011900&mod=cbb68624&uri=blog.php%3Fid%3D174551-187%26name%3Dharry+potter+and+the+order+of+the+phoenix+tamil+dubbed HTTP/1.1" 301 - "-" "Mozilla/5.0 (compatible; AhrefsBot/7.0; +http://ahrefs.com/robot/)"
209.74.77.214 - - [12/Jul/2025:15:34:38 +0000] "POST /wp-admin/admin-ajax.php?action=async_litespeed&nonce=KM4aRtFTk46q6hAORWwUH4jMkFbKJQ1h&litespeed_type=imgoptm HTTP/1.1" 200 21 "-" "WordPress/6.8.1; https://alalamy.com.au"
66.249.65.164 - - [12/Jul/2025:15:34:41 +0000] "GET /?k=7172881011900&mod=4d383d5c&uri=goods.php%3Fid%3D239548-234%26name%3Dengelbert+strauss+jacke+winter+herren HTTP/1.1" 200 22207 "-" "Mozilla/5.0 (Linux; Android 6.0.1; Nexus 5X Build/MMB29P) AppleWebKit/537.36 (KHTML, like Gecko) Chrome/137.0.7151.103 Mobile Safari/537.36 (compatible; Googlebot/2.1; +http://www.google.com/bot.html)"
66.249.65.164 - - [12/Jul/2025:15:34:43 +0000] "POST /get-message-notify HTTP/1.1" 200 21427 "https://alalamy.com.au/?k=7198209071900&mod=df7c6cbf&uri=info.php%3Fid%3D240393-399%26name%3Dgalaxy+latest+smartwatch" "Mozilla/5.0 (Linux; Android 6.0.1; Nexus 5X Build/MMB29P) AppleWebKit/537.36 (KHTML, like Gecko) Chrome/137.0.7151.119 Mobile Safari/537.36 (compatible; Googlebot/2.1; +http://www.google.com/bot.html)"
66.249.65.164 - - [12/Jul/2025:15:34:43 +0000] "GET /?k=7039830071900&mod=156cc497&uri=shop.php%3Fid%3D235107-396%26name%3Despadrilles+tommy+hilfiger+soldes HTTP/1.1" 200 21456 "-" "Mozilla/5.0 (Linux; Android 6.0.1; Nexus 5X Build/MMB29P) AppleWebKit/537.36 (KHTML, like Gecko) Chrome/137.0.7151.103 Mobile Safari/537.36 (compatible; Googlebot/2.1; +http://www.google.com/bot.html)"
66.249.65.164 - - [12/Jul/2025:15:34:50 +0000] "GET /?k=7092927031900&mod=539ef09c&uri=pin.php%3Fid%3D236880-397%26name%3Dsole+flip+flops+canada HTTP/1.1" 200 22566 "-" "Mozilla/5.0 (Linux; Android 6.0.1; Nexus 5X Build/MMB29P) AppleWebKit/537.36 (KHTML, like Gecko) Chrome/137.0.7151.103 Mobile Safari/537.36 (compatible; Googlebot/2.1; +http://www.google.com/bot.html)"
66.249.65.165 - - [12/Jul/2025:15:34:53 +0000] "GET /?k=7266693071900&mod=fafcb194&uri=brands.php%3Fid%3D242679-402%26name%3Dcollier+zadig+et+voltaire HTTP/1.1" 200 22081 "-" "Mozilla/5.0 (Linux; Android 6.0.1; Nexus 5X Build/MMB29P) AppleWebKit/537.36 (KHTML, like Gecko) Chrome/137.0.7151.103 Mobile Safari/537.36 (compatible; Googlebot/2.1; +http://www.google.com/bot.html)"
66.249.65.165 - - [12/Jul/2025:15:34:57 +0000] "GET /?k=7257281081900&mod=cbd35b79&uri=goods.php%3Fid%3D242363-401%26name%3Dsac+%C3%83%C2%A0+dos+camping+decathlon HTTP/1.1" 200 21506 "-" "Mozilla/5.0 (Linux; Android 6.0.1; Nexus 5X Build/MMB29P) AppleWebKit/537.36 (KHTML, like Gecko) Chrome/137.0.7151.103 Mobile Safari/537.36 (compatible; Googlebot/2.1; +http://www.google.com/bot.html)"
66.249.65.164 - - [12/Jul/2025:15:35:02 +0000] "GET /?k=7227969031900&mod=44f95c37&uri=pin.php%3Fid%3D241385-252%26name%3Df+slim HTTP/1.1" 200 21571 "-" "Mozilla/5.0 (Linux; Android 6.0.1; Nexus 5X Build/MMB29P) AppleWebKit/537.36 (KHTML, like Gecko) Chrome/137.0.7151.103 Mobile Safari/537.36 (compatible; Googlebot/2.1; +http://www.google.com/bot.html)"
54.36.149.76 - - [12/Jul/2025:15:35:08 +0000] "GET /?k=52384718021900&mod=064650c3&uri=news.php%3Fid%3D1748134-602%26name%3Dlarge+pet+gates HTTP/1.1" 301 - "-" "Mozilla/5.0 (compatible; AhrefsBot/7.0; +http://ahrefs.com/robot/)"
66.249.65.165 - - [12/Jul/2025:15:35:08 +0000] "POST /get-message-notify HTTP/1.1" 200 21431 "https://alalamy.com.au/?k=7257281081900&mod=cbd35b79&uri=goods.php%3Fid%3D242363-401%26name%3Dsac+%C3%83%C2%A0+dos+camping+decathlon" "Mozilla/5.0 (Linux; Android 6.0.1; Nexus 5X Build/MMB29P) AppleWebKit/537.36 (KHTML, like Gecko) Chrome/137.0.7151.119 Mobile Safari/537.36 (compatible; Googlebot/2.1; +http://www.google.com/bot.html)"
66.249.65.166 - - [12/Jul/2025:15:35:09 +0000] "GET /?k=7175251001900&mod=4d383d5c&uri=form.php%3Fid%3D239627-234%26name%3Dherren+jeansjacke+kaufen HTTP/1.1" 200 22284 "-" "Mozilla/5.0 (Linux; Android 6.0.1; Nexus 5X Build/MMB29P) AppleWebKit/537.36 (KHTML, like Gecko) Chrome/137.0.7151.103 Mobile Safari/537.36 (compatible; Googlebot/2.1; +http://www.google.com/bot.html)"
66.249.65.164 - - [12/Jul/2025:15:35:10 +0000] "GET /?k=7110705021900&mod=46489c17&uri=goods.php%3Fid%3D237473-44%26name%3Dbasf+pla+pro1 HTTP/1.1" 200 21207 "-" "Mozilla/5.0 (Linux; Android 6.0.1; Nexus 5X Build/MMB29P) AppleWebKit/537.36 (KHTML, like Gecko) Chrome/137.0.7151.103 Mobile Safari/537.36 (compatible; Googlebot/2.1; +http://www.google.com/bot.html)"
66.249.65.165 - - [12/Jul/2025:15:35:13 +0000] "GET /?k=7179391011900&mod=4d383d5c&uri=itm.php%3Fid%3D239765-234%26name%3Dmammut+masao+herren HTTP/1.1" 200 21495 "-" "Mozilla/5.0 (Linux; Android 6.0.1; Nexus 5X Build/MMB29P) AppleWebKit/537.36 (KHTML, like Gecko) Chrome/137.0.7151.103 Mobile Safari/537.36 (compatible; Googlebot/2.1; +http://www.google.com/bot.html)"
66.249.65.164 - - [12/Jul/2025:15:35:14 +0000] "GET /?k=6640705011900&mod=d2394127&uri=us.php%3Fid%3D221787-372%26name%3Dring+designs+for+teenage+girl HTTP/1.1" 200 21901 "-" "Mozilla/5.0 (Linux; Android 6.0.1; Nexus 5X Build/MMB29P) AppleWebKit/537.36 (KHTML, like Gecko) Chrome/137.0.7151.103 Mobile Safari/537.36 (compatible; Googlebot/2.1; +http://www.google.com/bot.html)"
66.249.65.165 - - [12/Jul/2025:15:35:14 +0000] "GET /?k=7183695121900&mod=4d383d5c&uri=product.php%3Fid%3D239909-234%26name%3Dpuffer+mantel+herren HTTP/1.1" 200 21806 "-" "Mozilla/5.0 (Linux; Android 6.0.1; Nexus 5X Build/MMB29P) AppleWebKit/537.36 (KHTML, like Gecko) Chrome/137.0.7151.103 Mobile Safari/537.36 (compatible; Googlebot/2.1; +http://www.google.com/bot.html)"
66.249.65.164 - - [12/Jul/2025:15:35:17 +0000] "GET /?k=7062102021900&mod=156cc497&uri=brands.php%3Fid%3D235850-396%26name%3Dsandales+kickers+bebe HTTP/1.1" 200 21088 "-" "Mozilla/5.0 (Linux; Android 6.0.1; Nexus 5X Build/MMB29P) AppleWebKit/537.36 (KHTML, like Gecko) Chrome/137.0.7151.103 Mobile Safari/537.36 (compatible; Googlebot/2.1; +http://www.google.com/bot.html)"
66.249.65.164 - - [12/Jul/2025:15:35:17 +0000] "POST /get-message-notify HTTP/1.1" 200 21422 "https://alalamy.com.au/?k=7183695121900&mod=4d383d5c&uri=product.php%3Fid%3D239909-234%26name%3Dpuffer+mantel+herren" "Mozilla/5.0 (Linux; Android 6.0.1; Nexus 5X Build/MMB29P) AppleWebKit/537.36 (KHTML, like Gecko) Chrome/137.0.7151.119 Mobile Safari/537.36 (compatible; Googlebot/2.1; +http://www.google.com/bot.html)"
66.249.65.164 - - [12/Jul/2025:15:35:18 +0000] "POST /get-message-notify HTTP/1.1" 200 21436 "https://alalamy.com.au/?k=7175251001900&mod=4d383d5c&uri=form.php%3Fid%3D239627-234%26name%3Dherren+jeansjacke+kaufen" "Mozilla/5.0 (Linux; Android 6.0.1; Nexus 5X Build/MMB29P) AppleWebKit/537.36 (KHTML, like Gecko) Chrome/137.0.7151.119 Mobile Safari/537.36 (compatible; Googlebot/2.1; +http://www.google.com/bot.html)"
66.249.65.164 - - [12/Jul/2025:15:35:22 +0000] "GET /?k=17725949041900&mod=4d383d5c&uri=article.php%3Fid%3D591731-234%26name%3Djack+wolfskin+mantel+wasserdicht HTTP/1.1" 200 22930 "-" "Mozilla/5.0 (Linux; Android 6.0.1; Nexus 5X Build/MMB29P) AppleWebKit/537.36 (KHTML, like Gecko) Chrome/137.0.7151.103 Mobile Safari/537.36 (compatible; Googlebot/2.1; +http://www.google.com/bot.html)"
66.249.65.164 - - [12/Jul/2025:15:35:27 +0000] "GET /?k=7224909051900&mod=44f95c37&uri=search.php%3Fid%3D241283-252%26name%3Drag+n+bone+man+logo HTTP/1.1" 200 21559 "-" "Mozilla/5.0 (Linux; Android 6.0.1; Nexus 5X Build/MMB29P) AppleWebKit/537.36 (KHTML, like Gecko) Chrome/137.0.7151.103 Mobile Safari/537.36 (compatible; Googlebot/2.1; +http://www.google.com/bot.html)"
66.249.65.164 - - [12/Jul/2025:15:35:31 +0000] "GET /?k=7267053041900&mod=fafcb194&uri=info.php%3Fid%3D242691-402%26name%3Dadidas+beckenbauer+gris HTTP/1.1" 200 22372 "-" "Mozilla/5.0 (Linux; Android 6.0.1; Nexus 5X Build/MMB29P) AppleWebKit/537.36 (KHTML, like Gecko) Chrome/137.0.7151.103 Mobile Safari/537.36 (compatible; Googlebot/2.1; +http://www.google.com/bot.html)"
66.249.65.164 - - [12/Jul/2025:15:35:34 +0000] "POST /get-message-notify HTTP/1.1" 200 21424 "https://alalamy.com.au/?k=7267053041900&mod=fafcb194&uri=info.php%3Fid%3D242691-402%26name%3Dadidas+beckenbauer+gris" "Mozilla/5.0 (Linux; Android 6.0.1; Nexus 5X Build/MMB29P) AppleWebKit/537.36 (KHTML, like Gecko) Chrome/137.0.7151.119 Mobile Safari/537.36 (compatible; Googlebot/2.1; +http://www.google.com/bot.html)"
66.249.65.164 - - [12/Jul/2025:15:35:40 +0000] "GET /?k=7267413011900&mod=fafcb194&uri=form.php%3Fid%3D242703-402%26name%3Dalexander+mcqueen+rose+pale HTTP/1.1" 200 22397 "-" "Mozilla/5.0 (Linux; Android 6.0.1; Nexus 5X Build/MMB29P) AppleWebKit/537.36 (KHTML, like Gecko) Chrome/137.0.7151.103 Mobile Safari/537.36 (compatible; Googlebot/2.1; +http://www.google.com/bot.html)"
66.249.65.165 - - [12/Jul/2025:15:35:42 +0000] "GET /?k=7226529001900&mod=44f95c37&uri=pin.php%3Fid%3D241337-252%26name%3Drag+and+bone+silk+blouse HTTP/1.1" 200 22275 "-" "Mozilla/5.0 (Linux; Android 6.0.1; Nexus 5X Build/MMB29P) AppleWebKit/537.36 (KHTML, like Gecko) Chrome/137.0.7151.103 Mobile Safari/537.36 (compatible; Googlebot/2.1; +http://www.google.com/bot.html)"
209.74.77.214 - - [12/Jul/2025:15:35:43 +0000] "POST /wp-cron.php?doing_wp_cron=1752334543.3436210155487060546875 HTTP/1.1" 200 - "-" "WordPress/6.8.1; https://alalamy.com.au"
54.36.148.235 - - [12/Jul/2025:15:35:43 +0000] "GET /?k=5311051900&mod=f90f2aca&uri=blog.php%3Fid%3D178-2%26name%3Dpaw+patrol+sea+patroller+nz HTTP/1.1" 301 - "-" "Mozilla/5.0 (compatible; AhrefsBot/7.0; +http://ahrefs.com/robot/)"
209.74.77.214 - - [12/Jul/2025:15:35:43 +0000] "POST /wp-admin/admin-ajax.php?action=async_litespeed&nonce=bKLwYnXqNMt1dnvh071yW4UEiFNrrY74&litespeed_type=imgoptm HTTP/1.1" 200 21 "-" "WordPress/6.8.1; https://alalamy.com.au"
66.249.65.164 - - [12/Jul/2025:15:35:49 +0000] "GET /?k=7277647041900&mod=861288f2&uri=us.php%3Fid%3D243051-403%26name%3Dwanderschuhe+weit+damen HTTP/1.1" 200 21563 "-" "Mozilla/5.0 (Linux; Android 6.0.1; Nexus 5X Build/MMB29P) AppleWebKit/537.36 (KHTML, like Gecko) Chrome/137.0.7151.103 Mobile Safari/537.36 (compatible; Googlebot/2.1; +http://www.google.com/bot.html)"
66.249.65.164 - - [12/Jul/2025:15:35:52 +0000] "GET /?k=7239759001900&mod=cbd35b79&uri=shop.php%3Fid%3D241778-401%26name%3Dpochette+a+coudre HTTP/1.1" 200 22308 "-" "Mozilla/5.0 (Linux; Android 6.0.1; Nexus 5X Build/MMB29P) AppleWebKit/537.36 (KHTML, like Gecko) Chrome/137.0.7151.103 Mobile Safari/537.36 (compatible; Googlebot/2.1; +http://www.google.com/bot.html)"
66.249.65.164 - - [12/Jul/2025:15:35:53 +0000] "POST /get-message-notify HTTP/1.1" 200 21418 "https://alalamy.com.au/?k=7224909051900&mod=44f95c37&uri=search.php%3Fid%3D241283-252%26name%3Drag+n+bone+man+logo" "Mozilla/5.0 (Linux; Android 6.0.1; Nexus 5X Build/MMB29P) AppleWebKit/537.36 (KHTML, like Gecko) Chrome/137.0.7151.119 Mobile Safari/537.36 (compatible; Googlebot/2.1; +http://www.google.com/bot.html)"
