66.249.65.164 - - [12/Jul/2025:14:52:50 +0000] "GET /?k=6843331091900&mod=d8d7e7b1&uri=category-info.php%3Fid%3D228549-383%26name%3Dmarnie+mini+dress+majorelle HTTP/1.1" 200 21169 "-" "Mozilla/5.0 (Linux; Android 6.0.1; Nexus 5X Build/MMB29P) AppleWebKit/537.36 (KHTML, like Gecko) Chrome/137.0.7151.103 Mobile Safari/537.36 (compatible; Googlebot/2.1; +http://www.google.com/bot.html)"
66.249.65.164 - - [12/Jul/2025:14:52:52 +0000] "POST /get-message-notify HTTP/1.1" 200 21425 "https://alalamy.com.au/?k=6843331091900&mod=d8d7e7b1&uri=category-info.php%3Fid%3D228549-383%26name%3Dmarnie+mini+dress+majorelle" "Mozilla/5.0 (Linux; Android 6.0.1; Nexus 5X Build/MMB29P) AppleWebKit/537.36 (KHTML, like Gecko) Chrome/137.0.7151.119 Mobile Safari/537.36 (compatible; Googlebot/2.1; +http://www.google.com/bot.html)"
66.249.65.164 - - [12/Jul/2025:14:52:58 +0000] "GET /?k=6815041021900&mod=cb45a111&uri=brands.php%3Fid%3D227605-381%26name%3Dtaglie+air+force HTTP/1.1" 200 22546 "-" "Mozilla/5.0 (Linux; Android 6.0.1; Nexus 5X Build/MMB29P) AppleWebKit/537.36 (KHTML, like Gecko) Chrome/137.0.7151.103 Mobile Safari/537.36 (compatible; Googlebot/2.1; +http://www.google.com/bot.html)"
40.77.167.131 - - [12/Jul/2025:14:53:03 +0000] "GET /?k=13707030031900&mod=a020312b&uri=category-info.php%3Fid%3D457630-369%26name%3Dboys+converse+uk HTTP/1.1" 200 21352 "-" "Mozilla/5.0 AppleWebKit/537.36 (KHTML, like Gecko; compatible; bingbot/2.0; +http://www.bing.com/bingbot.htm) Chrome/116.0.1938.76 Safari/537.36"
209.74.77.214 - - [12/Jul/2025:14:53:09 +0000] "POST /wp-cron.php?doing_wp_cron=1752331989.0544381141662597656250 HTTP/1.1" 200 - "-" "WordPress/6.8.1; https://alalamy.com.au"
54.36.148.62 - - [12/Jul/2025:14:53:08 +0000] "GET /?k=34338290021900&mod=bc105516&uri=blog.php%3Fid%3D1146083-1070%26name%3Dpl14528jsbr12 HTTP/1.1" 200 26570 "-" "Mozilla/5.0 (compatible; AhrefsBot/7.0; +http://ahrefs.com/robot/)"
209.74.77.214 - - [12/Jul/2025:14:53:09 +0000] "POST /wp-admin/admin-ajax.php?action=async_litespeed&nonce=BvIPvfjRVlwAi7bYAjpSzngsx4qcuswg&litespeed_type=imgoptm HTTP/1.1" 200 21 "-" "WordPress/6.8.1; https://alalamy.com.au"
66.249.65.165 - - [12/Jul/2025:14:53:15 +0000] "GET /?k=7030540011900&mod=3d1327c1&uri=brands.php%3Fid%3D234797-395%26name%3Dbas+de+survetement+nike+homme+gris HTTP/1.1" 200 21664 "-" "Mozilla/5.0 (Linux; Android 6.0.1; Nexus 5X Build/MMB29P) AppleWebKit/537.36 (KHTML, like Gecko) Chrome/137.0.7151.103 Mobile Safari/537.36 (compatible; Googlebot/2.1; +http://www.google.com/bot.html)"
40.77.167.131 - - [12/Jul/2025:14:53:23 +0000] "GET /?k=86320840021900&mod=56a5739a&uri=brands.php%3Fid%3D2880659-347%26name%3Dbts+sweatshirt+v HTTP/1.1" 200 21942 "-" "Mozilla/5.0 AppleWebKit/537.36 (KHTML, like Gecko; compatible; bingbot/2.0; +http://www.bing.com/bingbot.htm) Chrome/116.0.1938.76 Safari/537.36"
66.249.65.164 - - [12/Jul/2025:14:53:24 +0000] "GET /?k=6878844051900&mod=69846de5&uri=product.php%3Fid%3D229733-386%26name%3Dgolf+hats HTTP/1.1" 200 20688 "-" "Mozilla/5.0 (Linux; Android 6.0.1; Nexus 5X Build/MMB29P) AppleWebKit/537.36 (KHTML, like Gecko) Chrome/137.0.7151.103 Mobile Safari/537.36 (compatible; Googlebot/2.1; +http://www.google.com/bot.html)"
66.249.65.164 - - [12/Jul/2025:14:53:32 +0000] "POST /get-message-notify HTTP/1.1" 200 21431 "https://alalamy.com.au/?k=6878844051900&mod=69846de5&uri=product.php%3Fid%3D229733-386%26name%3Dgolf+hats" "Mozilla/5.0 (Linux; Android 6.0.1; Nexus 5X Build/MMB29P) AppleWebKit/537.36 (KHTML, like Gecko) Chrome/137.0.7151.119 Mobile Safari/537.36 (compatible; Googlebot/2.1; +http://www.google.com/bot.html)"
66.249.65.164 - - [12/Jul/2025:14:53:33 +0000] "GET /?k=7284689031900&mod=861288f2&uri=info.php%3Fid%3D243287-403%26name%3Ddeichmann+damen+sommerschuhe HTTP/1.1" 200 21971 "-" "Mozilla/5.0 (Linux; Android 6.0.1; Nexus 5X Build/MMB29P) AppleWebKit/537.36 (KHTML, like Gecko) Chrome/137.0.7151.103 Mobile Safari/537.36 (compatible; Googlebot/2.1; +http://www.google.com/bot.html)"
66.249.65.164 - - [12/Jul/2025:14:53:36 +0000] "GET /?k=102965271111900&mod=de3358ca&uri=brands.php%3Fid%3D3436244-378%26name%3Duppababy+vista+stroller+attachments HTTP/1.1" 200 21412 "-" "Mozilla/5.0 (Linux; Android 6.0.1; Nexus 5X Build/MMB29P) AppleWebKit/537.36 (KHTML, like Gecko) Chrome/137.0.7151.103 Mobile Safari/537.36 (compatible; Googlebot/2.1; +http://www.google.com/bot.html)"
66.249.65.164 - - [12/Jul/2025:14:53:41 +0000] "POST /get-message-notify HTTP/1.1" 200 21421 "https://alalamy.com.au/?k=7030540011900&mod=3d1327c1&uri=brands.php%3Fid%3D234797-395%26name%3Dbas+de+survetement+nike+homme+gris" "Mozilla/5.0 (Linux; Android 6.0.1; Nexus 5X Build/MMB29P) AppleWebKit/537.36 (KHTML, like Gecko) Chrome/137.0.7151.119 Mobile Safari/537.36 (compatible; Googlebot/2.1; +http://www.google.com/bot.html)"
66.249.65.164 - - [12/Jul/2025:14:53:45 +0000] "GET /?k=11598421081900&mod=8763d72b&uri=product.php%3Fid%3D387252-57%26name%3Dmassdrop+dac+amp HTTP/1.1" 200 21952 "-" "Mozilla/5.0 (Linux; Android 6.0.1; Nexus 5X Build/MMB29P) AppleWebKit/537.36 (KHTML, like Gecko) Chrome/137.0.7151.103 Mobile Safari/537.36 (compatible; Googlebot/2.1; +http://www.google.com/bot.html)"
66.249.65.164 - - [12/Jul/2025:14:53:46 +0000] "GET /?k=5786725051900&mod=8763d72b&uri=category-info.php%3Fid%3D193244-57%26name%3Dbest+overhead+headphones+under+3000 HTTP/1.1" 200 21879 "-" "Mozilla/5.0 (Linux; Android 6.0.1; Nexus 5X Build/MMB29P) AppleWebKit/537.36 (KHTML, like Gecko) Chrome/137.0.7151.103 Mobile Safari/537.36 (compatible; Googlebot/2.1; +http://www.google.com/bot.html)"
66.249.65.164 - - [12/Jul/2025:14:53:47 +0000] "GET /?k=7198299021900&mod=df7c6cbf&uri=products.php%3Fid%3D240396-399%26name%3Dsamsung+galaxy+watch+active+news HTTP/1.1" 200 20999 "-" "Mozilla/5.0 (Linux; Android 6.0.1; Nexus 5X Build/MMB29P) AppleWebKit/537.36 (KHTML, like Gecko) Chrome/137.0.7151.103 Mobile Safari/537.36 (compatible; Googlebot/2.1; +http://www.google.com/bot.html)"
66.249.65.164 - - [12/Jul/2025:14:53:48 +0000] "POST /get-message-notify HTTP/1.1" 200 21439 "https://alalamy.com.au/?k=5786725051900&mod=8763d72b&uri=category-info.php%3Fid%3D193244-57%26name%3Dbest+overhead+headphones+under+3000" "Mozilla/5.0 (Linux; Android 6.0.1; Nexus 5X Build/MMB29P) AppleWebKit/537.36 (KHTML, like Gecko) Chrome/137.0.7151.119 Mobile Safari/537.36 (compatible; Googlebot/2.1; +http://www.google.com/bot.html)"
66.249.65.164 - - [12/Jul/2025:14:53:49 +0000] "POST /get-message-notify HTTP/1.1" 200 21436 "https://alalamy.com.au/?k=11598421081900&mod=8763d72b&uri=product.php%3Fid%3D387252-57%26name%3Dmassdrop+dac+amp" "Mozilla/5.0 (Linux; Android 6.0.1; Nexus 5X Build/MMB29P) AppleWebKit/537.36 (KHTML, like Gecko) Chrome/137.0.7151.119 Mobile Safari/537.36 (compatible; Googlebot/2.1; +http://www.google.com/bot.html)"
66.249.65.164 - - [12/Jul/2025:14:53:51 +0000] "GET /?k=7062012011900&mod=156cc497&uri=search.php%3Fid%3D235847-396%26name%3Dchausson+chaussures HTTP/1.1" 200 21423 "-" "Mozilla/5.0 (Linux; Android 6.0.1; Nexus 5X Build/MMB29P) AppleWebKit/537.36 (KHTML, like Gecko) Chrome/137.0.7151.103 Mobile Safari/537.36 (compatible; Googlebot/2.1; +http://www.google.com/bot.html)"
66.249.65.164 - - [12/Jul/2025:14:53:57 +0000] "GET /?k=47500385071900&mod=4ef30115&uri=news.php%3Fid%3D1585201-91%26name%3Dadult+ladies+bike HTTP/1.1" 200 21845 "-" "Mozilla/5.0 (Linux; Android 6.0.1; Nexus 5X Build/MMB29P) AppleWebKit/537.36 (KHTML, like Gecko) Chrome/137.0.7151.103 Mobile Safari/537.36 (compatible; Googlebot/2.1; +http://www.google.com/bot.html)"
66.249.65.164 - - [12/Jul/2025:14:54:00 +0000] "GET /?k=102971571021900&mod=de3358ca&uri=shared.php%3Fid%3D3436454-378%26name%3Dcosatto+giggle+star HTTP/1.1" 200 22020 "-" "Mozilla/5.0 (Linux; Android 6.0.1; Nexus 5X Build/MMB29P) AppleWebKit/537.36 (KHTML, like Gecko) Chrome/137.0.7151.103 Mobile Safari/537.36 (compatible; Googlebot/2.1; +http://www.google.com/bot.html)"
66.249.65.164 - - [12/Jul/2025:14:54:05 +0000] "GET /?k=102959031031900&mod=de3358ca&uri=article.php%3Fid%3D3436036-378%26name%3Dgraco+car+seat+newborn+insert HTTP/1.1" 200 21933 "-" "Mozilla/5.0 (Linux; Android 6.0.1; Nexus 5X Build/MMB29P) AppleWebKit/537.36 (KHTML, like Gecko) Chrome/137.0.7151.103 Mobile Safari/537.36 (compatible; Googlebot/2.1; +http://www.google.com/bot.html)"
66.249.65.164 - - [12/Jul/2025:14:54:13 +0000] "POST /get-message-notify HTTP/1.1" 200 21427 "https://alalamy.com.au/?k=102959031031900&mod=de3358ca&uri=article.php%3Fid%3D3436036-378%26name%3Dgraco+car+seat+newborn+insert" "Mozilla/5.0 (Linux; Android 6.0.1; Nexus 5X Build/MMB29P) AppleWebKit/537.36 (KHTML, like Gecko) Chrome/137.0.7151.119 Mobile Safari/537.36 (compatible; Googlebot/2.1; +http://www.google.com/bot.html)"
66.249.65.164 - - [12/Jul/2025:14:54:18 +0000] "POST /get-message-notify HTTP/1.1" 200 21427 "https://alalamy.com.au/?k=47500385071900&mod=4ef30115&uri=news.php%3Fid%3D1585201-91%26name%3Dadult+ladies+bike" "Mozilla/5.0 (Linux; Android 6.0.1; Nexus 5X Build/MMB29P) AppleWebKit/537.36 (KHTML, like Gecko) Chrome/137.0.7151.119 Mobile Safari/537.36 (compatible; Googlebot/2.1; +http://www.google.com/bot.html)"
209.74.77.214 - - [12/Jul/2025:14:54:23 +0000] "POST /wp-cron.php?doing_wp_cron=1752332063.7492198944091796875000 HTTP/1.1" 200 - "-" "WordPress/6.8.1; https://alalamy.com.au"
54.36.149.97 - - [12/Jul/2025:14:54:21 +0000] "GET /?k=34393611031900&mod=cca547c2&uri=search.php%3Fid%3D1147929-802%26name%3Dlolita+lempicka+para+hombre HTTP/1.1" 301 - "-" "Mozilla/5.0 (compatible; AhrefsBot/7.0; +http://ahrefs.com/robot/)"
209.74.77.214 - - [12/Jul/2025:14:54:23 +0000] "POST /wp-admin/admin-ajax.php?action=async_litespeed&nonce=uH5d6CPn87mT4q6V4fOBdxkMU5YJUiWp&litespeed_type=imgoptm HTTP/1.1" 200 21 "-" "WordPress/6.8.1; https://alalamy.com.au"
66.249.65.164 - - [12/Jul/2025:14:54:26 +0000] "POST /get-message-notify HTTP/1.1" 200 21420 "https://alalamy.com.au/?k=102971571021900&mod=de3358ca&uri=shared.php%3Fid%3D3436454-378%26name%3Dcosatto+giggle+star" "Mozilla/5.0 (Linux; Android 6.0.1; Nexus 5X Build/MMB29P) AppleWebKit/537.36 (KHTML, like Gecko) Chrome/137.0.7151.119 Mobile Safari/537.36 (compatible; Googlebot/2.1; +http://www.google.com/bot.html)"
66.249.65.164 - - [12/Jul/2025:14:54:30 +0000] "GET /?k=5745987031900&mod=960b0b80&uri=category-info.php%3Fid%3D191886-335%26name%3Dsoundbar+with+hdmi+arc+connection HTTP/1.1" 200 22645 "-" "Mozilla/5.0 (Linux; Android 6.0.1; Nexus 5X Build/MMB29P) AppleWebKit/537.36 (KHTML, like Gecko) Chrome/137.0.7151.103 Mobile Safari/537.36 (compatible; Googlebot/2.1; +http://www.google.com/bot.html)"
66.249.65.164 - - [12/Jul/2025:14:54:29 +0000] "GET /?k=103030269031900&mod=e0cfa2c5&uri=brands.php%3Fid%3D3438411-633%26name%3Dblack+white+hyper+royal+foamposite HTTP/1.1" 200 22113 "-" "Mozilla/5.0 (Linux; Android 6.0.1; Nexus 5X Build/MMB29P) AppleWebKit/537.36 (KHTML, like Gecko) Chrome/137.0.7151.103 Mobile Safari/537.36 (compatible; Googlebot/2.1; +http://www.google.com/bot.html)"
66.249.65.164 - - [12/Jul/2025:14:54:39 +0000] "GET /?k=6550915061900&mod=a020312b&uri=category-info.php%3Fid%3D218794-369%26name%3Dgolf+le+fleur+bag HTTP/1.1" 200 20580 "-" "Mozilla/5.0 (Linux; Android 6.0.1; Nexus 5X Build/MMB29P) AppleWebKit/537.36 (KHTML, like Gecko) Chrome/137.0.7151.103 Mobile Safari/537.36 (compatible; Googlebot/2.1; +http://www.google.com/bot.html)"
66.249.65.164 - - [12/Jul/2025:14:54:42 +0000] "POST /get-message-notify HTTP/1.1" 200 21424 "https://alalamy.com.au/?k=6550915061900&mod=a020312b&uri=category-info.php%3Fid%3D218794-369%26name%3Dgolf+le+fleur+bag" "Mozilla/5.0 (Linux; Android 6.0.1; Nexus 5X Build/MMB29P) AppleWebKit/537.36 (KHTML, like Gecko) Chrome/137.0.7151.119 Mobile Safari/537.36 (compatible; Googlebot/2.1; +http://www.google.com/bot.html)"
66.249.65.164 - - [12/Jul/2025:14:54:43 +0000] "GET /?k=5754777031900&mod=960b0b80&uri=dp.php%3Fid%3D192179-335%26name%3Dcraftsman+air+ratchet HTTP/1.1" 200 21450 "-" "Mozilla/5.0 (Linux; Android 6.0.1; Nexus 5X Build/MMB29P) AppleWebKit/537.36 (KHTML, like Gecko) Chrome/137.0.7151.103 Mobile Safari/537.36 (compatible; Googlebot/2.1; +http://www.google.com/bot.html)"
66.249.65.164 - - [12/Jul/2025:14:54:52 +0000] "POST /get-message-notify HTTP/1.1" 200 21411 "https://alalamy.com.au/?k=5745987031900&mod=960b0b80&uri=category-info.php%3Fid%3D191886-335%26name%3Dsoundbar+with+hdmi+arc+connection" "Mozilla/5.0 (Linux; Android 6.0.1; Nexus 5X Build/MMB29P) AppleWebKit/537.36 (KHTML, like Gecko) Chrome/137.0.7151.119 Mobile Safari/537.36 (compatible; Googlebot/2.1; +http://www.google.com/bot.html)"
66.249.65.164 - - [12/Jul/2025:14:54:53 +0000] "GET /?k=5747787031900&mod=960b0b80&uri=goods.php%3Fid%3D191946-335%26name%3Dmpf990381 HTTP/1.1" 200 21371 "-" "Mozilla/5.0 (Linux; Android 6.0.1; Nexus 5X Build/MMB29P) AppleWebKit/537.36 (KHTML, like Gecko) Chrome/137.0.7151.103 Mobile Safari/537.36 (compatible; Googlebot/2.1; +http://www.google.com/bot.html)"
66.249.65.164 - - [12/Jul/2025:14:54:53 +0000] "GET /?k=7058570041900&mod=156cc497&uri=dp.php%3Fid%3D235732-396%26name%3Dsimons+pantoufles HTTP/1.1" 200 20884 "-" "Mozilla/5.0 (Linux; Android 6.0.1; Nexus 5X Build/MMB29P) AppleWebKit/537.36 (KHTML, like Gecko) Chrome/137.0.7151.103 Mobile Safari/537.36 (compatible; Googlebot/2.1; +http://www.google.com/bot.html)"
66.249.65.164 - - [12/Jul/2025:14:54:58 +0000] "GET /?k=119674483011900&mod=eb035214&uri=news.php%3Fid%3D3993903-466%26name%3Dblack+justin+gypsy+boots HTTP/1.1" 200 21586 "-" "Mozilla/5.0 (Linux; Android 6.0.1; Nexus 5X Build/MMB29P) AppleWebKit/537.36 (KHTML, like Gecko) Chrome/137.0.7151.103 Mobile Safari/537.36 (compatible; Googlebot/2.1; +http://www.google.com/bot.html)"
66.249.65.164 - - [12/Jul/2025:14:55:01 +0000] "GET /?k=7058030011900&mod=156cc497&uri=category-info.php%3Fid%3D235714-396%26name%3Dveja+esplar+femme+soldes HTTP/1.1" 200 21478 "-" "Mozilla/5.0 (Linux; Android 6.0.1; Nexus 5X Build/MMB29P) AppleWebKit/537.36 (KHTML, like Gecko) Chrome/137.0.7151.103 Mobile Safari/537.36 (compatible; Googlebot/2.1; +http://www.google.com/bot.html)"
209.74.77.214 - - [12/Jul/2025:14:55:03 +0000] "POST /wp-cron.php?doing_wp_cron=1752332103.1026189327239990234375 HTTP/1.1" 200 - "-" "WordPress/6.8.1; https://alalamy.com.au"
54.36.148.86 - - [12/Jul/2025:14:55:02 +0000] "GET /?k=34603099031900&mod=cd8eb375&uri=shared.php%3Fid%3D1154934-1079%26name%3Dair+max+97+921826-101 HTTP/1.1" 301 - "-" "Mozilla/5.0 (compatible; AhrefsBot/7.0; +http://ahrefs.com/robot/)"
209.74.77.214 - - [12/Jul/2025:14:55:03 +0000] "POST /wp-admin/admin-ajax.php?action=async_litespeed&nonce=7qgHbW5GZFCCjBtwqre4ULnmM3GwY8uV&litespeed_type=imgoptm HTTP/1.1" 200 21 "-" "WordPress/6.8.1; https://alalamy.com.au"
66.249.65.164 - - [12/Jul/2025:14:55:04 +0000] "POST /get-message-notify HTTP/1.1" 200 21415 "https://alalamy.com.au/?k=5747787031900&mod=960b0b80&uri=goods.php%3Fid%3D191946-335%26name%3Dmpf990381" "Mozilla/5.0 (Linux; Android 6.0.1; Nexus 5X Build/MMB29P) AppleWebKit/537.36 (KHTML, like Gecko) Chrome/137.0.7151.119 Mobile Safari/537.36 (compatible; Googlebot/2.1; +http://www.google.com/bot.html)"
66.249.65.164 - - [12/Jul/2025:14:55:06 +0000] "GET /?k=7503960091900&mod=e73fecc0&uri=form.php%3Fid%3D250617-37%26name%3Dguess+los+angeles+portemonnaie HTTP/1.1" 200 21190 "-" "Mozilla/5.0 (Linux; Android 6.0.1; Nexus 5X Build/MMB29P) AppleWebKit/537.36 (KHTML, like Gecko) Chrome/137.0.7151.103 Mobile Safari/537.36 (compatible; Googlebot/2.1; +http://www.google.com/bot.html)"
66.249.65.164 - - [12/Jul/2025:14:55:14 +0000] "GET /?k=7027049041900&mod=156cc497&uri=article.php%3Fid%3D234680-396%26name%3Dpanier+de+basketball+decathlon HTTP/1.1" 200 20882 "-" "Mozilla/5.0 (Linux; Android 6.0.1; Nexus 5X Build/MMB29P) AppleWebKit/537.36 (KHTML, like Gecko) Chrome/137.0.7151.103 Mobile Safari/537.36 (compatible; Googlebot/2.1; +http://www.google.com/bot.html)"
66.249.65.164 - - [12/Jul/2025:14:55:18 +0000] "GET /?k=7026689001900&mod=156cc497&uri=product.php%3Fid%3D234668-396%26name%3Dpanier+basket+%C3%83%C2%A0+accrocher HTTP/1.1" 200 21983 "-" "Mozilla/5.0 (Linux; Android 6.0.1; Nexus 5X Build/MMB29P) AppleWebKit/537.36 (KHTML, like Gecko) Chrome/137.0.7151.103 Mobile Safari/537.36 (compatible; Googlebot/2.1; +http://www.google.com/bot.html)"
66.249.65.164 - - [12/Jul/2025:14:55:21 +0000] "GET /?k=7404521031900&mod=1b728593&uri=article.php%3Fid%3D247295-409%26name%3Dpapete+infantil+feminina HTTP/1.1" 200 21003 "-" "Mozilla/5.0 (Linux; Android 6.0.1; Nexus 5X Build/MMB29P) AppleWebKit/537.36 (KHTML, like Gecko) Chrome/137.0.7151.103 Mobile Safari/537.36 (compatible; Googlebot/2.1; +http://www.google.com/bot.html)"
207.46.13.160 - - [12/Jul/2025:14:55:18 +0000] "GET /?k=87480836031900&mod=ce632972&uri=article.php%3Fid%3D2919389-790%26name%3Dyeezy+roja HTTP/1.1" 200 20875 "-" "Mozilla/5.0 AppleWebKit/537.36 (KHTML, like Gecko; compatible; bingbot/2.0; +http://www.bing.com/bingbot.htm) Chrome/116.0.1938.76 Safari/537.36"
66.249.65.164 - - [12/Jul/2025:14:55:24 +0000] "POST /get-message-notify HTTP/1.1" 200 21425 "https://alalamy.com.au/?k=7058570041900&mod=156cc497&uri=dp.php%3Fid%3D235732-396%26name%3Dsimons+pantoufles" "Mozilla/5.0 (Linux; Android 6.0.1; Nexus 5X Build/MMB29P) AppleWebKit/537.36 (KHTML, like Gecko) Chrome/137.0.7151.119 Mobile Safari/537.36 (compatible; Googlebot/2.1; +http://www.google.com/bot.html)"
66.249.65.164 - - [12/Jul/2025:14:55:25 +0000] "GET /?k=7019399001900&mod=3d1327c1&uri=form.php%3Fid%3D234425-395%26name%3Dbelair+robe HTTP/1.1" 200 21346 "-" "Mozilla/5.0 (Linux; Android 6.0.1; Nexus 5X Build/MMB29P) AppleWebKit/537.36 (KHTML, like Gecko) Chrome/137.0.7151.103 Mobile Safari/537.36 (compatible; Googlebot/2.1; +http://www.google.com/bot.html)"
66.249.65.164 - - [12/Jul/2025:14:55:25 +0000] "GET /?k=7298959061900&mod=1177967c&uri=brands.php%3Fid%3D243768-22%26name%3Drolex+neue+garantiekarte+2022 HTTP/1.1" 200 21310 "-" "Mozilla/5.0 (Linux; Android 6.0.1; Nexus 5X Build/MMB29P) AppleWebKit/537.36 (KHTML, like Gecko) Chrome/137.0.7151.103 Mobile Safari/537.36 (compatible; Googlebot/2.1; +http://www.google.com/bot.html)"
66.249.65.164 - - [12/Jul/2025:14:55:26 +0000] "GET /?k=6794332141900&mod=cb45a111&uri=brands.php%3Fid%3D226913-381%26name%3Dciabatte+con+borchie+donna HTTP/1.1" 200 21667 "-" "Mozilla/5.0 (Linux; Android 6.0.1; Nexus 5X Build/MMB29P) AppleWebKit/537.36 (KHTML, like Gecko) Chrome/137.0.7151.103 Mobile Safari/537.36 (compatible; Googlebot/2.1; +http://www.google.com/bot.html)"
66.249.65.164 - - [12/Jul/2025:14:55:31 +0000] "GET /?k=5144566001900&mod=8763d72b&uri=shared.php%3Fid%3D171742-57%26name%3Dgalaxy+buds+connect+multiple+devices HTTP/1.1" 200 21725 "-" "Mozilla/5.0 (Linux; Android 6.0.1; Nexus 5X Build/MMB29P) AppleWebKit/537.36 (KHTML, like Gecko) Chrome/137.0.7151.103 Mobile Safari/537.36 (compatible; Googlebot/2.1; +http://www.google.com/bot.html)"
66.249.65.164 - - [12/Jul/2025:14:55:38 +0000] "GET /?k=5137646051900&mod=8763d72b&uri=info.php%3Fid%3D171511-57%26name%3Dlogitech+g900+chaos+spectrum HTTP/1.1" 200 21863 "-" "Mozilla/5.0 (Linux; Android 6.0.1; Nexus 5X Build/MMB29P) AppleWebKit/537.36 (KHTML, like Gecko) Chrome/137.0.7151.103 Mobile Safari/537.36 (compatible; Googlebot/2.1; +http://www.google.com/bot.html)"
66.249.65.164 - - [12/Jul/2025:14:55:42 +0000] "GET /?k=6793740041900&mod=9c3916c3&uri=itm.php%3Fid%3D226893-380%26name%3Dfurminator+pet+brush HTTP/1.1" 200 21887 "-" "Mozilla/5.0 (Linux; Android 6.0.1; Nexus 5X Build/MMB29P) AppleWebKit/537.36 (KHTML, like Gecko) Chrome/137.0.7151.103 Mobile Safari/537.36 (compatible; Googlebot/2.1; +http://www.google.com/bot.html)"
66.249.65.164 - - [12/Jul/2025:14:55:53 +0000] "GET /?k=5148766011900&mod=8763d72b&uri=blog.php%3Fid%3D171882-57%26name%3Dstockholm+urbanista+review HTTP/1.1" 200 21501 "-" "Mozilla/5.0 (Linux; Android 6.0.1; Nexus 5X Build/MMB29P) AppleWebKit/537.36 (KHTML, like Gecko) Chrome/137.0.7151.103 Mobile Safari/537.36 (compatible; Googlebot/2.1; +http://www.google.com/bot.html)"
66.249.65.165 - - [12/Jul/2025:14:55:59 +0000] "GET /?k=6794092061900&mod=90fa69c8&uri=form.php%3Fid%3D226905-219%26name%3Dnash+coconut+cream+boilies HTTP/1.1" 200 21786 "-" "Mozilla/5.0 (Linux; Android 6.0.1; Nexus 5X Build/MMB29P) AppleWebKit/537.36 (KHTML, like Gecko) Chrome/137.0.7151.103 Mobile Safari/537.36 (compatible; Googlebot/2.1; +http://www.google.com/bot.html)"
209.74.77.214 - - [12/Jul/2025:14:56:02 +0000] "POST /wp-cron.php?doing_wp_cron=1752332162.3514029979705810546875 HTTP/1.1" 200 - "-" "WordPress/6.8.1; https://alalamy.com.au"
54.36.148.4 - - [12/Jul/2025:14:56:02 +0000] "GET /?k=34617799001900&mod=58ad2605&uri=goods.php%3Fid%3D1155424-730%26name%3Dorange+and+white+polo+shirt HTTP/1.1" 301 - "-" "Mozilla/5.0 (compatible; AhrefsBot/7.0; +http://ahrefs.com/robot/)"
209.74.77.214 - - [12/Jul/2025:14:56:02 +0000] "POST /wp-admin/admin-ajax.php?action=async_litespeed&nonce=5vgR8MGMf20TOWVBk6WuHOqwRG9jjEGp&litespeed_type=imgoptm HTTP/1.1" 200 21 "-" "WordPress/6.8.1; https://alalamy.com.au"
66.249.65.164 - - [12/Jul/2025:14:56:03 +0000] "GET /?k=5144986001900&mod=8763d72b&uri=pin.php%3Fid%3D171756-57%26name%3Dklipsch+mclaren+review HTTP/1.1" 200 22018 "-" "Mozilla/5.0 (Linux; Android 6.0.1; Nexus 5X Build/MMB29P) AppleWebKit/537.36 (KHTML, like Gecko) Chrome/137.0.7151.103 Mobile Safari/537.36 (compatible; Googlebot/2.1; +http://www.google.com/bot.html)"
66.249.65.164 - - [12/Jul/2025:14:56:10 +0000] "GET /?k=5145406001900&mod=8763d72b&uri=goods.php%3Fid%3D171770-57%26name%3Dlogitech+g602+mouse HTTP/1.1" 200 20810 "-" "Mozilla/5.0 (Linux; Android 6.0.1; Nexus 5X Build/MMB29P) AppleWebKit/537.36 (KHTML, like Gecko) Chrome/137.0.7151.103 Mobile Safari/537.36 (compatible; Googlebot/2.1; +http://www.google.com/bot.html)"
66.249.65.164 - - [12/Jul/2025:14:56:17 +0000] "GET /?k=5137226011900&mod=8763d72b&uri=goods.php%3Fid%3D171497-57%26name%3Dturtle+beach+stealth+700+reviews HTTP/1.1" 200 21169 "-" "Mozilla/5.0 (Linux; Android 6.0.1; Nexus 5X Build/MMB29P) AppleWebKit/537.36 (KHTML, like Gecko) Chrome/137.0.7151.103 Mobile Safari/537.36 (compatible; Googlebot/2.1; +http://www.google.com/bot.html)"
66.249.65.164 - - [12/Jul/2025:14:56:17 +0000] "GET /?k=6653815071900&mod=d2394127&uri=search.php%3Fid%3D222224-372%26name%3Dplatinum+rings+for+kids HTTP/1.1" 200 21581 "-" "Mozilla/5.0 (Linux; Android 6.0.1; Nexus 5X Build/MMB29P) AppleWebKit/537.36 (KHTML, like Gecko) Chrome/137.0.7151.103 Mobile Safari/537.36 (compatible; Googlebot/2.1; +http://www.google.com/bot.html)"
66.249.65.164 - - [12/Jul/2025:14:56:20 +0000] "POST /get-message-notify HTTP/1.1" 200 21429 "https://alalamy.com.au/?k=6653815071900&mod=d2394127&uri=search.php%3Fid%3D222224-372%26name%3Dplatinum+rings+for+kids" "Mozilla/5.0 (Linux; Android 6.0.1; Nexus 5X Build/MMB29P) AppleWebKit/537.36 (KHTML, like Gecko) Chrome/137.0.7151.119 Mobile Safari/537.36 (compatible; Googlebot/2.1; +http://www.google.com/bot.html)"
66.249.65.164 - - [12/Jul/2025:14:56:21 +0000] "GET /?k=5146036001900&mod=8763d72b&uri=us.php%3Fid%3D171791-57%26name%3Dsamsung+buds+plus+bass HTTP/1.1" 200 22186 "-" "Mozilla/5.0 (Linux; Android 6.0.1; Nexus 5X Build/MMB29P) AppleWebKit/537.36 (KHTML, like Gecko) Chrome/137.0.7151.103 Mobile Safari/537.36 (compatible; Googlebot/2.1; +http://www.google.com/bot.html)"
66.249.65.164 - - [12/Jul/2025:14:56:28 +0000] "GET /?k=5151706041900&mod=68c7db13&uri=form.php%3Fid%3D171980-311%26name%3Dcookieswirlc+omg+dolls HTTP/1.1" 200 20746 "-" "Mozilla/5.0 (Linux; Android 6.0.1; Nexus 5X Build/MMB29P) AppleWebKit/537.36 (KHTML, like Gecko) Chrome/137.0.7151.103 Mobile Safari/537.36 (compatible; Googlebot/2.1; +http://www.google.com/bot.html)"
66.249.65.164 - - [12/Jul/2025:14:56:29 +0000] "GET /?k=7457324041900&mod=160c8865&uri=form.php%3Fid%3D249058-11%26name%3Djason+sb+dunks HTTP/1.1" 200 20843 "-" "Mozilla/5.0 (Linux; Android 6.0.1; Nexus 5X Build/MMB29P) AppleWebKit/537.36 (KHTML, like Gecko) Chrome/137.0.7151.103 Mobile Safari/537.36 (compatible; Googlebot/2.1; +http://www.google.com/bot.html)"
66.249.65.164 - - [12/Jul/2025:14:56:31 +0000] "POST /get-message-notify HTTP/1.1" 200 21430 "https://alalamy.com.au/?k=7457324041900&mod=160c8865&uri=form.php%3Fid%3D249058-11%26name%3Djason+sb+dunks" "Mozilla/5.0 (Linux; Android 6.0.1; Nexus 5X Build/MMB29P) AppleWebKit/537.36 (KHTML, like Gecko) Chrome/137.0.7151.119 Mobile Safari/537.36 (compatible; Googlebot/2.1; +http://www.google.com/bot.html)"
66.249.65.164 - - [12/Jul/2025:14:56:33 +0000] "GET /?k=5148976031900&mod=8763d72b&uri=pin.php%3Fid%3D171889-57%26name%3Dsamsung+s20+bts+edition+price+in+korea HTTP/1.1" 200 22141 "-" "Mozilla/5.0 (Linux; Android 6.0.1; Nexus 5X Build/MMB29P) AppleWebKit/537.36 (KHTML, like Gecko) Chrome/137.0.7151.103 Mobile Safari/537.36 (compatible; Googlebot/2.1; +http://www.google.com/bot.html)"
66.249.65.164 - - [12/Jul/2025:14:56:33 +0000] "GET /?k=7334299031900&mod=9078b6ab&uri=product.php%3Fid%3D244950-222%26name%3Dtravis+scott+shoe+collection HTTP/1.1" 200 21854 "-" "Mozilla/5.0 (Linux; Android 6.0.1; Nexus 5X Build/MMB29P) AppleWebKit/537.36 (KHTML, like Gecko) Chrome/137.0.7151.103 Mobile Safari/537.36 (compatible; Googlebot/2.1; +http://www.google.com/bot.html)"
66.249.65.164 - - [12/Jul/2025:14:56:39 +0000] "POST /get-message-notify HTTP/1.1" 200 21418 "https://alalamy.com.au/?k=5148976031900&mod=8763d72b&uri=pin.php%3Fid%3D171889-57%26name%3Dsamsung+s20+bts+edition+price+in+korea" "Mozilla/5.0 (Linux; Android 6.0.1; Nexus 5X Build/MMB29P) AppleWebKit/537.36 (KHTML, like Gecko) Chrome/137.0.7151.119 Mobile Safari/537.36 (compatible; Googlebot/2.1; +http://www.google.com/bot.html)"
66.249.65.164 - - [12/Jul/2025:14:56:41 +0000] "GET /?k=7058390001900&mod=156cc497&uri=shop.php%3Fid%3D235726-396%26name%3Dconverse+plateforme+femme+basse HTTP/1.1" 200 21375 "-" "Mozilla/5.0 (Linux; Android 6.0.1; Nexus 5X Build/MMB29P) AppleWebKit/537.36 (KHTML, like Gecko) Chrome/137.0.7151.103 Mobile Safari/537.36 (compatible; Googlebot/2.1; +http://www.google.com/bot.html)"
66.249.65.164 - - [12/Jul/2025:14:56:44 +0000] "POST /get-message-notify HTTP/1.1" 200 21429 "https://alalamy.com.au/?k=7058390001900&mod=156cc497&uri=shop.php%3Fid%3D235726-396%26name%3Dconverse+plateforme+femme+basse" "Mozilla/5.0 (Linux; Android 6.0.1; Nexus 5X Build/MMB29P) AppleWebKit/537.36 (KHTML, like Gecko) Chrome/137.0.7151.119 Mobile Safari/537.36 (compatible; Googlebot/2.1; +http://www.google.com/bot.html)"
66.249.65.164 - - [12/Jul/2025:14:56:45 +0000] "GET /?k=4507051021900&mod=72417e4a&uri=product.php%3Fid%3D150431-269%26name%3Dlive+camera+disney+world HTTP/1.1" 200 22752 "-" "Mozilla/5.0 (Linux; Android 6.0.1; Nexus 5X Build/MMB29P) AppleWebKit/537.36 (KHTML, like Gecko) Chrome/137.0.7151.103 Mobile Safari/537.36 (compatible; Googlebot/2.1; +http://www.google.com/bot.html)"
66.249.65.164 - - [12/Jul/2025:14:56:47 +0000] "POST /get-message-notify HTTP/1.1" 200 21434 "https://alalamy.com.au/?k=4507051021900&mod=72417e4a&uri=product.php%3Fid%3D150431-269%26name%3Dlive+camera+disney+world" "Mozilla/5.0 (Linux; Android 6.0.1; Nexus 5X Build/MMB29P) AppleWebKit/537.36 (KHTML, like Gecko) Chrome/137.0.7151.119 Mobile Safari/537.36 (compatible; Googlebot/2.1; +http://www.google.com/bot.html)"
66.249.65.164 - - [12/Jul/2025:14:56:49 +0000] "GET /?k=7242519021900&mod=fafcb194&uri=blog.php%3Fid%3D241870-402%26name%3Dmoncler+homme+tee+shirt HTTP/1.1" 200 22024 "-" "Mozilla/5.0 (Linux; Android 6.0.1; Nexus 5X Build/MMB29P) AppleWebKit/537.36 (KHTML, like Gecko) Chrome/137.0.7151.103 Mobile Safari/537.36 (compatible; Googlebot/2.1; +http://www.google.com/bot.html)"
66.249.65.164 - - [12/Jul/2025:14:56:49 +0000] "GET /?k=6946564071900&mod=20ea88ff&uri=products.php%3Fid%3D231993-390%26name%3Djordan+b+fly+gris HTTP/1.1" 200 20417 "-" "Mozilla/5.0 (Linux; Android 6.0.1; Nexus 5X Build/MMB29P) AppleWebKit/537.36 (KHTML, like Gecko) Chrome/137.0.7151.103 Mobile Safari/537.36 (compatible; Googlebot/2.1; +http://www.google.com/bot.html)"
66.249.65.164 - - [12/Jul/2025:14:56:49 +0000] "GET /?k=7318339041900&mod=1894ea67&uri=blog.php%3Fid%3D244418-314%26name%3Djack+wolfskin+fleecejacke+300 HTTP/1.1" 200 22225 "-" "Mozilla/5.0 (Linux; Android 6.0.1; Nexus 5X Build/MMB29P) AppleWebKit/537.36 (KHTML, like Gecko) Chrome/137.0.7151.103 Mobile Safari/537.36 (compatible; Googlebot/2.1; +http://www.google.com/bot.html)"
66.249.65.165 - - [12/Jul/2025:14:56:53 +0000] "GET /?k=6985843051900&mod=962ebbfe&uri=product.php%3Fid%3D233303-394%26name%3De5755 HTTP/1.1" 200 21731 "-" "Mozilla/5.0 (Linux; Android 6.0.1; Nexus 5X Build/MMB29P) AppleWebKit/537.36 (KHTML, like Gecko) Chrome/137.0.7151.103 Mobile Safari/537.36 (compatible; Googlebot/2.1; +http://www.google.com/bot.html)"
66.249.65.164 - - [12/Jul/2025:14:56:54 +0000] "POST /get-message-notify HTTP/1.1" 200 21423 "https://alalamy.com.au/?k=6985843051900&mod=962ebbfe&uri=product.php%3Fid%3D233303-394%26name%3De5755" "Mozilla/5.0 AppleWebKit/537.36 (KHTML, like Gecko; compatible; Googlebot/2.1; +http://www.google.com/bot.html) Chrome/137.0.7151.119 Safari/537.36"
66.249.65.164 - - [12/Jul/2025:14:56:56 +0000] "GET /?k=7266513011900&mod=cbd35b79&uri=article.php%3Fid%3D242673-401%26name%3Dtuto+sac+george HTTP/1.1" 200 21715 "-" "Mozilla/5.0 (Linux; Android 6.0.1; Nexus 5X Build/MMB29P) AppleWebKit/537.36 (KHTML, like Gecko) Chrome/137.0.7151.103 Mobile Safari/537.36 (compatible; Googlebot/2.1; +http://www.google.com/bot.html)"
66.249.65.164 - - [12/Jul/2025:14:57:01 +0000] "GET /?k=11541036051900&mod=3766107c&uri=category-info.php%3Fid%3D385327-556%26name%3Dwaking+up+with+pain+in+neck+and+shoulder HTTP/1.1" 200 20930 "-" "Mozilla/5.0 (Linux; Android 6.0.1; Nexus 5X Build/MMB29P) AppleWebKit/537.36 (KHTML, like Gecko) Chrome/137.0.7151.103 Mobile Safari/537.36 (compatible; Googlebot/2.1; +http://www.google.com/bot.html)"
66.249.65.164 - - [12/Jul/2025:14:57:06 +0000] "GET /?k=6955534111900&mod=d70ddccf&uri=itm.php%3Fid%3D232292-389%26name%3Dchaussures+air+force HTTP/1.1" 200 20454 "-" "Mozilla/5.0 (Linux; Android 6.0.1; Nexus 5X Build/MMB29P) AppleWebKit/537.36 (KHTML, like Gecko) Chrome/137.0.7151.103 Mobile Safari/537.36 (compatible; Googlebot/2.1; +http://www.google.com/bot.html)"
66.249.65.165 - - [12/Jul/2025:14:57:07 +0000] "GET /?k=7012278041900&mod=3d1327c1&uri=article.php%3Fid%3D234187-395%26name%3Djeans+cerruti+1881+homme HTTP/1.1" 200 22218 "-" "Mozilla/5.0 (Linux; Android 6.0.1; Nexus 5X Build/MMB29P) AppleWebKit/537.36 (KHTML, like Gecko) Chrome/137.0.7151.103 Mobile Safari/537.36 (compatible; Googlebot/2.1; +http://www.google.com/bot.html)"
66.249.65.164 - - [12/Jul/2025:14:57:11 +0000] "GET /?k=7272200031900&mod=861288f2&uri=us.php%3Fid%3D242865-403%26name%3Dbergschuhe+weiten HTTP/1.1" 200 22255 "-" "Mozilla/5.0 (Linux; Android 6.0.1; Nexus 5X Build/MMB29P) AppleWebKit/537.36 (KHTML, like Gecko) Chrome/137.0.7151.103 Mobile Safari/537.36 (compatible; Googlebot/2.1; +http://www.google.com/bot.html)"
66.249.65.164 - - [12/Jul/2025:14:57:13 +0000] "POST /get-message-notify HTTP/1.1" 200 21426 "https://alalamy.com.au/?k=6985843051900&mod=962ebbfe&uri=product.php%3Fid%3D233303-394%26name%3De5755" "Mozilla/5.0 (Linux; Android 6.0.1; Nexus 5X Build/MMB29P) AppleWebKit/537.36 (KHTML, like Gecko) Chrome/137.0.7151.119 Mobile Safari/537.36 (compatible; Googlebot/2.1; +http://www.google.com/bot.html)"
66.249.65.164 - - [12/Jul/2025:14:57:15 +0000] "GET /?k=11597701041900&mod=8763d72b&uri=us.php%3Fid%3D387228-57%26name%3Dbluetooth+headphone+amplifier HTTP/1.1" 200 22159 "-" "Mozilla/5.0 (Linux; Android 6.0.1; Nexus 5X Build/MMB29P) AppleWebKit/537.36 (KHTML, like Gecko) Chrome/137.0.7151.103 Mobile Safari/537.36 (compatible; Googlebot/2.1; +http://www.google.com/bot.html)"
66.249.65.164 - - [12/Jul/2025:14:57:18 +0000] "POST /get-message-notify HTTP/1.1" 200 21415 "https://alalamy.com.au/?k=11541036051900&mod=3766107c&uri=category-info.php%3Fid%3D385327-556%26name%3Dwaking+up+with+pain+in+neck+and+shoulder" "Mozilla/5.0 (Linux; Android 6.0.1; Nexus 5X Build/MMB29P) AppleWebKit/537.36 (KHTML, like Gecko) Chrome/137.0.7151.119 Mobile Safari/537.36 (compatible; Googlebot/2.1; +http://www.google.com/bot.html)"
209.74.77.214 - - [12/Jul/2025:14:57:20 +0000] "POST /wp-cron.php?doing_wp_cron=1752332240.0447649955749511718750 HTTP/1.1" 200 - "-" "WordPress/6.8.1; https://alalamy.com.au"
54.36.148.160 - - [12/Jul/2025:14:57:19 +0000] "GET /?k=351628071900&uri=goods.php%3Fid%3D11742-28%26name%3Dconverse%20homme%20aliexpress HTTP/1.1" 200 26570 "-" "Mozilla/5.0 (compatible; AhrefsBot/7.0; +http://ahrefs.com/robot/)"
209.74.77.214 - - [12/Jul/2025:14:57:20 +0000] "POST /wp-admin/admin-ajax.php?action=async_litespeed&nonce=UF5dUOr5t9S5g137bCoo1sJCFT8ysMOG&litespeed_type=imgoptm HTTP/1.1" 200 21 "-" "WordPress/6.8.1; https://alalamy.com.au"
66.249.65.164 - - [12/Jul/2025:14:57:21 +0000] "GET /?k=11601901041900&mod=8763d72b&uri=category-info.php%3Fid%3D387368-57%26name%3Doneplus+7t+headphone+jack+adapter HTTP/1.1" 200 22252 "-" "Mozilla/5.0 (Linux; Android 6.0.1; Nexus 5X Build/MMB29P) AppleWebKit/537.36 (KHTML, like Gecko) Chrome/137.0.7151.103 Mobile Safari/537.36 (compatible; Googlebot/2.1; +http://www.google.com/bot.html)"
66.249.65.164 - - [12/Jul/2025:14:57:23 +0000] "POST /get-message-notify HTTP/1.1" 200 21443 "https://alalamy.com.au/?k=7242519021900&mod=fafcb194&uri=blog.php%3Fid%3D241870-402%26name%3Dmoncler+homme+tee+shirt" "Mozilla/5.0 (Linux; Android 6.0.1; Nexus 5X Build/MMB29P) AppleWebKit/537.36 (KHTML, like Gecko) Chrome/137.0.7151.119 Mobile Safari/537.36 (compatible; Googlebot/2.1; +http://www.google.com/bot.html)"
66.249.65.164 - - [12/Jul/2025:14:57:25 +0000] "GET /?k=11596381001900&mod=8763d72b&uri=news.php%3Fid%3D387184-57%26name%3Doneplus+mm+jack HTTP/1.1" 200 22263 "-" "Mozilla/5.0 (Linux; Android 6.0.1; Nexus 5X Build/MMB29P) AppleWebKit/537.36 (KHTML, like Gecko) Chrome/137.0.7151.103 Mobile Safari/537.36 (compatible; Googlebot/2.1; +http://www.google.com/bot.html)"
66.249.65.164 - - [12/Jul/2025:14:57:32 +0000] "GET /?k=6982244031900&mod=962ebbfe&uri=dp.php%3Fid%3D233183-394%26name%3Dlarge+silicone+mat+for+countertop HTTP/1.1" 200 22371 "-" "Mozilla/5.0 (Linux; Android 6.0.1; Nexus 5X Build/MMB29P) AppleWebKit/537.36 (KHTML, like Gecko) Chrome/137.0.7151.103 Mobile Safari/537.36 (compatible; Googlebot/2.1; +http://www.google.com/bot.html)"
66.249.65.164 - - [12/Jul/2025:14:57:35 +0000] "GET /?k=6956134011900&mod=20ea88ff&uri=shared.php%3Fid%3D232312-390%26name%3Dnike+gold+rose HTTP/1.1" 200 20955 "-" "Mozilla/5.0 (Linux; Android 6.0.1; Nexus 5X Build/MMB29P) AppleWebKit/537.36 (KHTML, like Gecko) Chrome/137.0.7151.103 Mobile Safari/537.36 (compatible; Googlebot/2.1; +http://www.google.com/bot.html)"
66.249.65.164 - - [12/Jul/2025:14:57:41 +0000] "GET /?k=7276078071900&mod=861288f2&uri=us.php%3Fid%3D242997-403%26name%3Dwasserflecken+schuhe+entfernen HTTP/1.1" 200 21918 "-" "Mozilla/5.0 (Linux; Android 6.0.1; Nexus 5X Build/MMB29P) AppleWebKit/537.36 (KHTML, like Gecko) Chrome/137.0.7151.103 Mobile Safari/537.36 (compatible; Googlebot/2.1; +http://www.google.com/bot.html)"
66.249.65.164 - - [12/Jul/2025:14:57:41 +0000] "GET /?k=7054190041900&mod=156cc497&uri=shop.php%3Fid%3D235586-396%26name%3Dchaussures+de+s%C3%83%C2%A9curit%C3%83%C2%A9+atlas HTTP/1.1" 200 22348 "-" "Mozilla/5.0 (Linux; Android 6.0.1; Nexus 5X Build/MMB29P) AppleWebKit/537.36 (KHTML, like Gecko) Chrome/137.0.7151.103 Mobile Safari/537.36 (compatible; Googlebot/2.1; +http://www.google.com/bot.html)"
66.249.65.164 - - [12/Jul/2025:14:57:42 +0000] "GET /?k=5756277051900&mod=960b0b80&uri=itm.php%3Fid%3D192229-335%26name%3Dyooka+laylee+switch+metacritic HTTP/1.1" 200 22678 "-" "Mozilla/5.0 (Linux; Android 6.0.1; Nexus 5X Build/MMB29P) AppleWebKit/537.36 (KHTML, like Gecko) Chrome/137.0.7151.103 Mobile Safari/537.36 (compatible; Googlebot/2.1; +http://www.google.com/bot.html)"
66.249.65.164 - - [12/Jul/2025:14:57:43 +0000] "POST /get-message-notify HTTP/1.1" 200 21438 "https://alalamy.com.au/?k=7276078071900&mod=861288f2&uri=us.php%3Fid%3D242997-403%26name%3Dwasserflecken+schuhe+entfernen" "Mozilla/5.0 AppleWebKit/537.36 (KHTML, like Gecko; compatible; Googlebot/2.1; +http://www.google.com/bot.html) Chrome/137.0.7151.119 Safari/537.36"
66.249.65.164 - - [12/Jul/2025:14:57:43 +0000] "POST /get-message-notify HTTP/1.1" 200 21429 "https://alalamy.com.au/?k=6982244031900&mod=962ebbfe&uri=dp.php%3Fid%3D233183-394%26name%3Dlarge+silicone+mat+for+countertop" "Mozilla/5.0 (Linux; Android 6.0.1; Nexus 5X Build/MMB29P) AppleWebKit/537.36 (KHTML, like Gecko) Chrome/137.0.7151.119 Mobile Safari/537.36 (compatible; Googlebot/2.1; +http://www.google.com/bot.html)"
66.249.65.164 - - [12/Jul/2025:14:57:47 +0000] "GET /?k=11597221031900&mod=8763d72b&uri=us.php%3Fid%3D387212-57%26name%3Dbellari+headphone+amp HTTP/1.1" 200 22472 "-" "Mozilla/5.0 (Linux; Android 6.0.1; Nexus 5X Build/MMB29P) AppleWebKit/537.36 (KHTML, like Gecko) Chrome/137.0.7151.103 Mobile Safari/537.36 (compatible; Googlebot/2.1; +http://www.google.com/bot.html)"
66.249.65.165 - - [12/Jul/2025:14:57:50 +0000] "GET /?k=7275538021900&mod=861288f2&uri=product.php%3Fid%3D242979-403%26name%3Dwasserflecken+von+lederschuhen+entfernen HTTP/1.1" 200 22200 "-" "Mozilla/5.0 (Linux; Android 6.0.1; Nexus 5X Build/MMB29P) AppleWebKit/537.36 (KHTML, like Gecko) Chrome/137.0.7151.103 Mobile Safari/537.36 (compatible; Googlebot/2.1; +http://www.google.com/bot.html)"
66.249.65.164 - - [12/Jul/2025:14:57:53 +0000] "POST /get-message-notify HTTP/1.1" 200 21436 "https://alalamy.com.au/?k=7275538021900&mod=861288f2&uri=product.php%3Fid%3D242979-403%26name%3Dwasserflecken+von+lederschuhen+entfernen" "Mozilla/5.0 (Linux; Android 6.0.1; Nexus 5X Build/MMB29P) AppleWebKit/537.36 (KHTML, like Gecko) Chrome/137.0.7151.119 Mobile Safari/537.36 (compatible; Googlebot/2.1; +http://www.google.com/bot.html)"
66.249.65.165 - - [12/Jul/2025:14:57:57 +0000] "GET /?k=6982064001900&mod=962ebbfe&uri=pin.php%3Fid%3D233177-394%26name%3Dkenmore+burner+bbq HTTP/1.1" 200 21919 "-" "Mozilla/5.0 (Linux; Android 6.0.1; Nexus 5X Build/MMB29P) AppleWebKit/537.36 (KHTML, like Gecko) Chrome/137.0.7151.103 Mobile Safari/537.36 (compatible; Googlebot/2.1; +http://www.google.com/bot.html)"
66.249.65.165 - - [12/Jul/2025:14:57:59 +0000] "POST /get-message-notify HTTP/1.1" 200 21427 "https://alalamy.com.au/?k=6982064001900&mod=962ebbfe&uri=pin.php%3Fid%3D233177-394%26name%3Dkenmore+burner+bbq" "Mozilla/5.0 (Linux; Android 6.0.1; Nexus 5X Build/MMB29P) AppleWebKit/537.36 (KHTML, like Gecko) Chrome/137.0.7151.119 Mobile Safari/537.36 (compatible; Googlebot/2.1; +http://www.google.com/bot.html)"
66.249.65.165 - - [12/Jul/2025:14:58:00 +0000] "GET /?k=11596621081900&mod=8763d72b&uri=shared.php%3Fid%3D387192-57%26name%3Dbest+dac+for+thx+aaa+789 HTTP/1.1" 200 21882 "-" "Mozilla/5.0 (Linux; Android 6.0.1; Nexus 5X Build/MMB29P) AppleWebKit/537.36 (KHTML, like Gecko) Chrome/137.0.7151.103 Mobile Safari/537.36 (compatible; Googlebot/2.1; +http://www.google.com/bot.html)"
209.74.77.214 - - [12/Jul/2025:14:58:02 +0000] "POST /wp-cron.php?doing_wp_cron=1752332282.0162858963012695312500 HTTP/1.1" 200 - "-" "WordPress/6.8.1; https://alalamy.com.au"
54.36.148.171 - - [12/Jul/2025:14:58:01 +0000] "GET /?k=35897962061900&mod=14aad01c&uri=dp.php%3Fid%3D1198134-1021%26name%3Dhublot+301+rx+precio HTTP/1.1" 301 - "-" "Mozilla/5.0 (compatible; AhrefsBot/7.0; +http://ahrefs.com/robot/)"
209.74.77.214 - - [12/Jul/2025:14:58:02 +0000] "POST /wp-admin/admin-ajax.php?action=async_litespeed&nonce=DBOjQlcfVysAntbNLFcy6joM12H6kBSL&litespeed_type=imgoptm HTTP/1.1" 200 21 "-" "WordPress/6.8.1; https://alalamy.com.au"
66.249.65.164 - - [12/Jul/2025:14:58:03 +0000] "GET /?k=11593981001900&mod=8763d72b&uri=dp.php%3Fid%3D387104-57%26name%3Dschiit+magni+and+modi HTTP/1.1" 200 22510 "-" "Mozilla/5.0 (Linux; Android 6.0.1; Nexus 5X Build/MMB29P) AppleWebKit/537.36 (KHTML, like Gecko) Chrome/137.0.7151.103 Mobile Safari/537.36 (compatible; Googlebot/2.1; +http://www.google.com/bot.html)"
66.249.65.164 - - [12/Jul/2025:14:58:15 +0000] "GET /?k=11601301041900&mod=8763d72b&uri=search.php%3Fid%3D387348-57%26name%3Dpixel+usb+c+to+mm HTTP/1.1" 200 22294 "-" "Mozilla/5.0 (Linux; Android 6.0.1; Nexus 5X Build/MMB29P) AppleWebKit/537.36 (KHTML, like Gecko) Chrome/137.0.7151.103 Mobile Safari/537.36 (compatible; Googlebot/2.1; +http://www.google.com/bot.html)"
66.249.65.164 - - [12/Jul/2025:14:58:25 +0000] "GET /?k=7270979011900&mod=861288f2&uri=blog.php%3Fid%3D242823-403%26name%3Ddamen+pumps+mit+ledersohle HTTP/1.1" 200 22360 "-" "Mozilla/5.0 (Linux; Android 6.0.1; Nexus 5X Build/MMB29P) AppleWebKit/537.36 (KHTML, like Gecko) Chrome/137.0.7151.103 Mobile Safari/537.36 (compatible; Googlebot/2.1; +http://www.google.com/bot.html)"
66.249.65.164 - - [12/Jul/2025:14:58:25 +0000] "GET /?k=7333249131900&mod=9078b6ab&uri=news.php%3Fid%3D244915-222%26name%3Deastbay+jordan+retro HTTP/1.1" 200 20875 "-" "Mozilla/5.0 (Linux; Android 6.0.1; Nexus 5X Build/MMB29P) AppleWebKit/537.36 (KHTML, like Gecko) Chrome/137.0.7151.103 Mobile Safari/537.36 (compatible; Googlebot/2.1; +http://www.google.com/bot.html)"
66.249.65.164 - - [12/Jul/2025:14:58:27 +0000] "POST /get-message-notify HTTP/1.1" 200 21428 "https://alalamy.com.au/?k=7270979011900&mod=861288f2&uri=blog.php%3Fid%3D242823-403%26name%3Ddamen+pumps+mit+ledersohle" "Mozilla/5.0 (Linux; Android 6.0.1; Nexus 5X Build/MMB29P) AppleWebKit/537.36 (KHTML, like Gecko) Chrome/137.0.7151.119 Mobile Safari/537.36 (compatible; Googlebot/2.1; +http://www.google.com/bot.html)"
66.249.65.164 - - [12/Jul/2025:14:58:27 +0000] "GET /?k=6987463031900&mod=962ebbfe&uri=products.php%3Fid%3D233357-394%26name%3Dbattlestar+galactica+cylon+toaster HTTP/1.1" 200 22208 "-" "Mozilla/5.0 (Linux; Android 6.0.1; Nexus 5X Build/MMB29P) AppleWebKit/537.36 (KHTML, like Gecko) Chrome/137.0.7151.103 Mobile Safari/537.36 (compatible; Googlebot/2.1; +http://www.google.com/bot.html)"
66.249.65.164 - - [12/Jul/2025:14:58:28 +0000] "POST /get-message-notify HTTP/1.1" 200 21432 "https://alalamy.com.au/?k=11601301041900&mod=8763d72b&uri=search.php%3Fid%3D387348-57%26name%3Dpixel+usb+c+to+mm" "Mozilla/5.0 (Linux; Android 6.0.1; Nexus 5X Build/MMB29P) AppleWebKit/537.36 (KHTML, like Gecko) Chrome/137.0.7151.119 Mobile Safari/537.36 (compatible; Googlebot/2.1; +http://www.google.com/bot.html)"
66.249.65.164 - - [12/Jul/2025:14:58:33 +0000] "POST /get-message-notify HTTP/1.1" 200 21429 "https://alalamy.com.au/?k=6987463031900&mod=962ebbfe&uri=products.php%3Fid%3D233357-394%26name%3Dbattlestar+galactica+cylon+toaster" "Mozilla/5.0 (Linux; Android 6.0.1; Nexus 5X Build/MMB29P) AppleWebKit/537.36 (KHTML, like Gecko) Chrome/137.0.7151.119 Mobile Safari/537.36 (compatible; Googlebot/2.1; +http://www.google.com/bot.html)"
66.249.65.164 - - [12/Jul/2025:14:58:34 +0000] "GET /?k=7057670041900&mod=156cc497&uri=products.php%3Fid%3D235702-396%26name%3Dballerine+de+danse+classique HTTP/1.1" 200 21049 "-" "Mozilla/5.0 (Linux; Android 6.0.1; Nexus 5X Build/MMB29P) AppleWebKit/537.36 (KHTML, like Gecko) Chrome/137.0.7151.103 Mobile Safari/537.36 (compatible; Googlebot/2.1; +http://www.google.com/bot.html)"
66.249.65.164 - - [12/Jul/2025:14:58:34 +0000] "GET /?k=6984493031900&mod=962ebbfe&uri=shop.php%3Fid%3D233258-394%26name%3Dt+bone+steak+internal+temp HTTP/1.1" 200 21553 "-" "Mozilla/5.0 (Linux; Android 6.0.1; Nexus 5X Build/MMB29P) AppleWebKit/537.36 (KHTML, like Gecko) Chrome/137.0.7151.103 Mobile Safari/537.36 (compatible; Googlebot/2.1; +http://www.google.com/bot.html)"
66.249.65.164 - - [12/Jul/2025:14:58:37 +0000] "GET /?k=6956014021900&mod=d70ddccf&uri=pin.php%3Fid%3D232308-389%26name%3Dvapormax+grise+noir HTTP/1.1" 200 20552 "-" "Mozilla/5.0 (Linux; Android 6.0.1; Nexus 5X Build/MMB29P) AppleWebKit/537.36 (KHTML, like Gecko) Chrome/137.0.7151.103 Mobile Safari/537.36 (compatible; Googlebot/2.1; +http://www.google.com/bot.html)"
66.249.65.164 - - [12/Jul/2025:14:58:39 +0000] "GET /?k=7269370071900&mod=cbd35b79&uri=article.php%3Fid%3D242769-401%26name%3Dmadalena+sac+a+dos HTTP/1.1" 200 22291 "-" "Mozilla/5.0 (Linux; Android 6.0.1; Nexus 5X Build/MMB29P) AppleWebKit/537.36 (KHTML, like Gecko) Chrome/137.0.7151.103 Mobile Safari/537.36 (compatible; Googlebot/2.1; +http://www.google.com/bot.html)"
66.249.65.164 - - [12/Jul/2025:14:58:43 +0000] "GET /?k=6980444011900&mod=962ebbfe&uri=info.php%3Fid%3D233123-394%26name%3Dbest+flat+burr+coffee+grinder HTTP/1.1" 200 22410 "-" "Mozilla/5.0 (Linux; Android 6.0.1; Nexus 5X Build/MMB29P) AppleWebKit/537.36 (KHTML, like Gecko) Chrome/137.0.7151.103 Mobile Safari/537.36 (compatible; Googlebot/2.1; +http://www.google.com/bot.html)"
66.249.65.164 - - [12/Jul/2025:14:58:45 +0000] "POST /get-message-notify HTTP/1.1" 200 21426 "https://alalamy.com.au/?k=6980444011900&mod=962ebbfe&uri=info.php%3Fid%3D233123-394%26name%3Dbest+flat+burr+coffee+grinder" "Mozilla/5.0 (Linux; Android 6.0.1; Nexus 5X Build/MMB29P) AppleWebKit/537.36 (KHTML, like Gecko) Chrome/137.0.7151.119 Mobile Safari/537.36 (compatible; Googlebot/2.1; +http://www.google.com/bot.html)"
66.249.65.164 - - [12/Jul/2025:14:58:47 +0000] "GET /?k=11603221031900&mod=8763d72b&uri=goods.php%3Fid%3D387412-57%26name%3Dnote+10+usb+c+headphones HTTP/1.1" 200 22467 "-" "Mozilla/5.0 (Linux; Android 6.0.1; Nexus 5X Build/MMB29P) AppleWebKit/537.36 (KHTML, like Gecko) Chrome/137.0.7151.103 Mobile Safari/537.36 (compatible; Googlebot/2.1; +http://www.google.com/bot.html)"
66.249.65.165 - - [12/Jul/2025:14:58:50 +0000] "POST /get-message-notify HTTP/1.1" 200 21439 "https://alalamy.com.au/?k=11603221031900&mod=8763d72b&uri=goods.php%3Fid%3D387412-57%26name%3Dnote+10+usb+c+headphones" "Mozilla/5.0 (Linux; Android 6.0.1; Nexus 5X Build/MMB29P) AppleWebKit/537.36 (KHTML, like Gecko) Chrome/137.0.7151.119 Mobile Safari/537.36 (compatible; Googlebot/2.1; +http://www.google.com/bot.html)"
66.249.65.164 - - [12/Jul/2025:14:58:52 +0000] "GET /?k=7277125011900&mod=861288f2&uri=goods.php%3Fid%3D243033-403%26name%3Dfettflecken+entfernen+schuhe HTTP/1.1" 200 22145 "-" "Mozilla/5.0 (Linux; Android 6.0.1; Nexus 5X Build/MMB29P) AppleWebKit/537.36 (KHTML, like Gecko) Chrome/137.0.7151.103 Mobile Safari/537.36 (compatible; Googlebot/2.1; +http://www.google.com/bot.html)"
66.249.65.164 - - [12/Jul/2025:14:58:57 +0000] "GET /?k=42806168021900&mod=b9b993f4&uri=brands.php%3Fid%3D1428604-387%26name%3Dlow+impact+cardio+fitness+blender HTTP/1.1" 200 21954 "-" "Mozilla/5.0 (Linux; Android 6.0.1; Nexus 5X Build/MMB29P) AppleWebKit/537.36 (KHTML, like Gecko) Chrome/137.0.7151.103 Mobile Safari/537.36 (compatible; Googlebot/2.1; +http://www.google.com/bot.html)"
66.249.65.164 - - [12/Jul/2025:14:59:00 +0000] "POST /get-message-notify HTTP/1.1" 200 21428 "https://alalamy.com.au/?k=42806168021900&mod=b9b993f4&uri=brands.php%3Fid%3D1428604-387%26name%3Dlow+impact+cardio+fitness+blender" "Mozilla/5.0 (Linux; Android 6.0.1; Nexus 5X Build/MMB29P) AppleWebKit/537.36 (KHTML, like Gecko) Chrome/137.0.7151.119 Mobile Safari/537.36 (compatible; Googlebot/2.1; +http://www.google.com/bot.html)"
66.249.65.164 - - [12/Jul/2025:14:59:02 +0000] "GET /?k=7360549071900&mod=8a1df180&uri=form.php%3Fid%3D245825-143%26name%3Dadidas+predator+gloves+fingersave HTTP/1.1" 200 21973 "-" "Mozilla/5.0 (Linux; Android 6.0.1; Nexus 5X Build/MMB29P) AppleWebKit/537.36 (KHTML, like Gecko) Chrome/137.0.7151.103 Mobile Safari/537.36 (compatible; Googlebot/2.1; +http://www.google.com/bot.html)"
66.249.65.164 - - [12/Jul/2025:14:59:02 +0000] "GET /?k=6946774041900&mod=20ea88ff&uri=pin.php%3Fid%3D232000-390%26name%3Dnike+nouveaut%C3%83%C2%A9+2018 HTTP/1.1" 200 20924 "-" "Mozilla/5.0 (Linux; Android 6.0.1; Nexus 5X Build/MMB29P) AppleWebKit/537.36 (KHTML, like Gecko) Chrome/137.0.7151.103 Mobile Safari/537.36 (compatible; Googlebot/2.1; +http://www.google.com/bot.html)"
66.249.65.164 - - [12/Jul/2025:14:59:09 +0000] "GET /?k=11598541021900&mod=8763d72b&uri=itm.php%3Fid%3D387256-57%26name%3Dcambridge+audio+dacmagic+xs HTTP/1.1" 200 22050 "-" "Mozilla/5.0 (Linux; Android 6.0.1; Nexus 5X Build/MMB29P) AppleWebKit/537.36 (KHTML, like Gecko) Chrome/137.0.7151.103 Mobile Safari/537.36 (compatible; Googlebot/2.1; +http://www.google.com/bot.html)"
66.249.65.164 - - [12/Jul/2025:14:59:10 +0000] "POST /get-message-notify HTTP/1.1" 200 21419 "https://alalamy.com.au/?k=6946774041900&mod=20ea88ff&uri=pin.php%3Fid%3D232000-390%26name%3Dnike+nouveaut%C3%83%C2%A9+2018" "Mozilla/5.0 (Linux; Android 6.0.1; Nexus 5X Build/MMB29P) AppleWebKit/537.36 (KHTML, like Gecko) Chrome/137.0.7151.119 Mobile Safari/537.36 (compatible; Googlebot/2.1; +http://www.google.com/bot.html)"
66.249.65.164 - - [12/Jul/2025:14:59:13 +0000] "GET /?k=6983863001900&mod=962ebbfe&uri=dp.php%3Fid%3D233237-394%26name%3Dwilliam+mason+ceramic+dinnerware HTTP/1.1" 200 22160 "-" "Mozilla/5.0 (Linux; Android 6.0.1; Nexus 5X Build/MMB29P) AppleWebKit/537.36 (KHTML, like Gecko) Chrome/137.0.7151.103 Mobile Safari/537.36 (compatible; Googlebot/2.1; +http://www.google.com/bot.html)"
66.249.65.164 - - [12/Jul/2025:14:59:20 +0000] "GET /?k=119832000091900&mod=f9c1b5bf&uri=products.php%3Fid%3D3999157-129%26name%3Dlow+voltage+dock+lights HTTP/1.1" 200 21342 "-" "Mozilla/5.0 (Linux; Android 6.0.1; Nexus 5X Build/MMB29P) AppleWebKit/537.36 (KHTML, like Gecko) Chrome/137.0.7151.103 Mobile Safari/537.36 (compatible; Googlebot/2.1; +http://www.google.com/bot.html)"
66.249.65.164 - - [12/Jul/2025:14:59:20 +0000] "GET /?k=6983773001900&mod=962ebbfe&uri=brands.php%3Fid%3D233234-394%26name%3Dsilicone+mat+for+roti HTTP/1.1" 200 21951 "-" "Mozilla/5.0 (Linux; Android 6.0.1; Nexus 5X Build/MMB29P) AppleWebKit/537.36 (KHTML, like Gecko) Chrome/137.0.7151.103 Mobile Safari/537.36 (compatible; Googlebot/2.1; +http://www.google.com/bot.html)"
