66.249.65.164 - - [12/Jul/2025:14:01:08 +0000] "GET /?k=7306749011900&mod=1177967c&uri=form.php%3Fid%3D244029-22%26name%3Dseiko+herrenuhr+sur309p1 HTTP/1.1" 200 21774 "-" "Mozilla/5.0 (Linux; Android 6.0.1; Nexus 5X Build/MMB29P) AppleWebKit/537.36 (KHTML, like Gecko) Chrome/137.0.7151.103 Mobile Safari/537.36 (compatible; Googlebot/2.1; +http://www.google.com/bot.html)"
66.249.65.164 - - [12/Jul/2025:14:01:12 +0000] "GET /?k=7375309031900&mod=078fbc1d&uri=search.php%3Fid%3D246317-408%26name%3Dpulp+fiction+sweater HTTP/1.1" 200 22203 "-" "Mozilla/5.0 (Linux; Android 6.0.1; Nexus 5X Build/MMB29P) AppleWebKit/537.36 (KHTML, like Gecko) Chrome/137.0.7151.103 Mobile Safari/537.36 (compatible; Googlebot/2.1; +http://www.google.com/bot.html)"
66.249.65.164 - - [12/Jul/2025:14:01:13 +0000] "POST /get-message-notify HTTP/1.1" 200 21425 "https://alalamy.com.au/?k=7373779021900&mod=e9c519a8&uri=us.php%3Fid%3D246266-407%26name%3Du+of+m+zip+up+hoodie" "Mozilla/5.0 (Linux; Android 6.0.1; Nexus 5X Build/MMB29P) AppleWebKit/537.36 (KHTML, like Gecko) Chrome/137.0.7151.119 Mobile Safari/537.36 (compatible; Googlebot/2.1; +http://www.google.com/bot.html)"
66.249.65.164 - - [12/Jul/2025:14:01:13 +0000] "GET /?k=7376209051900&mod=078fbc1d&uri=pin.php%3Fid%3D246347-408%26name%3Dfrench+connection+grey+sweater HTTP/1.1" 200 21914 "-" "Mozilla/5.0 (Linux; Android 6.0.1; Nexus 5X Build/MMB29P) AppleWebKit/537.36 (KHTML, like Gecko) Chrome/137.0.7151.103 Mobile Safari/537.36 (compatible; Googlebot/2.1; +http://www.google.com/bot.html)"
66.249.65.164 - - [12/Jul/2025:14:01:15 +0000] "POST /get-message-notify HTTP/1.1" 200 21418 "https://alalamy.com.au/?k=7376209051900&mod=078fbc1d&uri=pin.php%3Fid%3D246347-408%26name%3Dfrench+connection+grey+sweater" "Mozilla/5.0 (Linux; Android 6.0.1; Nexus 5X Build/MMB29P) AppleWebKit/537.36 (KHTML, like Gecko) Chrome/137.0.7151.119 Mobile Safari/537.36 (compatible; Googlebot/2.1; +http://www.google.com/bot.html)"
66.249.65.164 - - [12/Jul/2025:14:01:20 +0000] "GET /?k=7377829031900&mod=078fbc1d&uri=us.php%3Fid%3D246401-408%26name%3Dmarkus+lupfer+sweatshirt HTTP/1.1" 200 22030 "-" "Mozilla/5.0 (Linux; Android 6.0.1; Nexus 5X Build/MMB29P) AppleWebKit/537.36 (KHTML, like Gecko) Chrome/137.0.7151.103 Mobile Safari/537.36 (compatible; Googlebot/2.1; +http://www.google.com/bot.html)"
66.249.65.164 - - [12/Jul/2025:14:01:20 +0000] "GET /?k=7377469051900&mod=e9c519a8&uri=blog.php%3Fid%3D246389-407%26name%3Dplt+grey+hoodie HTTP/1.1" 200 22523 "-" "Mozilla/5.0 (Linux; Android 6.0.1; Nexus 5X Build/MMB29P) AppleWebKit/537.36 (KHTML, like Gecko) Chrome/137.0.7151.103 Mobile Safari/537.36 (compatible; Googlebot/2.1; +http://www.google.com/bot.html)"
66.249.65.164 - - [12/Jul/2025:14:01:20 +0000] "POST /get-message-notify HTTP/1.1" 200 21434 "https://alalamy.com.au/?k=19022293031900&mod=5e3a4137&uri=shared.php%3Fid%3D635006-400%26name%3Dmr+bean%27s+holiday+free+online" "Mozilla/5.0 (Linux; Android 6.0.1; Nexus 5X Build/MMB29P) AppleWebKit/537.36 (KHTML, like Gecko) Chrome/137.0.7151.119 Mobile Safari/537.36 (compatible; Googlebot/2.1; +http://www.google.com/bot.html)"
66.249.65.164 - - [12/Jul/2025:14:01:21 +0000] "GET /?k=7399781011900&mod=1b728593&uri=news.php%3Fid%3D247137-409%26name%3Dchinelo+reef+mercado+livre HTTP/1.1" 200 21419 "-" "Mozilla/5.0 (Linux; Android 6.0.1; Nexus 5X Build/MMB29P) AppleWebKit/537.36 (KHTML, like Gecko) Chrome/137.0.7151.103 Mobile Safari/537.36 (compatible; Googlebot/2.1; +http://www.google.com/bot.html)"
66.249.65.164 - - [12/Jul/2025:14:01:23 +0000] "GET /?k=7407110041900&mod=1b728593&uri=goods.php%3Fid%3D247382-409%26name%3Dsandalia+feminina+barata HTTP/1.1" 200 22060 "-" "Mozilla/5.0 (Linux; Android 6.0.1; Nexus 5X Build/MMB29P) AppleWebKit/537.36 (KHTML, like Gecko) Chrome/137.0.7151.103 Mobile Safari/537.36 (compatible; Googlebot/2.1; +http://www.google.com/bot.html)"
66.249.65.165 - - [12/Jul/2025:14:01:24 +0000] "GET /?k=5755377031900&mod=960b0b80&uri=product.php%3Fid%3D192199-335%26name%3Dsound+liberty+pro HTTP/1.1" 200 23087 "-" "Mozilla/5.0 (Linux; Android 6.0.1; Nexus 5X Build/MMB29P) AppleWebKit/537.36 (KHTML, like Gecko) Chrome/137.0.7151.103 Mobile Safari/537.36 (compatible; Googlebot/2.1; +http://www.google.com/bot.html)"
66.249.65.164 - - [12/Jul/2025:14:01:28 +0000] "GET /?k=5757777031900&mod=960b0b80&uri=form.php%3Fid%3D192279-335%26name%3Dnintendo+switch+handheld+case HTTP/1.1" 200 22596 "-" "Mozilla/5.0 (Linux; Android 6.0.1; Nexus 5X Build/MMB29P) AppleWebKit/537.36 (KHTML, like Gecko) Chrome/137.0.7151.103 Mobile Safari/537.36 (compatible; Googlebot/2.1; +http://www.google.com/bot.html)"
66.249.65.165 - - [12/Jul/2025:14:01:31 +0000] "GET /?k=5759877031900&mod=960b0b80&uri=dp.php%3Fid%3D192349-335%26name%3Dnintendo+switch+to+go HTTP/1.1" 200 21745 "-" "Mozilla/5.0 (Linux; Android 6.0.1; Nexus 5X Build/MMB29P) AppleWebKit/537.36 (KHTML, like Gecko) Chrome/137.0.7151.103 Mobile Safari/537.36 (compatible; Googlebot/2.1; +http://www.google.com/bot.html)"
209.74.77.214 - - [12/Jul/2025:14:01:33 +0000] "POST /wp-cron.php?doing_wp_cron=1752328893.7669570446014404296875 HTTP/1.1" 200 - "-" "WordPress/6.8.1; https://alalamy.com.au"
54.36.148.175 - - [12/Jul/2025:14:01:33 +0000] "GET /?k=20461025031900&mod=c242ee43&uri=article.php%3Fid%3D683005-405%26name%3Dslip+on+wedges+uk HTTP/1.1" 301 - "-" "Mozilla/5.0 (compatible; AhrefsBot/7.0; +http://ahrefs.com/robot/)"
209.74.77.214 - - [12/Jul/2025:14:01:33 +0000] "POST /wp-admin/admin-ajax.php?action=async_litespeed&nonce=TwGOlEaxXANxdX2UsFgDZhenEAP81tdK&litespeed_type=imgoptm HTTP/1.1" 200 21 "-" "WordPress/6.8.1; https://alalamy.com.au"
66.249.65.164 - - [12/Jul/2025:14:01:36 +0000] "GET /?k=5753277051900&mod=960b0b80&uri=product.php%3Fid%3D192129-335%26name%3Dfortnite+size+on+switch HTTP/1.1" 200 21968 "-" "Mozilla/5.0 (Linux; Android 6.0.1; Nexus 5X Build/MMB29P) AppleWebKit/537.36 (KHTML, like Gecko) Chrome/137.0.7151.103 Mobile Safari/537.36 (compatible; Googlebot/2.1; +http://www.google.com/bot.html)"
66.249.65.165 - - [12/Jul/2025:14:01:36 +0000] "GET /?k=7375399021900&mod=8a1df180&uri=news.php%3Fid%3D246320-143%26name%3Dwomen%27s+shoe+size+in+cm HTTP/1.1" 200 21014 "-" "Mozilla/5.0 (Linux; Android 6.0.1; Nexus 5X Build/MMB29P) AppleWebKit/537.36 (KHTML, like Gecko) Chrome/137.0.7151.103 Mobile Safari/537.36 (compatible; Googlebot/2.1; +http://www.google.com/bot.html)"
66.249.65.164 - - [12/Jul/2025:14:01:38 +0000] "GET /?k=5750877031900&mod=960b0b80&uri=info.php%3Fid%3D192049-335%26name%3Dnintendo+rice HTTP/1.1" 200 21792 "-" "Mozilla/5.0 (Linux; Android 6.0.1; Nexus 5X Build/MMB29P) AppleWebKit/537.36 (KHTML, like Gecko) Chrome/137.0.7151.103 Mobile Safari/537.36 (compatible; Googlebot/2.1; +http://www.google.com/bot.html)"
66.249.65.164 - - [12/Jul/2025:14:01:40 +0000] "GET /?k=5764377031900&mod=04288682&uri=brands.php%3Fid%3D192499-139%26name%3Darmani+men%27s+eyeglasses HTTP/1.1" 200 22049 "-" "Mozilla/5.0 (Linux; Android 6.0.1; Nexus 5X Build/MMB29P) AppleWebKit/537.36 (KHTML, like Gecko) Chrome/137.0.7151.103 Mobile Safari/537.36 (compatible; Googlebot/2.1; +http://www.google.com/bot.html)"
66.249.65.165 - - [12/Jul/2025:14:01:40 +0000] "GET /?k=7005855021900&mod=3d1327c1&uri=info.php%3Fid%3D233972-395%26name%3Densemble+jogging+petite HTTP/1.1" 200 21333 "-" "Mozilla/5.0 (Linux; Android 6.0.1; Nexus 5X Build/MMB29P) AppleWebKit/537.36 (KHTML, like Gecko) Chrome/137.0.7151.103 Mobile Safari/537.36 (compatible; Googlebot/2.1; +http://www.google.com/bot.html)"
66.249.65.165 - - [12/Jul/2025:14:01:48 +0000] "GET /?k=5756877131900&mod=960b0b80&uri=news.php%3Fid%3D192249-335%26name%3Dlg+twin+wash+washing+machine+price HTTP/1.1" 200 21233 "-" "Mozilla/5.0 (Linux; Android 6.0.1; Nexus 5X Build/MMB29P) AppleWebKit/537.36 (KHTML, like Gecko) Chrome/137.0.7151.103 Mobile Safari/537.36 (compatible; Googlebot/2.1; +http://www.google.com/bot.html)"
66.249.65.164 - - [12/Jul/2025:14:01:49 +0000] "GET /?k=7406810041900&mod=1b728593&uri=news.php%3Fid%3D247372-409%26name%3Dmodelo+de+sand%C3%83%C2%A1lia+usaflex HTTP/1.1" 200 21206 "-" "Mozilla/5.0 (Linux; Android 6.0.1; Nexus 5X Build/MMB29P) AppleWebKit/537.36 (KHTML, like Gecko) Chrome/137.0.7151.103 Mobile Safari/537.36 (compatible; Googlebot/2.1; +http://www.google.com/bot.html)"
66.249.65.164 - - [12/Jul/2025:14:01:49 +0000] "GET /?k=7007275011900&mod=3d1327c1&uri=article.php%3Fid%3D234020-395%26name%3Ddeco+mariage+simple+et+chic HTTP/1.1" 200 21258 "-" "Mozilla/5.0 (Linux; Android 6.0.1; Nexus 5X Build/MMB29P) AppleWebKit/537.36 (KHTML, like Gecko) Chrome/137.0.7151.103 Mobile Safari/537.36 (compatible; Googlebot/2.1; +http://www.google.com/bot.html)"
66.249.65.165 - - [12/Jul/2025:14:01:51 +0000] "GET /?k=5761377031900&mod=960b0b80&uri=blog.php%3Fid%3D192399-335%26name%3Dlg+twinwash+system HTTP/1.1" 200 21911 "-" "Mozilla/5.0 (Linux; Android 6.0.1; Nexus 5X Build/MMB29P) AppleWebKit/537.36 (KHTML, like Gecko) Chrome/137.0.7151.103 Mobile Safari/537.36 (compatible; Googlebot/2.1; +http://www.google.com/bot.html)"
66.249.65.164 - - [12/Jul/2025:14:01:57 +0000] "GET /?k=5757477031900&mod=960b0b80&uri=goods.php%3Fid%3D192269-335%26name%3Dfree+fortnite+skins+generator+switch HTTP/1.1" 200 22188 "-" "Mozilla/5.0 (Linux; Android 6.0.1; Nexus 5X Build/MMB29P) AppleWebKit/537.36 (KHTML, like Gecko) Chrome/137.0.7151.103 Mobile Safari/537.36 (compatible; Googlebot/2.1; +http://www.google.com/bot.html)"
66.249.65.164 - - [12/Jul/2025:14:02:01 +0000] "GET /?k=5750277031900&mod=960b0b80&uri=product.php%3Fid%3D192029-335%26name%3Da3909+anker HTTP/1.1" 200 22174 "-" "Mozilla/5.0 (Linux; Android 6.0.1; Nexus 5X Build/MMB29P) AppleWebKit/537.36 (KHTML, like Gecko) Chrome/137.0.7151.103 Mobile Safari/537.36 (compatible; Googlebot/2.1; +http://www.google.com/bot.html)"
66.249.65.164 - - [12/Jul/2025:14:02:14 +0000] "GET /?k=7320019091900&mod=1894ea67&uri=us.php%3Fid%3D244474-314%26name%3Dfire+and+ice+lasse HTTP/1.1" 200 21762 "-" "Mozilla/5.0 (Linux; Android 6.0.1; Nexus 5X Build/MMB29P) AppleWebKit/537.36 (KHTML, like Gecko) Chrome/137.0.7151.103 Mobile Safari/537.36 (compatible; Googlebot/2.1; +http://www.google.com/bot.html)"
66.249.65.164 - - [12/Jul/2025:14:02:20 +0000] "GET /?k=7363069011900&mod=078fbc1d&uri=pin.php%3Fid%3D245909-408%26name%3Dblack+and+yellow+cardigan HTTP/1.1" 200 21456 "-" "Mozilla/5.0 (Linux; Android 6.0.1; Nexus 5X Build/MMB29P) AppleWebKit/537.36 (KHTML, like Gecko) Chrome/137.0.7151.103 Mobile Safari/537.36 (compatible; Googlebot/2.1; +http://www.google.com/bot.html)"
66.249.65.164 - - [12/Jul/2025:14:02:25 +0000] "POST /get-message-notify HTTP/1.1" 200 21428 "https://alalamy.com.au/?k=5757477031900&mod=960b0b80&uri=goods.php%3Fid%3D192269-335%26name%3Dfree+fortnite+skins+generator+switch" "Mozilla/5.0 (Linux; Android 6.0.1; Nexus 5X Build/MMB29P) AppleWebKit/537.36 (KHTML, like Gecko) Chrome/137.0.7151.119 Mobile Safari/537.36 (compatible; Googlebot/2.1; +http://www.google.com/bot.html)"
66.249.65.164 - - [12/Jul/2025:14:02:26 +0000] "POST /get-message-notify HTTP/1.1" 200 21419 "https://alalamy.com.au/?k=5761377031900&mod=960b0b80&uri=blog.php%3Fid%3D192399-335%26name%3Dlg+twinwash+system" "Mozilla/5.0 (Linux; Android 6.0.1; Nexus 5X Build/MMB29P) AppleWebKit/537.36 (KHTML, like Gecko) Chrome/137.0.7151.119 Mobile Safari/537.36 (compatible; Googlebot/2.1; +http://www.google.com/bot.html)"
66.249.65.164 - - [12/Jul/2025:14:02:24 +0000] "POST /get-message-notify HTTP/1.1" 200 21421 "https://alalamy.com.au/?k=7363069011900&mod=078fbc1d&uri=pin.php%3Fid%3D245909-408%26name%3Dblack+and+yellow+cardigan" "Mozilla/5.0 (Linux; Android 6.0.1; Nexus 5X Build/MMB29P) AppleWebKit/537.36 (KHTML, like Gecko) Chrome/137.0.7151.119 Mobile Safari/537.36 (compatible; Googlebot/2.1; +http://www.google.com/bot.html)"
66.249.65.164 - - [12/Jul/2025:14:02:29 +0000] "GET /?k=7320439081900&mod=1177967c&uri=goods.php%3Fid%3D244488-22%26name%3Dingersoll+houston+in2816wh+herrenuhr+automatik HTTP/1.1" 200 21646 "-" "Mozilla/5.0 (Linux; Android 6.0.1; Nexus 5X Build/MMB29P) AppleWebKit/537.36 (KHTML, like Gecko) Chrome/137.0.7151.103 Mobile Safari/537.36 (compatible; Googlebot/2.1; +http://www.google.com/bot.html)"
66.249.65.164 - - [12/Jul/2025:14:02:30 +0000] "GET /?k=5755077031900&mod=960b0b80&uri=search.php%3Fid%3D192189-335%26name%3Ddarksiders+switch+metacritic HTTP/1.1" 200 22489 "-" "Mozilla/5.0 (Linux; Android 6.0.1; Nexus 5X Build/MMB29P) AppleWebKit/537.36 (KHTML, like Gecko) Chrome/137.0.7151.103 Mobile Safari/537.36 (compatible; Googlebot/2.1; +http://www.google.com/bot.html)"
66.249.65.164 - - [12/Jul/2025:14:02:30 +0000] "GET /?k=7360669051900&mod=e9c519a8&uri=dp.php%3Fid%3D245829-407%26name%3Dextra+long+zip+up+hoodie HTTP/1.1" 200 21787 "-" "Mozilla/5.0 (Linux; Android 6.0.1; Nexus 5X Build/MMB29P) AppleWebKit/537.36 (KHTML, like Gecko) Chrome/137.0.7151.103 Mobile Safari/537.36 (compatible; Googlebot/2.1; +http://www.google.com/bot.html)"
66.249.65.164 - - [12/Jul/2025:14:02:31 +0000] "GET /?k=7340089001900&mod=9078b6ab&uri=info.php%3Fid%3D245143-222%26name%3Djordan+rise+diamond+short HTTP/1.1" 200 21518 "-" "Mozilla/5.0 (Linux; Android 6.0.1; Nexus 5X Build/MMB29P) AppleWebKit/537.36 (KHTML, like Gecko) Chrome/137.0.7151.103 Mobile Safari/537.36 (compatible; Googlebot/2.1; +http://www.google.com/bot.html)"
66.249.65.164 - - [12/Jul/2025:14:02:31 +0000] "GET /?k=7375879001900&mod=078fbc1d&uri=us.php%3Fid%3D246336-408%26name%3Dhalf+zip+vintage+sweater HTTP/1.1" 200 21579 "-" "Mozilla/5.0 (Linux; Android 6.0.1; Nexus 5X Build/MMB29P) AppleWebKit/537.36 (KHTML, like Gecko) Chrome/137.0.7151.103 Mobile Safari/537.36 (compatible; Googlebot/2.1; +http://www.google.com/bot.html)"
209.74.77.214 - - [12/Jul/2025:14:02:32 +0000] "POST /wp-cron.php?doing_wp_cron=1752328952.8409609794616699218750 HTTP/1.1" 200 - "-" "WordPress/6.8.1; https://alalamy.com.au"
54.36.149.93 - - [12/Jul/2025:14:02:32 +0000] "GET /?k=20572636041900&mod=58117c3b&uri=product.php%3Fid%3D686728-310%26name%3Dgpu+for+cpu HTTP/1.1" 301 - "-" "Mozilla/5.0 (compatible; AhrefsBot/7.0; +http://ahrefs.com/robot/)"
209.74.77.214 - - [12/Jul/2025:14:02:32 +0000] "POST /wp-admin/admin-ajax.php?action=async_litespeed&nonce=SiGBAtGnOP8kjcgE0glOMGU4IekQ6gbS&litespeed_type=imgoptm HTTP/1.1" 200 21 "-" "WordPress/6.8.1; https://alalamy.com.au"
66.249.65.164 - - [12/Jul/2025:14:02:33 +0000] "GET /?k=15344880061900&mod=5e3a4137&uri=product.php%3Fid%3D512289-400%26name%3Dwatch+caillou+on HTTP/1.1" 200 20406 "-" "Mozilla/5.0 (Linux; Android 6.0.1; Nexus 5X Build/MMB29P) AppleWebKit/537.36 (KHTML, like Gecko) Chrome/137.0.7151.103 Mobile Safari/537.36 (compatible; Googlebot/2.1; +http://www.google.com/bot.html)"
66.249.65.164 - - [12/Jul/2025:14:02:36 +0000] "POST /get-message-notify HTTP/1.1" 200 21424 "https://alalamy.com.au/?k=15344880061900&mod=5e3a4137&uri=product.php%3Fid%3D512289-400%26name%3Dwatch+caillou+on" "Mozilla/5.0 (Linux; Android 6.0.1; Nexus 5X Build/MMB29P) AppleWebKit/537.36 (KHTML, like Gecko) Chrome/137.0.7151.119 Mobile Safari/537.36 (compatible; Googlebot/2.1; +http://www.google.com/bot.html)"
66.249.65.164 - - [12/Jul/2025:14:02:36 +0000] "GET /?k=7361989101900&mod=8a1df180&uri=form.php%3Fid%3D245873-143%26name%3Dnets+city+socks HTTP/1.1" 200 21246 "-" "Mozilla/5.0 (Linux; Android 6.0.1; Nexus 5X Build/MMB29P) AppleWebKit/537.36 (KHTML, like Gecko) Chrome/137.0.7151.103 Mobile Safari/537.36 (compatible; Googlebot/2.1; +http://www.google.com/bot.html)"
66.249.65.164 - - [12/Jul/2025:14:02:38 +0000] "POST /get-message-notify HTTP/1.1" 200 21418 "https://alalamy.com.au/?k=7361989101900&mod=8a1df180&uri=form.php%3Fid%3D245873-143%26name%3Dnets+city+socks" "Mozilla/5.0 (Linux; Android 6.0.1; Nexus 5X Build/MMB29P) AppleWebKit/537.36 (KHTML, like Gecko) Chrome/137.0.7151.119 Mobile Safari/537.36 (compatible; Googlebot/2.1; +http://www.google.com/bot.html)"
66.249.65.164 - - [12/Jul/2025:14:02:42 +0000] "POST /get-message-notify HTTP/1.1" 200 21442 "https://alalamy.com.au/?k=7360669051900&mod=e9c519a8&uri=dp.php%3Fid%3D245829-407%26name%3Dextra+long+zip+up+hoodie" "Mozilla/5.0 (Linux; Android 6.0.1; Nexus 5X Build/MMB29P) AppleWebKit/537.36 (KHTML, like Gecko) Chrome/137.0.7151.119 Mobile Safari/537.36 (compatible; Googlebot/2.1; +http://www.google.com/bot.html)"
66.249.65.165 - - [12/Jul/2025:14:02:45 +0000] "POST /get-message-notify HTTP/1.1" 200 21432 "https://alalamy.com.au/?k=7340089001900&mod=9078b6ab&uri=info.php%3Fid%3D245143-222%26name%3Djordan+rise+diamond+short" "Mozilla/5.0 (Linux; Android 6.0.1; Nexus 5X Build/MMB29P) AppleWebKit/537.36 (KHTML, like Gecko) Chrome/137.0.7151.119 Mobile Safari/537.36 (compatible; Googlebot/2.1; +http://www.google.com/bot.html)"
66.249.65.164 - - [12/Jul/2025:14:02:47 +0000] "GET /?k=5750757031900&mod=960b0b80&uri=article.php%3Fid%3D192045-335%26name%3Dcase+for+nintendo+lite HTTP/1.1" 200 22835 "-" "Mozilla/5.0 (Linux; Android 6.0.1; Nexus 5X Build/MMB29P) AppleWebKit/537.36 (KHTML, like Gecko) Chrome/137.0.7151.103 Mobile Safari/537.36 (compatible; Googlebot/2.1; +http://www.google.com/bot.html)"
66.249.65.164 - - [12/Jul/2025:14:02:49 +0000] "POST /get-message-notify HTTP/1.1" 200 21436 "https://alalamy.com.au/?k=5750757031900&mod=960b0b80&uri=article.php%3Fid%3D192045-335%26name%3Dcase+for+nintendo+lite" "Mozilla/5.0 (Linux; Android 6.0.1; Nexus 5X Build/MMB29P) AppleWebKit/537.36 (KHTML, like Gecko) Chrome/137.0.7151.119 Mobile Safari/537.36 (compatible; Googlebot/2.1; +http://www.google.com/bot.html)"
66.249.65.164 - - [12/Jul/2025:14:02:50 +0000] "GET /?k=7100127021900&mod=539ef09c&uri=us.php%3Fid%3D237120-397%26name%3Dbirkenstock+unisex+boston+soft+footbed+leather+clog HTTP/1.1" 200 22027 "-" "Mozilla/5.0 (Linux; Android 6.0.1; Nexus 5X Build/MMB29P) AppleWebKit/537.36 (KHTML, like Gecko) Chrome/137.0.7151.103 Mobile Safari/537.36 (compatible; Googlebot/2.1; +http://www.google.com/bot.html)"
66.249.65.165 - - [12/Jul/2025:14:02:58 +0000] "GET /?k=7116015001900&mod=46489c17&uri=search.php%3Fid%3D237650-44%26name%3Dfila+sneakers+jiji HTTP/1.1" 200 21575 "-" "Mozilla/5.0 (Linux; Android 6.0.1; Nexus 5X Build/MMB29P) AppleWebKit/537.36 (KHTML, like Gecko) Chrome/137.0.7151.103 Mobile Safari/537.36 (compatible; Googlebot/2.1; +http://www.google.com/bot.html)"
66.249.65.164 - - [12/Jul/2025:14:03:01 +0000] "GET /?k=7106865011900&mod=c5136a36&uri=news.php%3Fid%3D237345-366%26name%3Dlevis+tshirt+blue HTTP/1.1" 200 21397 "-" "Mozilla/5.0 (Linux; Android 6.0.1; Nexus 5X Build/MMB29P) AppleWebKit/537.36 (KHTML, like Gecko) Chrome/137.0.7151.103 Mobile Safari/537.36 (compatible; Googlebot/2.1; +http://www.google.com/bot.html)"
157.55.39.204 - - [12/Jul/2025:14:03:03 +0000] "GET /?k=56067153021900&mod=e3ed7cb7&uri=form.php%3Fid%3D1870996-444%26name%3D48+inch+outdoor+loveseat+cushion HTTP/1.1" 200 21063 "-" "Mozilla/5.0 AppleWebKit/537.36 (KHTML, like Gecko; compatible; bingbot/2.0; +http://www.bing.com/bingbot.htm) Chrome/116.0.1938.76 Safari/537.36"
66.249.65.164 - - [12/Jul/2025:14:03:03 +0000] "GET /?k=5749677031900&mod=960b0b80&uri=dp.php%3Fid%3D192009-335%26name%3Dpokemon+let%27s+go+pikachu+plus+pokeball HTTP/1.1" 200 22780 "-" "Mozilla/5.0 (Linux; Android 6.0.1; Nexus 5X Build/MMB29P) AppleWebKit/537.36 (KHTML, like Gecko) Chrome/137.0.7151.103 Mobile Safari/537.36 (compatible; Googlebot/2.1; +http://www.google.com/bot.html)"
66.249.65.164 - - [12/Jul/2025:14:03:04 +0000] "GET /?k=7123575021900&mod=46489c17&uri=us.php%3Fid%3D237902-44%26name%3Dled+filament+e27+10w+dimmbar HTTP/1.1" 200 22390 "-" "Mozilla/5.0 (Linux; Android 6.0.1; Nexus 5X Build/MMB29P) AppleWebKit/537.36 (KHTML, like Gecko) Chrome/137.0.7151.103 Mobile Safari/537.36 (compatible; Googlebot/2.1; +http://www.google.com/bot.html)"
66.249.65.164 - - [12/Jul/2025:14:03:06 +0000] "GET /?k=7118175121900&mod=46489c17&uri=us.php%3Fid%3D237722-44%26name%3D75+filament HTTP/1.1" 200 21474 "-" "Mozilla/5.0 (Linux; Android 6.0.1; Nexus 5X Build/MMB29P) AppleWebKit/537.36 (KHTML, like Gecko) Chrome/137.0.7151.103 Mobile Safari/537.36 (compatible; Googlebot/2.1; +http://www.google.com/bot.html)"
66.249.65.164 - - [12/Jul/2025:14:03:15 +0000] "POST /get-message-notify HTTP/1.1" 200 21431 "https://alalamy.com.au/?k=7320439081900&mod=1177967c&uri=goods.php%3Fid%3D244488-22%26name%3Dingersoll+houston+in2816wh+herrenuhr+automatik" "Mozilla/5.0 (Linux; Android 6.0.1; Nexus 5X Build/MMB29P) AppleWebKit/537.36 (KHTML, like Gecko) Chrome/137.0.7151.119 Mobile Safari/537.36 (compatible; Googlebot/2.1; +http://www.google.com/bot.html)"
66.249.65.164 - - [12/Jul/2025:14:03:15 +0000] "POST /get-message-notify HTTP/1.1" 200 21428 "https://alalamy.com.au/?k=7106865011900&mod=c5136a36&uri=news.php%3Fid%3D237345-366%26name%3Dlevis+tshirt+blue" "Mozilla/5.0 (Linux; Android 6.0.1; Nexus 5X Build/MMB29P) AppleWebKit/537.36 (KHTML, like Gecko) Chrome/137.0.7151.119 Mobile Safari/537.36 (compatible; Googlebot/2.1; +http://www.google.com/bot.html)"
66.249.65.164 - - [12/Jul/2025:14:03:16 +0000] "GET /?k=7102545011900&mod=413e4eb3&uri=products.php%3Fid%3D237201-398%26name%3Dhouse+of+fraser+fitflops HTTP/1.1" 200 21740 "-" "Mozilla/5.0 (Linux; Android 6.0.1; Nexus 5X Build/MMB29P) AppleWebKit/537.36 (KHTML, like Gecko) Chrome/137.0.7151.103 Mobile Safari/537.36 (compatible; Googlebot/2.1; +http://www.google.com/bot.html)"
66.249.65.164 - - [12/Jul/2025:14:03:17 +0000] "GET /?k=7005015001900&mod=3d1327c1&uri=search.php%3Fid%3D233944-395%26name%3Dsurchemise+levis+femme HTTP/1.1" 200 21941 "-" "Mozilla/5.0 (Linux; Android 6.0.1; Nexus 5X Build/MMB29P) AppleWebKit/537.36 (KHTML, like Gecko) Chrome/137.0.7151.103 Mobile Safari/537.36 (compatible; Googlebot/2.1; +http://www.google.com/bot.html)"
66.249.65.164 - - [12/Jul/2025:14:03:23 +0000] "GET /?k=7305909031900&mod=1894ea67&uri=info.php%3Fid%3D244001-314%26name%3Dbogner+fire+and+ice+funktionsshirt HTTP/1.1" 200 21950 "-" "Mozilla/5.0 (Linux; Android 6.0.1; Nexus 5X Build/MMB29P) AppleWebKit/537.36 (KHTML, like Gecko) Chrome/137.0.7151.103 Mobile Safari/537.36 (compatible; Googlebot/2.1; +http://www.google.com/bot.html)"
66.249.65.164 - - [12/Jul/2025:14:03:23 +0000] "GET /?k=7006807001900&mod=3d1327c1&uri=article.php%3Fid%3D234004-395%26name%3Drobes+de+c%C3%83%C2%A9r%C3%83%C2%A9monie+femmes HTTP/1.1" 200 22039 "-" "Mozilla/5.0 (Linux; Android 6.0.1; Nexus 5X Build/MMB29P) AppleWebKit/537.36 (KHTML, like Gecko) Chrome/137.0.7151.103 Mobile Safari/537.36 (compatible; Googlebot/2.1; +http://www.google.com/bot.html)"
66.249.65.164 - - [12/Jul/2025:14:03:26 +0000] "POST /get-message-notify HTTP/1.1" 200 21422 "https://alalamy.com.au/?k=7006807001900&mod=3d1327c1&uri=article.php%3Fid%3D234004-395%26name%3Drobes+de+c%C3%83%C2%A9r%C3%83%C2%A9monie+femmes" "Mozilla/5.0 (Linux; Android 6.0.1; Nexus 5X Build/MMB29P) AppleWebKit/537.36 (KHTML, like Gecko) Chrome/137.0.7151.119 Mobile Safari/537.36 (compatible; Googlebot/2.1; +http://www.google.com/bot.html)"
66.249.65.164 - - [12/Jul/2025:14:03:31 +0000] "GET /?k=7011918051900&mod=3d1327c1&uri=pin.php%3Fid%3D234175-395%26name%3Ddeco+boheme+anniversaire HTTP/1.1" 200 20878 "-" "Mozilla/5.0 (Linux; Android 6.0.1; Nexus 5X Build/MMB29P) AppleWebKit/537.36 (KHTML, like Gecko) Chrome/137.0.7151.103 Mobile Safari/537.36 (compatible; Googlebot/2.1; +http://www.google.com/bot.html)"
209.74.77.214 - - [12/Jul/2025:14:03:33 +0000] "POST /wp-cron.php?doing_wp_cron=1752329012.9935970306396484375000 HTTP/1.1" 200 - "-" "WordPress/6.8.1; https://alalamy.com.au"
54.36.148.224 - - [12/Jul/2025:14:03:32 +0000] "GET /?k=20836117061900&mod=74700ad8&uri=products.php%3Fid%3D695516-771%26name%3Dnike+pegasus+34+black+red HTTP/1.1" 301 - "-" "Mozilla/5.0 (compatible; AhrefsBot/7.0; +http://ahrefs.com/robot/)"
209.74.77.214 - - [12/Jul/2025:14:03:33 +0000] "POST /wp-admin/admin-ajax.php?action=async_litespeed&nonce=Rry9Yte24NNYqsV61mWkRt2MxoyrEmVY&litespeed_type=imgoptm HTTP/1.1" 200 21 "-" "WordPress/6.8.1; https://alalamy.com.au"
66.249.65.164 - - [12/Jul/2025:14:03:33 +0000] "GET /?k=7099317051900&mod=539ef09c&uri=article.php%3Fid%3D237093-397%26name%3Dnuusol+flip+flops HTTP/1.1" 200 21715 "-" "Mozilla/5.0 (Linux; Android 6.0.1; Nexus 5X Build/MMB29P) AppleWebKit/537.36 (KHTML, like Gecko) Chrome/137.0.7151.103 Mobile Safari/537.36 (compatible; Googlebot/2.1; +http://www.google.com/bot.html)"
66.249.65.164 - - [12/Jul/2025:14:03:41 +0000] "GET /?k=7119255031900&mod=46489c17&uri=article.php%3Fid%3D237758-44%26name%3Dmetall+filament HTTP/1.1" 200 21402 "-" "Mozilla/5.0 (Linux; Android 6.0.1; Nexus 5X Build/MMB29P) AppleWebKit/537.36 (KHTML, like Gecko) Chrome/137.0.7151.103 Mobile Safari/537.36 (compatible; Googlebot/2.1; +http://www.google.com/bot.html)"
66.249.65.164 - - [12/Jul/2025:14:03:43 +0000] "GET /?k=6958084061900&mod=20ea88ff&uri=category-info.php%3Fid%3D232377-390%26name%3Dnike+rivah+rose HTTP/1.1" 200 20693 "-" "Mozilla/5.0 (Linux; Android 6.0.1; Nexus 5X Build/MMB29P) AppleWebKit/537.36 (KHTML, like Gecko) Chrome/137.0.7151.103 Mobile Safari/537.36 (compatible; Googlebot/2.1; +http://www.google.com/bot.html)"
66.249.65.164 - - [12/Jul/2025:14:03:45 +0000] "POST /get-message-notify HTTP/1.1" 200 21424 "https://alalamy.com.au/?k=7119255031900&mod=46489c17&uri=article.php%3Fid%3D237758-44%26name%3Dmetall+filament" "Mozilla/5.0 (Linux; Android 6.0.1; Nexus 5X Build/MMB29P) AppleWebKit/537.36 (KHTML, like Gecko) Chrome/137.0.7151.119 Mobile Safari/537.36 (compatible; Googlebot/2.1; +http://www.google.com/bot.html)"
66.249.65.164 - - [12/Jul/2025:14:03:45 +0000] "GET /?k=7006091001900&mod=3d1327c1&uri=news.php%3Fid%3D233980-395%26name%3Djupe+pliss%C3%83%C2%A9e+hm HTTP/1.1" 200 20955 "-" "Mozilla/5.0 (Linux; Android 6.0.1; Nexus 5X Build/MMB29P) AppleWebKit/537.36 (KHTML, like Gecko) Chrome/137.0.7151.103 Mobile Safari/537.36 (compatible; Googlebot/2.1; +http://www.google.com/bot.html)"
66.249.65.165 - - [12/Jul/2025:14:03:54 +0000] "GET /robots.txt HTTP/1.1" 200 82 "-" "Mozilla/5.0 (compatible; Googlebot/2.1; +http://www.google.com/bot.html)"
66.249.65.164 - - [12/Jul/2025:14:03:44 +0000] "GET /?k=7087617051900&mod=413e4eb3&uri=product.php%3Fid%3D236703-398%26name%3Dzumiez+clearance+shoes HTTP/1.1" 200 20648 "-" "Mozilla/5.0 (Linux; Android 6.0.1; Nexus 5X Build/MMB29P) AppleWebKit/537.36 (KHTML, like Gecko) Chrome/137.0.7151.103 Mobile Safari/537.36 (compatible; Googlebot/2.1; +http://www.google.com/bot.html)"
66.249.65.164 - - [12/Jul/2025:14:03:54 +0000] "GET /?k=7004925061900&mod=3d1327c1&uri=category-info.php%3Fid%3D233941-395%26name%3Djogging+tricot+femme HTTP/1.1" 200 21745 "-" "Mozilla/5.0 (Linux; Android 6.0.1; Nexus 5X Build/MMB29P) AppleWebKit/537.36 (KHTML, like Gecko) Chrome/137.0.7151.103 Mobile Safari/537.36 (compatible; Googlebot/2.1; +http://www.google.com/bot.html)"
66.249.65.165 - - [12/Jul/2025:14:03:48 +0000] "GET /?k=7120875121900&mod=46489c17&uri=brands.php%3Fid%3D237812-44%26name%3Dfila+stripes+t+shirt HTTP/1.1" 200 21372 "-" "Mozilla/5.0 (Linux; Android 6.0.1; Nexus 5X Build/MMB29P) AppleWebKit/537.36 (KHTML, like Gecko) Chrome/137.0.7151.103 Mobile Safari/537.36 (compatible; Googlebot/2.1; +http://www.google.com/bot.html)"
66.249.65.165 - - [12/Jul/2025:14:03:57 +0000] "GET /?k=6973424041900&mod=962ebbfe&uri=category-info.php%3Fid%3D232889-394%26name%3Dkrups+bw3110 HTTP/1.1" 200 21859 "-" "Mozilla/5.0 (Linux; Android 6.0.1; Nexus 5X Build/MMB29P) AppleWebKit/537.36 (KHTML, like Gecko) Chrome/137.0.7151.103 Mobile Safari/537.36 (compatible; Googlebot/2.1; +http://www.google.com/bot.html)"
66.249.65.164 - - [12/Jul/2025:14:03:57 +0000] "GET /?k=7084017051900&mod=539ef09c&uri=article.php%3Fid%3D236583-397%26name%3Dred+ankle+boots+low+heel HTTP/1.1" 200 20704 "-" "Mozilla/5.0 (Linux; Android 6.0.1; Nexus 5X Build/MMB29P) AppleWebKit/537.36 (KHTML, like Gecko) Chrome/137.0.7151.103 Mobile Safari/537.36 (compatible; Googlebot/2.1; +http://www.google.com/bot.html)"
66.249.65.165 - - [12/Jul/2025:14:03:58 +0000] "GET /?k=7004505051900&mod=3d1327c1&uri=form.php%3Fid%3D233927-395%26name%3Dbracelets+fleurs+mariage HTTP/1.1" 200 21933 "-" "Mozilla/5.0 (Linux; Android 6.0.1; Nexus 5X Build/MMB29P) AppleWebKit/537.36 (KHTML, like Gecko) Chrome/137.0.7151.103 Mobile Safari/537.36 (compatible; Googlebot/2.1; +http://www.google.com/bot.html)"
66.249.65.164 - - [12/Jul/2025:14:03:58 +0000] "GET /?k=7377109081900&mod=078fbc1d&uri=shop.php%3Fid%3D246377-408%26name%3Dmens+long+neck+sweater HTTP/1.1" 200 21747 "-" "Mozilla/5.0 (Linux; Android 6.0.1; Nexus 5X Build/MMB29P) AppleWebKit/537.36 (KHTML, like Gecko) Chrome/137.0.7151.103 Mobile Safari/537.36 (compatible; Googlebot/2.1; +http://www.google.com/bot.html)"
66.249.65.164 - - [12/Jul/2025:14:03:59 +0000] "GET /?k=19031353041900&mod=5e3a4137&uri=pin.php%3Fid%3D635308-400%26name%3Dmost+popular+videos+2018 HTTP/1.1" 200 21802 "-" "Mozilla/5.0 (Linux; Android 6.0.1; Nexus 5X Build/MMB29P) AppleWebKit/537.36 (KHTML, like Gecko) Chrome/137.0.7151.103 Mobile Safari/537.36 (compatible; Googlebot/2.1; +http://www.google.com/bot.html)"
66.249.65.164 - - [12/Jul/2025:14:03:59 +0000] "POST /get-message-notify HTTP/1.1" 200 21428 "https://alalamy.com.au/?k=7087617051900&mod=413e4eb3&uri=product.php%3Fid%3D236703-398%26name%3Dzumiez+clearance+shoes" "Mozilla/5.0 (Linux; Android 6.0.1; Nexus 5X Build/MMB29P) AppleWebKit/537.36 (KHTML, like Gecko) Chrome/137.0.7151.119 Mobile Safari/537.36 (compatible; Googlebot/2.1; +http://www.google.com/bot.html)"
66.249.65.164 - - [12/Jul/2025:14:03:59 +0000] "GET /?k=7119795061900&mod=46489c17&uri=info.php%3Fid%3D237776-44%26name%3Dpm+pla HTTP/1.1" 200 21793 "-" "Mozilla/5.0 (Linux; Android 6.0.1; Nexus 5X Build/MMB29P) AppleWebKit/537.36 (KHTML, like Gecko) Chrome/137.0.7151.103 Mobile Safari/537.36 (compatible; Googlebot/2.1; +http://www.google.com/bot.html)"
66.249.65.164 - - [12/Jul/2025:14:04:00 +0000] "GET /?k=7109025071900&mod=539ef09c&uri=goods.php%3Fid%3D237417-397%26name%3Dcrocs+kadee+flip+flop HTTP/1.1" 200 22233 "-" "Mozilla/5.0 (Linux; Android 6.0.1; Nexus 5X Build/MMB29P) AppleWebKit/537.36 (KHTML, like Gecko) Chrome/137.0.7151.103 Mobile Safari/537.36 (compatible; Googlebot/2.1; +http://www.google.com/bot.html)"
66.249.65.165 - - [12/Jul/2025:14:04:01 +0000] "POST /get-message-notify HTTP/1.1" 200 21429 "https://alalamy.com.au/?k=6973424041900&mod=962ebbfe&uri=category-info.php%3Fid%3D232889-394%26name%3Dkrups+bw3110" "Mozilla/5.0 (Linux; Android 6.0.1; Nexus 5X Build/MMB29P) AppleWebKit/537.36 (KHTML, like Gecko) Chrome/137.0.7151.119 Mobile Safari/537.36 (compatible; Googlebot/2.1; +http://www.google.com/bot.html)"
66.249.65.165 - - [12/Jul/2025:14:04:01 +0000] "POST /get-message-notify HTTP/1.1" 200 21434 "https://alalamy.com.au/?k=7004505051900&mod=3d1327c1&uri=form.php%3Fid%3D233927-395%26name%3Dbracelets+fleurs+mariage" "Mozilla/5.0 (Linux; Android 6.0.1; Nexus 5X Build/MMB29P) AppleWebKit/537.36 (KHTML, like Gecko) Chrome/137.0.7151.119 Mobile Safari/537.36 (compatible; Googlebot/2.1; +http://www.google.com/bot.html)"
66.249.65.164 - - [12/Jul/2025:14:04:03 +0000] "POST /get-message-notify HTTP/1.1" 200 21420 "https://alalamy.com.au/?k=7109025071900&mod=539ef09c&uri=goods.php%3Fid%3D237417-397%26name%3Dcrocs+kadee+flip+flop" "Mozilla/5.0 (Linux; Android 6.0.1; Nexus 5X Build/MMB29P) AppleWebKit/537.36 (KHTML, like Gecko) Chrome/137.0.7151.119 Mobile Safari/537.36 (compatible; Googlebot/2.1; +http://www.google.com/bot.html)"
66.249.65.164 - - [12/Jul/2025:14:04:05 +0000] "POST /get-message-notify HTTP/1.1" 200 21426 "https://alalamy.com.au/?k=7004925061900&mod=3d1327c1&uri=category-info.php%3Fid%3D233941-395%26name%3Djogging+tricot+femme" "Mozilla/5.0 (Linux; Android 6.0.1; Nexus 5X Build/MMB29P) AppleWebKit/537.36 (KHTML, like Gecko) Chrome/137.0.7151.119 Mobile Safari/537.36 (compatible; Googlebot/2.1; +http://www.google.com/bot.html)"
66.249.65.164 - - [12/Jul/2025:14:04:07 +0000] "GET /?k=7121145061900&mod=46489c17&uri=dp.php%3Fid%3D237821-44%26name%3Dsunlu+nylon HTTP/1.1" 200 21492 "-" "Mozilla/5.0 (Linux; Android 6.0.1; Nexus 5X Build/MMB29P) AppleWebKit/537.36 (KHTML, like Gecko) Chrome/137.0.7151.103 Mobile Safari/537.36 (compatible; Googlebot/2.1; +http://www.google.com/bot.html)"
66.249.65.164 - - [12/Jul/2025:14:04:08 +0000] "GET /?k=7319389051900&mod=1177967c&uri=itm.php%3Fid%3D244453-22%26name%3Dlte+smartwatch+damen HTTP/1.1" 200 21142 "-" "Mozilla/5.0 (Linux; Android 6.0.1; Nexus 5X Build/MMB29P) AppleWebKit/537.36 (KHTML, like Gecko) Chrome/137.0.7151.103 Mobile Safari/537.36 (compatible; Googlebot/2.1; +http://www.google.com/bot.html)"
66.249.65.164 - - [12/Jul/2025:14:04:09 +0000] "GET /?k=7006717061900&mod=3d1327c1&uri=goods.php%3Fid%3D234001-395%26name%3Dpepe+jeans+femme+taille+haute HTTP/1.1" 200 21583 "-" "Mozilla/5.0 (Linux; Android 6.0.1; Nexus 5X Build/MMB29P) AppleWebKit/537.36 (KHTML, like Gecko) Chrome/137.0.7151.103 Mobile Safari/537.36 (compatible; Googlebot/2.1; +http://www.google.com/bot.html)"
66.249.65.164 - - [12/Jul/2025:14:04:11 +0000] "GET /?k=34465953011900&mod=3d1327c1&uri=us.php%3Fid%3D1150344-395%26name%3Djeans+le+temps+des+cerises+femme HTTP/1.1" 200 22129 "-" "Mozilla/5.0 (Linux; Android 6.0.1; Nexus 5X Build/MMB29P) AppleWebKit/537.36 (KHTML, like Gecko) Chrome/137.0.7151.103 Mobile Safari/537.36 (compatible; Googlebot/2.1; +http://www.google.com/bot.html)"
66.249.65.164 - - [12/Jul/2025:14:04:12 +0000] "GET /?k=7376479061900&mod=078fbc1d&uri=itm.php%3Fid%3D246356-408%26name%3Dhalf+zip+sweater+vintage HTTP/1.1" 200 22395 "-" "Mozilla/5.0 (Linux; Android 6.0.1; Nexus 5X Build/MMB29P) AppleWebKit/537.36 (KHTML, like Gecko) Chrome/137.0.7151.103 Mobile Safari/537.36 (compatible; Googlebot/2.1; +http://www.google.com/bot.html)"
66.249.65.164 - - [12/Jul/2025:14:04:14 +0000] "GET /?k=6956704031900&mod=f4491fcc&uri=form.php%3Fid%3D232331-391%26name%3Dnike+air+max+compra+online HTTP/1.1" 200 20604 "-" "Mozilla/5.0 (Linux; Android 6.0.1; Nexus 5X Build/MMB29P) AppleWebKit/537.36 (KHTML, like Gecko) Chrome/137.0.7151.103 Mobile Safari/537.36 (compatible; Googlebot/2.1; +http://www.google.com/bot.html)"
66.249.65.164 - - [12/Jul/2025:14:04:18 +0000] "GET /?k=7102017051900&mod=539ef09c&uri=shop.php%3Fid%3D237183-397%26name%3Dflip+flop+chappals HTTP/1.1" 200 21793 "-" "Mozilla/5.0 (Linux; Android 6.0.1; Nexus 5X Build/MMB29P) AppleWebKit/537.36 (KHTML, like Gecko) Chrome/137.0.7151.103 Mobile Safari/537.36 (compatible; Googlebot/2.1; +http://www.google.com/bot.html)"
66.249.65.164 - - [12/Jul/2025:14:04:20 +0000] "GET /?k=7005375061900&mod=3d1327c1&uri=shared.php%3Fid%3D233956-395%26name%3Ddoudoune+the+north+face+noir+courte HTTP/1.1" 200 21352 "-" "Mozilla/5.0 (Linux; Android 6.0.1; Nexus 5X Build/MMB29P) AppleWebKit/537.36 (KHTML, like Gecko) Chrome/137.0.7151.103 Mobile Safari/537.36 (compatible; Googlebot/2.1; +http://www.google.com/bot.html)"
209.74.77.214 - - [12/Jul/2025:14:04:26 +0000] "POST /wp-cron.php?doing_wp_cron=1752329066.7932100296020507812500 HTTP/1.1" 200 - "-" "WordPress/6.8.1; https://alalamy.com.au"
54.36.148.152 - - [12/Jul/2025:14:04:26 +0000] "GET /?k=20841847001900&mod=04435704&uri=article.php%3Fid%3D695707-772%26name%3Dcosto+delle+balenciaga HTTP/1.1" 301 - "-" "Mozilla/5.0 (compatible; AhrefsBot/7.0; +http://ahrefs.com/robot/)"
66.249.65.164 - - [12/Jul/2025:14:04:19 +0000] "GET /?k=7123305031900&mod=46489c17&uri=itm.php%3Fid%3D237893-44%26name%3Dpla+crystal HTTP/1.1" 200 21903 "-" "Mozilla/5.0 (Linux; Android 6.0.1; Nexus 5X Build/MMB29P) AppleWebKit/537.36 (KHTML, like Gecko) Chrome/137.0.7151.103 Mobile Safari/537.36 (compatible; Googlebot/2.1; +http://www.google.com/bot.html)"
66.249.65.164 - - [12/Jul/2025:14:04:26 +0000] "GET /?k=7006001121900&mod=3d1327c1&uri=products.php%3Fid%3D233977-395%26name%3Dmarie+laure+couture HTTP/1.1" 200 21486 "-" "Mozilla/5.0 (Linux; Android 6.0.1; Nexus 5X Build/MMB29P) AppleWebKit/537.36 (KHTML, like Gecko) Chrome/137.0.7151.103 Mobile Safari/537.36 (compatible; Googlebot/2.1; +http://www.google.com/bot.html)"
66.249.65.164 - - [12/Jul/2025:14:04:28 +0000] "POST /get-message-notify HTTP/1.1" 200 21438 "https://alalamy.com.au/?k=7102017051900&mod=539ef09c&uri=shop.php%3Fid%3D237183-397%26name%3Dflip+flop+chappals" "Mozilla/5.0 (Linux; Android 6.0.1; Nexus 5X Build/MMB29P) AppleWebKit/537.36 (KHTML, like Gecko) Chrome/137.0.7151.119 Mobile Safari/537.36 (compatible; Googlebot/2.1; +http://www.google.com/bot.html)"
66.249.65.164 - - [12/Jul/2025:14:04:29 +0000] "POST /get-message-notify HTTP/1.1" 200 21431 "https://alalamy.com.au/?k=7123305031900&mod=46489c17&uri=itm.php%3Fid%3D237893-44%26name%3Dpla+crystal" "Mozilla/5.0 (Linux; Android 6.0.1; Nexus 5X Build/MMB29P) AppleWebKit/537.36 (KHTML, like Gecko) Chrome/137.0.7151.119 Mobile Safari/537.36 (compatible; Googlebot/2.1; +http://www.google.com/bot.html)"
66.249.65.164 - - [12/Jul/2025:14:04:30 +0000] "GET /?k=7011738041900&mod=3d1327c1&uri=itm.php%3Fid%3D234169-395%26name%3Dkiabi+femmes+grande+taille HTTP/1.1" 200 21948 "-" "Mozilla/5.0 (Linux; Android 6.0.1; Nexus 5X Build/MMB29P) AppleWebKit/537.36 (KHTML, like Gecko) Chrome/137.0.7151.103 Mobile Safari/537.36 (compatible; Googlebot/2.1; +http://www.google.com/bot.html)"
66.249.65.164 - - [12/Jul/2025:14:04:31 +0000] "GET /?k=7083417051900&mod=413e4eb3&uri=blog.php%3Fid%3D236563-398%26name%3Dpikolinos+shoes+outlet HTTP/1.1" 200 20648 "-" "Mozilla/5.0 (Linux; Android 6.0.1; Nexus 5X Build/MMB29P) AppleWebKit/537.36 (KHTML, like Gecko) Chrome/137.0.7151.103 Mobile Safari/537.36 (compatible; Googlebot/2.1; +http://www.google.com/bot.html)"
66.249.65.164 - - [12/Jul/2025:14:04:33 +0000] "GET /?k=5758077051900&mod=960b0b80&uri=search.php%3Fid%3D192289-335%26name%3Dnintendo+switch+eevee+edition HTTP/1.1" 200 22987 "-" "Mozilla/5.0 (Linux; Android 6.0.1; Nexus 5X Build/MMB29P) AppleWebKit/537.36 (KHTML, like Gecko) Chrome/137.0.7151.103 Mobile Safari/537.36 (compatible; Googlebot/2.1; +http://www.google.com/bot.html)"
157.55.39.204 - - [12/Jul/2025:14:04:33 +0000] "GET /?k=107487693041900&mod=7042ed19&uri=product.php%3Fid%3D3587217-1656%26name%3Doster+food+processor+manual HTTP/1.1" 200 21111 "-" "Mozilla/5.0 AppleWebKit/537.36 (KHTML, like Gecko; compatible; bingbot/2.0; +http://www.bing.com/bingbot.htm) Chrome/116.0.1938.76 Safari/537.36"
66.249.65.165 - - [12/Jul/2025:14:04:33 +0000] "GET /?k=7102815021900&mod=539ef09c&uri=brands.php%3Fid%3D237210-397%26name%3Dheeled+oxford+brogues HTTP/1.1" 200 22496 "-" "Mozilla/5.0 (Linux; Android 6.0.1; Nexus 5X Build/MMB29P) AppleWebKit/537.36 (KHTML, like Gecko) Chrome/137.0.7151.103 Mobile Safari/537.36 (compatible; Googlebot/2.1; +http://www.google.com/bot.html)"
66.249.65.165 - - [12/Jul/2025:14:04:36 +0000] "POST /get-message-notify HTTP/1.1" 200 21417 "https://alalamy.com.au/?k=5758077051900&mod=960b0b80&uri=search.php%3Fid%3D192289-335%26name%3Dnintendo+switch+eevee+edition" "Mozilla/5.0 (Linux; Android 6.0.1; Nexus 5X Build/MMB29P) AppleWebKit/537.36 (KHTML, like Gecko) Chrome/137.0.7151.119 Mobile Safari/537.36 (compatible; Googlebot/2.1; +http://www.google.com/bot.html)"
66.249.65.165 - - [12/Jul/2025:14:04:37 +0000] "GET /?k=7116285091900&mod=46489c17&uri=shared.php%3Fid%3D237659-44%26name%3Dfila+cola HTTP/1.1" 200 21411 "-" "Mozilla/5.0 (Linux; Android 6.0.1; Nexus 5X Build/MMB29P) AppleWebKit/537.36 (KHTML, like Gecko) Chrome/137.0.7151.103 Mobile Safari/537.36 (compatible; Googlebot/2.1; +http://www.google.com/bot.html)"
66.249.65.164 - - [12/Jul/2025:14:04:38 +0000] "GET /?k=11564524031900&mod=e53de2be&uri=article.php%3Fid%3D386117-557%26name%3Dsammic+tostadora HTTP/1.1" 200 21476 "-" "Mozilla/5.0 (Linux; Android 6.0.1; Nexus 5X Build/MMB29P) AppleWebKit/537.36 (KHTML, like Gecko) Chrome/137.0.7151.103 Mobile Safari/537.36 (compatible; Googlebot/2.1; +http://www.google.com/bot.html)"
66.249.65.164 - - [12/Jul/2025:14:04:39 +0000] "GET /?k=7026779031900&mod=156cc497&uri=us.php%3Fid%3D234671-396%26name%3Dkjacques+sandales HTTP/1.1" 200 21150 "-" "Mozilla/5.0 (Linux; Android 6.0.1; Nexus 5X Build/MMB29P) AppleWebKit/537.36 (KHTML, like Gecko) Chrome/137.0.7151.103 Mobile Safari/537.36 (compatible; Googlebot/2.1; +http://www.google.com/bot.html)"
66.249.65.164 - - [12/Jul/2025:14:04:40 +0000] "GET /?k=5757177051900&mod=960b0b80&uri=brands.php%3Fid%3D192259-335%26name%3Dfortnite+game+card+for+switch HTTP/1.1" 200 22351 "-" "Mozilla/5.0 (Linux; Android 6.0.1; Nexus 5X Build/MMB29P) AppleWebKit/537.36 (KHTML, like Gecko) Chrome/137.0.7151.103 Mobile Safari/537.36 (compatible; Googlebot/2.1; +http://www.google.com/bot.html)"
66.249.65.165 - - [12/Jul/2025:14:04:40 +0000] "GET /?k=6958084021900&mod=20ea88ff&uri=us.php%3Fid%3D232377-390%26name%3Dnike+rivah+rose HTTP/1.1" 200 20663 "-" "Mozilla/5.0 (Linux; Android 6.0.1; Nexus 5X Build/MMB29P) AppleWebKit/537.36 (KHTML, like Gecko) Chrome/137.0.7151.103 Mobile Safari/537.36 (compatible; Googlebot/2.1; +http://www.google.com/bot.html)"
66.249.65.164 - - [12/Jul/2025:14:04:42 +0000] "POST /get-message-notify HTTP/1.1" 200 21420 "https://alalamy.com.au/?k=7376479061900&mod=078fbc1d&uri=itm.php%3Fid%3D246356-408%26name%3Dhalf+zip+sweater+vintage" "Mozilla/5.0 (Linux; Android 6.0.1; Nexus 5X Build/MMB29P) AppleWebKit/537.36 (KHTML, like Gecko) Chrome/137.0.7151.119 Mobile Safari/537.36 (compatible; Googlebot/2.1; +http://www.google.com/bot.html)"
66.249.65.164 - - [12/Jul/2025:14:04:42 +0000] "POST /get-message-notify HTTP/1.1" 200 21424 "https://alalamy.com.au/?k=11564524031900&mod=e53de2be&uri=article.php%3Fid%3D386117-557%26name%3Dsammic+tostadora" "Mozilla/5.0 (Linux; Android 6.0.1; Nexus 5X Build/MMB29P) AppleWebKit/537.36 (KHTML, like Gecko) Chrome/137.0.7151.119 Mobile Safari/537.36 (compatible; Googlebot/2.1; +http://www.google.com/bot.html)"
66.249.65.166 - - [12/Jul/2025:14:04:46 +0000] "GET /?k=7227009001900&mod=44f95c37&uri=shop.php%3Fid%3D241353-252%26name%3Drag+and+bone+man+tramlines HTTP/1.1" 200 22220 "-" "Mozilla/5.0 (Linux; Android 6.0.1; Nexus 5X Build/MMB29P) AppleWebKit/537.36 (KHTML, like Gecko) Chrome/137.0.7151.103 Mobile Safari/537.36 (compatible; Googlebot/2.1; +http://www.google.com/bot.html)"
66.249.65.164 - - [12/Jul/2025:14:04:47 +0000] "GET /?k=119487473041900&mod=357a689f&uri=category-info.php%3Fid%3D3987662-410%26name%3Dminecraft+the+illager+raid+building+set HTTP/1.1" 200 21946 "-" "Mozilla/5.0 (Linux; Android 6.0.1; Nexus 5X Build/MMB29P) AppleWebKit/537.36 (KHTML, like Gecko) Chrome/137.0.7151.103 Mobile Safari/537.36 (compatible; Googlebot/2.1; +http://www.google.com/bot.html)"
66.249.65.166 - - [12/Jul/2025:14:04:48 +0000] "POST /get-message-notify HTTP/1.1" 200 21427 "https://alalamy.com.au/?k=7227009001900&mod=44f95c37&uri=shop.php%3Fid%3D241353-252%26name%3Drag+and+bone+man+tramlines" "Mozilla/5.0 (Linux; Android 6.0.1; Nexus 5X Build/MMB29P) AppleWebKit/537.36 (KHTML, like Gecko) Chrome/137.0.7151.119 Mobile Safari/537.36 (compatible; Googlebot/2.1; +http://www.google.com/bot.html)"
66.249.65.166 - - [12/Jul/2025:14:04:53 +0000] "GET /?k=7089117051900&mod=539ef09c&uri=article.php%3Fid%3D236753-397%26name%3Dred+chunky+heels+size+11 HTTP/1.1" 200 22035 "-" "Mozilla/5.0 (Linux; Android 6.0.1; Nexus 5X Build/MMB29P) AppleWebKit/537.36 (KHTML, like Gecko) Chrome/137.0.7151.103 Mobile Safari/537.36 (compatible; Googlebot/2.1; +http://www.google.com/bot.html)"
66.249.65.165 - - [12/Jul/2025:14:04:55 +0000] "GET /robots.txt HTTP/1.1" 200 82 "-" "Mozilla/5.0 (compatible; Googlebot/2.1; +http://www.google.com/bot.html)"
66.249.65.164 - - [12/Jul/2025:14:04:55 +0000] "GET /?k=7173571071900&mod=4d383d5c&uri=dp.php%3Fid%3D239571-234%26name%3Djack+wolfskin+herren+helium+men+daunenjacke HTTP/1.1" 200 21986 "-" "Mozilla/5.0 (Linux; Android 6.0.1; Nexus 5X Build/MMB29P) AppleWebKit/537.36 (KHTML, like Gecko) Chrome/137.0.7151.103 Mobile Safari/537.36 (compatible; Googlebot/2.1; +http://www.google.com/bot.html)"
66.249.65.166 - - [12/Jul/2025:14:04:57 +0000] "GET /?k=7105515021900&mod=46489c17&uri=article.php%3Fid%3D237300-44%26name%3Dvans+ultrarange+exo+hi+gore+tex+mte HTTP/1.1" 200 21303 "-" "Mozilla/5.0 (Linux; Android 6.0.1; Nexus 5X Build/MMB29P) AppleWebKit/537.36 (KHTML, like Gecko) Chrome/137.0.7151.103 Mobile Safari/537.36 (compatible; Googlebot/2.1; +http://www.google.com/bot.html)"
66.249.65.165 - - [12/Jul/2025:14:04:59 +0000] "GET /?k=6977564031900&mod=962ebbfe&uri=brands.php%3Fid%3D233027-394%26name%3Dslim+gas+stove+burner HTTP/1.1" 200 22138 "-" "Mozilla/5.0 (Linux; Android 6.0.1; Nexus 5X Build/MMB29P) AppleWebKit/537.36 (KHTML, like Gecko) Chrome/137.0.7151.103 Mobile Safari/537.36 (compatible; Googlebot/2.1; +http://www.google.com/bot.html)"
66.249.65.166 - - [12/Jul/2025:14:05:02 +0000] "GET /?k=7368079041900&mod=e9c519a8&uri=pin.php%3Fid%3D246076-407%26name%3Dsweatshirt+places+near+me HTTP/1.1" 200 21905 "-" "Mozilla/5.0 (Linux; Android 6.0.1; Nexus 5X Build/MMB29P) AppleWebKit/537.36 (KHTML, like Gecko) Chrome/137.0.7151.103 Mobile Safari/537.36 (compatible; Googlebot/2.1; +http://www.google.com/bot.html)"
66.249.65.166 - - [12/Jul/2025:14:05:02 +0000] "GET /?k=7099047011900&mod=413e4eb3&uri=info.php%3Fid%3D237084-398%26name%3Dpediped+outlet+promo+code HTTP/1.1" 200 20562 "-" "Mozilla/5.0 (Linux; Android 6.0.1; Nexus 5X Build/MMB29P) AppleWebKit/537.36 (KHTML, like Gecko) Chrome/137.0.7151.103 Mobile Safari/537.36 (compatible; Googlebot/2.1; +http://www.google.com/bot.html)"
66.249.65.166 - - [12/Jul/2025:14:05:02 +0000] "POST /get-message-notify HTTP/1.1" 200 21426 "https://alalamy.com.au/?k=7006001121900&mod=3d1327c1&uri=products.php%3Fid%3D233977-395%26name%3Dmarie+laure+couture" "Mozilla/5.0 (Linux; Android 6.0.1; Nexus 5X Build/MMB29P) AppleWebKit/537.36 (KHTML, like Gecko) Chrome/137.0.7151.119 Mobile Safari/537.36 (compatible; Googlebot/2.1; +http://www.google.com/bot.html)"
66.249.65.165 - - [12/Jul/2025:14:05:05 +0000] "GET /?k=7374769131900&mod=e9c519a8&uri=article.php%3Fid%3D246299-407%26name%3Djeep+zipper+hoodie HTTP/1.1" 200 21437 "-" "Mozilla/5.0 (Linux; Android 6.0.1; Nexus 5X Build/MMB29P) AppleWebKit/537.36 (KHTML, like Gecko) Chrome/137.0.7151.103 Mobile Safari/537.36 (compatible; Googlebot/2.1; +http://www.google.com/bot.html)"
66.249.65.164 - - [12/Jul/2025:14:05:08 +0000] "GET /?k=7337419051900&mod=50a41579&uri=shop.php%3Fid%3D245054-406%26name%3Dblack+patent+doc+marten+style+boots HTTP/1.1" 200 20825 "-" "Mozilla/5.0 (Linux; Android 6.0.1; Nexus 5X Build/MMB29P) AppleWebKit/537.36 (KHTML, like Gecko) Chrome/137.0.7151.103 Mobile Safari/537.36 (compatible; Googlebot/2.1; +http://www.google.com/bot.html)"
66.249.65.164 - - [12/Jul/2025:14:05:11 +0000] "GET /?k=7371889031900&mod=078fbc1d&uri=form.php%3Fid%3D246203-408%26name%3Dtommy+hilfiger+signature+tape+logo+sweatshirt HTTP/1.1" 200 22428 "-" "Mozilla/5.0 (Linux; Android 6.0.1; Nexus 5X Build/MMB29P) AppleWebKit/537.36 (KHTML, like Gecko) Chrome/137.0.7151.103 Mobile Safari/537.36 (compatible; Googlebot/2.1; +http://www.google.com/bot.html)"
66.249.65.164 - - [12/Jul/2025:14:05:12 +0000] "POST /get-message-notify HTTP/1.1" 200 21426 "https://alalamy.com.au/?k=7099047011900&mod=413e4eb3&uri=info.php%3Fid%3D237084-398%26name%3Dpediped+outlet+promo+code" "Mozilla/5.0 (Linux; Android 6.0.1; Nexus 5X Build/MMB29P) AppleWebKit/537.36 (KHTML, like Gecko) Chrome/137.0.7151.119 Mobile Safari/537.36 (compatible; Googlebot/2.1; +http://www.google.com/bot.html)"
66.249.65.164 - - [12/Jul/2025:14:05:12 +0000] "GET /?k=7354609031900&mod=e9c519a8&uri=dp.php%3Fid%3D245627-407%26name%3Dgrey+tie+dye+hoodie HTTP/1.1" 200 22695 "-" "Mozilla/5.0 (Linux; Android 6.0.1; Nexus 5X Build/MMB29P) AppleWebKit/537.36 (KHTML, like Gecko) Chrome/137.0.7151.103 Mobile Safari/537.36 (compatible; Googlebot/2.1; +http://www.google.com/bot.html)"
209.74.77.214 - - [12/Jul/2025:14:05:14 +0000] "POST /wp-cron.php?doing_wp_cron=1752329114.8372399806976318359375 HTTP/1.1" 200 - "-" "WordPress/6.8.1; https://alalamy.com.au"
54.36.149.79 - - [12/Jul/2025:14:05:14 +0000] "GET /?k=22444577001900&mod=7989febd&uri=form.php%3Fid%3D749168-607%26name%3Dmini+pochette+accessories+louis+vuitton HTTP/1.1" 301 - "-" "Mozilla/5.0 (compatible; AhrefsBot/7.0; +http://ahrefs.com/robot/)"
209.74.77.214 - - [12/Jul/2025:14:05:14 +0000] "POST /wp-admin/admin-ajax.php?action=async_litespeed&nonce=PmFCoaceH4SxrRhVpHgS4KArww2Vgbs5&litespeed_type=imgoptm HTTP/1.1" 200 21 "-" "WordPress/6.8.1; https://alalamy.com.au"
66.249.65.164 - - [12/Jul/2025:14:05:19 +0000] "GET /?k=7108485011900&mod=413e4eb3&uri=form.php%3Fid%3D237399-398%26name%3Dred+wing+shoe+store+locations+near+me HTTP/1.1" 200 21844 "-" "Mozilla/5.0 (Linux; Android 6.0.1; Nexus 5X Build/MMB29P) AppleWebKit/537.36 (KHTML, like Gecko) Chrome/137.0.7151.103 Mobile Safari/537.36 (compatible; Googlebot/2.1; +http://www.google.com/bot.html)"
66.249.65.164 - - [12/Jul/2025:14:05:21 +0000] "GET /?k=7087167041900&mod=539ef09c&uri=products.php%3Fid%3D236688-397%26name%3Dfrye+regina+wedge+bootie HTTP/1.1" 200 21837 "-" "Mozilla/5.0 (Linux; Android 6.0.1; Nexus 5X Build/MMB29P) AppleWebKit/537.36 (KHTML, like Gecko) Chrome/137.0.7151.103 Mobile Safari/537.36 (compatible; Googlebot/2.1; +http://www.google.com/bot.html)"
66.249.65.164 - - [12/Jul/2025:14:05:27 +0000] "GET /?k=7277767021900&mod=78b643f9&uri=shared.php%3Fid%3D243055-404%26name%3Dabbigliamento+berta+e+rita HTTP/1.1" 200 21958 "-" "Mozilla/5.0 (Linux; Android 6.0.1; Nexus 5X Build/MMB29P) AppleWebKit/537.36 (KHTML, like Gecko) Chrome/137.0.7151.103 Mobile Safari/537.36 (compatible; Googlebot/2.1; +http://www.google.com/bot.html)"
66.249.65.164 - - [12/Jul/2025:14:05:28 +0000] "GET /?k=6981104051900&mod=962ebbfe&uri=form.php%3Fid%3D233145-394%26name%3Dpolish+pottery+deviled+egg+plate HTTP/1.1" 200 21816 "-" "Mozilla/5.0 (Linux; Android 6.0.1; Nexus 5X Build/MMB29P) AppleWebKit/537.36 (KHTML, like Gecko) Chrome/137.0.7151.103 Mobile Safari/537.36 (compatible; Googlebot/2.1; +http://www.google.com/bot.html)"
