216.73.216.93 - - [15/Jul/2025:14:10:39 +0000] "GET /detail/449351571.shtm HTTP/1.1" 404 12536 "-" "Mozilla/5.0 AppleWebKit/537.36 (KHTML, like Gecko; compatible; ClaudeBot/1.0; [email protected])"
216.73.216.93 - - [15/Jul/2025:14:10:40 +0000] "GET /detail/448999116.shtm HTTP/1.1" 404 12535 "-" "Mozilla/5.0 AppleWebKit/537.36 (KHTML, like Gecko; compatible; ClaudeBot/1.0; [email protected])"
216.73.216.93 - - [15/Jul/2025:14:10:43 +0000] "GET /detail/449238500.shtm HTTP/1.1" 404 12536 "-" "Mozilla/5.0 AppleWebKit/537.36 (KHTML, like Gecko; compatible; ClaudeBot/1.0; [email protected])"
216.73.216.93 - - [15/Jul/2025:14:10:46 +0000] "GET /detail/449137705.shtm HTTP/1.1" 404 12536 "-" "Mozilla/5.0 AppleWebKit/537.36 (KHTML, like Gecko; compatible; ClaudeBot/1.0; [email protected])"
216.73.216.93 - - [15/Jul/2025:14:10:49 +0000] "GET /detail/449409155.shtm HTTP/1.1" 404 12536 "-" "Mozilla/5.0 AppleWebKit/537.36 (KHTML, like Gecko; compatible; ClaudeBot/1.0; [email protected])"
216.73.216.93 - - [15/Jul/2025:14:10:53 +0000] "GET /detail/449579131.shtm HTTP/1.1" 404 12535 "-" "Mozilla/5.0 AppleWebKit/537.36 (KHTML, like Gecko; compatible; ClaudeBot/1.0; [email protected])"
216.73.216.93 - - [15/Jul/2025:14:10:55 +0000] "GET /detail/449268508.shtm HTTP/1.1" 404 12536 "-" "Mozilla/5.0 AppleWebKit/537.36 (KHTML, like Gecko; compatible; ClaudeBot/1.0; [email protected])"
216.73.216.93 - - [15/Jul/2025:14:10:59 +0000] "GET /detail/449338787.shtm HTTP/1.1" 404 12536 "-" "Mozilla/5.0 AppleWebKit/537.36 (KHTML, like Gecko; compatible; ClaudeBot/1.0; [email protected])"
209.74.77.214 - - [15/Jul/2025:14:11:16 +0000] "POST /wp-cron.php?doing_wp_cron=1752588676.9086248874664306640625 HTTP/1.1" 200 - "-" "WordPress/6.8.1; https://ap.cleaning"
216.73.216.93 - - [15/Jul/2025:14:11:16 +0000] "GET /detail/449256393.shtm HTTP/1.1" 404 12536 "-" "Mozilla/5.0 AppleWebKit/537.36 (KHTML, like Gecko; compatible; ClaudeBot/1.0; [email protected])"
216.73.216.93 - - [15/Jul/2025:14:11:20 +0000] "GET /detail/449109396.shtm HTTP/1.1" 404 12535 "-" "Mozilla/5.0 AppleWebKit/537.36 (KHTML, like Gecko; compatible; ClaudeBot/1.0; [email protected])"
216.73.216.93 - - [15/Jul/2025:14:11:23 +0000] "GET /detail/449453303.shtm HTTP/1.1" 404 12534 "-" "Mozilla/5.0 AppleWebKit/537.36 (KHTML, like Gecko; compatible; ClaudeBot/1.0; [email protected])"
216.73.216.93 - - [15/Jul/2025:14:11:25 +0000] "GET /detail/449393888.shtm HTTP/1.1" 404 12536 "-" "Mozilla/5.0 AppleWebKit/537.36 (KHTML, like Gecko; compatible; ClaudeBot/1.0; [email protected])"
216.73.216.93 - - [15/Jul/2025:14:11:28 +0000] "GET /detail/449581536.shtm HTTP/1.1" 404 12537 "-" "Mozilla/5.0 AppleWebKit/537.36 (KHTML, like Gecko; compatible; ClaudeBot/1.0; [email protected])"
216.73.216.93 - - [15/Jul/2025:14:11:31 +0000] "GET /detail/449128156.shtm HTTP/1.1" 404 12535 "-" "Mozilla/5.0 AppleWebKit/537.36 (KHTML, like Gecko; compatible; ClaudeBot/1.0; [email protected])"
216.73.216.93 - - [15/Jul/2025:14:11:35 +0000] "GET /detail/449605341.shtm HTTP/1.1" 404 12536 "-" "Mozilla/5.0 AppleWebKit/537.36 (KHTML, like Gecko; compatible; ClaudeBot/1.0; [email protected])"
216.73.216.93 - - [15/Jul/2025:14:11:37 +0000] "GET /detail/449368283.shtm HTTP/1.1" 404 12536 "-" "Mozilla/5.0 AppleWebKit/537.36 (KHTML, like Gecko; compatible; ClaudeBot/1.0; [email protected])"
216.73.216.93 - - [15/Jul/2025:14:11:40 +0000] "GET /detail/449583369.shtm HTTP/1.1" 404 12535 "-" "Mozilla/5.0 AppleWebKit/537.36 (KHTML, like Gecko; compatible; ClaudeBot/1.0; [email protected])"
216.73.216.93 - - [15/Jul/2025:14:11:43 +0000] "GET /detail/449379595.shtm HTTP/1.1" 404 12536 "-" "Mozilla/5.0 AppleWebKit/537.36 (KHTML, like Gecko; compatible; ClaudeBot/1.0; [email protected])"
216.73.216.93 - - [15/Jul/2025:14:11:46 +0000] "GET /detail/449357262.shtm HTTP/1.1" 404 12536 "-" "Mozilla/5.0 AppleWebKit/537.36 (KHTML, like Gecko; compatible; ClaudeBot/1.0; [email protected])"
216.73.216.93 - - [15/Jul/2025:14:11:50 +0000] "GET /detail/448998451.shtm HTTP/1.1" 404 12537 "-" "Mozilla/5.0 AppleWebKit/537.36 (KHTML, like Gecko; compatible; ClaudeBot/1.0; [email protected])"
216.73.216.93 - - [15/Jul/2025:14:11:52 +0000] "GET /detail/449207264.shtm HTTP/1.1" 404 12536 "-" "Mozilla/5.0 AppleWebKit/537.36 (KHTML, like Gecko; compatible; ClaudeBot/1.0; [email protected])"
216.73.216.93 - - [15/Jul/2025:14:11:55 +0000] "GET /detail/449120481.shtm HTTP/1.1" 404 12536 "-" "Mozilla/5.0 AppleWebKit/537.36 (KHTML, like Gecko; compatible; ClaudeBot/1.0; [email protected])"
216.73.216.93 - - [15/Jul/2025:14:11:58 +0000] "GET /detail/449104355.shtm HTTP/1.1" 404 12535 "-" "Mozilla/5.0 AppleWebKit/537.36 (KHTML, like Gecko; compatible; ClaudeBot/1.0; [email protected])"
209.74.77.214 - - [15/Jul/2025:14:12:39 +0000] "POST /wp-cron.php?doing_wp_cron=1752588759.3372879028320312500000 HTTP/1.1" 200 - "-" "WordPress/6.8.1; https://ap.cleaning"
216.73.216.93 - - [15/Jul/2025:14:12:36 +0000] "GET /detail/449073185.shtm HTTP/1.1" 404 12536 "-" "Mozilla/5.0 AppleWebKit/537.36 (KHTML, like Gecko; compatible; ClaudeBot/1.0; [email protected])"
216.73.216.93 - - [15/Jul/2025:14:12:42 +0000] "GET /detail/449240333.shtm HTTP/1.1" 404 12535 "-" "Mozilla/5.0 AppleWebKit/537.36 (KHTML, like Gecko; compatible; ClaudeBot/1.0; [email protected])"
216.73.216.93 - - [15/Jul/2025:14:12:45 +0000] "GET /detail/449154863.shtm HTTP/1.1" 404 12535 "-" "Mozilla/5.0 AppleWebKit/537.36 (KHTML, like Gecko; compatible; ClaudeBot/1.0; [email protected])"
216.73.216.93 - - [15/Jul/2025:14:12:48 +0000] "GET /detail/449298654.shtm HTTP/1.1" 404 12535 "-" "Mozilla/5.0 AppleWebKit/537.36 (KHTML, like Gecko; compatible; ClaudeBot/1.0; [email protected])"
216.73.216.93 - - [15/Jul/2025:14:12:51 +0000] "GET /detail/449305142.shtm HTTP/1.1" 404 12535 "-" "Mozilla/5.0 AppleWebKit/537.36 (KHTML, like Gecko; compatible; ClaudeBot/1.0; [email protected])"
216.73.216.93 - - [15/Jul/2025:14:12:56 +0000] "GET /detail/449308290.shtm HTTP/1.1" 404 12537 "-" "Mozilla/5.0 AppleWebKit/537.36 (KHTML, like Gecko; compatible; ClaudeBot/1.0; [email protected])"
216.73.216.93 - - [15/Jul/2025:14:12:57 +0000] "GET /detail/449454393.shtm HTTP/1.1" 404 12536 "-" "Mozilla/5.0 AppleWebKit/537.36 (KHTML, like Gecko; compatible; ClaudeBot/1.0; [email protected])"
216.73.216.93 - - [15/Jul/2025:14:13:00 +0000] "GET /detail/449594394.shtm HTTP/1.1" 404 12534 "-" "Mozilla/5.0 AppleWebKit/537.36 (KHTML, like Gecko; compatible; ClaudeBot/1.0; [email protected])"
216.73.216.93 - - [15/Jul/2025:14:13:03 +0000] "GET /detail/449588482.shtm HTTP/1.1" 404 12534 "-" "Mozilla/5.0 AppleWebKit/537.36 (KHTML, like Gecko; compatible; ClaudeBot/1.0; [email protected])"
216.73.216.93 - - [15/Jul/2025:14:13:06 +0000] "GET /detail/449388197.shtm HTTP/1.1" 404 12535 "-" "Mozilla/5.0 AppleWebKit/537.36 (KHTML, like Gecko; compatible; ClaudeBot/1.0; [email protected])"
216.73.216.93 - - [15/Jul/2025:14:13:09 +0000] "GET /detail/449584236.shtm HTTP/1.1" 404 12535 "-" "Mozilla/5.0 AppleWebKit/537.36 (KHTML, like Gecko; compatible; ClaudeBot/1.0; [email protected])"
216.73.216.93 - - [15/Jul/2025:14:13:12 +0000] "GET /detail/449369373.shtm HTTP/1.1" 404 12535 "-" "Mozilla/5.0 AppleWebKit/537.36 (KHTML, like Gecko; compatible; ClaudeBot/1.0; [email protected])"
209.74.77.214 - - [15/Jul/2025:14:13:16 +0000] "POST /wp-cron.php?doing_wp_cron=1752588796.3364369869232177734375 HTTP/1.1" 200 - "-" "WordPress/6.8.1; https://ap.cleaning"
216.73.216.93 - - [15/Jul/2025:14:13:16 +0000] "GET /detail/449444396.shtm HTTP/1.1" 404 12535 "-" "Mozilla/5.0 AppleWebKit/537.36 (KHTML, like Gecko; compatible; ClaudeBot/1.0; [email protected])"
216.73.216.93 - - [15/Jul/2025:14:13:18 +0000] "GET /detail/449168289.shtm HTTP/1.1" 404 12535 "-" "Mozilla/5.0 AppleWebKit/537.36 (KHTML, like Gecko; compatible; ClaudeBot/1.0; [email protected])"
216.73.216.93 - - [15/Jul/2025:14:13:21 +0000] "GET /detail/449215073.shtm HTTP/1.1" 404 12535 "-" "Mozilla/5.0 AppleWebKit/537.36 (KHTML, like Gecko; compatible; ClaudeBot/1.0; [email protected])"
185.157.213.215 - - [15/Jul/2025:14:13:39 +0000] "GET /cleaning_services/commercial-cleaning/ HTTP/1.0" 200 75706 "https://ap.cleaning/cleaning_services/commercial-cleaning/" "Mozilla/5.0 (Windows NT 10.0; Win64; x64) AppleWebKit/537.36 (KHTML, like Gecko) Chrome/131.0.0.0 Safari/537.36"
185.157.213.215 - - [15/Jul/2025:14:13:40 +0000] "POST /cleaning_services/commercial-cleaning/ HTTP/1.0" 200 75796 "https://ap.cleaning/cleaning_services/commercial-cleaning/" "Mozilla/5.0 (Windows NT 10.0; Win64; x64) AppleWebKit/537.36 (KHTML, like Gecko) Chrome/131.0.0.0 Safari/537.36"
216.73.216.93 - - [15/Jul/2025:14:13:45 +0000] "GET /detail/449383088.shtm HTTP/1.1" 404 12536 "-" "Mozilla/5.0 AppleWebKit/537.36 (KHTML, like Gecko; compatible; ClaudeBot/1.0; [email protected])"
216.73.216.93 - - [15/Jul/2025:14:13:48 +0000] "GET /detail/449372071.shtm HTTP/1.1" 404 12536 "-" "Mozilla/5.0 AppleWebKit/537.36 (KHTML, like Gecko; compatible; ClaudeBot/1.0; [email protected])"
216.73.216.93 - - [15/Jul/2025:14:13:51 +0000] "GET /detail/1460241262.shtm HTTP/1.1" 404 12535 "-" "Mozilla/5.0 AppleWebKit/537.36 (KHTML, like Gecko; compatible; ClaudeBot/1.0; [email protected])"
216.73.216.93 - - [15/Jul/2025:14:13:54 +0000] "GET /detail/449180990.shtm HTTP/1.1" 404 12534 "-" "Mozilla/5.0 AppleWebKit/537.36 (KHTML, like Gecko; compatible; ClaudeBot/1.0; [email protected])"
216.73.216.93 - - [15/Jul/2025:14:13:57 +0000] "GET /detail/449607242.shtm HTTP/1.1" 404 12536 "-" "Mozilla/5.0 AppleWebKit/537.36 (KHTML, like Gecko; compatible; ClaudeBot/1.0; [email protected])"
216.73.216.93 - - [15/Jul/2025:14:14:00 +0000] "GET /detail/1459814655.shtm HTTP/1.1" 404 12534 "-" "Mozilla/5.0 AppleWebKit/537.36 (KHTML, like Gecko; compatible; ClaudeBot/1.0; [email protected])"
216.73.216.93 - - [15/Jul/2025:14:14:03 +0000] "GET /detail/449248658.shtm HTTP/1.1" 404 12536 "-" "Mozilla/5.0 AppleWebKit/537.36 (KHTML, like Gecko; compatible; ClaudeBot/1.0; [email protected])"
216.73.216.93 - - [15/Jul/2025:14:14:06 +0000] "GET /detail/449055162.shtm HTTP/1.1" 404 12534 "-" "Mozilla/5.0 AppleWebKit/537.36 (KHTML, like Gecko; compatible; ClaudeBot/1.0; [email protected])"
216.73.216.93 - - [15/Jul/2025:14:14:09 +0000] "GET /detail/449303177.shtm HTTP/1.1" 404 12534 "-" "Mozilla/5.0 AppleWebKit/537.36 (KHTML, like Gecko; compatible; ClaudeBot/1.0; [email protected])"
216.73.216.93 - - [15/Jul/2025:14:14:12 +0000] "GET /detail/449000214.shtm HTTP/1.1" 404 12535 "-" "Mozilla/5.0 AppleWebKit/537.36 (KHTML, like Gecko; compatible; ClaudeBot/1.0; [email protected])"
216.73.216.93 - - [15/Jul/2025:14:14:15 +0000] "GET /detail/449289594.shtm HTTP/1.1" 404 12536 "-" "Mozilla/5.0 AppleWebKit/537.36 (KHTML, like Gecko; compatible; ClaudeBot/1.0; [email protected])"
209.74.77.214 - - [15/Jul/2025:14:14:21 +0000] "POST /wp-cron.php?doing_wp_cron=1752588861.4287741184234619140625 HTTP/1.1" 200 - "-" "WordPress/6.8.1; https://ap.cleaning"
216.73.216.93 - - [15/Jul/2025:14:14:21 +0000] "GET /detail/449269158.shtm HTTP/1.1" 404 12536 "-" "Mozilla/5.0 AppleWebKit/537.36 (KHTML, like Gecko; compatible; ClaudeBot/1.0; [email protected])"
216.73.216.93 - - [15/Jul/2025:14:14:24 +0000] "GET /detail/449349804.shtm HTTP/1.1" 404 12535 "-" "Mozilla/5.0 AppleWebKit/537.36 (KHTML, like Gecko; compatible; ClaudeBot/1.0; [email protected])"
216.73.216.93 - - [15/Jul/2025:14:14:27 +0000] "GET /detail/448998377.shtm HTTP/1.1" 404 12534 "-" "Mozilla/5.0 AppleWebKit/537.36 (KHTML, like Gecko; compatible; ClaudeBot/1.0; [email protected])"
216.73.216.93 - - [15/Jul/2025:14:14:30 +0000] "GET /detail/449106184.shtm HTTP/1.1" 404 12535 "-" "Mozilla/5.0 AppleWebKit/537.36 (KHTML, like Gecko; compatible; ClaudeBot/1.0; [email protected])"
209.74.77.214 - - [15/Jul/2025:14:19:00 +0000] "POST /wp-cron.php?doing_wp_cron=1752589140.5762341022491455078125 HTTP/1.1" 200 - "-" "WordPress/6.8.1; https://ap.cleaning"
216.73.216.93 - - [15/Jul/2025:14:18:58 +0000] "GET /detail/449241200.shtm HTTP/1.1" 404 12534 "-" "Mozilla/5.0 AppleWebKit/537.36 (KHTML, like Gecko; compatible; ClaudeBot/1.0; [email protected])"
209.74.77.214 - - [15/Jul/2025:14:26:17 +0000] "POST /wp-cron.php?doing_wp_cron=1752589577.7838890552520751953125 HTTP/1.1" 200 - "-" "WordPress/6.8.1; https://ap.cleaning"
216.73.216.93 - - [15/Jul/2025:14:26:15 +0000] "GET /detail/1460089088.shtm HTTP/1.1" 404 12536 "-" "Mozilla/5.0 AppleWebKit/537.36 (KHTML, like Gecko; compatible; ClaudeBot/1.0; [email protected])"
209.74.77.214 - - [15/Jul/2025:14:29:15 +0000] "POST /wp-cron.php?doing_wp_cron=1752589755.7573089599609375000000 HTTP/1.1" 200 - "-" "WordPress/6.8.1; https://ap.cleaning"
216.73.216.93 - - [15/Jul/2025:14:29:13 +0000] "GET /detail/1460331327.shtm HTTP/1.1" 404 12536 "-" "Mozilla/5.0 AppleWebKit/537.36 (KHTML, like Gecko; compatible; ClaudeBot/1.0; [email protected])"
209.74.77.214 - - [15/Jul/2025:14:43:31 +0000] "POST /wp-cron.php?doing_wp_cron=1752590611.9837920665740966796875 HTTP/1.1" 200 - "-" "WordPress/6.8.1; https://ap.cleaning"
195.200.31.16 - - [15/Jul/2025:14:43:29 +0000] "GET /cleaning_services/commercial-cleaning/ HTTP/1.0" 200 75706 "https://ap.cleaning/cleaning_services/commercial-cleaning/" "Mozilla/5.0 (Windows NT 10.0; Win64; x64) AppleWebKit/537.36 (KHTML, like Gecko) Chrome/131.0.0.0 Safari/537.36"
195.200.31.16 - - [15/Jul/2025:14:43:33 +0000] "POST /cleaning_services/commercial-cleaning/ HTTP/1.0" 200 75796 "https://ap.cleaning/cleaning_services/commercial-cleaning/" "Mozilla/5.0 (Windows NT 10.0; Win64; x64) AppleWebKit/537.36 (KHTML, like Gecko) Chrome/131.0.0.0 Safari/537.36"
104.210.140.128 - - [15/Jul/2025:14:44:40 +0000] "GET /robots.txt HTTP/1.1" 200 91 "-" "Mozilla/5.0 (Macintosh; Intel Mac OS X 10_15_7) AppleWebKit/537.36 (KHTML, like Gecko) Chrome/131.0.0.0 Safari/537.36; compatible; OAI-SearchBot/1.0; +https://openai.com/searchbot"
209.74.77.214 - - [15/Jul/2025:14:47:23 +0000] "POST /wp-cron.php?doing_wp_cron=1752590843.7122249603271484375000 HTTP/1.1" 200 - "-" "WordPress/6.8.1; https://ap.cleaning"
216.73.216.93 - - [15/Jul/2025:14:47:21 +0000] "GET /detail/449568110.shtm HTTP/1.1" 404 12536 "-" "Mozilla/5.0 AppleWebKit/537.36 (KHTML, like Gecko; compatible; ClaudeBot/1.0; [email protected])"
209.74.77.214 - - [15/Jul/2025:14:49:23 +0000] "POST /wp-cron.php?doing_wp_cron=1752590963.4101378917694091796875 HTTP/1.1" 200 - "-" "WordPress/6.8.1; https://ap.cleaning"
51.222.253.17 - - [15/Jul/2025:14:49:20 +0000] "GET /2017/06/19/ HTTP/1.1" 200 13923 "-" "Mozilla/5.0 (compatible; AhrefsBot/7.0; +http://ahrefs.com/robot/)"
216.73.216.93 - - [15/Jul/2025:15:13:30 +0000] "GET /robots.txt HTTP/1.1" 200 91 "-" "Mozilla/5.0 AppleWebKit/537.36 (KHTML, like Gecko; compatible; ClaudeBot/1.0; [email protected])"
209.74.77.214 - - [15/Jul/2025:15:13:33 +0000] "POST /wp-cron.php?doing_wp_cron=1752592413.4183440208435058593750 HTTP/1.1" 200 - "-" "WordPress/6.8.1; https://ap.cleaning"
216.73.216.93 - - [15/Jul/2025:15:13:31 +0000] "GET /detail/449393246.shtm HTTP/1.1" 404 12535 "-" "Mozilla/5.0 AppleWebKit/537.36 (KHTML, like Gecko; compatible; ClaudeBot/1.0; [email protected])"
209.74.77.214 - - [15/Jul/2025:15:17:41 +0000] "POST /wp-cron.php?doing_wp_cron=1752592661.9538829326629638671875 HTTP/1.1" 200 - "-" "WordPress/6.8.1; https://ap.cleaning"
179.61.199.10 - - [15/Jul/2025:15:17:39 +0000] "POST /xmlrpc.php HTTP/1.1" 200 403 "-" "Mozilla/5.0 (Windows NT 10.0; Win64; x64) AppleWebKit/537.36 (KHTML, like Gecko) Chrome/85.0.4183.121 Safari/537.36"
222.79.104.23 - - [15/Jul/2025:15:28:10 +0000] "GET / HTTP/1.1" 200 21089 "http://ap.cleaning" "Mozilla/5.0 (iPhone; CPU iPhone OS 13_2_3 like Mac OS X) AppleWebKit/605.1.15 (KHTML, like Gecko) Version/13.0.3 Mobile/15E148 Safari/604.1"
209.74.77.214 - - [15/Jul/2025:15:33:42 +0000] "POST /wp-cron.php?doing_wp_cron=1752593622.2776079177856445312500 HTTP/1.1" 200 - "-" "WordPress/6.8.1; https://ap.cleaning"
216.73.216.93 - - [15/Jul/2025:15:33:39 +0000] "GET /detail/449558045.shtm HTTP/1.1" 404 12536 "-" "Mozilla/5.0 AppleWebKit/537.36 (KHTML, like Gecko; compatible; ClaudeBot/1.0; [email protected])"
209.74.77.214 - - [15/Jul/2025:15:35:27 +0000] "POST /wp-cron.php?doing_wp_cron=1752593727.9140601158142089843750 HTTP/1.1" 200 - "-" "WordPress/6.8.1; https://ap.cleaning"
93.183.93.32 - - [15/Jul/2025:15:35:25 +0000] "GET /cleaning_services/commercial-cleaning/ HTTP/1.0" 200 75706 "https://ap.cleaning/cleaning_services/commercial-cleaning/" "Mozilla/5.0 (Windows NT 10.0; Win64; x64) AppleWebKit/537.36 (KHTML, like Gecko) Chrome/130.0.0.0 Safari/537.36 CCleaner/130.0.0.0"
93.183.93.32 - - [15/Jul/2025:15:35:29 +0000] "POST /cleaning_services/commercial-cleaning/ HTTP/1.0" 200 75796 "https://ap.cleaning/cleaning_services/commercial-cleaning/" "Mozilla/5.0 (Windows NT 10.0; Win64; x64) AppleWebKit/537.36 (KHTML, like Gecko) Chrome/130.0.0.0 Safari/537.36 CCleaner/130.0.0.0"
45.227.253.15 - - [15/Jul/2025:15:41:28 +0000] "GET /?of=1 HTTP/1.1" 200 9398 "-" "Mozilla/5.0 (Macintosh; Intel Mac OS X 10.15; rv:103.0) Gecko/20100101 Firefox/101.0"
209.74.77.214 - - [15/Jul/2025:15:45:01 +0000] "POST /wp-cron.php?doing_wp_cron=1752594300.9895260334014892578125 HTTP/1.1" 200 - "-" "WordPress/6.8.1; https://ap.cleaning"
23.146.184.93 - - [15/Jul/2025:15:44:58 +0000] "POST /wp-content/plugins/simple-file-list/ee-upload-engine.php HTTP/1.1" 404 12535 "https://ap.cleaning/wp-admin" "Mozilla/5.0 (Windows NT 10.0; Win64; x64)"
216.73.216.93 - - [15/Jul/2025:15:45:09 +0000] "GET /detail/1459797943.shtm HTTP/1.1" 404 12536 "-" "Mozilla/5.0 AppleWebKit/537.36 (KHTML, like Gecko; compatible; ClaudeBot/1.0; [email protected])"
18.208.132.125 - - [15/Jul/2025:15:47:54 +0000] "HEAD / HTTP/1.1" 200 - "-" "-"
23.22.105.143 - - [15/Jul/2025:15:50:10 +0000] "GET /robots.txt HTTP/1.1" 200 91 "-" "Mozilla/5.0 AppleWebKit/537.36 (KHTML, like Gecko; compatible; Amazonbot/0.1; +https://developer.amazon.com/support/amazonbot) Chrome/119.0.6045.214 Safari/537.36"
209.74.77.214 - - [15/Jul/2025:15:50:13 +0000] "POST /wp-cron.php?doing_wp_cron=1752594613.8879499435424804687500 HTTP/1.1" 200 - "-" "WordPress/6.8.1; https://ap.cleaning"
52.4.229.9 - - [15/Jul/2025:15:50:11 +0000] "GET /cleaning_services/apartment-cleaning/www.sixpack.studio HTTP/1.1" 404 12537 "-" "Mozilla/5.0 AppleWebKit/537.36 (KHTML, like Gecko; compatible; Amazonbot/0.1; +https://developer.amazon.com/support/amazonbot) Chrome/119.0.6045.214 Safari/537.36"
209.74.77.214 - - [15/Jul/2025:15:51:52 +0000] "POST /wp-cron.php?doing_wp_cron=1752594712.4361701011657714843750 HTTP/1.1" 200 - "-" "WordPress/6.8.1; https://ap.cleaning"
216.73.216.93 - - [15/Jul/2025:15:51:50 +0000] "GET /detail/1459736701.shtm HTTP/1.1" 404 12535 "-" "Mozilla/5.0 AppleWebKit/537.36 (KHTML, like Gecko; compatible; ClaudeBot/1.0; [email protected])"
209.74.77.214 - - [15/Jul/2025:15:52:54 +0000] "POST /wp-cron.php?doing_wp_cron=1752594774.6899371147155761718750 HTTP/1.1" 200 - "-" "WordPress/6.8.1; https://ap.cleaning"
216.73.216.93 - - [15/Jul/2025:15:52:52 +0000] "GET /detail/1460073825.shtm HTTP/1.1" 404 12537 "-" "Mozilla/5.0 AppleWebKit/537.36 (KHTML, like Gecko; compatible; ClaudeBot/1.0; [email protected])"
209.74.77.214 - - [15/Jul/2025:16:01:07 +0000] "POST /wp-cron.php?doing_wp_cron=1752595267.5822839736938476562500 HTTP/1.1" 200 - "-" "WordPress/6.8.1; https://ap.cleaning"
216.73.216.93 - - [15/Jul/2025:16:01:05 +0000] "GET /detail/448960727.shtm HTTP/1.1" 404 12536 "-" "Mozilla/5.0 AppleWebKit/537.36 (KHTML, like Gecko; compatible; ClaudeBot/1.0; [email protected])"
216.73.216.93 - - [15/Jul/2025:16:02:08 +0000] "GET /sitemap.xml HTTP/1.1" 200 4218 "-" "Mozilla/5.0 AppleWebKit/537.36 (KHTML, like Gecko; compatible; ClaudeBot/1.0; [email protected])"
45.227.253.15 - - [15/Jul/2025:16:02:15 +0000] "GET /wp-admin/css/colors/midnight/midnight/index.php?ARRAY=7o2230223n313735323539393034312p2231223n22687474703n5p2s5p2s7n7334383176313373752r62757964792r70726s5p2s3s6p633q7068705s636s64655s6n6326743q313735323539353434312q6539333961633630653335633661663064346535323332643266316162626638222p2232223n223331396663396233643934653632343739316530313861383562663735643637222p2233223n226630633834306462643437326464376133373338326237636638383235333233222p2262696r675s70617373223n2231362q34352q35392q37302q37322q38332q3232227q HTTP/1.1" 200 102 "-" "Mozilla/5.0 (Macintosh; Intel Mac OS X 10.12; rv:103.0) Gecko/20100101 Firefox/101.0"
209.74.77.214 - - [15/Jul/2025:16:05:51 +0000] "POST /wp-cron.php?doing_wp_cron=1752595551.4196789264678955078125 HTTP/1.1" 200 - "-" "WordPress/6.8.1; https://ap.cleaning"
112.216.31.234 - - [15/Jul/2025:16:05:49 +0000] "POST /xmlrpc.php HTTP/1.1" 200 403 "-" "Mozilla/5.0 (Windows NT 10.0; Win64; x64) AppleWebKit/537.36 (KHTML, like Gecko) Chrome/91.0.4472.124 Safari/537.36"
209.74.77.214 - - [15/Jul/2025:16:12:55 +0000] "POST /wp-cron.php?doing_wp_cron=1752595975.7461409568786621093750 HTTP/1.1" 200 - "-" "WordPress/6.8.1; https://ap.cleaning"
45.164.240.65 - - [15/Jul/2025:16:12:53 +0000] "POST /xmlrpc.php HTTP/1.1" 200 403 "-" "Mozilla/5.0 (Windows NT 6.2; arm64) AppleWebKit/537.36 (KHTML, like Gecko) Safari/11.0.0.0 Safari/537.36"
209.74.77.214 - - [15/Jul/2025:16:26:10 +0000] "POST /wp-cron.php?doing_wp_cron=1752596770.8450729846954345703125 HTTP/1.1" 200 - "-" "WordPress/6.8.1; https://ap.cleaning"
51.222.253.10 - - [15/Jul/2025:16:26:08 +0000] "GET /quick-kitchen-cleaning-mission-monday/ HTTP/1.1" 200 15361 "-" "Mozilla/5.0 (compatible; AhrefsBot/7.0; +http://ahrefs.com/robot/)"
51.222.253.7 - - [15/Jul/2025:16:26:32 +0000] "GET /wp-content/themes/cleaning-services/js/forms.js?ver=1752596770 HTTP/1.1" 200 1505 "-" "Mozilla/5.0 (compatible; AhrefsBot/7.0; +http://ahrefs.com/robot/)"
51.222.253.14 - - [15/Jul/2025:16:26:33 +0000] "GET /wp-content/themes/cleaning-services/css/shop.css?ver=1752596770 HTTP/1.1" 200 7313 "-" "Mozilla/5.0 (compatible; AhrefsBot/7.0; +http://ahrefs.com/robot/)"
51.222.253.13 - - [15/Jul/2025:16:26:36 +0000] "GET /wp-content/themes/cleaning-services/js/custom.js?ver=1752596770 HTTP/1.1" 200 7946 "-" "Mozilla/5.0 (compatible; AhrefsBot/7.0; +http://ahrefs.com/robot/)"
51.222.253.6 - - [15/Jul/2025:16:26:37 +0000] "GET /wp-content/themes/cleaning-services/fonts/style.css?ver=1752596770 HTTP/1.1" 200 1087 "-" "Mozilla/5.0 (compatible; AhrefsBot/7.0; +http://ahrefs.com/robot/)"
51.222.253.12 - - [15/Jul/2025:16:26:38 +0000] "GET /wp-content/themes/cleaning-services/style.css?ver=1752596770 HTTP/1.1" 200 38492 "-" "Mozilla/5.0 (compatible; AhrefsBot/7.0; +http://ahrefs.com/robot/)"
216.73.216.93 - - [15/Jul/2025:16:33:25 +0000] "GET /robots.txt HTTP/1.1" 200 91 "-" "Mozilla/5.0 AppleWebKit/537.36 (KHTML, like Gecko; compatible; ClaudeBot/1.0; [email protected])"
209.74.77.214 - - [15/Jul/2025:16:33:27 +0000] "POST /wp-cron.php?doing_wp_cron=1752597207.4756751060485839843750 HTTP/1.1" 200 - "-" "WordPress/6.8.1; https://ap.cleaning"
216.73.216.93 - - [15/Jul/2025:16:33:25 +0000] "GET /detail/1460174851.shtm HTTP/1.1" 404 12536 "-" "Mozilla/5.0 AppleWebKit/537.36 (KHTML, like Gecko; compatible; ClaudeBot/1.0; [email protected])"
209.74.77.214 - - [15/Jul/2025:16:50:04 +0000] "POST /wp-cron.php?doing_wp_cron=1752598204.2519888877868652343750 HTTP/1.1" 200 - "-" "WordPress/6.8.1; https://ap.cleaning"
57.141.2.17 - - [15/Jul/2025:16:50:01 +0000] "GET /cleaning_services/window-cleaning/ HTTP/1.1" 200 75674 "-" "meta-externalagent/1.1 (+https://developers.facebook.com/docs/sharing/webmasters/crawler)"
209.74.77.214 - - [15/Jul/2025:16:51:01 +0000] "POST /wp-cron.php?doing_wp_cron=1752598261.4288780689239501953125 HTTP/1.1" 200 - "-" "WordPress/6.8.1; https://ap.cleaning"
158.62.19.178 - - [15/Jul/2025:16:50:59 +0000] "POST /xmlrpc.php HTTP/1.1" 200 403 "-" "Mozilla/5.0 (X11; Ubuntu; Linux x86_64; arm64) AppleWebKit/537.36 (KHTML, like Gecko) Safari/12.0.0.0 Safari/537.36"
34.131.149.66 - - [15/Jul/2025:17:04:32 +0000] "POST /wp-comments-post.php HTTP/1.1" 302 - "-" "Mozilla/5.0 (Windows NT 10.0; Win64; x64) AppleWebKit/537.36 (KHTML, like Gecko) Chrome/120.0.0.0 Safari/537.36"
34.131.149.66 - - [15/Jul/2025:17:04:57 +0000] "POST /wp-comments-post.php HTTP/1.1" 302 - "-" "Mozilla/5.0 (Windows NT 10.0; Win64; x64) AppleWebKit/537.36 (KHTML, like Gecko) Chrome/120.0.0.0 Safari/537.36"
216.73.216.93 - - [15/Jul/2025:17:05:07 +0000] "GET /detail/449547610.shtm HTTP/1.1" 404 12535 "-" "Mozilla/5.0 AppleWebKit/537.36 (KHTML, like Gecko; compatible; ClaudeBot/1.0; [email protected])"
209.74.77.214 - - [15/Jul/2025:17:05:22 +0000] "POST /wp-cron.php?doing_wp_cron=1752599122.3978140354156494140625 HTTP/1.1" 200 - "-" "WordPress/6.8.1; https://ap.cleaning"
34.131.149.66 - - [15/Jul/2025:17:05:22 +0000] "POST /wp-comments-post.php HTTP/1.1" 302 - "-" "Mozilla/5.0 (Windows NT 10.0; Win64; x64) AppleWebKit/537.36 (KHTML, like Gecko) Chrome/120.0.0.0 Safari/537.36"
57.141.2.3 - - [15/Jul/2025:17:05:29 +0000] "GET /wp-sitemap.xml HTTP/1.1" 200 160706 "-" "meta-externalagent/1.1 (+https://developers.facebook.com/docs/sharing/webmasters/crawler)"
34.131.149.66 - - [15/Jul/2025:17:05:46 +0000] "POST /wp-comments-post.php HTTP/1.1" 302 - "-" "Mozilla/5.0 (Windows NT 10.0; Win64; x64) AppleWebKit/537.36 (KHTML, like Gecko) Chrome/120.0.0.0 Safari/537.36"
34.131.149.66 - - [15/Jul/2025:17:06:09 +0000] "POST /wp-comments-post.php HTTP/1.1" 302 - "-" "Mozilla/5.0 (Windows NT 10.0; Win64; x64) AppleWebKit/537.36 (KHTML, like Gecko) Chrome/120.0.0.0 Safari/537.36"
209.74.77.214 - - [15/Jul/2025:17:06:34 +0000] "POST /wp-cron.php?doing_wp_cron=1752599194.3640589714050292968750 HTTP/1.1" 200 - "-" "WordPress/6.8.1; https://ap.cleaning"
34.131.149.66 - - [15/Jul/2025:17:06:34 +0000] "POST /wp-comments-post.php HTTP/1.1" 302 - "-" "Mozilla/5.0 (Windows NT 10.0; Win64; x64) AppleWebKit/537.36 (KHTML, like Gecko) Chrome/120.0.0.0 Safari/537.36"
34.131.149.66 - - [15/Jul/2025:17:06:59 +0000] "POST /wp-comments-post.php HTTP/1.1" 302 - "-" "Mozilla/5.0 (Windows NT 10.0; Win64; x64) AppleWebKit/537.36 (KHTML, like Gecko) Chrome/120.0.0.0 Safari/537.36"
209.74.77.214 - - [15/Jul/2025:17:07:24 +0000] "POST /wp-cron.php?doing_wp_cron=1752599244.5565218925476074218750 HTTP/1.1" 200 - "-" "WordPress/6.8.1; https://ap.cleaning"
34.131.149.66 - - [15/Jul/2025:17:07:24 +0000] "POST /wp-comments-post.php HTTP/1.1" 302 - "-" "Mozilla/5.0 (Windows NT 10.0; Win64; x64) AppleWebKit/537.36 (KHTML, like Gecko) Chrome/120.0.0.0 Safari/537.36"
34.131.149.66 - - [15/Jul/2025:17:07:49 +0000] "POST /wp-comments-post.php HTTP/1.1" 302 - "-" "Mozilla/5.0 (Windows NT 10.0; Win64; x64) AppleWebKit/537.36 (KHTML, like Gecko) Chrome/120.0.0.0 Safari/537.36"
34.131.149.66 - - [15/Jul/2025:17:08:15 +0000] "POST /wp-comments-post.php HTTP/1.1" 302 - "-" "Mozilla/5.0 (Windows NT 10.0; Win64; x64) AppleWebKit/537.36 (KHTML, like Gecko) Chrome/120.0.0.0 Safari/537.36"
209.74.77.214 - - [15/Jul/2025:17:18:31 +0000] "POST /wp-cron.php?doing_wp_cron=1752599911.6747360229492187500000 HTTP/1.1" 200 - "-" "WordPress/6.8.1; https://ap.cleaning"
195.2.81.242 - - [15/Jul/2025:17:18:29 +0000] "GET / HTTP/1.1" 301 - "-" "Mozilla/5.0 (Macintosh; Intel Mac OS X 10_15_7) AppleWebKit/537.36 (KHTML, like Gecko) Chrome/133.0.0.0 Safari/537.36"
195.2.81.242 - - [15/Jul/2025:17:18:32 +0000] "GET / HTTP/1.1" 200 21088 "https://AP.CLEANING" "Mozilla/5.0 (Macintosh; Intel Mac OS X 10_15_7) AppleWebKit/537.36 (KHTML, like Gecko) Chrome/133.0.0.0 Safari/537.36"
195.2.81.242 - - [15/Jul/2025:17:18:34 +0000] "GET /comments/feed/ HTTP/1.1" 200 414 "-" "Mozilla/5.0 (Macintosh; Intel Mac OS X 10_15_7) AppleWebKit/537.36 (KHTML, like Gecko) Chrome/133.0.0.0 Safari/537.36"
195.2.81.242 - - [15/Jul/2025:17:18:35 +0000] "GET /blog/ HTTP/1.1" 200 16434 "-" "Mozilla/5.0 (Macintosh; Intel Mac OS X 10_15_7) AppleWebKit/537.36 (KHTML, like Gecko) Chrome/133.0.0.0 Safari/537.36"
195.2.81.242 - - [15/Jul/2025:17:18:37 +0000] "GET /new-cleaning-hydrogen-peroxide-tips/ HTTP/1.1" 200 15216 "-" "Mozilla/5.0 (Macintosh; Intel Mac OS X 10_15_7) AppleWebKit/537.36 (KHTML, like Gecko) Chrome/133.0.0.0 Safari/537.36"
195.2.81.242 - - [15/Jul/2025:17:18:59 +0000] "GET /wp-content/uploads/2021/08/blog-post-img-2-1.jpg HTTP/1.1" 200 101886 "-" "Mozilla/5.0 (Macintosh; Intel Mac OS X 10_15_7) AppleWebKit/537.36 (KHTML, like Gecko) Chrome/133.0.0.0 Safari/537.36"
195.2.81.242 - - [15/Jul/2025:17:19:00 +0000] "GET /wp-content/uploads/2021/08/blog-post-img-2-1-1.jpg HTTP/1.1" 200 49701 "-" "Mozilla/5.0 (Macintosh; Intel Mac OS X 10_15_7) AppleWebKit/537.36 (KHTML, like Gecko) Chrome/133.0.0.0 Safari/537.36"
195.2.81.242 - - [15/Jul/2025:17:19:02 +0000] "GET /wp-content/uploads/2021/08/blog-post-img-2-2.jpg HTTP/1.1" 200 59816 "-" "Mozilla/5.0 (Macintosh; Intel Mac OS X 10_15_7) AppleWebKit/537.36 (KHTML, like Gecko) Chrome/133.0.0.0 Safari/537.36"
195.2.81.242 - - [15/Jul/2025:17:19:03 +0000] "GET /contact-us/ HTTP/1.1" 200 15223 "-" "Mozilla/5.0 (Macintosh; Intel Mac OS X 10_15_7) AppleWebKit/537.36 (KHTML, like Gecko) Chrome/133.0.0.0 Safari/537.36"
209.74.77.214 - - [15/Jul/2025:17:19:26 +0000] "POST /wp-cron.php?doing_wp_cron=1752599966.0980410575866699218750 HTTP/1.1" 200 - "-" "WordPress/6.8.1; https://ap.cleaning"
195.2.81.242 - - [15/Jul/2025:17:19:25 +0000] "GET /new-cleaning-hydrogen-peroxide-tips-2/ HTTP/1.1" 200 15174 "-" "Mozilla/5.0 (Macintosh; Intel Mac OS X 10_15_7) AppleWebKit/537.36 (KHTML, like Gecko) Chrome/133.0.0.0 Safari/537.36"
195.2.81.242 - - [15/Jul/2025:17:19:47 +0000] "GET /new-cleaning-hydrogen-peroxide-tips-2/feed/ HTTP/1.1" 200 453 "-" "Mozilla/5.0 (Macintosh; Intel Mac OS X 10_15_7) AppleWebKit/537.36 (KHTML, like Gecko) Chrome/133.0.0.0 Safari/537.36"
195.2.81.242 - - [15/Jul/2025:17:19:48 +0000] "GET /new-cleaning-hydrogen-peroxide-tips-2/ HTTP/1.1" 200 15175 "-" "Mozilla/5.0 (Macintosh; Intel Mac OS X 10_15_7) AppleWebKit/537.36 (KHTML, like Gecko) Chrome/133.0.0.0 Safari/537.36"
209.74.77.214 - - [15/Jul/2025:17:51:45 +0000] "POST /wp-cron.php?doing_wp_cron=1752601905.6887300014495849609375 HTTP/1.1" 200 - "-" "WordPress/6.8.1; https://ap.cleaning"
154.82.44.162 - - [15/Jul/2025:17:51:43 +0000] "POST /xmlrpc.php HTTP/1.1" 200 403 "-" "Mozilla/5.0 (Windows NT 10.0; Win64; x64) AppleWebKit/537.36 (KHTML, like Gecko) Chrome/88.0.4324.190 Safari/537.36"
162.241.226.73 - - [15/Jul/2025:17:52:09 +0000] "POST /xmlrpc.php HTTP/1.1" 200 403 "-" "Mozilla/5.0 (Windows NT 5.1; Win64; x64) AppleWebKit/537.36 (KHTML, like Gecko) Chrome/60.0.3112.90 Safari/537.36"
209.74.77.214 - - [15/Jul/2025:17:52:22 +0000] "POST /wp-cron.php?doing_wp_cron=1752601942.4958229064941406250000 HTTP/1.1" 200 - "-" "WordPress/6.8.1; https://ap.cleaning"
34.170.7.25 - - [15/Jul/2025:17:52:22 +0000] "POST /xmlrpc.php HTTP/1.1" 200 403 "-" "Mozilla/5.0 (Macintosh; Intel Mac OS X 11_4) AppleWebKit/537.36 (KHTML, like Gecko) Chrome/91.0.4472.114 Safari/537.36"
198.54.126.2 - - [15/Jul/2025:17:52:29 +0000] "POST /xmlrpc.php HTTP/1.1" 200 403 "-" "Mozilla/5.0 (iPod; CPU iPhone OS 14_6 like Mac OS X) AppleWebKit/605.1.15 (KHTML, like Gecko) CriOS/91.0.4472.80 Mobile/15E148 Safari/604.1"
43.166.128.187 - - [15/Jul/2025:18:08:28 +0000] "GET / HTTP/1.1" 200 21089 "http://www.ap.cleaning" "Mozilla/5.0 (iPhone; CPU iPhone OS 13_2_3 like Mac OS X) AppleWebKit/605.1.15 (KHTML, like Gecko) Version/13.0.3 Mobile/15E148 Safari/604.1"
51.222.253.20 - - [15/Jul/2025:18:09:06 +0000] "GET /wp-sitemap.xml HTTP/1.1" 200 4224 "-" "Mozilla/5.0 (compatible; AhrefsBot/7.0; +http://ahrefs.com/robot/)"
170.39.218.50 - - [15/Jul/2025:18:09:46 +0000] "GET /wp-content/themes/cleaning-services/js/vendor/jquery.countTo.js?ver=6.8.1 HTTP/1.1" 200 900 "-" "Mozilla/5.0 (Windows NT 10.0; Win64; x64) AppleWebKit/537.36 Chrome/121.0.0.0"
116.96.88.96 - - [15/Jul/2025:18:16:42 +0000] "POST /wp-comments-post.php HTTP/1.1" 302 - "-" "Mozilla/5.0 (Windows NT 10.0; Win64; x64) AppleWebKit/537.36 (KHTML, like Gecko) Chrome/120.0.0.0 Safari/537.36"
116.96.88.96 - - [15/Jul/2025:18:17:08 +0000] "POST /wp-comments-post.php HTTP/1.1" 302 - "-" "Mozilla/5.0 (Windows NT 10.0; Win64; x64) AppleWebKit/537.36 (KHTML, like Gecko) Chrome/120.0.0.0 Safari/537.36"
209.74.77.214 - - [15/Jul/2025:18:17:34 +0000] "POST /wp-cron.php?doing_wp_cron=1752603454.1055700778961181640625 HTTP/1.1" 200 - "-" "WordPress/6.8.1; https://ap.cleaning"
116.96.88.96 - - [15/Jul/2025:18:17:33 +0000] "POST /wp-comments-post.php HTTP/1.1" 302 - "-" "Mozilla/5.0 (Windows NT 10.0; Win64; x64) AppleWebKit/537.36 (KHTML, like Gecko) Chrome/120.0.0.0 Safari/537.36"
116.96.88.96 - - [15/Jul/2025:18:17:59 +0000] "POST /wp-comments-post.php HTTP/1.1" 302 - "-" "Mozilla/5.0 (Windows NT 10.0; Win64; x64) AppleWebKit/537.36 (KHTML, like Gecko) Chrome/120.0.0.0 Safari/537.36"
209.74.77.214 - - [15/Jul/2025:18:18:26 +0000] "POST /wp-cron.php?doing_wp_cron=1752603506.7730290889739990234375 HTTP/1.1" 200 - "-" "WordPress/6.8.1; https://ap.cleaning"
116.96.88.96 - - [15/Jul/2025:18:18:26 +0000] "POST /wp-comments-post.php HTTP/1.1" 302 - "-" "Mozilla/5.0 (Windows NT 10.0; Win64; x64) AppleWebKit/537.36 (KHTML, like Gecko) Chrome/120.0.0.0 Safari/537.36"
116.96.88.96 - - [15/Jul/2025:18:18:51 +0000] "POST /wp-comments-post.php HTTP/1.1" 302 - "-" "Mozilla/5.0 (Windows NT 10.0; Win64; x64) AppleWebKit/537.36 (KHTML, like Gecko) Chrome/120.0.0.0 Safari/537.36"
209.74.77.214 - - [15/Jul/2025:18:19:16 +0000] "POST /wp-cron.php?doing_wp_cron=1752603556.8910529613494873046875 HTTP/1.1" 200 - "-" "WordPress/6.8.1; https://ap.cleaning"
116.96.88.96 - - [15/Jul/2025:18:19:16 +0000] "POST /wp-comments-post.php HTTP/1.1" 302 - "-" "Mozilla/5.0 (Windows NT 10.0; Win64; x64) AppleWebKit/537.36 (KHTML, like Gecko) Chrome/120.0.0.0 Safari/537.36"
116.96.88.96 - - [15/Jul/2025:18:19:41 +0000] "POST /wp-comments-post.php HTTP/1.1" 302 - "-" "Mozilla/5.0 (Windows NT 10.0; Win64; x64) AppleWebKit/537.36 (KHTML, like Gecko) Chrome/120.0.0.0 Safari/537.36"
216.73.216.93 - - [15/Jul/2025:18:19:55 +0000] "GET /robots.txt HTTP/1.1" 200 91 "-" "Mozilla/5.0 AppleWebKit/537.36 (KHTML, like Gecko; compatible; ClaudeBot/1.0; [email protected])"
216.73.216.93 - - [15/Jul/2025:18:19:55 +0000] "GET /detail/1459913485.shtm HTTP/1.1" 404 12535 "-" "Mozilla/5.0 AppleWebKit/537.36 (KHTML, like Gecko; compatible; ClaudeBot/1.0; [email protected])"
116.96.88.96 - - [15/Jul/2025:18:20:06 +0000] "POST /wp-comments-post.php HTTP/1.1" 302 - "-" "Mozilla/5.0 (Windows NT 10.0; Win64; x64) AppleWebKit/537.36 (KHTML, like Gecko) Chrome/120.0.0.0 Safari/537.36"
209.74.77.214 - - [15/Jul/2025:18:20:33 +0000] "POST /wp-cron.php?doing_wp_cron=1752603633.4002470970153808593750 HTTP/1.1" 200 - "-" "WordPress/6.8.1; https://ap.cleaning"
116.96.88.96 - - [15/Jul/2025:18:20:33 +0000] "POST /wp-comments-post.php HTTP/1.1" 302 - "-" "Mozilla/5.0 (Windows NT 10.0; Win64; x64) AppleWebKit/537.36 (KHTML, like Gecko) Chrome/120.0.0.0 Safari/537.36"
209.74.77.214 - - [15/Jul/2025:18:23:11 +0000] "POST /wp-cron.php?doing_wp_cron=1752603791.3644800186157226562500 HTTP/1.1" 200 - "-" "WordPress/6.8.1; https://ap.cleaning"
43.167.241.46 - - [15/Jul/2025:18:23:09 +0000] "GET / HTTP/1.1" 200 21090 "-" "Mozilla/5.0 (iPhone; CPU iPhone OS 13_2_3 like Mac OS X) AppleWebKit/605.1.15 (KHTML, like Gecko) Version/13.0.3 Mobile/15E148 Safari/604.1"
209.74.77.214 - - [15/Jul/2025:18:24:59 +0000] "POST /wp-cron.php?doing_wp_cron=1752603899.2787990570068359375000 HTTP/1.1" 200 - "-" "WordPress/6.8.1; https://ap.cleaning"
84.54.44.204 - - [15/Jul/2025:18:24:56 +0000] "GET /cleaning_services/commercial-cleaning/ HTTP/1.0" 200 75706 "https://ap.cleaning/cleaning_services/commercial-cleaning/" "Mozilla/5.0 (Windows NT 10.0; Win64; x64) AppleWebKit/537.36 (KHTML, like Gecko) Chrome/130.0.0.0 Safari/537.36"
84.54.44.204 - - [15/Jul/2025:18:25:00 +0000] "POST /cleaning_services/commercial-cleaning/ HTTP/1.0" 200 75796 "https://ap.cleaning/cleaning_services/commercial-cleaning/" "Mozilla/5.0 (Windows NT 10.0; Win64; x64) AppleWebKit/537.36 (KHTML, like Gecko) Chrome/130.0.0.0 Safari/537.36"
84.54.44.204 - - [15/Jul/2025:18:25:03 +0000] "GET /cleaning_services/commercial-cleaning/ HTTP/1.0" 200 75706 "https://ap.cleaning/cleaning_services/commercial-cleaning/" "Mozilla/5.0 (Windows NT 10.0; Win64; x64) AppleWebKit/537.36 (KHTML, like Gecko) Chrome/131.0.0.0 Safari/537.36 Avast/131.0.0.0"
84.54.44.204 - - [15/Jul/2025:18:25:04 +0000] "POST /cleaning_services/commercial-cleaning/ HTTP/1.0" 200 75796 "https://ap.cleaning/cleaning_services/commercial-cleaning/" "Mozilla/5.0 (Windows NT 10.0; Win64; x64) AppleWebKit/537.36 (KHTML, like Gecko) Chrome/131.0.0.0 Safari/537.36 Avast/131.0.0.0"
209.74.77.214 - - [15/Jul/2025:18:26:11 +0000] "POST /wp-cron.php?doing_wp_cron=1752603971.7628710269927978515625 HTTP/1.1" 200 - "-" "WordPress/6.8.1; https://ap.cleaning"
57.141.2.19 - - [15/Jul/2025:18:26:09 +0000] "GET /cleaning_services/residential-cleaning/ HTTP/1.1" 200 75714 "-" "meta-externalagent/1.1 (+https://developers.facebook.com/docs/sharing/webmasters/crawler)"
209.74.77.214 - - [15/Jul/2025:18:26:58 +0000] "POST /wp-cron.php?doing_wp_cron=1752604018.7341480255126953125000 HTTP/1.1" 200 - "-" "WordPress/6.8.1; https://ap.cleaning"
216.73.216.93 - - [15/Jul/2025:18:26:56 +0000] "GET /detail/449055319.shtm HTTP/1.1" 404 12535 "-" "Mozilla/5.0 AppleWebKit/537.36 (KHTML, like Gecko; compatible; ClaudeBot/1.0; [email protected])"
209.74.77.214 - - [15/Jul/2025:18:28:10 +0000] "POST /wp-cron.php?doing_wp_cron=1752604090.8484249114990234375000 HTTP/1.1" 200 - "-" "WordPress/6.8.1; https://ap.cleaning"
84.54.44.204 - - [15/Jul/2025:18:28:08 +0000] "GET /cleaning_services/commercial-cleaning/ HTTP/1.0" 200 75706 "https://ap.cleaning/cleaning_services/commercial-cleaning/" "Mozilla/5.0 (Windows NT 10.0; Win64; x64) AppleWebKit/537.36 (KHTML, like Gecko) Chrome/130.0.0.0 Safari/537.36 CCleaner/130.0.0.0"
84.54.44.204 - - [15/Jul/2025:18:28:12 +0000] "POST /cleaning_services/commercial-cleaning/ HTTP/1.0" 200 75796 "https://ap.cleaning/cleaning_services/commercial-cleaning/" "Mozilla/5.0 (Windows NT 10.0; Win64; x64) AppleWebKit/537.36 (KHTML, like Gecko) Chrome/130.0.0.0 Safari/537.36 CCleaner/130.0.0.0"
143.110.159.218 - - [15/Jul/2025:18:30:22 +0000] "GET /files.php HTTP/1.1" 404 12534 "https://www.google.com" "Mozilla/5.0 (Linux; Android 7.0; SM-G892A Build/NRD90M; wv) AppleWebKit/537.36 (KHTML, like Gecko) Version/4.0 Chrome/60.0.3112.107 Mobile Safari/537.36"
209.74.77.214 - - [15/Jul/2025:18:32:30 +0000] "POST /wp-cron.php?doing_wp_cron=1752604350.5743210315704345703125 HTTP/1.1" 200 - "-" "WordPress/6.8.1; https://ap.cleaning"
43.166.1.243 - - [15/Jul/2025:18:32:27 +0000] "GET /wp-json/oembed/1.0/embed?url=https%3A%2F%2Fap.cleaning%2F HTTP/1.1" 200 1049 "-" "Mozilla/5.0 (iPhone; CPU iPhone OS 13_2_3 like Mac OS X) AppleWebKit/605.1.15 (KHTML, like Gecko) Version/13.0.3 Mobile/15E148 Safari/604.1"
85.208.96.212 - - [15/Jul/2025:18:34:23 +0000] "GET /robots.txt HTTP/1.1" 200 91 "-" "Mozilla/5.0 (compatible; SemrushBot/7~bl; +http://www.semrush.com/bot.html)"
209.74.77.214 - - [15/Jul/2025:18:34:26 +0000] "POST /wp-cron.php?doing_wp_cron=1752604466.9743440151214599609375 HTTP/1.1" 200 - "-" "WordPress/6.8.1; https://ap.cleaning"
185.191.171.16 - - [15/Jul/2025:18:34:24 +0000] "GET /product/clorox-clean-up-all-purpose-cleaner-with-bleach-spray-bottle/ HTTP/1.1" 200 14302 "-" "Mozilla/5.0 (compatible; SemrushBot/7~bl; +http://www.semrush.com/bot.html)"
209.74.77.214 - - [15/Jul/2025:18:35:59 +0000] "POST /wp-cron.php?doing_wp_cron=1752604558.9866859912872314453125 HTTP/1.1" 200 - "-" "WordPress/6.8.1; https://ap.cleaning"
87.249.132.109 - - [15/Jul/2025:18:35:57 +0000] "GET /cleaning_services/commercial-cleaning/ HTTP/1.0" 200 75706 "https://ap.cleaning/cleaning_services/commercial-cleaning/" "Mozilla/5.0 (Windows NT 10.0; Win64; x64) AppleWebKit/537.36 (KHTML, like Gecko) Chrome/131.0.0.0 Safari/537.36 Avast/131.0.0.0"
87.249.132.109 - - [15/Jul/2025:18:36:00 +0000] "POST /cleaning_services/commercial-cleaning/ HTTP/1.0" 200 75796 "https://ap.cleaning/cleaning_services/commercial-cleaning/" "Mozilla/5.0 (Windows NT 10.0; Win64; x64) AppleWebKit/537.36 (KHTML, like Gecko) Chrome/131.0.0.0 Safari/537.36 Avast/131.0.0.0"
209.74.77.214 - - [15/Jul/2025:18:42:42 +0000] "POST /wp-cron.php?doing_wp_cron=1752604962.1249608993530273437500 HTTP/1.1" 200 - "-" "WordPress/6.8.1; https://ap.cleaning"
209.74.77.214 - - [15/Jul/2025:18:42:42 +0000] "POST /wp-cron.php?doing_wp_cron=1752604962.1250689029693603515625 HTTP/1.1" 200 - "-" "WordPress/6.8.1; https://ap.cleaning"
84.54.44.204 - - [15/Jul/2025:18:42:40 +0000] "GET /cleaning_services/commercial-cleaning/ HTTP/1.0" 200 75706 "https://ap.cleaning/cleaning_services/commercial-cleaning/" "Mozilla/5.0 (Windows NT 10.0; Win64; x64) AppleWebKit/537.36 (KHTML, like Gecko) Chrome/130.0.0.0 Safari/537.36 CCleaner/130.0.0.0"
84.54.44.204 - - [15/Jul/2025:18:42:39 +0000] "GET /cleaning_services/commercial-cleaning/ HTTP/1.0" 200 75706 "https://ap.cleaning/cleaning_services/commercial-cleaning/" "Mozilla/5.0 (Windows NT 10.0; Win64; x64) AppleWebKit/537.36 (KHTML, like Gecko) Chrome/130.0.0.0 Safari/537.36 CCleaner/130.0.0.0"
84.54.44.204 - - [15/Jul/2025:18:42:43 +0000] "POST /cleaning_services/commercial-cleaning/ HTTP/1.0" 200 75796 "https://ap.cleaning/cleaning_services/commercial-cleaning/" "Mozilla/5.0 (Windows NT 10.0; Win64; x64) AppleWebKit/537.36 (KHTML, like Gecko) Chrome/130.0.0.0 Safari/537.36 CCleaner/130.0.0.0"
84.54.44.204 - - [15/Jul/2025:18:42:43 +0000] "POST /cleaning_services/commercial-cleaning/ HTTP/1.0" 200 75796 "https://ap.cleaning/cleaning_services/commercial-cleaning/" "Mozilla/5.0 (Windows NT 10.0; Win64; x64) AppleWebKit/537.36 (KHTML, like Gecko) Chrome/130.0.0.0 Safari/537.36 CCleaner/130.0.0.0"
209.74.77.214 - - [15/Jul/2025:18:43:48 +0000] "POST /wp-cron.php?doing_wp_cron=1752605028.5320250988006591796875 HTTP/1.1" 200 - "-" "WordPress/6.8.1; https://ap.cleaning"
43.130.102.223 - - [15/Jul/2025:18:43:46 +0000] "GET /cleaning_services/move-in-move-out/ HTTP/1.1" 200 16252 "-" "Mozilla/5.0 (iPhone; CPU iPhone OS 13_2_3 like Mac OS X) AppleWebKit/605.1.15 (KHTML, like Gecko) Version/13.0.3 Mobile/15E148 Safari/604.1"
209.74.77.214 - - [15/Jul/2025:18:49:41 +0000] "POST /wp-cron.php?doing_wp_cron=1752605381.4383850097656250000000 HTTP/1.1" 200 - "-" "WordPress/6.8.1; https://ap.cleaning"
158.62.19.178 - - [15/Jul/2025:18:49:38 +0000] "GET /wp-json/wp/v2/users HTTP/1.1" 200 1512 "-" "Mozilla/4.0 (compatible; Win32; WinHttp.WinHttpRequest.5)"
209.74.77.214 - - [15/Jul/2025:18:51:09 +0000] "POST /wp-cron.php?doing_wp_cron=1752605469.0685129165649414062500 HTTP/1.1" 200 - "-" "WordPress/6.8.1; https://ap.cleaning"
158.62.19.178 - - [15/Jul/2025:18:51:06 +0000] "POST /xmlrpc.php HTTP/1.1" 200 403 "-" "Mozilla/5.0 (Windows NT 6.2; x64) AppleWebKit/537.36 (KHTML, like Gecko) Firefox/79.0.0.0 Safari/537.36"
209.74.77.214 - - [15/Jul/2025:18:51:53 +0000] "POST /wp-cron.php?doing_wp_cron=1752605512.9993240833282470703125 HTTP/1.1" 200 - "-" "WordPress/6.8.1; https://ap.cleaning"
216.73.216.93 - - [15/Jul/2025:18:51:50 +0000] "GET /detail/1460172954.shtm HTTP/1.1" 404 12537 "-" "Mozilla/5.0 AppleWebKit/537.36 (KHTML, like Gecko; compatible; ClaudeBot/1.0; [email protected])"
158.62.19.178 - - [15/Jul/2025:18:52:13 +0000] "POST /xmlrpc.php HTTP/1.1" 200 403 "-" "Mozilla/5.0 (Linux; Android 10; arm64) AppleWebKit/537.36 (KHTML, like Gecko) Opera/67.0.0.0 Safari/537.36"
209.74.77.214 - - [15/Jul/2025:18:53:19 +0000] "POST /wp-cron.php?doing_wp_cron=1752605599.9564220905303955078125 HTTP/1.1" 200 - "-" "WordPress/6.8.1; https://ap.cleaning"
158.62.19.178 - - [15/Jul/2025:18:53:18 +0000] "POST /xmlrpc.php HTTP/1.1" 200 403 "-" "Mozilla/5.0 (Windows NT 6.2; x86) AppleWebKit/537.36 (KHTML, like Gecko) Firefox/80.0.0.0 Safari/537.36"
209.74.77.214 - - [15/Jul/2025:18:54:23 +0000] "POST /wp-cron.php?doing_wp_cron=1752605663.9833910465240478515625 HTTP/1.1" 200 - "-" "WordPress/6.8.1; https://ap.cleaning"
158.62.19.178 - - [15/Jul/2025:18:54:22 +0000] "POST /xmlrpc.php HTTP/1.1" 200 403 "-" "Mozilla/5.0 (Macintosh; Intel Mac OS X 10_15_7; arm64) AppleWebKit/537.36 (KHTML, like Gecko) Safari/14.0.0.0 Safari/537.36"
209.74.77.214 - - [15/Jul/2025:18:55:34 +0000] "POST /wp-cron.php?doing_wp_cron=1752605734.8864159584045410156250 HTTP/1.1" 200 - "-" "WordPress/6.8.1; https://ap.cleaning"
158.62.19.178 - - [15/Jul/2025:18:55:32 +0000] "POST /xmlrpc.php HTTP/1.1" 200 403 "-" "Mozilla/5.0 (Windows NT 10.0; x86) AppleWebKit/537.36 (KHTML, like Gecko) Safari/12.0.0.0 Safari/537.36"
209.74.77.214 - - [15/Jul/2025:18:56:40 +0000] "POST /wp-cron.php?doing_wp_cron=1752605800.1796360015869140625000 HTTP/1.1" 200 - "-" "WordPress/6.8.1; https://ap.cleaning"
158.62.19.178 - - [15/Jul/2025:18:56:38 +0000] "POST /xmlrpc.php HTTP/1.1" 200 403 "-" "Mozilla/5.0 (Windows NT 6.3; x64) AppleWebKit/537.36 (KHTML, like Gecko) Edge/87.0.0.0 Safari/537.36"
209.74.77.214 - - [15/Jul/2025:18:57:36 +0000] "POST /wp-cron.php?doing_wp_cron=1752605856.2062089443206787109375 HTTP/1.1" 200 - "-" "WordPress/6.8.1; https://ap.cleaning"
158.62.19.178 - - [15/Jul/2025:18:57:33 +0000] "POST /xmlrpc.php HTTP/1.1" 200 403 "-" "Mozilla/5.0 (X11; Ubuntu; Linux x86_64; x64) AppleWebKit/537.36 (KHTML, like Gecko) Chrome/90.0.0.0 Safari/537.36"
43.157.170.126 - - [15/Jul/2025:18:58:00 +0000] "GET /?p=856 HTTP/1.1" 301 - "-" "Mozilla/5.0 (iPhone; CPU iPhone OS 13_2_3 like Mac OS X) AppleWebKit/605.1.15 (KHTML, like Gecko) Version/13.0.3 Mobile/15E148 Safari/604.1"
43.157.170.126 - - [15/Jul/2025:18:58:02 +0000] "GET /cleaning_services/move-in-move-out/ HTTP/1.1" 200 16251 "https://ap.cleaning/?p=856" "Mozilla/5.0 (iPhone; CPU iPhone OS 13_2_3 like Mac OS X) AppleWebKit/605.1.15 (KHTML, like Gecko) Version/13.0.3 Mobile/15E148 Safari/604.1"
209.74.77.214 - - [15/Jul/2025:18:58:33 +0000] "POST /wp-cron.php?doing_wp_cron=1752605913.9856190681457519531250 HTTP/1.1" 200 - "-" "WordPress/6.8.1; https://ap.cleaning"
158.62.19.178 - - [15/Jul/2025:18:58:33 +0000] "POST /xmlrpc.php HTTP/1.1" 200 403 "-" "Mozilla/5.0 (Windows NT 10.0; x64) AppleWebKit/537.36 (KHTML, like Gecko) Safari/11.0.0.0 Safari/537.36"
209.74.77.214 - - [15/Jul/2025:18:59:31 +0000] "POST /wp-cron.php?doing_wp_cron=1752605971.6270940303802490234375 HTTP/1.1" 200 - "-" "WordPress/6.8.1; https://ap.cleaning"
216.73.216.93 - - [15/Jul/2025:18:59:29 +0000] "GET /detail/1107427998.shtm HTTP/1.1" 404 12535 "-" "Mozilla/5.0 AppleWebKit/537.36 (KHTML, like Gecko; compatible; ClaudeBot/1.0; [email protected])"
216.73.216.93 - - [15/Jul/2025:18:59:33 +0000] "GET /detail/1107627821.shtm HTTP/1.1" 404 12536 "-" "Mozilla/5.0 AppleWebKit/537.36 (KHTML, like Gecko; compatible; ClaudeBot/1.0; [email protected])"
216.73.216.93 - - [15/Jul/2025:18:59:35 +0000] "GET /detail/1107885837.shtm HTTP/1.1" 404 12536 "-" "Mozilla/5.0 AppleWebKit/537.36 (KHTML, like Gecko; compatible; ClaudeBot/1.0; [email protected])"
158.62.19.178 - - [15/Jul/2025:18:59:37 +0000] "POST /xmlrpc.php HTTP/1.1" 200 403 "-" "Mozilla/5.0 (Windows NT 6.3; arm64) AppleWebKit/537.36 (KHTML, like Gecko) Firefox/87.0.0.0 Safari/537.36"
216.73.216.93 - - [15/Jul/2025:18:59:38 +0000] "GET /detail/1107884078.shtm HTTP/1.1" 404 12535 "-" "Mozilla/5.0 AppleWebKit/537.36 (KHTML, like Gecko; compatible; ClaudeBot/1.0; [email protected])"
216.73.216.93 - - [15/Jul/2025:18:59:41 +0000] "GET /detail/1107796643.shtm HTTP/1.1" 404 12536 "-" "Mozilla/5.0 AppleWebKit/537.36 (KHTML, like Gecko; compatible; ClaudeBot/1.0; [email protected])"
216.73.216.93 - - [15/Jul/2025:18:59:44 +0000] "GET /detail/1107788900.shtm HTTP/1.1" 404 12536 "-" "Mozilla/5.0 AppleWebKit/537.36 (KHTML, like Gecko; compatible; ClaudeBot/1.0; [email protected])"
216.73.216.93 - - [15/Jul/2025:18:59:47 +0000] "GET /detail/1107786136.shtm HTTP/1.1" 404 12536 "-" "Mozilla/5.0 AppleWebKit/537.36 (KHTML, like Gecko; compatible; ClaudeBot/1.0; [email protected])"
216.73.216.93 - - [15/Jul/2025:18:59:50 +0000] "GET /detail/1107643670.shtm HTTP/1.1" 404 12535 "-" "Mozilla/5.0 AppleWebKit/537.36 (KHTML, like Gecko; compatible; ClaudeBot/1.0; [email protected])"
216.73.216.93 - - [15/Jul/2025:18:59:53 +0000] "GET /sitemap.xml HTTP/1.1" 200 4211 "-" "Mozilla/5.0 AppleWebKit/537.36 (KHTML, like Gecko; compatible; ClaudeBot/1.0; [email protected])"
209.74.77.214 - - [15/Jul/2025:19:00:40 +0000] "POST /wp-cron.php?doing_wp_cron=1752606040.6342349052429199218750 HTTP/1.1" 200 - "-" "WordPress/6.8.1; https://ap.cleaning"
158.62.19.178 - - [15/Jul/2025:19:00:37 +0000] "POST /xmlrpc.php HTTP/1.1" 200 403 "-" "Mozilla/5.0 (Macintosh; Intel Mac OS X 10_15_7; x64) AppleWebKit/537.36 (KHTML, like Gecko) Edge/92.0.0.0 Safari/537.36"
216.73.216.93 - - [15/Jul/2025:19:00:43 +0000] "GET /detail/1107535863.shtm HTTP/1.1" 404 12534 "-" "Mozilla/5.0 AppleWebKit/537.36 (KHTML, like Gecko; compatible; ClaudeBot/1.0; [email protected])"
216.73.216.93 - - [15/Jul/2025:19:00:47 +0000] "GET /detail/1107788322.shtm HTTP/1.1" 404 12536 "-" "Mozilla/5.0 AppleWebKit/537.36 (KHTML, like Gecko; compatible; ClaudeBot/1.0; [email protected])"
216.73.216.93 - - [15/Jul/2025:19:00:49 +0000] "GET /detail/1107680230.shtm HTTP/1.1" 404 12535 "-" "Mozilla/5.0 AppleWebKit/537.36 (KHTML, like Gecko; compatible; ClaudeBot/1.0; [email protected])"
216.73.216.93 - - [15/Jul/2025:19:00:51 +0000] "GET /detail/1107884747.shtm HTTP/1.1" 404 12534 "-" "Mozilla/5.0 AppleWebKit/537.36 (KHTML, like Gecko; compatible; ClaudeBot/1.0; [email protected])"
216.73.216.93 - - [15/Jul/2025:19:00:56 +0000] "GET /detail/1107718404.shtm HTTP/1.1" 404 12535 "-" "Mozilla/5.0 AppleWebKit/537.36 (KHTML, like Gecko; compatible; ClaudeBot/1.0; [email protected])"
216.73.216.93 - - [15/Jul/2025:19:01:00 +0000] "GET /detail/1107595276.shtm HTTP/1.1" 404 12534 "-" "Mozilla/5.0 AppleWebKit/537.36 (KHTML, like Gecko; compatible; ClaudeBot/1.0; [email protected])"
