216.73.216.174 - - [16/Jul/2025:02:43:23 +0000] "GET /detail/1486893989.shtm HTTP/1.1" 404 12536 "-" "Mozilla/5.0 AppleWebKit/537.36 (KHTML, like Gecko; compatible; ClaudeBot/1.0; [email protected])"
216.73.216.174 - - [16/Jul/2025:02:43:26 +0000] "GET /detail/714999162.shtm HTTP/1.1" 404 12535 "-" "Mozilla/5.0 AppleWebKit/537.36 (KHTML, like Gecko; compatible; ClaudeBot/1.0; [email protected])"
216.73.216.174 - - [16/Jul/2025:02:43:29 +0000] "GET /detail/714708684.shtm HTTP/1.1" 404 12536 "-" "Mozilla/5.0 AppleWebKit/537.36 (KHTML, like Gecko; compatible; ClaudeBot/1.0; [email protected])"
209.74.77.214 - - [16/Jul/2025:02:43:32 +0000] "POST /wp-cron.php?doing_wp_cron=1752633812.4579749107360839843750 HTTP/1.1" 200 - "-" "WordPress/6.8.1; https://ap.cleaning"
216.73.216.174 - - [16/Jul/2025:02:43:32 +0000] "GET /detail/714748753.shtm HTTP/1.1" 404 12535 "-" "Mozilla/5.0 AppleWebKit/537.36 (KHTML, like Gecko; compatible; ClaudeBot/1.0; [email protected])"
216.73.216.174 - - [16/Jul/2025:02:43:35 +0000] "GET /detail/1486888880.shtm HTTP/1.1" 404 12535 "-" "Mozilla/5.0 AppleWebKit/537.36 (KHTML, like Gecko; compatible; ClaudeBot/1.0; [email protected])"
216.73.216.174 - - [16/Jul/2025:02:43:38 +0000] "GET /detail/1486785971.shtm HTTP/1.1" 404 12537 "-" "Mozilla/5.0 AppleWebKit/537.36 (KHTML, like Gecko; compatible; ClaudeBot/1.0; [email protected])"
216.73.216.174 - - [16/Jul/2025:02:43:41 +0000] "GET /detail/1486950188.shtm HTTP/1.1" 404 12537 "-" "Mozilla/5.0 AppleWebKit/537.36 (KHTML, like Gecko; compatible; ClaudeBot/1.0; [email protected])"
216.73.216.174 - - [16/Jul/2025:02:43:44 +0000] "GET /detail/1487106162.shtm HTTP/1.1" 404 12535 "-" "Mozilla/5.0 AppleWebKit/537.36 (KHTML, like Gecko; compatible; ClaudeBot/1.0; [email protected])"
216.73.216.174 - - [16/Jul/2025:02:43:47 +0000] "GET /detail/1487141791.shtm HTTP/1.1" 404 12537 "-" "Mozilla/5.0 AppleWebKit/537.36 (KHTML, like Gecko; compatible; ClaudeBot/1.0; [email protected])"
209.74.77.214 - - [16/Jul/2025:02:44:28 +0000] "POST /wp-cron.php?doing_wp_cron=1752633868.4945189952850341796875 HTTP/1.1" 200 - "-" "WordPress/6.8.1; https://ap.cleaning"
216.73.216.174 - - [16/Jul/2025:02:44:26 +0000] "GET /detail/1486825103.shtm HTTP/1.1" 404 12537 "-" "Mozilla/5.0 AppleWebKit/537.36 (KHTML, like Gecko; compatible; ClaudeBot/1.0; [email protected])"
216.73.216.174 - - [16/Jul/2025:02:44:29 +0000] "GET /detail/1486884578.shtm HTTP/1.1" 404 12536 "-" "Mozilla/5.0 AppleWebKit/537.36 (KHTML, like Gecko; compatible; ClaudeBot/1.0; [email protected])"
216.73.216.174 - - [16/Jul/2025:02:44:32 +0000] "GET /detail/714685100.shtm HTTP/1.1" 404 12536 "-" "Mozilla/5.0 AppleWebKit/537.36 (KHTML, like Gecko; compatible; ClaudeBot/1.0; [email protected])"
216.73.216.174 - - [16/Jul/2025:02:44:35 +0000] "GET /detail/1487353153.shtm HTTP/1.1" 404 12537 "-" "Mozilla/5.0 AppleWebKit/537.36 (KHTML, like Gecko; compatible; ClaudeBot/1.0; [email protected])"
216.73.216.174 - - [16/Jul/2025:02:44:38 +0000] "GET /detail/1486769998.shtm HTTP/1.1" 404 12537 "-" "Mozilla/5.0 AppleWebKit/537.36 (KHTML, like Gecko; compatible; ClaudeBot/1.0; [email protected])"
216.73.216.174 - - [16/Jul/2025:02:44:41 +0000] "GET /detail/714885670.shtm HTTP/1.1" 404 12535 "-" "Mozilla/5.0 AppleWebKit/537.36 (KHTML, like Gecko; compatible; ClaudeBot/1.0; [email protected])"
216.73.216.174 - - [16/Jul/2025:02:44:44 +0000] "GET /detail/1486972009.shtm HTTP/1.1" 404 12537 "-" "Mozilla/5.0 AppleWebKit/537.36 (KHTML, like Gecko; compatible; ClaudeBot/1.0; [email protected])"
216.73.216.174 - - [16/Jul/2025:02:44:47 +0000] "GET /detail/714709782.shtm HTTP/1.1" 404 12536 "-" "Mozilla/5.0 AppleWebKit/537.36 (KHTML, like Gecko; compatible; ClaudeBot/1.0; [email protected])"
216.73.216.174 - - [16/Jul/2025:02:44:50 +0000] "GET /detail/714999897.shtm HTTP/1.1" 404 12535 "-" "Mozilla/5.0 AppleWebKit/537.36 (KHTML, like Gecko; compatible; ClaudeBot/1.0; [email protected])"
216.73.216.174 - - [16/Jul/2025:02:44:53 +0000] "GET /detail/1487164770.shtm HTTP/1.1" 404 12537 "-" "Mozilla/5.0 AppleWebKit/537.36 (KHTML, like Gecko; compatible; ClaudeBot/1.0; [email protected])"
216.73.216.174 - - [16/Jul/2025:02:44:56 +0000] "GET /detail/714798014.shtm HTTP/1.1" 404 12536 "-" "Mozilla/5.0 AppleWebKit/537.36 (KHTML, like Gecko; compatible; ClaudeBot/1.0; [email protected])"
216.73.216.174 - - [16/Jul/2025:02:44:59 +0000] "GET /detail/714932966.shtm HTTP/1.1" 404 12536 "-" "Mozilla/5.0 AppleWebKit/537.36 (KHTML, like Gecko; compatible; ClaudeBot/1.0; [email protected])"
216.73.216.174 - - [16/Jul/2025:02:45:02 +0000] "GET /detail/1487324460.shtm HTTP/1.1" 404 12535 "-" "Mozilla/5.0 AppleWebKit/537.36 (KHTML, like Gecko; compatible; ClaudeBot/1.0; [email protected])"
216.73.216.174 - - [16/Jul/2025:02:45:05 +0000] "GET /detail/714997197.shtm HTTP/1.1" 404 12537 "-" "Mozilla/5.0 AppleWebKit/537.36 (KHTML, like Gecko; compatible; ClaudeBot/1.0; [email protected])"
216.73.216.174 - - [16/Jul/2025:02:45:08 +0000] "GET /detail/1486920273.shtm HTTP/1.1" 404 12536 "-" "Mozilla/5.0 AppleWebKit/537.36 (KHTML, like Gecko; compatible; ClaudeBot/1.0; [email protected])"
209.74.77.214 - - [16/Jul/2025:02:45:36 +0000] "POST /wp-cron.php?doing_wp_cron=1752633936.9763500690460205078125 HTTP/1.1" 200 - "-" "WordPress/6.8.1; https://ap.cleaning"
216.73.216.174 - - [16/Jul/2025:02:45:36 +0000] "GET /detail/1486806343.shtm HTTP/1.1" 404 12537 "-" "Mozilla/5.0 AppleWebKit/537.36 (KHTML, like Gecko; compatible; ClaudeBot/1.0; [email protected])"
216.73.216.174 - - [16/Jul/2025:02:45:39 +0000] "GET /detail/714978883.shtm HTTP/1.1" 404 12537 "-" "Mozilla/5.0 AppleWebKit/537.36 (KHTML, like Gecko; compatible; ClaudeBot/1.0; [email protected])"
216.73.216.174 - - [16/Jul/2025:02:45:42 +0000] "GET /detail/714926990.shtm HTTP/1.1" 404 12536 "-" "Mozilla/5.0 AppleWebKit/537.36 (KHTML, like Gecko; compatible; ClaudeBot/1.0; [email protected])"
216.73.216.174 - - [16/Jul/2025:02:45:45 +0000] "GET /detail/1487044268.shtm HTTP/1.1" 404 12535 "-" "Mozilla/5.0 AppleWebKit/537.36 (KHTML, like Gecko; compatible; ClaudeBot/1.0; [email protected])"
216.73.216.174 - - [16/Jul/2025:02:45:48 +0000] "GET /detail/1487046687.shtm HTTP/1.1" 404 12537 "-" "Mozilla/5.0 AppleWebKit/537.36 (KHTML, like Gecko; compatible; ClaudeBot/1.0; [email protected])"
216.73.216.174 - - [16/Jul/2025:02:45:51 +0000] "GET /detail/1486964943.shtm HTTP/1.1" 404 12537 "-" "Mozilla/5.0 AppleWebKit/537.36 (KHTML, like Gecko; compatible; ClaudeBot/1.0; [email protected])"
216.73.216.174 - - [16/Jul/2025:02:45:54 +0000] "GET /detail/1486902380.shtm HTTP/1.1" 404 12536 "-" "Mozilla/5.0 AppleWebKit/537.36 (KHTML, like Gecko; compatible; ClaudeBot/1.0; [email protected])"
216.73.216.174 - - [16/Jul/2025:02:45:57 +0000] "GET /detail/714521395.shtm HTTP/1.1" 404 12535 "-" "Mozilla/5.0 AppleWebKit/537.36 (KHTML, like Gecko; compatible; ClaudeBot/1.0; [email protected])"
216.73.216.174 - - [16/Jul/2025:02:46:00 +0000] "GET /detail/714685686.shtm HTTP/1.1" 404 12536 "-" "Mozilla/5.0 AppleWebKit/537.36 (KHTML, like Gecko; compatible; ClaudeBot/1.0; [email protected])"
216.73.216.174 - - [16/Jul/2025:02:46:03 +0000] "GET /detail/1487369287.shtm HTTP/1.1" 404 12536 "-" "Mozilla/5.0 AppleWebKit/537.36 (KHTML, like Gecko; compatible; ClaudeBot/1.0; [email protected])"
216.73.216.174 - - [16/Jul/2025:02:46:06 +0000] "GET /detail/714695097.shtm HTTP/1.1" 404 12535 "-" "Mozilla/5.0 AppleWebKit/537.36 (KHTML, like Gecko; compatible; ClaudeBot/1.0; [email protected])"
216.73.216.174 - - [16/Jul/2025:02:46:09 +0000] "GET /detail/1487184108.shtm HTTP/1.1" 404 12536 "-" "Mozilla/5.0 AppleWebKit/537.36 (KHTML, like Gecko; compatible; ClaudeBot/1.0; [email protected])"
216.73.216.174 - - [16/Jul/2025:02:46:12 +0000] "GET /detail/1487163608.shtm HTTP/1.1" 404 12535 "-" "Mozilla/5.0 AppleWebKit/537.36 (KHTML, like Gecko; compatible; ClaudeBot/1.0; [email protected])"
216.73.216.174 - - [16/Jul/2025:02:46:15 +0000] "GET /detail/714738603.shtm HTTP/1.1" 404 12535 "-" "Mozilla/5.0 AppleWebKit/537.36 (KHTML, like Gecko; compatible; ClaudeBot/1.0; [email protected])"
209.74.77.214 - - [16/Jul/2025:02:46:18 +0000] "POST /wp-cron.php?doing_wp_cron=1752633978.8950009346008300781250 HTTP/1.1" 200 - "-" "WordPress/6.8.1; https://ap.cleaning"
216.73.216.174 - - [16/Jul/2025:02:46:18 +0000] "GET /detail/1487185206.shtm HTTP/1.1" 404 12535 "-" "Mozilla/5.0 AppleWebKit/537.36 (KHTML, like Gecko; compatible; ClaudeBot/1.0; [email protected])"
209.74.77.214 - - [16/Jul/2025:02:59:35 +0000] "POST /wp-cron.php?doing_wp_cron=1752634775.7373270988464355468750 HTTP/1.1" 200 - "-" "WordPress/6.8.1; https://ap.cleaning"
178.33.250.130 - - [16/Jul/2025:02:59:33 +0000] "GET /wp-login.php?action=register HTTP/1.1" 302 - "-" "Mozilla/5.0 (Windows NT 11.0; Win64; x64) AppleWebKit/537.36 (KHTML, like Gecko) Chrome/131.0.6778.86 Safari/537.36"
185.191.171.5 - - [16/Jul/2025:02:59:36 +0000] "GET /shop-2/ HTTP/1.1" 200 12683 "-" "Mozilla/5.0 (compatible; SemrushBot/7~bl; +http://www.semrush.com/bot.html)"
178.33.250.130 - - [16/Jul/2025:02:59:41 +0000] "GET /wp-login.php?registration=disabled HTTP/1.1" 200 2084 "-" "Mozilla/5.0 (Windows NT 11.0; Win64; x64) AppleWebKit/537.36 (KHTML, like Gecko) Chrome/131.0.6778.86 Safari/537.36"
209.74.77.214 - - [16/Jul/2025:03:06:13 +0000] "POST /wp-cron.php?doing_wp_cron=1752635173.6667940616607666015625 HTTP/1.1" 200 - "-" "WordPress/6.8.1; https://ap.cleaning"
84.54.44.30 - - [16/Jul/2025:03:06:10 +0000] "GET /cleaning_services/commercial-cleaning/ HTTP/1.0" 200 75706 "https://ap.cleaning/cleaning_services/commercial-cleaning/" "Mozilla/5.0 (Windows NT 10.0; Win64; x64) AppleWebKit/537.36 (KHTML, like Gecko) Chrome/130.0.0.0 Safari/537.36 CCleaner/130.0.0.0"
84.54.44.30 - - [16/Jul/2025:03:06:15 +0000] "POST /cleaning_services/commercial-cleaning/ HTTP/1.0" 200 75796 "https://ap.cleaning/cleaning_services/commercial-cleaning/" "Mozilla/5.0 (Windows NT 10.0; Win64; x64) AppleWebKit/537.36 (KHTML, like Gecko) Chrome/130.0.0.0 Safari/537.36 CCleaner/130.0.0.0"
17.241.75.43 - - [16/Jul/2025:03:09:06 +0000] "GET /robots.txt HTTP/1.1" 200 91 "-" "Mozilla/5.0 (Macintosh; Intel Mac OS X 10_15_7) AppleWebKit/605.1.15 (KHTML, like Gecko) Version/17.4 Safari/605.1.15 (Applebot/0.1; +http://www.apple.com/go/applebot)"
209.74.77.214 - - [16/Jul/2025:03:09:08 +0000] "POST /wp-cron.php?doing_wp_cron=1752635348.4431068897247314453125 HTTP/1.1" 200 - "-" "WordPress/6.8.1; https://ap.cleaning"
17.241.75.43 - - [16/Jul/2025:03:09:06 +0000] "GET / HTTP/1.1" 200 21086 "-" "Mozilla/5.0 (Macintosh; Intel Mac OS X 10_15_7) AppleWebKit/605.1.15 (KHTML, like Gecko) Version/17.4 Safari/605.1.15 (Applebot/0.1; +http://www.apple.com/go/applebot)"
209.74.77.214 - - [16/Jul/2025:03:14:57 +0000] "POST /wp-cron.php?doing_wp_cron=1752635697.3868539333343505859375 HTTP/1.1" 200 - "-" "WordPress/6.8.1; https://ap.cleaning"
195.182.25.114 - - [16/Jul/2025:03:14:54 +0000] "GET /.git/config HTTP/1.1" 404 12537 "-" "Mozilla/5.0 (Macintosh; Intel Mac OS X 10.15; rv:128.0) Gecko/20100101 Firefox/128.0"
209.74.77.214 - - [16/Jul/2025:03:18:10 +0000] "POST /wp-cron.php?doing_wp_cron=1752635890.6465420722961425781250 HTTP/1.1" 200 - "-" "WordPress/6.8.1; https://ap.cleaning"
91.84.98.84 - - [16/Jul/2025:03:18:08 +0000] "GET /cleaning_services/commercial-cleaning/ HTTP/1.0" 200 75706 "https://ap.cleaning/cleaning_services/commercial-cleaning/" "Mozilla/5.0 (Windows NT 6.3; WOW64) AppleWebKit/537.36 (KHTML, like Gecko) Chrome/103.0.5060.114 Safari/537.36"
91.84.98.84 - - [16/Jul/2025:03:18:11 +0000] "POST /cleaning_services/commercial-cleaning/ HTTP/1.0" 200 75796 "https://ap.cleaning/cleaning_services/commercial-cleaning/" "Mozilla/5.0 (Windows NT 6.3; WOW64) AppleWebKit/537.36 (KHTML, like Gecko) Chrome/103.0.5060.114 Safari/537.36"
125.75.66.97 - - [16/Jul/2025:03:30:55 +0000] "GET / HTTP/1.1" 200 21084 "http://ap.cleaning" "Mozilla/5.0 (iPhone; CPU iPhone OS 13_2_3 like Mac OS X) AppleWebKit/605.1.15 (KHTML, like Gecko) Version/13.0.3 Mobile/15E148 Safari/604.1"
49.51.47.100 - - [16/Jul/2025:03:34:41 +0000] "GET / HTTP/1.1" 200 21088 "http://ap.cleaning" "Mozilla/5.0 (iPhone; CPU iPhone OS 13_2_3 like Mac OS X) AppleWebKit/605.1.15 (KHTML, like Gecko) Version/13.0.3 Mobile/15E148 Safari/604.1"
51.222.253.14 - - [16/Jul/2025:03:45:48 +0000] "GET /wp-sitemap.xml HTTP/1.1" 200 4206 "-" "Mozilla/5.0 (compatible; AhrefsBot/7.0; +http://ahrefs.com/robot/)"
209.74.77.214 - - [16/Jul/2025:03:46:34 +0000] "POST /wp-cron.php?doing_wp_cron=1752637594.6520109176635742187500 HTTP/1.1" 200 - "-" "WordPress/6.8.1; https://ap.cleaning"
154.82.44.162 - - [16/Jul/2025:03:46:32 +0000] "POST /xmlrpc.php HTTP/1.1" 200 403 "-" "Mozilla/5.0 (Windows NT 10.0; Win64; x64) AppleWebKit/537.36 (KHTML, like Gecko) Chrome/90.0.4430.93 Safari/537.36"
151.80.19.225 - - [16/Jul/2025:03:46:40 +0000] "POST /xmlrpc.php HTTP/1.1" 200 403 "-" "Mozilla/5.0 (Windows NT 10.0; Win64; x64) AppleWebKit/537.36 (KHTML, like Gecko) Chrome/81.0.4044.138 Safari/537.36"
34.94.173.160 - - [16/Jul/2025:03:46:50 +0000] "POST /xmlrpc.php HTTP/1.1" 200 403 "-" "Mozilla/5.0 (Windows; U; Windows NT 5.1; en-US; rv:1.7.10) Gecko/20050716 Firefox/1.0.6"
209.74.77.214 - - [16/Jul/2025:03:47:16 +0000] "POST /wp-cron.php?doing_wp_cron=1752637636.9677729606628417968750 HTTP/1.1" 200 - "-" "WordPress/6.8.1; https://ap.cleaning"
172.205.24.224 - - [16/Jul/2025:03:47:16 +0000] "POST /xmlrpc.php HTTP/1.1" 200 403 "-" "Mozilla/5.0 (Linux; Android 10; LM-Q710(FGN)) AppleWebKit/537.36 (KHTML, like Gecko) Chrome/91.0.4472.114 Mobile Safari/537.36"
209.74.77.214 - - [16/Jul/2025:03:54:48 +0000] "POST /wp-cron.php?doing_wp_cron=1752638088.3810920715332031250000 HTTP/1.1" 200 - "-" "WordPress/6.8.1; https://ap.cleaning"
31.128.76.130 - - [16/Jul/2025:03:54:46 +0000] "GET /cleaning_services/commercial-cleaning/ HTTP/1.0" 200 75706 "https://ap.cleaning/cleaning_services/commercial-cleaning/" "Mozilla/5.0 (Windows NT 10.0; Win64; x64) AppleWebKit/537.36 (KHTML, like Gecko) Chrome/130.0.0.0 Safari/537.36"
31.128.76.130 - - [16/Jul/2025:03:54:49 +0000] "POST /cleaning_services/commercial-cleaning/ HTTP/1.0" 200 75796 "https://ap.cleaning/cleaning_services/commercial-cleaning/" "Mozilla/5.0 (Windows NT 10.0; Win64; x64) AppleWebKit/537.36 (KHTML, like Gecko) Chrome/130.0.0.0 Safari/537.36"
209.74.77.214 - - [16/Jul/2025:03:58:36 +0000] "POST /wp-cron.php?doing_wp_cron=1752638315.9495229721069335937500 HTTP/1.1" 200 - "-" "WordPress/6.8.1; https://ap.cleaning"
209.74.77.214 - - [16/Jul/2025:03:58:31 +0000] "GET / HTTP/1.1" 200 122198 "-" "Mozilla/5.0 (Windows NT 10.0; Win64; x64; rv:122.0) Gecko/20100101 Firefox/122.0"
209.74.77.214 - - [16/Jul/2025:04:02:13 +0000] "POST /wp-cron.php?doing_wp_cron=1752638533.5513811111450195312500 HTTP/1.1" 200 - "-" "WordPress/6.8.1; https://ap.cleaning"
209.74.77.214 - - [16/Jul/2025:04:02:11 +0000] "POST /wp-admin/admin-ajax.php?action=wp_1_wc_privacy_cleanup&nonce=d9a91c5e6d HTTP/1.1" 200 - "-" "WordPress/6.8.1; https://ap.cleaning"
209.74.77.214 - - [16/Jul/2025:04:02:16 +0000] "POST /wp-cron.php?doing_wp_cron=1752638536.5952780246734619140625 HTTP/1.1" 200 - "-" "WordPress/6.8.1; https://ap.cleaning"
209.74.77.214 - - [16/Jul/2025:04:02:16 +0000] "GET / HTTP/1.1" 200 122198 "-" "Softaculous"
209.74.77.214 - - [16/Jul/2025:04:02:17 +0000] "GET / HTTP/1.1" 200 122198 "-" "Mozilla/5.0 (Windows NT 10.0; Win64; x64; rv:122.0) Gecko/20100101 Firefox/122.0"
209.74.77.214 - - [16/Jul/2025:04:28:28 +0000] "POST /wp-cron.php?doing_wp_cron=1752640108.2587449550628662109375 HTTP/1.1" 200 - "-" "WordPress/6.8.1; https://ap.cleaning"
212.34.132.22 - - [16/Jul/2025:04:28:26 +0000] "GET / HTTP/1.1" 301 - "-" "Mozilla/5.0 (Macintosh; Intel Mac OS X 10_15_7) AppleWebKit/537.36 (KHTML, like Gecko) Chrome/133.0.0.0 Safari/537.36"
212.34.132.22 - - [16/Jul/2025:04:28:29 +0000] "GET / HTTP/1.1" 200 21087 "https://AP.CLEANING" "Mozilla/5.0 (Macintosh; Intel Mac OS X 10_15_7) AppleWebKit/537.36 (KHTML, like Gecko) Chrome/133.0.0.0 Safari/537.36"
212.34.132.22 - - [16/Jul/2025:04:28:30 +0000] "GET /comments/feed/ HTTP/1.1" 200 414 "-" "Mozilla/5.0 (Macintosh; Intel Mac OS X 10_15_7) AppleWebKit/537.36 (KHTML, like Gecko) Chrome/133.0.0.0 Safari/537.36"
212.34.132.22 - - [16/Jul/2025:04:28:32 +0000] "GET /blog/ HTTP/1.1" 200 16434 "-" "Mozilla/5.0 (Macintosh; Intel Mac OS X 10_15_7) AppleWebKit/537.36 (KHTML, like Gecko) Chrome/133.0.0.0 Safari/537.36"
212.34.132.22 - - [16/Jul/2025:04:28:33 +0000] "GET /new-cleaning-hydrogen-peroxide-tips/ HTTP/1.1" 200 15217 "-" "Mozilla/5.0 (Macintosh; Intel Mac OS X 10_15_7) AppleWebKit/537.36 (KHTML, like Gecko) Chrome/133.0.0.0 Safari/537.36"
179.189.196.86 - - [16/Jul/2025:04:28:41 +0000] "POST /wp-comments-post.php HTTP/1.1" 200 1106 "-" "Mozilla/5.0 (Macintosh; Intel Mac OS X 10_15_7) AppleWebKit/537.36 (KHTML, like Gecko) Chrome/133.0.0.0 Safari/537.36"
179.189.196.86 - - [16/Jul/2025:04:28:46 +0000] "POST /wp-comments-post.php HTTP/1.1" 200 - "-" "Mozilla/5.0 (Windows NT 10.0; Win64; x64) AppleWebKit/537.36 (KHTML, like Gecko) Chrome/120.0.0.0 Safari/537.36"
212.34.132.22 - - [16/Jul/2025:04:28:47 +0000] "GET /wp-content/uploads/2021/08/blog-post-img-2-1.jpg HTTP/1.1" 200 101886 "-" "Mozilla/5.0 (Macintosh; Intel Mac OS X 10_15_7) AppleWebKit/537.36 (KHTML, like Gecko) Chrome/133.0.0.0 Safari/537.36"
212.34.132.22 - - [16/Jul/2025:04:28:49 +0000] "GET /wp-content/uploads/2021/08/blog-post-img-2-1-1.jpg HTTP/1.1" 200 49701 "-" "Mozilla/5.0 (Macintosh; Intel Mac OS X 10_15_7) AppleWebKit/537.36 (KHTML, like Gecko) Chrome/133.0.0.0 Safari/537.36"
212.34.132.22 - - [16/Jul/2025:04:28:50 +0000] "GET /wp-content/uploads/2021/08/blog-post-img-2-2.jpg HTTP/1.1" 200 59816 "-" "Mozilla/5.0 (Macintosh; Intel Mac OS X 10_15_7) AppleWebKit/537.36 (KHTML, like Gecko) Chrome/133.0.0.0 Safari/537.36"
212.34.132.22 - - [16/Jul/2025:04:28:50 +0000] "GET /contact-us/ HTTP/1.1" 200 15223 "-" "Mozilla/5.0 (Macintosh; Intel Mac OS X 10_15_7) AppleWebKit/537.36 (KHTML, like Gecko) Chrome/133.0.0.0 Safari/537.36"
179.189.196.86 - - [16/Jul/2025:04:28:53 +0000] "POST /contact-us/ HTTP/1.1" 200 15358 "-" "Mozilla/5.0 (Macintosh; Intel Mac OS X 10_15_7) AppleWebKit/537.36 (KHTML, like Gecko) Chrome/133.0.0.0 Safari/537.36"
179.189.196.86 - - [16/Jul/2025:04:28:56 +0000] "POST /contact-us/ HTTP/1.1" 200 15221 "-" "Mozilla/5.0 (Windows NT 10.0; Win64; x64) AppleWebKit/537.36 (KHTML, like Gecko) Chrome/120.0.0.0 Safari/537.36"
212.34.132.22 - - [16/Jul/2025:04:28:57 +0000] "GET /new-cleaning-hydrogen-peroxide-tips-2/ HTTP/1.1" 200 15176 "-" "Mozilla/5.0 (Macintosh; Intel Mac OS X 10_15_7) AppleWebKit/537.36 (KHTML, like Gecko) Chrome/133.0.0.0 Safari/537.36"
179.189.196.86 - - [16/Jul/2025:04:29:00 +0000] "POST /wp-comments-post.php HTTP/1.1" 200 1106 "-" "Mozilla/5.0 (Macintosh; Intel Mac OS X 10_15_7) AppleWebKit/537.36 (KHTML, like Gecko) Chrome/133.0.0.0 Safari/537.36"
179.189.196.86 - - [16/Jul/2025:04:29:02 +0000] "POST /wp-comments-post.php HTTP/1.1" 200 - "-" "Mozilla/5.0 (Windows NT 10.0; Win64; x64) AppleWebKit/537.36 (KHTML, like Gecko) Chrome/120.0.0.0 Safari/537.36"
212.34.132.22 - - [16/Jul/2025:04:29:03 +0000] "GET /new-cleaning-hydrogen-peroxide-tips-2/feed/ HTTP/1.1" 200 453 "-" "Mozilla/5.0 (Macintosh; Intel Mac OS X 10_15_7) AppleWebKit/537.36 (KHTML, like Gecko) Chrome/133.0.0.0 Safari/537.36"
212.34.132.22 - - [16/Jul/2025:04:29:04 +0000] "GET /new-cleaning-hydrogen-peroxide-tips-2/ HTTP/1.1" 200 15176 "-" "Mozilla/5.0 (Macintosh; Intel Mac OS X 10_15_7) AppleWebKit/537.36 (KHTML, like Gecko) Chrome/133.0.0.0 Safari/537.36"
209.74.77.214 - - [16/Jul/2025:04:46:23 +0000] "POST /wp-cron.php?doing_wp_cron=1752641183.3626010417938232421875 HTTP/1.1" 200 - "-" "WordPress/6.8.1; https://ap.cleaning"
195.182.25.114 - - [16/Jul/2025:04:46:21 +0000] "GET /.git/config HTTP/1.1" 404 12535 "-" "Mozilla/5.0 (Windows NT 10.0; Win64; x64; rv:102.0) Gecko/20100101 Firefox/102.0"
66.249.74.2 - - [16/Jul/2025:04:46:29 +0000] "GET /order-form/ HTTP/1.1" 200 19376 "-" "Mozilla/5.0 (Linux; Android 6.0.1; Nexus 5X Build/MMB29P) AppleWebKit/537.36 (KHTML, like Gecko) Chrome/137.0.7151.103 Mobile Safari/537.36 (compatible; Googlebot/2.1; +http://www.google.com/bot.html)"
209.74.77.214 - - [16/Jul/2025:04:59:17 +0000] "POST /wp-cron.php?doing_wp_cron=1752641957.1319129467010498046875 HTTP/1.1" 200 - "-" "WordPress/6.8.1; https://ap.cleaning"
134.17.14.12 - - [16/Jul/2025:04:59:15 +0000] "GET /userfuns.php HTTP/1.1" 404 12537 "-" "Mozilla/4.0 (compatible; MSIE 6.0; Windows NT 5.1; SV1)"
209.74.77.214 - - [16/Jul/2025:05:18:23 +0000] "POST /wp-cron.php?doing_wp_cron=1752643103.9489839076995849609375 HTTP/1.1" 200 - "-" "WordPress/6.8.1; https://ap.cleaning"
185.157.213.215 - - [16/Jul/2025:05:18:21 +0000] "GET /cleaning_services/commercial-cleaning/ HTTP/1.0" 200 75706 "https://ap.cleaning/cleaning_services/commercial-cleaning/" "Mozilla/5.0 (Windows NT 10.0; Win64; x64) AppleWebKit/537.36 (KHTML, like Gecko) Chrome/129.0.0.0 Safari/537.36"
185.157.213.215 - - [16/Jul/2025:05:18:25 +0000] "POST /cleaning_services/commercial-cleaning/ HTTP/1.0" 200 75796 "https://ap.cleaning/cleaning_services/commercial-cleaning/" "Mozilla/5.0 (Windows NT 10.0; Win64; x64) AppleWebKit/537.36 (KHTML, like Gecko) Chrome/129.0.0.0 Safari/537.36"
209.74.77.214 - - [16/Jul/2025:05:20:29 +0000] "POST /wp-cron.php?doing_wp_cron=1752643229.9226229190826416015625 HTTP/1.1" 200 - "-" "WordPress/6.8.1; https://ap.cleaning"
185.157.213.215 - - [16/Jul/2025:05:20:27 +0000] "GET /cleaning_services/commercial-cleaning/ HTTP/1.0" 200 75706 "https://ap.cleaning/cleaning_services/commercial-cleaning/" "Mozilla/5.0 (Windows NT 10.0; Win64; x64) AppleWebKit/537.36 (KHTML, like Gecko) Chrome/130.0.0.0 Safari/537.36"
185.157.213.215 - - [16/Jul/2025:05:20:30 +0000] "POST /cleaning_services/commercial-cleaning/ HTTP/1.0" 200 75796 "https://ap.cleaning/cleaning_services/commercial-cleaning/" "Mozilla/5.0 (Windows NT 10.0; Win64; x64) AppleWebKit/537.36 (KHTML, like Gecko) Chrome/130.0.0.0 Safari/537.36"
209.74.77.214 - - [16/Jul/2025:05:36:15 +0000] "POST /wp-cron.php?doing_wp_cron=1752644175.6642489433288574218750 HTTP/1.1" 200 - "-" "WordPress/6.8.1; https://ap.cleaning"
51.222.253.11 - - [16/Jul/2025:05:36:13 +0000] "GET /cleaning_services/house-cleaning/ HTTP/1.1" 200 16232 "-" "Mozilla/5.0 (compatible; AhrefsBot/7.0; +http://ahrefs.com/robot/)"
51.222.253.19 - - [16/Jul/2025:05:36:49 +0000] "GET /wp-content/themes/cleaning-services/style.css?ver=1752644175 HTTP/1.1" 200 38492 "-" "Mozilla/5.0 (compatible; AhrefsBot/7.0; +http://ahrefs.com/robot/)"
51.222.253.15 - - [16/Jul/2025:05:36:50 +0000] "GET /wp-content/themes/cleaning-services/js/custom.js?ver=1752644175 HTTP/1.1" 200 7946 "-" "Mozilla/5.0 (compatible; AhrefsBot/7.0; +http://ahrefs.com/robot/)"
51.222.253.12 - - [16/Jul/2025:05:36:51 +0000] "GET /wp-content/uploads/elementor/css/post-855.css?ver=1752188237 HTTP/1.1" 200 363 "-" "Mozilla/5.0 (compatible; AhrefsBot/7.0; +http://ahrefs.com/robot/)"
51.222.253.15 - - [16/Jul/2025:05:36:52 +0000] "GET /wp-content/uploads/2021/08/service-page-2-img.jpg HTTP/1.1" 200 95311 "-" "Mozilla/5.0 (compatible; AhrefsBot/7.0; +http://ahrefs.com/robot/)"
51.222.253.6 - - [16/Jul/2025:05:36:54 +0000] "GET /wp-content/themes/cleaning-services/fonts/style.css?ver=1752644175 HTTP/1.1" 200 1087 "-" "Mozilla/5.0 (compatible; AhrefsBot/7.0; +http://ahrefs.com/robot/)"
51.222.253.20 - - [16/Jul/2025:05:36:55 +0000] "GET /wp-content/themes/cleaning-services/js/forms.js?ver=1752644175 HTTP/1.1" 200 1505 "-" "Mozilla/5.0 (compatible; AhrefsBot/7.0; +http://ahrefs.com/robot/)"
51.222.253.6 - - [16/Jul/2025:05:36:56 +0000] "GET /wp-content/themes/cleaning-services/css/shop.css?ver=1752644175 HTTP/1.1" 200 7313 "-" "Mozilla/5.0 (compatible; AhrefsBot/7.0; +http://ahrefs.com/robot/)"
66.249.74.1 - - [16/Jul/2025:05:38:48 +0000] "GET /cleaning_services/after-renovation/ HTTP/1.1" 200 20072 "-" "Mozilla/5.0 (Linux; Android 6.0.1; Nexus 5X Build/MMB29P) AppleWebKit/537.36 (KHTML, like Gecko) Chrome/137.0.7151.103 Mobile Safari/537.36 (compatible; Googlebot/2.1; +http://www.google.com/bot.html)"
209.74.77.214 - - [16/Jul/2025:05:43:04 +0000] "POST /wp-cron.php?doing_wp_cron=1752644584.0108380317687988281250 HTTP/1.1" 200 - "-" "WordPress/6.8.1; https://ap.cleaning"
209.74.77.214 - - [16/Jul/2025:05:43:15 +0000] "HEAD / HTTP/1.1" 200 - "-" "-"
209.74.77.214 - - [16/Jul/2025:05:43:16 +0000] "POST /wp-cron.php?doing_wp_cron=1752644596.0525150299072265625000 HTTP/1.1" 200 - "-" "WordPress/6.8.1; https://ap.cleaning"
66.249.74.2 - - [16/Jul/2025:05:43:17 +0000] "GET /apartment-therapy-mom-wisdom-taking-care-home/ HTTP/1.1" 200 20832 "-" "Mozilla/5.0 (Linux; Android 6.0.1; Nexus 5X Build/MMB29P) AppleWebKit/537.36 (KHTML, like Gecko) Chrome/137.0.7151.103 Mobile Safari/537.36 (compatible; Googlebot/2.1; +http://www.google.com/bot.html)"
209.74.77.214 - - [16/Jul/2025:05:43:18 +0000] "POST /wp-admin/upgrade.php?step=upgrade_db HTTP/1.1" 404 12595 "-" "WordPress/6.8.1; https://ap.cleaning"
209.74.77.214 - - [16/Jul/2025:05:43:22 +0000] "HEAD / HTTP/1.1" 200 - "-" "-"
35.165.181.220 - - [16/Jul/2025:05:48:08 +0000] "GET / HTTP/1.1" 200 21148 "http://ap.cleaning" "Mozilla/5.0 (Linux; Android 8.0.0; SM-G965U Build/R16NW) AppleWebKit/537.36 (KHTML, like Gecko) Chrome/63.0.3239.111 Mobile Safari/537.36"
209.74.77.214 - - [16/Jul/2025:05:49:53 +0000] "POST /wp-cron.php?doing_wp_cron=1752644993.2989699840545654296875 HTTP/1.1" 200 - "-" "WordPress/6.8.2; https://ap.cleaning"
66.249.74.2 - - [16/Jul/2025:05:49:51 +0000] "POST /get-message-notify HTTP/1.1" 404 12597 "https://ap.cleaning/cleaning_services/after-renovation/" "Mozilla/5.0 (Linux; Android 6.0.1; Nexus 5X Build/MMB29P) AppleWebKit/537.36 (KHTML, like Gecko) Chrome/137.0.7151.119 Mobile Safari/537.36 (compatible; Googlebot/2.1; +http://www.google.com/bot.html)"
209.74.77.214 - - [16/Jul/2025:05:50:28 +0000] "POST /wp-cron.php?doing_wp_cron=1752645028.1931860446929931640625 HTTP/1.1" 200 - "-" "WordPress/6.8.2; https://ap.cleaning"
134.35.18.237 - - [16/Jul/2025:05:55:02 +0000] "POST /wp-comments-post.php HTTP/1.1" 302 - "-" "Mozilla/5.0 (Windows NT 10.0; Win64; x64) AppleWebKit/537.36 (KHTML, like Gecko) Chrome/120.0.0.0 Safari/537.36"
209.74.77.214 - - [16/Jul/2025:05:55:30 +0000] "POST /wp-cron.php?doing_wp_cron=1752645330.3492860794067382812500 HTTP/1.1" 200 - "-" "WordPress/6.8.2; https://ap.cleaning"
134.35.18.237 - - [16/Jul/2025:05:55:30 +0000] "POST /wp-comments-post.php HTTP/1.1" 302 - "-" "Mozilla/5.0 (Windows NT 10.0; Win64; x64) AppleWebKit/537.36 (KHTML, like Gecko) Chrome/120.0.0.0 Safari/537.36"
66.249.74.3 - - [16/Jul/2025:05:55:43 +0000] "GET /try-good-enough-method-clean-kitchen/ HTTP/1.1" 200 15538 "-" "Mozilla/5.0 (Linux; Android 6.0.1; Nexus 5X Build/MMB29P) AppleWebKit/537.36 (KHTML, like Gecko) Chrome/137.0.7151.103 Mobile Safari/537.36 (compatible; Googlebot/2.1; +http://www.google.com/bot.html)"
66.249.74.1 - - [16/Jul/2025:05:55:57 +0000] "GET /wp-content/themes/cleaning-services/css/vendor/animate.min.css HTTP/1.1" 200 4553 "https://ap.cleaning/try-good-enough-method-clean-kitchen/" "Mozilla/5.0 (Linux; Android 6.0.1; Nexus 5X Build/MMB29P) AppleWebKit/537.36 (KHTML, like Gecko) Chrome/137.0.7151.119 Mobile Safari/537.36 (compatible; Googlebot/2.1; +http://www.google.com/bot.html)"
66.249.74.2 - - [16/Jul/2025:05:55:58 +0000] "GET /wp-content/themes/cleaning-services/css/vendor/lightbox.css HTTP/1.1" 200 1104 "https://ap.cleaning/try-good-enough-method-clean-kitchen/" "Mozilla/5.0 (Linux; Android 6.0.1; Nexus 5X Build/MMB29P) AppleWebKit/537.36 (KHTML, like Gecko) Chrome/137.0.7151.119 Mobile Safari/537.36 (compatible; Googlebot/2.1; +http://www.google.com/bot.html)"
66.249.74.2 - - [16/Jul/2025:05:55:58 +0000] "GET /wp-content/plugins/woocommerce/assets/css/brands.css?ver=10.0.2 HTTP/1.1" 200 684 "https://ap.cleaning/try-good-enough-method-clean-kitchen/" "Mozilla/5.0 (Linux; Android 6.0.1; Nexus 5X Build/MMB29P) AppleWebKit/537.36 (KHTML, like Gecko) Chrome/137.0.7151.119 Mobile Safari/537.36 (compatible; Googlebot/2.1; +http://www.google.com/bot.html)"
66.249.74.2 - - [16/Jul/2025:05:55:58 +0000] "GET /wp-includes/css/dist/block-library/style.min.css?ver=6.8.2 HTTP/1.1" 200 15315 "https://ap.cleaning/try-good-enough-method-clean-kitchen/" "Mozilla/5.0 (Linux; Android 6.0.1; Nexus 5X Build/MMB29P) AppleWebKit/537.36 (KHTML, like Gecko) Chrome/137.0.7151.119 Mobile Safari/537.36 (compatible; Googlebot/2.1; +http://www.google.com/bot.html)"
66.249.74.1 - - [16/Jul/2025:05:55:58 +0000] "GET /wp-content/plugins/woocommerce/assets/css/woocommerce-layout.css?ver=10.0.2 HTTP/1.1" 200 3414 "https://ap.cleaning/try-good-enough-method-clean-kitchen/" "Mozilla/5.0 (Linux; Android 6.0.1; Nexus 5X Build/MMB29P) AppleWebKit/537.36 (KHTML, like Gecko) Chrome/137.0.7151.119 Mobile Safari/537.36 (compatible; Googlebot/2.1; +http://www.google.com/bot.html)"
66.249.74.1 - - [16/Jul/2025:05:55:58 +0000] "GET /wp-content/plugins/leadconnector/public/js/lc-public.js?ver=3.0.10.1 HTTP/1.1" 200 1322 "https://ap.cleaning/try-good-enough-method-clean-kitchen/" "Mozilla/5.0 (Linux; Android 6.0.1; Nexus 5X Build/MMB29P) AppleWebKit/537.36 (KHTML, like Gecko) Chrome/137.0.7151.119 Mobile Safari/537.36 (compatible; Googlebot/2.1; +http://www.google.com/bot.html)"
66.249.74.1 - - [16/Jul/2025:05:55:58 +0000] "GET /wp-content/plugins/woocommerce/assets/css/woocommerce-smallscreen.css?ver=10.0.2 HTTP/1.1" 200 1279 "https://ap.cleaning/try-good-enough-method-clean-kitchen/" "Mozilla/5.0 (Linux; Android 6.0.1; Nexus 5X Build/MMB29P) AppleWebKit/537.36 (KHTML, like Gecko) Chrome/137.0.7151.119 Mobile Safari/537.36 (compatible; Googlebot/2.1; +http://www.google.com/bot.html)"
66.249.74.2 - - [16/Jul/2025:05:55:58 +0000] "GET /wp-includes/css/dashicons.min.css?ver=6.8.2 HTTP/1.1" 200 35730 "https://ap.cleaning/try-good-enough-method-clean-kitchen/" "Mozilla/5.0 (Linux; Android 6.0.1; Nexus 5X Build/MMB29P) AppleWebKit/537.36 (KHTML, like Gecko) Chrome/137.0.7151.119 Mobile Safari/537.36 (compatible; Googlebot/2.1; +http://www.google.com/bot.html)"
66.249.74.1 - - [16/Jul/2025:05:55:58 +0000] "GET /wp-content/plugins/woocommerce/assets/css/woocommerce.css?ver=10.0.2 HTTP/1.1" 200 10826 "https://ap.cleaning/try-good-enough-method-clean-kitchen/" "Mozilla/5.0 (Linux; Android 6.0.1; Nexus 5X Build/MMB29P) AppleWebKit/537.36 (KHTML, like Gecko) Chrome/137.0.7151.119 Mobile Safari/537.36 (compatible; Googlebot/2.1; +http://www.google.com/bot.html)"
66.249.74.2 - - [16/Jul/2025:05:55:58 +0000] "GET /wp-content/plugins/woocommerce/assets/client/blocks/wc-blocks.css?ver=wc-10.0.2 HTTP/1.1" 200 2575 "https://ap.cleaning/try-good-enough-method-clean-kitchen/" "Mozilla/5.0 (Linux; Android 6.0.1; Nexus 5X Build/MMB29P) AppleWebKit/537.36 (KHTML, like Gecko) Chrome/137.0.7151.119 Mobile Safari/537.36 (compatible; Googlebot/2.1; +http://www.google.com/bot.html)"
66.249.74.2 - - [16/Jul/2025:05:55:59 +0000] "GET /wp-content/plugins/cleaning_services-core/elementor-addons/assets/css/style.css?ver=6.8.2 HTTP/1.1" 200 2011 "https://ap.cleaning/try-good-enough-method-clean-kitchen/" "Mozilla/5.0 (Linux; Android 6.0.1; Nexus 5X Build/MMB29P) AppleWebKit/537.36 (KHTML, like Gecko) Chrome/137.0.7151.119 Mobile Safari/537.36 (compatible; Googlebot/2.1; +http://www.google.com/bot.html)"
66.249.74.1 - - [16/Jul/2025:05:55:59 +0000] "GET /wp-content/plugins/cleaning_services-core/elementor-addons/assets/js/addons-script.js?ver=6.8.2 HTTP/1.1" 200 2159 "https://ap.cleaning/try-good-enough-method-clean-kitchen/" "Mozilla/5.0 (Linux; Android 6.0.1; Nexus 5X Build/MMB29P) AppleWebKit/537.36 (KHTML, like Gecko) Chrome/137.0.7151.119 Mobile Safari/537.36 (compatible; Googlebot/2.1; +http://www.google.com/bot.html)"
66.249.74.2 - - [16/Jul/2025:05:55:59 +0000] "GET /wp-content/plugins/woocommerce/assets/js/sourcebuster/sourcebuster.min.js?ver=10.0.2 HTTP/1.1" 200 4807 "https://ap.cleaning/try-good-enough-method-clean-kitchen/" "Mozilla/5.0 (Linux; Android 6.0.1; Nexus 5X Build/MMB29P) AppleWebKit/537.36 (KHTML, like Gecko) Chrome/137.0.7151.119 Mobile Safari/537.36 (compatible; Googlebot/2.1; +http://www.google.com/bot.html)"
66.249.74.2 - - [16/Jul/2025:05:55:59 +0000] "GET /wp-content/themes/cleaning-services/js/vendor/bootstrap.min.js?ver=6.8.2 HTTP/1.1" 200 9833 "https://ap.cleaning/try-good-enough-method-clean-kitchen/" "Mozilla/5.0 (Linux; Android 6.0.1; Nexus 5X Build/MMB29P) AppleWebKit/537.36 (KHTML, like Gecko) Chrome/137.0.7151.119 Mobile Safari/537.36 (compatible; Googlebot/2.1; +http://www.google.com/bot.html)"
66.249.74.2 - - [16/Jul/2025:05:55:59 +0000] "GET /wp-content/plugins/contact-form-7/includes/js/index.js?ver=6.1 HTTP/1.1" 200 4265 "https://ap.cleaning/try-good-enough-method-clean-kitchen/" "Mozilla/5.0 (Linux; Android 6.0.1; Nexus 5X Build/MMB29P) AppleWebKit/537.36 (KHTML, like Gecko) Chrome/137.0.7151.119 Mobile Safari/537.36 (compatible; Googlebot/2.1; +http://www.google.com/bot.html)"
66.249.74.1 - - [16/Jul/2025:05:55:59 +0000] "GET /wp-includes/js/dist/i18n.min.js?ver=5e580eb46a90c2b997e6 HTTP/1.1" 200 3667 "https://ap.cleaning/try-good-enough-method-clean-kitchen/" "Mozilla/5.0 (Linux; Android 6.0.1; Nexus 5X Build/MMB29P) AppleWebKit/537.36 (KHTML, like Gecko) Chrome/137.0.7151.119 Mobile Safari/537.36 (compatible; Googlebot/2.1; +http://www.google.com/bot.html)"
66.249.74.1 - - [16/Jul/2025:05:56:00 +0000] "GET /wp-content/themes/cleaning-services/js/vendor/nouislider.min.js?ver=6.8.2 HTTP/1.1" 200 7754 "https://ap.cleaning/try-good-enough-method-clean-kitchen/" "Mozilla/5.0 (Linux; Android 6.0.1; Nexus 5X Build/MMB29P) AppleWebKit/537.36 (KHTML, like Gecko) Chrome/137.0.7151.119 Mobile Safari/537.36 (compatible; Googlebot/2.1; +http://www.google.com/bot.html)"
66.249.74.2 - - [16/Jul/2025:05:56:00 +0000] "GET /wp-content/themes/cleaning-services/js/vendor/isotope.pkgd.min.js?ver=6.8.2 HTTP/1.1" 200 11048 "https://ap.cleaning/try-good-enough-method-clean-kitchen/" "Mozilla/5.0 (Linux; Android 6.0.1; Nexus 5X Build/MMB29P) AppleWebKit/537.36 (KHTML, like Gecko) Chrome/137.0.7151.119 Mobile Safari/537.36 (compatible; Googlebot/2.1; +http://www.google.com/bot.html)"
66.249.74.1 - - [16/Jul/2025:05:56:00 +0000] "GET /wp-content/themes/cleaning-services/js/vendor/bootstrap-datetimepicker.min.js?ver=6.8.2 HTTP/1.1" 200 9494 "https://ap.cleaning/try-good-enough-method-clean-kitchen/" "Mozilla/5.0 (Linux; Android 6.0.1; Nexus 5X Build/MMB29P) AppleWebKit/537.36 (KHTML, like Gecko) Chrome/137.0.7151.119 Mobile Safari/537.36 (compatible; Googlebot/2.1; +http://www.google.com/bot.html)"
66.249.74.1 - - [16/Jul/2025:05:56:00 +0000] "GET /wp-includes/js/comment-reply.min.js?ver=6.8.2 HTTP/1.1" 200 1375 "https://ap.cleaning/try-good-enough-method-clean-kitchen/" "Mozilla/5.0 (Linux; Android 6.0.1; Nexus 5X Build/MMB29P) AppleWebKit/537.36 (KHTML, like Gecko) Chrome/137.0.7151.119 Mobile Safari/537.36 (compatible; Googlebot/2.1; +http://www.google.com/bot.html)"
66.249.74.2 - - [16/Jul/2025:05:56:00 +0000] "GET /wp-content/themes/cleaning-services/js/vendor/slick.min.js?ver=6.8.2 HTTP/1.1" 200 8907 "https://ap.cleaning/try-good-enough-method-clean-kitchen/" "Mozilla/5.0 (Linux; Android 6.0.1; Nexus 5X Build/MMB29P) AppleWebKit/537.36 (KHTML, like Gecko) Chrome/137.0.7151.119 Mobile Safari/537.36 (compatible; Googlebot/2.1; +http://www.google.com/bot.html)"
66.249.74.2 - - [16/Jul/2025:05:56:00 +0000] "GET /wp-includes/js/jquery/ui/checkboxradio.min.js?ver=1.13.3 HTTP/1.1" 200 1422 "https://ap.cleaning/try-good-enough-method-clean-kitchen/" "Mozilla/5.0 (Linux; Android 6.0.1; Nexus 5X Build/MMB29P) AppleWebKit/537.36 (KHTML, like Gecko) Chrome/137.0.7151.119 Mobile Safari/537.36 (compatible; Googlebot/2.1; +http://www.google.com/bot.html)"
66.249.74.1 - - [16/Jul/2025:05:56:01 +0000] "GET /wp-content/themes/cleaning-services/js/vendor/jquery.doubletaptogo.min.js?ver=6.8.2 HTTP/1.1" 200 480 "https://ap.cleaning/try-good-enough-method-clean-kitchen/" "Mozilla/5.0 (Linux; Android 6.0.1; Nexus 5X Build/MMB29P) AppleWebKit/537.36 (KHTML, like Gecko) Chrome/137.0.7151.119 Mobile Safari/537.36 (compatible; Googlebot/2.1; +http://www.google.com/bot.html)"
66.249.74.1 - - [16/Jul/2025:05:56:01 +0000] "GET /wp-content/themes/cleaning-services/js/vendor/lightbox.min.js?ver=6.8.2 HTTP/1.1" 200 2871 "https://ap.cleaning/try-good-enough-method-clean-kitchen/" "Mozilla/5.0 (Linux; Android 6.0.1; Nexus 5X Build/MMB29P) AppleWebKit/537.36 (KHTML, like Gecko) Chrome/137.0.7151.119 Mobile Safari/537.36 (compatible; Googlebot/2.1; +http://www.google.com/bot.html)"
66.249.74.2 - - [16/Jul/2025:05:56:01 +0000] "GET /wp-includes/js/jquery/jquery.form.min.js?ver=4.3.0 HTTP/1.1" 200 5958 "https://ap.cleaning/try-good-enough-method-clean-kitchen/" "Mozilla/5.0 (Linux; Android 6.0.1; Nexus 5X Build/MMB29P) AppleWebKit/537.36 (KHTML, like Gecko) Chrome/137.0.7151.119 Mobile Safari/537.36 (compatible; Googlebot/2.1; +http://www.google.com/bot.html)"
66.249.74.2 - - [16/Jul/2025:05:56:01 +0000] "GET /wp-content/plugins/woocommerce/assets/js/jquery-blockui/jquery.blockUI.min.js?ver=2.7.0-wc.10.0.2 HTTP/1.1" 200 3537 "https://ap.cleaning/try-good-enough-method-clean-kitchen/" "Mozilla/5.0 (Linux; Android 6.0.1; Nexus 5X Build/MMB29P) AppleWebKit/537.36 (KHTML, like Gecko) Chrome/137.0.7151.119 Mobile Safari/537.36 (compatible; Googlebot/2.1; +http://www.google.com/bot.html)"
66.249.74.2 - - [16/Jul/2025:05:56:01 +0000] "GET /wp-content/themes/cleaning-services/js/vendor/wNumb.js?ver=6.8.2 HTTP/1.1" 200 2807 "https://ap.cleaning/try-good-enough-method-clean-kitchen/" "Mozilla/5.0 (Linux; Android 6.0.1; Nexus 5X Build/MMB29P) AppleWebKit/537.36 (KHTML, like Gecko) Chrome/137.0.7151.119 Mobile Safari/537.36 (compatible; Googlebot/2.1; +http://www.google.com/bot.html)"
66.249.74.1 - - [16/Jul/2025:05:56:01 +0000] "GET /wp-content/themes/cleaning-services/js/vendor/jquery.elevateZoom-3.0.8.min.js?ver=6.8.2 HTTP/1.1" 200 6198 "https://ap.cleaning/try-good-enough-method-clean-kitchen/" "Mozilla/5.0 (Linux; Android 6.0.1; Nexus 5X Build/MMB29P) AppleWebKit/537.36 (KHTML, like Gecko) Chrome/137.0.7151.119 Mobile Safari/537.36 (compatible; Googlebot/2.1; +http://www.google.com/bot.html)"
66.249.74.1 - - [16/Jul/2025:05:56:02 +0000] "GET /wp-content/themes/cleaning-services/js/vendor/jquery.waypoints.min.js?ver=6.8.2 HTTP/1.1" 200 2671 "https://ap.cleaning/try-good-enough-method-clean-kitchen/" "Mozilla/5.0 (Linux; Android 6.0.1; Nexus 5X Build/MMB29P) AppleWebKit/537.36 (KHTML, like Gecko) Chrome/137.0.7151.119 Mobile Safari/537.36 (compatible; Googlebot/2.1; +http://www.google.com/bot.html)"
66.249.74.1 - - [16/Jul/2025:05:56:02 +0000] "GET /wp-includes/js/imagesloaded.min.js?ver=5.0.0 HTTP/1.1" 200 1803 "https://ap.cleaning/try-good-enough-method-clean-kitchen/" "Mozilla/5.0 (Linux; Android 6.0.1; Nexus 5X Build/MMB29P) AppleWebKit/537.36 (KHTML, like Gecko) Chrome/137.0.7151.119 Mobile Safari/537.36 (compatible; Googlebot/2.1; +http://www.google.com/bot.html)"
66.249.74.1 - - [16/Jul/2025:05:56:02 +0000] "GET /wp-content/plugins/woocommerce/assets/js/frontend/add-to-cart.min.js?ver=10.0.2 HTTP/1.1" 200 1407 "https://ap.cleaning/try-good-enough-method-clean-kitchen/" "Mozilla/5.0 (Linux; Android 6.0.1; Nexus 5X Build/MMB29P) AppleWebKit/537.36 (KHTML, like Gecko) Chrome/137.0.7151.119 Mobile Safari/537.36 (compatible; Googlebot/2.1; +http://www.google.com/bot.html)"
66.249.74.1 - - [16/Jul/2025:05:56:02 +0000] "GET /wp-content/themes/cleaning-services/js/vendor/jquery.print.js?ver=6.8.2 HTTP/1.1" 200 2703 "https://ap.cleaning/try-good-enough-method-clean-kitchen/" "Mozilla/5.0 (Linux; Android 6.0.1; Nexus 5X Build/MMB29P) AppleWebKit/537.36 (KHTML, like Gecko) Chrome/137.0.7151.119 Mobile Safari/537.36 (compatible; Googlebot/2.1; +http://www.google.com/bot.html)"
66.249.74.1 - - [16/Jul/2025:05:56:02 +0000] "GET /wp-content/plugins/woocommerce/assets/js/frontend/order-attribution.min.js?ver=10.0.2 HTTP/1.1" 200 1128 "https://ap.cleaning/try-good-enough-method-clean-kitchen/" "Mozilla/5.0 (Linux; Android 6.0.1; Nexus 5X Build/MMB29P) AppleWebKit/537.36 (KHTML, like Gecko) Chrome/137.0.7151.119 Mobile Safari/537.36 (compatible; Googlebot/2.1; +http://www.google.com/bot.html)"
66.249.74.1 - - [16/Jul/2025:05:56:02 +0000] "GET /wp-content/plugins/woocommerce/assets/js/frontend/woocommerce.min.js?ver=10.0.2 HTTP/1.1" 200 1532 "https://ap.cleaning/try-good-enough-method-clean-kitchen/" "Mozilla/5.0 (Linux; Android 6.0.1; Nexus 5X Build/MMB29P) AppleWebKit/537.36 (KHTML, like Gecko) Chrome/137.0.7151.119 Mobile Safari/537.36 (compatible; Googlebot/2.1; +http://www.google.com/bot.html)"
66.249.74.1 - - [16/Jul/2025:05:56:03 +0000] "GET /wp-content/themes/cleaning-services/js/vendor/jquery.countTo.js?ver=6.8.2 HTTP/1.1" 200 900 "https://ap.cleaning/try-good-enough-method-clean-kitchen/" "Mozilla/5.0 (Linux; Android 6.0.1; Nexus 5X Build/MMB29P) AppleWebKit/537.36 (KHTML, like Gecko) Chrome/137.0.7151.119 Mobile Safari/537.36 (compatible; Googlebot/2.1; +http://www.google.com/bot.html)"
66.249.74.1 - - [16/Jul/2025:05:56:03 +0000] "GET /wp-content/themes/cleaning-services/js/vendor/jquery.dotdotdot.min.js?ver=6.8.2 HTTP/1.1" 200 2796 "https://ap.cleaning/try-good-enough-method-clean-kitchen/" "Mozilla/5.0 (Linux; Android 6.0.1; Nexus 5X Build/MMB29P) AppleWebKit/537.36 (KHTML, like Gecko) Chrome/137.0.7151.119 Mobile Safari/537.36 (compatible; Googlebot/2.1; +http://www.google.com/bot.html)"
66.249.74.1 - - [16/Jul/2025:05:56:03 +0000] "GET /wp-content/plugins/woocommerce/assets/js/js-cookie/js.cookie.min.js?ver=2.1.4-wc.10.0.2 HTTP/1.1" 200 833 "https://ap.cleaning/try-good-enough-method-clean-kitchen/" "Mozilla/5.0 (Linux; Android 6.0.1; Nexus 5X Build/MMB29P) AppleWebKit/537.36 (KHTML, like Gecko) Chrome/137.0.7151.119 Mobile Safari/537.36 (compatible; Googlebot/2.1; +http://www.google.com/bot.html)"
66.249.74.1 - - [16/Jul/2025:05:56:03 +0000] "GET /wp-content/themes/cleaning-services/js/vendor/jquery.validate.min.js?ver=6.8.2 HTTP/1.1" 200 6362 "https://ap.cleaning/try-good-enough-method-clean-kitchen/" "Mozilla/5.0 (Linux; Android 6.0.1; Nexus 5X Build/MMB29P) AppleWebKit/537.36 (KHTML, like Gecko) Chrome/137.0.7151.119 Mobile Safari/537.36 (compatible; Googlebot/2.1; +http://www.google.com/bot.html)"
66.249.74.1 - - [16/Jul/2025:05:56:04 +0000] "GET /wp-includes/js/wp-emoji-release.min.js?ver=6.8.2 HTTP/1.1" 200 5163 "https://ap.cleaning/try-good-enough-method-clean-kitchen/" "Mozilla/5.0 (Linux; Android 6.0.1; Nexus 5X Build/MMB29P) AppleWebKit/537.36 (KHTML, like Gecko) Chrome/137.0.7151.119 Mobile Safari/537.36 (compatible; Googlebot/2.1; +http://www.google.com/bot.html)"
134.35.18.237 - - [16/Jul/2025:05:56:05 +0000] "POST /wp-comments-post.php HTTP/1.1" 302 - "-" "Mozilla/5.0 (Windows NT 10.0; Win64; x64) AppleWebKit/537.36 (KHTML, like Gecko) Chrome/120.0.0.0 Safari/537.36"
209.74.77.214 - - [16/Jul/2025:05:56:32 +0000] "POST /wp-cron.php?doing_wp_cron=1752645392.7540409564971923828125 HTTP/1.1" 200 - "-" "WordPress/6.8.2; https://ap.cleaning"
134.35.18.237 - - [16/Jul/2025:05:56:32 +0000] "POST /wp-comments-post.php HTTP/1.1" 302 - "-" "Mozilla/5.0 (Windows NT 10.0; Win64; x64) AppleWebKit/537.36 (KHTML, like Gecko) Chrome/120.0.0.0 Safari/537.36"
134.35.18.237 - - [16/Jul/2025:05:57:00 +0000] "POST /wp-comments-post.php HTTP/1.1" 302 - "-" "Mozilla/5.0 (Windows NT 10.0; Win64; x64) AppleWebKit/537.36 (KHTML, like Gecko) Chrome/120.0.0.0 Safari/537.36"
209.74.77.214 - - [16/Jul/2025:05:57:27 +0000] "POST /wp-cron.php?doing_wp_cron=1752645447.4058840274810791015625 HTTP/1.1" 200 - "-" "WordPress/6.8.2; https://ap.cleaning"
134.35.18.237 - - [16/Jul/2025:05:57:27 +0000] "POST /wp-comments-post.php HTTP/1.1" 302 - "-" "Mozilla/5.0 (Windows NT 10.0; Win64; x64) AppleWebKit/537.36 (KHTML, like Gecko) Chrome/120.0.0.0 Safari/537.36"
134.35.18.237 - - [16/Jul/2025:05:57:54 +0000] "POST /wp-comments-post.php HTTP/1.1" 302 - "-" "Mozilla/5.0 (Windows NT 10.0; Win64; x64) AppleWebKit/537.36 (KHTML, like Gecko) Chrome/120.0.0.0 Safari/537.36"
209.74.77.214 - - [16/Jul/2025:05:58:23 +0000] "POST /wp-cron.php?doing_wp_cron=1752645503.2535231113433837890625 HTTP/1.1" 200 - "-" "WordPress/6.8.2; https://ap.cleaning"
134.35.18.237 - - [16/Jul/2025:05:58:23 +0000] "POST /wp-comments-post.php HTTP/1.1" 302 - "-" "Mozilla/5.0 (Windows NT 10.0; Win64; x64) AppleWebKit/537.36 (KHTML, like Gecko) Chrome/120.0.0.0 Safari/537.36"
134.35.18.237 - - [16/Jul/2025:05:58:50 +0000] "POST /wp-comments-post.php HTTP/1.1" 302 - "-" "Mozilla/5.0 (Windows NT 10.0; Win64; x64) AppleWebKit/537.36 (KHTML, like Gecko) Chrome/120.0.0.0 Safari/537.36"
93.158.90.31 - - [16/Jul/2025:06:03:45 +0000] "GET / HTTP/1.1" 200 21148 "http://ap.cleaning/" "Mozilla/5.0 (Windows NT 10.0; Win64; x64; rv:123.0) Gecko/20100101 Firefox/123"
175.6.217.4 - - [16/Jul/2025:06:42:25 +0000] "GET / HTTP/1.1" 200 21148 "http://www.ap.cleaning" "Mozilla/5.0 (iPhone; CPU iPhone OS 13_2_3 like Mac OS X) AppleWebKit/605.1.15 (KHTML, like Gecko) Version/13.0.3 Mobile/15E148 Safari/604.1"
209.74.77.214 - - [16/Jul/2025:06:46:35 +0000] "POST /wp-cron.php?doing_wp_cron=1752648395.1305170059204101562500 HTTP/1.1" 200 - "-" "WordPress/6.8.2; https://ap.cleaning"
104.28.195.187 - - [16/Jul/2025:06:46:33 +0000] "GET /wp-json/wp/v2/posts?per_page=20 HTTP/1.1" 200 3949 "-" "Mozilla/5.0 (Windows NT 10.0; Win64; x64) AppleWebKit/537.36 (KHTML, like Gecko) Chrome/114.0.0.0 Safari/537.36"
104.28.195.187 - - [16/Jul/2025:06:46:38 +0000] "POST /wp-comments-post.php HTTP/1.1" 302 - "-" "Mozilla/5.0 (Windows NT 10.0; Win64; x64) AppleWebKit/537.36 (KHTML, like Gecko) Chrome/114.0.0.0 Safari/537.36"
104.28.195.187 - - [16/Jul/2025:06:46:38 +0000] "GET /apartment-therapy-mom-wisdom-taking-care-home-2/?unapproved=690&moderation-hash=eaec3197c92b327bdd6dacc33e4c85da HTTP/1.1" 200 15716 "-" "Mozilla/5.0 (Windows NT 10.0; Win64; x64) AppleWebKit/537.36 (KHTML, like Gecko) Chrome/114.0.0.0 Safari/537.36"
209.74.77.214 - - [16/Jul/2025:06:59:52 +0000] "POST /wp-cron.php?doing_wp_cron=1752649192.5538320541381835937500 HTTP/1.1" 200 - "-" "WordPress/6.8.2; https://ap.cleaning"
45.227.253.15 - - [16/Jul/2025:06:59:50 +0000] "GET /index.php/jk HTTP/1.1" 301 - "-" "Mozilla/5.0 (Windows NT 10.0; Win64; x64) AppleWebKit/537.36 (KHTML, like Gecko) Chrome/75.0.3780 Safari/537.36 Edg/75.0.139"
45.227.253.15 - - [16/Jul/2025:06:59:53 +0000] "GET /jk HTTP/1.1" 404 12596 "https://ap.cleaning/index.php/jk" "Mozilla/5.0 (Windows NT 10.0; Win64; x64) AppleWebKit/537.36 (KHTML, like Gecko) Chrome/75.0.3780 Safari/537.36 Edg/75.0.139"
209.74.77.214 - - [16/Jul/2025:07:15:48 +0000] "POST /wp-cron.php?doing_wp_cron=1752650147.9955520629882812500000 HTTP/1.1" 200 - "-" "WordPress/6.8.2; https://ap.cleaning"
66.249.74.2 - - [16/Jul/2025:07:15:45 +0000] "GET /cleaning_services/after-renovation/1000_QL80_.jpg HTTP/1.1" 404 12596 "-" "Googlebot-Image/1.0"
209.74.77.214 - - [16/Jul/2025:07:20:21 +0000] "POST /wp-cron.php?doing_wp_cron=1752650421.8063640594482421875000 HTTP/1.1" 200 - "-" "WordPress/6.8.2; https://ap.cleaning"
51.222.253.10 - - [16/Jul/2025:07:20:20 +0000] "GET /cleaning_services/commercial-cleaning/ HTTP/1.1" 200 16292 "-" "Mozilla/5.0 (compatible; AhrefsBot/7.0; +http://ahrefs.com/robot/)"
51.222.253.20 - - [16/Jul/2025:07:20:47 +0000] "GET /wp-content/uploads/elementor/css/post-859.css?ver=1752128231 HTTP/1.1" 200 362 "-" "Mozilla/5.0 (compatible; AhrefsBot/7.0; +http://ahrefs.com/robot/)"
51.222.253.3 - - [16/Jul/2025:07:20:48 +0000] "GET /wp-content/themes/cleaning-services/js/vendor/jquery.elevateZoom-3.0.8.min.js?ver=6.8.2 HTTP/1.1" 200 6198 "-" "Mozilla/5.0 (compatible; AhrefsBot/7.0; +http://ahrefs.com/robot/)"
51.222.253.15 - - [16/Jul/2025:07:20:49 +0000] "GET /wp-content/themes/cleaning-services/js/vendor/jquery.waypoints.min.js?ver=6.8.2 HTTP/1.1" 200 2671 "-" "Mozilla/5.0 (compatible; AhrefsBot/7.0; +http://ahrefs.com/robot/)"
51.222.253.13 - - [16/Jul/2025:07:20:49 +0000] "GET /wp-includes/css/dashicons.min.css?ver=6.8.2 HTTP/1.1" 200 35730 "-" "Mozilla/5.0 (compatible; AhrefsBot/7.0; +http://ahrefs.com/robot/)"
51.222.253.17 - - [16/Jul/2025:07:20:51 +0000] "GET /wp-content/themes/cleaning-services/js/vendor/jquery.print.js?ver=6.8.2 HTTP/1.1" 200 2703 "-" "Mozilla/5.0 (compatible; AhrefsBot/7.0; +http://ahrefs.com/robot/)"
51.222.253.17 - - [16/Jul/2025:07:20:52 +0000] "GET /wp-content/themes/cleaning-services/style.css?ver=1752650421 HTTP/1.1" 200 38492 "-" "Mozilla/5.0 (compatible; AhrefsBot/7.0; +http://ahrefs.com/robot/)"
51.222.253.4 - - [16/Jul/2025:07:20:53 +0000] "GET /wp-content/uploads/2021/08/service-page-8-img.jpg HTTP/1.1" 200 45878 "-" "Mozilla/5.0 (compatible; AhrefsBot/7.0; +http://ahrefs.com/robot/)"
51.222.253.11 - - [16/Jul/2025:07:20:55 +0000] "GET /wp-content/themes/cleaning-services/js/vendor/jquery.validate.min.js?ver=6.8.2 HTTP/1.1" 200 6362 "-" "Mozilla/5.0 (compatible; AhrefsBot/7.0; +http://ahrefs.com/robot/)"
51.222.253.3 - - [16/Jul/2025:07:20:56 +0000] "GET /wp-content/themes/cleaning-services/js/vendor/wNumb.js?ver=6.8.2 HTTP/1.1" 200 2807 "-" "Mozilla/5.0 (compatible; AhrefsBot/7.0; +http://ahrefs.com/robot/)"
51.222.253.5 - - [16/Jul/2025:07:20:57 +0000] "GET /wp-content/themes/cleaning-services/js/vendor/jquery.doubletaptogo.min.js?ver=6.8.2 HTTP/1.1" 200 480 "-" "Mozilla/5.0 (compatible; AhrefsBot/7.0; +http://ahrefs.com/robot/)"
51.222.253.6 - - [16/Jul/2025:07:20:58 +0000] "GET /wp-content/themes/cleaning-services/fonts/style.css?ver=1752650421 HTTP/1.1" 200 1087 "-" "Mozilla/5.0 (compatible; AhrefsBot/7.0; +http://ahrefs.com/robot/)"
51.222.253.19 - - [16/Jul/2025:07:20:59 +0000] "GET /wp-content/themes/cleaning-services/js/vendor/isotope.pkgd.min.js?ver=6.8.2 HTTP/1.1" 200 11048 "-" "Mozilla/5.0 (compatible; AhrefsBot/7.0; +http://ahrefs.com/robot/)"
