123.6.49.18 - - [16/Jul/2025:09:28:09 +0000] "GET /wp-content/plugins/cleaning_services-core/elementor-addons/assets/js/addons-script.js?ver=6.8.2 HTTP/1.1" 200 2159 "https://ap.cleaning/" "Mozilla/5.0 (Linux; Android 10; HUAWEI P30 Pro) AppleWebKit/537.36 (KHTML, like Gecko) Chrome/89.0.4389.105 Mobile Safari/537.36"
123.6.49.12 - - [16/Jul/2025:09:28:09 +0000] "GET /wp-content/plugins/woocommerce/assets/js/sourcebuster/sourcebuster.min.js?ver=10.0.2 HTTP/1.1" 200 4807 "https://ap.cleaning/" "Mozilla/5.0 (Linux; Android 10; HUAWEI P30 Pro) AppleWebKit/537.36 (KHTML, like Gecko) Chrome/89.0.4389.105 Mobile Safari/537.36"
123.6.49.18 - - [16/Jul/2025:09:28:09 +0000] "GET /wp-content/themes/cleaning-services/js/vendor/lightbox.min.js?ver=6.8.2 HTTP/1.1" 200 2871 "https://ap.cleaning/about-us/" "Mozilla/5.0 (Linux; U; Android 8.1.0; zh-cn; MI 8 Build/OPM1.171019.011) AppleWebKit/537.36 (KHTML, like Gecko) Version/4.0 Chrome/57.0.2987.108 Mobile Safari/537.36"
123.6.49.44 - - [16/Jul/2025:09:28:09 +0000] "GET /wp-includes/js/dist/i18n.min.js?ver=5e580eb46a90c2b997e6 HTTP/1.1" 200 3667 "https://ap.cleaning/" "Mozilla/5.0 (Linux; Android 10; HUAWEI P30 Pro) AppleWebKit/537.36 (KHTML, like Gecko) Chrome/89.0.4389.105 Mobile Safari/537.36"
123.6.49.18 - - [16/Jul/2025:09:28:09 +0000] "GET /wp-content/plugins/contact-form-7/includes/swv/js/index.js?ver=6.1 HTTP/1.1" 200 3503 "https://ap.cleaning/" "Mozilla/5.0 (Linux; Android 10; HUAWEI P30 Pro) AppleWebKit/537.36 (KHTML, like Gecko) Chrome/89.0.4389.105 Mobile Safari/537.36"
123.6.49.12 - - [16/Jul/2025:09:28:09 +0000] "GET /wp-content/plugins/contact-form-7/includes/js/index.js?ver=6.1 HTTP/1.1" 200 4265 "https://ap.cleaning/" "Mozilla/5.0 (Linux; Android 10; HUAWEI P30 Pro) AppleWebKit/537.36 (KHTML, like Gecko) Chrome/89.0.4389.105 Mobile Safari/537.36"
123.6.49.15 - - [16/Jul/2025:09:28:09 +0000] "GET /wp-includes/js/dist/hooks.min.js?ver=4d63a3d491d11ffd8ac6 HTTP/1.1" 200 1648 "https://ap.cleaning/" "Mozilla/5.0 (Linux; Android 10; HUAWEI P30 Pro) AppleWebKit/537.36 (KHTML, like Gecko) Chrome/89.0.4389.105 Mobile Safari/537.36"
123.6.49.18 - - [16/Jul/2025:09:28:09 +0000] "GET /wp-content/plugins/cleaning_services-core/elementor-addons/icon/fonts/cleaning.ttf?v3bpui HTTP/1.1" 200 23427 "https://ap.cleaning/wp-content/plugins/cleaning_services-core/elementor-addons/icon/style.css?ver=5.9.0" "Mozilla/5.0 (Linux; Android 10; HUAWEI P30 Pro) AppleWebKit/537.36 (KHTML, like Gecko) Chrome/89.0.4389.105 Mobile Safari/537.36"
123.6.49.18 - - [16/Jul/2025:09:28:10 +0000] "GET /wp-includes/js/jquery/jquery.form.min.js?ver=4.3.0 HTTP/1.1" 200 5958 "https://ap.cleaning/about-us/" "Mozilla/5.0 (Linux; U; Android 8.1.0; zh-cn; MI 8 Build/OPM1.171019.011) AppleWebKit/537.36 (KHTML, like Gecko) Version/4.0 Chrome/57.0.2987.108 Mobile Safari/537.36"
123.6.49.12 - - [16/Jul/2025:09:28:10 +0000] "GET /wp-content/uploads/elementor/google-fonts/fonts/roboto-kfo7cnqeu92fr1me7ksn66agldtyluama3yuba.woff2 HTTP/1.1" 200 40156 "https://ap.cleaning/wp-content/uploads/elementor/google-fonts/css/roboto.css?ver=1742256476" "Mozilla/5.0 (Linux; Android 10; HUAWEI P30 Pro) AppleWebKit/537.36 (KHTML, like Gecko) Chrome/89.0.4389.105 Mobile Safari/537.36"
123.6.49.44 - - [16/Jul/2025:09:28:10 +0000] "GET /wp-content/themes/cleaning-services/images/h-decor-xs-2.png HTTP/1.1" 200 230 "https://ap.cleaning/wp-content/themes/cleaning-services/style.css?ver=1752658087" "Mozilla/5.0 (Linux; Android 10; HUAWEI P30 Pro) AppleWebKit/537.36 (KHTML, like Gecko) Chrome/89.0.4389.105 Mobile Safari/537.36"
123.6.49.12 - - [16/Jul/2025:09:28:10 +0000] "GET /wp-content/uploads/elementor/google-fonts/fonts/roboto-kfo5cnqeu92fr1mu53zec9_vu3r1gihoszmkbnka.woff2 HTTP/1.1" 200 44220 "https://ap.cleaning/wp-content/uploads/elementor/google-fonts/css/roboto.css?ver=1742256476" "Mozilla/5.0 (Linux; Android 10; HUAWEI P30 Pro) AppleWebKit/537.36 (KHTML, like Gecko) Chrome/89.0.4389.105 Mobile Safari/537.36"
123.6.49.18 - - [16/Jul/2025:09:28:10 +0000] "GET /wp-content/themes/cleaning-services/js/vendor/jquery.doubletaptogo.min.js?ver=6.8.2 HTTP/1.1" 200 480 "https://ap.cleaning/about-us/" "Mozilla/5.0 (Linux; U; Android 8.1.0; zh-cn; MI 8 Build/OPM1.171019.011) AppleWebKit/537.36 (KHTML, like Gecko) Version/4.0 Chrome/57.0.2987.108 Mobile Safari/537.36"
123.6.49.12 - - [16/Jul/2025:09:28:10 +0000] "GET /wp-content/uploads/2024/08/apc_logo2-1.png HTTP/1.1" 200 13229 "https://ap.cleaning/" "Mozilla/5.0 (Linux; Android 10; HUAWEI P30 Pro) AppleWebKit/537.36 (KHTML, like Gecko) Chrome/89.0.4389.105 Mobile Safari/537.36"
123.6.49.44 - - [16/Jul/2025:09:28:10 +0000] "GET /wp-content/plugins/woocommerce/assets/js/frontend/order-attribution.min.js?ver=10.0.2 HTTP/1.1" 200 1128 "https://ap.cleaning/" "Mozilla/5.0 (Linux; Android 10; HUAWEI P30 Pro) AppleWebKit/537.36 (KHTML, like Gecko) Chrome/89.0.4389.105 Mobile Safari/537.36"
123.6.49.18 - - [16/Jul/2025:09:28:10 +0000] "GET /wp-content/uploads/2021/08/slide-2.jpg HTTP/1.1" 200 220627 "https://ap.cleaning/" "Mozilla/5.0 (Linux; Android 10; HUAWEI P30 Pro) AppleWebKit/537.36 (KHTML, like Gecko) Chrome/89.0.4389.105 Mobile Safari/537.36"
123.6.49.18 - - [16/Jul/2025:09:28:10 +0000] "GET /wp-content/themes/cleaning-services/js/vendor/jquery.validate.min.js?ver=6.8.2 HTTP/1.1" 200 6362 "https://ap.cleaning/about-us/" "Mozilla/5.0 (Linux; U; Android 8.1.0; zh-cn; MI 8 Build/OPM1.171019.011) AppleWebKit/537.36 (KHTML, like Gecko) Version/4.0 Chrome/57.0.2987.108 Mobile Safari/537.36"
123.6.49.12 - - [16/Jul/2025:09:28:10 +0000] "GET /wp-content/plugins/elementor/assets/js/webpack.runtime.min.js?ver=3.30.2 HTTP/1.1" 200 2516 "https://ap.cleaning/" "Mozilla/5.0 (Linux; Android 10; HUAWEI P30 Pro) AppleWebKit/537.36 (KHTML, like Gecko) Chrome/89.0.4389.105 Mobile Safari/537.36"
123.6.49.18 - - [16/Jul/2025:09:28:10 +0000] "GET /wp-content/uploads/2021/08/slide-1.jpg HTTP/1.1" 200 213102 "https://ap.cleaning/" "Mozilla/5.0 (Linux; Android 10; HUAWEI P30 Pro) AppleWebKit/537.36 (KHTML, like Gecko) Chrome/89.0.4389.105 Mobile Safari/537.36"
123.6.49.44 - - [16/Jul/2025:09:28:10 +0000] "GET /wp-content/plugins/elementor/assets/js/frontend-modules.min.js?ver=3.30.2 HTTP/1.1" 200 14815 "https://ap.cleaning/" "Mozilla/5.0 (Linux; Android 10; HUAWEI P30 Pro) AppleWebKit/537.36 (KHTML, like Gecko) Chrome/89.0.4389.105 Mobile Safari/537.36"
123.6.49.18 - - [16/Jul/2025:09:28:10 +0000] "GET /wp-includes/js/dist/vendor/moment.min.js?ver=2.30.1 HTTP/1.1" 200 18754 "https://ap.cleaning/about-us/" "Mozilla/5.0 (Linux; U; Android 8.1.0; zh-cn; MI 8 Build/OPM1.171019.011) AppleWebKit/537.36 (KHTML, like Gecko) Version/4.0 Chrome/57.0.2987.108 Mobile Safari/537.36"
123.6.49.12 - - [16/Jul/2025:09:28:10 +0000] "GET /wp-includes/js/jquery/ui/core.min.js?ver=1.13.3 HTTP/1.1" 200 7106 "https://ap.cleaning/" "Mozilla/5.0 (Linux; Android 10; HUAWEI P30 Pro) AppleWebKit/537.36 (KHTML, like Gecko) Chrome/89.0.4389.105 Mobile Safari/537.36"
123.6.49.12 - - [16/Jul/2025:09:28:10 +0000] "GET /wp-content/plugins/elementor/assets/js/frontend.min.js?ver=3.30.2 HTTP/1.1" 200 10595 "https://ap.cleaning/" "Mozilla/5.0 (Linux; Android 10; HUAWEI P30 Pro) AppleWebKit/537.36 (KHTML, like Gecko) Chrome/89.0.4389.105 Mobile Safari/537.36"
123.6.49.44 - - [16/Jul/2025:09:28:10 +0000] "GET /wp-content/themes/cleaning-services/js/vendor/bootstrap.min.js?ver=6.8.2 HTTP/1.1" 200 9833 "https://ap.cleaning/" "Mozilla/5.0 (Linux; Android 10; HUAWEI P30 Pro) AppleWebKit/537.36 (KHTML, like Gecko) Chrome/89.0.4389.105 Mobile Safari/537.36"
123.6.49.15 - - [16/Jul/2025:09:28:10 +0000] "GET /wp-content/uploads/2021/08/slide-3.jpg HTTP/1.1" 200 373967 "https://ap.cleaning/" "Mozilla/5.0 (Linux; Android 10; HUAWEI P30 Pro) AppleWebKit/537.36 (KHTML, like Gecko) Chrome/89.0.4389.105 Mobile Safari/537.36"
123.6.49.12 - - [16/Jul/2025:09:28:10 +0000] "GET /wp-includes/js/imagesloaded.min.js?ver=5.0.0 HTTP/1.1" 200 1803 "https://ap.cleaning/" "Mozilla/5.0 (Linux; Android 10; HUAWEI P30 Pro) AppleWebKit/537.36 (KHTML, like Gecko) Chrome/89.0.4389.105 Mobile Safari/537.36"
123.6.49.18 - - [16/Jul/2025:09:28:10 +0000] "GET /wp-content/themes/cleaning-services/js/vendor/bootstrap-datetimepicker.min.js?ver=6.8.2 HTTP/1.1" 200 9494 "https://ap.cleaning/about-us/" "Mozilla/5.0 (Linux; U; Android 8.1.0; zh-cn; MI 8 Build/OPM1.171019.011) AppleWebKit/537.36 (KHTML, like Gecko) Version/4.0 Chrome/57.0.2987.108 Mobile Safari/537.36"
123.6.49.12 - - [16/Jul/2025:09:28:11 +0000] "GET /wp-content/themes/cleaning-services/js/vendor/isotope.pkgd.min.js?ver=6.8.2 HTTP/1.1" 200 11048 "https://ap.cleaning/" "Mozilla/5.0 (Linux; Android 10; HUAWEI P30 Pro) AppleWebKit/537.36 (KHTML, like Gecko) Chrome/89.0.4389.105 Mobile Safari/537.36"
123.6.49.44 - - [16/Jul/2025:09:28:11 +0000] "GET /wp-includes/js/jquery/jquery.form.min.js?ver=4.3.0 HTTP/1.1" 200 5958 "https://ap.cleaning/" "Mozilla/5.0 (Linux; Android 10; HUAWEI P30 Pro) AppleWebKit/537.36 (KHTML, like Gecko) Chrome/89.0.4389.105 Mobile Safari/537.36"
123.6.49.12 - - [16/Jul/2025:09:28:11 +0000] "GET /wp-content/themes/cleaning-services/js/vendor/jquery.doubletaptogo.min.js?ver=6.8.2 HTTP/1.1" 200 480 "https://ap.cleaning/" "Mozilla/5.0 (Linux; Android 10; HUAWEI P30 Pro) AppleWebKit/537.36 (KHTML, like Gecko) Chrome/89.0.4389.105 Mobile Safari/537.36"
123.6.49.18 - - [16/Jul/2025:09:28:11 +0000] "GET /wp-content/themes/cleaning-services/js/vendor/jquery.waypoints.min.js?ver=6.8.2 HTTP/1.1" 200 2671 "https://ap.cleaning/about-us/" "Mozilla/5.0 (Linux; U; Android 8.1.0; zh-cn; MI 8 Build/OPM1.171019.011) AppleWebKit/537.36 (KHTML, like Gecko) Version/4.0 Chrome/57.0.2987.108 Mobile Safari/537.36"
123.6.49.12 - - [16/Jul/2025:09:28:11 +0000] "GET /wp-content/themes/cleaning-services/js/vendor/jquery.validate.min.js?ver=6.8.2 HTTP/1.1" 200 6362 "https://ap.cleaning/" "Mozilla/5.0 (Linux; Android 10; HUAWEI P30 Pro) AppleWebKit/537.36 (KHTML, like Gecko) Chrome/89.0.4389.105 Mobile Safari/537.36"
123.6.49.44 - - [16/Jul/2025:09:28:11 +0000] "GET /wp-includes/js/dist/vendor/moment.min.js?ver=2.30.1 HTTP/1.1" 200 18754 "https://ap.cleaning/" "Mozilla/5.0 (Linux; Android 10; HUAWEI P30 Pro) AppleWebKit/537.36 (KHTML, like Gecko) Chrome/89.0.4389.105 Mobile Safari/537.36"
123.6.49.15 - - [16/Jul/2025:09:28:11 +0000] "GET /wp-content/themes/cleaning-services/js/vendor/bootstrap-datetimepicker.min.js?ver=6.8.2 HTTP/1.1" 200 9494 "https://ap.cleaning/" "Mozilla/5.0 (Linux; Android 10; HUAWEI P30 Pro) AppleWebKit/537.36 (KHTML, like Gecko) Chrome/89.0.4389.105 Mobile Safari/537.36"
123.6.49.12 - - [16/Jul/2025:09:28:11 +0000] "GET /wp-content/themes/cleaning-services/js/vendor/jquery.waypoints.min.js?ver=6.8.2 HTTP/1.1" 200 2671 "https://ap.cleaning/" "Mozilla/5.0 (Linux; Android 10; HUAWEI P30 Pro) AppleWebKit/537.36 (KHTML, like Gecko) Chrome/89.0.4389.105 Mobile Safari/537.36"
123.6.49.12 - - [16/Jul/2025:09:28:11 +0000] "GET /wp-content/themes/cleaning-services/js/vendor/jquery.countTo.js?ver=6.8.2 HTTP/1.1" 200 900 "https://ap.cleaning/" "Mozilla/5.0 (Linux; Android 10; HUAWEI P30 Pro) AppleWebKit/537.36 (KHTML, like Gecko) Chrome/89.0.4389.105 Mobile Safari/537.36"
123.6.49.44 - - [16/Jul/2025:09:28:11 +0000] "GET /wp-content/themes/cleaning-services/js/vendor/jquery.print.js?ver=6.8.2 HTTP/1.1" 200 2703 "https://ap.cleaning/" "Mozilla/5.0 (Linux; Android 10; HUAWEI P30 Pro) AppleWebKit/537.36 (KHTML, like Gecko) Chrome/89.0.4389.105 Mobile Safari/537.36"
123.6.49.15 - - [16/Jul/2025:09:28:11 +0000] "GET /wp-content/themes/cleaning-services/js/vendor/jquery.dotdotdot.min.js?ver=6.8.2 HTTP/1.1" 200 2796 "https://ap.cleaning/" "Mozilla/5.0 (Linux; Android 10; HUAWEI P30 Pro) AppleWebKit/537.36 (KHTML, like Gecko) Chrome/89.0.4389.105 Mobile Safari/537.36"
123.6.49.12 - - [16/Jul/2025:09:28:11 +0000] "GET /wp-content/themes/cleaning-services/js/vendor/nouislider.min.js?ver=6.8.2 HTTP/1.1" 200 7754 "https://ap.cleaning/" "Mozilla/5.0 (Linux; Android 10; HUAWEI P30 Pro) AppleWebKit/537.36 (KHTML, like Gecko) Chrome/89.0.4389.105 Mobile Safari/537.36"
123.6.49.12 - - [16/Jul/2025:09:28:11 +0000] "GET /wp-content/themes/cleaning-services/js/vendor/jquery.elevateZoom-3.0.8.min.js?ver=6.8.2 HTTP/1.1" 200 6198 "https://ap.cleaning/" "Mozilla/5.0 (Linux; Android 10; HUAWEI P30 Pro) AppleWebKit/537.36 (KHTML, like Gecko) Chrome/89.0.4389.105 Mobile Safari/537.36"
123.6.49.44 - - [16/Jul/2025:09:28:11 +0000] "GET /wp-content/themes/cleaning-services/js/vendor/wNumb.js?ver=6.8.2 HTTP/1.1" 200 2807 "https://ap.cleaning/" "Mozilla/5.0 (Linux; Android 10; HUAWEI P30 Pro) AppleWebKit/537.36 (KHTML, like Gecko) Chrome/89.0.4389.105 Mobile Safari/537.36"
123.6.49.15 - - [16/Jul/2025:09:28:11 +0000] "GET /wp-includes/js/jquery/ui/controlgroup.min.js?ver=1.13.3 HTTP/1.1" 200 1606 "https://ap.cleaning/" "Mozilla/5.0 (Linux; Android 10; HUAWEI P30 Pro) AppleWebKit/537.36 (KHTML, like Gecko) Chrome/89.0.4389.105 Mobile Safari/537.36"
123.6.49.12 - - [16/Jul/2025:09:28:11 +0000] "GET /wp-includes/js/jquery/ui/checkboxradio.min.js?ver=1.13.3 HTTP/1.1" 200 1422 "https://ap.cleaning/" "Mozilla/5.0 (Linux; Android 10; HUAWEI P30 Pro) AppleWebKit/537.36 (KHTML, like Gecko) Chrome/89.0.4389.105 Mobile Safari/537.36"
123.6.49.12 - - [16/Jul/2025:09:28:11 +0000] "GET /wp-includes/js/jquery/ui/button.min.js?ver=1.13.3 HTTP/1.1" 200 1979 "https://ap.cleaning/" "Mozilla/5.0 (Linux; Android 10; HUAWEI P30 Pro) AppleWebKit/537.36 (KHTML, like Gecko) Chrome/89.0.4389.105 Mobile Safari/537.36"
123.6.49.44 - - [16/Jul/2025:09:28:11 +0000] "GET /wp-includes/js/jquery/ui/spinner.min.js?ver=1.13.3 HTTP/1.1" 200 2443 "https://ap.cleaning/" "Mozilla/5.0 (Linux; Android 10; HUAWEI P30 Pro) AppleWebKit/537.36 (KHTML, like Gecko) Chrome/89.0.4389.105 Mobile Safari/537.36"
123.6.49.15 - - [16/Jul/2025:09:28:12 +0000] "GET /wp-content/themes/cleaning-services/js/custom.js?ver=1752658087 HTTP/1.1" 200 7946 "https://ap.cleaning/" "Mozilla/5.0 (Linux; Android 10; HUAWEI P30 Pro) AppleWebKit/537.36 (KHTML, like Gecko) Chrome/89.0.4389.105 Mobile Safari/537.36"
123.6.49.12 - - [16/Jul/2025:09:28:12 +0000] "GET /wp-content/themes/cleaning-services/js/forms.js?ver=1752658087 HTTP/1.1" 200 1505 "https://ap.cleaning/" "Mozilla/5.0 (Linux; Android 10; HUAWEI P30 Pro) AppleWebKit/537.36 (KHTML, like Gecko) Chrome/89.0.4389.105 Mobile Safari/537.36"
123.6.49.15 - - [16/Jul/2025:09:28:12 +0000] "GET /wp-content/uploads/2024/08/cropped-android-chrome-512x512-1-192x192.png HTTP/1.1" 200 16860 "-" "Mozilla/5.0 (Windows NT 10.0; Win64; x64) AppleWebKit/537.36 (KHTML, like Gecko) Chrome/120.0.0.0 Safari/537.36"
123.6.49.12 - - [16/Jul/2025:09:28:12 +0000] "GET /wp-content/plugins/woocommerce/assets/js/jquery-blockui/jquery.blockUI.min.js?ver=2.7.0-wc.10.0.2 HTTP/1.1" 200 3537 "https://ap.cleaning/" "Mozilla/5.0 (Linux; Android 10; HUAWEI P30 Pro) AppleWebKit/537.36 (KHTML, like Gecko) Chrome/89.0.4389.105 Mobile Safari/537.36"
123.6.49.44 - - [16/Jul/2025:09:28:12 +0000] "GET /wp-content/plugins/woocommerce/assets/js/frontend/add-to-cart.min.js?ver=10.0.2 HTTP/1.1" 200 1407 "https://ap.cleaning/" "Mozilla/5.0 (Linux; Android 10; HUAWEI P30 Pro) AppleWebKit/537.36 (KHTML, like Gecko) Chrome/89.0.4389.105 Mobile Safari/537.36"
123.6.49.12 - - [16/Jul/2025:09:28:12 +0000] "GET /wp-content/plugins/woocommerce/assets/js/frontend/woocommerce.min.js?ver=10.0.2 HTTP/1.1" 200 1532 "https://ap.cleaning/" "Mozilla/5.0 (Linux; Android 10; HUAWEI P30 Pro) AppleWebKit/537.36 (KHTML, like Gecko) Chrome/89.0.4389.105 Mobile Safari/537.36"
123.6.49.15 - - [16/Jul/2025:09:28:12 +0000] "GET /wp-content/plugins/woocommerce/assets/js/js-cookie/js.cookie.min.js?ver=2.1.4-wc.10.0.2 HTTP/1.1" 200 833 "https://ap.cleaning/" "Mozilla/5.0 (Linux; Android 10; HUAWEI P30 Pro) AppleWebKit/537.36 (KHTML, like Gecko) Chrome/89.0.4389.105 Mobile Safari/537.36"
123.6.49.12 - - [16/Jul/2025:09:28:12 +0000] "GET /wp-content/uploads/2021/08/index-img-1-mobile.jpg HTTP/1.1" 200 40202 "https://ap.cleaning/" "Mozilla/5.0 (Linux; Android 10; HUAWEI P30 Pro) AppleWebKit/537.36 (KHTML, like Gecko) Chrome/89.0.4389.105 Mobile Safari/537.36"
123.6.49.15 - - [16/Jul/2025:09:28:12 +0000] "GET /wp-content/uploads/2021/08/testimonial-author-1.png HTTP/1.1" 200 64715 "https://ap.cleaning/" "Mozilla/5.0 (Linux; Android 10; HUAWEI P30 Pro) AppleWebKit/537.36 (KHTML, like Gecko) Chrome/89.0.4389.105 Mobile Safari/537.36"
123.6.49.12 - - [16/Jul/2025:09:28:12 +0000] "GET /wp-content/uploads/2021/08/index-right-img.png HTTP/1.1" 200 371884 "https://ap.cleaning/" "Mozilla/5.0 (Linux; Android 10; HUAWEI P30 Pro) AppleWebKit/537.36 (KHTML, like Gecko) Chrome/89.0.4389.105 Mobile Safari/537.36"
123.6.49.44 - - [16/Jul/2025:09:28:12 +0000] "GET /wp-content/uploads/2021/08/index-img-1.jpg HTTP/1.1" 200 88583 "https://ap.cleaning/" "Mozilla/5.0 (Linux; Android 10; HUAWEI P30 Pro) AppleWebKit/537.36 (KHTML, like Gecko) Chrome/89.0.4389.105 Mobile Safari/537.36"
123.6.49.12 - - [16/Jul/2025:09:28:12 +0000] "GET /wp-content/uploads/2021/08/testimonial-author-2.png HTTP/1.1" 200 54726 "https://ap.cleaning/" "Mozilla/5.0 (Linux; Android 10; HUAWEI P30 Pro) AppleWebKit/537.36 (KHTML, like Gecko) Chrome/89.0.4389.105 Mobile Safari/537.36"
123.6.49.15 - - [16/Jul/2025:09:28:12 +0000] "GET /wp-content/uploads/2021/08/blog-post-img-2-2-370x249.jpg HTTP/1.1" 200 20075 "https://ap.cleaning/" "Mozilla/5.0 (Linux; Android 10; HUAWEI P30 Pro) AppleWebKit/537.36 (KHTML, like Gecko) Chrome/89.0.4389.105 Mobile Safari/537.36"
123.6.49.44 - - [16/Jul/2025:09:28:12 +0000] "GET /wp-content/uploads/2021/08/blog-post-img-3-370x249.jpg HTTP/1.1" 200 10036 "https://ap.cleaning/" "Mozilla/5.0 (Linux; Android 10; HUAWEI P30 Pro) AppleWebKit/537.36 (KHTML, like Gecko) Chrome/89.0.4389.105 Mobile Safari/537.36"
123.6.49.12 - - [16/Jul/2025:09:28:12 +0000] "GET /wp-content/uploads/2021/08/blog-post-img-1-370x249.jpg HTTP/1.1" 200 23626 "https://ap.cleaning/" "Mozilla/5.0 (Linux; Android 10; HUAWEI P30 Pro) AppleWebKit/537.36 (KHTML, like Gecko) Chrome/89.0.4389.105 Mobile Safari/537.36"
123.6.49.15 - - [16/Jul/2025:09:28:12 +0000] "GET /wp-content/uploads/2021/08/index-service-house-1.jpg HTTP/1.1" 200 25057 "https://ap.cleaning/" "Mozilla/5.0 (Linux; Android 10; HUAWEI P30 Pro) AppleWebKit/537.36 (KHTML, like Gecko) Chrome/89.0.4389.105 Mobile Safari/537.36"
123.6.49.12 - - [16/Jul/2025:09:28:13 +0000] "GET /wp-content/uploads/2021/08/index-service-house-2.jpg HTTP/1.1" 200 21842 "https://ap.cleaning/" "Mozilla/5.0 (Linux; Android 10; HUAWEI P30 Pro) AppleWebKit/537.36 (KHTML, like Gecko) Chrome/89.0.4389.105 Mobile Safari/537.36"
123.6.49.44 - - [16/Jul/2025:09:28:13 +0000] "GET /wp-content/uploads/2021/08/index-service-house-3.jpg HTTP/1.1" 200 18866 "https://ap.cleaning/" "Mozilla/5.0 (Linux; Android 10; HUAWEI P30 Pro) AppleWebKit/537.36 (KHTML, like Gecko) Chrome/89.0.4389.105 Mobile Safari/537.36"
123.6.49.12 - - [16/Jul/2025:09:28:13 +0000] "GET /wp-content/uploads/2021/08/index-service-house-4.jpg HTTP/1.1" 200 29483 "https://ap.cleaning/" "Mozilla/5.0 (Linux; Android 10; HUAWEI P30 Pro) AppleWebKit/537.36 (KHTML, like Gecko) Chrome/89.0.4389.105 Mobile Safari/537.36"
123.6.49.15 - - [16/Jul/2025:09:28:13 +0000] "GET /wp-content/uploads/2021/08/index-img-2-563x483.jpg HTTP/1.1" 200 26684 "https://ap.cleaning/" "Mozilla/5.0 (Linux; Android 10; HUAWEI P30 Pro) AppleWebKit/537.36 (KHTML, like Gecko) Chrome/89.0.4389.105 Mobile Safari/537.36"
123.6.49.12 - - [16/Jul/2025:09:28:13 +0000] "GET /wp-content/uploads/2021/08/footer-ribbon.png HTTP/1.1" 200 10329 "https://ap.cleaning/" "Mozilla/5.0 (Linux; Android 10; HUAWEI P30 Pro) AppleWebKit/537.36 (KHTML, like Gecko) Chrome/89.0.4389.105 Mobile Safari/537.36"
123.6.49.44 - - [16/Jul/2025:09:28:13 +0000] "GET /wp-content/uploads/2021/08/block-bg-5.jpg HTTP/1.1" 200 422489 "https://ap.cleaning/wp-content/uploads/elementor/css/post-1450.css?ver=1752119936" "Mozilla/5.0 (Linux; Android 10; HUAWEI P30 Pro) AppleWebKit/537.36 (KHTML, like Gecko) Chrome/89.0.4389.105 Mobile Safari/537.36"
123.6.49.12 - - [16/Jul/2025:09:28:13 +0000] "GET /wp-content/themes/cleaning-services/images/glitter.png HTTP/1.1" 200 3551 "https://ap.cleaning/wp-content/themes/cleaning-services/style.css?ver=1752658087" "Mozilla/5.0 (Linux; Android 10; HUAWEI P30 Pro) AppleWebKit/537.36 (KHTML, like Gecko) Chrome/89.0.4389.105 Mobile Safari/537.36"
123.6.49.12 - - [16/Jul/2025:09:28:13 +0000] "GET /wp-content/uploads/2021/08/block-bg-3.jpg HTTP/1.1" 200 90231 "https://ap.cleaning/wp-content/uploads/elementor/css/post-1450.css?ver=1752119936" "Mozilla/5.0 (Linux; Android 10; HUAWEI P30 Pro) AppleWebKit/537.36 (KHTML, like Gecko) Chrome/89.0.4389.105 Mobile Safari/537.36"
123.6.49.15 - - [16/Jul/2025:09:28:13 +0000] "GET /wp-content/uploads/2021/08/block-bg-1.jpg HTTP/1.1" 200 35775 "https://ap.cleaning/wp-content/uploads/elementor/css/post-1450.css?ver=1752119936" "Mozilla/5.0 (Linux; Android 10; HUAWEI P30 Pro) AppleWebKit/537.36 (KHTML, like Gecko) Chrome/89.0.4389.105 Mobile Safari/537.36"
123.6.49.44 - - [16/Jul/2025:09:28:14 +0000] "GET /wp-content/uploads/2024/08/cropped-android-chrome-512x512-1-192x192.png HTTP/1.1" 200 16860 "-" "Mozilla/5.0 (Windows NT 10.0; Win64; x64) AppleWebKit/537.36 (KHTML, like Gecko) Chrome/120.0.0.0 Safari/537.36"
123.6.49.15 - - [16/Jul/2025:09:28:14 +0000] "GET /wp-content/uploads/2024/08/cropped-android-chrome-512x512-1-32x32.png HTTP/1.1" 200 1346 "-" "Mozilla/5.0 (Windows NT 10.0; Win64; x64) AppleWebKit/537.36 (KHTML, like Gecko) Chrome/120.0.0.0 Safari/537.36"
216.73.216.174 - - [16/Jul/2025:09:28:30 +0000] "GET /robots.txt HTTP/1.1" 200 91 "-" "Mozilla/5.0 AppleWebKit/537.36 (KHTML, like Gecko; compatible; ClaudeBot/1.0; [email protected])"
209.74.77.214 - - [16/Jul/2025:09:28:30 +0000] "POST /wp-cron.php?doing_wp_cron=1752658110.7291040420532226562500 HTTP/1.1" 200 - "-" "WordPress/6.8.2; https://ap.cleaning"
216.73.216.174 - - [16/Jul/2025:09:28:30 +0000] "GET /detail/714816037.shtm HTTP/1.1" 404 12596 "-" "Mozilla/5.0 AppleWebKit/537.36 (KHTML, like Gecko; compatible; ClaudeBot/1.0; [email protected])"
209.74.77.214 - - [16/Jul/2025:09:29:48 +0000] "POST /wp-cron.php?doing_wp_cron=1752658188.2233550548553466796875 HTTP/1.1" 200 - "-" "WordPress/6.8.2; https://ap.cleaning"
216.73.216.174 - - [16/Jul/2025:09:29:46 +0000] "GET /detail/714594975.shtm HTTP/1.1" 404 12596 "-" "Mozilla/5.0 AppleWebKit/537.36 (KHTML, like Gecko; compatible; ClaudeBot/1.0; [email protected])"
209.74.77.214 - - [16/Jul/2025:09:32:10 +0000] "POST /wp-cron.php?doing_wp_cron=1752658330.7812469005584716796875 HTTP/1.1" 200 - "-" "WordPress/6.8.2; https://ap.cleaning"
216.73.216.174 - - [16/Jul/2025:09:32:08 +0000] "GET /detail/340044233.shtm HTTP/1.1" 404 12595 "-" "Mozilla/5.0 AppleWebKit/537.36 (KHTML, like Gecko; compatible; ClaudeBot/1.0; [email protected])"
216.73.216.174 - - [16/Jul/2025:09:32:11 +0000] "GET /detail/340442890.shtm HTTP/1.1" 404 12594 "-" "Mozilla/5.0 AppleWebKit/537.36 (KHTML, like Gecko; compatible; ClaudeBot/1.0; [email protected])"
216.73.216.174 - - [16/Jul/2025:09:32:14 +0000] "GET /detail/340651837.shtm HTTP/1.1" 404 12594 "-" "Mozilla/5.0 AppleWebKit/537.36 (KHTML, like Gecko; compatible; ClaudeBot/1.0; [email protected])"
209.74.77.214 - - [16/Jul/2025:09:32:17 +0000] "POST /wp-cron.php?doing_wp_cron=1752658337.8774709701538085937500 HTTP/1.1" 200 - "-" "WordPress/6.8.2; https://ap.cleaning"
216.73.216.174 - - [16/Jul/2025:09:32:17 +0000] "GET /detail/340035334.shtm HTTP/1.1" 404 12595 "-" "Mozilla/5.0 AppleWebKit/537.36 (KHTML, like Gecko; compatible; ClaudeBot/1.0; [email protected])"
216.73.216.174 - - [16/Jul/2025:09:32:20 +0000] "GET /detail/340521707.shtm HTTP/1.1" 404 12594 "-" "Mozilla/5.0 AppleWebKit/537.36 (KHTML, like Gecko; compatible; ClaudeBot/1.0; [email protected])"
216.73.216.174 - - [16/Jul/2025:09:32:23 +0000] "GET /detail/340046355.shtm HTTP/1.1" 404 12596 "-" "Mozilla/5.0 AppleWebKit/537.36 (KHTML, like Gecko; compatible; ClaudeBot/1.0; [email protected])"
216.73.216.174 - - [16/Jul/2025:09:32:26 +0000] "GET /detail/340566881.shtm HTTP/1.1" 404 12594 "-" "Mozilla/5.0 AppleWebKit/537.36 (KHTML, like Gecko; compatible; ClaudeBot/1.0; [email protected])"
216.73.216.174 - - [16/Jul/2025:09:32:29 +0000] "GET /detail/340479964.shtm HTTP/1.1" 404 12594 "-" "Mozilla/5.0 AppleWebKit/537.36 (KHTML, like Gecko; compatible; ClaudeBot/1.0; [email protected])"
216.73.216.174 - - [16/Jul/2025:09:32:32 +0000] "GET /detail/340492725.shtm HTTP/1.1" 404 12595 "-" "Mozilla/5.0 AppleWebKit/537.36 (KHTML, like Gecko; compatible; ClaudeBot/1.0; [email protected])"
216.73.216.174 - - [16/Jul/2025:09:33:12 +0000] "GET /detail/340554772.shtm HTTP/1.1" 404 12595 "-" "Mozilla/5.0 AppleWebKit/537.36 (KHTML, like Gecko; compatible; ClaudeBot/1.0; [email protected])"
216.73.216.174 - - [16/Jul/2025:09:33:15 +0000] "GET /detail/340474411.shtm HTTP/1.1" 404 12596 "-" "Mozilla/5.0 AppleWebKit/537.36 (KHTML, like Gecko; compatible; ClaudeBot/1.0; [email protected])"
209.74.77.214 - - [16/Jul/2025:09:33:18 +0000] "POST /wp-cron.php?doing_wp_cron=1752658398.5250709056854248046875 HTTP/1.1" 200 - "-" "WordPress/6.8.2; https://ap.cleaning"
216.73.216.174 - - [16/Jul/2025:09:33:18 +0000] "GET /detail/340483314.shtm HTTP/1.1" 404 12595 "-" "Mozilla/5.0 AppleWebKit/537.36 (KHTML, like Gecko; compatible; ClaudeBot/1.0; [email protected])"
216.73.216.174 - - [16/Jul/2025:09:33:21 +0000] "GET /detail/340453911.shtm HTTP/1.1" 404 12596 "-" "Mozilla/5.0 AppleWebKit/537.36 (KHTML, like Gecko; compatible; ClaudeBot/1.0; [email protected])"
216.73.216.174 - - [16/Jul/2025:09:33:24 +0000] "GET /detail/340347712.shtm HTTP/1.1" 404 12595 "-" "Mozilla/5.0 AppleWebKit/537.36 (KHTML, like Gecko; compatible; ClaudeBot/1.0; [email protected])"
216.73.216.174 - - [16/Jul/2025:09:33:27 +0000] "GET /detail/340647535.shtm HTTP/1.1" 404 12596 "-" "Mozilla/5.0 AppleWebKit/537.36 (KHTML, like Gecko; compatible; ClaudeBot/1.0; [email protected])"
216.73.216.174 - - [16/Jul/2025:09:33:30 +0000] "GET /detail/340451211.shtm HTTP/1.1" 404 12596 "-" "Mozilla/5.0 AppleWebKit/537.36 (KHTML, like Gecko; compatible; ClaudeBot/1.0; [email protected])"
216.73.216.174 - - [16/Jul/2025:09:33:33 +0000] "GET /detail/340601329.shtm HTTP/1.1" 404 12595 "-" "Mozilla/5.0 AppleWebKit/537.36 (KHTML, like Gecko; compatible; ClaudeBot/1.0; [email protected])"
216.73.216.174 - - [16/Jul/2025:09:33:36 +0000] "GET /detail/340430905.shtm HTTP/1.1" 404 12596 "-" "Mozilla/5.0 AppleWebKit/537.36 (KHTML, like Gecko; compatible; ClaudeBot/1.0; [email protected])"
209.74.77.214 - - [16/Jul/2025:09:34:25 +0000] "POST /wp-cron.php?doing_wp_cron=1752658465.5543930530548095703125 HTTP/1.1" 200 - "-" "WordPress/6.8.2; https://ap.cleaning"
216.73.216.174 - - [16/Jul/2025:09:34:23 +0000] "GET /detail/340439230.shtm HTTP/1.1" 404 12596 "-" "Mozilla/5.0 AppleWebKit/537.36 (KHTML, like Gecko; compatible; ClaudeBot/1.0; [email protected])"
216.73.216.174 - - [16/Jul/2025:09:34:26 +0000] "GET /detail/340109042.shtm HTTP/1.1" 404 12596 "-" "Mozilla/5.0 AppleWebKit/537.36 (KHTML, like Gecko; compatible; ClaudeBot/1.0; [email protected])"
216.73.216.174 - - [16/Jul/2025:09:34:29 +0000] "GET /detail/340216110.shtm HTTP/1.1" 404 12596 "-" "Mozilla/5.0 AppleWebKit/537.36 (KHTML, like Gecko; compatible; ClaudeBot/1.0; [email protected])"
216.73.216.174 - - [16/Jul/2025:09:34:32 +0000] "GET /detail/340069196.shtm HTTP/1.1" 404 12595 "-" "Mozilla/5.0 AppleWebKit/537.36 (KHTML, like Gecko; compatible; ClaudeBot/1.0; [email protected])"
216.73.216.174 - - [16/Jul/2025:09:34:35 +0000] "GET /detail/340621123.shtm HTTP/1.1" 404 12595 "-" "Mozilla/5.0 AppleWebKit/537.36 (KHTML, like Gecko; compatible; ClaudeBot/1.0; [email protected])"
216.73.216.174 - - [16/Jul/2025:09:34:38 +0000] "GET /detail/340163276.shtm HTTP/1.1" 404 12596 "-" "Mozilla/5.0 AppleWebKit/537.36 (KHTML, like Gecko; compatible; ClaudeBot/1.0; [email protected])"
216.73.216.174 - - [16/Jul/2025:09:34:41 +0000] "GET /detail/340610901.shtm HTTP/1.1" 404 12597 "-" "Mozilla/5.0 AppleWebKit/537.36 (KHTML, like Gecko; compatible; ClaudeBot/1.0; [email protected])"
216.73.216.174 - - [16/Jul/2025:09:34:44 +0000] "GET /detail/340250715.shtm HTTP/1.1" 404 12596 "-" "Mozilla/5.0 AppleWebKit/537.36 (KHTML, like Gecko; compatible; ClaudeBot/1.0; [email protected])"
216.73.216.174 - - [16/Jul/2025:09:34:47 +0000] "GET /detail/340357998.shtm HTTP/1.1" 404 12596 "-" "Mozilla/5.0 AppleWebKit/537.36 (KHTML, like Gecko; compatible; ClaudeBot/1.0; [email protected])"
209.74.77.214 - - [16/Jul/2025:09:35:45 +0000] "POST /wp-cron.php?doing_wp_cron=1752658544.9962589740753173828125 HTTP/1.1" 200 - "-" "WordPress/6.8.2; https://ap.cleaning"
216.73.216.174 - - [16/Jul/2025:09:35:42 +0000] "GET /detail/340493464.shtm HTTP/1.1" 404 12597 "-" "Mozilla/5.0 AppleWebKit/537.36 (KHTML, like Gecko; compatible; ClaudeBot/1.0; [email protected])"
216.73.216.174 - - [16/Jul/2025:09:35:45 +0000] "GET /detail/340059624.shtm HTTP/1.1" 404 12596 "-" "Mozilla/5.0 AppleWebKit/537.36 (KHTML, like Gecko; compatible; ClaudeBot/1.0; [email protected])"
216.73.216.174 - - [16/Jul/2025:09:35:48 +0000] "GET /detail/340069782.shtm HTTP/1.1" 404 12596 "-" "Mozilla/5.0 AppleWebKit/537.36 (KHTML, like Gecko; compatible; ClaudeBot/1.0; [email protected])"
216.73.216.174 - - [16/Jul/2025:09:35:51 +0000] "GET /detail/340452078.shtm HTTP/1.1" 404 12595 "-" "Mozilla/5.0 AppleWebKit/537.36 (KHTML, like Gecko; compatible; ClaudeBot/1.0; [email protected])"
216.73.216.174 - - [16/Jul/2025:09:35:54 +0000] "GET /detail/340676810.shtm HTTP/1.1" 404 12596 "-" "Mozilla/5.0 AppleWebKit/537.36 (KHTML, like Gecko; compatible; ClaudeBot/1.0; [email protected])"
216.73.216.174 - - [16/Jul/2025:09:35:57 +0000] "GET /detail/340376469.shtm HTTP/1.1" 404 12594 "-" "Mozilla/5.0 AppleWebKit/537.36 (KHTML, like Gecko; compatible; ClaudeBot/1.0; [email protected])"
216.73.216.174 - - [16/Jul/2025:09:36:00 +0000] "GET /detail/340671119.shtm HTTP/1.1" 404 12596 "-" "Mozilla/5.0 AppleWebKit/537.36 (KHTML, like Gecko; compatible; ClaudeBot/1.0; [email protected])"
216.73.216.174 - - [16/Jul/2025:09:36:03 +0000] "GET /detail/340477623.shtm HTTP/1.1" 404 12595 "-" "Mozilla/5.0 AppleWebKit/537.36 (KHTML, like Gecko; compatible; ClaudeBot/1.0; [email protected])"
216.73.216.174 - - [16/Jul/2025:09:36:06 +0000] "GET /detail/340052046.shtm HTTP/1.1" 404 12597 "-" "Mozilla/5.0 AppleWebKit/537.36 (KHTML, like Gecko; compatible; ClaudeBot/1.0; [email protected])"
209.74.77.214 - - [16/Jul/2025:09:36:27 +0000] "POST /wp-cron.php?doing_wp_cron=1752658587.4517679214477539062500 HTTP/1.1" 200 - "-" "WordPress/6.8.2; https://ap.cleaning"
216.73.216.174 - - [16/Jul/2025:09:36:27 +0000] "GET /detail/340249972.shtm HTTP/1.1" 404 12597 "-" "Mozilla/5.0 AppleWebKit/537.36 (KHTML, like Gecko; compatible; ClaudeBot/1.0; [email protected])"
216.73.216.174 - - [16/Jul/2025:09:36:31 +0000] "GET /detail/340350998.shtm HTTP/1.1" 404 12594 "-" "Mozilla/5.0 AppleWebKit/537.36 (KHTML, like Gecko; compatible; ClaudeBot/1.0; [email protected])"
216.73.216.174 - - [16/Jul/2025:09:36:33 +0000] "GET /detail/340361945.shtm HTTP/1.1" 404 12595 "-" "Mozilla/5.0 AppleWebKit/537.36 (KHTML, like Gecko; compatible; ClaudeBot/1.0; [email protected])"
216.73.216.174 - - [16/Jul/2025:09:36:36 +0000] "GET /detail/340532443.shtm HTTP/1.1" 404 12596 "-" "Mozilla/5.0 AppleWebKit/537.36 (KHTML, like Gecko; compatible; ClaudeBot/1.0; [email protected])"
216.73.216.174 - - [16/Jul/2025:09:36:39 +0000] "GET /detail/340303628.shtm HTTP/1.1" 404 12596 "-" "Mozilla/5.0 AppleWebKit/537.36 (KHTML, like Gecko; compatible; ClaudeBot/1.0; [email protected])"
216.73.216.174 - - [16/Jul/2025:09:36:42 +0000] "GET /detail/340619226.shtm HTTP/1.1" 404 12594 "-" "Mozilla/5.0 AppleWebKit/537.36 (KHTML, like Gecko; compatible; ClaudeBot/1.0; [email protected])"
216.73.216.174 - - [16/Jul/2025:09:36:45 +0000] "GET /detail/340487773.shtm HTTP/1.1" 404 12596 "-" "Mozilla/5.0 AppleWebKit/537.36 (KHTML, like Gecko; compatible; ClaudeBot/1.0; [email protected])"
216.73.216.174 - - [16/Jul/2025:09:36:48 +0000] "GET /detail/340492886.shtm HTTP/1.1" 404 12597 "-" "Mozilla/5.0 AppleWebKit/537.36 (KHTML, like Gecko; compatible; ClaudeBot/1.0; [email protected])"
216.73.216.174 - - [16/Jul/2025:09:36:51 +0000] "GET /detail/340311949.shtm HTTP/1.1" 404 12596 "-" "Mozilla/5.0 AppleWebKit/537.36 (KHTML, like Gecko; compatible; ClaudeBot/1.0; [email protected])"
209.74.77.214 - - [16/Jul/2025:09:37:46 +0000] "POST /wp-cron.php?doing_wp_cron=1752658666.0257248878479003906250 HTTP/1.1" 200 - "-" "WordPress/6.8.2; https://ap.cleaning"
216.73.216.174 - - [16/Jul/2025:09:37:44 +0000] "GET /detail/340234003.shtm HTTP/1.1" 404 12595 "-" "Mozilla/5.0 AppleWebKit/537.36 (KHTML, like Gecko; compatible; ClaudeBot/1.0; [email protected])"
216.73.216.174 - - [16/Jul/2025:09:37:47 +0000] "GET /detail/340067433.shtm HTTP/1.1" 404 12596 "-" "Mozilla/5.0 AppleWebKit/537.36 (KHTML, like Gecko; compatible; ClaudeBot/1.0; [email protected])"
216.73.216.174 - - [16/Jul/2025:09:37:50 +0000] "GET /detail/340511485.shtm HTTP/1.1" 404 12596 "-" "Mozilla/5.0 AppleWebKit/537.36 (KHTML, like Gecko; compatible; ClaudeBot/1.0; [email protected])"
216.73.216.174 - - [16/Jul/2025:09:37:53 +0000] "GET /detail/340135165.shtm HTTP/1.1" 404 12596 "-" "Mozilla/5.0 AppleWebKit/537.36 (KHTML, like Gecko; compatible; ClaudeBot/1.0; [email protected])"
209.74.77.214 - - [16/Jul/2025:09:37:56 +0000] "POST /wp-cron.php?doing_wp_cron=1752658676.2488529682159423828125 HTTP/1.1" 200 - "-" "WordPress/6.8.2; https://ap.cleaning"
216.73.216.174 - - [16/Jul/2025:09:37:56 +0000] "GET /detail/340621990.shtm HTTP/1.1" 404 12595 "-" "Mozilla/5.0 AppleWebKit/537.36 (KHTML, like Gecko; compatible; ClaudeBot/1.0; [email protected])"
216.73.216.174 - - [16/Jul/2025:09:37:59 +0000] "GET /detail/340623666.shtm HTTP/1.1" 404 12596 "-" "Mozilla/5.0 AppleWebKit/537.36 (KHTML, like Gecko; compatible; ClaudeBot/1.0; [email protected])"
216.73.216.174 - - [16/Jul/2025:09:38:02 +0000] "GET /detail/340268515.shtm HTTP/1.1" 404 12594 "-" "Mozilla/5.0 AppleWebKit/537.36 (KHTML, like Gecko; compatible; ClaudeBot/1.0; [email protected])"
216.73.216.174 - - [16/Jul/2025:09:38:05 +0000] "GET /detail/340103929.shtm HTTP/1.1" 404 12596 "-" "Mozilla/5.0 AppleWebKit/537.36 (KHTML, like Gecko; compatible; ClaudeBot/1.0; [email protected])"
216.73.216.174 - - [16/Jul/2025:09:38:08 +0000] "GET /detail/340030807.shtm HTTP/1.1" 404 12595 "-" "Mozilla/5.0 AppleWebKit/537.36 (KHTML, like Gecko; compatible; ClaudeBot/1.0; [email protected])"
209.74.77.214 - - [16/Jul/2025:09:39:07 +0000] "POST /wp-cron.php?doing_wp_cron=1752658747.6086859703063964843750 HTTP/1.1" 200 - "-" "WordPress/6.8.2; https://ap.cleaning"
216.73.216.174 - - [16/Jul/2025:09:39:05 +0000] "GET /detail/340319601.shtm HTTP/1.1" 404 12596 "-" "Mozilla/5.0 AppleWebKit/537.36 (KHTML, like Gecko; compatible; ClaudeBot/1.0; [email protected])"
216.73.216.174 - - [16/Jul/2025:09:39:09 +0000] "GET /detail/340190561.shtm HTTP/1.1" 404 12596 "-" "Mozilla/5.0 AppleWebKit/537.36 (KHTML, like Gecko; compatible; ClaudeBot/1.0; [email protected])"
216.73.216.174 - - [16/Jul/2025:09:39:12 +0000] "GET /detail/340366319.shtm HTTP/1.1" 404 12595 "-" "Mozilla/5.0 AppleWebKit/537.36 (KHTML, like Gecko; compatible; ClaudeBot/1.0; [email protected])"
216.73.216.174 - - [16/Jul/2025:09:39:15 +0000] "GET /detail/340473028.shtm HTTP/1.1" 404 12596 "-" "Mozilla/5.0 AppleWebKit/537.36 (KHTML, like Gecko; compatible; ClaudeBot/1.0; [email protected])"
209.74.77.214 - - [16/Jul/2025:09:39:18 +0000] "POST /wp-cron.php?doing_wp_cron=1752658758.7808270454406738281250 HTTP/1.1" 200 - "-" "WordPress/6.8.2; https://ap.cleaning"
216.73.216.174 - - [16/Jul/2025:09:39:18 +0000] "GET /detail/340304499.shtm HTTP/1.1" 404 12597 "-" "Mozilla/5.0 AppleWebKit/537.36 (KHTML, like Gecko; compatible; ClaudeBot/1.0; [email protected])"
216.73.216.174 - - [16/Jul/2025:09:39:21 +0000] "GET /detail/340571930.shtm HTTP/1.1" 404 12595 "-" "Mozilla/5.0 AppleWebKit/537.36 (KHTML, like Gecko; compatible; ClaudeBot/1.0; [email protected])"
216.73.216.174 - - [16/Jul/2025:09:39:24 +0000] "GET /detail/340632140.shtm HTTP/1.1" 404 12596 "-" "Mozilla/5.0 AppleWebKit/537.36 (KHTML, like Gecko; compatible; ClaudeBot/1.0; [email protected])"
216.73.216.174 - - [16/Jul/2025:09:39:27 +0000] "GET /detail/340041246.shtm HTTP/1.1" 404 12596 "-" "Mozilla/5.0 AppleWebKit/537.36 (KHTML, like Gecko; compatible; ClaudeBot/1.0; [email protected])"
216.73.216.174 - - [16/Jul/2025:09:39:30 +0000] "GET /detail/340657685.shtm HTTP/1.1" 404 12597 "-" "Mozilla/5.0 AppleWebKit/537.36 (KHTML, like Gecko; compatible; ClaudeBot/1.0; [email protected])"
216.73.216.174 - - [16/Jul/2025:09:39:48 +0000] "GET /detail/340139411.shtm HTTP/1.1" 404 12597 "-" "Mozilla/5.0 AppleWebKit/537.36 (KHTML, like Gecko; compatible; ClaudeBot/1.0; [email protected])"
216.73.216.174 - - [16/Jul/2025:09:39:51 +0000] "GET /detail/340110132.shtm HTTP/1.1" 404 12596 "-" "Mozilla/5.0 AppleWebKit/537.36 (KHTML, like Gecko; compatible; ClaudeBot/1.0; [email protected])"
216.73.216.174 - - [16/Jul/2025:09:39:54 +0000] "GET /detail/340430839.shtm HTTP/1.1" 404 12595 "-" "Mozilla/5.0 AppleWebKit/537.36 (KHTML, like Gecko; compatible; ClaudeBot/1.0; [email protected])"
216.73.216.174 - - [16/Jul/2025:09:39:57 +0000] "GET /detail/340482728.shtm HTTP/1.1" 404 12597 "-" "Mozilla/5.0 AppleWebKit/537.36 (KHTML, like Gecko; compatible; ClaudeBot/1.0; [email protected])"
216.73.216.174 - - [16/Jul/2025:09:40:00 +0000] "GET /detail/340299904.shtm HTTP/1.1" 404 12595 "-" "Mozilla/5.0 AppleWebKit/537.36 (KHTML, like Gecko; compatible; ClaudeBot/1.0; [email protected])"
216.73.216.174 - - [16/Jul/2025:09:40:03 +0000] "GET /detail/340214145.shtm HTTP/1.1" 404 12596 "-" "Mozilla/5.0 AppleWebKit/537.36 (KHTML, like Gecko; compatible; ClaudeBot/1.0; [email protected])"
216.73.216.174 - - [16/Jul/2025:09:40:06 +0000] "GET /detail/340596220.shtm HTTP/1.1" 404 12596 "-" "Mozilla/5.0 AppleWebKit/537.36 (KHTML, like Gecko; compatible; ClaudeBot/1.0; [email protected])"
216.73.216.174 - - [16/Jul/2025:09:40:09 +0000] "GET /detail/340587903.shtm HTTP/1.1" 404 12596 "-" "Mozilla/5.0 AppleWebKit/537.36 (KHTML, like Gecko; compatible; ClaudeBot/1.0; [email protected])"
216.73.216.174 - - [16/Jul/2025:09:40:12 +0000] "GET /detail/340039124.shtm HTTP/1.1" 404 12596 "-" "Mozilla/5.0 AppleWebKit/537.36 (KHTML, like Gecko; compatible; ClaudeBot/1.0; [email protected])"
209.74.77.214 - - [16/Jul/2025:09:41:11 +0000] "POST /wp-cron.php?doing_wp_cron=1752658871.1450541019439697265625 HTTP/1.1" 200 - "-" "WordPress/6.8.2; https://ap.cleaning"
216.73.216.174 - - [16/Jul/2025:09:41:09 +0000] "GET /detail/340404782.shtm HTTP/1.1" 404 12596 "-" "Mozilla/5.0 AppleWebKit/537.36 (KHTML, like Gecko; compatible; ClaudeBot/1.0; [email protected])"
216.73.216.174 - - [16/Jul/2025:09:41:12 +0000] "GET /detail/340554706.shtm HTTP/1.1" 404 12596 "-" "Mozilla/5.0 AppleWebKit/537.36 (KHTML, like Gecko; compatible; ClaudeBot/1.0; [email protected])"
216.73.216.174 - - [16/Jul/2025:09:41:15 +0000] "GET /detail/340624401.shtm HTTP/1.1" 404 12597 "-" "Mozilla/5.0 AppleWebKit/537.36 (KHTML, like Gecko; compatible; ClaudeBot/1.0; [email protected])"
209.74.77.214 - - [16/Jul/2025:09:41:18 +0000] "POST /wp-cron.php?doing_wp_cron=1752658878.4402110576629638671875 HTTP/1.1" 200 - "-" "WordPress/6.8.2; https://ap.cleaning"
216.73.216.174 - - [16/Jul/2025:09:41:18 +0000] "GET /detail/340188086.shtm HTTP/1.1" 404 12596 "-" "Mozilla/5.0 AppleWebKit/537.36 (KHTML, like Gecko; compatible; ClaudeBot/1.0; [email protected])"
216.73.216.174 - - [16/Jul/2025:09:41:21 +0000] "GET /detail/340438363.shtm HTTP/1.1" 404 12596 "-" "Mozilla/5.0 AppleWebKit/537.36 (KHTML, like Gecko; compatible; ClaudeBot/1.0; [email protected])"
216.73.216.174 - - [16/Jul/2025:09:41:24 +0000] "GET /detail/340472450.shtm HTTP/1.1" 404 12596 "-" "Mozilla/5.0 AppleWebKit/537.36 (KHTML, like Gecko; compatible; ClaudeBot/1.0; [email protected])"
216.73.216.174 - - [16/Jul/2025:09:41:27 +0000] "GET /detail/340206557.shtm HTTP/1.1" 404 12596 "-" "Mozilla/5.0 AppleWebKit/537.36 (KHTML, like Gecko; compatible; ClaudeBot/1.0; [email protected])"
216.73.216.174 - - [16/Jul/2025:09:41:30 +0000] "GET /detail/340201000.shtm HTTP/1.1" 404 12596 "-" "Mozilla/5.0 AppleWebKit/537.36 (KHTML, like Gecko; compatible; ClaudeBot/1.0; [email protected])"
216.73.216.174 - - [16/Jul/2025:09:41:33 +0000] "GET /detail/340204212.shtm HTTP/1.1" 404 12595 "-" "Mozilla/5.0 AppleWebKit/537.36 (KHTML, like Gecko; compatible; ClaudeBot/1.0; [email protected])"
209.74.77.214 - - [16/Jul/2025:09:42:19 +0000] "POST /wp-cron.php?doing_wp_cron=1752658939.7098970413208007812500 HTTP/1.1" 200 - "-" "WordPress/6.8.2; https://ap.cleaning"
216.73.216.174 - - [16/Jul/2025:09:42:17 +0000] "GET /detail/340624335.shtm HTTP/1.1" 404 12597 "-" "Mozilla/5.0 AppleWebKit/537.36 (KHTML, like Gecko; compatible; ClaudeBot/1.0; [email protected])"
216.73.216.174 - - [16/Jul/2025:09:42:20 +0000] "GET /detail/340219322.shtm HTTP/1.1" 404 12596 "-" "Mozilla/5.0 AppleWebKit/537.36 (KHTML, like Gecko; compatible; ClaudeBot/1.0; [email protected])"
216.73.216.174 - - [16/Jul/2025:09:42:23 +0000] "GET /detail/340577617.shtm HTTP/1.1" 404 12596 "-" "Mozilla/5.0 AppleWebKit/537.36 (KHTML, like Gecko; compatible; ClaudeBot/1.0; [email protected])"
216.73.216.174 - - [16/Jul/2025:09:42:26 +0000] "GET /detail/340417927.shtm HTTP/1.1" 404 12596 "-" "Mozilla/5.0 AppleWebKit/537.36 (KHTML, like Gecko; compatible; ClaudeBot/1.0; [email protected])"
216.73.216.174 - - [16/Jul/2025:09:42:29 +0000] "GET /detail/340675421.shtm HTTP/1.1" 404 12597 "-" "Mozilla/5.0 AppleWebKit/537.36 (KHTML, like Gecko; compatible; ClaudeBot/1.0; [email protected])"
216.73.216.174 - - [16/Jul/2025:09:42:32 +0000] "GET /detail/340683876.shtm HTTP/1.1" 404 12595 "-" "Mozilla/5.0 AppleWebKit/537.36 (KHTML, like Gecko; compatible; ClaudeBot/1.0; [email protected])"
216.73.216.174 - - [16/Jul/2025:09:42:35 +0000] "GET /detail/340611487.shtm HTTP/1.1" 404 12596 "-" "Mozilla/5.0 AppleWebKit/537.36 (KHTML, like Gecko; compatible; ClaudeBot/1.0; [email protected])"
216.73.216.174 - - [16/Jul/2025:09:42:38 +0000] "GET /detail/340526748.shtm HTTP/1.1" 404 12598 "-" "Mozilla/5.0 AppleWebKit/537.36 (KHTML, like Gecko; compatible; ClaudeBot/1.0; [email protected])"
216.73.216.174 - - [16/Jul/2025:09:42:41 +0000] "GET /detail/340446965.shtm HTTP/1.1" 404 12595 "-" "Mozilla/5.0 AppleWebKit/537.36 (KHTML, like Gecko; compatible; ClaudeBot/1.0; [email protected])"
209.74.77.214 - - [16/Jul/2025:09:43:34 +0000] "POST /wp-cron.php?doing_wp_cron=1752659014.1316459178924560546875 HTTP/1.1" 200 - "-" "WordPress/6.8.2; https://ap.cleaning"
216.73.216.174 - - [16/Jul/2025:09:43:32 +0000] "GET /detail/340379233.shtm HTTP/1.1" 404 12596 "-" "Mozilla/5.0 AppleWebKit/537.36 (KHTML, like Gecko; compatible; ClaudeBot/1.0; [email protected])"
216.73.216.174 - - [16/Jul/2025:09:43:35 +0000] "GET /detail/340034300.shtm HTTP/1.1" 404 12595 "-" "Mozilla/5.0 AppleWebKit/537.36 (KHTML, like Gecko; compatible; ClaudeBot/1.0; [email protected])"
216.73.216.174 - - [16/Jul/2025:09:43:38 +0000] "GET /detail/340053933.shtm HTTP/1.1" 404 12596 "-" "Mozilla/5.0 AppleWebKit/537.36 (KHTML, like Gecko; compatible; ClaudeBot/1.0; [email protected])"
216.73.216.174 - - [16/Jul/2025:09:43:41 +0000] "GET /detail/340328083.shtm HTTP/1.1" 404 12594 "-" "Mozilla/5.0 AppleWebKit/537.36 (KHTML, like Gecko; compatible; ClaudeBot/1.0; [email protected])"
216.73.216.174 - - [16/Jul/2025:09:43:44 +0000] "GET /detail/340352885.shtm HTTP/1.1" 404 12596 "-" "Mozilla/5.0 AppleWebKit/537.36 (KHTML, like Gecko; compatible; ClaudeBot/1.0; [email protected])"
216.73.216.174 - - [16/Jul/2025:09:43:47 +0000] "GET /detail/340652359.shtm HTTP/1.1" 404 12596 "-" "Mozilla/5.0 AppleWebKit/537.36 (KHTML, like Gecko; compatible; ClaudeBot/1.0; [email protected])"
216.73.216.174 - - [16/Jul/2025:09:43:50 +0000] "GET /detail/340064669.shtm HTTP/1.1" 404 12597 "-" "Mozilla/5.0 AppleWebKit/537.36 (KHTML, like Gecko; compatible; ClaudeBot/1.0; [email protected])"
216.73.216.174 - - [16/Jul/2025:09:43:53 +0000] "GET /detail/340409891.shtm HTTP/1.1" 404 12597 "-" "Mozilla/5.0 AppleWebKit/537.36 (KHTML, like Gecko; compatible; ClaudeBot/1.0; [email protected])"
216.73.216.174 - - [16/Jul/2025:09:43:56 +0000] "GET /detail/340464711.shtm HTTP/1.1" 404 12596 "-" "Mozilla/5.0 AppleWebKit/537.36 (KHTML, like Gecko; compatible; ClaudeBot/1.0; [email protected])"
209.74.77.214 - - [16/Jul/2025:09:45:00 +0000] "POST /wp-cron.php?doing_wp_cron=1752659100.9751420021057128906250 HTTP/1.1" 200 - "-" "WordPress/6.8.2; https://ap.cleaning"
216.73.216.174 - - [16/Jul/2025:09:44:59 +0000] "GET /detail/340271215.shtm HTTP/1.1" 404 12595 "-" "Mozilla/5.0 AppleWebKit/537.36 (KHTML, like Gecko; compatible; ClaudeBot/1.0; [email protected])"
216.73.216.174 - - [16/Jul/2025:09:45:02 +0000] "GET /detail/340361210.shtm HTTP/1.1" 404 12596 "-" "Mozilla/5.0 AppleWebKit/537.36 (KHTML, like Gecko; compatible; ClaudeBot/1.0; [email protected])"
216.73.216.174 - - [16/Jul/2025:09:45:05 +0000] "GET /detail/340223845.shtm HTTP/1.1" 404 12595 "-" "Mozilla/5.0 AppleWebKit/537.36 (KHTML, like Gecko; compatible; ClaudeBot/1.0; [email protected])"
216.73.216.174 - - [16/Jul/2025:09:45:08 +0000] "GET /detail/340551494.shtm HTTP/1.1" 404 12597 "-" "Mozilla/5.0 AppleWebKit/537.36 (KHTML, like Gecko; compatible; ClaudeBot/1.0; [email protected])"
216.73.216.174 - - [16/Jul/2025:09:45:11 +0000] "GET /detail/340126266.shtm HTTP/1.1" 404 12597 "-" "Mozilla/5.0 AppleWebKit/537.36 (KHTML, like Gecko; compatible; ClaudeBot/1.0; [email protected])"
216.73.216.174 - - [16/Jul/2025:09:45:14 +0000] "GET /detail/340621701.shtm HTTP/1.1" 404 12597 "-" "Mozilla/5.0 AppleWebKit/537.36 (KHTML, like Gecko; compatible; ClaudeBot/1.0; [email protected])"
209.74.77.214 - - [16/Jul/2025:09:45:18 +0000] "POST /wp-cron.php?doing_wp_cron=1752659118.0930318832397460937500 HTTP/1.1" 200 - "-" "WordPress/6.8.2; https://ap.cleaning"
216.73.216.174 - - [16/Jul/2025:09:45:17 +0000] "GET /detail/340554033.shtm HTTP/1.1" 404 12595 "-" "Mozilla/5.0 AppleWebKit/537.36 (KHTML, like Gecko; compatible; ClaudeBot/1.0; [email protected])"
216.73.216.174 - - [16/Jul/2025:09:45:20 +0000] "GET /detail/340092908.shtm HTTP/1.1" 404 12594 "-" "Mozilla/5.0 AppleWebKit/537.36 (KHTML, like Gecko; compatible; ClaudeBot/1.0; [email protected])"
216.73.216.174 - - [16/Jul/2025:09:45:23 +0000] "GET /detail/340657528.shtm HTTP/1.1" 404 12596 "-" "Mozilla/5.0 AppleWebKit/537.36 (KHTML, like Gecko; compatible; ClaudeBot/1.0; [email protected])"
216.73.216.174 - - [16/Jul/2025:09:46:12 +0000] "GET /detail/340144516.shtm HTTP/1.1" 404 12596 "-" "Mozilla/5.0 AppleWebKit/537.36 (KHTML, like Gecko; compatible; ClaudeBot/1.0; [email protected])"
216.73.216.174 - - [16/Jul/2025:09:46:15 +0000] "GET /detail/340144801.shtm HTTP/1.1" 404 12596 "-" "Mozilla/5.0 AppleWebKit/537.36 (KHTML, like Gecko; compatible; ClaudeBot/1.0; [email protected])"
209.74.77.214 - - [16/Jul/2025:09:46:18 +0000] "POST /wp-cron.php?doing_wp_cron=1752659178.8143479824066162109375 HTTP/1.1" 200 - "-" "WordPress/6.8.2; https://ap.cleaning"
216.73.216.174 - - [16/Jul/2025:09:46:18 +0000] "GET /detail/340085330.shtm HTTP/1.1" 404 12596 "-" "Mozilla/5.0 AppleWebKit/537.36 (KHTML, like Gecko; compatible; ClaudeBot/1.0; [email protected])"
216.73.216.174 - - [16/Jul/2025:09:46:21 +0000] "GET /detail/340060367.shtm HTTP/1.1" 404 12596 "-" "Mozilla/5.0 AppleWebKit/537.36 (KHTML, like Gecko; compatible; ClaudeBot/1.0; [email protected])"
216.73.216.174 - - [16/Jul/2025:09:46:24 +0000] "GET /detail/340055258.shtm HTTP/1.1" 404 12597 "-" "Mozilla/5.0 AppleWebKit/537.36 (KHTML, like Gecko; compatible; ClaudeBot/1.0; [email protected])"
216.73.216.174 - - [16/Jul/2025:09:46:27 +0000] "GET /detail/340183495.shtm HTTP/1.1" 404 12597 "-" "Mozilla/5.0 AppleWebKit/537.36 (KHTML, like Gecko; compatible; ClaudeBot/1.0; [email protected])"
216.73.216.174 - - [16/Jul/2025:09:46:30 +0000] "GET /detail/340456380.shtm HTTP/1.1" 404 12595 "-" "Mozilla/5.0 AppleWebKit/537.36 (KHTML, like Gecko; compatible; ClaudeBot/1.0; [email protected])"
216.73.216.174 - - [16/Jul/2025:09:46:33 +0000] "GET /detail/340603451.shtm HTTP/1.1" 404 12596 "-" "Mozilla/5.0 AppleWebKit/537.36 (KHTML, like Gecko; compatible; ClaudeBot/1.0; [email protected])"
216.73.216.174 - - [16/Jul/2025:09:46:36 +0000] "GET /detail/340655852.shtm HTTP/1.1" 404 12596 "-" "Mozilla/5.0 AppleWebKit/537.36 (KHTML, like Gecko; compatible; ClaudeBot/1.0; [email protected])"
209.74.77.214 - - [16/Jul/2025:09:47:36 +0000] "POST /wp-cron.php?doing_wp_cron=1752659256.8774309158325195312500 HTTP/1.1" 200 - "-" "WordPress/6.8.2; https://ap.cleaning"
216.73.216.174 - - [16/Jul/2025:09:47:35 +0000] "GET /detail/340577039.shtm HTTP/1.1" 404 12596 "-" "Mozilla/5.0 AppleWebKit/537.36 (KHTML, like Gecko; compatible; ClaudeBot/1.0; [email protected])"
216.73.216.174 - - [16/Jul/2025:09:47:39 +0000] "GET /detail/340541272.shtm HTTP/1.1" 404 12595 "-" "Mozilla/5.0 AppleWebKit/537.36 (KHTML, like Gecko; compatible; ClaudeBot/1.0; [email protected])"
216.73.216.174 - - [16/Jul/2025:09:47:42 +0000] "GET /detail/340593165.shtm HTTP/1.1" 404 12595 "-" "Mozilla/5.0 AppleWebKit/537.36 (KHTML, like Gecko; compatible; ClaudeBot/1.0; [email protected])"
216.73.216.174 - - [16/Jul/2025:09:47:45 +0000] "GET /detail/340425732.shtm HTTP/1.1" 404 12595 "-" "Mozilla/5.0 AppleWebKit/537.36 (KHTML, like Gecko; compatible; ClaudeBot/1.0; [email protected])"
216.73.216.174 - - [16/Jul/2025:09:47:48 +0000] "GET /detail/340526009.shtm HTTP/1.1" 404 12597 "-" "Mozilla/5.0 AppleWebKit/537.36 (KHTML, like Gecko; compatible; ClaudeBot/1.0; [email protected])"
