66.249.68.3 - - [17/Jul/2025:17:07:47 +0000] "POST /get-message-notify HTTP/1.1" 200 20129 "https://cyber-secure.com.au/item/geniu42238859/" "Mozilla/5.0 (Linux; Android 6.0.1; Nexus 5X Build/MMB29P) AppleWebKit/537.36 (KHTML, like Gecko) Chrome/137.0.7151.119 Mobile Safari/537.36 (compatible; Googlebot/2.1; +http://www.google.com/bot.html)"
66.249.68.4 - - [17/Jul/2025:17:07:47 +0000] "GET /item/coke40140083/ HTTP/1.1" 200 20219 "-" "Mozilla/5.0 (Linux; Android 6.0.1; Nexus 5X Build/MMB29P) AppleWebKit/537.36 (KHTML, like Gecko) Chrome/137.0.7151.103 Mobile Safari/537.36 (compatible; Googlebot/2.1; +http://www.google.com/bot.html)"
66.249.68.4 - - [17/Jul/2025:17:07:49 +0000] "POST /get-message-notify HTTP/1.1" 200 20130 "https://cyber-secure.com.au/item/pain20113409/" "Mozilla/5.0 (Linux; Android 6.0.1; Nexus 5X Build/MMB29P) AppleWebKit/537.36 (KHTML, like Gecko) Chrome/137.0.7151.119 Mobile Safari/537.36 (compatible; Googlebot/2.1; +http://www.google.com/bot.html)"
66.249.68.4 - - [17/Jul/2025:17:07:50 +0000] "POST /get-message-notify HTTP/1.1" 200 20130 "https://cyber-secure.com.au/item/drown60819549/" "Mozilla/5.0 (Linux; Android 6.0.1; Nexus 5X Build/MMB29P) AppleWebKit/537.36 (KHTML, like Gecko) Chrome/137.0.7151.119 Mobile Safari/537.36 (compatible; Googlebot/2.1; +http://www.google.com/bot.html)"
66.249.68.3 - - [17/Jul/2025:17:07:51 +0000] "GET /item/gain51099252/ HTTP/1.1" 200 19939 "-" "Mozilla/5.0 (Linux; Android 6.0.1; Nexus 5X Build/MMB29P) AppleWebKit/537.36 (KHTML, like Gecko) Chrome/137.0.7151.103 Mobile Safari/537.36 (compatible; Googlebot/2.1; +http://www.google.com/bot.html)"
57.141.2.24 - - [17/Jul/2025:17:07:53 +0000] "GET /?e=74232738011000& HTTP/1.1" 200 417 "-" "meta-externalagent/1.1 (+https://developers.facebook.com/docs/sharing/webmasters/crawler)"
66.249.68.5 - - [17/Jul/2025:17:07:54 +0000] "GET /item/worke61872749/ HTTP/1.1" 200 20224 "-" "Mozilla/5.0 (Linux; Android 6.0.1; Nexus 5X Build/MMB29P) AppleWebKit/537.36 (KHTML, like Gecko) Chrome/137.0.7151.103 Mobile Safari/537.36 (compatible; Googlebot/2.1; +http://www.google.com/bot.html)"
66.249.68.5 - - [17/Jul/2025:17:07:57 +0000] "GET /item/while62581165/ HTTP/1.1" 200 20467 "-" "Mozilla/5.0 (Linux; Android 6.0.1; Nexus 5X Build/MMB29P) AppleWebKit/537.36 (KHTML, like Gecko) Chrome/137.0.7151.103 Mobile Safari/537.36 (compatible; Googlebot/2.1; +http://www.google.com/bot.html)"
66.249.68.4 - - [17/Jul/2025:17:08:01 +0000] "GET /item/pocke61965061/ HTTP/1.1" 200 20539 "-" "Mozilla/5.0 (Linux; Android 6.0.1; Nexus 5X Build/MMB29P) AppleWebKit/537.36 (KHTML, like Gecko) Chrome/137.0.7151.103 Mobile Safari/537.36 (compatible; Googlebot/2.1; +http://www.google.com/bot.html)"
66.249.68.5 - - [17/Jul/2025:17:08:04 +0000] "POST /get-message-notify HTTP/1.1" 200 20133 "https://cyber-secure.com.au/item/misun42725939/" "Mozilla/5.0 (Linux; Android 6.0.1; Nexus 5X Build/MMB29P) AppleWebKit/537.36 (KHTML, like Gecko) Chrome/137.0.7151.119 Mobile Safari/537.36 (compatible; Googlebot/2.1; +http://www.google.com/bot.html)"
57.141.2.23 - - [17/Jul/2025:17:08:22 +0000] "GET /?e=92099567041000& HTTP/1.1" 200 417 "-" "meta-externalagent/1.1 (+https://developers.facebook.com/docs/sharing/webmasters/crawler)"
57.141.2.24 - - [17/Jul/2025:17:08:30 +0000] "GET /?e=71519921021000& HTTP/1.1" 200 417 "-" "meta-externalagent/1.1 (+https://developers.facebook.com/docs/sharing/webmasters/crawler)"
66.249.68.4 - - [17/Jul/2025:17:08:39 +0000] "POST /get-message-notify HTTP/1.1" 200 20144 "https://cyber-secure.com.au/item/pocke61965061/" "Mozilla/5.0 (Linux; Android 6.0.1; Nexus 5X Build/MMB29P) AppleWebKit/537.36 (KHTML, like Gecko) Chrome/137.0.7151.119 Mobile Safari/537.36 (compatible; Googlebot/2.1; +http://www.google.com/bot.html)"
57.141.2.4 - - [17/Jul/2025:17:08:41 +0000] "GET /?e=42818459001000& HTTP/1.1" 200 417 "-" "meta-externalagent/1.1 (+https://developers.facebook.com/docs/sharing/webmasters/crawler)"
66.249.68.3 - - [17/Jul/2025:17:08:47 +0000] "GET /item/2684519 HTTP/1.1" 200 19679 "-" "Mozilla/5.0 (Linux; Android 6.0.1; Nexus 5X Build/MMB29P) AppleWebKit/537.36 (KHTML, like Gecko) Chrome/137.0.7151.103 Mobile Safari/537.36 (compatible; Googlebot/2.1; +http://www.google.com/bot.html)"
57.141.2.16 - - [17/Jul/2025:17:08:50 +0000] "GET /?e=55475053101000& HTTP/1.1" 200 417 "-" "meta-externalagent/1.1 (+https://developers.facebook.com/docs/sharing/webmasters/crawler)"
216.73.216.213 - - [17/Jul/2025:17:09:14 +0000] "GET /item/vote31530418 HTTP/1.1" 200 265 "-" "Mozilla/5.0 AppleWebKit/537.36 (KHTML, like Gecko; compatible; ClaudeBot/1.0; [email protected])"
216.73.216.213 - - [17/Jul/2025:17:09:14 +0000] "GET /item/pin42938763 HTTP/1.1" 200 265 "-" "Mozilla/5.0 AppleWebKit/537.36 (KHTML, like Gecko; compatible; ClaudeBot/1.0; [email protected])"
216.73.216.213 - - [17/Jul/2025:17:09:15 +0000] "GET /item/recei81789215 HTTP/1.1" 200 265 "-" "Mozilla/5.0 AppleWebKit/537.36 (KHTML, like Gecko; compatible; ClaudeBot/1.0; [email protected])"
216.73.216.213 - - [17/Jul/2025:17:09:15 +0000] "GET /item/staff81689447 HTTP/1.1" 200 265 "-" "Mozilla/5.0 AppleWebKit/537.36 (KHTML, like Gecko; compatible; ClaudeBot/1.0; [email protected])"
216.73.216.213 - - [17/Jul/2025:17:09:15 +0000] "GET /item/predi72581606 HTTP/1.1" 200 265 "-" "Mozilla/5.0 AppleWebKit/537.36 (KHTML, like Gecko; compatible; ClaudeBot/1.0; [email protected])"
216.73.216.213 - - [17/Jul/2025:17:09:15 +0000] "GET /item/near20816817 HTTP/1.1" 200 265 "-" "Mozilla/5.0 AppleWebKit/537.36 (KHTML, like Gecko; compatible; ClaudeBot/1.0; [email protected])"
216.73.216.213 - - [17/Jul/2025:17:09:15 +0000] "GET /item/itali30422922 HTTP/1.1" 200 265 "-" "Mozilla/5.0 AppleWebKit/537.36 (KHTML, like Gecko; compatible; ClaudeBot/1.0; [email protected])"
216.73.216.213 - - [17/Jul/2025:17:09:16 +0000] "GET /item/betwe82960959 HTTP/1.1" 200 265 "-" "Mozilla/5.0 AppleWebKit/537.36 (KHTML, like Gecko; compatible; ClaudeBot/1.0; [email protected])"
216.73.216.213 - - [17/Jul/2025:17:09:16 +0000] "GET /item/rosy10439880 HTTP/1.1" 200 265 "-" "Mozilla/5.0 AppleWebKit/537.36 (KHTML, like Gecko; compatible; ClaudeBot/1.0; [email protected])"
216.73.216.213 - - [17/Jul/2025:17:09:16 +0000] "GET /item/donke22394905 HTTP/1.1" 200 265 "-" "Mozilla/5.0 AppleWebKit/537.36 (KHTML, like Gecko; compatible; ClaudeBot/1.0; [email protected])"
216.73.216.213 - - [17/Jul/2025:17:09:16 +0000] "GET /item/dug72895942 HTTP/1.1" 200 265 "-" "Mozilla/5.0 AppleWebKit/537.36 (KHTML, like Gecko; compatible; ClaudeBot/1.0; [email protected])"
216.73.216.213 - - [17/Jul/2025:17:09:16 +0000] "GET /item/too60096253 HTTP/1.1" 200 265 "-" "Mozilla/5.0 AppleWebKit/537.36 (KHTML, like Gecko; compatible; ClaudeBot/1.0; [email protected])"
216.73.216.213 - - [17/Jul/2025:17:09:16 +0000] "GET /item/choos30001578 HTTP/1.1" 200 265 "-" "Mozilla/5.0 AppleWebKit/537.36 (KHTML, like Gecko; compatible; ClaudeBot/1.0; [email protected])"
216.73.216.213 - - [17/Jul/2025:17:09:16 +0000] "GET /item/brigh62696637 HTTP/1.1" 200 265 "-" "Mozilla/5.0 AppleWebKit/537.36 (KHTML, like Gecko; compatible; ClaudeBot/1.0; [email protected])"
216.73.216.213 - - [17/Jul/2025:17:09:17 +0000] "GET /item/unfam31233370 HTTP/1.1" 200 265 "-" "Mozilla/5.0 AppleWebKit/537.36 (KHTML, like Gecko; compatible; ClaudeBot/1.0; [email protected])"
216.73.216.213 - - [17/Jul/2025:17:09:17 +0000] "GET /item/lifet61639509 HTTP/1.1" 200 265 "-" "Mozilla/5.0 AppleWebKit/537.36 (KHTML, like Gecko; compatible; ClaudeBot/1.0; [email protected])"
216.73.216.213 - - [17/Jul/2025:17:09:17 +0000] "GET /item/emoti60069789 HTTP/1.1" 200 265 "-" "Mozilla/5.0 AppleWebKit/537.36 (KHTML, like Gecko; compatible; ClaudeBot/1.0; [email protected])"
216.73.216.213 - - [17/Jul/2025:17:09:17 +0000] "GET /item/cure41475099 HTTP/1.1" 200 265 "-" "Mozilla/5.0 AppleWebKit/537.36 (KHTML, like Gecko; compatible; ClaudeBot/1.0; [email protected])"
216.73.216.213 - - [17/Jul/2025:17:09:17 +0000] "GET /item/bush40749363 HTTP/1.1" 200 265 "-" "Mozilla/5.0 AppleWebKit/537.36 (KHTML, like Gecko; compatible; ClaudeBot/1.0; [email protected])"
216.73.216.213 - - [17/Jul/2025:17:09:17 +0000] "GET /item/freez40653747 HTTP/1.1" 200 265 "-" "Mozilla/5.0 AppleWebKit/537.36 (KHTML, like Gecko; compatible; ClaudeBot/1.0; [email protected])"
216.73.216.213 - - [17/Jul/2025:17:09:17 +0000] "GET /item/urban32979442 HTTP/1.1" 200 265 "-" "Mozilla/5.0 AppleWebKit/537.36 (KHTML, like Gecko; compatible; ClaudeBot/1.0; [email protected])"
216.73.216.213 - - [17/Jul/2025:17:09:17 +0000] "GET /item/pollu81301319 HTTP/1.1" 200 265 "-" "Mozilla/5.0 AppleWebKit/537.36 (KHTML, like Gecko; compatible; ClaudeBot/1.0; [email protected])"
216.73.216.213 - - [17/Jul/2025:17:09:18 +0000] "GET /item/phone41989651 HTTP/1.1" 200 265 "-" "Mozilla/5.0 AppleWebKit/537.36 (KHTML, like Gecko; compatible; ClaudeBot/1.0; [email protected])"
216.73.216.213 - - [17/Jul/2025:17:09:18 +0000] "GET /item/earn41535115 HTTP/1.1" 200 265 "-" "Mozilla/5.0 AppleWebKit/537.36 (KHTML, like Gecko; compatible; ClaudeBot/1.0; [email protected])"
216.73.216.213 - - [17/Jul/2025:17:09:18 +0000] "GET /item/justi32558338 HTTP/1.1" 200 265 "-" "Mozilla/5.0 AppleWebKit/537.36 (KHTML, like Gecko; compatible; ClaudeBot/1.0; [email protected])"
216.73.216.213 - - [17/Jul/2025:17:09:18 +0000] "GET /item/sessi81173855 HTTP/1.1" 200 265 "-" "Mozilla/5.0 AppleWebKit/537.36 (KHTML, like Gecko; compatible; ClaudeBot/1.0; [email protected])"
216.73.216.213 - - [17/Jul/2025:17:09:18 +0000] "GET /item/dug71187942 HTTP/1.1" 200 265 "-" "Mozilla/5.0 AppleWebKit/537.36 (KHTML, like Gecko; compatible; ClaudeBot/1.0; [email protected])"
216.73.216.213 - - [17/Jul/2025:17:09:18 +0000] "GET /item/rise20025641 HTTP/1.1" 200 265 "-" "Mozilla/5.0 AppleWebKit/537.36 (KHTML, like Gecko; compatible; ClaudeBot/1.0; [email protected])"
216.73.216.213 - - [17/Jul/2025:17:09:18 +0000] "GET /item/blow71409798 HTTP/1.1" 200 265 "-" "Mozilla/5.0 AppleWebKit/537.36 (KHTML, like Gecko; compatible; ClaudeBot/1.0; [email protected])"
216.73.216.213 - - [17/Jul/2025:17:09:18 +0000] "GET /item/phone42185651 HTTP/1.1" 200 265 "-" "Mozilla/5.0 AppleWebKit/537.36 (KHTML, like Gecko; compatible; ClaudeBot/1.0; [email protected])"
216.73.216.213 - - [17/Jul/2025:17:09:18 +0000] "GET /item/umbre80644271 HTTP/1.1" 200 265 "-" "Mozilla/5.0 AppleWebKit/537.36 (KHTML, like Gecko; compatible; ClaudeBot/1.0; [email protected])"
216.73.216.213 - - [17/Jul/2025:17:09:18 +0000] "GET /item/socio60099813 HTTP/1.1" 200 265 "-" "Mozilla/5.0 AppleWebKit/537.36 (KHTML, like Gecko; compatible; ClaudeBot/1.0; [email protected])"
216.73.216.213 - - [17/Jul/2025:17:09:19 +0000] "GET /item/plura80699167 HTTP/1.1" 200 265 "-" "Mozilla/5.0 AppleWebKit/537.36 (KHTML, like Gecko; compatible; ClaudeBot/1.0; [email protected])"
57.141.2.19 - - [17/Jul/2025:17:09:33 +0000] "GET /?e=60806545061000& HTTP/1.1" 200 417 "-" "meta-externalagent/1.1 (+https://developers.facebook.com/docs/sharing/webmasters/crawler)"
66.249.68.3 - - [17/Jul/2025:17:09:46 +0000] "GET /item/expec50161212/cyber-secure.com.au/pcmypage?callback=product%2Fdetail%2F67536475 HTTP/1.1" 200 20391 "-" "Mozilla/5.0 (Linux; Android 6.0.1; Nexus 5X Build/MMB29P) AppleWebKit/537.36 (KHTML, like Gecko) Chrome/137.0.7151.103 Mobile Safari/537.36 (compatible; Googlebot/2.1; +http://www.google.com/bot.html)"
66.249.68.3 - - [17/Jul/2025:17:09:50 +0000] "GET /item/expec50161212/cyber-secure.com.au/pcmypage?callback=/product%2Fdetail%2F67536475 HTTP/1.1" 200 20060 "-" "Mozilla/5.0 (Linux; Android 6.0.1; Nexus 5X Build/MMB29P) AppleWebKit/537.36 (KHTML, like Gecko) Chrome/137.0.7151.103 Mobile Safari/537.36 (compatible; Googlebot/2.1; +http://www.google.com/bot.html)"
66.249.68.4 - - [17/Jul/2025:17:09:50 +0000] "POST /get-message-notify HTTP/1.1" 200 20132 "https://cyber-secure.com.au/item/expec50161212/cyber-secure.com.au/pcmypage?callback=product%2Fdetail%2F67536475" "Mozilla/5.0 (Linux; Android 6.0.1; Nexus 5X Build/MMB29P) AppleWebKit/537.36 (KHTML, like Gecko) Chrome/137.0.7151.119 Mobile Safari/537.36 (compatible; Googlebot/2.1; +http://www.google.com/bot.html)"
66.249.68.4 - - [17/Jul/2025:17:09:53 +0000] "GET /item/negat41273795/cyber-secure.com.au/pcmypage?callback=product%2Fdetail%2F10678503 HTTP/1.1" 200 20309 "-" "Mozilla/5.0 (Linux; Android 6.0.1; Nexus 5X Build/MMB29P) AppleWebKit/537.36 (KHTML, like Gecko) Chrome/137.0.7151.103 Mobile Safari/537.36 (compatible; Googlebot/2.1; +http://www.google.com/bot.html)"
66.249.68.3 - - [17/Jul/2025:17:09:56 +0000] "GET /item/emplo62026509/cyber-secure.com.au/search?category=&search_word=&restrict[]=person_id(int)=QGM HTTP/1.1" 200 20579 "-" "Mozilla/5.0 (Linux; Android 6.0.1; Nexus 5X Build/MMB29P) AppleWebKit/537.36 (KHTML, like Gecko) Chrome/137.0.7151.103 Mobile Safari/537.36 (compatible; Googlebot/2.1; +http://www.google.com/bot.html)"
66.249.68.3 - - [17/Jul/2025:17:10:00 +0000] "GET /item/emplo62026509/cyber-secure.com.au/books.html HTTP/1.1" 200 20145 "-" "Mozilla/5.0 (Linux; Android 6.0.1; Nexus 5X Build/MMB29P) AppleWebKit/537.36 (KHTML, like Gecko) Chrome/137.0.7151.103 Mobile Safari/537.36 (compatible; Googlebot/2.1; +http://www.google.com/bot.html)"
57.141.2.24 - - [17/Jul/2025:17:10:01 +0000] "GET /?e=118483188011000& HTTP/1.1" 200 417 "-" "meta-externalagent/1.1 (+https://developers.facebook.com/docs/sharing/webmasters/crawler)"
66.249.68.3 - - [17/Jul/2025:17:10:03 +0000] "GET /item/cyber-secure.com.au/pcmypage?callback=/product%2Fdetail%2F35409857 HTTP/1.1" 200 20365 "-" "Mozilla/5.0 (Linux; Android 6.0.1; Nexus 5X Build/MMB29P) AppleWebKit/537.36 (KHTML, like Gecko) Chrome/137.0.7151.103 Mobile Safari/537.36 (compatible; Googlebot/2.1; +http://www.google.com/bot.html)"
66.249.68.3 - - [17/Jul/2025:17:10:07 +0000] "GET /index.php/item/3741918/ HTTP/1.1" 200 21043 "-" "Mozilla/5.0 (Linux; Android 6.0.1; Nexus 5X Build/MMB29P) AppleWebKit/537.36 (KHTML, like Gecko) Chrome/137.0.7151.103 Mobile Safari/537.36 (compatible; Googlebot/2.1; +http://www.google.com/bot.html)"
66.249.68.3 - - [17/Jul/2025:17:10:10 +0000] "GET /item/vibra21507289/cyber-secure.com.au/safe_search/config?return_url=%2Fproduct%2Fdetail%2F94299046 HTTP/1.1" 200 19940 "-" "Mozilla/5.0 (Linux; Android 6.0.1; Nexus 5X Build/MMB29P) AppleWebKit/537.36 (KHTML, like Gecko) Chrome/137.0.7151.103 Mobile Safari/537.36 (compatible; Googlebot/2.1; +http://www.google.com/bot.html)"
66.249.68.3 - - [17/Jul/2025:17:10:13 +0000] "GET /item/vibra21507289/cyber-secure.com.au/oreka/plamodel_menu.html HTTP/1.1" 200 20309 "-" "Mozilla/5.0 (Linux; Android 6.0.1; Nexus 5X Build/MMB29P) AppleWebKit/537.36 (KHTML, like Gecko) Chrome/137.0.7151.103 Mobile Safari/537.36 (compatible; Googlebot/2.1; +http://www.google.com/bot.html)"
66.249.68.3 - - [17/Jul/2025:17:10:16 +0000] "POST /get-message-notify HTTP/1.1" 200 20127 "https://cyber-secure.com.au/item/vibra21507289/cyber-secure.com.au/safe_search/config?return_url=%2Fproduct%2Fdetail%2F94299046" "Mozilla/5.0 (Linux; Android 6.0.1; Nexus 5X Build/MMB29P) AppleWebKit/537.36 (KHTML, like Gecko) Chrome/137.0.7151.119 Mobile Safari/537.36 (compatible; Googlebot/2.1; +http://www.google.com/bot.html)"
66.249.68.3 - - [17/Jul/2025:17:10:17 +0000] "GET /item/4521224//man/kaitori/kaitoritop.html HTTP/1.1" 200 21385 "-" "Mozilla/5.0 (Linux; Android 6.0.1; Nexus 5X Build/MMB29P) AppleWebKit/537.36 (KHTML, like Gecko) Chrome/137.0.7151.103 Mobile Safari/537.36 (compatible; Googlebot/2.1; +http://www.google.com/bot.html)"
66.249.68.3 - - [17/Jul/2025:17:10:24 +0000] "GET /item/emplo62026509/cyber-secure.com.au/kaitori/kantan.html HTTP/1.1" 200 20566 "-" "Mozilla/5.0 (Linux; Android 6.0.1; Nexus 5X Build/MMB29P) AppleWebKit/537.36 (KHTML, like Gecko) Chrome/137.0.7151.103 Mobile Safari/537.36 (compatible; Googlebot/2.1; +http://www.google.com/bot.html)"
57.141.2.24 - - [17/Jul/2025:17:10:24 +0000] "GET /?e=29143182041000& HTTP/1.1" 200 417 "-" "meta-externalagent/1.1 (+https://developers.facebook.com/docs/sharing/webmasters/crawler)"
57.141.2.19 - - [17/Jul/2025:17:10:27 +0000] "GET /?e=27370422051000& HTTP/1.1" 200 417 "-" "meta-externalagent/1.1 (+https://developers.facebook.com/docs/sharing/webmasters/crawler)"
66.249.68.3 - - [17/Jul/2025:17:10:28 +0000] "GET /item/expec50161212/cyber-secure.com.au/feature/campaign/index.html HTTP/1.1" 200 20753 "-" "Mozilla/5.0 (Linux; Android 6.0.1; Nexus 5X Build/MMB29P) AppleWebKit/537.36 (KHTML, like Gecko) Chrome/137.0.7151.103 Mobile Safari/537.36 (compatible; Googlebot/2.1; +http://www.google.com/bot.html)"
216.73.216.213 - - [17/Jul/2025:17:10:29 +0000] "GET /item/tax41587811 HTTP/1.1" 200 265 "-" "Mozilla/5.0 AppleWebKit/537.36 (KHTML, like Gecko; compatible; ClaudeBot/1.0; [email protected])"
216.73.216.213 - - [17/Jul/2025:17:10:29 +0000] "GET /item/free30388586 HTTP/1.1" 200 265 "-" "Mozilla/5.0 AppleWebKit/537.36 (KHTML, like Gecko; compatible; ClaudeBot/1.0; [email protected])"
216.73.216.213 - - [17/Jul/2025:17:10:29 +0000] "GET /item/stimu21838409 HTTP/1.1" 200 265 "-" "Mozilla/5.0 AppleWebKit/537.36 (KHTML, like Gecko; compatible; ClaudeBot/1.0; [email protected])"
216.73.216.213 - - [17/Jul/2025:17:10:29 +0000] "GET /item/welco51440884 HTTP/1.1" 200 265 "-" "Mozilla/5.0 AppleWebKit/537.36 (KHTML, like Gecko; compatible; ClaudeBot/1.0; [email protected])"
216.73.216.213 - - [17/Jul/2025:17:10:29 +0000] "GET /item/freez40657747 HTTP/1.1" 200 265 "-" "Mozilla/5.0 AppleWebKit/537.36 (KHTML, like Gecko; compatible; ClaudeBot/1.0; [email protected])"
216.73.216.213 - - [17/Jul/2025:17:10:29 +0000] "GET /item/thank70321070 HTTP/1.1" 200 265 "-" "Mozilla/5.0 AppleWebKit/537.36 (KHTML, like Gecko; compatible; ClaudeBot/1.0; [email protected])"
216.73.216.213 - - [17/Jul/2025:17:10:29 +0000] "GET /item/motiv60938141 HTTP/1.1" 200 265 "-" "Mozilla/5.0 AppleWebKit/537.36 (KHTML, like Gecko; compatible; ClaudeBot/1.0; [email protected])"
216.73.216.213 - - [17/Jul/2025:17:10:30 +0000] "GET /item/prime31183114 HTTP/1.1" 200 265 "-" "Mozilla/5.0 AppleWebKit/537.36 (KHTML, like Gecko; compatible; ClaudeBot/1.0; [email protected])"
216.73.216.213 - - [17/Jul/2025:17:10:30 +0000] "GET /item/ornam31922506 HTTP/1.1" 200 265 "-" "Mozilla/5.0 AppleWebKit/537.36 (KHTML, like Gecko; compatible; ClaudeBot/1.0; [email protected])"
216.73.216.213 - - [17/Jul/2025:17:10:30 +0000] "GET /item/rolle31870882 HTTP/1.1" 200 265 "-" "Mozilla/5.0 AppleWebKit/537.36 (KHTML, like Gecko; compatible; ClaudeBot/1.0; [email protected])"
216.73.216.213 - - [17/Jul/2025:17:10:30 +0000] "GET /item/buy22969761 HTTP/1.1" 200 265 "-" "Mozilla/5.0 AppleWebKit/537.36 (KHTML, like Gecko; compatible; ClaudeBot/1.0; [email protected])"
216.73.216.213 - - [17/Jul/2025:17:10:30 +0000] "GET /item/dug72115942 HTTP/1.1" 200 265 "-" "Mozilla/5.0 AppleWebKit/537.36 (KHTML, like Gecko; compatible; ClaudeBot/1.0; [email protected])"
216.73.216.213 - - [17/Jul/2025:17:10:30 +0000] "GET /item/earn40119115 HTTP/1.1" 200 265 "-" "Mozilla/5.0 AppleWebKit/537.36 (KHTML, like Gecko; compatible; ClaudeBot/1.0; [email protected])"
216.73.216.213 - - [17/Jul/2025:17:10:30 +0000] "GET /item/boat12628000 HTTP/1.1" 200 265 "-" "Mozilla/5.0 AppleWebKit/537.36 (KHTML, like Gecko; compatible; ClaudeBot/1.0; [email protected])"
216.73.216.213 - - [17/Jul/2025:17:10:30 +0000] "GET /item/trade11048944 HTTP/1.1" 200 265 "-" "Mozilla/5.0 AppleWebKit/537.36 (KHTML, like Gecko; compatible; ClaudeBot/1.0; [email protected])"
216.73.216.213 - - [17/Jul/2025:17:10:30 +0000] "GET /item/billi72451606 HTTP/1.1" 200 265 "-" "Mozilla/5.0 AppleWebKit/537.36 (KHTML, like Gecko; compatible; ClaudeBot/1.0; [email protected])"
216.73.216.213 - - [17/Jul/2025:17:10:30 +0000] "GET /item/museu50808900 HTTP/1.1" 200 265 "-" "Mozilla/5.0 AppleWebKit/537.36 (KHTML, like Gecko; compatible; ClaudeBot/1.0; [email protected])"
66.249.68.3 - - [17/Jul/2025:17:10:30 +0000] "GET /item/vibra21507289/cyber-secure.com.au/feature/shoplist-friendly/index.html HTTP/1.1" 200 21356 "-" "Mozilla/5.0 (Linux; Android 6.0.1; Nexus 5X Build/MMB29P) AppleWebKit/537.36 (KHTML, like Gecko) Chrome/137.0.7151.103 Mobile Safari/537.36 (compatible; Googlebot/2.1; +http://www.google.com/bot.html)"
216.73.216.213 - - [17/Jul/2025:17:10:30 +0000] "GET /item/tell42921427 HTTP/1.1" 200 265 "-" "Mozilla/5.0 AppleWebKit/537.36 (KHTML, like Gecko; compatible; ClaudeBot/1.0; [email protected])"
216.73.216.213 - - [17/Jul/2025:17:10:31 +0000] "GET /item/crick32911642 HTTP/1.1" 200 265 "-" "Mozilla/5.0 AppleWebKit/537.36 (KHTML, like Gecko; compatible; ClaudeBot/1.0; [email protected])"
216.73.216.213 - - [17/Jul/2025:17:10:31 +0000] "GET /item/serie61951301 HTTP/1.1" 200 265 "-" "Mozilla/5.0 AppleWebKit/537.36 (KHTML, like Gecko; compatible; ClaudeBot/1.0; [email protected])"
216.73.216.213 - - [17/Jul/2025:17:10:31 +0000] "GET /item/medal51125580 HTTP/1.1" 200 265 "-" "Mozilla/5.0 AppleWebKit/537.36 (KHTML, like Gecko; compatible; ClaudeBot/1.0; [email protected])"
216.73.216.213 - - [17/Jul/2025:17:10:31 +0000] "GET /item/porri42689659 HTTP/1.1" 200 265 "-" "Mozilla/5.0 AppleWebKit/537.36 (KHTML, like Gecko; compatible; ClaudeBot/1.0; [email protected])"
216.73.216.213 - - [17/Jul/2025:17:10:31 +0000] "GET /item/betwe82888959 HTTP/1.1" 200 265 "-" "Mozilla/5.0 AppleWebKit/537.36 (KHTML, like Gecko; compatible; ClaudeBot/1.0; [email protected])"
216.73.216.213 - - [17/Jul/2025:17:10:31 +0000] "GET /item/petro32107362 HTTP/1.1" 200 265 "-" "Mozilla/5.0 AppleWebKit/537.36 (KHTML, like Gecko; compatible; ClaudeBot/1.0; [email protected])"
216.73.216.213 - - [17/Jul/2025:17:10:31 +0000] "GET /item/antiq20574433 HTTP/1.1" 200 265 "-" "Mozilla/5.0 AppleWebKit/537.36 (KHTML, like Gecko; compatible; ClaudeBot/1.0; [email protected])"
216.73.216.213 - - [17/Jul/2025:17:10:31 +0000] "GET /item/golf71907638 HTTP/1.1" 200 265 "-" "Mozilla/5.0 AppleWebKit/537.36 (KHTML, like Gecko; compatible; ClaudeBot/1.0; [email protected])"
216.73.216.213 - - [17/Jul/2025:17:10:31 +0000] "GET /item/deal21040801 HTTP/1.1" 200 265 "-" "Mozilla/5.0 AppleWebKit/537.36 (KHTML, like Gecko; compatible; ClaudeBot/1.0; [email protected])"
216.73.216.213 - - [17/Jul/2025:17:10:31 +0000] "GET /item/job40412899 HTTP/1.1" 200 265 "-" "Mozilla/5.0 AppleWebKit/537.36 (KHTML, like Gecko; compatible; ClaudeBot/1.0; [email protected])"
216.73.216.213 - - [17/Jul/2025:17:10:31 +0000] "GET /item/plura81419167 HTTP/1.1" 200 265 "-" "Mozilla/5.0 AppleWebKit/537.36 (KHTML, like Gecko; compatible; ClaudeBot/1.0; [email protected])"
216.73.216.213 - - [17/Jul/2025:17:10:32 +0000] "GET /item/earth10268704 HTTP/1.1" 200 265 "-" "Mozilla/5.0 AppleWebKit/537.36 (KHTML, like Gecko; compatible; ClaudeBot/1.0; [email protected])"
216.73.216.213 - - [17/Jul/2025:17:10:32 +0000] "GET /item/waist70535766 HTTP/1.1" 200 265 "-" "Mozilla/5.0 AppleWebKit/537.36 (KHTML, like Gecko; compatible; ClaudeBot/1.0; [email protected])"
216.73.216.213 - - [17/Jul/2025:17:10:32 +0000] "GET /item/chequ11850584 HTTP/1.1" 200 265 "-" "Mozilla/5.0 AppleWebKit/537.36 (KHTML, like Gecko; compatible; ClaudeBot/1.0; [email protected])"
216.73.216.213 - - [17/Jul/2025:17:10:32 +0000] "GET /item/bake10455248 HTTP/1.1" 200 265 "-" "Mozilla/5.0 AppleWebKit/537.36 (KHTML, like Gecko; compatible; ClaudeBot/1.0; [email protected])"
66.249.68.3 - - [17/Jul/2025:17:10:32 +0000] "GET /item/emplo62026509/cyber-secure.com.au/feature/osu_main/index.html HTTP/1.1" 200 20528 "-" "Mozilla/5.0 (Linux; Android 6.0.1; Nexus 5X Build/MMB29P) AppleWebKit/537.36 (KHTML, like Gecko) Chrome/137.0.7151.103 Mobile Safari/537.36 (compatible; Googlebot/2.1; +http://www.google.com/bot.html)"
66.249.68.3 - - [17/Jul/2025:17:10:35 +0000] "POST /get-message-notify HTTP/1.1" 200 20136 "https://cyber-secure.com.au/item/4521224//man/kaitori/kaitoritop.html" "Mozilla/5.0 (Linux; Android 6.0.1; Nexus 5X Build/MMB29P) AppleWebKit/537.36 (KHTML, like Gecko) Chrome/137.0.7151.119 Mobile Safari/537.36 (compatible; Googlebot/2.1; +http://www.google.com/bot.html)"
66.249.68.3 - - [17/Jul/2025:17:10:48 +0000] "GET /item/distu12384312/ HTTP/1.1" 200 20196 "-" "Mozilla/5.0 (Linux; Android 6.0.1; Nexus 5X Build/MMB29P) AppleWebKit/537.36 (KHTML, like Gecko) Chrome/137.0.7151.103 Mobile Safari/537.36 (compatible; Googlebot/2.1; +http://www.google.com/bot.html)"
66.249.68.3 - - [17/Jul/2025:17:10:51 +0000] "GET /item/devel10380808/ HTTP/1.1" 200 20132 "-" "Mozilla/5.0 (Linux; Android 6.0.1; Nexus 5X Build/MMB29P) AppleWebKit/537.36 (KHTML, like Gecko) Chrome/137.0.7151.103 Mobile Safari/537.36 (compatible; Googlebot/2.1; +http://www.google.com/bot.html)"
66.249.68.4 - - [17/Jul/2025:17:10:55 +0000] "GET /item/stamp42596019/ HTTP/1.1" 200 20701 "-" "Mozilla/5.0 (Linux; Android 6.0.1; Nexus 5X Build/MMB29P) AppleWebKit/537.36 (KHTML, like Gecko) Chrome/137.0.7151.103 Mobile Safari/537.36 (compatible; Googlebot/2.1; +http://www.google.com/bot.html)"
66.249.68.4 - - [17/Jul/2025:17:10:58 +0000] "GET /?e=4592359031000&mod=0fc170ec&uri=shop.php%3Fid%3D153278-280%26name%3Dthe+beach+is+my+happy+place+sweatshirt HTTP/1.1" 200 21423 "-" "Mozilla/5.0 (Linux; Android 6.0.1; Nexus 5X Build/MMB29P) AppleWebKit/537.36 (KHTML, like Gecko) Chrome/137.0.7151.103 Mobile Safari/537.36 (compatible; Googlebot/2.1; +http://www.google.com/bot.html)"
66.249.68.3 - - [17/Jul/2025:17:11:01 +0000] "GET /?e=57372865031000&mod=16837163&uri=goods.php%3Fid%3D1914561-619%26name%3Dmichael+kors+mk3726 HTTP/1.1" 200 20728 "-" "Mozilla/5.0 (Linux; Android 6.0.1; Nexus 5X Build/MMB29P) AppleWebKit/537.36 (KHTML, like Gecko) Chrome/137.0.7151.103 Mobile Safari/537.36 (compatible; Googlebot/2.1; +http://www.google.com/bot.html)"
66.249.68.3 - - [17/Jul/2025:17:11:05 +0000] "GET /?e=119593210061000&mod=77ee3bc5&uri=products.php%3Fid%3D3991192-315%26name%3Dwanduhren+aus+holz+kaufen HTTP/1.1" 200 20822 "-" "Mozilla/5.0 (Linux; Android 6.0.1; Nexus 5X Build/MMB29P) AppleWebKit/537.36 (KHTML, like Gecko) Chrome/137.0.7151.103 Mobile Safari/537.36 (compatible; Googlebot/2.1; +http://www.google.com/bot.html)"
66.249.68.3 - - [17/Jul/2025:17:11:08 +0000] "GET /?e=119085209051000&mod=080c993f&uri=shop.php%3Fid%3D3974247-464%26name%3D1650+dota HTTP/1.1" 200 20902 "-" "Mozilla/5.0 (Linux; Android 6.0.1; Nexus 5X Build/MMB29P) AppleWebKit/537.36 (KHTML, like Gecko) Chrome/137.0.7151.103 Mobile Safari/537.36 (compatible; Googlebot/2.1; +http://www.google.com/bot.html)"
66.249.68.4 - - [17/Jul/2025:17:11:12 +0000] "GET /?e=119599690061000&mod=000e82a9&uri=blog.php%3Fid%3D3991408-1161%26name%3Dnike+leopard+tennis+shoes HTTP/1.1" 200 20495 "-" "Mozilla/5.0 (Linux; Android 6.0.1; Nexus 5X Build/MMB29P) AppleWebKit/537.36 (KHTML, like Gecko) Chrome/137.0.7151.103 Mobile Safari/537.36 (compatible; Googlebot/2.1; +http://www.google.com/bot.html)"
57.141.2.18 - - [17/Jul/2025:17:11:12 +0000] "GET /?e=29940965031000& HTTP/1.1" 200 417 "-" "meta-externalagent/1.1 (+https://developers.facebook.com/docs/sharing/webmasters/crawler)"
66.249.68.3 - - [17/Jul/2025:17:11:15 +0000] "GET /?e=119084309011000&mod=080c993f&uri=shop.php%3Fid%3D3974217-464%26name%3Dryzen+5600x+motherboard+chipset HTTP/1.1" 200 21304 "-" "Mozilla/5.0 (Linux; Android 6.0.1; Nexus 5X Build/MMB29P) AppleWebKit/537.36 (KHTML, like Gecko) Chrome/137.0.7151.103 Mobile Safari/537.36 (compatible; Googlebot/2.1; +http://www.google.com/bot.html)"
66.249.68.3 - - [17/Jul/2025:17:11:18 +0000] "GET /?e=119084759041000&mod=080c993f&uri=pin.php%3Fid%3D3974232-464%26name%3Dhow+to+install+a+graphics+card+windows HTTP/1.1" 200 20738 "-" "Mozilla/5.0 (Linux; Android 6.0.1; Nexus 5X Build/MMB29P) AppleWebKit/537.36 (KHTML, like Gecko) Chrome/137.0.7151.103 Mobile Safari/537.36 (compatible; Googlebot/2.1; +http://www.google.com/bot.html)"
66.249.68.3 - - [17/Jul/2025:17:11:22 +0000] "GET /?e=119084009031000&mod=080c993f&uri=blog.php%3Fid%3D3974207-464%26name%3Dcan+i+add+graphics+card+to+my+dell+laptop HTTP/1.1" 200 20851 "-" "Mozilla/5.0 (Linux; Android 6.0.1; Nexus 5X Build/MMB29P) AppleWebKit/537.36 (KHTML, like Gecko) Chrome/137.0.7151.103 Mobile Safari/537.36 (compatible; Googlebot/2.1; +http://www.google.com/bot.html)"
66.249.68.3 - - [17/Jul/2025:17:11:25 +0000] "GET /?e=119085509001000&mod=080c993f&uri=news.php%3Fid%3D3974257-464%26name%3Dsocket+1155+i7+processors HTTP/1.1" 200 20546 "-" "Mozilla/5.0 (Linux; Android 6.0.1; Nexus 5X Build/MMB29P) AppleWebKit/537.36 (KHTML, like Gecko) Chrome/137.0.7151.103 Mobile Safari/537.36 (compatible; Googlebot/2.1; +http://www.google.com/bot.html)"
66.249.68.3 - - [17/Jul/2025:17:11:28 +0000] "GET /?e=119084609001000&mod=6b8eba43&uri=blog.php%3Fid%3D3974227-155%26name%3Ddenon+sound+base HTTP/1.1" 200 20280 "-" "Mozilla/5.0 (Linux; Android 6.0.1; Nexus 5X Build/MMB29P) AppleWebKit/537.36 (KHTML, like Gecko) Chrome/137.0.7151.103 Mobile Safari/537.36 (compatible; Googlebot/2.1; +http://www.google.com/bot.html)"
66.249.68.3 - - [17/Jul/2025:17:11:32 +0000] "GET /?e=119084909031000&mod=080c993f&uri=news.php%3Fid%3D3974237-464%26name%3Dbest+am3%2B+cpu+for+gaming+2020 HTTP/1.1" 200 20797 "-" "Mozilla/5.0 (Linux; Android 6.0.1; Nexus 5X Build/MMB29P) AppleWebKit/537.36 (KHTML, like Gecko) Chrome/137.0.7151.103 Mobile Safari/537.36 (compatible; Googlebot/2.1; +http://www.google.com/bot.html)"
216.73.216.213 - - [17/Jul/2025:17:11:34 +0000] "GET /item/metal21164969 HTTP/1.1" 200 265 "-" "Mozilla/5.0 AppleWebKit/537.36 (KHTML, like Gecko; compatible; ClaudeBot/1.0; [email protected])"
216.73.216.213 - - [17/Jul/2025:17:11:34 +0000] "GET /item/shirt11572504 HTTP/1.1" 200 265 "-" "Mozilla/5.0 AppleWebKit/537.36 (KHTML, like Gecko; compatible; ClaudeBot/1.0; [email protected])"
216.73.216.213 - - [17/Jul/2025:17:11:34 +0000] "GET /item/cent71988278 HTTP/1.1" 200 265 "-" "Mozilla/5.0 AppleWebKit/537.36 (KHTML, like Gecko; compatible; ClaudeBot/1.0; [email protected])"
216.73.216.213 - - [17/Jul/2025:17:11:34 +0000] "GET /item/honor52421596 HTTP/1.1" 200 265 "-" "Mozilla/5.0 AppleWebKit/537.36 (KHTML, like Gecko; compatible; ClaudeBot/1.0; [email protected])"
216.73.216.213 - - [17/Jul/2025:17:11:34 +0000] "GET /item/butto41351011 HTTP/1.1" 200 265 "-" "Mozilla/5.0 AppleWebKit/537.36 (KHTML, like Gecko; compatible; ClaudeBot/1.0; [email protected])"
216.73.216.213 - - [17/Jul/2025:17:11:35 +0000] "GET /item/betra81442935 HTTP/1.1" 200 265 "-" "Mozilla/5.0 AppleWebKit/537.36 (KHTML, like Gecko; compatible; ClaudeBot/1.0; [email protected])"
216.73.216.213 - - [17/Jul/2025:17:11:35 +0000] "GET /item/fuss40718387 HTTP/1.1" 200 265 "-" "Mozilla/5.0 AppleWebKit/537.36 (KHTML, like Gecko; compatible; ClaudeBot/1.0; [email protected])"
216.73.216.213 - - [17/Jul/2025:17:11:35 +0000] "GET /item/renta50137972 HTTP/1.1" 200 265 "-" "Mozilla/5.0 AppleWebKit/537.36 (KHTML, like Gecko; compatible; ClaudeBot/1.0; [email protected])"
216.73.216.213 - - [17/Jul/2025:17:11:35 +0000] "GET /item/pictu41200027 HTTP/1.1" 200 265 "-" "Mozilla/5.0 AppleWebKit/537.36 (KHTML, like Gecko; compatible; ClaudeBot/1.0; [email protected])"
216.73.216.213 - - [17/Jul/2025:17:11:35 +0000] "GET /item/earn40387115 HTTP/1.1" 200 265 "-" "Mozilla/5.0 AppleWebKit/537.36 (KHTML, like Gecko; compatible; ClaudeBot/1.0; [email protected])"
216.73.216.213 - - [17/Jul/2025:17:11:35 +0000] "GET /item/belon11557496 HTTP/1.1" 200 265 "-" "Mozilla/5.0 AppleWebKit/537.36 (KHTML, like Gecko; compatible; ClaudeBot/1.0; [email protected])"
66.249.68.3 - - [17/Jul/2025:17:11:35 +0000] "POST /get-message-notify HTTP/1.1" 200 20142 "https://cyber-secure.com.au/?e=119084909031000&mod=080c993f&uri=news.php%3Fid%3D3974237-464%26name%3Dbest+am3%2B+cpu+for+gaming+2020" "Mozilla/5.0 (Linux; Android 6.0.1; Nexus 5X Build/MMB29P) AppleWebKit/537.36 (KHTML, like Gecko) Chrome/137.0.7151.119 Mobile Safari/537.36 (compatible; Googlebot/2.1; +http://www.google.com/bot.html)"
216.73.216.213 - - [17/Jul/2025:17:11:35 +0000] "GET /item/block62673341 HTTP/1.1" 200 265 "-" "Mozilla/5.0 AppleWebKit/537.36 (KHTML, like Gecko; compatible; ClaudeBot/1.0; [email protected])"
216.73.216.213 - - [17/Jul/2025:17:11:35 +0000] "GET /item/aroun11665192 HTTP/1.1" 200 265 "-" "Mozilla/5.0 AppleWebKit/537.36 (KHTML, like Gecko; compatible; ClaudeBot/1.0; [email protected])"
216.73.216.213 - - [17/Jul/2025:17:11:35 +0000] "GET /item/lavat80299367 HTTP/1.1" 200 265 "-" "Mozilla/5.0 AppleWebKit/537.36 (KHTML, like Gecko; compatible; ClaudeBot/1.0; [email protected])"
216.73.216.213 - - [17/Jul/2025:17:11:35 +0000] "GET /item/lesse42810019 HTTP/1.1" 200 265 "-" "Mozilla/5.0 AppleWebKit/537.36 (KHTML, like Gecko; compatible; ClaudeBot/1.0; [email protected])"
216.73.216.213 - - [17/Jul/2025:17:11:35 +0000] "GET /item/love50080988 HTTP/1.1" 200 265 "-" "Mozilla/5.0 AppleWebKit/537.36 (KHTML, like Gecko; compatible; ClaudeBot/1.0; [email protected])"
66.249.68.3 - - [17/Jul/2025:17:11:35 +0000] "GET /?e=119604250081000&mod=000e82a9&uri=dp.php%3Fid%3D3991560-1161%26name%3Dair+max+97+premium+pink HTTP/1.1" 200 20836 "-" "Mozilla/5.0 (Linux; Android 6.0.1; Nexus 5X Build/MMB29P) AppleWebKit/537.36 (KHTML, like Gecko) Chrome/137.0.7151.103 Mobile Safari/537.36 (compatible; Googlebot/2.1; +http://www.google.com/bot.html)"
216.73.216.213 - - [17/Jul/2025:17:11:36 +0000] "GET /item/baby40860819 HTTP/1.1" 200 265 "-" "Mozilla/5.0 AppleWebKit/537.36 (KHTML, like Gecko; compatible; ClaudeBot/1.0; [email protected])"
216.73.216.213 - - [17/Jul/2025:17:11:36 +0000] "GET /item/kindn20243641 HTTP/1.1" 200 265 "-" "Mozilla/5.0 AppleWebKit/537.36 (KHTML, like Gecko; compatible; ClaudeBot/1.0; [email protected])"
216.73.216.213 - - [17/Jul/2025:17:11:36 +0000] "GET /item/ear81860599 HTTP/1.1" 200 265 "-" "Mozilla/5.0 AppleWebKit/537.36 (KHTML, like Gecko; compatible; ClaudeBot/1.0; [email protected])"
216.73.216.213 - - [17/Jul/2025:17:11:36 +0000] "GET /item/ok42121099 HTTP/1.1" 200 265 "-" "Mozilla/5.0 AppleWebKit/537.36 (KHTML, like Gecko; compatible; ClaudeBot/1.0; [email protected])"
216.73.216.213 - - [17/Jul/2025:17:11:36 +0000] "GET /item/foot20321697 HTTP/1.1" 200 265 "-" "Mozilla/5.0 AppleWebKit/537.36 (KHTML, like Gecko; compatible; ClaudeBot/1.0; [email protected])"
216.73.216.213 - - [17/Jul/2025:17:11:36 +0000] "GET /item/nearl81848135 HTTP/1.1" 200 265 "-" "Mozilla/5.0 AppleWebKit/537.36 (KHTML, like Gecko; compatible; ClaudeBot/1.0; [email protected])"
216.73.216.213 - - [17/Jul/2025:17:11:36 +0000] "GET /item/waist70215766 HTTP/1.1" 200 265 "-" "Mozilla/5.0 AppleWebKit/537.36 (KHTML, like Gecko; compatible; ClaudeBot/1.0; [email protected])"
216.73.216.213 - - [17/Jul/2025:17:11:36 +0000] "GET /item/amusi72870270 HTTP/1.1" 200 265 "-" "Mozilla/5.0 AppleWebKit/537.36 (KHTML, like Gecko; compatible; ClaudeBot/1.0; [email protected])"
216.73.216.213 - - [17/Jul/2025:17:11:36 +0000] "GET /item/profo81338343 HTTP/1.1" 200 265 "-" "Mozilla/5.0 AppleWebKit/537.36 (KHTML, like Gecko; compatible; ClaudeBot/1.0; [email protected])"
216.73.216.213 - - [17/Jul/2025:17:11:36 +0000] "GET /item/crick30475642 HTTP/1.1" 200 265 "-" "Mozilla/5.0 AppleWebKit/537.36 (KHTML, like Gecko; compatible; ClaudeBot/1.0; [email protected])"
216.73.216.213 - - [17/Jul/2025:17:11:36 +0000] "GET /item/skin61677477 HTTP/1.1" 200 265 "-" "Mozilla/5.0 AppleWebKit/537.36 (KHTML, like Gecko; compatible; ClaudeBot/1.0; [email protected])"
216.73.216.213 - - [17/Jul/2025:17:11:37 +0000] "GET /item/pictu42280027 HTTP/1.1" 200 265 "-" "Mozilla/5.0 AppleWebKit/537.36 (KHTML, like Gecko; compatible; ClaudeBot/1.0; [email protected])"
216.73.216.213 - - [17/Jul/2025:17:11:37 +0000] "GET /item/charg70123262 HTTP/1.1" 200 265 "-" "Mozilla/5.0 AppleWebKit/537.36 (KHTML, like Gecko; compatible; ClaudeBot/1.0; [email protected])"
216.73.216.213 - - [17/Jul/2025:17:11:37 +0000] "GET /item/sulfu50763108 HTTP/1.1" 200 265 "-" "Mozilla/5.0 AppleWebKit/537.36 (KHTML, like Gecko; compatible; ClaudeBot/1.0; [email protected])"
216.73.216.213 - - [17/Jul/2025:17:11:37 +0000] "GET /item/vacat81957031 HTTP/1.1" 200 265 "-" "Mozilla/5.0 AppleWebKit/537.36 (KHTML, like Gecko; compatible; ClaudeBot/1.0; [email protected])"
216.73.216.213 - - [17/Jul/2025:17:11:37 +0000] "GET /item/avenu61801397 HTTP/1.1" 200 265 "-" "Mozilla/5.0 AppleWebKit/537.36 (KHTML, like Gecko; compatible; ClaudeBot/1.0; [email protected])"
66.249.68.3 - - [17/Jul/2025:17:11:37 +0000] "POST /get-message-notify HTTP/1.1" 200 20126 "https://cyber-secure.com.au/item/distu12384312/" "Mozilla/5.0 (Linux; Android 6.0.1; Nexus 5X Build/MMB29P) AppleWebKit/537.36 (KHTML, like Gecko) Chrome/137.0.7151.119 Mobile Safari/537.36 (compatible; Googlebot/2.1; +http://www.google.com/bot.html)"
66.249.68.3 - - [17/Jul/2025:17:11:38 +0000] "POST /get-message-notify HTTP/1.1" 200 20137 "https://cyber-secure.com.au/?e=119604250081000&mod=000e82a9&uri=dp.php%3Fid%3D3991560-1161%26name%3Dair+max+97+premium+pink" "Mozilla/5.0 (Linux; Android 6.0.1; Nexus 5X Build/MMB29P) AppleWebKit/537.36 (KHTML, like Gecko) Chrome/137.0.7151.119 Mobile Safari/537.36 (compatible; Googlebot/2.1; +http://www.google.com/bot.html)"
66.249.68.3 - - [17/Jul/2025:17:11:39 +0000] "GET /?e=119085059001000&mod=080c993f&uri=brands.php%3Fid%3D3974242-464%26name%3Ddell+xps+15+with+graphics+card HTTP/1.1" 200 20924 "-" "Mozilla/5.0 (Linux; Android 6.0.1; Nexus 5X Build/MMB29P) AppleWebKit/537.36 (KHTML, like Gecko) Chrome/137.0.7151.103 Mobile Safari/537.36 (compatible; Googlebot/2.1; +http://www.google.com/bot.html)"
66.249.68.4 - - [17/Jul/2025:17:11:45 +0000] "GET /?e=119569687021000&mod=77ee3bc5&uri=category-info.php%3Fid%3D3990406-315%26name%3Dlilienthal+berlin+l1+all+black HTTP/1.1" 200 19836 "-" "Mozilla/5.0 (Linux; Android 6.0.1; Nexus 5X Build/MMB29P) AppleWebKit/537.36 (KHTML, like Gecko) Chrome/137.0.7151.103 Mobile Safari/537.36 (compatible; Googlebot/2.1; +http://www.google.com/bot.html)"
66.249.68.4 - - [17/Jul/2025:17:11:49 +0000] "GET /?e=86118364001000&mod=c255c052&uri=blog.php%3Fid%3D2873902-387%26name%3Dupper+body+strength+exercises HTTP/1.1" 200 20168 "-" "Mozilla/5.0 (Linux; Android 6.0.1; Nexus 5X Build/MMB29P) AppleWebKit/537.36 (KHTML, like Gecko) Chrome/137.0.7151.103 Mobile Safari/537.36 (compatible; Googlebot/2.1; +http://www.google.com/bot.html)"
66.249.68.4 - - [17/Jul/2025:17:11:53 +0000] "GET /?e=119580559011000&mod=77ee3bc5&uri=article.php%3Fid%3D3990770-315%26name%3Djunghans+meister+armbanduhr HTTP/1.1" 200 19974 "-" "Mozilla/5.0 (Linux; Android 6.0.1; Nexus 5X Build/MMB29P) AppleWebKit/537.36 (KHTML, like Gecko) Chrome/137.0.7151.103 Mobile Safari/537.36 (compatible; Googlebot/2.1; +http://www.google.com/bot.html)"
66.249.68.4 - - [17/Jul/2025:17:11:56 +0000] "GET /?e=119469092051000&mod=c255c052&uri=pin.php%3Fid%3D3987049-387%26name%3Dtotal+gym+1800 HTTP/1.1" 200 21067 "-" "Mozilla/5.0 (Linux; Android 6.0.1; Nexus 5X Build/MMB29P) AppleWebKit/537.36 (KHTML, like Gecko) Chrome/137.0.7151.103 Mobile Safari/537.36 (compatible; Googlebot/2.1; +http://www.google.com/bot.html)"
66.249.68.5 - - [17/Jul/2025:17:12:00 +0000] "GET /?e=78045536011000&mod=c255c052&uri=itm.php%3Fid%3D2604470-387%26name%3Dtrojan+10mm+yoga+mat HTTP/1.1" 200 20256 "-" "Mozilla/5.0 (Linux; Android 6.0.1; Nexus 5X Build/MMB29P) AppleWebKit/537.36 (KHTML, like Gecko) Chrome/137.0.7151.103 Mobile Safari/537.36 (compatible; Googlebot/2.1; +http://www.google.com/bot.html)"
66.249.68.3 - - [17/Jul/2025:17:12:00 +0000] "POST /get-message-notify HTTP/1.1" 200 20140 "https://cyber-secure.com.au/?e=119469092051000&mod=c255c052&uri=pin.php%3Fid%3D3987049-387%26name%3Dtotal+gym+1800" "Mozilla/5.0 (Linux; Android 6.0.1; Nexus 5X Build/MMB29P) AppleWebKit/537.36 (KHTML, like Gecko) Chrome/137.0.7151.119 Mobile Safari/537.36 (compatible; Googlebot/2.1; +http://www.google.com/bot.html)"
66.249.68.4 - - [17/Jul/2025:17:12:02 +0000] "GET /?e=119570947021000&mod=77ee3bc5&uri=products.php%3Fid%3D3990448-315%26name%3Dice+watch+rot HTTP/1.1" 200 20455 "-" "Mozilla/5.0 (Linux; Android 6.0.1; Nexus 5X Build/MMB29P) AppleWebKit/537.36 (KHTML, like Gecko) Chrome/137.0.7151.103 Mobile Safari/537.36 (compatible; Googlebot/2.1; +http://www.google.com/bot.html)"
57.141.2.28 - - [17/Jul/2025:17:12:03 +0000] "GET /?e=2669094011000& HTTP/1.1" 200 417 "-" "meta-externalagent/1.1 (+https://developers.facebook.com/docs/sharing/webmasters/crawler)"
66.249.68.3 - - [17/Jul/2025:17:12:07 +0000] "GET /?e=119570527001000&mod=77ee3bc5&uri=goods.php%3Fid%3D3990434-315%26name%3Duhr+gr%C3%83%C2%BCn HTTP/1.1" 200 20839 "-" "Mozilla/5.0 (Linux; Android 6.0.1; Nexus 5X Build/MMB29P) AppleWebKit/537.36 (KHTML, like Gecko) Chrome/137.0.7151.103 Mobile Safari/537.36 (compatible; Googlebot/2.1; +http://www.google.com/bot.html)"
66.249.68.3 - - [17/Jul/2025:17:12:08 +0000] "GET /?e=119576804001000&mod=77ee3bc5&uri=shared.php%3Fid%3D3990644-315%26name%3Duhr+25+jahre+nva HTTP/1.1" 200 21209 "-" "Mozilla/5.0 (Linux; Android 6.0.1; Nexus 5X Build/MMB29P) AppleWebKit/537.36 (KHTML, like Gecko) Chrome/137.0.7151.103 Mobile Safari/537.36 (compatible; Googlebot/2.1; +http://www.google.com/bot.html)"
66.249.68.4 - - [17/Jul/2025:17:12:09 +0000] "POST /get-message-notify HTTP/1.1" 200 20136 "https://cyber-secure.com.au/?e=119570527001000&mod=77ee3bc5&uri=goods.php%3Fid%3D3990434-315%26name%3Duhr+gr%C3%83%C2%BCn" "Mozilla/5.0 (Linux; Android 6.0.1; Nexus 5X Build/MMB29P) AppleWebKit/537.36 (KHTML, like Gecko) Chrome/137.0.7151.119 Mobile Safari/537.36 (compatible; Googlebot/2.1; +http://www.google.com/bot.html)"
66.249.68.3 - - [17/Jul/2025:17:12:10 +0000] "GET /?e=119578470061000&mod=77ee3bc5&uri=goods.php%3Fid%3D3990700-315%26name%3Dnotruf+uhr+mit+fallsensor HTTP/1.1" 200 20224 "-" "Mozilla/5.0 (Linux; Android 6.0.1; Nexus 5X Build/MMB29P) AppleWebKit/537.36 (KHTML, like Gecko) Chrome/137.0.7151.103 Mobile Safari/537.36 (compatible; Googlebot/2.1; +http://www.google.com/bot.html)"
57.141.2.10 - - [17/Jul/2025:17:12:13 +0000] "GET /?e=70842656061000& HTTP/1.1" 200 417 "-" "meta-externalagent/1.1 (+https://developers.facebook.com/docs/sharing/webmasters/crawler)"
66.249.68.3 - - [17/Jul/2025:17:12:13 +0000] "POST /get-message-notify HTTP/1.1" 200 20132 "https://cyber-secure.com.au/?e=119576804001000&mod=77ee3bc5&uri=shared.php%3Fid%3D3990644-315%26name%3Duhr+25+jahre+nva" "Mozilla/5.0 (Linux; Android 6.0.1; Nexus 5X Build/MMB29P) AppleWebKit/537.36 (KHTML, like Gecko) Chrome/137.0.7151.119 Mobile Safari/537.36 (compatible; Googlebot/2.1; +http://www.google.com/bot.html)"
66.249.68.3 - - [17/Jul/2025:17:12:19 +0000] "GET /?e=119573235071000&mod=77ee3bc5&uri=itm.php%3Fid%3D3990525-315%26name%3Dfossil+led+uhr HTTP/1.1" 200 20333 "-" "Mozilla/5.0 (Linux; Android 6.0.1; Nexus 5X Build/MMB29P) AppleWebKit/537.36 (KHTML, like Gecko) Chrome/137.0.7151.103 Mobile Safari/537.36 (compatible; Googlebot/2.1; +http://www.google.com/bot.html)"
66.249.68.3 - - [17/Jul/2025:17:12:20 +0000] "POST /get-message-notify HTTP/1.1" 200 20127 "https://cyber-secure.com.au/?e=78045536011000&mod=c255c052&uri=itm.php%3Fid%3D2604470-387%26name%3Dtrojan+10mm+yoga+mat" "Mozilla/5.0 (Linux; Android 6.0.1; Nexus 5X Build/MMB29P) AppleWebKit/537.36 (KHTML, like Gecko) Chrome/137.0.7151.119 Mobile Safari/537.36 (compatible; Googlebot/2.1; +http://www.google.com/bot.html)"
66.249.68.3 - - [17/Jul/2025:17:12:21 +0000] "GET /?e=74792173041000&mod=c255c052&uri=form.php%3Fid%3D2495868-387%26name%3Dweider+4950+pro HTTP/1.1" 200 20512 "-" "Mozilla/5.0 (Linux; Android 6.0.1; Nexus 5X Build/MMB29P) AppleWebKit/537.36 (KHTML, like Gecko) Chrome/137.0.7151.103 Mobile Safari/537.36 (compatible; Googlebot/2.1; +http://www.google.com/bot.html)"
66.249.68.3 - - [17/Jul/2025:17:12:21 +0000] "POST /get-message-notify HTTP/1.1" 200 20123 "https://cyber-secure.com.au/item/sixty42201275/" "Mozilla/5.0 (Linux; Android 6.0.1; Nexus 5X Build/MMB29P) AppleWebKit/537.36 (KHTML, like Gecko) Chrome/137.0.7151.119 Mobile Safari/537.36 (compatible; Googlebot/2.1; +http://www.google.com/bot.html)"
66.249.68.3 - - [17/Jul/2025:17:12:23 +0000] "POST /get-message-notify HTTP/1.1" 200 20135 "https://cyber-secure.com.au/?e=119573235071000&mod=77ee3bc5&uri=itm.php%3Fid%3D3990525-315%26name%3Dfossil+led+uhr" "Mozilla/5.0 (Linux; Android 6.0.1; Nexus 5X Build/MMB29P) AppleWebKit/537.36 (KHTML, like Gecko) Chrome/137.0.7151.119 Mobile Safari/537.36 (compatible; Googlebot/2.1; +http://www.google.com/bot.html)"
66.249.68.4 - - [17/Jul/2025:17:12:23 +0000] "GET /?e=119577854011000&mod=77ee3bc5&uri=category-info.php%3Fid%3D3990679-315%26name%3Duhr+mk HTTP/1.1" 200 20198 "-" "Mozilla/5.0 (Linux; Android 6.0.1; Nexus 5X Build/MMB29P) AppleWebKit/537.36 (KHTML, like Gecko) Chrome/137.0.7151.103 Mobile Safari/537.36 (compatible; Googlebot/2.1; +http://www.google.com/bot.html)"
66.249.68.3 - - [17/Jul/2025:17:12:27 +0000] "GET /?e=78055693051000&mod=c255c052&uri=products.php%3Fid%3D2604809-387%26name%3Dbest+power+barbells HTTP/1.1" 200 20656 "-" "Mozilla/5.0 (Linux; Android 6.0.1; Nexus 5X Build/MMB29P) AppleWebKit/537.36 (KHTML, like Gecko) Chrome/137.0.7151.103 Mobile Safari/537.36 (compatible; Googlebot/2.1; +http://www.google.com/bot.html)"
66.249.68.3 - - [17/Jul/2025:17:12:28 +0000] "GET /?e=119578274041000&mod=77ee3bc5&uri=category-info.php%3Fid%3D3990693-315%26name%3Dglash%C3%83%C2%BCtte+uhren+gebraucht+ddr HTTP/1.1" 200 20886 "-" "Mozilla/5.0 (Linux; Android 6.0.1; Nexus 5X Build/MMB29P) AppleWebKit/537.36 (KHTML, like Gecko) Chrome/137.0.7151.103 Mobile Safari/537.36 (compatible; Googlebot/2.1; +http://www.google.com/bot.html)"
66.249.68.4 - - [17/Jul/2025:17:12:29 +0000] "POST /get-message-notify HTTP/1.1" 200 20130 "https://cyber-secure.com.au/?e=119578470061000&mod=77ee3bc5&uri=goods.php%3Fid%3D3990700-315%26name%3Dnotruf+uhr+mit+fallsensor" "Mozilla/5.0 (Linux; Android 6.0.1; Nexus 5X Build/MMB29P) AppleWebKit/537.36 (KHTML, like Gecko) Chrome/137.0.7151.119 Mobile Safari/537.36 (compatible; Googlebot/2.1; +http://www.google.com/bot.html)"
66.249.68.3 - - [17/Jul/2025:17:12:30 +0000] "GET /?e=119576384061000&mod=77ee3bc5&uri=product.php%3Fid%3D3990630-315%26name%3Diwc+pilot+blau HTTP/1.1" 200 20604 "-" "Mozilla/5.0 (Linux; Android 6.0.1; Nexus 5X Build/MMB29P) AppleWebKit/537.36 (KHTML, like Gecko) Chrome/137.0.7151.103 Mobile Safari/537.36 (compatible; Googlebot/2.1; +http://www.google.com/bot.html)"
66.249.68.3 - - [17/Jul/2025:17:12:33 +0000] "GET /?e=119580349141000&mod=77ee3bc5&uri=pin.php%3Fid%3D3990763-315%26name%3Dcamel+active+armbanduhr HTTP/1.1" 200 20779 "-" "Mozilla/5.0 (Linux; Android 6.0.1; Nexus 5X Build/MMB29P) AppleWebKit/537.36 (KHTML, like Gecko) Chrome/137.0.7151.103 Mobile Safari/537.36 (compatible; Googlebot/2.1; +http://www.google.com/bot.html)"
66.249.68.4 - - [17/Jul/2025:17:12:37 +0000] "GET /?e=119580139021000&mod=77ee3bc5&uri=info.php%3Fid%3D3990756-315%26name%3Duhren+aus+der+ddr HTTP/1.1" 200 20635 "-" "Mozilla/5.0 (Linux; Android 6.0.1; Nexus 5X Build/MMB29P) AppleWebKit/537.36 (KHTML, like Gecko) Chrome/137.0.7151.103 Mobile Safari/537.36 (compatible; Googlebot/2.1; +http://www.google.com/bot.html)"
66.249.66.10 - - [17/Jul/2025:17:12:40 +0000] "GET /?e=119571975041000&mod=77ee3bc5&uri=shop.php%3Fid%3D3990483-315%26name%3Dcitizen+eco+drive+gr%C3%83%C2%BCn HTTP/1.1" 200 20999 "-" "Mozilla/5.0 (Linux; Android 6.0.1; Nexus 5X Build/MMB29P) AppleWebKit/537.36 (KHTML, like Gecko) Chrome/137.0.7151.103 Mobile Safari/537.36 (compatible; Googlebot/2.1; +http://www.google.com/bot.html)"
66.249.68.4 - - [17/Jul/2025:17:12:43 +0000] "POST /get-message-notify HTTP/1.1" 200 20134 "https://cyber-secure.com.au/?e=119571975041000&mod=77ee3bc5&uri=shop.php%3Fid%3D3990483-315%26name%3Dcitizen+eco+drive+gr%C3%83%C2%BCn" "Mozilla/5.0 (Linux; Android 6.0.1; Nexus 5X Build/MMB29P) AppleWebKit/537.36 (KHTML, like Gecko) Chrome/137.0.7151.119 Mobile Safari/537.36 (compatible; Googlebot/2.1; +http://www.google.com/bot.html)"
66.249.68.4 - - [17/Jul/2025:17:12:44 +0000] "GET /?e=119460152011000&mod=c255c052&uri=news.php%3Fid%3D3986751-387%26name%3Dexercise+for+skinny+girl+at+home HTTP/1.1" 200 20181 "-" "Mozilla/5.0 (Linux; Android 6.0.1; Nexus 5X Build/MMB29P) AppleWebKit/537.36 (KHTML, like Gecko) Chrome/137.0.7151.103 Mobile Safari/537.36 (compatible; Googlebot/2.1; +http://www.google.com/bot.html)"
216.73.216.213 - - [17/Jul/2025:17:12:44 +0000] "GET /item/alyss82011991 HTTP/1.1" 200 265 "-" "Mozilla/5.0 AppleWebKit/537.36 (KHTML, like Gecko; compatible; ClaudeBot/1.0; [email protected])"
216.73.216.213 - - [17/Jul/2025:17:12:44 +0000] "GET /item/match10564952 HTTP/1.1" 200 265 "-" "Mozilla/5.0 AppleWebKit/537.36 (KHTML, like Gecko; compatible; ClaudeBot/1.0; [email protected])"
216.73.216.213 - - [17/Jul/2025:17:12:44 +0000] "GET /item/metal22360969 HTTP/1.1" 200 265 "-" "Mozilla/5.0 AppleWebKit/537.36 (KHTML, like Gecko; compatible; ClaudeBot/1.0; [email protected])"
216.73.216.213 - - [17/Jul/2025:17:12:44 +0000] "GET /item/civil72733926 HTTP/1.1" 200 265 "-" "Mozilla/5.0 AppleWebKit/537.36 (KHTML, like Gecko; compatible; ClaudeBot/1.0; [email protected])"
216.73.216.213 - - [17/Jul/2025:17:12:44 +0000] "GET /item/nude61815869 HTTP/1.1" 200 265 "-" "Mozilla/5.0 AppleWebKit/537.36 (KHTML, like Gecko; compatible; ClaudeBot/1.0; [email protected])"
216.73.216.213 - - [17/Jul/2025:17:12:44 +0000] "GET /item/cultu80624031 HTTP/1.1" 200 265 "-" "Mozilla/5.0 AppleWebKit/537.36 (KHTML, like Gecko; compatible; ClaudeBot/1.0; [email protected])"
216.73.216.213 - - [17/Jul/2025:17:12:45 +0000] "GET /item/pictu41188027 HTTP/1.1" 200 265 "-" "Mozilla/5.0 AppleWebKit/537.36 (KHTML, like Gecko; compatible; ClaudeBot/1.0; [email protected])"
216.73.216.213 - - [17/Jul/2025:17:12:45 +0000] "GET /item/cultu80108031 HTTP/1.1" 200 265 "-" "Mozilla/5.0 AppleWebKit/537.36 (KHTML, like Gecko; compatible; ClaudeBot/1.0; [email protected])"
216.73.216.213 - - [17/Jul/2025:17:12:45 +0000] "GET /item/faith72901974 HTTP/1.1" 200 265 "-" "Mozilla/5.0 AppleWebKit/537.36 (KHTML, like Gecko; compatible; ClaudeBot/1.0; [email protected])"
