Current File : /home/kelaby89/access-logs/game-gainz.com.sixpack.studio |
209.74.77.214 - - [12/Jul/2025:12:15:32 +0000] "POST /wp-cron.php?doing_wp_cron=1752322532.8326790332794189453125 HTTP/1.1" 200 - "-" "WordPress/6.8.1; https://game-gainz.com"
49.51.38.193 - - [12/Jul/2025:12:15:31 +0000] "GET / HTTP/1.1" 200 12983 "-" "Mozilla/5.0 (iPhone; CPU iPhone OS 13_2_3 like Mac OS X) AppleWebKit/605.1.15 (KHTML, like Gecko) Version/13.0.3 Mobile/15E148 Safari/604.1"
209.74.77.214 - - [12/Jul/2025:12:45:08 +0000] "POST /wp-cron.php?doing_wp_cron=1752324308.6663439273834228515625 HTTP/1.1" 200 - "-" "WordPress/6.8.1; https://game-gainz.com"
1.54.54.209 - - [12/Jul/2025:12:45:07 +0000] "GET /wp-json/wp/v2/posts HTTP/1.1" 200 672 "-" "Mozilla/5.0 (Windows NT 10.0; Win64; x64) AppleWebKit/537.36 (KHTML, like Gecko) Chrome/120.0.0.0 Safari/537.36"
173.208.198.210 - - [12/Jul/2025:13:04:08 +0000] "GET /?testPage HTTP/1.1" 200 78 "-" "Mozilla/5.0 (compatible; Googlebot/2.1; +http://www.google.com/bot.html)"
209.74.77.214 - - [12/Jul/2025:13:04:11 +0000] "POST /wp-cron.php?doing_wp_cron=1752325450.9912068843841552734375 HTTP/1.1" 200 - "-" "WordPress/6.8.1; https://game-gainz.com"
173.208.198.210 - - [12/Jul/2025:13:04:10 +0000] "GET /?testPage HTTP/1.1" 200 12982 "-" "Mozilla/5.0 (Windows NT 10.0; Win64; x64) AppleWebKit/537.36 (KHTML, like Gecko) Chrome/125.0.0.0 Safari/537.36"
209.74.77.214 - - [12/Jul/2025:14:06:50 +0000] "POST /wp-cron.php?doing_wp_cron=1752329209.9940979480743408203125 HTTP/1.1" 200 - "-" "WordPress/6.8.1; https://game-gainz.com"
198.46.234.28 - - [12/Jul/2025:14:06:48 +0000] "POST /index.php/wp-json/litespeed/v1/cdn_status HTTP/1.1" 404 117 "https://game-gainz.com/wp-admin/update.php?action=upload-plugin" "Mozilla/5.0 (Windows NT 10.0; Win64; x64; rv:128.0) Gecko/20100101 Firefox/128.0"
209.74.77.214 - - [12/Jul/2025:14:15:46 +0000] "POST /wp-cron.php?doing_wp_cron=1752329746.2941179275512695312500 HTTP/1.1" 200 - "-" "WordPress/6.8.1; https://game-gainz.com"
43.157.53.115 - - [12/Jul/2025:14:15:45 +0000] "GET / HTTP/1.1" 301 - "-" "Mozilla/5.0 (iPhone; CPU iPhone OS 13_2_3 like Mac OS X) AppleWebKit/605.1.15 (KHTML, like Gecko) Version/13.0.3 Mobile/15E148 Safari/604.1"
43.157.53.115 - - [12/Jul/2025:14:15:47 +0000] "GET / HTTP/1.1" 200 12983 "http://www.game-gainz.com" "Mozilla/5.0 (iPhone; CPU iPhone OS 13_2_3 like Mac OS X) AppleWebKit/605.1.15 (KHTML, like Gecko) Version/13.0.3 Mobile/15E148 Safari/604.1"
209.74.77.214 - - [12/Jul/2025:14:20:27 +0000] "POST /wp-cron.php?doing_wp_cron=1752330027.3675599098205566406250 HTTP/1.1" 200 - "-" "WordPress/6.8.1; https://game-gainz.com"
182.42.104.32 - - [12/Jul/2025:14:20:26 +0000] "GET / HTTP/1.1" 200 12983 "-" "Mozilla/5.0 (iPhone; CPU iPhone OS 13_2_3 like Mac OS X) AppleWebKit/605.1.15 (KHTML, like Gecko) Version/13.0.3 Mobile/15E148 Safari/604.1"
173.252.87.114 - - [12/Jul/2025:14:22:27 +0000] "GET /robots.txt HTTP/1.1" 200 67 "-" "facebookexternalhit/1.1 (+http://www.facebook.com/externalhit_uatext.php)"
209.74.77.214 - - [12/Jul/2025:14:22:28 +0000] "POST /wp-cron.php?doing_wp_cron=1752330148.7795720100402832031250 HTTP/1.1" 200 - "-" "WordPress/6.8.1; https://game-gainz.com"
173.252.87.1 - - [12/Jul/2025:14:22:28 +0000] "GET / HTTP/1.1" 200 65414 "-" "facebookexternalhit/1.1 (+http://www.facebook.com/externalhit_uatext.php)"
209.74.77.214 - - [12/Jul/2025:14:23:55 +0000] "POST /wp-cron.php?doing_wp_cron=1752330235.2361400127410888671875 HTTP/1.1" 200 - "-" "WordPress/6.8.1; https://game-gainz.com"
173.252.127.15 - - [12/Jul/2025:14:23:53 +0000] "GET /?fbclid=IwZXh0bgNhZW0CMTEAAR7s8-WcMPv6vmpvuT7xbQKyhbUd8YQ5e_2z_EyiQI75W5ll40XTO0fP7HJWSA_aem_QDRuY_by-i3xF-z7iBfgbw HTTP/1.1" 200 12983 "-" "Mozilla/5.0 (X11; Linux x86_64) AppleWebKit/537.36 (KHTML, like Gecko) Chrome/138.0.0.0 Safari/537.36"
173.252.127.15 - - [12/Jul/2025:14:23:55 +0000] "GET /wp-includes/blocks/navigation/style.min.css?ver=6.8.1 HTTP/1.1" 200 2275 "http://game-gainz.com/?fbclid=IwZXh0bgNhZW0CMTEAAR7s8-WcMPv6vmpvuT7xbQKyhbUd8YQ5e_2z_EyiQI75W5ll40XTO0fP7HJWSA_aem_QDRuY_by-i3xF-z7iBfgbw" "Mozilla/5.0 (X11; Linux x86_64) AppleWebKit/537.36 (KHTML, like Gecko) Chrome/138.0.0.0 Safari/537.36"
173.252.127.15 - - [12/Jul/2025:14:23:55 +0000] "GET /wp-includes/js/dist/script-modules/block-library/navigation/view.min.js?ver=61572d447d60c0aa5240 HTTP/1.1" 200 1160 "http://game-gainz.com/?fbclid=IwZXh0bgNhZW0CMTEAAR7s8-WcMPv6vmpvuT7xbQKyhbUd8YQ5e_2z_EyiQI75W5ll40XTO0fP7HJWSA_aem_QDRuY_by-i3xF-z7iBfgbw" "Mozilla/5.0 (X11; Linux x86_64) AppleWebKit/537.36 (KHTML, like Gecko) Chrome/138.0.0.0 Safari/537.36"
173.252.127.15 - - [12/Jul/2025:14:23:55 +0000] "GET /wp-includes/js/dist/script-modules/interactivity/index.min.js?ver=55aebb6e0a16726baffb HTTP/1.1" 200 14072 "http://game-gainz.com/?fbclid=IwZXh0bgNhZW0CMTEAAR7s8-WcMPv6vmpvuT7xbQKyhbUd8YQ5e_2z_EyiQI75W5ll40XTO0fP7HJWSA_aem_QDRuY_by-i3xF-z7iBfgbw" "Mozilla/5.0 (X11; Linux x86_64) AppleWebKit/537.36 (KHTML, like Gecko) Chrome/138.0.0.0 Safari/537.36"
173.252.127.18 - - [12/Jul/2025:14:23:55 +0000] "GET /wp-includes/blocks/social-links/style.min.css?ver=6.8.1 HTTP/1.1" 200 1537 "http://game-gainz.com/?fbclid=IwZXh0bgNhZW0CMTEAAR7s8-WcMPv6vmpvuT7xbQKyhbUd8YQ5e_2z_EyiQI75W5ll40XTO0fP7HJWSA_aem_QDRuY_by-i3xF-z7iBfgbw" "Mozilla/5.0 (X11; Linux x86_64) AppleWebKit/537.36 (KHTML, like Gecko) Chrome/138.0.0.0 Safari/537.36"
173.252.127.62 - - [12/Jul/2025:14:23:55 +0000] "GET /wp-content/themes/extendable/style.css?ver=2.0.26 HTTP/1.1" 200 3165 "http://game-gainz.com/?fbclid=IwZXh0bgNhZW0CMTEAAR7s8-WcMPv6vmpvuT7xbQKyhbUd8YQ5e_2z_EyiQI75W5ll40XTO0fP7HJWSA_aem_QDRuY_by-i3xF-z7iBfgbw" "Mozilla/5.0 (X11; Linux x86_64) AppleWebKit/537.36 (KHTML, like Gecko) Chrome/138.0.0.0 Safari/537.36"
173.252.127.15 - - [12/Jul/2025:14:23:55 +0000] "GET /wp-content/themes/extendable/assets/js/navigation-customization.js HTTP/1.1" 200 480 "http://game-gainz.com/?fbclid=IwZXh0bgNhZW0CMTEAAR7s8-WcMPv6vmpvuT7xbQKyhbUd8YQ5e_2z_EyiQI75W5ll40XTO0fP7HJWSA_aem_QDRuY_by-i3xF-z7iBfgbw" "Mozilla/5.0 (X11; Linux x86_64) AppleWebKit/537.36 (KHTML, like Gecko) Chrome/138.0.0.0 Safari/537.36"
173.252.127.15 - - [12/Jul/2025:14:23:55 +0000] "GET /wp-includes/js/wp-emoji-release.min.js?ver=6.8.1 HTTP/1.1" 200 5166 "http://game-gainz.com/?fbclid=IwZXh0bgNhZW0CMTEAAR7s8-WcMPv6vmpvuT7xbQKyhbUd8YQ5e_2z_EyiQI75W5ll40XTO0fP7HJWSA_aem_QDRuY_by-i3xF-z7iBfgbw" "Mozilla/5.0 (X11; Linux x86_64) AppleWebKit/537.36 (KHTML, like Gecko) Chrome/138.0.0.0 Safari/537.36"
173.252.127.62 - - [12/Jul/2025:14:23:55 +0000] "GET /wp-content/themes/extendable/assets/fonts/inter/inter-variable.woff2 HTTP/1.1" 200 325106 "http://game-gainz.com/?fbclid=IwZXh0bgNhZW0CMTEAAR7s8-WcMPv6vmpvuT7xbQKyhbUd8YQ5e_2z_EyiQI75W5ll40XTO0fP7HJWSA_aem_QDRuY_by-i3xF-z7iBfgbw" "Mozilla/5.0 (X11; Linux x86_64) AppleWebKit/537.36 (KHTML, like Gecko) Chrome/138.0.0.0 Safari/537.36"
173.252.127.62 - - [12/Jul/2025:14:23:56 +0000] "GET /favicon.ico HTTP/1.1" 302 - "http://game-gainz.com/?fbclid=IwZXh0bgNhZW0CMTEAAR7s8-WcMPv6vmpvuT7xbQKyhbUd8YQ5e_2z_EyiQI75W5ll40XTO0fP7HJWSA_aem_QDRuY_by-i3xF-z7iBfgbw" "Mozilla/5.0 (X11; Linux x86_64) AppleWebKit/537.36 (KHTML, like Gecko) Chrome/138.0.0.0 Safari/537.36"
173.252.127.62 - - [12/Jul/2025:14:23:56 +0000] "GET /wp-includes/images/w-logo-blue-white-bg.png HTTP/1.1" 200 4119 "http://game-gainz.com/?fbclid=IwZXh0bgNhZW0CMTEAAR7s8-WcMPv6vmpvuT7xbQKyhbUd8YQ5e_2z_EyiQI75W5ll40XTO0fP7HJWSA_aem_QDRuY_by-i3xF-z7iBfgbw" "Mozilla/5.0 (X11; Linux x86_64) AppleWebKit/537.36 (KHTML, like Gecko) Chrome/138.0.0.0 Safari/537.36"
3.107.94.245 - - [12/Jul/2025:14:57:51 +0000] "GET /wp-admin/setup-config.php HTTP/1.1" 409 2665 "-" "Mozilla/5.0 (Windows NT 10.0; Win64; x64)"
209.74.77.214 - - [12/Jul/2025:14:57:52 +0000] "POST /wp-cron.php?doing_wp_cron=1752332272.9213960170745849609375 HTTP/1.1" 200 - "-" "WordPress/6.8.1; https://game-gainz.com"
3.107.94.245 - - [12/Jul/2025:14:57:52 +0000] "GET /wp/wp-admin/setup-config.php HTTP/1.1" 404 61355 "-" "Mozilla/5.0 (Windows NT 10.0; Win64; x64)"
3.107.94.245 - - [12/Jul/2025:14:57:53 +0000] "GET /blog/wp-admin/setup-config.php HTTP/1.1" 404 61355 "-" "Mozilla/5.0 (Windows NT 10.0; Win64; x64)"
3.107.94.245 - - [12/Jul/2025:14:57:54 +0000] "GET /new/wp-admin/setup-config.php HTTP/1.1" 404 61355 "-" "Mozilla/5.0 (Windows NT 10.0; Win64; x64)"
209.74.77.214 - - [12/Jul/2025:15:17:06 +0000] "POST /wp-cron.php?doing_wp_cron=1752333426.2222890853881835937500 HTTP/1.1" 200 - "-" "WordPress/6.8.1; https://game-gainz.com"
93.95.208.71 - - [12/Jul/2025:15:17:05 +0000] "GET /wp-config.php.old HTTP/1.1" 404 61355 "-" "-"
93.95.208.71 - - [12/Jul/2025:15:17:07 +0000] "GET /wp-config.php_ HTTP/1.1" 404 61355 "-" "-"
93.95.208.71 - - [12/Jul/2025:15:17:07 +0000] "GET /wp-config.php.save HTTP/1.1" 404 61355 "-" "-"
93.95.208.71 - - [12/Jul/2025:15:17:08 +0000] "GET /wp-config.php.orig HTTP/1.1" 404 61355 "-" "-"
209.74.77.214 - - [12/Jul/2025:16:10:15 +0000] "POST /wp-cron.php?doing_wp_cron=1752336615.8628909587860107421875 HTTP/1.1" 200 - "-" "WordPress/6.8.1; https://game-gainz.com"
125.24.205.100 - - [12/Jul/2025:16:10:14 +0000] "GET /wp-json/wp/v2/posts HTTP/1.1" 200 672 "-" "Mozilla/5.0 (Windows NT 10.0; Win64; x64) AppleWebKit/537.36 (KHTML, like Gecko) Chrome/120.0.0.0 Safari/537.36"
209.74.77.214 - - [12/Jul/2025:16:11:38 +0000] "POST /wp-cron.php?doing_wp_cron=1752336698.6052219867706298828125 HTTP/1.1" 200 - "-" "WordPress/6.8.1; https://game-gainz.com"
45.138.16.105 - - [12/Jul/2025:16:11:37 +0000] "GET / HTTP/1.1" 200 65414 "-" "-"
45.138.16.105 - - [12/Jul/2025:16:11:39 +0000] "GET /wp-admin/install.php HTTP/1.1" 404 61355 "-" "-"
45.138.16.105 - - [12/Jul/2025:16:11:40 +0000] "GET /wp-admin/setup-config.php HTTP/1.1" 409 2665 "-" "-"
209.74.77.214 - - [12/Jul/2025:17:34:08 +0000] "POST /wp-cron.php?doing_wp_cron=1752341648.1571249961853027343750 HTTP/1.1" 200 - "-" "WordPress/6.8.1; https://game-gainz.com"
203.2.64.59 - - [12/Jul/2025:17:34:07 +0000] "GET / HTTP/1.1" 301 - "-" "Mozilla/5.0 (iPhone; CPU iPhone OS 13_2_3 like Mac OS X) AppleWebKit/605.1.15 (KHTML, like Gecko) Version/13.0.3 Mobile/15E148 Safari/604.1"
209.74.77.214 - - [12/Jul/2025:17:34:09 +0000] "POST /wp-cron.php?doing_wp_cron=1752341649.1840670108795166015625 HTTP/1.1" 200 - "-" "WordPress/6.8.1; https://game-gainz.com"
203.2.64.59 - - [12/Jul/2025:17:34:09 +0000] "GET / HTTP/1.1" 200 12983 "http://www.game-gainz.com" "Mozilla/5.0 (iPhone; CPU iPhone OS 13_2_3 like Mac OS X) AppleWebKit/605.1.15 (KHTML, like Gecko) Version/13.0.3 Mobile/15E148 Safari/604.1"
209.74.77.214 - - [12/Jul/2025:18:05:45 +0000] "POST /wp-cron.php?doing_wp_cron=1752343545.0364449024200439453125 HTTP/1.1" 200 - "-" "WordPress/6.8.1; https://game-gainz.com"
51.68.11.207 - - [12/Jul/2025:18:05:43 +0000] "GET /wp-config.php1 HTTP/1.1" 404 61355 "-" "-"
51.68.11.207 - - [12/Jul/2025:18:05:45 +0000] "GET /wp-config.phpold HTTP/1.1" 404 61355 "-" "-"
51.68.11.207 - - [12/Jul/2025:18:05:46 +0000] "GET /wp-config.php.org HTTP/1.1" 404 61355 "-" "-"
51.68.11.207 - - [12/Jul/2025:18:05:47 +0000] "GET /wp-config HTTP/1.1" 404 61355 "-" "-"
209.74.77.214 - - [12/Jul/2025:19:13:43 +0000] "POST /wp-cron.php?doing_wp_cron=1752347623.8858349323272705078125 HTTP/1.1" 200 - "-" "WordPress/6.8.1; https://game-gainz.com"
43.166.239.145 - - [12/Jul/2025:19:13:42 +0000] "GET / HTTP/1.1" 200 12983 "-" "Mozilla/5.0 (iPhone; CPU iPhone OS 13_2_3 like Mac OS X) AppleWebKit/605.1.15 (KHTML, like Gecko) Version/13.0.3 Mobile/15E148 Safari/604.1"
170.106.11.6 - - [12/Jul/2025:19:38:37 +0000] "GET /wp-content/themes/extendable/assets/fonts/rubik/rubik.woff2 HTTP/1.1" 200 76482 "-" "Mozilla/5.0 (iPhone; CPU iPhone OS 13_2_3 like Mac OS X) AppleWebKit/605.1.15 (KHTML, like Gecko) Version/13.0.3 Mobile/15E148 Safari/604.1"
43.157.38.131 - - [12/Jul/2025:19:58:26 +0000] "GET /wp-content/themes/extendable/assets/fonts/inter/inter-variable.woff2 HTTP/1.1" 200 325106 "-" "Mozilla/5.0 (iPhone; CPU iPhone OS 13_2_3 like Mac OS X) AppleWebKit/605.1.15 (KHTML, like Gecko) Version/13.0.3 Mobile/15E148 Safari/604.1"
43.153.85.46 - - [12/Jul/2025:20:11:48 +0000] "GET /wp-content/themes/extendable/assets/fonts/source-serif-pro/source-serif-pro.woff2 HTTP/1.1" 200 424252 "-" "Mozilla/5.0 (iPhone; CPU iPhone OS 13_2_3 like Mac OS X) AppleWebKit/605.1.15 (KHTML, like Gecko) Version/13.0.3 Mobile/15E148 Safari/604.1"
43.130.67.33 - - [12/Jul/2025:20:18:29 +0000] "GET /wp-content/themes/extendable/assets/fonts/inconsolata/inconsolata-variable.woff2 HTTP/1.1" 200 150287 "-" "Mozilla/5.0 (iPhone; CPU iPhone OS 13_2_3 like Mac OS X) AppleWebKit/605.1.15 (KHTML, like Gecko) Version/13.0.3 Mobile/15E148 Safari/604.1"
209.74.77.214 - - [12/Jul/2025:20:34:25 +0000] "POST /wp-cron.php?doing_wp_cron=1752352465.6273229122161865234375 HTTP/1.1" 200 - "-" "WordPress/6.8.1; https://game-gainz.com"
45.74.10.25 - - [12/Jul/2025:20:34:24 +0000] "GET /.env HTTP/1.1" 404 61355 "-" "Mozilla/5.0 (Windows NT 10.0; Win64; x64) AppleWebKit/537.36 (KHTML, like Gecko) Chrome/83.0.4103.116 Safari/537.36"
132.232.165.4 - - [12/Jul/2025:20:34:39 +0000] "GET / HTTP/1.1" 200 12982 "-" "Mozilla/5.0 (iPhone; CPU iPhone OS 13_2_3 like Mac OS X) AppleWebKit/605.1.15 (KHTML, like Gecko) Version/13.0.3 Mobile/15E148 Safari/604.1"
209.74.77.214 - - [12/Jul/2025:20:45:59 +0000] "POST /wp-cron.php?doing_wp_cron=1752353159.6252679824829101562500 HTTP/1.1" 200 - "-" "WordPress/6.8.1; https://game-gainz.com"
45.61.161.124 - - [12/Jul/2025:20:45:58 +0000] "GET /style.php HTTP/1.1" 404 12525 "www.google.com" "Mozlila/5.0 (Linux; Android 7.0; SM-G892A Bulid/NRD90M; wv) AppleWebKit/537.36 (KHTML, like Gecko) Version/4.0 Chrome/60.0.3112.107 Moblie Safari/537.36"
209.74.77.214 - - [12/Jul/2025:21:54:06 +0000] "POST /wp-cron.php?doing_wp_cron=1752357246.8005709648132324218750 HTTP/1.1" 200 - "-" "WordPress/6.8.1; https://game-gainz.com"
170.106.180.246 - - [12/Jul/2025:21:54:05 +0000] "GET / HTTP/1.1" 301 - "-" "Mozilla/5.0 (iPhone; CPU iPhone OS 13_2_3 like Mac OS X) AppleWebKit/605.1.15 (KHTML, like Gecko) Version/13.0.3 Mobile/15E148 Safari/604.1"
170.106.180.246 - - [12/Jul/2025:21:54:07 +0000] "GET / HTTP/1.1" 200 12982 "http://www.game-gainz.com" "Mozilla/5.0 (iPhone; CPU iPhone OS 13_2_3 like Mac OS X) AppleWebKit/605.1.15 (KHTML, like Gecko) Version/13.0.3 Mobile/15E148 Safari/604.1"
209.74.77.214 - - [12/Jul/2025:22:01:28 +0000] "POST /wp-cron.php?doing_wp_cron=1752357688.0925750732421875000000 HTTP/1.1" 200 - "-" "WordPress/6.8.1; https://game-gainz.com"
185.241.208.99 - - [12/Jul/2025:22:01:27 +0000] "GET / HTTP/1.1" 200 65414 "-" "-"
185.241.208.99 - - [12/Jul/2025:22:01:28 +0000] "GET /wp-admin/install.php HTTP/1.1" 404 61355 "-" "-"
185.241.208.99 - - [12/Jul/2025:22:01:29 +0000] "GET /wp-admin/setup-config.php HTTP/1.1" 409 2665 "-" "-"
49.51.233.95 - - [12/Jul/2025:22:07:04 +0000] "GET /wp-content/themes/extendable/assets/fonts/jost/jost-variable.woff2 HTTP/1.1" 200 50424 "-" "Mozilla/5.0 (iPhone; CPU iPhone OS 13_2_3 like Mac OS X) AppleWebKit/605.1.15 (KHTML, like Gecko) Version/13.0.3 Mobile/15E148 Safari/604.1"
43.155.129.131 - - [12/Jul/2025:22:19:16 +0000] "GET /wp-content/themes/extendable/assets/fonts/noto-serif-display/noto-serif-display.woff2 HTTP/1.1" 200 526250 "-" "Mozilla/5.0 (iPhone; CPU iPhone OS 13_2_3 like Mac OS X) AppleWebKit/605.1.15 (KHTML, like Gecko) Version/13.0.3 Mobile/15E148 Safari/604.1"
43.153.204.189 - - [12/Jul/2025:22:33:06 +0000] "GET /wp-content/themes/extendable/assets/fonts/arsenal/arsenal-bold.woff2 HTTP/1.1" 200 55003 "-" "Mozilla/5.0 (iPhone; CPU iPhone OS 13_2_3 like Mac OS X) AppleWebKit/605.1.15 (KHTML, like Gecko) Version/13.0.3 Mobile/15E148 Safari/604.1"
43.166.238.12 - - [12/Jul/2025:22:38:42 +0000] "GET /wp-content/themes/extendable/assets/fonts/ibm-plex-sans/ibm-plex-sans-bold.woff2 HTTP/1.1" 200 60220 "-" "Mozilla/5.0 (iPhone; CPU iPhone OS 13_2_3 like Mac OS X) AppleWebKit/605.1.15 (KHTML, like Gecko) Version/13.0.3 Mobile/15E148 Safari/604.1"
49.51.73.183 - - [12/Jul/2025:22:50:02 +0000] "GET /wp-content/themes/extendable/assets/fonts/gotu/gotu-regular.woff2 HTTP/1.1" 200 187521 "-" "Mozilla/5.0 (iPhone; CPU iPhone OS 13_2_3 like Mac OS X) AppleWebKit/605.1.15 (KHTML, like Gecko) Version/13.0.3 Mobile/15E148 Safari/604.1"
49.51.196.42 - - [12/Jul/2025:22:59:41 +0000] "GET /wp-content/themes/extendable/assets/fonts/space-mono/space-mono-bold.woff2 HTTP/1.1" 200 32119 "-" "Mozilla/5.0 (iPhone; CPU iPhone OS 13_2_3 like Mac OS X) AppleWebKit/605.1.15 (KHTML, like Gecko) Version/13.0.3 Mobile/15E148 Safari/604.1"
209.74.77.214 - - [12/Jul/2025:23:24:13 +0000] "POST /wp-cron.php?doing_wp_cron=1752362653.0914070606231689453125 HTTP/1.1" 200 - "-" "WordPress/6.8.1; https://game-gainz.com"
171.6.152.199 - - [12/Jul/2025:23:24:11 +0000] "GET /wp-json/wp/v2/posts HTTP/1.1" 200 672 "-" "Mozilla/5.0 (Windows NT 10.0; Win64; x64) AppleWebKit/537.36 (KHTML, like Gecko) Chrome/120.0.0.0 Safari/537.36"
209.74.77.214 - - [12/Jul/2025:23:34:23 +0000] "POST /wp-cron.php?doing_wp_cron=1752363263.3929181098937988281250 HTTP/1.1" 200 - "-" "WordPress/6.8.1; https://game-gainz.com"
114.117.233.112 - - [12/Jul/2025:23:34:22 +0000] "GET / HTTP/1.1" 301 - "-" "Mozilla/5.0 (iPhone; CPU iPhone OS 13_2_3 like Mac OS X) AppleWebKit/605.1.15 (KHTML, like Gecko) Version/13.0.3 Mobile/15E148 Safari/604.1"
114.117.233.112 - - [12/Jul/2025:23:34:24 +0000] "GET / HTTP/1.1" 200 12983 "http://www.game-gainz.com" "Mozilla/5.0 (iPhone; CPU iPhone OS 13_2_3 like Mac OS X) AppleWebKit/605.1.15 (KHTML, like Gecko) Version/13.0.3 Mobile/15E148 Safari/604.1"
173.208.198.210 - - [12/Jul/2025:23:36:49 +0000] "GET /?testPage HTTP/1.1" 200 78 "-" "Mozilla/5.0 (compatible; Googlebot/2.1; +http://www.google.com/bot.html)"
209.74.77.214 - - [12/Jul/2025:23:36:55 +0000] "POST /wp-cron.php?doing_wp_cron=1752363415.5630550384521484375000 HTTP/1.1" 200 - "-" "WordPress/6.8.1; https://game-gainz.com"
173.208.198.210 - - [12/Jul/2025:23:36:54 +0000] "GET /?testPage HTTP/1.1" 200 12983 "-" "Mozilla/5.0 (Windows NT 10.0; Win64; x64) AppleWebKit/537.36 (KHTML, like Gecko) Chrome/125.0.0.0 Safari/537.36"
66.249.79.66 - - [13/Jul/2025:00:01:25 +0000] "GET /robots.txt HTTP/1.1" 200 83 "-" "Mozilla/5.0 (compatible; Googlebot/2.1; +http://www.google.com/bot.html)"
66.249.79.66 - - [13/Jul/2025:00:01:26 +0000] "GET / HTTP/1.1" 200 22160 "-" "Mozilla/5.0 (Linux; Android 6.0.1; Nexus 5X Build/MMB29P) AppleWebKit/537.36 (KHTML, like Gecko) Chrome/137.0.7151.103 Mobile Safari/537.36 (compatible; Googlebot/2.1; +http://www.google.com/bot.html)"
66.249.79.64 - - [13/Jul/2025:00:01:32 +0000] "POST /get-message-notify HTTP/1.1" 200 19625 "http://game-gainz.com/" "Mozilla/5.0 (Linux; Android 6.0.1; Nexus 5X Build/MMB29P) AppleWebKit/537.36 (KHTML, like Gecko) Chrome/137.0.7151.119 Mobile Safari/537.36 (compatible; Googlebot/2.1; +http://www.google.com/bot.html)"
66.249.79.64 - - [13/Jul/2025:00:01:42 +0000] "GET / HTTP/1.1" 200 22160 "-" "Mozilla/5.0 (Linux; Android 6.0.1; Nexus 5X Build/MMB29P) AppleWebKit/537.36 (KHTML, like Gecko) Chrome/137.0.7151.103 Mobile Safari/537.36 (compatible; Googlebot/2.1; +http://www.google.com/bot.html)"
66.249.79.64 - - [13/Jul/2025:00:01:43 +0000] "GET / HTTP/1.1" 200 22175 "-" "Mozilla/5.0 (compatible; Googlebot/2.1; +http://www.google.com/bot.html)"
66.249.79.64 - - [13/Jul/2025:00:01:46 +0000] "POST /get-message-notify HTTP/1.1" 200 19636 "http://game-gainz.com/" "Mozilla/5.0 (Linux; Android 6.0.1; Nexus 5X Build/MMB29P) AppleWebKit/537.36 (KHTML, like Gecko) Chrome/137.0.7151.119 Mobile Safari/537.36 (compatible; Googlebot/2.1; +http://www.google.com/bot.html)"
209.74.77.214 - - [13/Jul/2025:00:01:48 +0000] "POST /wp-cron.php?doing_wp_cron=1752364908.9747159481048583984375 HTTP/1.1" 200 - "-" "WordPress/6.8.1; https://game-gainz.com"
66.249.79.64 - - [13/Jul/2025:00:01:48 +0000] "GET /favicon.ico HTTP/1.1" 302 - "-" "Googlebot-Image/1.0"
66.249.79.64 - - [13/Jul/2025:00:01:49 +0000] "GET /wp-includes/images/w-logo-blue-white-bg.png HTTP/1.1" 200 4119 "-" "Googlebot-Image/1.0"
209.74.77.214 - - [13/Jul/2025:00:16:23 +0000] "POST /wp-cron.php?doing_wp_cron=1752365783.0848000049591064453125 HTTP/1.1" 200 - "-" "WordPress/6.8.1; https://game-gainz.com"
146.190.131.172 - - [13/Jul/2025:00:16:21 +0000] "GET / HTTP/1.1" 200 12982 "-" "Mozilla/5.0 (X11; Linux x86_64) AppleWebKit/537.36 (KHTML, like Gecko) Chrome/137.0.0.0 Safari/537.36"
146.190.131.172 - - [13/Jul/2025:00:16:23 +0000] "GET /favicon.ico HTTP/1.1" 302 - "http://game-gainz.com/" "Mozilla/5.0 (X11; Linux x86_64) AppleWebKit/537.36 (KHTML, like Gecko) Chrome/137.0.0.0 Safari/537.36"
66.249.79.66 - - [13/Jul/2025:00:20:08 +0000] "GET / HTTP/1.1" 200 22176 "-" "Mozilla/5.0 (Linux; Android 6.0.1; Nexus 5X Build/MMB29P) AppleWebKit/537.36 (KHTML, like Gecko) Chrome/137.0.7151.103 Mobile Safari/537.36 (compatible; Googlebot/2.1; +http://www.google.com/bot.html)"
66.249.79.65 - - [13/Jul/2025:00:29:21 +0000] "GET /?f=4546777011370&mod=9b798c63&uri=itm.php%3Fid%3D151758-179%26name%3Dvelo+sunn+tox+s2 HTTP/1.1" 200 21430 "-" "Mozilla/5.0 (Linux; Android 6.0.1; Nexus 5X Build/MMB29P) AppleWebKit/537.36 (KHTML, like Gecko) Chrome/137.0.7151.103 Mobile Safari/537.36 (compatible; Googlebot/2.1; +http://www.google.com/bot.html)"
66.249.79.64 - - [13/Jul/2025:00:29:22 +0000] "GET /?f=4563501041370&mod=5f7733de&uri=itm.php%3Fid%3D152316-270%26name%3Dcth+480+price HTTP/1.1" 200 22049 "-" "Mozilla/5.0 (Linux; Android 6.0.1; Nexus 5X Build/MMB29P) AppleWebKit/537.36 (KHTML, like Gecko) Chrome/137.0.7151.103 Mobile Safari/537.36 (compatible; Googlebot/2.1; +http://www.google.com/bot.html)"
66.249.79.64 - - [13/Jul/2025:00:29:40 +0000] "POST /get-message-notify HTTP/1.1" 200 19630 "http://game-gainz.com/?f=4546777011370&mod=9b798c63&uri=itm.php%3Fid%3D151758-179%26name%3Dvelo+sunn+tox+s2" "Mozilla/5.0 (Linux; Android 6.0.1; Nexus 5X Build/MMB29P) AppleWebKit/537.36 (KHTML, like Gecko) Chrome/137.0.7151.119 Mobile Safari/537.36 (compatible; Googlebot/2.1; +http://www.google.com/bot.html)"
66.249.79.64 - - [13/Jul/2025:00:59:22 +0000] "GET /?f=4537994021370&mod=9b798c63&uri=brands.php%3Fid%3D151464-179%26name%3Dvelo+oxford+homme HTTP/1.1" 200 21043 "-" "Mozilla/5.0 (Linux; Android 6.0.1; Nexus 5X Build/MMB29P) AppleWebKit/537.36 (KHTML, like Gecko) Chrome/137.0.7151.103 Mobile Safari/537.36 (compatible; Googlebot/2.1; +http://www.google.com/bot.html)"
209.74.77.214 - - [13/Jul/2025:01:03:09 +0000] "POST /wp-cron.php?doing_wp_cron=1752368589.9808030128479003906250 HTTP/1.1" 200 - "-" "WordPress/6.8.1; https://game-gainz.com"
198.46.234.28 - - [13/Jul/2025:01:03:08 +0000] "POST /index.php/wp-json/litespeed/v1/cdn_status HTTP/1.1" 404 117 "https://game-gainz.com/wp-admin/update.php?action=upload-plugin" "Mozilla/5.0 (Windows NT 10.0; Win64; x64; rv:128.0) Gecko/20100101 Firefox/128.0"
209.74.77.214 - - [13/Jul/2025:01:07:26 +0000] "POST /wp-cron.php?doing_wp_cron=1752368846.1304221153259277343750 HTTP/1.1" 200 - "-" "WordPress/6.8.1; https://game-gainz.com"
205.210.31.132 - - [13/Jul/2025:01:07:25 +0000] "GET / HTTP/1.1" 200 65414 "-" "-"
66.249.79.66 - - [13/Jul/2025:01:14:22 +0000] "GET /corporate HTTP/1.1" 200 21123 "-" "Mozilla/5.0 (Linux; Android 6.0.1; Nexus 5X Build/MMB29P) AppleWebKit/537.36 (KHTML, like Gecko) Chrome/137.0.7151.103 Mobile Safari/537.36 (compatible; Googlebot/2.1; +http://www.google.com/bot.html)"
66.249.79.65 - - [13/Jul/2025:02:04:48 +0000] "GET /?f=4563051041370&mod=5f7733de&uri=product.php%3Fid%3D152301-270%26name%3Diphone+case+with+stylus HTTP/1.1" 200 22608 "-" "Mozilla/5.0 (Linux; Android 6.0.1; Nexus 5X Build/MMB29P) AppleWebKit/537.36 (KHTML, like Gecko) Chrome/137.0.7151.103 Mobile Safari/537.36 (compatible; Googlebot/2.1; +http://www.google.com/bot.html)"
66.249.79.66 - - [13/Jul/2025:02:31:23 +0000] "GET /?f=4608884021370&mod=f5d5acb2&uri=blog.php%3Fid%3D153829-283%26name%3Dburton+moto+boa+snowboard+boots+219 HTTP/1.1" 200 21622 "-" "Mozilla/5.0 (Linux; Android 6.0.1; Nexus 5X Build/MMB29P) AppleWebKit/537.36 (KHTML, like Gecko) Chrome/137.0.7151.103 Mobile Safari/537.36 (compatible; Googlebot/2.1; +http://www.google.com/bot.html)"
66.249.79.65 - - [13/Jul/2025:02:44:44 +0000] "GET /?f=4854340001370&mod=656a0310&uri=us.php%3Fid%3D162052-296%26name%3Ddj+jean+the+launch HTTP/1.1" 200 21914 "-" "Mozilla/5.0 (Linux; Android 6.0.1; Nexus 5X Build/MMB29P) AppleWebKit/537.36 (KHTML, like Gecko) Chrome/137.0.7151.103 Mobile Safari/537.36 (compatible; Googlebot/2.1; +http://www.google.com/bot.html)"
66.249.79.65 - - [13/Jul/2025:02:55:35 +0000] "GET /?f=4859907021370&mod=656a0310&uri=blog.php%3Fid%3D162244-296%26name%3Dsapna+choudhary+akhiyon+ka+kajal HTTP/1.1" 200 21820 "-" "Mozilla/5.0 (Linux; Android 6.0.1; Nexus 5X Build/MMB29P) AppleWebKit/537.36 (KHTML, like Gecko) Chrome/137.0.7151.103 Mobile Safari/537.36 (compatible; Googlebot/2.1; +http://www.google.com/bot.html)"
209.74.77.214 - - [13/Jul/2025:03:16:09 +0000] "POST /wp-cron.php?doing_wp_cron=1752376569.4990229606628417968750 HTTP/1.1" 200 - "-" "WordPress/6.8.1; https://game-gainz.com"
43.153.26.165 - - [13/Jul/2025:03:16:08 +0000] "GET / HTTP/1.1" 200 12983 "-" "Mozilla/5.0 (iPhone; CPU iPhone OS 13_2_3 like Mac OS X) AppleWebKit/605.1.15 (KHTML, like Gecko) Version/13.0.3 Mobile/15E148 Safari/604.1"
66.249.79.65 - - [13/Jul/2025:03:18:24 +0000] "GET /?f=4541707011370&mod=9b798c63&uri=itm.php%3Fid%3D151588-179%26name%3Dvtt+sunn+vintage+occasion HTTP/1.1" 200 22196 "-" "Mozilla/5.0 (Linux; Android 6.0.1; Nexus 5X Build/MMB29P) AppleWebKit/537.36 (KHTML, like Gecko) Chrome/137.0.7151.103 Mobile Safari/537.36 (compatible; Googlebot/2.1; +http://www.google.com/bot.html)"
66.249.79.66 - - [13/Jul/2025:03:37:49 +0000] "GET /?f=4855918111370&mod=656a0310&uri=pin.php%3Fid%3D162108-296%26name%3Dsapna+choudhary+chatak+matak HTTP/1.1" 200 21059 "-" "Mozilla/5.0 (Linux; Android 6.0.1; Nexus 5X Build/MMB29P) AppleWebKit/537.36 (KHTML, like Gecko) Chrome/137.0.7151.103 Mobile Safari/537.36 (compatible; Googlebot/2.1; +http://www.google.com/bot.html)"
4.227.36.76 - - [13/Jul/2025:03:49:56 +0000] "GET /robots.txt HTTP/1.1" 200 83 "-" "Mozilla/5.0 AppleWebKit/537.36 (KHTML, like Gecko; compatible; GPTBot/1.2; +https://openai.com/gptbot)"
20.171.207.103 - - [13/Jul/2025:03:49:57 +0000] "GET /sitemap.xml HTTP/1.1" 200 66974 "-" "Mozilla/5.0 AppleWebKit/537.36 (KHTML, like Gecko; compatible; GPTBot/1.2; +https://openai.com/gptbot)"
66.249.79.66 - - [13/Jul/2025:03:52:58 +0000] "GET /?f=4607204011370&mod=f5d5acb2&uri=search.php%3Fid%3D153773-283%26name%3Dleather+boots+brand HTTP/1.1" 200 22319 "-" "Mozilla/5.0 (Linux; Android 6.0.1; Nexus 5X Build/MMB29P) AppleWebKit/537.36 (KHTML, like Gecko) Chrome/137.0.7151.103 Mobile Safari/537.36 (compatible; Googlebot/2.1; +http://www.google.com/bot.html)"
66.249.79.65 - - [13/Jul/2025:04:02:13 +0000] "POST /get-message-notify HTTP/1.1" 200 19637 "http://game-gainz.com/?f=4855918111370&mod=656a0310&uri=pin.php%3Fid%3D162108-296%26name%3Dsapna+choudhary+chatak+matak" "Mozilla/5.0 (Linux; Android 6.0.1; Nexus 5X Build/MMB29P) AppleWebKit/537.36 (KHTML, like Gecko) Chrome/137.0.7151.119 Mobile Safari/537.36 (compatible; Googlebot/2.1; +http://www.google.com/bot.html)"
66.249.79.65 - - [13/Jul/2025:04:08:30 +0000] "POST /get-message-notify HTTP/1.1" 200 19625 "http://game-gainz.com/?f=4607204011370&mod=f5d5acb2&uri=search.php%3Fid%3D153773-283%26name%3Dleather+boots+brand" "Mozilla/5.0 (Linux; Android 6.0.1; Nexus 5X Build/MMB29P) AppleWebKit/537.36 (KHTML, like Gecko) Chrome/137.0.7151.119 Mobile Safari/537.36 (compatible; Googlebot/2.1; +http://www.google.com/bot.html)"
66.249.79.64 - - [13/Jul/2025:04:13:29 +0000] "GET /?f=4865150051370&mod=e6f2b8ab&uri=pin.php%3Fid%3D162420-298%26name%3Dwalmart+potty+chair+for+adults HTTP/1.1" 200 22772 "-" "Mozilla/5.0 (Linux; Android 6.0.1; Nexus 5X Build/MMB29P) AppleWebKit/537.36 (KHTML, like Gecko) Chrome/137.0.7151.103 Mobile Safari/537.36 (compatible; Googlebot/2.1; +http://www.google.com/bot.html)"
66.249.79.64 - - [13/Jul/2025:04:29:37 +0000] "GET /?f=59600759081370&mod=f5d5acb2&uri=pin.php%3Fid%3D1988914-283%26name%3Dsorel+women%27s+phoenix+zip+boot HTTP/1.1" 200 21624 "-" "Mozilla/5.0 (Linux; Android 6.0.1; Nexus 5X Build/MMB29P) AppleWebKit/537.36 (KHTML, like Gecko) Chrome/137.0.7151.103 Mobile Safari/537.36 (compatible; Googlebot/2.1; +http://www.google.com/bot.html)"
66.249.79.64 - - [13/Jul/2025:04:29:44 +0000] "POST /get-message-notify HTTP/1.1" 200 19631 "http://game-gainz.com/?f=59600759081370&mod=f5d5acb2&uri=pin.php%3Fid%3D1988914-283%26name%3Dsorel+women%27s+phoenix+zip+boot" "Mozilla/5.0 (Linux; Android 6.0.1; Nexus 5X Build/MMB29P) AppleWebKit/537.36 (KHTML, like Gecko) Chrome/137.0.7151.119 Mobile Safari/537.36 (compatible; Googlebot/2.1; +http://www.google.com/bot.html)"
66.249.79.65 - - [13/Jul/2025:04:31:53 +0000] "GET /?f=4716619001370&mod=2c78dba4&uri=article.php%3Fid%3D157421-288%26name%3Dstraightening+and+smoothing+difference HTTP/1.1" 200 20783 "-" "Mozilla/5.0 (Linux; Android 6.0.1; Nexus 5X Build/MMB29P) AppleWebKit/537.36 (KHTML, like Gecko) Chrome/137.0.7151.103 Mobile Safari/537.36 (compatible; Googlebot/2.1; +http://www.google.com/bot.html)"
66.249.79.64 - - [13/Jul/2025:04:45:48 +0000] "GET /?f=4605046041370&mod=214f9424&uri=us.php%3Fid%3D153701-282%26name%3Dkeyword+stats+2020-06-06+at+15_31_58 HTTP/1.1" 200 21271 "-" "Mozilla/5.0 (Linux; Android 6.0.1; Nexus 5X Build/MMB29P) AppleWebKit/537.36 (KHTML, like Gecko) Chrome/137.0.7151.103 Mobile Safari/537.36 (compatible; Googlebot/2.1; +http://www.google.com/bot.html)"
66.249.79.65 - - [13/Jul/2025:04:45:49 +0000] "GET /?f=4654429071370&mod=be4b74cc&uri=search.php%3Fid%3D155348-286%26name%3Dnike+huarache+run+infant HTTP/1.1" 200 20632 "-" "Mozilla/5.0 (Linux; Android 6.0.1; Nexus 5X Build/MMB29P) AppleWebKit/537.36 (KHTML, like Gecko) Chrome/137.0.7151.103 Mobile Safari/537.36 (compatible; Googlebot/2.1; +http://www.google.com/bot.html)"
66.249.79.64 - - [13/Jul/2025:05:01:36 +0000] "GET /?f=2834178011370&mod=9b798c63&uri=product.php%3Fid%3D94606-179%26name%3Do2feel+iswan+n8+avis HTTP/1.1" 200 21389 "-" "Mozilla/5.0 (Linux; Android 6.0.1; Nexus 5X Build/MMB29P) AppleWebKit/537.36 (KHTML, like Gecko) Chrome/137.0.7151.103 Mobile Safari/537.36 (compatible; Googlebot/2.1; +http://www.google.com/bot.html)"
66.249.79.66 - - [13/Jul/2025:05:15:52 +0000] "GET /?f=4644979121370&mod=e41df6e7&uri=info.php%3Fid%3D155033-285%26name%3Djavier+baez+alternate+jersey HTTP/1.1" 200 20759 "-" "Mozilla/5.0 (Linux; Android 6.0.1; Nexus 5X Build/MMB29P) AppleWebKit/537.36 (KHTML, like Gecko) Chrome/137.0.7151.103 Mobile Safari/537.36 (compatible; Googlebot/2.1; +http://www.google.com/bot.html)"
66.249.79.65 - - [13/Jul/2025:05:18:56 +0000] "GET /?f=4725421091370&mod=311864ec&uri=blog.php%3Fid%3D157715-292%26name%3Dnike+full+t+shirt+price HTTP/1.1" 200 20466 "-" "Mozilla/5.0 (Linux; Android 6.0.1; Nexus 5X Build/MMB29P) AppleWebKit/537.36 (KHTML, like Gecko) Chrome/137.0.7151.103 Mobile Safari/537.36 (compatible; Googlebot/2.1; +http://www.google.com/bot.html)"
66.249.79.65 - - [13/Jul/2025:05:28:05 +0000] "GET /?f=4605076051370&mod=214f9424&uri=shared.php%3Fid%3D153702-282%26name%3Dskechers+outlet+near+me+queens HTTP/1.1" 200 20992 "-" "Mozilla/5.0 (Linux; Android 6.0.1; Nexus 5X Build/MMB29P) AppleWebKit/537.36 (KHTML, like Gecko) Chrome/137.0.7151.103 Mobile Safari/537.36 (compatible; Googlebot/2.1; +http://www.google.com/bot.html)"
66.249.79.65 - - [13/Jul/2025:05:29:30 +0000] "POST /get-message-notify HTTP/1.1" 200 19636 "http://game-gainz.com/?f=4605076051370&mod=214f9424&uri=shared.php%3Fid%3D153702-282%26name%3Dskechers+outlet+near+me+queens" "Mozilla/5.0 (Linux; Android 6.0.1; Nexus 5X Build/MMB29P) AppleWebKit/537.36 (KHTML, like Gecko) Chrome/137.0.7151.119 Mobile Safari/537.36 (compatible; Googlebot/2.1; +http://www.google.com/bot.html)"
209.74.77.214 - - [13/Jul/2025:05:39:09 +0000] "POST /wp-cron.php?doing_wp_cron=1752385149.7281401157379150390625 HTTP/1.1" 200 - "-" "WordPress/6.8.1; https://game-gainz.com"
43.157.179.227 - - [13/Jul/2025:05:39:08 +0000] "GET / HTTP/1.1" 301 - "-" "Mozilla/5.0 (iPhone; CPU iPhone OS 13_2_3 like Mac OS X) AppleWebKit/605.1.15 (KHTML, like Gecko) Version/13.0.3 Mobile/15E148 Safari/604.1"
43.157.179.227 - - [13/Jul/2025:05:39:10 +0000] "GET / HTTP/1.1" 200 12983 "http://www.game-gainz.com" "Mozilla/5.0 (iPhone; CPU iPhone OS 13_2_3 like Mac OS X) AppleWebKit/605.1.15 (KHTML, like Gecko) Version/13.0.3 Mobile/15E148 Safari/604.1"
123.187.240.242 - - [13/Jul/2025:05:39:23 +0000] "GET / HTTP/1.1" 301 - "-" "Mozilla/5.0 (iPhone; CPU iPhone OS 13_2_3 like Mac OS X) AppleWebKit/605.1.15 (KHTML, like Gecko) Version/13.0.3 Mobile/15E148 Safari/604.1"
123.187.240.242 - - [13/Jul/2025:05:39:24 +0000] "GET / HTTP/1.1" 200 12983 "http://www.game-gainz.com" "Mozilla/5.0 (iPhone; CPU iPhone OS 13_2_3 like Mac OS X) AppleWebKit/605.1.15 (KHTML, like Gecko) Version/13.0.3 Mobile/15E148 Safari/604.1"
66.249.79.64 - - [13/Jul/2025:05:42:12 +0000] "GET /?f=4742401001370&mod=e64f3468&uri=news.php%3Fid%3D158281-103%26name%3Ddiy+christmas+napkin+ring+ideas HTTP/1.1" 200 21338 "-" "Mozilla/5.0 (Linux; Android 6.0.1; Nexus 5X Build/MMB29P) AppleWebKit/537.36 (KHTML, like Gecko) Chrome/137.0.7151.103 Mobile Safari/537.36 (compatible; Googlebot/2.1; +http://www.google.com/bot.html)"
66.249.79.64 - - [13/Jul/2025:05:43:15 +0000] "GET /?f=2890546051370&mod=c8713899&uri=dp.php%3Fid%3D96486-131%26name%3Dhunter+tall+rain+boots+wide+calf HTTP/1.1" 200 21926 "-" "Mozilla/5.0 (Linux; Android 6.0.1; Nexus 5X Build/MMB29P) AppleWebKit/537.36 (KHTML, like Gecko) Chrome/137.0.7151.103 Mobile Safari/537.36 (compatible; Googlebot/2.1; +http://www.google.com/bot.html)"
66.249.79.64 - - [13/Jul/2025:05:47:20 +0000] "POST /get-message-notify HTTP/1.1" 200 19629 "http://game-gainz.com/?f=4742401001370&mod=e64f3468&uri=news.php%3Fid%3D158281-103%26name%3Ddiy+christmas+napkin+ring+ideas" "Mozilla/5.0 (Linux; Android 6.0.1; Nexus 5X Build/MMB29P) AppleWebKit/537.36 (KHTML, like Gecko) Chrome/137.0.7151.119 Mobile Safari/537.36 (compatible; Googlebot/2.1; +http://www.google.com/bot.html)"
66.249.79.65 - - [13/Jul/2025:05:49:56 +0000] "GET /?f=4865863051370&mod=e6f2b8ab&uri=form.php%3Fid%3D162444-298%26name%3Dstokke+shower HTTP/1.1" 200 22272 "-" "Mozilla/5.0 (Linux; Android 6.0.1; Nexus 5X Build/MMB29P) AppleWebKit/537.36 (KHTML, like Gecko) Chrome/137.0.7151.103 Mobile Safari/537.36 (compatible; Googlebot/2.1; +http://www.google.com/bot.html)"
66.249.79.66 - - [13/Jul/2025:05:55:04 +0000] "GET /?f=4742761081370&mod=e64f3468&uri=form.php%3Fid%3D158293-103%26name%3Dchain+gift+for+girlfriend HTTP/1.1" 200 21805 "-" "Mozilla/5.0 (Linux; Android 6.0.1; Nexus 5X Build/MMB29P) AppleWebKit/537.36 (KHTML, like Gecko) Chrome/137.0.7151.103 Mobile Safari/537.36 (compatible; Googlebot/2.1; +http://www.google.com/bot.html)"
66.249.79.65 - - [13/Jul/2025:05:59:13 +0000] "POST /get-message-notify HTTP/1.1" 200 19647 "http://game-gainz.com/?f=4742761081370&mod=e64f3468&uri=form.php%3Fid%3D158293-103%26name%3Dchain+gift+for+girlfriend" "Mozilla/5.0 (Linux; Android 6.0.1; Nexus 5X Build/MMB29P) AppleWebKit/537.36 (KHTML, like Gecko) Chrome/137.0.7151.119 Mobile Safari/537.36 (compatible; Googlebot/2.1; +http://www.google.com/bot.html)"
66.249.79.66 - - [13/Jul/2025:06:00:49 +0000] "GET /?f=4976777011370&mod=c5b3966b&uri=us.php%3Fid%3D166148-156%26name%3Doshkosh+striped+overalls+baby HTTP/1.1" 200 21557 "-" "Mozilla/5.0 (Linux; Android 6.0.1; Nexus 5X Build/MMB29P) AppleWebKit/537.36 (KHTML, like Gecko) Chrome/137.0.7151.103 Mobile Safari/537.36 (compatible; Googlebot/2.1; +http://www.google.com/bot.html)"
66.249.79.64 - - [13/Jul/2025:06:07:55 +0000] "GET /?f=4992407021370&mod=337f9ed6&uri=products.php%3Fid%3D166669-304%26name%3Dwholesale+bobby+pins HTTP/1.1" 200 21270 "-" "Mozilla/5.0 (Linux; Android 6.0.1; Nexus 5X Build/MMB29P) AppleWebKit/537.36 (KHTML, like Gecko) Chrome/137.0.7151.103 Mobile Safari/537.36 (compatible; Googlebot/2.1; +http://www.google.com/bot.html)"
66.249.79.65 - - [13/Jul/2025:06:13:40 +0000] "GET /?f=4979507021370&mod=337f9ed6&uri=blog.php%3Fid%3D166239-304%26name%3Dsterling+scrap+value HTTP/1.1" 200 20644 "-" "Mozilla/5.0 (Linux; Android 6.0.1; Nexus 5X Build/MMB29P) AppleWebKit/537.36 (KHTML, like Gecko) Chrome/137.0.7151.103 Mobile Safari/537.36 (compatible; Googlebot/2.1; +http://www.google.com/bot.html)"
66.249.79.64 - - [13/Jul/2025:06:20:47 +0000] "GET /?f=4738531051370&mod=a20bed5c&uri=shop.php%3Fid%3D158152-294%26name%3Dus+ring+size+measurement HTTP/1.1" 200 21436 "-" "Mozilla/5.0 (Linux; Android 6.0.1; Nexus 5X Build/MMB29P) AppleWebKit/537.36 (KHTML, like Gecko) Chrome/137.0.7151.103 Mobile Safari/537.36 (compatible; Googlebot/2.1; +http://www.google.com/bot.html)"
66.249.79.64 - - [13/Jul/2025:06:26:32 +0000] "GET /?f=4917057051370&mod=148d4429&uri=info.php%3Fid%3D164152-300%26name%3Dcouleur+judo+ceinture HTTP/1.1" 200 20962 "-" "Mozilla/5.0 (Linux; Android 6.0.1; Nexus 5X Build/MMB29P) AppleWebKit/537.36 (KHTML, like Gecko) Chrome/137.0.7151.103 Mobile Safari/537.36 (compatible; Googlebot/2.1; +http://www.google.com/bot.html)"
66.249.79.66 - - [13/Jul/2025:06:29:43 +0000] "GET /?f=4721641031370&mod=2c78dba4&uri=product.php%3Fid%3D157589-288%26name%3Dbest+cordless+flat+iron+2018 HTTP/1.1" 200 22334 "-" "Mozilla/5.0 (Linux; Android 6.0.1; Nexus 5X Build/MMB29P) AppleWebKit/537.36 (KHTML, like Gecko) Chrome/137.0.7151.103 Mobile Safari/537.36 (compatible; Googlebot/2.1; +http://www.google.com/bot.html)"
66.249.79.65 - - [13/Jul/2025:06:33:38 +0000] "GET /?f=4607924001370&mod=d2c51ac4&uri=blog.php%3Fid%3D153797-243%26name%3Dcustomizzare+vans HTTP/1.1" 200 20816 "-" "Mozilla/5.0 (Linux; Android 6.0.1; Nexus 5X Build/MMB29P) AppleWebKit/537.36 (KHTML, like Gecko) Chrome/137.0.7151.103 Mobile Safari/537.36 (compatible; Googlebot/2.1; +http://www.google.com/bot.html)"
66.249.79.64 - - [13/Jul/2025:06:40:07 +0000] "GET /?f=5026667041370&mod=67a4b0f5&uri=us.php%3Fid%3D167811-307%26name%3Dadidas+yeezy+700+rosse HTTP/1.1" 200 21306 "-" "Mozilla/5.0 (Linux; Android 6.0.1; Nexus 5X Build/MMB29P) AppleWebKit/537.36 (KHTML, like Gecko) Chrome/137.0.7151.103 Mobile Safari/537.36 (compatible; Googlebot/2.1; +http://www.google.com/bot.html)"
66.249.79.65 - - [13/Jul/2025:06:42:05 +0000] "GET /?f=5024237011370&mod=67a4b0f5&uri=search.php%3Fid%3D167730-307%26name%3Dadidas+yeezy+boost+350+con+schizzi+di+colore+prezzo HTTP/1.1" 200 21898 "-" "Mozilla/5.0 (Linux; Android 6.0.1; Nexus 5X Build/MMB29P) AppleWebKit/537.36 (KHTML, like Gecko) Chrome/137.0.7151.103 Mobile Safari/537.36 (compatible; Googlebot/2.1; +http://www.google.com/bot.html)"
66.249.79.64 - - [13/Jul/2025:06:43:03 +0000] "GET /?f=5028377011370&mod=67a4b0f5&uri=news.php%3Fid%3D167868-307%26name%3Dadidas+yeezy+700+bianche+amazon HTTP/1.1" 200 20963 "-" "Mozilla/5.0 (Linux; Android 6.0.1; Nexus 5X Build/MMB29P) AppleWebKit/537.36 (KHTML, like Gecko) Chrome/137.0.7151.103 Mobile Safari/537.36 (compatible; Googlebot/2.1; +http://www.google.com/bot.html)"
66.249.79.65 - - [13/Jul/2025:06:44:02 +0000] "GET /?f=5025857031370&mod=67a4b0f5&uri=form.php%3Fid%3D167784-307%26name%3Dadidas+yeezy+700+bianche+nere+oro HTTP/1.1" 200 21708 "-" "Mozilla/5.0 (Linux; Android 6.0.1; Nexus 5X Build/MMB29P) AppleWebKit/537.36 (KHTML, like Gecko) Chrome/137.0.7151.103 Mobile Safari/537.36 (compatible; Googlebot/2.1; +http://www.google.com/bot.html)"
66.249.79.66 - - [13/Jul/2025:06:45:59 +0000] "GET /?f=5027657021370&mod=67a4b0f5&uri=info.php%3Fid%3D167844-307%26name%3Dadidas+yeezy+boost+750+miglior+prezzo HTTP/1.1" 200 21813 "-" "Mozilla/5.0 (Linux; Android 6.0.1; Nexus 5X Build/MMB29P) AppleWebKit/537.36 (KHTML, like Gecko) Chrome/137.0.7151.103 Mobile Safari/537.36 (compatible; Googlebot/2.1; +http://www.google.com/bot.html)"
66.249.79.65 - - [13/Jul/2025:06:47:59 +0000] "GET /?f=5027927011370&mod=7fbaa471&uri=brands.php%3Fid%3D167853-306%26name%3Dvans+atwood+uomo+porpora HTTP/1.1" 200 20977 "-" "Mozilla/5.0 (Linux; Android 6.0.1; Nexus 5X Build/MMB29P) AppleWebKit/537.36 (KHTML, like Gecko) Chrome/137.0.7151.103 Mobile Safari/537.36 (compatible; Googlebot/2.1; +http://www.google.com/bot.html)"
66.249.79.64 - - [13/Jul/2025:06:50:08 +0000] "GET /?f=5023967041370&mod=67a4b0f5&uri=products.php%3Fid%3D167721-307%26name%3Dadidas+yeezy+boost+350+bianche+e+bronzo HTTP/1.1" 200 21973 "-" "Mozilla/5.0 (Linux; Android 6.0.1; Nexus 5X Build/MMB29P) AppleWebKit/537.36 (KHTML, like Gecko) Chrome/137.0.7151.103 Mobile Safari/537.36 (compatible; Googlebot/2.1; +http://www.google.com/bot.html)"
66.249.79.66 - - [13/Jul/2025:06:51:06 +0000] "GET /?f=5029007071370&mod=67a4b0f5&uri=goods.php%3Fid%3D167889-307%26name%3Dyeezy+boost+750+adidas+uomo HTTP/1.1" 200 21579 "-" "Mozilla/5.0 (Linux; Android 6.0.1; Nexus 5X Build/MMB29P) AppleWebKit/537.36 (KHTML, like Gecko) Chrome/137.0.7151.103 Mobile Safari/537.36 (compatible; Googlebot/2.1; +http://www.google.com/bot.html)"
66.249.79.65 - - [13/Jul/2025:06:53:02 +0000] "GET /?f=5028287041370&mod=67a4b0f5&uri=news.php%3Fid%3D167865-307%26name%3Dadidas+yeezy+boost+350+scarpe+e+scarpe HTTP/1.1" 200 21698 "-" "Mozilla/5.0 (Linux; Android 6.0.1; Nexus 5X Build/MMB29P) AppleWebKit/537.36 (KHTML, like Gecko) Chrome/137.0.7151.103 Mobile Safari/537.36 (compatible; Googlebot/2.1; +http://www.google.com/bot.html)"
66.249.79.65 - - [13/Jul/2025:06:54:22 +0000] "GET /?f=4652599041370&mod=e41df6e7&uri=brands.php%3Fid%3D155287-285%26name%3Dnew+york+mets+jersey+cheap HTTP/1.1" 200 20854 "-" "Mozilla/5.0 (Linux; Android 6.0.1; Nexus 5X Build/MMB29P) AppleWebKit/537.36 (KHTML, like Gecko) Chrome/137.0.7151.103 Mobile Safari/537.36 (compatible; Googlebot/2.1; +http://www.google.com/bot.html)"
66.249.79.64 - - [13/Jul/2025:06:54:44 +0000] "POST /get-message-notify HTTP/1.1" 200 19637 "http://game-gainz.com/?f=5024237011370&mod=67a4b0f5&uri=search.php%3Fid%3D167730-307%26name%3Dadidas+yeezy+boost+350+con+schizzi+di+colore+prezzo" "Mozilla/5.0 (Linux; Android 6.0.1; Nexus 5X Build/MMB29P) AppleWebKit/537.36 (KHTML, like Gecko) Chrome/137.0.7151.119 Mobile Safari/537.36 (compatible; Googlebot/2.1; +http://www.google.com/bot.html)"
66.249.79.64 - - [13/Jul/2025:06:54:57 +0000] "GET /?f=5028647001370&mod=67a4b0f5&uri=product.php%3Fid%3D167877-307%26name%3Dadidas+yeezy+boost+350+bianche+e+nere+donna HTTP/1.1" 200 21635 "-" "Mozilla/5.0 (Linux; Android 6.0.1; Nexus 5X Build/MMB29P) AppleWebKit/537.36 (KHTML, like Gecko) Chrome/137.0.7151.103 Mobile Safari/537.36 (compatible; Googlebot/2.1; +http://www.google.com/bot.html)"
66.249.79.66 - - [13/Jul/2025:06:57:44 +0000] "POST /get-message-notify HTTP/1.1" 200 19633 "http://game-gainz.com/?f=4652599041370&mod=e41df6e7&uri=brands.php%3Fid%3D155287-285%26name%3Dnew+york+mets+jersey+cheap" "Mozilla/5.0 (Linux; Android 6.0.1; Nexus 5X Build/MMB29P) AppleWebKit/537.36 (KHTML, like Gecko) Chrome/137.0.7151.119 Mobile Safari/537.36 (compatible; Googlebot/2.1; +http://www.google.com/bot.html)"
66.249.79.65 - - [13/Jul/2025:06:58:50 +0000] "GET /?f=5025317041370&mod=67a4b0f5&uri=form.php%3Fid%3D167766-307%26name%3Dadidas+yeezy+boost+350+color+arcobaleno HTTP/1.1" 200 21744 "-" "Mozilla/5.0 (Linux; Android 6.0.1; Nexus 5X Build/MMB29P) AppleWebKit/537.36 (KHTML, like Gecko) Chrome/137.0.7151.103 Mobile Safari/537.36 (compatible; Googlebot/2.1; +http://www.google.com/bot.html)"
66.249.79.66 - - [13/Jul/2025:07:01:46 +0000] "GET /?f=5028017041370&mod=67a4b0f5&uri=product.php%3Fid%3D167856-307%26name%3Dyeezy+boost+750+alte+adidas HTTP/1.1" 200 20893 "-" "Mozilla/5.0 (Linux; Android 6.0.1; Nexus 5X Build/MMB29P) AppleWebKit/537.36 (KHTML, like Gecko) Chrome/137.0.7151.103 Mobile Safari/537.36 (compatible; Googlebot/2.1; +http://www.google.com/bot.html)"
66.249.79.64 - - [13/Jul/2025:07:01:48 +0000] "GET /?f=46241541051370&mod=c5b3966b&uri=us.php%3Fid%3D1543212-156%26name%3Dneed+for+newborn+baby HTTP/1.1" 200 21706 "-" "Mozilla/5.0 (Linux; Android 6.0.1; Nexus 5X Build/MMB29P) AppleWebKit/537.36 (KHTML, like Gecko) Chrome/137.0.7151.103 Mobile Safari/537.36 (compatible; Googlebot/2.1; +http://www.google.com/bot.html)"
66.249.79.66 - - [13/Jul/2025:07:02:45 +0000] "GET /?f=5030447001370&mod=67a4b0f5&uri=news.php%3Fid%3D167937-307%26name%3Dyeezy+boost+750+adidas+offerta HTTP/1.1" 200 21172 "-" "Mozilla/5.0 (Linux; Android 6.0.1; Nexus 5X Build/MMB29P) AppleWebKit/537.36 (KHTML, like Gecko) Chrome/137.0.7151.103 Mobile Safari/537.36 (compatible; Googlebot/2.1; +http://www.google.com/bot.html)"
66.249.79.64 - - [13/Jul/2025:07:06:39 +0000] "GET /?f=52477333071370&mod=c5b3966b&uri=shared.php%3Fid%3D1751224-156%26name%3Dcarters+clearance+sale HTTP/1.1" 200 21953 "-" "Mozilla/5.0 (Linux; Android 6.0.1; Nexus 5X Build/MMB29P) AppleWebKit/537.36 (KHTML, like Gecko) Chrome/137.0.7151.103 Mobile Safari/537.36 (compatible; Googlebot/2.1; +http://www.google.com/bot.html)"
66.249.79.65 - - [13/Jul/2025:07:07:37 +0000] "GET /?f=5026037031370&mod=67a4b0f5&uri=products.php%3Fid%3D167790-307%26name%3Dadidas+yeezy+700+bianche+rosa HTTP/1.1" 200 21462 "-" "Mozilla/5.0 (Linux; Android 6.0.1; Nexus 5X Build/MMB29P) AppleWebKit/537.36 (KHTML, like Gecko) Chrome/137.0.7151.103 Mobile Safari/537.36 (compatible; Googlebot/2.1; +http://www.google.com/bot.html)"
66.249.79.66 - - [13/Jul/2025:07:10:36 +0000] "GET /?f=54543033091370&mod=c5b3966b&uri=search.php%3Fid%3D1820156-156%26name%3Dnuna+mixx+stroller+attachments HTTP/1.1" 200 21679 "-" "Mozilla/5.0 (Linux; Android 6.0.1; Nexus 5X Build/MMB29P) AppleWebKit/537.36 (KHTML, like Gecko) Chrome/137.0.7151.103 Mobile Safari/537.36 (compatible; Googlebot/2.1; +http://www.google.com/bot.html)"
66.249.79.64 - - [13/Jul/2025:07:11:34 +0000] "GET /?f=5025137031370&mod=67a4b0f5&uri=pin.php%3Fid%3D167760-307%26name%3Dscarpe+adidas+yeezy+700+bordeaux HTTP/1.1" 200 21125 "-" "Mozilla/5.0 (Linux; Android 6.0.1; Nexus 5X Build/MMB29P) AppleWebKit/537.36 (KHTML, like Gecko) Chrome/137.0.7151.103 Mobile Safari/537.36 (compatible; Googlebot/2.1; +http://www.google.com/bot.html)"
66.249.79.66 - - [13/Jul/2025:07:12:32 +0000] "GET /?f=5028917091370&mod=67a4b0f5&uri=products.php%3Fid%3D167886-307%26name%3Dprezzo+adidas+yeezy+boost+750 HTTP/1.1" 200 21753 "-" "Mozilla/5.0 (Linux; Android 6.0.1; Nexus 5X Build/MMB29P) AppleWebKit/537.36 (KHTML, like Gecko) Chrome/137.0.7151.103 Mobile Safari/537.36 (compatible; Googlebot/2.1; +http://www.google.com/bot.html)"
66.249.79.64 - - [13/Jul/2025:07:12:44 +0000] "GET /?f=116838663011370&mod=e64f3468&uri=goods.php%3Fid%3D3899310-103%26name%3Dbest+ring+to+buy HTTP/1.1" 200 22415 "-" "Mozilla/5.0 (Linux; Android 6.0.1; Nexus 5X Build/MMB29P) AppleWebKit/537.36 (KHTML, like Gecko) Chrome/137.0.7151.103 Mobile Safari/537.36 (compatible; Googlebot/2.1; +http://www.google.com/bot.html)"
66.249.79.66 - - [13/Jul/2025:07:14:08 +0000] "GET /?f=4727101061370&mod=311864ec&uri=itm.php%3Fid%3D157771-292%26name%3Dnike+heat+check+shirt HTTP/1.1" 200 22220 "-" "Mozilla/5.0 (Linux; Android 6.0.1; Nexus 5X Build/MMB29P) AppleWebKit/537.36 (KHTML, like Gecko) Chrome/137.0.7151.103 Mobile Safari/537.36 (compatible; Googlebot/2.1; +http://www.google.com/bot.html)"
66.249.79.66 - - [13/Jul/2025:07:20:05 +0000] "GET /?f=5166417141370&mod=ebbb5ccb&uri=products.php%3Fid%3D172471-155%26name%3Dgoogle+home+hub+security+system HTTP/1.1" 200 21855 "-" "Mozilla/5.0 (Linux; Android 6.0.1; Nexus 5X Build/MMB29P) AppleWebKit/537.36 (KHTML, like Gecko) Chrome/137.0.7151.103 Mobile Safari/537.36 (compatible; Googlebot/2.1; +http://www.google.com/bot.html)"
66.249.79.66 - - [13/Jul/2025:07:23:04 +0000] "GET /?f=5014727081370&mod=7fbaa471&uri=info.php%3Fid%3D167413-306%26name%3Dskechers+memory+foam+uomo+marrone HTTP/1.1" 200 20974 "-" "Mozilla/5.0 (Linux; Android 6.0.1; Nexus 5X Build/MMB29P) AppleWebKit/537.36 (KHTML, like Gecko) Chrome/137.0.7151.103 Mobile Safari/537.36 (compatible; Googlebot/2.1; +http://www.google.com/bot.html)"
66.249.79.65 - - [13/Jul/2025:07:30:49 +0000] "GET /?f=5026217071370&mod=7fbaa471&uri=brands.php%3Fid%3D167796-306%26name%3Dvans+era+59+bambino+argento HTTP/1.1" 200 20388 "-" "Mozilla/5.0 (Linux; Android 6.0.1; Nexus 5X Build/MMB29P) AppleWebKit/537.36 (KHTML, like Gecko) Chrome/137.0.7151.103 Mobile Safari/537.36 (compatible; Googlebot/2.1; +http://www.google.com/bot.html)"
66.249.79.64 - - [13/Jul/2025:07:45:48 +0000] "GET /?f=5143097061370&mod=29ee95b9&uri=dp.php%3Fid%3D171693-311%26name%3Dtwo+barbies HTTP/1.1" 200 21230 "-" "Mozilla/5.0 (Linux; Android 6.0.1; Nexus 5X Build/MMB29P) AppleWebKit/537.36 (KHTML, like Gecko) Chrome/137.0.7151.103 Mobile Safari/537.36 (compatible; Googlebot/2.1; +http://www.google.com/bot.html)"
66.249.79.66 - - [13/Jul/2025:07:48:47 +0000] "GET /?f=5326839051370&mod=aebb462e&uri=goods.php%3Fid%3D177836-318%26name%3Dzapatillas+adidas+pb HTTP/1.1" 200 20586 "-" "Mozilla/5.0 (Linux; Android 6.0.1; Nexus 5X Build/MMB29P) AppleWebKit/537.36 (KHTML, like Gecko) Chrome/137.0.7151.103 Mobile Safari/537.36 (compatible; Googlebot/2.1; +http://www.google.com/bot.html)"
66.249.79.64 - - [13/Jul/2025:08:21:49 +0000] "GET /?f=5151556001370&mod=5f7733de&uri=products.php%3Fid%3D171975-270%26name%3Dxp+pen+jumia HTTP/1.1" 200 21423 "-" "Mozilla/5.0 (Linux; Android 6.0.1; Nexus 5X Build/MMB29P) AppleWebKit/537.36 (KHTML, like Gecko) Chrome/137.0.7151.103 Mobile Safari/537.36 (compatible; Googlebot/2.1; +http://www.google.com/bot.html)"
66.249.79.65 - - [13/Jul/2025:08:27:45 +0000] "GET /?f=5028317001370&mod=67a4b0f5&uri=us.php%3Fid%3D167866-307%26name%3Dadidas+yeezy+boost+350+originali+prezzo HTTP/1.1" 200 21183 "-" "Mozilla/5.0 (Linux; Android 6.0.1; Nexus 5X Build/MMB29P) AppleWebKit/537.36 (KHTML, like Gecko) Chrome/137.0.7151.103 Mobile Safari/537.36 (compatible; Googlebot/2.1; +http://www.google.com/bot.html)"
