209.74.77.214 - - [14/Jul/2025:13:40:28 +0000] "POST /wp-admin/admin-ajax.php?action=async_litespeed&nonce=ZBVWogwACZ001UQLJVwhuPLEHSxhY5pu&litespeed_type=imgoptm HTTP/1.1" 200 21 "-" "WordPress/6.8.1; https://gardenify.com.au"
85.10.156.134 - - [14/Jul/2025:13:40:31 +0000] "POST /wp-login.php HTTP/1.1" 200 2133 "https://gardenify.com.au/wp-login.php" "Mozilla/5.0 (Windows NT 10.0; Win64; x64) AppleWebKit/537.36 (KHTML, like Gecko) Chrome/130.0.0.0 Safari/537.36"
66.249.79.237 - - [14/Jul/2025:13:40:33 +0000] "GET /?s=83981099061490&mod=934703eb&uri=brands.php?pcmypage HTTP/1.1" 200 19280 "-" "Mozilla/5.0 (Linux; Android 6.0.1; Nexus 5X Build/MMB29P) AppleWebKit/537.36 (KHTML, like Gecko) Chrome/137.0.7151.103 Mobile Safari/537.36 (compatible; Googlebot/2.1; +http://www.google.com/bot.html)"
66.249.79.236 - - [14/Jul/2025:13:40:34 +0000] "GET /?s=83981099061490&mod=934703eb&uri=brands.php?boyslove.html HTTP/1.1" 200 19312 "-" "Mozilla/5.0 (Linux; Android 6.0.1; Nexus 5X Build/MMB29P) AppleWebKit/537.36 (KHTML, like Gecko) Chrome/137.0.7151.103 Mobile Safari/537.36 (compatible; Googlebot/2.1; +http://www.google.com/bot.html)"
66.249.79.236 - - [14/Jul/2025:13:40:37 +0000] "GET /?s=83981099061490&mod=934703eb&uri=brands.php?goodscode/65490.shtm HTTP/1.1" 200 18708 "-" "Mozilla/5.0 (Linux; Android 6.0.1; Nexus 5X Build/MMB29P) AppleWebKit/537.36 (KHTML, like Gecko) Chrome/137.0.7151.103 Mobile Safari/537.36 (compatible; Googlebot/2.1; +http://www.google.com/bot.html)"
66.249.79.236 - - [14/Jul/2025:13:40:41 +0000] "GET /?s=83981099061490&mod=934703eb&uri=brands.php?toreka/toreka_single.html HTTP/1.1" 200 18832 "-" "Mozilla/5.0 (Linux; Android 6.0.1; Nexus 5X Build/MMB29P) AppleWebKit/537.36 (KHTML, like Gecko) Chrome/137.0.7151.103 Mobile Safari/537.36 (compatible; Googlebot/2.1; +http://www.google.com/bot.html)"
66.249.79.236 - - [14/Jul/2025:13:40:41 +0000] "GET /?s=83981099061490&mod=934703eb&uri=brands.php?goodscode/66970.shtm HTTP/1.1" 200 19479 "-" "Mozilla/5.0 (Linux; Android 6.0.1; Nexus 5X Build/MMB29P) AppleWebKit/537.36 (KHTML, like Gecko) Chrome/137.0.7151.103 Mobile Safari/537.36 (compatible; Googlebot/2.1; +http://www.google.com/bot.html)"
66.249.79.236 - - [14/Jul/2025:13:40:41 +0000] "GET /?s=79601514031490&mod=c7e6d11d&uri=article.php?goodscode/67303.shtm HTTP/1.1" 200 19533 "-" "Mozilla/5.0 (Linux; Android 6.0.1; Nexus 5X Build/MMB29P) AppleWebKit/537.36 (KHTML, like Gecko) Chrome/137.0.7151.103 Mobile Safari/537.36 (compatible; Googlebot/2.1; +http://www.google.com/bot.html)"
66.249.79.236 - - [14/Jul/2025:13:40:43 +0000] "POST /get-message-notify HTTP/1.1" 200 18123 "https://gardenify.com.au/?s=83981099061490&mod=934703eb&uri=brands.php?goodscode/66970.shtm" "Mozilla/5.0 AppleWebKit/537.36 (KHTML, like Gecko; compatible; Googlebot/2.1; +http://www.google.com/bot.html) Chrome/137.0.7151.119 Safari/537.36"
159.223.77.101 - - [14/Jul/2025:13:40:46 +0000] "GET /wp-login.php HTTP/1.1" 200 2013 "-" "Mozilla/5.0 (Windows NT 10.0; Win64; x64) AppleWebKit/537.36 (KHTML, like Gecko) Chrome/130.0.0.0 Safari/537.36"
159.223.77.101 - - [14/Jul/2025:13:40:46 +0000] "POST /wp-login.php HTTP/1.1" 200 2133 "https://gardenify.com.au/wp-login.php" "Mozilla/5.0 (Windows NT 10.0; Win64; x64) AppleWebKit/537.36 (KHTML, like Gecko) Chrome/130.0.0.0 Safari/537.36"
209.74.77.214 - - [14/Jul/2025:13:40:54 +0000] "POST /wp-cron.php?doing_wp_cron=1752500454.0207030773162841796875 HTTP/1.1" 200 - "-" "WordPress/6.8.1; https://gardenify.com.au"
5.23.51.104 - - [14/Jul/2025:13:40:53 +0000] "GET /wp-login.php HTTP/1.1" 200 2013 "-" "Mozilla/5.0 (Windows NT 10.0; Win64; x64) AppleWebKit/537.36 (KHTML, like Gecko) Chrome/130.0.0.0 Safari/537.36"
209.74.77.214 - - [14/Jul/2025:13:40:54 +0000] "POST /wp-admin/admin-ajax.php?action=async_litespeed&nonce=mqmqZqsdNwyuShnl4obXJRoHu5axTYHl&litespeed_type=imgoptm HTTP/1.1" 200 21 "-" "WordPress/6.8.1; https://gardenify.com.au"
5.23.51.104 - - [14/Jul/2025:13:40:54 +0000] "POST /wp-login.php HTTP/1.1" 200 2133 "https://gardenify.com.au/wp-login.php" "Mozilla/5.0 (Windows NT 10.0; Win64; x64) AppleWebKit/537.36 (KHTML, like Gecko) Chrome/130.0.0.0 Safari/537.36"
92.53.96.29 - - [14/Jul/2025:13:40:56 +0000] "GET /wp-login.php HTTP/1.1" 200 2013 "-" "Mozilla/5.0 (Windows NT 10.0; Win64; x64) AppleWebKit/537.36 (KHTML, like Gecko) Chrome/130.0.0.0 Safari/537.36"
92.53.96.29 - - [14/Jul/2025:13:40:57 +0000] "POST /wp-login.php HTTP/1.1" 200 2133 "https://gardenify.com.au/wp-login.php" "Mozilla/5.0 (Windows NT 10.0; Win64; x64) AppleWebKit/537.36 (KHTML, like Gecko) Chrome/130.0.0.0 Safari/537.36"
103.174.152.62 - - [14/Jul/2025:13:41:00 +0000] "GET /wp-login.php HTTP/1.1" 200 2013 "-" "Mozilla/5.0 (Windows NT 10.0; Win64; x64) AppleWebKit/537.36 (KHTML, like Gecko) Chrome/130.0.0.0 Safari/537.36"
103.174.152.62 - - [14/Jul/2025:13:41:01 +0000] "POST /wp-login.php HTTP/1.1" 200 2159 "https://gardenify.com.au/wp-login.php" "Mozilla/5.0 (Windows NT 10.0; Win64; x64) AppleWebKit/537.36 (KHTML, like Gecko) Chrome/130.0.0.0 Safari/537.36"
66.249.79.238 - - [14/Jul/2025:13:41:01 +0000] "GET /?s=83981099061490&mod=934703eb&uri=brands.php?man/kaitori/kaitoritop.html HTTP/1.1" 200 18703 "-" "Mozilla/5.0 (Linux; Android 6.0.1; Nexus 5X Build/MMB29P) AppleWebKit/537.36 (KHTML, like Gecko) Chrome/137.0.7151.103 Mobile Safari/537.36 (compatible; Googlebot/2.1; +http://www.google.com/bot.html)"
66.249.79.238 - - [14/Jul/2025:13:41:02 +0000] "POST /get-message-notify HTTP/1.1" 200 18123 "https://gardenify.com.au/?s=80970096031490&mod=c8ba147f&uri=shop.php?goodscode/66896.shtm" "Mozilla/5.0 (Linux; Android 6.0.1; Nexus 5X Build/MMB29P) AppleWebKit/537.36 (KHTML, like Gecko) Chrome/137.0.7151.119 Mobile Safari/537.36 (compatible; Googlebot/2.1; +http://www.google.com/bot.html)"
66.249.79.238 - - [14/Jul/2025:13:41:02 +0000] "GET /?s=83981099061490&mod=934703eb&uri=brands.php?goodscode/67443.shtm HTTP/1.1" 200 19544 "-" "Mozilla/5.0 (Linux; Android 6.0.1; Nexus 5X Build/MMB29P) AppleWebKit/537.36 (KHTML, like Gecko) Chrome/137.0.7151.103 Mobile Safari/537.36 (compatible; Googlebot/2.1; +http://www.google.com/bot.html)"
66.249.79.236 - - [14/Jul/2025:13:41:03 +0000] "POST /get-message-notify HTTP/1.1" 200 18123 "https://gardenify.com.au/?s=80966496031490&mod=178b79d3&uri=info.php?goodscode/67116.shtm" "Mozilla/5.0 (Linux; Android 6.0.1; Nexus 5X Build/MMB29P) AppleWebKit/537.36 (KHTML, like Gecko) Chrome/137.0.7151.119 Mobile Safari/537.36 (compatible; Googlebot/2.1; +http://www.google.com/bot.html)"
66.249.79.237 - - [14/Jul/2025:13:41:07 +0000] "POST /get-message-notify HTTP/1.1" 200 18123 "https://gardenify.com.au/?s=83981099061490&mod=934703eb&uri=brands.php?man/kaitori/kaitoritop.html" "Mozilla/5.0 (Linux; Android 6.0.1; Nexus 5X Build/MMB29P) AppleWebKit/537.36 (KHTML, like Gecko) Chrome/137.0.7151.119 Mobile Safari/537.36 (compatible; Googlebot/2.1; +http://www.google.com/bot.html)"
66.249.79.236 - - [14/Jul/2025:13:41:20 +0000] "GET /?s=83981099061490&mod=934703eb&uri=brands.php?feature/idol/gradol.html HTTP/1.1" 200 19347 "-" "Mozilla/5.0 (Linux; Android 6.0.1; Nexus 5X Build/MMB29P) AppleWebKit/537.36 (KHTML, like Gecko) Chrome/137.0.7151.103 Mobile Safari/537.36 (compatible; Googlebot/2.1; +http://www.google.com/bot.html)"
66.249.79.236 - - [14/Jul/2025:13:41:21 +0000] "GET /?s=84066301061490&mod=9cecbb6f&uri=blog.php?goodscode/64935.shtm HTTP/1.1" 200 19431 "-" "Mozilla/5.0 (Linux; Android 6.0.1; Nexus 5X Build/MMB29P) AppleWebKit/537.36 (KHTML, like Gecko) Chrome/137.0.7151.103 Mobile Safari/537.36 (compatible; Googlebot/2.1; +http://www.google.com/bot.html)"
66.249.79.236 - - [14/Jul/2025:13:41:24 +0000] "GET /?s=83981099061490&mod=934703eb&uri=brands.php?cd.html HTTP/1.1" 200 18840 "-" "Mozilla/5.0 (Linux; Android 6.0.1; Nexus 5X Build/MMB29P) AppleWebKit/537.36 (KHTML, like Gecko) Chrome/137.0.7151.103 Mobile Safari/537.36 (compatible; Googlebot/2.1; +http://www.google.com/bot.html)"
66.249.79.236 - - [14/Jul/2025:13:41:38 +0000] "GET /?s=83981099061490&mod=934703eb&uri=brands.php?goodscode/67083.shtm HTTP/1.1" 200 19787 "-" "Mozilla/5.0 (Linux; Android 6.0.1; Nexus 5X Build/MMB29P) AppleWebKit/537.36 (KHTML, like Gecko) Chrome/137.0.7151.103 Mobile Safari/537.36 (compatible; Googlebot/2.1; +http://www.google.com/bot.html)"
66.249.79.236 - - [14/Jul/2025:13:41:48 +0000] "POST /get-message-notify HTTP/1.1" 200 18123 "https://gardenify.com.au/?s=83981099061490&mod=934703eb&uri=brands.php?feature/idol/gradol.html" "Mozilla/5.0 (Linux; Android 6.0.1; Nexus 5X Build/MMB29P) AppleWebKit/537.36 (KHTML, like Gecko) Chrome/137.0.7151.119 Mobile Safari/537.36 (compatible; Googlebot/2.1; +http://www.google.com/bot.html)"
209.74.77.214 - - [14/Jul/2025:13:41:51 +0000] "POST /wp-cron.php?doing_wp_cron=1752500511.6153020858764648437500 HTTP/1.1" 200 - "-" "WordPress/6.8.1; https://gardenify.com.au"
35.199.123.44 - - [14/Jul/2025:13:41:51 +0000] "GET /wp-login.php HTTP/1.1" 200 2013 "-" "Mozilla/5.0 (Windows NT 10.0; Win64; x64) AppleWebKit/537.36 (KHTML, like Gecko) Chrome/130.0.0.0 Safari/537.36"
209.74.77.214 - - [14/Jul/2025:13:41:51 +0000] "POST /wp-admin/admin-ajax.php?action=async_litespeed&nonce=1LvWki3VjYlwAQNxN6TOq9bZxHUGKTAK&litespeed_type=imgoptm HTTP/1.1" 200 21 "-" "WordPress/6.8.1; https://gardenify.com.au"
35.199.123.44 - - [14/Jul/2025:13:41:52 +0000] "POST /wp-login.php HTTP/1.1" 200 2133 "https://gardenify.com.au/wp-login.php" "Mozilla/5.0 (Windows NT 10.0; Win64; x64) AppleWebKit/537.36 (KHTML, like Gecko) Chrome/130.0.0.0 Safari/537.36"
209.74.77.214 - - [14/Jul/2025:13:42:00 +0000] "POST /wp-cron.php?doing_wp_cron=1752500520.7032968997955322265625 HTTP/1.1" 200 - "-" "WordPress/6.8.1; https://gardenify.com.au"
213.158.92.110 - - [14/Jul/2025:13:42:00 +0000] "GET /wp-login.php HTTP/1.1" 200 2013 "-" "Mozilla/5.0 (Windows NT 10.0; Win64; x64) AppleWebKit/537.36 (KHTML, like Gecko) Chrome/130.0.0.0 Safari/537.36"
213.158.92.110 - - [14/Jul/2025:13:42:00 +0000] "POST /wp-login.php HTTP/1.1" 200 2133 "https://gardenify.com.au/wp-login.php" "Mozilla/5.0 (Windows NT 10.0; Win64; x64) AppleWebKit/537.36 (KHTML, like Gecko) Chrome/130.0.0.0 Safari/537.36"
5.23.51.104 - - [14/Jul/2025:13:42:02 +0000] "GET /wp-login.php HTTP/1.1" 200 2013 "-" "Mozilla/5.0 (Windows NT 10.0; Win64; x64) AppleWebKit/537.36 (KHTML, like Gecko) Chrome/130.0.0.0 Safari/537.36"
5.23.51.104 - - [14/Jul/2025:13:42:03 +0000] "POST /wp-login.php HTTP/1.1" 200 2133 "https://gardenify.com.au/wp-login.php" "Mozilla/5.0 (Windows NT 10.0; Win64; x64) AppleWebKit/537.36 (KHTML, like Gecko) Chrome/130.0.0.0 Safari/537.36"
137.74.118.179 - - [14/Jul/2025:13:42:14 +0000] "GET /wp-login.php HTTP/1.1" 200 2013 "-" "Mozilla/5.0 (Windows NT 10.0; Win64; x64) AppleWebKit/537.36 (KHTML, like Gecko) Chrome/130.0.0.0 Safari/537.36"
137.74.118.179 - - [14/Jul/2025:13:42:14 +0000] "POST /wp-login.php HTTP/1.1" 200 2133 "https://gardenify.com.au/wp-login.php" "Mozilla/5.0 (Windows NT 10.0; Win64; x64) AppleWebKit/537.36 (KHTML, like Gecko) Chrome/130.0.0.0 Safari/537.36"
66.33.192.85 - - [14/Jul/2025:13:42:17 +0000] "GET /wp-login.php HTTP/1.1" 200 2013 "-" "Mozilla/5.0 (Windows NT 10.0; Win64; x64) AppleWebKit/537.36 (KHTML, like Gecko) Chrome/130.0.0.0 Safari/537.36"
66.33.192.85 - - [14/Jul/2025:13:42:17 +0000] "POST /wp-login.php HTTP/1.1" 200 2133 "https://gardenify.com.au/wp-login.php" "Mozilla/5.0 (Windows NT 10.0; Win64; x64) AppleWebKit/537.36 (KHTML, like Gecko) Chrome/130.0.0.0 Safari/537.36"
66.249.79.238 - - [14/Jul/2025:13:42:23 +0000] "GET /?s=83981099061490&mod=934703eb&uri=brands.php?goodscode/67369.shtm HTTP/1.1" 200 19006 "-" "Mozilla/5.0 (Linux; Android 6.0.1; Nexus 5X Build/MMB29P) AppleWebKit/537.36 (KHTML, like Gecko) Chrome/137.0.7151.103 Mobile Safari/537.36 (compatible; Googlebot/2.1; +http://www.google.com/bot.html)"
66.249.79.237 - - [14/Jul/2025:13:42:23 +0000] "GET /?s=80970546031490&mod=178b79d3&uri=goods.php?goodscode/2174942.shtm HTTP/1.1" 200 19185 "-" "Mozilla/5.0 (Linux; Android 6.0.1; Nexus 5X Build/MMB29P) AppleWebKit/537.36 (KHTML, like Gecko) Chrome/137.0.7151.103 Mobile Safari/537.36 (compatible; Googlebot/2.1; +http://www.google.com/bot.html)"
66.249.79.236 - - [14/Jul/2025:13:42:27 +0000] "GET /?s=79598934031490&mod=c7e6d11d&uri=itm.php%3Fid%3D2656320-706%26name%3Dpantalon+gabardina+trabajo HTTP/1.1" 200 18805 "-" "Mozilla/5.0 (compatible; Googlebot/2.1; +http://www.google.com/bot.html)"
66.249.79.237 - - [14/Jul/2025:13:42:27 +0000] "GET /?s=83981099061490&mod=934703eb&uri=brands.php?goodscode/64797.shtm HTTP/1.1" 200 18702 "-" "Mozilla/5.0 (Linux; Android 6.0.1; Nexus 5X Build/MMB29P) AppleWebKit/537.36 (KHTML, like Gecko) Chrome/137.0.7151.103 Mobile Safari/537.36 (compatible; Googlebot/2.1; +http://www.google.com/bot.html)"
66.249.79.236 - - [14/Jul/2025:13:42:28 +0000] "GET /?s=83981099061490&mod=934703eb&uri=brands.php?goodscode/66555.shtm HTTP/1.1" 200 19125 "-" "Mozilla/5.0 (Linux; Android 6.0.1; Nexus 5X Build/MMB29P) AppleWebKit/537.36 (KHTML, like Gecko) Chrome/137.0.7151.103 Mobile Safari/537.36 (compatible; Googlebot/2.1; +http://www.google.com/bot.html)"
66.249.79.236 - - [14/Jul/2025:13:42:28 +0000] "GET /?s=83981099061490&mod=934703eb&uri=brands.php?goodscode/66146.shtm HTTP/1.1" 200 19260 "-" "Mozilla/5.0 (Linux; Android 6.0.1; Nexus 5X Build/MMB29P) AppleWebKit/537.36 (KHTML, like Gecko) Chrome/137.0.7151.103 Mobile Safari/537.36 (compatible; Googlebot/2.1; +http://www.google.com/bot.html)"
66.249.79.236 - - [14/Jul/2025:13:42:37 +0000] "GET /?s=83981099061490&mod=934703eb&uri=brands.php?hobby/nuigurumi/nuigurumi.html HTTP/1.1" 200 18605 "-" "Mozilla/5.0 (Linux; Android 6.0.1; Nexus 5X Build/MMB29P) AppleWebKit/537.36 (KHTML, like Gecko) Chrome/137.0.7151.103 Mobile Safari/537.36 (compatible; Googlebot/2.1; +http://www.google.com/bot.html)"
66.249.79.236 - - [14/Jul/2025:13:42:56 +0000] "GET /?s=83981099061490&mod=934703eb&uri=brands.php?goodscode/67784.shtm HTTP/1.1" 200 18325 "-" "Mozilla/5.0 (Linux; Android 6.0.1; Nexus 5X Build/MMB29P) AppleWebKit/537.36 (KHTML, like Gecko) Chrome/137.0.7151.103 Mobile Safari/537.36 (compatible; Googlebot/2.1; +http://www.google.com/bot.html)"
66.249.79.237 - - [14/Jul/2025:13:43:05 +0000] "GET /?s=83981099061490&mod=934703eb&uri=brands.php?goodscode/65710.shtm HTTP/1.1" 200 19468 "-" "Mozilla/5.0 (Linux; Android 6.0.1; Nexus 5X Build/MMB29P) AppleWebKit/537.36 (KHTML, like Gecko) Chrome/137.0.7151.103 Mobile Safari/537.36 (compatible; Googlebot/2.1; +http://www.google.com/bot.html)"
66.249.79.236 - - [14/Jul/2025:13:43:16 +0000] "GET /?s=83981099061490&mod=934703eb&uri=brands.php?goodscode/67422.shtm HTTP/1.1" 200 18859 "-" "Mozilla/5.0 (Linux; Android 6.0.1; Nexus 5X Build/MMB29P) AppleWebKit/537.36 (KHTML, like Gecko) Chrome/137.0.7151.103 Mobile Safari/537.36 (compatible; Googlebot/2.1; +http://www.google.com/bot.html)"
66.249.79.236 - - [14/Jul/2025:13:43:20 +0000] "POST /get-message-notify HTTP/1.1" 200 18123 "https://gardenify.com.au/?s=83981099061490&mod=934703eb&uri=brands.php?hobby/nuigurumi/nuigurumi.html" "Mozilla/5.0 (Linux; Android 6.0.1; Nexus 5X Build/MMB29P) AppleWebKit/537.36 (KHTML, like Gecko) Chrome/137.0.7151.119 Mobile Safari/537.36 (compatible; Googlebot/2.1; +http://www.google.com/bot.html)"
66.249.79.236 - - [14/Jul/2025:13:43:21 +0000] "GET /?s=83981099061490&mod=934703eb&uri=brands.php?goodscode/67708.shtm HTTP/1.1" 200 19408 "-" "Mozilla/5.0 (Linux; Android 6.0.1; Nexus 5X Build/MMB29P) AppleWebKit/537.36 (KHTML, like Gecko) Chrome/137.0.7151.103 Mobile Safari/537.36 (compatible; Googlebot/2.1; +http://www.google.com/bot.html)"
66.249.79.236 - - [14/Jul/2025:13:43:29 +0000] "POST /get-message-notify HTTP/1.1" 200 18123 "https://gardenify.com.au/?s=79601094031490&mod=c7e6d11d&uri=goods.php?goodscode/65001.shtm" "Mozilla/5.0 (Linux; Android 6.0.1; Nexus 5X Build/MMB29P) AppleWebKit/537.36 (KHTML, like Gecko) Chrome/137.0.7151.119 Mobile Safari/537.36 (compatible; Googlebot/2.1; +http://www.google.com/bot.html)"
209.74.77.214 - - [14/Jul/2025:13:43:30 +0000] "POST /wp-cron.php?doing_wp_cron=1752500610.2283909320831298828125 HTTP/1.1" 200 - "-" "WordPress/6.8.1; https://gardenify.com.au"
198.12.239.188 - - [14/Jul/2025:13:43:30 +0000] "GET /wp-login.php HTTP/1.1" 200 2013 "-" "Mozilla/5.0 (Windows NT 10.0; Win64; x64) AppleWebKit/537.36 (KHTML, like Gecko) Chrome/130.0.0.0 Safari/537.36"
209.74.77.214 - - [14/Jul/2025:13:43:30 +0000] "POST /wp-admin/admin-ajax.php?action=async_litespeed&nonce=hgoGx1g3HdnLG9zKVIJhZGH00mU6gk5v&litespeed_type=imgoptm HTTP/1.1" 200 21 "-" "WordPress/6.8.1; https://gardenify.com.au"
198.12.239.188 - - [14/Jul/2025:13:43:30 +0000] "POST /wp-login.php HTTP/1.1" 200 2133 "https://gardenify.com.au/wp-login.php" "Mozilla/5.0 (Windows NT 10.0; Win64; x64) AppleWebKit/537.36 (KHTML, like Gecko) Chrome/130.0.0.0 Safari/537.36"
66.249.79.236 - - [14/Jul/2025:13:43:32 +0000] "GET /?s=83981099061490&mod=934703eb&uri=brands.php?oreka/plamodel_menu.html HTTP/1.1" 200 18246 "-" "Mozilla/5.0 (Linux; Android 6.0.1; Nexus 5X Build/MMB29P) AppleWebKit/537.36 (KHTML, like Gecko) Chrome/137.0.7151.103 Mobile Safari/537.36 (compatible; Googlebot/2.1; +http://www.google.com/bot.html)"
66.249.79.236 - - [14/Jul/2025:13:43:37 +0000] "GET /?s=83981099061490&mod=934703eb&uri=brands.php?goodscode/67626.shtm HTTP/1.1" 200 19035 "-" "Mozilla/5.0 (Linux; Android 6.0.1; Nexus 5X Build/MMB29P) AppleWebKit/537.36 (KHTML, like Gecko) Chrome/137.0.7151.103 Mobile Safari/537.36 (compatible; Googlebot/2.1; +http://www.google.com/bot.html)"
66.249.79.236 - - [14/Jul/2025:13:43:45 +0000] "GET /?s=83981099061490&mod=934703eb&uri=brands.php?goodscode/67009.shtm HTTP/1.1" 200 19056 "-" "Mozilla/5.0 (Linux; Android 6.0.1; Nexus 5X Build/MMB29P) AppleWebKit/537.36 (KHTML, like Gecko) Chrome/137.0.7151.103 Mobile Safari/537.36 (compatible; Googlebot/2.1; +http://www.google.com/bot.html)"
66.249.79.236 - - [14/Jul/2025:13:43:56 +0000] "GET /?s=83981099061490&mod=934703eb&uri=brands.php?goodscode/67266.shtm HTTP/1.1" 200 19460 "-" "Mozilla/5.0 (Linux; Android 6.0.1; Nexus 5X Build/MMB29P) AppleWebKit/537.36 (KHTML, like Gecko) Chrome/137.0.7151.103 Mobile Safari/537.36 (compatible; Googlebot/2.1; +http://www.google.com/bot.html)"
66.249.79.236 - - [14/Jul/2025:13:43:56 +0000] "GET /?s=80970546031490&mod=178b79d3&uri=goods.php?goodscode/2075782.shtm HTTP/1.1" 200 19080 "-" "Mozilla/5.0 (Linux; Android 6.0.1; Nexus 5X Build/MMB29P) AppleWebKit/537.36 (KHTML, like Gecko) Chrome/137.0.7151.103 Mobile Safari/537.36 (compatible; Googlebot/2.1; +http://www.google.com/bot.html)"
66.249.79.236 - - [14/Jul/2025:13:43:57 +0000] "GET /?s=114111042021490&mod=e11ee596&uri=itm.php?goodscode/67369.shtm HTTP/1.1" 200 18999 "-" "Mozilla/5.0 (Linux; Android 6.0.1; Nexus 5X Build/MMB29P) AppleWebKit/537.36 (KHTML, like Gecko) Chrome/137.0.7151.103 Mobile Safari/537.36 (compatible; Googlebot/2.1; +http://www.google.com/bot.html)"
66.249.79.238 - - [14/Jul/2025:13:44:04 +0000] "POST /get-message-notify HTTP/1.1" 200 18123 "https://gardenify.com.au/?s=114111042021490&mod=e11ee596&uri=itm.php?goodscode/67369.shtm" "Mozilla/5.0 (Linux; Android 6.0.1; Nexus 5X Build/MMB29P) AppleWebKit/537.36 (KHTML, like Gecko) Chrome/137.0.7151.119 Mobile Safari/537.36 (compatible; Googlebot/2.1; +http://www.google.com/bot.html)"
66.249.79.237 - - [14/Jul/2025:13:44:15 +0000] "GET /?s=83981099061490&mod=934703eb&uri=brands.php?goodscode/67303.shtm HTTP/1.1" 200 19532 "-" "Mozilla/5.0 (Linux; Android 6.0.1; Nexus 5X Build/MMB29P) AppleWebKit/537.36 (KHTML, like Gecko) Chrome/137.0.7151.103 Mobile Safari/537.36 (compatible; Googlebot/2.1; +http://www.google.com/bot.html)"
66.249.79.236 - - [14/Jul/2025:13:44:23 +0000] "GET /?s=83981099061490&mod=934703eb&uri=brands.php?feature/index.html HTTP/1.1" 200 19515 "-" "Mozilla/5.0 (Linux; Android 6.0.1; Nexus 5X Build/MMB29P) AppleWebKit/537.36 (KHTML, like Gecko) Chrome/137.0.7151.103 Mobile Safari/537.36 (compatible; Googlebot/2.1; +http://www.google.com/bot.html)"
209.74.77.214 - - [14/Jul/2025:13:44:32 +0000] "POST /wp-cron.php?doing_wp_cron=1752500672.1380600929260253906250 HTTP/1.1" 200 - "-" "WordPress/6.8.1; https://gardenify.com.au"
178.159.242.145 - - [14/Jul/2025:13:44:32 +0000] "GET /wp-login.php HTTP/1.1" 200 2013 "-" "Mozilla/5.0 (Windows NT 10.0; Win64; x64) AppleWebKit/537.36 (KHTML, like Gecko) Chrome/130.0.0.0 Safari/537.36"
209.74.77.214 - - [14/Jul/2025:13:44:32 +0000] "POST /wp-admin/admin-ajax.php?action=async_litespeed&nonce=uSiLXjghCYmA3UZ8lTR5ScgCYVhumGjs&litespeed_type=imgoptm HTTP/1.1" 200 21 "-" "WordPress/6.8.1; https://gardenify.com.au"
178.159.242.145 - - [14/Jul/2025:13:44:32 +0000] "POST /wp-login.php HTTP/1.1" 200 2159 "https://gardenify.com.au/wp-login.php" "Mozilla/5.0 (Windows NT 10.0; Win64; x64) AppleWebKit/537.36 (KHTML, like Gecko) Chrome/130.0.0.0 Safari/537.36"
66.249.79.236 - - [14/Jul/2025:13:44:35 +0000] "GET /?s=83981099061490&mod=934703eb&uri=brands.php?toreka/figure_menu.html HTTP/1.1" 200 18980 "-" "Mozilla/5.0 (Linux; Android 6.0.1; Nexus 5X Build/MMB29P) AppleWebKit/537.36 (KHTML, like Gecko) Chrome/137.0.7151.103 Mobile Safari/537.36 (compatible; Googlebot/2.1; +http://www.google.com/bot.html)"
92.53.96.160 - - [14/Jul/2025:13:44:46 +0000] "GET /wp-login.php HTTP/1.1" 200 2013 "-" "Mozilla/5.0 (Windows NT 10.0; Win64; x64) AppleWebKit/537.36 (KHTML, like Gecko) Chrome/130.0.0.0 Safari/537.36"
92.53.96.160 - - [14/Jul/2025:13:44:46 +0000] "POST /wp-login.php HTTP/1.1" 200 2161 "https://gardenify.com.au/wp-login.php" "Mozilla/5.0 (Windows NT 10.0; Win64; x64) AppleWebKit/537.36 (KHTML, like Gecko) Chrome/130.0.0.0 Safari/537.36"
66.249.79.236 - - [14/Jul/2025:13:44:46 +0000] "GET /?s=83981099061490&mod=934703eb&uri=brands.php?goodscode/67348.shtm HTTP/1.1" 200 18950 "-" "Mozilla/5.0 (Linux; Android 6.0.1; Nexus 5X Build/MMB29P) AppleWebKit/537.36 (KHTML, like Gecko) Chrome/137.0.7151.103 Mobile Safari/537.36 (compatible; Googlebot/2.1; +http://www.google.com/bot.html)"
66.249.79.236 - - [14/Jul/2025:13:44:58 +0000] "GET /?s=83981099061490&mod=934703eb&uri=brands.php?goodscode/65603.shtm HTTP/1.1" 200 18521 "-" "Mozilla/5.0 (Linux; Android 6.0.1; Nexus 5X Build/MMB29P) AppleWebKit/537.36 (KHTML, like Gecko) Chrome/137.0.7151.103 Mobile Safari/537.36 (compatible; Googlebot/2.1; +http://www.google.com/bot.html)"
209.74.77.214 - - [14/Jul/2025:13:45:09 +0000] "POST /wp-cron.php?doing_wp_cron=1752500709.2030510902404785156250 HTTP/1.1" 200 - "-" "WordPress/6.8.1; https://gardenify.com.au"
198.12.252.11 - - [14/Jul/2025:13:45:09 +0000] "GET /wp-login.php HTTP/1.1" 200 2013 "-" "Mozilla/5.0 (Windows NT 10.0; Win64; x64) AppleWebKit/537.36 (KHTML, like Gecko) Chrome/130.0.0.0 Safari/537.36"
209.74.77.214 - - [14/Jul/2025:13:45:09 +0000] "POST /wp-admin/admin-ajax.php?action=async_litespeed&nonce=KgzNOaF1UlcanUjOckK1hl8YqSs6gGiQ&litespeed_type=imgoptm HTTP/1.1" 200 21 "-" "WordPress/6.8.1; https://gardenify.com.au"
198.12.252.11 - - [14/Jul/2025:13:45:09 +0000] "POST /wp-login.php HTTP/1.1" 200 2159 "https://gardenify.com.au/wp-login.php" "Mozilla/5.0 (Windows NT 10.0; Win64; x64) AppleWebKit/537.36 (KHTML, like Gecko) Chrome/130.0.0.0 Safari/537.36"
66.249.79.238 - - [14/Jul/2025:13:45:18 +0000] "GET /?s=83981099061490&mod=934703eb&uri=brands.php?goodscode/67007.shtm HTTP/1.1" 200 18970 "-" "Mozilla/5.0 (Linux; Android 6.0.1; Nexus 5X Build/MMB29P) AppleWebKit/537.36 (KHTML, like Gecko) Chrome/137.0.7151.103 Mobile Safari/537.36 (compatible; Googlebot/2.1; +http://www.google.com/bot.html)"
69.49.228.101 - - [14/Jul/2025:13:45:21 +0000] "GET /wp-login.php HTTP/1.1" 200 2013 "-" "Mozilla/5.0 (Windows NT 10.0; Win64; x64) AppleWebKit/537.36 (KHTML, like Gecko) Chrome/130.0.0.0 Safari/537.36"
69.49.228.101 - - [14/Jul/2025:13:45:21 +0000] "POST /wp-login.php HTTP/1.1" 200 2159 "https://gardenify.com.au/wp-login.php" "Mozilla/5.0 (Windows NT 10.0; Win64; x64) AppleWebKit/537.36 (KHTML, like Gecko) Chrome/130.0.0.0 Safari/537.36"
23.111.75.37 - - [14/Jul/2025:13:45:23 +0000] "GET /wp-login.php HTTP/1.1" 200 2013 "-" "Mozilla/5.0 (Windows NT 10.0; Win64; x64) AppleWebKit/537.36 (KHTML, like Gecko) Chrome/130.0.0.0 Safari/537.36"
23.111.75.37 - - [14/Jul/2025:13:45:23 +0000] "POST /wp-login.php HTTP/1.1" 200 2133 "https://gardenify.com.au/wp-login.php" "Mozilla/5.0 (Windows NT 10.0; Win64; x64) AppleWebKit/537.36 (KHTML, like Gecko) Chrome/130.0.0.0 Safari/537.36"
66.249.79.236 - - [14/Jul/2025:13:45:28 +0000] "GET /?s=83981099061490&mod=934703eb&uri=brands.php?goodscode/66713.shtm HTTP/1.1" 200 19596 "-" "Mozilla/5.0 (Linux; Android 6.0.1; Nexus 5X Build/MMB29P) AppleWebKit/537.36 (KHTML, like Gecko) Chrome/137.0.7151.103 Mobile Safari/537.36 (compatible; Googlebot/2.1; +http://www.google.com/bot.html)"
173.212.221.77 - - [14/Jul/2025:13:45:38 +0000] "GET /wp-login.php HTTP/1.1" 200 2013 "-" "Mozilla/5.0 (Windows NT 10.0; Win64; x64) AppleWebKit/537.36 (KHTML, like Gecko) Chrome/130.0.0.0 Safari/537.36"
173.212.221.77 - - [14/Jul/2025:13:45:39 +0000] "POST /wp-login.php HTTP/1.1" 200 2133 "https://gardenify.com.au/wp-login.php" "Mozilla/5.0 (Windows NT 10.0; Win64; x64) AppleWebKit/537.36 (KHTML, like Gecko) Chrome/130.0.0.0 Safari/537.36"
66.249.79.236 - - [14/Jul/2025:13:45:40 +0000] "GET /?s=80927016071490&mod=e11ee596&uri=product.php?feature/idol/gradol.html HTTP/1.1" 200 19346 "-" "Mozilla/5.0 (Linux; Android 6.0.1; Nexus 5X Build/MMB29P) AppleWebKit/537.36 (KHTML, like Gecko) Chrome/137.0.7151.103 Mobile Safari/537.36 (compatible; Googlebot/2.1; +http://www.google.com/bot.html)"
77.247.109.57 - - [14/Jul/2025:13:45:44 +0000] "GET /wp-login.php HTTP/1.1" 200 2013 "-" "Mozilla/5.0 (Windows NT 10.0; Win64; x64) AppleWebKit/537.36 (KHTML, like Gecko) Chrome/130.0.0.0 Safari/537.36"
77.247.109.57 - - [14/Jul/2025:13:45:46 +0000] "POST /wp-login.php HTTP/1.1" 200 2133 "https://gardenify.com.au/wp-login.php" "Mozilla/5.0 (Windows NT 10.0; Win64; x64) AppleWebKit/537.36 (KHTML, like Gecko) Chrome/130.0.0.0 Safari/537.36"
66.249.79.236 - - [14/Jul/2025:13:45:50 +0000] "GET /?s=80927016071490&mod=e11ee596&uri=product.php?goodscode/66830.shtm HTTP/1.1" 200 19135 "-" "Mozilla/5.0 (Linux; Android 6.0.1; Nexus 5X Build/MMB29P) AppleWebKit/537.36 (KHTML, like Gecko) Chrome/137.0.7151.103 Mobile Safari/537.36 (compatible; Googlebot/2.1; +http://www.google.com/bot.html)"
66.249.79.236 - - [14/Jul/2025:13:45:59 +0000] "GET /?s=80927016071490&mod=e11ee596&uri=product.php?cargo/detail HTTP/1.1" 200 19523 "-" "Mozilla/5.0 (Linux; Android 6.0.1; Nexus 5X Build/MMB29P) AppleWebKit/537.36 (KHTML, like Gecko) Chrome/137.0.7151.103 Mobile Safari/537.36 (compatible; Googlebot/2.1; +http://www.google.com/bot.html)"
66.249.79.238 - - [14/Jul/2025:13:46:07 +0000] "GET /?s=80927016071490&mod=e11ee596&uri=product.php?goodscode/66738.shtm HTTP/1.1" 200 18709 "-" "Mozilla/5.0 (Linux; Android 6.0.1; Nexus 5X Build/MMB29P) AppleWebKit/537.36 (KHTML, like Gecko) Chrome/137.0.7151.103 Mobile Safari/537.36 (compatible; Googlebot/2.1; +http://www.google.com/bot.html)"
209.74.77.214 - - [14/Jul/2025:13:46:09 +0000] "POST /wp-cron.php?doing_wp_cron=1752500769.5007760524749755859375 HTTP/1.1" 200 - "-" "WordPress/6.8.1; https://gardenify.com.au"
90.158.160.18 - - [14/Jul/2025:13:46:09 +0000] "GET /wp-login.php HTTP/1.1" 200 2013 "-" "Mozilla/5.0 (Windows NT 10.0; Win64; x64) AppleWebKit/537.36 (KHTML, like Gecko) Chrome/130.0.0.0 Safari/537.36"
209.74.77.214 - - [14/Jul/2025:13:46:09 +0000] "POST /wp-admin/admin-ajax.php?action=async_litespeed&nonce=AkjkPrX0LI5RgPF9vjR4jvvcWwuYWIfs&litespeed_type=imgoptm HTTP/1.1" 200 21 "-" "WordPress/6.8.1; https://gardenify.com.au"
90.158.160.18 - - [14/Jul/2025:13:46:09 +0000] "POST /wp-login.php HTTP/1.1" 200 2159 "https://gardenify.com.au/wp-login.php" "Mozilla/5.0 (Windows NT 10.0; Win64; x64) AppleWebKit/537.36 (KHTML, like Gecko) Chrome/130.0.0.0 Safari/537.36"
66.249.79.238 - - [14/Jul/2025:13:46:09 +0000] "POST /get-message-notify HTTP/1.1" 200 18123 "https://gardenify.com.au/?s=83981099061490&mod=934703eb&uri=brands.php?goodscode/66146.shtm" "Mozilla/5.0 (Linux; Android 6.0.1; Nexus 5X Build/MMB29P) AppleWebKit/537.36 (KHTML, like Gecko) Chrome/137.0.7151.119 Mobile Safari/537.36 (compatible; Googlebot/2.1; +http://www.google.com/bot.html)"
66.249.79.236 - - [14/Jul/2025:13:46:21 +0000] "GET /?s=80927016071490&mod=e11ee596&uri=product.php?toreka/toreka_single.html HTTP/1.1" 200 18833 "-" "Mozilla/5.0 (Linux; Android 6.0.1; Nexus 5X Build/MMB29P) AppleWebKit/537.36 (KHTML, like Gecko) Chrome/137.0.7151.103 Mobile Safari/537.36 (compatible; Googlebot/2.1; +http://www.google.com/bot.html)"
66.249.79.236 - - [14/Jul/2025:13:46:27 +0000] "POST /get-message-notify HTTP/1.1" 200 18123 "https://gardenify.com.au/?s=80927016071490&mod=e11ee596&uri=product.php?toreka/toreka_single.html" "Mozilla/5.0 (Linux; Android 6.0.1; Nexus 5X Build/MMB29P) AppleWebKit/537.36 (KHTML, like Gecko) Chrome/137.0.7151.119 Mobile Safari/537.36 (compatible; Googlebot/2.1; +http://www.google.com/bot.html)"
113.192.18.205 - - [14/Jul/2025:13:46:33 +0000] "GET /wp-login.php HTTP/1.1" 200 2013 "-" "Mozilla/5.0 (Windows NT 10.0; Win64; x64) AppleWebKit/537.36 (KHTML, like Gecko) Chrome/130.0.0.0 Safari/537.36"
113.192.18.205 - - [14/Jul/2025:13:46:34 +0000] "POST /wp-login.php HTTP/1.1" 200 2133 "https://gardenify.com.au/wp-login.php" "Mozilla/5.0 (Windows NT 10.0; Win64; x64) AppleWebKit/537.36 (KHTML, like Gecko) Chrome/130.0.0.0 Safari/537.36"
66.249.79.236 - - [14/Jul/2025:13:46:35 +0000] "GET /?s=80927016071490&mod=e11ee596&uri=product.php?goodscode/66555.shtm HTTP/1.1" 200 19127 "-" "Mozilla/5.0 (Linux; Android 6.0.1; Nexus 5X Build/MMB29P) AppleWebKit/537.36 (KHTML, like Gecko) Chrome/137.0.7151.103 Mobile Safari/537.36 (compatible; Googlebot/2.1; +http://www.google.com/bot.html)"
178.159.242.145 - - [14/Jul/2025:13:46:36 +0000] "GET /wp-login.php HTTP/1.1" 200 2013 "-" "Mozilla/5.0 (Windows NT 10.0; Win64; x64) AppleWebKit/537.36 (KHTML, like Gecko) Chrome/130.0.0.0 Safari/537.36"
178.159.242.145 - - [14/Jul/2025:13:46:36 +0000] "POST /wp-login.php HTTP/1.1" 200 2133 "https://gardenify.com.au/wp-login.php" "Mozilla/5.0 (Windows NT 10.0; Win64; x64) AppleWebKit/537.36 (KHTML, like Gecko) Chrome/130.0.0.0 Safari/537.36"
198.57.247.196 - - [14/Jul/2025:13:46:43 +0000] "GET /wp-login.php HTTP/1.1" 200 2013 "-" "Mozilla/5.0 (Windows NT 10.0; Win64; x64) AppleWebKit/537.36 (KHTML, like Gecko) Chrome/130.0.0.0 Safari/537.36"
198.57.247.196 - - [14/Jul/2025:13:46:44 +0000] "POST /wp-login.php HTTP/1.1" 200 2133 "https://gardenify.com.au/wp-login.php" "Mozilla/5.0 (Windows NT 10.0; Win64; x64) AppleWebKit/537.36 (KHTML, like Gecko) Chrome/130.0.0.0 Safari/537.36"
66.249.79.236 - - [14/Jul/2025:13:46:50 +0000] "GET /?s=80927016071490&mod=e11ee596&uri=product.php?goodscode/67165.shtm HTTP/1.1" 200 18213 "-" "Mozilla/5.0 (Linux; Android 6.0.1; Nexus 5X Build/MMB29P) AppleWebKit/537.36 (KHTML, like Gecko) Chrome/137.0.7151.103 Mobile Safari/537.36 (compatible; Googlebot/2.1; +http://www.google.com/bot.html)"
66.249.79.238 - - [14/Jul/2025:13:47:02 +0000] "GET /?s=84060001041490&mod=9cecbb6f&uri=pin.php?cargo/detail HTTP/1.1" 200 19522 "-" "Mozilla/5.0 (Linux; Android 6.0.1; Nexus 5X Build/MMB29P) AppleWebKit/537.36 (KHTML, like Gecko) Chrome/137.0.7151.103 Mobile Safari/537.36 (compatible; Googlebot/2.1; +http://www.google.com/bot.html)"
209.74.77.214 - - [14/Jul/2025:13:47:06 +0000] "POST /wp-cron.php?doing_wp_cron=1752500826.5024709701538085937500 HTTP/1.1" 200 - "-" "WordPress/6.8.1; https://gardenify.com.au"
81.88.49.4 - - [14/Jul/2025:13:47:06 +0000] "GET /wp-login.php HTTP/1.1" 200 2013 "-" "Mozilla/5.0 (Windows NT 10.0; Win64; x64) AppleWebKit/537.36 (KHTML, like Gecko) Chrome/130.0.0.0 Safari/537.36"
209.74.77.214 - - [14/Jul/2025:13:47:06 +0000] "POST /wp-admin/admin-ajax.php?action=async_litespeed&nonce=2SFGQKZGuX3HCqIYbF4eR14hp0l5D0bn&litespeed_type=imgoptm HTTP/1.1" 200 21 "-" "WordPress/6.8.1; https://gardenify.com.au"
81.88.49.4 - - [14/Jul/2025:13:47:09 +0000] "POST /wp-login.php HTTP/1.1" 200 2159 "https://gardenify.com.au/wp-login.php" "Mozilla/5.0 (Windows NT 10.0; Win64; x64) AppleWebKit/537.36 (KHTML, like Gecko) Chrome/130.0.0.0 Safari/537.36"
66.249.79.237 - - [14/Jul/2025:13:47:09 +0000] "POST /get-message-notify HTTP/1.1" 200 18123 "https://gardenify.com.au/?s=83981099061490&mod=934703eb&uri=brands.php?goodscode/67083.shtm" "Mozilla/5.0 (Linux; Android 6.0.1; Nexus 5X Build/MMB29P) AppleWebKit/537.36 (KHTML, like Gecko) Chrome/137.0.7151.119 Mobile Safari/537.36 (compatible; Googlebot/2.1; +http://www.google.com/bot.html)"
4.233.218.53 - - [14/Jul/2025:13:47:13 +0000] "GET /wp-login.php HTTP/1.1" 200 2013 "-" "Mozilla/5.0 (Windows NT 10.0; Win64; x64) AppleWebKit/537.36 (KHTML, like Gecko) Chrome/130.0.0.0 Safari/537.36"
4.233.218.53 - - [14/Jul/2025:13:47:13 +0000] "POST /wp-login.php HTTP/1.1" 200 2161 "https://gardenify.com.au/wp-login.php" "Mozilla/5.0 (Windows NT 10.0; Win64; x64) AppleWebKit/537.36 (KHTML, like Gecko) Chrome/130.0.0.0 Safari/537.36"
66.249.79.236 - - [14/Jul/2025:13:47:21 +0000] "GET /?s=84060001041490&mod=9cecbb6f&uri=pin.php?kaden.html HTTP/1.1" 200 19042 "-" "Mozilla/5.0 (Linux; Android 6.0.1; Nexus 5X Build/MMB29P) AppleWebKit/537.36 (KHTML, like Gecko) Chrome/137.0.7151.103 Mobile Safari/537.36 (compatible; Googlebot/2.1; +http://www.google.com/bot.html)"
66.249.79.236 - - [14/Jul/2025:13:47:21 +0000] "GET /?s=79576798081490&mod=d1f60334&uri=form.php?cargo/detail HTTP/1.1" 200 19521 "-" "Mozilla/5.0 (Linux; Android 6.0.1; Nexus 5X Build/MMB29P) AppleWebKit/537.36 (KHTML, like Gecko) Chrome/137.0.7151.103 Mobile Safari/537.36 (compatible; GoogleOther)"
66.249.79.236 - - [14/Jul/2025:13:47:21 +0000] "GET /?s=89095123021490&mod=2ac82abf&uri=us.php?goodscode/66146.shtm HTTP/1.1" 200 19253 "-" "Mozilla/5.0 (Linux; Android 6.0.1; Nexus 5X Build/MMB29P) AppleWebKit/537.36 (KHTML, like Gecko) Chrome/137.0.7151.103 Mobile Safari/537.36 (compatible; Googlebot/2.1; +http://www.google.com/bot.html)"
74.208.81.247 - - [14/Jul/2025:13:47:25 +0000] "GET /wp-login.php HTTP/1.1" 200 2013 "-" "Mozilla/5.0 (Windows NT 10.0; Win64; x64) AppleWebKit/537.36 (KHTML, like Gecko) Chrome/130.0.0.0 Safari/537.36"
74.208.81.247 - - [14/Jul/2025:13:47:25 +0000] "POST /wp-login.php HTTP/1.1" 200 2133 "https://gardenify.com.au/wp-login.php" "Mozilla/5.0 (Windows NT 10.0; Win64; x64) AppleWebKit/537.36 (KHTML, like Gecko) Chrome/130.0.0.0 Safari/537.36"
66.249.79.236 - - [14/Jul/2025:13:47:31 +0000] "GET /?s=112418201031490&mod=e11ee596&uri=pin.php?dozin.html HTTP/1.1" 200 19303 "-" "Mozilla/5.0 (Linux; Android 6.0.1; Nexus 5X Build/MMB29P) AppleWebKit/537.36 (KHTML, like Gecko) Chrome/137.0.7151.103 Mobile Safari/537.36 (compatible; Googlebot/2.1; +http://www.google.com/bot.html)"
66.249.79.236 - - [14/Jul/2025:13:47:32 +0000] "GET /?s=79576798081490&mod=d1f60334&uri=form.php?feature/idol/gradol.html HTTP/1.1" 200 19344 "-" "Mozilla/5.0 (Linux; Android 6.0.1; Nexus 5X Build/MMB29P) AppleWebKit/537.36 (KHTML, like Gecko) Chrome/137.0.7151.103 Mobile Safari/537.36 (compatible; Googlebot/2.1; +http://www.google.com/bot.html)"
66.249.79.236 - - [14/Jul/2025:13:47:48 +0000] "GET /?s=79598934031490&mod=c7e6d11d&uri=itm.php?vintagegame.html HTTP/1.1" 200 19213 "-" "Mozilla/5.0 (Linux; Android 6.0.1; Nexus 5X Build/MMB29P) AppleWebKit/537.36 (KHTML, like Gecko) Chrome/137.0.7151.103 Mobile Safari/537.36 (compatible; Googlebot/2.1; +http://www.google.com/bot.html)"
66.249.79.236 - - [14/Jul/2025:13:47:49 +0000] "POST /get-message-notify HTTP/1.1" 200 18123 "https://gardenify.com.au/?s=79576798081490&mod=d1f60334&uri=form.php?feature/idol/gradol.html" "Mozilla/5.0 (Linux; Android 6.0.1; Nexus 5X Build/MMB29P) AppleWebKit/537.36 (KHTML, like Gecko) Chrome/137.0.7151.119 Mobile Safari/537.36 (compatible; Googlebot/2.1; +http://www.google.com/bot.html)"
209.74.77.214 - - [14/Jul/2025:13:47:55 +0000] "POST /wp-cron.php?doing_wp_cron=1752500875.2009170055389404296875 HTTP/1.1" 200 - "-" "WordPress/6.8.1; https://gardenify.com.au"
85.10.156.134 - - [14/Jul/2025:13:47:55 +0000] "GET /wp-login.php HTTP/1.1" 200 2013 "-" "Mozilla/5.0 (Windows NT 10.0; Win64; x64) AppleWebKit/537.36 (KHTML, like Gecko) Chrome/130.0.0.0 Safari/537.36"
209.74.77.214 - - [14/Jul/2025:13:47:55 +0000] "POST /wp-admin/admin-ajax.php?action=async_litespeed&nonce=DGyE9wsYMCYSLBgu6NrR9X2UYa1PPboG&litespeed_type=imgoptm HTTP/1.1" 200 21 "-" "WordPress/6.8.1; https://gardenify.com.au"
85.10.156.134 - - [14/Jul/2025:13:47:57 +0000] "POST /wp-login.php HTTP/1.1" 200 2133 "https://gardenify.com.au/wp-login.php" "Mozilla/5.0 (Windows NT 10.0; Win64; x64) AppleWebKit/537.36 (KHTML, like Gecko) Chrome/130.0.0.0 Safari/537.36"
66.249.79.237 - - [14/Jul/2025:13:48:06 +0000] "GET /?s=79598934031490&mod=c7e6d11d&uri=itm.php?toreka/figure_menu.html HTTP/1.1" 200 18982 "-" "Mozilla/5.0 (Linux; Android 6.0.1; Nexus 5X Build/MMB29P) AppleWebKit/537.36 (KHTML, like Gecko) Chrome/137.0.7151.103 Mobile Safari/537.36 (compatible; Googlebot/2.1; +http://www.google.com/bot.html)"
66.249.79.236 - - [14/Jul/2025:13:48:12 +0000] "POST /get-message-notify HTTP/1.1" 200 18123 "https://gardenify.com.au/?s=80927016071490&mod=e11ee596&uri=product.php?goodscode/66830.shtm" "Mozilla/5.0 (Linux; Android 6.0.1; Nexus 5X Build/MMB29P) AppleWebKit/537.36 (KHTML, like Gecko) Chrome/137.0.7151.119 Mobile Safari/537.36 (compatible; Googlebot/2.1; +http://www.google.com/bot.html)"
34.27.57.134 - - [14/Jul/2025:13:48:13 +0000] "GET /wp-login.php HTTP/1.1" 200 2013 "-" "Mozilla/5.0 (Windows NT 10.0; Win64; x64) AppleWebKit/537.36 (KHTML, like Gecko) Chrome/130.0.0.0 Safari/537.36"
34.27.57.134 - - [14/Jul/2025:13:48:13 +0000] "POST /wp-login.php HTTP/1.1" 200 2133 "https://gardenify.com.au/wp-login.php" "Mozilla/5.0 (Windows NT 10.0; Win64; x64) AppleWebKit/537.36 (KHTML, like Gecko) Chrome/130.0.0.0 Safari/537.36"
66.249.79.237 - - [14/Jul/2025:13:48:14 +0000] "POST /get-message-notify HTTP/1.1" 200 18123 "https://gardenify.com.au/?s=79598934031490&mod=c7e6d11d&uri=itm.php?vintagegame.html" "Mozilla/5.0 (Linux; Android 6.0.1; Nexus 5X Build/MMB29P) AppleWebKit/537.36 (KHTML, like Gecko) Chrome/137.0.7151.119 Mobile Safari/537.36 (compatible; Googlebot/2.1; +http://www.google.com/bot.html)"
212.57.136.14 - - [14/Jul/2025:13:48:16 +0000] "GET /wp-login.php HTTP/1.1" 200 2013 "-" "Mozilla/5.0 (Windows NT 10.0; Win64; x64) AppleWebKit/537.36 (KHTML, like Gecko) Chrome/130.0.0.0 Safari/537.36"
212.57.136.14 - - [14/Jul/2025:13:48:16 +0000] "POST /wp-login.php HTTP/1.1" 200 2133 "https://gardenify.com.au/wp-login.php" "Mozilla/5.0 (Windows NT 10.0; Win64; x64) AppleWebKit/537.36 (KHTML, like Gecko) Chrome/130.0.0.0 Safari/537.36"
66.249.79.236 - - [14/Jul/2025:13:48:16 +0000] "GET /?s=79576798081490&mod=d1f60334&uri=form.php?feature/campaign/index.html HTTP/1.1" 200 19482 "-" "Mozilla/5.0 (Linux; Android 6.0.1; Nexus 5X Build/MMB29P) AppleWebKit/537.36 (KHTML, like Gecko) Chrome/137.0.7151.103 Mobile Safari/537.36 (compatible; GoogleOther)"
66.249.79.236 - - [14/Jul/2025:13:48:25 +0000] "GET /?s=79598934031490&mod=c7e6d11d&uri=itm.php?man/kaitori/kantan.html HTTP/1.1" 200 19732 "-" "Mozilla/5.0 (Linux; Android 6.0.1; Nexus 5X Build/MMB29P) AppleWebKit/537.36 (KHTML, like Gecko) Chrome/137.0.7151.103 Mobile Safari/537.36 (compatible; Googlebot/2.1; +http://www.google.com/bot.html)"
66.249.79.236 - - [14/Jul/2025:13:48:26 +0000] "GET /?s=94222117031490&mod=e880840a&uri=pin.php%3Fid%3D3144380-1052%26name%3Dsergio+ramos+jersey+2019 HTTP/1.1" 200 18804 "-" "Mozilla/5.0 (compatible; Googlebot/2.1; +http://www.google.com/bot.html)"
103.42.59.46 - - [14/Jul/2025:13:48:30 +0000] "GET /wp-login.php HTTP/1.1" 200 2013 "-" "Mozilla/5.0 (Windows NT 10.0; Win64; x64) AppleWebKit/537.36 (KHTML, like Gecko) Chrome/130.0.0.0 Safari/537.36"
103.42.59.46 - - [14/Jul/2025:13:48:30 +0000] "POST /wp-login.php HTTP/1.1" 200 2133 "https://gardenify.com.au/wp-login.php" "Mozilla/5.0 (Windows NT 10.0; Win64; x64) AppleWebKit/537.36 (KHTML, like Gecko) Chrome/130.0.0.0 Safari/537.36"
41.185.8.228 - - [14/Jul/2025:13:48:34 +0000] "GET /wp-login.php HTTP/1.1" 200 2013 "-" "Mozilla/5.0 (Windows NT 10.0; Win64; x64) AppleWebKit/537.36 (KHTML, like Gecko) Chrome/130.0.0.0 Safari/537.36"
41.185.8.228 - - [14/Jul/2025:13:48:35 +0000] "POST /wp-login.php HTTP/1.1" 200 2133 "https://gardenify.com.au/wp-login.php" "Mozilla/5.0 (Windows NT 10.0; Win64; x64) AppleWebKit/537.36 (KHTML, like Gecko) Chrome/130.0.0.0 Safari/537.36"
66.33.192.85 - - [14/Jul/2025:13:48:37 +0000] "GET /wp-login.php HTTP/1.1" 200 2013 "-" "Mozilla/5.0 (Windows NT 10.0; Win64; x64) AppleWebKit/537.36 (KHTML, like Gecko) Chrome/130.0.0.0 Safari/537.36"
66.33.192.85 - - [14/Jul/2025:13:48:38 +0000] "POST /wp-login.php HTTP/1.1" 200 2159 "https://gardenify.com.au/wp-login.php" "Mozilla/5.0 (Windows NT 10.0; Win64; x64) AppleWebKit/537.36 (KHTML, like Gecko) Chrome/130.0.0.0 Safari/537.36"
66.249.79.236 - - [14/Jul/2025:13:48:44 +0000] "GET /?s=79576798081490&mod=d1f60334&uri=form.php?feature/sale2411-5/index.html HTTP/1.1" 200 19282 "-" "Mozilla/5.0 (Linux; Android 6.0.1; Nexus 5X Build/MMB29P) AppleWebKit/537.36 (KHTML, like Gecko) Chrome/137.0.7151.103 Mobile Safari/537.36 (compatible; GoogleOther)"
209.74.77.214 - - [14/Jul/2025:13:49:02 +0000] "POST /wp-cron.php?doing_wp_cron=1752500942.9414229393005371093750 HTTP/1.1" 200 - "-" "WordPress/6.8.1; https://gardenify.com.au"
43.254.133.200 - - [14/Jul/2025:13:49:02 +0000] "GET /wp-login.php HTTP/1.1" 200 2013 "-" "Mozilla/5.0 (Windows NT 10.0; Win64; x64) AppleWebKit/537.36 (KHTML, like Gecko) Chrome/130.0.0.0 Safari/537.36"
209.74.77.214 - - [14/Jul/2025:13:49:03 +0000] "POST /wp-admin/admin-ajax.php?action=async_litespeed&nonce=H6bxoXtKKmZXYRwcMWxxTDgFFWy0kqPq&litespeed_type=imgoptm HTTP/1.1" 200 21 "-" "WordPress/6.8.1; https://gardenify.com.au"
43.254.133.200 - - [14/Jul/2025:13:49:05 +0000] "POST /wp-login.php HTTP/1.1" 200 2133 "https://gardenify.com.au/wp-login.php" "Mozilla/5.0 (Windows NT 10.0; Win64; x64) AppleWebKit/537.36 (KHTML, like Gecko) Chrome/130.0.0.0 Safari/537.36"
104.128.239.135 - - [14/Jul/2025:13:49:16 +0000] "GET /wp-login.php HTTP/1.1" 200 2013 "-" "Mozilla/5.0 (Windows NT 10.0; Win64; x64) AppleWebKit/537.36 (KHTML, like Gecko) Chrome/130.0.0.0 Safari/537.36"
104.128.239.135 - - [14/Jul/2025:13:49:18 +0000] "POST /wp-login.php HTTP/1.1" 200 2133 "https://gardenify.com.au/wp-login.php" "Mozilla/5.0 (Windows NT 10.0; Win64; x64) AppleWebKit/537.36 (KHTML, like Gecko) Chrome/130.0.0.0 Safari/537.36"
77.247.109.57 - - [14/Jul/2025:13:49:30 +0000] "GET /wp-login.php HTTP/1.1" 200 2013 "-" "Mozilla/5.0 (Windows NT 10.0; Win64; x64) AppleWebKit/537.36 (KHTML, like Gecko) Chrome/130.0.0.0 Safari/537.36"
77.247.109.57 - - [14/Jul/2025:13:49:33 +0000] "POST /wp-login.php HTTP/1.1" 200 2133 "https://gardenify.com.au/wp-login.php" "Mozilla/5.0 (Windows NT 10.0; Win64; x64) AppleWebKit/537.36 (KHTML, like Gecko) Chrome/130.0.0.0 Safari/537.36"
203.161.43.55 - - [14/Jul/2025:13:49:37 +0000] "GET /wp-login.php HTTP/1.1" 200 2013 "-" "Mozilla/5.0 (Windows NT 10.0; Win64; x64) AppleWebKit/537.36 (KHTML, like Gecko) Chrome/130.0.0.0 Safari/537.36"
203.161.43.55 - - [14/Jul/2025:13:49:37 +0000] "POST /wp-login.php HTTP/1.1" 200 2159 "https://gardenify.com.au/wp-login.php" "Mozilla/5.0 (Windows NT 10.0; Win64; x64) AppleWebKit/537.36 (KHTML, like Gecko) Chrome/130.0.0.0 Safari/537.36"
66.249.79.236 - - [14/Jul/2025:13:49:38 +0000] "GET /?s=79598934031490&mod=c7e6d11d&uri=itm.php?goodscode/67083.shtm HTTP/1.1" 200 19785 "-" "Mozilla/5.0 (Linux; Android 6.0.1; Nexus 5X Build/MMB29P) AppleWebKit/537.36 (KHTML, like Gecko) Chrome/137.0.7151.103 Mobile Safari/537.36 (compatible; Googlebot/2.1; +http://www.google.com/bot.html)"
66.249.79.237 - - [14/Jul/2025:13:49:46 +0000] "GET /?s=83981099061490&mod=934703eb&uri=brands.php?goodscode/2076374.shtm HTTP/1.1" 200 19413 "-" "Mozilla/5.0 (Linux; Android 6.0.1; Nexus 5X Build/MMB29P) AppleWebKit/537.36 (KHTML, like Gecko) Chrome/137.0.7151.103 Mobile Safari/537.36 (compatible; Googlebot/2.1; +http://www.google.com/bot.html)"
5.23.51.104 - - [14/Jul/2025:13:49:49 +0000] "GET /wp-login.php HTTP/1.1" 200 2013 "-" "Mozilla/5.0 (Windows NT 10.0; Win64; x64) AppleWebKit/537.36 (KHTML, like Gecko) Chrome/130.0.0.0 Safari/537.36"
209.74.77.214 - - [14/Jul/2025:13:49:52 +0000] "POST /wp-cron.php?doing_wp_cron=1752500992.1019198894500732421875 HTTP/1.1" 200 - "-" "WordPress/6.8.1; https://gardenify.com.au"
5.23.51.104 - - [14/Jul/2025:13:49:52 +0000] "POST /wp-login.php HTTP/1.1" 200 2133 "https://gardenify.com.au/wp-login.php" "Mozilla/5.0 (Windows NT 10.0; Win64; x64) AppleWebKit/537.36 (KHTML, like Gecko) Chrome/130.0.0.0 Safari/537.36"
209.74.77.214 - - [14/Jul/2025:13:49:52 +0000] "POST /wp-admin/admin-ajax.php?action=async_litespeed&nonce=Yf1pTX0uhprdB9hwCHiUSV44gQnLstfY&litespeed_type=imgoptm HTTP/1.1" 200 21 "-" "WordPress/6.8.1; https://gardenify.com.au"
209.74.77.214 - - [14/Jul/2025:13:50:07 +0000] "POST /wp-cron.php?doing_wp_cron=1752501007.5734179019927978515625 HTTP/1.1" 200 - "-" "WordPress/6.8.1; https://gardenify.com.au"
202.131.96.220 - - [14/Jul/2025:13:50:07 +0000] "GET /wp-login.php HTTP/1.1" 200 2013 "-" "Mozilla/5.0 (Windows NT 10.0; Win64; x64) AppleWebKit/537.36 (KHTML, like Gecko) Chrome/130.0.0.0 Safari/537.36"
202.131.96.220 - - [14/Jul/2025:13:50:08 +0000] "POST /wp-login.php HTTP/1.1" 200 2133 "https://gardenify.com.au/wp-login.php" "Mozilla/5.0 (Windows NT 10.0; Win64; x64) AppleWebKit/537.36 (KHTML, like Gecko) Chrome/130.0.0.0 Safari/537.36"
66.249.79.236 - - [14/Jul/2025:13:50:44 +0000] "POST /get-message-notify HTTP/1.1" 200 18123 "https://gardenify.com.au/?s=83981099061490&mod=934703eb&uri=brands.php?goodscode/66713.shtm" "Mozilla/5.0 (Linux; Android 6.0.1; Nexus 5X Build/MMB29P) AppleWebKit/537.36 (KHTML, like Gecko) Chrome/137.0.7151.119 Mobile Safari/537.36 (compatible; Googlebot/2.1; +http://www.google.com/bot.html)"
66.249.79.236 - - [14/Jul/2025:13:50:54 +0000] "GET /?s=79576798081490&mod=d1f60334&uri=form.php?goodscode/64888.shtm HTTP/1.1" 200 19464 "-" "Mozilla/5.0 (Linux; Android 6.0.1; Nexus 5X Build/MMB29P) AppleWebKit/537.36 (KHTML, like Gecko) Chrome/137.0.7151.103 Mobile Safari/537.36 (compatible; Googlebot/2.1; +http://www.google.com/bot.html)"
209.74.77.214 - - [14/Jul/2025:13:51:10 +0000] "POST /wp-cron.php?doing_wp_cron=1752501070.9833760261535644531250 HTTP/1.1" 200 - "-" "WordPress/6.8.1; https://gardenify.com.au"
87.249.38.253 - - [14/Jul/2025:13:51:10 +0000] "GET /wp-login.php HTTP/1.1" 200 2013 "-" "Mozilla/5.0 (Windows NT 10.0; Win64; x64) AppleWebKit/537.36 (KHTML, like Gecko) Chrome/130.0.0.0 Safari/537.36"
209.74.77.214 - - [14/Jul/2025:13:51:11 +0000] "POST /wp-admin/admin-ajax.php?action=async_litespeed&nonce=PDsPhNG7f7FbmrfkxsYovPp6kmdRXzVZ&litespeed_type=imgoptm HTTP/1.1" 200 21 "-" "WordPress/6.8.1; https://gardenify.com.au"
87.249.38.253 - - [14/Jul/2025:13:51:11 +0000] "POST /wp-login.php HTTP/1.1" 200 2133 "https://gardenify.com.au/wp-login.php" "Mozilla/5.0 (Windows NT 10.0; Win64; x64) AppleWebKit/537.36 (KHTML, like Gecko) Chrome/130.0.0.0 Safari/537.36"
162.0.216.102 - - [14/Jul/2025:13:51:14 +0000] "GET /wp-login.php HTTP/1.1" 200 2013 "-" "Mozilla/5.0 (Windows NT 10.0; Win64; x64) AppleWebKit/537.36 (KHTML, like Gecko) Chrome/130.0.0.0 Safari/537.36"
162.0.216.102 - - [14/Jul/2025:13:51:14 +0000] "POST /wp-login.php HTTP/1.1" 200 2133 "https://gardenify.com.au/wp-login.php" "Mozilla/5.0 (Windows NT 10.0; Win64; x64) AppleWebKit/537.36 (KHTML, like Gecko) Chrome/130.0.0.0 Safari/537.36"
104.131.163.30 - - [14/Jul/2025:13:51:16 +0000] "GET /wp-login.php HTTP/1.1" 200 2013 "-" "Mozilla/5.0 (Windows NT 10.0; Win64; x64) AppleWebKit/537.36 (KHTML, like Gecko) Chrome/130.0.0.0 Safari/537.36"
104.131.163.30 - - [14/Jul/2025:13:51:16 +0000] "POST /wp-login.php HTTP/1.1" 200 2133 "https://gardenify.com.au/wp-login.php" "Mozilla/5.0 (Windows NT 10.0; Win64; x64) AppleWebKit/537.36 (KHTML, like Gecko) Chrome/130.0.0.0 Safari/537.36"
66.249.79.237 - - [14/Jul/2025:13:52:15 +0000] "GET /?s=79576798081490&mod=d1f60334&uri=form.php?goodscode/67626.shtm HTTP/1.1" 200 19033 "-" "Mozilla/5.0 (Linux; Android 6.0.1; Nexus 5X Build/MMB29P) AppleWebKit/537.36 (KHTML, like Gecko) Chrome/137.0.7151.103 Mobile Safari/537.36 (compatible; Googlebot/2.1; +http://www.google.com/bot.html)"
66.249.79.237 - - [14/Jul/2025:13:52:17 +0000] "GET /?s=79576798081490&mod=d1f60334&uri=form.php?feature/yokohama_maruicity/index.html HTTP/1.1" 200 19215 "-" "Mozilla/5.0 (Linux; Android 6.0.1; Nexus 5X Build/MMB29P) AppleWebKit/537.36 (KHTML, like Gecko) Chrome/137.0.7151.103 Mobile Safari/537.36 (compatible; Googlebot/2.1; +http://www.google.com/bot.html)"
209.74.77.214 - - [14/Jul/2025:13:52:21 +0000] "POST /wp-cron.php?doing_wp_cron=1752501141.3997209072113037109375 HTTP/1.1" 200 - "-" "WordPress/6.8.1; https://gardenify.com.au"
69.163.182.169 - - [14/Jul/2025:13:52:20 +0000] "GET /wp-login.php HTTP/1.1" 200 2013 "-" "Mozilla/5.0 (Windows NT 10.0; Win64; x64) AppleWebKit/537.36 (KHTML, like Gecko) Chrome/130.0.0.0 Safari/537.36"
209.74.77.214 - - [14/Jul/2025:13:52:21 +0000] "POST /wp-admin/admin-ajax.php?action=async_litespeed&nonce=YkMG6Vkf2krz9J016zVmWg94hf8nKcg9&litespeed_type=imgoptm HTTP/1.1" 200 21 "-" "WordPress/6.8.1; https://gardenify.com.au"
69.163.182.169 - - [14/Jul/2025:13:52:23 +0000] "POST /wp-login.php HTTP/1.1" 200 2133 "https://gardenify.com.au/wp-login.php" "Mozilla/5.0 (Windows NT 10.0; Win64; x64) AppleWebKit/537.36 (KHTML, like Gecko) Chrome/130.0.0.0 Safari/537.36"
