Current File : /home/kelaby89/access-logs/gardenify.com.au.sixpack.studio-ssl_log
66.249.79.236 - - [14/Jul/2025:12:05:59 +0000] "GET /?s=83981099061490&mod=934703eb&uri=brands.php?dozin.html HTTP/1.1" 200 19304 "-" "Mozilla/5.0 (Linux; Android 6.0.1; Nexus 5X Build/MMB29P) AppleWebKit/537.36 (KHTML, like Gecko) Chrome/137.0.7151.103 Mobile Safari/537.36 (compatible; Googlebot/2.1; +http://www.google.com/bot.html)"
209.74.77.214 - - [14/Jul/2025:12:06:17 +0000] "POST /wp-cron.php?doing_wp_cron=1752494777.7269868850708007812500 HTTP/1.1" 200 - "-" "WordPress/6.8.1; https://gardenify.com.au"
216.73.216.45 - - [14/Jul/2025:12:06:16 +0000] "GET /goodscode/9911903.shtm HTTP/1.1" 404 11742 "-" "Mozilla/5.0 AppleWebKit/537.36 (KHTML, like Gecko; compatible; ClaudeBot/1.0; [email protected])"
209.74.77.214 - - [14/Jul/2025:12:06:18 +0000] "POST /wp-admin/admin-ajax.php?action=async_litespeed&nonce=vVmgZaqeAy5SdImvRJqkVJWIIpN2pZeL&litespeed_type=imgoptm HTTP/1.1" 200 21 "-" "WordPress/6.8.1; https://gardenify.com.au"
216.73.216.45 - - [14/Jul/2025:12:06:19 +0000] "GET /goodscode/9896049.shtm HTTP/1.1" 404 11742 "-" "Mozilla/5.0 AppleWebKit/537.36 (KHTML, like Gecko; compatible; ClaudeBot/1.0; [email protected])"
216.73.216.45 - - [14/Jul/2025:12:06:23 +0000] "GET /goodscode/9917813.shtm HTTP/1.1" 404 11742 "-" "Mozilla/5.0 AppleWebKit/537.36 (KHTML, like Gecko; compatible; ClaudeBot/1.0; [email protected])"
216.73.216.45 - - [14/Jul/2025:12:06:25 +0000] "GET /goodscode/9900172.shtm HTTP/1.1" 404 11742 "-" "Mozilla/5.0 AppleWebKit/537.36 (KHTML, like Gecko; compatible; ClaudeBot/1.0; [email protected])"
216.73.216.45 - - [14/Jul/2025:12:06:28 +0000] "GET /goodscode/9912882.shtm HTTP/1.1" 404 11742 "-" "Mozilla/5.0 AppleWebKit/537.36 (KHTML, like Gecko; compatible; ClaudeBot/1.0; [email protected])"
216.73.216.45 - - [14/Jul/2025:12:06:31 +0000] "GET /goodscode/9917295.shtm HTTP/1.1" 404 11742 "-" "Mozilla/5.0 AppleWebKit/537.36 (KHTML, like Gecko; compatible; ClaudeBot/1.0; [email protected])"
66.249.79.236 - - [14/Jul/2025:12:06:54 +0000] "GET /?s=80969826021490&mod=178b79d3&uri=brands.php?goodscode/67369.shtm HTTP/1.1" 200 19004 "-" "Mozilla/5.0 (Linux; Android 6.0.1; Nexus 5X Build/MMB29P) AppleWebKit/537.36 (KHTML, like Gecko) Chrome/137.0.7151.103 Mobile Safari/537.36 (compatible; Googlebot/2.1; +http://www.google.com/bot.html)"
66.249.79.237 - - [14/Jul/2025:12:07:06 +0000] "POST /get-message-notify HTTP/1.1" 200 18123 "https://gardenify.com.au/?s=80969826021490&mod=178b79d3&uri=brands.php?goodscode/67369.shtm" "Mozilla/5.0 (Linux; Android 6.0.1; Nexus 5X Build/MMB29P) AppleWebKit/537.36 (KHTML, like Gecko) Chrome/137.0.7151.119 Mobile Safari/537.36 (compatible; Googlebot/2.1; +http://www.google.com/bot.html)"
66.249.79.237 - - [14/Jul/2025:12:08:09 +0000] "GET /?s=84070351011490&mod=9cecbb6f&uri=search.php?cargo/detail HTTP/1.1" 200 19520 "-" "Mozilla/5.0 (Linux; Android 6.0.1; Nexus 5X Build/MMB29P) AppleWebKit/537.36 (KHTML, like Gecko) Chrome/137.0.7151.103 Mobile Safari/537.36 (compatible; Googlebot/2.1; +http://www.google.com/bot.html)"
66.249.79.236 - - [14/Jul/2025:12:08:14 +0000] "GET /?s=80969286001490&mod=0a6b8177&uri=shared.php?goodscode/66228.shtm HTTP/1.1" 200 18709 "-" "Mozilla/5.0 (Linux; Android 6.0.1; Nexus 5X Build/MMB29P) AppleWebKit/537.36 (KHTML, like Gecko) Chrome/137.0.7151.103 Mobile Safari/537.36 (compatible; Googlebot/2.1; +http://www.google.com/bot.html)"
216.73.216.45 - - [14/Jul/2025:12:08:17 +0000] "GET /robots.txt HTTP/1.1" 200 96 "-" "Mozilla/5.0 AppleWebKit/537.36 (KHTML, like Gecko; compatible; ClaudeBot/1.0; [email protected])"
209.74.77.214 - - [14/Jul/2025:12:08:18 +0000] "POST /wp-cron.php?doing_wp_cron=1752494898.4558069705963134765625 HTTP/1.1" 200 - "-" "WordPress/6.8.1; https://gardenify.com.au"
216.73.216.45 - - [14/Jul/2025:12:08:17 +0000] "GET /goodscode/9898945.shtm HTTP/1.1" 404 11743 "-" "Mozilla/5.0 AppleWebKit/537.36 (KHTML, like Gecko; compatible; ClaudeBot/1.0; [email protected])"
209.74.77.214 - - [14/Jul/2025:12:08:18 +0000] "POST /wp-admin/admin-ajax.php?action=async_litespeed&nonce=FbKQfkyPoWrJwZQN0A7nxIEvXUILbuZL&litespeed_type=imgoptm HTTP/1.1" 200 21 "-" "WordPress/6.8.1; https://gardenify.com.au"
216.73.216.45 - - [14/Jul/2025:12:08:20 +0000] "GET /goodscode/9904750.shtm HTTP/1.1" 404 11742 "-" "Mozilla/5.0 AppleWebKit/537.36 (KHTML, like Gecko; compatible; ClaudeBot/1.0; [email protected])"
216.73.216.45 - - [14/Jul/2025:12:08:23 +0000] "GET /goodscode/9897194.shtm HTTP/1.1" 404 11742 "-" "Mozilla/5.0 AppleWebKit/537.36 (KHTML, like Gecko; compatible; ClaudeBot/1.0; [email protected])"
216.73.216.45 - - [14/Jul/2025:12:08:26 +0000] "GET /goodscode/9909034.shtm HTTP/1.1" 404 11742 "-" "Mozilla/5.0 AppleWebKit/537.36 (KHTML, like Gecko; compatible; ClaudeBot/1.0; [email protected])"
216.73.216.45 - - [14/Jul/2025:12:08:29 +0000] "GET /goodscode/9916296.shtm HTTP/1.1" 404 11742 "-" "Mozilla/5.0 AppleWebKit/537.36 (KHTML, like Gecko; compatible; ClaudeBot/1.0; [email protected])"
148.113.215.73 - - [14/Jul/2025:12:08:30 +0000] "GET /wp-login.php HTTP/1.1" 200 2013 "-" "Mozilla/5.0 (Windows NT 10.0; Win64; x64) AppleWebKit/537.36 (KHTML, like Gecko) Chrome/130.0.0.0 Safari/537.36"
148.113.215.73 - - [14/Jul/2025:12:08:31 +0000] "POST /wp-login.php HTTP/1.1" 200 2133 "https://gardenify.com.au/wp-login.php" "Mozilla/5.0 (Windows NT 10.0; Win64; x64) AppleWebKit/537.36 (KHTML, like Gecko) Chrome/130.0.0.0 Safari/537.36"
216.73.216.45 - - [14/Jul/2025:12:08:32 +0000] "GET /goodscode/9910783.shtm HTTP/1.1" 404 11742 "-" "Mozilla/5.0 AppleWebKit/537.36 (KHTML, like Gecko; compatible; ClaudeBot/1.0; [email protected])"
66.249.79.236 - - [14/Jul/2025:12:08:41 +0000] "GET /?s=84070351011490&mod=9cecbb6f&uri=search.php?hobby.html HTTP/1.1" 200 19576 "-" "Mozilla/5.0 (Linux; Android 6.0.1; Nexus 5X Build/MMB29P) AppleWebKit/537.36 (KHTML, like Gecko) Chrome/137.0.7151.103 Mobile Safari/537.36 (compatible; Googlebot/2.1; +http://www.google.com/bot.html)"
66.249.79.238 - - [14/Jul/2025:12:09:02 +0000] "POST /get-message-notify HTTP/1.1" 200 18123 "https://gardenify.com.au/?s=80969286001490&mod=0a6b8177&uri=shared.php?goodscode/66228.shtm" "Mozilla/5.0 (Linux; Android 6.0.1; Nexus 5X Build/MMB29P) AppleWebKit/537.36 (KHTML, like Gecko) Chrome/137.0.7151.119 Mobile Safari/537.36 (compatible; Googlebot/2.1; +http://www.google.com/bot.html)"
66.249.79.237 - - [14/Jul/2025:12:09:12 +0000] "GET /?s=84070351011490&mod=9cecbb6f&uri=search.php?goodscode/66896.shtm HTTP/1.1" 200 18303 "-" "Mozilla/5.0 (Linux; Android 6.0.1; Nexus 5X Build/MMB29P) AppleWebKit/537.36 (KHTML, like Gecko) Chrome/137.0.7151.103 Mobile Safari/537.36 (compatible; Googlebot/2.1; +http://www.google.com/bot.html)"
209.74.77.214 - - [14/Jul/2025:12:09:40 +0000] "POST /wp-cron.php?doing_wp_cron=1752494980.7774930000305175781250 HTTP/1.1" 200 - "-" "WordPress/6.8.1; https://gardenify.com.au"
216.73.216.45 - - [14/Jul/2025:12:09:40 +0000] "GET /goodscode/9890248.shtm HTTP/1.1" 404 11742 "-" "Mozilla/5.0 AppleWebKit/537.36 (KHTML, like Gecko; compatible; ClaudeBot/1.0; [email protected])"
209.74.77.214 - - [14/Jul/2025:12:09:40 +0000] "POST /wp-admin/admin-ajax.php?action=async_litespeed&nonce=S7MUMu8bG2HX6mV467Uuv20DZbnoUQhe&litespeed_type=imgoptm HTTP/1.1" 200 21 "-" "WordPress/6.8.1; https://gardenify.com.au"
216.73.216.45 - - [14/Jul/2025:12:09:43 +0000] "GET /goodscode/9904041.shtm HTTP/1.1" 404 11742 "-" "Mozilla/5.0 AppleWebKit/537.36 (KHTML, like Gecko; compatible; ClaudeBot/1.0; [email protected])"
216.73.216.45 - - [14/Jul/2025:12:09:46 +0000] "GET /goodscode/9919098.shtm HTTP/1.1" 404 11742 "-" "Mozilla/5.0 AppleWebKit/537.36 (KHTML, like Gecko; compatible; ClaudeBot/1.0; [email protected])"
216.73.216.45 - - [14/Jul/2025:12:09:49 +0000] "GET /goodscode/9908664.shtm HTTP/1.1" 404 11742 "-" "Mozilla/5.0 AppleWebKit/537.36 (KHTML, like Gecko; compatible; ClaudeBot/1.0; [email protected])"
209.74.77.214 - - [14/Jul/2025:12:09:52 +0000] "POST /wp-cron.php?doing_wp_cron=1752494992.5710139274597167968750 HTTP/1.1" 200 - "-" "WordPress/6.8.1; https://gardenify.com.au"
216.73.216.45 - - [14/Jul/2025:12:09:52 +0000] "GET /goodscode/9914520.shtm HTTP/1.1" 404 11742 "-" "Mozilla/5.0 AppleWebKit/537.36 (KHTML, like Gecko; compatible; ClaudeBot/1.0; [email protected])"
209.74.77.214 - - [14/Jul/2025:12:09:52 +0000] "POST /wp-admin/admin-ajax.php?action=async_litespeed&nonce=7EXIJZ6DlaTl3Z4DL4uud3YcPR58kB8U&litespeed_type=imgoptm HTTP/1.1" 200 21 "-" "WordPress/6.8.1; https://gardenify.com.au"
66.249.79.236 - - [14/Jul/2025:12:09:53 +0000] "GET /?s=84070351011490&mod=9cecbb6f&uri=search.php?goodscode/67626.shtm HTTP/1.1" 200 19032 "-" "Mozilla/5.0 (Linux; Android 6.0.1; Nexus 5X Build/MMB29P) AppleWebKit/537.36 (KHTML, like Gecko) Chrome/137.0.7151.103 Mobile Safari/537.36 (compatible; Googlebot/2.1; +http://www.google.com/bot.html)"
209.74.77.214 - - [14/Jul/2025:12:09:55 +0000] "POST /wp-cron.php?doing_wp_cron=1752494995.5759000778198242187500 HTTP/1.1" 200 - "-" "WordPress/6.8.1; https://gardenify.com.au"
216.73.216.45 - - [14/Jul/2025:12:09:55 +0000] "GET /goodscode/9912372.shtm HTTP/1.1" 404 11742 "-" "Mozilla/5.0 AppleWebKit/537.36 (KHTML, like Gecko; compatible; ClaudeBot/1.0; [email protected])"
66.249.79.236 - - [14/Jul/2025:12:10:04 +0000] "GET /?s=84070351011490&mod=9cecbb6f&uri=search.php?goodscode/67821.shtm HTTP/1.1" 200 19083 "-" "Mozilla/5.0 (Linux; Android 6.0.1; Nexus 5X Build/MMB29P) AppleWebKit/537.36 (KHTML, like Gecko) Chrome/137.0.7151.103 Mobile Safari/537.36 (compatible; Googlebot/2.1; +http://www.google.com/bot.html)"
66.249.79.236 - - [14/Jul/2025:12:10:10 +0000] "POST /get-message-notify HTTP/1.1" 200 18123 "https://gardenify.com.au/?s=84070351011490&mod=9cecbb6f&uri=search.php?goodscode/67626.shtm" "Mozilla/5.0 (Linux; Android 6.0.1; Nexus 5X Build/MMB29P) AppleWebKit/537.36 (KHTML, like Gecko) Chrome/137.0.7151.119 Mobile Safari/537.36 (compatible; Googlebot/2.1; +http://www.google.com/bot.html)"
66.249.79.236 - - [14/Jul/2025:12:10:25 +0000] "GET /?s=84070351011490&mod=9cecbb6f&uri=search.php?goodscode/66146.shtm HTTP/1.1" 200 19257 "-" "Mozilla/5.0 (Linux; Android 6.0.1; Nexus 5X Build/MMB29P) AppleWebKit/537.36 (KHTML, like Gecko) Chrome/137.0.7151.103 Mobile Safari/537.36 (compatible; Googlebot/2.1; +http://www.google.com/bot.html)"
66.249.79.236 - - [14/Jul/2025:12:10:25 +0000] "GET /?s=84070351011490&mod=9cecbb6f&uri=search.php?man/kaitori/kaitoritop.html HTTP/1.1" 200 18702 "-" "Mozilla/5.0 (Linux; Android 6.0.1; Nexus 5X Build/MMB29P) AppleWebKit/537.36 (KHTML, like Gecko) Chrome/137.0.7151.103 Mobile Safari/537.36 (compatible; Googlebot/2.1; +http://www.google.com/bot.html)"
181.204.91.19 - - [14/Jul/2025:12:10:33 +0000] "GET /wp-login.php HTTP/1.1" 200 2013 "-" "Mozilla/5.0 (Windows NT 10.0; Win64; x64) AppleWebKit/537.36 (KHTML, like Gecko) Chrome/130.0.0.0 Safari/537.36"
181.204.91.19 - - [14/Jul/2025:12:10:34 +0000] "POST /wp-login.php HTTP/1.1" 200 2133 "https://gardenify.com.au/wp-login.php" "Mozilla/5.0 (Windows NT 10.0; Win64; x64) AppleWebKit/537.36 (KHTML, like Gecko) Chrome/130.0.0.0 Safari/537.36"
216.73.216.45 - - [14/Jul/2025:12:10:50 +0000] "GET /goodscode/9897878.shtm HTTP/1.1" 404 11742 "-" "Mozilla/5.0 AppleWebKit/537.36 (KHTML, like Gecko; compatible; ClaudeBot/1.0; [email protected])"
209.74.77.214 - - [14/Jul/2025:12:10:53 +0000] "POST /wp-cron.php?doing_wp_cron=1752495053.4938440322875976562500 HTTP/1.1" 200 - "-" "WordPress/6.8.1; https://gardenify.com.au"
216.73.216.45 - - [14/Jul/2025:12:10:53 +0000] "GET /goodscode/9911747.shtm HTTP/1.1" 404 11742 "-" "Mozilla/5.0 AppleWebKit/537.36 (KHTML, like Gecko; compatible; ClaudeBot/1.0; [email protected])"
209.74.77.214 - - [14/Jul/2025:12:10:53 +0000] "POST /wp-admin/admin-ajax.php?action=async_litespeed&nonce=g7Fa4dYmLWtnIWtlevHim9jsNK3gdl5v&litespeed_type=imgoptm HTTP/1.1" 200 21 "-" "WordPress/6.8.1; https://gardenify.com.au"
209.74.77.214 - - [14/Jul/2025:12:10:56 +0000] "POST /wp-cron.php?doing_wp_cron=1752495056.4863219261169433593750 HTTP/1.1" 200 - "-" "WordPress/6.8.1; https://gardenify.com.au"
216.73.216.45 - - [14/Jul/2025:12:10:56 +0000] "GET /goodscode/9914380.shtm HTTP/1.1" 404 11742 "-" "Mozilla/5.0 AppleWebKit/537.36 (KHTML, like Gecko; compatible; ClaudeBot/1.0; [email protected])"
66.249.79.236 - - [14/Jul/2025:12:10:58 +0000] "GET /?s=84070351011490&mod=9cecbb6f&uri=search.php?goodscode/67895.shtm HTTP/1.1" 200 19416 "-" "Mozilla/5.0 (Linux; Android 6.0.1; Nexus 5X Build/MMB29P) AppleWebKit/537.36 (KHTML, like Gecko) Chrome/137.0.7151.103 Mobile Safari/537.36 (compatible; Googlebot/2.1; +http://www.google.com/bot.html)"
216.73.216.45 - - [14/Jul/2025:12:10:59 +0000] "GET /goodscode/9914814.shtm HTTP/1.1" 404 11742 "-" "Mozilla/5.0 AppleWebKit/537.36 (KHTML, like Gecko; compatible; ClaudeBot/1.0; [email protected])"
216.73.216.45 - - [14/Jul/2025:12:11:02 +0000] "GET /goodscode/9917618.shtm HTTP/1.1" 404 11742 "-" "Mozilla/5.0 AppleWebKit/537.36 (KHTML, like Gecko; compatible; ClaudeBot/1.0; [email protected])"
66.249.79.237 - - [14/Jul/2025:12:11:04 +0000] "POST /get-message-notify HTTP/1.1" 200 18123 "https://gardenify.com.au/?s=84070351011490&mod=9cecbb6f&uri=search.php?goodscode/67895.shtm" "Mozilla/5.0 (Linux; Android 6.0.1; Nexus 5X Build/MMB29P) AppleWebKit/537.36 (KHTML, like Gecko) Chrome/137.0.7151.119 Mobile Safari/537.36 (compatible; Googlebot/2.1; +http://www.google.com/bot.html)"
66.249.79.236 - - [14/Jul/2025:12:11:04 +0000] "GET /?s=84070351011490&mod=9cecbb6f&uri=search.php?goodscode/66830.shtm HTTP/1.1" 200 19128 "-" "Mozilla/5.0 (Linux; Android 6.0.1; Nexus 5X Build/MMB29P) AppleWebKit/537.36 (KHTML, like Gecko) Chrome/137.0.7151.103 Mobile Safari/537.36 (compatible; Googlebot/2.1; +http://www.google.com/bot.html)"
216.73.216.45 - - [14/Jul/2025:12:11:05 +0000] "GET /goodscode/9902012.shtm HTTP/1.1" 404 11742 "-" "Mozilla/5.0 AppleWebKit/537.36 (KHTML, like Gecko; compatible; ClaudeBot/1.0; [email protected])"
66.249.79.237 - - [14/Jul/2025:12:11:07 +0000] "GET /?s=114111042021490&mod=e11ee596&uri=itm.php?goodscode/2178451.shtm HTTP/1.1" 200 18851 "-" "Mozilla/5.0 (Linux; Android 6.0.1; Nexus 5X Build/MMB29P) AppleWebKit/537.36 (KHTML, like Gecko) Chrome/137.0.7151.103 Mobile Safari/537.36 (compatible; Googlebot/2.1; +http://www.google.com/bot.html)"
66.249.79.236 - - [14/Jul/2025:12:11:08 +0000] "POST /get-message-notify HTTP/1.1" 200 18123 "https://gardenify.com.au/?s=84070351011490&mod=9cecbb6f&uri=search.php?goodscode/66830.shtm" "Mozilla/5.0 AppleWebKit/537.36 (KHTML, like Gecko; compatible; Googlebot/2.1; +http://www.google.com/bot.html) Chrome/137.0.7151.119 Safari/537.36"
66.249.79.236 - - [14/Jul/2025:12:11:10 +0000] "POST /get-message-notify HTTP/1.1" 200 18123 "https://gardenify.com.au/?s=84070351011490&mod=9cecbb6f&uri=search.php?goodscode/66830.shtm" "Mozilla/5.0 (Linux; Android 6.0.1; Nexus 5X Build/MMB29P) AppleWebKit/537.36 (KHTML, like Gecko) Chrome/137.0.7151.119 Mobile Safari/537.36 (compatible; Googlebot/2.1; +http://www.google.com/bot.html)"
66.249.79.236 - - [14/Jul/2025:12:11:11 +0000] "GET /?s=84063751011490&mod=9cecbb6f&uri=shared.php?goodscode/66055.shtm HTTP/1.1" 200 18541 "-" "Mozilla/5.0 (Linux; Android 6.0.1; Nexus 5X Build/MMB29P) AppleWebKit/537.36 (KHTML, like Gecko) Chrome/137.0.7151.103 Mobile Safari/537.36 (compatible; Googlebot/2.1; +http://www.google.com/bot.html)"
66.249.79.236 - - [14/Jul/2025:12:11:14 +0000] "GET /?s=119315183011490&mod=bbe21bea&uri=itm.php?goodscode/64797.shtm HTTP/1.1" 200 18703 "-" "Mozilla/5.0 (Linux; Android 6.0.1; Nexus 5X Build/MMB29P) AppleWebKit/537.36 (KHTML, like Gecko) Chrome/137.0.7151.103 Mobile Safari/537.36 (compatible; Googlebot/2.1; +http://www.google.com/bot.html)"
66.249.79.236 - - [14/Jul/2025:12:11:19 +0000] "GET /?s=119315183011490&mod=bbe21bea&uri=itm.php?feature/akihabara_main/index.html HTTP/1.1" 200 19533 "-" "Mozilla/5.0 (Linux; Android 6.0.1; Nexus 5X Build/MMB29P) AppleWebKit/537.36 (KHTML, like Gecko) Chrome/137.0.7151.103 Mobile Safari/537.36 (compatible; Googlebot/2.1; +http://www.google.com/bot.html)"
66.249.79.236 - - [14/Jul/2025:12:11:33 +0000] "GET /?s=119315183011490&mod=bbe21bea&uri=itm.php?toiawase HTTP/1.1" 200 19419 "-" "Mozilla/5.0 (Linux; Android 6.0.1; Nexus 5X Build/MMB29P) AppleWebKit/537.36 (KHTML, like Gecko) Chrome/137.0.7151.103 Mobile Safari/537.36 (compatible; Googlebot/2.1; +http://www.google.com/bot.html)"
209.74.77.214 - - [14/Jul/2025:12:11:59 +0000] "POST /wp-cron.php?doing_wp_cron=1752495119.4623579978942871093750 HTTP/1.1" 200 - "-" "WordPress/6.8.1; https://gardenify.com.au"
216.73.216.45 - - [14/Jul/2025:12:11:59 +0000] "GET /goodscode/9907044.shtm HTTP/1.1" 404 11742 "-" "Mozilla/5.0 AppleWebKit/537.36 (KHTML, like Gecko; compatible; ClaudeBot/1.0; [email protected])"
209.74.77.214 - - [14/Jul/2025:12:11:59 +0000] "POST /wp-admin/admin-ajax.php?action=async_litespeed&nonce=kchcjXzVXDldO8A9hgA3rdONx5SmQdem&litespeed_type=imgoptm HTTP/1.1" 200 21 "-" "WordPress/6.8.1; https://gardenify.com.au"
216.73.216.45 - - [14/Jul/2025:12:12:02 +0000] "GET /goodscode/9903270.shtm HTTP/1.1" 404 11742 "-" "Mozilla/5.0 AppleWebKit/537.36 (KHTML, like Gecko; compatible; ClaudeBot/1.0; [email protected])"
216.73.216.45 - - [14/Jul/2025:12:12:05 +0000] "GET /goodscode/9916113.shtm HTTP/1.1" 404 11742 "-" "Mozilla/5.0 AppleWebKit/537.36 (KHTML, like Gecko; compatible; ClaudeBot/1.0; [email protected])"
216.73.216.45 - - [14/Jul/2025:12:12:08 +0000] "GET /goodscode/9923038.shtm HTTP/1.1" 404 11742 "-" "Mozilla/5.0 AppleWebKit/537.36 (KHTML, like Gecko; compatible; ClaudeBot/1.0; [email protected])"
216.73.216.45 - - [14/Jul/2025:12:12:11 +0000] "GET /goodscode/9908573.shtm HTTP/1.1" 404 11742 "-" "Mozilla/5.0 AppleWebKit/537.36 (KHTML, like Gecko; compatible; ClaudeBot/1.0; [email protected])"
216.73.216.45 - - [14/Jul/2025:12:12:14 +0000] "GET /goodscode/9907603.shtm HTTP/1.1" 404 11742 "-" "Mozilla/5.0 AppleWebKit/537.36 (KHTML, like Gecko; compatible; ClaudeBot/1.0; [email protected])"
188.225.21.131 - - [14/Jul/2025:12:12:23 +0000] "GET /wp-login.php HTTP/1.1" 200 2013 "-" "Mozilla/5.0 (Windows NT 10.0; Win64; x64) AppleWebKit/537.36 (KHTML, like Gecko) Chrome/130.0.0.0 Safari/537.36"
188.225.21.131 - - [14/Jul/2025:12:12:24 +0000] "POST /wp-login.php HTTP/1.1" 200 2133 "https://gardenify.com.au/wp-login.php" "Mozilla/5.0 (Windows NT 10.0; Win64; x64) AppleWebKit/537.36 (KHTML, like Gecko) Chrome/130.0.0.0 Safari/537.36"
209.74.77.214 - - [14/Jul/2025:12:13:00 +0000] "POST /wp-cron.php?doing_wp_cron=1752495180.6042850017547607421875 HTTP/1.1" 200 - "-" "WordPress/6.8.1; https://gardenify.com.au"
216.73.216.45 - - [14/Jul/2025:12:12:59 +0000] "GET /goodscode/9918555.shtm HTTP/1.1" 404 11742 "-" "Mozilla/5.0 AppleWebKit/537.36 (KHTML, like Gecko; compatible; ClaudeBot/1.0; [email protected])"
209.74.77.214 - - [14/Jul/2025:12:13:00 +0000] "POST /wp-admin/admin-ajax.php?action=async_litespeed&nonce=9twgQuyR2FhUGPcjipnH3Ckb7oC74tHO&litespeed_type=imgoptm HTTP/1.1" 200 21 "-" "WordPress/6.8.1; https://gardenify.com.au"
216.73.216.45 - - [14/Jul/2025:12:13:02 +0000] "GET /goodscode/9892803.shtm HTTP/1.1" 404 11742 "-" "Mozilla/5.0 AppleWebKit/537.36 (KHTML, like Gecko; compatible; ClaudeBot/1.0; [email protected])"
216.73.216.45 - - [14/Jul/2025:12:13:05 +0000] "GET /goodscode/9907350.shtm HTTP/1.1" 404 11742 "-" "Mozilla/5.0 AppleWebKit/537.36 (KHTML, like Gecko; compatible; ClaudeBot/1.0; [email protected])"
216.73.216.45 - - [14/Jul/2025:12:13:08 +0000] "GET /goodscode/9915860.shtm HTTP/1.1" 404 11742 "-" "Mozilla/5.0 AppleWebKit/537.36 (KHTML, like Gecko; compatible; ClaudeBot/1.0; [email protected])"
216.73.216.45 - - [14/Jul/2025:12:13:11 +0000] "GET /goodscode/9903153.shtm HTTP/1.1" 404 11742 "-" "Mozilla/5.0 AppleWebKit/537.36 (KHTML, like Gecko; compatible; ClaudeBot/1.0; [email protected])"
216.73.216.45 - - [14/Jul/2025:12:13:14 +0000] "GET /goodscode/9907167.shtm HTTP/1.1" 404 11742 "-" "Mozilla/5.0 AppleWebKit/537.36 (KHTML, like Gecko; compatible; ClaudeBot/1.0; [email protected])"
216.73.216.45 - - [14/Jul/2025:12:13:48 +0000] "GET /goodscode/9902448.shtm HTTP/1.1" 404 11742 "-" "Mozilla/5.0 AppleWebKit/537.36 (KHTML, like Gecko; compatible; ClaudeBot/1.0; [email protected])"
209.74.77.214 - - [14/Jul/2025:12:13:51 +0000] "POST /wp-cron.php?doing_wp_cron=1752495231.3567080497741699218750 HTTP/1.1" 200 - "-" "WordPress/6.8.1; https://gardenify.com.au"
162.241.218.163 - - [14/Jul/2025:12:13:51 +0000] "GET /wp-login.php HTTP/1.1" 200 2013 "-" "Mozilla/5.0 (Windows NT 10.0; Win64; x64) AppleWebKit/537.36 (KHTML, like Gecko) Chrome/130.0.0.0 Safari/537.36"
209.74.77.214 - - [14/Jul/2025:12:13:51 +0000] "POST /wp-admin/admin-ajax.php?action=async_litespeed&nonce=5FO7SXak0VHm59ru8plH6qdVuz072Xte&litespeed_type=imgoptm HTTP/1.1" 200 21 "-" "WordPress/6.8.1; https://gardenify.com.au"
216.73.216.45 - - [14/Jul/2025:12:13:51 +0000] "GET /goodscode/9900764.shtm HTTP/1.1" 404 11742 "-" "Mozilla/5.0 AppleWebKit/537.36 (KHTML, like Gecko; compatible; ClaudeBot/1.0; [email protected])"
209.74.77.214 - - [14/Jul/2025:12:13:54 +0000] "POST /wp-cron.php?doing_wp_cron=1752495234.3750600814819335937500 HTTP/1.1" 200 - "-" "WordPress/6.8.1; https://gardenify.com.au"
162.241.218.163 - - [14/Jul/2025:12:13:54 +0000] "POST /wp-login.php HTTP/1.1" 200 2133 "https://gardenify.com.au/wp-login.php" "Mozilla/5.0 (Windows NT 10.0; Win64; x64) AppleWebKit/537.36 (KHTML, like Gecko) Chrome/130.0.0.0 Safari/537.36"
216.73.216.45 - - [14/Jul/2025:12:13:54 +0000] "GET /goodscode/9919729.shtm HTTP/1.1" 404 11742 "-" "Mozilla/5.0 AppleWebKit/537.36 (KHTML, like Gecko; compatible; ClaudeBot/1.0; [email protected])"
216.73.216.45 - - [14/Jul/2025:12:13:57 +0000] "GET /goodscode/9901673.shtm HTTP/1.1" 404 11742 "-" "Mozilla/5.0 AppleWebKit/537.36 (KHTML, like Gecko; compatible; ClaudeBot/1.0; [email protected])"
216.73.216.45 - - [14/Jul/2025:12:14:00 +0000] "GET /goodscode/9902974.shtm HTTP/1.1" 404 11742 "-" "Mozilla/5.0 AppleWebKit/537.36 (KHTML, like Gecko; compatible; ClaudeBot/1.0; [email protected])"
216.73.216.45 - - [14/Jul/2025:12:14:03 +0000] "GET /goodscode/9921069.shtm HTTP/1.1" 404 11742 "-" "Mozilla/5.0 AppleWebKit/537.36 (KHTML, like Gecko; compatible; ClaudeBot/1.0; [email protected])"
209.74.77.214 - - [14/Jul/2025:12:15:29 +0000] "POST /wp-cron.php?doing_wp_cron=1752495329.1035559177398681640625 HTTP/1.1" 200 - "-" "WordPress/6.8.1; https://gardenify.com.au"
216.73.216.45 - - [14/Jul/2025:12:15:27 +0000] "GET /goodscode/9912604.shtm HTTP/1.1" 404 11742 "-" "Mozilla/5.0 AppleWebKit/537.36 (KHTML, like Gecko; compatible; ClaudeBot/1.0; [email protected])"
209.74.77.214 - - [14/Jul/2025:12:15:29 +0000] "POST /wp-admin/admin-ajax.php?action=async_litespeed&nonce=XXImg7bDwbFoWwlCGPXtxI2nofhN0lmE&litespeed_type=imgoptm HTTP/1.1" 200 21 "-" "WordPress/6.8.1; https://gardenify.com.au"
216.73.216.45 - - [14/Jul/2025:12:15:31 +0000] "GET /goodscode/9908378.shtm HTTP/1.1" 404 11742 "-" "Mozilla/5.0 AppleWebKit/537.36 (KHTML, like Gecko; compatible; ClaudeBot/1.0; [email protected])"
216.73.216.45 - - [14/Jul/2025:12:15:33 +0000] "GET /goodscode/9920413.shtm HTTP/1.1" 404 11742 "-" "Mozilla/5.0 AppleWebKit/537.36 (KHTML, like Gecko; compatible; ClaudeBot/1.0; [email protected])"
216.73.216.45 - - [14/Jul/2025:12:15:36 +0000] "GET /goodscode/9890182.shtm HTTP/1.1" 404 11742 "-" "Mozilla/5.0 AppleWebKit/537.36 (KHTML, like Gecko; compatible; ClaudeBot/1.0; [email protected])"
216.73.216.45 - - [14/Jul/2025:12:15:39 +0000] "GET /goodscode/9906715.shtm HTTP/1.1" 404 11742 "-" "Mozilla/5.0 AppleWebKit/537.36 (KHTML, like Gecko; compatible; ClaudeBot/1.0; [email protected])"
216.73.216.45 - - [14/Jul/2025:12:15:42 +0000] "GET /goodscode/9918598.shtm HTTP/1.1" 404 11742 "-" "Mozilla/5.0 AppleWebKit/537.36 (KHTML, like Gecko; compatible; ClaudeBot/1.0; [email protected])"
66.249.79.237 - - [14/Jul/2025:12:15:47 +0000] "GET /?s=79600674051490&mod=c7e6d11d&uri=search.php%3Fid%3D2656378-706%26name%3Dshein+sueter+largo HTTP/1.1" 200 18789 "-" "Mozilla/5.0 (compatible; Googlebot/2.1; +http://www.google.com/bot.html)"
66.249.79.236 - - [14/Jul/2025:12:16:02 +0000] "GET /?s=80966496031490&mod=178b79d3&uri=info.php?goodscode/65001.shtm HTTP/1.1" 200 18999 "-" "Mozilla/5.0 (Linux; Android 6.0.1; Nexus 5X Build/MMB29P) AppleWebKit/537.36 (KHTML, like Gecko) Chrome/137.0.7151.103 Mobile Safari/537.36 (compatible; Googlebot/2.1; +http://www.google.com/bot.html)"
66.249.79.236 - - [14/Jul/2025:12:16:23 +0000] "GET /?s=80969826021490&mod=178b79d3&uri=brands.php?goodscode/66738.shtm HTTP/1.1" 200 18711 "-" "Mozilla/5.0 (Linux; Android 6.0.1; Nexus 5X Build/MMB29P) AppleWebKit/537.36 (KHTML, like Gecko) Chrome/137.0.7151.103 Mobile Safari/537.36 (compatible; Googlebot/2.1; +http://www.google.com/bot.html)"
209.74.77.214 - - [14/Jul/2025:12:16:35 +0000] "POST /wp-cron.php?doing_wp_cron=1752495395.7558939456939697265625 HTTP/1.1" 200 - "-" "WordPress/6.8.1; https://gardenify.com.au"
216.73.216.45 - - [14/Jul/2025:12:16:35 +0000] "GET /goodscode/9889925.shtm HTTP/1.1" 404 11742 "-" "Mozilla/5.0 AppleWebKit/537.36 (KHTML, like Gecko; compatible; ClaudeBot/1.0; [email protected])"
209.74.77.214 - - [14/Jul/2025:12:16:35 +0000] "POST /wp-admin/admin-ajax.php?action=async_litespeed&nonce=HYVc3llKPq0ilD8PuoXYM1ze86WRgTe7&litespeed_type=imgoptm HTTP/1.1" 200 21 "-" "WordPress/6.8.1; https://gardenify.com.au"
216.73.216.45 - - [14/Jul/2025:12:16:38 +0000] "GET /goodscode/9918738.shtm HTTP/1.1" 404 11742 "-" "Mozilla/5.0 AppleWebKit/537.36 (KHTML, like Gecko; compatible; ClaudeBot/1.0; [email protected])"
216.73.216.45 - - [14/Jul/2025:12:16:41 +0000] "GET /goodscode/9922329.shtm HTTP/1.1" 404 11742 "-" "Mozilla/5.0 AppleWebKit/537.36 (KHTML, like Gecko; compatible; ClaudeBot/1.0; [email protected])"
66.249.79.236 - - [14/Jul/2025:12:16:44 +0000] "GET /?s=80969826021490&mod=178b79d3&uri=brands.php?feature/campaign/index.html HTTP/1.1" 200 19485 "-" "Mozilla/5.0 (Linux; Android 6.0.1; Nexus 5X Build/MMB29P) AppleWebKit/537.36 (KHTML, like Gecko) Chrome/137.0.7151.103 Mobile Safari/537.36 (compatible; Googlebot/2.1; +http://www.google.com/bot.html)"
216.73.216.45 - - [14/Jul/2025:12:16:44 +0000] "GET /goodscode/9922076.shtm HTTP/1.1" 404 11742 "-" "Mozilla/5.0 AppleWebKit/537.36 (KHTML, like Gecko; compatible; ClaudeBot/1.0; [email protected])"
216.73.216.45 - - [14/Jul/2025:12:16:47 +0000] "GET /goodscode/9911219.shtm HTTP/1.1" 404 11742 "-" "Mozilla/5.0 AppleWebKit/537.36 (KHTML, like Gecko; compatible; ClaudeBot/1.0; [email protected])"
209.74.77.214 - - [14/Jul/2025:12:16:52 +0000] "POST /wp-cron.php?doing_wp_cron=1752495412.3230431079864501953125 HTTP/1.1" 200 - "-" "WordPress/6.8.1; https://gardenify.com.au"
216.73.216.45 - - [14/Jul/2025:12:16:52 +0000] "GET /goodscode/9905595.shtm HTTP/1.1" 404 11742 "-" "Mozilla/5.0 AppleWebKit/537.36 (KHTML, like Gecko; compatible; ClaudeBot/1.0; [email protected])"
209.74.77.214 - - [14/Jul/2025:12:16:52 +0000] "POST /wp-admin/admin-ajax.php?action=async_litespeed&nonce=Jxn4BttzuOYYFEgZRRwCurewNA4vLrA1&litespeed_type=imgoptm HTTP/1.1" 200 21 "-" "WordPress/6.8.1; https://gardenify.com.au"
66.249.79.236 - - [14/Jul/2025:12:16:56 +0000] "POST /get-message-notify HTTP/1.1" 200 18123 "https://gardenify.com.au/?s=80969826021490&mod=178b79d3&uri=brands.php?feature/campaign/index.html" "Mozilla/5.0 (Linux; Android 6.0.1; Nexus 5X Build/MMB29P) AppleWebKit/537.36 (KHTML, like Gecko) Chrome/137.0.7151.119 Mobile Safari/537.36 (compatible; Googlebot/2.1; +http://www.google.com/bot.html)"
66.249.79.238 - - [14/Jul/2025:12:17:36 +0000] "GET /?s=84061351041490&mod=9cecbb6f&uri=article.php?cd.html HTTP/1.1" 200 18849 "-" "Mozilla/5.0 (Linux; Android 6.0.1; Nexus 5X Build/MMB29P) AppleWebKit/537.36 (KHTML, like Gecko) Chrome/137.0.7151.103 Mobile Safari/537.36 (compatible; Googlebot/2.1; +http://www.google.com/bot.html)"
209.74.77.214 - - [14/Jul/2025:12:17:45 +0000] "POST /wp-cron.php?doing_wp_cron=1752495465.3264288902282714843750 HTTP/1.1" 200 - "-" "WordPress/6.8.1; https://gardenify.com.au"
216.73.216.45 - - [14/Jul/2025:12:17:44 +0000] "GET /goodscode/9920504.shtm HTTP/1.1" 404 11742 "-" "Mozilla/5.0 AppleWebKit/537.36 (KHTML, like Gecko; compatible; ClaudeBot/1.0; [email protected])"
216.73.216.45 - - [14/Jul/2025:12:17:47 +0000] "GET /goodscode/9904347.shtm HTTP/1.1" 404 11743 "-" "Mozilla/5.0 AppleWebKit/537.36 (KHTML, like Gecko; compatible; ClaudeBot/1.0; [email protected])"
216.73.216.45 - - [14/Jul/2025:12:17:50 +0000] "GET /goodscode/9920966.shtm HTTP/1.1" 404 11742 "-" "Mozilla/5.0 AppleWebKit/537.36 (KHTML, like Gecko; compatible; ClaudeBot/1.0; [email protected])"
209.74.77.214 - - [14/Jul/2025:12:17:53 +0000] "POST /wp-cron.php?doing_wp_cron=1752495473.5403831005096435546875 HTTP/1.1" 200 - "-" "WordPress/6.8.1; https://gardenify.com.au"
216.73.216.45 - - [14/Jul/2025:12:17:53 +0000] "GET /goodscode/9912995.shtm HTTP/1.1" 404 11742 "-" "Mozilla/5.0 AppleWebKit/537.36 (KHTML, like Gecko; compatible; ClaudeBot/1.0; [email protected])"
209.74.77.214 - - [14/Jul/2025:12:17:53 +0000] "POST /wp-admin/admin-ajax.php?action=async_litespeed&nonce=c9ifJpxzz4TM2xh7Bfl5c3XuNue1jrJx&litespeed_type=imgoptm HTTP/1.1" 200 21 "-" "WordPress/6.8.1; https://gardenify.com.au"
209.74.77.214 - - [14/Jul/2025:12:17:56 +0000] "POST /wp-cron.php?doing_wp_cron=1752495476.5109279155731201171875 HTTP/1.1" 200 - "-" "WordPress/6.8.1; https://gardenify.com.au"
216.73.216.45 - - [14/Jul/2025:12:17:56 +0000] "GET /goodscode/9915934.shtm HTTP/1.1" 404 11742 "-" "Mozilla/5.0 AppleWebKit/537.36 (KHTML, like Gecko; compatible; ClaudeBot/1.0; [email protected])"
66.249.79.236 - - [14/Jul/2025:12:17:57 +0000] "GET /?s=80969286001490&mod=0a6b8177&uri=shared.php?product_archives HTTP/1.1" 200 18635 "-" "Mozilla/5.0 (Linux; Android 6.0.1; Nexus 5X Build/MMB29P) AppleWebKit/537.36 (KHTML, like Gecko) Chrome/137.0.7151.103 Mobile Safari/537.36 (compatible; Googlebot/2.1; +http://www.google.com/bot.html)"
216.73.216.45 - - [14/Jul/2025:12:17:59 +0000] "GET /goodscode/9912086.shtm HTTP/1.1" 404 11742 "-" "Mozilla/5.0 AppleWebKit/537.36 (KHTML, like Gecko; compatible; ClaudeBot/1.0; [email protected])"
66.249.79.238 - - [14/Jul/2025:12:18:29 +0000] "GET /?s=84059401041490&mod=9cecbb6f&uri=goods.php?goodscode/66756.shtm HTTP/1.1" 200 19371 "-" "Mozilla/5.0 (Linux; Android 6.0.1; Nexus 5X Build/MMB29P) AppleWebKit/537.36 (KHTML, like Gecko) Chrome/137.0.7151.103 Mobile Safari/537.36 (compatible; Googlebot/2.1; +http://www.google.com/bot.html)"
66.249.79.238 - - [14/Jul/2025:12:18:32 +0000] "GET /?s=40599205001490&mod=34975476&uri=article.php?goodscode/2265399.shtm HTTP/1.1" 200 18799 "-" "Mozilla/5.0 (Linux; Android 6.0.1; Nexus 5X Build/MMB29P) AppleWebKit/537.36 (KHTML, like Gecko) Chrome/137.0.7151.103 Mobile Safari/537.36 (compatible; GoogleOther)"
216.73.216.45 - - [14/Jul/2025:12:18:40 +0000] "GET /goodscode/9896758.shtm HTTP/1.1" 404 11742 "-" "Mozilla/5.0 AppleWebKit/537.36 (KHTML, like Gecko; compatible; ClaudeBot/1.0; [email protected])"
216.73.216.45 - - [14/Jul/2025:12:18:43 +0000] "GET /goodscode/9907416.shtm HTTP/1.1" 404 11742 "-" "Mozilla/5.0 AppleWebKit/537.36 (KHTML, like Gecko; compatible; ClaudeBot/1.0; [email protected])"
216.73.216.45 - - [14/Jul/2025:12:18:46 +0000] "GET /goodscode/9901155.shtm HTTP/1.1" 404 11743 "-" "Mozilla/5.0 AppleWebKit/537.36 (KHTML, like Gecko; compatible; ClaudeBot/1.0; [email protected])"
216.73.216.45 - - [14/Jul/2025:12:18:49 +0000] "GET /goodscode/9920800.shtm HTTP/1.1" 404 11742 "-" "Mozilla/5.0 AppleWebKit/537.36 (KHTML, like Gecko; compatible; ClaudeBot/1.0; [email protected])"
209.74.77.214 - - [14/Jul/2025:12:18:52 +0000] "POST /wp-cron.php?doing_wp_cron=1752495532.9018769264221191406250 HTTP/1.1" 200 - "-" "WordPress/6.8.1; https://gardenify.com.au"
216.73.216.45 - - [14/Jul/2025:12:18:52 +0000] "GET /goodscode/9898943.shtm HTTP/1.1" 404 11742 "-" "Mozilla/5.0 AppleWebKit/537.36 (KHTML, like Gecko; compatible; ClaudeBot/1.0; [email protected])"
209.74.77.214 - - [14/Jul/2025:12:18:52 +0000] "POST /wp-admin/admin-ajax.php?action=async_litespeed&nonce=n7K6oNovYEFEfij6eo8xQdG0Wa7L9SJk&litespeed_type=imgoptm HTTP/1.1" 200 21 "-" "WordPress/6.8.1; https://gardenify.com.au"
209.74.77.214 - - [14/Jul/2025:12:18:55 +0000] "POST /wp-cron.php?doing_wp_cron=1752495535.8957109451293945312500 HTTP/1.1" 200 - "-" "WordPress/6.8.1; https://gardenify.com.au"
216.73.216.45 - - [14/Jul/2025:12:18:55 +0000] "GET /goodscode/9901060.shtm HTTP/1.1" 404 11742 "-" "Mozilla/5.0 AppleWebKit/537.36 (KHTML, like Gecko; compatible; ClaudeBot/1.0; [email protected])"
216.73.216.45 - - [14/Jul/2025:12:19:25 +0000] "GET /goodscode/9914115.shtm HTTP/1.1" 404 11742 "-" "Mozilla/5.0 AppleWebKit/537.36 (KHTML, like Gecko; compatible; ClaudeBot/1.0; [email protected])"
216.73.216.45 - - [14/Jul/2025:12:19:28 +0000] "GET /goodscode/9892727.shtm HTTP/1.1" 404 11742 "-" "Mozilla/5.0 AppleWebKit/537.36 (KHTML, like Gecko; compatible; ClaudeBot/1.0; [email protected])"
216.73.216.45 - - [14/Jul/2025:12:19:31 +0000] "GET /goodscode/9906824.shtm HTTP/1.1" 404 11742 "-" "Mozilla/5.0 AppleWebKit/537.36 (KHTML, like Gecko; compatible; ClaudeBot/1.0; [email protected])"
66.249.79.237 - - [14/Jul/2025:12:19:33 +0000] "GET /?s=119315183011490&mod=bbe21bea&uri=itm.php?goodscode/65001.shtm HTTP/1.1" 200 18996 "-" "Mozilla/5.0 (Linux; Android 6.0.1; Nexus 5X Build/MMB29P) AppleWebKit/537.36 (KHTML, like Gecko) Chrome/137.0.7151.103 Mobile Safari/537.36 (compatible; Googlebot/2.1; +http://www.google.com/bot.html)"
216.73.216.45 - - [14/Jul/2025:12:19:34 +0000] "GET /goodscode/9905003.shtm HTTP/1.1" 404 11742 "-" "Mozilla/5.0 AppleWebKit/537.36 (KHTML, like Gecko; compatible; ClaudeBot/1.0; [email protected])"
216.73.216.45 - - [14/Jul/2025:12:19:37 +0000] "GET /goodscode/9906861.shtm HTTP/1.1" 404 11742 "-" "Mozilla/5.0 AppleWebKit/537.36 (KHTML, like Gecko; compatible; ClaudeBot/1.0; [email protected])"
216.73.216.45 - - [14/Jul/2025:12:19:40 +0000] "GET /goodscode/9901560.shtm HTTP/1.1" 404 11742 "-" "Mozilla/5.0 AppleWebKit/537.36 (KHTML, like Gecko; compatible; ClaudeBot/1.0; [email protected])"
66.249.79.236 - - [14/Jul/2025:12:19:42 +0000] "GET /?s=84070351011490&mod=9cecbb6f&uri=search.php?feature/idol/gradol.html HTTP/1.1" 200 19344 "-" "Mozilla/5.0 (Linux; Android 6.0.1; Nexus 5X Build/MMB29P) AppleWebKit/537.36 (KHTML, like Gecko) Chrome/137.0.7151.103 Mobile Safari/537.36 (compatible; Googlebot/2.1; +http://www.google.com/bot.html)"
209.74.77.214 - - [14/Jul/2025:12:20:07 +0000] "POST /wp-cron.php?doing_wp_cron=1752495607.4516570568084716796875 HTTP/1.1" 200 - "-" "WordPress/6.8.1; https://gardenify.com.au"
216.73.216.45 - - [14/Jul/2025:12:20:07 +0000] "GET /goodscode/9904298.shtm HTTP/1.1" 404 11741 "-" "Mozilla/5.0 AppleWebKit/537.36 (KHTML, like Gecko; compatible; ClaudeBot/1.0; [email protected])"
209.74.77.214 - - [14/Jul/2025:12:20:07 +0000] "POST /wp-admin/admin-ajax.php?action=async_litespeed&nonce=fqLLwqhXDoqLW3URWolcwnTadlWCmy8U&litespeed_type=imgoptm HTTP/1.1" 200 21 "-" "WordPress/6.8.1; https://gardenify.com.au"
216.73.216.45 - - [14/Jul/2025:12:20:10 +0000] "GET /goodscode/9907712.shtm HTTP/1.1" 404 11741 "-" "Mozilla/5.0 AppleWebKit/537.36 (KHTML, like Gecko; compatible; ClaudeBot/1.0; [email protected])"
66.249.79.238 - - [14/Jul/2025:12:20:11 +0000] "GET /?s=119315183011490&mod=bbe21bea&uri=itm.php?goodscode/64935.shtm HTTP/1.1" 200 19433 "-" "Mozilla/5.0 (Linux; Android 6.0.1; Nexus 5X Build/MMB29P) AppleWebKit/537.36 (KHTML, like Gecko) Chrome/137.0.7151.103 Mobile Safari/537.36 (compatible; Googlebot/2.1; +http://www.google.com/bot.html)"
66.249.79.238 - - [14/Jul/2025:12:20:12 +0000] "GET /?s=26183900041490&mod=1c51f09a&uri=products.php%3Fid%3D873906-895%26name%3Dblue+buffalo+small+breed+food HTTP/1.1" 200 18812 "-" "Mozilla/5.0 (Linux; Android 6.0.1; Nexus 5X Build/MMB29P) AppleWebKit/537.36 (KHTML, like Gecko) Chrome/137.0.7151.103 Mobile Safari/537.36 (compatible; Googlebot/2.1; +http://www.google.com/bot.html)"
216.73.216.45 - - [14/Jul/2025:12:20:13 +0000] "GET /goodscode/9920364.shtm HTTP/1.1" 404 11741 "-" "Mozilla/5.0 AppleWebKit/537.36 (KHTML, like Gecko; compatible; ClaudeBot/1.0; [email protected])"
216.73.216.45 - - [14/Jul/2025:12:20:16 +0000] "GET /goodscode/9902818.shtm HTTP/1.1" 404 11741 "-" "Mozilla/5.0 AppleWebKit/537.36 (KHTML, like Gecko; compatible; ClaudeBot/1.0; [email protected])"
66.249.79.237 - - [14/Jul/2025:12:20:16 +0000] "GET /?s=119315183011490&mod=bbe21bea&uri=itm.php?goodscode/65776.shtm HTTP/1.1" 200 18365 "-" "Mozilla/5.0 (Linux; Android 6.0.1; Nexus 5X Build/MMB29P) AppleWebKit/537.36 (KHTML, like Gecko) Chrome/137.0.7151.103 Mobile Safari/537.36 (compatible; Googlebot/2.1; +http://www.google.com/bot.html)"
66.249.79.237 - - [14/Jul/2025:12:20:17 +0000] "GET /?s=109064295041490&mod=b21f9f98&uri=article.php?goodscode/2020451.shtm HTTP/1.1" 200 18641 "-" "Mozilla/5.0 (Linux; Android 6.0.1; Nexus 5X Build/MMB29P) AppleWebKit/537.36 (KHTML, like Gecko) Chrome/137.0.7151.103 Mobile Safari/537.36 (compatible; GoogleOther)"
70.39.249.165 - - [14/Jul/2025:12:20:17 +0000] "GET /wp-login.php HTTP/1.1" 200 2013 "-" "Mozilla/5.0 (Windows NT 10.0; Win64; x64) AppleWebKit/537.36 (KHTML, like Gecko) Chrome/130.0.0.0 Safari/537.36"
70.39.249.165 - - [14/Jul/2025:12:20:18 +0000] "POST /wp-login.php HTTP/1.1" 200 2133 "https://gardenify.com.au/wp-login.php" "Mozilla/5.0 (Windows NT 10.0; Win64; x64) AppleWebKit/537.36 (KHTML, like Gecko) Chrome/130.0.0.0 Safari/537.36"
216.73.216.45 - - [14/Jul/2025:12:20:19 +0000] "GET /goodscode/9891134.shtm HTTP/1.1" 404 11741 "-" "Mozilla/5.0 AppleWebKit/537.36 (KHTML, like Gecko; compatible; ClaudeBot/1.0; [email protected])"
66.249.79.236 - - [14/Jul/2025:12:20:21 +0000] "POST /get-message-notify HTTP/1.1" 200 18123 "https://gardenify.com.au/?s=26183900041490&mod=1c51f09a&uri=products.php%3Fid%3D873906-895%26name%3Dblue+buffalo+small+breed+food" "Mozilla/5.0 (Linux; Android 6.0.1; Nexus 5X Build/MMB29P) AppleWebKit/537.36 (KHTML, like Gecko) Chrome/137.0.7151.119 Mobile Safari/537.36 (compatible; Googlebot/2.1; +http://www.google.com/bot.html)"
216.73.216.45 - - [14/Jul/2025:12:20:22 +0000] "GET /goodscode/9894503.shtm HTTP/1.1" 404 11740 "-" "Mozilla/5.0 AppleWebKit/537.36 (KHTML, like Gecko; compatible; ClaudeBot/1.0; [email protected])"
66.249.79.236 - - [14/Jul/2025:12:20:26 +0000] "POST /get-message-notify HTTP/1.1" 200 18123 "https://gardenify.com.au/?s=119315183011490&mod=bbe21bea&uri=itm.php?goodscode/65776.shtm" "Mozilla/5.0 (Linux; Android 6.0.1; Nexus 5X Build/MMB29P) AppleWebKit/537.36 (KHTML, like Gecko) Chrome/137.0.7151.119 Mobile Safari/537.36 (compatible; Googlebot/2.1; +http://www.google.com/bot.html)"
66.249.79.236 - - [14/Jul/2025:12:20:45 +0000] "GET /?s=119315183011490&mod=bbe21bea&uri=itm.php?goodscode/67718.shtm HTTP/1.1" 200 19793 "-" "Mozilla/5.0 (Linux; Android 6.0.1; Nexus 5X Build/MMB29P) AppleWebKit/537.36 (KHTML, like Gecko) Chrome/137.0.7151.103 Mobile Safari/537.36 (compatible; Googlebot/2.1; +http://www.google.com/bot.html)"
209.74.77.214 - - [14/Jul/2025:12:20:58 +0000] "POST /wp-cron.php?doing_wp_cron=1752495658.5019369125366210937500 HTTP/1.1" 200 - "-" "WordPress/6.8.1; https://gardenify.com.au"
65.38.99.162 - - [14/Jul/2025:12:20:58 +0000] "GET /wp-login.php HTTP/1.1" 200 2013 "-" "Mozilla/5.0 (Windows NT 10.0; Win64; x64) AppleWebKit/537.36 (KHTML, like Gecko) Chrome/130.0.0.0 Safari/537.36"
209.74.77.214 - - [14/Jul/2025:12:20:58 +0000] "POST /wp-admin/admin-ajax.php?action=async_litespeed&nonce=vQZMeGt3alHYStWsdYCJPg7x1rmrno9D&litespeed_type=imgoptm HTTP/1.1" 200 21 "-" "WordPress/6.8.1; https://gardenify.com.au"
65.38.99.162 - - [14/Jul/2025:12:20:59 +0000] "POST /wp-login.php HTTP/1.1" 200 2133 "https://gardenify.com.au/wp-login.php" "Mozilla/5.0 (Windows NT 10.0; Win64; x64) AppleWebKit/537.36 (KHTML, like Gecko) Chrome/130.0.0.0 Safari/537.36"
216.73.216.45 - - [14/Jul/2025:12:21:02 +0000] "GET /goodscode/9913334.shtm HTTP/1.1" 404 11742 "-" "Mozilla/5.0 AppleWebKit/537.36 (KHTML, like Gecko; compatible; ClaudeBot/1.0; [email protected])"
216.73.216.45 - - [14/Jul/2025:12:21:05 +0000] "GET /goodscode/9893502.shtm HTTP/1.1" 404 11742 "-" "Mozilla/5.0 AppleWebKit/537.36 (KHTML, like Gecko; compatible; ClaudeBot/1.0; [email protected])"
216.73.216.45 - - [14/Jul/2025:12:21:08 +0000] "GET /goodscode/9899488.shtm HTTP/1.1" 404 11742 "-" "Mozilla/5.0 AppleWebKit/537.36 (KHTML, like Gecko; compatible; ClaudeBot/1.0; [email protected])"
216.73.216.45 - - [14/Jul/2025:12:21:11 +0000] "GET /goodscode/9903862.shtm HTTP/1.1" 404 11742 "-" "Mozilla/5.0 AppleWebKit/537.36 (KHTML, like Gecko; compatible; ClaudeBot/1.0; [email protected])"
216.73.216.45 - - [14/Jul/2025:12:21:14 +0000] "GET /goodscode/9897426.shtm HTTP/1.1" 404 11742 "-" "Mozilla/5.0 AppleWebKit/537.36 (KHTML, like Gecko; compatible; ClaudeBot/1.0; [email protected])"
216.73.216.45 - - [14/Jul/2025:12:21:17 +0000] "GET /goodscode/9904725.shtm HTTP/1.1" 404 11742 "-" "Mozilla/5.0 AppleWebKit/537.36 (KHTML, like Gecko; compatible; ClaudeBot/1.0; [email protected])"
66.249.79.236 - - [14/Jul/2025:12:21:17 +0000] "GET /?s=119315183011490&mod=bbe21bea&uri=itm.php?goodscode/65340.shtm HTTP/1.1" 200 18212 "-" "Mozilla/5.0 (Linux; Android 6.0.1; Nexus 5X Build/MMB29P) AppleWebKit/537.36 (KHTML, like Gecko) Chrome/137.0.7151.103 Mobile Safari/537.36 (compatible; Googlebot/2.1; +http://www.google.com/bot.html)"
66.249.79.238 - - [14/Jul/2025:12:21:18 +0000] "POST /get-message-notify HTTP/1.1" 200 18123 "https://gardenify.com.au/?s=109064295041490&mod=b21f9f98&uri=article.php?goodscode/2020451.shtm" "Mozilla/5.0 (Linux; Android 6.0.1; Nexus 5X Build/MMB29P) AppleWebKit/537.36 (KHTML, like Gecko) Chrome/137.0.7151.119 Mobile Safari/537.36 (compatible; Googlebot/2.1; +http://www.google.com/bot.html)"
66.249.79.236 - - [14/Jul/2025:12:21:18 +0000] "GET /?s=119315183011490&mod=bbe21bea&uri=itm.php?goodscode/65636.shtm HTTP/1.1" 200 19385 "-" "Mozilla/5.0 (Linux; Android 6.0.1; Nexus 5X Build/MMB29P) AppleWebKit/537.36 (KHTML, like Gecko) Chrome/137.0.7151.103 Mobile Safari/537.36 (compatible; Googlebot/2.1; +http://www.google.com/bot.html)"
66.249.79.236 - - [14/Jul/2025:12:21:18 +0000] "GET /?s=40599205001490&mod=34975476&uri=article.php?goodscode/107576324.shtm HTTP/1.1" 200 18785 "-" "Mozilla/5.0 (Linux; Android 6.0.1; Nexus 5X Build/MMB29P) AppleWebKit/537.36 (KHTML, like Gecko) Chrome/137.0.7151.103 Mobile Safari/537.36 (compatible; GoogleOther)"
66.249.79.236 - - [14/Jul/2025:12:21:26 +0000] "POST /get-message-notify HTTP/1.1" 200 18123 "https://gardenify.com.au/?s=119315183011490&mod=bbe21bea&uri=itm.php?goodscode/65340.shtm" "Mozilla/5.0 (Linux; Android 6.0.1; Nexus 5X Build/MMB29P) AppleWebKit/537.36 (KHTML, like Gecko) Chrome/137.0.7151.119 Mobile Safari/537.36 (compatible; Googlebot/2.1; +http://www.google.com/bot.html)"
66.249.79.236 - - [14/Jul/2025:12:21:26 +0000] "POST /get-message-notify HTTP/1.1" 200 18123 "https://gardenify.com.au/?s=119315183011490&mod=bbe21bea&uri=itm.php?goodscode/65636.shtm" "Mozilla/5.0 (Linux; Android 6.0.1; Nexus 5X Build/MMB29P) AppleWebKit/537.36 (KHTML, like Gecko) Chrome/137.0.7151.119 Mobile Safari/537.36 (compatible; Googlebot/2.1; +http://www.google.com/bot.html)"
216.73.216.45 - - [14/Jul/2025:12:21:44 +0000] "GET /goodscode/9910004.shtm HTTP/1.1" 404 11742 "-" "Mozilla/5.0 AppleWebKit/537.36 (KHTML, like Gecko; compatible; ClaudeBot/1.0; [email protected])"
216.73.216.45 - - [14/Jul/2025:12:21:47 +0000] "GET /goodscode/9917527.shtm HTTP/1.1" 404 11742 "-" "Mozilla/5.0 AppleWebKit/537.36 (KHTML, like Gecko; compatible; ClaudeBot/1.0; [email protected])"
216.73.216.45 - - [14/Jul/2025:12:21:50 +0000] "GET /goodscode/9895161.shtm HTTP/1.1" 404 11742 "-" "Mozilla/5.0 AppleWebKit/537.36 (KHTML, like Gecko; compatible; ClaudeBot/1.0; [email protected])"
209.74.77.214 - - [14/Jul/2025:12:21:53 +0000] "POST /wp-cron.php?doing_wp_cron=1752495713.3108510971069335937500 HTTP/1.1" 200 - "-" "WordPress/6.8.1; https://gardenify.com.au"
216.73.216.45 - - [14/Jul/2025:12:21:53 +0000] "GET /goodscode/9917453.shtm HTTP/1.1" 404 11742 "-" "Mozilla/5.0 AppleWebKit/537.36 (KHTML, like Gecko; compatible; ClaudeBot/1.0; [email protected])"
209.74.77.214 - - [14/Jul/2025:12:21:53 +0000] "POST /wp-admin/admin-ajax.php?action=async_litespeed&nonce=AnMzCBDVFR3nYzBG62pKvnh7Q5niCadE&litespeed_type=imgoptm HTTP/1.1" 200 21 "-" "WordPress/6.8.1; https://gardenify.com.au"
209.74.77.214 - - [14/Jul/2025:12:21:56 +0000] "POST /wp-cron.php?doing_wp_cron=1752495716.3497149944305419921875 HTTP/1.1" 200 - "-" "WordPress/6.8.1; https://gardenify.com.au"
216.73.216.45 - - [14/Jul/2025:12:21:56 +0000] "GET /goodscode/9908960.shtm HTTP/1.1" 404 11742 "-" "Mozilla/5.0 AppleWebKit/537.36 (KHTML, like Gecko; compatible; ClaudeBot/1.0; [email protected])"
216.73.216.45 - - [14/Jul/2025:12:21:59 +0000] "GET /goodscode/9918432.shtm HTTP/1.1" 404 11742 "-" "Mozilla/5.0 AppleWebKit/537.36 (KHTML, like Gecko; compatible; ClaudeBot/1.0; [email protected])"
66.249.79.236 - - [14/Jul/2025:12:22:19 +0000] "GET /?s=109064295041490&mod=b21f9f98&uri=article.php?goodscode/2020607.shtm HTTP/1.1" 200 18541 "-" "Mozilla/5.0 (Linux; Android 6.0.1; Nexus 5X Build/MMB29P) AppleWebKit/537.36 (KHTML, like Gecko) Chrome/137.0.7151.103 Mobile Safari/537.36 (compatible; GoogleOther)"
66.249.79.238 - - [14/Jul/2025:12:22:19 +0000] "GET /?s=119315183011490&mod=bbe21bea&uri=itm.php?man/kaitori/kaitoritop.html HTTP/1.1" 200 18708 "-" "Mozilla/5.0 (Linux; Android 6.0.1; Nexus 5X Build/MMB29P) AppleWebKit/537.36 (KHTML, like Gecko) Chrome/137.0.7151.103 Mobile Safari/537.36 (compatible; Googlebot/2.1; +http://www.google.com/bot.html)"
66.249.79.237 - - [14/Jul/2025:12:22:19 +0000] "GET /?s=83981099061490&mod=934703eb&uri=brands.php?goodscode/67858.shtm HTTP/1.1" 200 19335 "-" "Mozilla/5.0 (Linux; Android 6.0.1; Nexus 5X Build/MMB29P) AppleWebKit/537.36 (KHTML, like Gecko) Chrome/137.0.7151.103 Mobile Safari/537.36 (compatible; Googlebot/2.1; +http://www.google.com/bot.html)"
66.249.79.236 - - [14/Jul/2025:12:22:26 +0000] "POST /get-message-notify HTTP/1.1" 200 18123 "https://gardenify.com.au/?s=83981099061490&mod=934703eb&uri=brands.php?goodscode/67858.shtm" "Mozilla/5.0 (Linux; Android 6.0.1; Nexus 5X Build/MMB29P) AppleWebKit/537.36 (KHTML, like Gecko) Chrome/137.0.7151.119 Mobile Safari/537.36 (compatible; Googlebot/2.1; +http://www.google.com/bot.html)"
66.249.79.236 - - [14/Jul/2025:12:22:29 +0000] "GET /?s=84066451091490&mod=9cecbb6f&uri=shop.php?goodscode/64888.shtm HTTP/1.1" 200 19467 "-" "Mozilla/5.0 (Linux; Android 6.0.1; Nexus 5X Build/MMB29P) AppleWebKit/537.36 (KHTML, like Gecko) Chrome/137.0.7151.103 Mobile Safari/537.36 (compatible; Googlebot/2.1; +http://www.google.com/bot.html)"
66.249.79.236 - - [14/Jul/2025:12:22:31 +0000] "GET /?s=119315183011490&mod=bbe21bea&uri=itm.php?goodscode/66304.shtm HTTP/1.1" 200 18920 "-" "Mozilla/5.0 (Linux; Android 6.0.1; Nexus 5X Build/MMB29P) AppleWebKit/537.36 (KHTML, like Gecko) Chrome/137.0.7151.103 Mobile Safari/537.36 (compatible; Googlebot/2.1; +http://www.google.com/bot.html)"
216.73.216.45 - - [14/Jul/2025:12:22:33 +0000] "GET /goodscode/9902717.shtm HTTP/1.1" 404 11742 "-" "Mozilla/5.0 AppleWebKit/537.36 (KHTML, like Gecko; compatible; ClaudeBot/1.0; [email protected])"
216.73.216.45 - - [14/Jul/2025:12:22:36 +0000] "GET /goodscode/9902561.shtm HTTP/1.1" 404 11742 "-" "Mozilla/5.0 AppleWebKit/537.36 (KHTML, like Gecko; compatible; ClaudeBot/1.0; [email protected])"
216.73.216.45 - - [14/Jul/2025:12:22:39 +0000] "GET /goodscode/9915225.shtm HTTP/1.1" 404 11742 "-" "Mozilla/5.0 AppleWebKit/537.36 (KHTML, like Gecko; compatible; ClaudeBot/1.0; [email protected])"
216.73.216.45 - - [14/Jul/2025:12:22:43 +0000] "GET /goodscode/9910423.shtm HTTP/1.1" 404 11742 "-" "Mozilla/5.0 AppleWebKit/537.36 (KHTML, like Gecko; compatible; ClaudeBot/1.0; [email protected])"
216.73.216.45 - - [14/Jul/2025:12:22:45 +0000] "GET /goodscode/9921579.shtm HTTP/1.1" 404 11742 "-" "Mozilla/5.0 AppleWebKit/537.36 (KHTML, like Gecko; compatible; ClaudeBot/1.0; [email protected])"
216.73.216.45 - - [14/Jul/2025:12:22:48 +0000] "GET /goodscode/9913040.shtm HTTP/1.1" 404 11742 "-" "Mozilla/5.0 AppleWebKit/537.36 (KHTML, like Gecko; compatible; ClaudeBot/1.0; [email protected])"
66.249.79.236 - - [14/Jul/2025:12:22:49 +0000] "GET /?s=78278675041490&mod=e7696fba&uri=search.php?goodscode/65942.shtm HTTP/1.1" 200 19335 "-" "Mozilla/5.0 (Linux; Android 6.0.1; Nexus 5X Build/MMB29P) AppleWebKit/537.36 (KHTML, like Gecko) Chrome/137.0.7151.103 Mobile Safari/537.36 (compatible; Googlebot/2.1; +http://www.google.com/bot.html)"
209.74.77.214 - - [14/Jul/2025:12:23:02 +0000] "POST /wp-cron.php?doing_wp_cron=1752495782.9481608867645263671875 HTTP/1.1" 200 - "-" "WordPress/6.8.1; https://gardenify.com.au"
51.20.121.9 - - [14/Jul/2025:12:23:02 +0000] "GET /wp-login.php HTTP/1.1" 200 2013 "-" "Mozilla/5.0 (Windows NT 10.0; Win64; x64) AppleWebKit/537.36 (KHTML, like Gecko) Chrome/130.0.0.0 Safari/537.36"
209.74.77.214 - - [14/Jul/2025:12:23:03 +0000] "POST /wp-admin/admin-ajax.php?action=async_litespeed&nonce=jEbnkLCumAINHGy4bCcv9dyY3NXPNE5H&litespeed_type=imgoptm HTTP/1.1" 200 21 "-" "WordPress/6.8.1; https://gardenify.com.au"
51.20.121.9 - - [14/Jul/2025:12:23:03 +0000] "POST /wp-login.php HTTP/1.1" 200 2133 "https://gardenify.com.au/wp-login.php" "Mozilla/5.0 (Windows NT 10.0; Win64; x64) AppleWebKit/537.36 (KHTML, like Gecko) Chrome/130.0.0.0 Safari/537.36"
198.54.114.125 - - [14/Jul/2025:12:23:04 +0000] "GET /wp-login.php HTTP/1.1" 200 2013 "-" "Mozilla/5.0 (Windows NT 10.0; Win64; x64) AppleWebKit/537.36 (KHTML, like Gecko) Chrome/130.0.0.0 Safari/537.36"
