66.249.79.236 - - [14/Jul/2025:18:48:05 +0000] "GET /?s=110225216041490&mod=0cba172d&uri=news.php?goodscode/67369.shtm HTTP/1.1" 200 19005 "-" "Mozilla/5.0 (Linux; Android 6.0.1; Nexus 5X Build/MMB29P) AppleWebKit/537.36 (KHTML, like Gecko) Chrome/137.0.7151.103 Mobile Safari/537.36 (compatible; Googlebot/2.1; +http://www.google.com/bot.html)"
66.249.79.236 - - [14/Jul/2025:18:48:11 +0000] "GET /?s=17780012061490&mod=556a47d6&uri=dp.php?goodscode/67461.shtm HTTP/1.1" 200 18437 "-" "Mozilla/5.0 (Linux; Android 6.0.1; Nexus 5X Build/MMB29P) AppleWebKit/537.36 (KHTML, like Gecko) Chrome/137.0.7151.103 Mobile Safari/537.36 (compatible; Googlebot/2.1; +http://www.google.com/bot.html)"
209.74.77.214 - - [14/Jul/2025:18:48:12 +0000] "POST /wp-cron.php?doing_wp_cron=1752518892.4583959579467773437500 HTTP/1.1" 200 - "-" "WordPress/6.8.1; https://gardenify.com.au"
193.202.110.20 - - [14/Jul/2025:18:48:12 +0000] "POST /xmlrpc.php HTTP/1.1" 200 403 "-" "Mozilla/5.0 (Windows NT 10.0; Win64; x64) AppleWebKit/537.36 (KHTML, like Gecko) Chrome/74.0.3729.131 Safari/537.36"
209.74.77.214 - - [14/Jul/2025:18:48:12 +0000] "POST /wp-admin/admin-ajax.php?action=async_litespeed&nonce=07FscWEGdzAxeiqobKcTXaEjfFZAMtc2&litespeed_type=imgoptm HTTP/1.1" 200 21 "-" "WordPress/6.8.1; https://gardenify.com.au"
66.249.79.236 - - [14/Jul/2025:18:48:17 +0000] "GET /?s=110225216041490&mod=0cba172d&uri=news.php?goodscode/66713.shtm HTTP/1.1" 200 19602 "-" "Mozilla/5.0 (Linux; Android 6.0.1; Nexus 5X Build/MMB29P) AppleWebKit/537.36 (KHTML, like Gecko) Chrome/137.0.7151.103 Mobile Safari/537.36 (compatible; Googlebot/2.1; +http://www.google.com/bot.html)"
162.240.47.36 - - [14/Jul/2025:18:48:18 +0000] "POST /xmlrpc.php HTTP/1.1" 200 403 "-" "Mozilla/5.0 (iPad; CPU OS 14_6 like Mac OS X) AppleWebKit/605.1.15 (KHTML, like Gecko) CriOS/91.0.4472.80 Mobile/15E148 Safari/604.1"
23.251.157.11 - - [14/Jul/2025:18:48:19 +0000] "POST /xmlrpc.php HTTP/1.1" 200 403 "-" "Mozilla/5.0 (Windows NT 10.0; Win64; x64) AppleWebKit/537.36 (KHTML, like Gecko) Chrome/79.0.3945.130 Safari/537.36"
99.198.97.74 - - [14/Jul/2025:18:48:20 +0000] "POST /xmlrpc.php HTTP/1.1" 200 403 "-" "Mozilla/5.0 (Windows NT 10.0; Win64; x64; rv:85.0) Gecko/20100101 Firefox/85.0"
66.249.79.236 - - [14/Jul/2025:18:48:22 +0000] "GET /?s=84060001041490&mod=9cecbb6f&uri=pin.php?goodscode/2114079.shtm HTTP/1.1" 200 19392 "-" "Mozilla/5.0 (Linux; Android 6.0.1; Nexus 5X Build/MMB29P) AppleWebKit/537.36 (KHTML, like Gecko) Chrome/137.0.7151.103 Mobile Safari/537.36 (compatible; Googlebot/2.1; +http://www.google.com/bot.html)"
99.198.97.74 - - [14/Jul/2025:18:48:25 +0000] "POST /xmlrpc.php HTTP/1.1" 200 403 "-" "Mozilla/5.0 (Windows NT 10.0; Win64; x64) AppleWebKit/537.36 (KHTML, like Gecko) Chrome/86.0.4240.198 Safari/537.36"
99.198.97.74 - - [14/Jul/2025:18:48:26 +0000] "POST /xmlrpc.php HTTP/1.1" 200 403 "-" "Mozilla/5.0 (Windows NT 6.2; Win64; x64) AppleWebKit/537.36 (KHTML, like Gecko) Chrome/60.0.3112.90 Safari/537.36"
66.249.79.236 - - [14/Jul/2025:18:48:26 +0000] "POST /get-message-notify HTTP/1.1" 200 18124 "https://gardenify.com.au/?s=17780012061490&mod=556a47d6&uri=dp.php?goodscode/67461.shtm" "Mozilla/5.0 (Linux; Android 6.0.1; Nexus 5X Build/MMB29P) AppleWebKit/537.36 (KHTML, like Gecko) Chrome/137.0.7151.119 Mobile Safari/537.36 (compatible; Googlebot/2.1; +http://www.google.com/bot.html)"
192.185.4.68 - - [14/Jul/2025:18:48:27 +0000] "POST /xmlrpc.php HTTP/1.1" 200 403 "-" "Mozilla/5.0 (Windows; U; Windows NT 5.1; en-US; rv:1.7.12) Gecko/20050915 Firefox/1.0.7"
66.249.79.236 - - [14/Jul/2025:18:48:28 +0000] "GET /?s=78278675041490&mod=e7696fba&uri=search.php?goodscode/65685.shtm HTTP/1.1" 200 19046 "-" "Mozilla/5.0 (Linux; Android 6.0.1; Nexus 5X Build/MMB29P) AppleWebKit/537.36 (KHTML, like Gecko) Chrome/137.0.7151.103 Mobile Safari/537.36 (compatible; Googlebot/2.1; +http://www.google.com/bot.html)"
66.249.79.236 - - [14/Jul/2025:18:48:33 +0000] "GET /?s=110225216041490&mod=0cba172d&uri=news.php?goodscode/66304.shtm HTTP/1.1" 200 18927 "-" "Mozilla/5.0 (Linux; Android 6.0.1; Nexus 5X Build/MMB29P) AppleWebKit/537.36 (KHTML, like Gecko) Chrome/137.0.7151.103 Mobile Safari/537.36 (compatible; Googlebot/2.1; +http://www.google.com/bot.html)"
154.211.15.224 - - [14/Jul/2025:18:48:34 +0000] "POST /xmlrpc.php HTTP/1.1" 200 403 "-" "Mozilla/5.0 (Windows NT 10.0; Win64; x64) AppleWebKit/537.36 (KHTML, like Gecko) Chrome/65.0.3325.181 Safari/537.36"
99.198.97.74 - - [14/Jul/2025:18:48:35 +0000] "POST /xmlrpc.php HTTP/1.1" 200 403 "-" "Mozilla/5.0 (Windows NT 10.0; Win64; x64; rv:57.0) Gecko/20100101 Firefox/57.0"
66.249.79.236 - - [14/Jul/2025:18:48:39 +0000] "GET /?s=110225216041490&mod=0cba172d&uri=news.php?oreka/plamodel_menu.html HTTP/1.1" 200 18246 "-" "Mozilla/5.0 (Linux; Android 6.0.1; Nexus 5X Build/MMB29P) AppleWebKit/537.36 (KHTML, like Gecko) Chrome/137.0.7151.103 Mobile Safari/537.36 (compatible; Googlebot/2.1; +http://www.google.com/bot.html)"
66.249.79.236 - - [14/Jul/2025:18:48:39 +0000] "GET /?s=20649920051490&mod=6fe57a57&uri=pin.php?goodscode/67256.shtm HTTP/1.1" 200 19104 "-" "Mozilla/5.0 (Linux; Android 6.0.1; Nexus 5X Build/MMB29P) AppleWebKit/537.36 (KHTML, like Gecko) Chrome/137.0.7151.103 Mobile Safari/537.36 (compatible; Googlebot/2.1; +http://www.google.com/bot.html)"
66.249.79.236 - - [14/Jul/2025:18:48:44 +0000] "GET /?s=110225216041490&mod=0cba172d&uri=news.php?feature/sale2411-5/index.html HTTP/1.1" 200 19290 "-" "Mozilla/5.0 (Linux; Android 6.0.1; Nexus 5X Build/MMB29P) AppleWebKit/537.36 (KHTML, like Gecko) Chrome/137.0.7151.103 Mobile Safari/537.36 (compatible; Googlebot/2.1; +http://www.google.com/bot.html)"
66.249.79.236 - - [14/Jul/2025:18:48:50 +0000] "GET /?s=24463543091490&mod=2be96323&uri=category-info.php?pcmypage/ HTTP/1.1" 200 19306 "-" "Mozilla/5.0 (Linux; Android 6.0.1; Nexus 5X Build/MMB29P) AppleWebKit/537.36 (KHTML, like Gecko) Chrome/137.0.7151.103 Mobile Safari/537.36 (compatible; Googlebot/2.1; +http://www.google.com/bot.html)"
66.249.79.236 - - [14/Jul/2025:18:48:56 +0000] "GET /?s=24463543091490&mod=2be96323&uri=category-info.php?goodscode/64822.shtm HTTP/1.1" 200 18579 "-" "Mozilla/5.0 (Linux; Android 6.0.1; Nexus 5X Build/MMB29P) AppleWebKit/537.36 (KHTML, like Gecko) Chrome/137.0.7151.103 Mobile Safari/537.36 (compatible; Googlebot/2.1; +http://www.google.com/bot.html)"
66.249.79.236 - - [14/Jul/2025:18:49:02 +0000] "GET /?s=110225216041490&mod=0cba172d&uri=news.php?feature/sapporo/index.html HTTP/1.1" 200 19121 "-" "Mozilla/5.0 (Linux; Android 6.0.1; Nexus 5X Build/MMB29P) AppleWebKit/537.36 (KHTML, like Gecko) Chrome/137.0.7151.103 Mobile Safari/537.36 (compatible; Googlebot/2.1; +http://www.google.com/bot.html)"
66.249.79.236 - - [14/Jul/2025:18:49:10 +0000] "GET /?s=24463543091490&mod=2be96323&uri=category-info.php?feature/campaign/index.html HTTP/1.1" 200 19515 "-" "Mozilla/5.0 (Linux; Android 6.0.1; Nexus 5X Build/MMB29P) AppleWebKit/537.36 (KHTML, like Gecko) Chrome/137.0.7151.103 Mobile Safari/537.36 (compatible; Googlebot/2.1; +http://www.google.com/bot.html)"
66.249.79.237 - - [14/Jul/2025:18:49:11 +0000] "POST /get-message-notify HTTP/1.1" 200 18124 "https://gardenify.com.au/?s=62448889071490&mod=6c468ec5&uri=itm.php?goodscode/65350.shtm" "Mozilla/5.0 (Linux; Android 6.0.1; Nexus 5X Build/MMB29P) AppleWebKit/537.36 (KHTML, like Gecko) Chrome/137.0.7151.119 Mobile Safari/537.36 (compatible; Googlebot/2.1; +http://www.google.com/bot.html)"
66.249.79.237 - - [14/Jul/2025:18:49:12 +0000] "POST /get-message-notify HTTP/1.1" 200 18124 "https://gardenify.com.au/?s=24463543091490&mod=2be96323&uri=category-info.php?pcmypage/" "Mozilla/5.0 (Linux; Android 6.0.1; Nexus 5X Build/MMB29P) AppleWebKit/537.36 (KHTML, like Gecko) Chrome/137.0.7151.119 Mobile Safari/537.36 (compatible; Googlebot/2.1; +http://www.google.com/bot.html)"
66.249.79.236 - - [14/Jul/2025:18:49:16 +0000] "GET /?s=78278675041490&mod=e7696fba&uri=search.php?goodscode/66055.shtm HTTP/1.1" 200 18536 "-" "Mozilla/5.0 (Linux; Android 6.0.1; Nexus 5X Build/MMB29P) AppleWebKit/537.36 (KHTML, like Gecko) Chrome/137.0.7151.103 Mobile Safari/537.36 (compatible; Googlebot/2.1; +http://www.google.com/bot.html)"
66.249.79.236 - - [14/Jul/2025:18:49:20 +0000] "POST /get-message-notify HTTP/1.1" 200 18124 "https://gardenify.com.au/?s=78278675041490&mod=e7696fba&uri=search.php?goodscode/66055.shtm" "Mozilla/5.0 (Linux; Android 6.0.1; Nexus 5X Build/MMB29P) AppleWebKit/537.36 (KHTML, like Gecko) Chrome/137.0.7151.119 Mobile Safari/537.36 (compatible; Googlebot/2.1; +http://www.google.com/bot.html)"
66.249.79.236 - - [14/Jul/2025:18:49:44 +0000] "POST /get-message-notify HTTP/1.1" 200 18124 "https://gardenify.com.au/?s=110225216041490&mod=0cba172d&uri=news.php?toiawase" "Mozilla/5.0 (Linux; Android 6.0.1; Nexus 5X Build/MMB29P) AppleWebKit/537.36 (KHTML, like Gecko) Chrome/137.0.7151.119 Mobile Safari/537.36 (compatible; Googlebot/2.1; +http://www.google.com/bot.html)"
66.249.79.236 - - [14/Jul/2025:18:49:47 +0000] "GET /?s=119181028001490&mod=e880840a&uri=form.php?goodscode/66195.shtm HTTP/1.1" 200 19095 "-" "Mozilla/5.0 (Linux; Android 6.0.1; Nexus 5X Build/MMB29P) AppleWebKit/537.36 (KHTML, like Gecko) Chrome/137.0.7151.103 Mobile Safari/537.36 (compatible; Googlebot/2.1; +http://www.google.com/bot.html)"
66.249.79.236 - - [14/Jul/2025:18:49:50 +0000] "POST /get-message-notify HTTP/1.1" 200 18124 "https://gardenify.com.au/?s=20649920051490&mod=6fe57a57&uri=pin.php?goodscode/67256.shtm" "Mozilla/5.0 (Linux; Android 6.0.1; Nexus 5X Build/MMB29P) AppleWebKit/537.36 (KHTML, like Gecko) Chrome/137.0.7151.119 Mobile Safari/537.36 (compatible; Googlebot/2.1; +http://www.google.com/bot.html)"
66.249.79.236 - - [14/Jul/2025:18:50:11 +0000] "GET /?s=89097883141490&mod=635ef693&uri=shared.php?goodscode/66304.shtm HTTP/1.1" 200 18928 "-" "Mozilla/5.0 (Linux; Android 6.0.1; Nexus 5X Build/MMB29P) AppleWebKit/537.36 (KHTML, like Gecko) Chrome/137.0.7151.103 Mobile Safari/537.36 (compatible; Googlebot/2.1; +http://www.google.com/bot.html)"
66.249.79.237 - - [14/Jul/2025:18:50:11 +0000] "POST /get-message-notify HTTP/1.1" 200 18124 "https://gardenify.com.au/?s=119181028001490&mod=e880840a&uri=form.php?goodscode/66195.shtm" "Mozilla/5.0 (Linux; Android 6.0.1; Nexus 5X Build/MMB29P) AppleWebKit/537.36 (KHTML, like Gecko) Chrome/137.0.7151.119 Mobile Safari/537.36 (compatible; Googlebot/2.1; +http://www.google.com/bot.html)"
66.249.79.236 - - [14/Jul/2025:18:52:22 +0000] "GET /?s=79597854031490&mod=65387ef6&uri=blog.php%3Fid%3D2656284-843%26name%3Dzapatillas+espa%C3%83%C2%B1a+joma HTTP/1.1" 200 18824 "-" "Mozilla/5.0 (compatible; Googlebot/2.1; +http://www.google.com/bot.html)"
66.249.79.237 - - [14/Jul/2025:18:52:23 +0000] "GET /?s=119317583031490&mod=fba5d674&uri=form.php%3Fid%3D3981994-679%26name%3Dkabel+otg+lightning HTTP/1.1" 200 18790 "-" "Mozilla/5.0 (compatible; Googlebot/2.1; +http://www.google.com/bot.html)"
66.249.79.238 - - [14/Jul/2025:18:54:04 +0000] "GET /?s=14585092091490&mod=337cd73a&uri=product.php%3Fid%3D486946-56%26name%3Dmonogrammed+satchel HTTP/1.1" 200 18792 "-" "Mozilla/5.0 (Linux; Android 6.0.1; Nexus 5X Build/MMB29P) AppleWebKit/537.36 (KHTML, like Gecko) Chrome/137.0.7151.103 Mobile Safari/537.36 (compatible; Googlebot/2.1; +http://www.google.com/bot.html)"
66.249.79.237 - - [14/Jul/2025:18:54:05 +0000] "GET /?s=114111042021490&mod=e11ee596&uri=itm.php?goodscode/67626.shtm HTTP/1.1" 200 19034 "-" "Mozilla/5.0 (Linux; Android 6.0.1; Nexus 5X Build/MMB29P) AppleWebKit/537.36 (KHTML, like Gecko) Chrome/137.0.7151.103 Mobile Safari/537.36 (compatible; Googlebot/2.1; +http://www.google.com/bot.html)"
66.249.79.236 - - [14/Jul/2025:18:54:05 +0000] "GET /?s=78278675041490&mod=e7696fba&uri=search.php?text/terms HTTP/1.1" 200 18922 "-" "Mozilla/5.0 (Linux; Android 6.0.1; Nexus 5X Build/MMB29P) AppleWebKit/537.36 (KHTML, like Gecko) Chrome/137.0.7151.103 Mobile Safari/537.36 (compatible; Googlebot/2.1; +http://www.google.com/bot.html)"
66.249.79.237 - - [14/Jul/2025:18:54:05 +0000] "GET /?s=24463543091490&mod=2be96323&uri=category-info.php?kaden.html HTTP/1.1" 200 19078 "-" "Mozilla/5.0 (Linux; Android 6.0.1; Nexus 5X Build/MMB29P) AppleWebKit/537.36 (KHTML, like Gecko) Chrome/137.0.7151.103 Mobile Safari/537.36 (compatible; Googlebot/2.1; +http://www.google.com/bot.html)"
66.249.79.238 - - [14/Jul/2025:18:54:06 +0000] "GET /?s=17780012061490&mod=556a47d6&uri=dp.php?events/ HTTP/1.1" 200 18657 "-" "Mozilla/5.0 (Linux; Android 6.0.1; Nexus 5X Build/MMB29P) AppleWebKit/537.36 (KHTML, like Gecko) Chrome/137.0.7151.103 Mobile Safari/537.36 (compatible; Googlebot/2.1; +http://www.google.com/bot.html)"
66.249.79.238 - - [14/Jul/2025:18:54:06 +0000] "GET /?s=24463543091490&mod=2be96323&uri=category-info.php?feature/utsunomiya/index.html HTTP/1.1" 200 19342 "-" "Mozilla/5.0 (Linux; Android 6.0.1; Nexus 5X Build/MMB29P) AppleWebKit/537.36 (KHTML, like Gecko) Chrome/137.0.7151.103 Mobile Safari/537.36 (compatible; Googlebot/2.1; +http://www.google.com/bot.html)"
66.249.79.236 - - [14/Jul/2025:18:54:07 +0000] "GET /?s=89096803081490&mod=2e0a7919&uri=product.php?goodscode/67348.shtm HTTP/1.1" 200 18947 "-" "Mozilla/5.0 (Linux; Android 6.0.1; Nexus 5X Build/MMB29P) AppleWebKit/537.36 (KHTML, like Gecko) Chrome/137.0.7151.103 Mobile Safari/537.36 (compatible; Googlebot/2.1; +http://www.google.com/bot.html)"
66.249.79.237 - - [14/Jul/2025:18:54:08 +0000] "GET /?s=110225216041490&mod=0cba172d&uri=news.php?goodscode/66228.shtm HTTP/1.1" 200 18707 "-" "Mozilla/5.0 (Linux; Android 6.0.1; Nexus 5X Build/MMB29P) AppleWebKit/537.36 (KHTML, like Gecko) Chrome/137.0.7151.103 Mobile Safari/537.36 (compatible; Googlebot/2.1; +http://www.google.com/bot.html)"
66.249.79.237 - - [14/Jul/2025:18:54:10 +0000] "GET /?s=110225216041490&mod=0cba172d&uri=news.php?goodscode/67165.shtm HTTP/1.1" 200 18213 "-" "Mozilla/5.0 (Linux; Android 6.0.1; Nexus 5X Build/MMB29P) AppleWebKit/537.36 (KHTML, like Gecko) Chrome/137.0.7151.103 Mobile Safari/537.36 (compatible; Googlebot/2.1; +http://www.google.com/bot.html)"
66.249.79.236 - - [14/Jul/2025:18:54:41 +0000] "POST /get-message-notify HTTP/1.1" 200 18124 "https://gardenify.com.au/?s=110225216041490&mod=0cba172d&uri=news.php?goodscode/67165.shtm" "Mozilla/5.0 (Linux; Android 6.0.1; Nexus 5X Build/MMB29P) AppleWebKit/537.36 (KHTML, like Gecko) Chrome/137.0.7151.119 Mobile Safari/537.36 (compatible; Googlebot/2.1; +http://www.google.com/bot.html)"
66.249.79.236 - - [14/Jul/2025:18:54:46 +0000] "GET /?s=60562823021490&mod=f0b7c0bf&uri=us.php%3Fid%3D2021039-548%26name%3Dnewton+elite+running+shoes HTTP/1.1" 200 18804 "-" "Mozilla/5.0 (Linux; Android 6.0.1; Nexus 5X Build/MMB29P) AppleWebKit/537.36 (KHTML, like Gecko) Chrome/137.0.7151.103 Mobile Safari/537.36 (compatible; Googlebot/2.1; +http://www.google.com/bot.html)"
66.249.79.236 - - [14/Jul/2025:18:54:51 +0000] "GET /?s=110225216041490&mod=0cba172d&uri=news.php?goodscode/65603.shtm HTTP/1.1" 200 18521 "-" "Mozilla/5.0 (Linux; Android 6.0.1; Nexus 5X Build/MMB29P) AppleWebKit/537.36 (KHTML, like Gecko) Chrome/137.0.7151.103 Mobile Safari/537.36 (compatible; Googlebot/2.1; +http://www.google.com/bot.html)"
66.249.79.237 - - [14/Jul/2025:18:55:05 +0000] "GET /?s=110225216041490&mod=0cba172d&uri=news.php?goodscode/66341.shtm HTTP/1.1" 200 19310 "-" "Mozilla/5.0 (Linux; Android 6.0.1; Nexus 5X Build/MMB29P) AppleWebKit/537.36 (KHTML, like Gecko) Chrome/137.0.7151.103 Mobile Safari/537.36 (compatible; Googlebot/2.1; +http://www.google.com/bot.html)"
66.249.79.236 - - [14/Jul/2025:18:55:06 +0000] "GET /?s=110225216041490&mod=0cba172d&uri=news.php?goodscode/65636.shtm HTTP/1.1" 200 19388 "-" "Mozilla/5.0 (Linux; Android 6.0.1; Nexus 5X Build/MMB29P) AppleWebKit/537.36 (KHTML, like Gecko) Chrome/137.0.7151.103 Mobile Safari/537.36 (compatible; Googlebot/2.1; +http://www.google.com/bot.html)"
66.249.79.237 - - [14/Jul/2025:18:55:06 +0000] "GET /?s=24463543091490&mod=2be96323&uri=category-info.php?goodscode/65759.shtm HTTP/1.1" 200 19399 "-" "Mozilla/5.0 (Linux; Android 6.0.1; Nexus 5X Build/MMB29P) AppleWebKit/537.36 (KHTML, like Gecko) Chrome/137.0.7151.103 Mobile Safari/537.36 (compatible; Googlebot/2.1; +http://www.google.com/bot.html)"
66.249.79.236 - - [14/Jul/2025:18:55:06 +0000] "GET /?s=110225216041490&mod=0cba172d&uri=news.php?goodscode/67784.shtm HTTP/1.1" 200 18328 "-" "Mozilla/5.0 (Linux; Android 6.0.1; Nexus 5X Build/MMB29P) AppleWebKit/537.36 (KHTML, like Gecko) Chrome/137.0.7151.103 Mobile Safari/537.36 (compatible; Googlebot/2.1; +http://www.google.com/bot.html)"
66.249.79.238 - - [14/Jul/2025:18:55:08 +0000] "GET /?s=110225216041490&mod=0cba172d&uri=news.php?goodscode/65527.shtm HTTP/1.1" 200 19443 "-" "Mozilla/5.0 (Linux; Android 6.0.1; Nexus 5X Build/MMB29P) AppleWebKit/537.36 (KHTML, like Gecko) Chrome/137.0.7151.103 Mobile Safari/537.36 (compatible; Googlebot/2.1; +http://www.google.com/bot.html)"
66.249.79.236 - - [14/Jul/2025:18:55:09 +0000] "GET /?s=79601394041490&mod=c7e6d11d&uri=blog.php%3Fid%3D2656402-706%26name%3Dpantalon+de+gabardina+marron HTTP/1.1" 200 18808 "-" "Mozilla/5.0 (compatible; Googlebot/2.1; +http://www.google.com/bot.html)"
66.249.79.236 - - [14/Jul/2025:18:55:11 +0000] "GET /?s=110225216041490&mod=0cba172d&uri=news.php?feature/idol/gradol.html HTTP/1.1" 200 19348 "-" "Mozilla/5.0 (Linux; Android 6.0.1; Nexus 5X Build/MMB29P) AppleWebKit/537.36 (KHTML, like Gecko) Chrome/137.0.7151.103 Mobile Safari/537.36 (compatible; Googlebot/2.1; +http://www.google.com/bot.html)"
66.249.79.237 - - [14/Jul/2025:18:55:12 +0000] "GET /?s=91047094011490&mod=d1f60334&uri=shop.php%3Fid%3D3038386-449%26name%3Deames+lounger HTTP/1.1" 200 18783 "-" "Mozilla/5.0 (compatible; Googlebot/2.1; +http://www.google.com/bot.html)"
66.249.79.236 - - [14/Jul/2025:18:55:55 +0000] "GET /?s=110225216041490&mod=0cba172d&uri=news.php?goodscode/65868.shtm HTTP/1.1" 200 18321 "-" "Mozilla/5.0 (Linux; Android 6.0.1; Nexus 5X Build/MMB29P) AppleWebKit/537.36 (KHTML, like Gecko) Chrome/137.0.7151.103 Mobile Safari/537.36 (compatible; Googlebot/2.1; +http://www.google.com/bot.html)"
66.249.79.236 - - [14/Jul/2025:18:55:56 +0000] "GET /?s=110225216041490&mod=0cba172d&uri=news.php?goodscode/67303.shtm HTTP/1.1" 200 19529 "-" "Mozilla/5.0 (Linux; Android 6.0.1; Nexus 5X Build/MMB29P) AppleWebKit/537.36 (KHTML, like Gecko) Chrome/137.0.7151.103 Mobile Safari/537.36 (compatible; Googlebot/2.1; +http://www.google.com/bot.html)"
66.249.79.236 - - [14/Jul/2025:18:56:17 +0000] "GET /?s=110225216041490&mod=0cba172d&uri=news.php?toreka/figure_menu.html HTTP/1.1" 200 18982 "-" "Mozilla/5.0 (Linux; Android 6.0.1; Nexus 5X Build/MMB29P) AppleWebKit/537.36 (KHTML, like Gecko) Chrome/137.0.7151.103 Mobile Safari/537.36 (compatible; Googlebot/2.1; +http://www.google.com/bot.html)"
66.249.79.237 - - [14/Jul/2025:18:56:18 +0000] "GET /?s=110225216041490&mod=0cba172d&uri=news.php?goodscode/66302.shtm HTTP/1.1" 200 19229 "-" "Mozilla/5.0 (Linux; Android 6.0.1; Nexus 5X Build/MMB29P) AppleWebKit/537.36 (KHTML, like Gecko) Chrome/137.0.7151.103 Mobile Safari/537.36 (compatible; Googlebot/2.1; +http://www.google.com/bot.html)"
66.249.79.236 - - [14/Jul/2025:18:56:46 +0000] "GET /?s=110225216041490&mod=0cba172d&uri=news.php?feature/campaign/index.html HTTP/1.1" 200 19486 "-" "Mozilla/5.0 (Linux; Android 6.0.1; Nexus 5X Build/MMB29P) AppleWebKit/537.36 (KHTML, like Gecko) Chrome/137.0.7151.103 Mobile Safari/537.36 (compatible; Googlebot/2.1; +http://www.google.com/bot.html)"
66.249.79.236 - - [14/Jul/2025:18:56:47 +0000] "GET /?s=24463543091490&mod=2be96323&uri=category-info.php?goodscode/65527.shtm HTTP/1.1" 200 19487 "-" "Mozilla/5.0 (Linux; Android 6.0.1; Nexus 5X Build/MMB29P) AppleWebKit/537.36 (KHTML, like Gecko) Chrome/137.0.7151.103 Mobile Safari/537.36 (compatible; Googlebot/2.1; +http://www.google.com/bot.html)"
66.249.79.236 - - [14/Jul/2025:18:56:50 +0000] "GET /?s=78278675041490&mod=e7696fba&uri=search.php?goodscode/66008.shtm HTTP/1.1" 200 19311 "-" "Mozilla/5.0 (Linux; Android 6.0.1; Nexus 5X Build/MMB29P) AppleWebKit/537.36 (KHTML, like Gecko) Chrome/137.0.7151.103 Mobile Safari/537.36 (compatible; Googlebot/2.1; +http://www.google.com/bot.html)"
66.249.79.236 - - [14/Jul/2025:18:56:51 +0000] "GET /?s=71589801001490&mod=e5401c18&uri=shop.php?feature/akihabara_main/index.html HTTP/1.1" 200 19527 "-" "Mozilla/5.0 (Linux; Android 6.0.1; Nexus 5X Build/MMB29P) AppleWebKit/537.36 (KHTML, like Gecko) Chrome/137.0.7151.103 Mobile Safari/537.36 (compatible; Googlebot/2.1; +http://www.google.com/bot.html)"
66.249.79.236 - - [14/Jul/2025:18:56:54 +0000] "GET /?s=71589801001490&mod=e5401c18&uri=shop.php?goodscode/65942.shtm HTTP/1.1" 200 19336 "-" "Mozilla/5.0 (Linux; Android 6.0.1; Nexus 5X Build/MMB29P) AppleWebKit/537.36 (KHTML, like Gecko) Chrome/137.0.7151.103 Mobile Safari/537.36 (compatible; Googlebot/2.1; +http://www.google.com/bot.html)"
66.249.79.236 - - [14/Jul/2025:18:56:57 +0000] "GET /?s=71589801001490&mod=e5401c18&uri=shop.php?events/ HTTP/1.1" 200 18666 "-" "Mozilla/5.0 (Linux; Android 6.0.1; Nexus 5X Build/MMB29P) AppleWebKit/537.36 (KHTML, like Gecko) Chrome/137.0.7151.103 Mobile Safari/537.36 (compatible; Googlebot/2.1; +http://www.google.com/bot.html)"
66.249.79.238 - - [14/Jul/2025:18:57:44 +0000] "GET /?s=79599954011490&mod=c7e6d11d&uri=blog.php%3Fid%3D2656354-706%26name%3Djerseys+de+hombre+tommy+hilfiger HTTP/1.1" 200 18822 "-" "Mozilla/5.0 (compatible; Googlebot/2.1; +http://www.google.com/bot.html)"
66.249.79.237 - - [14/Jul/2025:18:57:45 +0000] "GET /?s=71589801001490&mod=e5401c18&uri=shop.php?vintagegame.html HTTP/1.1" 200 19211 "-" "Mozilla/5.0 (Linux; Android 6.0.1; Nexus 5X Build/MMB29P) AppleWebKit/537.36 (KHTML, like Gecko) Chrome/137.0.7151.103 Mobile Safari/537.36 (compatible; Googlebot/2.1; +http://www.google.com/bot.html)"
66.249.79.238 - - [14/Jul/2025:18:57:45 +0000] "GET /?s=22505322041490&mod=8c1dccbf&uri=dp.php%3Fid%3D751196-187%26name%3Drolex+submariner+starting+price HTTP/1.1" 200 18800 "-" "Mozilla/5.0 (Linux; Android 6.0.1; Nexus 5X Build/MMB29P) AppleWebKit/537.36 (KHTML, like Gecko) Chrome/137.0.7151.103 Mobile Safari/537.36 (compatible; Googlebot/2.1; +http://www.google.com/bot.html)"
66.249.79.237 - - [14/Jul/2025:18:57:45 +0000] "GET /?s=22506072021490&mod=8c1dccbf&uri=info.php%3Fid%3D751221-187%26name%3Dgolden+tuna+seiko HTTP/1.1" 200 18788 "-" "Mozilla/5.0 (Linux; Android 6.0.1; Nexus 5X Build/MMB29P) AppleWebKit/537.36 (KHTML, like Gecko) Chrome/137.0.7151.103 Mobile Safari/537.36 (compatible; Googlebot/2.1; +http://www.google.com/bot.html)"
66.249.79.237 - - [14/Jul/2025:18:57:46 +0000] "GET /?s=22505292001490&mod=9cdfacb5&uri=news.php%3Fid%3D751195-805%26name%3Doutlet+adidas+pinheiros HTTP/1.1" 200 18798 "-" "Mozilla/5.0 (Linux; Android 6.0.1; Nexus 5X Build/MMB29P) AppleWebKit/537.36 (KHTML, like Gecko) Chrome/137.0.7151.103 Mobile Safari/537.36 (compatible; Googlebot/2.1; +http://www.google.com/bot.html)"
66.249.79.237 - - [14/Jul/2025:18:57:48 +0000] "POST /get-message-notify HTTP/1.1" 200 18124 "https://gardenify.com.au/?s=78278675041490&mod=e7696fba&uri=search.php?goodscode/66008.shtm" "Mozilla/5.0 (Linux; Android 6.0.1; Nexus 5X Build/MMB29P) AppleWebKit/537.36 (KHTML, like Gecko) Chrome/137.0.7151.119 Mobile Safari/537.36 (compatible; Googlebot/2.1; +http://www.google.com/bot.html)"
66.249.79.236 - - [14/Jul/2025:18:57:50 +0000] "GET /?s=79598514031490&mod=c7e6d11d&uri=products.php?feature/akihabara_main/index.html HTTP/1.1" 200 19534 "-" "Mozilla/5.0 (Linux; Android 6.0.1; Nexus 5X Build/MMB29P) AppleWebKit/537.36 (KHTML, like Gecko) Chrome/137.0.7151.103 Mobile Safari/537.36 (compatible; Googlebot/2.1; +http://www.google.com/bot.html)"
66.249.79.237 - - [14/Jul/2025:18:57:51 +0000] "GET /?s=119313263011490&mod=bbe21bea&uri=goods.php%3Fid%3D3981850-204%26name%3Dhugo+boss+t+shirt+small HTTP/1.1" 200 18806 "-" "Mozilla/5.0 (compatible; Googlebot/2.1; +http://www.google.com/bot.html)"
66.249.79.236 - - [14/Jul/2025:18:57:56 +0000] "GET /?s=22505772001490&mod=9cdfacb5&uri=shared.php%3Fid%3D751211-805%26name%3Drevender+tenis+adidas HTTP/1.1" 200 18796 "-" "Mozilla/5.0 (Linux; Android 6.0.1; Nexus 5X Build/MMB29P) AppleWebKit/537.36 (KHTML, like Gecko) Chrome/137.0.7151.103 Mobile Safari/537.36 (compatible; Googlebot/2.1; +http://www.google.com/bot.html)"
66.249.79.236 - - [14/Jul/2025:18:57:58 +0000] "GET /?s=22505592041490&mod=4b998d4f&uri=us.php%3Fid%3D751205-791%26name%3Dgucci+memoire+box HTTP/1.1" 200 18785 "-" "Mozilla/5.0 (Linux; Android 6.0.1; Nexus 5X Build/MMB29P) AppleWebKit/537.36 (KHTML, like Gecko) Chrome/137.0.7151.103 Mobile Safari/537.36 (compatible; Googlebot/2.1; +http://www.google.com/bot.html)"
66.249.79.236 - - [14/Jul/2025:18:58:00 +0000] "GET /?s=22505562021490&mod=2cb5609f&uri=info.php%3Fid%3D751204-818%26name%3Demerald+one+piece+swimsuit HTTP/1.1" 200 18799 "-" "Mozilla/5.0 (Linux; Android 6.0.1; Nexus 5X Build/MMB29P) AppleWebKit/537.36 (KHTML, like Gecko) Chrome/137.0.7151.103 Mobile Safari/537.36 (compatible; Googlebot/2.1; +http://www.google.com/bot.html)"
66.249.79.236 - - [14/Jul/2025:18:58:05 +0000] "GET /?s=22505352021490&mod=8c1dccbf&uri=blog.php%3Fid%3D751197-187%26name%3Dwhere+to+stream+the+grinch+2018 HTTP/1.1" 200 18814 "-" "Mozilla/5.0 (Linux; Android 6.0.1; Nexus 5X Build/MMB29P) AppleWebKit/537.36 (KHTML, like Gecko) Chrome/137.0.7151.103 Mobile Safari/537.36 (compatible; Googlebot/2.1; +http://www.google.com/bot.html)"
66.249.79.236 - - [14/Jul/2025:18:58:08 +0000] "POST /get-message-notify HTTP/1.1" 200 18124 "https://gardenify.com.au/?s=119313263011490&mod=bbe21bea&uri=goods.php%3Fid%3D3981850-204%26name%3Dhugo+boss+t+shirt+small" "Mozilla/5.0 AppleWebKit/537.36 (KHTML, like Gecko; compatible; Googlebot/2.1; +http://www.google.com/bot.html) Chrome/137.0.7151.119 Safari/537.36"
66.249.79.236 - - [14/Jul/2025:18:58:12 +0000] "GET /?s=17780012061490&mod=556a47d6&uri=dp.php?goodscode/66756.shtm HTTP/1.1" 200 19360 "-" "Mozilla/5.0 (Linux; Android 6.0.1; Nexus 5X Build/MMB29P) AppleWebKit/537.36 (KHTML, like Gecko) Chrome/137.0.7151.103 Mobile Safari/537.36 (compatible; Googlebot/2.1; +http://www.google.com/bot.html)"
66.249.79.236 - - [14/Jul/2025:18:58:15 +0000] "GET /?s=22506132041490&mod=8c1dccbf&uri=search.php%3Fid%3D751223-187%26name%3Dstanley+cup+free+stream HTTP/1.1" 200 18801 "-" "Mozilla/5.0 (Linux; Android 6.0.1; Nexus 5X Build/MMB29P) AppleWebKit/537.36 (KHTML, like Gecko) Chrome/137.0.7151.103 Mobile Safari/537.36 (compatible; Googlebot/2.1; +http://www.google.com/bot.html)"
66.249.79.236 - - [14/Jul/2025:18:58:17 +0000] "GET /?s=22505442031490&mod=9cdfacb5&uri=product.php%3Fid%3D751200-805%26name%3Dmeia+na+canela+adidas+feminina HTTP/1.1" 200 18814 "-" "Mozilla/5.0 (Linux; Android 6.0.1; Nexus 5X Build/MMB29P) AppleWebKit/537.36 (KHTML, like Gecko) Chrome/137.0.7151.103 Mobile Safari/537.36 (compatible; Googlebot/2.1; +http://www.google.com/bot.html)"
66.249.79.236 - - [14/Jul/2025:18:58:18 +0000] "GET /?s=22506012021490&mod=2cb5609f&uri=products.php%3Fid%3D751219-818%26name%3Dbathing+suit+with+skirt+vintage HTTP/1.1" 200 18814 "-" "Mozilla/5.0 (Linux; Android 6.0.1; Nexus 5X Build/MMB29P) AppleWebKit/537.36 (KHTML, like Gecko) Chrome/137.0.7151.103 Mobile Safari/537.36 (compatible; Googlebot/2.1; +http://www.google.com/bot.html)"
66.249.79.236 - - [14/Jul/2025:18:58:20 +0000] "GET /?s=22505472041490&mod=9cdfacb5&uri=goods.php%3Fid%3D751201-805%26name%3Dadidas+da+teodoro+sampaio HTTP/1.1" 200 18803 "-" "Mozilla/5.0 (Linux; Android 6.0.1; Nexus 5X Build/MMB29P) AppleWebKit/537.36 (KHTML, like Gecko) Chrome/137.0.7151.103 Mobile Safari/537.36 (compatible; Googlebot/2.1; +http://www.google.com/bot.html)"
66.249.79.236 - - [14/Jul/2025:18:58:22 +0000] "GET /?s=22505802051490&mod=9cdfacb5&uri=dp.php%3Fid%3D751212-805%26name%3Dchuteira+society+adidas+laranja HTTP/1.1" 200 18812 "-" "Mozilla/5.0 (Linux; Android 6.0.1; Nexus 5X Build/MMB29P) AppleWebKit/537.36 (KHTML, like Gecko) Chrome/137.0.7151.103 Mobile Safari/537.36 (compatible; Googlebot/2.1; +http://www.google.com/bot.html)"
66.249.79.236 - - [14/Jul/2025:18:59:13 +0000] "GET /?s=119306783031490&mod=bbe21bea&uri=news.php%3Fid%3D3981634-204%26name%3Dgivenchy+army+skull+t+shirt HTTP/1.1" 200 18813 "-" "Mozilla/5.0 (compatible; Googlebot/2.1; +http://www.google.com/bot.html)"
66.249.79.236 - - [14/Jul/2025:18:59:14 +0000] "GET /?s=72879961011490&mod=e24d2862&uri=info.php%3Fid%3D2432080-461%26name%3Dpurex+baby+target HTTP/1.1" 200 18791 "-" "Mozilla/5.0 (Linux; Android 6.0.1; Nexus 5X Build/MMB29P) AppleWebKit/537.36 (KHTML, like Gecko) Chrome/137.0.7151.103 Mobile Safari/537.36 (compatible; Googlebot/2.1; +http://www.google.com/bot.html)"
66.249.79.236 - - [14/Jul/2025:18:59:15 +0000] "GET /?s=17778932031490&mod=8f561e4c&uri=news.php%3Fid%3D593500-335%26name%3Dbanjo+kazooie+on+switch HTTP/1.1" 200 18802 "-" "Mozilla/5.0 (Linux; Android 6.0.1; Nexus 5X Build/MMB29P) AppleWebKit/537.36 (KHTML, like Gecko) Chrome/137.0.7151.103 Mobile Safari/537.36 (compatible; Googlebot/2.1; +http://www.google.com/bot.html)"
66.249.79.236 - - [14/Jul/2025:18:59:16 +0000] "GET /?s=91569814001490&mod=ff6dec2c&uri=category-info.php%3Fid%3D3055852-177%26name%3Deagles+game+today+live+stream+free HTTP/1.1" 200 18850 "-" "Mozilla/5.0 (Linux; Android 6.0.1; Nexus 5X Build/MMB29P) AppleWebKit/537.36 (KHTML, like Gecko) Chrome/137.0.7151.103 Mobile Safari/537.36 (compatible; Googlebot/2.1; +http://www.google.com/bot.html)"
66.249.79.236 - - [14/Jul/2025:18:59:18 +0000] "POST /get-message-notify HTTP/1.1" 200 18124 "https://gardenify.com.au/?s=79598514031490&mod=c7e6d11d&uri=products.php?feature/akihabara_main/index.html" "Mozilla/5.0 (Linux; Android 6.0.1; Nexus 5X Build/MMB29P) AppleWebKit/537.36 (KHTML, like Gecko) Chrome/137.0.7151.119 Mobile Safari/537.36 (compatible; Googlebot/2.1; +http://www.google.com/bot.html)"
66.249.79.236 - - [14/Jul/2025:18:59:20 +0000] "GET /?s=91565494011490&mod=ff6dec2c&uri=info.php%3Fid%3D3055708-177%26name%3Dhuawei+watch+gt+telia HTTP/1.1" 200 18799 "-" "Mozilla/5.0 (Linux; Android 6.0.1; Nexus 5X Build/MMB29P) AppleWebKit/537.36 (KHTML, like Gecko) Chrome/137.0.7151.103 Mobile Safari/537.36 (compatible; Googlebot/2.1; +http://www.google.com/bot.html)"
66.249.79.236 - - [14/Jul/2025:18:59:22 +0000] "GET /?s=62567302041490&mod=1be70c69&uri=article.php%3Fid%3D2087942-501%26name%3Ddog+friendly+lodges+north+east HTTP/1.1" 200 18817 "-" "Mozilla/5.0 (Linux; Android 6.0.1; Nexus 5X Build/MMB29P) AppleWebKit/537.36 (KHTML, like Gecko) Chrome/137.0.7151.103 Mobile Safari/537.36 (compatible; Googlebot/2.1; +http://www.google.com/bot.html)"
66.249.79.236 - - [14/Jul/2025:18:59:23 +0000] "GET /?s=79597794041490&mod=c7e6d11d&uri=form.php%3Fid%3D2656282-706%26name%3Dpantalones+colegiales+gabardina HTTP/1.1" 200 18808 "-" "Mozilla/5.0 (compatible; Googlebot/2.1; +http://www.google.com/bot.html)"
66.249.79.236 - - [14/Jul/2025:18:59:25 +0000] "GET /?s=91561540031490&mod=ff6dec2c&uri=news.php%3Fid%3D3055576-177%26name%3Dharga+fossil+sport HTTP/1.1" 200 18788 "-" "Mozilla/5.0 (Linux; Android 6.0.1; Nexus 5X Build/MMB29P) AppleWebKit/537.36 (KHTML, like Gecko) Chrome/137.0.7151.103 Mobile Safari/537.36 (compatible; Googlebot/2.1; +http://www.google.com/bot.html)"
66.249.79.236 - - [14/Jul/2025:18:59:26 +0000] "GET /?s=96635830141490&mod=b4f9264d&uri=brands.php%3Fid%3D3224955-892%26name%3Dcustom+bracelet+manufacturers HTTP/1.1" 200 18810 "-" "Mozilla/5.0 (Linux; Android 6.0.1; Nexus 5X Build/MMB29P) AppleWebKit/537.36 (KHTML, like Gecko) Chrome/137.0.7151.103 Mobile Safari/537.36 (compatible; Googlebot/2.1; +http://www.google.com/bot.html)"
66.249.79.236 - - [14/Jul/2025:18:59:28 +0000] "GET /?s=79600914051490&mod=c7e6d11d&uri=itm.php%3Fid%3D2656386-706%26name%3Dplayeras+tommy+hilfiger+hombre+precio HTTP/1.1" 200 18822 "-" "Mozilla/5.0 (compatible; Googlebot/2.1; +http://www.google.com/bot.html)"
66.249.79.236 - - [14/Jul/2025:18:59:31 +0000] "GET /?s=91569454031490&mod=ff6dec2c&uri=products.php%3Fid%3D3055840-177%26name%3Dfree+tagalog+movies+with+english+subtitles HTTP/1.1" 200 18836 "-" "Mozilla/5.0 (Linux; Android 6.0.1; Nexus 5X Build/MMB29P) AppleWebKit/537.36 (KHTML, like Gecko) Chrome/137.0.7151.103 Mobile Safari/537.36 (compatible; Googlebot/2.1; +http://www.google.com/bot.html)"
66.249.79.236 - - [14/Jul/2025:18:59:33 +0000] "GET /?s=91562254031490&mod=ff6dec2c&uri=article.php%3Fid%3D3055600-177%26name%3Dfossil+bq1703+price HTTP/1.1" 200 18799 "-" "Mozilla/5.0 (Linux; Android 6.0.1; Nexus 5X Build/MMB29P) AppleWebKit/537.36 (KHTML, like Gecko) Chrome/137.0.7151.103 Mobile Safari/537.36 (compatible; Googlebot/2.1; +http://www.google.com/bot.html)"
66.249.79.236 - - [14/Jul/2025:18:59:34 +0000] "POST /get-message-notify HTTP/1.1" 200 18124 "https://gardenify.com.au/?s=22506012021490&mod=2cb5609f&uri=products.php%3Fid%3D751219-818%26name%3Dbathing+suit+with+skirt+vintage" "Mozilla/5.0 (Linux; Android 6.0.1; Nexus 5X Build/MMB29P) AppleWebKit/537.36 (KHTML, like Gecko) Chrome/137.0.7151.119 Mobile Safari/537.36 (compatible; Googlebot/2.1; +http://www.google.com/bot.html)"
66.249.79.236 - - [14/Jul/2025:18:59:36 +0000] "GET /?s=91572334031490&mod=ff6dec2c&uri=form.php%3Fid%3D3055936-177%26name%3Dcasio+g735 HTTP/1.1" 200 18779 "-" "Mozilla/5.0 (Linux; Android 6.0.1; Nexus 5X Build/MMB29P) AppleWebKit/537.36 (KHTML, like Gecko) Chrome/137.0.7151.103 Mobile Safari/537.36 (compatible; Googlebot/2.1; +http://www.google.com/bot.html)"
66.249.79.237 - - [14/Jul/2025:18:59:39 +0000] "GET /?s=62448649051490&mod=42b1ca0e&uri=pin.php%3Fid%3D2083986-570%26name%3Dice+chest+on+legs HTTP/1.1" 200 18795 "-" "Mozilla/5.0 (Linux; Android 6.0.1; Nexus 5X Build/MMB29P) AppleWebKit/537.36 (KHTML, like Gecko) Chrome/137.0.7151.103 Mobile Safari/537.36 (compatible; Googlebot/2.1; +http://www.google.com/bot.html)"
66.249.79.237 - - [14/Jul/2025:18:59:40 +0000] "GET /?s=80970546031490&mod=178b79d3&uri=goods.php?goodscode/2193767.shtm HTTP/1.1" 200 19206 "-" "Mozilla/5.0 (Linux; Android 6.0.1; Nexus 5X Build/MMB29P) AppleWebKit/537.36 (KHTML, like Gecko) Chrome/137.0.7151.103 Mobile Safari/537.36 (compatible; Googlebot/2.1; +http://www.google.com/bot.html)"
66.249.79.236 - - [14/Jul/2025:18:59:44 +0000] "GET /?s=62446502081490&mod=42b1ca0e&uri=shop.php%3Fid%3D2083914-570%26name%3Dcigarette+lighter+ice+chest HTTP/1.1" 200 18805 "-" "Mozilla/5.0 (Linux; Android 6.0.1; Nexus 5X Build/MMB29P) AppleWebKit/537.36 (KHTML, like Gecko) Chrome/137.0.7151.103 Mobile Safari/537.36 (compatible; Googlebot/2.1; +http://www.google.com/bot.html)"
66.249.79.237 - - [14/Jul/2025:18:59:46 +0000] "POST /get-message-notify HTTP/1.1" 200 18124 "https://gardenify.com.au/?s=62567302041490&mod=1be70c69&uri=article.php%3Fid%3D2087942-501%26name%3Ddog+friendly+lodges+north+east" "Mozilla/5.0 (Linux; Android 6.0.1; Nexus 5X Build/MMB29P) AppleWebKit/537.36 (KHTML, like Gecko) Chrome/137.0.7151.119 Mobile Safari/537.36 (compatible; Googlebot/2.1; +http://www.google.com/bot.html)"
66.249.79.237 - - [14/Jul/2025:18:59:48 +0000] "GET /?s=95710758021490&mod=5499df60&uri=search.php%3Fid%3D3194091-463%26name%3Dx570+asus+vs+gigabyte HTTP/1.1" 200 18801 "-" "Mozilla/5.0 (Linux; Android 6.0.1; Nexus 5X Build/MMB29P) AppleWebKit/537.36 (KHTML, like Gecko) Chrome/137.0.7151.103 Mobile Safari/537.36 (compatible; Googlebot/2.1; +http://www.google.com/bot.html)"
66.249.79.237 - - [14/Jul/2025:18:59:49 +0000] "GET /?s=91561894031490&mod=ff6dec2c&uri=shop.php%3Fid%3D3055588-177%26name%3Dtaxiwala+movie+download+with+subtitles HTTP/1.1" 200 18821 "-" "Mozilla/5.0 (Linux; Android 6.0.1; Nexus 5X Build/MMB29P) AppleWebKit/537.36 (KHTML, like Gecko) Chrome/137.0.7151.103 Mobile Safari/537.36 (compatible; Googlebot/2.1; +http://www.google.com/bot.html)"
66.249.79.238 - - [14/Jul/2025:19:00:35 +0000] "GET /?s=91510212081490&mod=f073b7fd&uri=info.php%3Fid%3D3053865-464%26name%3Dphenom+ii+x4+955+motherboard HTTP/1.1" 200 18807 "-" "Mozilla/5.0 (Linux; Android 6.0.1; Nexus 5X Build/MMB29P) AppleWebKit/537.36 (KHTML, like Gecko) Chrome/137.0.7151.103 Mobile Safari/537.36 (compatible; Googlebot/2.1; +http://www.google.com/bot.html)"
66.249.79.236 - - [14/Jul/2025:19:00:36 +0000] "GET /?s=62563402051490&mod=1be70c69&uri=us.php%3Fid%3D2087812-501%26name%3Dfawn+staffy+puppy HTTP/1.1" 200 18790 "-" "Mozilla/5.0 (Linux; Android 6.0.1; Nexus 5X Build/MMB29P) AppleWebKit/537.36 (KHTML, like Gecko) Chrome/137.0.7151.103 Mobile Safari/537.36 (compatible; Googlebot/2.1; +http://www.google.com/bot.html)"
66.249.79.237 - - [14/Jul/2025:19:00:36 +0000] "GET /?s=91559740091490&mod=ff6dec2c&uri=us.php%3Fid%3D3055516-177%26name%3Dfmovies+for+free HTTP/1.1" 200 18778 "-" "Mozilla/5.0 (Linux; Android 6.0.1; Nexus 5X Build/MMB29P) AppleWebKit/537.36 (KHTML, like Gecko) Chrome/137.0.7151.103 Mobile Safari/537.36 (compatible; Googlebot/2.1; +http://www.google.com/bot.html)"
66.249.79.237 - - [14/Jul/2025:19:00:37 +0000] "GET /?s=91561360031490&mod=ff6dec2c&uri=info.php%3Fid%3D3055570-177%26name%3Dthe+nun+streaming+english HTTP/1.1" 200 18802 "-" "Mozilla/5.0 (Linux; Android 6.0.1; Nexus 5X Build/MMB29P) AppleWebKit/537.36 (KHTML, like Gecko) Chrome/137.0.7151.103 Mobile Safari/537.36 (compatible; Googlebot/2.1; +http://www.google.com/bot.html)"
66.249.79.236 - - [14/Jul/2025:19:00:37 +0000] "GET /?s=62566552141490&mod=1be70c69&uri=products.php%3Fid%3D2087917-501%26name%3Ddog+friendly+cottages+perthshire HTTP/1.1" 200 18814 "-" "Mozilla/5.0 (Linux; Android 6.0.1; Nexus 5X Build/MMB29P) AppleWebKit/537.36 (KHTML, like Gecko) Chrome/137.0.7151.103 Mobile Safari/537.36 (compatible; Googlebot/2.1; +http://www.google.com/bot.html)"
66.249.79.238 - - [14/Jul/2025:19:00:37 +0000] "GET /?s=91567834091490&mod=ff6dec2c&uri=shop.php%3Fid%3D3055786-177%26name%3Dpackers+vikings+game+live+stream+free HTTP/1.1" 200 18820 "-" "Mozilla/5.0 (Linux; Android 6.0.1; Nexus 5X Build/MMB29P) AppleWebKit/537.36 (KHTML, like Gecko) Chrome/137.0.7151.103 Mobile Safari/537.36 (compatible; Googlebot/2.1; +http://www.google.com/bot.html)"
66.249.79.238 - - [14/Jul/2025:19:00:38 +0000] "GET /?s=62447989031490&mod=42b1ca0e&uri=itm.php%3Fid%3D2083964-570%26name%3Dgionee+air+cooler HTTP/1.1" 200 18792 "-" "Mozilla/5.0 (Linux; Android 6.0.1; Nexus 5X Build/MMB29P) AppleWebKit/537.36 (KHTML, like Gecko) Chrome/137.0.7151.103 Mobile Safari/537.36 (compatible; Googlebot/2.1; +http://www.google.com/bot.html)"
66.249.79.236 - - [14/Jul/2025:19:00:39 +0000] "GET /?s=91568014001490&mod=ff6dec2c&uri=products.php%3Fid%3D3055792-177%26name%3Dtinkerbell+and+the+pirate+fairy+full+movie+hd+english HTTP/1.1" 200 18855 "-" "Mozilla/5.0 (Linux; Android 6.0.1; Nexus 5X Build/MMB29P) AppleWebKit/537.36 (KHTML, like Gecko) Chrome/137.0.7151.103 Mobile Safari/537.36 (compatible; Googlebot/2.1; +http://www.google.com/bot.html)"
66.249.79.237 - - [14/Jul/2025:19:00:42 +0000] "GET /?s=91562974071490&mod=ff6dec2c&uri=category-info.php%3Fid%3D3055624-177%26name%3Dhuawei+gt+watch+screen HTTP/1.1" 200 18826 "-" "Mozilla/5.0 (Linux; Android 6.0.1; Nexus 5X Build/MMB29P) AppleWebKit/537.36 (KHTML, like Gecko) Chrome/137.0.7151.103 Mobile Safari/537.36 (compatible; Googlebot/2.1; +http://www.google.com/bot.html)"
66.249.79.236 - - [14/Jul/2025:19:00:49 +0000] "GET /?s=62560702041490&mod=d38aad5d&uri=product.php%3Fid%3D2087722-500%26name%3D1st+birthday+bodysuit HTTP/1.1" 200 18800 "-" "Mozilla/5.0 (Linux; Android 6.0.1; Nexus 5X Build/MMB29P) AppleWebKit/537.36 (KHTML, like Gecko) Chrome/137.0.7151.103 Mobile Safari/537.36 (compatible; Googlebot/2.1; +http://www.google.com/bot.html)"
66.249.79.236 - - [14/Jul/2025:19:00:53 +0000] "GET /?s=91561180031490&mod=ff6dec2c&uri=dp.php%3Fid%3D3055564-177%26name%3Dsmart+watch+huawei+mate+10+pro HTTP/1.1" 200 18808 "-" "Mozilla/5.0 (Linux; Android 6.0.1; Nexus 5X Build/MMB29P) AppleWebKit/537.36 (KHTML, like Gecko) Chrome/137.0.7151.103 Mobile Safari/537.36 (compatible; Googlebot/2.1; +http://www.google.com/bot.html)"
66.249.79.236 - - [14/Jul/2025:19:01:00 +0000] "GET /?s=91566214001490&mod=ff6dec2c&uri=news.php%3Fid%3D3055732-177%26name%3Dsuper+bowl+2019+live+stream+free+reddit HTTP/1.1" 200 18830 "-" "Mozilla/5.0 (Linux; Android 6.0.1; Nexus 5X Build/MMB29P) AppleWebKit/537.36 (KHTML, like Gecko) Chrome/137.0.7151.103 Mobile Safari/537.36 (compatible; Googlebot/2.1; +http://www.google.com/bot.html)"
66.249.79.237 - - [14/Jul/2025:19:01:05 +0000] "GET /?s=19418619031490&mod=9745c830&uri=blog.php%3Fid%3D648227-241%26name%3Dgt+s250 HTTP/1.1" 200 18776 "-" "Mozilla/5.0 (Linux; Android 6.0.1; Nexus 5X Build/MMB29P) AppleWebKit/537.36 (KHTML, like Gecko) Chrome/137.0.7151.103 Mobile Safari/537.36 (compatible; Googlebot/2.1; +http://www.google.com/bot.html)"
66.249.79.236 - - [14/Jul/2025:19:01:16 +0000] "GET /?s=72199441071490&mod=8f561e4c&uri=brands.php%3Fid%3D2409370-335%26name%3Damazon+portable+washer+dryer HTTP/1.1" 200 18812 "-" "Mozilla/5.0 (Linux; Android 6.0.1; Nexus 5X Build/MMB29P) AppleWebKit/537.36 (KHTML, like Gecko) Chrome/137.0.7151.103 Mobile Safari/537.36 (compatible; Googlebot/2.1; +http://www.google.com/bot.html)"
66.249.79.236 - - [14/Jul/2025:19:01:22 +0000] "GET /?s=79048766031490&mod=8f561e4c&uri=blog.php%3Fid%3D2637958-335%26name%3Dgamestop+mario+kart+deluxe HTTP/1.1" 200 18810 "-" "Mozilla/5.0 (Linux; Android 6.0.1; Nexus 5X Build/MMB29P) AppleWebKit/537.36 (KHTML, like Gecko) Chrome/137.0.7151.103 Mobile Safari/537.36 (compatible; Googlebot/2.1; +http://www.google.com/bot.html)"
66.249.79.236 - - [14/Jul/2025:19:01:25 +0000] "POST /get-message-notify HTTP/1.1" 200 18124 "https://gardenify.com.au/?s=91566214001490&mod=ff6dec2c&uri=news.php%3Fid%3D3055732-177%26name%3Dsuper+bowl+2019+live+stream+free+reddit" "Mozilla/5.0 (Linux; Android 6.0.1; Nexus 5X Build/MMB29P) AppleWebKit/537.36 (KHTML, like Gecko) Chrome/137.0.7151.119 Mobile Safari/537.36 (compatible; Googlebot/2.1; +http://www.google.com/bot.html)"
66.249.79.236 - - [14/Jul/2025:19:01:30 +0000] "GET /?s=109098145001490&mod=89a4779d&uri=goods.php%3Fid%3D3640950-40%26name%3Dbone+in+pork+chops+in+instant+pot HTTP/1.1" 200 18814 "-" "Mozilla/5.0 (Linux; Android 6.0.1; Nexus 5X Build/MMB29P) AppleWebKit/537.36 (KHTML, like Gecko) Chrome/137.0.7151.103 Mobile Safari/537.36 (compatible; Googlebot/2.1; +http://www.google.com/bot.html)"
66.249.79.236 - - [14/Jul/2025:19:01:31 +0000] "GET /?s=60558593111490&mod=f0b7c0bf&uri=category-info.php%3Fid%3D2020898-548%26name%3Dnike+training+free+fit+womens HTTP/1.1" 200 18848 "-" "Mozilla/5.0 (Linux; Android 6.0.1; Nexus 5X Build/MMB29P) AppleWebKit/537.36 (KHTML, like Gecko) Chrome/137.0.7151.103 Mobile Safari/537.36 (compatible; Googlebot/2.1; +http://www.google.com/bot.html)"
66.249.79.236 - - [14/Jul/2025:19:01:33 +0000] "GET /?s=91489215021490&mod=b63bc3c4&uri=brands.php%3Fid%3D3053165-683%26name%3Dvestido+lila+pegado HTTP/1.1" 200 18797 "-" "Mozilla/5.0 (Linux; Android 6.0.1; Nexus 5X Build/MMB29P) AppleWebKit/537.36 (KHTML, like Gecko) Chrome/137.0.7151.103 Mobile Safari/537.36 (compatible; Googlebot/2.1; +http://www.google.com/bot.html)"
66.249.79.236 - - [14/Jul/2025:19:01:35 +0000] "POST /get-message-notify HTTP/1.1" 200 18124 "https://gardenify.com.au/?s=91562974071490&mod=ff6dec2c&uri=category-info.php%3Fid%3D3055624-177%26name%3Dhuawei+gt+watch+screen" "Mozilla/5.0 (Linux; Android 6.0.1; Nexus 5X Build/MMB29P) AppleWebKit/537.36 (KHTML, like Gecko) Chrome/137.0.7151.119 Mobile Safari/537.36 (compatible; Googlebot/2.1; +http://www.google.com/bot.html)"
66.249.79.236 - - [14/Jul/2025:19:01:41 +0000] "GET /?s=19475543091490&mod=9cecbb6f&uri=blog.php%3Fid%3D650125-344%26name%3Dnike+sacai+air+max HTTP/1.1" 200 18792 "-" "Mozilla/5.0 (Linux; Android 6.0.1; Nexus 5X Build/MMB29P) AppleWebKit/537.36 (KHTML, like Gecko) Chrome/137.0.7151.103 Mobile Safari/537.36 (compatible; Googlebot/2.1; +http://www.google.com/bot.html)"
66.249.79.236 - - [14/Jul/2025:19:01:44 +0000] "POST /get-message-notify HTTP/1.1" 200 18124 "https://gardenify.com.au/?s=91561180031490&mod=ff6dec2c&uri=dp.php%3Fid%3D3055564-177%26name%3Dsmart+watch+huawei+mate+10+pro" "Mozilla/5.0 (Linux; Android 6.0.1; Nexus 5X Build/MMB29P) AppleWebKit/537.36 (KHTML, like Gecko) Chrome/137.0.7151.119 Mobile Safari/537.36 (compatible; Googlebot/2.1; +http://www.google.com/bot.html)"
66.249.79.236 - - [14/Jul/2025:19:01:46 +0000] "POST /get-message-notify HTTP/1.1" 200 18124 "https://gardenify.com.au/?s=91568014001490&mod=ff6dec2c&uri=products.php%3Fid%3D3055792-177%26name%3Dtinkerbell+and+the+pirate+fairy+full+movie+hd+english" "Mozilla/5.0 (Linux; Android 6.0.1; Nexus 5X Build/MMB29P) AppleWebKit/537.36 (KHTML, like Gecko) Chrome/137.0.7151.119 Mobile Safari/537.36 (compatible; Googlebot/2.1; +http://www.google.com/bot.html)"
66.249.79.236 - - [14/Jul/2025:19:01:47 +0000] "GET /?s=109190475001490&mod=b21f9f98&uri=us.php%3Fid%3D3644031-25%26name%3Dghost+recon+breakpoint+xbox HTTP/1.1" 200 18801 "-" "Mozilla/5.0 (Linux; Android 6.0.1; Nexus 5X Build/MMB29P) AppleWebKit/537.36 (KHTML, like Gecko) Chrome/137.0.7151.103 Mobile Safari/537.36 (compatible; Googlebot/2.1; +http://www.google.com/bot.html)"
66.249.79.236 - - [14/Jul/2025:19:01:48 +0000] "GET /?s=62448889071490&mod=6c468ec5&uri=itm.php?goodscode/65075.shtm HTTP/1.1" 200 18749 "-" "Mozilla/5.0 (Linux; Android 6.0.1; Nexus 5X Build/MMB29P) AppleWebKit/537.36 (KHTML, like Gecko) Chrome/137.0.7151.103 Mobile Safari/537.36 (compatible; Googlebot/2.1; +http://www.google.com/bot.html)"
66.249.79.236 - - [14/Jul/2025:19:01:51 +0000] "POST /get-message-notify HTTP/1.1" 200 18124 "https://gardenify.com.au/?s=17780012061490&mod=556a47d6&uri=dp.php?goodscode/66756.shtm" "Mozilla/5.0 (Linux; Android 6.0.1; Nexus 5X Build/MMB29P) AppleWebKit/537.36 (KHTML, like Gecko) Chrome/137.0.7151.119 Mobile Safari/537.36 (compatible; Googlebot/2.1; +http://www.google.com/bot.html)"
66.249.79.236 - - [14/Jul/2025:19:01:54 +0000] "GET /?s=109194195061490&mod=b21f9f98&uri=product.php%3Fid%3D3644155-25%26name%3Dsony+playstation+ps5+controller HTTP/1.1" 200 18805 "-" "Mozilla/5.0 (Linux; Android 6.0.1; Nexus 5X Build/MMB29P) AppleWebKit/537.36 (KHTML, like Gecko) Chrome/137.0.7151.103 Mobile Safari/537.36 (compatible; Googlebot/2.1; +http://www.google.com/bot.html)"
66.249.79.237 - - [14/Jul/2025:19:02:02 +0000] "GET /?s=72862564011490&mod=e24d2862&uri=products.php%3Fid%3D2431500-461%26name%3Dgerber+pacifiers+target HTTP/1.1" 200 18801 "-" "Mozilla/5.0 (Linux; Android 6.0.1; Nexus 5X Build/MMB29P) AppleWebKit/537.36 (KHTML, like Gecko) Chrome/137.0.7151.103 Mobile Safari/537.36 (compatible; Googlebot/2.1; +http://www.google.com/bot.html)"
66.249.79.237 - - [14/Jul/2025:19:02:05 +0000] "GET /?s=19422819001490&mod=077e29b1&uri=dp.php%3Fid%3D648367-2%26name%3Dcat+kicker+toy+diy HTTP/1.1" 200 18786 "-" "Mozilla/5.0 (Linux; Android 6.0.1; Nexus 5X Build/MMB29P) AppleWebKit/537.36 (KHTML, like Gecko) Chrome/137.0.7151.103 Mobile Safari/537.36 (compatible; Googlebot/2.1; +http://www.google.com/bot.html)"
66.249.79.236 - - [14/Jul/2025:19:02:16 +0000] "GET /?s=20643028051490&mod=b2cf15b4&uri=blog.php%3Fid%3D689076-669%26name%3Dperson+couch HTTP/1.1" 200 18783 "-" "Mozilla/5.0 (Linux; Android 6.0.1; Nexus 5X Build/MMB29P) AppleWebKit/537.36 (KHTML, like Gecko) Chrome/137.0.7151.103 Mobile Safari/537.36 (compatible; Googlebot/2.1; +http://www.google.com/bot.html)"
66.249.79.237 - - [14/Jul/2025:19:02:17 +0000] "POST /get-message-notify HTTP/1.1" 200 18124 "https://gardenify.com.au/?s=79048766031490&mod=8f561e4c&uri=blog.php%3Fid%3D2637958-335%26name%3Dgamestop+mario+kart+deluxe" "Mozilla/5.0 (Linux; Android 6.0.1; Nexus 5X Build/MMB29P) AppleWebKit/537.36 (KHTML, like Gecko) Chrome/137.0.7151.119 Mobile Safari/537.36 (compatible; Googlebot/2.1; +http://www.google.com/bot.html)"
66.249.79.236 - - [14/Jul/2025:19:02:25 +0000] "GET /?s=109198245051490&mod=b21f9f98&uri=itm.php%3Fid%3D3644290-25%26name%3Dspiderman+xbox+360 HTTP/1.1" 200 18798 "-" "Mozilla/5.0 (Linux; Android 6.0.1; Nexus 5X Build/MMB29P) AppleWebKit/537.36 (KHTML, like Gecko) Chrome/137.0.7151.103 Mobile Safari/537.36 (compatible; Googlebot/2.1; +http://www.google.com/bot.html)"
66.249.79.236 - - [14/Jul/2025:19:02:26 +0000] "GET /?s=109189995001490&mod=b21f9f98&uri=search.php%3Fid%3D3644015-25%26name%3Dps4+pro+hd HTTP/1.1" 200 18780 "-" "Mozilla/5.0 (Linux; Android 6.0.1; Nexus 5X Build/MMB29P) AppleWebKit/537.36 (KHTML, like Gecko) Chrome/137.0.7151.103 Mobile Safari/537.36 (compatible; Googlebot/2.1; +http://www.google.com/bot.html)"
66.249.79.236 - - [14/Jul/2025:19:02:31 +0000] "GET /?s=109184475041490&mod=326526e1&uri=dp.php%3Fid%3D3643831-1576%26name%3Dblue+jean+skirt+elastic+waist HTTP/1.1" 200 18812 "-" "Mozilla/5.0 (Linux; Android 6.0.1; Nexus 5X Build/MMB29P) AppleWebKit/537.36 (KHTML, like Gecko) Chrome/137.0.7151.103 Mobile Safari/537.36 (compatible; Googlebot/2.1; +http://www.google.com/bot.html)"
66.249.79.236 - - [14/Jul/2025:19:02:32 +0000] "GET /?s=110225216041490&mod=0cba172d&uri=news.php?goodscode/67821.shtm HTTP/1.1" 200 19086 "-" "Mozilla/5.0 (Linux; Android 6.0.1; Nexus 5X Build/MMB29P) AppleWebKit/537.36 (KHTML, like Gecko) Chrome/137.0.7151.103 Mobile Safari/537.36 (compatible; Googlebot/2.1; +http://www.google.com/bot.html)"
66.249.79.236 - - [14/Jul/2025:19:02:36 +0000] "GET /?s=109056773031490&mod=f36c9507&uri=goods.php%3Fid%3D3639570-314%26name%3Dblack+jack+wiki HTTP/1.1" 200 18783 "-" "Mozilla/5.0 (Linux; Android 6.0.1; Nexus 5X Build/MMB29P) AppleWebKit/537.36 (KHTML, like Gecko) Chrome/137.0.7151.103 Mobile Safari/537.36 (compatible; Googlebot/2.1; +http://www.google.com/bot.html)"
66.249.79.236 - - [14/Jul/2025:19:02:43 +0000] "GET /?s=19425969031490&mod=077e29b1&uri=info.php%3Fid%3D648472-2%26name%3Dgiant+paw+patrol+plush HTTP/1.1" 200 18789 "-" "Mozilla/5.0 (Linux; Android 6.0.1; Nexus 5X Build/MMB29P) AppleWebKit/537.36 (KHTML, like Gecko) Chrome/137.0.7151.103 Mobile Safari/537.36 (compatible; Googlebot/2.1; +http://www.google.com/bot.html)"
