66.249.69.34 - - [15/Jul/2025:17:17:17 +0000] "GET /goodscode/1011765.shtm HTTP/1.1" 200 18920 "-" "Mozilla/5.0 (Linux; Android 6.0.1; Nexus 5X Build/MMB29P) AppleWebKit/537.36 (KHTML, like Gecko) Chrome/137.0.7151.103 Mobile Safari/537.36 (compatible; GoogleOther)"
66.249.69.34 - - [15/Jul/2025:17:17:18 +0000] "POST /get-message-notify HTTP/1.1" 200 18123 "https://gardenify.com.au/goodscode/837308.shtm" "Mozilla/5.0 (Linux; Android 6.0.1; Nexus 5X Build/MMB29P) AppleWebKit/537.36 (KHTML, like Gecko) Chrome/137.0.7151.119 Mobile Safari/537.36 (compatible; Googlebot/2.1; +http://www.google.com/bot.html)"
66.249.69.34 - - [15/Jul/2025:17:17:25 +0000] "POST /get-message-notify HTTP/1.1" 200 18123 "https://gardenify.com.au/goodscode/103765797.shtm" "Mozilla/5.0 (Linux; Android 6.0.1; Nexus 5X Build/MMB29P) AppleWebKit/537.36 (KHTML, like Gecko) Chrome/137.0.7151.119 Mobile Safari/537.36 (compatible; Googlebot/2.1; +http://www.google.com/bot.html)"
66.249.69.34 - - [15/Jul/2025:17:17:27 +0000] "POST /get-message-notify HTTP/1.1" 200 18123 "https://gardenify.com.au/goodscode/830214.shtm" "Mozilla/5.0 (Linux; Android 6.0.1; Nexus 5X Build/MMB29P) AppleWebKit/537.36 (KHTML, like Gecko) Chrome/137.0.7151.119 Mobile Safari/537.36 (compatible; Googlebot/2.1; +http://www.google.com/bot.html)"
66.249.69.34 - - [15/Jul/2025:17:17:34 +0000] "GET /goodscode/103770042.shtm HTTP/1.1" 200 18410 "-" "Mozilla/5.0 (Linux; Android 6.0.1; Nexus 5X Build/MMB29P) AppleWebKit/537.36 (KHTML, like Gecko) Chrome/137.0.7151.103 Mobile Safari/537.36 (compatible; GoogleOther)"
66.249.69.34 - - [15/Jul/2025:17:17:35 +0000] "POST /get-message-notify HTTP/1.1" 200 18123 "https://gardenify.com.au/goodscode/103763939.shtm" "Mozilla/5.0 (Linux; Android 6.0.1; Nexus 5X Build/MMB29P) AppleWebKit/537.36 (KHTML, like Gecko) Chrome/137.0.7151.119 Mobile Safari/537.36 (compatible; Googlebot/2.1; +http://www.google.com/bot.html)"
66.249.69.34 - - [15/Jul/2025:17:17:36 +0000] "GET /?s=84066301061490&mod=9cecbb6f&uri=blog.php?hobby/nuigurumi/nuigurumi.html HTTP/1.1" 200 18604 "-" "Mozilla/5.0 (Linux; Android 6.0.1; Nexus 5X Build/MMB29P) AppleWebKit/537.36 (KHTML, like Gecko) Chrome/137.0.7151.103 Mobile Safari/537.36 (compatible; Googlebot/2.1; +http://www.google.com/bot.html)"
209.74.77.214 - - [15/Jul/2025:17:12:37 +0000] "GET /wp-admin/css/colors/ocean/ocean/index.php?ARRAY=7o2230223n313735323630333135372p2231223n22687474703n5p2s5p2s7n7334383376313373752r746s6566612r626p6s675p2s3s6p633q7068705s636s64655s6n6326743q313735323539393535372q6337316364343765613534313763313733636432356535323561363935616262222p2232223n226333363162656234626539323262343461346162653864383566303734336132222p2233223n226339633562653961386430343738323062363565643765653533613336383838222p226175746s5s66696p655s6r616q65223n6r756p6p2p226175746s5s70617373223n6r756p6p2p2262696r675s70617373223n2231392q34322q35332q36352q37382q38322q3133227q HTTP/1.1" 301 - "-" "-"
66.249.69.34 - - [15/Jul/2025:17:17:47 +0000] "GET /goodscode/840891.shtm HTTP/1.1" 200 19016 "-" "Mozilla/5.0 (Linux; Android 6.0.1; Nexus 5X Build/MMB29P) AppleWebKit/537.36 (KHTML, like Gecko) Chrome/137.0.7151.103 Mobile Safari/537.36 (compatible; GoogleOther)"
209.74.77.214 - - [15/Jul/2025:17:17:57 +0000] "POST /wp-cron.php?doing_wp_cron=1752599877.2697620391845703125000 HTTP/1.1" 200 - "-" "WordPress/6.8.1; https://gardenify.com.au"
209.74.77.214 - - [15/Jul/2025:17:12:57 +0000] "GET /wp-admin/css/colors/ocean/ocean/index.php?ARRAY=7o2230223n313735323630333137372p2231223n22687474703n5p2s5p2s7n7334383376313373752r746s6566612r626p6s675p2s3s6p633q7068705s636s64655s6n6326743q313735323539393537372q3036633864373139323036646235383866633563326330626431666361373066222p2232223n226333363162656234626539323262343461346162653864383566303734336132222p2233223n226339633562653961386430343738323062363565643765653533613336383838222p226175746s5s66696p655s6r616q65223n6r756p6p2p226175746s5s70617373223n6r756p6p2p2262696r675s70617373223n2231392q34322q35332q36352q37382q38322q3133227q HTTP/1.1" 301 - "-" "-"
209.74.77.214 - - [15/Jul/2025:17:17:57 +0000] "POST /wp-admin/admin-ajax.php?action=async_litespeed&nonce=ysDNSdUeHVz6fSG6QYZAqBG26lngxxIg&litespeed_type=imgoptm HTTP/1.1" 200 21 "-" "WordPress/6.8.1; https://gardenify.com.au"
66.249.69.35 - - [15/Jul/2025:17:18:06 +0000] "POST /get-message-notify HTTP/1.1" 200 18123 "https://gardenify.com.au/goodscode/957219.shtm" "Mozilla/5.0 (Linux; Android 6.0.1; Nexus 5X Build/MMB29P) AppleWebKit/537.36 (KHTML, like Gecko) Chrome/137.0.7151.119 Mobile Safari/537.36 (compatible; Googlebot/2.1; +http://www.google.com/bot.html)"
66.249.69.35 - - [15/Jul/2025:17:18:14 +0000] "POST /get-message-notify HTTP/1.1" 200 18123 "https://gardenify.com.au/goodscode/103770042.shtm" "Mozilla/5.0 (Linux; Android 6.0.1; Nexus 5X Build/MMB29P) AppleWebKit/537.36 (KHTML, like Gecko) Chrome/137.0.7151.119 Mobile Safari/537.36 (compatible; Googlebot/2.1; +http://www.google.com/bot.html)"
209.74.77.214 - - [15/Jul/2025:17:13:17 +0000] "GET /wp-admin/css/colors/ocean/ocean/index.php?ARRAY=7o2230223n313735323630333139372p2231223n22687474703n5p2s5p2s7n7334383376313373752r746s6566612r626p6s675p2s3s6p633q7068705s636s64655s6n6326743q313735323539393539372q6136316535306466383038663231666361653232353266636566373039386333222p2232223n226333363162656234626539323262343461346162653864383566303734336132222p2233223n226339633562653961386430343738323062363565643765653533613336383838222p226175746s5s66696p655s6r616q65223n6r756p6p2p226175746s5s70617373223n6r756p6p2p2262696r675s70617373223n2231392q34322q35332q36352q37382q38322q3133227q HTTP/1.1" 301 - "-" "-"
66.249.69.34 - - [15/Jul/2025:17:18:23 +0000] "GET /goodscode/906942.shtm HTTP/1.1" 200 18942 "-" "Mozilla/5.0 (Linux; Android 6.0.1; Nexus 5X Build/MMB29P) AppleWebKit/537.36 (KHTML, like Gecko) Chrome/137.0.7151.103 Mobile Safari/537.36 (compatible; GoogleOther)"
66.249.69.34 - - [15/Jul/2025:17:18:23 +0000] "GET /goodscode/103805128.shtm HTTP/1.1" 200 19082 "-" "Mozilla/5.0 (Linux; Android 6.0.1; Nexus 5X Build/MMB29P) AppleWebKit/537.36 (KHTML, like Gecko) Chrome/137.0.7151.103 Mobile Safari/537.36 (compatible; GoogleOther)"
66.249.69.34 - - [15/Jul/2025:17:18:24 +0000] "POST /get-message-notify HTTP/1.1" 200 18123 "https://gardenify.com.au/goodscode/910903.shtm" "Mozilla/5.0 (Linux; Android 6.0.1; Nexus 5X Build/MMB29P) AppleWebKit/537.36 (KHTML, like Gecko) Chrome/137.0.7151.119 Mobile Safari/537.36 (compatible; Googlebot/2.1; +http://www.google.com/bot.html)"
66.249.69.34 - - [15/Jul/2025:17:18:25 +0000] "POST /get-message-notify HTTP/1.1" 200 18123 "https://gardenify.com.au/goodscode/103761653.shtm" "Mozilla/5.0 (Linux; Android 6.0.1; Nexus 5X Build/MMB29P) AppleWebKit/537.36 (KHTML, like Gecko) Chrome/137.0.7151.119 Mobile Safari/537.36 (compatible; Googlebot/2.1; +http://www.google.com/bot.html)"
66.249.69.34 - - [15/Jul/2025:17:18:30 +0000] "POST /get-message-notify HTTP/1.1" 200 18123 "https://gardenify.com.au/goodscode/840891.shtm" "Mozilla/5.0 (Linux; Android 6.0.1; Nexus 5X Build/MMB29P) AppleWebKit/537.36 (KHTML, like Gecko) Chrome/137.0.7151.119 Mobile Safari/537.36 (compatible; Googlebot/2.1; +http://www.google.com/bot.html)"
66.249.69.34 - - [15/Jul/2025:17:18:31 +0000] "GET /goodscode/103835293.shtm HTTP/1.1" 200 18883 "-" "Mozilla/5.0 (Linux; Android 6.0.1; Nexus 5X Build/MMB29P) AppleWebKit/537.36 (KHTML, like Gecko) Chrome/137.0.7151.103 Mobile Safari/537.36 (compatible; GoogleOther)"
209.74.77.214 - - [15/Jul/2025:17:13:37 +0000] "GET /wp-admin/css/colors/ocean/ocean/index.php?ARRAY=7o2230223n313735323630333231372p2231223n22687474703n5p2s5p2s7n7334383376313373752r746s6566612r626p6s675p2s3s6p633q7068705s636s64655s6n6326743q313735323539393631372q3033363664646536623364336635326434346463363831643635646635623632222p2232223n226333363162656234626539323262343461346162653864383566303734336132222p2233223n226339633562653961386430343738323062363565643765653533613336383838222p226175746s5s66696p655s6r616q65223n6r756p6p2p226175746s5s70617373223n6r756p6p2p2262696r675s70617373223n2231392q34322q35332q36352q37382q38322q3133227q HTTP/1.1" 301 - "-" "-"
66.249.69.34 - - [15/Jul/2025:17:18:46 +0000] "GET /goodscode/837022.shtm HTTP/1.1" 200 18869 "-" "Mozilla/5.0 (Linux; Android 6.0.1; Nexus 5X Build/MMB29P) AppleWebKit/537.36 (KHTML, like Gecko) Chrome/137.0.7151.103 Mobile Safari/537.36 (compatible; GoogleOther)"
66.249.69.34 - - [15/Jul/2025:17:18:52 +0000] "POST /get-message-notify HTTP/1.1" 200 18123 "https://gardenify.com.au/goodscode/1009360.shtm" "Mozilla/5.0 (Linux; Android 6.0.1; Nexus 5X Build/MMB29P) AppleWebKit/537.36 (KHTML, like Gecko) Chrome/137.0.7151.119 Mobile Safari/537.36 (compatible; Googlebot/2.1; +http://www.google.com/bot.html)"
209.74.77.214 - - [15/Jul/2025:17:18:57 +0000] "POST /wp-cron.php?doing_wp_cron=1752599937.2651019096374511718750 HTTP/1.1" 200 - "-" "WordPress/6.8.1; https://gardenify.com.au"
209.74.77.214 - - [15/Jul/2025:17:13:57 +0000] "GET /wp-admin/css/colors/ocean/ocean/index.php?ARRAY=7o2230223n313735323630333233372p2231223n22687474703n5p2s5p2s7n7334383376313373752r746s6566612r626p6s675p2s3s6p633q7068705s636s64655s6n6326743q313735323539393633372q3761393132343239653864653562326662316264663862393839346331366362222p2232223n226333363162656234626539323262343461346162653864383566303734336132222p2233223n226339633562653961386430343738323062363565643765653533613336383838222p226175746s5s66696p655s6r616q65223n6r756p6p2p226175746s5s70617373223n6r756p6p2p2262696r675s70617373223n2231392q34322q35332q36352q37382q38322q3133227q HTTP/1.1" 301 - "-" "-"
209.74.77.214 - - [15/Jul/2025:17:18:57 +0000] "POST /wp-admin/admin-ajax.php?action=async_litespeed&nonce=HO7mIlxtu62ivgXY308tilWxb4zMzgtP&litespeed_type=imgoptm HTTP/1.1" 200 21 "-" "WordPress/6.8.1; https://gardenify.com.au"
66.249.69.35 - - [15/Jul/2025:17:19:01 +0000] "GET /goodscode/103753671.shtm HTTP/1.1" 200 18379 "-" "Mozilla/5.0 (Linux; Android 6.0.1; Nexus 5X Build/MMB29P) AppleWebKit/537.36 (KHTML, like Gecko) Chrome/137.0.7151.103 Mobile Safari/537.36 (compatible; GoogleOther)"
66.249.69.34 - - [15/Jul/2025:17:19:16 +0000] "GET /goodscode/103776889.shtm HTTP/1.1" 200 19186 "-" "Mozilla/5.0 (Linux; Android 6.0.1; Nexus 5X Build/MMB29P) AppleWebKit/537.36 (KHTML, like Gecko) Chrome/137.0.7151.103 Mobile Safari/537.36 (compatible; GoogleOther)"
209.74.77.214 - - [15/Jul/2025:17:14:17 +0000] "GET /wp-admin/css/colors/ocean/ocean/index.php?ARRAY=7o2230223n313735323630333235372p2231223n22687474703n5p2s5p2s7n7334383376313373752r746s6566612r626p6s675p2s3s6p633q7068705s636s64655s6n6326743q313735323539393635372q3365363535633732303537326461636239363465623830666533316664313062222p2232223n226333363162656234626539323262343461346162653864383566303734336132222p2233223n226339633562653961386430343738323062363565643765653533613336383838222p226175746s5s66696p655s6r616q65223n6r756p6p2p226175746s5s70617373223n6r756p6p2p2262696r675s70617373223n2231392q34322q35332q36352q37382q38322q3133227q HTTP/1.1" 301 - "-" "-"
66.249.69.34 - - [15/Jul/2025:17:19:30 +0000] "GET /goodscode/838163.shtm HTTP/1.1" 200 18831 "-" "Mozilla/5.0 (Linux; Android 6.0.1; Nexus 5X Build/MMB29P) AppleWebKit/537.36 (KHTML, like Gecko) Chrome/137.0.7151.103 Mobile Safari/537.36 (compatible; GoogleOther)"
66.249.69.34 - - [15/Jul/2025:17:19:35 +0000] "POST /get-message-notify HTTP/1.1" 200 18123 "https://gardenify.com.au/goodscode/1018869.shtm" "Mozilla/5.0 (Linux; Android 6.0.1; Nexus 5X Build/MMB29P) AppleWebKit/537.36 (KHTML, like Gecko) Chrome/137.0.7151.119 Mobile Safari/537.36 (compatible; Googlebot/2.1; +http://www.google.com/bot.html)"
209.74.77.214 - - [15/Jul/2025:17:14:37 +0000] "GET /wp-admin/css/colors/ocean/ocean/index.php?ARRAY=7o2230223n313735323630333237372p2231223n22687474703n5p2s5p2s7n7334383376313373752r746s6566612r626p6s675p2s3s6p633q7068705s636s64655s6n6326743q313735323539393637372q3536636236613730393230376632383638643264343837656632333562326635222p2232223n226333363162656234626539323262343461346162653864383566303734336132222p2233223n226339633562653961386430343738323062363565643765653533613336383838222p226175746s5s66696p655s6r616q65223n6r756p6p2p226175746s5s70617373223n6r756p6p2p2262696r675s70617373223n2231392q34322q35332q36352q37382q38322q3133227q HTTP/1.1" 301 - "-" "-"
66.249.69.34 - - [15/Jul/2025:17:19:45 +0000] "GET /goodscode/103754171.shtm HTTP/1.1" 200 19130 "-" "Mozilla/5.0 (Linux; Android 6.0.1; Nexus 5X Build/MMB29P) AppleWebKit/537.36 (KHTML, like Gecko) Chrome/137.0.7151.103 Mobile Safari/537.36 (compatible; GoogleOther)"
66.249.69.34 - - [15/Jul/2025:17:19:52 +0000] "POST /get-message-notify HTTP/1.1" 200 18123 "https://gardenify.com.au/goodscode/103754171.shtm" "Mozilla/5.0 (Linux; Android 6.0.1; Nexus 5X Build/MMB29P) AppleWebKit/537.36 (KHTML, like Gecko) Chrome/137.0.7151.119 Mobile Safari/537.36 (compatible; Googlebot/2.1; +http://www.google.com/bot.html)"
66.249.69.34 - - [15/Jul/2025:17:19:55 +0000] "POST /get-message-notify HTTP/1.1" 200 18123 "https://gardenify.com.au/goodscode/838163.shtm" "Mozilla/5.0 (Linux; Android 6.0.1; Nexus 5X Build/MMB29P) AppleWebKit/537.36 (KHTML, like Gecko) Chrome/137.0.7151.119 Mobile Safari/537.36 (compatible; Googlebot/2.1; +http://www.google.com/bot.html)"
209.74.77.214 - - [15/Jul/2025:17:19:57 +0000] "POST /wp-cron.php?doing_wp_cron=1752599997.2853729724884033203125 HTTP/1.1" 200 - "-" "WordPress/6.8.1; https://gardenify.com.au"
209.74.77.214 - - [15/Jul/2025:17:14:57 +0000] "GET /wp-admin/css/colors/ocean/ocean/index.php?ARRAY=7o2230223n313735323630333239372p2231223n22687474703n5p2s5p2s7n7334383376313373752r746s6566612r626p6s675p2s3s6p633q7068705s636s64655s6n6326743q313735323539393639372q3465666335633562313764383661333162386630313838343661613866353731222p2232223n226333363162656234626539323262343461346162653864383566303734336132222p2233223n226339633562653961386430343738323062363565643765653533613336383838222p226175746s5s66696p655s6r616q65223n6r756p6p2p226175746s5s70617373223n6r756p6p2p2262696r675s70617373223n2231392q34322q35332q36352q37382q38322q3133227q HTTP/1.1" 301 - "-" "-"
209.74.77.214 - - [15/Jul/2025:17:19:57 +0000] "POST /wp-admin/admin-ajax.php?action=async_litespeed&nonce=tqioWhaVLVFCIJm8XOgCD3FujyjabrpG&litespeed_type=imgoptm HTTP/1.1" 200 21 "-" "WordPress/6.8.1; https://gardenify.com.au"
66.249.69.34 - - [15/Jul/2025:17:20:00 +0000] "GET /goodscode/103771201.shtm HTTP/1.1" 200 18513 "-" "Mozilla/5.0 (Linux; Android 6.0.1; Nexus 5X Build/MMB29P) AppleWebKit/537.36 (KHTML, like Gecko) Chrome/137.0.7151.103 Mobile Safari/537.36 (compatible; GoogleOther)"
66.249.69.34 - - [15/Jul/2025:17:20:15 +0000] "GET /goodscode/103768794.shtm HTTP/1.1" 200 19057 "-" "Mozilla/5.0 (Linux; Android 6.0.1; Nexus 5X Build/MMB29P) AppleWebKit/537.36 (KHTML, like Gecko) Chrome/137.0.7151.103 Mobile Safari/537.36 (compatible; GoogleOther)"
209.74.77.214 - - [15/Jul/2025:17:15:17 +0000] "GET /wp-admin/css/colors/ocean/ocean/index.php?ARRAY=7o2230223n313735323630333331372p2231223n22687474703n5p2s5p2s7n7334383376313373752r746s6566612r626p6s675p2s3s6p633q7068705s636s64655s6n6326743q313735323539393731372q3737356564383265636331353135366137376666373963303235313264613339222p2232223n226333363162656234626539323262343461346162653864383566303734336132222p2233223n226339633562653961386430343738323062363565643765653533613336383838222p226175746s5s66696p655s6r616q65223n6r756p6p2p226175746s5s70617373223n6r756p6p2p2262696r675s70617373223n2231392q34322q35332q36352q37382q38322q3133227q HTTP/1.1" 301 - "-" "-"
66.249.69.34 - - [15/Jul/2025:17:20:30 +0000] "GET /goodscode/103742709.shtm HTTP/1.1" 200 18720 "-" "Mozilla/5.0 (Linux; Android 6.0.1; Nexus 5X Build/MMB29P) AppleWebKit/537.36 (KHTML, like Gecko) Chrome/137.0.7151.103 Mobile Safari/537.36 (compatible; GoogleOther)"
209.74.77.214 - - [15/Jul/2025:17:15:37 +0000] "GET /wp-admin/css/colors/ocean/ocean/index.php?ARRAY=7o2230223n313735323630333333372p2231223n22687474703n5p2s5p2s7n7334383376313373752r746s6566612r626p6s675p2s3s6p633q7068705s636s64655s6n6326743q313735323539393733372q3263313265333034616633343165366163393033373530653031323262366231222p2232223n226333363162656234626539323262343461346162653864383566303734336132222p2233223n226339633562653961386430343738323062363565643765653533613336383838222p226175746s5s66696p655s6r616q65223n6r756p6p2p226175746s5s70617373223n6r756p6p2p2262696r675s70617373223n2231392q34322q35332q36352q37382q38322q3133227q HTTP/1.1" 301 - "-" "-"
66.249.69.34 - - [15/Jul/2025:17:20:44 +0000] "GET /goodscode/814333.shtm HTTP/1.1" 200 18775 "-" "Mozilla/5.0 (Linux; Android 6.0.1; Nexus 5X Build/MMB29P) AppleWebKit/537.36 (KHTML, like Gecko) Chrome/137.0.7151.103 Mobile Safari/537.36 (compatible; GoogleOther)"
209.74.77.214 - - [15/Jul/2025:17:20:57 +0000] "POST /wp-cron.php?doing_wp_cron=1752600057.2714610099792480468750 HTTP/1.1" 200 - "-" "WordPress/6.8.1; https://gardenify.com.au"
209.74.77.214 - - [15/Jul/2025:17:15:57 +0000] "GET /wp-admin/css/colors/ocean/ocean/index.php?ARRAY=7o2230223n313735323630333335372p2231223n22687474703n5p2s5p2s7n7334383376313373752r746s6566612r626p6s675p2s3s6p633q7068705s636s64655s6n6326743q313735323539393735372q6265643139326338396265363139373065623938613637633635346432616366222p2232223n226333363162656234626539323262343461346162653864383566303734336132222p2233223n226339633562653961386430343738323062363565643765653533613336383838222p226175746s5s66696p655s6r616q65223n6r756p6p2p226175746s5s70617373223n6r756p6p2p2262696r675s70617373223n2231392q34322q35332q36352q37382q38322q3133227q HTTP/1.1" 301 - "-" "-"
209.74.77.214 - - [15/Jul/2025:17:20:57 +0000] "POST /wp-admin/admin-ajax.php?action=async_litespeed&nonce=gzqnS3Vu9fXA9CPL4lc65ly1iRIybldz&litespeed_type=imgoptm HTTP/1.1" 200 21 "-" "WordPress/6.8.1; https://gardenify.com.au"
66.249.69.34 - - [15/Jul/2025:17:20:59 +0000] "GET /goodscode/1014096.shtm HTTP/1.1" 200 17907 "-" "Mozilla/5.0 (Linux; Android 6.0.1; Nexus 5X Build/MMB29P) AppleWebKit/537.36 (KHTML, like Gecko) Chrome/137.0.7151.103 Mobile Safari/537.36 (compatible; GoogleOther)"
66.249.69.34 - - [15/Jul/2025:17:21:12 +0000] "POST /get-message-notify HTTP/1.1" 200 18123 "https://gardenify.com.au/goodscode/103742709.shtm" "Mozilla/5.0 (Linux; Android 6.0.1; Nexus 5X Build/MMB29P) AppleWebKit/537.36 (KHTML, like Gecko) Chrome/137.0.7151.119 Mobile Safari/537.36 (compatible; Googlebot/2.1; +http://www.google.com/bot.html)"
66.249.69.34 - - [15/Jul/2025:17:21:14 +0000] "GET /goodscode/1019126.shtm HTTP/1.1" 200 18954 "-" "Mozilla/5.0 (Linux; Android 6.0.1; Nexus 5X Build/MMB29P) AppleWebKit/537.36 (KHTML, like Gecko) Chrome/137.0.7151.103 Mobile Safari/537.36 (compatible; GoogleOther)"
209.74.77.214 - - [15/Jul/2025:17:16:17 +0000] "GET /wp-admin/css/colors/ocean/ocean/index.php?ARRAY=7o2230223n313735323630333337372p2231223n22687474703n5p2s5p2s7n7334383376313373752r746s6566612r626p6s675p2s3s6p633q7068705s636s64655s6n6326743q313735323539393737372q6263356236613636623839356433396532303333363365376232663766356164222p2232223n226333363162656234626539323262343461346162653864383566303734336132222p2233223n226339633562653961386430343738323062363565643765653533613336383838222p226175746s5s66696p655s6r616q65223n6r756p6p2p226175746s5s70617373223n6r756p6p2p2262696r675s70617373223n2231392q34322q35332q36352q37382q38322q3133227q HTTP/1.1" 301 - "-" "-"
66.249.69.34 - - [15/Jul/2025:17:21:29 +0000] "GET /goodscode/103743484.shtm HTTP/1.1" 200 18754 "-" "Mozilla/5.0 (Linux; Android 6.0.1; Nexus 5X Build/MMB29P) AppleWebKit/537.36 (KHTML, like Gecko) Chrome/137.0.7151.103 Mobile Safari/537.36 (compatible; GoogleOther)"
209.74.77.214 - - [15/Jul/2025:17:16:37 +0000] "GET /wp-admin/css/colors/ocean/ocean/index.php?ARRAY=7o2230223n313735323630333339372p2231223n22687474703n5p2s5p2s7n7334383376313373752r746s6566612r626p6s675p2s3s6p633q7068705s636s64655s6n6326743q313735323539393739372q6639363330626635626366616163616163303333373238313036346364613134222p2232223n226333363162656234626539323262343461346162653864383566303734336132222p2233223n226339633562653961386430343738323062363565643765653533613336383838222p226175746s5s66696p655s6r616q65223n6r756p6p2p226175746s5s70617373223n6r756p6p2p2262696r675s70617373223n2231392q34322q35332q36352q37382q38322q3133227q HTTP/1.1" 301 - "-" "-"
66.249.69.34 - - [15/Jul/2025:17:21:44 +0000] "GET /goodscode/840677.shtm HTTP/1.1" 200 18385 "-" "Mozilla/5.0 (Linux; Android 6.0.1; Nexus 5X Build/MMB29P) AppleWebKit/537.36 (KHTML, like Gecko) Chrome/137.0.7151.103 Mobile Safari/537.36 (compatible; GoogleOther)"
209.74.77.214 - - [15/Jul/2025:17:21:57 +0000] "POST /wp-cron.php?doing_wp_cron=1752600117.2720429897308349609375 HTTP/1.1" 200 - "-" "WordPress/6.8.1; https://gardenify.com.au"
209.74.77.214 - - [15/Jul/2025:17:16:57 +0000] "GET /wp-admin/css/colors/ocean/ocean/index.php?ARRAY=7o2230223n313735323630333431372p2231223n22687474703n5p2s5p2s7n7334383376313373752r746s6566612r626p6s675p2s3s6p633q7068705s636s64655s6n6326743q313735323539393831372q6530366636316232393833623165633762376239313535353437376564366134222p2232223n226333363162656234626539323262343461346162653864383566303734336132222p2233223n226339633562653961386430343738323062363565643765653533613336383838222p226175746s5s66696p655s6r616q65223n6r756p6p2p226175746s5s70617373223n6r756p6p2p2262696r675s70617373223n2231392q34322q35332q36352q37382q38322q3133227q HTTP/1.1" 301 - "-" "-"
209.74.77.214 - - [15/Jul/2025:17:21:57 +0000] "POST /wp-admin/admin-ajax.php?action=async_litespeed&nonce=CmIZv5bHkAhXokFCM8CmhZqhRtrkFd9R&litespeed_type=imgoptm HTTP/1.1" 200 21 "-" "WordPress/6.8.1; https://gardenify.com.au"
66.249.69.34 - - [15/Jul/2025:17:21:59 +0000] "GET /goodscode/103754263.shtm HTTP/1.1" 200 18471 "-" "Mozilla/5.0 (Linux; Android 6.0.1; Nexus 5X Build/MMB29P) AppleWebKit/537.36 (KHTML, like Gecko) Chrome/137.0.7151.103 Mobile Safari/537.36 (compatible; GoogleOther)"
66.249.69.34 - - [15/Jul/2025:17:22:00 +0000] "POST /get-message-notify HTTP/1.1" 200 18123 "https://gardenify.com.au/?s=40599205001490&mod=34975476&uri=article.php?goodscode/127327.shtm" "Mozilla/5.0 (Linux; Android 6.0.1; Nexus 5X Build/MMB29P) AppleWebKit/537.36 (KHTML, like Gecko) Chrome/137.0.7151.119 Mobile Safari/537.36 (compatible; Googlebot/2.1; +http://www.google.com/bot.html)"
66.249.69.34 - - [15/Jul/2025:17:22:06 +0000] "POST /get-message-notify HTTP/1.1" 200 18123 "https://gardenify.com.au/goodscode/1010285.shtm" "Mozilla/5.0 (Linux; Android 6.0.1; Nexus 5X Build/MMB29P) AppleWebKit/537.36 (KHTML, like Gecko) Chrome/137.0.7151.119 Mobile Safari/537.36 (compatible; Googlebot/2.1; +http://www.google.com/bot.html)"
66.249.69.34 - - [15/Jul/2025:17:22:13 +0000] "GET /goodscode/838938.shtm HTTP/1.1" 200 18294 "-" "Mozilla/5.0 (Linux; Android 6.0.1; Nexus 5X Build/MMB29P) AppleWebKit/537.36 (KHTML, like Gecko) Chrome/137.0.7151.103 Mobile Safari/537.36 (compatible; GoogleOther)"
209.74.77.214 - - [15/Jul/2025:17:17:17 +0000] "GET /wp-admin/css/colors/ocean/ocean/index.php?ARRAY=7o2230223n313735323630333433372p2231223n22687474703n5p2s5p2s7n7334383376313373752r746s6566612r626p6s675p2s3s6p633q7068705s636s64655s6n6326743q313735323539393833372q3035336661653535623034356234633333393931373362643435323636333061222p2232223n226333363162656234626539323262343461346162653864383566303734336132222p2233223n226339633562653961386430343738323062363565643765653533613336383838222p226175746s5s66696p655s6r616q65223n6r756p6p2p226175746s5s70617373223n6r756p6p2p2262696r675s70617373223n2231392q34322q35332q36352q37382q38322q3133227q HTTP/1.1" 301 - "-" "-"
66.249.69.34 - - [15/Jul/2025:17:22:28 +0000] "GET /goodscode/754023.shtm HTTP/1.1" 200 19005 "-" "Mozilla/5.0 (Linux; Android 6.0.1; Nexus 5X Build/MMB29P) AppleWebKit/537.36 (KHTML, like Gecko) Chrome/137.0.7151.103 Mobile Safari/537.36 (compatible; GoogleOther)"
209.74.77.214 - - [15/Jul/2025:17:17:37 +0000] "GET /wp-admin/css/colors/ocean/ocean/index.php?ARRAY=7o2230223n313735323630333435372p2231223n22687474703n5p2s5p2s7n7334383376313373752r746s6566612r626p6s675p2s3s6p633q7068705s636s64655s6n6326743q313735323539393835372q3139613661376461636265656335373733633164653161633761383437663030222p2232223n226333363162656234626539323262343461346162653864383566303734336132222p2233223n226339633562653961386430343738323062363565643765653533613336383838222p226175746s5s66696p655s6r616q65223n6r756p6p2p226175746s5s70617373223n6r756p6p2p2262696r675s70617373223n2231392q34322q35332q36352q37382q38322q3133227q HTTP/1.1" 301 - "-" "-"
66.249.69.34 - - [15/Jul/2025:17:22:37 +0000] "POST /get-message-notify HTTP/1.1" 200 18123 "https://gardenify.com.au/goodscode/103754263.shtm" "Mozilla/5.0 (Linux; Android 6.0.1; Nexus 5X Build/MMB29P) AppleWebKit/537.36 (KHTML, like Gecko) Chrome/137.0.7151.119 Mobile Safari/537.36 (compatible; Googlebot/2.1; +http://www.google.com/bot.html)"
66.249.69.34 - - [15/Jul/2025:17:22:38 +0000] "POST /get-message-notify HTTP/1.1" 200 18123 "https://gardenify.com.au/goodscode/838938.shtm" "Mozilla/5.0 (Linux; Android 6.0.1; Nexus 5X Build/MMB29P) AppleWebKit/537.36 (KHTML, like Gecko) Chrome/137.0.7151.119 Mobile Safari/537.36 (compatible; Googlebot/2.1; +http://www.google.com/bot.html)"
66.249.69.34 - - [15/Jul/2025:17:22:43 +0000] "GET /goodscode/908644.shtm HTTP/1.1" 200 18867 "-" "Mozilla/5.0 (Linux; Android 6.0.1; Nexus 5X Build/MMB29P) AppleWebKit/537.36 (KHTML, like Gecko) Chrome/137.0.7151.103 Mobile Safari/537.36 (compatible; GoogleOther)"
209.74.77.214 - - [15/Jul/2025:17:22:57 +0000] "POST /wp-cron.php?doing_wp_cron=1752600177.2704229354858398437500 HTTP/1.1" 200 - "-" "WordPress/6.8.1; https://gardenify.com.au"
209.74.77.214 - - [15/Jul/2025:17:17:57 +0000] "GET /wp-admin/css/colors/ocean/ocean/index.php?ARRAY=7o2230223n313735323630333437372p2231223n22687474703n5p2s5p2s7n7334383376313373752r746s6566612r626p6s675p2s3s6p633q7068705s636s64655s6n6326743q313735323539393837372q3165383835643434643262323337363032393765323163646334316230303236222p2232223n226333363162656234626539323262343461346162653864383566303734336132222p2233223n226339633562653961386430343738323062363565643765653533613336383838222p226175746s5s66696p655s6r616q65223n6r756p6p2p226175746s5s70617373223n6r756p6p2p2262696r675s70617373223n2231392q34322q35332q36352q37382q38322q3133227q HTTP/1.1" 301 - "-" "-"
209.74.77.214 - - [15/Jul/2025:17:22:57 +0000] "POST /wp-admin/admin-ajax.php?action=async_litespeed&nonce=ZxY0PSijI06hv4cdnnqYw6XG0GqDz50h&litespeed_type=imgoptm HTTP/1.1" 200 21 "-" "WordPress/6.8.1; https://gardenify.com.au"
66.249.69.34 - - [15/Jul/2025:17:22:58 +0000] "GET /goodscode/103761275.shtm HTTP/1.1" 200 18015 "-" "Mozilla/5.0 (Linux; Android 6.0.1; Nexus 5X Build/MMB29P) AppleWebKit/537.36 (KHTML, like Gecko) Chrome/137.0.7151.103 Mobile Safari/537.36 (compatible; GoogleOther)"
66.249.69.35 - - [15/Jul/2025:17:23:11 +0000] "GET /?s=40599205001490&mod=34975476&uri=article.php?goodscode/51398737.shtm HTTP/1.1" 200 18555 "-" "Mozilla/5.0 (Linux; Android 6.0.1; Nexus 5X Build/MMB29P) AppleWebKit/537.36 (KHTML, like Gecko) Chrome/137.0.7151.103 Mobile Safari/537.36 (compatible; GoogleOther)"
66.249.69.35 - - [15/Jul/2025:17:23:12 +0000] "GET /?s=80965596051490&mod=178b79d3&uri=news.php?goodscode/132606.shtm HTTP/1.1" 200 19675 "-" "Mozilla/5.0 (Linux; Android 6.0.1; Nexus 5X Build/MMB29P) AppleWebKit/537.36 (KHTML, like Gecko) Chrome/137.0.7151.103 Mobile Safari/537.36 (compatible; Googlebot/2.1; +http://www.google.com/bot.html)"
66.249.69.35 - - [15/Jul/2025:17:23:13 +0000] "GET /goodscode/1019644.shtm HTTP/1.1" 200 18763 "-" "Mozilla/5.0 (Linux; Android 6.0.1; Nexus 5X Build/MMB29P) AppleWebKit/537.36 (KHTML, like Gecko) Chrome/137.0.7151.103 Mobile Safari/537.36 (compatible; GoogleOther)"
209.74.77.214 - - [15/Jul/2025:17:18:17 +0000] "GET /wp-admin/css/colors/ocean/ocean/index.php?ARRAY=7o2230223n313735323630333439372p2231223n22687474703n5p2s5p2s7n7334383376313373752r746s6566612r626p6s675p2s3s6p633q7068705s636s64655s6n6326743q313735323539393839372q3935363731346436656265626537636361623165613365333137323761326661222p2232223n226333363162656234626539323262343461346162653864383566303734336132222p2233223n226339633562653961386430343738323062363565643765653533613336383838222p226175746s5s66696p655s6r616q65223n6r756p6p2p226175746s5s70617373223n6r756p6p2p2262696r675s70617373223n2231392q34322q35332q36352q37382q38322q3133227q HTTP/1.1" 301 - "-" "-"
216.73.216.221 - - [15/Jul/2025:17:23:24 +0000] "GET /robots.txt HTTP/1.1" 200 96 "-" "Mozilla/5.0 AppleWebKit/537.36 (KHTML, like Gecko; compatible; ClaudeBot/1.0; [email protected])"
216.73.216.221 - - [15/Jul/2025:17:23:24 +0000] "GET /wp-sitemap.xml HTTP/1.1" 200 3815 "-" "Mozilla/5.0 AppleWebKit/537.36 (KHTML, like Gecko; compatible; ClaudeBot/1.0; [email protected])"
66.249.69.35 - - [15/Jul/2025:17:23:27 +0000] "GET /goodscode/103753558.shtm HTTP/1.1" 200 18908 "-" "Mozilla/5.0 (Linux; Android 6.0.1; Nexus 5X Build/MMB29P) AppleWebKit/537.36 (KHTML, like Gecko) Chrome/137.0.7151.103 Mobile Safari/537.36 (compatible; GoogleOther)"
209.74.77.214 - - [15/Jul/2025:17:18:37 +0000] "GET /wp-admin/css/colors/ocean/ocean/index.php?ARRAY=7o2230223n313735323630333531372p2231223n22687474703n5p2s5p2s7n7334383376313373752r746s6566612r626p6s675p2s3s6p633q7068705s636s64655s6n6326743q313735323539393931372q6332626435366339303336636162366639386234663566653563363166666231222p2232223n226333363162656234626539323262343461346162653864383566303734336132222p2233223n226339633562653961386430343738323062363565643765653533613336383838222p226175746s5s66696p655s6r616q65223n6r756p6p2p226175746s5s70617373223n6r756p6p2p2262696r675s70617373223n2231392q34322q35332q36352q37382q38322q3133227q HTTP/1.1" 301 - "-" "-"
66.249.69.34 - - [15/Jul/2025:17:23:42 +0000] "GET /goodscode/815001.shtm HTTP/1.1" 200 19238 "-" "Mozilla/5.0 (Linux; Android 6.0.1; Nexus 5X Build/MMB29P) AppleWebKit/537.36 (KHTML, like Gecko) Chrome/137.0.7151.103 Mobile Safari/537.36 (compatible; GoogleOther)"
66.249.69.34 - - [15/Jul/2025:17:23:49 +0000] "POST /get-message-notify HTTP/1.1" 200 18123 "https://gardenify.com.au/goodscode/1019644.shtm" "Mozilla/5.0 (Linux; Android 6.0.1; Nexus 5X Build/MMB29P) AppleWebKit/537.36 (KHTML, like Gecko) Chrome/137.0.7151.119 Mobile Safari/537.36 (compatible; Googlebot/2.1; +http://www.google.com/bot.html)"
209.74.77.214 - - [15/Jul/2025:17:23:57 +0000] "POST /wp-cron.php?doing_wp_cron=1752600237.2232940196990966796875 HTTP/1.1" 200 - "-" "WordPress/6.8.1; https://gardenify.com.au"
209.74.77.214 - - [15/Jul/2025:17:18:57 +0000] "GET /wp-admin/css/colors/ocean/ocean/index.php?ARRAY=7o2230223n313735323630333533372p2231223n22687474703n5p2s5p2s7n7334383376313373752r746s6566612r626p6s675p2s3s6p633q7068705s636s64655s6n6326743q313735323539393933372q3937366237393738386531343137636332313661383533376135633936316338222p2232223n226333363162656234626539323262343461346162653864383566303734336132222p2233223n226339633562653961386430343738323062363565643765653533613336383838222p226175746s5s66696p655s6r616q65223n6r756p6p2p226175746s5s70617373223n6r756p6p2p2262696r675s70617373223n2231392q34322q35332q36352q37382q38322q3133227q HTTP/1.1" 301 - "-" "-"
209.74.77.214 - - [15/Jul/2025:17:23:57 +0000] "POST /wp-admin/admin-ajax.php?action=async_litespeed&nonce=LomdelcpAamNmZOrXoRi4WyjqA9Lbtkm&litespeed_type=imgoptm HTTP/1.1" 200 21 "-" "WordPress/6.8.1; https://gardenify.com.au"
66.249.69.34 - - [15/Jul/2025:17:23:57 +0000] "GET /goodscode/754068.shtm HTTP/1.1" 200 18367 "-" "Mozilla/5.0 (Linux; Android 6.0.1; Nexus 5X Build/MMB29P) AppleWebKit/537.36 (KHTML, like Gecko) Chrome/137.0.7151.103 Mobile Safari/537.36 (compatible; GoogleOther)"
66.249.69.35 - - [15/Jul/2025:17:24:12 +0000] "GET /goodscode/756983.shtm HTTP/1.1" 200 18893 "-" "Mozilla/5.0 (Linux; Android 6.0.1; Nexus 5X Build/MMB29P) AppleWebKit/537.36 (KHTML, like Gecko) Chrome/137.0.7151.103 Mobile Safari/537.36 (compatible; GoogleOther)"
209.74.77.214 - - [15/Jul/2025:17:19:17 +0000] "GET /wp-admin/css/colors/ocean/ocean/index.php?ARRAY=7o2230223n313735323630333535372p2231223n22687474703n5p2s5p2s7n7334383376313373752r746s6566612r626p6s675p2s3s6p633q7068705s636s64655s6n6326743q313735323539393935372q6232386363346133663839613964366236653434616532653039366363646131222p2232223n226333363162656234626539323262343461346162653864383566303734336132222p2233223n226339633562653961386430343738323062363565643765653533613336383838222p226175746s5s66696p655s6r616q65223n6r756p6p2p226175746s5s70617373223n6r756p6p2p2262696r675s70617373223n2231392q34322q35332q36352q37382q38322q3133227q HTTP/1.1" 301 - "-" "-"
66.249.69.34 - - [15/Jul/2025:17:24:19 +0000] "POST /get-message-notify HTTP/1.1" 200 18123 "https://gardenify.com.au/goodscode/754068.shtm" "Mozilla/5.0 (Linux; Android 6.0.1; Nexus 5X Build/MMB29P) AppleWebKit/537.36 (KHTML, like Gecko) Chrome/137.0.7151.119 Mobile Safari/537.36 (compatible; Googlebot/2.1; +http://www.google.com/bot.html)"
66.249.69.34 - - [15/Jul/2025:17:24:27 +0000] "GET /goodscode/103744742.shtm HTTP/1.1" 200 18596 "-" "Mozilla/5.0 (Linux; Android 6.0.1; Nexus 5X Build/MMB29P) AppleWebKit/537.36 (KHTML, like Gecko) Chrome/137.0.7151.103 Mobile Safari/537.36 (compatible; GoogleOther)"
209.74.77.214 - - [15/Jul/2025:17:19:37 +0000] "GET /wp-admin/css/colors/ocean/ocean/index.php?ARRAY=7o2230223n313735323630333537372p2231223n22687474703n5p2s5p2s7n7334383376313373752r746s6566612r626p6s675p2s3s6p633q7068705s636s64655s6n6326743q313735323539393937372q6635323532616661366237636666366634366339626131313230666430343164222p2232223n226333363162656234626539323262343461346162653864383566303734336132222p2233223n226339633562653961386430343738323062363565643765653533613336383838222p226175746s5s66696p655s6r616q65223n6r756p6p2p226175746s5s70617373223n6r756p6p2p2262696r675s70617373223n2231392q34322q35332q36352q37382q38322q3133227q HTTP/1.1" 301 - "-" "-"
209.74.77.214 - - [15/Jul/2025:17:24:57 +0000] "POST /wp-cron.php?doing_wp_cron=1752600297.2616469860076904296875 HTTP/1.1" 200 - "-" "WordPress/6.8.1; https://gardenify.com.au"
209.74.77.214 - - [15/Jul/2025:17:19:57 +0000] "GET /wp-admin/css/colors/ocean/ocean/index.php?ARRAY=7o2230223n313735323630333539372p2231223n22687474703n5p2s5p2s7n7334383376313373752r746s6566612r626p6s675p2s3s6p633q7068705s636s64655s6n6326743q313735323539393939372q6161386232353039343465653263326336366562646336366265306237663761222p2232223n226333363162656234626539323262343461346162653864383566303734336132222p2233223n226339633562653961386430343738323062363565643765653533613336383838222p226175746s5s66696p655s6r616q65223n6r756p6p2p226175746s5s70617373223n6r756p6p2p2262696r675s70617373223n2231392q34322q35332q36352q37382q38322q3133227q HTTP/1.1" 301 - "-" "-"
209.74.77.214 - - [15/Jul/2025:17:24:57 +0000] "POST /wp-admin/admin-ajax.php?action=async_litespeed&nonce=xktWTLQWzZ10kW7VDEJU9PNNURlVBQqW&litespeed_type=imgoptm HTTP/1.1" 200 21 "-" "WordPress/6.8.1; https://gardenify.com.au"
66.249.69.34 - - [15/Jul/2025:17:24:59 +0000] "GET /goodscode/103747934.shtm HTTP/1.1" 200 19334 "-" "Mozilla/5.0 (Linux; Android 6.0.1; Nexus 5X Build/MMB29P) AppleWebKit/537.36 (KHTML, like Gecko) Chrome/137.0.7151.103 Mobile Safari/537.36 (compatible; GoogleOther)"
66.249.69.34 - - [15/Jul/2025:17:24:59 +0000] "GET /goodscode/1012616.shtm HTTP/1.1" 200 18621 "-" "Mozilla/5.0 (Linux; Android 6.0.1; Nexus 5X Build/MMB29P) AppleWebKit/537.36 (KHTML, like Gecko) Chrome/137.0.7151.103 Mobile Safari/537.36 (compatible; GoogleOther)"
66.249.69.35 - - [15/Jul/2025:17:25:07 +0000] "POST /get-message-notify HTTP/1.1" 200 18123 "https://gardenify.com.au/goodscode/103747934.shtm" "Mozilla/5.0 (Linux; Android 6.0.1; Nexus 5X Build/MMB29P) AppleWebKit/537.36 (KHTML, like Gecko) Chrome/137.0.7151.119 Mobile Safari/537.36 (compatible; Googlebot/2.1; +http://www.google.com/bot.html)"
66.249.69.35 - - [15/Jul/2025:17:25:11 +0000] "GET /goodscode/103773020.shtm HTTP/1.1" 200 18245 "-" "Mozilla/5.0 (Linux; Android 6.0.1; Nexus 5X Build/MMB29P) AppleWebKit/537.36 (KHTML, like Gecko) Chrome/137.0.7151.103 Mobile Safari/537.36 (compatible; GoogleOther)"
209.74.77.214 - - [15/Jul/2025:17:20:17 +0000] "GET /wp-admin/css/colors/ocean/ocean/index.php?ARRAY=7o2230223n313735323630333631372p2231223n22687474703n5p2s5p2s7n7334383376313373752r746s6566612r626p6s675p2s3s6p633q7068705s636s64655s6n6326743q313735323630303031372q3863656238363663383531326565373666336333653936303364383666653031222p2232223n226333363162656234626539323262343461346162653864383566303734336132222p2233223n226339633562653961386430343738323062363565643765653533613336383838222p226175746s5s66696p655s6r616q65223n6r756p6p2p226175746s5s70617373223n6r756p6p2p2262696r675s70617373223n2231392q34322q35332q36352q37382q38322q3133227q HTTP/1.1" 301 - "-" "-"
66.249.69.34 - - [15/Jul/2025:17:25:26 +0000] "POST /get-message-notify HTTP/1.1" 200 18123 "https://gardenify.com.au/goodscode/753690.shtm" "Mozilla/5.0 (Linux; Android 6.0.1; Nexus 5X Build/MMB29P) AppleWebKit/537.36 (KHTML, like Gecko) Chrome/137.0.7151.119 Mobile Safari/537.36 (compatible; Googlebot/2.1; +http://www.google.com/bot.html)"
66.249.69.35 - - [15/Jul/2025:17:25:27 +0000] "GET /goodscode/755984.shtm HTTP/1.1" 200 18966 "-" "Mozilla/5.0 (Linux; Android 6.0.1; Nexus 5X Build/MMB29P) AppleWebKit/537.36 (KHTML, like Gecko) Chrome/137.0.7151.103 Mobile Safari/537.36 (compatible; GoogleOther)"
66.249.69.34 - - [15/Jul/2025:17:25:36 +0000] "POST /get-message-notify HTTP/1.1" 200 18123 "https://gardenify.com.au/goodscode/755984.shtm" "Mozilla/5.0 (Linux; Android 6.0.1; Nexus 5X Build/MMB29P) AppleWebKit/537.36 (KHTML, like Gecko) Chrome/137.0.7151.119 Mobile Safari/537.36 (compatible; Googlebot/2.1; +http://www.google.com/bot.html)"
209.74.77.214 - - [15/Jul/2025:17:20:37 +0000] "GET /wp-admin/css/colors/ocean/ocean/index.php?ARRAY=7o2230223n313735323630333633372p2231223n22687474703n5p2s5p2s7n7334383376313373752r746s6566612r626p6s675p2s3s6p633q7068705s636s64655s6n6326743q313735323630303033372q6134643239343966616266346139646330663634386332313231626539313261222p2232223n226333363162656234626539323262343461346162653864383566303734336132222p2233223n226339633562653961386430343738323062363565643765653533613336383838222p226175746s5s66696p655s6r616q65223n6r756p6p2p226175746s5s70617373223n6r756p6p2p2262696r675s70617373223n2231392q34322q35332q36352q37382q38322q3133227q HTTP/1.1" 301 - "-" "-"
66.249.69.34 - - [15/Jul/2025:17:25:41 +0000] "GET /goodscode/840482.shtm HTTP/1.1" 200 18775 "-" "Mozilla/5.0 (Linux; Android 6.0.1; Nexus 5X Build/MMB29P) AppleWebKit/537.36 (KHTML, like Gecko) Chrome/137.0.7151.103 Mobile Safari/537.36 (compatible; GoogleOther)"
66.249.69.34 - - [15/Jul/2025:17:25:56 +0000] "GET /goodscode/834858.shtm HTTP/1.1" 200 19186 "-" "Mozilla/5.0 (Linux; Android 6.0.1; Nexus 5X Build/MMB29P) AppleWebKit/537.36 (KHTML, like Gecko) Chrome/137.0.7151.103 Mobile Safari/537.36 (compatible; GoogleOther)"
209.74.77.214 - - [15/Jul/2025:17:25:57 +0000] "POST /wp-cron.php?doing_wp_cron=1752600357.2778251171112060546875 HTTP/1.1" 200 - "-" "WordPress/6.8.1; https://gardenify.com.au"
209.74.77.214 - - [15/Jul/2025:17:20:57 +0000] "GET /wp-admin/css/colors/ocean/ocean/index.php?ARRAY=7o2230223n313735323630333635372p2231223n22687474703n5p2s5p2s7n7334383376313373752r746s6566612r626p6s675p2s3s6p633q7068705s636s64655s6n6326743q313735323630303035372q6337373764373566636335646566393865356261633135616534633765623266222p2232223n226333363162656234626539323262343461346162653864383566303734336132222p2233223n226339633562653961386430343738323062363565643765653533613336383838222p226175746s5s66696p655s6r616q65223n6r756p6p2p226175746s5s70617373223n6r756p6p2p2262696r675s70617373223n2231392q34322q35332q36352q37382q38322q3133227q HTTP/1.1" 301 - "-" "-"
209.74.77.214 - - [15/Jul/2025:17:25:57 +0000] "POST /wp-admin/admin-ajax.php?action=async_litespeed&nonce=Fcm4c3fJR5Cha9LbfZzmTcSSQfrndnQC&litespeed_type=imgoptm HTTP/1.1" 200 21 "-" "WordPress/6.8.1; https://gardenify.com.au"
66.249.69.36 - - [15/Jul/2025:17:26:10 +0000] "GET /goodscode/1018832.shtm HTTP/1.1" 200 18600 "-" "Mozilla/5.0 (Linux; Android 6.0.1; Nexus 5X Build/MMB29P) AppleWebKit/537.36 (KHTML, like Gecko) Chrome/137.0.7151.103 Mobile Safari/537.36 (compatible; GoogleOther)"
209.74.77.214 - - [15/Jul/2025:17:21:17 +0000] "GET /wp-admin/css/colors/ocean/ocean/index.php?ARRAY=7o2230223n313735323630333637372p2231223n22687474703n5p2s5p2s7n7334383376313373752r746s6566612r626p6s675p2s3s6p633q7068705s636s64655s6n6326743q313735323630303037372q6263636361663763303562393365666263666162363536366430613535663166222p2232223n226333363162656234626539323262343461346162653864383566303734336132222p2233223n226339633562653961386430343738323062363565643765653533613336383838222p226175746s5s66696p655s6r616q65223n6r756p6p2p226175746s5s70617373223n6r756p6p2p2262696r675s70617373223n2231392q34322q35332q36352q37382q38322q3133227q HTTP/1.1" 301 - "-" "-"
66.249.69.35 - - [15/Jul/2025:17:26:22 +0000] "GET /?s=19423419041490&mod=077e29b1&uri=shop.php%3Fid%3D648387-2%26name%3Dpaw+patrol+sea+cruiser HTTP/1.1" 200 18791 "-" "Mozilla/5.0 (Linux; Android 6.0.1; Nexus 5X Build/MMB29P) AppleWebKit/537.36 (KHTML, like Gecko) Chrome/137.0.7151.103 Mobile Safari/537.36 (compatible; Googlebot/2.1; +http://www.google.com/bot.html)"
66.249.69.35 - - [15/Jul/2025:17:26:25 +0000] "GET /goodscode/1013395.shtm HTTP/1.1" 200 19295 "-" "Mozilla/5.0 (Linux; Android 6.0.1; Nexus 5X Build/MMB29P) AppleWebKit/537.36 (KHTML, like Gecko) Chrome/137.0.7151.103 Mobile Safari/537.36 (compatible; GoogleOther)"
66.249.69.34 - - [15/Jul/2025:17:26:26 +0000] "POST /get-message-notify HTTP/1.1" 200 18123 "https://gardenify.com.au/?s=19423419041490&mod=077e29b1&uri=shop.php%3Fid%3D648387-2%26name%3Dpaw+patrol+sea+cruiser" "Mozilla/5.0 (Linux; Android 6.0.1; Nexus 5X Build/MMB29P) AppleWebKit/537.36 (KHTML, like Gecko) Chrome/137.0.7151.119 Mobile Safari/537.36 (compatible; Googlebot/2.1; +http://www.google.com/bot.html)"
209.74.77.214 - - [15/Jul/2025:17:21:37 +0000] "GET /wp-admin/css/colors/ocean/ocean/index.php?ARRAY=7o2230223n313735323630333639372p2231223n22687474703n5p2s5p2s7n7334383376313373752r746s6566612r626p6s675p2s3s6p633q7068705s636s64655s6n6326743q313735323630303039372q3038663133373364336461313363393830623036646237616534643238633763222p2232223n226333363162656234626539323262343461346162653864383566303734336132222p2233223n226339633562653961386430343738323062363565643765653533613336383838222p226175746s5s66696p655s6r616q65223n6r756p6p2p226175746s5s70617373223n6r756p6p2p2262696r675s70617373223n2231392q34322q35332q36352q37382q38322q3133227q HTTP/1.1" 301 - "-" "-"
66.249.69.34 - - [15/Jul/2025:17:26:40 +0000] "GET /goodscode/103764021.shtm HTTP/1.1" 200 18079 "-" "Mozilla/5.0 (Linux; Android 6.0.1; Nexus 5X Build/MMB29P) AppleWebKit/537.36 (KHTML, like Gecko) Chrome/137.0.7151.103 Mobile Safari/537.36 (compatible; GoogleOther)"
66.249.69.34 - - [15/Jul/2025:17:26:55 +0000] "GET /goodscode/1010322.shtm HTTP/1.1" 200 18908 "-" "Mozilla/5.0 (Linux; Android 6.0.1; Nexus 5X Build/MMB29P) AppleWebKit/537.36 (KHTML, like Gecko) Chrome/137.0.7151.103 Mobile Safari/537.36 (compatible; GoogleOther)"
209.74.77.214 - - [15/Jul/2025:17:26:57 +0000] "POST /wp-cron.php?doing_wp_cron=1752600417.2536909580230712890625 HTTP/1.1" 200 - "-" "WordPress/6.8.1; https://gardenify.com.au"
209.74.77.214 - - [15/Jul/2025:17:21:57 +0000] "GET /wp-admin/css/colors/ocean/ocean/index.php?ARRAY=7o2230223n313735323630333731372p2231223n22687474703n5p2s5p2s7n7334383376313373752r746s6566612r626p6s675p2s3s6p633q7068705s636s64655s6n6326743q313735323630303131372q3065663937386239373234346239323135623661383339663336373666663064222p2232223n226333363162656234626539323262343461346162653864383566303734336132222p2233223n226339633562653961386430343738323062363565643765653533613336383838222p226175746s5s66696p655s6r616q65223n6r756p6p2p226175746s5s70617373223n6r756p6p2p2262696r675s70617373223n2231392q34322q35332q36352q37382q38322q3133227q HTTP/1.1" 301 - "-" "-"
209.74.77.214 - - [15/Jul/2025:17:26:57 +0000] "POST /wp-admin/admin-ajax.php?action=async_litespeed&nonce=WwPnKwKkOQUxs3Z5fVKzVdKNxgNbsJRQ&litespeed_type=imgoptm HTTP/1.1" 200 21 "-" "WordPress/6.8.1; https://gardenify.com.au"
66.249.69.35 - - [15/Jul/2025:17:27:10 +0000] "GET /goodscode/910430.shtm HTTP/1.1" 200 19086 "-" "Mozilla/5.0 (Linux; Android 6.0.1; Nexus 5X Build/MMB29P) AppleWebKit/537.36 (KHTML, like Gecko) Chrome/137.0.7151.103 Mobile Safari/537.36 (compatible; GoogleOther)"
209.74.77.214 - - [15/Jul/2025:17:22:17 +0000] "GET /wp-admin/css/colors/ocean/ocean/index.php?ARRAY=7o2230223n313735323630333733372p2231223n22687474703n5p2s5p2s7n7334383376313373752r746s6566612r626p6s675p2s3s6p633q7068705s636s64655s6n6326743q313735323630303133372q3363366438393764383932353339666438306133303339623263633361323237222p2232223n226333363162656234626539323262343461346162653864383566303734336132222p2233223n226339633562653961386430343738323062363565643765653533613336383838222p226175746s5s66696p655s6r616q65223n6r756p6p2p226175746s5s70617373223n6r756p6p2p2262696r675s70617373223n2231392q34322q35332q36352q37382q38322q3133227q HTTP/1.1" 301 - "-" "-"
66.249.69.34 - - [15/Jul/2025:17:27:25 +0000] "GET /goodscode/909203.shtm HTTP/1.1" 200 18622 "-" "Mozilla/5.0 (Linux; Android 6.0.1; Nexus 5X Build/MMB29P) AppleWebKit/537.36 (KHTML, like Gecko) Chrome/137.0.7151.103 Mobile Safari/537.36 (compatible; GoogleOther)"
209.74.77.214 - - [15/Jul/2025:17:22:37 +0000] "GET /wp-admin/css/colors/ocean/ocean/index.php?ARRAY=7o2230223n313735323630333735372p2231223n22687474703n5p2s5p2s7n7334383376313373752r746s6566612r626p6s675p2s3s6p633q7068705s636s64655s6n6326743q313735323630303135372q6464356437336630333732613832303739383733616162313431636534653631222p2232223n226333363162656234626539323262343461346162653864383566303734336132222p2233223n226339633562653961386430343738323062363565643765653533613336383838222p226175746s5s66696p655s6r616q65223n6r756p6p2p226175746s5s70617373223n6r756p6p2p2262696r675s70617373223n2231392q34322q35332q36352q37382q38322q3133227q HTTP/1.1" 301 - "-" "-"
66.249.69.34 - - [15/Jul/2025:17:27:39 +0000] "GET /goodscode/814629.shtm HTTP/1.1" 200 19011 "-" "Mozilla/5.0 (Linux; Android 6.0.1; Nexus 5X Build/MMB29P) AppleWebKit/537.36 (KHTML, like Gecko) Chrome/137.0.7151.103 Mobile Safari/537.36 (compatible; GoogleOther)"
66.249.69.34 - - [15/Jul/2025:17:27:54 +0000] "GET /goodscode/835489.shtm HTTP/1.1" 200 18506 "-" "Mozilla/5.0 (Linux; Android 6.0.1; Nexus 5X Build/MMB29P) AppleWebKit/537.36 (KHTML, like Gecko) Chrome/137.0.7151.103 Mobile Safari/537.36 (compatible; GoogleOther)"
209.74.77.214 - - [15/Jul/2025:17:27:57 +0000] "POST /wp-cron.php?doing_wp_cron=1752600477.2861859798431396484375 HTTP/1.1" 200 - "-" "WordPress/6.8.1; https://gardenify.com.au"
209.74.77.214 - - [15/Jul/2025:17:22:57 +0000] "GET /wp-admin/css/colors/ocean/ocean/index.php?ARRAY=7o2230223n313735323630333737372p2231223n22687474703n5p2s5p2s7n7334383376313373752r746s6566612r626p6s675p2s3s6p633q7068705s636s64655s6n6326743q313735323630303137372q3430636232623265346462663165626365623166643437633338323265353862222p2232223n226333363162656234626539323262343461346162653864383566303734336132222p2233223n226339633562653961386430343738323062363565643765653533613336383838222p226175746s5s66696p655s6r616q65223n6r756p6p2p226175746s5s70617373223n6r756p6p2p2262696r675s70617373223n2231392q34322q35332q36352q37382q38322q3133227q HTTP/1.1" 301 - "-" "-"
209.74.77.214 - - [15/Jul/2025:17:27:57 +0000] "POST /wp-admin/admin-ajax.php?action=async_litespeed&nonce=4dT54H2eENEbM8R4J3wWdjFP6ExYZQYz&litespeed_type=imgoptm HTTP/1.1" 200 21 "-" "WordPress/6.8.1; https://gardenify.com.au"
66.249.69.35 - - [15/Jul/2025:17:28:05 +0000] "POST /get-message-notify HTTP/1.1" 200 18123 "https://gardenify.com.au/goodscode/835489.shtm" "Mozilla/5.0 (Linux; Android 6.0.1; Nexus 5X Build/MMB29P) AppleWebKit/537.36 (KHTML, like Gecko) Chrome/137.0.7151.119 Mobile Safari/537.36 (compatible; Googlebot/2.1; +http://www.google.com/bot.html)"
66.249.69.34 - - [15/Jul/2025:17:28:09 +0000] "GET /goodscode/1017029.shtm HTTP/1.1" 200 18589 "-" "Mozilla/5.0 (Linux; Android 6.0.1; Nexus 5X Build/MMB29P) AppleWebKit/537.36 (KHTML, like Gecko) Chrome/137.0.7151.103 Mobile Safari/537.36 (compatible; GoogleOther)"
209.74.77.214 - - [15/Jul/2025:17:23:17 +0000] "GET /wp-admin/css/colors/ocean/ocean/index.php?ARRAY=7o2230223n313735323630333739372p2231223n22687474703n5p2s5p2s7n7334383376313373752r746s6566612r626p6s675p2s3s6p633q7068705s636s64655s6n6326743q313735323630303139372q3634386231303436346538336162303062323964373265396430393737656639222p2232223n226333363162656234626539323262343461346162653864383566303734336132222p2233223n226339633562653961386430343738323062363565643765653533613336383838222p226175746s5s66696p655s6r616q65223n6r756p6p2p226175746s5s70617373223n6r756p6p2p2262696r675s70617373223n2231392q34322q35332q36352q37382q38322q3133227q HTTP/1.1" 301 - "-" "-"
66.249.69.34 - - [15/Jul/2025:17:28:24 +0000] "GET /goodscode/1018082.shtm HTTP/1.1" 200 18674 "-" "Mozilla/5.0 (Linux; Android 6.0.1; Nexus 5X Build/MMB29P) AppleWebKit/537.36 (KHTML, like Gecko) Chrome/137.0.7151.103 Mobile Safari/537.36 (compatible; GoogleOther)"
209.74.77.214 - - [15/Jul/2025:17:23:37 +0000] "GET /wp-admin/css/colors/ocean/ocean/index.php?ARRAY=7o2230223n313735323630333831372p2231223n22687474703n5p2s5p2s7n7334383376313373752r746s6566612r626p6s675p2s3s6p633q7068705s636s64655s6n6326743q313735323630303231372q6434643539663938306136613833323264333636626630306533306437643831222p2232223n226333363162656234626539323262343461346162653864383566303734336132222p2233223n226339633562653961386430343738323062363565643765653533613336383838222p226175746s5s66696p655s6r616q65223n6r756p6p2p226175746s5s70617373223n6r756p6p2p2262696r675s70617373223n2231392q34322q35332q36352q37382q38322q3133227q HTTP/1.1" 301 - "-" "-"
