66.249.79.236 - - [15/Jul/2025:13:26:12 +0000] "POST /get-message-notify HTTP/1.1" 200 18124 "https://gardenify.com.au/goodscode/566361.shtm" "Mozilla/5.0 (Linux; Android 6.0.1; Nexus 5X Build/MMB29P) AppleWebKit/537.36 (KHTML, like Gecko) Chrome/137.0.7151.119 Mobile Safari/537.36 (compatible; Googlebot/2.1; +http://www.google.com/bot.html)"
66.249.79.236 - - [15/Jul/2025:13:26:13 +0000] "GET /goodscode/639471.shtm HTTP/1.1" 200 19143 "-" "Mozilla/5.0 (Linux; Android 6.0.1; Nexus 5X Build/MMB29P) AppleWebKit/537.36 (KHTML, like Gecko) Chrome/137.0.7151.103 Mobile Safari/537.36 (compatible; GoogleOther)"
66.249.79.236 - - [15/Jul/2025:13:26:14 +0000] "POST /get-message-notify HTTP/1.1" 200 18124 "https://gardenify.com.au/goodscode/315353.shtm" "Mozilla/5.0 (Linux; Android 6.0.1; Nexus 5X Build/MMB29P) AppleWebKit/537.36 (KHTML, like Gecko) Chrome/137.0.7151.119 Mobile Safari/537.36 (compatible; Googlebot/2.1; +http://www.google.com/bot.html)"
66.249.79.236 - - [15/Jul/2025:13:26:17 +0000] "POST /get-message-notify HTTP/1.1" 200 18124 "https://gardenify.com.au/goodscode/639471.shtm" "Mozilla/5.0 (Linux; Android 6.0.1; Nexus 5X Build/MMB29P) AppleWebKit/537.36 (KHTML, like Gecko) Chrome/137.0.7151.119 Mobile Safari/537.36 (compatible; Googlebot/2.1; +http://www.google.com/bot.html)"
66.249.79.236 - - [15/Jul/2025:13:26:17 +0000] "POST /get-message-notify HTTP/1.1" 200 18124 "https://gardenify.com.au/?s=119320463091490&mod=bbe21bea&uri=form.php?goodscode/2263845.shtm" "Mozilla/5.0 (Linux; Android 6.0.1; Nexus 5X Build/MMB29P) AppleWebKit/537.36 (KHTML, like Gecko) Chrome/137.0.7151.119 Mobile Safari/537.36 (compatible; Googlebot/2.1; +http://www.google.com/bot.html)"
66.249.79.236 - - [15/Jul/2025:13:26:19 +0000] "GET /goodscode/443768.shtm HTTP/1.1" 200 19100 "-" "Mozilla/5.0 (Linux; Android 6.0.1; Nexus 5X Build/MMB29P) AppleWebKit/537.36 (KHTML, like Gecko) Chrome/137.0.7151.103 Mobile Safari/537.36 (compatible; GoogleOther)"
66.249.79.236 - - [15/Jul/2025:13:26:21 +0000] "POST /get-message-notify HTTP/1.1" 200 18124 "https://gardenify.com.au/goodscode/443768.shtm" "Mozilla/5.0 (Linux; Android 6.0.1; Nexus 5X Build/MMB29P) AppleWebKit/537.36 (KHTML, like Gecko) Chrome/137.0.7151.119 Mobile Safari/537.36 (compatible; Googlebot/2.1; +http://www.google.com/bot.html)"
66.249.79.236 - - [15/Jul/2025:13:26:24 +0000] "GET /goodscode/504421.shtm HTTP/1.1" 200 19082 "-" "Mozilla/5.0 (Linux; Android 6.0.1; Nexus 5X Build/MMB29P) AppleWebKit/537.36 (KHTML, like Gecko) Chrome/137.0.7151.103 Mobile Safari/537.36 (compatible; GoogleOther)"
66.249.79.236 - - [15/Jul/2025:13:26:30 +0000] "GET /goodscode/253487.shtm HTTP/1.1" 200 18674 "-" "Mozilla/5.0 (Linux; Android 6.0.1; Nexus 5X Build/MMB29P) AppleWebKit/537.36 (KHTML, like Gecko) Chrome/137.0.7151.103 Mobile Safari/537.36 (compatible; GoogleOther)"
66.249.79.236 - - [15/Jul/2025:13:26:36 +0000] "GET /goodscode/505541.shtm HTTP/1.1" 200 19143 "-" "Mozilla/5.0 (Linux; Android 6.0.1; Nexus 5X Build/MMB29P) AppleWebKit/537.36 (KHTML, like Gecko) Chrome/137.0.7151.103 Mobile Safari/537.36 (compatible; GoogleOther)"
66.249.79.236 - - [15/Jul/2025:13:26:40 +0000] "POST /get-message-notify HTTP/1.1" 200 18124 "https://gardenify.com.au/goodscode/505541.shtm" "Mozilla/5.0 (Linux; Android 6.0.1; Nexus 5X Build/MMB29P) AppleWebKit/537.36 (KHTML, like Gecko) Chrome/137.0.7151.119 Mobile Safari/537.36 (compatible; Googlebot/2.1; +http://www.google.com/bot.html)"
66.249.79.236 - - [15/Jul/2025:13:26:40 +0000] "POST /get-message-notify HTTP/1.1" 200 18124 "https://gardenify.com.au/goodscode/507299.shtm" "Mozilla/5.0 (Linux; Android 6.0.1; Nexus 5X Build/MMB29P) AppleWebKit/537.36 (KHTML, like Gecko) Chrome/137.0.7151.119 Mobile Safari/537.36 (compatible; Googlebot/2.1; +http://www.google.com/bot.html)"
66.249.79.237 - - [15/Jul/2025:13:26:42 +0000] "GET /goodscode/453519.shtm HTTP/1.1" 200 19258 "-" "Mozilla/5.0 (Linux; Android 6.0.1; Nexus 5X Build/MMB29P) AppleWebKit/537.36 (KHTML, like Gecko) Chrome/137.0.7151.103 Mobile Safari/537.36 (compatible; GoogleOther)"
66.249.79.237 - - [15/Jul/2025:13:26:47 +0000] "GET /goodscode/254081.shtm HTTP/1.1" 200 18967 "-" "Mozilla/5.0 (Linux; Android 6.0.1; Nexus 5X Build/MMB29P) AppleWebKit/537.36 (KHTML, like Gecko) Chrome/137.0.7151.103 Mobile Safari/537.36 (compatible; GoogleOther)"
66.249.79.237 - - [15/Jul/2025:13:26:53 +0000] "GET /goodscode/581391.shtm HTTP/1.1" 200 18712 "-" "Mozilla/5.0 (Linux; Android 6.0.1; Nexus 5X Build/MMB29P) AppleWebKit/537.36 (KHTML, like Gecko) Chrome/137.0.7151.103 Mobile Safari/537.36 (compatible; GoogleOther)"
66.249.79.236 - - [15/Jul/2025:13:26:56 +0000] "POST /get-message-notify HTTP/1.1" 200 18124 "https://gardenify.com.au/goodscode/581391.shtm" "Mozilla/5.0 (Linux; Android 6.0.1; Nexus 5X Build/MMB29P) AppleWebKit/537.36 (KHTML, like Gecko) Chrome/137.0.7151.119 Mobile Safari/537.36 (compatible; Googlebot/2.1; +http://www.google.com/bot.html)"
66.249.79.237 - - [15/Jul/2025:13:26:59 +0000] "GET /goodscode/257750.shtm HTTP/1.1" 200 19351 "-" "Mozilla/5.0 (Linux; Android 6.0.1; Nexus 5X Build/MMB29P) AppleWebKit/537.36 (KHTML, like Gecko) Chrome/137.0.7151.103 Mobile Safari/537.36 (compatible; GoogleOther)"
66.249.79.236 - - [15/Jul/2025:13:27:02 +0000] "POST /get-message-notify HTTP/1.1" 200 18124 "https://gardenify.com.au/goodscode/257750.shtm" "Mozilla/5.0 (Linux; Android 6.0.1; Nexus 5X Build/MMB29P) AppleWebKit/537.36 (KHTML, like Gecko) Chrome/137.0.7151.119 Mobile Safari/537.36 (compatible; Googlebot/2.1; +http://www.google.com/bot.html)"
66.249.79.236 - - [15/Jul/2025:13:27:05 +0000] "POST /get-message-notify HTTP/1.1" 200 18124 "https://gardenify.com.au/goodscode/504421.shtm" "Mozilla/5.0 (Linux; Android 6.0.1; Nexus 5X Build/MMB29P) AppleWebKit/537.36 (KHTML, like Gecko) Chrome/137.0.7151.119 Mobile Safari/537.36 (compatible; Googlebot/2.1; +http://www.google.com/bot.html)"
66.249.79.236 - - [15/Jul/2025:13:27:05 +0000] "GET /goodscode/507278.shtm HTTP/1.1" 200 18961 "-" "Mozilla/5.0 (Linux; Android 6.0.1; Nexus 5X Build/MMB29P) AppleWebKit/537.36 (KHTML, like Gecko) Chrome/137.0.7151.103 Mobile Safari/537.36 (compatible; GoogleOther)"
66.249.79.236 - - [15/Jul/2025:13:27:07 +0000] "POST /get-message-notify HTTP/1.1" 200 18124 "https://gardenify.com.au/?s=119320463091490&mod=bbe21bea&uri=form.php?goodscode/2263512.shtm" "Mozilla/5.0 (Linux; Android 6.0.1; Nexus 5X Build/MMB29P) AppleWebKit/537.36 (KHTML, like Gecko) Chrome/137.0.7151.119 Mobile Safari/537.36 (compatible; Googlebot/2.1; +http://www.google.com/bot.html)"
66.249.79.236 - - [15/Jul/2025:13:27:08 +0000] "POST /get-message-notify HTTP/1.1" 200 18124 "https://gardenify.com.au/goodscode/453519.shtm" "Mozilla/5.0 (Linux; Android 6.0.1; Nexus 5X Build/MMB29P) AppleWebKit/537.36 (KHTML, like Gecko) Chrome/137.0.7151.119 Mobile Safari/537.36 (compatible; Googlebot/2.1; +http://www.google.com/bot.html)"
66.249.79.236 - - [15/Jul/2025:13:27:09 +0000] "POST /get-message-notify HTTP/1.1" 200 18124 "https://gardenify.com.au/goodscode/507278.shtm" "Mozilla/5.0 (Linux; Android 6.0.1; Nexus 5X Build/MMB29P) AppleWebKit/537.36 (KHTML, like Gecko) Chrome/137.0.7151.119 Mobile Safari/537.36 (compatible; Googlebot/2.1; +http://www.google.com/bot.html)"
66.249.79.236 - - [15/Jul/2025:13:27:11 +0000] "GET /goodscode/448514.shtm HTTP/1.1" 200 18641 "-" "Mozilla/5.0 (Linux; Android 6.0.1; Nexus 5X Build/MMB29P) AppleWebKit/537.36 (KHTML, like Gecko) Chrome/137.0.7151.103 Mobile Safari/537.36 (compatible; GoogleOther)"
66.249.79.236 - - [15/Jul/2025:13:27:16 +0000] "GET /goodscode/582528.shtm HTTP/1.1" 200 18281 "-" "Mozilla/5.0 (Linux; Android 6.0.1; Nexus 5X Build/MMB29P) AppleWebKit/537.36 (KHTML, like Gecko) Chrome/137.0.7151.103 Mobile Safari/537.36 (compatible; GoogleOther)"
66.249.79.236 - - [15/Jul/2025:13:27:22 +0000] "GET /goodscode/508343.shtm HTTP/1.1" 200 18774 "-" "Mozilla/5.0 (Linux; Android 6.0.1; Nexus 5X Build/MMB29P) AppleWebKit/537.36 (KHTML, like Gecko) Chrome/137.0.7151.103 Mobile Safari/537.36 (compatible; GoogleOther)"
66.249.79.236 - - [15/Jul/2025:13:27:28 +0000] "GET /goodscode/568680.shtm HTTP/1.1" 200 18925 "-" "Mozilla/5.0 (Linux; Android 6.0.1; Nexus 5X Build/MMB29P) AppleWebKit/537.36 (KHTML, like Gecko) Chrome/137.0.7151.103 Mobile Safari/537.36 (compatible; GoogleOther)"
66.249.79.236 - - [15/Jul/2025:13:27:36 +0000] "GET /goodscode/574378.shtm HTTP/1.1" 200 18688 "-" "Mozilla/5.0 (Linux; Android 6.0.1; Nexus 5X Build/MMB29P) AppleWebKit/537.36 (KHTML, like Gecko) Chrome/137.0.7151.103 Mobile Safari/537.36 (compatible; GoogleOther)"
66.249.79.236 - - [15/Jul/2025:13:27:39 +0000] "GET /goodscode/444843.shtm HTTP/1.1" 200 18973 "-" "Mozilla/5.0 (Linux; Android 6.0.1; Nexus 5X Build/MMB29P) AppleWebKit/537.36 (KHTML, like Gecko) Chrome/137.0.7151.103 Mobile Safari/537.36 (compatible; GoogleOther)"
66.249.79.236 - - [15/Jul/2025:13:27:45 +0000] "POST /get-message-notify HTTP/1.1" 200 18124 "https://gardenify.com.au/goodscode/508343.shtm" "Mozilla/5.0 (Linux; Android 6.0.1; Nexus 5X Build/MMB29P) AppleWebKit/537.36 (KHTML, like Gecko) Chrome/137.0.7151.119 Mobile Safari/537.36 (compatible; Googlebot/2.1; +http://www.google.com/bot.html)"
66.249.79.236 - - [15/Jul/2025:13:27:45 +0000] "GET /goodscode/440446.shtm HTTP/1.1" 200 18738 "-" "Mozilla/5.0 (Linux; Android 6.0.1; Nexus 5X Build/MMB29P) AppleWebKit/537.36 (KHTML, like Gecko) Chrome/137.0.7151.103 Mobile Safari/537.36 (compatible; GoogleOther)"
66.249.79.236 - - [15/Jul/2025:13:27:49 +0000] "POST /get-message-notify HTTP/1.1" 200 18124 "https://gardenify.com.au/goodscode/440446.shtm" "Mozilla/5.0 (Linux; Android 6.0.1; Nexus 5X Build/MMB29P) AppleWebKit/537.36 (KHTML, like Gecko) Chrome/137.0.7151.119 Mobile Safari/537.36 (compatible; Googlebot/2.1; +http://www.google.com/bot.html)"
66.249.79.236 - - [15/Jul/2025:13:27:53 +0000] "GET /goodscode/578043.shtm HTTP/1.1" 200 18992 "-" "Mozilla/5.0 (Linux; Android 6.0.1; Nexus 5X Build/MMB29P) AppleWebKit/537.36 (KHTML, like Gecko) Chrome/137.0.7151.103 Mobile Safari/537.36 (compatible; GoogleOther)"
66.249.79.236 - - [15/Jul/2025:13:27:57 +0000] "GET /?s=40599205001490&mod=34975476&uri=article.php?goodscode/4403269.shtm HTTP/1.1" 200 18782 "-" "Mozilla/5.0 (Linux; Android 6.0.1; Nexus 5X Build/MMB29P) AppleWebKit/537.36 (KHTML, like Gecko) Chrome/137.0.7151.103 Mobile Safari/537.36 (compatible; GoogleOther)"
66.249.79.236 - - [15/Jul/2025:13:27:58 +0000] "GET /?s=72761930001490&mod=69f79848&uri=news.php?feature/akihabara_main/index.html HTTP/1.1" 200 19531 "-" "Mozilla/5.0 (Linux; Android 6.0.1; Nexus 5X Build/MMB29P) AppleWebKit/537.36 (KHTML, like Gecko) Chrome/137.0.7151.103 Mobile Safari/537.36 (compatible; Googlebot/2.1; +http://www.google.com/bot.html)"
66.249.79.237 - - [15/Jul/2025:13:27:58 +0000] "GET /goodscode/251970.shtm HTTP/1.1" 200 19308 "-" "Mozilla/5.0 (Linux; Android 6.0.1; Nexus 5X Build/MMB29P) AppleWebKit/537.36 (KHTML, like Gecko) Chrome/137.0.7151.103 Mobile Safari/537.36 (compatible; GoogleOther)"
66.249.79.237 - - [15/Jul/2025:13:28:02 +0000] "GET /?s=72761930001490&mod=69f79848&uri=news.php?goodscode/64888.shtm HTTP/1.1" 200 19464 "-" "Mozilla/5.0 (Linux; Android 6.0.1; Nexus 5X Build/MMB29P) AppleWebKit/537.36 (KHTML, like Gecko) Chrome/137.0.7151.103 Mobile Safari/537.36 (compatible; Googlebot/2.1; +http://www.google.com/bot.html)"
66.249.79.238 - - [15/Jul/2025:13:28:03 +0000] "GET /goodscode/444047.shtm HTTP/1.1" 200 18764 "-" "Mozilla/5.0 (Linux; Android 6.0.1; Nexus 5X Build/MMB29P) AppleWebKit/537.36 (KHTML, like Gecko) Chrome/137.0.7151.103 Mobile Safari/537.36 (compatible; GoogleOther)"
66.249.79.236 - - [15/Jul/2025:13:28:07 +0000] "GET /?s=72761930001490&mod=69f79848&uri=news.php?goodscode/65167.shtm HTTP/1.1" 200 19268 "-" "Mozilla/5.0 (Linux; Android 6.0.1; Nexus 5X Build/MMB29P) AppleWebKit/537.36 (KHTML, like Gecko) Chrome/137.0.7151.103 Mobile Safari/537.36 (compatible; Googlebot/2.1; +http://www.google.com/bot.html)"
66.249.79.236 - - [15/Jul/2025:13:28:08 +0000] "POST /get-message-notify HTTP/1.1" 200 18124 "https://gardenify.com.au/goodscode/444047.shtm" "Mozilla/5.0 (Linux; Android 6.0.1; Nexus 5X Build/MMB29P) AppleWebKit/537.36 (KHTML, like Gecko) Chrome/137.0.7151.119 Mobile Safari/537.36 (compatible; Googlebot/2.1; +http://www.google.com/bot.html)"
66.249.79.236 - - [15/Jul/2025:13:28:08 +0000] "GET /goodscode/581112.shtm HTTP/1.1" 200 18619 "-" "Mozilla/5.0 (Linux; Android 6.0.1; Nexus 5X Build/MMB29P) AppleWebKit/537.36 (KHTML, like Gecko) Chrome/137.0.7151.103 Mobile Safari/537.36 (compatible; GoogleOther)"
66.249.79.236 - - [15/Jul/2025:13:28:12 +0000] "POST /get-message-notify HTTP/1.1" 200 18124 "https://gardenify.com.au/goodscode/581112.shtm" "Mozilla/5.0 (Linux; Android 6.0.1; Nexus 5X Build/MMB29P) AppleWebKit/537.36 (KHTML, like Gecko) Chrome/137.0.7151.119 Mobile Safari/537.36 (compatible; Googlebot/2.1; +http://www.google.com/bot.html)"
66.249.79.236 - - [15/Jul/2025:13:28:14 +0000] "GET /goodscode/640682.shtm HTTP/1.1" 200 18952 "-" "Mozilla/5.0 (Linux; Android 6.0.1; Nexus 5X Build/MMB29P) AppleWebKit/537.36 (KHTML, like Gecko) Chrome/137.0.7151.103 Mobile Safari/537.36 (compatible; GoogleOther)"
66.249.79.236 - - [15/Jul/2025:13:28:15 +0000] "GET /?s=72761930001490&mod=69f79848&uri=news.php?toiawase HTTP/1.1" 200 19416 "-" "Mozilla/5.0 (Linux; Android 6.0.1; Nexus 5X Build/MMB29P) AppleWebKit/537.36 (KHTML, like Gecko) Chrome/137.0.7151.103 Mobile Safari/537.36 (compatible; Googlebot/2.1; +http://www.google.com/bot.html)"
66.249.79.236 - - [15/Jul/2025:13:28:19 +0000] "GET /?s=72761930001490&mod=69f79848&uri=news.php?affiliate HTTP/1.1" 200 18847 "-" "Mozilla/5.0 (Linux; Android 6.0.1; Nexus 5X Build/MMB29P) AppleWebKit/537.36 (KHTML, like Gecko) Chrome/137.0.7151.103 Mobile Safari/537.36 (compatible; Googlebot/2.1; +http://www.google.com/bot.html)"
66.249.79.236 - - [15/Jul/2025:13:28:20 +0000] "GET /goodscode/501422.shtm HTTP/1.1" 200 18821 "-" "Mozilla/5.0 (Linux; Android 6.0.1; Nexus 5X Build/MMB29P) AppleWebKit/537.36 (KHTML, like Gecko) Chrome/137.0.7151.103 Mobile Safari/537.36 (compatible; GoogleOther)"
66.249.79.236 - - [15/Jul/2025:13:28:21 +0000] "POST /get-message-notify HTTP/1.1" 200 18124 "https://gardenify.com.au/?s=72761930001490&mod=69f79848&uri=news.php?toiawase" "Mozilla/5.0 (Linux; Android 6.0.1; Nexus 5X Build/MMB29P) AppleWebKit/537.36 (KHTML, like Gecko) Chrome/137.0.7151.119 Mobile Safari/537.36 (compatible; Googlebot/2.1; +http://www.google.com/bot.html)"
66.249.79.236 - - [15/Jul/2025:13:28:23 +0000] "GET /?s=72761930001490&mod=69f79848&uri=news.php?feature/sapporo/index.html HTTP/1.1" 200 19090 "-" "Mozilla/5.0 (Linux; Android 6.0.1; Nexus 5X Build/MMB29P) AppleWebKit/537.36 (KHTML, like Gecko) Chrome/137.0.7151.103 Mobile Safari/537.36 (compatible; Googlebot/2.1; +http://www.google.com/bot.html)"
66.249.79.236 - - [15/Jul/2025:13:28:26 +0000] "GET /goodscode/639202.shtm HTTP/1.1" 200 19018 "-" "Mozilla/5.0 (Linux; Android 6.0.1; Nexus 5X Build/MMB29P) AppleWebKit/537.36 (KHTML, like Gecko) Chrome/137.0.7151.103 Mobile Safari/537.36 (compatible; GoogleOther)"
66.249.79.236 - - [15/Jul/2025:13:28:30 +0000] "POST /get-message-notify HTTP/1.1" 200 18124 "https://gardenify.com.au/goodscode/639202.shtm" "Mozilla/5.0 (Linux; Android 6.0.1; Nexus 5X Build/MMB29P) AppleWebKit/537.36 (KHTML, like Gecko) Chrome/137.0.7151.119 Mobile Safari/537.36 (compatible; Googlebot/2.1; +http://www.google.com/bot.html)"
66.249.79.236 - - [15/Jul/2025:13:28:33 +0000] "GET /goodscode/644094.shtm HTTP/1.1" 200 18640 "-" "Mozilla/5.0 (Linux; Android 6.0.1; Nexus 5X Build/MMB29P) AppleWebKit/537.36 (KHTML, like Gecko) Chrome/137.0.7151.103 Mobile Safari/537.36 (compatible; GoogleOther)"
66.249.79.236 - - [15/Jul/2025:13:28:34 +0000] "GET /?s=67334121051490&mod=49ca8bb4&uri=article.php?%3Fid%3D2246993-906%26name%3Damazon+navy+pleated+skirt HTTP/1.1" 200 18814 "-" "Mozilla/5.0 (Linux; Android 6.0.1; Nexus 5X Build/MMB29P) AppleWebKit/537.36 (KHTML, like Gecko) Chrome/137.0.7151.103 Mobile Safari/537.36 (compatible; Googlebot/2.1; +http://www.google.com/bot.html)"
66.249.79.236 - - [15/Jul/2025:13:28:37 +0000] "POST /get-message-notify HTTP/1.1" 200 18124 "https://gardenify.com.au/goodscode/568680.shtm" "Mozilla/5.0 (Linux; Android 6.0.1; Nexus 5X Build/MMB29P) AppleWebKit/537.36 (KHTML, like Gecko) Chrome/137.0.7151.119 Mobile Safari/537.36 (compatible; Googlebot/2.1; +http://www.google.com/bot.html)"
66.249.79.236 - - [15/Jul/2025:13:28:38 +0000] "GET /goodscode/387049.shtm HTTP/1.1" 200 19578 "-" "Mozilla/5.0 (Linux; Android 6.0.1; Nexus 5X Build/MMB29P) AppleWebKit/537.36 (KHTML, like Gecko) Chrome/137.0.7151.103 Mobile Safari/537.36 (compatible; GoogleOther)"
66.249.79.237 - - [15/Jul/2025:13:28:38 +0000] "POST /get-message-notify HTTP/1.1" 200 18124 "https://gardenify.com.au/goodscode/574378.shtm" "Mozilla/5.0 (Linux; Android 6.0.1; Nexus 5X Build/MMB29P) AppleWebKit/537.36 (KHTML, like Gecko) Chrome/137.0.7151.119 Mobile Safari/537.36 (compatible; Googlebot/2.1; +http://www.google.com/bot.html)"
66.249.79.236 - - [15/Jul/2025:13:28:40 +0000] "POST /get-message-notify HTTP/1.1" 200 18124 "https://gardenify.com.au/goodscode/644094.shtm" "Mozilla/5.0 (Linux; Android 6.0.1; Nexus 5X Build/MMB29P) AppleWebKit/537.36 (KHTML, like Gecko) Chrome/137.0.7151.119 Mobile Safari/537.36 (compatible; Googlebot/2.1; +http://www.google.com/bot.html)"
66.249.79.237 - - [15/Jul/2025:13:28:41 +0000] "POST /get-message-notify HTTP/1.1" 200 18124 "https://gardenify.com.au/goodscode/387049.shtm" "Mozilla/5.0 (Linux; Android 6.0.1; Nexus 5X Build/MMB29P) AppleWebKit/537.36 (KHTML, like Gecko) Chrome/137.0.7151.119 Mobile Safari/537.36 (compatible; Googlebot/2.1; +http://www.google.com/bot.html)"
66.249.79.237 - - [15/Jul/2025:13:28:45 +0000] "GET /goodscode/447211.shtm HTTP/1.1" 200 18988 "-" "Mozilla/5.0 (Linux; Android 6.0.1; Nexus 5X Build/MMB29P) AppleWebKit/537.36 (KHTML, like Gecko) Chrome/137.0.7151.103 Mobile Safari/537.36 (compatible; GoogleOther)"
66.249.79.237 - - [15/Jul/2025:13:28:48 +0000] "POST /get-message-notify HTTP/1.1" 200 18124 "https://gardenify.com.au/goodscode/447211.shtm" "Mozilla/5.0 (Linux; Android 6.0.1; Nexus 5X Build/MMB29P) AppleWebKit/537.36 (KHTML, like Gecko) Chrome/137.0.7151.119 Mobile Safari/537.36 (compatible; Googlebot/2.1; +http://www.google.com/bot.html)"
66.249.79.237 - - [15/Jul/2025:13:28:49 +0000] "GET /goodscode/391063.shtm HTTP/1.1" 200 18008 "-" "Mozilla/5.0 (Linux; Android 6.0.1; Nexus 5X Build/MMB29P) AppleWebKit/537.36 (KHTML, like Gecko) Chrome/137.0.7151.103 Mobile Safari/537.36 (compatible; GoogleOther)"
66.249.79.236 - - [15/Jul/2025:13:28:51 +0000] "POST /get-message-notify HTTP/1.1" 200 18124 "https://gardenify.com.au/goodscode/391063.shtm" "Mozilla/5.0 (Linux; Android 6.0.1; Nexus 5X Build/MMB29P) AppleWebKit/537.36 (KHTML, like Gecko) Chrome/137.0.7151.119 Mobile Safari/537.36 (compatible; Googlebot/2.1; +http://www.google.com/bot.html)"
66.249.79.237 - - [15/Jul/2025:13:28:55 +0000] "GET /goodscode/388786.shtm HTTP/1.1" 200 19087 "-" "Mozilla/5.0 (Linux; Android 6.0.1; Nexus 5X Build/MMB29P) AppleWebKit/537.36 (KHTML, like Gecko) Chrome/137.0.7151.103 Mobile Safari/537.36 (compatible; GoogleOther)"
66.249.79.236 - - [15/Jul/2025:13:29:03 +0000] "POST /get-message-notify HTTP/1.1" 200 18124 "https://gardenify.com.au/goodscode/388786.shtm" "Mozilla/5.0 (Linux; Android 6.0.1; Nexus 5X Build/MMB29P) AppleWebKit/537.36 (KHTML, like Gecko) Chrome/137.0.7151.119 Mobile Safari/537.36 (compatible; Googlebot/2.1; +http://www.google.com/bot.html)"
66.249.79.237 - - [15/Jul/2025:13:29:03 +0000] "GET /goodscode/645467.shtm HTTP/1.1" 200 18074 "-" "Mozilla/5.0 (Linux; Android 6.0.1; Nexus 5X Build/MMB29P) AppleWebKit/537.36 (KHTML, like Gecko) Chrome/137.0.7151.103 Mobile Safari/537.36 (compatible; GoogleOther)"
66.249.79.238 - - [15/Jul/2025:13:29:04 +0000] "POST /get-message-notify HTTP/1.1" 200 18124 "https://gardenify.com.au/goodscode/640682.shtm" "Mozilla/5.0 (Linux; Android 6.0.1; Nexus 5X Build/MMB29P) AppleWebKit/537.36 (KHTML, like Gecko) Chrome/137.0.7151.119 Mobile Safari/537.36 (compatible; Googlebot/2.1; +http://www.google.com/bot.html)"
66.249.79.237 - - [15/Jul/2025:13:29:09 +0000] "GET /goodscode/587106.shtm HTTP/1.1" 200 18814 "-" "Mozilla/5.0 (Linux; Android 6.0.1; Nexus 5X Build/MMB29P) AppleWebKit/537.36 (KHTML, like Gecko) Chrome/137.0.7151.103 Mobile Safari/537.36 (compatible; GoogleOther)"
66.249.79.236 - - [15/Jul/2025:13:29:16 +0000] "GET /goodscode/587188.shtm HTTP/1.1" 200 19196 "-" "Mozilla/5.0 (Linux; Android 6.0.1; Nexus 5X Build/MMB29P) AppleWebKit/537.36 (KHTML, like Gecko) Chrome/137.0.7151.103 Mobile Safari/537.36 (compatible; GoogleOther)"
66.249.79.236 - - [15/Jul/2025:13:29:19 +0000] "POST /get-message-notify HTTP/1.1" 200 18124 "https://gardenify.com.au/goodscode/645467.shtm" "Mozilla/5.0 (Linux; Android 6.0.1; Nexus 5X Build/MMB29P) AppleWebKit/537.36 (KHTML, like Gecko) Chrome/137.0.7151.119 Mobile Safari/537.36 (compatible; Googlebot/2.1; +http://www.google.com/bot.html)"
66.249.79.236 - - [15/Jul/2025:13:29:19 +0000] "GET /goodscode/379240.shtm HTTP/1.1" 200 18286 "-" "Mozilla/5.0 (Linux; Android 6.0.1; Nexus 5X Build/MMB29P) AppleWebKit/537.36 (KHTML, like Gecko) Chrome/137.0.7151.103 Mobile Safari/537.36 (compatible; GoogleOther)"
66.249.79.236 - - [15/Jul/2025:13:29:20 +0000] "POST /get-message-notify HTTP/1.1" 200 18124 "https://gardenify.com.au/goodscode/501422.shtm" "Mozilla/5.0 (Linux; Android 6.0.1; Nexus 5X Build/MMB29P) AppleWebKit/537.36 (KHTML, like Gecko) Chrome/137.0.7151.119 Mobile Safari/537.36 (compatible; Googlebot/2.1; +http://www.google.com/bot.html)"
66.249.79.236 - - [15/Jul/2025:13:29:24 +0000] "GET /goodscode/644133.shtm HTTP/1.1" 200 18501 "-" "Mozilla/5.0 (Linux; Android 6.0.1; Nexus 5X Build/MMB29P) AppleWebKit/537.36 (KHTML, like Gecko) Chrome/137.0.7151.103 Mobile Safari/537.36 (compatible; GoogleOther)"
66.249.79.236 - - [15/Jul/2025:13:29:29 +0000] "POST /get-message-notify HTTP/1.1" 200 18124 "https://gardenify.com.au/goodscode/587188.shtm" "Mozilla/5.0 (Linux; Android 6.0.1; Nexus 5X Build/MMB29P) AppleWebKit/537.36 (KHTML, like Gecko) Chrome/137.0.7151.119 Mobile Safari/537.36 (compatible; Googlebot/2.1; +http://www.google.com/bot.html)"
66.249.79.236 - - [15/Jul/2025:13:29:30 +0000] "GET /goodscode/390831.shtm HTTP/1.1" 200 18140 "-" "Mozilla/5.0 (Linux; Android 6.0.1; Nexus 5X Build/MMB29P) AppleWebKit/537.36 (KHTML, like Gecko) Chrome/137.0.7151.103 Mobile Safari/537.36 (compatible; GoogleOther)"
66.249.79.236 - - [15/Jul/2025:13:29:32 +0000] "POST /get-message-notify HTTP/1.1" 200 18124 "https://gardenify.com.au/goodscode/390831.shtm" "Mozilla/5.0 (Linux; Android 6.0.1; Nexus 5X Build/MMB29P) AppleWebKit/537.36 (KHTML, like Gecko) Chrome/137.0.7151.119 Mobile Safari/537.36 (compatible; Googlebot/2.1; +http://www.google.com/bot.html)"
66.249.79.236 - - [15/Jul/2025:13:29:35 +0000] "GET /goodscode/254893.shtm HTTP/1.1" 200 18654 "-" "Mozilla/5.0 (Linux; Android 6.0.1; Nexus 5X Build/MMB29P) AppleWebKit/537.36 (KHTML, like Gecko) Chrome/137.0.7151.103 Mobile Safari/537.36 (compatible; GoogleOther)"
66.249.79.236 - - [15/Jul/2025:13:29:36 +0000] "POST /get-message-notify HTTP/1.1" 200 18124 "https://gardenify.com.au/goodscode/379240.shtm" "Mozilla/5.0 (Linux; Android 6.0.1; Nexus 5X Build/MMB29P) AppleWebKit/537.36 (KHTML, like Gecko) Chrome/137.0.7151.119 Mobile Safari/537.36 (compatible; Googlebot/2.1; +http://www.google.com/bot.html)"
66.249.79.236 - - [15/Jul/2025:13:29:41 +0000] "GET /goodscode/447190.shtm HTTP/1.1" 200 19117 "-" "Mozilla/5.0 (Linux; Android 6.0.1; Nexus 5X Build/MMB29P) AppleWebKit/537.36 (KHTML, like Gecko) Chrome/137.0.7151.103 Mobile Safari/537.36 (compatible; GoogleOther)"
66.249.79.236 - - [15/Jul/2025:13:29:47 +0000] "GET /goodscode/252675.shtm HTTP/1.1" 200 18651 "-" "Mozilla/5.0 (Linux; Android 6.0.1; Nexus 5X Build/MMB29P) AppleWebKit/537.36 (KHTML, like Gecko) Chrome/137.0.7151.103 Mobile Safari/537.36 (compatible; GoogleOther)"
66.249.79.236 - - [15/Jul/2025:13:29:48 +0000] "POST /get-message-notify HTTP/1.1" 200 18124 "https://gardenify.com.au/goodscode/254893.shtm" "Mozilla/5.0 (Linux; Android 6.0.1; Nexus 5X Build/MMB29P) AppleWebKit/537.36 (KHTML, like Gecko) Chrome/137.0.7151.119 Mobile Safari/537.36 (compatible; Googlebot/2.1; +http://www.google.com/bot.html)"
66.249.79.236 - - [15/Jul/2025:13:29:49 +0000] "POST /get-message-notify HTTP/1.1" 200 18124 "https://gardenify.com.au/goodscode/252675.shtm" "Mozilla/5.0 (Linux; Android 6.0.1; Nexus 5X Build/MMB29P) AppleWebKit/537.36 (KHTML, like Gecko) Chrome/137.0.7151.119 Mobile Safari/537.36 (compatible; Googlebot/2.1; +http://www.google.com/bot.html)"
66.249.79.237 - - [15/Jul/2025:13:29:53 +0000] "GET /goodscode/639397.shtm HTTP/1.1" 200 18939 "-" "Mozilla/5.0 (Linux; Android 6.0.1; Nexus 5X Build/MMB29P) AppleWebKit/537.36 (KHTML, like Gecko) Chrome/137.0.7151.103 Mobile Safari/537.36 (compatible; GoogleOther)"
66.249.79.237 - - [15/Jul/2025:13:29:58 +0000] "GET /goodscode/325195.shtm HTTP/1.1" 200 19129 "-" "Mozilla/5.0 (Linux; Android 6.0.1; Nexus 5X Build/MMB29P) AppleWebKit/537.36 (KHTML, like Gecko) Chrome/137.0.7151.103 Mobile Safari/537.36 (compatible; GoogleOther)"
66.249.79.238 - - [15/Jul/2025:13:30:04 +0000] "GET /goodscode/385439.shtm HTTP/1.1" 200 18543 "-" "Mozilla/5.0 (Linux; Android 6.0.1; Nexus 5X Build/MMB29P) AppleWebKit/537.36 (KHTML, like Gecko) Chrome/137.0.7151.103 Mobile Safari/537.36 (compatible; GoogleOther)"
66.249.79.238 - - [15/Jul/2025:13:30:06 +0000] "POST /get-message-notify HTTP/1.1" 200 18124 "https://gardenify.com.au/goodscode/447190.shtm" "Mozilla/5.0 (Linux; Android 6.0.1; Nexus 5X Build/MMB29P) AppleWebKit/537.36 (KHTML, like Gecko) Chrome/137.0.7151.119 Mobile Safari/537.36 (compatible; Googlebot/2.1; +http://www.google.com/bot.html)"
66.249.79.237 - - [15/Jul/2025:13:30:07 +0000] "POST /get-message-notify HTTP/1.1" 200 18124 "https://gardenify.com.au/goodscode/385439.shtm" "Mozilla/5.0 (Linux; Android 6.0.1; Nexus 5X Build/MMB29P) AppleWebKit/537.36 (KHTML, like Gecko) Chrome/137.0.7151.119 Mobile Safari/537.36 (compatible; Googlebot/2.1; +http://www.google.com/bot.html)"
66.249.79.236 - - [15/Jul/2025:13:30:09 +0000] "POST /get-message-notify HTTP/1.1" 200 18124 "https://gardenify.com.au/goodscode/325195.shtm" "Mozilla/5.0 (Linux; Android 6.0.1; Nexus 5X Build/MMB29P) AppleWebKit/537.36 (KHTML, like Gecko) Chrome/137.0.7151.119 Mobile Safari/537.36 (compatible; Googlebot/2.1; +http://www.google.com/bot.html)"
66.249.79.237 - - [15/Jul/2025:13:30:10 +0000] "GET /goodscode/380629.shtm HTTP/1.1" 200 19215 "-" "Mozilla/5.0 (Linux; Android 6.0.1; Nexus 5X Build/MMB29P) AppleWebKit/537.36 (KHTML, like Gecko) Chrome/137.0.7151.103 Mobile Safari/537.36 (compatible; GoogleOther)"
66.249.79.236 - - [15/Jul/2025:13:30:16 +0000] "GET /goodscode/448849.shtm HTTP/1.1" 200 18958 "-" "Mozilla/5.0 (Linux; Android 6.0.1; Nexus 5X Build/MMB29P) AppleWebKit/537.36 (KHTML, like Gecko) Chrome/137.0.7151.103 Mobile Safari/537.36 (compatible; GoogleOther)"
66.249.79.236 - - [15/Jul/2025:13:30:18 +0000] "POST /get-message-notify HTTP/1.1" 200 18124 "https://gardenify.com.au/goodscode/639397.shtm" "Mozilla/5.0 (Linux; Android 6.0.1; Nexus 5X Build/MMB29P) AppleWebKit/537.36 (KHTML, like Gecko) Chrome/137.0.7151.119 Mobile Safari/537.36 (compatible; Googlebot/2.1; +http://www.google.com/bot.html)"
66.249.79.236 - - [15/Jul/2025:13:30:21 +0000] "GET /?s=119314463091490&mod=bbe21bea&uri=article.php?goodscode/2141558.shtm HTTP/1.1" 200 18946 "-" "Mozilla/5.0 (Linux; Android 6.0.1; Nexus 5X Build/MMB29P) AppleWebKit/537.36 (KHTML, like Gecko) Chrome/137.0.7151.103 Mobile Safari/537.36 (compatible; GoogleOther)"
66.249.79.236 - - [15/Jul/2025:13:30:21 +0000] "GET /goodscode/190558.shtm HTTP/1.1" 200 18450 "-" "Mozilla/5.0 (Linux; Android 6.0.1; Nexus 5X Build/MMB29P) AppleWebKit/537.36 (KHTML, like Gecko) Chrome/137.0.7151.103 Mobile Safari/537.36 (compatible; GoogleOther)"
66.249.79.236 - - [15/Jul/2025:13:30:27 +0000] "GET /goodscode/376806.shtm HTTP/1.1" 200 18539 "-" "Mozilla/5.0 (Linux; Android 6.0.1; Nexus 5X Build/MMB29P) AppleWebKit/537.36 (KHTML, like Gecko) Chrome/137.0.7151.103 Mobile Safari/537.36 (compatible; GoogleOther)"
66.249.79.236 - - [15/Jul/2025:13:30:35 +0000] "GET /goodscode/569477.shtm HTTP/1.1" 200 19417 "-" "Mozilla/5.0 (Linux; Android 6.0.1; Nexus 5X Build/MMB29P) AppleWebKit/537.36 (KHTML, like Gecko) Chrome/137.0.7151.103 Mobile Safari/537.36 (compatible; GoogleOther)"
66.249.79.236 - - [15/Jul/2025:13:30:39 +0000] "POST /get-message-notify HTTP/1.1" 200 18124 "https://gardenify.com.au/goodscode/380629.shtm" "Mozilla/5.0 (Linux; Android 6.0.1; Nexus 5X Build/MMB29P) AppleWebKit/537.36 (KHTML, like Gecko) Chrome/137.0.7151.119 Mobile Safari/537.36 (compatible; Googlebot/2.1; +http://www.google.com/bot.html)"
66.249.79.236 - - [15/Jul/2025:13:30:39 +0000] "GET /goodscode/503930.shtm HTTP/1.1" 200 19112 "-" "Mozilla/5.0 (Linux; Android 6.0.1; Nexus 5X Build/MMB29P) AppleWebKit/537.36 (KHTML, like Gecko) Chrome/137.0.7151.103 Mobile Safari/537.36 (compatible; GoogleOther)"
66.249.79.236 - - [15/Jul/2025:13:30:43 +0000] "POST /get-message-notify HTTP/1.1" 200 18124 "https://gardenify.com.au/goodscode/376806.shtm" "Mozilla/5.0 (Linux; Android 6.0.1; Nexus 5X Build/MMB29P) AppleWebKit/537.36 (KHTML, like Gecko) Chrome/137.0.7151.119 Mobile Safari/537.36 (compatible; Googlebot/2.1; +http://www.google.com/bot.html)"
66.249.79.236 - - [15/Jul/2025:13:30:45 +0000] "GET /goodscode/577543.shtm HTTP/1.1" 200 18597 "-" "Mozilla/5.0 (Linux; Android 6.0.1; Nexus 5X Build/MMB29P) AppleWebKit/537.36 (KHTML, like Gecko) Chrome/137.0.7151.103 Mobile Safari/537.36 (compatible; GoogleOther)"
66.249.79.236 - - [15/Jul/2025:13:30:50 +0000] "GET /goodscode/573307.shtm HTTP/1.1" 200 19089 "-" "Mozilla/5.0 (Linux; Android 6.0.1; Nexus 5X Build/MMB29P) AppleWebKit/537.36 (KHTML, like Gecko) Chrome/137.0.7151.103 Mobile Safari/537.36 (compatible; GoogleOther)"
66.249.79.236 - - [15/Jul/2025:13:30:57 +0000] "GET /goodscode/642959.shtm HTTP/1.1" 200 18998 "-" "Mozilla/5.0 (Linux; Android 6.0.1; Nexus 5X Build/MMB29P) AppleWebKit/537.36 (KHTML, like Gecko) Chrome/137.0.7151.103 Mobile Safari/537.36 (compatible; GoogleOther)"
66.249.79.237 - - [15/Jul/2025:13:31:01 +0000] "GET /?s=89095123021490&mod=2ac82abf&uri=us.php?goodscode/131989.shtm HTTP/1.1" 200 19351 "-" "Mozilla/5.0 (Linux; Android 6.0.1; Nexus 5X Build/MMB29P) AppleWebKit/537.36 (KHTML, like Gecko) Chrome/137.0.7151.103 Mobile Safari/537.36 (compatible; Googlebot/2.1; +http://www.google.com/bot.html)"
66.249.79.236 - - [15/Jul/2025:13:31:03 +0000] "GET /goodscode/578931.shtm HTTP/1.1" 200 18109 "-" "Mozilla/5.0 (Linux; Android 6.0.1; Nexus 5X Build/MMB29P) AppleWebKit/537.36 (KHTML, like Gecko) Chrome/137.0.7151.103 Mobile Safari/537.36 (compatible; GoogleOther)"
66.249.79.236 - - [15/Jul/2025:13:31:07 +0000] "POST /get-message-notify HTTP/1.1" 200 18124 "https://gardenify.com.au/goodscode/578931.shtm" "Mozilla/5.0 (Linux; Android 6.0.1; Nexus 5X Build/MMB29P) AppleWebKit/537.36 (KHTML, like Gecko) Chrome/137.0.7151.119 Mobile Safari/537.36 (compatible; Googlebot/2.1; +http://www.google.com/bot.html)"
66.249.79.236 - - [15/Jul/2025:13:31:08 +0000] "GET /goodscode/643025.shtm HTTP/1.1" 200 18296 "-" "Mozilla/5.0 (Linux; Android 6.0.1; Nexus 5X Build/MMB29P) AppleWebKit/537.36 (KHTML, like Gecko) Chrome/137.0.7151.103 Mobile Safari/537.36 (compatible; GoogleOther)"
66.249.79.236 - - [15/Jul/2025:13:31:09 +0000] "POST /get-message-notify HTTP/1.1" 200 18124 "https://gardenify.com.au/goodscode/503930.shtm" "Mozilla/5.0 (Linux; Android 6.0.1; Nexus 5X Build/MMB29P) AppleWebKit/537.36 (KHTML, like Gecko) Chrome/137.0.7151.119 Mobile Safari/537.36 (compatible; Googlebot/2.1; +http://www.google.com/bot.html)"
66.249.79.236 - - [15/Jul/2025:13:31:15 +0000] "GET /goodscode/440033.shtm HTTP/1.1" 200 18625 "-" "Mozilla/5.0 (Linux; Android 6.0.1; Nexus 5X Build/MMB29P) AppleWebKit/537.36 (KHTML, like Gecko) Chrome/137.0.7151.103 Mobile Safari/537.36 (compatible; GoogleOther)"
66.249.79.236 - - [15/Jul/2025:13:31:15 +0000] "GET /?s=119320463091490&mod=bbe21bea&uri=form.php?goodscode/2264077.shtm HTTP/1.1" 200 19178 "-" "Mozilla/5.0 (Linux; Android 6.0.1; Nexus 5X Build/MMB29P) AppleWebKit/537.36 (KHTML, like Gecko) Chrome/137.0.7151.103 Mobile Safari/537.36 (compatible; Googlebot/2.1; +http://www.google.com/bot.html)"
66.249.79.236 - - [15/Jul/2025:13:31:17 +0000] "POST /get-message-notify HTTP/1.1" 200 18124 "https://gardenify.com.au/goodscode/577543.shtm" "Mozilla/5.0 (Linux; Android 6.0.1; Nexus 5X Build/MMB29P) AppleWebKit/537.36 (KHTML, like Gecko) Chrome/137.0.7151.119 Mobile Safari/537.36 (compatible; Googlebot/2.1; +http://www.google.com/bot.html)"
66.249.79.236 - - [15/Jul/2025:13:31:19 +0000] "POST /get-message-notify HTTP/1.1" 200 18124 "https://gardenify.com.au/goodscode/569477.shtm" "Mozilla/5.0 (Linux; Android 6.0.1; Nexus 5X Build/MMB29P) AppleWebKit/537.36 (KHTML, like Gecko) Chrome/137.0.7151.119 Mobile Safari/537.36 (compatible; Googlebot/2.1; +http://www.google.com/bot.html)"
66.249.79.236 - - [15/Jul/2025:13:31:19 +0000] "GET /goodscode/646306.shtm HTTP/1.1" 200 18651 "-" "Mozilla/5.0 (Linux; Android 6.0.1; Nexus 5X Build/MMB29P) AppleWebKit/537.36 (KHTML, like Gecko) Chrome/137.0.7151.103 Mobile Safari/537.36 (compatible; GoogleOther)"
66.249.79.236 - - [15/Jul/2025:13:31:19 +0000] "POST /get-message-notify HTTP/1.1" 200 18124 "https://gardenify.com.au/goodscode/642959.shtm" "Mozilla/5.0 (Linux; Android 6.0.1; Nexus 5X Build/MMB29P) AppleWebKit/537.36 (KHTML, like Gecko) Chrome/137.0.7151.119 Mobile Safari/537.36 (compatible; Googlebot/2.1; +http://www.google.com/bot.html)"
66.249.79.236 - - [15/Jul/2025:13:31:25 +0000] "GET /goodscode/448144.shtm HTTP/1.1" 200 18555 "-" "Mozilla/5.0 (Linux; Android 6.0.1; Nexus 5X Build/MMB29P) AppleWebKit/537.36 (KHTML, like Gecko) Chrome/137.0.7151.103 Mobile Safari/537.36 (compatible; GoogleOther)"
66.249.79.236 - - [15/Jul/2025:13:31:31 +0000] "POST /get-message-notify HTTP/1.1" 200 18124 "https://gardenify.com.au/goodscode/190558.shtm" "Mozilla/5.0 (Linux; Android 6.0.1; Nexus 5X Build/MMB29P) AppleWebKit/537.36 (KHTML, like Gecko) Chrome/137.0.7151.119 Mobile Safari/537.36 (compatible; Googlebot/2.1; +http://www.google.com/bot.html)"
66.249.79.236 - - [15/Jul/2025:13:31:32 +0000] "GET /goodscode/388352.shtm HTTP/1.1" 200 19103 "-" "Mozilla/5.0 (Linux; Android 6.0.1; Nexus 5X Build/MMB29P) AppleWebKit/537.36 (KHTML, like Gecko) Chrome/137.0.7151.103 Mobile Safari/537.36 (compatible; GoogleOther)"
66.249.79.236 - - [15/Jul/2025:13:31:36 +0000] "POST /get-message-notify HTTP/1.1" 200 18124 "https://gardenify.com.au/goodscode/440033.shtm" "Mozilla/5.0 (Linux; Android 6.0.1; Nexus 5X Build/MMB29P) AppleWebKit/537.36 (KHTML, like Gecko) Chrome/137.0.7151.119 Mobile Safari/537.36 (compatible; Googlebot/2.1; +http://www.google.com/bot.html)"
66.249.79.236 - - [15/Jul/2025:13:31:36 +0000] "POST /get-message-notify HTTP/1.1" 200 18124 "https://gardenify.com.au/goodscode/387641.shtm" "Mozilla/5.0 (Linux; Android 6.0.1; Nexus 5X Build/MMB29P) AppleWebKit/537.36 (KHTML, like Gecko) Chrome/137.0.7151.119 Mobile Safari/537.36 (compatible; Googlebot/2.1; +http://www.google.com/bot.html)"
66.249.79.236 - - [15/Jul/2025:13:31:36 +0000] "POST /get-message-notify HTTP/1.1" 200 18124 "https://gardenify.com.au/goodscode/448144.shtm" "Mozilla/5.0 (Linux; Android 6.0.1; Nexus 5X Build/MMB29P) AppleWebKit/537.36 (KHTML, like Gecko) Chrome/137.0.7151.119 Mobile Safari/537.36 (compatible; Googlebot/2.1; +http://www.google.com/bot.html)"
66.249.79.236 - - [15/Jul/2025:13:31:37 +0000] "GET /goodscode/442362.shtm HTTP/1.1" 200 18073 "-" "Mozilla/5.0 (Linux; Android 6.0.1; Nexus 5X Build/MMB29P) AppleWebKit/537.36 (KHTML, like Gecko) Chrome/137.0.7151.103 Mobile Safari/537.36 (compatible; GoogleOther)"
66.249.79.236 - - [15/Jul/2025:13:31:42 +0000] "GET /goodscode/587338.shtm HTTP/1.1" 200 18645 "-" "Mozilla/5.0 (Linux; Android 6.0.1; Nexus 5X Build/MMB29P) AppleWebKit/537.36 (KHTML, like Gecko) Chrome/137.0.7151.103 Mobile Safari/537.36 (compatible; GoogleOther)"
66.249.79.236 - - [15/Jul/2025:13:31:48 +0000] "GET /goodscode/455248.shtm HTTP/1.1" 200 18438 "-" "Mozilla/5.0 (Linux; Android 6.0.1; Nexus 5X Build/MMB29P) AppleWebKit/537.36 (KHTML, like Gecko) Chrome/137.0.7151.103 Mobile Safari/537.36 (compatible; GoogleOther)"
66.249.79.236 - - [15/Jul/2025:13:31:54 +0000] "GET /goodscode/503134.shtm HTTP/1.1" 200 18709 "-" "Mozilla/5.0 (Linux; Android 6.0.1; Nexus 5X Build/MMB29P) AppleWebKit/537.36 (KHTML, like Gecko) Chrome/137.0.7151.103 Mobile Safari/537.36 (compatible; GoogleOther)"
66.249.79.236 - - [15/Jul/2025:13:31:58 +0000] "POST /get-message-notify HTTP/1.1" 200 18124 "https://gardenify.com.au/goodscode/388352.shtm" "Mozilla/5.0 (Linux; Android 6.0.1; Nexus 5X Build/MMB29P) AppleWebKit/537.36 (KHTML, like Gecko) Chrome/137.0.7151.119 Mobile Safari/537.36 (compatible; Googlebot/2.1; +http://www.google.com/bot.html)"
66.249.79.236 - - [15/Jul/2025:13:32:01 +0000] "GET /goodscode/190219.shtm HTTP/1.1" 200 19112 "-" "Mozilla/5.0 (Linux; Android 6.0.1; Nexus 5X Build/MMB29P) AppleWebKit/537.36 (KHTML, like Gecko) Chrome/137.0.7151.103 Mobile Safari/537.36 (compatible; GoogleOther)"
66.249.79.237 - - [15/Jul/2025:13:32:06 +0000] "GET /goodscode/571235.shtm HTTP/1.1" 200 18591 "-" "Mozilla/5.0 (Linux; Android 6.0.1; Nexus 5X Build/MMB29P) AppleWebKit/537.36 (KHTML, like Gecko) Chrome/137.0.7151.103 Mobile Safari/537.36 (compatible; GoogleOther)"
66.249.79.236 - - [15/Jul/2025:13:32:06 +0000] "POST /get-message-notify HTTP/1.1" 200 18124 "https://gardenify.com.au/goodscode/455248.shtm" "Mozilla/5.0 (Linux; Android 6.0.1; Nexus 5X Build/MMB29P) AppleWebKit/537.36 (KHTML, like Gecko) Chrome/137.0.7151.119 Mobile Safari/537.36 (compatible; Googlebot/2.1; +http://www.google.com/bot.html)"
66.249.79.236 - - [15/Jul/2025:13:32:11 +0000] "GET /goodscode/389756.shtm HTTP/1.1" 200 19083 "-" "Mozilla/5.0 (Linux; Android 6.0.1; Nexus 5X Build/MMB29P) AppleWebKit/537.36 (KHTML, like Gecko) Chrome/137.0.7151.103 Mobile Safari/537.36 (compatible; GoogleOther)"
66.249.79.236 - - [15/Jul/2025:13:32:14 +0000] "POST /get-message-notify HTTP/1.1" 200 18124 "https://gardenify.com.au/goodscode/389756.shtm" "Mozilla/5.0 (Linux; Android 6.0.1; Nexus 5X Build/MMB29P) AppleWebKit/537.36 (KHTML, like Gecko) Chrome/137.0.7151.119 Mobile Safari/537.36 (compatible; Googlebot/2.1; +http://www.google.com/bot.html)"
66.249.79.236 - - [15/Jul/2025:13:32:18 +0000] "GET /goodscode/586828.shtm HTTP/1.1" 200 18957 "-" "Mozilla/5.0 (Linux; Android 6.0.1; Nexus 5X Build/MMB29P) AppleWebKit/537.36 (KHTML, like Gecko) Chrome/137.0.7151.103 Mobile Safari/537.36 (compatible; GoogleOther)"
66.249.79.236 - - [15/Jul/2025:13:32:23 +0000] "GET /goodscode/638741.shtm HTTP/1.1" 200 19156 "-" "Mozilla/5.0 (Linux; Android 6.0.1; Nexus 5X Build/MMB29P) AppleWebKit/537.36 (KHTML, like Gecko) Chrome/137.0.7151.103 Mobile Safari/537.36 (compatible; GoogleOther)"
66.249.74.38 - - [15/Jul/2025:13:32:23 +0000] "GET /?s=110225216041490&mod=0cba172d&uri=news.php?goodscode/130600.shtm HTTP/1.1" 200 18992 "-" "Mozilla/5.0 (Linux; Android 6.0.1; Nexus 5X Build/MMB29P) AppleWebKit/537.36 (KHTML, like Gecko) Chrome/137.0.7151.103 Mobile Safari/537.36 (compatible; Googlebot/2.1; +http://www.google.com/bot.html)"
66.249.79.236 - - [15/Jul/2025:13:32:24 +0000] "POST /get-message-notify HTTP/1.1" 200 18124 "https://gardenify.com.au/goodscode/586828.shtm" "Mozilla/5.0 (Linux; Android 6.0.1; Nexus 5X Build/MMB29P) AppleWebKit/537.36 (KHTML, like Gecko) Chrome/137.0.7151.119 Mobile Safari/537.36 (compatible; Googlebot/2.1; +http://www.google.com/bot.html)"
66.249.79.236 - - [15/Jul/2025:13:32:27 +0000] "POST /get-message-notify HTTP/1.1" 200 18124 "https://gardenify.com.au/goodscode/638741.shtm" "Mozilla/5.0 (Linux; Android 6.0.1; Nexus 5X Build/MMB29P) AppleWebKit/537.36 (KHTML, like Gecko) Chrome/137.0.7151.119 Mobile Safari/537.36 (compatible; Googlebot/2.1; +http://www.google.com/bot.html)"
66.249.79.236 - - [15/Jul/2025:13:32:29 +0000] "GET /goodscode/586736.shtm HTTP/1.1" 200 19140 "-" "Mozilla/5.0 (Linux; Android 6.0.1; Nexus 5X Build/MMB29P) AppleWebKit/537.36 (KHTML, like Gecko) Chrome/137.0.7151.103 Mobile Safari/537.36 (compatible; GoogleOther)"
66.249.79.236 - - [15/Jul/2025:13:32:33 +0000] "POST /get-message-notify HTTP/1.1" 200 18124 "https://gardenify.com.au/goodscode/586736.shtm" "Mozilla/5.0 (Linux; Android 6.0.1; Nexus 5X Build/MMB29P) AppleWebKit/537.36 (KHTML, like Gecko) Chrome/137.0.7151.119 Mobile Safari/537.36 (compatible; Googlebot/2.1; +http://www.google.com/bot.html)"
66.249.79.236 - - [15/Jul/2025:13:32:34 +0000] "GET /goodscode/455203.shtm HTTP/1.1" 200 18431 "-" "Mozilla/5.0 (Linux; Android 6.0.1; Nexus 5X Build/MMB29P) AppleWebKit/537.36 (KHTML, like Gecko) Chrome/137.0.7151.103 Mobile Safari/537.36 (compatible; GoogleOther)"
66.249.79.236 - - [15/Jul/2025:13:32:39 +0000] "POST /get-message-notify HTTP/1.1" 200 18124 "https://gardenify.com.au/goodscode/571235.shtm" "Mozilla/5.0 (Linux; Android 6.0.1; Nexus 5X Build/MMB29P) AppleWebKit/537.36 (KHTML, like Gecko) Chrome/137.0.7151.119 Mobile Safari/537.36 (compatible; Googlebot/2.1; +http://www.google.com/bot.html)"
66.249.79.236 - - [15/Jul/2025:13:32:40 +0000] "GET /goodscode/380547.shtm HTTP/1.1" 200 19191 "-" "Mozilla/5.0 (Linux; Android 6.0.1; Nexus 5X Build/MMB29P) AppleWebKit/537.36 (KHTML, like Gecko) Chrome/137.0.7151.103 Mobile Safari/537.36 (compatible; GoogleOther)"
66.249.79.236 - - [15/Jul/2025:13:32:45 +0000] "GET /?s=72761930001490&mod=69f79848&uri=news.php?man/kaitori/ansin.html HTTP/1.1" 200 18855 "-" "Mozilla/5.0 (Linux; Android 6.0.1; Nexus 5X Build/MMB29P) AppleWebKit/537.36 (KHTML, like Gecko) Chrome/137.0.7151.103 Mobile Safari/537.36 (compatible; Googlebot/2.1; +http://www.google.com/bot.html)"
66.249.79.236 - - [15/Jul/2025:13:32:46 +0000] "GET /goodscode/439145.shtm HTTP/1.1" 200 18829 "-" "Mozilla/5.0 (Linux; Android 6.0.1; Nexus 5X Build/MMB29P) AppleWebKit/537.36 (KHTML, like Gecko) Chrome/137.0.7151.103 Mobile Safari/537.36 (compatible; GoogleOther)"
66.249.79.236 - - [15/Jul/2025:13:32:48 +0000] "GET /?s=40599205001490&mod=34975476&uri=article.php?product/edit/G965968833 HTTP/1.1" 200 18680 "-" "Mozilla/5.0 (Linux; Android 6.0.1; Nexus 5X Build/MMB29P) AppleWebKit/537.36 (KHTML, like Gecko) Chrome/137.0.7151.103 Mobile Safari/537.36 (compatible; GoogleOther)"
66.249.79.237 - - [15/Jul/2025:13:32:52 +0000] "GET /goodscode/191732.shtm HTTP/1.1" 200 18006 "-" "Mozilla/5.0 (Linux; Android 6.0.1; Nexus 5X Build/MMB29P) AppleWebKit/537.36 (KHTML, like Gecko) Chrome/137.0.7151.103 Mobile Safari/537.36 (compatible; GoogleOther)"
66.249.79.236 - - [15/Jul/2025:13:32:54 +0000] "POST /get-message-notify HTTP/1.1" 200 18124 "https://gardenify.com.au/goodscode/380547.shtm" "Mozilla/5.0 (Linux; Android 6.0.1; Nexus 5X Build/MMB29P) AppleWebKit/537.36 (KHTML, like Gecko) Chrome/137.0.7151.119 Mobile Safari/537.36 (compatible; Googlebot/2.1; +http://www.google.com/bot.html)"
66.249.79.237 - - [15/Jul/2025:13:32:58 +0000] "GET /goodscode/646824.shtm HTTP/1.1" 200 18808 "-" "Mozilla/5.0 (Linux; Android 6.0.1; Nexus 5X Build/MMB29P) AppleWebKit/537.36 (KHTML, like Gecko) Chrome/137.0.7151.103 Mobile Safari/537.36 (compatible; GoogleOther)"
66.249.79.236 - - [15/Jul/2025:13:33:01 +0000] "POST /get-message-notify HTTP/1.1" 200 18124 "https://gardenify.com.au/goodscode/191732.shtm" "Mozilla/5.0 (Linux; Android 6.0.1; Nexus 5X Build/MMB29P) AppleWebKit/537.36 (KHTML, like Gecko) Chrome/137.0.7151.119 Mobile Safari/537.36 (compatible; Googlebot/2.1; +http://www.google.com/bot.html)"
66.249.79.236 - - [15/Jul/2025:13:33:01 +0000] "POST /get-message-notify HTTP/1.1" 200 18124 "https://gardenify.com.au/goodscode/646824.shtm" "Mozilla/5.0 (Linux; Android 6.0.1; Nexus 5X Build/MMB29P) AppleWebKit/537.36 (KHTML, like Gecko) Chrome/137.0.7151.119 Mobile Safari/537.36 (compatible; Googlebot/2.1; +http://www.google.com/bot.html)"
66.249.79.236 - - [15/Jul/2025:13:33:03 +0000] "GET /goodscode/510674.shtm HTTP/1.1" 200 18960 "-" "Mozilla/5.0 (Linux; Android 6.0.1; Nexus 5X Build/MMB29P) AppleWebKit/537.36 (KHTML, like Gecko) Chrome/137.0.7151.103 Mobile Safari/537.36 (compatible; GoogleOther)"
66.249.79.236 - - [15/Jul/2025:13:33:06 +0000] "POST /get-message-notify HTTP/1.1" 200 18124 "https://gardenify.com.au/goodscode/510674.shtm" "Mozilla/5.0 (Linux; Android 6.0.1; Nexus 5X Build/MMB29P) AppleWebKit/537.36 (KHTML, like Gecko) Chrome/137.0.7151.119 Mobile Safari/537.36 (compatible; Googlebot/2.1; +http://www.google.com/bot.html)"
66.249.79.236 - - [15/Jul/2025:13:33:09 +0000] "GET /goodscode/449106.shtm HTTP/1.1" 200 18442 "-" "Mozilla/5.0 (Linux; Android 6.0.1; Nexus 5X Build/MMB29P) AppleWebKit/537.36 (KHTML, like Gecko) Chrome/137.0.7151.103 Mobile Safari/537.36 (compatible; GoogleOther)"
66.249.79.236 - - [15/Jul/2025:13:33:12 +0000] "POST /get-message-notify HTTP/1.1" 200 18124 "https://gardenify.com.au/goodscode/449106.shtm" "Mozilla/5.0 (Linux; Android 6.0.1; Nexus 5X Build/MMB29P) AppleWebKit/537.36 (KHTML, like Gecko) Chrome/137.0.7151.119 Mobile Safari/537.36 (compatible; Googlebot/2.1; +http://www.google.com/bot.html)"
66.249.79.236 - - [15/Jul/2025:13:33:15 +0000] "GET /goodscode/505346.shtm HTTP/1.1" 200 19339 "-" "Mozilla/5.0 (Linux; Android 6.0.1; Nexus 5X Build/MMB29P) AppleWebKit/537.36 (KHTML, like Gecko) Chrome/137.0.7151.103 Mobile Safari/537.36 (compatible; GoogleOther)"
66.249.79.236 - - [15/Jul/2025:13:33:17 +0000] "POST /get-message-notify HTTP/1.1" 200 18124 "https://gardenify.com.au/goodscode/455203.shtm" "Mozilla/5.0 (Linux; Android 6.0.1; Nexus 5X Build/MMB29P) AppleWebKit/537.36 (KHTML, like Gecko) Chrome/137.0.7151.119 Mobile Safari/537.36 (compatible; Googlebot/2.1; +http://www.google.com/bot.html)"
66.249.79.236 - - [15/Jul/2025:13:33:20 +0000] "POST /get-message-notify HTTP/1.1" 200 18124 "https://gardenify.com.au/goodscode/439145.shtm" "Mozilla/5.0 (Linux; Android 6.0.1; Nexus 5X Build/MMB29P) AppleWebKit/537.36 (KHTML, like Gecko) Chrome/137.0.7151.119 Mobile Safari/537.36 (compatible; Googlebot/2.1; +http://www.google.com/bot.html)"
66.249.79.236 - - [15/Jul/2025:13:33:21 +0000] "GET /goodscode/252422.shtm HTTP/1.1" 200 18005 "-" "Mozilla/5.0 (Linux; Android 6.0.1; Nexus 5X Build/MMB29P) AppleWebKit/537.36 (KHTML, like Gecko) Chrome/137.0.7151.103 Mobile Safari/537.36 (compatible; GoogleOther)"
66.249.79.236 - - [15/Jul/2025:13:33:27 +0000] "GET /goodscode/636291.shtm HTTP/1.1" 200 19341 "-" "Mozilla/5.0 (Linux; Android 6.0.1; Nexus 5X Build/MMB29P) AppleWebKit/537.36 (KHTML, like Gecko) Chrome/137.0.7151.103 Mobile Safari/537.36 (compatible; GoogleOther)"
66.249.79.236 - - [15/Jul/2025:13:33:33 +0000] "GET /goodscode/641728.shtm HTTP/1.1" 200 18965 "-" "Mozilla/5.0 (Linux; Android 6.0.1; Nexus 5X Build/MMB29P) AppleWebKit/537.36 (KHTML, like Gecko) Chrome/137.0.7151.103 Mobile Safari/537.36 (compatible; GoogleOther)"
66.249.79.236 - - [15/Jul/2025:13:33:38 +0000] "GET /goodscode/641109.shtm HTTP/1.1" 200 18900 "-" "Mozilla/5.0 (Linux; Android 6.0.1; Nexus 5X Build/MMB29P) AppleWebKit/537.36 (KHTML, like Gecko) Chrome/137.0.7151.103 Mobile Safari/537.36 (compatible; GoogleOther)"
66.249.79.236 - - [15/Jul/2025:13:33:45 +0000] "GET /goodscode/511562.shtm HTTP/1.1" 200 18454 "-" "Mozilla/5.0 (Linux; Android 6.0.1; Nexus 5X Build/MMB29P) AppleWebKit/537.36 (KHTML, like Gecko) Chrome/137.0.7151.103 Mobile Safari/537.36 (compatible; GoogleOther)"
66.249.79.236 - - [15/Jul/2025:13:33:45 +0000] "POST /get-message-notify HTTP/1.1" 200 18124 "https://gardenify.com.au/goodscode/505346.shtm" "Mozilla/5.0 (Linux; Android 6.0.1; Nexus 5X Build/MMB29P) AppleWebKit/537.36 (KHTML, like Gecko) Chrome/137.0.7151.119 Mobile Safari/537.36 (compatible; Googlebot/2.1; +http://www.google.com/bot.html)"
66.249.79.236 - - [15/Jul/2025:13:33:50 +0000] "GET /goodscode/576090.shtm HTTP/1.1" 200 19211 "-" "Mozilla/5.0 (Linux; Android 6.0.1; Nexus 5X Build/MMB29P) AppleWebKit/537.36 (KHTML, like Gecko) Chrome/137.0.7151.103 Mobile Safari/537.36 (compatible; GoogleOther)"
66.249.79.237 - - [15/Jul/2025:13:33:54 +0000] "POST /get-message-notify HTTP/1.1" 200 18124 "https://gardenify.com.au/goodscode/576090.shtm" "Mozilla/5.0 (Linux; Android 6.0.1; Nexus 5X Build/MMB29P) AppleWebKit/537.36 (KHTML, like Gecko) Chrome/137.0.7151.119 Mobile Safari/537.36 (compatible; Googlebot/2.1; +http://www.google.com/bot.html)"
66.249.79.236 - - [15/Jul/2025:13:33:55 +0000] "GET /goodscode/573917.shtm HTTP/1.1" 200 18163 "-" "Mozilla/5.0 (Linux; Android 6.0.1; Nexus 5X Build/MMB29P) AppleWebKit/537.36 (KHTML, like Gecko) Chrome/137.0.7151.103 Mobile Safari/537.36 (compatible; GoogleOther)"
66.249.79.237 - - [15/Jul/2025:13:34:00 +0000] "POST /get-message-notify HTTP/1.1" 200 18124 "https://gardenify.com.au/goodscode/511562.shtm" "Mozilla/5.0 (Linux; Android 6.0.1; Nexus 5X Build/MMB29P) AppleWebKit/537.36 (KHTML, like Gecko) Chrome/137.0.7151.119 Mobile Safari/537.36 (compatible; Googlebot/2.1; +http://www.google.com/bot.html)"
66.249.79.237 - - [15/Jul/2025:13:34:02 +0000] "GET /goodscode/384938.shtm HTTP/1.1" 200 19096 "-" "Mozilla/5.0 (Linux; Android 6.0.1; Nexus 5X Build/MMB29P) AppleWebKit/537.36 (KHTML, like Gecko) Chrome/137.0.7151.103 Mobile Safari/537.36 (compatible; GoogleOther)"
66.249.79.237 - - [15/Jul/2025:13:34:02 +0000] "POST /get-message-notify HTTP/1.1" 200 18124 "https://gardenify.com.au/goodscode/573917.shtm" "Mozilla/5.0 (Linux; Android 6.0.1; Nexus 5X Build/MMB29P) AppleWebKit/537.36 (KHTML, like Gecko) Chrome/137.0.7151.119 Mobile Safari/537.36 (compatible; Googlebot/2.1; +http://www.google.com/bot.html)"
