66.249.79.236 - - [14/Jul/2025:12:55:05 +0000] "GET /?s=79601514031490&mod=c7e6d11d&uri=article.php?pcsp.html HTTP/1.1" 200 19312 "-" "Mozilla/5.0 (Linux; Android 6.0.1; Nexus 5X Build/MMB29P) AppleWebKit/537.36 (KHTML, like Gecko) Chrome/137.0.7151.103 Mobile Safari/537.36 (compatible; Googlebot/2.1; +http://www.google.com/bot.html)"
216.73.216.45 - - [14/Jul/2025:12:55:06 +0000] "GET /goodscode/9910489.shtm HTTP/1.1" 404 11742 "-" "Mozilla/5.0 AppleWebKit/537.36 (KHTML, like Gecko; compatible; ClaudeBot/1.0; [email protected])"
89.161.253.251 - - [14/Jul/2025:12:55:07 +0000] "GET /wp-login.php HTTP/1.1" 200 2013 "-" "Mozilla/5.0 (Windows NT 10.0; Win64; x64) AppleWebKit/537.36 (KHTML, like Gecko) Chrome/130.0.0.0 Safari/537.36"
89.161.253.251 - - [14/Jul/2025:12:55:08 +0000] "POST /wp-login.php HTTP/1.1" 200 2133 "https://gardenify.com.au/wp-login.php" "Mozilla/5.0 (Windows NT 10.0; Win64; x64) AppleWebKit/537.36 (KHTML, like Gecko) Chrome/130.0.0.0 Safari/537.36"
216.73.216.45 - - [14/Jul/2025:12:55:09 +0000] "GET /goodscode/9891545.shtm HTTP/1.1" 404 11742 "-" "Mozilla/5.0 AppleWebKit/537.36 (KHTML, like Gecko; compatible; ClaudeBot/1.0; [email protected])"
72.167.54.59 - - [14/Jul/2025:12:55:09 +0000] "GET /wp-login.php HTTP/1.1" 200 2013 "-" "Mozilla/5.0 (Windows NT 10.0; Win64; x64) AppleWebKit/537.36 (KHTML, like Gecko) Chrome/130.0.0.0 Safari/537.36"
72.167.54.59 - - [14/Jul/2025:12:55:09 +0000] "POST /wp-login.php HTTP/1.1" 200 2133 "https://gardenify.com.au/wp-login.php" "Mozilla/5.0 (Windows NT 10.0; Win64; x64) AppleWebKit/537.36 (KHTML, like Gecko) Chrome/130.0.0.0 Safari/537.36"
103.213.9.46 - - [14/Jul/2025:12:55:18 +0000] "GET /wp-login.php HTTP/1.1" 200 2013 "-" "Mozilla/5.0 (Windows NT 10.0; Win64; x64) AppleWebKit/537.36 (KHTML, like Gecko) Chrome/130.0.0.0 Safari/537.36"
103.213.9.46 - - [14/Jul/2025:12:55:19 +0000] "POST /wp-login.php HTTP/1.1" 200 2133 "https://gardenify.com.au/wp-login.php" "Mozilla/5.0 (Windows NT 10.0; Win64; x64) AppleWebKit/537.36 (KHTML, like Gecko) Chrome/130.0.0.0 Safari/537.36"
66.249.79.237 - - [14/Jul/2025:12:55:22 +0000] "GET /?s=79601514031490&mod=c7e6d11d&uri=article.php?goodscode/66304.shtm HTTP/1.1" 200 18928 "-" "Mozilla/5.0 (Linux; Android 6.0.1; Nexus 5X Build/MMB29P) AppleWebKit/537.36 (KHTML, like Gecko) Chrome/137.0.7151.103 Mobile Safari/537.36 (compatible; Googlebot/2.1; +http://www.google.com/bot.html)"
51.79.187.7 - - [14/Jul/2025:12:55:24 +0000] "GET /wp-login.php HTTP/1.1" 200 2013 "-" "Mozilla/5.0 (Windows NT 10.0; Win64; x64) AppleWebKit/537.36 (KHTML, like Gecko) Chrome/130.0.0.0 Safari/537.36"
51.79.187.7 - - [14/Jul/2025:12:55:25 +0000] "POST /wp-login.php HTTP/1.1" 200 2159 "https://gardenify.com.au/wp-login.php" "Mozilla/5.0 (Windows NT 10.0; Win64; x64) AppleWebKit/537.36 (KHTML, like Gecko) Chrome/130.0.0.0 Safari/537.36"
66.249.79.236 - - [14/Jul/2025:12:55:28 +0000] "POST /get-message-notify HTTP/1.1" 200 18123 "https://gardenify.com.au/?s=79601514031490&mod=c7e6d11d&uri=article.php?goodscode/66304.shtm" "Mozilla/5.0 (Linux; Android 6.0.1; Nexus 5X Build/MMB29P) AppleWebKit/537.36 (KHTML, like Gecko) Chrome/137.0.7151.119 Mobile Safari/537.36 (compatible; Googlebot/2.1; +http://www.google.com/bot.html)"
198.12.234.16 - - [14/Jul/2025:12:55:31 +0000] "GET /wp-login.php HTTP/1.1" 200 2013 "-" "Mozilla/5.0 (Windows NT 10.0; Win64; x64) AppleWebKit/537.36 (KHTML, like Gecko) Chrome/130.0.0.0 Safari/537.36"
198.12.234.16 - - [14/Jul/2025:12:55:31 +0000] "POST /wp-login.php HTTP/1.1" 200 2133 "https://gardenify.com.au/wp-login.php" "Mozilla/5.0 (Windows NT 10.0; Win64; x64) AppleWebKit/537.36 (KHTML, like Gecko) Chrome/130.0.0.0 Safari/537.36"
66.249.79.236 - - [14/Jul/2025:12:55:32 +0000] "GET /?s=79601514031490&mod=c7e6d11d&uri=article.php?goodscode/65258.shtm HTTP/1.1" 200 19267 "-" "Mozilla/5.0 (Linux; Android 6.0.1; Nexus 5X Build/MMB29P) AppleWebKit/537.36 (KHTML, like Gecko) Chrome/137.0.7151.103 Mobile Safari/537.36 (compatible; Googlebot/2.1; +http://www.google.com/bot.html)"
162.241.61.135 - - [14/Jul/2025:12:55:33 +0000] "GET /wp-login.php HTTP/1.1" 200 2013 "-" "Mozilla/5.0 (Windows NT 10.0; Win64; x64) AppleWebKit/537.36 (KHTML, like Gecko) Chrome/130.0.0.0 Safari/537.36"
162.241.61.135 - - [14/Jul/2025:12:55:33 +0000] "POST /wp-login.php HTTP/1.1" 200 2133 "https://gardenify.com.au/wp-login.php" "Mozilla/5.0 (Windows NT 10.0; Win64; x64) AppleWebKit/537.36 (KHTML, like Gecko) Chrome/130.0.0.0 Safari/537.36"
69.163.182.169 - - [14/Jul/2025:12:55:40 +0000] "GET /wp-login.php HTTP/1.1" 200 2013 "-" "Mozilla/5.0 (Windows NT 10.0; Win64; x64) AppleWebKit/537.36 (KHTML, like Gecko) Chrome/130.0.0.0 Safari/537.36"
69.163.182.169 - - [14/Jul/2025:12:55:40 +0000] "POST /wp-login.php HTTP/1.1" 200 2133 "https://gardenify.com.au/wp-login.php" "Mozilla/5.0 (Windows NT 10.0; Win64; x64) AppleWebKit/537.36 (KHTML, like Gecko) Chrome/130.0.0.0 Safari/537.36"
85.128.143.46 - - [14/Jul/2025:12:55:42 +0000] "GET /wp-login.php HTTP/1.1" 200 2013 "-" "Mozilla/5.0 (Windows NT 10.0; Win64; x64) AppleWebKit/537.36 (KHTML, like Gecko) Chrome/130.0.0.0 Safari/537.36"
85.128.143.46 - - [14/Jul/2025:12:55:42 +0000] "POST /wp-login.php HTTP/1.1" 200 2133 "https://gardenify.com.au/wp-login.php" "Mozilla/5.0 (Windows NT 10.0; Win64; x64) AppleWebKit/537.36 (KHTML, like Gecko) Chrome/130.0.0.0 Safari/537.36"
66.249.79.236 - - [14/Jul/2025:12:55:43 +0000] "GET /?s=80970546031490&mod=178b79d3&uri=goods.php?goodscode/2074820.shtm HTTP/1.1" 200 18470 "-" "Mozilla/5.0 (Linux; Android 6.0.1; Nexus 5X Build/MMB29P) AppleWebKit/537.36 (KHTML, like Gecko) Chrome/137.0.7151.103 Mobile Safari/537.36 (compatible; Googlebot/2.1; +http://www.google.com/bot.html)"
92.205.172.242 - - [14/Jul/2025:12:55:44 +0000] "GET /wp-login.php HTTP/1.1" 200 2013 "-" "Mozilla/5.0 (Windows NT 10.0; Win64; x64) AppleWebKit/537.36 (KHTML, like Gecko) Chrome/130.0.0.0 Safari/537.36"
92.205.172.242 - - [14/Jul/2025:12:55:44 +0000] "POST /wp-login.php HTTP/1.1" 200 2133 "https://gardenify.com.au/wp-login.php" "Mozilla/5.0 (Windows NT 10.0; Win64; x64) AppleWebKit/537.36 (KHTML, like Gecko) Chrome/130.0.0.0 Safari/537.36"
90.158.160.18 - - [14/Jul/2025:12:55:46 +0000] "GET /wp-login.php HTTP/1.1" 200 2013 "-" "Mozilla/5.0 (Windows NT 10.0; Win64; x64) AppleWebKit/537.36 (KHTML, like Gecko) Chrome/130.0.0.0 Safari/537.36"
90.158.160.18 - - [14/Jul/2025:12:55:46 +0000] "POST /wp-login.php HTTP/1.1" 200 2133 "https://gardenify.com.au/wp-login.php" "Mozilla/5.0 (Windows NT 10.0; Win64; x64) AppleWebKit/537.36 (KHTML, like Gecko) Chrome/130.0.0.0 Safari/537.36"
162.241.203.27 - - [14/Jul/2025:12:55:49 +0000] "GET /wp-login.php HTTP/1.1" 200 2013 "-" "Mozilla/5.0 (Windows NT 10.0; Win64; x64) AppleWebKit/537.36 (KHTML, like Gecko) Chrome/130.0.0.0 Safari/537.36"
162.241.203.27 - - [14/Jul/2025:12:55:49 +0000] "POST /wp-login.php HTTP/1.1" 200 2133 "https://gardenify.com.au/wp-login.php" "Mozilla/5.0 (Windows NT 10.0; Win64; x64) AppleWebKit/537.36 (KHTML, like Gecko) Chrome/130.0.0.0 Safari/537.36"
209.74.77.214 - - [14/Jul/2025:12:55:51 +0000] "POST /wp-cron.php?doing_wp_cron=1752497751.4521799087524414062500 HTTP/1.1" 200 - "-" "WordPress/6.8.1; https://gardenify.com.au"
50.87.248.20 - - [14/Jul/2025:12:55:51 +0000] "GET /wp-login.php HTTP/1.1" 200 2013 "-" "Mozilla/5.0 (Windows NT 10.0; Win64; x64) AppleWebKit/537.36 (KHTML, like Gecko) Chrome/130.0.0.0 Safari/537.36"
66.249.79.236 - - [14/Jul/2025:12:55:51 +0000] "GET /?s=79601514031490&mod=c7e6d11d&uri=article.php?goodscode/67895.shtm HTTP/1.1" 200 19428 "-" "Mozilla/5.0 (Linux; Android 6.0.1; Nexus 5X Build/MMB29P) AppleWebKit/537.36 (KHTML, like Gecko) Chrome/137.0.7151.103 Mobile Safari/537.36 (compatible; Googlebot/2.1; +http://www.google.com/bot.html)"
209.74.77.214 - - [14/Jul/2025:12:55:51 +0000] "POST /wp-admin/admin-ajax.php?action=async_litespeed&nonce=iCq5Dy7S1M9FVgFc3oIG5mpBj8bwrFgj&litespeed_type=imgoptm HTTP/1.1" 200 21 "-" "WordPress/6.8.1; https://gardenify.com.au"
50.87.248.20 - - [14/Jul/2025:12:55:51 +0000] "POST /wp-login.php HTTP/1.1" 200 2133 "https://gardenify.com.au/wp-login.php" "Mozilla/5.0 (Windows NT 10.0; Win64; x64) AppleWebKit/537.36 (KHTML, like Gecko) Chrome/130.0.0.0 Safari/537.36"
192.185.4.70 - - [14/Jul/2025:12:55:53 +0000] "GET /wp-login.php HTTP/1.1" 200 2013 "-" "Mozilla/5.0 (Windows NT 10.0; Win64; x64) AppleWebKit/537.36 (KHTML, like Gecko) Chrome/130.0.0.0 Safari/537.36"
209.74.77.214 - - [14/Jul/2025:12:55:54 +0000] "POST /wp-cron.php?doing_wp_cron=1752497754.3185501098632812500000 HTTP/1.1" 200 - "-" "WordPress/6.8.1; https://gardenify.com.au"
192.185.4.70 - - [14/Jul/2025:12:55:54 +0000] "POST /wp-login.php HTTP/1.1" 200 2133 "https://gardenify.com.au/wp-login.php" "Mozilla/5.0 (Windows NT 10.0; Win64; x64) AppleWebKit/537.36 (KHTML, like Gecko) Chrome/130.0.0.0 Safari/537.36"
66.249.79.236 - - [14/Jul/2025:12:55:54 +0000] "GET /?s=84060451011490&mod=9cecbb6f&uri=product.php?goodscode/129389.shtm HTTP/1.1" 200 19119 "-" "Mozilla/5.0 (Linux; Android 6.0.1; Nexus 5X Build/MMB29P) AppleWebKit/537.36 (KHTML, like Gecko) Chrome/137.0.7151.103 Mobile Safari/537.36 (compatible; Googlebot/2.1; +http://www.google.com/bot.html)"
216.73.216.45 - - [14/Jul/2025:12:55:55 +0000] "GET /goodscode/9905521.shtm HTTP/1.1" 404 11741 "-" "Mozilla/5.0 AppleWebKit/537.36 (KHTML, like Gecko; compatible; ClaudeBot/1.0; [email protected])"
108.179.252.60 - - [14/Jul/2025:12:55:55 +0000] "GET /wp-login.php HTTP/1.1" 200 2013 "-" "Mozilla/5.0 (Windows NT 10.0; Win64; x64) AppleWebKit/537.36 (KHTML, like Gecko) Chrome/130.0.0.0 Safari/537.36"
108.179.252.60 - - [14/Jul/2025:12:55:57 +0000] "POST /wp-login.php HTTP/1.1" 200 2133 "https://gardenify.com.au/wp-login.php" "Mozilla/5.0 (Windows NT 10.0; Win64; x64) AppleWebKit/537.36 (KHTML, like Gecko) Chrome/130.0.0.0 Safari/537.36"
216.73.216.45 - - [14/Jul/2025:12:55:58 +0000] "GET /goodscode/9912699.shtm HTTP/1.1" 404 11742 "-" "Mozilla/5.0 AppleWebKit/537.36 (KHTML, like Gecko; compatible; ClaudeBot/1.0; [email protected])"
103.231.202.90 - - [14/Jul/2025:12:55:59 +0000] "GET /wp-login.php HTTP/1.1" 200 2013 "-" "Mozilla/5.0 (Windows NT 10.0; Win64; x64) AppleWebKit/537.36 (KHTML, like Gecko) Chrome/130.0.0.0 Safari/537.36"
103.231.202.90 - - [14/Jul/2025:12:56:00 +0000] "POST /wp-login.php HTTP/1.1" 200 2133 "https://gardenify.com.au/wp-login.php" "Mozilla/5.0 (Windows NT 10.0; Win64; x64) AppleWebKit/537.36 (KHTML, like Gecko) Chrome/130.0.0.0 Safari/537.36"
216.73.216.45 - - [14/Jul/2025:12:56:01 +0000] "GET /goodscode/9902199.shtm HTTP/1.1" 404 11742 "-" "Mozilla/5.0 AppleWebKit/537.36 (KHTML, like Gecko; compatible; ClaudeBot/1.0; [email protected])"
66.249.79.238 - - [14/Jul/2025:12:56:02 +0000] "POST /get-message-notify HTTP/1.1" 200 18123 "https://gardenify.com.au/?s=79601514031490&mod=c7e6d11d&uri=article.php?goodscode/67895.shtm" "Mozilla/5.0 (Linux; Android 6.0.1; Nexus 5X Build/MMB29P) AppleWebKit/537.36 (KHTML, like Gecko) Chrome/137.0.7151.119 Mobile Safari/537.36 (compatible; Googlebot/2.1; +http://www.google.com/bot.html)"
216.73.216.45 - - [14/Jul/2025:12:56:04 +0000] "GET /goodscode/9898766.shtm HTTP/1.1" 404 11742 "-" "Mozilla/5.0 AppleWebKit/537.36 (KHTML, like Gecko; compatible; ClaudeBot/1.0; [email protected])"
50.87.144.101 - - [14/Jul/2025:12:56:07 +0000] "GET /wp-login.php HTTP/1.1" 200 2013 "-" "Mozilla/5.0 (Windows NT 10.0; Win64; x64) AppleWebKit/537.36 (KHTML, like Gecko) Chrome/130.0.0.0 Safari/537.36"
216.73.216.45 - - [14/Jul/2025:12:56:07 +0000] "GET /goodscode/9912974.shtm HTTP/1.1" 404 11742 "-" "Mozilla/5.0 AppleWebKit/537.36 (KHTML, like Gecko; compatible; ClaudeBot/1.0; [email protected])"
50.87.144.101 - - [14/Jul/2025:12:56:08 +0000] "POST /wp-login.php HTTP/1.1" 200 2133 "https://gardenify.com.au/wp-login.php" "Mozilla/5.0 (Windows NT 10.0; Win64; x64) AppleWebKit/537.36 (KHTML, like Gecko) Chrome/130.0.0.0 Safari/537.36"
66.249.79.236 - - [14/Jul/2025:12:56:08 +0000] "GET /?s=84060451011490&mod=9cecbb6f&uri=product.php?goodscode/129243.shtm HTTP/1.1" 200 19352 "-" "Mozilla/5.0 (Linux; Android 6.0.1; Nexus 5X Build/MMB29P) AppleWebKit/537.36 (KHTML, like Gecko) Chrome/137.0.7151.103 Mobile Safari/537.36 (compatible; Googlebot/2.1; +http://www.google.com/bot.html)"
216.73.216.45 - - [14/Jul/2025:12:56:10 +0000] "GET /goodscode/9906748.shtm HTTP/1.1" 404 11742 "-" "Mozilla/5.0 AppleWebKit/537.36 (KHTML, like Gecko; compatible; ClaudeBot/1.0; [email protected])"
50.87.144.174 - - [14/Jul/2025:12:56:15 +0000] "GET /wp-login.php HTTP/1.1" 200 2013 "-" "Mozilla/5.0 (Windows NT 10.0; Win64; x64) AppleWebKit/537.36 (KHTML, like Gecko) Chrome/130.0.0.0 Safari/537.36"
50.87.144.174 - - [14/Jul/2025:12:56:16 +0000] "POST /wp-login.php HTTP/1.1" 200 2133 "https://gardenify.com.au/wp-login.php" "Mozilla/5.0 (Windows NT 10.0; Win64; x64) AppleWebKit/537.36 (KHTML, like Gecko) Chrome/130.0.0.0 Safari/537.36"
37.27.110.165 - - [14/Jul/2025:12:56:18 +0000] "GET /wp-login.php HTTP/1.1" 200 2013 "-" "Mozilla/5.0 (Windows NT 10.0; Win64; x64) AppleWebKit/537.36 (KHTML, like Gecko) Chrome/130.0.0.0 Safari/537.36"
37.27.110.165 - - [14/Jul/2025:12:56:19 +0000] "POST /wp-login.php HTTP/1.1" 200 2164 "https://gardenify.com.au/wp-login.php" "Mozilla/5.0 (Windows NT 10.0; Win64; x64) AppleWebKit/537.36 (KHTML, like Gecko) Chrome/130.0.0.0 Safari/537.36"
4.233.218.53 - - [14/Jul/2025:12:56:20 +0000] "GET /wp-login.php HTTP/1.1" 200 2013 "-" "Mozilla/5.0 (Windows NT 10.0; Win64; x64) AppleWebKit/537.36 (KHTML, like Gecko) Chrome/130.0.0.0 Safari/537.36"
4.233.218.53 - - [14/Jul/2025:12:56:20 +0000] "POST /wp-login.php HTTP/1.1" 200 2133 "https://gardenify.com.au/wp-login.php" "Mozilla/5.0 (Windows NT 10.0; Win64; x64) AppleWebKit/537.36 (KHTML, like Gecko) Chrome/130.0.0.0 Safari/537.36"
66.249.79.236 - - [14/Jul/2025:12:56:23 +0000] "GET /?s=79601514031490&mod=c7e6d11d&uri=article.php?goodscode/66830.shtm HTTP/1.1" 200 19142 "-" "Mozilla/5.0 (Linux; Android 6.0.1; Nexus 5X Build/MMB29P) AppleWebKit/537.36 (KHTML, like Gecko) Chrome/137.0.7151.103 Mobile Safari/537.36 (compatible; Googlebot/2.1; +http://www.google.com/bot.html)"
162.241.244.16 - - [14/Jul/2025:12:56:28 +0000] "GET /wp-login.php HTTP/1.1" 200 2013 "-" "Mozilla/5.0 (Windows NT 10.0; Win64; x64) AppleWebKit/537.36 (KHTML, like Gecko) Chrome/130.0.0.0 Safari/537.36"
162.241.244.16 - - [14/Jul/2025:12:56:29 +0000] "POST /wp-login.php HTTP/1.1" 200 2133 "https://gardenify.com.au/wp-login.php" "Mozilla/5.0 (Windows NT 10.0; Win64; x64) AppleWebKit/537.36 (KHTML, like Gecko) Chrome/130.0.0.0 Safari/537.36"
108.179.253.160 - - [14/Jul/2025:12:56:31 +0000] "GET /wp-login.php HTTP/1.1" 200 2013 "-" "Mozilla/5.0 (Windows NT 10.0; Win64; x64) AppleWebKit/537.36 (KHTML, like Gecko) Chrome/130.0.0.0 Safari/537.36"
108.179.253.160 - - [14/Jul/2025:12:56:31 +0000] "POST /wp-login.php HTTP/1.1" 200 2133 "https://gardenify.com.au/wp-login.php" "Mozilla/5.0 (Windows NT 10.0; Win64; x64) AppleWebKit/537.36 (KHTML, like Gecko) Chrome/130.0.0.0 Safari/537.36"
66.249.79.236 - - [14/Jul/2025:12:56:31 +0000] "POST /get-message-notify HTTP/1.1" 200 18123 "https://gardenify.com.au/?s=84060451011490&mod=9cecbb6f&uri=product.php?goodscode/129389.shtm" "Mozilla/5.0 (Linux; Android 6.0.1; Nexus 5X Build/MMB29P) AppleWebKit/537.36 (KHTML, like Gecko) Chrome/137.0.7151.119 Mobile Safari/537.36 (compatible; Googlebot/2.1; +http://www.google.com/bot.html)"
162.215.248.18 - - [14/Jul/2025:12:56:32 +0000] "GET /wp-login.php HTTP/1.1" 200 2013 "-" "Mozilla/5.0 (Windows NT 10.0; Win64; x64) AppleWebKit/537.36 (KHTML, like Gecko) Chrome/130.0.0.0 Safari/537.36"
162.215.248.18 - - [14/Jul/2025:12:56:33 +0000] "POST /wp-login.php HTTP/1.1" 200 2133 "https://gardenify.com.au/wp-login.php" "Mozilla/5.0 (Windows NT 10.0; Win64; x64) AppleWebKit/537.36 (KHTML, like Gecko) Chrome/130.0.0.0 Safari/537.36"
66.249.79.236 - - [14/Jul/2025:12:56:33 +0000] "GET /?s=80971806001490&mod=178b79d3&uri=search.php?pcmypage HTTP/1.1" 200 19273 "-" "Mozilla/5.0 (Linux; Android 6.0.1; Nexus 5X Build/MMB29P) AppleWebKit/537.36 (KHTML, like Gecko) Chrome/137.0.7151.103 Mobile Safari/537.36 (compatible; Googlebot/2.1; +http://www.google.com/bot.html)"
192.185.4.106 - - [14/Jul/2025:12:56:37 +0000] "GET /wp-login.php HTTP/1.1" 200 2013 "-" "Mozilla/5.0 (Windows NT 10.0; Win64; x64) AppleWebKit/537.36 (KHTML, like Gecko) Chrome/130.0.0.0 Safari/537.36"
192.185.4.106 - - [14/Jul/2025:12:56:38 +0000] "POST /wp-login.php HTTP/1.1" 200 2133 "https://gardenify.com.au/wp-login.php" "Mozilla/5.0 (Windows NT 10.0; Win64; x64) AppleWebKit/537.36 (KHTML, like Gecko) Chrome/130.0.0.0 Safari/537.36"
66.249.79.236 - - [14/Jul/2025:12:56:39 +0000] "GET /?s=80970546031490&mod=178b79d3&uri=goods.php?goodscode/2075665.shtm HTTP/1.1" 200 19340 "-" "Mozilla/5.0 (Linux; Android 6.0.1; Nexus 5X Build/MMB29P) AppleWebKit/537.36 (KHTML, like Gecko) Chrome/137.0.7151.103 Mobile Safari/537.36 (compatible; Googlebot/2.1; +http://www.google.com/bot.html)"
192.3.105.178 - - [14/Jul/2025:12:56:40 +0000] "GET /wp-login.php HTTP/1.1" 200 2013 "-" "Mozilla/5.0 (Windows NT 10.0; Win64; x64) AppleWebKit/537.36 (KHTML, like Gecko) Chrome/130.0.0.0 Safari/537.36"
192.3.105.178 - - [14/Jul/2025:12:56:40 +0000] "POST /wp-login.php HTTP/1.1" 200 2133 "https://gardenify.com.au/wp-login.php" "Mozilla/5.0 (Windows NT 10.0; Win64; x64) AppleWebKit/537.36 (KHTML, like Gecko) Chrome/130.0.0.0 Safari/537.36"
89.161.253.251 - - [14/Jul/2025:12:56:43 +0000] "GET /wp-login.php HTTP/1.1" 200 2013 "-" "Mozilla/5.0 (Windows NT 10.0; Win64; x64) AppleWebKit/537.36 (KHTML, like Gecko) Chrome/130.0.0.0 Safari/537.36"
89.161.253.251 - - [14/Jul/2025:12:56:43 +0000] "POST /wp-login.php HTTP/1.1" 200 2159 "https://gardenify.com.au/wp-login.php" "Mozilla/5.0 (Windows NT 10.0; Win64; x64) AppleWebKit/537.36 (KHTML, like Gecko) Chrome/130.0.0.0 Safari/537.36"
43.224.124.253 - - [14/Jul/2025:12:56:46 +0000] "GET /wp-login.php HTTP/1.1" 200 2013 "-" "Mozilla/5.0 (Windows NT 10.0; Win64; x64) AppleWebKit/537.36 (KHTML, like Gecko) Chrome/130.0.0.0 Safari/537.36"
43.224.124.253 - - [14/Jul/2025:12:56:46 +0000] "POST /wp-login.php HTTP/1.1" 200 2133 "https://gardenify.com.au/wp-login.php" "Mozilla/5.0 (Windows NT 10.0; Win64; x64) AppleWebKit/537.36 (KHTML, like Gecko) Chrome/130.0.0.0 Safari/537.36"
178.253.43.167 - - [14/Jul/2025:12:56:48 +0000] "GET /wp-login.php HTTP/1.1" 200 2013 "-" "Mozilla/5.0 (Windows NT 10.0; Win64; x64) AppleWebKit/537.36 (KHTML, like Gecko) Chrome/130.0.0.0 Safari/537.36"
178.253.43.167 - - [14/Jul/2025:12:56:49 +0000] "POST /wp-login.php HTTP/1.1" 200 2133 "https://gardenify.com.au/wp-login.php" "Mozilla/5.0 (Windows NT 10.0; Win64; x64) AppleWebKit/537.36 (KHTML, like Gecko) Chrome/130.0.0.0 Safari/537.36"
66.249.79.236 - - [14/Jul/2025:12:56:53 +0000] "GET /?s=79601514031490&mod=c7e6d11d&uri=article.php?cargo/detail HTTP/1.1" 200 19529 "-" "Mozilla/5.0 (Linux; Android 6.0.1; Nexus 5X Build/MMB29P) AppleWebKit/537.36 (KHTML, like Gecko) Chrome/137.0.7151.103 Mobile Safari/537.36 (compatible; Googlebot/2.1; +http://www.google.com/bot.html)"
209.74.77.214 - - [14/Jul/2025:12:56:54 +0000] "POST /wp-cron.php?doing_wp_cron=1752497814.2114648818969726562500 HTTP/1.1" 200 - "-" "WordPress/6.8.1; https://gardenify.com.au"
108.179.253.25 - - [14/Jul/2025:12:56:54 +0000] "GET /wp-login.php HTTP/1.1" 200 2013 "-" "Mozilla/5.0 (Windows NT 10.0; Win64; x64) AppleWebKit/537.36 (KHTML, like Gecko) Chrome/130.0.0.0 Safari/537.36"
209.74.77.214 - - [14/Jul/2025:12:56:54 +0000] "POST /wp-admin/admin-ajax.php?action=async_litespeed&nonce=afg2e3kwZpNdVMLL3JN2tGPjySkBBj23&litespeed_type=imgoptm HTTP/1.1" 200 21 "-" "WordPress/6.8.1; https://gardenify.com.au"
108.179.253.25 - - [14/Jul/2025:12:56:54 +0000] "POST /wp-login.php HTTP/1.1" 200 2133 "https://gardenify.com.au/wp-login.php" "Mozilla/5.0 (Windows NT 10.0; Win64; x64) AppleWebKit/537.36 (KHTML, like Gecko) Chrome/130.0.0.0 Safari/537.36"
157.173.114.233 - - [14/Jul/2025:12:56:56 +0000] "GET /wp-login.php HTTP/1.1" 200 2013 "-" "Mozilla/5.0 (Windows NT 10.0; Win64; x64) AppleWebKit/537.36 (KHTML, like Gecko) Chrome/130.0.0.0 Safari/537.36"
157.173.114.233 - - [14/Jul/2025:12:56:56 +0000] "POST /wp-login.php HTTP/1.1" 200 2133 "https://gardenify.com.au/wp-login.php" "Mozilla/5.0 (Windows NT 10.0; Win64; x64) AppleWebKit/537.36 (KHTML, like Gecko) Chrome/130.0.0.0 Safari/537.36"
162.241.203.42 - - [14/Jul/2025:12:57:08 +0000] "GET /wp-login.php HTTP/1.1" 200 2013 "-" "Mozilla/5.0 (Windows NT 10.0; Win64; x64) AppleWebKit/537.36 (KHTML, like Gecko) Chrome/130.0.0.0 Safari/537.36"
162.241.203.42 - - [14/Jul/2025:12:57:09 +0000] "POST /wp-login.php HTTP/1.1" 200 2133 "https://gardenify.com.au/wp-login.php" "Mozilla/5.0 (Windows NT 10.0; Win64; x64) AppleWebKit/537.36 (KHTML, like Gecko) Chrome/130.0.0.0 Safari/537.36"
66.249.79.236 - - [14/Jul/2025:12:57:11 +0000] "GET /?s=79601514031490&mod=c7e6d11d&uri=article.php?feature/campaign/index.html HTTP/1.1" 200 19493 "-" "Mozilla/5.0 (Linux; Android 6.0.1; Nexus 5X Build/MMB29P) AppleWebKit/537.36 (KHTML, like Gecko) Chrome/137.0.7151.103 Mobile Safari/537.36 (compatible; Googlebot/2.1; +http://www.google.com/bot.html)"
162.241.226.40 - - [14/Jul/2025:12:57:15 +0000] "GET /wp-login.php HTTP/1.1" 200 2013 "-" "Mozilla/5.0 (Windows NT 10.0; Win64; x64) AppleWebKit/537.36 (KHTML, like Gecko) Chrome/130.0.0.0 Safari/537.36"
162.241.226.40 - - [14/Jul/2025:12:57:15 +0000] "POST /wp-login.php HTTP/1.1" 200 2159 "https://gardenify.com.au/wp-login.php" "Mozilla/5.0 (Windows NT 10.0; Win64; x64) AppleWebKit/537.36 (KHTML, like Gecko) Chrome/130.0.0.0 Safari/537.36"
178.33.250.142 - - [14/Jul/2025:12:57:17 +0000] "GET /wp-login.php HTTP/1.1" 200 2013 "-" "Mozilla/5.0 (Windows NT 10.0; Win64; x64) AppleWebKit/537.36 (KHTML, like Gecko) Chrome/130.0.0.0 Safari/537.36"
178.33.250.142 - - [14/Jul/2025:12:57:17 +0000] "POST /wp-login.php HTTP/1.1" 200 2133 "https://gardenify.com.au/wp-login.php" "Mozilla/5.0 (Windows NT 10.0; Win64; x64) AppleWebKit/537.36 (KHTML, like Gecko) Chrome/130.0.0.0 Safari/537.36"
50.87.170.151 - - [14/Jul/2025:12:57:20 +0000] "GET /wp-login.php HTTP/1.1" 200 2013 "-" "Mozilla/5.0 (Windows NT 10.0; Win64; x64) AppleWebKit/537.36 (KHTML, like Gecko) Chrome/130.0.0.0 Safari/537.36"
50.87.170.151 - - [14/Jul/2025:12:57:20 +0000] "POST /wp-login.php HTTP/1.1" 200 2161 "https://gardenify.com.au/wp-login.php" "Mozilla/5.0 (Windows NT 10.0; Win64; x64) AppleWebKit/537.36 (KHTML, like Gecko) Chrome/130.0.0.0 Safari/537.36"
66.249.79.236 - - [14/Jul/2025:12:57:21 +0000] "GET /?s=79601514031490&mod=c7e6d11d&uri=article.php?goodscode/66055.shtm HTTP/1.1" 200 18545 "-" "Mozilla/5.0 (Linux; Android 6.0.1; Nexus 5X Build/MMB29P) AppleWebKit/537.36 (KHTML, like Gecko) Chrome/137.0.7151.103 Mobile Safari/537.36 (compatible; Googlebot/2.1; +http://www.google.com/bot.html)"
178.159.242.145 - - [14/Jul/2025:12:57:22 +0000] "GET /wp-login.php HTTP/1.1" 200 2013 "-" "Mozilla/5.0 (Windows NT 10.0; Win64; x64) AppleWebKit/537.36 (KHTML, like Gecko) Chrome/130.0.0.0 Safari/537.36"
178.159.242.145 - - [14/Jul/2025:12:57:23 +0000] "POST /wp-login.php HTTP/1.1" 200 2164 "https://gardenify.com.au/wp-login.php" "Mozilla/5.0 (Windows NT 10.0; Win64; x64) AppleWebKit/537.36 (KHTML, like Gecko) Chrome/130.0.0.0 Safari/537.36"
66.249.79.236 - - [14/Jul/2025:12:57:25 +0000] "POST /get-message-notify HTTP/1.1" 200 18123 "https://gardenify.com.au/?s=79601514031490&mod=c7e6d11d&uri=article.php?goodscode/66055.shtm" "Mozilla/5.0 (Linux; Android 6.0.1; Nexus 5X Build/MMB29P) AppleWebKit/537.36 (KHTML, like Gecko) Chrome/137.0.7151.119 Mobile Safari/537.36 (compatible; Googlebot/2.1; +http://www.google.com/bot.html)"
66.249.79.236 - - [14/Jul/2025:12:57:26 +0000] "GET /?s=80970546031490&mod=178b79d3&uri=goods.php?goodscode/2074545.shtm HTTP/1.1" 200 19029 "-" "Mozilla/5.0 (Linux; Android 6.0.1; Nexus 5X Build/MMB29P) AppleWebKit/537.36 (KHTML, like Gecko) Chrome/137.0.7151.103 Mobile Safari/537.36 (compatible; Googlebot/2.1; +http://www.google.com/bot.html)"
66.249.79.236 - - [14/Jul/2025:12:57:38 +0000] "GET /?s=79601514031490&mod=c7e6d11d&uri=article.php?goodscode/67165.shtm HTTP/1.1" 200 18219 "-" "Mozilla/5.0 (Linux; Android 6.0.1; Nexus 5X Build/MMB29P) AppleWebKit/537.36 (KHTML, like Gecko) Chrome/137.0.7151.103 Mobile Safari/537.36 (compatible; Googlebot/2.1; +http://www.google.com/bot.html)"
162.241.252.32 - - [14/Jul/2025:12:57:42 +0000] "GET /wp-login.php HTTP/1.1" 200 2013 "-" "Mozilla/5.0 (Windows NT 10.0; Win64; x64) AppleWebKit/537.36 (KHTML, like Gecko) Chrome/130.0.0.0 Safari/537.36"
162.241.252.32 - - [14/Jul/2025:12:57:42 +0000] "POST /wp-login.php HTTP/1.1" 200 2163 "https://gardenify.com.au/wp-login.php" "Mozilla/5.0 (Windows NT 10.0; Win64; x64) AppleWebKit/537.36 (KHTML, like Gecko) Chrome/130.0.0.0 Safari/537.36"
66.249.79.236 - - [14/Jul/2025:12:57:43 +0000] "POST /get-message-notify HTTP/1.1" 200 18123 "https://gardenify.com.au/?s=79601514031490&mod=c7e6d11d&uri=article.php?kaden.html" "Mozilla/5.0 (Linux; Android 6.0.1; Nexus 5X Build/MMB29P) AppleWebKit/537.36 (KHTML, like Gecko) Chrome/137.0.7151.119 Mobile Safari/537.36 (compatible; Googlebot/2.1; +http://www.google.com/bot.html)"
66.249.79.236 - - [14/Jul/2025:12:57:45 +0000] "GET /?s=79601514031490&mod=c7e6d11d&uri=article.php?dozin.html HTTP/1.1" 200 19309 "-" "Mozilla/5.0 (Linux; Android 6.0.1; Nexus 5X Build/MMB29P) AppleWebKit/537.36 (KHTML, like Gecko) Chrome/137.0.7151.103 Mobile Safari/537.36 (compatible; Googlebot/2.1; +http://www.google.com/bot.html)"
66.249.79.236 - - [14/Jul/2025:12:57:53 +0000] "GET /?s=79601514031490&mod=c7e6d11d&uri=article.php?goodscode/67266.shtm HTTP/1.1" 200 19464 "-" "Mozilla/5.0 (Linux; Android 6.0.1; Nexus 5X Build/MMB29P) AppleWebKit/537.36 (KHTML, like Gecko) Chrome/137.0.7151.103 Mobile Safari/537.36 (compatible; Googlebot/2.1; +http://www.google.com/bot.html)"
66.249.79.236 - - [14/Jul/2025:12:57:55 +0000] "POST /get-message-notify HTTP/1.1" 200 18123 "https://gardenify.com.au/?s=79601514031490&mod=c7e6d11d&uri=article.php?goodscode/67266.shtm" "Mozilla/5.0 AppleWebKit/537.36 (KHTML, like Gecko; compatible; Googlebot/2.1; +http://www.google.com/bot.html) Chrome/137.0.7151.119 Safari/537.36"
209.74.77.214 - - [14/Jul/2025:12:57:56 +0000] "POST /wp-cron.php?doing_wp_cron=1752497876.6131730079650878906250 HTTP/1.1" 200 - "-" "WordPress/6.8.1; https://gardenify.com.au"
216.73.216.45 - - [14/Jul/2025:12:57:56 +0000] "GET /goodscode/9916769.shtm HTTP/1.1" 404 11742 "-" "Mozilla/5.0 AppleWebKit/537.36 (KHTML, like Gecko; compatible; ClaudeBot/1.0; [email protected])"
209.74.77.214 - - [14/Jul/2025:12:57:56 +0000] "POST /wp-admin/admin-ajax.php?action=async_litespeed&nonce=1fH7aM6TGBTHl18xpmlWwwfr6DhG3DJp&litespeed_type=imgoptm HTTP/1.1" 200 21 "-" "WordPress/6.8.1; https://gardenify.com.au"
216.73.216.45 - - [14/Jul/2025:12:57:59 +0000] "GET /goodscode/9917184.shtm HTTP/1.1" 404 11743 "-" "Mozilla/5.0 AppleWebKit/537.36 (KHTML, like Gecko; compatible; ClaudeBot/1.0; [email protected])"
66.249.79.237 - - [14/Jul/2025:12:58:01 +0000] "POST /get-message-notify HTTP/1.1" 200 18123 "https://gardenify.com.au/?s=79601514031490&mod=c7e6d11d&uri=article.php?goodscode/67266.shtm" "Mozilla/5.0 (Linux; Android 6.0.1; Nexus 5X Build/MMB29P) AppleWebKit/537.36 (KHTML, like Gecko) Chrome/137.0.7151.119 Mobile Safari/537.36 (compatible; Googlebot/2.1; +http://www.google.com/bot.html)"
216.73.216.45 - - [14/Jul/2025:12:58:02 +0000] "GET /goodscode/9914557.shtm HTTP/1.1" 404 11742 "-" "Mozilla/5.0 AppleWebKit/537.36 (KHTML, like Gecko; compatible; ClaudeBot/1.0; [email protected])"
216.73.216.45 - - [14/Jul/2025:12:58:05 +0000] "GET /goodscode/9914658.shtm HTTP/1.1" 404 11742 "-" "Mozilla/5.0 AppleWebKit/537.36 (KHTML, like Gecko; compatible; ClaudeBot/1.0; [email protected])"
66.249.79.236 - - [14/Jul/2025:12:58:07 +0000] "GET /?s=79601514031490&mod=c7e6d11d&uri=article.php?goodscode/66378.shtm HTTP/1.1" 200 18862 "-" "Mozilla/5.0 (Linux; Android 6.0.1; Nexus 5X Build/MMB29P) AppleWebKit/537.36 (KHTML, like Gecko) Chrome/137.0.7151.103 Mobile Safari/537.36 (compatible; Googlebot/2.1; +http://www.google.com/bot.html)"
66.249.79.236 - - [14/Jul/2025:12:58:07 +0000] "GET /?s=83981099061490&mod=934703eb&uri=brands.php?goodscode/66481.shtm HTTP/1.1" 200 19246 "-" "Mozilla/5.0 (Linux; Android 6.0.1; Nexus 5X Build/MMB29P) AppleWebKit/537.36 (KHTML, like Gecko) Chrome/137.0.7151.103 Mobile Safari/537.36 (compatible; Googlebot/2.1; +http://www.google.com/bot.html)"
216.73.216.45 - - [14/Jul/2025:12:58:08 +0000] "GET /goodscode/9902614.shtm HTTP/1.1" 404 11743 "-" "Mozilla/5.0 AppleWebKit/537.36 (KHTML, like Gecko; compatible; ClaudeBot/1.0; [email protected])"
216.73.216.45 - - [14/Jul/2025:12:58:11 +0000] "GET /goodscode/9915268.shtm HTTP/1.1" 404 11742 "-" "Mozilla/5.0 AppleWebKit/537.36 (KHTML, like Gecko; compatible; ClaudeBot/1.0; [email protected])"
50.87.144.174 - - [14/Jul/2025:12:58:20 +0000] "GET /wp-login.php HTTP/1.1" 200 2013 "-" "Mozilla/5.0 (Windows NT 10.0; Win64; x64) AppleWebKit/537.36 (KHTML, like Gecko) Chrome/130.0.0.0 Safari/537.36"
66.249.79.236 - - [14/Jul/2025:12:58:21 +0000] "GET /?s=80970546031490&mod=178b79d3&uri=goods.php?goodscode/2075330.shtm HTTP/1.1" 200 18439 "-" "Mozilla/5.0 (Linux; Android 6.0.1; Nexus 5X Build/MMB29P) AppleWebKit/537.36 (KHTML, like Gecko) Chrome/137.0.7151.103 Mobile Safari/537.36 (compatible; Googlebot/2.1; +http://www.google.com/bot.html)"
50.87.144.174 - - [14/Jul/2025:12:58:22 +0000] "POST /wp-login.php HTTP/1.1" 200 2133 "https://gardenify.com.au/wp-login.php" "Mozilla/5.0 (Windows NT 10.0; Win64; x64) AppleWebKit/537.36 (KHTML, like Gecko) Chrome/130.0.0.0 Safari/537.36"
162.241.62.60 - - [14/Jul/2025:12:58:26 +0000] "GET /wp-login.php HTTP/1.1" 200 2013 "-" "Mozilla/5.0 (Windows NT 10.0; Win64; x64) AppleWebKit/537.36 (KHTML, like Gecko) Chrome/130.0.0.0 Safari/537.36"
162.241.62.60 - - [14/Jul/2025:12:58:26 +0000] "POST /wp-login.php HTTP/1.1" 200 2160 "https://gardenify.com.au/wp-login.php" "Mozilla/5.0 (Windows NT 10.0; Win64; x64) AppleWebKit/537.36 (KHTML, like Gecko) Chrome/130.0.0.0 Safari/537.36"
66.249.79.236 - - [14/Jul/2025:12:58:26 +0000] "GET /?s=80927016071490&mod=e11ee596&uri=product.php?events/ HTTP/1.1" 200 18667 "-" "Mozilla/5.0 (Linux; Android 6.0.1; Nexus 5X Build/MMB29P) AppleWebKit/537.36 (KHTML, like Gecko) Chrome/137.0.7151.103 Mobile Safari/537.36 (compatible; Googlebot/2.1; +http://www.google.com/bot.html)"
66.249.79.236 - - [14/Jul/2025:12:58:37 +0000] "GET /?s=80970546031490&mod=178b79d3&uri=goods.php?goodscode/2075616.shtm HTTP/1.1" 200 19410 "-" "Mozilla/5.0 (Linux; Android 6.0.1; Nexus 5X Build/MMB29P) AppleWebKit/537.36 (KHTML, like Gecko) Chrome/137.0.7151.103 Mobile Safari/537.36 (compatible; Googlebot/2.1; +http://www.google.com/bot.html)"
66.249.79.236 - - [14/Jul/2025:12:58:37 +0000] "GET /?s=84060001041490&mod=9cecbb6f&uri=pin.php?goodscode/66830.shtm HTTP/1.1" 200 19108 "-" "Mozilla/5.0 (Linux; Android 6.0.1; Nexus 5X Build/MMB29P) AppleWebKit/537.36 (KHTML, like Gecko) Chrome/137.0.7151.103 Mobile Safari/537.36 (compatible; Googlebot/2.1; +http://www.google.com/bot.html)"
66.249.79.236 - - [14/Jul/2025:12:58:52 +0000] "GET /?s=79601514031490&mod=c7e6d11d&uri=article.php?avsoft.html HTTP/1.1" 200 19445 "-" "Mozilla/5.0 (Linux; Android 6.0.1; Nexus 5X Build/MMB29P) AppleWebKit/537.36 (KHTML, like Gecko) Chrome/137.0.7151.103 Mobile Safari/537.36 (compatible; Googlebot/2.1; +http://www.google.com/bot.html)"
66.249.79.236 - - [14/Jul/2025:12:58:52 +0000] "GET /?s=80922579041490&mod=e11ee596&uri=goods.php?pcmypage HTTP/1.1" 200 19281 "-" "Mozilla/5.0 (Linux; Android 6.0.1; Nexus 5X Build/MMB29P) AppleWebKit/537.36 (KHTML, like Gecko) Chrome/137.0.7151.103 Mobile Safari/537.36 (compatible; Googlebot/2.1; +http://www.google.com/bot.html)"
66.249.79.236 - - [14/Jul/2025:12:58:52 +0000] "POST /get-message-notify HTTP/1.1" 200 18123 "https://gardenify.com.au/?s=79601514031490&mod=c7e6d11d&uri=article.php?goodscode/67165.shtm" "Mozilla/5.0 (Linux; Android 6.0.1; Nexus 5X Build/MMB29P) AppleWebKit/537.36 (KHTML, like Gecko) Chrome/137.0.7151.119 Mobile Safari/537.36 (compatible; Googlebot/2.1; +http://www.google.com/bot.html)"
66.249.79.236 - - [14/Jul/2025:12:58:57 +0000] "GET /?s=79601514031490&mod=c7e6d11d&uri=article.php?goodscode/66146.shtm HTTP/1.1" 200 19265 "-" "Mozilla/5.0 (Linux; Android 6.0.1; Nexus 5X Build/MMB29P) AppleWebKit/537.36 (KHTML, like Gecko) Chrome/137.0.7151.103 Mobile Safari/537.36 (compatible; Googlebot/2.1; +http://www.google.com/bot.html)"
66.249.79.237 - - [14/Jul/2025:12:59:02 +0000] "POST /get-message-notify HTTP/1.1" 200 18123 "https://gardenify.com.au/?s=84060001041490&mod=9cecbb6f&uri=pin.php?goodscode/66830.shtm" "Mozilla/5.0 (Linux; Android 6.0.1; Nexus 5X Build/MMB29P) AppleWebKit/537.36 (KHTML, like Gecko) Chrome/137.0.7151.119 Mobile Safari/537.36 (compatible; Googlebot/2.1; +http://www.google.com/bot.html)"
66.249.79.237 - - [14/Jul/2025:12:59:09 +0000] "GET /?s=79601514031490&mod=c7e6d11d&uri=article.php?goodscode/67718.shtm HTTP/1.1" 200 19823 "-" "Mozilla/5.0 (Linux; Android 6.0.1; Nexus 5X Build/MMB29P) AppleWebKit/537.36 (KHTML, like Gecko) Chrome/137.0.7151.103 Mobile Safari/537.36 (compatible; Googlebot/2.1; +http://www.google.com/bot.html)"
209.74.77.214 - - [14/Jul/2025:12:59:11 +0000] "POST /wp-cron.php?doing_wp_cron=1752497951.7128119468688964843750 HTTP/1.1" 200 - "-" "WordPress/6.8.1; https://gardenify.com.au"
216.73.216.45 - - [14/Jul/2025:12:59:11 +0000] "GET /goodscode/9915595.shtm HTTP/1.1" 404 11742 "-" "Mozilla/5.0 AppleWebKit/537.36 (KHTML, like Gecko; compatible; ClaudeBot/1.0; [email protected])"
209.74.77.214 - - [14/Jul/2025:12:59:11 +0000] "POST /wp-admin/admin-ajax.php?action=async_litespeed&nonce=6AkTjEMhfgjkSGNn8JLuzVhw5f6GF1Io&litespeed_type=imgoptm HTTP/1.1" 200 21 "-" "WordPress/6.8.1; https://gardenify.com.au"
216.73.216.45 - - [14/Jul/2025:12:59:14 +0000] "GET /goodscode/9906758.shtm HTTP/1.1" 404 11742 "-" "Mozilla/5.0 AppleWebKit/537.36 (KHTML, like Gecko; compatible; ClaudeBot/1.0; [email protected])"
216.73.216.45 - - [14/Jul/2025:12:59:17 +0000] "GET /goodscode/9914288.shtm HTTP/1.1" 404 11742 "-" "Mozilla/5.0 AppleWebKit/537.36 (KHTML, like Gecko; compatible; ClaudeBot/1.0; [email protected])"
216.73.216.45 - - [14/Jul/2025:12:59:20 +0000] "GET /goodscode/9903087.shtm HTTP/1.1" 404 11742 "-" "Mozilla/5.0 AppleWebKit/537.36 (KHTML, like Gecko; compatible; ClaudeBot/1.0; [email protected])"
216.73.216.45 - - [14/Jul/2025:12:59:23 +0000] "GET /goodscode/9915085.shtm HTTP/1.1" 404 11742 "-" "Mozilla/5.0 AppleWebKit/537.36 (KHTML, like Gecko; compatible; ClaudeBot/1.0; [email protected])"
66.249.79.236 - - [14/Jul/2025:12:59:26 +0000] "GET /?s=79601514031490&mod=c7e6d11d&uri=article.php?goodscode/66481.shtm HTTP/1.1" 200 19254 "-" "Mozilla/5.0 (Linux; Android 6.0.1; Nexus 5X Build/MMB29P) AppleWebKit/537.36 (KHTML, like Gecko) Chrome/137.0.7151.103 Mobile Safari/537.36 (compatible; Googlebot/2.1; +http://www.google.com/bot.html)"
216.73.216.45 - - [14/Jul/2025:12:59:27 +0000] "GET /goodscode/9921624.shtm HTTP/1.1" 404 11742 "-" "Mozilla/5.0 AppleWebKit/537.36 (KHTML, like Gecko; compatible; ClaudeBot/1.0; [email protected])"
162.241.224.38 - - [14/Jul/2025:12:59:28 +0000] "GET /wp-login.php HTTP/1.1" 200 2013 "-" "Mozilla/5.0 (Windows NT 10.0; Win64; x64) AppleWebKit/537.36 (KHTML, like Gecko) Chrome/130.0.0.0 Safari/537.36"
162.241.224.38 - - [14/Jul/2025:12:59:28 +0000] "POST /wp-login.php HTTP/1.1" 200 2159 "https://gardenify.com.au/wp-login.php" "Mozilla/5.0 (Windows NT 10.0; Win64; x64) AppleWebKit/537.36 (KHTML, like Gecko) Chrome/130.0.0.0 Safari/537.36"
162.241.61.210 - - [14/Jul/2025:12:59:30 +0000] "GET /wp-login.php HTTP/1.1" 200 2013 "-" "Mozilla/5.0 (Windows NT 10.0; Win64; x64) AppleWebKit/537.36 (KHTML, like Gecko) Chrome/130.0.0.0 Safari/537.36"
162.241.61.210 - - [14/Jul/2025:12:59:31 +0000] "POST /wp-login.php HTTP/1.1" 200 2159 "https://gardenify.com.au/wp-login.php" "Mozilla/5.0 (Windows NT 10.0; Win64; x64) AppleWebKit/537.36 (KHTML, like Gecko) Chrome/130.0.0.0 Safari/537.36"
162.241.61.195 - - [14/Jul/2025:12:59:33 +0000] "GET /wp-login.php HTTP/1.1" 200 2013 "-" "Mozilla/5.0 (Windows NT 10.0; Win64; x64) AppleWebKit/537.36 (KHTML, like Gecko) Chrome/130.0.0.0 Safari/537.36"
162.241.61.195 - - [14/Jul/2025:12:59:33 +0000] "POST /wp-login.php HTTP/1.1" 200 2162 "https://gardenify.com.au/wp-login.php" "Mozilla/5.0 (Windows NT 10.0; Win64; x64) AppleWebKit/537.36 (KHTML, like Gecko) Chrome/130.0.0.0 Safari/537.36"
108.179.192.80 - - [14/Jul/2025:12:59:34 +0000] "GET /wp-login.php HTTP/1.1" 200 2013 "-" "Mozilla/5.0 (Windows NT 10.0; Win64; x64) AppleWebKit/537.36 (KHTML, like Gecko) Chrome/130.0.0.0 Safari/537.36"
108.179.192.80 - - [14/Jul/2025:12:59:34 +0000] "POST /wp-login.php HTTP/1.1" 200 2133 "https://gardenify.com.au/wp-login.php" "Mozilla/5.0 (Windows NT 10.0; Win64; x64) AppleWebKit/537.36 (KHTML, like Gecko) Chrome/130.0.0.0 Safari/537.36"
69.49.241.16 - - [14/Jul/2025:12:59:36 +0000] "GET /wp-login.php HTTP/1.1" 200 2013 "-" "Mozilla/5.0 (Windows NT 10.0; Win64; x64) AppleWebKit/537.36 (KHTML, like Gecko) Chrome/130.0.0.0 Safari/537.36"
69.49.241.16 - - [14/Jul/2025:12:59:36 +0000] "POST /wp-login.php HTTP/1.1" 200 2161 "https://gardenify.com.au/wp-login.php" "Mozilla/5.0 (Windows NT 10.0; Win64; x64) AppleWebKit/537.36 (KHTML, like Gecko) Chrome/130.0.0.0 Safari/537.36"
66.249.79.236 - - [14/Jul/2025:12:59:37 +0000] "GET /?s=79601514031490&mod=c7e6d11d&uri=article.php?goodscode/66664.shtm HTTP/1.1" 200 19209 "-" "Mozilla/5.0 (Linux; Android 6.0.1; Nexus 5X Build/MMB29P) AppleWebKit/537.36 (KHTML, like Gecko) Chrome/137.0.7151.103 Mobile Safari/537.36 (compatible; Googlebot/2.1; +http://www.google.com/bot.html)"
103.24.12.229 - - [14/Jul/2025:12:59:39 +0000] "GET /wp-login.php HTTP/1.1" 200 2013 "-" "Mozilla/5.0 (Windows NT 10.0; Win64; x64) AppleWebKit/537.36 (KHTML, like Gecko) Chrome/130.0.0.0 Safari/537.36"
103.24.12.229 - - [14/Jul/2025:12:59:39 +0000] "POST /wp-login.php HTTP/1.1" 200 2133 "https://gardenify.com.au/wp-login.php" "Mozilla/5.0 (Windows NT 10.0; Win64; x64) AppleWebKit/537.36 (KHTML, like Gecko) Chrome/130.0.0.0 Safari/537.36"
108.167.132.28 - - [14/Jul/2025:12:59:44 +0000] "GET /wp-login.php HTTP/1.1" 200 2013 "-" "Mozilla/5.0 (Windows NT 10.0; Win64; x64) AppleWebKit/537.36 (KHTML, like Gecko) Chrome/130.0.0.0 Safari/537.36"
108.167.132.28 - - [14/Jul/2025:12:59:45 +0000] "POST /wp-login.php HTTP/1.1" 200 2133 "https://gardenify.com.au/wp-login.php" "Mozilla/5.0 (Windows NT 10.0; Win64; x64) AppleWebKit/537.36 (KHTML, like Gecko) Chrome/130.0.0.0 Safari/537.36"
144.76.228.227 - - [14/Jul/2025:12:59:47 +0000] "GET /wp-login.php HTTP/1.1" 200 2013 "-" "Mozilla/5.0 (Windows NT 10.0; Win64; x64) AppleWebKit/537.36 (KHTML, like Gecko) Chrome/130.0.0.0 Safari/537.36"
144.76.228.227 - - [14/Jul/2025:12:59:47 +0000] "POST /wp-login.php HTTP/1.1" 200 2133 "https://gardenify.com.au/wp-login.php" "Mozilla/5.0 (Windows NT 10.0; Win64; x64) AppleWebKit/537.36 (KHTML, like Gecko) Chrome/130.0.0.0 Safari/537.36"
162.144.19.24 - - [14/Jul/2025:12:59:48 +0000] "GET /wp-login.php HTTP/1.1" 200 2013 "-" "Mozilla/5.0 (Windows NT 10.0; Win64; x64) AppleWebKit/537.36 (KHTML, like Gecko) Chrome/130.0.0.0 Safari/537.36"
162.144.19.24 - - [14/Jul/2025:12:59:49 +0000] "POST /wp-login.php HTTP/1.1" 200 2133 "https://gardenify.com.au/wp-login.php" "Mozilla/5.0 (Windows NT 10.0; Win64; x64) AppleWebKit/537.36 (KHTML, like Gecko) Chrome/130.0.0.0 Safari/537.36"
66.249.79.236 - - [14/Jul/2025:12:59:51 +0000] "GET /?s=79601514031490&mod=c7e6d11d&uri=article.php?pcmypage HTTP/1.1" 200 19287 "-" "Mozilla/5.0 (Linux; Android 6.0.1; Nexus 5X Build/MMB29P) AppleWebKit/537.36 (KHTML, like Gecko) Chrome/137.0.7151.103 Mobile Safari/537.36 (compatible; Googlebot/2.1; +http://www.google.com/bot.html)"
209.74.77.214 - - [14/Jul/2025:12:59:52 +0000] "POST /wp-cron.php?doing_wp_cron=1752497992.3612260818481445312500 HTTP/1.1" 200 - "-" "WordPress/6.8.1; https://gardenify.com.au"
50.6.154.108 - - [14/Jul/2025:12:59:52 +0000] "GET /wp-login.php HTTP/1.1" 200 2013 "-" "Mozilla/5.0 (Windows NT 10.0; Win64; x64) AppleWebKit/537.36 (KHTML, like Gecko) Chrome/130.0.0.0 Safari/537.36"
209.74.77.214 - - [14/Jul/2025:12:59:52 +0000] "POST /wp-admin/admin-ajax.php?action=async_litespeed&nonce=lfzd1GUsksU9OnDPrGZww6kKjEpEKhVb&litespeed_type=imgoptm HTTP/1.1" 200 21 "-" "WordPress/6.8.1; https://gardenify.com.au"
50.6.154.108 - - [14/Jul/2025:12:59:52 +0000] "POST /wp-login.php HTTP/1.1" 200 2133 "https://gardenify.com.au/wp-login.php" "Mozilla/5.0 (Windows NT 10.0; Win64; x64) AppleWebKit/537.36 (KHTML, like Gecko) Chrome/130.0.0.0 Safari/537.36"
209.74.77.214 - - [14/Jul/2025:12:59:54 +0000] "POST /wp-cron.php?doing_wp_cron=1752497994.7776730060577392578125 HTTP/1.1" 200 - "-" "WordPress/6.8.1; https://gardenify.com.au"
192.185.4.34 - - [14/Jul/2025:12:59:54 +0000] "GET /wp-login.php HTTP/1.1" 200 2013 "-" "Mozilla/5.0 (Windows NT 10.0; Win64; x64) AppleWebKit/537.36 (KHTML, like Gecko) Chrome/130.0.0.0 Safari/537.36"
192.185.4.34 - - [14/Jul/2025:12:59:55 +0000] "POST /wp-login.php HTTP/1.1" 200 2133 "https://gardenify.com.au/wp-login.php" "Mozilla/5.0 (Windows NT 10.0; Win64; x64) AppleWebKit/537.36 (KHTML, like Gecko) Chrome/130.0.0.0 Safari/537.36"
162.241.225.93 - - [14/Jul/2025:12:59:58 +0000] "GET /wp-login.php HTTP/1.1" 200 2013 "-" "Mozilla/5.0 (Windows NT 10.0; Win64; x64) AppleWebKit/537.36 (KHTML, like Gecko) Chrome/130.0.0.0 Safari/537.36"
162.241.225.93 - - [14/Jul/2025:12:59:58 +0000] "POST /wp-login.php HTTP/1.1" 200 2133 "https://gardenify.com.au/wp-login.php" "Mozilla/5.0 (Windows NT 10.0; Win64; x64) AppleWebKit/537.36 (KHTML, like Gecko) Chrome/130.0.0.0 Safari/537.36"
108.179.253.160 - - [14/Jul/2025:13:00:01 +0000] "GET /wp-login.php HTTP/1.1" 200 2013 "-" "Mozilla/5.0 (Windows NT 10.0; Win64; x64) AppleWebKit/537.36 (KHTML, like Gecko) Chrome/130.0.0.0 Safari/537.36"
108.179.253.160 - - [14/Jul/2025:13:00:02 +0000] "POST /wp-login.php HTTP/1.1" 200 2133 "https://gardenify.com.au/wp-login.php" "Mozilla/5.0 (Windows NT 10.0; Win64; x64) AppleWebKit/537.36 (KHTML, like Gecko) Chrome/130.0.0.0 Safari/537.36"
66.249.79.236 - - [14/Jul/2025:13:00:06 +0000] "GET /?s=80970546031490&mod=178b79d3&uri=goods.php?goodscode/2074524.shtm HTTP/1.1" 200 19365 "-" "Mozilla/5.0 (Linux; Android 6.0.1; Nexus 5X Build/MMB29P) AppleWebKit/537.36 (KHTML, like Gecko) Chrome/137.0.7151.103 Mobile Safari/537.36 (compatible; Googlebot/2.1; +http://www.google.com/bot.html)"
66.249.79.237 - - [14/Jul/2025:13:00:08 +0000] "POST /get-message-notify HTTP/1.1" 200 18123 "https://gardenify.com.au/?s=79601514031490&mod=c7e6d11d&uri=article.php?goodscode/67718.shtm" "Mozilla/5.0 (Linux; Android 6.0.1; Nexus 5X Build/MMB29P) AppleWebKit/537.36 (KHTML, like Gecko) Chrome/137.0.7151.119 Mobile Safari/537.36 (compatible; Googlebot/2.1; +http://www.google.com/bot.html)"
66.249.79.236 - - [14/Jul/2025:13:00:12 +0000] "GET /?s=84059401041490&mod=9cecbb6f&uri=goods.php?feature/akihabara_main/index.html HTTP/1.1" 200 19531 "-" "Mozilla/5.0 (Linux; Android 6.0.1; Nexus 5X Build/MMB29P) AppleWebKit/537.36 (KHTML, like Gecko) Chrome/137.0.7151.103 Mobile Safari/537.36 (compatible; Googlebot/2.1; +http://www.google.com/bot.html)"
216.73.216.45 - - [14/Jul/2025:13:00:18 +0000] "GET /goodscode/9901726.shtm HTTP/1.1" 404 11743 "-" "Mozilla/5.0 AppleWebKit/537.36 (KHTML, like Gecko; compatible; ClaudeBot/1.0; [email protected])"
216.73.216.45 - - [14/Jul/2025:13:00:21 +0000] "GET /goodscode/9918249.shtm HTTP/1.1" 404 11743 "-" "Mozilla/5.0 AppleWebKit/537.36 (KHTML, like Gecko; compatible; ClaudeBot/1.0; [email protected])"
216.73.216.45 - - [14/Jul/2025:13:00:24 +0000] "GET /goodscode/9913862.shtm HTTP/1.1" 404 11743 "-" "Mozilla/5.0 AppleWebKit/537.36 (KHTML, like Gecko; compatible; ClaudeBot/1.0; [email protected])"
216.73.216.45 - - [14/Jul/2025:13:00:27 +0000] "GET /goodscode/9916935.shtm HTTP/1.1" 404 11743 "-" "Mozilla/5.0 AppleWebKit/537.36 (KHTML, like Gecko; compatible; ClaudeBot/1.0; [email protected])"
216.73.216.45 - - [14/Jul/2025:13:00:31 +0000] "GET /goodscode/9919589.shtm HTTP/1.1" 404 11743 "-" "Mozilla/5.0 AppleWebKit/537.36 (KHTML, like Gecko; compatible; ClaudeBot/1.0; [email protected])"
216.73.216.45 - - [14/Jul/2025:13:00:33 +0000] "GET /goodscode/9920849.shtm HTTP/1.1" 404 11743 "-" "Mozilla/5.0 AppleWebKit/537.36 (KHTML, like Gecko; compatible; ClaudeBot/1.0; [email protected])"
66.249.79.236 - - [14/Jul/2025:13:00:34 +0000] "GET /?s=80970546031490&mod=178b79d3&uri=goods.php?goodscode/2074366.shtm HTTP/1.1" 200 18820 "-" "Mozilla/5.0 (Linux; Android 6.0.1; Nexus 5X Build/MMB29P) AppleWebKit/537.36 (KHTML, like Gecko) Chrome/137.0.7151.103 Mobile Safari/537.36 (compatible; Googlebot/2.1; +http://www.google.com/bot.html)"
66.249.79.236 - - [14/Jul/2025:13:00:38 +0000] "GET /?s=84060451011490&mod=9cecbb6f&uri=product.php?goodscode/129276.shtm HTTP/1.1" 200 18876 "-" "Mozilla/5.0 (Linux; Android 6.0.1; Nexus 5X Build/MMB29P) AppleWebKit/537.36 (KHTML, like Gecko) Chrome/137.0.7151.103 Mobile Safari/537.36 (compatible; Googlebot/2.1; +http://www.google.com/bot.html)"
66.249.79.236 - - [14/Jul/2025:13:00:47 +0000] "GET /?s=79601514031490&mod=c7e6d11d&uri=article.php?goodscode/67116.shtm HTTP/1.1" 200 18772 "-" "Mozilla/5.0 (Linux; Android 6.0.1; Nexus 5X Build/MMB29P) AppleWebKit/537.36 (KHTML, like Gecko) Chrome/137.0.7151.103 Mobile Safari/537.36 (compatible; Googlebot/2.1; +http://www.google.com/bot.html)"
66.249.79.238 - - [14/Jul/2025:13:01:01 +0000] "GET /?s=79601514031490&mod=c7e6d11d&uri=article.php?goodscode/67443.shtm HTTP/1.1" 200 19549 "-" "Mozilla/5.0 (Linux; Android 6.0.1; Nexus 5X Build/MMB29P) AppleWebKit/537.36 (KHTML, like Gecko) Chrome/137.0.7151.103 Mobile Safari/537.36 (compatible; Googlebot/2.1; +http://www.google.com/bot.html)"
66.249.79.236 - - [14/Jul/2025:13:01:01 +0000] "GET /?s=80970546031490&mod=178b79d3&uri=goods.php?goodscode/2075147.shtm HTTP/1.1" 200 18987 "-" "Mozilla/5.0 (Linux; Android 6.0.1; Nexus 5X Build/MMB29P) AppleWebKit/537.36 (KHTML, like Gecko) Chrome/137.0.7151.103 Mobile Safari/537.36 (compatible; Googlebot/2.1; +http://www.google.com/bot.html)"
66.249.79.237 - - [14/Jul/2025:13:01:11 +0000] "GET /?s=79601514031490&mod=c7e6d11d&uri=article.php?goodscode/66555.shtm HTTP/1.1" 200 19132 "-" "Mozilla/5.0 (Linux; Android 6.0.1; Nexus 5X Build/MMB29P) AppleWebKit/537.36 (KHTML, like Gecko) Chrome/137.0.7151.103 Mobile Safari/537.36 (compatible; Googlebot/2.1; +http://www.google.com/bot.html)"
66.249.79.237 - - [14/Jul/2025:13:01:12 +0000] "POST /get-message-notify HTTP/1.1" 200 18123 "https://gardenify.com.au/?s=84070351011490&mod=9cecbb6f&uri=search.php?goodscode/66228.shtm" "Mozilla/5.0 (Linux; Android 6.0.1; Nexus 5X Build/MMB29P) AppleWebKit/537.36 (KHTML, like Gecko) Chrome/137.0.7151.119 Mobile Safari/537.36 (compatible; Googlebot/2.1; +http://www.google.com/bot.html)"
66.249.79.236 - - [14/Jul/2025:13:01:18 +0000] "POST /get-message-notify HTTP/1.1" 200 18123 "https://gardenify.com.au/?s=84060451011490&mod=9cecbb6f&uri=product.php?goodscode/129276.shtm" "Mozilla/5.0 (Linux; Android 6.0.1; Nexus 5X Build/MMB29P) AppleWebKit/537.36 (KHTML, like Gecko) Chrome/137.0.7151.119 Mobile Safari/537.36 (compatible; Googlebot/2.1; +http://www.google.com/bot.html)"
66.249.79.236 - - [14/Jul/2025:13:01:21 +0000] "GET /?s=80969286001490&mod=0a6b8177&uri=shared.php?goodscode/67718.shtm HTTP/1.1" 200 19815 "-" "Mozilla/5.0 (Linux; Android 6.0.1; Nexus 5X Build/MMB29P) AppleWebKit/537.36 (KHTML, like Gecko) Chrome/137.0.7151.103 Mobile Safari/537.36 (compatible; Googlebot/2.1; +http://www.google.com/bot.html)"
209.74.77.214 - - [14/Jul/2025:13:01:31 +0000] "POST /wp-cron.php?doing_wp_cron=1752498091.9620189666748046875000 HTTP/1.1" 200 - "-" "WordPress/6.8.1; https://gardenify.com.au"
216.73.216.45 - - [14/Jul/2025:13:01:31 +0000] "GET /goodscode/9921558.shtm HTTP/1.1" 404 11743 "-" "Mozilla/5.0 AppleWebKit/537.36 (KHTML, like Gecko; compatible; ClaudeBot/1.0; [email protected])"
209.74.77.214 - - [14/Jul/2025:13:01:32 +0000] "POST /wp-admin/admin-ajax.php?action=async_litespeed&nonce=x4uA7offnh8hT97Acn1jsvSb5mylgBeZ&litespeed_type=imgoptm HTTP/1.1" 200 21 "-" "WordPress/6.8.1; https://gardenify.com.au"
66.249.79.236 - - [14/Jul/2025:13:01:33 +0000] "GET /?s=79601514031490&mod=c7e6d11d&uri=article.php?feature/sapporo/index.html HTTP/1.1" 200 19123 "-" "Mozilla/5.0 (Linux; Android 6.0.1; Nexus 5X Build/MMB29P) AppleWebKit/537.36 (KHTML, like Gecko) Chrome/137.0.7151.103 Mobile Safari/537.36 (compatible; Googlebot/2.1; +http://www.google.com/bot.html)"
216.73.216.45 - - [14/Jul/2025:13:01:34 +0000] "GET /goodscode/9919550.shtm HTTP/1.1" 404 11743 "-" "Mozilla/5.0 AppleWebKit/537.36 (KHTML, like Gecko; compatible; ClaudeBot/1.0; [email protected])"
216.73.216.45 - - [14/Jul/2025:13:01:37 +0000] "GET /goodscode/9906123.shtm HTTP/1.1" 404 11743 "-" "Mozilla/5.0 AppleWebKit/537.36 (KHTML, like Gecko; compatible; ClaudeBot/1.0; [email protected])"
216.73.216.45 - - [14/Jul/2025:13:01:40 +0000] "GET /goodscode/9915702.shtm HTTP/1.1" 404 11743 "-" "Mozilla/5.0 AppleWebKit/537.36 (KHTML, like Gecko; compatible; ClaudeBot/1.0; [email protected])"
66.249.79.236 - - [14/Jul/2025:13:01:43 +0000] "GET /?s=79601514031490&mod=c7e6d11d&uri=article.php?goodscode/66121.shtm HTTP/1.1" 200 18632 "-" "Mozilla/5.0 (Linux; Android 6.0.1; Nexus 5X Build/MMB29P) AppleWebKit/537.36 (KHTML, like Gecko) Chrome/137.0.7151.103 Mobile Safari/537.36 (compatible; Googlebot/2.1; +http://www.google.com/bot.html)"
216.73.216.45 - - [14/Jul/2025:13:01:43 +0000] "GET /goodscode/9906388.shtm HTTP/1.1" 404 11743 "-" "Mozilla/5.0 AppleWebKit/537.36 (KHTML, like Gecko; compatible; ClaudeBot/1.0; [email protected])"
