66.249.79.236 - - [14/Jul/2025:13:09:33 +0000] "GET /?s=22090271031490&mod=073f456b&uri=search.php%3Fid%3D737352-807%26name%3Dblue+and+pink+polka+dot+sweater HTTP/1.1" 200 18809 "-" "Mozilla/5.0 (Linux; Android 6.0.1; Nexus 5X Build/MMB29P) AppleWebKit/537.36 (KHTML, like Gecko) Chrome/137.0.7151.103 Mobile Safari/537.36 (compatible; Googlebot/2.1; +http://www.google.com/bot.html)"
51.195.219.160 - - [14/Jul/2025:13:09:34 +0000] "GET /wp-login.php HTTP/1.1" 200 2013 "-" "Mozilla/5.0 (Windows NT 10.0; Win64; x64) AppleWebKit/537.36 (KHTML, like Gecko) Chrome/130.0.0.0 Safari/537.36"
51.195.219.160 - - [14/Jul/2025:13:09:34 +0000] "POST /wp-login.php HTTP/1.1" 200 2133 "https://gardenify.com.au/wp-login.php" "Mozilla/5.0 (Windows NT 10.0; Win64; x64) AppleWebKit/537.36 (KHTML, like Gecko) Chrome/130.0.0.0 Safari/537.36"
66.249.79.236 - - [14/Jul/2025:13:09:38 +0000] "POST /get-message-notify HTTP/1.1" 200 18123 "https://gardenify.com.au/?s=79601514031490&mod=c7e6d11d&uri=article.php?goodscode/67009.shtm" "Mozilla/5.0 (Linux; Android 6.0.1; Nexus 5X Build/MMB29P) AppleWebKit/537.36 (KHTML, like Gecko) Chrome/137.0.7151.119 Mobile Safari/537.36 (compatible; Googlebot/2.1; +http://www.google.com/bot.html)"
66.249.79.236 - - [14/Jul/2025:13:09:40 +0000] "GET /?s=80971896031490&mod=178b79d3&uri=blog.php?goodscode/66378.shtm HTTP/1.1" 200 18859 "-" "Mozilla/5.0 (Linux; Android 6.0.1; Nexus 5X Build/MMB29P) AppleWebKit/537.36 (KHTML, like Gecko) Chrome/137.0.7151.103 Mobile Safari/537.36 (compatible; Googlebot/2.1; +http://www.google.com/bot.html)"
192.185.83.99 - - [14/Jul/2025:13:09:45 +0000] "GET /wp-login.php HTTP/1.1" 200 2013 "-" "Mozilla/5.0 (Windows NT 10.0; Win64; x64) AppleWebKit/537.36 (KHTML, like Gecko) Chrome/130.0.0.0 Safari/537.36"
192.185.83.99 - - [14/Jul/2025:13:09:45 +0000] "POST /wp-login.php HTTP/1.1" 200 2159 "https://gardenify.com.au/wp-login.php" "Mozilla/5.0 (Windows NT 10.0; Win64; x64) AppleWebKit/537.36 (KHTML, like Gecko) Chrome/130.0.0.0 Safari/537.36"
66.249.79.236 - - [14/Jul/2025:13:09:48 +0000] "GET /?s=80971896031490&mod=178b79d3&uri=blog.php?goodscode/67461.shtm HTTP/1.1" 200 18442 "-" "Mozilla/5.0 (Linux; Android 6.0.1; Nexus 5X Build/MMB29P) AppleWebKit/537.36 (KHTML, like Gecko) Chrome/137.0.7151.103 Mobile Safari/537.36 (compatible; Googlebot/2.1; +http://www.google.com/bot.html)"
66.249.79.236 - - [14/Jul/2025:13:09:56 +0000] "POST /get-message-notify HTTP/1.1" 200 18123 "https://gardenify.com.au/?s=80970546031490&mod=178b79d3&uri=goods.php?goodscode/2075959.shtm" "Mozilla/5.0 (Linux; Android 6.0.1; Nexus 5X Build/MMB29P) AppleWebKit/537.36 (KHTML, like Gecko) Chrome/137.0.7151.119 Mobile Safari/537.36 (compatible; Googlebot/2.1; +http://www.google.com/bot.html)"
66.249.79.236 - - [14/Jul/2025:13:09:59 +0000] "GET /?s=84060001041490&mod=9cecbb6f&uri=pin.php?pcsp.html HTTP/1.1" 200 19312 "-" "Mozilla/5.0 (Linux; Android 6.0.1; Nexus 5X Build/MMB29P) AppleWebKit/537.36 (KHTML, like Gecko) Chrome/137.0.7151.103 Mobile Safari/537.36 (compatible; Googlebot/2.1; +http://www.google.com/bot.html)"
66.249.79.236 - - [14/Jul/2025:13:09:59 +0000] "GET /?s=80971896031490&mod=178b79d3&uri=blog.php?goodscode/67626.shtm HTTP/1.1" 200 19036 "-" "Mozilla/5.0 (Linux; Android 6.0.1; Nexus 5X Build/MMB29P) AppleWebKit/537.36 (KHTML, like Gecko) Chrome/137.0.7151.103 Mobile Safari/537.36 (compatible; Googlebot/2.1; +http://www.google.com/bot.html)"
209.74.77.214 - - [14/Jul/2025:13:10:00 +0000] "POST /wp-cron.php?doing_wp_cron=1752498600.1172530651092529296875 HTTP/1.1" 200 - "-" "WordPress/6.8.1; https://gardenify.com.au"
216.73.216.45 - - [14/Jul/2025:13:09:59 +0000] "GET /goodscode/9907118.shtm HTTP/1.1" 404 11743 "-" "Mozilla/5.0 AppleWebKit/537.36 (KHTML, like Gecko; compatible; ClaudeBot/1.0; [email protected])"
209.74.77.214 - - [14/Jul/2025:13:10:00 +0000] "POST /wp-admin/admin-ajax.php?action=async_litespeed&nonce=YAJCo7ucBBoL3ZLcBJEb1DMZFMlG8TCx&litespeed_type=imgoptm HTTP/1.1" 200 21 "-" "WordPress/6.8.1; https://gardenify.com.au"
216.73.216.45 - - [14/Jul/2025:13:10:02 +0000] "GET /goodscode/9896398.shtm HTTP/1.1" 404 11743 "-" "Mozilla/5.0 AppleWebKit/537.36 (KHTML, like Gecko; compatible; ClaudeBot/1.0; [email protected])"
66.249.79.236 - - [14/Jul/2025:13:10:04 +0000] "POST /get-message-notify HTTP/1.1" 200 18123 "https://gardenify.com.au/?s=80970546031490&mod=178b79d3&uri=goods.php?goodscode/2074524.shtm" "Mozilla/5.0 (Linux; Android 6.0.1; Nexus 5X Build/MMB29P) AppleWebKit/537.36 (KHTML, like Gecko) Chrome/137.0.7151.119 Mobile Safari/537.36 (compatible; Googlebot/2.1; +http://www.google.com/bot.html)"
216.73.216.45 - - [14/Jul/2025:13:10:05 +0000] "GET /goodscode/9914197.shtm HTTP/1.1" 404 11743 "-" "Mozilla/5.0 AppleWebKit/537.36 (KHTML, like Gecko; compatible; ClaudeBot/1.0; [email protected])"
216.73.216.45 - - [14/Jul/2025:13:10:08 +0000] "GET /goodscode/9893255.shtm HTTP/1.1" 404 11743 "-" "Mozilla/5.0 AppleWebKit/537.36 (KHTML, like Gecko; compatible; ClaudeBot/1.0; [email protected])"
216.73.216.45 - - [14/Jul/2025:13:10:11 +0000] "GET /goodscode/9912717.shtm HTTP/1.1" 404 11743 "-" "Mozilla/5.0 AppleWebKit/537.36 (KHTML, like Gecko; compatible; ClaudeBot/1.0; [email protected])"
216.73.216.45 - - [14/Jul/2025:13:10:14 +0000] "GET /goodscode/9908756.shtm HTTP/1.1" 404 11743 "-" "Mozilla/5.0 AppleWebKit/537.36 (KHTML, like Gecko; compatible; ClaudeBot/1.0; [email protected])"
66.249.79.236 - - [14/Jul/2025:13:10:15 +0000] "GET /?s=80971896031490&mod=178b79d3&uri=blog.php?goodscode/65963.shtm HTTP/1.1" 200 19658 "-" "Mozilla/5.0 (Linux; Android 6.0.1; Nexus 5X Build/MMB29P) AppleWebKit/537.36 (KHTML, like Gecko) Chrome/137.0.7151.103 Mobile Safari/537.36 (compatible; Googlebot/2.1; +http://www.google.com/bot.html)"
192.185.176.75 - - [14/Jul/2025:13:10:48 +0000] "GET /wp-login.php HTTP/1.1" 200 2013 "-" "Mozilla/5.0 (Windows NT 10.0; Win64; x64) AppleWebKit/537.36 (KHTML, like Gecko) Chrome/130.0.0.0 Safari/537.36"
192.185.176.75 - - [14/Jul/2025:13:10:49 +0000] "POST /wp-login.php HTTP/1.1" 200 2159 "https://gardenify.com.au/wp-login.php" "Mozilla/5.0 (Windows NT 10.0; Win64; x64) AppleWebKit/537.36 (KHTML, like Gecko) Chrome/130.0.0.0 Safari/537.36"
66.249.79.236 - - [14/Jul/2025:13:10:51 +0000] "GET /?s=80971896031490&mod=178b79d3&uri=blog.php?goodscode/67009.shtm HTTP/1.1" 200 19036 "-" "Mozilla/5.0 (Linux; Android 6.0.1; Nexus 5X Build/MMB29P) AppleWebKit/537.36 (KHTML, like Gecko) Chrome/137.0.7151.103 Mobile Safari/537.36 (compatible; Googlebot/2.1; +http://www.google.com/bot.html)"
209.74.77.214 - - [14/Jul/2025:13:10:52 +0000] "POST /wp-cron.php?doing_wp_cron=1752498652.8212170600891113281250 HTTP/1.1" 200 - "-" "WordPress/6.8.1; https://gardenify.com.au"
43.224.124.253 - - [14/Jul/2025:13:10:52 +0000] "GET /wp-login.php HTTP/1.1" 200 2013 "-" "Mozilla/5.0 (Windows NT 10.0; Win64; x64) AppleWebKit/537.36 (KHTML, like Gecko) Chrome/130.0.0.0 Safari/537.36"
209.74.77.214 - - [14/Jul/2025:13:10:52 +0000] "POST /wp-admin/admin-ajax.php?action=async_litespeed&nonce=CtOJf6amzfbXuEfCrNNb88cnWvfcFVfL&litespeed_type=imgoptm HTTP/1.1" 200 21 "-" "WordPress/6.8.1; https://gardenify.com.au"
43.224.124.253 - - [14/Jul/2025:13:10:53 +0000] "POST /wp-login.php HTTP/1.1" 200 2133 "https://gardenify.com.au/wp-login.php" "Mozilla/5.0 (Windows NT 10.0; Win64; x64) AppleWebKit/537.36 (KHTML, like Gecko) Chrome/130.0.0.0 Safari/537.36"
209.74.77.214 - - [14/Jul/2025:13:10:54 +0000] "POST /wp-cron.php?doing_wp_cron=1752498654.8572990894317626953125 HTTP/1.1" 200 - "-" "WordPress/6.8.1; https://gardenify.com.au"
72.167.106.42 - - [14/Jul/2025:13:10:54 +0000] "GET /wp-login.php HTTP/1.1" 200 2013 "-" "Mozilla/5.0 (Windows NT 10.0; Win64; x64) AppleWebKit/537.36 (KHTML, like Gecko) Chrome/130.0.0.0 Safari/537.36"
72.167.106.42 - - [14/Jul/2025:13:10:55 +0000] "POST /wp-login.php HTTP/1.1" 200 2133 "https://gardenify.com.au/wp-login.php" "Mozilla/5.0 (Windows NT 10.0; Win64; x64) AppleWebKit/537.36 (KHTML, like Gecko) Chrome/130.0.0.0 Safari/537.36"
92.205.172.55 - - [14/Jul/2025:13:10:56 +0000] "GET /wp-login.php HTTP/1.1" 200 2013 "-" "Mozilla/5.0 (Windows NT 10.0; Win64; x64) AppleWebKit/537.36 (KHTML, like Gecko) Chrome/130.0.0.0 Safari/537.36"
92.205.172.55 - - [14/Jul/2025:13:10:56 +0000] "POST /wp-login.php HTTP/1.1" 200 2133 "https://gardenify.com.au/wp-login.php" "Mozilla/5.0 (Windows NT 10.0; Win64; x64) AppleWebKit/537.36 (KHTML, like Gecko) Chrome/130.0.0.0 Safari/537.36"
66.249.79.236 - - [14/Jul/2025:13:10:57 +0000] "GET /?s=80971896031490&mod=178b79d3&uri=blog.php?goodscode/67552.shtm HTTP/1.1" 200 19362 "-" "Mozilla/5.0 (Linux; Android 6.0.1; Nexus 5X Build/MMB29P) AppleWebKit/537.36 (KHTML, like Gecko) Chrome/137.0.7151.103 Mobile Safari/537.36 (compatible; Googlebot/2.1; +http://www.google.com/bot.html)"
66.249.79.236 - - [14/Jul/2025:13:10:57 +0000] "GET /?s=80971896031490&mod=178b79d3&uri=blog.php?goodscode/65603.shtm HTTP/1.1" 200 18520 "-" "Mozilla/5.0 (Linux; Android 6.0.1; Nexus 5X Build/MMB29P) AppleWebKit/537.36 (KHTML, like Gecko) Chrome/137.0.7151.103 Mobile Safari/537.36 (compatible; Googlebot/2.1; +http://www.google.com/bot.html)"
66.249.79.236 - - [14/Jul/2025:13:10:58 +0000] "GET /?s=80970546031490&mod=178b79d3&uri=goods.php?goodscode/65593.shtm HTTP/1.1" 200 18218 "-" "Mozilla/5.0 (Linux; Android 6.0.1; Nexus 5X Build/MMB29P) AppleWebKit/537.36 (KHTML, like Gecko) Chrome/137.0.7151.103 Mobile Safari/537.36 (compatible; Googlebot/2.1; +http://www.google.com/bot.html)"
66.249.79.236 - - [14/Jul/2025:13:10:58 +0000] "GET /?s=80971896031490&mod=178b79d3&uri=blog.php?goodscode/65453.shtm HTTP/1.1" 200 18365 "-" "Mozilla/5.0 (Linux; Android 6.0.1; Nexus 5X Build/MMB29P) AppleWebKit/537.36 (KHTML, like Gecko) Chrome/137.0.7151.103 Mobile Safari/537.36 (compatible; Googlebot/2.1; +http://www.google.com/bot.html)"
66.249.79.236 - - [14/Jul/2025:13:11:09 +0000] "GET /?s=80971896031490&mod=178b79d3&uri=blog.php?goodscode/66555.shtm HTTP/1.1" 200 19128 "-" "Mozilla/5.0 (Linux; Android 6.0.1; Nexus 5X Build/MMB29P) AppleWebKit/537.36 (KHTML, like Gecko) Chrome/137.0.7151.103 Mobile Safari/537.36 (compatible; Googlebot/2.1; +http://www.google.com/bot.html)"
66.249.79.236 - - [14/Jul/2025:13:11:14 +0000] "POST /get-message-notify HTTP/1.1" 200 18123 "https://gardenify.com.au/?s=80970546031490&mod=178b79d3&uri=goods.php?goodscode/2075885.shtm" "Mozilla/5.0 (Linux; Android 6.0.1; Nexus 5X Build/MMB29P) AppleWebKit/537.36 (KHTML, like Gecko) Chrome/137.0.7151.119 Mobile Safari/537.36 (compatible; Googlebot/2.1; +http://www.google.com/bot.html)"
50.87.253.215 - - [14/Jul/2025:13:11:18 +0000] "GET /wp-login.php HTTP/1.1" 200 2013 "-" "Mozilla/5.0 (Windows NT 10.0; Win64; x64) AppleWebKit/537.36 (KHTML, like Gecko) Chrome/130.0.0.0 Safari/537.36"
216.73.216.45 - - [14/Jul/2025:13:11:18 +0000] "GET /goodscode/9891570.shtm HTTP/1.1" 404 11742 "-" "Mozilla/5.0 AppleWebKit/537.36 (KHTML, like Gecko; compatible; ClaudeBot/1.0; [email protected])"
50.87.253.215 - - [14/Jul/2025:13:11:18 +0000] "POST /wp-login.php HTTP/1.1" 200 2161 "https://gardenify.com.au/wp-login.php" "Mozilla/5.0 (Windows NT 10.0; Win64; x64) AppleWebKit/537.36 (KHTML, like Gecko) Chrome/130.0.0.0 Safari/537.36"
103.106.104.219 - - [14/Jul/2025:13:11:21 +0000] "GET /wp-login.php HTTP/1.1" 200 2013 "-" "Mozilla/5.0 (Windows NT 10.0; Win64; x64) AppleWebKit/537.36 (KHTML, like Gecko) Chrome/130.0.0.0 Safari/537.36"
216.73.216.45 - - [14/Jul/2025:13:11:21 +0000] "GET /goodscode/9913513.shtm HTTP/1.1" 404 11743 "-" "Mozilla/5.0 AppleWebKit/537.36 (KHTML, like Gecko; compatible; ClaudeBot/1.0; [email protected])"
103.106.104.219 - - [14/Jul/2025:13:11:21 +0000] "POST /wp-login.php HTTP/1.1" 200 2133 "https://gardenify.com.au/wp-login.php" "Mozilla/5.0 (Windows NT 10.0; Win64; x64) AppleWebKit/537.36 (KHTML, like Gecko) Chrome/130.0.0.0 Safari/537.36"
50.87.170.127 - - [14/Jul/2025:13:11:23 +0000] "GET /wp-login.php HTTP/1.1" 200 2013 "-" "Mozilla/5.0 (Windows NT 10.0; Win64; x64) AppleWebKit/537.36 (KHTML, like Gecko) Chrome/130.0.0.0 Safari/537.36"
50.87.170.127 - - [14/Jul/2025:13:11:23 +0000] "POST /wp-login.php HTTP/1.1" 200 2133 "https://gardenify.com.au/wp-login.php" "Mozilla/5.0 (Windows NT 10.0; Win64; x64) AppleWebKit/537.36 (KHTML, like Gecko) Chrome/130.0.0.0 Safari/537.36"
216.73.216.45 - - [14/Jul/2025:13:11:24 +0000] "GET /goodscode/9913309.shtm HTTP/1.1" 404 11743 "-" "Mozilla/5.0 AppleWebKit/537.36 (KHTML, like Gecko; compatible; ClaudeBot/1.0; [email protected])"
63.250.44.121 - - [14/Jul/2025:13:11:25 +0000] "GET /wp-login.php HTTP/1.1" 200 2013 "-" "Mozilla/5.0 (Windows NT 10.0; Win64; x64) AppleWebKit/537.36 (KHTML, like Gecko) Chrome/130.0.0.0 Safari/537.36"
63.250.44.121 - - [14/Jul/2025:13:11:25 +0000] "POST /wp-login.php HTTP/1.1" 200 2133 "https://gardenify.com.au/wp-login.php" "Mozilla/5.0 (Windows NT 10.0; Win64; x64) AppleWebKit/537.36 (KHTML, like Gecko) Chrome/130.0.0.0 Safari/537.36"
216.73.216.45 - - [14/Jul/2025:13:11:27 +0000] "GET /goodscode/9913151.shtm HTTP/1.1" 404 11743 "-" "Mozilla/5.0 AppleWebKit/537.36 (KHTML, like Gecko; compatible; ClaudeBot/1.0; [email protected])"
178.156.146.80 - - [14/Jul/2025:13:11:27 +0000] "GET /wp-login.php HTTP/1.1" 200 2013 "-" "Mozilla/5.0 (Windows NT 10.0; Win64; x64) AppleWebKit/537.36 (KHTML, like Gecko) Chrome/130.0.0.0 Safari/537.36"
178.156.146.80 - - [14/Jul/2025:13:11:27 +0000] "POST /wp-login.php HTTP/1.1" 200 2133 "https://gardenify.com.au/wp-login.php" "Mozilla/5.0 (Windows NT 10.0; Win64; x64) AppleWebKit/537.36 (KHTML, like Gecko) Chrome/130.0.0.0 Safari/537.36"
66.249.79.236 - - [14/Jul/2025:13:11:27 +0000] "GET /?s=80971896031490&mod=178b79d3&uri=blog.php?goodscode/66121.shtm HTTP/1.1" 200 18630 "-" "Mozilla/5.0 (Linux; Android 6.0.1; Nexus 5X Build/MMB29P) AppleWebKit/537.36 (KHTML, like Gecko) Chrome/137.0.7151.103 Mobile Safari/537.36 (compatible; Googlebot/2.1; +http://www.google.com/bot.html)"
216.73.216.45 - - [14/Jul/2025:13:11:30 +0000] "GET /goodscode/9902308.shtm HTTP/1.1" 404 11743 "-" "Mozilla/5.0 AppleWebKit/537.36 (KHTML, like Gecko; compatible; ClaudeBot/1.0; [email protected])"
216.73.216.45 - - [14/Jul/2025:13:11:33 +0000] "GET /goodscode/9919803.shtm HTTP/1.1" 404 11743 "-" "Mozilla/5.0 AppleWebKit/537.36 (KHTML, like Gecko; compatible; ClaudeBot/1.0; [email protected])"
66.249.79.236 - - [14/Jul/2025:13:11:34 +0000] "POST /get-message-notify HTTP/1.1" 200 18123 "https://gardenify.com.au/?s=22090271031490&mod=073f456b&uri=search.php%3Fid%3D737352-807%26name%3Dblue+and+pink+polka+dot+sweater" "Mozilla/5.0 (Linux; Android 6.0.1; Nexus 5X Build/MMB29P) AppleWebKit/537.36 (KHTML, like Gecko) Chrome/137.0.7151.119 Mobile Safari/537.36 (compatible; Googlebot/2.1; +http://www.google.com/bot.html)"
66.249.79.236 - - [14/Jul/2025:13:11:39 +0000] "POST /get-message-notify HTTP/1.1" 200 18123 "https://gardenify.com.au/?s=80969286001490&mod=0a6b8177&uri=shared.php?man/kaitori/ansin.html" "Mozilla/5.0 (Linux; Android 6.0.1; Nexus 5X Build/MMB29P) AppleWebKit/537.36 (KHTML, like Gecko) Chrome/137.0.7151.119 Mobile Safari/537.36 (compatible; Googlebot/2.1; +http://www.google.com/bot.html)"
207.244.240.203 - - [14/Jul/2025:13:11:40 +0000] "POST /xmlrpc.php HTTP/1.1" 200 403 "-" "Mozilla/5.0 (Linux; Android 10) AppleWebKit/537.36 (KHTML, like Gecko) Chrome/91.0.4472.114 Mobile Safari/537.36"
66.249.79.236 - - [14/Jul/2025:13:11:40 +0000] "GET /?s=80971896031490&mod=178b79d3&uri=blog.php?goodscode/67858.shtm HTTP/1.1" 200 19336 "-" "Mozilla/5.0 (Linux; Android 6.0.1; Nexus 5X Build/MMB29P) AppleWebKit/537.36 (KHTML, like Gecko) Chrome/137.0.7151.103 Mobile Safari/537.36 (compatible; Googlebot/2.1; +http://www.google.com/bot.html)"
66.249.79.236 - - [14/Jul/2025:13:11:52 +0000] "GET /?s=80971896031490&mod=178b79d3&uri=blog.php?toreka/toreka_single.html HTTP/1.1" 200 18835 "-" "Mozilla/5.0 (Linux; Android 6.0.1; Nexus 5X Build/MMB29P) AppleWebKit/537.36 (KHTML, like Gecko) Chrome/137.0.7151.103 Mobile Safari/537.36 (compatible; Googlebot/2.1; +http://www.google.com/bot.html)"
66.249.79.236 - - [14/Jul/2025:13:11:57 +0000] "GET /?s=84064351051490&mod=9cecbb6f&uri=itm.php?cd.html HTTP/1.1" 200 18843 "-" "Mozilla/5.0 (Linux; Android 6.0.1; Nexus 5X Build/MMB29P) AppleWebKit/537.36 (KHTML, like Gecko) Chrome/137.0.7151.103 Mobile Safari/537.36 (compatible; Googlebot/2.1; +http://www.google.com/bot.html)"
209.74.77.214 - - [14/Jul/2025:13:12:01 +0000] "POST /wp-cron.php?doing_wp_cron=1752498721.7864389419555664062500 HTTP/1.1" 200 - "-" "WordPress/6.8.1; https://gardenify.com.au"
216.73.216.45 - - [14/Jul/2025:13:12:01 +0000] "GET /goodscode/9921219.shtm HTTP/1.1" 404 11743 "-" "Mozilla/5.0 AppleWebKit/537.36 (KHTML, like Gecko; compatible; ClaudeBot/1.0; [email protected])"
209.74.77.214 - - [14/Jul/2025:13:12:01 +0000] "POST /wp-admin/admin-ajax.php?action=async_litespeed&nonce=fpQs2sZeg9ceBCJGed2DaJqx9sWwobqt&litespeed_type=imgoptm HTTP/1.1" 200 21 "-" "WordPress/6.8.1; https://gardenify.com.au"
216.73.216.45 - - [14/Jul/2025:13:12:04 +0000] "GET /goodscode/9917001.shtm HTTP/1.1" 404 11743 "-" "Mozilla/5.0 AppleWebKit/537.36 (KHTML, like Gecko; compatible; ClaudeBot/1.0; [email protected])"
216.73.216.45 - - [14/Jul/2025:13:12:07 +0000] "GET /goodscode/9916925.shtm HTTP/1.1" 404 11743 "-" "Mozilla/5.0 AppleWebKit/537.36 (KHTML, like Gecko; compatible; ClaudeBot/1.0; [email protected])"
216.73.216.45 - - [14/Jul/2025:13:12:10 +0000] "GET /goodscode/9913770.shtm HTTP/1.1" 404 11743 "-" "Mozilla/5.0 AppleWebKit/537.36 (KHTML, like Gecko; compatible; ClaudeBot/1.0; [email protected])"
50.87.249.35 - - [14/Jul/2025:13:12:11 +0000] "GET /wp-login.php HTTP/1.1" 200 2013 "-" "Mozilla/5.0 (Windows NT 10.0; Win64; x64) AppleWebKit/537.36 (KHTML, like Gecko) Chrome/130.0.0.0 Safari/537.36"
50.87.249.35 - - [14/Jul/2025:13:12:12 +0000] "POST /wp-login.php HTTP/1.1" 200 2159 "https://gardenify.com.au/wp-login.php" "Mozilla/5.0 (Windows NT 10.0; Win64; x64) AppleWebKit/537.36 (KHTML, like Gecko) Chrome/130.0.0.0 Safari/537.36"
216.73.216.45 - - [14/Jul/2025:13:12:13 +0000] "GET /goodscode/9915159.shtm HTTP/1.1" 404 11743 "-" "Mozilla/5.0 AppleWebKit/537.36 (KHTML, like Gecko; compatible; ClaudeBot/1.0; [email protected])"
154.211.15.224 - - [14/Jul/2025:13:12:13 +0000] "POST /xmlrpc.php HTTP/1.1" 200 403 "-" "Mozilla/5.0 (Windows NT 10.0; Win64; x64) AppleWebKit/537.36 (KHTML, like Gecko) Chrome/60.0.3112.113 Safari/537.36"
108.179.193.135 - - [14/Jul/2025:13:12:14 +0000] "GET /wp-login.php HTTP/1.1" 200 2013 "-" "Mozilla/5.0 (Windows NT 10.0; Win64; x64) AppleWebKit/537.36 (KHTML, like Gecko) Chrome/130.0.0.0 Safari/537.36"
108.179.193.135 - - [14/Jul/2025:13:12:15 +0000] "POST /wp-login.php HTTP/1.1" 200 2133 "https://gardenify.com.au/wp-login.php" "Mozilla/5.0 (Windows NT 10.0; Win64; x64) AppleWebKit/537.36 (KHTML, like Gecko) Chrome/130.0.0.0 Safari/537.36"
207.244.240.203 - - [14/Jul/2025:13:12:15 +0000] "POST /xmlrpc.php HTTP/1.1" 200 403 "-" "Mozilla/5.0 (Linux; Android 6.0.1; RedMi Note 5 Build/RB3N5C; wv) AppleWebKit/537.36 (KHTML, like Gecko) Version/4.0 Chrome/68.0.3440.91 Mobile Safari/537.36"
66.249.79.237 - - [14/Jul/2025:13:12:15 +0000] "GET /?s=84064351051490&mod=9cecbb6f&uri=itm.php?goodscode/65759.shtm HTTP/1.1" 200 19368 "-" "Mozilla/5.0 (Linux; Android 6.0.1; Nexus 5X Build/MMB29P) AppleWebKit/537.36 (KHTML, like Gecko) Chrome/137.0.7151.103 Mobile Safari/537.36 (compatible; Googlebot/2.1; +http://www.google.com/bot.html)"
192.185.83.98 - - [14/Jul/2025:13:12:16 +0000] "GET /wp-login.php HTTP/1.1" 200 2013 "-" "Mozilla/5.0 (Windows NT 10.0; Win64; x64) AppleWebKit/537.36 (KHTML, like Gecko) Chrome/130.0.0.0 Safari/537.36"
216.73.216.45 - - [14/Jul/2025:13:12:16 +0000] "GET /goodscode/9913227.shtm HTTP/1.1" 404 11743 "-" "Mozilla/5.0 AppleWebKit/537.36 (KHTML, like Gecko; compatible; ClaudeBot/1.0; [email protected])"
192.185.83.98 - - [14/Jul/2025:13:12:16 +0000] "POST /wp-login.php HTTP/1.1" 200 2133 "https://gardenify.com.au/wp-login.php" "Mozilla/5.0 (Windows NT 10.0; Win64; x64) AppleWebKit/537.36 (KHTML, like Gecko) Chrome/130.0.0.0 Safari/537.36"
69.163.176.44 - - [14/Jul/2025:13:12:17 +0000] "POST /xmlrpc.php HTTP/1.1" 200 403 "-" "Mozilla/5.0 (Linux; Android 10; SM-A102U) AppleWebKit/537.36 (KHTML, like Gecko) Chrome/91.0.4472.114 Mobile Safari/537.36"
192.185.4.78 - - [14/Jul/2025:13:12:19 +0000] "GET /wp-login.php HTTP/1.1" 200 2013 "-" "Mozilla/5.0 (Windows NT 10.0; Win64; x64) AppleWebKit/537.36 (KHTML, like Gecko) Chrome/130.0.0.0 Safari/537.36"
192.185.4.78 - - [14/Jul/2025:13:12:20 +0000] "POST /wp-login.php HTTP/1.1" 200 2133 "https://gardenify.com.au/wp-login.php" "Mozilla/5.0 (Windows NT 10.0; Win64; x64) AppleWebKit/537.36 (KHTML, like Gecko) Chrome/130.0.0.0 Safari/537.36"
138.197.152.64 - - [14/Jul/2025:13:12:21 +0000] "GET /wp-login.php HTTP/1.1" 200 2013 "-" "Mozilla/5.0 (Windows NT 10.0; Win64; x64) AppleWebKit/537.36 (KHTML, like Gecko) Chrome/130.0.0.0 Safari/537.36"
138.197.152.64 - - [14/Jul/2025:13:12:21 +0000] "POST /wp-login.php HTTP/1.1" 200 2133 "https://gardenify.com.au/wp-login.php" "Mozilla/5.0 (Windows NT 10.0; Win64; x64) AppleWebKit/537.36 (KHTML, like Gecko) Chrome/130.0.0.0 Safari/537.36"
51.195.219.160 - - [14/Jul/2025:13:12:23 +0000] "GET /wp-login.php HTTP/1.1" 200 2013 "-" "Mozilla/5.0 (Windows NT 10.0; Win64; x64) AppleWebKit/537.36 (KHTML, like Gecko) Chrome/130.0.0.0 Safari/537.36"
51.195.219.160 - - [14/Jul/2025:13:12:24 +0000] "POST /wp-login.php HTTP/1.1" 200 2133 "https://gardenify.com.au/wp-login.php" "Mozilla/5.0 (Windows NT 10.0; Win64; x64) AppleWebKit/537.36 (KHTML, like Gecko) Chrome/130.0.0.0 Safari/537.36"
66.249.79.236 - - [14/Jul/2025:13:12:25 +0000] "GET /?s=84064351051490&mod=9cecbb6f&uri=itm.php?feature/sale2411-5/index.html HTTP/1.1" 200 19285 "-" "Mozilla/5.0 (Linux; Android 6.0.1; Nexus 5X Build/MMB29P) AppleWebKit/537.36 (KHTML, like Gecko) Chrome/137.0.7151.103 Mobile Safari/537.36 (compatible; Googlebot/2.1; +http://www.google.com/bot.html)"
20.112.63.133 - - [14/Jul/2025:13:12:26 +0000] "GET /wp-login.php HTTP/1.1" 200 2013 "-" "Mozilla/5.0 (Windows NT 10.0; Win64; x64) AppleWebKit/537.36 (KHTML, like Gecko) Chrome/130.0.0.0 Safari/537.36"
20.112.63.133 - - [14/Jul/2025:13:12:26 +0000] "POST /wp-login.php HTTP/1.1" 200 2133 "https://gardenify.com.au/wp-login.php" "Mozilla/5.0 (Windows NT 10.0; Win64; x64) AppleWebKit/537.36 (KHTML, like Gecko) Chrome/130.0.0.0 Safari/537.36"
192.185.4.162 - - [14/Jul/2025:13:12:28 +0000] "GET /wp-login.php HTTP/1.1" 200 2013 "-" "Mozilla/5.0 (Windows NT 10.0; Win64; x64) AppleWebKit/537.36 (KHTML, like Gecko) Chrome/130.0.0.0 Safari/537.36"
192.185.4.162 - - [14/Jul/2025:13:12:28 +0000] "POST /wp-login.php HTTP/1.1" 200 2133 "https://gardenify.com.au/wp-login.php" "Mozilla/5.0 (Windows NT 10.0; Win64; x64) AppleWebKit/537.36 (KHTML, like Gecko) Chrome/130.0.0.0 Safari/537.36"
192.185.176.228 - - [14/Jul/2025:13:12:30 +0000] "GET /wp-login.php HTTP/1.1" 200 2013 "-" "Mozilla/5.0 (Windows NT 10.0; Win64; x64) AppleWebKit/537.36 (KHTML, like Gecko) Chrome/130.0.0.0 Safari/537.36"
192.185.176.228 - - [14/Jul/2025:13:12:30 +0000] "POST /wp-login.php HTTP/1.1" 200 2133 "https://gardenify.com.au/wp-login.php" "Mozilla/5.0 (Windows NT 10.0; Win64; x64) AppleWebKit/537.36 (KHTML, like Gecko) Chrome/130.0.0.0 Safari/537.36"
66.249.79.236 - - [14/Jul/2025:13:12:31 +0000] "POST /get-message-notify HTTP/1.1" 200 18123 "https://gardenify.com.au/?s=80970546031490&mod=178b79d3&uri=goods.php?goodscode/65593.shtm" "Mozilla/5.0 (Linux; Android 6.0.1; Nexus 5X Build/MMB29P) AppleWebKit/537.36 (KHTML, like Gecko) Chrome/137.0.7151.119 Mobile Safari/537.36 (compatible; Googlebot/2.1; +http://www.google.com/bot.html)"
66.249.79.236 - - [14/Jul/2025:13:12:46 +0000] "GET /?s=84064351051490&mod=9cecbb6f&uri=itm.php?goodscode/64935.shtm HTTP/1.1" 200 19429 "-" "Mozilla/5.0 (Linux; Android 6.0.1; Nexus 5X Build/MMB29P) AppleWebKit/537.36 (KHTML, like Gecko) Chrome/137.0.7151.103 Mobile Safari/537.36 (compatible; Googlebot/2.1; +http://www.google.com/bot.html)"
66.249.79.236 - - [14/Jul/2025:13:12:56 +0000] "GET /?s=80970726041490&mod=0a6b8177&uri=news.php?goodscode/65963.shtm HTTP/1.1" 200 19657 "-" "Mozilla/5.0 (Linux; Android 6.0.1; Nexus 5X Build/MMB29P) AppleWebKit/537.36 (KHTML, like Gecko) Chrome/137.0.7151.103 Mobile Safari/537.36 (compatible; Googlebot/2.1; +http://www.google.com/bot.html)"
66.249.79.236 - - [14/Jul/2025:13:12:56 +0000] "GET /?s=84064351051490&mod=9cecbb6f&uri=itm.php?goodscode/66146.shtm HTTP/1.1" 200 19260 "-" "Mozilla/5.0 (Linux; Android 6.0.1; Nexus 5X Build/MMB29P) AppleWebKit/537.36 (KHTML, like Gecko) Chrome/137.0.7151.103 Mobile Safari/537.36 (compatible; Googlebot/2.1; +http://www.google.com/bot.html)"
209.74.77.214 - - [14/Jul/2025:13:12:58 +0000] "POST /wp-cron.php?doing_wp_cron=1752498778.2582020759582519531250 HTTP/1.1" 200 - "-" "WordPress/6.8.1; https://gardenify.com.au"
216.73.216.45 - - [14/Jul/2025:13:12:58 +0000] "GET /goodscode/9919394.shtm HTTP/1.1" 404 11743 "-" "Mozilla/5.0 AppleWebKit/537.36 (KHTML, like Gecko; compatible; ClaudeBot/1.0; [email protected])"
209.74.77.214 - - [14/Jul/2025:13:12:58 +0000] "POST /wp-admin/admin-ajax.php?action=async_litespeed&nonce=0sDMGY9Lf7jtY0DXnIEFXanK7Ti4pH0k&litespeed_type=imgoptm HTTP/1.1" 200 21 "-" "WordPress/6.8.1; https://gardenify.com.au"
216.73.216.45 - - [14/Jul/2025:13:13:00 +0000] "GET /goodscode/9911198.shtm HTTP/1.1" 404 11743 "-" "Mozilla/5.0 AppleWebKit/537.36 (KHTML, like Gecko; compatible; ClaudeBot/1.0; [email protected])"
216.73.216.45 - - [14/Jul/2025:13:13:03 +0000] "GET /goodscode/9914454.shtm HTTP/1.1" 404 11743 "-" "Mozilla/5.0 AppleWebKit/537.36 (KHTML, like Gecko; compatible; ClaudeBot/1.0; [email protected])"
216.73.216.45 - - [14/Jul/2025:13:13:06 +0000] "GET /goodscode/9902680.shtm HTTP/1.1" 404 11743 "-" "Mozilla/5.0 AppleWebKit/537.36 (KHTML, like Gecko; compatible; ClaudeBot/1.0; [email protected])"
216.73.216.45 - - [14/Jul/2025:13:13:09 +0000] "GET /goodscode/9914039.shtm HTTP/1.1" 404 11743 "-" "Mozilla/5.0 AppleWebKit/537.36 (KHTML, like Gecko; compatible; ClaudeBot/1.0; [email protected])"
66.249.79.238 - - [14/Jul/2025:13:13:12 +0000] "GET /?s=84064351051490&mod=9cecbb6f&uri=itm.php?goodscode/65685.shtm HTTP/1.1" 200 19044 "-" "Mozilla/5.0 (Linux; Android 6.0.1; Nexus 5X Build/MMB29P) AppleWebKit/537.36 (KHTML, like Gecko) Chrome/137.0.7151.103 Mobile Safari/537.36 (compatible; Googlebot/2.1; +http://www.google.com/bot.html)"
216.73.216.45 - - [14/Jul/2025:13:13:13 +0000] "GET /goodscode/9906343.shtm HTTP/1.1" 404 11742 "-" "Mozilla/5.0 AppleWebKit/537.36 (KHTML, like Gecko; compatible; ClaudeBot/1.0; [email protected])"
66.249.79.237 - - [14/Jul/2025:13:13:21 +0000] "GET /?s=84064351051490&mod=9cecbb6f&uri=itm.php?toreka/goods_menu.html HTTP/1.1" 200 19383 "-" "Mozilla/5.0 (Linux; Android 6.0.1; Nexus 5X Build/MMB29P) AppleWebKit/537.36 (KHTML, like Gecko) Chrome/137.0.7151.103 Mobile Safari/537.36 (compatible; Googlebot/2.1; +http://www.google.com/bot.html)"
66.249.79.236 - - [14/Jul/2025:13:13:40 +0000] "GET /?s=84064351051490&mod=9cecbb6f&uri=itm.php?goodscode/67009.shtm HTTP/1.1" 200 19034 "-" "Mozilla/5.0 (Linux; Android 6.0.1; Nexus 5X Build/MMB29P) AppleWebKit/537.36 (KHTML, like Gecko) Chrome/137.0.7151.103 Mobile Safari/537.36 (compatible; Googlebot/2.1; +http://www.google.com/bot.html)"
66.249.79.236 - - [14/Jul/2025:13:13:45 +0000] "GET /?s=84064351051490&mod=9cecbb6f&uri=itm.php?kaden.html HTTP/1.1" 200 19042 "-" "Mozilla/5.0 (Linux; Android 6.0.1; Nexus 5X Build/MMB29P) AppleWebKit/537.36 (KHTML, like Gecko) Chrome/137.0.7151.103 Mobile Safari/537.36 (compatible; Googlebot/2.1; +http://www.google.com/bot.html)"
209.74.77.214 - - [14/Jul/2025:13:13:52 +0000] "POST /wp-cron.php?doing_wp_cron=1752498832.2069189548492431640625 HTTP/1.1" 200 - "-" "WordPress/6.8.1; https://gardenify.com.au"
159.223.185.27 - - [14/Jul/2025:13:13:52 +0000] "GET /wp-login.php HTTP/1.1" 200 2013 "-" "Mozilla/5.0 (Windows NT 10.0; Win64; x64) AppleWebKit/537.36 (KHTML, like Gecko) Chrome/130.0.0.0 Safari/537.36"
209.74.77.214 - - [14/Jul/2025:13:13:52 +0000] "POST /wp-admin/admin-ajax.php?action=async_litespeed&nonce=6X0udNpWt6uoEyLPgrJjfc2j4FxfhY2B&litespeed_type=imgoptm HTTP/1.1" 200 21 "-" "WordPress/6.8.1; https://gardenify.com.au"
159.223.185.27 - - [14/Jul/2025:13:13:52 +0000] "POST /wp-login.php HTTP/1.1" 200 2133 "https://gardenify.com.au/wp-login.php" "Mozilla/5.0 (Windows NT 10.0; Win64; x64) AppleWebKit/537.36 (KHTML, like Gecko) Chrome/130.0.0.0 Safari/537.36"
216.73.216.45 - - [14/Jul/2025:13:13:52 +0000] "GET /goodscode/9908238.shtm HTTP/1.1" 404 11743 "-" "Mozilla/5.0 AppleWebKit/537.36 (KHTML, like Gecko; compatible; ClaudeBot/1.0; [email protected])"
107.180.118.7 - - [14/Jul/2025:13:13:53 +0000] "GET /wp-login.php HTTP/1.1" 200 2013 "-" "Mozilla/5.0 (Windows NT 10.0; Win64; x64) AppleWebKit/537.36 (KHTML, like Gecko) Chrome/130.0.0.0 Safari/537.36"
209.74.77.214 - - [14/Jul/2025:13:13:54 +0000] "POST /wp-cron.php?doing_wp_cron=1752498834.0275070667266845703125 HTTP/1.1" 200 - "-" "WordPress/6.8.1; https://gardenify.com.au"
107.180.118.7 - - [14/Jul/2025:13:13:53 +0000] "POST /wp-login.php HTTP/1.1" 200 2133 "https://gardenify.com.au/wp-login.php" "Mozilla/5.0 (Windows NT 10.0; Win64; x64) AppleWebKit/537.36 (KHTML, like Gecko) Chrome/130.0.0.0 Safari/537.36"
66.249.79.236 - - [14/Jul/2025:13:13:53 +0000] "GET /?s=84064351051490&mod=9cecbb6f&uri=itm.php?feature/index.html HTTP/1.1" 200 19519 "-" "Mozilla/5.0 (Linux; Android 6.0.1; Nexus 5X Build/MMB29P) AppleWebKit/537.36 (KHTML, like Gecko) Chrome/137.0.7151.103 Mobile Safari/537.36 (compatible; Googlebot/2.1; +http://www.google.com/bot.html)"
216.73.216.45 - - [14/Jul/2025:13:13:55 +0000] "GET /goodscode/9914362.shtm HTTP/1.1" 404 11743 "-" "Mozilla/5.0 AppleWebKit/537.36 (KHTML, like Gecko; compatible; ClaudeBot/1.0; [email protected])"
216.73.216.45 - - [14/Jul/2025:13:13:58 +0000] "GET /goodscode/9911484.shtm HTTP/1.1" 404 11743 "-" "Mozilla/5.0 AppleWebKit/537.36 (KHTML, like Gecko; compatible; ClaudeBot/1.0; [email protected])"
66.249.79.236 - - [14/Jul/2025:13:13:59 +0000] "GET /?s=84064351051490&mod=9cecbb6f&uri=itm.php?dozin.html HTTP/1.1" 200 19305 "-" "Mozilla/5.0 (Linux; Android 6.0.1; Nexus 5X Build/MMB29P) AppleWebKit/537.36 (KHTML, like Gecko) Chrome/137.0.7151.103 Mobile Safari/537.36 (compatible; Googlebot/2.1; +http://www.google.com/bot.html)"
216.73.216.45 - - [14/Jul/2025:13:14:01 +0000] "GET /goodscode/9913605.shtm HTTP/1.1" 404 11743 "-" "Mozilla/5.0 AppleWebKit/537.36 (KHTML, like Gecko; compatible; ClaudeBot/1.0; [email protected])"
216.73.216.45 - - [14/Jul/2025:13:14:04 +0000] "GET /goodscode/9916888.shtm HTTP/1.1" 404 11743 "-" "Mozilla/5.0 AppleWebKit/537.36 (KHTML, like Gecko; compatible; ClaudeBot/1.0; [email protected])"
66.249.79.237 - - [14/Jul/2025:13:14:04 +0000] "POST /get-message-notify HTTP/1.1" 200 18123 "https://gardenify.com.au/?s=84064351051490&mod=9cecbb6f&uri=itm.php?dozin.html" "Mozilla/5.0 (Linux; Android 6.0.1; Nexus 5X Build/MMB29P) AppleWebKit/537.36 (KHTML, like Gecko) Chrome/137.0.7151.119 Mobile Safari/537.36 (compatible; Googlebot/2.1; +http://www.google.com/bot.html)"
213.136.92.71 - - [14/Jul/2025:13:14:05 +0000] "GET /wp-login.php HTTP/1.1" 200 2013 "-" "Mozilla/5.0 (Windows NT 10.0; Win64; x64) AppleWebKit/537.36 (KHTML, like Gecko) Chrome/130.0.0.0 Safari/537.36"
213.136.92.71 - - [14/Jul/2025:13:14:07 +0000] "POST /wp-login.php HTTP/1.1" 200 2133 "https://gardenify.com.au/wp-login.php" "Mozilla/5.0 (Windows NT 10.0; Win64; x64) AppleWebKit/537.36 (KHTML, like Gecko) Chrome/130.0.0.0 Safari/537.36"
216.73.216.45 - - [14/Jul/2025:13:14:08 +0000] "GET /goodscode/9918070.shtm HTTP/1.1" 404 11743 "-" "Mozilla/5.0 AppleWebKit/537.36 (KHTML, like Gecko; compatible; ClaudeBot/1.0; [email protected])"
178.156.146.80 - - [14/Jul/2025:13:14:10 +0000] "GET /wp-login.php HTTP/1.1" 200 2013 "-" "Mozilla/5.0 (Windows NT 10.0; Win64; x64) AppleWebKit/537.36 (KHTML, like Gecko) Chrome/130.0.0.0 Safari/537.36"
178.156.146.80 - - [14/Jul/2025:13:14:10 +0000] "POST /wp-login.php HTTP/1.1" 200 2133 "https://gardenify.com.au/wp-login.php" "Mozilla/5.0 (Windows NT 10.0; Win64; x64) AppleWebKit/537.36 (KHTML, like Gecko) Chrome/130.0.0.0 Safari/537.36"
54.36.208.50 - - [14/Jul/2025:13:14:12 +0000] "GET /wp-login.php HTTP/1.1" 200 2013 "-" "Mozilla/5.0 (Windows NT 10.0; Win64; x64) AppleWebKit/537.36 (KHTML, like Gecko) Chrome/130.0.0.0 Safari/537.36"
54.36.208.50 - - [14/Jul/2025:13:14:12 +0000] "POST /wp-login.php HTTP/1.1" 200 2161 "https://gardenify.com.au/wp-login.php" "Mozilla/5.0 (Windows NT 10.0; Win64; x64) AppleWebKit/537.36 (KHTML, like Gecko) Chrome/130.0.0.0 Safari/537.36"
66.249.79.236 - - [14/Jul/2025:13:14:12 +0000] "GET /?s=79601514031490&mod=c7e6d11d&uri=article.php?goodscode/65307.shtm HTTP/1.1" 200 18787 "-" "Mozilla/5.0 (Linux; Android 6.0.1; Nexus 5X Build/MMB29P) AppleWebKit/537.36 (KHTML, like Gecko) Chrome/137.0.7151.103 Mobile Safari/537.36 (compatible; Googlebot/2.1; +http://www.google.com/bot.html)"
66.249.79.236 - - [14/Jul/2025:13:14:13 +0000] "GET /?s=84064351051490&mod=9cecbb6f&uri=itm.php?goodscode/65233.shtm HTTP/1.1" 200 19364 "-" "Mozilla/5.0 (Linux; Android 6.0.1; Nexus 5X Build/MMB29P) AppleWebKit/537.36 (KHTML, like Gecko) Chrome/137.0.7151.103 Mobile Safari/537.36 (compatible; Googlebot/2.1; +http://www.google.com/bot.html)"
85.10.157.134 - - [14/Jul/2025:13:14:14 +0000] "GET /wp-login.php HTTP/1.1" 200 2013 "-" "Mozilla/5.0 (Windows NT 10.0; Win64; x64) AppleWebKit/537.36 (KHTML, like Gecko) Chrome/130.0.0.0 Safari/537.36"
85.10.157.134 - - [14/Jul/2025:13:14:14 +0000] "POST /wp-login.php HTTP/1.1" 200 2160 "https://gardenify.com.au/wp-login.php" "Mozilla/5.0 (Windows NT 10.0; Win64; x64) AppleWebKit/537.36 (KHTML, like Gecko) Chrome/130.0.0.0 Safari/537.36"
5.23.50.27 - - [14/Jul/2025:13:14:16 +0000] "GET /wp-login.php HTTP/1.1" 200 2013 "-" "Mozilla/5.0 (Windows NT 10.0; Win64; x64) AppleWebKit/537.36 (KHTML, like Gecko) Chrome/130.0.0.0 Safari/537.36"
5.23.50.27 - - [14/Jul/2025:13:14:16 +0000] "POST /wp-login.php HTTP/1.1" 200 2133 "https://gardenify.com.au/wp-login.php" "Mozilla/5.0 (Windows NT 10.0; Win64; x64) AppleWebKit/537.36 (KHTML, like Gecko) Chrome/130.0.0.0 Safari/537.36"
220.158.232.245 - - [14/Jul/2025:13:14:25 +0000] "GET /wp-login.php HTTP/1.1" 200 2013 "-" "Mozilla/5.0 (Windows NT 10.0; Win64; x64) AppleWebKit/537.36 (KHTML, like Gecko) Chrome/130.0.0.0 Safari/537.36"
220.158.232.245 - - [14/Jul/2025:13:14:26 +0000] "POST /wp-login.php HTTP/1.1" 200 2133 "https://gardenify.com.au/wp-login.php" "Mozilla/5.0 (Windows NT 10.0; Win64; x64) AppleWebKit/537.36 (KHTML, like Gecko) Chrome/130.0.0.0 Safari/537.36"
138.197.152.64 - - [14/Jul/2025:13:14:27 +0000] "GET /wp-login.php HTTP/1.1" 200 2013 "-" "Mozilla/5.0 (Windows NT 10.0; Win64; x64) AppleWebKit/537.36 (KHTML, like Gecko) Chrome/130.0.0.0 Safari/537.36"
138.197.152.64 - - [14/Jul/2025:13:14:27 +0000] "POST /wp-login.php HTTP/1.1" 200 2133 "https://gardenify.com.au/wp-login.php" "Mozilla/5.0 (Windows NT 10.0; Win64; x64) AppleWebKit/537.36 (KHTML, like Gecko) Chrome/130.0.0.0 Safari/537.36"
66.249.79.236 - - [14/Jul/2025:13:14:29 +0000] "GET /?s=84064351051490&mod=9cecbb6f&uri=itm.php?goodscode/67190.shtm HTTP/1.1" 200 19371 "-" "Mozilla/5.0 (Linux; Android 6.0.1; Nexus 5X Build/MMB29P) AppleWebKit/537.36 (KHTML, like Gecko) Chrome/137.0.7151.103 Mobile Safari/537.36 (compatible; Googlebot/2.1; +http://www.google.com/bot.html)"
139.59.90.110 - - [14/Jul/2025:13:14:30 +0000] "GET /wp-login.php HTTP/1.1" 200 2013 "-" "Mozilla/5.0 (Windows NT 10.0; Win64; x64) AppleWebKit/537.36 (KHTML, like Gecko) Chrome/130.0.0.0 Safari/537.36"
139.59.90.110 - - [14/Jul/2025:13:14:31 +0000] "POST /wp-login.php HTTP/1.1" 200 2133 "https://gardenify.com.au/wp-login.php" "Mozilla/5.0 (Windows NT 10.0; Win64; x64) AppleWebKit/537.36 (KHTML, like Gecko) Chrome/130.0.0.0 Safari/537.36"
66.249.79.236 - - [14/Jul/2025:13:14:46 +0000] "GET /?s=84064351051490&mod=9cecbb6f&uri=itm.php?goodscode/65710.shtm HTTP/1.1" 200 19469 "-" "Mozilla/5.0 (Linux; Android 6.0.1; Nexus 5X Build/MMB29P) AppleWebKit/537.36 (KHTML, like Gecko) Chrome/137.0.7151.103 Mobile Safari/537.36 (compatible; Googlebot/2.1; +http://www.google.com/bot.html)"
66.249.79.236 - - [14/Jul/2025:13:14:46 +0000] "GET /?s=80972166021490&mod=0a6b8177&uri=shop.php?man/kaitori/kantan.html HTTP/1.1" 200 19734 "-" "Mozilla/5.0 (Linux; Android 6.0.1; Nexus 5X Build/MMB29P) AppleWebKit/537.36 (KHTML, like Gecko) Chrome/137.0.7151.103 Mobile Safari/537.36 (compatible; Googlebot/2.1; +http://www.google.com/bot.html)"
203.161.43.55 - - [14/Jul/2025:13:14:47 +0000] "GET /wp-login.php HTTP/1.1" 200 2013 "-" "Mozilla/5.0 (Windows NT 10.0; Win64; x64) AppleWebKit/537.36 (KHTML, like Gecko) Chrome/130.0.0.0 Safari/537.36"
203.161.43.55 - - [14/Jul/2025:13:14:48 +0000] "POST /wp-login.php HTTP/1.1" 200 2133 "https://gardenify.com.au/wp-login.php" "Mozilla/5.0 (Windows NT 10.0; Win64; x64) AppleWebKit/537.36 (KHTML, like Gecko) Chrome/130.0.0.0 Safari/537.36"
74.176.88.41 - - [14/Jul/2025:13:14:50 +0000] "GET /wp-login.php HTTP/1.1" 200 2013 "-" "Mozilla/5.0 (Windows NT 10.0; Win64; x64) AppleWebKit/537.36 (KHTML, like Gecko) Chrome/130.0.0.0 Safari/537.36"
74.176.88.41 - - [14/Jul/2025:13:14:50 +0000] "POST /wp-login.php HTTP/1.1" 200 2133 "https://gardenify.com.au/wp-login.php" "Mozilla/5.0 (Windows NT 10.0; Win64; x64) AppleWebKit/537.36 (KHTML, like Gecko) Chrome/130.0.0.0 Safari/537.36"
66.249.79.236 - - [14/Jul/2025:13:14:55 +0000] "GET /?s=80970546031490&mod=178b79d3&uri=goods.php?goodscode/2075320.shtm HTTP/1.1" 200 18869 "-" "Mozilla/5.0 (Linux; Android 6.0.1; Nexus 5X Build/MMB29P) AppleWebKit/537.36 (KHTML, like Gecko) Chrome/137.0.7151.103 Mobile Safari/537.36 (compatible; Googlebot/2.1; +http://www.google.com/bot.html)"
209.74.77.214 - - [14/Jul/2025:13:14:55 +0000] "POST /wp-cron.php?doing_wp_cron=1752498895.8042650222778320312500 HTTP/1.1" 200 - "-" "WordPress/6.8.1; https://gardenify.com.au"
216.73.216.45 - - [14/Jul/2025:13:14:55 +0000] "GET /goodscode/9906409.shtm HTTP/1.1" 404 11743 "-" "Mozilla/5.0 AppleWebKit/537.36 (KHTML, like Gecko; compatible; ClaudeBot/1.0; [email protected])"
209.74.77.214 - - [14/Jul/2025:13:14:55 +0000] "POST /wp-admin/admin-ajax.php?action=async_litespeed&nonce=fY0QARIbdHu2tz4c6wUudJ04ScgBrD30&litespeed_type=imgoptm HTTP/1.1" 200 21 "-" "WordPress/6.8.1; https://gardenify.com.au"
66.249.79.236 - - [14/Jul/2025:13:14:56 +0000] "GET /?s=84064351051490&mod=9cecbb6f&uri=itm.php?goodscode/66055.shtm HTTP/1.1" 200 18535 "-" "Mozilla/5.0 (Linux; Android 6.0.1; Nexus 5X Build/MMB29P) AppleWebKit/537.36 (KHTML, like Gecko) Chrome/137.0.7151.103 Mobile Safari/537.36 (compatible; Googlebot/2.1; +http://www.google.com/bot.html)"
216.73.216.45 - - [14/Jul/2025:13:14:58 +0000] "GET /goodscode/9893142.shtm HTTP/1.1" 404 11743 "-" "Mozilla/5.0 AppleWebKit/537.36 (KHTML, like Gecko; compatible; ClaudeBot/1.0; [email protected])"
216.73.216.45 - - [14/Jul/2025:13:15:00 +0000] "GET /goodscode/9911377.shtm HTTP/1.1" 404 11743 "-" "Mozilla/5.0 AppleWebKit/537.36 (KHTML, like Gecko; compatible; ClaudeBot/1.0; [email protected])"
216.73.216.45 - - [14/Jul/2025:13:15:03 +0000] "GET /goodscode/9919293.shtm HTTP/1.1" 404 11743 "-" "Mozilla/5.0 AppleWebKit/537.36 (KHTML, like Gecko; compatible; ClaudeBot/1.0; [email protected])"
216.73.216.45 - - [14/Jul/2025:13:15:06 +0000] "GET /goodscode/9910236.shtm HTTP/1.1" 404 11743 "-" "Mozilla/5.0 AppleWebKit/537.36 (KHTML, like Gecko; compatible; ClaudeBot/1.0; [email protected])"
66.249.79.236 - - [14/Jul/2025:13:15:07 +0000] "GET /?s=84064351051490&mod=9cecbb6f&uri=itm.php?goodscode/67821.shtm HTTP/1.1" 200 19081 "-" "Mozilla/5.0 (Linux; Android 6.0.1; Nexus 5X Build/MMB29P) AppleWebKit/537.36 (KHTML, like Gecko) Chrome/137.0.7151.103 Mobile Safari/537.36 (compatible; Googlebot/2.1; +http://www.google.com/bot.html)"
216.73.216.45 - - [14/Jul/2025:13:15:09 +0000] "GET /goodscode/9911597.shtm HTTP/1.1" 404 11743 "-" "Mozilla/5.0 AppleWebKit/537.36 (KHTML, like Gecko; compatible; ClaudeBot/1.0; [email protected])"
66.249.79.236 - - [14/Jul/2025:13:15:12 +0000] "GET /?s=84064351051490&mod=9cecbb6f&uri=itm.php?cargo/detail HTTP/1.1" 200 19521 "-" "Mozilla/5.0 (Linux; Android 6.0.1; Nexus 5X Build/MMB29P) AppleWebKit/537.36 (KHTML, like Gecko) Chrome/137.0.7151.103 Mobile Safari/537.36 (compatible; Googlebot/2.1; +http://www.google.com/bot.html)"
66.249.79.236 - - [14/Jul/2025:13:15:28 +0000] "GET /?s=84064351051490&mod=9cecbb6f&uri=itm.php?goodscode/65527.shtm HTTP/1.1" 200 19440 "-" "Mozilla/5.0 (Linux; Android 6.0.1; Nexus 5X Build/MMB29P) AppleWebKit/537.36 (KHTML, like Gecko) Chrome/137.0.7151.103 Mobile Safari/537.36 (compatible; Googlebot/2.1; +http://www.google.com/bot.html)"
66.249.79.236 - - [14/Jul/2025:13:15:39 +0000] "GET /?s=84064351051490&mod=9cecbb6f&uri=itm.php?goodscode/67601.shtm HTTP/1.1" 200 19242 "-" "Mozilla/5.0 (Linux; Android 6.0.1; Nexus 5X Build/MMB29P) AppleWebKit/537.36 (KHTML, like Gecko) Chrome/137.0.7151.103 Mobile Safari/537.36 (compatible; Googlebot/2.1; +http://www.google.com/bot.html)"
66.249.79.236 - - [14/Jul/2025:13:15:55 +0000] "GET /?s=84064351051490&mod=9cecbb6f&uri=itm.php?goodscode/66121.shtm HTTP/1.1" 200 18629 "-" "Mozilla/5.0 (Linux; Android 6.0.1; Nexus 5X Build/MMB29P) AppleWebKit/537.36 (KHTML, like Gecko) Chrome/137.0.7151.103 Mobile Safari/537.36 (compatible; Googlebot/2.1; +http://www.google.com/bot.html)"
209.74.77.214 - - [14/Jul/2025:13:16:02 +0000] "POST /wp-cron.php?doing_wp_cron=1752498962.9486219882965087890625 HTTP/1.1" 200 - "-" "WordPress/6.8.1; https://gardenify.com.au"
108.167.132.53 - - [14/Jul/2025:13:16:02 +0000] "GET /wp-login.php HTTP/1.1" 200 2013 "-" "Mozilla/5.0 (Windows NT 10.0; Win64; x64) AppleWebKit/537.36 (KHTML, like Gecko) Chrome/130.0.0.0 Safari/537.36"
209.74.77.214 - - [14/Jul/2025:13:16:03 +0000] "POST /wp-admin/admin-ajax.php?action=async_litespeed&nonce=MjJ3eQHa8WIvIRBxG66v6svCDrhUGNlP&litespeed_type=imgoptm HTTP/1.1" 200 21 "-" "WordPress/6.8.1; https://gardenify.com.au"
108.167.132.53 - - [14/Jul/2025:13:16:03 +0000] "POST /wp-login.php HTTP/1.1" 200 2133 "https://gardenify.com.au/wp-login.php" "Mozilla/5.0 (Windows NT 10.0; Win64; x64) AppleWebKit/537.36 (KHTML, like Gecko) Chrome/130.0.0.0 Safari/537.36"
66.249.79.237 - - [14/Jul/2025:13:16:11 +0000] "GET /?s=84064351051490&mod=9cecbb6f&uri=itm.php?toreka/toreka_single.html HTTP/1.1" 200 18835 "-" "Mozilla/5.0 (Linux; Android 6.0.1; Nexus 5X Build/MMB29P) AppleWebKit/537.36 (KHTML, like Gecko) Chrome/137.0.7151.103 Mobile Safari/537.36 (compatible; Googlebot/2.1; +http://www.google.com/bot.html)"
216.73.216.45 - - [14/Jul/2025:13:16:14 +0000] "GET /goodscode/9916047.shtm HTTP/1.1" 404 11743 "-" "Mozilla/5.0 AppleWebKit/537.36 (KHTML, like Gecko; compatible; ClaudeBot/1.0; [email protected])"
108.179.253.160 - - [14/Jul/2025:13:16:15 +0000] "GET /wp-login.php HTTP/1.1" 200 2013 "-" "Mozilla/5.0 (Windows NT 10.0; Win64; x64) AppleWebKit/537.36 (KHTML, like Gecko) Chrome/130.0.0.0 Safari/537.36"
108.179.253.160 - - [14/Jul/2025:13:16:15 +0000] "POST /wp-login.php HTTP/1.1" 200 2133 "https://gardenify.com.au/wp-login.php" "Mozilla/5.0 (Windows NT 10.0; Win64; x64) AppleWebKit/537.36 (KHTML, like Gecko) Chrome/130.0.0.0 Safari/537.36"
74.208.81.247 - - [14/Jul/2025:13:16:17 +0000] "GET /wp-login.php HTTP/1.1" 200 2013 "-" "Mozilla/5.0 (Windows NT 10.0; Win64; x64) AppleWebKit/537.36 (KHTML, like Gecko) Chrome/130.0.0.0 Safari/537.36"
216.73.216.45 - - [14/Jul/2025:13:16:17 +0000] "GET /goodscode/9918146.shtm HTTP/1.1" 404 11743 "-" "Mozilla/5.0 AppleWebKit/537.36 (KHTML, like Gecko; compatible; ClaudeBot/1.0; [email protected])"
74.208.81.247 - - [14/Jul/2025:13:16:17 +0000] "POST /wp-login.php HTTP/1.1" 200 2161 "https://gardenify.com.au/wp-login.php" "Mozilla/5.0 (Windows NT 10.0; Win64; x64) AppleWebKit/537.36 (KHTML, like Gecko) Chrome/130.0.0.0 Safari/537.36"
216.172.173.5 - - [14/Jul/2025:13:16:18 +0000] "GET /wp-login.php HTTP/1.1" 200 2013 "-" "Mozilla/5.0 (Windows NT 10.0; Win64; x64) AppleWebKit/537.36 (KHTML, like Gecko) Chrome/130.0.0.0 Safari/537.36"
216.172.173.5 - - [14/Jul/2025:13:16:19 +0000] "POST /wp-login.php HTTP/1.1" 200 2160 "https://gardenify.com.au/wp-login.php" "Mozilla/5.0 (Windows NT 10.0; Win64; x64) AppleWebKit/537.36 (KHTML, like Gecko) Chrome/130.0.0.0 Safari/537.36"
216.73.216.45 - - [14/Jul/2025:13:16:20 +0000] "GET /goodscode/9911451.shtm HTTP/1.1" 404 11743 "-" "Mozilla/5.0 AppleWebKit/537.36 (KHTML, like Gecko; compatible; ClaudeBot/1.0; [email protected])"
216.73.216.45 - - [14/Jul/2025:13:16:23 +0000] "GET /goodscode/9917361.shtm HTTP/1.1" 404 11743 "-" "Mozilla/5.0 AppleWebKit/537.36 (KHTML, like Gecko; compatible; ClaudeBot/1.0; [email protected])"
216.73.216.45 - - [14/Jul/2025:13:16:26 +0000] "GET /goodscode/9896990.shtm HTTP/1.1" 404 11743 "-" "Mozilla/5.0 AppleWebKit/537.36 (KHTML, like Gecko; compatible; ClaudeBot/1.0; [email protected])"
216.73.216.45 - - [14/Jul/2025:13:16:29 +0000] "GET /goodscode/9919137.shtm HTTP/1.1" 404 11743 "-" "Mozilla/5.0 AppleWebKit/537.36 (KHTML, like Gecko; compatible; ClaudeBot/1.0; [email protected])"
66.249.79.237 - - [14/Jul/2025:13:16:30 +0000] "GET /?s=84068101041490&mod=9cecbb6f&uri=info.php?feature/idol/gradol.html HTTP/1.1" 200 19348 "-" "Mozilla/5.0 (Linux; Android 6.0.1; Nexus 5X Build/MMB29P) AppleWebKit/537.36 (KHTML, like Gecko) Chrome/137.0.7151.103 Mobile Safari/537.36 (compatible; Googlebot/2.1; +http://www.google.com/bot.html)"
66.249.79.236 - - [14/Jul/2025:13:16:39 +0000] "GET /?s=84068101041490&mod=9cecbb6f&uri=info.php?%3Fid%3D2805499-344%26name%3Dspring+embedded+redis HTTP/1.1" 200 18798 "-" "Mozilla/5.0 (Linux; Android 6.0.1; Nexus 5X Build/MMB29P) AppleWebKit/537.36 (KHTML, like Gecko) Chrome/137.0.7151.103 Mobile Safari/537.36 (compatible; Googlebot/2.1; +http://www.google.com/bot.html)"
66.249.79.236 - - [14/Jul/2025:13:16:55 +0000] "GET /?s=84068101041490&mod=9cecbb6f&uri=info.php?goodscode/67858.shtm HTTP/1.1" 200 19337 "-" "Mozilla/5.0 (Linux; Android 6.0.1; Nexus 5X Build/MMB29P) AppleWebKit/537.36 (KHTML, like Gecko) Chrome/137.0.7151.103 Mobile Safari/537.36 (compatible; Googlebot/2.1; +http://www.google.com/bot.html)"
66.249.79.236 - - [14/Jul/2025:13:16:55 +0000] "GET /?s=80966496031490&mod=178b79d3&uri=info.php?goodscode/2325627.shtm HTTP/1.1" 200 18938 "-" "Mozilla/5.0 (Linux; Android 6.0.1; Nexus 5X Build/MMB29P) AppleWebKit/537.36 (KHTML, like Gecko) Chrome/137.0.7151.103 Mobile Safari/537.36 (compatible; Googlebot/2.1; +http://www.google.com/bot.html)"
66.249.79.237 - - [14/Jul/2025:13:17:05 +0000] "GET /?s=84068101041490&mod=9cecbb6f&uri=info.php?goodscode/67675.shtm HTTP/1.1" 200 19431 "-" "Mozilla/5.0 (Linux; Android 6.0.1; Nexus 5X Build/MMB29P) AppleWebKit/537.36 (KHTML, like Gecko) Chrome/137.0.7151.103 Mobile Safari/537.36 (compatible; Googlebot/2.1; +http://www.google.com/bot.html)"
66.249.79.237 - - [14/Jul/2025:13:17:10 +0000] "POST /get-message-notify HTTP/1.1" 200 18123 "https://gardenify.com.au/?s=84068101041490&mod=9cecbb6f&uri=info.php?goodscode/67675.shtm" "Mozilla/5.0 (Linux; Android 6.0.1; Nexus 5X Build/MMB29P) AppleWebKit/537.36 (KHTML, like Gecko) Chrome/137.0.7151.119 Mobile Safari/537.36 (compatible; Googlebot/2.1; +http://www.google.com/bot.html)"
209.74.77.214 - - [14/Jul/2025:13:17:18 +0000] "POST /wp-cron.php?doing_wp_cron=1752499038.0359489917755126953125 HTTP/1.1" 200 - "-" "WordPress/6.8.1; https://gardenify.com.au"
216.73.216.45 - - [14/Jul/2025:13:17:17 +0000] "GET /goodscode/9908146.shtm HTTP/1.1" 404 11743 "-" "Mozilla/5.0 AppleWebKit/537.36 (KHTML, like Gecko; compatible; ClaudeBot/1.0; [email protected])"
209.74.77.214 - - [14/Jul/2025:13:17:18 +0000] "POST /wp-admin/admin-ajax.php?action=async_litespeed&nonce=HPk2E64g5dQEaOH4Pe4bZTFXsWd2RQbf&litespeed_type=imgoptm HTTP/1.1" 200 21 "-" "WordPress/6.8.1; https://gardenify.com.au"
66.249.79.236 - - [14/Jul/2025:13:17:18 +0000] "GET /?s=84068101041490&mod=9cecbb6f&uri=info.php?goodscode/67784.shtm HTTP/1.1" 200 18324 "-" "Mozilla/5.0 (Linux; Android 6.0.1; Nexus 5X Build/MMB29P) AppleWebKit/537.36 (KHTML, like Gecko) Chrome/137.0.7151.103 Mobile Safari/537.36 (compatible; Googlebot/2.1; +http://www.google.com/bot.html)"
66.249.79.236 - - [14/Jul/2025:13:17:19 +0000] "GET /?s=77588572001490&mod=4944ebd2&uri=search.php%3Fid%3D2589199-1414%26name%3Dbotas+cat+de+seguridad HTTP/1.1" 200 18799 "-" "Mozilla/5.0 (Linux; Android 6.0.1; Nexus 5X Build/MMB29P) AppleWebKit/537.36 (KHTML, like Gecko) Chrome/137.0.7151.103 Mobile Safari/537.36 (compatible; Googlebot/2.1; +http://www.google.com/bot.html)"
216.73.216.45 - - [14/Jul/2025:13:17:20 +0000] "GET /goodscode/9913745.shtm HTTP/1.1" 404 11743 "-" "Mozilla/5.0 AppleWebKit/537.36 (KHTML, like Gecko; compatible; ClaudeBot/1.0; [email protected])"
216.73.216.45 - - [14/Jul/2025:13:17:23 +0000] "GET /goodscode/9906641.shtm HTTP/1.1" 404 11743 "-" "Mozilla/5.0 AppleWebKit/537.36 (KHTML, like Gecko; compatible; ClaudeBot/1.0; [email protected])"
66.249.79.236 - - [14/Jul/2025:13:17:26 +0000] "POST /get-message-notify HTTP/1.1" 200 18123 "https://gardenify.com.au/?s=84068101041490&mod=9cecbb6f&uri=info.php?goodscode/67858.shtm" "Mozilla/5.0 (Linux; Android 6.0.1; Nexus 5X Build/MMB29P) AppleWebKit/537.36 (KHTML, like Gecko) Chrome/137.0.7151.119 Mobile Safari/537.36 (compatible; Googlebot/2.1; +http://www.google.com/bot.html)"
216.73.216.45 - - [14/Jul/2025:13:17:27 +0000] "GET /goodscode/9906296.shtm HTTP/1.1" 404 11743 "-" "Mozilla/5.0 AppleWebKit/537.36 (KHTML, like Gecko; compatible; ClaudeBot/1.0; [email protected])"
