66.249.79.236 - - [14/Jul/2025:15:44:50 +0000] "GET /?s=87648542101490&mod=dcfa2657&uri=shop.php?%3Fid%3D2924987-1538%26name%3Dcat+harness+proper+fit HTTP/1.1" 200 18801 "-" "Mozilla/5.0 (Linux; Android 6.0.1; Nexus 5X Build/MMB29P) AppleWebKit/537.36 (KHTML, like Gecko) Chrome/137.0.7151.103 Mobile Safari/537.36 (compatible; Googlebot/2.1; +http://www.google.com/bot.html)"
209.74.77.214 - - [14/Jul/2025:15:44:52 +0000] "POST /wp-cron.php?doing_wp_cron=1752507892.1523599624633789062500 HTTP/1.1" 200 - "-" "WordPress/6.8.1; https://gardenify.com.au"
66.29.141.32 - - [14/Jul/2025:15:44:52 +0000] "GET /wp-login.php HTTP/1.1" 200 2013 "-" "Mozilla/5.0 (Windows NT 10.0; Win64; x64) AppleWebKit/537.36 (KHTML, like Gecko) Chrome/130.0.0.0 Safari/537.36"
209.74.77.214 - - [14/Jul/2025:15:44:52 +0000] "POST /wp-admin/admin-ajax.php?action=async_litespeed&nonce=KfkfIgmVA0DoxKbOLJm5VjZj0URLkGjy&litespeed_type=imgoptm HTTP/1.1" 200 21 "-" "WordPress/6.8.1; https://gardenify.com.au"
66.29.141.32 - - [14/Jul/2025:15:44:52 +0000] "POST /wp-login.php HTTP/1.1" 200 2133 "https://gardenify.com.au/wp-login.php" "Mozilla/5.0 (Windows NT 10.0; Win64; x64) AppleWebKit/537.36 (KHTML, like Gecko) Chrome/130.0.0.0 Safari/537.36"
209.74.77.214 - - [14/Jul/2025:15:44:55 +0000] "POST /wp-cron.php?doing_wp_cron=1752507895.0258800983428955078125 HTTP/1.1" 200 - "-" "WordPress/6.8.1; https://gardenify.com.au"
162.241.2.84 - - [14/Jul/2025:15:44:54 +0000] "GET /wp-login.php HTTP/1.1" 200 2013 "-" "Mozilla/5.0 (Windows NT 10.0; Win64; x64) AppleWebKit/537.36 (KHTML, like Gecko) Chrome/130.0.0.0 Safari/537.36"
162.241.2.84 - - [14/Jul/2025:15:44:55 +0000] "POST /wp-login.php HTTP/1.1" 200 2133 "https://gardenify.com.au/wp-login.php" "Mozilla/5.0 (Windows NT 10.0; Win64; x64) AppleWebKit/537.36 (KHTML, like Gecko) Chrome/130.0.0.0 Safari/537.36"
66.249.79.236 - - [14/Jul/2025:15:44:57 +0000] "GET /?s=79601634021490&mod=65387ef6&uri=goods.php?goodscode/66664.shtm HTTP/1.1" 200 19196 "-" "Mozilla/5.0 (Linux; Android 6.0.1; Nexus 5X Build/MMB29P) AppleWebKit/537.36 (KHTML, like Gecko) Chrome/137.0.7151.103 Mobile Safari/537.36 (compatible; Googlebot/2.1; +http://www.google.com/bot.html)"
206.189.83.226 - - [14/Jul/2025:15:44:58 +0000] "GET /wp-login.php HTTP/1.1" 200 2013 "-" "Mozilla/5.0 (Windows NT 10.0; Win64; x64) AppleWebKit/537.36 (KHTML, like Gecko) Chrome/130.0.0.0 Safari/537.36"
206.189.83.226 - - [14/Jul/2025:15:45:00 +0000] "POST /wp-login.php HTTP/1.1" 200 2133 "https://gardenify.com.au/wp-login.php" "Mozilla/5.0 (Windows NT 10.0; Win64; x64) AppleWebKit/537.36 (KHTML, like Gecko) Chrome/130.0.0.0 Safari/537.36"
66.249.79.236 - - [14/Jul/2025:15:45:12 +0000] "POST /get-message-notify HTTP/1.1" 200 18123 "https://gardenify.com.au/?s=79601634021490&mod=65387ef6&uri=goods.php?goodscode/66664.shtm" "Mozilla/5.0 (Linux; Android 6.0.1; Nexus 5X Build/MMB29P) AppleWebKit/537.36 (KHTML, like Gecko) Chrome/137.0.7151.119 Mobile Safari/537.36 (compatible; Googlebot/2.1; +http://www.google.com/bot.html)"
92.53.96.101 - - [14/Jul/2025:15:45:14 +0000] "GET /wp-login.php HTTP/1.1" 200 2013 "-" "Mozilla/5.0 (Windows NT 10.0; Win64; x64) AppleWebKit/537.36 (KHTML, like Gecko) Chrome/130.0.0.0 Safari/537.36"
92.53.96.101 - - [14/Jul/2025:15:45:17 +0000] "POST /wp-login.php HTTP/1.1" 200 2133 "https://gardenify.com.au/wp-login.php" "Mozilla/5.0 (Windows NT 10.0; Win64; x64) AppleWebKit/537.36 (KHTML, like Gecko) Chrome/130.0.0.0 Safari/537.36"
198.54.114.80 - - [14/Jul/2025:15:45:25 +0000] "GET /wp-login.php HTTP/1.1" 200 2013 "-" "Mozilla/5.0 (Windows NT 10.0; Win64; x64) AppleWebKit/537.36 (KHTML, like Gecko) Chrome/130.0.0.0 Safari/537.36"
198.54.114.80 - - [14/Jul/2025:15:45:26 +0000] "POST /wp-login.php HTTP/1.1" 200 2133 "https://gardenify.com.au/wp-login.php" "Mozilla/5.0 (Windows NT 10.0; Win64; x64) AppleWebKit/537.36 (KHTML, like Gecko) Chrome/130.0.0.0 Safari/537.36"
66.249.79.237 - - [14/Jul/2025:15:45:27 +0000] "GET /?s=79601634021490&mod=65387ef6&uri=goods.php?goodscode/65593.shtm HTTP/1.1" 200 18218 "-" "Mozilla/5.0 (Linux; Android 6.0.1; Nexus 5X Build/MMB29P) AppleWebKit/537.36 (KHTML, like Gecko) Chrome/137.0.7151.103 Mobile Safari/537.36 (compatible; Googlebot/2.1; +http://www.google.com/bot.html)"
162.241.224.68 - - [14/Jul/2025:15:45:28 +0000] "GET /wp-login.php HTTP/1.1" 200 2013 "-" "Mozilla/5.0 (Windows NT 10.0; Win64; x64) AppleWebKit/537.36 (KHTML, like Gecko) Chrome/130.0.0.0 Safari/537.36"
162.241.224.68 - - [14/Jul/2025:15:45:28 +0000] "POST /wp-login.php HTTP/1.1" 200 2133 "https://gardenify.com.au/wp-login.php" "Mozilla/5.0 (Windows NT 10.0; Win64; x64) AppleWebKit/537.36 (KHTML, like Gecko) Chrome/130.0.0.0 Safari/537.36"
137.184.0.143 - - [14/Jul/2025:15:45:30 +0000] "GET /wp-login.php HTTP/1.1" 200 2013 "-" "Mozilla/5.0 (Windows NT 10.0; Win64; x64) AppleWebKit/537.36 (KHTML, like Gecko) Chrome/130.0.0.0 Safari/537.36"
137.184.0.143 - - [14/Jul/2025:15:45:30 +0000] "POST /wp-login.php HTTP/1.1" 200 2133 "https://gardenify.com.au/wp-login.php" "Mozilla/5.0 (Windows NT 10.0; Win64; x64) AppleWebKit/537.36 (KHTML, like Gecko) Chrome/130.0.0.0 Safari/537.36"
162.241.61.65 - - [14/Jul/2025:15:45:31 +0000] "GET /wp-login.php HTTP/1.1" 200 2013 "-" "Mozilla/5.0 (Windows NT 10.0; Win64; x64) AppleWebKit/537.36 (KHTML, like Gecko) Chrome/130.0.0.0 Safari/537.36"
162.241.61.65 - - [14/Jul/2025:15:45:32 +0000] "POST /wp-login.php HTTP/1.1" 200 2133 "https://gardenify.com.au/wp-login.php" "Mozilla/5.0 (Windows NT 10.0; Win64; x64) AppleWebKit/537.36 (KHTML, like Gecko) Chrome/130.0.0.0 Safari/537.36"
159.65.254.94 - - [14/Jul/2025:15:45:33 +0000] "GET /wp-login.php HTTP/1.1" 200 2013 "-" "Mozilla/5.0 (Windows NT 10.0; Win64; x64) AppleWebKit/537.36 (KHTML, like Gecko) Chrome/130.0.0.0 Safari/537.36"
159.65.254.94 - - [14/Jul/2025:15:45:34 +0000] "POST /wp-login.php HTTP/1.1" 200 2133 "https://gardenify.com.au/wp-login.php" "Mozilla/5.0 (Windows NT 10.0; Win64; x64) AppleWebKit/537.36 (KHTML, like Gecko) Chrome/130.0.0.0 Safari/537.36"
66.249.79.236 - - [14/Jul/2025:15:46:06 +0000] "GET /?s=79601634021490&mod=65387ef6&uri=goods.php?goodscode/66851.shtm HTTP/1.1" 200 18661 "-" "Mozilla/5.0 (Linux; Android 6.0.1; Nexus 5X Build/MMB29P) AppleWebKit/537.36 (KHTML, like Gecko) Chrome/137.0.7151.103 Mobile Safari/537.36 (compatible; Googlebot/2.1; +http://www.google.com/bot.html)"
66.249.79.236 - - [14/Jul/2025:15:46:22 +0000] "GET /?s=79601634021490&mod=65387ef6&uri=goods.php?goodscode/67708.shtm HTTP/1.1" 200 19403 "-" "Mozilla/5.0 (Linux; Android 6.0.1; Nexus 5X Build/MMB29P) AppleWebKit/537.36 (KHTML, like Gecko) Chrome/137.0.7151.103 Mobile Safari/537.36 (compatible; Googlebot/2.1; +http://www.google.com/bot.html)"
209.74.77.214 - - [14/Jul/2025:15:46:38 +0000] "POST /wp-cron.php?doing_wp_cron=1752507997.9945600032806396484375 HTTP/1.1" 200 - "-" "WordPress/6.8.1; https://gardenify.com.au"
148.81.253.246 - - [14/Jul/2025:15:46:37 +0000] "GET /wp-login.php HTTP/1.1" 200 2013 "-" "Mozilla/5.0 (Windows NT 10.0; Win64; x64) AppleWebKit/537.36 (KHTML, like Gecko) Chrome/130.0.0.0 Safari/537.36"
209.74.77.214 - - [14/Jul/2025:15:46:38 +0000] "POST /wp-admin/admin-ajax.php?action=async_litespeed&nonce=BAWuvtIDy3vnYFWRQOWelQanSYz1Ke0O&litespeed_type=imgoptm HTTP/1.1" 200 21 "-" "WordPress/6.8.1; https://gardenify.com.au"
148.81.253.246 - - [14/Jul/2025:15:46:38 +0000] "POST /wp-login.php HTTP/1.1" 200 2133 "https://gardenify.com.au/wp-login.php" "Mozilla/5.0 (Windows NT 10.0; Win64; x64) AppleWebKit/537.36 (KHTML, like Gecko) Chrome/130.0.0.0 Safari/537.36"
35.199.123.44 - - [14/Jul/2025:15:46:41 +0000] "GET /wp-login.php HTTP/1.1" 200 2013 "-" "Mozilla/5.0 (Windows NT 10.0; Win64; x64) AppleWebKit/537.36 (KHTML, like Gecko) Chrome/130.0.0.0 Safari/537.36"
35.199.123.44 - - [14/Jul/2025:15:46:42 +0000] "POST /wp-login.php HTTP/1.1" 200 2133 "https://gardenify.com.au/wp-login.php" "Mozilla/5.0 (Windows NT 10.0; Win64; x64) AppleWebKit/537.36 (KHTML, like Gecko) Chrome/130.0.0.0 Safari/537.36"
51.195.219.160 - - [14/Jul/2025:15:46:44 +0000] "GET /wp-login.php HTTP/1.1" 200 2013 "-" "Mozilla/5.0 (Windows NT 10.0; Win64; x64) AppleWebKit/537.36 (KHTML, like Gecko) Chrome/130.0.0.0 Safari/537.36"
51.195.219.160 - - [14/Jul/2025:15:46:44 +0000] "POST /wp-login.php HTTP/1.1" 200 2133 "https://gardenify.com.au/wp-login.php" "Mozilla/5.0 (Windows NT 10.0; Win64; x64) AppleWebKit/537.36 (KHTML, like Gecko) Chrome/130.0.0.0 Safari/537.36"
162.241.224.68 - - [14/Jul/2025:15:46:47 +0000] "GET /wp-login.php HTTP/1.1" 200 2013 "-" "Mozilla/5.0 (Windows NT 10.0; Win64; x64) AppleWebKit/537.36 (KHTML, like Gecko) Chrome/130.0.0.0 Safari/537.36"
162.241.224.68 - - [14/Jul/2025:15:46:47 +0000] "POST /wp-login.php HTTP/1.1" 200 2133 "https://gardenify.com.au/wp-login.php" "Mozilla/5.0 (Windows NT 10.0; Win64; x64) AppleWebKit/537.36 (KHTML, like Gecko) Chrome/130.0.0.0 Safari/537.36"
66.249.79.236 - - [14/Jul/2025:15:46:54 +0000] "GET /?s=79601634021490&mod=65387ef6&uri=goods.php?goodscode/65942.shtm HTTP/1.1" 200 19339 "-" "Mozilla/5.0 (Linux; Android 6.0.1; Nexus 5X Build/MMB29P) AppleWebKit/537.36 (KHTML, like Gecko) Chrome/137.0.7151.103 Mobile Safari/537.36 (compatible; Googlebot/2.1; +http://www.google.com/bot.html)"
209.74.77.214 - - [14/Jul/2025:15:47:04 +0000] "POST /wp-cron.php?doing_wp_cron=1752508024.2601580619812011718750 HTTP/1.1" 200 - "-" "WordPress/6.8.1; https://gardenify.com.au"
185.111.246.114 - - [14/Jul/2025:15:47:04 +0000] "GET /wp-login.php HTTP/1.1" 200 2013 "-" "Mozilla/5.0 (Windows NT 10.0; Win64; x64) AppleWebKit/537.36 (KHTML, like Gecko) Chrome/130.0.0.0 Safari/537.36"
209.74.77.214 - - [14/Jul/2025:15:47:04 +0000] "POST /wp-admin/admin-ajax.php?action=async_litespeed&nonce=M9H6d2r9tcvphMhwl7Broh2jvK76JLpj&litespeed_type=imgoptm HTTP/1.1" 200 21 "-" "WordPress/6.8.1; https://gardenify.com.au"
185.111.246.114 - - [14/Jul/2025:15:47:06 +0000] "POST /wp-login.php HTTP/1.1" 200 2133 "https://gardenify.com.au/wp-login.php" "Mozilla/5.0 (Windows NT 10.0; Win64; x64) AppleWebKit/537.36 (KHTML, like Gecko) Chrome/130.0.0.0 Safari/537.36"
194.233.74.175 - - [14/Jul/2025:15:47:12 +0000] "GET /wp-login.php HTTP/1.1" 200 2013 "-" "Mozilla/5.0 (Windows NT 10.0; Win64; x64) AppleWebKit/537.36 (KHTML, like Gecko) Chrome/130.0.0.0 Safari/537.36"
194.233.74.175 - - [14/Jul/2025:15:47:13 +0000] "POST /wp-login.php HTTP/1.1" 200 2133 "https://gardenify.com.au/wp-login.php" "Mozilla/5.0 (Windows NT 10.0; Win64; x64) AppleWebKit/537.36 (KHTML, like Gecko) Chrome/130.0.0.0 Safari/537.36"
188.166.177.113 - - [14/Jul/2025:15:47:16 +0000] "POST /xmlrpc.php HTTP/1.1" 200 403 "-" "Mozilla/5.0 (Windows NT 10.0; Win64; x64) AppleWebKit/537.36 (KHTML, like Gecko) Chrome/80.0.3987.149 Safari/537.36"
185.50.25.3 - - [14/Jul/2025:15:47:17 +0000] "GET /wp-login.php HTTP/1.1" 200 2013 "-" "Mozilla/5.0 (Windows NT 10.0; Win64; x64) AppleWebKit/537.36 (KHTML, like Gecko) Chrome/130.0.0.0 Safari/537.36"
185.50.25.3 - - [14/Jul/2025:15:47:18 +0000] "POST /wp-login.php HTTP/1.1" 200 2133 "https://gardenify.com.au/wp-login.php" "Mozilla/5.0 (Windows NT 10.0; Win64; x64) AppleWebKit/537.36 (KHTML, like Gecko) Chrome/130.0.0.0 Safari/537.36"
66.249.79.238 - - [14/Jul/2025:15:47:20 +0000] "GET /?s=79601634021490&mod=65387ef6&uri=goods.php?goodscode/66830.shtm HTTP/1.1" 200 19108 "-" "Mozilla/5.0 (Linux; Android 6.0.1; Nexus 5X Build/MMB29P) AppleWebKit/537.36 (KHTML, like Gecko) Chrome/137.0.7151.103 Mobile Safari/537.36 (compatible; Googlebot/2.1; +http://www.google.com/bot.html)"
92.53.96.160 - - [14/Jul/2025:15:47:22 +0000] "GET /wp-login.php HTTP/1.1" 200 2013 "-" "Mozilla/5.0 (Windows NT 10.0; Win64; x64) AppleWebKit/537.36 (KHTML, like Gecko) Chrome/130.0.0.0 Safari/537.36"
92.53.96.160 - - [14/Jul/2025:15:47:23 +0000] "POST /wp-login.php HTTP/1.1" 200 2159 "https://gardenify.com.au/wp-login.php" "Mozilla/5.0 (Windows NT 10.0; Win64; x64) AppleWebKit/537.36 (KHTML, like Gecko) Chrome/130.0.0.0 Safari/537.36"
157.245.244.61 - - [14/Jul/2025:15:47:23 +0000] "POST /xmlrpc.php HTTP/1.1" 200 403 "-" "Mozilla/5.0 (Windows NT 10.0; Win64; x64; rv:67.0) Gecko/20100101 Firefox/67.0"
50.87.178.156 - - [14/Jul/2025:15:47:27 +0000] "GET /wp-login.php HTTP/1.1" 200 2013 "-" "Mozilla/5.0 (Windows NT 10.0; Win64; x64) AppleWebKit/537.36 (KHTML, like Gecko) Chrome/130.0.0.0 Safari/537.36"
50.87.178.156 - - [14/Jul/2025:15:47:27 +0000] "POST /wp-login.php HTTP/1.1" 200 2159 "https://gardenify.com.au/wp-login.php" "Mozilla/5.0 (Windows NT 10.0; Win64; x64) AppleWebKit/537.36 (KHTML, like Gecko) Chrome/130.0.0.0 Safari/537.36"
192.185.4.89 - - [14/Jul/2025:15:47:32 +0000] "GET /wp-login.php HTTP/1.1" 200 2013 "-" "Mozilla/5.0 (Windows NT 10.0; Win64; x64) AppleWebKit/537.36 (KHTML, like Gecko) Chrome/130.0.0.0 Safari/537.36"
192.185.4.89 - - [14/Jul/2025:15:47:32 +0000] "POST /wp-login.php HTTP/1.1" 200 2159 "https://gardenify.com.au/wp-login.php" "Mozilla/5.0 (Windows NT 10.0; Win64; x64) AppleWebKit/537.36 (KHTML, like Gecko) Chrome/130.0.0.0 Safari/537.36"
66.249.79.236 - - [14/Jul/2025:15:47:34 +0000] "GET /?s=91569094031490&mod=ff6dec2c&uri=us.php%3Fid%3D3055828-177%26name%3Dgold+movie+watch+online HTTP/1.1" 200 18793 "-" "Mozilla/5.0 (Linux; Android 6.0.1; Nexus 5X Build/MMB29P) AppleWebKit/537.36 (KHTML, like Gecko) Chrome/137.0.7151.103 Mobile Safari/537.36 (compatible; Googlebot/2.1; +http://www.google.com/bot.html)"
137.184.0.143 - - [14/Jul/2025:15:47:35 +0000] "GET /wp-login.php HTTP/1.1" 200 2013 "-" "Mozilla/5.0 (Windows NT 10.0; Win64; x64) AppleWebKit/537.36 (KHTML, like Gecko) Chrome/130.0.0.0 Safari/537.36"
137.184.0.143 - - [14/Jul/2025:15:47:35 +0000] "POST /wp-login.php HTTP/1.1" 200 2159 "https://gardenify.com.au/wp-login.php" "Mozilla/5.0 (Windows NT 10.0; Win64; x64) AppleWebKit/537.36 (KHTML, like Gecko) Chrome/130.0.0.0 Safari/537.36"
92.53.96.160 - - [14/Jul/2025:15:47:37 +0000] "GET /wp-login.php HTTP/1.1" 200 2013 "-" "Mozilla/5.0 (Windows NT 10.0; Win64; x64) AppleWebKit/537.36 (KHTML, like Gecko) Chrome/130.0.0.0 Safari/537.36"
92.53.96.160 - - [14/Jul/2025:15:47:38 +0000] "POST /wp-login.php HTTP/1.1" 200 2133 "https://gardenify.com.au/wp-login.php" "Mozilla/5.0 (Windows NT 10.0; Win64; x64) AppleWebKit/537.36 (KHTML, like Gecko) Chrome/130.0.0.0 Safari/537.36"
66.249.79.236 - - [14/Jul/2025:15:47:38 +0000] "POST /get-message-notify HTTP/1.1" 200 18123 "https://gardenify.com.au/?s=91569094031490&mod=ff6dec2c&uri=us.php%3Fid%3D3055828-177%26name%3Dgold+movie+watch+online" "Mozilla/5.0 (Linux; Android 6.0.1; Nexus 5X Build/MMB29P) AppleWebKit/537.36 (KHTML, like Gecko) Chrome/137.0.7151.119 Mobile Safari/537.36 (compatible; Googlebot/2.1; +http://www.google.com/bot.html)"
157.66.13.60 - - [14/Jul/2025:15:47:50 +0000] "POST /xmlrpc.php HTTP/1.1" 200 403 "-" "Mozilla/5.0 (Windows NT 10.0; Win64; x64) AppleWebKit/537.36 (KHTML, like Gecko) Chrome/84.0.4147.105 Safari/537.36"
209.74.77.214 - - [14/Jul/2025:15:47:54 +0000] "POST /wp-cron.php?doing_wp_cron=1752508074.5739281177520751953125 HTTP/1.1" 200 - "-" "WordPress/6.8.1; https://gardenify.com.au"
45.136.50.51 - - [14/Jul/2025:15:47:54 +0000] "POST /xmlrpc.php HTTP/1.1" 200 403 "-" "Mozilla/5.0 (Windows NT 6.3; Win64; x64) AppleWebKit/537.36 (KHTML, like Gecko) Chrome/60.0.3112.113 Safari/537.36"
209.74.77.214 - - [14/Jul/2025:15:47:54 +0000] "POST /wp-admin/admin-ajax.php?action=async_litespeed&nonce=k9YNas3Uw50HtiZZgW6xi77eNlnEPqQO&litespeed_type=imgoptm HTTP/1.1" 200 21 "-" "WordPress/6.8.1; https://gardenify.com.au"
50.87.248.14 - - [14/Jul/2025:15:48:02 +0000] "GET /wp-login.php HTTP/1.1" 200 2013 "-" "Mozilla/5.0 (Windows NT 10.0; Win64; x64) AppleWebKit/537.36 (KHTML, like Gecko) Chrome/130.0.0.0 Safari/537.36"
50.87.248.14 - - [14/Jul/2025:15:48:02 +0000] "POST /wp-login.php HTTP/1.1" 200 2159 "https://gardenify.com.au/wp-login.php" "Mozilla/5.0 (Windows NT 10.0; Win64; x64) AppleWebKit/537.36 (KHTML, like Gecko) Chrome/130.0.0.0 Safari/537.36"
144.76.172.105 - - [14/Jul/2025:15:48:10 +0000] "POST /xmlrpc.php HTTP/1.1" 200 403 "-" "Mozilla/5.0 (Windows; U; Windows NT 5.1; en-US; rv:1.7.5) Gecko/20041107 Firefox/1.0"
213.238.183.147 - - [14/Jul/2025:15:48:14 +0000] "GET /wp-login.php HTTP/1.1" 200 2013 "-" "Mozilla/5.0 (Windows NT 10.0; Win64; x64) AppleWebKit/537.36 (KHTML, like Gecko) Chrome/130.0.0.0 Safari/537.36"
213.238.183.147 - - [14/Jul/2025:15:48:15 +0000] "POST /wp-login.php HTTP/1.1" 200 2133 "https://gardenify.com.au/wp-login.php" "Mozilla/5.0 (Windows NT 10.0; Win64; x64) AppleWebKit/537.36 (KHTML, like Gecko) Chrome/130.0.0.0 Safari/537.36"
202.131.96.220 - - [14/Jul/2025:15:48:17 +0000] "GET /wp-login.php HTTP/1.1" 200 2013 "-" "Mozilla/5.0 (Windows NT 10.0; Win64; x64) AppleWebKit/537.36 (KHTML, like Gecko) Chrome/130.0.0.0 Safari/537.36"
202.131.96.220 - - [14/Jul/2025:15:48:18 +0000] "POST /wp-login.php HTTP/1.1" 200 2159 "https://gardenify.com.au/wp-login.php" "Mozilla/5.0 (Windows NT 10.0; Win64; x64) AppleWebKit/537.36 (KHTML, like Gecko) Chrome/130.0.0.0 Safari/537.36"
162.241.2.94 - - [14/Jul/2025:15:48:30 +0000] "GET /wp-login.php HTTP/1.1" 200 2013 "-" "Mozilla/5.0 (Windows NT 10.0; Win64; x64) AppleWebKit/537.36 (KHTML, like Gecko) Chrome/130.0.0.0 Safari/537.36"
162.241.2.94 - - [14/Jul/2025:15:48:30 +0000] "POST /wp-login.php HTTP/1.1" 200 2162 "https://gardenify.com.au/wp-login.php" "Mozilla/5.0 (Windows NT 10.0; Win64; x64) AppleWebKit/537.36 (KHTML, like Gecko) Chrome/130.0.0.0 Safari/537.36"
192.185.83.97 - - [14/Jul/2025:15:48:32 +0000] "GET /wp-login.php HTTP/1.1" 200 2013 "-" "Mozilla/5.0 (Windows NT 10.0; Win64; x64) AppleWebKit/537.36 (KHTML, like Gecko) Chrome/130.0.0.0 Safari/537.36"
192.185.83.97 - - [14/Jul/2025:15:48:32 +0000] "POST /wp-login.php HTTP/1.1" 200 2160 "https://gardenify.com.au/wp-login.php" "Mozilla/5.0 (Windows NT 10.0; Win64; x64) AppleWebKit/537.36 (KHTML, like Gecko) Chrome/130.0.0.0 Safari/537.36"
66.249.79.237 - - [14/Jul/2025:15:48:46 +0000] "GET /?s=79601634021490&mod=65387ef6&uri=goods.php?goodscode/66378.shtm HTTP/1.1" 200 18851 "-" "Mozilla/5.0 (Linux; Android 6.0.1; Nexus 5X Build/MMB29P) AppleWebKit/537.36 (KHTML, like Gecko) Chrome/137.0.7151.103 Mobile Safari/537.36 (compatible; Googlebot/2.1; +http://www.google.com/bot.html)"
66.249.79.236 - - [14/Jul/2025:15:49:01 +0000] "GET /?s=79601634021490&mod=65387ef6&uri=goods.php?feature/eposcard/index.html HTTP/1.1" 200 19289 "-" "Mozilla/5.0 (Linux; Android 6.0.1; Nexus 5X Build/MMB29P) AppleWebKit/537.36 (KHTML, like Gecko) Chrome/137.0.7151.103 Mobile Safari/537.36 (compatible; Googlebot/2.1; +http://www.google.com/bot.html)"
66.249.79.237 - - [14/Jul/2025:15:49:06 +0000] "GET /?s=91774848061490&mod=ccb1d45f&uri=dp.php%3Fid%3D3062701-5%26name%3Drobe+de+soir%C3%83%C2%A9e+longue+avec+fente HTTP/1.1" 200 18832 "-" "Mozilla/5.0 (Linux; Android 6.0.1; Nexus 5X Build/MMB29P) AppleWebKit/537.36 (KHTML, like Gecko) Chrome/137.0.7151.103 Mobile Safari/537.36 (compatible; Googlebot/2.1; +http://www.google.com/bot.html)"
209.74.77.214 - - [14/Jul/2025:15:49:07 +0000] "POST /wp-cron.php?doing_wp_cron=1752508147.9773149490356445312500 HTTP/1.1" 200 - "-" "WordPress/6.8.1; https://gardenify.com.au"
92.53.96.101 - - [14/Jul/2025:15:49:07 +0000] "GET /wp-login.php HTTP/1.1" 200 2013 "-" "Mozilla/5.0 (Windows NT 10.0; Win64; x64) AppleWebKit/537.36 (KHTML, like Gecko) Chrome/130.0.0.0 Safari/537.36"
209.74.77.214 - - [14/Jul/2025:15:49:08 +0000] "POST /wp-admin/admin-ajax.php?action=async_litespeed&nonce=mnc7qINii79b21O42KyQf7kGYoQKT3qD&litespeed_type=imgoptm HTTP/1.1" 200 21 "-" "WordPress/6.8.1; https://gardenify.com.au"
92.53.96.101 - - [14/Jul/2025:15:49:12 +0000] "POST /wp-login.php HTTP/1.1" 200 2133 "https://gardenify.com.au/wp-login.php" "Mozilla/5.0 (Windows NT 10.0; Win64; x64) AppleWebKit/537.36 (KHTML, like Gecko) Chrome/130.0.0.0 Safari/537.36"
192.185.83.143 - - [14/Jul/2025:15:49:16 +0000] "GET /wp-login.php HTTP/1.1" 200 2013 "-" "Mozilla/5.0 (Windows NT 10.0; Win64; x64) AppleWebKit/537.36 (KHTML, like Gecko) Chrome/130.0.0.0 Safari/537.36"
192.185.83.143 - - [14/Jul/2025:15:49:16 +0000] "POST /wp-login.php HTTP/1.1" 200 2133 "https://gardenify.com.au/wp-login.php" "Mozilla/5.0 (Windows NT 10.0; Win64; x64) AppleWebKit/537.36 (KHTML, like Gecko) Chrome/130.0.0.0 Safari/537.36"
66.249.79.236 - - [14/Jul/2025:15:49:18 +0000] "GET /?s=119315903071490&mod=bbe21bea&uri=brands.php%3Fid%3D3981938-204%26name%3Dgirls+green+t+shirt HTTP/1.1" 200 18797 "-" "Mozilla/5.0 (compatible; Googlebot/2.1; +http://www.google.com/bot.html)"
107.180.242.149 - - [14/Jul/2025:15:49:19 +0000] "GET /wp-login.php HTTP/1.1" 200 2013 "-" "Mozilla/5.0 (Windows NT 10.0; Win64; x64) AppleWebKit/537.36 (KHTML, like Gecko) Chrome/130.0.0.0 Safari/537.36"
107.180.242.149 - - [14/Jul/2025:15:49:19 +0000] "POST /wp-login.php HTTP/1.1" 200 2133 "https://gardenify.com.au/wp-login.php" "Mozilla/5.0 (Windows NT 10.0; Win64; x64) AppleWebKit/537.36 (KHTML, like Gecko) Chrome/130.0.0.0 Safari/537.36"
103.42.59.46 - - [14/Jul/2025:15:49:24 +0000] "GET /wp-login.php HTTP/1.1" 200 2013 "-" "Mozilla/5.0 (Windows NT 10.0; Win64; x64) AppleWebKit/537.36 (KHTML, like Gecko) Chrome/130.0.0.0 Safari/537.36"
103.42.59.46 - - [14/Jul/2025:15:49:24 +0000] "POST /wp-login.php HTTP/1.1" 200 2133 "https://gardenify.com.au/wp-login.php" "Mozilla/5.0 (Windows NT 10.0; Win64; x64) AppleWebKit/537.36 (KHTML, like Gecko) Chrome/130.0.0.0 Safari/537.36"
192.185.2.158 - - [14/Jul/2025:15:49:26 +0000] "GET /wp-login.php HTTP/1.1" 200 2013 "-" "Mozilla/5.0 (Windows NT 10.0; Win64; x64) AppleWebKit/537.36 (KHTML, like Gecko) Chrome/130.0.0.0 Safari/537.36"
192.185.2.158 - - [14/Jul/2025:15:49:27 +0000] "POST /wp-login.php HTTP/1.1" 200 2133 "https://gardenify.com.au/wp-login.php" "Mozilla/5.0 (Windows NT 10.0; Win64; x64) AppleWebKit/537.36 (KHTML, like Gecko) Chrome/130.0.0.0 Safari/537.36"
66.249.79.236 - - [14/Jul/2025:15:49:30 +0000] "GET /?s=79601634021490&mod=65387ef6&uri=goods.php?goodscode/67116.shtm HTTP/1.1" 200 18760 "-" "Mozilla/5.0 (Linux; Android 6.0.1; Nexus 5X Build/MMB29P) AppleWebKit/537.36 (KHTML, like Gecko) Chrome/137.0.7151.103 Mobile Safari/537.36 (compatible; Googlebot/2.1; +http://www.google.com/bot.html)"
162.241.219.194 - - [14/Jul/2025:15:49:39 +0000] "GET /wp-login.php HTTP/1.1" 200 2013 "-" "Mozilla/5.0 (Windows NT 10.0; Win64; x64) AppleWebKit/537.36 (KHTML, like Gecko) Chrome/130.0.0.0 Safari/537.36"
162.241.219.194 - - [14/Jul/2025:15:49:39 +0000] "POST /wp-login.php HTTP/1.1" 200 2133 "https://gardenify.com.au/wp-login.php" "Mozilla/5.0 (Windows NT 10.0; Win64; x64) AppleWebKit/537.36 (KHTML, like Gecko) Chrome/130.0.0.0 Safari/537.36"
103.195.184.239 - - [14/Jul/2025:15:49:43 +0000] "GET /wp-login.php HTTP/1.1" 200 2013 "-" "Mozilla/5.0 (Windows NT 10.0; Win64; x64) AppleWebKit/537.36 (KHTML, like Gecko) Chrome/130.0.0.0 Safari/537.36"
103.195.184.239 - - [14/Jul/2025:15:49:44 +0000] "POST /wp-login.php HTTP/1.1" 200 2133 "https://gardenify.com.au/wp-login.php" "Mozilla/5.0 (Windows NT 10.0; Win64; x64) AppleWebKit/537.36 (KHTML, like Gecko) Chrome/130.0.0.0 Safari/537.36"
108.179.193.135 - - [14/Jul/2025:15:49:47 +0000] "GET /wp-login.php HTTP/1.1" 200 2013 "-" "Mozilla/5.0 (Windows NT 10.0; Win64; x64) AppleWebKit/537.36 (KHTML, like Gecko) Chrome/130.0.0.0 Safari/537.36"
108.179.193.135 - - [14/Jul/2025:15:49:47 +0000] "POST /wp-login.php HTTP/1.1" 200 2162 "https://gardenify.com.au/wp-login.php" "Mozilla/5.0 (Windows NT 10.0; Win64; x64) AppleWebKit/537.36 (KHTML, like Gecko) Chrome/130.0.0.0 Safari/537.36"
66.249.79.236 - - [14/Jul/2025:15:49:50 +0000] "POST /get-message-notify HTTP/1.1" 200 18123 "https://gardenify.com.au/?s=79601634021490&mod=65387ef6&uri=goods.php?goodscode/67116.shtm" "Mozilla/5.0 (Linux; Android 6.0.1; Nexus 5X Build/MMB29P) AppleWebKit/537.36 (KHTML, like Gecko) Chrome/137.0.7151.119 Mobile Safari/537.36 (compatible; Googlebot/2.1; +http://www.google.com/bot.html)"
66.249.79.237 - - [14/Jul/2025:15:50:03 +0000] "GET /?s=79601634021490&mod=65387ef6&uri=goods.php?goodscode/66228.shtm HTTP/1.1" 200 18705 "-" "Mozilla/5.0 (Linux; Android 6.0.1; Nexus 5X Build/MMB29P) AppleWebKit/537.36 (KHTML, like Gecko) Chrome/137.0.7151.103 Mobile Safari/537.36 (compatible; Googlebot/2.1; +http://www.google.com/bot.html)"
209.74.77.214 - - [14/Jul/2025:15:50:06 +0000] "POST /wp-cron.php?doing_wp_cron=1752508206.0914950370788574218750 HTTP/1.1" 200 - "-" "WordPress/6.8.1; https://gardenify.com.au"
192.185.82.229 - - [14/Jul/2025:15:50:06 +0000] "GET /wp-login.php HTTP/1.1" 200 2013 "-" "Mozilla/5.0 (Windows NT 10.0; Win64; x64) AppleWebKit/537.36 (KHTML, like Gecko) Chrome/130.0.0.0 Safari/537.36"
209.74.77.214 - - [14/Jul/2025:15:50:06 +0000] "POST /wp-admin/admin-ajax.php?action=async_litespeed&nonce=F8lWWqH60g4GoW8DokCy9wFAZ7HPPbCH&litespeed_type=imgoptm HTTP/1.1" 200 21 "-" "WordPress/6.8.1; https://gardenify.com.au"
192.185.82.229 - - [14/Jul/2025:15:50:06 +0000] "POST /wp-login.php HTTP/1.1" 200 2133 "https://gardenify.com.au/wp-login.php" "Mozilla/5.0 (Windows NT 10.0; Win64; x64) AppleWebKit/537.36 (KHTML, like Gecko) Chrome/130.0.0.0 Safari/537.36"
66.249.79.236 - - [14/Jul/2025:15:50:18 +0000] "GET /?s=109147957081490&mod=4a4774a8&uri=pin.php?vintagegame.html HTTP/1.1" 200 19216 "-" "Mozilla/5.0 (Linux; Android 6.0.1; Nexus 5X Build/MMB29P) AppleWebKit/537.36 (KHTML, like Gecko) Chrome/137.0.7151.103 Mobile Safari/537.36 (compatible; Googlebot/2.1; +http://www.google.com/bot.html)"
66.249.79.237 - - [14/Jul/2025:15:50:20 +0000] "GET /?s=80969556001490&mod=178b79d3&uri=product.php?goodscode/66055.shtm HTTP/1.1" 200 18539 "-" "Mozilla/5.0 (Linux; Android 6.0.1; Nexus 5X Build/MMB29P) AppleWebKit/537.36 (KHTML, like Gecko) Chrome/137.0.7151.103 Mobile Safari/537.36 (compatible; Googlebot/2.1; +http://www.google.com/bot.html)"
66.249.79.236 - - [14/Jul/2025:15:50:21 +0000] "GET /?s=79601634021490&mod=65387ef6&uri=goods.php?goodscode/67535.shtm HTTP/1.1" 200 19004 "-" "Mozilla/5.0 (Linux; Android 6.0.1; Nexus 5X Build/MMB29P) AppleWebKit/537.36 (KHTML, like Gecko) Chrome/137.0.7151.103 Mobile Safari/537.36 (compatible; Googlebot/2.1; +http://www.google.com/bot.html)"
66.249.79.236 - - [14/Jul/2025:15:50:22 +0000] "POST /get-message-notify HTTP/1.1" 200 18123 "https://gardenify.com.au/?s=109147957081490&mod=4a4774a8&uri=pin.php?vintagegame.html" "Mozilla/5.0 (Linux; Android 6.0.1; Nexus 5X Build/MMB29P) AppleWebKit/537.36 (KHTML, like Gecko) Chrome/137.0.7151.119 Mobile Safari/537.36 (compatible; Googlebot/2.1; +http://www.google.com/bot.html)"
66.249.79.236 - - [14/Jul/2025:15:50:26 +0000] "GET /?s=94213477031490&mod=e880840a&uri=us.php?goodscode/66055.shtm HTTP/1.1" 200 18532 "-" "Mozilla/5.0 (Linux; Android 6.0.1; Nexus 5X Build/MMB29P) AppleWebKit/537.36 (KHTML, like Gecko) Chrome/137.0.7151.103 Mobile Safari/537.36 (compatible; Googlebot/2.1; +http://www.google.com/bot.html)"
173.249.42.121 - - [14/Jul/2025:15:50:39 +0000] "GET /wp-login.php HTTP/1.1" 200 2013 "-" "Mozilla/5.0 (Windows NT 10.0; Win64; x64) AppleWebKit/537.36 (KHTML, like Gecko) Chrome/130.0.0.0 Safari/537.36"
173.249.42.121 - - [14/Jul/2025:15:50:39 +0000] "POST /wp-login.php HTTP/1.1" 200 2159 "https://gardenify.com.au/wp-login.php" "Mozilla/5.0 (Windows NT 10.0; Win64; x64) AppleWebKit/537.36 (KHTML, like Gecko) Chrome/130.0.0.0 Safari/537.36"
66.249.79.236 - - [14/Jul/2025:15:50:43 +0000] "POST /get-message-notify HTTP/1.1" 200 18123 "https://gardenify.com.au/?s=94213477031490&mod=e880840a&uri=us.php?goodscode/66055.shtm" "Mozilla/5.0 (Linux; Android 6.0.1; Nexus 5X Build/MMB29P) AppleWebKit/537.36 (KHTML, like Gecko) Chrome/137.0.7151.119 Mobile Safari/537.36 (compatible; Googlebot/2.1; +http://www.google.com/bot.html)"
66.249.79.236 - - [14/Jul/2025:15:50:46 +0000] "GET /?s=24463543091490&mod=2be96323&uri=category-info.php?goodscode/64797.shtm HTTP/1.1" 200 18733 "-" "Mozilla/5.0 (Linux; Android 6.0.1; Nexus 5X Build/MMB29P) AppleWebKit/537.36 (KHTML, like Gecko) Chrome/137.0.7151.103 Mobile Safari/537.36 (compatible; Googlebot/2.1; +http://www.google.com/bot.html)"
66.249.79.236 - - [14/Jul/2025:15:50:47 +0000] "GET /?s=79601634021490&mod=65387ef6&uri=goods.php?goodscode/65963.shtm HTTP/1.1" 200 19654 "-" "Mozilla/5.0 (Linux; Android 6.0.1; Nexus 5X Build/MMB29P) AppleWebKit/537.36 (KHTML, like Gecko) Chrome/137.0.7151.103 Mobile Safari/537.36 (compatible; Googlebot/2.1; +http://www.google.com/bot.html)"
66.249.79.236 - - [14/Jul/2025:15:51:00 +0000] "GET /?s=117283261031490&mod=934703eb&uri=pin.php?goodscode/67675.shtm HTTP/1.1" 200 19427 "-" "Mozilla/5.0 (Linux; Android 6.0.1; Nexus 5X Build/MMB29P) AppleWebKit/537.36 (KHTML, like Gecko) Chrome/137.0.7151.103 Mobile Safari/537.36 (compatible; Googlebot/2.1; +http://www.google.com/bot.html)"
66.249.79.236 - - [14/Jul/2025:15:51:01 +0000] "GET /?s=109209297041490&mod=0e98aeeb&uri=news.php%3Fid%3D3644659-57%26name%3Ddifference+between+airpods+wireless+and+non+wireless HTTP/1.1" 200 18826 "-" "Mozilla/5.0 (Linux; Android 6.0.1; Nexus 5X Build/MMB29P) AppleWebKit/537.36 (KHTML, like Gecko) Chrome/137.0.7151.103 Mobile Safari/537.36 (compatible; Googlebot/2.1; +http://www.google.com/bot.html)"
66.249.79.236 - - [14/Jul/2025:15:51:01 +0000] "GET /?s=110225216041490&mod=0cba172d&uri=news.php?toreka/toreka_single.html HTTP/1.1" 200 18839 "-" "Mozilla/5.0 (Linux; Android 6.0.1; Nexus 5X Build/MMB29P) AppleWebKit/537.36 (KHTML, like Gecko) Chrome/137.0.7151.103 Mobile Safari/537.36 (compatible; Googlebot/2.1; +http://www.google.com/bot.html)"
209.74.77.214 - - [14/Jul/2025:15:51:04 +0000] "POST /wp-cron.php?doing_wp_cron=1752508264.2839329242706298828125 HTTP/1.1" 200 - "-" "WordPress/6.8.1; https://gardenify.com.au"
212.57.136.14 - - [14/Jul/2025:15:51:04 +0000] "GET /wp-login.php HTTP/1.1" 200 2013 "-" "Mozilla/5.0 (Windows NT 10.0; Win64; x64) AppleWebKit/537.36 (KHTML, like Gecko) Chrome/130.0.0.0 Safari/537.36"
209.74.77.214 - - [14/Jul/2025:15:51:04 +0000] "POST /wp-admin/admin-ajax.php?action=async_litespeed&nonce=SO7cZFeakqsIQwEd12zdLBMTCvlL7E8L&litespeed_type=imgoptm HTTP/1.1" 200 21 "-" "WordPress/6.8.1; https://gardenify.com.au"
212.57.136.14 - - [14/Jul/2025:15:51:04 +0000] "POST /wp-login.php HTTP/1.1" 200 2159 "https://gardenify.com.au/wp-login.php" "Mozilla/5.0 (Windows NT 10.0; Win64; x64) AppleWebKit/537.36 (KHTML, like Gecko) Chrome/130.0.0.0 Safari/537.36"
66.249.79.237 - - [14/Jul/2025:15:51:17 +0000] "GET /?s=79601634021490&mod=65387ef6&uri=goods.php?goodscode/67461.shtm HTTP/1.1" 200 18442 "-" "Mozilla/5.0 (Linux; Android 6.0.1; Nexus 5X Build/MMB29P) AppleWebKit/537.36 (KHTML, like Gecko) Chrome/137.0.7151.103 Mobile Safari/537.36 (compatible; Googlebot/2.1; +http://www.google.com/bot.html)"
66.249.79.236 - - [14/Jul/2025:15:51:22 +0000] "GET /?s=79601634021490&mod=65387ef6&uri=goods.php?man/kaitori/ansin.html HTTP/1.1" 200 18854 "-" "Mozilla/5.0 (Linux; Android 6.0.1; Nexus 5X Build/MMB29P) AppleWebKit/537.36 (KHTML, like Gecko) Chrome/137.0.7151.103 Mobile Safari/537.36 (compatible; Googlebot/2.1; +http://www.google.com/bot.html)"
220.158.232.245 - - [14/Jul/2025:15:51:35 +0000] "GET /wp-login.php HTTP/1.1" 200 2013 "-" "Mozilla/5.0 (Windows NT 10.0; Win64; x64) AppleWebKit/537.36 (KHTML, like Gecko) Chrome/130.0.0.0 Safari/537.36"
220.158.232.245 - - [14/Jul/2025:15:51:37 +0000] "POST /wp-login.php HTTP/1.1" 200 2159 "https://gardenify.com.au/wp-login.php" "Mozilla/5.0 (Windows NT 10.0; Win64; x64) AppleWebKit/537.36 (KHTML, like Gecko) Chrome/130.0.0.0 Safari/537.36"
192.185.2.37 - - [14/Jul/2025:15:51:39 +0000] "GET /wp-login.php HTTP/1.1" 200 2013 "-" "Mozilla/5.0 (Windows NT 10.0; Win64; x64) AppleWebKit/537.36 (KHTML, like Gecko) Chrome/130.0.0.0 Safari/537.36"
192.185.2.37 - - [14/Jul/2025:15:51:39 +0000] "POST /wp-login.php HTTP/1.1" 200 2133 "https://gardenify.com.au/wp-login.php" "Mozilla/5.0 (Windows NT 10.0; Win64; x64) AppleWebKit/537.36 (KHTML, like Gecko) Chrome/130.0.0.0 Safari/537.36"
103.159.85.179 - - [14/Jul/2025:15:51:46 +0000] "GET /wp-login.php HTTP/1.1" 200 2013 "-" "Mozilla/5.0 (Windows NT 10.0; Win64; x64) AppleWebKit/537.36 (KHTML, like Gecko) Chrome/130.0.0.0 Safari/537.36"
66.249.79.236 - - [14/Jul/2025:15:51:47 +0000] "GET /?s=79601634021490&mod=65387ef6&uri=goods.php?goodscode/67369.shtm HTTP/1.1" 200 19000 "-" "Mozilla/5.0 (Linux; Android 6.0.1; Nexus 5X Build/MMB29P) AppleWebKit/537.36 (KHTML, like Gecko) Chrome/137.0.7151.103 Mobile Safari/537.36 (compatible; Googlebot/2.1; +http://www.google.com/bot.html)"
103.159.85.179 - - [14/Jul/2025:15:51:48 +0000] "POST /wp-login.php HTTP/1.1" 200 2133 "https://gardenify.com.au/wp-login.php" "Mozilla/5.0 (Windows NT 10.0; Win64; x64) AppleWebKit/537.36 (KHTML, like Gecko) Chrome/130.0.0.0 Safari/537.36"
209.74.77.214 - - [14/Jul/2025:15:51:51 +0000] "POST /wp-cron.php?doing_wp_cron=1752508311.2515370845794677734375 HTTP/1.1" 200 - "-" "WordPress/6.8.1; https://gardenify.com.au"
108.167.188.210 - - [14/Jul/2025:15:51:51 +0000] "GET /wp-login.php HTTP/1.1" 200 2013 "-" "Mozilla/5.0 (Windows NT 10.0; Win64; x64) AppleWebKit/537.36 (KHTML, like Gecko) Chrome/130.0.0.0 Safari/537.36"
209.74.77.214 - - [14/Jul/2025:15:51:51 +0000] "POST /wp-admin/admin-ajax.php?action=async_litespeed&nonce=4Im3muLLCD4iHYwMUT7x4aeeAjsVKQda&litespeed_type=imgoptm HTTP/1.1" 200 21 "-" "WordPress/6.8.1; https://gardenify.com.au"
108.167.188.210 - - [14/Jul/2025:15:51:51 +0000] "POST /wp-login.php HTTP/1.1" 200 2164 "https://gardenify.com.au/wp-login.php" "Mozilla/5.0 (Windows NT 10.0; Win64; x64) AppleWebKit/537.36 (KHTML, like Gecko) Chrome/130.0.0.0 Safari/537.36"
192.254.250.10 - - [14/Jul/2025:15:51:53 +0000] "GET /wp-login.php HTTP/1.1" 200 2013 "-" "Mozilla/5.0 (Windows NT 10.0; Win64; x64) AppleWebKit/537.36 (KHTML, like Gecko) Chrome/130.0.0.0 Safari/537.36"
192.254.250.10 - - [14/Jul/2025:15:51:53 +0000] "POST /wp-login.php HTTP/1.1" 200 2159 "https://gardenify.com.au/wp-login.php" "Mozilla/5.0 (Windows NT 10.0; Win64; x64) AppleWebKit/537.36 (KHTML, like Gecko) Chrome/130.0.0.0 Safari/537.36"
66.249.79.237 - - [14/Jul/2025:15:52:02 +0000] "POST /get-message-notify HTTP/1.1" 200 18123 "https://gardenify.com.au/?s=79601634021490&mod=65387ef6&uri=goods.php?goodscode/67369.shtm" "Mozilla/5.0 (Linux; Android 6.0.1; Nexus 5X Build/MMB29P) AppleWebKit/537.36 (KHTML, like Gecko) Chrome/137.0.7151.119 Mobile Safari/537.36 (compatible; Googlebot/2.1; +http://www.google.com/bot.html)"
66.249.79.237 - - [14/Jul/2025:15:52:10 +0000] "GET /?s=79601634021490&mod=65387ef6&uri=goods.php?goodscode/67256.shtm HTTP/1.1" 200 19099 "-" "Mozilla/5.0 (Linux; Android 6.0.1; Nexus 5X Build/MMB29P) AppleWebKit/537.36 (KHTML, like Gecko) Chrome/137.0.7151.103 Mobile Safari/537.36 (compatible; Googlebot/2.1; +http://www.google.com/bot.html)"
209.74.77.214 - - [14/Jul/2025:15:52:16 +0000] "POST /wp-cron.php?doing_wp_cron=1752508336.0611369609832763671875 HTTP/1.1" 200 - "-" "WordPress/6.8.1; https://gardenify.com.au"
192.185.176.94 - - [14/Jul/2025:15:52:16 +0000] "GET /wp-login.php HTTP/1.1" 200 2013 "-" "Mozilla/5.0 (Windows NT 10.0; Win64; x64) AppleWebKit/537.36 (KHTML, like Gecko) Chrome/130.0.0.0 Safari/537.36"
192.185.176.94 - - [14/Jul/2025:15:52:16 +0000] "POST /wp-login.php HTTP/1.1" 200 2133 "https://gardenify.com.au/wp-login.php" "Mozilla/5.0 (Windows NT 10.0; Win64; x64) AppleWebKit/537.36 (KHTML, like Gecko) Chrome/130.0.0.0 Safari/537.36"
184.154.4.187 - - [14/Jul/2025:15:52:17 +0000] "GET /wp-login.php HTTP/1.1" 200 2013 "-" "Mozilla/5.0 (Windows NT 10.0; Win64; x64) AppleWebKit/537.36 (KHTML, like Gecko) Chrome/130.0.0.0 Safari/537.36"
184.154.4.187 - - [14/Jul/2025:15:52:17 +0000] "POST /wp-login.php HTTP/1.1" 200 2133 "https://gardenify.com.au/wp-login.php" "Mozilla/5.0 (Windows NT 10.0; Win64; x64) AppleWebKit/537.36 (KHTML, like Gecko) Chrome/130.0.0.0 Safari/537.36"
198.57.247.187 - - [14/Jul/2025:15:52:19 +0000] "GET /wp-login.php HTTP/1.1" 200 2013 "-" "Mozilla/5.0 (Windows NT 10.0; Win64; x64) AppleWebKit/537.36 (KHTML, like Gecko) Chrome/130.0.0.0 Safari/537.36"
198.57.247.187 - - [14/Jul/2025:15:52:20 +0000] "POST /wp-login.php HTTP/1.1" 200 2159 "https://gardenify.com.au/wp-login.php" "Mozilla/5.0 (Windows NT 10.0; Win64; x64) AppleWebKit/537.36 (KHTML, like Gecko) Chrome/130.0.0.0 Safari/537.36"
103.24.12.229 - - [14/Jul/2025:15:52:22 +0000] "GET /wp-login.php HTTP/1.1" 200 2013 "-" "Mozilla/5.0 (Windows NT 10.0; Win64; x64) AppleWebKit/537.36 (KHTML, like Gecko) Chrome/130.0.0.0 Safari/537.36"
103.24.12.229 - - [14/Jul/2025:15:52:23 +0000] "POST /wp-login.php HTTP/1.1" 200 2163 "https://gardenify.com.au/wp-login.php" "Mozilla/5.0 (Windows NT 10.0; Win64; x64) AppleWebKit/537.36 (KHTML, like Gecko) Chrome/130.0.0.0 Safari/537.36"
66.249.79.236 - - [14/Jul/2025:15:52:23 +0000] "GET /?s=89097883141490&mod=635ef693&uri=shared.php?goodscode/66851.shtm HTTP/1.1" 200 18663 "-" "Mozilla/5.0 (Linux; Android 6.0.1; Nexus 5X Build/MMB29P) AppleWebKit/537.36 (KHTML, like Gecko) Chrome/137.0.7151.103 Mobile Safari/537.36 (compatible; Googlebot/2.1; +http://www.google.com/bot.html)"
162.241.203.212 - - [14/Jul/2025:15:52:25 +0000] "GET /wp-login.php HTTP/1.1" 200 2013 "-" "Mozilla/5.0 (Windows NT 10.0; Win64; x64) AppleWebKit/537.36 (KHTML, like Gecko) Chrome/130.0.0.0 Safari/537.36"
162.241.203.212 - - [14/Jul/2025:15:52:25 +0000] "POST /wp-login.php HTTP/1.1" 200 2161 "https://gardenify.com.au/wp-login.php" "Mozilla/5.0 (Windows NT 10.0; Win64; x64) AppleWebKit/537.36 (KHTML, like Gecko) Chrome/130.0.0.0 Safari/537.36"
66.249.79.237 - - [14/Jul/2025:15:53:05 +0000] "GET /?s=79601634021490&mod=65387ef6&uri=goods.php?goodscode/67626.shtm HTTP/1.1" 200 19033 "-" "Mozilla/5.0 (Linux; Android 6.0.1; Nexus 5X Build/MMB29P) AppleWebKit/537.36 (KHTML, like Gecko) Chrome/137.0.7151.103 Mobile Safari/537.36 (compatible; Googlebot/2.1; +http://www.google.com/bot.html)"
66.249.79.236 - - [14/Jul/2025:15:53:06 +0000] "GET /?s=79601634021490&mod=65387ef6&uri=goods.php?goodscode/67083.shtm HTTP/1.1" 200 19782 "-" "Mozilla/5.0 (Linux; Android 6.0.1; Nexus 5X Build/MMB29P) AppleWebKit/537.36 (KHTML, like Gecko) Chrome/137.0.7151.103 Mobile Safari/537.36 (compatible; Googlebot/2.1; +http://www.google.com/bot.html)"
209.74.77.214 - - [14/Jul/2025:15:53:12 +0000] "POST /wp-cron.php?doing_wp_cron=1752508392.2442729473114013671875 HTTP/1.1" 200 - "-" "WordPress/6.8.1; https://gardenify.com.au"
35.200.179.113 - - [14/Jul/2025:15:53:11 +0000] "GET /wp-login.php HTTP/1.1" 200 2013 "-" "Mozilla/5.0 (Windows NT 10.0; Win64; x64) AppleWebKit/537.36 (KHTML, like Gecko) Chrome/130.0.0.0 Safari/537.36"
209.74.77.214 - - [14/Jul/2025:15:53:12 +0000] "POST /wp-admin/admin-ajax.php?action=async_litespeed&nonce=3w1H7fIf58wuNYPXajJAvrkEOvaWCPof&litespeed_type=imgoptm HTTP/1.1" 200 21 "-" "WordPress/6.8.1; https://gardenify.com.au"
35.200.179.113 - - [14/Jul/2025:15:53:12 +0000] "POST /wp-login.php HTTP/1.1" 200 2163 "https://gardenify.com.au/wp-login.php" "Mozilla/5.0 (Windows NT 10.0; Win64; x64) AppleWebKit/537.36 (KHTML, like Gecko) Chrome/130.0.0.0 Safari/537.36"
192.185.4.70 - - [14/Jul/2025:15:53:14 +0000] "GET /wp-login.php HTTP/1.1" 200 2013 "-" "Mozilla/5.0 (Windows NT 10.0; Win64; x64) AppleWebKit/537.36 (KHTML, like Gecko) Chrome/130.0.0.0 Safari/537.36"
192.185.4.70 - - [14/Jul/2025:15:53:15 +0000] "POST /wp-login.php HTTP/1.1" 200 2160 "https://gardenify.com.au/wp-login.php" "Mozilla/5.0 (Windows NT 10.0; Win64; x64) AppleWebKit/537.36 (KHTML, like Gecko) Chrome/130.0.0.0 Safari/537.36"
66.249.79.237 - - [14/Jul/2025:15:53:17 +0000] "GET /?s=79601634021490&mod=65387ef6&uri=goods.php?goodscode/65850.shtm HTTP/1.1" 200 18867 "-" "Mozilla/5.0 (Linux; Android 6.0.1; Nexus 5X Build/MMB29P) AppleWebKit/537.36 (KHTML, like Gecko) Chrome/137.0.7151.103 Mobile Safari/537.36 (compatible; Googlebot/2.1; +http://www.google.com/bot.html)"
192.185.2.124 - - [14/Jul/2025:15:53:27 +0000] "GET /wp-login.php HTTP/1.1" 200 2013 "-" "Mozilla/5.0 (Windows NT 10.0; Win64; x64) AppleWebKit/537.36 (KHTML, like Gecko) Chrome/130.0.0.0 Safari/537.36"
192.185.2.124 - - [14/Jul/2025:15:53:28 +0000] "POST /wp-login.php HTTP/1.1" 200 2133 "https://gardenify.com.au/wp-login.php" "Mozilla/5.0 (Windows NT 10.0; Win64; x64) AppleWebKit/537.36 (KHTML, like Gecko) Chrome/130.0.0.0 Safari/537.36"
209.74.77.214 - - [14/Jul/2025:15:53:52 +0000] "POST /wp-cron.php?doing_wp_cron=1752508432.2930560111999511718750 HTTP/1.1" 200 - "-" "WordPress/6.8.1; https://gardenify.com.au"
108.167.188.13 - - [14/Jul/2025:15:53:52 +0000] "GET /wp-login.php HTTP/1.1" 200 2013 "-" "Mozilla/5.0 (Windows NT 10.0; Win64; x64) AppleWebKit/537.36 (KHTML, like Gecko) Chrome/130.0.0.0 Safari/537.36"
209.74.77.214 - - [14/Jul/2025:15:53:52 +0000] "POST /wp-admin/admin-ajax.php?action=async_litespeed&nonce=4RjfzWbxhBuTIFiCkHZYxTcew9k5zIlM&litespeed_type=imgoptm HTTP/1.1" 200 21 "-" "WordPress/6.8.1; https://gardenify.com.au"
209.74.77.214 - - [14/Jul/2025:15:53:54 +0000] "POST /wp-cron.php?doing_wp_cron=1752508434.3788330554962158203125 HTTP/1.1" 200 - "-" "WordPress/6.8.1; https://gardenify.com.au"
108.167.188.13 - - [14/Jul/2025:15:53:54 +0000] "POST /wp-login.php HTTP/1.1" 200 2133 "https://gardenify.com.au/wp-login.php" "Mozilla/5.0 (Windows NT 10.0; Win64; x64) AppleWebKit/537.36 (KHTML, like Gecko) Chrome/130.0.0.0 Safari/537.36"
66.249.79.236 - - [14/Jul/2025:15:53:54 +0000] "GET /?s=89095123021490&mod=2ac82abf&uri=us.php?goodscode/67009.shtm HTTP/1.1" 200 19025 "-" "Mozilla/5.0 (Linux; Android 6.0.1; Nexus 5X Build/MMB29P) AppleWebKit/537.36 (KHTML, like Gecko) Chrome/137.0.7151.103 Mobile Safari/537.36 (compatible; Googlebot/2.1; +http://www.google.com/bot.html)"
66.249.79.236 - - [14/Jul/2025:15:53:54 +0000] "GET /?s=79601634021490&mod=65387ef6&uri=goods.php?feature/campaign/index.html HTTP/1.1" 200 19486 "-" "Mozilla/5.0 (Linux; Android 6.0.1; Nexus 5X Build/MMB29P) AppleWebKit/537.36 (KHTML, like Gecko) Chrome/137.0.7151.103 Mobile Safari/537.36 (compatible; Googlebot/2.1; +http://www.google.com/bot.html)"
66.249.79.236 - - [14/Jul/2025:15:53:55 +0000] "GET /?s=91495032001490&mod=f073b7fd&uri=article.php%3Fid%3D3053359-464%26name%3Dmsi+970+gaming+motherboard+front+panel+connectors HTTP/1.1" 200 18848 "-" "Mozilla/5.0 (Linux; Android 6.0.1; Nexus 5X Build/MMB29P) AppleWebKit/537.36 (KHTML, like Gecko) Chrome/137.0.7151.103 Mobile Safari/537.36 (compatible; Googlebot/2.1; +http://www.google.com/bot.html)"
192.185.4.23 - - [14/Jul/2025:15:53:58 +0000] "GET /wp-login.php HTTP/1.1" 200 2013 "-" "Mozilla/5.0 (Windows NT 10.0; Win64; x64) AppleWebKit/537.36 (KHTML, like Gecko) Chrome/130.0.0.0 Safari/537.36"
192.185.4.23 - - [14/Jul/2025:15:53:59 +0000] "POST /wp-login.php HTTP/1.1" 200 2133 "https://gardenify.com.au/wp-login.php" "Mozilla/5.0 (Windows NT 10.0; Win64; x64) AppleWebKit/537.36 (KHTML, like Gecko) Chrome/130.0.0.0 Safari/537.36"
66.249.79.236 - - [14/Jul/2025:15:54:03 +0000] "GET /?s=109202565041490&mod=b21f9f98&uri=pin.php%3Fid%3D3644434-25%26name%3Dps4+gran+turismo+limited+edition+console HTTP/1.1" 200 18819 "-" "Mozilla/5.0 (Linux; Android 6.0.1; Nexus 5X Build/MMB29P) AppleWebKit/537.36 (KHTML, like Gecko) Chrome/137.0.7151.103 Mobile Safari/537.36 (compatible; Googlebot/2.1; +http://www.google.com/bot.html)"
66.249.79.236 - - [14/Jul/2025:15:54:11 +0000] "POST /get-message-notify HTTP/1.1" 200 18123 "https://gardenify.com.au/?s=91495032001490&mod=f073b7fd&uri=article.php%3Fid%3D3053359-464%26name%3Dmsi+970+gaming+motherboard+front+panel+connectors" "Mozilla/5.0 (Linux; Android 6.0.1; Nexus 5X Build/MMB29P) AppleWebKit/537.36 (KHTML, like Gecko) Chrome/137.0.7151.119 Mobile Safari/537.36 (compatible; Googlebot/2.1; +http://www.google.com/bot.html)"
192.185.4.52 - - [14/Jul/2025:15:54:11 +0000] "GET /wp-login.php HTTP/1.1" 200 2013 "-" "Mozilla/5.0 (Windows NT 10.0; Win64; x64) AppleWebKit/537.36 (KHTML, like Gecko) Chrome/130.0.0.0 Safari/537.36"
192.185.4.52 - - [14/Jul/2025:15:54:11 +0000] "POST /wp-login.php HTTP/1.1" 200 2161 "https://gardenify.com.au/wp-login.php" "Mozilla/5.0 (Windows NT 10.0; Win64; x64) AppleWebKit/537.36 (KHTML, like Gecko) Chrome/130.0.0.0 Safari/537.36"
66.249.79.237 - - [14/Jul/2025:15:54:14 +0000] "GET /?s=79601634021490&mod=65387ef6&uri=goods.php?hobby/nuigurumi/nuigurumi.html HTTP/1.1" 200 18604 "-" "Mozilla/5.0 (Linux; Android 6.0.1; Nexus 5X Build/MMB29P) AppleWebKit/537.36 (KHTML, like Gecko) Chrome/137.0.7151.103 Mobile Safari/537.36 (compatible; Googlebot/2.1; +http://www.google.com/bot.html)"
66.249.79.236 - - [14/Jul/2025:15:54:15 +0000] "GET /?s=79576798081490&mod=d1f60334&uri=form.php?goodscode/66460.shtm HTTP/1.1" 200 19228 "-" "Mozilla/5.0 (Linux; Android 6.0.1; Nexus 5X Build/MMB29P) AppleWebKit/537.36 (KHTML, like Gecko) Chrome/137.0.7151.103 Mobile Safari/537.36 (compatible; Googlebot/2.1; +http://www.google.com/bot.html)"
66.249.79.236 - - [14/Jul/2025:15:54:22 +0000] "GET /?s=84069751141490&mod=9cecbb6f&uri=product.php?goodscode/67009.shtm HTTP/1.1" 200 19053 "-" "Mozilla/5.0 (Linux; Android 6.0.1; Nexus 5X Build/MMB29P) AppleWebKit/537.36 (KHTML, like Gecko) Chrome/137.0.7151.103 Mobile Safari/537.36 (compatible; Googlebot/2.1; +http://www.google.com/bot.html)"
66.249.79.236 - - [14/Jul/2025:15:54:34 +0000] "GET /?s=79601634021490&mod=65387ef6&uri=goods.php?avsoft.html HTTP/1.1" 200 19438 "-" "Mozilla/5.0 (Linux; Android 6.0.1; Nexus 5X Build/MMB29P) AppleWebKit/537.36 (KHTML, like Gecko) Chrome/137.0.7151.103 Mobile Safari/537.36 (compatible; Googlebot/2.1; +http://www.google.com/bot.html)"
167.172.147.78 - - [14/Jul/2025:15:54:35 +0000] "GET /wp-login.php HTTP/1.1" 200 2013 "-" "Mozilla/5.0 (Windows NT 10.0; Win64; x64) AppleWebKit/537.36 (KHTML, like Gecko) Chrome/130.0.0.0 Safari/537.36"
167.172.147.78 - - [14/Jul/2025:15:54:35 +0000] "POST /wp-login.php HTTP/1.1" 200 2133 "https://gardenify.com.au/wp-login.php" "Mozilla/5.0 (Windows NT 10.0; Win64; x64) AppleWebKit/537.36 (KHTML, like Gecko) Chrome/130.0.0.0 Safari/537.36"
192.185.4.78 - - [14/Jul/2025:15:54:37 +0000] "GET /wp-login.php HTTP/1.1" 200 2013 "-" "Mozilla/5.0 (Windows NT 10.0; Win64; x64) AppleWebKit/537.36 (KHTML, like Gecko) Chrome/130.0.0.0 Safari/537.36"
192.185.4.78 - - [14/Jul/2025:15:54:38 +0000] "POST /wp-login.php HTTP/1.1" 200 2159 "https://gardenify.com.au/wp-login.php" "Mozilla/5.0 (Windows NT 10.0; Win64; x64) AppleWebKit/537.36 (KHTML, like Gecko) Chrome/130.0.0.0 Safari/537.36"
66.249.79.236 - - [14/Jul/2025:15:54:38 +0000] "POST /get-message-notify HTTP/1.1" 200 18123 "https://gardenify.com.au/?s=79601634021490&mod=65387ef6&uri=goods.php?avsoft.html" "Mozilla/5.0 (Linux; Android 6.0.1; Nexus 5X Build/MMB29P) AppleWebKit/537.36 (KHTML, like Gecko) Chrome/137.0.7151.119 Mobile Safari/537.36 (compatible; Googlebot/2.1; +http://www.google.com/bot.html)"
209.142.64.152 - - [14/Jul/2025:15:54:42 +0000] "GET /wp-login.php HTTP/1.1" 200 2013 "-" "Mozilla/5.0 (Windows NT 10.0; Win64; x64) AppleWebKit/537.36 (KHTML, like Gecko) Chrome/130.0.0.0 Safari/537.36"
209.142.64.152 - - [14/Jul/2025:15:54:43 +0000] "POST /wp-login.php HTTP/1.1" 200 2133 "https://gardenify.com.au/wp-login.php" "Mozilla/5.0 (Windows NT 10.0; Win64; x64) AppleWebKit/537.36 (KHTML, like Gecko) Chrome/130.0.0.0 Safari/537.36"
108.179.253.160 - - [14/Jul/2025:15:54:45 +0000] "GET /wp-login.php HTTP/1.1" 200 2013 "-" "Mozilla/5.0 (Windows NT 10.0; Win64; x64) AppleWebKit/537.36 (KHTML, like Gecko) Chrome/130.0.0.0 Safari/537.36"
108.179.253.160 - - [14/Jul/2025:15:54:46 +0000] "POST /wp-login.php HTTP/1.1" 200 2158 "https://gardenify.com.au/wp-login.php" "Mozilla/5.0 (Windows NT 10.0; Win64; x64) AppleWebKit/537.36 (KHTML, like Gecko) Chrome/130.0.0.0 Safari/537.36"
66.249.79.236 - - [14/Jul/2025:15:54:49 +0000] "GET /?s=19476983121490&mod=4febb4e3&uri=blog.php%3Fid%3D650173-740%26name%3Dnike+air+max+thea+malaysia HTTP/1.1" 200 18804 "-" "Mozilla/5.0 (Linux; Android 6.0.1; Nexus 5X Build/MMB29P) AppleWebKit/537.36 (KHTML, like Gecko) Chrome/137.0.7151.103 Mobile Safari/537.36 (compatible; Googlebot/2.1; +http://www.google.com/bot.html)"
209.74.77.214 - - [14/Jul/2025:15:54:59 +0000] "POST /wp-cron.php?doing_wp_cron=1752508499.2499129772186279296875 HTTP/1.1" 200 - "-" "WordPress/6.8.1; https://gardenify.com.au"
109.123.241.159 - - [14/Jul/2025:15:54:59 +0000] "GET /wp-login.php HTTP/1.1" 200 2013 "-" "Mozilla/5.0 (Windows NT 10.0; Win64; x64) AppleWebKit/537.36 (KHTML, like Gecko) Chrome/130.0.0.0 Safari/537.36"
209.74.77.214 - - [14/Jul/2025:15:54:59 +0000] "POST /wp-admin/admin-ajax.php?action=async_litespeed&nonce=M6uxTBtMqL8opxpbauK2XaqPcGSOQHWb&litespeed_type=imgoptm HTTP/1.1" 200 21 "-" "WordPress/6.8.1; https://gardenify.com.au"
109.123.241.159 - - [14/Jul/2025:15:54:59 +0000] "POST /wp-login.php HTTP/1.1" 200 2159 "https://gardenify.com.au/wp-login.php" "Mozilla/5.0 (Windows NT 10.0; Win64; x64) AppleWebKit/537.36 (KHTML, like Gecko) Chrome/130.0.0.0 Safari/537.36"
51.195.219.160 - - [14/Jul/2025:15:55:00 +0000] "GET /wp-login.php HTTP/1.1" 200 2013 "-" "Mozilla/5.0 (Windows NT 10.0; Win64; x64) AppleWebKit/537.36 (KHTML, like Gecko) Chrome/130.0.0.0 Safari/537.36"
51.195.219.160 - - [14/Jul/2025:15:55:01 +0000] "POST /wp-login.php HTTP/1.1" 200 2159 "https://gardenify.com.au/wp-login.php" "Mozilla/5.0 (Windows NT 10.0; Win64; x64) AppleWebKit/537.36 (KHTML, like Gecko) Chrome/130.0.0.0 Safari/537.36"
66.249.79.238 - - [14/Jul/2025:15:55:01 +0000] "GET /?s=114801278041490&mod=4c42428c&uri=goods.php%3Fid%3D3831346-1607%26name%3Djourneys+neon+vans HTTP/1.1" 200 18800 "-" "Mozilla/5.0 (Linux; Android 6.0.1; Nexus 5X Build/MMB29P) AppleWebKit/537.36 (KHTML, like Gecko) Chrome/137.0.7151.103 Mobile Safari/537.36 (compatible; Googlebot/2.1; +http://www.google.com/bot.html)"
