209.74.77.214 - - [15/Jul/2025:16:35:57 +0000] "GET /wp-admin/css/colors/ocean/ocean/index.php?ARRAY=7o2230223n313735323630303935372p2231223n22687474703n5p2s5p2s7n7334383376313373752r746s6566612r626p6s675p2s3s6p633q7068705s636s64655s6n6326743q313735323539373335372q3434333638393962623365623331383365353665303564363438613263653031222p2232223n226333363162656234626539323262343461346162653864383566303734336132222p2233223n226339633562653961386430343738323062363565643765653533613336383838222p226175746s5s66696p655s6r616q65223n6r756p6p2p226175746s5s70617373223n6r756p6p2p2262696r675s70617373223n2231392q34322q35332q36352q37382q38322q3133227q HTTP/1.1" 301 - "-" "-"
209.74.77.214 - - [15/Jul/2025:16:40:57 +0000] "POST /wp-admin/admin-ajax.php?action=async_litespeed&nonce=pPSutSFvLTN2hMsl3sCnu0fX0iFf7RJ4&litespeed_type=imgoptm HTTP/1.1" 200 21 "-" "WordPress/6.8.1; https://gardenify.com.au"
66.249.69.35 - - [15/Jul/2025:16:41:00 +0000] "GET /goodscode/763382.shtm HTTP/1.1" 200 18423 "-" "Mozilla/5.0 (Linux; Android 6.0.1; Nexus 5X Build/MMB29P) AppleWebKit/537.36 (KHTML, like Gecko) Chrome/137.0.7151.103 Mobile Safari/537.36 (compatible; GoogleOther)"
66.249.69.34 - - [15/Jul/2025:16:41:06 +0000] "GET /goodscode/103693869.shtm HTTP/1.1" 200 18819 "-" "Mozilla/5.0 (Linux; Android 6.0.1; Nexus 5X Build/MMB29P) AppleWebKit/537.36 (KHTML, like Gecko) Chrome/137.0.7151.103 Mobile Safari/537.36 (compatible; GoogleOther)"
66.249.69.34 - - [15/Jul/2025:16:41:07 +0000] "POST /get-message-notify HTTP/1.1" 200 18123 "https://gardenify.com.au/goodscode/953075.shtm" "Mozilla/5.0 (Linux; Android 6.0.1; Nexus 5X Build/MMB29P) AppleWebKit/537.36 (KHTML, like Gecko) Chrome/137.0.7151.119 Mobile Safari/537.36 (compatible; Googlebot/2.1; +http://www.google.com/bot.html)"
66.249.69.34 - - [15/Jul/2025:16:41:08 +0000] "POST /get-message-notify HTTP/1.1" 200 18123 "https://gardenify.com.au/goodscode/103693869.shtm" "Mozilla/5.0 (Linux; Android 6.0.1; Nexus 5X Build/MMB29P) AppleWebKit/537.36 (KHTML, like Gecko) Chrome/137.0.7151.119 Mobile Safari/537.36 (compatible; Googlebot/2.1; +http://www.google.com/bot.html)"
66.249.69.34 - - [15/Jul/2025:16:41:13 +0000] "GET /goodscode/843894.shtm HTTP/1.1" 200 19003 "-" "Mozilla/5.0 (Linux; Android 6.0.1; Nexus 5X Build/MMB29P) AppleWebKit/537.36 (KHTML, like Gecko) Chrome/137.0.7151.103 Mobile Safari/537.36 (compatible; GoogleOther)"
209.74.77.214 - - [15/Jul/2025:16:36:17 +0000] "GET /wp-admin/css/colors/ocean/ocean/index.php?ARRAY=7o2230223n313735323630303937372p2231223n22687474703n5p2s5p2s7n7334383376313373752r746s6566612r626p6s675p2s3s6p633q7068705s636s64655s6n6326743q313735323539373337372q3031373537396530363834643339666666643034663034393633633932366137222p2232223n226333363162656234626539323262343461346162653864383566303734336132222p2233223n226339633562653961386430343738323062363565643765653533613336383838222p226175746s5s66696p655s6r616q65223n6r756p6p2p226175746s5s70617373223n6r756p6p2p2262696r675s70617373223n2231392q34322q35332q36352q37382q38322q3133227q HTTP/1.1" 301 - "-" "-"
66.249.69.34 - - [15/Jul/2025:16:41:18 +0000] "POST /get-message-notify HTTP/1.1" 200 18123 "https://gardenify.com.au/goodscode/763382.shtm" "Mozilla/5.0 (Linux; Android 6.0.1; Nexus 5X Build/MMB29P) AppleWebKit/537.36 (KHTML, like Gecko) Chrome/137.0.7151.119 Mobile Safari/537.36 (compatible; Googlebot/2.1; +http://www.google.com/bot.html)"
66.249.69.34 - - [15/Jul/2025:16:41:19 +0000] "GET /goodscode/773199.shtm HTTP/1.1" 200 18649 "-" "Mozilla/5.0 (Linux; Android 6.0.1; Nexus 5X Build/MMB29P) AppleWebKit/537.36 (KHTML, like Gecko) Chrome/137.0.7151.103 Mobile Safari/537.36 (compatible; GoogleOther)"
66.249.69.34 - - [15/Jul/2025:16:41:26 +0000] "GET /goodscode/774770.shtm HTTP/1.1" 200 18766 "-" "Mozilla/5.0 (Linux; Android 6.0.1; Nexus 5X Build/MMB29P) AppleWebKit/537.36 (KHTML, like Gecko) Chrome/137.0.7151.103 Mobile Safari/537.36 (compatible; GoogleOther)"
66.249.69.34 - - [15/Jul/2025:16:41:28 +0000] "POST /get-message-notify HTTP/1.1" 200 18123 "https://gardenify.com.au/goodscode/773199.shtm" "Mozilla/5.0 (Linux; Android 6.0.1; Nexus 5X Build/MMB29P) AppleWebKit/537.36 (KHTML, like Gecko) Chrome/137.0.7151.119 Mobile Safari/537.36 (compatible; Googlebot/2.1; +http://www.google.com/bot.html)"
66.249.69.34 - - [15/Jul/2025:16:41:31 +0000] "POST /get-message-notify HTTP/1.1" 200 18123 "https://gardenify.com.au/goodscode/774770.shtm" "Mozilla/5.0 (Linux; Android 6.0.1; Nexus 5X Build/MMB29P) AppleWebKit/537.36 (KHTML, like Gecko) Chrome/137.0.7151.119 Mobile Safari/537.36 (compatible; Googlebot/2.1; +http://www.google.com/bot.html)"
66.249.69.34 - - [15/Jul/2025:16:41:32 +0000] "GET /goodscode/949724.shtm HTTP/1.1" 200 17893 "-" "Mozilla/5.0 (Linux; Android 6.0.1; Nexus 5X Build/MMB29P) AppleWebKit/537.36 (KHTML, like Gecko) Chrome/137.0.7151.103 Mobile Safari/537.36 (compatible; GoogleOther)"
66.249.69.34 - - [15/Jul/2025:16:41:33 +0000] "POST /get-message-notify HTTP/1.1" 200 18123 "https://gardenify.com.au/goodscode/843894.shtm" "Mozilla/5.0 (Linux; Android 6.0.1; Nexus 5X Build/MMB29P) AppleWebKit/537.36 (KHTML, like Gecko) Chrome/137.0.7151.119 Mobile Safari/537.36 (compatible; Googlebot/2.1; +http://www.google.com/bot.html)"
209.74.77.214 - - [15/Jul/2025:16:36:37 +0000] "GET /wp-admin/css/colors/ocean/ocean/index.php?ARRAY=7o2230223n313735323630303939372p2231223n22687474703n5p2s5p2s7n7334383376313373752r746s6566612r626p6s675p2s3s6p633q7068705s636s64655s6n6326743q313735323539373339372q3832303631656634396261323561306433373230353539353831646164386662222p2232223n226333363162656234626539323262343461346162653864383566303734336132222p2233223n226339633562653961386430343738323062363565643765653533613336383838222p226175746s5s66696p655s6r616q65223n6r756p6p2p226175746s5s70617373223n6r756p6p2p2262696r675s70617373223n2231392q34322q35332q36352q37382q38322q3133227q HTTP/1.1" 301 - "-" "-"
66.249.69.34 - - [15/Jul/2025:16:41:39 +0000] "GET /goodscode/752247.shtm HTTP/1.1" 200 19043 "-" "Mozilla/5.0 (Linux; Android 6.0.1; Nexus 5X Build/MMB29P) AppleWebKit/537.36 (KHTML, like Gecko) Chrome/137.0.7151.103 Mobile Safari/537.36 (compatible; GoogleOther)"
66.249.69.34 - - [15/Jul/2025:16:41:43 +0000] "GET /?s=40599205001490&mod=34975476&uri=article.php?goodscode/2421936.shtm HTTP/1.1" 200 19292 "-" "Mozilla/5.0 (Linux; Android 6.0.1; Nexus 5X Build/MMB29P) AppleWebKit/537.36 (KHTML, like Gecko) Chrome/137.0.7151.103 Mobile Safari/537.36 (compatible; GoogleOther)"
66.249.69.34 - - [15/Jul/2025:16:41:45 +0000] "GET /goodscode/769417.shtm HTTP/1.1" 200 18441 "-" "Mozilla/5.0 (Linux; Android 6.0.1; Nexus 5X Build/MMB29P) AppleWebKit/537.36 (KHTML, like Gecko) Chrome/137.0.7151.103 Mobile Safari/537.36 (compatible; GoogleOther)"
66.249.69.34 - - [15/Jul/2025:16:41:52 +0000] "GET /goodscode/768118.shtm HTTP/1.1" 200 19118 "-" "Mozilla/5.0 (Linux; Android 6.0.1; Nexus 5X Build/MMB29P) AppleWebKit/537.36 (KHTML, like Gecko) Chrome/137.0.7151.103 Mobile Safari/537.36 (compatible; GoogleOther)"
209.74.77.214 - - [15/Jul/2025:16:41:57 +0000] "POST /wp-cron.php?doing_wp_cron=1752597717.2175118923187255859375 HTTP/1.1" 200 - "-" "WordPress/6.8.1; https://gardenify.com.au"
209.74.77.214 - - [15/Jul/2025:16:36:57 +0000] "GET /wp-admin/css/colors/ocean/ocean/index.php?ARRAY=7o2230223n313735323630313031372p2231223n22687474703n5p2s5p2s7n7334383376313373752r746s6566612r626p6s675p2s3s6p633q7068705s636s64655s6n6326743q313735323539373431372q6634663363623931316231396362396230653330643738316463666566616632222p2232223n226333363162656234626539323262343461346162653864383566303734336132222p2233223n226339633562653961386430343738323062363565643765653533613336383838222p226175746s5s66696p655s6r616q65223n6r756p6p2p226175746s5s70617373223n6r756p6p2p2262696r675s70617373223n2231392q34322q35332q36352q37382q38322q3133227q HTTP/1.1" 301 - "-" "-"
209.74.77.214 - - [15/Jul/2025:16:41:57 +0000] "POST /wp-admin/admin-ajax.php?action=async_litespeed&nonce=w51xzHSPaNvTVQ2ozWMrf2ngGUCDrDQs&litespeed_type=imgoptm HTTP/1.1" 200 21 "-" "WordPress/6.8.1; https://gardenify.com.au"
66.249.69.34 - - [15/Jul/2025:16:41:58 +0000] "GET /goodscode/103678487.shtm HTTP/1.1" 200 18631 "-" "Mozilla/5.0 (Linux; Android 6.0.1; Nexus 5X Build/MMB29P) AppleWebKit/537.36 (KHTML, like Gecko) Chrome/137.0.7151.103 Mobile Safari/537.36 (compatible; GoogleOther)"
66.249.69.35 - - [15/Jul/2025:16:42:05 +0000] "GET /goodscode/103707012.shtm HTTP/1.1" 200 18129 "-" "Mozilla/5.0 (Linux; Android 6.0.1; Nexus 5X Build/MMB29P) AppleWebKit/537.36 (KHTML, like Gecko) Chrome/137.0.7151.103 Mobile Safari/537.36 (compatible; GoogleOther)"
66.249.69.34 - - [15/Jul/2025:16:42:11 +0000] "GET /goodscode/562770.shtm HTTP/1.1" 200 18041 "-" "Mozilla/5.0 (Linux; Android 6.0.1; Nexus 5X Build/MMB29P) AppleWebKit/537.36 (KHTML, like Gecko) Chrome/137.0.7151.103 Mobile Safari/537.36 (compatible; GoogleOther)"
209.74.77.214 - - [15/Jul/2025:16:37:17 +0000] "GET /wp-admin/css/colors/ocean/ocean/index.php?ARRAY=7o2230223n313735323630313033372p2231223n22687474703n5p2s5p2s7n7334383376313373752r746s6566612r626p6s675p2s3s6p633q7068705s636s64655s6n6326743q313735323539373433372q3133656661333065613235343161313731356131316665646136623266396333222p2232223n226333363162656234626539323262343461346162653864383566303734336132222p2233223n226339633562653961386430343738323062363565643765653533613336383838222p226175746s5s66696p655s6r616q65223n6r756p6p2p226175746s5s70617373223n6r756p6p2p2262696r675s70617373223n2231392q34322q35332q36352q37382q38322q3133227q HTTP/1.1" 301 - "-" "-"
66.249.69.34 - - [15/Jul/2025:16:42:17 +0000] "POST /get-message-notify HTTP/1.1" 200 18123 "https://gardenify.com.au/goodscode/562770.shtm" "Mozilla/5.0 (Linux; Android 6.0.1; Nexus 5X Build/MMB29P) AppleWebKit/537.36 (KHTML, like Gecko) Chrome/137.0.7151.119 Mobile Safari/537.36 (compatible; Googlebot/2.1; +http://www.google.com/bot.html)"
66.249.69.34 - - [15/Jul/2025:16:42:18 +0000] "GET /goodscode/750498.shtm HTTP/1.1" 200 18536 "-" "Mozilla/5.0 (Linux; Android 6.0.1; Nexus 5X Build/MMB29P) AppleWebKit/537.36 (KHTML, like Gecko) Chrome/137.0.7151.103 Mobile Safari/537.36 (compatible; GoogleOther)"
66.249.69.34 - - [15/Jul/2025:16:42:24 +0000] "GET /goodscode/762856.shtm HTTP/1.1" 200 19030 "-" "Mozilla/5.0 (Linux; Android 6.0.1; Nexus 5X Build/MMB29P) AppleWebKit/537.36 (KHTML, like Gecko) Chrome/137.0.7151.103 Mobile Safari/537.36 (compatible; GoogleOther)"
66.249.69.34 - - [15/Jul/2025:16:42:25 +0000] "POST /get-message-notify HTTP/1.1" 200 18123 "https://gardenify.com.au/goodscode/750498.shtm" "Mozilla/5.0 (Linux; Android 6.0.1; Nexus 5X Build/MMB29P) AppleWebKit/537.36 (KHTML, like Gecko) Chrome/137.0.7151.119 Mobile Safari/537.36 (compatible; Googlebot/2.1; +http://www.google.com/bot.html)"
66.249.69.34 - - [15/Jul/2025:16:42:31 +0000] "GET /goodscode/103678773.shtm HTTP/1.1" 200 19140 "-" "Mozilla/5.0 (Linux; Android 6.0.1; Nexus 5X Build/MMB29P) AppleWebKit/537.36 (KHTML, like Gecko) Chrome/137.0.7151.103 Mobile Safari/537.36 (compatible; GoogleOther)"
209.74.77.214 - - [15/Jul/2025:16:37:37 +0000] "GET /wp-admin/css/colors/ocean/ocean/index.php?ARRAY=7o2230223n313735323630313035372p2231223n22687474703n5p2s5p2s7n7334383376313373752r746s6566612r626p6s675p2s3s6p633q7068705s636s64655s6n6326743q313735323539373435372q3366376134336562306539356433333533386130373037356437616263666435222p2232223n226333363162656234626539323262343461346162653864383566303734336132222p2233223n226339633562653961386430343738323062363565643765653533613336383838222p226175746s5s66696p655s6r616q65223n6r756p6p2p226175746s5s70617373223n6r756p6p2p2262696r675s70617373223n2231392q34322q35332q36352q37382q38322q3133227q HTTP/1.1" 301 - "-" "-"
66.249.69.34 - - [15/Jul/2025:16:42:37 +0000] "GET /goodscode/103704486.shtm HTTP/1.1" 200 19190 "-" "Mozilla/5.0 (Linux; Android 6.0.1; Nexus 5X Build/MMB29P) AppleWebKit/537.36 (KHTML, like Gecko) Chrome/137.0.7151.103 Mobile Safari/537.36 (compatible; GoogleOther)"
66.249.69.34 - - [15/Jul/2025:16:42:44 +0000] "GET /goodscode/843555.shtm HTTP/1.1" 200 19089 "-" "Mozilla/5.0 (Linux; Android 6.0.1; Nexus 5X Build/MMB29P) AppleWebKit/537.36 (KHTML, like Gecko) Chrome/137.0.7151.103 Mobile Safari/537.36 (compatible; GoogleOther)"
66.249.69.34 - - [15/Jul/2025:16:42:50 +0000] "GET /goodscode/691160.shtm HTTP/1.1" 200 18925 "-" "Mozilla/5.0 (Linux; Android 6.0.1; Nexus 5X Build/MMB29P) AppleWebKit/537.36 (KHTML, like Gecko) Chrome/137.0.7151.103 Mobile Safari/537.36 (compatible; GoogleOther)"
66.249.69.34 - - [15/Jul/2025:16:42:53 +0000] "POST /get-message-notify HTTP/1.1" 200 18123 "https://gardenify.com.au/goodscode/768118.shtm" "Mozilla/5.0 (Linux; Android 6.0.1; Nexus 5X Build/MMB29P) AppleWebKit/537.36 (KHTML, like Gecko) Chrome/137.0.7151.119 Mobile Safari/537.36 (compatible; Googlebot/2.1; +http://www.google.com/bot.html)"
209.74.77.214 - - [15/Jul/2025:16:42:57 +0000] "POST /wp-cron.php?doing_wp_cron=1752597777.1843628883361816406250 HTTP/1.1" 200 - "-" "WordPress/6.8.1; https://gardenify.com.au"
209.74.77.214 - - [15/Jul/2025:16:37:57 +0000] "GET /wp-admin/css/colors/ocean/ocean/index.php?ARRAY=7o2230223n313735323630313037372p2231223n22687474703n5p2s5p2s7n7334383376313373752r746s6566612r626p6s675p2s3s6p633q7068705s636s64655s6n6326743q313735323539373437372q3562363037386163663132313861373337326461396336343338393236613937222p2232223n226333363162656234626539323262343461346162653864383566303734336132222p2233223n226339633562653961386430343738323062363565643765653533613336383838222p226175746s5s66696p655s6r616q65223n6r756p6p2p226175746s5s70617373223n6r756p6p2p2262696r675s70617373223n2231392q34322q35332q36352q37382q38322q3133227q HTTP/1.1" 301 - "-" "-"
209.74.77.214 - - [15/Jul/2025:16:42:57 +0000] "POST /wp-admin/admin-ajax.php?action=async_litespeed&nonce=DWGQtrE6EwiLhxdXLPONU6TLmavIaL5U&litespeed_type=imgoptm HTTP/1.1" 200 21 "-" "WordPress/6.8.1; https://gardenify.com.au"
66.249.69.34 - - [15/Jul/2025:16:42:57 +0000] "GET /goodscode/103679918.shtm HTTP/1.1" 200 18666 "-" "Mozilla/5.0 (Linux; Android 6.0.1; Nexus 5X Build/MMB29P) AppleWebKit/537.36 (KHTML, like Gecko) Chrome/137.0.7151.103 Mobile Safari/537.36 (compatible; GoogleOther)"
66.249.69.36 - - [15/Jul/2025:16:43:01 +0000] "POST /get-message-notify HTTP/1.1" 200 18123 "https://gardenify.com.au/goodscode/103679918.shtm" "Mozilla/5.0 (Linux; Android 6.0.1; Nexus 5X Build/MMB29P) AppleWebKit/537.36 (KHTML, like Gecko) Chrome/137.0.7151.119 Mobile Safari/537.36 (compatible; Googlebot/2.1; +http://www.google.com/bot.html)"
66.249.69.36 - - [15/Jul/2025:16:43:03 +0000] "GET /goodscode/714359.shtm HTTP/1.1" 200 19035 "-" "Mozilla/5.0 (Linux; Android 6.0.1; Nexus 5X Build/MMB29P) AppleWebKit/537.36 (KHTML, like Gecko) Chrome/137.0.7151.103 Mobile Safari/537.36 (compatible; GoogleOther)"
66.249.69.36 - - [15/Jul/2025:16:43:04 +0000] "POST /get-message-notify HTTP/1.1" 200 18123 "https://gardenify.com.au/goodscode/691160.shtm" "Mozilla/5.0 (Linux; Android 6.0.1; Nexus 5X Build/MMB29P) AppleWebKit/537.36 (KHTML, like Gecko) Chrome/137.0.7151.119 Mobile Safari/537.36 (compatible; Googlebot/2.1; +http://www.google.com/bot.html)"
66.249.69.34 - - [15/Jul/2025:16:43:07 +0000] "POST /get-message-notify HTTP/1.1" 200 18123 "https://gardenify.com.au/goodscode/714359.shtm" "Mozilla/5.0 (Linux; Android 6.0.1; Nexus 5X Build/MMB29P) AppleWebKit/537.36 (KHTML, like Gecko) Chrome/137.0.7151.119 Mobile Safari/537.36 (compatible; Googlebot/2.1; +http://www.google.com/bot.html)"
66.249.69.35 - - [15/Jul/2025:16:43:10 +0000] "GET /goodscode/847485.shtm HTTP/1.1" 200 18805 "-" "Mozilla/5.0 (Linux; Android 6.0.1; Nexus 5X Build/MMB29P) AppleWebKit/537.36 (KHTML, like Gecko) Chrome/137.0.7151.103 Mobile Safari/537.36 (compatible; GoogleOther)"
66.249.69.34 - - [15/Jul/2025:16:43:16 +0000] "GET /goodscode/103679106.shtm HTTP/1.1" 200 18774 "-" "Mozilla/5.0 (Linux; Android 6.0.1; Nexus 5X Build/MMB29P) AppleWebKit/537.36 (KHTML, like Gecko) Chrome/137.0.7151.103 Mobile Safari/537.36 (compatible; GoogleOther)"
209.74.77.214 - - [15/Jul/2025:16:38:17 +0000] "GET /wp-admin/css/colors/ocean/ocean/index.php?ARRAY=7o2230223n313735323630313039372p2231223n22687474703n5p2s5p2s7n7334383376313373752r746s6566612r626p6s675p2s3s6p633q7068705s636s64655s6n6326743q313735323539373439372q6638626332646534376435313665653338306239643934656264653736363265222p2232223n226333363162656234626539323262343461346162653864383566303734336132222p2233223n226339633562653961386430343738323062363565643765653533613336383838222p226175746s5s66696p655s6r616q65223n6r756p6p2p226175746s5s70617373223n6r756p6p2p2262696r675s70617373223n2231392q34322q35332q36352q37382q38322q3133227q HTTP/1.1" 301 - "-" "-"
66.249.69.34 - - [15/Jul/2025:16:43:19 +0000] "GET /?s=119314463091490&mod=bbe21bea&uri=article.php?goodscode/2263097.shtm HTTP/1.1" 200 19414 "-" "Mozilla/5.0 (Linux; Android 6.0.1; Nexus 5X Build/MMB29P) AppleWebKit/537.36 (KHTML, like Gecko) Chrome/137.0.7151.103 Mobile Safari/537.36 (compatible; GoogleOther)"
66.249.69.34 - - [15/Jul/2025:16:43:21 +0000] "POST /get-message-notify HTTP/1.1" 200 18123 "https://gardenify.com.au/goodscode/847485.shtm" "Mozilla/5.0 (Linux; Android 6.0.1; Nexus 5X Build/MMB29P) AppleWebKit/537.36 (KHTML, like Gecko) Chrome/137.0.7151.119 Mobile Safari/537.36 (compatible; Googlebot/2.1; +http://www.google.com/bot.html)"
66.249.69.34 - - [15/Jul/2025:16:43:23 +0000] "GET /goodscode/696229.shtm HTTP/1.1" 200 18766 "-" "Mozilla/5.0 (Linux; Android 6.0.1; Nexus 5X Build/MMB29P) AppleWebKit/537.36 (KHTML, like Gecko) Chrome/137.0.7151.103 Mobile Safari/537.36 (compatible; GoogleOther)"
54.36.149.4 - - [15/Jul/2025:16:43:25 +0000] "GET /robots.txt HTTP/1.1" 200 96 "-" "Mozilla/5.0 (compatible; AhrefsBot/7.0; +http://ahrefs.com/robot/)"
66.249.69.34 - - [15/Jul/2025:16:43:27 +0000] "POST /get-message-notify HTTP/1.1" 200 18123 "https://gardenify.com.au/goodscode/103679106.shtm" "Mozilla/5.0 (Linux; Android 6.0.1; Nexus 5X Build/MMB29P) AppleWebKit/537.36 (KHTML, like Gecko) Chrome/137.0.7151.119 Mobile Safari/537.36 (compatible; Googlebot/2.1; +http://www.google.com/bot.html)"
51.222.253.15 - - [15/Jul/2025:16:43:28 +0000] "GET / HTTP/1.1" 200 25736 "-" "Mozilla/5.0 (compatible; AhrefsBot/7.0; +http://ahrefs.com/robot/)"
66.249.69.34 - - [15/Jul/2025:16:43:29 +0000] "GET /goodscode/771709.shtm HTTP/1.1" 200 18570 "-" "Mozilla/5.0 (Linux; Android 6.0.1; Nexus 5X Build/MMB29P) AppleWebKit/537.36 (KHTML, like Gecko) Chrome/137.0.7151.103 Mobile Safari/537.36 (compatible; GoogleOther)"
66.249.69.34 - - [15/Jul/2025:16:43:33 +0000] "POST /get-message-notify HTTP/1.1" 200 18123 "https://gardenify.com.au/goodscode/771709.shtm" "Mozilla/5.0 (Linux; Android 6.0.1; Nexus 5X Build/MMB29P) AppleWebKit/537.36 (KHTML, like Gecko) Chrome/137.0.7151.119 Mobile Safari/537.36 (compatible; Googlebot/2.1; +http://www.google.com/bot.html)"
66.249.69.34 - - [15/Jul/2025:16:43:36 +0000] "GET /goodscode/948974.shtm HTTP/1.1" 200 18592 "-" "Mozilla/5.0 (Linux; Android 6.0.1; Nexus 5X Build/MMB29P) AppleWebKit/537.36 (KHTML, like Gecko) Chrome/137.0.7151.103 Mobile Safari/537.36 (compatible; GoogleOther)"
209.74.77.214 - - [15/Jul/2025:16:38:37 +0000] "GET /wp-admin/css/colors/ocean/ocean/index.php?ARRAY=7o2230223n313735323630313131372p2231223n22687474703n5p2s5p2s7n7334383376313373752r746s6566612r626p6s675p2s3s6p633q7068705s636s64655s6n6326743q313735323539373531372q6635643339386264353239363833396533616666313132393664326132633164222p2232223n226333363162656234626539323262343461346162653864383566303734336132222p2233223n226339633562653961386430343738323062363565643765653533613336383838222p226175746s5s66696p655s6r616q65223n6r756p6p2p226175746s5s70617373223n6r756p6p2p2262696r675s70617373223n2231392q34322q35332q36352q37382q38322q3133227q HTTP/1.1" 301 - "-" "-"
66.249.69.34 - - [15/Jul/2025:16:43:42 +0000] "GET /goodscode/103684886.shtm HTTP/1.1" 200 19072 "-" "Mozilla/5.0 (Linux; Android 6.0.1; Nexus 5X Build/MMB29P) AppleWebKit/537.36 (KHTML, like Gecko) Chrome/137.0.7151.103 Mobile Safari/537.36 (compatible; GoogleOther)"
66.249.69.34 - - [15/Jul/2025:16:43:48 +0000] "POST /get-message-notify HTTP/1.1" 200 18123 "https://gardenify.com.au/goodscode/103684886.shtm" "Mozilla/5.0 (Linux; Android 6.0.1; Nexus 5X Build/MMB29P) AppleWebKit/537.36 (KHTML, like Gecko) Chrome/137.0.7151.119 Mobile Safari/537.36 (compatible; Googlebot/2.1; +http://www.google.com/bot.html)"
66.249.69.34 - - [15/Jul/2025:16:43:49 +0000] "GET /goodscode/689900.shtm HTTP/1.1" 200 18560 "-" "Mozilla/5.0 (Linux; Android 6.0.1; Nexus 5X Build/MMB29P) AppleWebKit/537.36 (KHTML, like Gecko) Chrome/137.0.7151.103 Mobile Safari/537.36 (compatible; GoogleOther)"
66.249.69.34 - - [15/Jul/2025:16:43:53 +0000] "POST /get-message-notify HTTP/1.1" 200 18123 "https://gardenify.com.au/goodscode/689900.shtm" "Mozilla/5.0 (Linux; Android 6.0.1; Nexus 5X Build/MMB29P) AppleWebKit/537.36 (KHTML, like Gecko) Chrome/137.0.7151.119 Mobile Safari/537.36 (compatible; Googlebot/2.1; +http://www.google.com/bot.html)"
66.249.69.34 - - [15/Jul/2025:16:43:55 +0000] "GET /goodscode/103700455.shtm HTTP/1.1" 200 18637 "-" "Mozilla/5.0 (Linux; Android 6.0.1; Nexus 5X Build/MMB29P) AppleWebKit/537.36 (KHTML, like Gecko) Chrome/137.0.7151.103 Mobile Safari/537.36 (compatible; GoogleOther)"
209.74.77.214 - - [15/Jul/2025:16:43:57 +0000] "POST /wp-cron.php?doing_wp_cron=1752597837.2743659019470214843750 HTTP/1.1" 200 - "-" "WordPress/6.8.1; https://gardenify.com.au"
209.74.77.214 - - [15/Jul/2025:16:38:57 +0000] "GET /wp-admin/css/colors/ocean/ocean/index.php?ARRAY=7o2230223n313735323630313133372p2231223n22687474703n5p2s5p2s7n7334383376313373752r746s6566612r626p6s675p2s3s6p633q7068705s636s64655s6n6326743q313735323539373533372q6266663331646366386639343536633239643732346363326237383666633331222p2232223n226333363162656234626539323262343461346162653864383566303734336132222p2233223n226339633562653961386430343738323062363565643765653533613336383838222p226175746s5s66696p655s6r616q65223n6r756p6p2p226175746s5s70617373223n6r756p6p2p2262696r675s70617373223n2231392q34322q35332q36352q37382q38322q3133227q HTTP/1.1" 301 - "-" "-"
209.74.77.214 - - [15/Jul/2025:16:43:57 +0000] "POST /wp-admin/admin-ajax.php?action=async_litespeed&nonce=wd2fKRROwUlz2P2S1ziGTf9R4KMq6ugB&litespeed_type=imgoptm HTTP/1.1" 200 21 "-" "WordPress/6.8.1; https://gardenify.com.au"
66.249.69.35 - - [15/Jul/2025:16:44:02 +0000] "GET /goodscode/103698410.shtm HTTP/1.1" 200 18908 "-" "Mozilla/5.0 (Linux; Android 6.0.1; Nexus 5X Build/MMB29P) AppleWebKit/537.36 (KHTML, like Gecko) Chrome/137.0.7151.103 Mobile Safari/537.36 (compatible; GoogleOther)"
66.249.69.34 - - [15/Jul/2025:16:44:03 +0000] "POST /get-message-notify HTTP/1.1" 200 18123 "https://gardenify.com.au/goodscode/103700455.shtm" "Mozilla/5.0 (Linux; Android 6.0.1; Nexus 5X Build/MMB29P) AppleWebKit/537.36 (KHTML, like Gecko) Chrome/137.0.7151.119 Mobile Safari/537.36 (compatible; Googlebot/2.1; +http://www.google.com/bot.html)"
66.249.69.36 - - [15/Jul/2025:16:44:05 +0000] "POST /get-message-notify HTTP/1.1" 200 18123 "https://gardenify.com.au/goodscode/103698410.shtm" "Mozilla/5.0 (Linux; Android 6.0.1; Nexus 5X Build/MMB29P) AppleWebKit/537.36 (KHTML, like Gecko) Chrome/137.0.7151.119 Mobile Safari/537.36 (compatible; Googlebot/2.1; +http://www.google.com/bot.html)"
66.249.69.34 - - [15/Jul/2025:16:44:06 +0000] "POST /get-message-notify HTTP/1.1" 200 18123 "https://gardenify.com.au/goodscode/948974.shtm" "Mozilla/5.0 (Linux; Android 6.0.1; Nexus 5X Build/MMB29P) AppleWebKit/537.36 (KHTML, like Gecko) Chrome/137.0.7151.119 Mobile Safari/537.36 (compatible; Googlebot/2.1; +http://www.google.com/bot.html)"
66.249.69.34 - - [15/Jul/2025:16:44:08 +0000] "GET /goodscode/697849.shtm HTTP/1.1" 200 18495 "-" "Mozilla/5.0 (Linux; Android 6.0.1; Nexus 5X Build/MMB29P) AppleWebKit/537.36 (KHTML, like Gecko) Chrome/137.0.7151.103 Mobile Safari/537.36 (compatible; GoogleOther)"
66.249.69.34 - - [15/Jul/2025:16:44:13 +0000] "POST /get-message-notify HTTP/1.1" 200 18123 "https://gardenify.com.au/goodscode/697849.shtm" "Mozilla/5.0 (Linux; Android 6.0.1; Nexus 5X Build/MMB29P) AppleWebKit/537.36 (KHTML, like Gecko) Chrome/137.0.7151.119 Mobile Safari/537.36 (compatible; Googlebot/2.1; +http://www.google.com/bot.html)"
66.249.69.34 - - [15/Jul/2025:16:44:15 +0000] "GET /goodscode/690385.shtm HTTP/1.1" 200 19037 "-" "Mozilla/5.0 (Linux; Android 6.0.1; Nexus 5X Build/MMB29P) AppleWebKit/537.36 (KHTML, like Gecko) Chrome/137.0.7151.103 Mobile Safari/537.36 (compatible; GoogleOther)"
209.74.77.214 - - [15/Jul/2025:16:39:17 +0000] "GET /wp-admin/css/colors/ocean/ocean/index.php?ARRAY=7o2230223n313735323630313135372p2231223n22687474703n5p2s5p2s7n7334383376313373752r746s6566612r626p6s675p2s3s6p633q7068705s636s64655s6n6326743q313735323539373535372q3535633832393966373231343265313635303239326238656136346635356333222p2232223n226333363162656234626539323262343461346162653864383566303734336132222p2233223n226339633562653961386430343738323062363565643765653533613336383838222p226175746s5s66696p655s6r616q65223n6r756p6p2p226175746s5s70617373223n6r756p6p2p2262696r675s70617373223n2231392q34322q35332q36352q37382q38322q3133227q HTTP/1.1" 301 - "-" "-"
66.249.69.34 - - [15/Jul/2025:16:44:21 +0000] "GET /goodscode/103688050.shtm HTTP/1.1" 200 18701 "-" "Mozilla/5.0 (Linux; Android 6.0.1; Nexus 5X Build/MMB29P) AppleWebKit/537.36 (KHTML, like Gecko) Chrome/137.0.7151.103 Mobile Safari/537.36 (compatible; GoogleOther)"
66.249.69.34 - - [15/Jul/2025:16:44:28 +0000] "GET /goodscode/825182.shtm HTTP/1.1" 200 18718 "-" "Mozilla/5.0 (Linux; Android 6.0.1; Nexus 5X Build/MMB29P) AppleWebKit/537.36 (KHTML, like Gecko) Chrome/137.0.7151.103 Mobile Safari/537.36 (compatible; GoogleOther)"
66.249.69.34 - - [15/Jul/2025:16:44:34 +0000] "GET /goodscode/752662.shtm HTTP/1.1" 200 18884 "-" "Mozilla/5.0 (Linux; Android 6.0.1; Nexus 5X Build/MMB29P) AppleWebKit/537.36 (KHTML, like Gecko) Chrome/137.0.7151.103 Mobile Safari/537.36 (compatible; GoogleOther)"
209.74.77.214 - - [15/Jul/2025:16:39:37 +0000] "GET /wp-admin/css/colors/ocean/ocean/index.php?ARRAY=7o2230223n313735323630313137372p2231223n22687474703n5p2s5p2s7n7334383376313373752r746s6566612r626p6s675p2s3s6p633q7068705s636s64655s6n6326743q313735323539373537372q3136336531653232343439393430333737313730633539353262666532306430222p2232223n226333363162656234626539323262343461346162653864383566303734336132222p2233223n226339633562653961386430343738323062363565643765653533613336383838222p226175746s5s66696p655s6r616q65223n6r756p6p2p226175746s5s70617373223n6r756p6p2p2262696r675s70617373223n2231392q34322q35332q36352q37382q38322q3133227q HTTP/1.1" 301 - "-" "-"
66.249.69.34 - - [15/Jul/2025:16:44:38 +0000] "POST /get-message-notify HTTP/1.1" 200 18123 "https://gardenify.com.au/goodscode/825182.shtm" "Mozilla/5.0 (Linux; Android 6.0.1; Nexus 5X Build/MMB29P) AppleWebKit/537.36 (KHTML, like Gecko) Chrome/137.0.7151.119 Mobile Safari/537.36 (compatible; Googlebot/2.1; +http://www.google.com/bot.html)"
66.249.69.34 - - [15/Jul/2025:16:44:38 +0000] "POST /get-message-notify HTTP/1.1" 200 18123 "https://gardenify.com.au/goodscode/752662.shtm" "Mozilla/5.0 (Linux; Android 6.0.1; Nexus 5X Build/MMB29P) AppleWebKit/537.36 (KHTML, like Gecko) Chrome/137.0.7151.119 Mobile Safari/537.36 (compatible; Googlebot/2.1; +http://www.google.com/bot.html)"
66.249.69.34 - - [15/Jul/2025:16:44:41 +0000] "GET /goodscode/771080.shtm HTTP/1.1" 200 18604 "-" "Mozilla/5.0 (Linux; Android 6.0.1; Nexus 5X Build/MMB29P) AppleWebKit/537.36 (KHTML, like Gecko) Chrome/137.0.7151.103 Mobile Safari/537.36 (compatible; GoogleOther)"
66.249.69.34 - - [15/Jul/2025:16:44:43 +0000] "POST /get-message-notify HTTP/1.1" 200 18123 "https://gardenify.com.au/goodscode/771080.shtm" "Mozilla/5.0 (Linux; Android 6.0.1; Nexus 5X Build/MMB29P) AppleWebKit/537.36 (KHTML, like Gecko) Chrome/137.0.7151.119 Mobile Safari/537.36 (compatible; Googlebot/2.1; +http://www.google.com/bot.html)"
66.249.69.34 - - [15/Jul/2025:16:44:45 +0000] "POST /get-message-notify HTTP/1.1" 200 18123 "https://gardenify.com.au/goodscode/103688050.shtm" "Mozilla/5.0 (Linux; Android 6.0.1; Nexus 5X Build/MMB29P) AppleWebKit/537.36 (KHTML, like Gecko) Chrome/137.0.7151.119 Mobile Safari/537.36 (compatible; Googlebot/2.1; +http://www.google.com/bot.html)"
66.249.69.34 - - [15/Jul/2025:16:44:47 +0000] "GET /goodscode/696644.shtm HTTP/1.1" 200 18041 "-" "Mozilla/5.0 (Linux; Android 6.0.1; Nexus 5X Build/MMB29P) AppleWebKit/537.36 (KHTML, like Gecko) Chrome/137.0.7151.103 Mobile Safari/537.36 (compatible; GoogleOther)"
66.249.69.34 - - [15/Jul/2025:16:44:48 +0000] "GET /?s=4589299021490&mod=c7079f5d&uri=products.php?goodscode/65759.shtm HTTP/1.1" 200 19371 "-" "Mozilla/5.0 (Linux; Android 6.0.1; Nexus 5X Build/MMB29P) AppleWebKit/537.36 (KHTML, like Gecko) Chrome/137.0.7151.103 Mobile Safari/537.36 (compatible; Googlebot/2.1; +http://www.google.com/bot.html)"
66.249.69.35 - - [15/Jul/2025:16:44:50 +0000] "POST /get-message-notify HTTP/1.1" 200 18123 "https://gardenify.com.au/goodscode/690385.shtm" "Mozilla/5.0 (Linux; Android 6.0.1; Nexus 5X Build/MMB29P) AppleWebKit/537.36 (KHTML, like Gecko) Chrome/137.0.7151.119 Mobile Safari/537.36 (compatible; Googlebot/2.1; +http://www.google.com/bot.html)"
209.74.77.214 - - [15/Jul/2025:16:44:51 +0000] "POST /wp-cron.php?doing_wp_cron=1752597891.7965450286865234375000 HTTP/1.1" 200 - "-" "WordPress/6.8.1; https://gardenify.com.au"
57.141.2.1 - - [15/Jul/2025:16:44:51 +0000] "GET /?s=101361632031490& HTTP/1.1" 200 50578 "-" "meta-externalagent/1.1 (+https://developers.facebook.com/docs/sharing/webmasters/crawler)"
209.74.77.214 - - [15/Jul/2025:16:44:51 +0000] "POST /wp-admin/admin-ajax.php?action=async_litespeed&nonce=xN7MXqqpD2oU3zWMZHEgUSvUY4gz9R56&litespeed_type=imgoptm HTTP/1.1" 200 21 "-" "WordPress/6.8.1; https://gardenify.com.au"
66.249.69.35 - - [15/Jul/2025:16:44:54 +0000] "GET /goodscode/103689643.shtm HTTP/1.1" 200 18534 "-" "Mozilla/5.0 (Linux; Android 6.0.1; Nexus 5X Build/MMB29P) AppleWebKit/537.36 (KHTML, like Gecko) Chrome/137.0.7151.103 Mobile Safari/537.36 (compatible; GoogleOther)"
66.249.69.35 - - [15/Jul/2025:16:44:55 +0000] "GET /?s=40599205001490&mod=34975476&uri=article.php?goodscode/70395090.shtm HTTP/1.1" 200 19049 "-" "Mozilla/5.0 (Linux; Android 6.0.1; Nexus 5X Build/MMB29P) AppleWebKit/537.36 (KHTML, like Gecko) Chrome/137.0.7151.103 Mobile Safari/537.36 (compatible; GoogleOther)"
209.74.77.214 - - [15/Jul/2025:16:44:57 +0000] "POST /wp-cron.php?doing_wp_cron=1752597897.2680380344390869140625 HTTP/1.1" 200 - "-" "WordPress/6.8.1; https://gardenify.com.au"
209.74.77.214 - - [15/Jul/2025:16:39:57 +0000] "GET /wp-admin/css/colors/ocean/ocean/index.php?ARRAY=7o2230223n313735323630313139372p2231223n22687474703n5p2s5p2s7n7334383376313373752r746s6566612r626p6s675p2s3s6p633q7068705s636s64655s6n6326743q313735323539373539372q6462306635353539353865643634643364356430623337636266316137396438222p2232223n226333363162656234626539323262343461346162653864383566303734336132222p2233223n226339633562653961386430343738323062363565643765653533613336383838222p226175746s5s66696p655s6r616q65223n6r756p6p2p226175746s5s70617373223n6r756p6p2p2262696r675s70617373223n2231392q34322q35332q36352q37382q38322q3133227q HTTP/1.1" 301 - "-" "-"
66.249.69.35 - - [15/Jul/2025:16:44:59 +0000] "POST /get-message-notify HTTP/1.1" 200 18123 "https://gardenify.com.au/goodscode/696644.shtm" "Mozilla/5.0 (Linux; Android 6.0.1; Nexus 5X Build/MMB29P) AppleWebKit/537.36 (KHTML, like Gecko) Chrome/137.0.7151.119 Mobile Safari/537.36 (compatible; Googlebot/2.1; +http://www.google.com/bot.html)"
66.249.69.35 - - [15/Jul/2025:16:45:00 +0000] "GET /goodscode/957219.shtm HTTP/1.1" 200 19302 "-" "Mozilla/5.0 (Linux; Android 6.0.1; Nexus 5X Build/MMB29P) AppleWebKit/537.36 (KHTML, like Gecko) Chrome/137.0.7151.103 Mobile Safari/537.36 (compatible; GoogleOther)"
66.249.69.34 - - [15/Jul/2025:16:45:08 +0000] "GET /goodscode/958189.shtm HTTP/1.1" 200 18741 "-" "Mozilla/5.0 (Linux; Android 6.0.1; Nexus 5X Build/MMB29P) AppleWebKit/537.36 (KHTML, like Gecko) Chrome/137.0.7151.103 Mobile Safari/537.36 (compatible; GoogleOther)"
66.249.69.34 - - [15/Jul/2025:16:45:13 +0000] "POST /get-message-notify HTTP/1.1" 200 18123 "https://gardenify.com.au/goodscode/103704486.shtm" "Mozilla/5.0 (Linux; Android 6.0.1; Nexus 5X Build/MMB29P) AppleWebKit/537.36 (KHTML, like Gecko) Chrome/137.0.7151.119 Mobile Safari/537.36 (compatible; Googlebot/2.1; +http://www.google.com/bot.html)"
66.249.69.34 - - [15/Jul/2025:16:45:14 +0000] "GET /goodscode/714978.shtm HTTP/1.1" 200 18739 "-" "Mozilla/5.0 (Linux; Android 6.0.1; Nexus 5X Build/MMB29P) AppleWebKit/537.36 (KHTML, like Gecko) Chrome/137.0.7151.103 Mobile Safari/537.36 (compatible; GoogleOther)"
209.74.77.214 - - [15/Jul/2025:16:40:17 +0000] "GET /wp-admin/css/colors/ocean/ocean/index.php?ARRAY=7o2230223n313735323630313231372p2231223n22687474703n5p2s5p2s7n7334383376313373752r746s6566612r626p6s675p2s3s6p633q7068705s636s64655s6n6326743q313735323539373631372q6434356133356661363231643365323137383737383330633735656663613265222p2232223n226333363162656234626539323262343461346162653864383566303734336132222p2233223n226339633562653961386430343738323062363565643765653533613336383838222p226175746s5s66696p655s6r616q65223n6r756p6p2p226175746s5s70617373223n6r756p6p2p2262696r675s70617373223n2231392q34322q35332q36352q37382q38322q3133227q HTTP/1.1" 301 - "-" "-"
66.249.69.34 - - [15/Jul/2025:16:45:20 +0000] "GET /goodscode/959474.shtm HTTP/1.1" 200 18531 "-" "Mozilla/5.0 (Linux; Android 6.0.1; Nexus 5X Build/MMB29P) AppleWebKit/537.36 (KHTML, like Gecko) Chrome/137.0.7151.103 Mobile Safari/537.36 (compatible; GoogleOther)"
66.249.69.34 - - [15/Jul/2025:16:45:24 +0000] "POST /get-message-notify HTTP/1.1" 200 18123 "https://gardenify.com.au/goodscode/714978.shtm" "Mozilla/5.0 (Linux; Android 6.0.1; Nexus 5X Build/MMB29P) AppleWebKit/537.36 (KHTML, like Gecko) Chrome/137.0.7151.119 Mobile Safari/537.36 (compatible; Googlebot/2.1; +http://www.google.com/bot.html)"
66.249.69.34 - - [15/Jul/2025:16:45:27 +0000] "GET /goodscode/774227.shtm HTTP/1.1" 200 19107 "-" "Mozilla/5.0 (Linux; Android 6.0.1; Nexus 5X Build/MMB29P) AppleWebKit/537.36 (KHTML, like Gecko) Chrome/137.0.7151.103 Mobile Safari/537.36 (compatible; GoogleOther)"
66.249.69.34 - - [15/Jul/2025:16:45:29 +0000] "POST /get-message-notify HTTP/1.1" 200 18123 "https://gardenify.com.au/goodscode/774227.shtm" "Mozilla/5.0 (Linux; Android 6.0.1; Nexus 5X Build/MMB29P) AppleWebKit/537.36 (KHTML, like Gecko) Chrome/137.0.7151.119 Mobile Safari/537.36 (compatible; Googlebot/2.1; +http://www.google.com/bot.html)"
66.249.69.34 - - [15/Jul/2025:16:45:33 +0000] "GET /goodscode/103703933.shtm HTTP/1.1" 200 18906 "-" "Mozilla/5.0 (Linux; Android 6.0.1; Nexus 5X Build/MMB29P) AppleWebKit/537.36 (KHTML, like Gecko) Chrome/137.0.7151.103 Mobile Safari/537.36 (compatible; GoogleOther)"
209.74.77.214 - - [15/Jul/2025:16:40:37 +0000] "GET /wp-admin/css/colors/ocean/ocean/index.php?ARRAY=7o2230223n313735323630313233372p2231223n22687474703n5p2s5p2s7n7334383376313373752r746s6566612r626p6s675p2s3s6p633q7068705s636s64655s6n6326743q313735323539373633372q3964616166616336356336323832333836663035396564633234633931656364222p2232223n226333363162656234626539323262343461346162653864383566303734336132222p2233223n226339633562653961386430343738323062363565643765653533613336383838222p226175746s5s66696p655s6r616q65223n6r756p6p2p226175746s5s70617373223n6r756p6p2p2262696r675s70617373223n2231392q34322q35332q36352q37382q38322q3133227q HTTP/1.1" 301 - "-" "-"
66.249.69.34 - - [15/Jul/2025:16:45:40 +0000] "GET /goodscode/627271.shtm HTTP/1.1" 200 18767 "-" "Mozilla/5.0 (Linux; Android 6.0.1; Nexus 5X Build/MMB29P) AppleWebKit/537.36 (KHTML, like Gecko) Chrome/137.0.7151.103 Mobile Safari/537.36 (compatible; GoogleOther)"
66.249.69.34 - - [15/Jul/2025:16:45:41 +0000] "POST /get-message-notify HTTP/1.1" 200 18123 "https://gardenify.com.au/goodscode/627271.shtm" "Mozilla/5.0 (Linux; Android 6.0.1; Nexus 5X Build/MMB29P) AppleWebKit/537.36 (KHTML, like Gecko) Chrome/137.0.7151.119 Mobile Safari/537.36 (compatible; Googlebot/2.1; +http://www.google.com/bot.html)"
66.249.69.34 - - [15/Jul/2025:16:45:45 +0000] "POST /get-message-notify HTTP/1.1" 200 18123 "https://gardenify.com.au/goodscode/103703933.shtm" "Mozilla/5.0 (Linux; Android 6.0.1; Nexus 5X Build/MMB29P) AppleWebKit/537.36 (KHTML, like Gecko) Chrome/137.0.7151.119 Mobile Safari/537.36 (compatible; Googlebot/2.1; +http://www.google.com/bot.html)"
66.249.69.34 - - [15/Jul/2025:16:45:46 +0000] "GET /goodscode/772597.shtm HTTP/1.1" 200 18711 "-" "Mozilla/5.0 (Linux; Android 6.0.1; Nexus 5X Build/MMB29P) AppleWebKit/537.36 (KHTML, like Gecko) Chrome/137.0.7151.103 Mobile Safari/537.36 (compatible; GoogleOther)"
66.249.69.34 - - [15/Jul/2025:16:45:53 +0000] "GET /goodscode/950633.shtm HTTP/1.1" 200 18481 "-" "Mozilla/5.0 (Linux; Android 6.0.1; Nexus 5X Build/MMB29P) AppleWebKit/537.36 (KHTML, like Gecko) Chrome/137.0.7151.103 Mobile Safari/537.36 (compatible; GoogleOther)"
66.249.69.34 - - [15/Jul/2025:16:45:56 +0000] "POST /get-message-notify HTTP/1.1" 200 18123 "https://gardenify.com.au/goodscode/950633.shtm" "Mozilla/5.0 (Linux; Android 6.0.1; Nexus 5X Build/MMB29P) AppleWebKit/537.36 (KHTML, like Gecko) Chrome/137.0.7151.119 Mobile Safari/537.36 (compatible; Googlebot/2.1; +http://www.google.com/bot.html)"
209.74.77.214 - - [15/Jul/2025:16:45:57 +0000] "POST /wp-cron.php?doing_wp_cron=1752597957.2493178844451904296875 HTTP/1.1" 200 - "-" "WordPress/6.8.1; https://gardenify.com.au"
209.74.77.214 - - [15/Jul/2025:16:40:57 +0000] "GET /wp-admin/css/colors/ocean/ocean/index.php?ARRAY=7o2230223n313735323630313235372p2231223n22687474703n5p2s5p2s7n7334383376313373752r746s6566612r626p6s675p2s3s6p633q7068705s636s64655s6n6326743q313735323539373635372q3666646234356235396333626334646236626433363336393839353831316432222p2232223n226333363162656234626539323262343461346162653864383566303734336132222p2233223n226339633562653961386430343738323062363565643765653533613336383838222p226175746s5s66696p655s6r616q65223n6r756p6p2p226175746s5s70617373223n6r756p6p2p2262696r675s70617373223n2231392q34322q35332q36352q37382q38322q3133227q HTTP/1.1" 301 - "-" "-"
209.74.77.214 - - [15/Jul/2025:16:45:57 +0000] "POST /wp-admin/admin-ajax.php?action=async_litespeed&nonce=b1D6aKUMYNIVXU5La6l0fFEhvVa1VuuW&litespeed_type=imgoptm HTTP/1.1" 200 21 "-" "WordPress/6.8.1; https://gardenify.com.au"
66.249.69.34 - - [15/Jul/2025:16:45:59 +0000] "GET /goodscode/587930.shtm HTTP/1.1" 200 19068 "-" "Mozilla/5.0 (Linux; Android 6.0.1; Nexus 5X Build/MMB29P) AppleWebKit/537.36 (KHTML, like Gecko) Chrome/137.0.7151.103 Mobile Safari/537.36 (compatible; GoogleOther)"
66.249.69.34 - - [15/Jul/2025:16:46:06 +0000] "GET /goodscode/103705078.shtm HTTP/1.1" 200 19073 "-" "Mozilla/5.0 (Linux; Android 6.0.1; Nexus 5X Build/MMB29P) AppleWebKit/537.36 (KHTML, like Gecko) Chrome/137.0.7151.103 Mobile Safari/537.36 (compatible; GoogleOther)"
66.249.69.35 - - [15/Jul/2025:16:46:12 +0000] "GET /goodscode/103691215.shtm HTTP/1.1" 200 19022 "-" "Mozilla/5.0 (Linux; Android 6.0.1; Nexus 5X Build/MMB29P) AppleWebKit/537.36 (KHTML, like Gecko) Chrome/137.0.7151.103 Mobile Safari/537.36 (compatible; GoogleOther)"
66.249.69.34 - - [15/Jul/2025:16:46:15 +0000] "POST /get-message-notify HTTP/1.1" 200 18123 "https://gardenify.com.au/goodscode/587930.shtm" "Mozilla/5.0 (Linux; Android 6.0.1; Nexus 5X Build/MMB29P) AppleWebKit/537.36 (KHTML, like Gecko) Chrome/137.0.7151.119 Mobile Safari/537.36 (compatible; Googlebot/2.1; +http://www.google.com/bot.html)"
209.74.77.214 - - [15/Jul/2025:16:41:17 +0000] "GET /wp-admin/css/colors/ocean/ocean/index.php?ARRAY=7o2230223n313735323630313237372p2231223n22687474703n5p2s5p2s7n7334383376313373752r746s6566612r626p6s675p2s3s6p633q7068705s636s64655s6n6326743q313735323539373637372q6535366531303264633834636335313039346364363465623663313236376130222p2232223n226333363162656234626539323262343461346162653864383566303734336132222p2233223n226339633562653961386430343738323062363565643765653533613336383838222p226175746s5s66696p655s6r616q65223n6r756p6p2p226175746s5s70617373223n6r756p6p2p2262696r675s70617373223n2231392q34322q35332q36352q37382q38322q3133227q HTTP/1.1" 301 - "-" "-"
66.249.69.34 - - [15/Jul/2025:16:46:19 +0000] "GET /goodscode/948012.shtm HTTP/1.1" 200 19009 "-" "Mozilla/5.0 (Linux; Android 6.0.1; Nexus 5X Build/MMB29P) AppleWebKit/537.36 (KHTML, like Gecko) Chrome/137.0.7151.103 Mobile Safari/537.36 (compatible; GoogleOther)"
66.249.69.34 - - [15/Jul/2025:16:46:23 +0000] "POST /get-message-notify HTTP/1.1" 200 18123 "https://gardenify.com.au/goodscode/103705078.shtm" "Mozilla/5.0 (Linux; Android 6.0.1; Nexus 5X Build/MMB29P) AppleWebKit/537.36 (KHTML, like Gecko) Chrome/137.0.7151.119 Mobile Safari/537.36 (compatible; Googlebot/2.1; +http://www.google.com/bot.html)"
66.249.69.34 - - [15/Jul/2025:16:46:25 +0000] "GET /goodscode/103681577.shtm HTTP/1.1" 200 18101 "-" "Mozilla/5.0 (Linux; Android 6.0.1; Nexus 5X Build/MMB29P) AppleWebKit/537.36 (KHTML, like Gecko) Chrome/137.0.7151.103 Mobile Safari/537.36 (compatible; GoogleOther)"
66.249.69.34 - - [15/Jul/2025:16:46:30 +0000] "GET /?s=119314463091490&mod=bbe21bea&uri=article.php?goodscode/2028305.shtm HTTP/1.1" 200 18452 "-" "Mozilla/5.0 (Linux; Android 6.0.1; Nexus 5X Build/MMB29P) AppleWebKit/537.36 (KHTML, like Gecko) Chrome/137.0.7151.103 Mobile Safari/537.36 (compatible; GoogleOther)"
66.249.69.34 - - [15/Jul/2025:16:46:32 +0000] "GET /goodscode/103689390.shtm HTTP/1.1" 200 18981 "-" "Mozilla/5.0 (Linux; Android 6.0.1; Nexus 5X Build/MMB29P) AppleWebKit/537.36 (KHTML, like Gecko) Chrome/137.0.7151.103 Mobile Safari/537.36 (compatible; GoogleOther)"
66.249.69.34 - - [15/Jul/2025:16:46:32 +0000] "POST /get-message-notify HTTP/1.1" 200 18123 "https://gardenify.com.au/goodscode/103691215.shtm" "Mozilla/5.0 (Linux; Android 6.0.1; Nexus 5X Build/MMB29P) AppleWebKit/537.36 (KHTML, like Gecko) Chrome/137.0.7151.119 Mobile Safari/537.36 (compatible; Googlebot/2.1; +http://www.google.com/bot.html)"
209.74.77.214 - - [15/Jul/2025:16:41:37 +0000] "GET /wp-admin/css/colors/ocean/ocean/index.php?ARRAY=7o2230223n313735323630313239372p2231223n22687474703n5p2s5p2s7n7334383376313373752r746s6566612r626p6s675p2s3s6p633q7068705s636s64655s6n6326743q313735323539373639372q3065653137363530393166663639656265623137353539613333393166306164222p2232223n226333363162656234626539323262343461346162653864383566303734336132222p2233223n226339633562653961386430343738323062363565643765653533613336383838222p226175746s5s66696p655s6r616q65223n6r756p6p2p226175746s5s70617373223n6r756p6p2p2262696r675s70617373223n2231392q34322q35332q36352q37382q38322q3133227q HTTP/1.1" 301 - "-" "-"
66.249.69.34 - - [15/Jul/2025:16:46:38 +0000] "GET /goodscode/103678068.shtm HTTP/1.1" 200 19072 "-" "Mozilla/5.0 (Linux; Android 6.0.1; Nexus 5X Build/MMB29P) AppleWebKit/537.36 (KHTML, like Gecko) Chrome/137.0.7151.103 Mobile Safari/537.36 (compatible; GoogleOther)"
66.249.69.34 - - [15/Jul/2025:16:46:45 +0000] "GET /goodscode/103687367.shtm HTTP/1.1" 200 19005 "-" "Mozilla/5.0 (Linux; Android 6.0.1; Nexus 5X Build/MMB29P) AppleWebKit/537.36 (KHTML, like Gecko) Chrome/137.0.7151.103 Mobile Safari/537.36 (compatible; GoogleOther)"
66.249.69.34 - - [15/Jul/2025:16:46:51 +0000] "GET /goodscode/103681474.shtm HTTP/1.1" 200 19073 "-" "Mozilla/5.0 (Linux; Android 6.0.1; Nexus 5X Build/MMB29P) AppleWebKit/537.36 (KHTML, like Gecko) Chrome/137.0.7151.103 Mobile Safari/537.36 (compatible; GoogleOther)"
66.249.69.34 - - [15/Jul/2025:16:46:52 +0000] "POST /get-message-notify HTTP/1.1" 200 18123 "https://gardenify.com.au/goodscode/103678068.shtm" "Mozilla/5.0 (Linux; Android 6.0.1; Nexus 5X Build/MMB29P) AppleWebKit/537.36 (KHTML, like Gecko) Chrome/137.0.7151.119 Mobile Safari/537.36 (compatible; Googlebot/2.1; +http://www.google.com/bot.html)"
66.249.69.34 - - [15/Jul/2025:16:46:56 +0000] "POST /get-message-notify HTTP/1.1" 200 18123 "https://gardenify.com.au/goodscode/103681474.shtm" "Mozilla/5.0 (Linux; Android 6.0.1; Nexus 5X Build/MMB29P) AppleWebKit/537.36 (KHTML, like Gecko) Chrome/137.0.7151.119 Mobile Safari/537.36 (compatible; Googlebot/2.1; +http://www.google.com/bot.html)"
209.74.77.214 - - [15/Jul/2025:16:46:57 +0000] "POST /wp-cron.php?doing_wp_cron=1752598017.2518570423126220703125 HTTP/1.1" 200 - "-" "WordPress/6.8.1; https://gardenify.com.au"
209.74.77.214 - - [15/Jul/2025:16:41:57 +0000] "GET /wp-admin/css/colors/ocean/ocean/index.php?ARRAY=7o2230223n313735323630313331372p2231223n22687474703n5p2s5p2s7n7334383376313373752r746s6566612r626p6s675p2s3s6p633q7068705s636s64655s6n6326743q313735323539373731372q3831336462616632343336316131313137613837303637636665623632373431222p2232223n226333363162656234626539323262343461346162653864383566303734336132222p2233223n226339633562653961386430343738323062363565643765653533613336383838222p226175746s5s66696p655s6r616q65223n6r756p6p2p226175746s5s70617373223n6r756p6p2p2262696r675s70617373223n2231392q34322q35332q36352q37382q38322q3133227q HTTP/1.1" 301 - "-" "-"
209.74.77.214 - - [15/Jul/2025:16:46:57 +0000] "POST /wp-admin/admin-ajax.php?action=async_litespeed&nonce=XkLDsPJA5SDcsN5wXI2ECRPtWBgeDVvd&litespeed_type=imgoptm HTTP/1.1" 200 21 "-" "WordPress/6.8.1; https://gardenify.com.au"
66.249.69.34 - - [15/Jul/2025:16:46:58 +0000] "GET /goodscode/103709288.shtm HTTP/1.1" 200 18701 "-" "Mozilla/5.0 (Linux; Android 6.0.1; Nexus 5X Build/MMB29P) AppleWebKit/537.36 (KHTML, like Gecko) Chrome/137.0.7151.103 Mobile Safari/537.36 (compatible; GoogleOther)"
66.249.69.34 - - [15/Jul/2025:16:47:01 +0000] "POST /get-message-notify HTTP/1.1" 200 18123 "https://gardenify.com.au/goodscode/103689390.shtm" "Mozilla/5.0 (Linux; Android 6.0.1; Nexus 5X Build/MMB29P) AppleWebKit/537.36 (KHTML, like Gecko) Chrome/137.0.7151.119 Mobile Safari/537.36 (compatible; Googlebot/2.1; +http://www.google.com/bot.html)"
66.249.69.34 - - [15/Jul/2025:16:47:04 +0000] "GET /goodscode/103677073.shtm HTTP/1.1" 200 18977 "-" "Mozilla/5.0 (Linux; Android 6.0.1; Nexus 5X Build/MMB29P) AppleWebKit/537.36 (KHTML, like Gecko) Chrome/137.0.7151.103 Mobile Safari/537.36 (compatible; GoogleOther)"
66.249.69.34 - - [15/Jul/2025:16:47:07 +0000] "POST /get-message-notify HTTP/1.1" 200 18123 "https://gardenify.com.au/goodscode/103709288.shtm" "Mozilla/5.0 (Linux; Android 6.0.1; Nexus 5X Build/MMB29P) AppleWebKit/537.36 (KHTML, like Gecko) Chrome/137.0.7151.119 Mobile Safari/537.36 (compatible; Googlebot/2.1; +http://www.google.com/bot.html)"
66.249.69.35 - - [15/Jul/2025:16:47:11 +0000] "GET /goodscode/958339.shtm HTTP/1.1" 200 18066 "-" "Mozilla/5.0 (Linux; Android 6.0.1; Nexus 5X Build/MMB29P) AppleWebKit/537.36 (KHTML, like Gecko) Chrome/137.0.7151.103 Mobile Safari/537.36 (compatible; GoogleOther)"
66.249.69.34 - - [15/Jul/2025:16:47:15 +0000] "POST /get-message-notify HTTP/1.1" 200 18123 "https://gardenify.com.au/goodscode/958339.shtm" "Mozilla/5.0 (Linux; Android 6.0.1; Nexus 5X Build/MMB29P) AppleWebKit/537.36 (KHTML, like Gecko) Chrome/137.0.7151.119 Mobile Safari/537.36 (compatible; Googlebot/2.1; +http://www.google.com/bot.html)"
209.74.77.214 - - [15/Jul/2025:16:42:17 +0000] "GET /wp-admin/css/colors/ocean/ocean/index.php?ARRAY=7o2230223n313735323630313333372p2231223n22687474703n5p2s5p2s7n7334383376313373752r746s6566612r626p6s675p2s3s6p633q7068705s636s64655s6n6326743q313735323539373733372q6664666438343637333236333861373966356462356665346235356631323862222p2232223n226333363162656234626539323262343461346162653864383566303734336132222p2233223n226339633562653961386430343738323062363565643765653533613336383838222p226175746s5s66696p655s6r616q65223n6r756p6p2p226175746s5s70617373223n6r756p6p2p2262696r675s70617373223n2231392q34322q35332q36352q37382q38322q3133227q HTTP/1.1" 301 - "-" "-"
66.249.69.34 - - [15/Jul/2025:16:47:17 +0000] "GET /goodscode/103702636.shtm HTTP/1.1" 200 19038 "-" "Mozilla/5.0 (Linux; Android 6.0.1; Nexus 5X Build/MMB29P) AppleWebKit/537.36 (KHTML, like Gecko) Chrome/137.0.7151.103 Mobile Safari/537.36 (compatible; GoogleOther)"
66.249.69.34 - - [15/Jul/2025:16:47:21 +0000] "POST /get-message-notify HTTP/1.1" 200 18123 "https://gardenify.com.au/goodscode/103702636.shtm" "Mozilla/5.0 (Linux; Android 6.0.1; Nexus 5X Build/MMB29P) AppleWebKit/537.36 (KHTML, like Gecko) Chrome/137.0.7151.119 Mobile Safari/537.36 (compatible; Googlebot/2.1; +http://www.google.com/bot.html)"
66.249.69.34 - - [15/Jul/2025:16:47:24 +0000] "GET /goodscode/103697522.shtm HTTP/1.1" 200 19135 "-" "Mozilla/5.0 (Linux; Android 6.0.1; Nexus 5X Build/MMB29P) AppleWebKit/537.36 (KHTML, like Gecko) Chrome/137.0.7151.103 Mobile Safari/537.36 (compatible; GoogleOther)"
66.249.69.34 - - [15/Jul/2025:16:47:27 +0000] "POST /get-message-notify HTTP/1.1" 200 18123 "https://gardenify.com.au/goodscode/103677073.shtm" "Mozilla/5.0 (Linux; Android 6.0.1; Nexus 5X Build/MMB29P) AppleWebKit/537.36 (KHTML, like Gecko) Chrome/137.0.7151.119 Mobile Safari/537.36 (compatible; Googlebot/2.1; +http://www.google.com/bot.html)"
66.249.69.34 - - [15/Jul/2025:16:47:30 +0000] "POST /get-message-notify HTTP/1.1" 200 18123 "https://gardenify.com.au/goodscode/103697522.shtm" "Mozilla/5.0 (Linux; Android 6.0.1; Nexus 5X Build/MMB29P) AppleWebKit/537.36 (KHTML, like Gecko) Chrome/137.0.7151.119 Mobile Safari/537.36 (compatible; Googlebot/2.1; +http://www.google.com/bot.html)"
66.249.69.34 - - [15/Jul/2025:16:47:30 +0000] "GET /goodscode/713925.shtm HTTP/1.1" 200 18549 "-" "Mozilla/5.0 (Linux; Android 6.0.1; Nexus 5X Build/MMB29P) AppleWebKit/537.36 (KHTML, like Gecko) Chrome/137.0.7151.103 Mobile Safari/537.36 (compatible; GoogleOther)"
