66.249.79.236 - - [14/Jul/2025:20:04:40 +0000] "GET /?s=95709408041490&mod=5499df60&uri=itm.php%3Fid%3D3194046-463%26name%3Dmobo+biostar HTTP/1.1" 200 18778 "-" "Mozilla/5.0 (Linux; Android 6.0.1; Nexus 5X Build/MMB29P) AppleWebKit/537.36 (KHTML, like Gecko) Chrome/137.0.7151.103 Mobile Safari/537.36 (compatible; Googlebot/2.1; +http://www.google.com/bot.html)"
66.249.79.236 - - [14/Jul/2025:20:04:48 +0000] "GET /?s=62479876041490&mod=aa568ecc&uri=shared.php%3Fid%3D2085027-677%26name%3Dcaiman+belt HTTP/1.1" 200 18784 "-" "Mozilla/5.0 (Linux; Android 6.0.1; Nexus 5X Build/MMB29P) AppleWebKit/537.36 (KHTML, like Gecko) Chrome/137.0.7151.103 Mobile Safari/537.36 (compatible; Googlebot/2.1; +http://www.google.com/bot.html)"
66.249.79.236 - - [14/Jul/2025:20:04:54 +0000] "GET /?s=95712378081490&mod=5499df60&uri=article.php%3Fid%3D3194145-463%26name%3Dasus+m2n32 HTTP/1.1" 200 18791 "-" "Mozilla/5.0 (Linux; Android 6.0.1; Nexus 5X Build/MMB29P) AppleWebKit/537.36 (KHTML, like Gecko) Chrome/137.0.7151.103 Mobile Safari/537.36 (compatible; Googlebot/2.1; +http://www.google.com/bot.html)"
66.249.79.236 - - [14/Jul/2025:20:04:55 +0000] "POST /get-message-notify HTTP/1.1" 200 18124 "https://gardenify.com.au/?s=62479876041490&mod=aa568ecc&uri=shared.php%3Fid%3D2085027-677%26name%3Dcaiman+belt" "Mozilla/5.0 (Linux; Android 6.0.1; Nexus 5X Build/MMB29P) AppleWebKit/537.36 (KHTML, like Gecko) Chrome/137.0.7151.119 Mobile Safari/537.36 (compatible; Googlebot/2.1; +http://www.google.com/bot.html)"
66.249.79.236 - - [14/Jul/2025:20:04:59 +0000] "GET /?s=60561833051490&mod=f0b7c0bf&uri=category-info.php%3Fid%3D2021006-548%26name%3Dadidas+questar+ride+db1346 HTTP/1.1" 200 18840 "-" "Mozilla/5.0 (Linux; Android 6.0.1; Nexus 5X Build/MMB29P) AppleWebKit/537.36 (KHTML, like Gecko) Chrome/137.0.7151.103 Mobile Safari/537.36 (compatible; Googlebot/2.1; +http://www.google.com/bot.html)"
66.249.79.236 - - [14/Jul/2025:20:05:06 +0000] "GET /?s=14584642041490&mod=61d77652&uri=dp.php%3Fid%3D486931-24%26name%3Dthe+bike+store+santa+fe HTTP/1.1" 200 18794 "-" "Mozilla/5.0 (Linux; Android 6.0.1; Nexus 5X Build/MMB29P) AppleWebKit/537.36 (KHTML, like Gecko) Chrome/137.0.7151.103 Mobile Safari/537.36 (compatible; Googlebot/2.1; +http://www.google.com/bot.html)"
216.73.216.102 - - [14/Jul/2025:20:05:08 +0000] "GET /robots.txt HTTP/1.1" 200 96 "-" "Mozilla/5.0 AppleWebKit/537.36 (KHTML, like Gecko; compatible; ClaudeBot/1.0; [email protected])"
209.74.77.214 - - [14/Jul/2025:20:05:09 +0000] "POST /wp-cron.php?doing_wp_cron=1752523509.7354960441589355468750 HTTP/1.1" 200 - "-" "WordPress/6.8.1; https://gardenify.com.au"
216.73.216.102 - - [14/Jul/2025:20:05:08 +0000] "GET /goodscode/43809404.shtm HTTP/1.1" 404 11743 "-" "Mozilla/5.0 AppleWebKit/537.36 (KHTML, like Gecko; compatible; ClaudeBot/1.0; [email protected])"
209.74.77.214 - - [14/Jul/2025:20:05:09 +0000] "POST /wp-admin/admin-ajax.php?action=async_litespeed&nonce=UDkDn8dtHEl3xBi3U1jAfviiM3Ba19nq&litespeed_type=imgoptm HTTP/1.1" 200 21 "-" "WordPress/6.8.1; https://gardenify.com.au"
216.73.216.102 - - [14/Jul/2025:20:05:14 +0000] "GET /goodscode/102722101.shtm HTTP/1.1" 404 11743 "-" "Mozilla/5.0 AppleWebKit/537.36 (KHTML, like Gecko; compatible; ClaudeBot/1.0; [email protected])"
66.249.79.236 - - [14/Jul/2025:20:05:14 +0000] "GET /?s=60558323021490&mod=f0b7c0bf&uri=news.php%3Fid%3D2020889-548%26name%3Dbelle+steve+madden HTTP/1.1" 200 18792 "-" "Mozilla/5.0 (Linux; Android 6.0.1; Nexus 5X Build/MMB29P) AppleWebKit/537.36 (KHTML, like Gecko) Chrome/137.0.7151.103 Mobile Safari/537.36 (compatible; Googlebot/2.1; +http://www.google.com/bot.html)"
216.73.216.102 - - [14/Jul/2025:20:05:14 +0000] "GET /goodscode/43833234.shtm HTTP/1.1" 404 11743 "-" "Mozilla/5.0 AppleWebKit/537.36 (KHTML, like Gecko; compatible; ClaudeBot/1.0; [email protected])"
216.73.216.102 - - [14/Jul/2025:20:05:17 +0000] "GET /goodscode/43829672.shtm HTTP/1.1" 404 11743 "-" "Mozilla/5.0 AppleWebKit/537.36 (KHTML, like Gecko; compatible; ClaudeBot/1.0; [email protected])"
66.249.79.236 - - [14/Jul/2025:20:05:19 +0000] "POST /get-message-notify HTTP/1.1" 200 18124 "https://gardenify.com.au/?s=60558323021490&mod=f0b7c0bf&uri=news.php%3Fid%3D2020889-548%26name%3Dbelle+steve+madden" "Mozilla/5.0 (Linux; Android 6.0.1; Nexus 5X Build/MMB29P) AppleWebKit/537.36 (KHTML, like Gecko) Chrome/137.0.7151.119 Mobile Safari/537.36 (compatible; Googlebot/2.1; +http://www.google.com/bot.html)"
66.249.79.236 - - [14/Jul/2025:20:05:20 +0000] "GET /?s=86282248031490&mod=5478c9cd&uri=shared.php%3Fid%3D2879370-219%26name%3Dgoodman+gph1460m41 HTTP/1.1" 200 18796 "-" "Mozilla/5.0 (Linux; Android 6.0.1; Nexus 5X Build/MMB29P) AppleWebKit/537.36 (KHTML, like Gecko) Chrome/137.0.7151.103 Mobile Safari/537.36 (compatible; Googlebot/2.1; +http://www.google.com/bot.html)"
216.73.216.102 - - [14/Jul/2025:20:05:21 +0000] "GET /goodscode/102723246.shtm HTTP/1.1" 404 11743 "-" "Mozilla/5.0 AppleWebKit/537.36 (KHTML, like Gecko; compatible; ClaudeBot/1.0; [email protected])"
66.249.79.236 - - [14/Jul/2025:20:05:24 +0000] "GET /?s=119181028001490&mod=e880840a&uri=form.php?goodscode/67895.shtm HTTP/1.1" 200 19419 "-" "Mozilla/5.0 (Linux; Android 6.0.1; Nexus 5X Build/MMB29P) AppleWebKit/537.36 (KHTML, like Gecko) Chrome/137.0.7151.103 Mobile Safari/537.36 (compatible; Googlebot/2.1; +http://www.google.com/bot.html)"
66.249.79.236 - - [14/Jul/2025:20:05:24 +0000] "GET /?s=60557873051490&mod=cd4ec96a&uri=dp.php%3Fid%3D2020874-863%26name%3Dscarpette+da+bagno HTTP/1.1" 200 18786 "-" "Mozilla/5.0 (Linux; Android 6.0.1; Nexus 5X Build/MMB29P) AppleWebKit/537.36 (KHTML, like Gecko) Chrome/137.0.7151.103 Mobile Safari/537.36 (compatible; Googlebot/2.1; +http://www.google.com/bot.html)"
216.73.216.102 - - [14/Jul/2025:20:05:26 +0000] "GET /goodscode/43807998.shtm HTTP/1.1" 404 11743 "-" "Mozilla/5.0 AppleWebKit/537.36 (KHTML, like Gecko; compatible; ClaudeBot/1.0; [email protected])"
66.249.79.236 - - [14/Jul/2025:20:05:26 +0000] "POST /get-message-notify HTTP/1.1" 200 18124 "https://gardenify.com.au/?s=14584642041490&mod=61d77652&uri=dp.php%3Fid%3D486931-24%26name%3Dthe+bike+store+santa+fe" "Mozilla/5.0 (Linux; Android 6.0.1; Nexus 5X Build/MMB29P) AppleWebKit/537.36 (KHTML, like Gecko) Chrome/137.0.7151.119 Mobile Safari/537.36 (compatible; Googlebot/2.1; +http://www.google.com/bot.html)"
216.73.216.102 - - [14/Jul/2025:20:05:27 +0000] "GET /goodscode/102731906.shtm HTTP/1.1" 404 11743 "-" "Mozilla/5.0 AppleWebKit/537.36 (KHTML, like Gecko; compatible; ClaudeBot/1.0; [email protected])"
66.249.79.236 - - [14/Jul/2025:20:05:28 +0000] "GET /?s=72812959021490&mod=f36c9507&uri=dp.php%3Fid%3D2429846-314%26name%3Dicepeak+jacken+m%C3%83%C2%A4nner HTTP/1.1" 200 18820 "-" "Mozilla/5.0 (Linux; Android 6.0.1; Nexus 5X Build/MMB29P) AppleWebKit/537.36 (KHTML, like Gecko) Chrome/137.0.7151.103 Mobile Safari/537.36 (compatible; Googlebot/2.1; +http://www.google.com/bot.html)"
216.73.216.102 - - [14/Jul/2025:20:05:29 +0000] "GET /goodscode/102733672.shtm HTTP/1.1" 404 11743 "-" "Mozilla/5.0 AppleWebKit/537.36 (KHTML, like Gecko; compatible; ClaudeBot/1.0; [email protected])"
66.249.79.236 - - [14/Jul/2025:20:05:30 +0000] "POST /get-message-notify HTTP/1.1" 200 18124 "https://gardenify.com.au/?s=11047858031490&mod=372fd987&uri=shared.php%3Fid%3D368878-535%26name%3Dvoiture+radiocommand%C3%83%C2%A9e+ans" "Mozilla/5.0 (Linux; Android 6.0.1; Nexus 5X Build/MMB29P) AppleWebKit/537.36 (KHTML, like Gecko) Chrome/137.0.7151.119 Mobile Safari/537.36 (compatible; Googlebot/2.1; +http://www.google.com/bot.html)"
216.73.216.102 - - [14/Jul/2025:20:05:32 +0000] "GET /goodscode/102731805.shtm HTTP/1.1" 404 11743 "-" "Mozilla/5.0 AppleWebKit/537.36 (KHTML, like Gecko; compatible; ClaudeBot/1.0; [email protected])"
216.73.216.102 - - [14/Jul/2025:20:05:35 +0000] "GET /goodscode/102724200.shtm HTTP/1.1" 404 11743 "-" "Mozilla/5.0 AppleWebKit/537.36 (KHTML, like Gecko; compatible; ClaudeBot/1.0; [email protected])"
66.249.79.236 - - [14/Jul/2025:20:05:35 +0000] "GET /?s=109047197011490&mod=e96822f7&uri=info.php%3Fid%3D3639250-234%26name%3Dd%C3%83%C2%BCnne+lange+daunenjacke+damen HTTP/1.1" 200 18835 "-" "Mozilla/5.0 (Linux; Android 6.0.1; Nexus 5X Build/MMB29P) AppleWebKit/537.36 (KHTML, like Gecko) Chrome/137.0.7151.103 Mobile Safari/537.36 (compatible; Googlebot/2.1; +http://www.google.com/bot.html)"
216.73.216.102 - - [14/Jul/2025:20:05:38 +0000] "GET /goodscode/43820200.shtm HTTP/1.1" 404 11743 "-" "Mozilla/5.0 AppleWebKit/537.36 (KHTML, like Gecko; compatible; ClaudeBot/1.0; [email protected])"
66.249.79.236 - - [14/Jul/2025:20:05:41 +0000] "GET /?s=60561653051490&mod=f0b7c0bf&uri=shop.php%3Fid%3D2021000-548%26name%3Dskechers+waterproof+walking+shoes HTTP/1.1" 200 18813 "-" "Mozilla/5.0 (Linux; Android 6.0.1; Nexus 5X Build/MMB29P) AppleWebKit/537.36 (KHTML, like Gecko) Chrome/137.0.7151.103 Mobile Safari/537.36 (compatible; Googlebot/2.1; +http://www.google.com/bot.html)"
216.73.216.102 - - [14/Jul/2025:20:05:42 +0000] "GET /goodscode/102743670.shtm HTTP/1.1" 404 11743 "-" "Mozilla/5.0 AppleWebKit/537.36 (KHTML, like Gecko; compatible; ClaudeBot/1.0; [email protected])"
216.73.216.102 - - [14/Jul/2025:20:05:45 +0000] "GET /goodscode/102725793.shtm HTTP/1.1" 404 11743 "-" "Mozilla/5.0 AppleWebKit/537.36 (KHTML, like Gecko; compatible; ClaudeBot/1.0; [email protected])"
216.73.216.102 - - [14/Jul/2025:20:05:48 +0000] "GET /goodscode/43810366.shtm HTTP/1.1" 404 11743 "-" "Mozilla/5.0 AppleWebKit/537.36 (KHTML, like Gecko; compatible; ClaudeBot/1.0; [email protected])"
66.249.79.236 - - [14/Jul/2025:20:05:49 +0000] "POST /get-message-notify HTTP/1.1" 200 18124 "https://gardenify.com.au/?s=86282248031490&mod=5478c9cd&uri=shared.php%3Fid%3D2879370-219%26name%3Dgoodman+gph1460m41" "Mozilla/5.0 (Linux; Android 6.0.1; Nexus 5X Build/MMB29P) AppleWebKit/537.36 (KHTML, like Gecko) Chrome/137.0.7151.119 Mobile Safari/537.36 (compatible; Googlebot/2.1; +http://www.google.com/bot.html)"
66.249.79.236 - - [14/Jul/2025:20:05:51 +0000] "GET /?s=14576392011490&mod=61d77652&uri=shared.php%3Fid%3D486656-24%26name%3Dthompson+handlebars HTTP/1.1" 200 18790 "-" "Mozilla/5.0 (Linux; Android 6.0.1; Nexus 5X Build/MMB29P) AppleWebKit/537.36 (KHTML, like Gecko) Chrome/137.0.7151.103 Mobile Safari/537.36 (compatible; Googlebot/2.1; +http://www.google.com/bot.html)"
66.249.79.236 - - [14/Jul/2025:20:05:54 +0000] "GET /?s=109049957031490&mod=f36c9507&uri=form.php%3Fid%3D3639342-314%26name%3Dcarhartt+wip+hoodie+schwarz HTTP/1.1" 200 18811 "-" "Mozilla/5.0 (Linux; Android 6.0.1; Nexus 5X Build/MMB29P) AppleWebKit/537.36 (KHTML, like Gecko) Chrome/137.0.7151.103 Mobile Safari/537.36 (compatible; Googlebot/2.1; +http://www.google.com/bot.html)"
66.249.79.236 - - [14/Jul/2025:20:05:59 +0000] "GET /?s=14585842041490&mod=61d77652&uri=info.php%3Fid%3D486971-24%26name%3Dthule+t2+pro+xt+australia HTTP/1.1" 200 18799 "-" "Mozilla/5.0 (Linux; Android 6.0.1; Nexus 5X Build/MMB29P) AppleWebKit/537.36 (KHTML, like Gecko) Chrome/137.0.7151.103 Mobile Safari/537.36 (compatible; Googlebot/2.1; +http://www.google.com/bot.html)"
209.74.77.214 - - [14/Jul/2025:20:06:03 +0000] "POST /wp-cron.php?doing_wp_cron=1752523563.4673089981079101562500 HTTP/1.1" 200 - "-" "WordPress/6.8.1; https://gardenify.com.au"
216.73.216.102 - - [14/Jul/2025:20:06:03 +0000] "GET /goodscode/102734430.shtm HTTP/1.1" 404 11743 "-" "Mozilla/5.0 AppleWebKit/537.36 (KHTML, like Gecko; compatible; ClaudeBot/1.0; [email protected])"
209.74.77.214 - - [14/Jul/2025:20:06:03 +0000] "POST /wp-admin/admin-ajax.php?action=async_litespeed&nonce=M91xT0qWqZW85Y1QKlJ5BprTuMfJRSwH&litespeed_type=imgoptm HTTP/1.1" 200 21 "-" "WordPress/6.8.1; https://gardenify.com.au"
66.249.79.236 - - [14/Jul/2025:20:06:05 +0000] "GET /?s=40599205001490&mod=34975476&uri=article.php?goodscode/2322712.shtm HTTP/1.1" 200 18567 "-" "Mozilla/5.0 (Linux; Android 6.0.1; Nexus 5X Build/MMB29P) AppleWebKit/537.36 (KHTML, like Gecko) Chrome/137.0.7151.103 Mobile Safari/537.36 (compatible; GoogleOther)"
66.249.79.238 - - [14/Jul/2025:20:06:05 +0000] "GET /?s=78271775001490&mod=e7696fba&uri=brands.php%3Fid%3D2612017-715%26name%3Dtrial+truck+lego HTTP/1.1" 200 18793 "-" "Mozilla/5.0 (Linux; Android 6.0.1; Nexus 5X Build/MMB29P) AppleWebKit/537.36 (KHTML, like Gecko) Chrome/137.0.7151.103 Mobile Safari/537.36 (compatible; Googlebot/2.1; +http://www.google.com/bot.html)"
216.73.216.102 - - [14/Jul/2025:20:06:06 +0000] "GET /goodscode/102730276.shtm HTTP/1.1" 404 11742 "-" "Mozilla/5.0 AppleWebKit/537.36 (KHTML, like Gecko; compatible; ClaudeBot/1.0; [email protected])"
216.73.216.102 - - [14/Jul/2025:20:06:09 +0000] "GET /goodscode/43828101.shtm HTTP/1.1" 404 11743 "-" "Mozilla/5.0 AppleWebKit/537.36 (KHTML, like Gecko; compatible; ClaudeBot/1.0; [email protected])"
66.249.79.237 - - [14/Jul/2025:20:06:11 +0000] "GET /?s=109052117031490&mod=f36c9507&uri=article.php%3Fid%3D3639414-314%26name%3Ddavid+moore+lederjacke+herren HTTP/1.1" 200 18821 "-" "Mozilla/5.0 (Linux; Android 6.0.1; Nexus 5X Build/MMB29P) AppleWebKit/537.36 (KHTML, like Gecko) Chrome/137.0.7151.103 Mobile Safari/537.36 (compatible; Googlebot/2.1; +http://www.google.com/bot.html)"
216.73.216.102 - - [14/Jul/2025:20:06:12 +0000] "GET /goodscode/102717145.shtm HTTP/1.1" 404 11743 "-" "Mozilla/5.0 AppleWebKit/537.36 (KHTML, like Gecko; compatible; ClaudeBot/1.0; [email protected])"
216.73.216.102 - - [14/Jul/2025:20:06:15 +0000] "GET /goodscode/102731610.shtm HTTP/1.1" 404 11743 "-" "Mozilla/5.0 AppleWebKit/537.36 (KHTML, like Gecko; compatible; ClaudeBot/1.0; [email protected])"
216.73.216.102 - - [14/Jul/2025:20:06:18 +0000] "GET /goodscode/43807564.shtm HTTP/1.1" 404 11743 "-" "Mozilla/5.0 AppleWebKit/537.36 (KHTML, like Gecko; compatible; ClaudeBot/1.0; [email protected])"
216.73.216.102 - - [14/Jul/2025:20:06:21 +0000] "GET /goodscode/102723840.shtm HTTP/1.1" 404 11743 "-" "Mozilla/5.0 AppleWebKit/537.36 (KHTML, like Gecko; compatible; ClaudeBot/1.0; [email protected])"
66.249.79.236 - - [14/Jul/2025:20:06:23 +0000] "GET /?s=109052597011490&mod=f36c9507&uri=blog.php%3Fid%3D3639430-314%26name%3Ddaunen+mit+wollwaschmittel+waschen HTTP/1.1" 200 18815 "-" "Mozilla/5.0 (Linux; Android 6.0.1; Nexus 5X Build/MMB29P) AppleWebKit/537.36 (KHTML, like Gecko) Chrome/137.0.7151.103 Mobile Safari/537.36 (compatible; Googlebot/2.1; +http://www.google.com/bot.html)"
216.73.216.102 - - [14/Jul/2025:20:06:24 +0000] "GET /goodscode/102734543.shtm HTTP/1.1" 404 11743 "-" "Mozilla/5.0 AppleWebKit/537.36 (KHTML, like Gecko; compatible; ClaudeBot/1.0; [email protected])"
216.73.216.102 - - [14/Jul/2025:20:06:27 +0000] "GET /goodscode/43818101.shtm HTTP/1.1" 404 11743 "-" "Mozilla/5.0 AppleWebKit/537.36 (KHTML, like Gecko; compatible; ClaudeBot/1.0; [email protected])"
66.249.79.236 - - [14/Jul/2025:20:06:28 +0000] "GET /?s=72817819091490&mod=238219fe&uri=blog.php%3Fid%3D2430008-826%26name%3Dsweater+vest+women HTTP/1.1" 200 18794 "-" "Mozilla/5.0 (Linux; Android 6.0.1; Nexus 5X Build/MMB29P) AppleWebKit/537.36 (KHTML, like Gecko) Chrome/137.0.7151.103 Mobile Safari/537.36 (compatible; Googlebot/2.1; +http://www.google.com/bot.html)"
216.73.216.102 - - [14/Jul/2025:20:06:30 +0000] "GET /goodscode/102732601.shtm HTTP/1.1" 404 11743 "-" "Mozilla/5.0 AppleWebKit/537.36 (KHTML, like Gecko; compatible; ClaudeBot/1.0; [email protected])"
216.73.216.102 - - [14/Jul/2025:20:06:33 +0000] "GET /goodscode/102731830.shtm HTTP/1.1" 404 11743 "-" "Mozilla/5.0 AppleWebKit/537.36 (KHTML, like Gecko; compatible; ClaudeBot/1.0; [email protected])"
66.249.79.236 - - [14/Jul/2025:20:06:34 +0000] "GET /?s=11028553041490&mod=372fd987&uri=category-info.php%3Fid%3D368233-535%26name%3Dvoiture+t%C3%83%C2%A9l%C3%83%C2%A9command%C3%83%C2%A9e+volkswagen HTTP/1.1" 200 18877 "-" "Mozilla/5.0 (Linux; Android 6.0.1; Nexus 5X Build/MMB29P) AppleWebKit/537.36 (KHTML, like Gecko) Chrome/137.0.7151.103 Mobile Safari/537.36 (compatible; Googlebot/2.1; +http://www.google.com/bot.html)"
66.249.79.236 - - [14/Jul/2025:20:06:37 +0000] "POST /get-message-notify HTTP/1.1" 200 18124 "https://gardenify.com.au/?s=109052597011490&mod=f36c9507&uri=blog.php%3Fid%3D3639430-314%26name%3Ddaunen+mit+wollwaschmittel+waschen" "Mozilla/5.0 (Linux; Android 6.0.1; Nexus 5X Build/MMB29P) AppleWebKit/537.36 (KHTML, like Gecko) Chrome/137.0.7151.119 Mobile Safari/537.36 (compatible; Googlebot/2.1; +http://www.google.com/bot.html)"
216.73.216.102 - - [14/Jul/2025:20:06:38 +0000] "GET /goodscode/102732101.shtm HTTP/1.1" 404 11743 "-" "Mozilla/5.0 AppleWebKit/537.36 (KHTML, like Gecko; compatible; ClaudeBot/1.0; [email protected])"
66.249.79.236 - - [14/Jul/2025:20:06:39 +0000] "GET /?s=86280582011490&mod=5478c9cd&uri=products.php%3Fid%3D2879314-219%26name%3Dmobile+home+blower+motor HTTP/1.1" 200 18808 "-" "Mozilla/5.0 (Linux; Android 6.0.1; Nexus 5X Build/MMB29P) AppleWebKit/537.36 (KHTML, like Gecko) Chrome/137.0.7151.103 Mobile Safari/537.36 (compatible; Googlebot/2.1; +http://www.google.com/bot.html)"
216.73.216.102 - - [14/Jul/2025:20:06:42 +0000] "GET /goodscode/102746114.shtm HTTP/1.1" 404 11743 "-" "Mozilla/5.0 AppleWebKit/537.36 (KHTML, like Gecko; compatible; ClaudeBot/1.0; [email protected])"
66.249.79.236 - - [14/Jul/2025:20:06:44 +0000] "POST /get-message-notify HTTP/1.1" 200 18124 "https://gardenify.com.au/?s=11028553041490&mod=372fd987&uri=category-info.php%3Fid%3D368233-535%26name%3Dvoiture+t%C3%83%C2%A9l%C3%83%C2%A9command%C3%83%C2%A9e+volkswagen" "Mozilla/5.0 (Linux; Android 6.0.1; Nexus 5X Build/MMB29P) AppleWebKit/537.36 (KHTML, like Gecko) Chrome/137.0.7151.119 Mobile Safari/537.36 (compatible; Googlebot/2.1; +http://www.google.com/bot.html)"
66.249.79.236 - - [14/Jul/2025:20:06:44 +0000] "GET /?s=86292677071490&mod=073f456b&uri=pin.php%3Fid%3D2879720-807%26name%3Dwomens+oversized+black+sweater HTTP/1.1" 200 18806 "-" "Mozilla/5.0 (Linux; Android 6.0.1; Nexus 5X Build/MMB29P) AppleWebKit/537.36 (KHTML, like Gecko) Chrome/137.0.7151.103 Mobile Safari/537.36 (compatible; Googlebot/2.1; +http://www.google.com/bot.html)"
216.73.216.102 - - [14/Jul/2025:20:06:45 +0000] "GET /goodscode/102731100.shtm HTTP/1.1" 404 11743 "-" "Mozilla/5.0 AppleWebKit/537.36 (KHTML, like Gecko; compatible; ClaudeBot/1.0; [email protected])"
66.249.79.236 - - [14/Jul/2025:20:06:49 +0000] "GET /?s=109051037041490&mod=f36c9507&uri=itm.php%3Fid%3D3639378-314%26name%3Ddaunen+steppdecke+waschen HTTP/1.1" 200 18806 "-" "Mozilla/5.0 (Linux; Android 6.0.1; Nexus 5X Build/MMB29P) AppleWebKit/537.36 (KHTML, like Gecko) Chrome/137.0.7151.103 Mobile Safari/537.36 (compatible; Googlebot/2.1; +http://www.google.com/bot.html)"
216.73.216.102 - - [14/Jul/2025:20:06:50 +0000] "GET /goodscode/43808999.shtm HTTP/1.1" 404 11743 "-" "Mozilla/5.0 AppleWebKit/537.36 (KHTML, like Gecko; compatible; ClaudeBot/1.0; [email protected])"
209.74.77.214 - - [14/Jul/2025:20:06:51 +0000] "POST /wp-cron.php?doing_wp_cron=1752523611.0372970104217529296875 HTTP/1.1" 200 - "-" "WordPress/6.8.1; https://gardenify.com.au"
216.73.216.102 - - [14/Jul/2025:20:06:50 +0000] "GET /goodscode/43838007.shtm HTTP/1.1" 404 11743 "-" "Mozilla/5.0 AppleWebKit/537.36 (KHTML, like Gecko; compatible; ClaudeBot/1.0; [email protected])"
209.74.77.214 - - [14/Jul/2025:20:06:51 +0000] "POST /wp-admin/admin-ajax.php?action=async_litespeed&nonce=qmhz5mh7U5A8e2MQKkk7rmrFv3rkajVR&litespeed_type=imgoptm HTTP/1.1" 200 21 "-" "WordPress/6.8.1; https://gardenify.com.au"
209.74.77.214 - - [14/Jul/2025:20:06:54 +0000] "POST /wp-cron.php?doing_wp_cron=1752523614.2342100143432617187500 HTTP/1.1" 200 - "-" "WordPress/6.8.1; https://gardenify.com.au"
216.73.216.102 - - [14/Jul/2025:20:06:54 +0000] "GET /goodscode/102729168.shtm HTTP/1.1" 404 11743 "-" "Mozilla/5.0 AppleWebKit/537.36 (KHTML, like Gecko; compatible; ClaudeBot/1.0; [email protected])"
66.249.79.236 - - [14/Jul/2025:20:06:54 +0000] "GET /?s=86287454021490&mod=5478c9cd&uri=form.php%3Fid%3D2879545-219%26name%3Dbest+mvhr+system HTTP/1.1" 200 18790 "-" "Mozilla/5.0 (Linux; Android 6.0.1; Nexus 5X Build/MMB29P) AppleWebKit/537.36 (KHTML, like Gecko) Chrome/137.0.7151.103 Mobile Safari/537.36 (compatible; Googlebot/2.1; +http://www.google.com/bot.html)"
216.73.216.102 - - [14/Jul/2025:20:06:56 +0000] "GET /goodscode/43807842.shtm HTTP/1.1" 404 11743 "-" "Mozilla/5.0 AppleWebKit/537.36 (KHTML, like Gecko; compatible; ClaudeBot/1.0; [email protected])"
216.73.216.102 - - [14/Jul/2025:20:06:59 +0000] "GET /goodscode/102730233.shtm HTTP/1.1" 404 11743 "-" "Mozilla/5.0 AppleWebKit/537.36 (KHTML, like Gecko; compatible; ClaudeBot/1.0; [email protected])"
66.249.79.236 - - [14/Jul/2025:20:07:00 +0000] "GET /?s=60559403081490&mod=f0b7c0bf&uri=product.php%3Fid%3D2020925-548%26name%3Dultra+boost+st+w HTTP/1.1" 200 18791 "-" "Mozilla/5.0 (Linux; Android 6.0.1; Nexus 5X Build/MMB29P) AppleWebKit/537.36 (KHTML, like Gecko) Chrome/137.0.7151.103 Mobile Safari/537.36 (compatible; Googlebot/2.1; +http://www.google.com/bot.html)"
216.73.216.102 - - [14/Jul/2025:20:07:02 +0000] "GET /goodscode/102717967.shtm HTTP/1.1" 404 11743 "-" "Mozilla/5.0 AppleWebKit/537.36 (KHTML, like Gecko; compatible; ClaudeBot/1.0; [email protected])"
216.73.216.102 - - [14/Jul/2025:20:07:05 +0000] "GET /goodscode/102736114.shtm HTTP/1.1" 404 11743 "-" "Mozilla/5.0 AppleWebKit/537.36 (KHTML, like Gecko; compatible; ClaudeBot/1.0; [email protected])"
66.249.79.236 - - [14/Jul/2025:20:07:07 +0000] "GET /?s=30556434041490&mod=30f8f6b9&uri=shared.php%3Fid%3D1019875-26%26name%3Ddrone+con+camara+vision+nocturna HTTP/1.1" 200 18810 "-" "Mozilla/5.0 (Linux; Android 6.0.1; Nexus 5X Build/MMB29P) AppleWebKit/537.36 (KHTML, like Gecko) Chrome/137.0.7151.103 Mobile Safari/537.36 (compatible; Googlebot/2.1; +http://www.google.com/bot.html)"
216.73.216.102 - - [14/Jul/2025:20:07:08 +0000] "GET /goodscode/43817110.shtm HTTP/1.1" 404 11743 "-" "Mozilla/5.0 AppleWebKit/537.36 (KHTML, like Gecko; compatible; ClaudeBot/1.0; [email protected])"
216.73.216.102 - - [14/Jul/2025:20:07:11 +0000] "GET /goodscode/102741738.shtm HTTP/1.1" 404 11743 "-" "Mozilla/5.0 AppleWebKit/537.36 (KHTML, like Gecko; compatible; ClaudeBot/1.0; [email protected])"
66.249.79.236 - - [14/Jul/2025:20:07:16 +0000] "GET /?s=72764930001490&mod=69f79848&uri=search.php%3Fid%3D2428243-1291%26name%3Dpanchas+de+bebes+varon HTTP/1.1" 200 18798 "-" "Mozilla/5.0 (Linux; Android 6.0.1; Nexus 5X Build/MMB29P) AppleWebKit/537.36 (KHTML, like Gecko) Chrome/137.0.7151.103 Mobile Safari/537.36 (compatible; Googlebot/2.1; +http://www.google.com/bot.html)"
216.73.216.102 - - [14/Jul/2025:20:07:17 +0000] "GET /goodscode/102732950.shtm HTTP/1.1" 404 11743 "-" "Mozilla/5.0 AppleWebKit/537.36 (KHTML, like Gecko; compatible; ClaudeBot/1.0; [email protected])"
216.73.216.102 - - [14/Jul/2025:20:07:17 +0000] "GET /goodscode/102732611.shtm HTTP/1.1" 404 11743 "-" "Mozilla/5.0 AppleWebKit/537.36 (KHTML, like Gecko; compatible; ClaudeBot/1.0; [email protected])"
216.73.216.102 - - [14/Jul/2025:20:07:20 +0000] "GET /goodscode/102742443.shtm HTTP/1.1" 404 11743 "-" "Mozilla/5.0 AppleWebKit/537.36 (KHTML, like Gecko; compatible; ClaudeBot/1.0; [email protected])"
66.249.79.236 - - [14/Jul/2025:20:07:21 +0000] "GET /?s=20557846141490&mod=9cecbb6f&uri=info.php%3Fid%3D686235-344%26name%3Dlemon+wedge+shoes HTTP/1.1" 200 18791 "-" "Mozilla/5.0 (Linux; Android 6.0.1; Nexus 5X Build/MMB29P) AppleWebKit/537.36 (KHTML, like Gecko) Chrome/137.0.7151.103 Mobile Safari/537.36 (compatible; Googlebot/2.1; +http://www.google.com/bot.html)"
66.249.79.236 - - [14/Jul/2025:20:07:26 +0000] "GET /?s=60559853051490&mod=f0b7c0bf&uri=form.php%3Fid%3D2020940-548%26name%3Dnewton+motion+iii HTTP/1.1" 200 18788 "-" "Mozilla/5.0 (Linux; Android 6.0.1; Nexus 5X Build/MMB29P) AppleWebKit/537.36 (KHTML, like Gecko) Chrome/137.0.7151.103 Mobile Safari/537.36 (compatible; Googlebot/2.1; +http://www.google.com/bot.html)"
216.73.216.102 - - [14/Jul/2025:20:07:28 +0000] "GET /goodscode/102731943.shtm HTTP/1.1" 404 11743 "-" "Mozilla/5.0 AppleWebKit/537.36 (KHTML, like Gecko; compatible; ClaudeBot/1.0; [email protected])"
216.73.216.102 - - [14/Jul/2025:20:07:30 +0000] "GET /goodscode/43809139.shtm HTTP/1.1" 404 11743 "-" "Mozilla/5.0 AppleWebKit/537.36 (KHTML, like Gecko; compatible; ClaudeBot/1.0; [email protected])"
66.249.79.236 - - [14/Jul/2025:20:07:31 +0000] "GET /?s=30646524051490&mod=fdf645ae&uri=info.php%3Fid%3D1022878-324%26name%3Dtemperature+to+roast+cornish+hen HTTP/1.1" 200 18815 "-" "Mozilla/5.0 (Linux; Android 6.0.1; Nexus 5X Build/MMB29P) AppleWebKit/537.36 (KHTML, like Gecko) Chrome/137.0.7151.103 Mobile Safari/537.36 (compatible; Googlebot/2.1; +http://www.google.com/bot.html)"
66.249.79.236 - - [14/Jul/2025:20:07:32 +0000] "POST /get-message-notify HTTP/1.1" 200 18124 "https://gardenify.com.au/?s=72764930001490&mod=69f79848&uri=search.php%3Fid%3D2428243-1291%26name%3Dpanchas+de+bebes+varon" "Mozilla/5.0 (Linux; Android 6.0.1; Nexus 5X Build/MMB29P) AppleWebKit/537.36 (KHTML, like Gecko) Chrome/137.0.7151.119 Mobile Safari/537.36 (compatible; Googlebot/2.1; +http://www.google.com/bot.html)"
216.73.216.102 - - [14/Jul/2025:20:07:33 +0000] "GET /goodscode/102731121.shtm HTTP/1.1" 404 11743 "-" "Mozilla/5.0 AppleWebKit/537.36 (KHTML, like Gecko; compatible; ClaudeBot/1.0; [email protected])"
216.73.216.102 - - [14/Jul/2025:20:07:36 +0000] "GET /goodscode/102737234.shtm HTTP/1.1" 404 11743 "-" "Mozilla/5.0 AppleWebKit/537.36 (KHTML, like Gecko; compatible; ClaudeBot/1.0; [email protected])"
66.249.79.236 - - [14/Jul/2025:20:07:36 +0000] "GET /?s=72765650041490&mod=69f79848&uri=products.php%3Fid%3D2428267-1291%26name%3Dtallas+americanas+hombre+zapatillas HTTP/1.1" 200 18821 "-" "Mozilla/5.0 (Linux; Android 6.0.1; Nexus 5X Build/MMB29P) AppleWebKit/537.36 (KHTML, like Gecko) Chrome/137.0.7151.103 Mobile Safari/537.36 (compatible; Googlebot/2.1; +http://www.google.com/bot.html)"
216.73.216.102 - - [14/Jul/2025:20:07:39 +0000] "GET /goodscode/102740233.shtm HTTP/1.1" 404 11743 "-" "Mozilla/5.0 AppleWebKit/537.36 (KHTML, like Gecko; compatible; ClaudeBot/1.0; [email protected])"
216.73.216.102 - - [14/Jul/2025:20:07:42 +0000] "GET /goodscode/102732897.shtm HTTP/1.1" 404 11743 "-" "Mozilla/5.0 AppleWebKit/537.36 (KHTML, like Gecko; compatible; ClaudeBot/1.0; [email protected])"
216.73.216.102 - - [14/Jul/2025:20:07:45 +0000] "GET /goodscode/43840106.shtm HTTP/1.1" 404 11743 "-" "Mozilla/5.0 AppleWebKit/537.36 (KHTML, like Gecko; compatible; ClaudeBot/1.0; [email protected])"
66.249.79.236 - - [14/Jul/2025:20:07:46 +0000] "GET /?s=60563273071490&mod=f0b7c0bf&uri=news.php%3Fid%3D2021054-548%26name%3Dadidas+ultra+boost+core+black+carbon+ash+silver HTTP/1.1" 200 18839 "-" "Mozilla/5.0 (Linux; Android 6.0.1; Nexus 5X Build/MMB29P) AppleWebKit/537.36 (KHTML, like Gecko) Chrome/137.0.7151.103 Mobile Safari/537.36 (compatible; Googlebot/2.1; +http://www.google.com/bot.html)"
66.249.79.236 - - [14/Jul/2025:20:07:46 +0000] "GET /?s=86283295021490&mod=5478c9cd&uri=shared.php%3Fid%3D2879405-219%26name%3Dmvhr+ventilation HTTP/1.1" 200 18784 "-" "Mozilla/5.0 (Linux; Android 6.0.1; Nexus 5X Build/MMB29P) AppleWebKit/537.36 (KHTML, like Gecko) Chrome/137.0.7151.103 Mobile Safari/537.36 (compatible; Googlebot/2.1; +http://www.google.com/bot.html)"
66.249.79.236 - - [14/Jul/2025:20:07:46 +0000] "GET /?s=79597554011490&mod=c7e6d11d&uri=products.php?goodscode/65759.shtm HTTP/1.1" 200 19373 "-" "Mozilla/5.0 (Linux; Android 6.0.1; Nexus 5X Build/MMB29P) AppleWebKit/537.36 (KHTML, like Gecko) Chrome/137.0.7151.103 Mobile Safari/537.36 (compatible; Googlebot/2.1; +http://www.google.com/bot.html)"
216.73.216.102 - - [14/Jul/2025:20:07:48 +0000] "GET /goodscode/43813145.shtm HTTP/1.1" 404 11743 "-" "Mozilla/5.0 AppleWebKit/537.36 (KHTML, like Gecko; compatible; ClaudeBot/1.0; [email protected])"
209.74.77.214 - - [14/Jul/2025:20:07:51 +0000] "POST /wp-cron.php?doing_wp_cron=1752523671.5547840595245361328125 HTTP/1.1" 200 - "-" "WordPress/6.8.1; https://gardenify.com.au"
216.73.216.102 - - [14/Jul/2025:20:07:51 +0000] "GET /goodscode/102741121.shtm HTTP/1.1" 404 11743 "-" "Mozilla/5.0 AppleWebKit/537.36 (KHTML, like Gecko; compatible; ClaudeBot/1.0; [email protected])"
209.74.77.214 - - [14/Jul/2025:20:07:51 +0000] "POST /wp-admin/admin-ajax.php?action=async_litespeed&nonce=KOuV6sW84OwaxMRib45YBwyAhwufX5Gv&litespeed_type=imgoptm HTTP/1.1" 200 21 "-" "WordPress/6.8.1; https://gardenify.com.au"
66.249.79.236 - - [14/Jul/2025:20:07:52 +0000] "GET /?s=86195092031490&mod=7c2c48a3&uri=pin.php%3Fid%3D2876460-96%26name%3Dmost+selling+apple+watch+color HTTP/1.1" 200 18809 "-" "Mozilla/5.0 (Linux; Android 6.0.1; Nexus 5X Build/MMB29P) AppleWebKit/537.36 (KHTML, like Gecko) Chrome/137.0.7151.103 Mobile Safari/537.36 (compatible; Googlebot/2.1; +http://www.google.com/bot.html)"
66.249.79.236 - - [14/Jul/2025:20:07:53 +0000] "GET /?s=30645984091490&mod=fdf645ae&uri=us.php%3Fid%3D1022860-324%26name%3Dbread+pan+size HTTP/1.1" 200 18774 "-" "Mozilla/5.0 (Linux; Android 6.0.1; Nexus 5X Build/MMB29P) AppleWebKit/537.36 (KHTML, like Gecko) Chrome/137.0.7151.103 Mobile Safari/537.36 (compatible; Googlebot/2.1; +http://www.google.com/bot.html)"
209.74.77.214 - - [14/Jul/2025:20:07:54 +0000] "POST /wp-cron.php?doing_wp_cron=1752523674.5463058948516845703125 HTTP/1.1" 200 - "-" "WordPress/6.8.1; https://gardenify.com.au"
216.73.216.102 - - [14/Jul/2025:20:07:54 +0000] "GET /goodscode/43832227.shtm HTTP/1.1" 404 11743 "-" "Mozilla/5.0 AppleWebKit/537.36 (KHTML, like Gecko; compatible; ClaudeBot/1.0; [email protected])"
66.249.79.236 - - [14/Jul/2025:20:07:54 +0000] "POST /get-message-notify HTTP/1.1" 200 18124 "https://gardenify.com.au/?s=79597554011490&mod=c7e6d11d&uri=products.php?goodscode/65759.shtm" "Mozilla/5.0 (Linux; Android 6.0.1; Nexus 5X Build/MMB29P) AppleWebKit/537.36 (KHTML, like Gecko) Chrome/137.0.7151.119 Mobile Safari/537.36 (compatible; Googlebot/2.1; +http://www.google.com/bot.html)"
66.249.79.236 - - [14/Jul/2025:20:07:55 +0000] "GET /?s=86188822081490&mod=c292b3e9&uri=pin.php%3Fid%3D2876251-91%26name%3D29x2+20+mountain+bike+tires HTTP/1.1" 200 18807 "-" "Mozilla/5.0 (Linux; Android 6.0.1; Nexus 5X Build/MMB29P) AppleWebKit/537.36 (KHTML, like Gecko) Chrome/137.0.7151.103 Mobile Safari/537.36 (compatible; Googlebot/2.1; +http://www.google.com/bot.html)"
216.73.216.102 - - [14/Jul/2025:20:07:57 +0000] "GET /goodscode/102723404.shtm HTTP/1.1" 404 11743 "-" "Mozilla/5.0 AppleWebKit/537.36 (KHTML, like Gecko; compatible; ClaudeBot/1.0; [email protected])"
66.249.79.237 - - [14/Jul/2025:20:07:57 +0000] "POST /get-message-notify HTTP/1.1" 200 18124 "https://gardenify.com.au/?s=86195092031490&mod=7c2c48a3&uri=pin.php%3Fid%3D2876460-96%26name%3Dmost+selling+apple+watch+color" "Mozilla/5.0 (Linux; Android 6.0.1; Nexus 5X Build/MMB29P) AppleWebKit/537.36 (KHTML, like Gecko) Chrome/137.0.7151.119 Mobile Safari/537.36 (compatible; Googlebot/2.1; +http://www.google.com/bot.html)"
66.249.79.237 - - [14/Jul/2025:20:08:01 +0000] "GET /?s=72680622051490&mod=f148268a&uri=us.php%3Fid%3D2425432-633%26name%3Dadidas+ultra+boost+bc0247 HTTP/1.1" 200 18799 "-" "Mozilla/5.0 (Linux; Android 6.0.1; Nexus 5X Build/MMB29P) AppleWebKit/537.36 (KHTML, like Gecko) Chrome/137.0.7151.103 Mobile Safari/537.36 (compatible; Googlebot/2.1; +http://www.google.com/bot.html)"
216.73.216.102 - - [14/Jul/2025:20:08:01 +0000] "GET /goodscode/43809231.shtm HTTP/1.1" 404 11743 "-" "Mozilla/5.0 AppleWebKit/537.36 (KHTML, like Gecko; compatible; ClaudeBot/1.0; [email protected])"
66.249.79.236 - - [14/Jul/2025:20:08:07 +0000] "GET /?s=20556406021490&mod=9cecbb6f&uri=brands.php%3Fid%3D686187-344%26name%3Dfilesystemxmlapplicationcontext+example HTTP/1.1" 200 18802 "-" "Mozilla/5.0 (Linux; Android 6.0.1; Nexus 5X Build/MMB29P) AppleWebKit/537.36 (KHTML, like Gecko) Chrome/137.0.7151.103 Mobile Safari/537.36 (compatible; Googlebot/2.1; +http://www.google.com/bot.html)"
216.73.216.102 - - [14/Jul/2025:20:08:09 +0000] "GET /goodscode/43809657.shtm HTTP/1.1" 404 11743 "-" "Mozilla/5.0 AppleWebKit/537.36 (KHTML, like Gecko; compatible; ClaudeBot/1.0; [email protected])"
66.249.79.236 - - [14/Jul/2025:20:08:10 +0000] "POST /get-message-notify HTTP/1.1" 200 18124 "https://gardenify.com.au/?s=20556406021490&mod=9cecbb6f&uri=brands.php%3Fid%3D686187-344%26name%3Dfilesystemxmlapplicationcontext+example" "Mozilla/5.0 (Linux; Android 6.0.1; Nexus 5X Build/MMB29P) AppleWebKit/537.36 (KHTML, like Gecko) Chrome/137.0.7151.119 Mobile Safari/537.36 (compatible; Googlebot/2.1; +http://www.google.com/bot.html)"
216.73.216.102 - - [14/Jul/2025:20:08:10 +0000] "GET /goodscode/43832114.shtm HTTP/1.1" 404 11743 "-" "Mozilla/5.0 AppleWebKit/537.36 (KHTML, like Gecko; compatible; ClaudeBot/1.0; [email protected])"
66.249.79.236 - - [14/Jul/2025:20:08:12 +0000] "GET /?s=14587642041490&mod=b21f9f98&uri=form.php%3Fid%3D487031-25%26name%3Dswitch+stock+check HTTP/1.1" 200 18787 "-" "Mozilla/5.0 (Linux; Android 6.0.1; Nexus 5X Build/MMB29P) AppleWebKit/537.36 (KHTML, like Gecko) Chrome/137.0.7151.103 Mobile Safari/537.36 (compatible; Googlebot/2.1; +http://www.google.com/bot.html)"
216.73.216.102 - - [14/Jul/2025:20:08:12 +0000] "GET /goodscode/43807112.shtm HTTP/1.1" 404 11743 "-" "Mozilla/5.0 AppleWebKit/537.36 (KHTML, like Gecko; compatible; ClaudeBot/1.0; [email protected])"
216.73.216.102 - - [14/Jul/2025:20:08:15 +0000] "GET /goodscode/102742422.shtm HTTP/1.1" 404 11743 "-" "Mozilla/5.0 AppleWebKit/537.36 (KHTML, like Gecko; compatible; ClaudeBot/1.0; [email protected])"
216.73.216.102 - - [14/Jul/2025:20:08:19 +0000] "GET /goodscode/102739962.shtm HTTP/1.1" 404 11743 "-" "Mozilla/5.0 AppleWebKit/537.36 (KHTML, like Gecko; compatible; ClaudeBot/1.0; [email protected])"
216.73.216.102 - - [14/Jul/2025:20:08:21 +0000] "GET /goodscode/102723838.shtm HTTP/1.1" 404 11743 "-" "Mozilla/5.0 AppleWebKit/537.36 (KHTML, like Gecko; compatible; ClaudeBot/1.0; [email protected])"
66.249.79.236 - - [14/Jul/2025:20:08:22 +0000] "GET /?s=60561383141490&mod=f0b7c0bf&uri=shop.php%3Fid%3D2020991-548%26name%3Dsteve+madden+antics+rose+gold+shoes HTTP/1.1" 200 18821 "-" "Mozilla/5.0 (Linux; Android 6.0.1; Nexus 5X Build/MMB29P) AppleWebKit/537.36 (KHTML, like Gecko) Chrome/137.0.7151.103 Mobile Safari/537.36 (compatible; Googlebot/2.1; +http://www.google.com/bot.html)"
216.73.216.102 - - [14/Jul/2025:20:08:24 +0000] "GET /goodscode/102734469.shtm HTTP/1.1" 404 11743 "-" "Mozilla/5.0 AppleWebKit/537.36 (KHTML, like Gecko; compatible; ClaudeBot/1.0; [email protected])"
66.249.79.236 - - [14/Jul/2025:20:08:26 +0000] "GET /?s=60515789001490&mod=fc9b003b&uri=product.php%3Fid%3D2019471-17%26name%3Dhouse+heater HTTP/1.1" 200 18783 "-" "Mozilla/5.0 (Linux; Android 6.0.1; Nexus 5X Build/MMB29P) AppleWebKit/537.36 (KHTML, like Gecko) Chrome/137.0.7151.103 Mobile Safari/537.36 (compatible; Googlebot/2.1; +http://www.google.com/bot.html)"
216.73.216.102 - - [14/Jul/2025:20:08:27 +0000] "GET /goodscode/43807546.shtm HTTP/1.1" 404 11743 "-" "Mozilla/5.0 AppleWebKit/537.36 (KHTML, like Gecko; compatible; ClaudeBot/1.0; [email protected])"
66.249.79.236 - - [14/Jul/2025:20:08:30 +0000] "GET /?s=60558773021490&mod=f0b7c0bf&uri=search.php%3Fid%3D2020904-548%26name%3Droshe+run+price HTTP/1.1" 200 18783 "-" "Mozilla/5.0 (Linux; Android 6.0.1; Nexus 5X Build/MMB29P) AppleWebKit/537.36 (KHTML, like Gecko) Chrome/137.0.7151.103 Mobile Safari/537.36 (compatible; Googlebot/2.1; +http://www.google.com/bot.html)"
216.73.216.102 - - [14/Jul/2025:20:08:31 +0000] "GET /goodscode/102724701.shtm HTTP/1.1" 404 11743 "-" "Mozilla/5.0 AppleWebKit/537.36 (KHTML, like Gecko; compatible; ClaudeBot/1.0; [email protected])"
216.73.216.102 - - [14/Jul/2025:20:08:34 +0000] "GET /goodscode/43812773.shtm HTTP/1.1" 404 11743 "-" "Mozilla/5.0 AppleWebKit/537.36 (KHTML, like Gecko; compatible; ClaudeBot/1.0; [email protected])"
66.249.79.236 - - [14/Jul/2025:20:08:36 +0000] "GET /?s=86285990031490&mod=5478c9cd&uri=itm.php%3Fid%3D2879496-219%26name%3Dinfrared+ceiling+light HTTP/1.1" 200 18794 "-" "Mozilla/5.0 (Linux; Android 6.0.1; Nexus 5X Build/MMB29P) AppleWebKit/537.36 (KHTML, like Gecko) Chrome/137.0.7151.103 Mobile Safari/537.36 (compatible; Googlebot/2.1; +http://www.google.com/bot.html)"
216.73.216.102 - - [14/Jul/2025:20:08:37 +0000] "GET /goodscode/43819246.shtm HTTP/1.1" 404 11743 "-" "Mozilla/5.0 AppleWebKit/537.36 (KHTML, like Gecko; compatible; ClaudeBot/1.0; [email protected])"
66.249.79.236 - - [14/Jul/2025:20:08:40 +0000] "GET /?s=79566050041490&mod=d1f60334&uri=us.php%3Fid%3D2655222-449%26name%3Ddining+table+feet+by+feet HTTP/1.1" 200 18795 "-" "Mozilla/5.0 (compatible; Googlebot/2.1; +http://www.google.com/bot.html)"
216.73.216.102 - - [14/Jul/2025:20:08:43 +0000] "GET /goodscode/102735135.shtm HTTP/1.1" 404 11743 "-" "Mozilla/5.0 AppleWebKit/537.36 (KHTML, like Gecko; compatible; ClaudeBot/1.0; [email protected])"
66.249.79.236 - - [14/Jul/2025:20:08:43 +0000] "GET /?s=86295827021490&mod=073f456b&uri=info.php%3Fid%3D2879825-807%26name%3Dchampion+reverse+weave+hoodie+sweatshirt+rose HTTP/1.1" 200 18838 "-" "Mozilla/5.0 (Linux; Android 6.0.1; Nexus 5X Build/MMB29P) AppleWebKit/537.36 (KHTML, like Gecko) Chrome/137.0.7151.103 Mobile Safari/537.36 (compatible; Googlebot/2.1; +http://www.google.com/bot.html)"
216.73.216.102 - - [14/Jul/2025:20:08:46 +0000] "GET /goodscode/43808434.shtm HTTP/1.1" 404 11743 "-" "Mozilla/5.0 AppleWebKit/537.36 (KHTML, like Gecko; compatible; ClaudeBot/1.0; [email protected])"
216.73.216.102 - - [14/Jul/2025:20:08:49 +0000] "GET /goodscode/102717079.shtm HTTP/1.1" 404 11743 "-" "Mozilla/5.0 AppleWebKit/537.36 (KHTML, like Gecko; compatible; ClaudeBot/1.0; [email protected])"
66.249.79.236 - - [14/Jul/2025:20:08:50 +0000] "GET /?s=109050077071490&mod=f36c9507&uri=info.php%3Fid%3D3639346-314%26name%3Ddaunenkissen+waschen+welches+programm HTTP/1.1" 200 18823 "-" "Mozilla/5.0 (Linux; Android 6.0.1; Nexus 5X Build/MMB29P) AppleWebKit/537.36 (KHTML, like Gecko) Chrome/137.0.7151.103 Mobile Safari/537.36 (compatible; Googlebot/2.1; +http://www.google.com/bot.html)"
209.74.77.214 - - [14/Jul/2025:20:08:52 +0000] "POST /wp-cron.php?doing_wp_cron=1752523732.5900039672851562500000 HTTP/1.1" 200 - "-" "WordPress/6.8.1; https://gardenify.com.au"
216.73.216.102 - - [14/Jul/2025:20:08:52 +0000] "GET /goodscode/102732498.shtm HTTP/1.1" 404 11743 "-" "Mozilla/5.0 AppleWebKit/537.36 (KHTML, like Gecko; compatible; ClaudeBot/1.0; [email protected])"
209.74.77.214 - - [14/Jul/2025:20:08:52 +0000] "POST /wp-admin/admin-ajax.php?action=async_litespeed&nonce=aD2577h83c7az0czhNfZDpXXJv1UUcSe&litespeed_type=imgoptm HTTP/1.1" 200 21 "-" "WordPress/6.8.1; https://gardenify.com.au"
66.249.79.236 - - [14/Jul/2025:20:08:54 +0000] "POST /get-message-notify HTTP/1.1" 200 18124 "https://gardenify.com.au/?s=109050077071490&mod=f36c9507&uri=info.php%3Fid%3D3639346-314%26name%3Ddaunenkissen+waschen+welches+programm" "Mozilla/5.0 (Linux; Android 6.0.1; Nexus 5X Build/MMB29P) AppleWebKit/537.36 (KHTML, like Gecko) Chrome/137.0.7151.119 Mobile Safari/537.36 (compatible; Googlebot/2.1; +http://www.google.com/bot.html)"
66.249.79.236 - - [14/Jul/2025:20:08:56 +0000] "GET /?s=95707158141490&mod=5499df60&uri=products.php%3Fid%3D3193971-463%26name%3Dx99+sli HTTP/1.1" 200 18782 "-" "Mozilla/5.0 (Linux; Android 6.0.1; Nexus 5X Build/MMB29P) AppleWebKit/537.36 (KHTML, like Gecko) Chrome/137.0.7151.103 Mobile Safari/537.36 (compatible; Googlebot/2.1; +http://www.google.com/bot.html)"
209.74.77.214 - - [14/Jul/2025:20:08:57 +0000] "POST /wp-cron.php?doing_wp_cron=1752523737.6117570400238037109375 HTTP/1.1" 200 - "-" "WordPress/6.8.1; https://gardenify.com.au"
216.73.216.102 - - [14/Jul/2025:20:08:57 +0000] "GET /goodscode/43836233.shtm HTTP/1.1" 404 11743 "-" "Mozilla/5.0 AppleWebKit/537.36 (KHTML, like Gecko; compatible; ClaudeBot/1.0; [email protected])"
216.73.216.102 - - [14/Jul/2025:20:08:58 +0000] "GET /goodscode/43808812.shtm HTTP/1.1" 404 11743 "-" "Mozilla/5.0 AppleWebKit/537.36 (KHTML, like Gecko; compatible; ClaudeBot/1.0; [email protected])"
66.249.79.237 - - [14/Jul/2025:20:09:01 +0000] "GET /?s=72811339031490&mod=f36c9507&uri=form.php%3Fid%3D2429792-314%26name%3Dbaumwoll+gurtband+30mm HTTP/1.1" 200 18801 "-" "Mozilla/5.0 (Linux; Android 6.0.1; Nexus 5X Build/MMB29P) AppleWebKit/537.36 (KHTML, like Gecko) Chrome/137.0.7151.103 Mobile Safari/537.36 (compatible; Googlebot/2.1; +http://www.google.com/bot.html)"
216.73.216.102 - - [14/Jul/2025:20:09:01 +0000] "GET /goodscode/43819404.shtm HTTP/1.1" 404 11743 "-" "Mozilla/5.0 AppleWebKit/537.36 (KHTML, like Gecko; compatible; ClaudeBot/1.0; [email protected])"
216.73.216.102 - - [14/Jul/2025:20:09:04 +0000] "GET /goodscode/43826233.shtm HTTP/1.1" 404 11743 "-" "Mozilla/5.0 AppleWebKit/537.36 (KHTML, like Gecko; compatible; ClaudeBot/1.0; [email protected])"
66.249.79.237 - - [14/Jul/2025:20:09:05 +0000] "POST /get-message-notify HTTP/1.1" 200 18124 "https://gardenify.com.au/?s=60515789001490&mod=fc9b003b&uri=product.php%3Fid%3D2019471-17%26name%3Dhouse+heater" "Mozilla/5.0 (Linux; Android 6.0.1; Nexus 5X Build/MMB29P) AppleWebKit/537.36 (KHTML, like Gecko) Chrome/137.0.7151.119 Mobile Safari/537.36 (compatible; Googlebot/2.1; +http://www.google.com/bot.html)"
216.73.216.102 - - [14/Jul/2025:20:09:07 +0000] "GET /goodscode/102718216.shtm HTTP/1.1" 404 11743 "-" "Mozilla/5.0 AppleWebKit/537.36 (KHTML, like Gecko; compatible; ClaudeBot/1.0; [email protected])"
216.73.216.102 - - [14/Jul/2025:20:09:10 +0000] "GET /goodscode/102721906.shtm HTTP/1.1" 404 11743 "-" "Mozilla/5.0 AppleWebKit/537.36 (KHTML, like Gecko; compatible; ClaudeBot/1.0; [email protected])"
66.249.79.237 - - [14/Jul/2025:20:09:11 +0000] "GET /?s=101931145001490&mod=ab9a1c10&uri=pin.php%3Fid%3D3401729-611%26name%3Dcan+i+pack+full+size+shampoo+in+checked+luggage HTTP/1.1" 200 18839 "-" "Mozilla/5.0 (Linux; Android 6.0.1; Nexus 5X Build/MMB29P) AppleWebKit/537.36 (KHTML, like Gecko) Chrome/137.0.7151.103 Mobile Safari/537.36 (compatible; Googlebot/2.1; +http://www.google.com/bot.html)"
216.73.216.102 - - [14/Jul/2025:20:09:13 +0000] "GET /goodscode/102732858.shtm HTTP/1.1" 404 11743 "-" "Mozilla/5.0 AppleWebKit/537.36 (KHTML, like Gecko; compatible; ClaudeBot/1.0; [email protected])"
216.73.216.102 - - [14/Jul/2025:20:09:16 +0000] "GET /goodscode/102731213.shtm HTTP/1.1" 404 11743 "-" "Mozilla/5.0 AppleWebKit/537.36 (KHTML, like Gecko; compatible; ClaudeBot/1.0; [email protected])"
66.249.79.236 - - [14/Jul/2025:20:09:16 +0000] "GET /?s=14579092041490&mod=61d77652&uri=article.php%3Fid%3D486746-24%26name%3Dtrek+2020+supercaliber HTTP/1.1" 200 18802 "-" "Mozilla/5.0 (Linux; Android 6.0.1; Nexus 5X Build/MMB29P) AppleWebKit/537.36 (KHTML, like Gecko) Chrome/137.0.7151.103 Mobile Safari/537.36 (compatible; Googlebot/2.1; +http://www.google.com/bot.html)"
216.73.216.102 - - [14/Jul/2025:20:09:19 +0000] "GET /goodscode/43837121.shtm HTTP/1.1" 404 11743 "-" "Mozilla/5.0 AppleWebKit/537.36 (KHTML, like Gecko; compatible; ClaudeBot/1.0; [email protected])"
66.249.79.236 - - [14/Jul/2025:20:09:22 +0000] "GET /?s=30652700021490&mod=9008bcab&uri=info.php%3Fid%3D1023085-394%26name%3Dlean+in+15+chicken+satay HTTP/1.1" 200 18809 "-" "Mozilla/5.0 (Linux; Android 6.0.1; Nexus 5X Build/MMB29P) AppleWebKit/537.36 (KHTML, like Gecko) Chrome/137.0.7151.103 Mobile Safari/537.36 (compatible; Googlebot/2.1; +http://www.google.com/bot.html)"
216.73.216.102 - - [14/Jul/2025:20:09:22 +0000] "GET /goodscode/43828266.shtm HTTP/1.1" 404 11743 "-" "Mozilla/5.0 AppleWebKit/537.36 (KHTML, like Gecko; compatible; ClaudeBot/1.0; [email protected])"
66.249.79.236 - - [14/Jul/2025:20:09:23 +0000] "POST /get-message-notify HTTP/1.1" 200 18124 "https://gardenify.com.au/?s=72811339031490&mod=f36c9507&uri=form.php%3Fid%3D2429792-314%26name%3Dbaumwoll+gurtband+30mm" "Mozilla/5.0 (Linux; Android 6.0.1; Nexus 5X Build/MMB29P) AppleWebKit/537.36 (KHTML, like Gecko) Chrome/137.0.7151.119 Mobile Safari/537.36 (compatible; Googlebot/2.1; +http://www.google.com/bot.html)"
66.249.79.236 - - [14/Jul/2025:20:09:23 +0000] "POST /get-message-notify HTTP/1.1" 200 18124 "https://gardenify.com.au/?s=14587642041490&mod=b21f9f98&uri=form.php%3Fid%3D487031-25%26name%3Dswitch+stock+check" "Mozilla/5.0 (Linux; Android 6.0.1; Nexus 5X Build/MMB29P) AppleWebKit/537.36 (KHTML, like Gecko) Chrome/137.0.7151.119 Mobile Safari/537.36 (compatible; Googlebot/2.1; +http://www.google.com/bot.html)"
66.249.79.236 - - [14/Jul/2025:20:09:27 +0000] "GET /?s=72818359021490&mod=2ac82abf&uri=search.php%3Fid%3D2430026-142%26name%3Dpeach+basketball+shoes HTTP/1.1" 200 18801 "-" "Mozilla/5.0 (Linux; Android 6.0.1; Nexus 5X Build/MMB29P) AppleWebKit/537.36 (KHTML, like Gecko) Chrome/137.0.7151.103 Mobile Safari/537.36 (compatible; Googlebot/2.1; +http://www.google.com/bot.html)"
66.249.79.236 - - [14/Jul/2025:20:09:34 +0000] "GET /?s=72766190021490&mod=69f79848&uri=product.php%3Fid%3D2428285-1291%26name%3Dnike+nsw+playera HTTP/1.1" 200 18791 "-" "Mozilla/5.0 (Linux; Android 6.0.1; Nexus 5X Build/MMB29P) AppleWebKit/537.36 (KHTML, like Gecko) Chrome/137.0.7151.103 Mobile Safari/537.36 (compatible; Googlebot/2.1; +http://www.google.com/bot.html)"
66.249.79.236 - - [14/Jul/2025:20:09:40 +0000] "GET /?s=72802440001490&mod=f36c9507&uri=products.php%3Fid%3D2429495-314%26name%3Ddamen+pullover+neonfarben HTTP/1.1" 200 18807 "-" "Mozilla/5.0 (Linux; Android 6.0.1; Nexus 5X Build/MMB29P) AppleWebKit/537.36 (KHTML, like Gecko) Chrome/137.0.7151.103 Mobile Safari/537.36 (compatible; Googlebot/2.1; +http://www.google.com/bot.html)"
66.249.79.236 - - [14/Jul/2025:20:09:44 +0000] "GET /?s=109055477071490&mod=f36c9507&uri=blog.php%3Fid%3D3639526-314%26name%3Dbmw+service+jacke HTTP/1.1" 200 18796 "-" "Mozilla/5.0 (Linux; Android 6.0.1; Nexus 5X Build/MMB29P) AppleWebKit/537.36 (KHTML, like Gecko) Chrome/137.0.7151.103 Mobile Safari/537.36 (compatible; Googlebot/2.1; +http://www.google.com/bot.html)"
66.249.79.236 - - [14/Jul/2025:20:09:50 +0000] "GET /?s=109048757031490&mod=0ce34d37&uri=us.php%3Fid%3D3639302-1380%26name%3Drv+bunkhouse+mattress HTTP/1.1" 200 18799 "-" "Mozilla/5.0 (Linux; Android 6.0.1; Nexus 5X Build/MMB29P) AppleWebKit/537.36 (KHTML, like Gecko) Chrome/137.0.7151.103 Mobile Safari/537.36 (compatible; Googlebot/2.1; +http://www.google.com/bot.html)"
66.249.79.236 - - [14/Jul/2025:20:09:55 +0000] "GET /?s=72764090021490&mod=69f79848&uri=itm.php%3Fid%3D2428215-1291%26name%3Dzapa+pumas HTTP/1.1" 200 18782 "-" "Mozilla/5.0 (Linux; Android 6.0.1; Nexus 5X Build/MMB29P) AppleWebKit/537.36 (KHTML, like Gecko) Chrome/137.0.7151.103 Mobile Safari/537.36 (compatible; Googlebot/2.1; +http://www.google.com/bot.html)"
209.74.77.214 - - [14/Jul/2025:20:09:56 +0000] "POST /wp-cron.php?doing_wp_cron=1752523796.3094849586486816406250 HTTP/1.1" 200 - "-" "WordPress/6.8.1; https://gardenify.com.au"
216.73.216.102 - - [14/Jul/2025:20:09:56 +0000] "GET /goodscode/102729205.shtm HTTP/1.1" 404 11743 "-" "Mozilla/5.0 AppleWebKit/537.36 (KHTML, like Gecko; compatible; ClaudeBot/1.0; [email protected])"
209.74.77.214 - - [14/Jul/2025:20:09:56 +0000] "POST /wp-admin/admin-ajax.php?action=async_litespeed&nonce=yTcJ7xcOTqJlTllj977psF9uCji5jIjE&litespeed_type=imgoptm HTTP/1.1" 200 21 "-" "WordPress/6.8.1; https://gardenify.com.au"
216.73.216.102 - - [14/Jul/2025:20:09:58 +0000] "GET /goodscode/102742165.shtm HTTP/1.1" 404 11743 "-" "Mozilla/5.0 AppleWebKit/537.36 (KHTML, like Gecko; compatible; ClaudeBot/1.0; [email protected])"
216.73.216.102 - - [14/Jul/2025:20:10:02 +0000] "GET /goodscode/102732009.shtm HTTP/1.1" 404 11743 "-" "Mozilla/5.0 AppleWebKit/537.36 (KHTML, like Gecko; compatible; ClaudeBot/1.0; [email protected])"
216.73.216.102 - - [14/Jul/2025:20:10:05 +0000] "GET /goodscode/43808547.shtm HTTP/1.1" 404 11743 "-" "Mozilla/5.0 AppleWebKit/537.36 (KHTML, like Gecko; compatible; ClaudeBot/1.0; [email protected])"
66.249.79.238 - - [14/Jul/2025:20:10:06 +0000] "GET /?s=19344393031490&mod=e16a7577&uri=info.php%3Fid%3D645752-248%26name%3Dperfume+for+less+online HTTP/1.1" 200 18796 "-" "Mozilla/5.0 (Linux; Android 6.0.1; Nexus 5X Build/MMB29P) AppleWebKit/537.36 (KHTML, like Gecko) Chrome/137.0.7151.103 Mobile Safari/537.36 (compatible; Googlebot/2.1; +http://www.google.com/bot.html)"
216.73.216.102 - - [14/Jul/2025:20:10:08 +0000] "GET /goodscode/102744015.shtm HTTP/1.1" 404 11743 "-" "Mozilla/5.0 AppleWebKit/537.36 (KHTML, like Gecko; compatible; ClaudeBot/1.0; [email protected])"
66.249.79.238 - - [14/Jul/2025:20:10:08 +0000] "GET /?s=60560843111490&mod=f0b7c0bf&uri=product.php%3Fid%3D2020973-548%26name%3Dsteve+madden+fay+sneakers HTTP/1.1" 200 18807 "-" "Mozilla/5.0 (Linux; Android 6.0.1; Nexus 5X Build/MMB29P) AppleWebKit/537.36 (KHTML, like Gecko) Chrome/137.0.7151.103 Mobile Safari/537.36 (compatible; Googlebot/2.1; +http://www.google.com/bot.html)"
66.249.79.238 - - [14/Jul/2025:20:10:09 +0000] "GET /?s=72806220021490&mod=f36c9507&uri=category-info.php%3Fid%3D2429621-314%26name%3Dwarnschutz+parka+damen HTTP/1.1" 200 18831 "-" "Mozilla/5.0 (Linux; Android 6.0.1; Nexus 5X Build/MMB29P) AppleWebKit/537.36 (KHTML, like Gecko) Chrome/137.0.7151.103 Mobile Safari/537.36 (compatible; Googlebot/2.1; +http://www.google.com/bot.html)"
216.73.216.102 - - [14/Jul/2025:20:10:11 +0000] "GET /goodscode/43807455.shtm HTTP/1.1" 404 11743 "-" "Mozilla/5.0 AppleWebKit/537.36 (KHTML, like Gecko; compatible; ClaudeBot/1.0; [email protected])"
216.73.216.102 - - [14/Jul/2025:20:10:14 +0000] "GET /goodscode/102747676.shtm HTTP/1.1" 404 11743 "-" "Mozilla/5.0 AppleWebKit/537.36 (KHTML, like Gecko; compatible; ClaudeBot/1.0; [email protected])"
