51.222.253.3 - - [12/Jul/2025:16:48:23 +0000] "GET /wp-includes/js/dist/url.min.js HTTP/1.1" 200 3824 "-" "Mozilla/5.0 (compatible; AhrefsBot/7.0; +http://ahrefs.com/robot/)"
51.222.253.4 - - [12/Jul/2025:16:48:24 +0000] "GET /wp-includes/js/dist/vendor/react.min.js?ver=18.3.1.1 HTTP/1.1" 200 4165 "-" "Mozilla/5.0 (compatible; AhrefsBot/7.0; +http://ahrefs.com/robot/)"
51.222.253.16 - - [12/Jul/2025:16:48:25 +0000] "GET /wp-includes/js/dist/vendor/react-jsx-runtime.min.js?ver=18.3.1 HTTP/1.1" 200 554 "-" "Mozilla/5.0 (compatible; AhrefsBot/7.0; +http://ahrefs.com/robot/)"
51.222.253.3 - - [12/Jul/2025:16:48:26 +0000] "GET /wp-includes/js/dist/element.min.js HTTP/1.1" 200 4937 "-" "Mozilla/5.0 (compatible; AhrefsBot/7.0; +http://ahrefs.com/robot/)"
51.222.253.3 - - [12/Jul/2025:16:48:27 +0000] "GET /wp-includes/js/dist/keycodes.min.js HTTP/1.1" 200 1391 "-" "Mozilla/5.0 (compatible; AhrefsBot/7.0; +http://ahrefs.com/robot/)"
209.74.77.214 - - [12/Jul/2025:16:48:30 +0000] "POST /wp-cron.php?doing_wp_cron=1752338910.2603530883789062500000 HTTP/1.1" 200 - "-" "WordPress/6.8.1; https://listingslad.com"
51.222.253.15 - - [12/Jul/2025:16:48:28 +0000] "GET /product/package-economy/ HTTP/1.1" 200 55736 "-" "Mozilla/5.0 (compatible; AhrefsBot/7.0; +http://ahrefs.com/robot/)"
51.222.253.8 - - [12/Jul/2025:16:48:32 +0000] "GET /wp-includes/js/dist/html-entities.min.js HTTP/1.1" 200 445 "-" "Mozilla/5.0 (compatible; AhrefsBot/7.0; +http://ahrefs.com/robot/)"
51.222.253.3 - - [12/Jul/2025:16:48:33 +0000] "GET /wp-includes/js/dist/compose.min.js HTTP/1.1" 200 12815 "-" "Mozilla/5.0 (compatible; AhrefsBot/7.0; +http://ahrefs.com/robot/)"
51.222.253.9 - - [12/Jul/2025:16:48:35 +0000] "GET /wp-content/plugins/woocommerce/assets/js/frontend/address-i18n.min.js?ver=9.9.5 HTTP/1.1" 200 983 "-" "Mozilla/5.0 (compatible; AhrefsBot/7.0; +http://ahrefs.com/robot/)"
51.222.253.1 - - [12/Jul/2025:16:48:35 +0000] "GET /wp-content/plugins/woocommerce/assets/js/frontend/single-product.min.js?ver=9.9.5 HTTP/1.1" 200 2728 "-" "Mozilla/5.0 (compatible; AhrefsBot/7.0; +http://ahrefs.com/robot/)"
51.222.253.12 - - [12/Jul/2025:16:48:36 +0000] "GET /wp-includes/js/dist/vendor/wp-polyfill.min.js?ver=3.15.0 HTTP/1.1" 200 14471 "-" "Mozilla/5.0 (compatible; AhrefsBot/7.0; +http://ahrefs.com/robot/)"
51.222.253.7 - - [12/Jul/2025:16:48:38 +0000] "GET /wp-includes/js/dist/vendor/react-dom.min.js?ver=18.3.1.1 HTTP/1.1" 200 41888 "-" "Mozilla/5.0 (compatible; AhrefsBot/7.0; +http://ahrefs.com/robot/)"
51.222.253.17 - - [12/Jul/2025:16:48:39 +0000] "GET /wp-includes/js/dist/escape-html.min.js HTTP/1.1" 200 532 "-" "Mozilla/5.0 (compatible; AhrefsBot/7.0; +http://ahrefs.com/robot/)"
51.222.253.2 - - [12/Jul/2025:16:48:40 +0000] "GET /wp-includes/js/dist/api-fetch.min.js HTTP/1.1" 200 2419 "-" "Mozilla/5.0 (compatible; AhrefsBot/7.0; +http://ahrefs.com/robot/)"
51.222.253.14 - - [12/Jul/2025:16:48:41 +0000] "GET /wp-includes/js/dist/vendor/lodash.min.js?ver=4.17.21 HTTP/1.1" 200 24899 "-" "Mozilla/5.0 (compatible; AhrefsBot/7.0; +http://ahrefs.com/robot/)"
51.222.253.11 - - [12/Jul/2025:16:48:42 +0000] "GET /wp-content/plugins/woocommerce-gateway-stripe/assets/css/stripe-link.css?ver=9.6.0 HTTP/1.1" 200 203 "-" "Mozilla/5.0 (compatible; AhrefsBot/7.0; +http://ahrefs.com/robot/)"
51.222.253.20 - - [12/Jul/2025:16:48:43 +0000] "GET /wp-includes/js/dist/private-apis.min.js HTTP/1.1" 200 1011 "-" "Mozilla/5.0 (compatible; AhrefsBot/7.0; +http://ahrefs.com/robot/)"
51.222.253.5 - - [12/Jul/2025:16:48:44 +0000] "GET /wp-content/plugins/woocommerce-gateway-stripe/build/express-checkout.js HTTP/1.1" 200 45716 "-" "Mozilla/5.0 (compatible; AhrefsBot/7.0; +http://ahrefs.com/robot/)"
51.222.253.3 - - [12/Jul/2025:16:48:46 +0000] "GET /wp-includes/js/dist/redux-routine.min.js HTTP/1.1" 200 2809 "-" "Mozilla/5.0 (compatible; AhrefsBot/7.0; +http://ahrefs.com/robot/)"
209.74.77.214 - - [12/Jul/2025:16:55:36 +0000] "POST /wp-cron.php?doing_wp_cron=1752339336.3201980590820312500000 HTTP/1.1" 200 - "-" "WordPress/6.8.1; https://listingslad.com"
142.93.218.128 - - [12/Jul/2025:16:55:34 +0000] "POST /xmlrpc.php HTTP/1.1" 405 415 "-" "Mozilla/5.0 (Windows NT 6.1; WOW64; rv:54.0) Gecko/20100101 Firefox/54.0"
157.245.220.161 - - [12/Jul/2025:16:55:36 +0000] "POST /xmlrpc.php HTTP/1.1" 405 415 "-" "Mozilla/5.0 (Windows NT 10.0; Win64; x64; rv:84.0) Gecko/20100101 Firefox/84.0"
35.203.125.158 - - [12/Jul/2025:16:55:39 +0000] "POST /xmlrpc.php HTTP/1.1" 405 415 "-" "Mozilla/5.0 (Windows NT 10.0; Win64; x64; rv:79.0) Gecko/20100101 Firefox/79.0"
209.74.77.214 - - [12/Jul/2025:16:55:45 +0000] "POST /wp-cron.php?doing_wp_cron=1752339345.0191850662231445312500 HTTP/1.1" 200 - "-" "WordPress/6.8.1; https://listingslad.com"
210.245.90.216 - - [12/Jul/2025:16:55:44 +0000] "POST /xmlrpc.php HTTP/1.1" 405 415 "-" "Mozilla/5.0 (Windows NT 6.1; WOW64; rv:43.0) Gecko/20100101 Firefox/43.0"
209.74.77.214 - - [12/Jul/2025:16:55:47 +0000] "POST /wp-cron.php?doing_wp_cron=1752339347.5508298873901367187500 HTTP/1.1" 200 - "-" "WordPress/6.8.1; https://listingslad.com"
109.199.114.14 - - [12/Jul/2025:16:55:47 +0000] "POST /xmlrpc.php HTTP/1.1" 405 415 "-" "Mozilla/5.0 (Windows NT 10.0; WOW64; rv:52.0) Gecko/20100101 Firefox/52.0"
95.216.246.44 - - [12/Jul/2025:16:55:48 +0000] "POST /xmlrpc.php HTTP/1.1" 405 415 "-" "Mozilla/5.0 (Windows NT 10.0; Win64; x64; rv:84.0) Gecko/20100101 Firefox/84.0"
85.95.241.18 - - [12/Jul/2025:16:56:05 +0000] "POST /xmlrpc.php HTTP/1.1" 405 415 "-" "Mozilla/5.0 (Windows NT 10.0; Win64; x64) AppleWebKit/537.36 (KHTML, like Gecko) Chrome/68.0.3440.106 Safari/537.36"
209.74.77.214 - - [12/Jul/2025:16:56:18 +0000] "POST /wp-cron.php?doing_wp_cron=1752339378.9862420558929443359375 HTTP/1.1" 200 - "-" "WordPress/6.8.1; https://listingslad.com"
162.241.218.97 - - [12/Jul/2025:16:56:18 +0000] "POST /xmlrpc.php HTTP/1.1" 405 415 "-" "Mozilla/5.0 (Windows NT 6.1; WOW64; rv:41.0) Gecko/20100101 Firefox/41.0"
209.74.77.214 - - [12/Jul/2025:17:39:41 +0000] "POST /wp-cron.php?doing_wp_cron=1752341981.2863750457763671875000 HTTP/1.1" 200 - "-" "WordPress/6.8.1; https://listingslad.com"
34.217.60.213 - - [12/Jul/2025:17:39:39 +0000] "GET / HTTP/1.1" 200 61124 "-" "Mozilla/5.0 (Windows NT 10.0; Win64; x64) AppleWebKit/537.36 (KHTML, like Gecko) Chrome/75.0.3770.142 Safari/537.36"
34.217.60.213 - - [12/Jul/2025:17:39:56 +0000] "GET //listingslad.com/wp-content/plugins/elementor/assets/js/frontend.min.js HTTP/1.1" 301 - "-" "Mozilla/4.0 (compatible; MSIE 7.0; Windows NT 6.1; Trident/6.0)"
34.217.60.213 - - [12/Jul/2025:17:39:56 +0000] "GET //listingslad.com/wp-content/plugins/listivo-core/assets/js/sweetalert2.min.js HTTP/1.1" 301 - "-" "Mozilla/5.0 (Linux; Android 9; SM-G973F) AppleWebKit/537.36 (KHTML, like Gecko) Chrome/76.0.3809.111 Mobile Safari/537.36"
34.217.60.213 - - [12/Jul/2025:17:39:56 +0000] "GET //listingslad.com/wp-content/plugins/contact-form-7/includes/swv/js/index.js HTTP/1.1" 301 - "-" "Mozilla/5.0 (iPad; CPU OS 12_4 like Mac OS X) AppleWebKit/605.1.15 (KHTML, like Gecko) Version/12.1.2 Mobile/15E148 Safari/604.1"
209.74.77.214 - - [12/Jul/2025:17:39:56 +0000] "POST /wp-cron.php?doing_wp_cron=1752341996.7529358863830566406250 HTTP/1.1" 200 - "-" "WordPress/6.8.1; https://listingslad.com"
34.217.60.213 - - [12/Jul/2025:17:39:56 +0000] "GET //listingslad.com/wp-content/plugins/listivo-core/framework/assets/js/lazysizes.min.js HTTP/1.1" 301 - "-" "Mozilla/5.0 (SymbianOS/9.2; U; Series60/3.1 NokiaN95/10.0.018; Profile/MIDP-2.0 Configuration/CLDC-1.1) AppleWebKit/413 (KHTML, like Gecko) Safari/413 UP.Link/6.3.0.0.0"
34.217.60.213 - - [12/Jul/2025:17:39:56 +0000] "GET //listingslad.com/wp-content/plugins/woocommerce/assets/js/frontend/order-attribution.min.js HTTP/1.1" 301 - "-" "Mozilla/5.0 (X11; Fedora; Linux x86_64) AppleWebKit/537.36 (KHTML, like Gecko) Chrome/75.0.3770.100 Safari/537.36"
34.217.60.213 - - [12/Jul/2025:17:39:56 +0000] "GET //listingslad.com/wp-content/plugins/elementor/assets/js/webpack.runtime.min.js HTTP/1.1" 301 - "-" "Opera/9.51 Beta (Microsoft Windows; PPC; Opera Mobi/1718; U; en)"
34.217.60.213 - - [12/Jul/2025:17:39:56 +0000] "GET //listingslad.com/wp-content/plugins/mailchimp-for-wp/assets/js/forms.js HTTP/1.1" 301 - "-" "Mozilla/5.0 (X11; Linux x86_64; rv:2.0.1) Gecko/20100101 Firefox/4.0.1"
34.217.60.213 - - [12/Jul/2025:17:39:56 +0000] "GET //listingslad.com/wp-content/plugins/contact-form-7/includes/js/index.js HTTP/1.1" 301 - "-" "Mozilla/5.0 (Windows NT 6.3; Win64; x64) AppleWebKit/537.36 (KHTML, like Gecko) Chrome/75.0.3770.100 Safari/537.36"
34.217.60.213 - - [12/Jul/2025:17:39:57 +0000] "GET //listingslad.com/wp-includes/js/dist/script-modules/interactivity/index.min.js HTTP/1.1" 301 - "-" "Mozilla/5.0 (Linux; Android 9; moto x4) AppleWebKit/537.36 (KHTML, like Gecko) Chrome/75.0.3770.143 Mobile Safari/537.36"
34.217.60.213 - - [12/Jul/2025:17:39:56 +0000] "GET //listingslad.com/wp-content/plugins/litespeed-cache/assets/js/instant_click.min.js HTTP/1.1" 301 - "-" "Mozilla/5.0 (Windows NT 10.0; Win64; x64) AppleWebKit/537.36 (KHTML, like Gecko) Chrome/70.0.3538.110 Safari/537.36"
34.217.60.213 - - [12/Jul/2025:17:39:57 +0000] "GET //listingslad.com/wp-includes/js/jquery/jquery-migrate.min.js HTTP/1.1" 301 - "-" "Mozilla/5.0 (Linux; Android 7.0; i1) AppleWebKit/537.36 (KHTML, like Gecko) Chrome/74.0.3729.157 Mobile Safari/537.36"
34.217.60.213 - - [12/Jul/2025:17:39:56 +0000] "GET //listingslad.com/wp-content/plugins/woocommerce/assets/js/frontend/add-to-cart.min.js HTTP/1.1" 301 - "-" "Mozilla/5.0 (Windows NT 10.0; Win64; x64) AppleWebKit/537.36 (KHTML, like Gecko) Chrome/72.0.3626.109 Safari/537.36"
34.217.60.213 - - [12/Jul/2025:17:39:56 +0000] "GET //listingslad.com/wp-content/plugins/woocommerce/assets/js/jquery-blockui/jquery.blockUI.min.js HTTP/1.1" 301 - "-" "Mozilla/5.0 (X11; Linux x86_64) AppleWebKit/537.36 (KHTML, like Gecko) Chrome/72.0.3626.81 Safari/537.36"
34.217.60.213 - - [12/Jul/2025:17:39:56 +0000] "GET //listingslad.com/wp-content/plugins/woocommerce/assets/js/js-cookie/js.cookie.min.js HTTP/1.1" 301 - "-" "Mozilla/5.0 (X11; Linux i686; rv:20.0) Gecko/20100101 Firefox/20.0"
34.217.60.213 - - [12/Jul/2025:17:39:56 +0000] "GET //listingslad.com/wp-includes/js/dist/i18n.min.js HTTP/1.1" 301 - "-" "Mozilla/5.0 (Windows NT 6.2; WOW64; rv:39.0) Gecko/20100101 Firefox/39.0"
34.217.60.213 - - [12/Jul/2025:17:39:56 +0000] "GET //listingslad.com/wp-includes/js/dist/hooks.min.js HTTP/1.1" 301 - "-" "Gulper Web Bot 0.2.4 (www.ecsl.cs.sunysb.edu/~maxim/cgi-bin/Link/GulperBot)"
34.217.60.213 - - [12/Jul/2025:17:39:56 +0000] "GET //listingslad.com/wp-includes/js/jquery/jquery.min.js HTTP/1.1" 301 - "-" "Mozilla/5.0 (Windows NT 6.3; WOW64) AppleWebKit/537.36 (KHTML, like Gecko) Chrome/61.0.3163.79 Safari/537.36 Maxthon/5.2.7.5000"
34.217.60.213 - - [12/Jul/2025:17:39:56 +0000] "GET //listingslad.com/wp-content/plugins/woocommerce/assets/js/frontend/woocommerce.min.js HTTP/1.1" 301 - "-" "Mozilla/5.0 (Windows NT 6.3; Win64; x64) AppleWebKit/537.36 (KHTML, like Gecko) Chrome/37.0.2049.0 Safari/537.36"
34.217.60.213 - - [12/Jul/2025:17:39:57 +0000] "GET //listingslad.com/wp-includes/js/jquery/ui/core.min.js HTTP/1.1" 301 - "-" "Mozilla/5.0 (Linux; Android 7.0; HUAWEI VNS-L31) AppleWebKit/537.36 (KHTML, like Gecko) Chrome/76.0.3809.111 Mobile Safari/537.36"
34.217.60.213 - - [12/Jul/2025:17:39:56 +0000] "GET //listingslad.com/wp-content/plugins/woocommerce/assets/js/sourcebuster/sourcebuster.min.js HTTP/1.1" 301 - "-" "Mozilla/5.0 (Linux; Android 9; Redmi Note 7 Build/PKQ1.180904.001) AppleWebKit/537.36 (KHTML, like Gecko) SamsungBrowser/9.4 Chrome/67.0.3396.87 Mobile Safari/537.36"
34.217.60.213 - - [12/Jul/2025:17:39:57 +0000] "GET //stats.wp.com/e-202528.js HTTP/1.1" 301 - "-" "Mozilla/5.0 (Linux; U; Android 9; zh-cn; PCCM00 Build/PKQ1.190223.001) AppleWebKit/537.36 (KHTML, like Gecko) Version/4.0 Chrome/70.0.3538.80 Mobile Safari/537.36 OppoBrowser/20.6.0.0.2beta"
34.217.60.213 - - [12/Jul/2025:17:39:57 +0000] "GET //www.google.com/recaptcha/api.js HTTP/1.1" 301 - "-" "Mozilla/5.0 (Macintosh; Intel Mac OS X 10_13_3) AppleWebKit/537.36 (KHTML, like Gecko) Chrome/76.0.3809.100 Safari/537.36"
34.217.60.213 - - [12/Jul/2025:17:39:57 +0000] "GET /wp-emoji-release.min.js HTTP/1.1" 404 65022 "-" "Mozilla/5.0 (Macintosh; Intel Mac OS X 10_10_4) AppleWebKit/537.36 (KHTML, like Gecko) Chrome/76.0.3809.100 Safari/537.36"
34.217.60.213 - - [12/Jul/2025:17:39:57 +0000] "GET //stats.wp.com/s-202528.js HTTP/1.1" 301 - "-" "Googlebot/2.1 ( http://www.googlebot.com/bot.html)"
34.217.60.213 - - [12/Jul/2025:17:39:57 +0000] "GET /index.min.js HTTP/1.1" 404 65012 "-" "Mozilla/5.0 (Linux; Android 9; Pixel 3a) AppleWebKit/537.36 (KHTML, like Gecko) Chrome/76.0.3809.89 Mobile Safari/537.36"
34.217.60.213 - - [12/Jul/2025:17:39:58 +0000] "GET //listingslad.com/wp-content/plugins/elementor/assets/lib/swiper/v8/swiper.min.js HTTP/1.1" 301 - "-" "Mozilla/5.0 (Linux; Android 9; CPH1859) AppleWebKit/537.36 (KHTML, like Gecko) Chrome/76.0.3809.111 Mobile Safari/537.36"
34.217.60.213 - - [12/Jul/2025:17:39:58 +0000] "GET //listingslad.com/wp-content/plugins/elementor/assets/js/frontend-modules.min.js HTTP/1.1" 301 - "-" "Mozilla/5.0 (Linux; Android 7.1.2; Redmi 4A) AppleWebKit/537.36 (KHTML, like Gecko) Chrome/76.0.3809.111 Mobile Safari/537.36"
34.217.60.213 - - [12/Jul/2025:17:39:58 +0000] "GET //listingslad.com/wp-content/plugins/listivo-core/assets/js/frontend.min.js HTTP/1.1" 301 - "-" "Mozilla/5.0 (Macintosh; Intel Mac OS X 10_12_6) AppleWebKit/537.36 (KHTML, like Gecko) Chrome/65.0.3312.0 Safari/537.36"
34.217.60.213 - - [12/Jul/2025:17:40:00 +0000] "GET //listingslad.com/wp-content/plugins/jetpack/jetpack_vendor/automattic/jetpack-forms/src/contact-form/../../dist/modules/form/view.js HTTP/1.1" 301 - "-" "Mozilla/5.0 (compatible; Konqueror/3.5; Linux 2.6.30-7.dmz.1-liquorix-686; X11) KHTML/3.5.10 (like Gecko) (Debian package 4:3.5.10.dfsg.1-1 b1)"
209.74.77.214 - - [12/Jul/2025:17:46:49 +0000] "POST /wp-cron.php?doing_wp_cron=1752342409.9689691066741943359375 HTTP/1.1" 200 - "-" "WordPress/6.8.1; https://listingslad.com"
51.222.253.9 - - [12/Jul/2025:17:46:48 +0000] "GET /ads/feed/ HTTP/1.1" 304 - "-" "Mozilla/5.0 (compatible; AhrefsBot/7.0; +http://ahrefs.com/robot/)"
182.44.8.254 - - [12/Jul/2025:18:06:11 +0000] "GET / HTTP/1.1" 200 61122 "http://www.listingslad.com" "Mozilla/5.0 (iPhone; CPU iPhone OS 13_2_3 like Mac OS X) AppleWebKit/605.1.15 (KHTML, like Gecko) Version/13.0.3 Mobile/15E148 Safari/604.1"
209.74.77.214 - - [12/Jul/2025:18:06:23 +0000] "POST /wp-cron.php?doing_wp_cron=1752343583.8388030529022216796875 HTTP/1.1" 200 - "-" "WordPress/6.8.1; https://listingslad.com"
57.141.2.6 - - [12/Jul/2025:18:06:23 +0000] "GET /index.html HTTP/1.1" 301 - "-" "meta-externalagent/1.1 (+https://developers.facebook.com/docs/sharing/webmasters/crawler)"
209.74.77.214 - - [12/Jul/2025:18:18:50 +0000] "POST /wp-cron.php?doing_wp_cron=1752344330.3264570236206054687500 HTTP/1.1" 200 - "-" "WordPress/6.8.1; https://listingslad.com"
57.141.2.7 - - [12/Jul/2025:18:18:48 +0000] "GET /index.html HTTP/1.1" 404 325399 "-" "meta-externalagent/1.1 (+https://developers.facebook.com/docs/sharing/webmasters/crawler)"
209.74.77.214 - - [12/Jul/2025:18:41:34 +0000] "POST /wp-cron.php?doing_wp_cron=1752345694.5083429813385009765625 HTTP/1.1" 200 - "-" "WordPress/6.8.1; https://listingslad.com"
51.222.253.2 - - [12/Jul/2025:18:41:32 +0000] "GET /wp-sitemap.xml HTTP/1.1" 200 318 "-" "Mozilla/5.0 (compatible; AhrefsBot/7.0; +http://ahrefs.com/robot/)"
51.222.253.7 - - [12/Jul/2025:18:41:36 +0000] "GET /wp-sitemap-posts-post-1.xml HTTP/1.1" 200 310 "-" "Mozilla/5.0 (compatible; AhrefsBot/7.0; +http://ahrefs.com/robot/)"
51.222.253.15 - - [12/Jul/2025:18:41:38 +0000] "GET /wp-sitemap-posts-page-1.xml HTTP/1.1" 200 453 "-" "Mozilla/5.0 (compatible; AhrefsBot/7.0; +http://ahrefs.com/robot/)"
209.74.77.214 - - [12/Jul/2025:18:41:46 +0000] "POST /wp-cron.php?doing_wp_cron=1752345706.6789441108703613281250 HTTP/1.1" 200 - "-" "WordPress/6.8.1; https://listingslad.com"
51.222.253.13 - - [12/Jul/2025:18:41:46 +0000] "GET /wp-sitemap-posts-product-1.xml HTTP/1.1" 200 279 "-" "Mozilla/5.0 (compatible; AhrefsBot/7.0; +http://ahrefs.com/robot/)"
51.222.253.19 - - [12/Jul/2025:18:41:48 +0000] "GET /wp-sitemap-posts-listivo_template-1.xml HTTP/1.1" 200 388 "-" "Mozilla/5.0 (compatible; AhrefsBot/7.0; +http://ahrefs.com/robot/)"
51.222.253.8 - - [12/Jul/2025:18:41:50 +0000] "GET /wp-sitemap-posts-listivo_listing-1.xml HTTP/1.1" 200 629 "-" "Mozilla/5.0 (compatible; AhrefsBot/7.0; +http://ahrefs.com/robot/)"
51.222.253.6 - - [12/Jul/2025:18:41:53 +0000] "GET /wp-sitemap-taxonomies-category-1.xml HTTP/1.1" 200 212 "-" "Mozilla/5.0 (compatible; AhrefsBot/7.0; +http://ahrefs.com/robot/)"
51.222.253.14 - - [12/Jul/2025:18:41:55 +0000] "GET /wp-sitemap-taxonomies-post_tag-1.xml HTTP/1.1" 200 245 "-" "Mozilla/5.0 (compatible; AhrefsBot/7.0; +http://ahrefs.com/robot/)"
51.222.253.15 - - [12/Jul/2025:18:41:58 +0000] "GET /wp-sitemap-taxonomies-product_cat-1.xml HTTP/1.1" 200 196 "-" "Mozilla/5.0 (compatible; AhrefsBot/7.0; +http://ahrefs.com/robot/)"
51.222.253.9 - - [12/Jul/2025:18:42:01 +0000] "GET /wp-sitemap-taxonomies-listivo_14-1.xml HTTP/1.1" 200 383 "-" "Mozilla/5.0 (compatible; AhrefsBot/7.0; +http://ahrefs.com/robot/)"
51.222.253.13 - - [12/Jul/2025:18:42:07 +0000] "GET /wp-sitemap-taxonomies-listivo_1910-1.xml HTTP/1.1" 200 195 "-" "Mozilla/5.0 (compatible; AhrefsBot/7.0; +http://ahrefs.com/robot/)"
209.74.77.214 - - [12/Jul/2025:18:42:09 +0000] "POST /wp-cron.php?doing_wp_cron=1752345729.4545459747314453125000 HTTP/1.1" 200 - "-" "WordPress/6.8.1; https://listingslad.com"
51.222.253.19 - - [12/Jul/2025:18:42:09 +0000] "GET /wp-sitemap-taxonomies-listivo_1911-1.xml HTTP/1.1" 200 199 "-" "Mozilla/5.0 (compatible; AhrefsBot/7.0; +http://ahrefs.com/robot/)"
51.222.253.19 - - [12/Jul/2025:18:42:11 +0000] "GET /wp-sitemap-taxonomies-listivo_1913-1.xml HTTP/1.1" 200 195 "-" "Mozilla/5.0 (compatible; AhrefsBot/7.0; +http://ahrefs.com/robot/)"
51.222.253.6 - - [12/Jul/2025:18:42:12 +0000] "GET /wp-sitemap-taxonomies-listivo_1912-1.xml HTTP/1.1" 200 190 "-" "Mozilla/5.0 (compatible; AhrefsBot/7.0; +http://ahrefs.com/robot/)"
51.222.253.1 - - [12/Jul/2025:18:42:14 +0000] "GET /wp-sitemap-taxonomies-listivo_945-1.xml HTTP/1.1" 200 205 "-" "Mozilla/5.0 (compatible; AhrefsBot/7.0; +http://ahrefs.com/robot/)"
51.222.253.15 - - [12/Jul/2025:18:42:15 +0000] "GET /wp-sitemap-taxonomies-listivo_946-1.xml HTTP/1.1" 200 226 "-" "Mozilla/5.0 (compatible; AhrefsBot/7.0; +http://ahrefs.com/robot/)"
51.222.253.12 - - [12/Jul/2025:18:42:17 +0000] "GET /wp-sitemap-taxonomies-listivo_4661-1.xml HTTP/1.1" 200 285 "-" "Mozilla/5.0 (compatible; AhrefsBot/7.0; +http://ahrefs.com/robot/)"
51.222.253.1 - - [12/Jul/2025:18:42:19 +0000] "GET /wp-sitemap-taxonomies-listivo_4318-1.xml HTTP/1.1" 200 293 "-" "Mozilla/5.0 (compatible; AhrefsBot/7.0; +http://ahrefs.com/robot/)"
51.222.253.2 - - [12/Jul/2025:18:42:21 +0000] "GET /wp-sitemap-taxonomies-listivo_4660-1.xml HTTP/1.1" 200 304 "-" "Mozilla/5.0 (compatible; AhrefsBot/7.0; +http://ahrefs.com/robot/)"
51.222.253.8 - - [12/Jul/2025:18:42:22 +0000] "GET /wp-sitemap-taxonomies-listivo_4657-1.xml HTTP/1.1" 200 228 "-" "Mozilla/5.0 (compatible; AhrefsBot/7.0; +http://ahrefs.com/robot/)"
51.222.253.8 - - [12/Jul/2025:18:42:24 +0000] "GET /wp-sitemap-taxonomies-listivo_2723-1.xml HTTP/1.1" 200 265 "-" "Mozilla/5.0 (compatible; AhrefsBot/7.0; +http://ahrefs.com/robot/)"
51.222.253.3 - - [12/Jul/2025:18:42:25 +0000] "GET /wp-sitemap-users-1.xml HTTP/1.1" 200 213 "-" "Mozilla/5.0 (compatible; AhrefsBot/7.0; +http://ahrefs.com/robot/)"
209.74.77.214 - - [12/Jul/2025:19:01:18 +0000] "POST /wp-cron.php?doing_wp_cron=1752346878.4616570472717285156250 HTTP/1.1" 200 - "-" "WordPress/6.8.1; https://listingslad.com"
2.51.35.77 - - [12/Jul/2025:19:01:18 +0000] "POST /wp-comments-post.php HTTP/1.1" 302 - "-" "Mozilla/5.0 (Windows NT 10.0; Win64; x64) AppleWebKit/537.36 (KHTML, like Gecko) Chrome/120.0.0.0 Safari/537.36"
209.74.77.214 - - [12/Jul/2025:19:01:18 +0000] "GET /wp-json/jetpack/v4/sync/spawn-sync?time=1752346878&request_lock_id=1752346878.6511 HTTP/1.1" 200 37 "-" "WordPress/6.8.1; https://listingslad.com"
209.74.77.214 - - [12/Jul/2025:19:02:02 +0000] "POST /wp-cron.php?doing_wp_cron=1752346922.6955029964447021484375 HTTP/1.1" 200 - "-" "WordPress/6.8.1; https://listingslad.com"
2.51.35.77 - - [12/Jul/2025:19:02:00 +0000] "POST /wp-comments-post.php HTTP/1.1" 302 - "-" "Mozilla/5.0 (Windows NT 10.0; Win64; x64) AppleWebKit/537.36 (KHTML, like Gecko) Chrome/120.0.0.0 Safari/537.36"
209.74.77.214 - - [12/Jul/2025:19:02:02 +0000] "GET /wp-json/jetpack/v4/sync/spawn-sync?time=1752346922&request_lock_id=1752346922.7971 HTTP/1.1" 200 37 "-" "WordPress/6.8.1; https://listingslad.com"
209.74.77.214 - - [12/Jul/2025:19:03:47 +0000] "POST /wp-cron.php?doing_wp_cron=1752347027.6921410560607910156250 HTTP/1.1" 200 - "-" "WordPress/6.8.1; https://listingslad.com"
45.124.84.243 - - [12/Jul/2025:19:03:47 +0000] "POST /xmlrpc.php HTTP/1.1" 405 415 "-" "Mozilla/5.0 (Windows NT 10.0; WOW64) AppleWebKit/537.36 (KHTML, like Gecko) Chrome/72.0.3626.121 Safari/537.36"
192.238.142.176 - - [12/Jul/2025:19:03:45 +0000] "POST /xmlrpc.php HTTP/1.1" 405 415 "-" "Mozilla/5.0 (Windows NT 10.0; Win64; x64; rv:61.0) Gecko/20100101 Firefox/61.0"
54.36.142.130 - - [12/Jul/2025:19:03:47 +0000] "POST /xmlrpc.php HTTP/1.1" 405 415 "-" "Mozilla/5.0 (Windows NT 5.1; rv:40.0) Gecko/20100101 Firefox/40.0"
162.214.152.209 - - [12/Jul/2025:19:03:57 +0000] "POST /xmlrpc.php HTTP/1.1" 405 415 "-" "Mozilla/5.0 (Windows; U; Windows NT 5.1; en-US; rv:1.7.12) Gecko/20050915 Firefox/1.0.7"
47.251.116.156 - - [12/Jul/2025:19:04:03 +0000] "POST /xmlrpc.php HTTP/1.1" 405 415 "-" "Mozilla/5.0 (Windows NT 6.1; WOW64; rv:54.0) Gecko/20100101 Firefox/54.0"
49.51.180.2 - - [12/Jul/2025:19:04:04 +0000] "GET / HTTP/1.1" 200 61123 "http://www.listingslad.com" "Mozilla/5.0 (iPhone; CPU iPhone OS 13_2_3 like Mac OS X) AppleWebKit/605.1.15 (KHTML, like Gecko) Version/13.0.3 Mobile/15E148 Safari/604.1"
209.74.77.214 - - [12/Jul/2025:19:04:12 +0000] "POST /wp-cron.php?doing_wp_cron=1752347052.4363648891448974609375 HTTP/1.1" 200 - "-" "WordPress/6.8.1; https://listingslad.com"
147.45.103.156 - - [12/Jul/2025:19:04:12 +0000] "POST /xmlrpc.php HTTP/1.1" 405 415 "-" "Mozilla/5.0 (Windows NT 10.0; Win64; x64) AppleWebKit/537.36 (KHTML, like Gecko) Chrome/84.0.4147.135 Safari/537.36"
45.124.84.243 - - [12/Jul/2025:19:04:17 +0000] "POST /xmlrpc.php HTTP/1.1" 405 415 "-" "Mozilla/5.0 (Windows NT 10.0; Win64; x64) AppleWebKit/537.36 (KHTML, like Gecko) Chrome/67.0.3396.99 Safari/537.36"
209.87.239.76 - - [12/Jul/2025:19:04:22 +0000] "POST /xmlrpc.php HTTP/1.1" 405 415 "-" "Mozilla/5.0 (Linux; Android 10; SM-N960U) AppleWebKit/537.36 (KHTML, like Gecko) Chrome/91.0.4472.114 Mobile Safari/537.36"
209.74.77.214 - - [12/Jul/2025:19:04:32 +0000] "POST /wp-cron.php?doing_wp_cron=1752347072.0597128868103027343750 HTTP/1.1" 200 - "-" "WordPress/6.8.1; https://listingslad.com"
47.52.209.228 - - [12/Jul/2025:19:04:31 +0000] "POST /xmlrpc.php HTTP/1.1" 405 415 "-" "Mozilla/5.0 (Windows NT 10.0; Win64; x64) AppleWebKit/537.36 (KHTML, like Gecko) Chrome/90.0.4430.93 Safari/537.36"
209.74.77.214 - - [12/Jul/2025:19:09:18 +0000] "POST /wp-cron.php?doing_wp_cron=1752347358.1134600639343261718750 HTTP/1.1" 200 - "-" "WordPress/6.8.1; https://listingslad.com"
100.29.34.97 - - [12/Jul/2025:19:09:16 +0000] "GET /ad/little-bright-dog/ HTTP/1.1" 200 66462 "-" "Mozilla/5.0 AppleWebKit/537.36 (KHTML, like Gecko; compatible; Amazonbot/0.1; +https://developer.amazon.com/support/amazonbot) Chrome/119.0.6045.214 Safari/537.36"
44.193.115.232 - - [12/Jul/2025:19:09:21 +0000] "GET /wp-content/uploads/2021/05/animals-004.jpg HTTP/1.1" 200 70535 "-" "Mozilla/5.0 AppleWebKit/537.36 (KHTML, like Gecko; compatible; Amazonbot/0.1; +https://developer.amazon.com/support/amazonbot) Chrome/119.0.6045.214 Safari/537.36"
43.159.145.153 - - [12/Jul/2025:19:26:18 +0000] "GET / HTTP/1.1" 200 61123 "http://listingslad.com" "Mozilla/5.0 (iPhone; CPU iPhone OS 13_2_3 like Mac OS X) AppleWebKit/605.1.15 (KHTML, like Gecko) Version/13.0.3 Mobile/15E148 Safari/604.1"
209.74.77.214 - - [12/Jul/2025:19:32:31 +0000] "POST /wp-cron.php?doing_wp_cron=1752348751.1653909683227539062500 HTTP/1.1" 200 - "-" "WordPress/6.8.1; https://listingslad.com"
91.84.99.6 - - [12/Jul/2025:19:32:29 +0000] "GET / HTTP/1.1" 301 - "-" "Mozilla/5.0 (Macintosh; Intel Mac OS X 10_15_7) AppleWebKit/537.36 (KHTML, like Gecko) Chrome/133.0.0.0 Safari/537.36"
91.84.99.6 - - [12/Jul/2025:19:32:32 +0000] "GET / HTTP/1.1" 200 61122 "https://LISTINGSLAD.COM" "Mozilla/5.0 (Macintosh; Intel Mac OS X 10_15_7) AppleWebKit/537.36 (KHTML, like Gecko) Chrome/133.0.0.0 Safari/537.36"
123.16.54.121 - - [12/Jul/2025:19:32:35 +0000] "POST / HTTP/1.1" 200 61251 "-" "Mozilla/5.0 (Macintosh; Intel Mac OS X 10_15_7) AppleWebKit/537.36 (KHTML, like Gecko) Chrome/133.0.0.0 Safari/537.36"
123.16.54.121 - - [12/Jul/2025:19:32:39 +0000] "POST / HTTP/1.1" 200 61071 "-" "Mozilla/5.0 (Windows NT 10.0; Win64; x64) AppleWebKit/537.36 (KHTML, like Gecko) Chrome/120.0.0.0 Safari/537.36"
209.74.77.214 - - [12/Jul/2025:19:32:45 +0000] "POST /wp-cron.php?doing_wp_cron=1752348765.9477159976959228515625 HTTP/1.1" 200 - "-" "WordPress/6.8.1; https://listingslad.com"
91.84.99.6 - - [12/Jul/2025:19:32:45 +0000] "GET /panel/create/ HTTP/1.1" 200 62677 "-" "Mozilla/5.0 (Macintosh; Intel Mac OS X 10_15_7) AppleWebKit/537.36 (KHTML, like Gecko) Chrome/133.0.0.0 Safari/537.36"
91.84.99.6 - - [12/Jul/2025:19:32:47 +0000] "GET /blog/ HTTP/1.1" 200 45176 "-" "Mozilla/5.0 (Macintosh; Intel Mac OS X 10_15_7) AppleWebKit/537.36 (KHTML, like Gecko) Chrome/133.0.0.0 Safari/537.36"
123.16.54.121 - - [12/Jul/2025:19:32:51 +0000] "POST /blog/ HTTP/1.1" 200 45299 "-" "Mozilla/5.0 (Macintosh; Intel Mac OS X 10_15_7) AppleWebKit/537.36 (KHTML, like Gecko) Chrome/133.0.0.0 Safari/537.36"
123.16.54.121 - - [12/Jul/2025:19:32:55 +0000] "POST /blog/ HTTP/1.1" 200 45125 "-" "Mozilla/5.0 (Windows NT 10.0; Win64; x64) AppleWebKit/537.36 (KHTML, like Gecko) Chrome/120.0.0.0 Safari/537.36"
91.84.99.6 - - [12/Jul/2025:19:32:58 +0000] "GET /we-knew-it-we-had-left-the-ground/ HTTP/1.1" 200 50350 "-" "Mozilla/5.0 (Macintosh; Intel Mac OS X 10_15_7) AppleWebKit/537.36 (KHTML, like Gecko) Chrome/133.0.0.0 Safari/537.36"
123.16.54.121 - - [12/Jul/2025:19:33:04 +0000] "POST /wp-comments-post.php HTTP/1.1" 200 1106 "-" "Mozilla/5.0 (Macintosh; Intel Mac OS X 10_15_7) AppleWebKit/537.36 (KHTML, like Gecko) Chrome/133.0.0.0 Safari/537.36"
123.16.54.121 - - [12/Jul/2025:19:33:06 +0000] "POST /wp-comments-post.php HTTP/1.1" 200 - "-" "Mozilla/5.0 (Windows NT 10.0; Win64; x64) AppleWebKit/537.36 (KHTML, like Gecko) Chrome/120.0.0.0 Safari/537.36"
209.74.77.214 - - [12/Jul/2025:19:33:14 +0000] "POST /wp-cron.php?doing_wp_cron=1752348794.1214220523834228515625 HTTP/1.1" 200 - "-" "WordPress/6.8.1; https://listingslad.com"
123.16.54.121 - - [12/Jul/2025:19:33:13 +0000] "POST /we-knew-it-we-had-left-the-ground/ HTTP/1.1" 200 50478 "-" "Mozilla/5.0 (Macintosh; Intel Mac OS X 10_15_7) AppleWebKit/537.36 (KHTML, like Gecko) Chrome/133.0.0.0 Safari/537.36"
123.16.54.121 - - [12/Jul/2025:19:33:23 +0000] "POST /we-knew-it-we-had-left-the-ground/ HTTP/1.1" 200 50298 "-" "Mozilla/5.0 (Windows NT 10.0; Win64; x64) AppleWebKit/537.36 (KHTML, like Gecko) Chrome/120.0.0.0 Safari/537.36"
91.84.99.6 - - [12/Jul/2025:19:33:25 +0000] "GET /blog/?pagination=1 HTTP/1.1" 200 45176 "-" "Mozilla/5.0 (Macintosh; Intel Mac OS X 10_15_7) AppleWebKit/537.36 (KHTML, like Gecko) Chrome/133.0.0.0 Safari/537.36"
209.74.77.214 - - [12/Jul/2025:19:33:30 +0000] "POST /wp-cron.php?doing_wp_cron=1752348810.5311400890350341796875 HTTP/1.1" 200 - "-" "WordPress/6.8.1; https://listingslad.com"
123.16.54.121 - - [12/Jul/2025:19:33:30 +0000] "POST /blog/?pagination=1 HTTP/1.1" 200 45300 "-" "Mozilla/5.0 (Macintosh; Intel Mac OS X 10_15_7) AppleWebKit/537.36 (KHTML, like Gecko) Chrome/133.0.0.0 Safari/537.36"
123.16.54.121 - - [12/Jul/2025:19:33:34 +0000] "POST /blog/?pagination=1 HTTP/1.1" 200 45127 "-" "Mozilla/5.0 (Windows NT 10.0; Win64; x64) AppleWebKit/537.36 (KHTML, like Gecko) Chrome/120.0.0.0 Safari/537.36"
91.84.99.6 - - [12/Jul/2025:19:33:36 +0000] "GET /blog/?pagination=2 HTTP/1.1" 200 44874 "-" "Mozilla/5.0 (Macintosh; Intel Mac OS X 10_15_7) AppleWebKit/537.36 (KHTML, like Gecko) Chrome/133.0.0.0 Safari/537.36"
209.74.77.214 - - [12/Jul/2025:19:33:48 +0000] "POST /wp-cron.php?doing_wp_cron=1752348828.4159989356994628906250 HTTP/1.1" 200 - "-" "WordPress/6.8.1; https://listingslad.com"
123.16.54.121 - - [12/Jul/2025:19:33:48 +0000] "POST /blog/?pagination=2 HTTP/1.1" 200 44996 "-" "Mozilla/5.0 (Macintosh; Intel Mac OS X 10_15_7) AppleWebKit/537.36 (KHTML, like Gecko) Chrome/133.0.0.0 Safari/537.36"
209.74.77.214 - - [12/Jul/2025:19:33:53 +0000] "POST /wp-cron.php?doing_wp_cron=1752348833.1761000156402587890625 HTTP/1.1" 200 - "-" "WordPress/6.8.1; https://listingslad.com"
123.16.54.121 - - [12/Jul/2025:19:33:53 +0000] "POST /blog/?pagination=2 HTTP/1.1" 200 44823 "-" "Mozilla/5.0 (Windows NT 10.0; Win64; x64) AppleWebKit/537.36 (KHTML, like Gecko) Chrome/120.0.0.0 Safari/537.36"
91.84.99.6 - - [12/Jul/2025:19:33:56 +0000] "GET /tag/baby-accessories/ HTTP/1.1" 200 44382 "-" "Mozilla/5.0 (Macintosh; Intel Mac OS X 10_15_7) AppleWebKit/537.36 (KHTML, like Gecko) Chrome/133.0.0.0 Safari/537.36"
123.16.54.121 - - [12/Jul/2025:19:33:59 +0000] "POST /tag/baby-accessories/ HTTP/1.1" 200 44506 "-" "Mozilla/5.0 (Macintosh; Intel Mac OS X 10_15_7) AppleWebKit/537.36 (KHTML, like Gecko) Chrome/133.0.0.0 Safari/537.36"
123.16.54.121 - - [12/Jul/2025:19:34:05 +0000] "POST /tag/baby-accessories/ HTTP/1.1" 200 44332 "-" "Mozilla/5.0 (Windows NT 10.0; Win64; x64) AppleWebKit/537.36 (KHTML, like Gecko) Chrome/120.0.0.0 Safari/537.36"
91.84.99.6 - - [12/Jul/2025:19:34:08 +0000] "GET /tag/technology/ HTTP/1.1" 200 44130 "-" "Mozilla/5.0 (Macintosh; Intel Mac OS X 10_15_7) AppleWebKit/537.36 (KHTML, like Gecko) Chrome/133.0.0.0 Safari/537.36"
209.74.77.214 - - [12/Jul/2025:19:34:14 +0000] "POST /wp-cron.php?doing_wp_cron=1752348854.2932929992675781250000 HTTP/1.1" 200 - "-" "WordPress/6.8.1; https://listingslad.com"
123.16.54.121 - - [12/Jul/2025:19:34:14 +0000] "POST /tag/technology/ HTTP/1.1" 200 44252 "-" "Mozilla/5.0 (Macintosh; Intel Mac OS X 10_15_7) AppleWebKit/537.36 (KHTML, like Gecko) Chrome/133.0.0.0 Safari/537.36"
123.16.54.121 - - [12/Jul/2025:19:34:19 +0000] "POST /tag/technology/ HTTP/1.1" 200 44079 "-" "Mozilla/5.0 (Windows NT 10.0; Win64; x64) AppleWebKit/537.36 (KHTML, like Gecko) Chrome/120.0.0.0 Safari/537.36"
91.84.99.6 - - [12/Jul/2025:19:34:24 +0000] "GET /contact-us/ HTTP/1.1" 200 43319 "-" "Mozilla/5.0 (Macintosh; Intel Mac OS X 10_15_7) AppleWebKit/537.36 (KHTML, like Gecko) Chrome/133.0.0.0 Safari/537.36"
209.74.77.214 - - [12/Jul/2025:19:34:40 +0000] "POST /wp-cron.php?doing_wp_cron=1752348880.9133551120758056640625 HTTP/1.1" 200 - "-" "WordPress/6.8.1; https://listingslad.com"
123.16.54.121 - - [12/Jul/2025:19:34:40 +0000] "POST /contact-us/ HTTP/1.1" 200 43414 "-" "Mozilla/5.0 (Macintosh; Intel Mac OS X 10_15_7) AppleWebKit/537.36 (KHTML, like Gecko) Chrome/133.0.0.0 Safari/537.36"
209.74.77.214 - - [12/Jul/2025:19:34:47 +0000] "POST /wp-cron.php?doing_wp_cron=1752348887.8915588855743408203125 HTTP/1.1" 200 - "-" "WordPress/6.8.1; https://listingslad.com"
123.16.54.121 - - [12/Jul/2025:19:34:47 +0000] "POST /contact-us/ HTTP/1.1" 200 43266 "-" "Mozilla/5.0 (Windows NT 10.0; Win64; x64) AppleWebKit/537.36 (KHTML, like Gecko) Chrome/120.0.0.0 Safari/537.36"
91.84.99.6 - - [12/Jul/2025:19:34:53 +0000] "GET /login-register/ HTTP/1.1" 200 50594 "-" "Mozilla/5.0 (Macintosh; Intel Mac OS X 10_15_7) AppleWebKit/537.36 (KHTML, like Gecko) Chrome/133.0.0.0 Safari/537.36"
91.84.99.6 - - [12/Jul/2025:19:34:58 +0000] "GET /login-register/?tab=login HTTP/1.1" 200 50594 "-" "Mozilla/5.0 (Macintosh; Intel Mac OS X 10_15_7) AppleWebKit/537.36 (KHTML, like Gecko) Chrome/133.0.0.0 Safari/537.36"
91.84.99.6 - - [12/Jul/2025:19:35:00 +0000] "GET /login-register/?tab=register HTTP/1.1" 200 50595 "-" "Mozilla/5.0 (Macintosh; Intel Mac OS X 10_15_7) AppleWebKit/537.36 (KHTML, like Gecko) Chrome/133.0.0.0 Safari/537.36"
209.74.77.214 - - [12/Jul/2025:19:38:07 +0000] "POST /wp-cron.php?doing_wp_cron=1752349087.9278469085693359375000 HTTP/1.1" 200 - "-" "WordPress/6.8.1; https://listingslad.com"
198.46.234.28 - - [12/Jul/2025:19:38:06 +0000] "POST /index.php/wp-json/litespeed/v1/cdn_status HTTP/1.1" 404 117 "https://listingslad.com/wp-admin/update.php?action=upload-plugin" "Mozilla/5.0 (Windows NT 10.0; Win64; x64; rv:128.0) Gecko/20100101 Firefox/128.0"
209.74.77.214 - - [12/Jul/2025:20:20:33 +0000] "POST /wp-cron.php?doing_wp_cron=1752351633.0467860698699951171875 HTTP/1.1" 200 - "-" "WordPress/6.8.1; https://listingslad.com"
185.191.171.18 - - [12/Jul/2025:20:20:30 +0000] "GET /robots.txt HTTP/1.1" 200 154 "-" "Mozilla/5.0 (compatible; SemrushBot/7~bl; +http://www.semrush.com/bot.html)"
85.208.96.206 - - [12/Jul/2025:20:20:33 +0000] "GET /ad/apartment-with-pool/ HTTP/1.1" 200 69110 "-" "Mozilla/5.0 (compatible; SemrushBot/7~bl; +http://www.semrush.com/bot.html)"
185.191.171.4 - - [12/Jul/2025:20:20:40 +0000] "GET /wp-sitemap.xml HTTP/1.1" 200 318 "-" "Mozilla/5.0 (compatible; SemrushBot/7~bl; +http://www.semrush.com/bot.html)"
209.74.77.214 - - [12/Jul/2025:20:20:42 +0000] "POST /wp-cron.php?doing_wp_cron=1752351642.6530179977416992187500 HTTP/1.1" 200 - "-" "WordPress/6.8.1; https://listingslad.com"
185.191.171.2 - - [12/Jul/2025:20:20:42 +0000] "GET /wp-sitemap-taxonomies-listivo_1911-1.xml HTTP/1.1" 200 199 "-" "Mozilla/5.0 (compatible; SemrushBot/7~bl; +http://www.semrush.com/bot.html)"
209.74.77.214 - - [12/Jul/2025:20:20:44 +0000] "POST /wp-cron.php?doing_wp_cron=1752351644.6597080230712890625000 HTTP/1.1" 200 - "-" "WordPress/6.8.1; https://listingslad.com"
185.191.171.16 - - [12/Jul/2025:20:20:44 +0000] "GET /wp-sitemap-taxonomies-listivo_1910-1.xml HTTP/1.1" 200 195 "-" "Mozilla/5.0 (compatible; SemrushBot/7~bl; +http://www.semrush.com/bot.html)"
209.74.77.214 - - [12/Jul/2025:20:20:46 +0000] "POST /wp-cron.php?doing_wp_cron=1752351646.7897980213165283203125 HTTP/1.1" 200 - "-" "WordPress/6.8.1; https://listingslad.com"
185.191.171.16 - - [12/Jul/2025:20:20:46 +0000] "GET /wp-sitemap-taxonomies-listivo_14-1.xml HTTP/1.1" 200 383 "-" "Mozilla/5.0 (compatible; SemrushBot/7~bl; +http://www.semrush.com/bot.html)"
185.191.171.16 - - [12/Jul/2025:20:20:48 +0000] "GET /wp-sitemap-taxonomies-product_cat-1.xml HTTP/1.1" 200 196 "-" "Mozilla/5.0 (compatible; SemrushBot/7~bl; +http://www.semrush.com/bot.html)"
185.191.171.12 - - [12/Jul/2025:20:20:51 +0000] "GET /wp-sitemap-taxonomies-post_tag-1.xml HTTP/1.1" 200 245 "-" "Mozilla/5.0 (compatible; SemrushBot/7~bl; +http://www.semrush.com/bot.html)"
185.191.171.16 - - [12/Jul/2025:20:20:52 +0000] "GET /wp-sitemap-taxonomies-category-1.xml HTTP/1.1" 200 212 "-" "Mozilla/5.0 (compatible; SemrushBot/7~bl; +http://www.semrush.com/bot.html)"
185.191.171.15 - - [12/Jul/2025:20:20:55 +0000] "GET /wp-sitemap-posts-listivo_listing-1.xml HTTP/1.1" 200 629 "-" "Mozilla/5.0 (compatible; SemrushBot/7~bl; +http://www.semrush.com/bot.html)"
85.208.96.206 - - [12/Jul/2025:20:20:56 +0000] "GET /wp-sitemap-posts-listivo_template-1.xml HTTP/1.1" 200 388 "-" "Mozilla/5.0 (compatible; SemrushBot/7~bl; +http://www.semrush.com/bot.html)"
85.208.96.195 - - [12/Jul/2025:20:20:58 +0000] "GET /wp-sitemap-posts-product-1.xml HTTP/1.1" 200 279 "-" "Mozilla/5.0 (compatible; SemrushBot/7~bl; +http://www.semrush.com/bot.html)"
185.191.171.16 - - [12/Jul/2025:20:21:00 +0000] "GET /wp-sitemap-posts-page-1.xml HTTP/1.1" 200 453 "-" "Mozilla/5.0 (compatible; SemrushBot/7~bl; +http://www.semrush.com/bot.html)"
185.191.171.16 - - [12/Jul/2025:20:21:02 +0000] "GET /wp-sitemap-posts-post-1.xml HTTP/1.1" 200 310 "-" "Mozilla/5.0 (compatible; SemrushBot/7~bl; +http://www.semrush.com/bot.html)"
209.74.77.214 - - [12/Jul/2025:20:24:09 +0000] "POST /wp-cron.php?doing_wp_cron=1752351849.2110359668731689453125 HTTP/1.1" 200 - "-" "WordPress/6.8.1; https://listingslad.com"
57.141.2.26 - - [12/Jul/2025:20:24:07 +0000] "GET / HTTP/1.1" 301 - "-" "meta-externalagent/1.1 (+https://developers.facebook.com/docs/sharing/webmasters/crawler)"
209.74.77.214 - - [12/Jul/2025:20:44:20 +0000] "POST /wp-cron.php?doing_wp_cron=1752353060.3090128898620605468750 HTTP/1.1" 200 - "-" "WordPress/6.8.1; https://listingslad.com"
69.63.189.7 - - [12/Jul/2025:20:44:18 +0000] "GET /robots.txt HTTP/1.1" 200 265 "-" "facebookexternalhit/1.1 (+http://www.facebook.com/externalhit_uatext.php)"
209.74.77.214 - - [12/Jul/2025:21:05:31 +0000] "POST /wp-cron.php?doing_wp_cron=1752354331.4525930881500244140625 HTTP/1.1" 200 - "-" "WordPress/6.8.1; https://listingslad.com"
40.77.167.23 - - [12/Jul/2025:21:05:28 +0000] "GET /blog/ HTTP/1.1" 200 45176 "-" "Mozilla/5.0 AppleWebKit/537.36 (KHTML, like Gecko; compatible; bingbot/2.0; +http://www.bing.com/bingbot.htm) Chrome/116.0.1938.76 Safari/537.36"
209.74.77.214 - - [12/Jul/2025:21:48:10 +0000] "POST /wp-cron.php?doing_wp_cron=1752356890.2326750755310058593750 HTTP/1.1" 200 - "-" "WordPress/6.8.1; https://listingslad.com"
209.74.77.214 - - [12/Jul/2025:21:48:10 +0000] "POST /wp-cron.php?doing_wp_cron=1752356890.2326738834381103515625 HTTP/1.1" 200 - "-" "WordPress/6.8.1; https://listingslad.com"
162.241.30.122 - - [12/Jul/2025:21:48:09 +0000] "POST /xmlrpc.php HTTP/1.1" 405 415 "-" "Mozilla/5.0 (Windows NT 6.1; WOW64; rv:38.0) Gecko/20100101 Firefox/38.0"
209.126.6.21 - - [12/Jul/2025:21:48:08 +0000] "POST /xmlrpc.php HTTP/1.1" 405 415 "-" "Mozilla/5.0 (Windows NT 6.1; WOW64; rv:43.0) Gecko/20100101 Firefox/43.0"
192.210.144.233 - - [12/Jul/2025:21:48:18 +0000] "POST /xmlrpc.php HTTP/1.1" 405 415 "-" "Mozilla/5.0 (Linux; Android 10; SM-A102U) AppleWebKit/537.36 (KHTML, like Gecko) Chrome/91.0.4472.114 Mobile Safari/537.36"
38.147.171.146 - - [12/Jul/2025:21:48:19 +0000] "POST /xmlrpc.php HTTP/1.1" 405 415 "-" "Mozilla/5.0 (Windows NT 10.0; Win64; x64) AppleWebKit/537.36 (KHTML, like Gecko) Chrome/87.0.4280.141 Safari/537.36"
45.124.84.243 - - [12/Jul/2025:21:48:23 +0000] "POST /xmlrpc.php HTTP/1.1" 405 415 "-" "Mozilla/5.0 (Windows NT 10.0; Win64; x64) AppleWebKit/537.36 (KHTML, like Gecko) Chrome/74.0.3729.157 Safari/537.36"
209.74.77.214 - - [12/Jul/2025:21:48:30 +0000] "POST /wp-cron.php?doing_wp_cron=1752356910.9058029651641845703125 HTTP/1.1" 200 - "-" "WordPress/6.8.1; https://listingslad.com"
77.68.64.29 - - [12/Jul/2025:21:48:30 +0000] "POST /xmlrpc.php HTTP/1.1" 405 415 "-" "Mozilla/5.0 (Windows NT 10.0; Win64; x64; rv:63.0) Gecko/20100101 Firefox/63.0"
162.241.218.97 - - [12/Jul/2025:21:48:38 +0000] "POST /xmlrpc.php HTTP/1.1" 405 415 "-" "Mozilla/5.0 (X11; Linux x86_64) AppleWebKit/537.36 (KHTML, like Gecko) Chrome/44.0.2403.157 Safari/537.36"
209.74.77.214 - - [12/Jul/2025:21:48:44 +0000] "POST /wp-cron.php?doing_wp_cron=1752356924.7597939968109130859375 HTTP/1.1" 200 - "-" "WordPress/6.8.1; https://listingslad.com"
58.87.78.33 - - [12/Jul/2025:21:48:44 +0000] "POST /xmlrpc.php HTTP/1.1" 405 415 "-" "Mozilla/5.0 (Windows NT 10.0; WOW64; rv:50.0) Gecko/20100101 Firefox/50.0"
209.74.77.214 - - [12/Jul/2025:21:48:50 +0000] "POST /wp-cron.php?doing_wp_cron=1752356930.5354409217834472656250 HTTP/1.1" 200 - "-" "WordPress/6.8.1; https://listingslad.com"
8.138.148.78 - - [12/Jul/2025:21:48:50 +0000] "POST /xmlrpc.php HTTP/1.1" 405 415 "-" "Mozilla/5.0 (Windows NT 6.1; Win64; x64) AppleWebKit/537.36 (KHTML, like Gecko) Chrome/60.0.3112.90 Safari/537.36"
192.210.144.233 - - [12/Jul/2025:21:48:54 +0000] "POST /xmlrpc.php HTTP/1.1" 405 415 "-" "Mozilla/5.0 (Linux; Android 10; LM-Q720) AppleWebKit/537.36 (KHTML, like Gecko) Chrome/91.0.4472.114 Mobile Safari/537.36"
141.148.202.33 - - [12/Jul/2025:21:49:01 +0000] "POST /xmlrpc.php HTTP/1.1" 405 415 "-" "Mozilla/5.0 (Windows; U; Windows NT 5.1; en-US; rv:1.7.5) Gecko/20041107 Firefox/1.0"
209.74.77.214 - - [12/Jul/2025:21:52:37 +0000] "POST /wp-cron.php?doing_wp_cron=1752357157.5144350528717041015625 HTTP/1.1" 200 - "-" "WordPress/6.8.1; https://listingslad.com"
34.223.120.84 - - [12/Jul/2025:21:52:35 +0000] "GET /robots.txt HTTP/1.1" 200 154 "-" "HawaiiBot"
84.239.6.134 - - [12/Jul/2025:21:57:03 +0000] "POST /wp-comments-post.php HTTP/1.1" 302 - "-" "Mozilla/5.0 (Windows NT 10.0; Win64; x64) AppleWebKit/537.36 (KHTML, like Gecko) Chrome/120.0.0.0 Safari/537.36"
209.74.77.214 - - [12/Jul/2025:21:57:04 +0000] "GET /wp-json/jetpack/v4/sync/spawn-sync?time=1752357424&request_lock_id=1752357424.3206 HTTP/1.1" 200 37 "-" "WordPress/6.8.1; https://listingslad.com"
209.74.77.214 - - [12/Jul/2025:21:57:30 +0000] "POST /wp-cron.php?doing_wp_cron=1752357450.1451189517974853515625 HTTP/1.1" 200 - "-" "WordPress/6.8.1; https://listingslad.com"
84.239.6.134 - - [12/Jul/2025:21:57:30 +0000] "POST /wp-comments-post.php HTTP/1.1" 302 - "-" "Mozilla/5.0 (Windows NT 10.0; Win64; x64) AppleWebKit/537.36 (KHTML, like Gecko) Chrome/120.0.0.0 Safari/537.36"
209.74.77.214 - - [12/Jul/2025:21:57:30 +0000] "GET /wp-json/jetpack/v4/sync/spawn-sync?time=1752357450&request_lock_id=1752357450.2082 HTTP/1.1" 200 37 "-" "WordPress/6.8.1; https://listingslad.com"
209.74.77.214 - - [12/Jul/2025:21:57:56 +0000] "POST /wp-cron.php?doing_wp_cron=1752357476.0603129863739013671875 HTTP/1.1" 200 - "-" "WordPress/6.8.1; https://listingslad.com"
84.239.6.134 - - [12/Jul/2025:21:57:55 +0000] "POST /wp-comments-post.php HTTP/1.1" 302 - "-" "Mozilla/5.0 (Windows NT 10.0; Win64; x64) AppleWebKit/537.36 (KHTML, like Gecko) Chrome/120.0.0.0 Safari/537.36"
209.74.77.214 - - [12/Jul/2025:21:57:56 +0000] "GET /wp-json/jetpack/v4/sync/spawn-sync?time=1752357476&request_lock_id=1752357476.2443 HTTP/1.1" 200 37 "-" "WordPress/6.8.1; https://listingslad.com"
84.239.6.134 - - [12/Jul/2025:21:58:24 +0000] "POST /wp-comments-post.php HTTP/1.1" 302 - "-" "Mozilla/5.0 (Windows NT 10.0; Win64; x64) AppleWebKit/537.36 (KHTML, like Gecko) Chrome/120.0.0.0 Safari/537.36"
209.74.77.214 - - [12/Jul/2025:21:58:25 +0000] "GET /wp-json/jetpack/v4/sync/spawn-sync?time=1752357505&request_lock_id=1752357505.0404 HTTP/1.1" 200 37 "-" "WordPress/6.8.1; https://listingslad.com"
209.74.77.214 - - [12/Jul/2025:21:58:56 +0000] "POST /wp-cron.php?doing_wp_cron=1752357536.6417551040649414062500 HTTP/1.1" 200 - "-" "WordPress/6.8.1; https://listingslad.com"
84.239.6.134 - - [12/Jul/2025:21:58:56 +0000] "POST /wp-comments-post.php HTTP/1.1" 302 - "-" "Mozilla/5.0 (Windows NT 10.0; Win64; x64) AppleWebKit/537.36 (KHTML, like Gecko) Chrome/120.0.0.0 Safari/537.36"
209.74.77.214 - - [12/Jul/2025:21:58:56 +0000] "GET /wp-json/jetpack/v4/sync/spawn-sync?time=1752357536&request_lock_id=1752357536.8034 HTTP/1.1" 200 37 "-" "WordPress/6.8.1; https://listingslad.com"
209.74.77.214 - - [12/Jul/2025:21:59:27 +0000] "POST /wp-cron.php?doing_wp_cron=1752357567.9275119304656982421875 HTTP/1.1" 200 - "-" "WordPress/6.8.1; https://listingslad.com"
84.239.6.134 - - [12/Jul/2025:21:59:27 +0000] "POST /wp-comments-post.php HTTP/1.1" 302 - "-" "Mozilla/5.0 (Windows NT 10.0; Win64; x64) AppleWebKit/537.36 (KHTML, like Gecko) Chrome/120.0.0.0 Safari/537.36"
209.74.77.214 - - [12/Jul/2025:21:59:28 +0000] "GET /wp-json/jetpack/v4/sync/spawn-sync?time=1752357568&request_lock_id=1752357568.0954 HTTP/1.1" 200 37 "-" "WordPress/6.8.1; https://listingslad.com"
209.74.77.214 - - [12/Jul/2025:21:59:55 +0000] "POST /wp-cron.php?doing_wp_cron=1752357595.5422370433807373046875 HTTP/1.1" 200 - "-" "WordPress/6.8.1; https://listingslad.com"
84.239.6.134 - - [12/Jul/2025:21:59:55 +0000] "POST /wp-comments-post.php HTTP/1.1" 302 - "-" "Mozilla/5.0 (Windows NT 10.0; Win64; x64) AppleWebKit/537.36 (KHTML, like Gecko) Chrome/120.0.0.0 Safari/537.36"
209.74.77.214 - - [12/Jul/2025:21:59:55 +0000] "GET /wp-json/jetpack/v4/sync/spawn-sync?time=1752357595&request_lock_id=1752357595.6104 HTTP/1.1" 200 37 "-" "WordPress/6.8.1; https://listingslad.com"
185.241.208.99 - - [12/Jul/2025:22:01:33 +0000] "GET / HTTP/1.1" 200 506428 "-" "-"
185.241.208.99 - - [12/Jul/2025:22:01:36 +0000] "GET /wp-admin/install.php HTTP/1.1" 404 325412 "-" "-"
185.241.208.99 - - [12/Jul/2025:22:01:36 +0000] "GET /wp-admin/setup-config.php HTTP/1.1" 409 2665 "-" "-"