Current File : /home/kelaby89/access-logs/listingslad.com.sixpack.studio-ssl_log |
209.74.77.214 - - [12/Jul/2025:12:42:05 +0000] "POST /wp-cron.php?doing_wp_cron=1752324125.6811840534210205078125 HTTP/1.1" 200 - "-" "WordPress/6.8.1; https://listingslad.com"
51.222.253.3 - - [12/Jul/2025:12:42:02 +0000] "GET /ad/white-truck/ HTTP/1.1" 200 70205 "-" "Mozilla/5.0 (compatible; AhrefsBot/7.0; +http://ahrefs.com/robot/)"
209.74.77.214 - - [12/Jul/2025:12:42:47 +0000] "POST /wp-cron.php?doing_wp_cron=1752324167.5200479030609130859375 HTTP/1.1" 200 - "-" "WordPress/6.8.1; https://listingslad.com"
51.222.253.6 - - [12/Jul/2025:12:42:45 +0000] "GET /ad/white-truck/ HTTP/1.1" 200 70205 "-" "Mozilla/5.0 (compatible; AhrefsBot/7.0; +http://ahrefs.com/robot/)"
51.222.253.11 - - [12/Jul/2025:12:42:49 +0000] "GET /wp-content/uploads/2021/10/truck-7.jpg HTTP/1.1" 200 68590 "-" "Mozilla/5.0 (compatible; AhrefsBot/7.0; +http://ahrefs.com/robot/)"
209.74.77.214 - - [12/Jul/2025:12:56:17 +0000] "POST /wp-cron.php?doing_wp_cron=1752324977.9338390827178955078125 HTTP/1.1" 200 - "-" "WordPress/6.8.1; https://listingslad.com"
51.222.253.12 - - [12/Jul/2025:12:56:15 +0000] "GET /wp-sitemap.xml HTTP/1.1" 200 318 "-" "Mozilla/5.0 (compatible; AhrefsBot/7.0; +http://ahrefs.com/robot/)"
51.222.253.17 - - [12/Jul/2025:12:56:21 +0000] "GET /wp-sitemap-posts-post-1.xml HTTP/1.1" 200 310 "-" "Mozilla/5.0 (compatible; AhrefsBot/7.0; +http://ahrefs.com/robot/)"
209.74.77.214 - - [12/Jul/2025:12:56:29 +0000] "POST /wp-cron.php?doing_wp_cron=1752324989.2634301185607910156250 HTTP/1.1" 200 - "-" "WordPress/6.8.1; https://listingslad.com"
51.222.253.13 - - [12/Jul/2025:12:56:29 +0000] "GET /wp-sitemap-posts-page-1.xml HTTP/1.1" 200 453 "-" "Mozilla/5.0 (compatible; AhrefsBot/7.0; +http://ahrefs.com/robot/)"
51.222.253.7 - - [12/Jul/2025:12:56:32 +0000] "GET /wp-sitemap-posts-product-1.xml HTTP/1.1" 200 279 "-" "Mozilla/5.0 (compatible; AhrefsBot/7.0; +http://ahrefs.com/robot/)"
51.222.253.16 - - [12/Jul/2025:12:56:35 +0000] "GET /wp-sitemap-posts-listivo_template-1.xml HTTP/1.1" 200 388 "-" "Mozilla/5.0 (compatible; AhrefsBot/7.0; +http://ahrefs.com/robot/)"
51.222.253.15 - - [12/Jul/2025:12:56:37 +0000] "GET /wp-sitemap-posts-listivo_listing-1.xml HTTP/1.1" 200 629 "-" "Mozilla/5.0 (compatible; AhrefsBot/7.0; +http://ahrefs.com/robot/)"
51.222.253.16 - - [12/Jul/2025:12:56:41 +0000] "GET /wp-sitemap-taxonomies-category-1.xml HTTP/1.1" 200 212 "-" "Mozilla/5.0 (compatible; AhrefsBot/7.0; +http://ahrefs.com/robot/)"
209.74.77.214 - - [12/Jul/2025:12:56:42 +0000] "POST /wp-cron.php?doing_wp_cron=1752325002.6166629791259765625000 HTTP/1.1" 200 - "-" "WordPress/6.8.1; https://listingslad.com"
51.222.253.1 - - [12/Jul/2025:12:56:42 +0000] "GET /wp-sitemap-taxonomies-post_tag-1.xml HTTP/1.1" 200 245 "-" "Mozilla/5.0 (compatible; AhrefsBot/7.0; +http://ahrefs.com/robot/)"
209.74.77.214 - - [12/Jul/2025:12:56:44 +0000] "POST /wp-cron.php?doing_wp_cron=1752325004.3841269016265869140625 HTTP/1.1" 200 - "-" "WordPress/6.8.1; https://listingslad.com"
51.222.253.1 - - [12/Jul/2025:12:56:44 +0000] "GET /wp-sitemap-taxonomies-product_cat-1.xml HTTP/1.1" 200 196 "-" "Mozilla/5.0 (compatible; AhrefsBot/7.0; +http://ahrefs.com/robot/)"
51.222.253.5 - - [12/Jul/2025:12:56:45 +0000] "GET /wp-sitemap-taxonomies-listivo_14-1.xml HTTP/1.1" 200 383 "-" "Mozilla/5.0 (compatible; AhrefsBot/7.0; +http://ahrefs.com/robot/)"
209.74.77.214 - - [12/Jul/2025:12:56:47 +0000] "POST /wp-cron.php?doing_wp_cron=1752325007.3569209575653076171875 HTTP/1.1" 200 - "-" "WordPress/6.8.1; https://listingslad.com"
51.222.253.3 - - [12/Jul/2025:12:56:47 +0000] "GET /wp-sitemap-taxonomies-listivo_1910-1.xml HTTP/1.1" 200 195 "-" "Mozilla/5.0 (compatible; AhrefsBot/7.0; +http://ahrefs.com/robot/)"
51.222.253.14 - - [12/Jul/2025:12:56:49 +0000] "GET /wp-sitemap-taxonomies-listivo_1911-1.xml HTTP/1.1" 200 199 "-" "Mozilla/5.0 (compatible; AhrefsBot/7.0; +http://ahrefs.com/robot/)"
51.222.253.11 - - [12/Jul/2025:12:56:52 +0000] "GET /wp-sitemap-taxonomies-listivo_1913-1.xml HTTP/1.1" 200 195 "-" "Mozilla/5.0 (compatible; AhrefsBot/7.0; +http://ahrefs.com/robot/)"
51.222.253.4 - - [12/Jul/2025:12:56:54 +0000] "GET /wp-sitemap-taxonomies-listivo_1912-1.xml HTTP/1.1" 200 190 "-" "Mozilla/5.0 (compatible; AhrefsBot/7.0; +http://ahrefs.com/robot/)"
51.222.253.15 - - [12/Jul/2025:12:56:56 +0000] "GET /wp-sitemap-taxonomies-listivo_945-1.xml HTTP/1.1" 200 205 "-" "Mozilla/5.0 (compatible; AhrefsBot/7.0; +http://ahrefs.com/robot/)"
51.222.253.12 - - [12/Jul/2025:12:56:57 +0000] "GET /wp-sitemap-taxonomies-listivo_946-1.xml HTTP/1.1" 200 226 "-" "Mozilla/5.0 (compatible; AhrefsBot/7.0; +http://ahrefs.com/robot/)"
51.222.253.8 - - [12/Jul/2025:12:56:59 +0000] "GET /wp-sitemap-taxonomies-listivo_4661-1.xml HTTP/1.1" 200 285 "-" "Mozilla/5.0 (compatible; AhrefsBot/7.0; +http://ahrefs.com/robot/)"
51.222.253.15 - - [12/Jul/2025:12:57:01 +0000] "GET /wp-sitemap-taxonomies-listivo_4318-1.xml HTTP/1.1" 200 293 "-" "Mozilla/5.0 (compatible; AhrefsBot/7.0; +http://ahrefs.com/robot/)"
51.222.253.12 - - [12/Jul/2025:12:57:03 +0000] "GET /wp-sitemap-taxonomies-listivo_4660-1.xml HTTP/1.1" 200 304 "-" "Mozilla/5.0 (compatible; AhrefsBot/7.0; +http://ahrefs.com/robot/)"
51.222.253.10 - - [12/Jul/2025:12:57:05 +0000] "GET /wp-sitemap-taxonomies-listivo_4657-1.xml HTTP/1.1" 200 228 "-" "Mozilla/5.0 (compatible; AhrefsBot/7.0; +http://ahrefs.com/robot/)"
51.222.253.7 - - [12/Jul/2025:12:57:07 +0000] "GET /wp-sitemap-taxonomies-listivo_2723-1.xml HTTP/1.1" 200 265 "-" "Mozilla/5.0 (compatible; AhrefsBot/7.0; +http://ahrefs.com/robot/)"
209.74.77.214 - - [12/Jul/2025:12:57:17 +0000] "POST /wp-cron.php?doing_wp_cron=1752325037.0775840282440185546875 HTTP/1.1" 200 - "-" "WordPress/6.8.1; https://listingslad.com"
51.222.253.13 - - [12/Jul/2025:12:57:16 +0000] "GET /wp-sitemap-users-1.xml HTTP/1.1" 200 213 "-" "Mozilla/5.0 (compatible; AhrefsBot/7.0; +http://ahrefs.com/robot/)"
209.74.77.214 - - [12/Jul/2025:13:02:27 +0000] "POST /wp-cron.php?doing_wp_cron=1752325347.7941789627075195312500 HTTP/1.1" 200 - "-" "WordPress/6.8.1; https://listingslad.com"
120.55.242.18 - - [12/Jul/2025:13:02:25 +0000] "POST /xmlrpc.php HTTP/1.1" 405 415 "-" "Mozilla/5.0 (Windows NT 10.0; Win64; x64; rv:79.0) Gecko/20100101 Firefox/79.0"
85.95.241.18 - - [12/Jul/2025:13:02:33 +0000] "POST /xmlrpc.php HTTP/1.1" 405 415 "-" "Mozilla/5.0 (Windows NT 5.1; rv:40.0) Gecko/20100101 Firefox/40.0"
209.74.77.214 - - [12/Jul/2025:13:02:46 +0000] "POST /wp-cron.php?doing_wp_cron=1752325366.0714340209960937500000 HTTP/1.1" 200 - "-" "WordPress/6.8.1; https://listingslad.com"
185.98.131.195 - - [12/Jul/2025:13:02:45 +0000] "POST /xmlrpc.php HTTP/1.1" 405 415 "-" "Mozilla/5.0 (Windows NT 10.0; Win64; x64) AppleWebKit/537.36 (KHTML, like Gecko) Chrome/83.0.4103.116 Safari/537.36"
192.210.144.233 - - [12/Jul/2025:13:02:53 +0000] "POST /xmlrpc.php HTTP/1.1" 405 415 "-" "Mozilla/5.0 (Windows NT 6.1; Win64; x64) AppleWebKit/537.36 (KHTML, like Gecko) Chrome/60.0.3112.90 Safari/537.36"
158.101.231.239 - - [12/Jul/2025:13:02:59 +0000] "POST /xmlrpc.php HTTP/1.1" 405 415 "-" "Mozilla/5.0 (Windows NT 10.0; Win64; x64) AppleWebKit/537.36 (KHTML, like Gecko) Chrome/87.0.4280.88 Safari/537.36"
185.98.131.195 - - [12/Jul/2025:13:03:01 +0000] "POST /xmlrpc.php HTTP/1.1" 405 415 "-" "Mozilla/5.0 (Windows NT 10.0; Win64; x64) AppleWebKit/537.36 (KHTML, like Gecko) Chrome/69.0.3497.100 Safari/537.36"
209.74.77.214 - - [12/Jul/2025:13:03:17 +0000] "POST /wp-cron.php?doing_wp_cron=1752325397.7735559940338134765625 HTTP/1.1" 200 - "-" "WordPress/6.8.1; https://listingslad.com"
103.74.119.206 - - [12/Jul/2025:13:03:17 +0000] "POST /xmlrpc.php HTTP/1.1" 405 415 "-" "Mozilla/5.0 (Windows NT 10.0; Win64; x64) AppleWebKit/537.36 (KHTML, like Gecko) Chrome/87.0.4280.141 Safari/537.36"
158.101.231.239 - - [12/Jul/2025:13:03:19 +0000] "POST /xmlrpc.php HTTP/1.1" 405 415 "-" "Mozilla/5.0 (X11; Linux x86_64) AppleWebKit/537.36 (KHTML, like Gecko) Chrome/91.0.4472.114 Safari/537.36"
209.74.77.214 - - [12/Jul/2025:13:03:29 +0000] "POST /wp-cron.php?doing_wp_cron=1752325409.9224030971527099609375 HTTP/1.1" 200 - "-" "WordPress/6.8.1; https://listingslad.com"
158.101.231.239 - - [12/Jul/2025:13:03:29 +0000] "POST /xmlrpc.php HTTP/1.1" 405 415 "-" "Mozilla/5.0 (Linux; Android 10; SM-N960U) AppleWebKit/537.36 (KHTML, like Gecko) Chrome/91.0.4472.114 Mobile Safari/537.36"
158.101.231.239 - - [12/Jul/2025:13:03:34 +0000] "POST /xmlrpc.php HTTP/1.1" 405 415 "-" "Mozilla/5.0 (Linux; Android 10; SM-A205U) AppleWebKit/537.36 (KHTML, like Gecko) Chrome/91.0.4472.114 Mobile Safari/537.36"
209.74.77.214 - - [12/Jul/2025:13:05:51 +0000] "POST /wp-cron.php?doing_wp_cron=1752325551.1881461143493652343750 HTTP/1.1" 200 - "-" "WordPress/6.8.1; https://listingslad.com"
52.167.144.18 - - [12/Jul/2025:13:05:49 +0000] "GET /ads/devices,games-consoles/ HTTP/1.1" 200 66815 "-" "Mozilla/5.0 AppleWebKit/537.36 (KHTML, like Gecko; compatible; bingbot/2.0; +http://www.bing.com/bingbot.htm) Chrome/116.0.1938.76 Safari/537.36"
209.74.77.214 - - [12/Jul/2025:13:27:38 +0000] "POST /wp-cron.php?doing_wp_cron=1752326858.2886259555816650390625 HTTP/1.1" 200 - "-" "WordPress/6.8.1; https://listingslad.com"
66.249.70.98 - - [12/Jul/2025:13:27:35 +0000] "GET /robots.txt HTTP/1.1" 301 - "-" "Mozilla/5.0 (compatible; Googlebot/2.1; +http://www.google.com/bot.html)"
66.249.74.13 - - [12/Jul/2025:13:27:39 +0000] "GET /robots.txt HTTP/1.1" 200 154 "-" "Mozilla/5.0 (compatible; Googlebot/2.1; +http://www.google.com/bot.html)"
209.74.77.214 - - [12/Jul/2025:13:27:50 +0000] "POST /wp-cron.php?doing_wp_cron=1752326870.0120038986206054687500 HTTP/1.1" 200 - "-" "WordPress/6.8.1; https://listingslad.com"
66.249.70.98 - - [12/Jul/2025:13:27:49 +0000] "GET / HTTP/1.1" 301 - "-" "Mozilla/5.0 (Linux; Android 6.0.1; Nexus 5X Build/MMB29P) AppleWebKit/537.36 (KHTML, like Gecko) Chrome/137.0.7151.103 Mobile Safari/537.36 (compatible; Googlebot/2.1; +http://www.google.com/bot.html)"
209.74.77.214 - - [12/Jul/2025:13:49:34 +0000] "POST /wp-cron.php?doing_wp_cron=1752328174.6678240299224853515625 HTTP/1.1" 200 - "-" "WordPress/6.8.1; https://listingslad.com"
44.212.131.50 - - [12/Jul/2025:13:49:32 +0000] "GET /robots.txt HTTP/1.1" 200 154 "-" "Mozilla/5.0 AppleWebKit/537.36 (KHTML, like Gecko; compatible; Amazonbot/0.1; +https://developer.amazon.com/support/amazonbot) Chrome/119.0.6045.214 Safari/537.36"
44.212.131.50 - - [12/Jul/2025:13:49:34 +0000] "GET /ads/ HTTP/1.1" 200 71797 "-" "Mozilla/5.0 AppleWebKit/537.36 (KHTML, like Gecko; compatible; Amazonbot/0.1; +https://developer.amazon.com/support/amazonbot) Chrome/119.0.6045.214 Safari/537.36"
72.240.238.243 - - [12/Jul/2025:13:49:36 +0000] "POST /xmlrpc.php HTTP/1.1" 405 415 "-" "Mozilla/5.0 (X11; Ubuntu; Linux x86_64; x64) AppleWebKit/537.36 (KHTML, like Gecko) Safari/10.0.0.0 Safari/537.36"
209.74.77.214 - - [12/Jul/2025:13:52:14 +0000] "POST /wp-cron.php?doing_wp_cron=1752328334.5510990619659423828125 HTTP/1.1" 200 - "-" "WordPress/6.8.1; https://listingslad.com"
51.222.253.12 - - [12/Jul/2025:13:52:12 +0000] "GET /tag/technology/ HTTP/1.1" 200 44141 "-" "Mozilla/5.0 (compatible; AhrefsBot/7.0; +http://ahrefs.com/robot/)"
209.74.77.214 - - [12/Jul/2025:14:19:06 +0000] "POST /wp-cron.php?doing_wp_cron=1752329946.7846279144287109375000 HTTP/1.1" 200 - "-" "WordPress/6.8.1; https://listingslad.com"
52.45.29.57 - - [12/Jul/2025:14:19:04 +0000] "GET /ads/pets,cats/ HTTP/1.1" 200 66765 "-" "Mozilla/5.0 AppleWebKit/537.36 (KHTML, like Gecko; compatible; Amazonbot/0.1; +https://developer.amazon.com/support/amazonbot) Chrome/119.0.6045.214 Safari/537.36"
209.74.77.214 - - [12/Jul/2025:14:20:07 +0000] "POST /wp-cron.php?doing_wp_cron=1752330007.2312951087951660156250 HTTP/1.1" 200 - "-" "WordPress/6.8.1; https://listingslad.com"
134.17.14.12 - - [12/Jul/2025:14:20:05 +0000] "GET /wp-content/plugins/yanierin/akc.php?p= HTTP/1.1" 301 - "-" "Mozilla/5.0 (Windows NT 10.0; Win64; x64; rv:140.0) Gecko/20100101 Firefox/140.0"
134.17.14.12 - - [12/Jul/2025:14:20:07 +0000] "GET /wp-content/plugins/yanierin/akc.php HTTP/1.1" 404 65029 "-" "Mozilla/5.0 (Windows NT 10.0; Win64; x64; rv:140.0) Gecko/20100101 Firefox/140.0"
209.74.77.214 - - [12/Jul/2025:14:20:22 +0000] "POST /wp-cron.php?doing_wp_cron=1752330022.4882628917694091796875 HTTP/1.1" 200 - "-" "WordPress/6.8.1; https://listingslad.com"
51.222.253.16 - - [12/Jul/2025:14:20:22 +0000] "GET /ad/garden-waste-services/ HTTP/1.1" 200 67829 "-" "Mozilla/5.0 (compatible; AhrefsBot/7.0; +http://ahrefs.com/robot/)"
209.74.77.214 - - [12/Jul/2025:14:48:52 +0000] "POST /wp-cron.php?doing_wp_cron=1752331732.0593020915985107421875 HTTP/1.1" 200 - "-" "WordPress/6.8.1; https://listingslad.com"
51.222.253.12 - - [12/Jul/2025:14:48:49 +0000] "GET /product/package-max-2/ HTTP/1.1" 200 55741 "-" "Mozilla/5.0 (compatible; AhrefsBot/7.0; +http://ahrefs.com/robot/)"
180.110.203.108 - - [12/Jul/2025:14:55:53 +0000] "GET / HTTP/1.1" 200 61124 "http://listingslad.com" "Mozilla/5.0 (iPhone; CPU iPhone OS 13_2_3 like Mac OS X) AppleWebKit/605.1.15 (KHTML, like Gecko) Version/13.0.3 Mobile/15E148 Safari/604.1"
209.74.77.214 - - [12/Jul/2025:14:59:42 +0000] "POST /wp-cron.php?doing_wp_cron=1752332382.6166698932647705078125 HTTP/1.1" 200 - "-" "WordPress/6.8.1; https://listingslad.com"
152.53.141.127 - - [12/Jul/2025:14:59:42 +0000] "POST /wp-comments-post.php HTTP/1.1" 302 - "-" "Mozilla/5.0 (Windows NT 10.0; Win64; x64) AppleWebKit/537.36 (KHTML, like Gecko) Chrome/120.0.0.0 Safari/537.36"
209.74.77.214 - - [12/Jul/2025:14:59:42 +0000] "GET /wp-json/jetpack/v4/sync/spawn-sync?time=1752332382&request_lock_id=1752332382.718 HTTP/1.1" 200 37 "-" "WordPress/6.8.1; https://listingslad.com"
209.74.77.214 - - [12/Jul/2025:15:00:08 +0000] "POST /wp-cron.php?doing_wp_cron=1752332408.5507431030273437500000 HTTP/1.1" 200 - "-" "WordPress/6.8.1; https://listingslad.com"
152.53.141.127 - - [12/Jul/2025:15:00:08 +0000] "POST /wp-comments-post.php HTTP/1.1" 302 - "-" "Mozilla/5.0 (Windows NT 10.0; Win64; x64) AppleWebKit/537.36 (KHTML, like Gecko) Chrome/120.0.0.0 Safari/537.36"
209.74.77.214 - - [12/Jul/2025:15:00:08 +0000] "GET /wp-json/jetpack/v4/sync/spawn-sync?time=1752332408&request_lock_id=1752332408.652 HTTP/1.1" 200 37 "-" "WordPress/6.8.1; https://listingslad.com"
209.74.77.214 - - [12/Jul/2025:15:00:34 +0000] "POST /wp-cron.php?doing_wp_cron=1752332434.3981890678405761718750 HTTP/1.1" 200 - "-" "WordPress/6.8.1; https://listingslad.com"
152.53.141.127 - - [12/Jul/2025:15:00:34 +0000] "POST /wp-comments-post.php HTTP/1.1" 302 - "-" "Mozilla/5.0 (Windows NT 10.0; Win64; x64) AppleWebKit/537.36 (KHTML, like Gecko) Chrome/120.0.0.0 Safari/537.36"
209.74.77.214 - - [12/Jul/2025:15:00:34 +0000] "GET /wp-json/jetpack/v4/sync/spawn-sync?time=1752332434&request_lock_id=1752332434.489 HTTP/1.1" 200 37 "-" "WordPress/6.8.1; https://listingslad.com"
152.53.141.127 - - [12/Jul/2025:15:00:59 +0000] "POST /wp-comments-post.php HTTP/1.1" 302 - "-" "Mozilla/5.0 (Windows NT 10.0; Win64; x64) AppleWebKit/537.36 (KHTML, like Gecko) Chrome/120.0.0.0 Safari/537.36"
209.74.77.214 - - [12/Jul/2025:15:00:59 +0000] "GET /wp-json/jetpack/v4/sync/spawn-sync?time=1752332459&request_lock_id=1752332459.3313 HTTP/1.1" 200 37 "-" "WordPress/6.8.1; https://listingslad.com"
209.74.77.214 - - [12/Jul/2025:15:01:24 +0000] "POST /wp-cron.php?doing_wp_cron=1752332484.1677389144897460937500 HTTP/1.1" 200 - "-" "WordPress/6.8.1; https://listingslad.com"
152.53.141.127 - - [12/Jul/2025:15:01:24 +0000] "POST /wp-comments-post.php HTTP/1.1" 302 - "-" "Mozilla/5.0 (Windows NT 10.0; Win64; x64) AppleWebKit/537.36 (KHTML, like Gecko) Chrome/120.0.0.0 Safari/537.36"
209.74.77.214 - - [12/Jul/2025:15:01:24 +0000] "GET /wp-json/jetpack/v4/sync/spawn-sync?time=1752332484&request_lock_id=1752332484.2381 HTTP/1.1" 200 37 "-" "WordPress/6.8.1; https://listingslad.com"
209.74.77.214 - - [12/Jul/2025:15:01:48 +0000] "POST /wp-cron.php?doing_wp_cron=1752332508.7282969951629638671875 HTTP/1.1" 200 - "-" "WordPress/6.8.1; https://listingslad.com"
152.53.141.127 - - [12/Jul/2025:15:01:48 +0000] "POST /wp-comments-post.php HTTP/1.1" 302 - "-" "Mozilla/5.0 (Windows NT 10.0; Win64; x64) AppleWebKit/537.36 (KHTML, like Gecko) Chrome/120.0.0.0 Safari/537.36"
209.74.77.214 - - [12/Jul/2025:15:01:48 +0000] "GET /wp-json/jetpack/v4/sync/spawn-sync?time=1752332508&request_lock_id=1752332508.7912 HTTP/1.1" 200 37 "-" "WordPress/6.8.1; https://listingslad.com"
209.74.77.214 - - [12/Jul/2025:15:02:13 +0000] "POST /wp-cron.php?doing_wp_cron=1752332533.5798339843750000000000 HTTP/1.1" 200 - "-" "WordPress/6.8.1; https://listingslad.com"
152.53.141.127 - - [12/Jul/2025:15:02:13 +0000] "POST /wp-comments-post.php HTTP/1.1" 302 - "-" "Mozilla/5.0 (Windows NT 10.0; Win64; x64) AppleWebKit/537.36 (KHTML, like Gecko) Chrome/120.0.0.0 Safari/537.36"
209.74.77.214 - - [12/Jul/2025:15:02:13 +0000] "GET /wp-json/jetpack/v4/sync/spawn-sync?time=1752332533&request_lock_id=1752332533.6485 HTTP/1.1" 200 37 "-" "WordPress/6.8.1; https://listingslad.com"
209.74.77.214 - - [12/Jul/2025:15:18:11 +0000] "POST /wp-cron.php?doing_wp_cron=1752333491.7180058956146240234375 HTTP/1.1" 200 - "-" "WordPress/6.8.1; https://listingslad.com"
195.2.81.242 - - [12/Jul/2025:15:18:09 +0000] "GET / HTTP/1.1" 301 - "-" "Mozilla/5.0 (Macintosh; Intel Mac OS X 10_15_7) AppleWebKit/537.36 (KHTML, like Gecko) Chrome/133.0.0.0 Safari/537.36"
195.2.81.242 - - [12/Jul/2025:15:18:12 +0000] "GET / HTTP/1.1" 200 61123 "https://LISTINGSLAD.COM" "Mozilla/5.0 (Macintosh; Intel Mac OS X 10_15_7) AppleWebKit/537.36 (KHTML, like Gecko) Chrome/133.0.0.0 Safari/537.36"
41.220.113.194 - - [12/Jul/2025:15:18:24 +0000] "POST / HTTP/1.1" 200 61253 "-" "Mozilla/5.0 (Macintosh; Intel Mac OS X 10_15_7) AppleWebKit/537.36 (KHTML, like Gecko) Chrome/133.0.0.0 Safari/537.36"
209.74.77.214 - - [12/Jul/2025:15:18:37 +0000] "POST /wp-cron.php?doing_wp_cron=1752333517.4237809181213378906250 HTTP/1.1" 200 - "-" "WordPress/6.8.1; https://listingslad.com"
41.220.113.194 - - [12/Jul/2025:15:18:37 +0000] "POST / HTTP/1.1" 200 61071 "-" "Mozilla/5.0 (Windows NT 10.0; Win64; x64) AppleWebKit/537.36 (KHTML, like Gecko) Chrome/120.0.0.0 Safari/537.36"
209.74.77.214 - - [12/Jul/2025:15:18:53 +0000] "POST /wp-cron.php?doing_wp_cron=1752333533.0301558971405029296875 HTTP/1.1" 200 - "-" "WordPress/6.8.1; https://listingslad.com"
195.2.81.242 - - [12/Jul/2025:15:18:52 +0000] "GET /panel/create/ HTTP/1.1" 200 62677 "-" "Mozilla/5.0 (Macintosh; Intel Mac OS X 10_15_7) AppleWebKit/537.36 (KHTML, like Gecko) Chrome/133.0.0.0 Safari/537.36"
195.2.81.242 - - [12/Jul/2025:15:18:54 +0000] "GET /blog/ HTTP/1.1" 200 45187 "-" "Mozilla/5.0 (Macintosh; Intel Mac OS X 10_15_7) AppleWebKit/537.36 (KHTML, like Gecko) Chrome/133.0.0.0 Safari/537.36"
41.220.113.194 - - [12/Jul/2025:15:19:04 +0000] "POST /blog/ HTTP/1.1" 200 45313 "-" "Mozilla/5.0 (Macintosh; Intel Mac OS X 10_15_7) AppleWebKit/537.36 (KHTML, like Gecko) Chrome/133.0.0.0 Safari/537.36"
209.74.77.214 - - [12/Jul/2025:15:19:24 +0000] "POST /wp-cron.php?doing_wp_cron=1752333564.0667419433593750000000 HTTP/1.1" 200 - "-" "WordPress/6.8.1; https://listingslad.com"
41.220.113.194 - - [12/Jul/2025:15:19:23 +0000] "POST /blog/ HTTP/1.1" 200 45136 "-" "Mozilla/5.0 (Windows NT 10.0; Win64; x64) AppleWebKit/537.36 (KHTML, like Gecko) Chrome/120.0.0.0 Safari/537.36"
209.74.77.214 - - [12/Jul/2025:15:19:35 +0000] "POST /wp-cron.php?doing_wp_cron=1752333575.9221498966217041015625 HTTP/1.1" 200 - "-" "WordPress/6.8.1; https://listingslad.com"
195.2.81.242 - - [12/Jul/2025:15:19:35 +0000] "GET /we-knew-it-we-had-left-the-ground/ HTTP/1.1" 200 50350 "-" "Mozilla/5.0 (Macintosh; Intel Mac OS X 10_15_7) AppleWebKit/537.36 (KHTML, like Gecko) Chrome/133.0.0.0 Safari/537.36"
209.74.77.214 - - [12/Jul/2025:15:19:43 +0000] "POST /wp-cron.php?doing_wp_cron=1752333583.6049098968505859375000 HTTP/1.1" 200 - "-" "WordPress/6.8.1; https://listingslad.com"
41.220.113.194 - - [12/Jul/2025:15:19:43 +0000] "POST /wp-comments-post.php HTTP/1.1" 200 1106 "-" "Mozilla/5.0 (Macintosh; Intel Mac OS X 10_15_7) AppleWebKit/537.36 (KHTML, like Gecko) Chrome/133.0.0.0 Safari/537.36"
209.74.77.214 - - [12/Jul/2025:15:19:50 +0000] "POST /wp-cron.php?doing_wp_cron=1752333590.3973369598388671875000 HTTP/1.1" 200 - "-" "WordPress/6.8.1; https://listingslad.com"
41.220.113.194 - - [12/Jul/2025:15:19:50 +0000] "POST /wp-comments-post.php HTTP/1.1" 200 - "-" "Mozilla/5.0 (Windows NT 10.0; Win64; x64) AppleWebKit/537.36 (KHTML, like Gecko) Chrome/120.0.0.0 Safari/537.36"
41.220.113.194 - - [12/Jul/2025:15:19:54 +0000] "POST /we-knew-it-we-had-left-the-ground/ HTTP/1.1" 200 50480 "-" "Mozilla/5.0 (Macintosh; Intel Mac OS X 10_15_7) AppleWebKit/537.36 (KHTML, like Gecko) Chrome/133.0.0.0 Safari/537.36"
209.74.77.214 - - [12/Jul/2025:15:20:18 +0000] "POST /wp-cron.php?doing_wp_cron=1752333618.3661830425262451171875 HTTP/1.1" 200 - "-" "WordPress/6.8.1; https://listingslad.com"
41.220.113.194 - - [12/Jul/2025:15:20:18 +0000] "POST /we-knew-it-we-had-left-the-ground/ HTTP/1.1" 200 50298 "-" "Mozilla/5.0 (Windows NT 10.0; Win64; x64) AppleWebKit/537.36 (KHTML, like Gecko) Chrome/120.0.0.0 Safari/537.36"
209.74.77.214 - - [12/Jul/2025:15:20:31 +0000] "POST /wp-cron.php?doing_wp_cron=1752333631.6577479839324951171875 HTTP/1.1" 200 - "-" "WordPress/6.8.1; https://listingslad.com"
195.2.81.242 - - [12/Jul/2025:15:20:31 +0000] "GET /blog/?pagination=1 HTTP/1.1" 200 45187 "-" "Mozilla/5.0 (Macintosh; Intel Mac OS X 10_15_7) AppleWebKit/537.36 (KHTML, like Gecko) Chrome/133.0.0.0 Safari/537.36"
41.220.113.194 - - [12/Jul/2025:15:20:36 +0000] "POST /blog/?pagination=1 HTTP/1.1" 200 45314 "-" "Mozilla/5.0 (Macintosh; Intel Mac OS X 10_15_7) AppleWebKit/537.36 (KHTML, like Gecko) Chrome/133.0.0.0 Safari/537.36"
209.74.77.214 - - [12/Jul/2025:15:21:04 +0000] "POST /wp-cron.php?doing_wp_cron=1752333664.0158898830413818359375 HTTP/1.1" 200 - "-" "WordPress/6.8.1; https://listingslad.com"
41.220.113.194 - - [12/Jul/2025:15:21:03 +0000] "POST /blog/?pagination=1 HTTP/1.1" 200 45137 "-" "Mozilla/5.0 (Windows NT 10.0; Win64; x64) AppleWebKit/537.36 (KHTML, like Gecko) Chrome/120.0.0.0 Safari/537.36"
209.74.77.214 - - [12/Jul/2025:15:21:13 +0000] "POST /wp-cron.php?doing_wp_cron=1752333672.9909648895263671875000 HTTP/1.1" 200 - "-" "WordPress/6.8.1; https://listingslad.com"
195.2.81.242 - - [12/Jul/2025:15:21:12 +0000] "GET /blog/?pagination=2 HTTP/1.1" 200 44886 "-" "Mozilla/5.0 (Macintosh; Intel Mac OS X 10_15_7) AppleWebKit/537.36 (KHTML, like Gecko) Chrome/133.0.0.0 Safari/537.36"
41.220.113.194 - - [12/Jul/2025:15:21:15 +0000] "POST /blog/?pagination=2 HTTP/1.1" 200 45010 "-" "Mozilla/5.0 (Macintosh; Intel Mac OS X 10_15_7) AppleWebKit/537.36 (KHTML, like Gecko) Chrome/133.0.0.0 Safari/537.36"
41.220.113.194 - - [12/Jul/2025:15:21:18 +0000] "POST /blog/?pagination=2 HTTP/1.1" 200 44835 "-" "Mozilla/5.0 (Windows NT 10.0; Win64; x64) AppleWebKit/537.36 (KHTML, like Gecko) Chrome/120.0.0.0 Safari/537.36"
195.2.81.242 - - [12/Jul/2025:15:21:21 +0000] "GET /tag/baby-accessories/ HTTP/1.1" 200 44395 "-" "Mozilla/5.0 (Macintosh; Intel Mac OS X 10_15_7) AppleWebKit/537.36 (KHTML, like Gecko) Chrome/133.0.0.0 Safari/537.36"
41.220.113.194 - - [12/Jul/2025:15:21:24 +0000] "POST /tag/baby-accessories/ HTTP/1.1" 200 44521 "-" "Mozilla/5.0 (Macintosh; Intel Mac OS X 10_15_7) AppleWebKit/537.36 (KHTML, like Gecko) Chrome/133.0.0.0 Safari/537.36"
209.74.77.214 - - [12/Jul/2025:15:21:28 +0000] "POST /wp-cron.php?doing_wp_cron=1752333688.2912409305572509765625 HTTP/1.1" 200 - "-" "WordPress/6.8.1; https://listingslad.com"
41.220.113.194 - - [12/Jul/2025:15:21:28 +0000] "POST /tag/baby-accessories/ HTTP/1.1" 200 44344 "-" "Mozilla/5.0 (Windows NT 10.0; Win64; x64) AppleWebKit/537.36 (KHTML, like Gecko) Chrome/120.0.0.0 Safari/537.36"
195.2.81.242 - - [12/Jul/2025:15:21:31 +0000] "GET /tag/technology/ HTTP/1.1" 200 44142 "-" "Mozilla/5.0 (Macintosh; Intel Mac OS X 10_15_7) AppleWebKit/537.36 (KHTML, like Gecko) Chrome/133.0.0.0 Safari/537.36"
41.220.113.194 - - [12/Jul/2025:15:21:33 +0000] "POST /tag/technology/ HTTP/1.1" 200 44269 "-" "Mozilla/5.0 (Macintosh; Intel Mac OS X 10_15_7) AppleWebKit/537.36 (KHTML, like Gecko) Chrome/133.0.0.0 Safari/537.36"
41.220.113.194 - - [12/Jul/2025:15:21:37 +0000] "POST /tag/technology/ HTTP/1.1" 200 44092 "-" "Mozilla/5.0 (Windows NT 10.0; Win64; x64) AppleWebKit/537.36 (KHTML, like Gecko) Chrome/120.0.0.0 Safari/537.36"
195.2.81.242 - - [12/Jul/2025:15:21:39 +0000] "GET /contact-us/ HTTP/1.1" 200 43319 "-" "Mozilla/5.0 (Macintosh; Intel Mac OS X 10_15_7) AppleWebKit/537.36 (KHTML, like Gecko) Chrome/133.0.0.0 Safari/537.36"
209.74.77.214 - - [12/Jul/2025:15:21:42 +0000] "POST /wp-cron.php?doing_wp_cron=1752333702.2590649127960205078125 HTTP/1.1" 200 - "-" "WordPress/6.8.1; https://listingslad.com"
41.220.113.194 - - [12/Jul/2025:15:21:42 +0000] "POST /contact-us/ HTTP/1.1" 200 43417 "-" "Mozilla/5.0 (Macintosh; Intel Mac OS X 10_15_7) AppleWebKit/537.36 (KHTML, like Gecko) Chrome/133.0.0.0 Safari/537.36"
209.74.77.214 - - [12/Jul/2025:15:21:45 +0000] "POST /wp-cron.php?doing_wp_cron=1752333705.4914240837097167968750 HTTP/1.1" 200 - "-" "WordPress/6.8.1; https://listingslad.com"
41.220.113.194 - - [12/Jul/2025:15:21:45 +0000] "POST /contact-us/ HTTP/1.1" 200 43266 "-" "Mozilla/5.0 (Windows NT 10.0; Win64; x64) AppleWebKit/537.36 (KHTML, like Gecko) Chrome/120.0.0.0 Safari/537.36"
209.74.77.214 - - [12/Jul/2025:15:21:48 +0000] "POST /wp-cron.php?doing_wp_cron=1752333708.3639080524444580078125 HTTP/1.1" 200 - "-" "WordPress/6.8.1; https://listingslad.com"
195.2.81.242 - - [12/Jul/2025:15:21:48 +0000] "GET /login-register/ HTTP/1.1" 200 50593 "-" "Mozilla/5.0 (Macintosh; Intel Mac OS X 10_15_7) AppleWebKit/537.36 (KHTML, like Gecko) Chrome/133.0.0.0 Safari/537.36"
195.2.81.242 - - [12/Jul/2025:15:21:49 +0000] "GET /login-register/?tab=login HTTP/1.1" 200 50593 "-" "Mozilla/5.0 (Macintosh; Intel Mac OS X 10_15_7) AppleWebKit/537.36 (KHTML, like Gecko) Chrome/133.0.0.0 Safari/537.36"
195.2.81.242 - - [12/Jul/2025:15:21:50 +0000] "GET /login-register/?tab=register HTTP/1.1" 200 50595 "-" "Mozilla/5.0 (Macintosh; Intel Mac OS X 10_15_7) AppleWebKit/537.36 (KHTML, like Gecko) Chrome/133.0.0.0 Safari/537.36"
209.74.77.214 - - [12/Jul/2025:15:32:01 +0000] "POST /wp-cron.php?doing_wp_cron=1752334321.0882010459899902343750 HTTP/1.1" 200 - "-" "WordPress/6.8.1; https://listingslad.com"
66.249.74.15 - - [12/Jul/2025:15:31:58 +0000] "GET / HTTP/1.1" 200 61122 "-" "Mozilla/5.0 (Linux; Android 6.0.1; Nexus 5X Build/MMB29P) AppleWebKit/537.36 (KHTML, like Gecko) Chrome/137.0.7151.103 Mobile Safari/537.36 (compatible; Googlebot/2.1; +http://www.google.com/bot.html)"
66.249.74.13 - - [12/Jul/2025:15:32:11 +0000] "GET /wp-includes/js/mediaelement/wp-mediaelement.min.css?ver=6.8.1 HTTP/1.1" 200 1156 "https://listingslad.com/" "Mozilla/5.0 (Linux; Android 6.0.1; Nexus 5X Build/MMB29P) AppleWebKit/537.36 (KHTML, like Gecko) Chrome/137.0.7151.119 Mobile Safari/537.36 (compatible; Googlebot/2.1; +http://www.google.com/bot.html)"
66.249.74.13 - - [12/Jul/2025:15:32:11 +0000] "GET /wp-content/plugins/contact-form-7/includes/css/styles.css?ver=6.1 HTTP/1.1" 200 1031 "https://listingslad.com/" "Mozilla/5.0 (Linux; Android 6.0.1; Nexus 5X Build/MMB29P) AppleWebKit/537.36 (KHTML, like Gecko) Chrome/137.0.7151.119 Mobile Safari/537.36 (compatible; Googlebot/2.1; +http://www.google.com/bot.html)"
66.249.74.13 - - [12/Jul/2025:15:32:12 +0000] "GET /wp-content/plugins/listivo-core/framework/assets/css/dropzone.min.css?ver=6.8.1 HTTP/1.1" 200 2099 "https://listingslad.com/" "Mozilla/5.0 (Linux; Android 6.0.1; Nexus 5X Build/MMB29P) AppleWebKit/537.36 (KHTML, like Gecko) Chrome/137.0.7151.119 Mobile Safari/537.36 (compatible; Googlebot/2.1; +http://www.google.com/bot.html)"
66.249.74.13 - - [12/Jul/2025:15:32:12 +0000] "GET /wp-content/plugins/elementor/assets/css/widget-text-editor.min.css?ver=3.30.2 HTTP/1.1" 200 276 "https://listingslad.com/" "Mozilla/5.0 (Linux; Android 6.0.1; Nexus 5X Build/MMB29P) AppleWebKit/537.36 (KHTML, like Gecko) Chrome/137.0.7151.119 Mobile Safari/537.36 (compatible; Googlebot/2.1; +http://www.google.com/bot.html)"
66.249.74.13 - - [12/Jul/2025:15:32:12 +0000] "GET /wp-content/uploads/elementor/google-fonts/css/lexenddeca.css?ver=1742256853 HTTP/1.1" 200 628 "https://listingslad.com/" "Mozilla/5.0 (Linux; Android 6.0.1; Nexus 5X Build/MMB29P) AppleWebKit/537.36 (KHTML, like Gecko) Chrome/137.0.7151.119 Mobile Safari/537.36 (compatible; Googlebot/2.1; +http://www.google.com/bot.html)"
66.249.74.14 - - [12/Jul/2025:15:32:12 +0000] "GET /wp-includes/js/jquery/jquery-migrate.min.js?ver=3.4.1 HTTP/1.1" 200 4872 "https://listingslad.com/" "Mozilla/5.0 (Linux; Android 6.0.1; Nexus 5X Build/MMB29P) AppleWebKit/537.36 (KHTML, like Gecko) Chrome/137.0.7151.119 Mobile Safari/537.36 (compatible; Googlebot/2.1; +http://www.google.com/bot.html)"
66.249.74.13 - - [12/Jul/2025:15:32:12 +0000] "GET /wp-includes/js/dist/script-modules/interactivity/index.min.js?ver=55aebb6e0a16726baffb HTTP/1.1" 200 14072 "https://listingslad.com/" "Mozilla/5.0 (Linux; Android 6.0.1; Nexus 5X Build/MMB29P) AppleWebKit/537.36 (KHTML, like Gecko) Chrome/137.0.7151.119 Mobile Safari/537.36 (compatible; Googlebot/2.1; +http://www.google.com/bot.html)"
66.249.74.14 - - [12/Jul/2025:15:32:12 +0000] "GET /wp-content/plugins/elementor/assets/lib/font-awesome/css/solid.min.css?ver=5.15.3 HTTP/1.1" 200 309 "https://listingslad.com/" "Mozilla/5.0 (Linux; Android 6.0.1; Nexus 5X Build/MMB29P) AppleWebKit/537.36 (KHTML, like Gecko) Chrome/137.0.7151.119 Mobile Safari/537.36 (compatible; Googlebot/2.1; +http://www.google.com/bot.html)"
66.249.74.13 - - [12/Jul/2025:15:32:13 +0000] "GET /wp-content/plugins/elementor/assets/lib/eicons/css/elementor-icons.min.css?ver=5.43.0 HTTP/1.1" 200 4349 "https://listingslad.com/" "Mozilla/5.0 (Linux; Android 6.0.1; Nexus 5X Build/MMB29P) AppleWebKit/537.36 (KHTML, like Gecko) Chrome/137.0.7151.119 Mobile Safari/537.36 (compatible; Googlebot/2.1; +http://www.google.com/bot.html)"
66.249.74.13 - - [12/Jul/2025:15:32:13 +0000] "GET /wp-includes/js/jquery/jquery.min.js?ver=3.7.1 HTTP/1.1" 200 30368 "https://listingslad.com/" "Mozilla/5.0 (Linux; Android 6.0.1; Nexus 5X Build/MMB29P) AppleWebKit/537.36 (KHTML, like Gecko) Chrome/137.0.7151.119 Mobile Safari/537.36 (compatible; Googlebot/2.1; +http://www.google.com/bot.html)"
66.249.74.13 - - [12/Jul/2025:15:32:13 +0000] "GET /wp-content/plugins/listivo-core/assets/css/sweetalert2.min.css?ver=11.0.12 HTTP/1.1" 200 4176 "https://listingslad.com/" "Mozilla/5.0 (Linux; Android 6.0.1; Nexus 5X Build/MMB29P) AppleWebKit/537.36 (KHTML, like Gecko) Chrome/137.0.7151.119 Mobile Safari/537.36 (compatible; Googlebot/2.1; +http://www.google.com/bot.html)"
66.249.74.13 - - [12/Jul/2025:15:32:13 +0000] "GET /wp-includes/js/dist/i18n.min.js?ver=5e580eb46a90c2b997e6 HTTP/1.1" 200 3667 "https://listingslad.com/" "Mozilla/5.0 (Linux; Android 6.0.1; Nexus 5X Build/MMB29P) AppleWebKit/537.36 (KHTML, like Gecko) Chrome/137.0.7151.119 Mobile Safari/537.36 (compatible; Googlebot/2.1; +http://www.google.com/bot.html)"
66.249.74.13 - - [12/Jul/2025:15:32:13 +0000] "GET /wp-content/plugins/contact-form-7/includes/js/index.js?ver=6.1 HTTP/1.1" 200 4265 "https://listingslad.com/" "Mozilla/5.0 (Linux; Android 6.0.1; Nexus 5X Build/MMB29P) AppleWebKit/537.36 (KHTML, like Gecko) Chrome/137.0.7151.119 Mobile Safari/537.36 (compatible; Googlebot/2.1; +http://www.google.com/bot.html)"
66.249.74.13 - - [12/Jul/2025:15:32:13 +0000] "GET /wp-includes/js/mediaelement/mediaelementplayer-legacy.min.css?ver=4.2.17 HTTP/1.1" 200 2592 "https://listingslad.com/" "Mozilla/5.0 (Linux; Android 6.0.1; Nexus 5X Build/MMB29P) AppleWebKit/537.36 (KHTML, like Gecko) Chrome/137.0.7151.119 Mobile Safari/537.36 (compatible; Googlebot/2.1; +http://www.google.com/bot.html)"
66.249.74.14 - - [12/Jul/2025:15:32:14 +0000] "GET /wp-content/plugins/listivo-core/framework/assets/js/lazysizes.min.js?ver=5.3.2 HTTP/1.1" 200 4077 "https://listingslad.com/" "Mozilla/5.0 (Linux; Android 6.0.1; Nexus 5X Build/MMB29P) AppleWebKit/537.36 (KHTML, like Gecko) Chrome/137.0.7151.119 Mobile Safari/537.36 (compatible; Googlebot/2.1; +http://www.google.com/bot.html)"
66.249.74.14 - - [12/Jul/2025:15:32:14 +0000] "GET /wp-includes/js/jquery/jquery.min.js?ver=3.7.1 HTTP/1.1" 200 30368 "https://listingslad.com/" "Mozilla/5.0 (Linux; Android 6.0.1; Nexus 5X Build/MMB29P) AppleWebKit/537.36 (KHTML, like Gecko) Chrome/137.0.7151.119 Mobile Safari/537.36 (compatible; Googlebot/2.1; +http://www.google.com/bot.html)"
66.249.74.14 - - [12/Jul/2025:15:32:14 +0000] "GET /wp-content/plugins/elementor/assets/css/widget-spacer.min.css?ver=3.30.2 HTTP/1.1" 200 369 "https://listingslad.com/" "Mozilla/5.0 (Linux; Android 6.0.1; Nexus 5X Build/MMB29P) AppleWebKit/537.36 (KHTML, like Gecko) Chrome/137.0.7151.119 Mobile Safari/537.36 (compatible; Googlebot/2.1; +http://www.google.com/bot.html)"
66.249.74.13 - - [12/Jul/2025:15:32:14 +0000] "GET /wp-content/plugins/elementor/assets/css/widget-text-editor.min.css?ver=3.30.2 HTTP/1.1" 200 276 "https://listingslad.com/" "Mozilla/5.0 (Linux; Android 6.0.1; Nexus 5X Build/MMB29P) AppleWebKit/537.36 (KHTML, like Gecko) Chrome/137.0.7151.119 Mobile Safari/537.36 (compatible; Googlebot/2.1; +http://www.google.com/bot.html)"
66.249.74.13 - - [12/Jul/2025:15:32:14 +0000] "GET /wp-content/plugins/listivo-core/assets/css/sweetalert2.min.css?ver=11.0.12 HTTP/1.1" 200 4176 "https://listingslad.com/" "Mozilla/5.0 (Linux; Android 6.0.1; Nexus 5X Build/MMB29P) AppleWebKit/537.36 (KHTML, like Gecko) Chrome/137.0.7151.119 Mobile Safari/537.36 (compatible; Googlebot/2.1; +http://www.google.com/bot.html)"
66.249.74.14 - - [12/Jul/2025:15:32:14 +0000] "GET /wp-content/plugins/woocommerce/assets/client/blocks/wc-blocks.css?ver=wc-9.9.5 HTTP/1.1" 200 2575 "https://listingslad.com/" "Mozilla/5.0 (Linux; Android 6.0.1; Nexus 5X Build/MMB29P) AppleWebKit/537.36 (KHTML, like Gecko) Chrome/137.0.7151.119 Mobile Safari/537.36 (compatible; Googlebot/2.1; +http://www.google.com/bot.html)"
66.249.74.14 - - [12/Jul/2025:15:32:14 +0000] "GET /wp-content/plugins/elementor/assets/css/frontend.min.css?ver=3.30.2 HTTP/1.1" 200 7117 "https://listingslad.com/" "Mozilla/5.0 (Linux; Android 6.0.1; Nexus 5X Build/MMB29P) AppleWebKit/537.36 (KHTML, like Gecko) Chrome/137.0.7151.119 Mobile Safari/537.36 (compatible; Googlebot/2.1; +http://www.google.com/bot.html)"
66.249.74.13 - - [12/Jul/2025:15:32:15 +0000] "GET /wp-content/plugins/listivo-core/assets/js/sweetalert2.min.js?ver=11.0.12 HTTP/1.1" 200 13164 "https://listingslad.com/" "Mozilla/5.0 (Linux; Android 6.0.1; Nexus 5X Build/MMB29P) AppleWebKit/537.36 (KHTML, like Gecko) Chrome/137.0.7151.119 Mobile Safari/537.36 (compatible; Googlebot/2.1; +http://www.google.com/bot.html)"
66.249.74.13 - - [12/Jul/2025:15:32:15 +0000] "GET /wp-content/plugins/mailchimp-for-wp/assets/js/forms.js?ver=4.10.5 HTTP/1.1" 200 2591 "https://listingslad.com/" "Mozilla/5.0 (Linux; Android 6.0.1; Nexus 5X Build/MMB29P) AppleWebKit/537.36 (KHTML, like Gecko) Chrome/137.0.7151.119 Mobile Safari/537.36 (compatible; Googlebot/2.1; +http://www.google.com/bot.html)"
66.249.74.13 - - [12/Jul/2025:15:32:15 +0000] "GET /wp-content/plugins/elementor/assets/lib/swiper/v8/swiper.min.js?ver=8.4.5 HTTP/1.1" 200 39695 "https://listingslad.com/" "Mozilla/5.0 (Linux; Android 6.0.1; Nexus 5X Build/MMB29P) AppleWebKit/537.36 (KHTML, like Gecko) Chrome/137.0.7151.119 Mobile Safari/537.36 (compatible; Googlebot/2.1; +http://www.google.com/bot.html)"
66.249.74.13 - - [12/Jul/2025:15:32:15 +0000] "GET /wp-content/plugins/litespeed-cache/assets/js/instant_click.min.js?ver=7.2 HTTP/1.1" 200 1613 "https://listingslad.com/" "Mozilla/5.0 (Linux; Android 6.0.1; Nexus 5X Build/MMB29P) AppleWebKit/537.36 (KHTML, like Gecko) Chrome/137.0.7151.119 Mobile Safari/537.36 (compatible; Googlebot/2.1; +http://www.google.com/bot.html)"
66.249.74.13 - - [12/Jul/2025:15:32:15 +0000] "GET /wp-includes/js/jquery/ui/core.min.js?ver=1.13.3 HTTP/1.1" 200 7106 "https://listingslad.com/" "Mozilla/5.0 (Linux; Android 6.0.1; Nexus 5X Build/MMB29P) AppleWebKit/537.36 (KHTML, like Gecko) Chrome/137.0.7151.119 Mobile Safari/537.36 (compatible; Googlebot/2.1; +http://www.google.com/bot.html)"
66.249.74.13 - - [12/Jul/2025:15:32:15 +0000] "GET /wp-content/plugins/elementor/assets/css/widget-heading.min.css?ver=3.30.2 HTTP/1.1" 200 188 "https://listingslad.com/" "Mozilla/5.0 (Linux; Android 6.0.1; Nexus 5X Build/MMB29P) AppleWebKit/537.36 (KHTML, like Gecko) Chrome/137.0.7151.119 Mobile Safari/537.36 (compatible; Googlebot/2.1; +http://www.google.com/bot.html)"
66.249.74.13 - - [12/Jul/2025:15:32:16 +0000] "GET /wp-content/plugins/elementor/assets/lib/eicons/css/elementor-icons.min.css?ver=5.43.0 HTTP/1.1" 200 4349 "https://listingslad.com/" "Mozilla/5.0 (Linux; Android 6.0.1; Nexus 5X Build/MMB29P) AppleWebKit/537.36 (KHTML, like Gecko) Chrome/137.0.7151.119 Mobile Safari/537.36 (compatible; Googlebot/2.1; +http://www.google.com/bot.html)"
66.249.74.13 - - [12/Jul/2025:15:32:16 +0000] "GET /wp-includes/js/dist/i18n.min.js?ver=5e580eb46a90c2b997e6 HTTP/1.1" 200 3667 "https://listingslad.com/" "Mozilla/5.0 (Linux; Android 6.0.1; Nexus 5X Build/MMB29P) AppleWebKit/537.36 (KHTML, like Gecko) Chrome/137.0.7151.119 Mobile Safari/537.36 (compatible; Googlebot/2.1; +http://www.google.com/bot.html)"
66.249.74.13 - - [12/Jul/2025:15:32:16 +0000] "GET /wp-content/plugins/elementor/assets/js/webpack.runtime.min.js?ver=3.30.2 HTTP/1.1" 200 2516 "https://listingslad.com/" "Mozilla/5.0 (Linux; Android 6.0.1; Nexus 5X Build/MMB29P) AppleWebKit/537.36 (KHTML, like Gecko) Chrome/137.0.7151.119 Mobile Safari/537.36 (compatible; Googlebot/2.1; +http://www.google.com/bot.html)"
66.249.74.13 - - [12/Jul/2025:15:32:16 +0000] "GET /wp-content/plugins/elementor/assets/js/frontend.min.js?ver=3.30.2 HTTP/1.1" 200 10595 "https://listingslad.com/" "Mozilla/5.0 (Linux; Android 6.0.1; Nexus 5X Build/MMB29P) AppleWebKit/537.36 (KHTML, like Gecko) Chrome/137.0.7151.119 Mobile Safari/537.36 (compatible; Googlebot/2.1; +http://www.google.com/bot.html)"
66.249.74.13 - - [12/Jul/2025:15:32:16 +0000] "GET /wp-content/plugins/elementor/assets/js/frontend-modules.min.js?ver=3.30.2 HTTP/1.1" 200 14815 "https://listingslad.com/" "Mozilla/5.0 (Linux; Android 6.0.1; Nexus 5X Build/MMB29P) AppleWebKit/537.36 (KHTML, like Gecko) Chrome/137.0.7151.119 Mobile Safari/537.36 (compatible; Googlebot/2.1; +http://www.google.com/bot.html)"
66.249.74.13 - - [12/Jul/2025:15:32:16 +0000] "GET /wp-content/plugins/woocommerce/assets/js/frontend/woocommerce.min.js?ver=9.9.5 HTTP/1.1" 200 1449 "https://listingslad.com/" "Mozilla/5.0 (Linux; Android 6.0.1; Nexus 5X Build/MMB29P) AppleWebKit/537.36 (KHTML, like Gecko) Chrome/137.0.7151.119 Mobile Safari/537.36 (compatible; Googlebot/2.1; +http://www.google.com/bot.html)"
66.249.74.13 - - [12/Jul/2025:15:32:17 +0000] "GET /wp-content/plugins/listivo-core/assets/js/sweetalert2.min.js?ver=11.0.12 HTTP/1.1" 200 13164 "https://listingslad.com/" "Mozilla/5.0 (Linux; Android 6.0.1; Nexus 5X Build/MMB29P) AppleWebKit/537.36 (KHTML, like Gecko) Chrome/137.0.7151.119 Mobile Safari/537.36 (compatible; Googlebot/2.1; +http://www.google.com/bot.html)"
66.249.74.13 - - [12/Jul/2025:15:32:17 +0000] "GET /wp-content/plugins/woocommerce/assets/js/jquery-blockui/jquery.blockUI.min.js?ver=2.7.0-wc.9.9.5 HTTP/1.1" 200 3537 "https://listingslad.com/" "Mozilla/5.0 (Linux; Android 6.0.1; Nexus 5X Build/MMB29P) AppleWebKit/537.36 (KHTML, like Gecko) Chrome/137.0.7151.119 Mobile Safari/537.36 (compatible; Googlebot/2.1; +http://www.google.com/bot.html)"
66.249.74.13 - - [12/Jul/2025:15:32:17 +0000] "GET /wp-content/plugins/elementor/assets/js/shared-frontend-handlers.30dc2f9c080845a413a6.bundle.min.js HTTP/1.1" 200 2682 "https://listingslad.com/" "Mozilla/5.0 (Linux; Android 6.0.1; Nexus 5X Build/MMB29P) AppleWebKit/537.36 (KHTML, like Gecko) Chrome/137.0.7151.119 Mobile Safari/537.36 (compatible; Googlebot/2.1; +http://www.google.com/bot.html)"
66.249.74.13 - - [12/Jul/2025:15:32:17 +0000] "GET /wp-content/plugins/elementor/assets/js/section-frontend-handlers.d85ab872da118940910d.bundle.min.js HTTP/1.1" 200 297 "https://listingslad.com/" "Mozilla/5.0 (Linux; Android 6.0.1; Nexus 5X Build/MMB29P) AppleWebKit/537.36 (KHTML, like Gecko) Chrome/137.0.7151.119 Mobile Safari/537.36 (compatible; Googlebot/2.1; +http://www.google.com/bot.html)"
66.249.74.13 - - [12/Jul/2025:15:32:17 +0000] "GET /wp-content/plugins/elementor/assets/js/text-editor.c084ef86600b6f11690d.bundle.min.js HTTP/1.1" 200 685 "https://listingslad.com/" "Mozilla/5.0 (Linux; Android 6.0.1; Nexus 5X Build/MMB29P) AppleWebKit/537.36 (KHTML, like Gecko) Chrome/137.0.7151.119 Mobile Safari/537.36 (compatible; Googlebot/2.1; +http://www.google.com/bot.html)"
66.249.74.13 - - [12/Jul/2025:15:32:18 +0000] "GET /wp-includes/js/wp-emoji-release.min.js?ver=6.8.1 HTTP/1.1" 200 5166 "https://listingslad.com/" "Mozilla/5.0 (Linux; Android 6.0.1; Nexus 5X Build/MMB29P) AppleWebKit/537.36 (KHTML, like Gecko) Chrome/137.0.7151.119 Mobile Safari/537.36 (compatible; Googlebot/2.1; +http://www.google.com/bot.html)"
66.249.74.13 - - [12/Jul/2025:15:32:18 +0000] "GET /wp-content/plugins/elementor/assets/js/section-frontend-handlers.d85ab872da118940910d.bundle.min.js HTTP/1.1" 200 297 "https://listingslad.com/" "Mozilla/5.0 (Linux; Android 6.0.1; Nexus 5X Build/MMB29P) AppleWebKit/537.36 (KHTML, like Gecko) Chrome/137.0.7151.119 Mobile Safari/537.36 (compatible; Googlebot/2.1; +http://www.google.com/bot.html)"
66.249.74.13 - - [12/Jul/2025:15:32:18 +0000] "GET /wp-content/plugins/elementor/assets/js/text-editor.c084ef86600b6f11690d.bundle.min.js HTTP/1.1" 200 685 "https://listingslad.com/" "Mozilla/5.0 (Linux; Android 6.0.1; Nexus 5X Build/MMB29P) AppleWebKit/537.36 (KHTML, like Gecko) Chrome/137.0.7151.119 Mobile Safari/537.36 (compatible; Googlebot/2.1; +http://www.google.com/bot.html)"
209.74.77.214 - - [12/Jul/2025:15:34:03 +0000] "POST /wp-cron.php?doing_wp_cron=1752334443.4419100284576416015625 HTTP/1.1" 200 - "-" "WordPress/6.8.1; https://listingslad.com"
209.74.77.214 - - [12/Jul/2025:15:34:03 +0000] "POST /wp-cron.php?doing_wp_cron=1752334443.4419100284576416015625 HTTP/1.1" 200 - "-" "WordPress/6.8.1; https://listingslad.com"
66.249.74.14 - - [12/Jul/2025:15:34:01 +0000] "GET / HTTP/1.1" 200 61123 "-" "Mozilla/5.0 (Linux; Android 6.0.1; Nexus 5X Build/MMB29P) AppleWebKit/537.36 (KHTML, like Gecko) Chrome/99.0.4844.84 Mobile Safari/537.36 (compatible; Googlebot/2.1; +http://www.google.com/bot.html)"
66.249.74.14 - - [12/Jul/2025:15:34:02 +0000] "GET / HTTP/1.1" 200 61123 "-" "Mozilla/5.0 (compatible; Googlebot/2.1; +http://www.google.com/bot.html)"
66.249.74.13 - - [12/Jul/2025:15:34:04 +0000] "GET /wp-content/plugins/contact-form-7/includes/css/styles.css?ver=6.1 HTTP/1.1" 200 1031 "https://listingslad.com/" "Mozilla/5.0 (Linux; Android 6.0.1; Nexus 5X Build/MMB29P) AppleWebKit/537.36 (KHTML, like Gecko) Chrome/137.0.7151.119 Mobile Safari/537.36 (compatible; Googlebot/2.1; +http://www.google.com/bot.html)"
66.249.74.14 - - [12/Jul/2025:15:34:04 +0000] "GET /wp-includes/js/mediaelement/mediaelementplayer-legacy.min.css?ver=4.2.17 HTTP/1.1" 200 2592 "https://listingslad.com/" "Mozilla/5.0 (Linux; Android 6.0.1; Nexus 5X Build/MMB29P) AppleWebKit/537.36 (KHTML, like Gecko) Chrome/137.0.7151.119 Mobile Safari/537.36 (compatible; Googlebot/2.1; +http://www.google.com/bot.html)"
66.249.74.13 - - [12/Jul/2025:15:34:04 +0000] "GET /wp-includes/js/mediaelement/mediaelementplayer-legacy.min.css?ver=4.2.17 HTTP/1.1" 200 2592 "https://listingslad.com/" "Mozilla/5.0 AppleWebKit/537.36 (KHTML, like Gecko; compatible; Googlebot/2.1; +http://www.google.com/bot.html) Chrome/137.0.7151.119 Safari/537.36"
66.249.74.13 - - [12/Jul/2025:15:34:04 +0000] "GET /wp-content/plugins/contact-form-7/includes/css/styles.css?ver=6.1 HTTP/1.1" 200 1031 "https://listingslad.com/" "Mozilla/5.0 AppleWebKit/537.36 (KHTML, like Gecko; compatible; Googlebot/2.1; +http://www.google.com/bot.html) Chrome/137.0.7151.119 Safari/537.36"
66.249.74.15 - - [12/Jul/2025:15:34:04 +0000] "GET /wp-content/plugins/contact-form-7/includes/js/index.js?ver=6.1 HTTP/1.1" 200 4265 "https://listingslad.com/" "Mozilla/5.0 (Linux; Android 6.0.1; Nexus 5X Build/MMB29P) AppleWebKit/537.36 (KHTML, like Gecko) Chrome/137.0.7151.119 Mobile Safari/537.36 (compatible; Googlebot/2.1; +http://www.google.com/bot.html)"
66.249.74.13 - - [12/Jul/2025:15:34:04 +0000] "GET /wp-content/plugins/contact-form-7/includes/js/index.js?ver=6.1 HTTP/1.1" 200 4265 "https://listingslad.com/" "Mozilla/5.0 AppleWebKit/537.36 (KHTML, like Gecko; compatible; Googlebot/2.1; +http://www.google.com/bot.html) Chrome/137.0.7151.119 Safari/537.36"
66.249.74.15 - - [12/Jul/2025:15:34:05 +0000] "GET /wp-content/plugins/mailchimp-for-wp/assets/js/forms.js?ver=4.10.5 HTTP/1.1" 200 2591 "https://listingslad.com/" "Mozilla/5.0 (Linux; Android 6.0.1; Nexus 5X Build/MMB29P) AppleWebKit/537.36 (KHTML, like Gecko) Chrome/137.0.7151.119 Mobile Safari/537.36 (compatible; Googlebot/2.1; +http://www.google.com/bot.html)"
66.249.74.13 - - [12/Jul/2025:15:34:05 +0000] "GET /wp-content/plugins/mailchimp-for-wp/assets/js/forms.js?ver=4.10.5 HTTP/1.1" 200 2591 "https://listingslad.com/" "Mozilla/5.0 AppleWebKit/537.36 (KHTML, like Gecko; compatible; Googlebot/2.1; +http://www.google.com/bot.html) Chrome/137.0.7151.119 Safari/537.36"
66.249.70.99 - - [12/Jul/2025:15:34:06 +0000] "GET / HTTP/1.1" 301 - "-" "Mozilla/5.0 (Linux; Android 6.0.1; Nexus 5X Build/MMB29P) AppleWebKit/537.36 (KHTML, like Gecko) Chrome/99.0.4844.84 Mobile Safari/537.36 (compatible; Googlebot/2.1; +http://www.google.com/bot.html)"
66.249.74.13 - - [12/Jul/2025:15:34:07 +0000] "GET / HTTP/1.1" 200 61123 "-" "Mozilla/5.0 (Linux; Android 6.0.1; Nexus 5X Build/MMB29P) AppleWebKit/537.36 (KHTML, like Gecko) Chrome/99.0.4844.84 Mobile Safari/537.36 (compatible; Googlebot/2.1; +http://www.google.com/bot.html)"
209.74.77.214 - - [12/Jul/2025:15:34:13 +0000] "POST /wp-cron.php?doing_wp_cron=1752334453.2774689197540283203125 HTTP/1.1" 200 - "-" "WordPress/6.8.1; https://listingslad.com"
66.249.70.100 - - [12/Jul/2025:15:34:13 +0000] "GET / HTTP/1.1" 301 - "-" "Mozilla/5.0 (compatible; Googlebot/2.1; +http://www.google.com/bot.html)"
66.249.74.13 - - [12/Jul/2025:15:34:13 +0000] "GET / HTTP/1.1" 200 61123 "-" "Mozilla/5.0 (compatible; Googlebot/2.1; +http://www.google.com/bot.html)"
209.74.77.214 - - [12/Jul/2025:15:43:10 +0000] "POST /wp-cron.php?doing_wp_cron=1752334990.3895530700683593750000 HTTP/1.1" 200 - "-" "WordPress/6.8.1; https://listingslad.com"
57.141.2.2 - - [12/Jul/2025:15:43:07 +0000] "GET /wp-sitemap.xml HTTP/1.1" 200 2113 "-" "meta-externalagent/1.1 (+https://developers.facebook.com/docs/sharing/webmasters/crawler)"
209.74.77.214 - - [12/Jul/2025:15:43:13 +0000] "GET /wp-json/jetpack/v4/sync/spawn-sync?time=1752334993&request_lock_id=1752334993.769 HTTP/1.1" 200 37 "-" "WordPress/6.8.1; https://listingslad.com"
51.222.253.10 - - [12/Jul/2025:15:43:16 +0000] "GET /user/lad/ HTTP/1.1" 200 50644 "-" "Mozilla/5.0 (compatible; AhrefsBot/7.0; +http://ahrefs.com/robot/)"
51.222.253.4 - - [12/Jul/2025:16:11:42 +0000] "GET /tag/baby-accessories/ HTTP/1.1" 500 1046 "-" "Mozilla/5.0 (compatible; AhrefsBot/7.0; +http://ahrefs.com/robot/)"
209.74.77.214 - - [12/Jul/2025:16:47:27 +0000] "POST /wp-cron.php?doing_wp_cron=1752338847.3264958858489990234375 HTTP/1.1" 200 - "-" "WordPress/6.8.1; https://listingslad.com"
51.222.253.2 - - [12/Jul/2025:16:47:25 +0000] "GET /product/package-economy/ HTTP/1.1" 200 55737 "-" "Mozilla/5.0 (compatible; AhrefsBot/7.0; +http://ahrefs.com/robot/)"
51.222.253.3 - - [12/Jul/2025:16:48:11 +0000] "GET /wp-content/plugins/woocommerce/assets/js/frontend/country-select.min.js?ver=9.9.5 HTTP/1.1" 200 1130 "-" "Mozilla/5.0 (compatible; AhrefsBot/7.0; +http://ahrefs.com/robot/)"
51.222.253.4 - - [12/Jul/2025:16:48:12 +0000] "GET /wp-includes/js/dist/priority-queue.min.js HTTP/1.1" 200 1525 "-" "Mozilla/5.0 (compatible; AhrefsBot/7.0; +http://ahrefs.com/robot/)"
51.222.253.20 - - [12/Jul/2025:16:48:13 +0000] "GET /wp-content/plugins/woocommerce-gateway-stripe/build/upe-classic.js?ver=9.6.0 HTTP/1.1" 200 44450 "-" "Mozilla/5.0 (compatible; AhrefsBot/7.0; +http://ahrefs.com/robot/)"
51.222.253.6 - - [12/Jul/2025:16:48:14 +0000] "GET /wp-includes/js/dist/data.min.js HTTP/1.1" 200 8851 "-" "Mozilla/5.0 (compatible; AhrefsBot/7.0; +http://ahrefs.com/robot/)"
51.222.253.8 - - [12/Jul/2025:16:48:15 +0000] "GET /wp-content/plugins/woocommerce-gateway-stripe/build/upe-classic.css?ver=9.6.0 HTTP/1.1" 200 228 "-" "Mozilla/5.0 (compatible; AhrefsBot/7.0; +http://ahrefs.com/robot/)"
51.222.253.7 - - [12/Jul/2025:16:48:16 +0000] "GET /wp-content/plugins/woocommerce-gateway-stripe/build/express-checkout.css HTTP/1.1" 200 161 "-" "Mozilla/5.0 (compatible; AhrefsBot/7.0; +http://ahrefs.com/robot/)"
51.222.253.11 - - [12/Jul/2025:16:48:18 +0000] "GET /wp-includes/js/dist/dom.min.js HTTP/1.1" 200 4711 "-" "Mozilla/5.0 (compatible; AhrefsBot/7.0; +http://ahrefs.com/robot/)"
51.222.253.3 - - [12/Jul/2025:16:48:20 +0000] "GET /wp-content/plugins/woocommerce/assets/js/frontend/checkout.min.js?ver=9.9.5 HTTP/1.1" 200 4684 "-" "Mozilla/5.0 (compatible; AhrefsBot/7.0; +http://ahrefs.com/robot/)"
51.222.253.1 - - [12/Jul/2025:16:48:21 +0000] "GET /wp-includes/js/dist/deprecated.min.js HTTP/1.1" 200 446 "-" "Mozilla/5.0 (compatible; AhrefsBot/7.0; +http://ahrefs.com/robot/)"
51.222.253.6 - - [12/Jul/2025:16:48:22 +0000] "GET /wp-includes/js/dist/is-shallow-equal.min.js HTTP/1.1" 200 520 "-" "Mozilla/5.0 (compatible; AhrefsBot/7.0; +http://ahrefs.com/robot/)"
