66.249.74.32 - - [15/Jul/2025:16:30:18 +0000] "GET /?h=21291532001600&mod=a7290c5b&uri=category-info.php%3Fid%3D710708-317%26name%3Dstride+rite+shoes+for+year+old HTTP/1.1" 200 18425 "-" "Mozilla/5.0 (Linux; Android 6.0.1; Nexus 5X Build/MMB29P) AppleWebKit/537.36 (KHTML, like Gecko) Chrome/137.0.7151.103 Mobile Safari/537.36 (compatible; Googlebot/2.1; +http://www.google.com/bot.html)"
66.249.74.42 - - [15/Jul/2025:16:30:59 +0000] "GET /?h=5198959111600&mod=570f6ff5&uri=goods.php?books.html HTTP/1.1" 200 19454 "-" "Mozilla/5.0 (Linux; Android 6.0.1; Nexus 5X Build/MMB29P) AppleWebKit/537.36 (KHTML, like Gecko) Chrome/137.0.7151.103 Mobile Safari/537.36 (compatible; Googlebot/2.1; +http://www.google.com/bot.html)"
66.249.74.42 - - [15/Jul/2025:16:31:05 +0000] "GET /?h=5169567031600&mod=7232a90e&uri=article.php%3Fid%3D172576-155%26name%3Dtweeter+midrange+speaker HTTP/1.1" 200 18393 "-" "Mozilla/5.0 (Linux; Android 6.0.1; Nexus 5X Build/MMB29P) AppleWebKit/537.36 (KHTML, like Gecko) Chrome/137.0.7151.103 Mobile Safari/537.36 (compatible; Googlebot/2.1; +http://www.google.com/bot.html)"
66.249.74.42 - - [15/Jul/2025:16:31:05 +0000] "GET /?h=111915769071600&mod=6b41f17a&uri=category-info.php%3Fid%3D3735001-247%26name%3Dcase+s6+lite HTTP/1.1" 200 18399 "-" "Mozilla/5.0 (Linux; Android 6.0.1; Nexus 5X Build/MMB29P) AppleWebKit/537.36 (KHTML, like Gecko) Chrome/137.0.7151.103 Mobile Safari/537.36 (compatible; Googlebot/2.1; +http://www.google.com/bot.html)"
66.249.74.42 - - [15/Jul/2025:16:31:07 +0000] "GET /?h=5565334031600&mod=23f1d15c&uri=pin.php%3Fid%3D185791-220%26name%3Dskinny+paint+splatter+jeans HTTP/1.1" 200 18382 "-" "Mozilla/5.0 (Linux; Android 6.0.1; Nexus 5X Build/MMB29P) AppleWebKit/537.36 (KHTML, like Gecko) Chrome/137.0.7151.103 Mobile Safari/537.36 (compatible; Googlebot/2.1; +http://www.google.com/bot.html)"
66.249.74.42 - - [15/Jul/2025:16:31:12 +0000] "GET /?h=14637144041600&mod=c0243062&uri=shared.php%3Fid%3D488682-254%26name%3Dpavilion+g7+ram+upgrade HTTP/1.1" 200 18387 "-" "Mozilla/5.0 (Linux; Android 6.0.1; Nexus 5X Build/MMB29P) AppleWebKit/537.36 (KHTML, like Gecko) Chrome/137.0.7151.103 Mobile Safari/537.36 (compatible; Googlebot/2.1; +http://www.google.com/bot.html)"
66.249.74.42 - - [15/Jul/2025:16:31:12 +0000] "POST /get-message-notify HTTP/1.1" 200 18157 "https://sergio-cuchi.tattoo/?h=5169567031600&mod=7232a90e&uri=article.php%3Fid%3D172576-155%26name%3Dtweeter+midrange+speaker" "Mozilla/5.0 (Linux; Android 6.0.1; Nexus 5X Build/MMB29P) AppleWebKit/537.36 (KHTML, like Gecko) Chrome/137.0.7151.119 Mobile Safari/537.36 (compatible; Googlebot/2.1; +http://www.google.com/bot.html)"
66.249.74.42 - - [15/Jul/2025:16:31:21 +0000] "GET /?h=4893687021600&mod=7b0e861a&uri=news.php%3Fid%3D163373-299%26name%3Dplum+shift+dress HTTP/1.1" 200 18367 "-" "Mozilla/5.0 (Linux; Android 6.0.1; Nexus 5X Build/MMB29P) AppleWebKit/537.36 (KHTML, like Gecko) Chrome/137.0.7151.103 Mobile Safari/537.36 (compatible; Googlebot/2.1; +http://www.google.com/bot.html)"
66.249.74.42 - - [15/Jul/2025:16:31:28 +0000] "GET /?h=6262244051600&mod=70bd89ab&uri=shop.php%3Fid%3D209163-359%26name%3Dnew+balance+801+lee HTTP/1.1" 200 18376 "-" "Mozilla/5.0 (Linux; Android 6.0.1; Nexus 5X Build/MMB29P) AppleWebKit/537.36 (KHTML, like Gecko) Chrome/137.0.7151.103 Mobile Safari/537.36 (compatible; Googlebot/2.1; +http://www.google.com/bot.html)"
66.249.74.42 - - [15/Jul/2025:16:32:11 +0000] "GET /?h=5199199091600&mod=570f6ff5&uri=shared.php%3Fid%3D173565-139%26name%3D8nztcj+z8h4z HTTP/1.1" 200 18369 "-" "Mozilla/5.0 (Linux; Android 6.0.1; Nexus 5X Build/MMB29P) AppleWebKit/537.36 (KHTML, like Gecko) Chrome/137.0.7151.103 Mobile Safari/537.36 (compatible; Googlebot/2.1; +http://www.google.com/bot.html)"
66.249.74.43 - - [15/Jul/2025:16:32:27 +0000] "GET /?h=5535124001600&mod=3dd420c4&uri=itm.php%3Fid%3D184784-310%26name%3Dmsrp+of+gtx+1660+super HTTP/1.1" 200 18380 "-" "Mozilla/5.0 (Linux; Android 6.0.1; Nexus 5X Build/MMB29P) AppleWebKit/537.36 (KHTML, like Gecko) Chrome/137.0.7151.103 Mobile Safari/537.36 (compatible; Googlebot/2.1; +http://www.google.com/bot.html)"
66.249.74.43 - - [15/Jul/2025:16:32:28 +0000] "POST /get-message-notify HTTP/1.1" 200 18157 "https://sergio-cuchi.tattoo/?h=5535124001600&mod=3dd420c4&uri=itm.php%3Fid%3D184784-310%26name%3Dmsrp+of+gtx+1660+super" "Mozilla/5.0 (Linux; Android 6.0.1; Nexus 5X Build/MMB29P) AppleWebKit/537.36 (KHTML, like Gecko) Chrome/137.0.7151.119 Mobile Safari/537.36 (compatible; Googlebot/2.1; +http://www.google.com/bot.html)"
66.249.74.42 - - [15/Jul/2025:16:32:49 +0000] "GET /?h=6177666011600&mod=3fcee1ea&uri=brands.php?cargo/detail HTTP/1.1" 200 19561 "-" "Mozilla/5.0 (Linux; Android 6.0.1; Nexus 5X Build/MMB29P) AppleWebKit/537.36 (KHTML, like Gecko) Chrome/137.0.7151.103 Mobile Safari/537.36 (compatible; Googlebot/2.1; +http://www.google.com/bot.html)"
66.249.74.42 - - [15/Jul/2025:16:32:50 +0000] "POST /get-message-notify HTTP/1.1" 200 18157 "https://sergio-cuchi.tattoo/?h=5199199091600&mod=570f6ff5&uri=shared.php%3Fid%3D173565-139%26name%3D8nztcj+z8h4z" "Mozilla/5.0 (Linux; Android 6.0.1; Nexus 5X Build/MMB29P) AppleWebKit/537.36 (KHTML, like Gecko) Chrome/137.0.7151.119 Mobile Safari/537.36 (compatible; Googlebot/2.1; +http://www.google.com/bot.html)"
66.249.74.42 - - [15/Jul/2025:16:32:57 +0000] "GET /?h=5746137121600&mod=6bca76ce&uri=brands.php%3Fid%3D191891-335%26name%3Damazon+bucket+washing+machine HTTP/1.1" 200 18396 "-" "Mozilla/5.0 (Linux; Android 6.0.1; Nexus 5X Build/MMB29P) AppleWebKit/537.36 (KHTML, like Gecko) Chrome/137.0.7151.103 Mobile Safari/537.36 (compatible; Googlebot/2.1; +http://www.google.com/bot.html)"
66.249.74.42 - - [15/Jul/2025:16:32:57 +0000] "GET /?h=6083489001600&mod=ab2481c9&uri=shop.php%3Fid%3D203150-40%26name%3Dryobi+backpack+sprayer+home+depot HTTP/1.1" 200 18388 "-" "Mozilla/5.0 (Linux; Android 6.0.1; Nexus 5X Build/MMB29P) AppleWebKit/537.36 (KHTML, like Gecko) Chrome/137.0.7151.103 Mobile Safari/537.36 (compatible; Googlebot/2.1; +http://www.google.com/bot.html)"
66.249.74.43 - - [15/Jul/2025:16:33:05 +0000] "GET /?h=113414681001600&mod=d09e36d1&uri=category-info.php%3Fid%3D3785056-283%26name%3Dusmc+winter+boots HTTP/1.1" 200 18403 "-" "Mozilla/5.0 (Linux; Android 6.0.1; Nexus 5X Build/MMB29P) AppleWebKit/537.36 (KHTML, like Gecko) Chrome/137.0.7151.103 Mobile Safari/537.36 (compatible; Googlebot/2.1; +http://www.google.com/bot.html)"
66.249.74.43 - - [15/Jul/2025:16:33:14 +0000] "GET /?h=114351099011600&mod=f9421558&uri=blog.php%3Fid%3D3816321-330%26name%3Dquiver+tip+fishing+planet HTTP/1.1" 200 18392 "-" "Mozilla/5.0 (Linux; Android 6.0.1; Nexus 5X Build/MMB29P) AppleWebKit/537.36 (KHTML, like Gecko) Chrome/137.0.7151.103 Mobile Safari/537.36 (compatible; Googlebot/2.1; +http://www.google.com/bot.html)"
66.249.74.43 - - [15/Jul/2025:16:33:17 +0000] "POST /get-message-notify HTTP/1.1" 200 18157 "https://sergio-cuchi.tattoo/?h=114351099011600&mod=f9421558&uri=blog.php%3Fid%3D3816321-330%26name%3Dquiver+tip+fishing+planet" "Mozilla/5.0 (Linux; Android 6.0.1; Nexus 5X Build/MMB29P) AppleWebKit/537.36 (KHTML, like Gecko) Chrome/137.0.7151.119 Mobile Safari/537.36 (compatible; Googlebot/2.1; +http://www.google.com/bot.html)"
66.249.74.42 - - [15/Jul/2025:16:33:20 +0000] "GET /?h=12164347051600&mod=744a3718&uri=dp.php%3Fid%3D406169-399%26name%3Dsamsung+watch+wearable HTTP/1.1" 200 18371 "-" "Mozilla/5.0 (Linux; Android 6.0.1; Nexus 5X Build/MMB29P) AppleWebKit/537.36 (KHTML, like Gecko) Chrome/137.0.7151.103 Mobile Safari/537.36 (compatible; Googlebot/2.1; +http://www.google.com/bot.html)"
66.249.74.42 - - [15/Jul/2025:16:33:42 +0000] "GET /?h=90300425131600&mod=f9421558&uri=search.php?toreka/toreka_single.html HTTP/1.1" 200 18849 "-" "Mozilla/5.0 (Linux; Android 6.0.1; Nexus 5X Build/MMB29P) AppleWebKit/537.36 (KHTML, like Gecko) Chrome/137.0.7151.103 Mobile Safari/537.36 (compatible; Googlebot/2.1; +http://www.google.com/bot.html)"
66.249.74.42 - - [15/Jul/2025:16:33:51 +0000] "GET /?h=114076266051600&mod=31495436&uri=product.php?goods/37991410.shtml HTTP/1.1" 200 18900 "-" "Mozilla/5.0 (Linux; Android 6.0.1; Nexus 5X Build/MMB29P) AppleWebKit/537.36 (KHTML, like Gecko) Chrome/137.0.7151.103 Mobile Safari/537.36 (compatible; Googlebot/2.1; +http://www.google.com/bot.html)"
209.74.77.214 - - [15/Jul/2025:16:34:31 +0000] "POST /wp-cron.php?doing_wp_cron=1752597271.5077779293060302734375 HTTP/1.1" 200 - "-" "WordPress/6.8.1; https://sergio-cuchi.tattoo"
216.73.216.202 - - [15/Jul/2025:16:34:29 +0000] "GET /goods/1814528088.shtml HTTP/1.1" 404 12868 "-" "Mozilla/5.0 AppleWebKit/537.36 (KHTML, like Gecko; compatible; ClaudeBot/1.0; [email protected])"
66.249.74.42 - - [15/Jul/2025:16:34:48 +0000] "GET /?h=90300425131600&mod=f9421558&uri=search.php?goods/1991650.shtml HTTP/1.1" 200 18804 "-" "Mozilla/5.0 (Linux; Android 6.0.1; Nexus 5X Build/MMB29P) AppleWebKit/537.36 (KHTML, like Gecko) Chrome/137.0.7151.103 Mobile Safari/537.36 (compatible; Googlebot/2.1; +http://www.google.com/bot.html)"
66.249.74.32 - - [15/Jul/2025:16:34:50 +0000] "GET /?h=6362470071600&mod=f6a539e9&uri=pin.php?goods/33875326.shtml HTTP/1.1" 200 18657 "-" "Mozilla/5.0 (Linux; Android 6.0.1; Nexus 5X Build/MMB29P) AppleWebKit/537.36 (KHTML, like Gecko) Chrome/137.0.7151.103 Mobile Safari/537.36 (compatible; Googlebot/2.1; +http://www.google.com/bot.html)"
66.249.74.43 - - [15/Jul/2025:16:34:51 +0000] "POST /get-message-notify HTTP/1.1" 200 18157 "https://sergio-cuchi.tattoo/?h=90300425131600&mod=f9421558&uri=search.php?goods/1991650.shtml" "Mozilla/5.0 (Linux; Android 6.0.1; Nexus 5X Build/MMB29P) AppleWebKit/537.36 (KHTML, like Gecko) Chrome/137.0.7151.119 Mobile Safari/537.36 (compatible; Googlebot/2.1; +http://www.google.com/bot.html)"
66.249.74.43 - - [15/Jul/2025:16:35:13 +0000] "GET /?h=6362470071600&mod=f6a539e9&uri=pin.php?goods/33891600.shtml HTTP/1.1" 200 19388 "-" "Mozilla/5.0 (Linux; Android 6.0.1; Nexus 5X Build/MMB29P) AppleWebKit/537.36 (KHTML, like Gecko) Chrome/137.0.7151.103 Mobile Safari/537.36 (compatible; Googlebot/2.1; +http://www.google.com/bot.html)"
66.249.74.43 - - [15/Jul/2025:16:35:13 +0000] "GET /?h=6362470071600&mod=f6a539e9&uri=pin.php?goods/33879818.shtml HTTP/1.1" 200 19473 "-" "Mozilla/5.0 (Linux; Android 6.0.1; Nexus 5X Build/MMB29P) AppleWebKit/537.36 (KHTML, like Gecko) Chrome/137.0.7151.103 Mobile Safari/537.36 (compatible; Googlebot/2.1; +http://www.google.com/bot.html)"
66.249.74.42 - - [15/Jul/2025:16:35:17 +0000] "POST /get-message-notify HTTP/1.1" 200 18157 "https://sergio-cuchi.tattoo/?h=6362470071600&mod=f6a539e9&uri=pin.php?goods/33891600.shtml" "Mozilla/5.0 (Linux; Android 6.0.1; Nexus 5X Build/MMB29P) AppleWebKit/537.36 (KHTML, like Gecko) Chrome/137.0.7151.119 Mobile Safari/537.36 (compatible; Googlebot/2.1; +http://www.google.com/bot.html)"
66.249.74.42 - - [15/Jul/2025:16:35:31 +0000] "POST /get-message-notify HTTP/1.1" 200 18157 "https://sergio-cuchi.tattoo/?h=6362470071600&mod=f6a539e9&uri=pin.php?goods/33879818.shtml" "Mozilla/5.0 (Linux; Android 6.0.1; Nexus 5X Build/MMB29P) AppleWebKit/537.36 (KHTML, like Gecko) Chrome/137.0.7151.119 Mobile Safari/537.36 (compatible; Googlebot/2.1; +http://www.google.com/bot.html)"
66.249.74.42 - - [15/Jul/2025:16:35:42 +0000] "GET /?h=90300425131600&mod=f9421558&uri=search.php?man/kaitori/ansin.html HTTP/1.1" 200 18804 "-" "Mozilla/5.0 (Linux; Android 6.0.1; Nexus 5X Build/MMB29P) AppleWebKit/537.36 (KHTML, like Gecko) Chrome/137.0.7151.103 Mobile Safari/537.36 (compatible; Googlebot/2.1; +http://www.google.com/bot.html)"
66.249.74.42 - - [15/Jul/2025:16:35:47 +0000] "GET /?h=90300425131600&mod=f9421558&uri=search.php?goods/2009758.shtml HTTP/1.1" 200 19353 "-" "Mozilla/5.0 (Linux; Android 6.0.1; Nexus 5X Build/MMB29P) AppleWebKit/537.36 (KHTML, like Gecko) Chrome/137.0.7151.103 Mobile Safari/537.36 (compatible; Googlebot/2.1; +http://www.google.com/bot.html)"
66.249.74.42 - - [15/Jul/2025:16:35:57 +0000] "GET /?h=113546480051600&mod=28bde6c8&uri=form.php?feature/omiya_marui/index.html HTTP/1.1" 200 19587 "-" "Mozilla/5.0 (Linux; Android 6.0.1; Nexus 5X Build/MMB29P) AppleWebKit/537.36 (KHTML, like Gecko) Chrome/137.0.7151.103 Mobile Safari/537.36 (compatible; Googlebot/2.1; +http://www.google.com/bot.html)"
66.249.74.43 - - [15/Jul/2025:16:36:15 +0000] "POST /get-message-notify HTTP/1.1" 200 18157 "https://sergio-cuchi.tattoo/?h=90300425131600&mod=f9421558&uri=search.php?goods/2009758.shtml" "Mozilla/5.0 (Linux; Android 6.0.1; Nexus 5X Build/MMB29P) AppleWebKit/537.36 (KHTML, like Gecko) Chrome/137.0.7151.119 Mobile Safari/537.36 (compatible; Googlebot/2.1; +http://www.google.com/bot.html)"
66.249.74.42 - - [15/Jul/2025:16:36:36 +0000] "GET /?h=114076266051600&mod=31495436&uri=product.php?goods/38004898.shtml HTTP/1.1" 200 19354 "-" "Mozilla/5.0 (Linux; Android 6.0.1; Nexus 5X Build/MMB29P) AppleWebKit/537.36 (KHTML, like Gecko) Chrome/137.0.7151.103 Mobile Safari/537.36 (compatible; Googlebot/2.1; +http://www.google.com/bot.html)"
66.249.74.43 - - [15/Jul/2025:16:36:37 +0000] "GET /?h=114076266051600&mod=31495436&uri=product.php?goods/38011126.shtml HTTP/1.1" 200 19602 "-" "Mozilla/5.0 (Linux; Android 6.0.1; Nexus 5X Build/MMB29P) AppleWebKit/537.36 (KHTML, like Gecko) Chrome/137.0.7151.103 Mobile Safari/537.36 (compatible; Googlebot/2.1; +http://www.google.com/bot.html)"
66.249.74.42 - - [15/Jul/2025:16:36:41 +0000] "GET /?h=5168337071600&mod=7232a90e&uri=blog.php?goods/2030758.shtml HTTP/1.1" 200 18183 "-" "Mozilla/5.0 (Linux; Android 6.0.1; Nexus 5X Build/MMB29P) AppleWebKit/537.36 (KHTML, like Gecko) Chrome/137.0.7151.103 Mobile Safari/537.36 (compatible; Googlebot/2.1; +http://www.google.com/bot.html)"
66.249.74.42 - - [15/Jul/2025:16:36:41 +0000] "POST /get-message-notify HTTP/1.1" 200 18157 "https://sergio-cuchi.tattoo/?h=114076266051600&mod=31495436&uri=product.php?goods/38004898.shtml" "Mozilla/5.0 (Linux; Android 6.0.1; Nexus 5X Build/MMB29P) AppleWebKit/537.36 (KHTML, like Gecko) Chrome/137.0.7151.119 Mobile Safari/537.36 (compatible; Googlebot/2.1; +http://www.google.com/bot.html)"
66.249.74.42 - - [15/Jul/2025:16:36:43 +0000] "GET /?h=114076266051600&mod=31495436&uri=product.php?goods/38011472.shtml HTTP/1.1" 200 19326 "-" "Mozilla/5.0 (Linux; Android 6.0.1; Nexus 5X Build/MMB29P) AppleWebKit/537.36 (KHTML, like Gecko) Chrome/137.0.7151.103 Mobile Safari/537.36 (compatible; Googlebot/2.1; +http://www.google.com/bot.html)"
66.249.74.42 - - [15/Jul/2025:16:36:43 +0000] "GET /?h=6362470071600&mod=f6a539e9&uri=pin.php?goods/33878372.shtml HTTP/1.1" 200 19106 "-" "Mozilla/5.0 (Linux; Android 6.0.1; Nexus 5X Build/MMB29P) AppleWebKit/537.36 (KHTML, like Gecko) Chrome/137.0.7151.103 Mobile Safari/537.36 (compatible; Googlebot/2.1; +http://www.google.com/bot.html)"
66.249.74.42 - - [15/Jul/2025:16:36:44 +0000] "GET /?h=114076266051600&mod=31495436&uri=product.php?goods/37996964.shtml HTTP/1.1" 200 18239 "-" "Mozilla/5.0 (Linux; Android 6.0.1; Nexus 5X Build/MMB29P) AppleWebKit/537.36 (KHTML, like Gecko) Chrome/137.0.7151.103 Mobile Safari/537.36 (compatible; Googlebot/2.1; +http://www.google.com/bot.html)"
66.249.74.42 - - [15/Jul/2025:16:36:47 +0000] "GET /?h=114076266051600&mod=31495436&uri=product.php?goods/38000082.shtml HTTP/1.1" 200 19288 "-" "Mozilla/5.0 (Linux; Android 6.0.1; Nexus 5X Build/MMB29P) AppleWebKit/537.36 (KHTML, like Gecko) Chrome/137.0.7151.103 Mobile Safari/537.36 (compatible; Googlebot/2.1; +http://www.google.com/bot.html)"
66.249.74.42 - - [15/Jul/2025:16:36:48 +0000] "GET /?h=113406101001600&mod=d09e36d1&uri=blog.php%3Fid%3D3784770-283%26name%3Dthigh+high+boot+outfits+218 HTTP/1.1" 200 18387 "-" "Mozilla/5.0 (Linux; Android 6.0.1; Nexus 5X Build/MMB29P) AppleWebKit/537.36 (KHTML, like Gecko) Chrome/137.0.7151.103 Mobile Safari/537.36 (compatible; Googlebot/2.1; +http://www.google.com/bot.html)"
66.249.74.42 - - [15/Jul/2025:16:36:49 +0000] "GET /?h=114076266051600&mod=31495436&uri=product.php?goods/38002198.shtml HTTP/1.1" 200 19496 "-" "Mozilla/5.0 (Linux; Android 6.0.1; Nexus 5X Build/MMB29P) AppleWebKit/537.36 (KHTML, like Gecko) Chrome/137.0.7151.103 Mobile Safari/537.36 (compatible; Googlebot/2.1; +http://www.google.com/bot.html)"
66.249.74.42 - - [15/Jul/2025:16:36:50 +0000] "GET /?h=114076266051600&mod=31495436&uri=product.php?goods/38017636.shtml HTTP/1.1" 200 19372 "-" "Mozilla/5.0 (Linux; Android 6.0.1; Nexus 5X Build/MMB29P) AppleWebKit/537.36 (KHTML, like Gecko) Chrome/137.0.7151.103 Mobile Safari/537.36 (compatible; Googlebot/2.1; +http://www.google.com/bot.html)"
66.249.74.42 - - [15/Jul/2025:16:36:56 +0000] "GET /?h=90300425131600&mod=f9421558&uri=search.php?goods/1993066.shtml HTTP/1.1" 200 19489 "-" "Mozilla/5.0 (Linux; Android 6.0.1; Nexus 5X Build/MMB29P) AppleWebKit/537.36 (KHTML, like Gecko) Chrome/137.0.7151.103 Mobile Safari/537.36 (compatible; Googlebot/2.1; +http://www.google.com/bot.html)"
66.249.74.42 - - [15/Jul/2025:16:36:56 +0000] "GET /?h=114076266051600&mod=31495436&uri=product.php?goods/38014590.shtml HTTP/1.1" 200 19155 "-" "Mozilla/5.0 (Linux; Android 6.0.1; Nexus 5X Build/MMB29P) AppleWebKit/537.36 (KHTML, like Gecko) Chrome/137.0.7151.103 Mobile Safari/537.36 (compatible; Googlebot/2.1; +http://www.google.com/bot.html)"
66.249.74.42 - - [15/Jul/2025:16:37:00 +0000] "GET /?h=5168337071600&mod=7232a90e&uri=blog.php?goods/2014152.shtml HTTP/1.1" 200 18920 "-" "Mozilla/5.0 (Linux; Android 6.0.1; Nexus 5X Build/MMB29P) AppleWebKit/537.36 (KHTML, like Gecko) Chrome/137.0.7151.103 Mobile Safari/537.36 (compatible; Googlebot/2.1; +http://www.google.com/bot.html)"
66.249.74.42 - - [15/Jul/2025:16:37:01 +0000] "GET /?h=86779611121600&mod=8b3abac1&uri=dp.php?goods/2024594.shtml HTTP/1.1" 200 18751 "-" "Mozilla/5.0 (Linux; Android 6.0.1; Nexus 5X Build/MMB29P) AppleWebKit/537.36 (KHTML, like Gecko) Chrome/137.0.7151.103 Mobile Safari/537.36 (compatible; Googlebot/2.1; +http://www.google.com/bot.html)"
66.249.74.42 - - [15/Jul/2025:16:37:02 +0000] "GET /?h=86779611121600&mod=8b3abac1&uri=dp.php?goods/2031104.shtml HTTP/1.1" 200 18856 "-" "Mozilla/5.0 (Linux; Android 6.0.1; Nexus 5X Build/MMB29P) AppleWebKit/537.36 (KHTML, like Gecko) Chrome/137.0.7151.103 Mobile Safari/537.36 (compatible; Googlebot/2.1; +http://www.google.com/bot.html)"
66.249.74.43 - - [15/Jul/2025:16:37:03 +0000] "POST /get-message-notify HTTP/1.1" 200 18157 "https://sergio-cuchi.tattoo/?h=5168337071600&mod=7232a90e&uri=blog.php?goods/2014152.shtml" "Mozilla/5.0 (Linux; Android 6.0.1; Nexus 5X Build/MMB29P) AppleWebKit/537.36 (KHTML, like Gecko) Chrome/137.0.7151.119 Mobile Safari/537.36 (compatible; Googlebot/2.1; +http://www.google.com/bot.html)"
66.249.74.42 - - [15/Jul/2025:16:37:03 +0000] "GET /?h=86779611121600&mod=8b3abac1&uri=dp.php?feature/idol/gradol.html HTTP/1.1" 200 19455 "-" "Mozilla/5.0 (Linux; Android 6.0.1; Nexus 5X Build/MMB29P) AppleWebKit/537.36 (KHTML, like Gecko) Chrome/137.0.7151.103 Mobile Safari/537.36 (compatible; Googlebot/2.1; +http://www.google.com/bot.html)"
66.249.74.42 - - [15/Jul/2025:16:37:05 +0000] "GET /?h=88600699081600&mod=7125a427&uri=form.php%3Fid%3D2956742-787%26name%3Dtuta+moschino+bambina HTTP/1.1" 200 18378 "-" "Mozilla/5.0 (Linux; Android 6.0.1; Nexus 5X Build/MMB29P) AppleWebKit/537.36 (KHTML, like Gecko) Chrome/137.0.7151.103 Mobile Safari/537.36 (compatible; Googlebot/2.1; +http://www.google.com/bot.html)"
66.249.74.42 - - [15/Jul/2025:16:37:05 +0000] "GET /?h=6362470071600&mod=f6a539e9&uri=pin.php?goods/33867682.shtml HTTP/1.1" 200 19143 "-" "Mozilla/5.0 (Linux; Android 6.0.1; Nexus 5X Build/MMB29P) AppleWebKit/537.36 (KHTML, like Gecko) Chrome/137.0.7151.103 Mobile Safari/537.36 (compatible; Googlebot/2.1; +http://www.google.com/bot.html)"
66.249.74.42 - - [15/Jul/2025:16:37:07 +0000] "GET /?h=6362470071600&mod=f6a539e9&uri=pin.php?goods/33876354.shtml HTTP/1.1" 200 19472 "-" "Mozilla/5.0 (Linux; Android 6.0.1; Nexus 5X Build/MMB29P) AppleWebKit/537.36 (KHTML, like Gecko) Chrome/137.0.7151.103 Mobile Safari/537.36 (compatible; Googlebot/2.1; +http://www.google.com/bot.html)"
66.249.74.42 - - [15/Jul/2025:16:37:12 +0000] "POST /get-message-notify HTTP/1.1" 200 18157 "https://sergio-cuchi.tattoo/?h=114076266051600&mod=31495436&uri=product.php?goods/38017636.shtml" "Mozilla/5.0 (Linux; Android 6.0.1; Nexus 5X Build/MMB29P) AppleWebKit/537.36 (KHTML, like Gecko) Chrome/137.0.7151.119 Mobile Safari/537.36 (compatible; Googlebot/2.1; +http://www.google.com/bot.html)"
66.249.74.42 - - [15/Jul/2025:16:37:12 +0000] "POST /get-message-notify HTTP/1.1" 200 18157 "https://sergio-cuchi.tattoo/?h=86779611121600&mod=8b3abac1&uri=dp.php?goods/2031104.shtml" "Mozilla/5.0 (Linux; Android 6.0.1; Nexus 5X Build/MMB29P) AppleWebKit/537.36 (KHTML, like Gecko) Chrome/137.0.7151.119 Mobile Safari/537.36 (compatible; Googlebot/2.1; +http://www.google.com/bot.html)"
66.249.74.42 - - [15/Jul/2025:16:37:15 +0000] "GET /?h=6362470071600&mod=f6a539e9&uri=pin.php?goods/33862934.shtml HTTP/1.1" 200 18639 "-" "Mozilla/5.0 (Linux; Android 6.0.1; Nexus 5X Build/MMB29P) AppleWebKit/537.36 (KHTML, like Gecko) Chrome/137.0.7151.103 Mobile Safari/537.36 (compatible; Googlebot/2.1; +http://www.google.com/bot.html)"
66.249.74.42 - - [15/Jul/2025:16:37:16 +0000] "POST /get-message-notify HTTP/1.1" 200 18157 "https://sergio-cuchi.tattoo/?h=114076266051600&mod=31495436&uri=product.php?goods/38011472.shtml" "Mozilla/5.0 (Linux; Android 6.0.1; Nexus 5X Build/MMB29P) AppleWebKit/537.36 (KHTML, like Gecko) Chrome/137.0.7151.119 Mobile Safari/537.36 (compatible; Googlebot/2.1; +http://www.google.com/bot.html)"
66.249.74.42 - - [15/Jul/2025:16:37:19 +0000] "GET /?h=6362470071600&mod=f6a539e9&uri=pin.php?goods/33890862.shtml HTTP/1.1" 200 19302 "-" "Mozilla/5.0 (Linux; Android 6.0.1; Nexus 5X Build/MMB29P) AppleWebKit/537.36 (KHTML, like Gecko) Chrome/137.0.7151.103 Mobile Safari/537.36 (compatible; Googlebot/2.1; +http://www.google.com/bot.html)"
66.249.74.42 - - [15/Jul/2025:16:37:20 +0000] "GET /?h=6362470071600&mod=f6a539e9&uri=pin.php?goods/33889092.shtml HTTP/1.1" 200 19420 "-" "Mozilla/5.0 (Linux; Android 6.0.1; Nexus 5X Build/MMB29P) AppleWebKit/537.36 (KHTML, like Gecko) Chrome/137.0.7151.103 Mobile Safari/537.36 (compatible; Googlebot/2.1; +http://www.google.com/bot.html)"
66.249.74.42 - - [15/Jul/2025:16:37:20 +0000] "GET /?h=90300425131600&mod=f9421558&uri=search.php?oreka/plamodel_menu.html HTTP/1.1" 200 18263 "-" "Mozilla/5.0 (Linux; Android 6.0.1; Nexus 5X Build/MMB29P) AppleWebKit/537.36 (KHTML, like Gecko) Chrome/137.0.7151.103 Mobile Safari/537.36 (compatible; Googlebot/2.1; +http://www.google.com/bot.html)"
66.249.74.42 - - [15/Jul/2025:16:37:21 +0000] "GET /?h=6362470071600&mod=f6a539e9&uri=pin.php?goods/33861842.shtml HTTP/1.1" 200 19136 "-" "Mozilla/5.0 (Linux; Android 6.0.1; Nexus 5X Build/MMB29P) AppleWebKit/537.36 (KHTML, like Gecko) Chrome/137.0.7151.103 Mobile Safari/537.36 (compatible; Googlebot/2.1; +http://www.google.com/bot.html)"
66.249.74.42 - - [15/Jul/2025:16:37:24 +0000] "GET /?h=6362470071600&mod=f6a539e9&uri=pin.php?goods/33887398.shtml HTTP/1.1" 200 18254 "-" "Mozilla/5.0 (Linux; Android 6.0.1; Nexus 5X Build/MMB29P) AppleWebKit/537.36 (KHTML, like Gecko) Chrome/137.0.7151.103 Mobile Safari/537.36 (compatible; Googlebot/2.1; +http://www.google.com/bot.html)"
66.249.74.42 - - [15/Jul/2025:16:37:26 +0000] "GET /?h=6362470071600&mod=f6a539e9&uri=pin.php?goods/33866398.shtml HTTP/1.1" 200 19498 "-" "Mozilla/5.0 (Linux; Android 6.0.1; Nexus 5X Build/MMB29P) AppleWebKit/537.36 (KHTML, like Gecko) Chrome/137.0.7151.103 Mobile Safari/537.36 (compatible; Googlebot/2.1; +http://www.google.com/bot.html)"
66.249.74.42 - - [15/Jul/2025:16:37:28 +0000] "GET /?h=6362470071600&mod=f6a539e9&uri=pin.php?goods/33882582.shtml HTTP/1.1" 200 19487 "-" "Mozilla/5.0 (Linux; Android 6.0.1; Nexus 5X Build/MMB29P) AppleWebKit/537.36 (KHTML, like Gecko) Chrome/137.0.7151.103 Mobile Safari/537.36 (compatible; Googlebot/2.1; +http://www.google.com/bot.html)"
66.249.74.43 - - [15/Jul/2025:16:37:29 +0000] "GET /?h=6362470071600&mod=f6a539e9&uri=pin.php?goods/33888746.shtml HTTP/1.1" 200 18171 "-" "Mozilla/5.0 (Linux; Android 6.0.1; Nexus 5X Build/MMB29P) AppleWebKit/537.36 (KHTML, like Gecko) Chrome/137.0.7151.103 Mobile Safari/537.36 (compatible; Googlebot/2.1; +http://www.google.com/bot.html)"
66.249.74.43 - - [15/Jul/2025:16:37:31 +0000] "GET /?h=6362470071600&mod=f6a539e9&uri=pin.php?goods/33864628.shtml HTTP/1.1" 200 18672 "-" "Mozilla/5.0 (Linux; Android 6.0.1; Nexus 5X Build/MMB29P) AppleWebKit/537.36 (KHTML, like Gecko) Chrome/137.0.7151.103 Mobile Safari/537.36 (compatible; Googlebot/2.1; +http://www.google.com/bot.html)"
66.249.74.43 - - [15/Jul/2025:16:37:34 +0000] "GET /?h=6362470071600&mod=f6a539e9&uri=pin.php?goods/33887744.shtml HTTP/1.1" 200 18970 "-" "Mozilla/5.0 (Linux; Android 6.0.1; Nexus 5X Build/MMB29P) AppleWebKit/537.36 (KHTML, like Gecko) Chrome/137.0.7151.103 Mobile Safari/537.36 (compatible; Googlebot/2.1; +http://www.google.com/bot.html)"
66.249.74.43 - - [15/Jul/2025:16:37:35 +0000] "POST /get-message-notify HTTP/1.1" 200 18157 "https://sergio-cuchi.tattoo/?h=6362470071600&mod=f6a539e9&uri=pin.php?goods/33890862.shtml" "Mozilla/5.0 (Linux; Android 6.0.1; Nexus 5X Build/MMB29P) AppleWebKit/537.36 (KHTML, like Gecko) Chrome/137.0.7151.119 Mobile Safari/537.36 (compatible; Googlebot/2.1; +http://www.google.com/bot.html)"
66.249.74.42 - - [15/Jul/2025:16:37:37 +0000] "GET /?h=6362470071600&mod=f6a539e9&uri=pin.php?goods/33862188.shtml HTTP/1.1" 200 19495 "-" "Mozilla/5.0 (Linux; Android 6.0.1; Nexus 5X Build/MMB29P) AppleWebKit/537.36 (KHTML, like Gecko) Chrome/137.0.7151.103 Mobile Safari/537.36 (compatible; Googlebot/2.1; +http://www.google.com/bot.html)"
66.249.74.43 - - [15/Jul/2025:16:37:45 +0000] "GET /?h=6362470071600&mod=f6a539e9&uri=pin.php?goods/33860072.shtml HTTP/1.1" 200 19092 "-" "Mozilla/5.0 (Linux; Android 6.0.1; Nexus 5X Build/MMB29P) AppleWebKit/537.36 (KHTML, like Gecko) Chrome/137.0.7151.103 Mobile Safari/537.36 (compatible; Googlebot/2.1; +http://www.google.com/bot.html)"
66.249.74.43 - - [15/Jul/2025:16:37:45 +0000] "GET /?h=90300425131600&mod=f9421558&uri=search.php?goods/1986156.shtml HTTP/1.1" 200 19433 "-" "Mozilla/5.0 (Linux; Android 6.0.1; Nexus 5X Build/MMB29P) AppleWebKit/537.36 (KHTML, like Gecko) Chrome/137.0.7151.103 Mobile Safari/537.36 (compatible; Googlebot/2.1; +http://www.google.com/bot.html)"
66.249.74.43 - - [15/Jul/2025:16:37:50 +0000] "GET /?h=5362992041600&mod=884738b4&uri=us.php%3Fid%3D179042-322%26name%3Dmiele+futura+lumen HTTP/1.1" 200 18366 "-" "Mozilla/5.0 (Linux; Android 6.0.1; Nexus 5X Build/MMB29P) AppleWebKit/537.36 (KHTML, like Gecko) Chrome/137.0.7151.103 Mobile Safari/537.36 (compatible; Googlebot/2.1; +http://www.google.com/bot.html)"
66.249.74.43 - - [15/Jul/2025:16:37:50 +0000] "GET /?h=6362470071600&mod=f6a539e9&uri=pin.php?goods/33861518.shtml HTTP/1.1" 200 19404 "-" "Mozilla/5.0 (Linux; Android 6.0.1; Nexus 5X Build/MMB29P) AppleWebKit/537.36 (KHTML, like Gecko) Chrome/137.0.7151.103 Mobile Safari/537.36 (compatible; Googlebot/2.1; +http://www.google.com/bot.html)"
66.249.74.42 - - [15/Jul/2025:16:37:53 +0000] "POST /get-message-notify HTTP/1.1" 200 18157 "https://sergio-cuchi.tattoo/?h=6362470071600&mod=f6a539e9&uri=pin.php?goods/33861518.shtml" "Mozilla/5.0 (Linux; Android 6.0.1; Nexus 5X Build/MMB29P) AppleWebKit/537.36 (KHTML, like Gecko) Chrome/137.0.7151.119 Mobile Safari/537.36 (compatible; Googlebot/2.1; +http://www.google.com/bot.html)"
66.249.74.43 - - [15/Jul/2025:16:37:58 +0000] "GET /?h=6362470071600&mod=f6a539e9&uri=pin.php?goods/33890508.shtml HTTP/1.1" 200 18925 "-" "Mozilla/5.0 (Linux; Android 6.0.1; Nexus 5X Build/MMB29P) AppleWebKit/537.36 (KHTML, like Gecko) Chrome/137.0.7151.103 Mobile Safari/537.36 (compatible; Googlebot/2.1; +http://www.google.com/bot.html)"
66.249.74.43 - - [15/Jul/2025:16:38:02 +0000] "GET /?h=6362470071600&mod=f6a539e9&uri=pin.php?goods/33886306.shtml HTTP/1.1" 200 19334 "-" "Mozilla/5.0 (Linux; Android 6.0.1; Nexus 5X Build/MMB29P) AppleWebKit/537.36 (KHTML, like Gecko) Chrome/137.0.7151.103 Mobile Safari/537.36 (compatible; Googlebot/2.1; +http://www.google.com/bot.html)"
66.249.74.42 - - [15/Jul/2025:16:38:04 +0000] "POST /get-message-notify HTTP/1.1" 200 18157 "https://sergio-cuchi.tattoo/?h=6362470071600&mod=f6a539e9&uri=pin.php?goods/33864628.shtml" "Mozilla/5.0 (Linux; Android 6.0.1; Nexus 5X Build/MMB29P) AppleWebKit/537.36 (KHTML, like Gecko) Chrome/137.0.7151.119 Mobile Safari/537.36 (compatible; Googlebot/2.1; +http://www.google.com/bot.html)"
66.249.74.42 - - [15/Jul/2025:16:38:04 +0000] "POST /get-message-notify HTTP/1.1" 200 18157 "https://sergio-cuchi.tattoo/?h=6362470071600&mod=f6a539e9&uri=pin.php?goods/33862188.shtml" "Mozilla/5.0 (Linux; Android 6.0.1; Nexus 5X Build/MMB29P) AppleWebKit/537.36 (KHTML, like Gecko) Chrome/137.0.7151.119 Mobile Safari/537.36 (compatible; Googlebot/2.1; +http://www.google.com/bot.html)"
66.249.74.42 - - [15/Jul/2025:16:38:10 +0000] "GET /?h=6362470071600&mod=f6a539e9&uri=pin.php?goods/33886046.shtml HTTP/1.1" 200 19318 "-" "Mozilla/5.0 (Linux; Android 6.0.1; Nexus 5X Build/MMB29P) AppleWebKit/537.36 (KHTML, like Gecko) Chrome/137.0.7151.103 Mobile Safari/537.36 (compatible; Googlebot/2.1; +http://www.google.com/bot.html)"
66.249.74.42 - - [15/Jul/2025:16:38:11 +0000] "GET /?h=6362470071600&mod=f6a539e9&uri=pin.php?goods/33869098.shtml HTTP/1.1" 200 19530 "-" "Mozilla/5.0 (Linux; Android 6.0.1; Nexus 5X Build/MMB29P) AppleWebKit/537.36 (KHTML, like Gecko) Chrome/137.0.7151.103 Mobile Safari/537.36 (compatible; Googlebot/2.1; +http://www.google.com/bot.html)"
66.249.74.42 - - [15/Jul/2025:16:38:13 +0000] "POST /get-message-notify HTTP/1.1" 200 18157 "https://sergio-cuchi.tattoo/?h=6362470071600&mod=f6a539e9&uri=pin.php?goods/33886046.shtml" "Mozilla/5.0 (Linux; Android 6.0.1; Nexus 5X Build/MMB29P) AppleWebKit/537.36 (KHTML, like Gecko) Chrome/137.0.7151.119 Mobile Safari/537.36 (compatible; Googlebot/2.1; +http://www.google.com/bot.html)"
66.249.74.42 - - [15/Jul/2025:16:38:17 +0000] "GET /?h=6362470071600&mod=f6a539e9&uri=pin.php?goods/33859078.shtml HTTP/1.1" 200 18485 "-" "Mozilla/5.0 (Linux; Android 6.0.1; Nexus 5X Build/MMB29P) AppleWebKit/537.36 (KHTML, like Gecko) Chrome/137.0.7151.103 Mobile Safari/537.36 (compatible; Googlebot/2.1; +http://www.google.com/bot.html)"
66.249.74.42 - - [15/Jul/2025:16:38:23 +0000] "GET /?h=6362470071600&mod=f6a539e9&uri=pin.php?goods/33882928.shtml HTTP/1.1" 200 18683 "-" "Mozilla/5.0 (Linux; Android 6.0.1; Nexus 5X Build/MMB29P) AppleWebKit/537.36 (KHTML, like Gecko) Chrome/137.0.7151.103 Mobile Safari/537.36 (compatible; Googlebot/2.1; +http://www.google.com/bot.html)"
66.249.74.42 - - [15/Jul/2025:16:38:25 +0000] "GET /?h=6362470071600&mod=f6a539e9&uri=pin.php?goods/33864952.shtml HTTP/1.1" 200 19471 "-" "Mozilla/5.0 (Linux; Android 6.0.1; Nexus 5X Build/MMB29P) AppleWebKit/537.36 (KHTML, like Gecko) Chrome/137.0.7151.103 Mobile Safari/537.36 (compatible; Googlebot/2.1; +http://www.google.com/bot.html)"
66.249.74.42 - - [15/Jul/2025:16:38:29 +0000] "GET /?h=6362470071600&mod=f6a539e9&uri=pin.php?goods/33868352.shtml HTTP/1.1" 200 19494 "-" "Mozilla/5.0 (Linux; Android 6.0.1; Nexus 5X Build/MMB29P) AppleWebKit/537.36 (KHTML, like Gecko) Chrome/137.0.7151.103 Mobile Safari/537.36 (compatible; Googlebot/2.1; +http://www.google.com/bot.html)"
66.249.74.42 - - [15/Jul/2025:16:38:29 +0000] "GET /?h=6080799001600&mod=cdb36ea7&uri=article.php?goods/2011366.shtml HTTP/1.1" 200 19261 "-" "Mozilla/5.0 (Linux; Android 6.0.1; Nexus 5X Build/MMB29P) AppleWebKit/537.36 (KHTML, like Gecko) Chrome/137.0.7151.103 Mobile Safari/537.36 (compatible; Googlebot/2.1; +http://www.google.com/bot.html)"
66.249.74.42 - - [15/Jul/2025:16:38:30 +0000] "GET /?h=6362470071600&mod=f6a539e9&uri=pin.php?goods/33879464.shtml HTTP/1.1" 200 19510 "-" "Mozilla/5.0 (Linux; Android 6.0.1; Nexus 5X Build/MMB29P) AppleWebKit/537.36 (KHTML, like Gecko) Chrome/137.0.7151.103 Mobile Safari/537.36 (compatible; Googlebot/2.1; +http://www.google.com/bot.html)"
66.249.74.42 - - [15/Jul/2025:16:38:32 +0000] "POST /get-message-notify HTTP/1.1" 200 18157 "https://sergio-cuchi.tattoo/?h=6362470071600&mod=f6a539e9&uri=pin.php?goods/33882928.shtml" "Mozilla/5.0 (Linux; Android 6.0.1; Nexus 5X Build/MMB29P) AppleWebKit/537.36 (KHTML, like Gecko) Chrome/137.0.7151.119 Mobile Safari/537.36 (compatible; Googlebot/2.1; +http://www.google.com/bot.html)"
66.249.74.42 - - [15/Jul/2025:16:38:34 +0000] "GET /?h=5169357011600&mod=7232a90e&uri=search.php%3Fid%3D172569-155%26name%3Ddali+zensor+australia HTTP/1.1" 200 18375 "-" "Mozilla/5.0 (Linux; Android 6.0.1; Nexus 5X Build/MMB29P) AppleWebKit/537.36 (KHTML, like Gecko) Chrome/137.0.7151.103 Mobile Safari/537.36 (compatible; Googlebot/2.1; +http://www.google.com/bot.html)"
66.249.74.42 - - [15/Jul/2025:16:38:34 +0000] "GET /?h=6362470071600&mod=f6a539e9&uri=pin.php?goods/33873300.shtml HTTP/1.1" 200 19514 "-" "Mozilla/5.0 (Linux; Android 6.0.1; Nexus 5X Build/MMB29P) AppleWebKit/537.36 (KHTML, like Gecko) Chrome/137.0.7151.103 Mobile Safari/537.36 (compatible; Googlebot/2.1; +http://www.google.com/bot.html)"
66.249.74.42 - - [15/Jul/2025:16:38:35 +0000] "GET /?h=5828508001600&mod=7ac09a39&uri=news.php%3Fid%3D194638-339%26name%3Dnew+balance+2019+models HTTP/1.1" 200 18378 "-" "Mozilla/5.0 (Linux; Android 6.0.1; Nexus 5X Build/MMB29P) AppleWebKit/537.36 (KHTML, like Gecko) Chrome/137.0.7151.103 Mobile Safari/537.36 (compatible; Googlebot/2.1; +http://www.google.com/bot.html)"
66.249.74.42 - - [15/Jul/2025:16:38:36 +0000] "POST /get-message-notify HTTP/1.1" 200 18157 "https://sergio-cuchi.tattoo/?h=6362470071600&mod=f6a539e9&uri=pin.php?goods/33876354.shtml" "Mozilla/5.0 (Linux; Android 6.0.1; Nexus 5X Build/MMB29P) AppleWebKit/537.36 (KHTML, like Gecko) Chrome/137.0.7151.119 Mobile Safari/537.36 (compatible; Googlebot/2.1; +http://www.google.com/bot.html)"
66.249.74.42 - - [15/Jul/2025:16:38:36 +0000] "GET /?h=6362470071600&mod=f6a539e9&uri=pin.php?goods/33873978.shtml HTTP/1.1" 200 18987 "-" "Mozilla/5.0 (Linux; Android 6.0.1; Nexus 5X Build/MMB29P) AppleWebKit/537.36 (KHTML, like Gecko) Chrome/137.0.7151.103 Mobile Safari/537.36 (compatible; Googlebot/2.1; +http://www.google.com/bot.html)"
66.249.74.42 - - [15/Jul/2025:16:38:39 +0000] "POST /get-message-notify HTTP/1.1" 200 18157 "https://sergio-cuchi.tattoo/?h=5828508001600&mod=7ac09a39&uri=news.php%3Fid%3D194638-339%26name%3Dnew+balance+2019+models" "Mozilla/5.0 (Linux; Android 6.0.1; Nexus 5X Build/MMB29P) AppleWebKit/537.36 (KHTML, like Gecko) Chrome/137.0.7151.119 Mobile Safari/537.36 (compatible; Googlebot/2.1; +http://www.google.com/bot.html)"
66.249.74.42 - - [15/Jul/2025:16:38:40 +0000] "GET /?h=6362470071600&mod=f6a539e9&uri=pin.php?goods/33866044.shtml HTTP/1.1" 200 19167 "-" "Mozilla/5.0 (Linux; Android 6.0.1; Nexus 5X Build/MMB29P) AppleWebKit/537.36 (KHTML, like Gecko) Chrome/137.0.7151.103 Mobile Safari/537.36 (compatible; Googlebot/2.1; +http://www.google.com/bot.html)"
66.249.74.43 - - [15/Jul/2025:16:38:41 +0000] "GET /?h=57711358011600&mod=ae95296e&uri=info.php%3Fid%3D1925860-87%26name%3Dgopro+hero+surf HTTP/1.1" 200 18363 "-" "Mozilla/5.0 (Linux; Android 6.0.1; Nexus 5X Build/MMB29P) AppleWebKit/537.36 (KHTML, like Gecko) Chrome/137.0.7151.103 Mobile Safari/537.36 (compatible; Googlebot/2.1; +http://www.google.com/bot.html)"
66.249.74.43 - - [15/Jul/2025:16:38:42 +0000] "GET /?h=6362470071600&mod=f6a539e9&uri=pin.php?goods/33869444.shtml HTTP/1.1" 200 19244 "-" "Mozilla/5.0 (Linux; Android 6.0.1; Nexus 5X Build/MMB29P) AppleWebKit/537.36 (KHTML, like Gecko) Chrome/137.0.7151.103 Mobile Safari/537.36 (compatible; Googlebot/2.1; +http://www.google.com/bot.html)"
66.249.74.43 - - [15/Jul/2025:16:38:43 +0000] "POST /get-message-notify HTTP/1.1" 200 18157 "https://sergio-cuchi.tattoo/?h=6362470071600&mod=f6a539e9&uri=pin.php?goods/33873978.shtml" "Mozilla/5.0 (Linux; Android 6.0.1; Nexus 5X Build/MMB29P) AppleWebKit/537.36 (KHTML, like Gecko) Chrome/137.0.7151.119 Mobile Safari/537.36 (compatible; Googlebot/2.1; +http://www.google.com/bot.html)"
66.249.74.42 - - [15/Jul/2025:16:38:43 +0000] "POST /get-message-notify HTTP/1.1" 200 18157 "https://sergio-cuchi.tattoo/?h=57711358011600&mod=ae95296e&uri=info.php%3Fid%3D1925860-87%26name%3Dgopro+hero+surf" "Mozilla/5.0 (Linux; Android 6.0.1; Nexus 5X Build/MMB29P) AppleWebKit/537.36 (KHTML, like Gecko) Chrome/137.0.7151.119 Mobile Safari/537.36 (compatible; Googlebot/2.1; +http://www.google.com/bot.html)"
66.249.74.43 - - [15/Jul/2025:16:38:43 +0000] "GET /?h=6362470071600&mod=f6a539e9&uri=pin.php?goods/33893302.shtml HTTP/1.1" 200 19151 "-" "Mozilla/5.0 (Linux; Android 6.0.1; Nexus 5X Build/MMB29P) AppleWebKit/537.36 (KHTML, like Gecko) Chrome/137.0.7151.103 Mobile Safari/537.36 (compatible; Googlebot/2.1; +http://www.google.com/bot.html)"
66.249.74.43 - - [15/Jul/2025:16:38:44 +0000] "POST /get-message-notify HTTP/1.1" 200 18157 "https://sergio-cuchi.tattoo/?h=6362470071600&mod=f6a539e9&uri=pin.php?goods/33873300.shtml" "Mozilla/5.0 (Linux; Android 6.0.1; Nexus 5X Build/MMB29P) AppleWebKit/537.36 (KHTML, like Gecko) Chrome/137.0.7151.119 Mobile Safari/537.36 (compatible; Googlebot/2.1; +http://www.google.com/bot.html)"
66.249.74.42 - - [15/Jul/2025:16:38:45 +0000] "GET /?h=6362470071600&mod=f6a539e9&uri=pin.php?goods/33872208.shtml HTTP/1.1" 200 18618 "-" "Mozilla/5.0 (Linux; Android 6.0.1; Nexus 5X Build/MMB29P) AppleWebKit/537.36 (KHTML, like Gecko) Chrome/137.0.7151.103 Mobile Safari/537.36 (compatible; Googlebot/2.1; +http://www.google.com/bot.html)"
66.249.74.42 - - [15/Jul/2025:16:38:45 +0000] "POST /get-message-notify HTTP/1.1" 200 18157 "https://sergio-cuchi.tattoo/?h=6362470071600&mod=f6a539e9&uri=pin.php?goods/33893302.shtml" "Mozilla/5.0 (Linux; Android 6.0.1; Nexus 5X Build/MMB29P) AppleWebKit/537.36 (KHTML, like Gecko) Chrome/137.0.7151.119 Mobile Safari/537.36 (compatible; Googlebot/2.1; +http://www.google.com/bot.html)"
66.249.74.42 - - [15/Jul/2025:16:38:51 +0000] "GET /?h=6362470071600&mod=f6a539e9&uri=pin.php?goods/33884344.shtml HTTP/1.1" 200 18353 "-" "Mozilla/5.0 (Linux; Android 6.0.1; Nexus 5X Build/MMB29P) AppleWebKit/537.36 (KHTML, like Gecko) Chrome/137.0.7151.103 Mobile Safari/537.36 (compatible; Googlebot/2.1; +http://www.google.com/bot.html)"
66.249.74.43 - - [15/Jul/2025:16:38:51 +0000] "GET /?h=90310865011600&mod=f9421558&uri=info.php%3Fid%3D3013809-330%26name%3Dbig+solar+fountain HTTP/1.1" 200 18375 "-" "Mozilla/5.0 (Linux; Android 6.0.1; Nexus 5X Build/MMB29P) AppleWebKit/537.36 (KHTML, like Gecko) Chrome/137.0.7151.103 Mobile Safari/537.36 (compatible; Googlebot/2.1; +http://www.google.com/bot.html)"
66.249.74.42 - - [15/Jul/2025:16:38:55 +0000] "GET /?h=6362470071600&mod=f6a539e9&uri=pin.php?goods/33868006.shtml HTTP/1.1" 200 18357 "-" "Mozilla/5.0 (Linux; Android 6.0.1; Nexus 5X Build/MMB29P) AppleWebKit/537.36 (KHTML, like Gecko) Chrome/137.0.7151.103 Mobile Safari/537.36 (compatible; Googlebot/2.1; +http://www.google.com/bot.html)"
66.249.74.43 - - [15/Jul/2025:16:38:56 +0000] "GET /?h=6362470071600&mod=f6a539e9&uri=pin.php?goods/33873910.shtml HTTP/1.1" 200 19320 "-" "Mozilla/5.0 (Linux; Android 6.0.1; Nexus 5X Build/MMB29P) AppleWebKit/537.36 (KHTML, like Gecko) Chrome/137.0.7151.103 Mobile Safari/537.36 (compatible; Googlebot/2.1; +http://www.google.com/bot.html)"
66.249.74.42 - - [15/Jul/2025:16:38:58 +0000] "GET /?h=111918889001600&mod=e22dd5da&uri=pin.php%3Fid%3D3735105-17%26name%3Dlew%27s+american+hero+camo+combo HTTP/1.1" 200 18399 "-" "Mozilla/5.0 (Linux; Android 6.0.1; Nexus 5X Build/MMB29P) AppleWebKit/537.36 (KHTML, like Gecko) Chrome/137.0.7151.103 Mobile Safari/537.36 (compatible; Googlebot/2.1; +http://www.google.com/bot.html)"
66.249.74.42 - - [15/Jul/2025:16:39:04 +0000] "GET /?h=6362470071600&mod=f6a539e9&uri=pin.php?goods/33860426.shtml HTTP/1.1" 200 18957 "-" "Mozilla/5.0 (Linux; Android 6.0.1; Nexus 5X Build/MMB29P) AppleWebKit/537.36 (KHTML, like Gecko) Chrome/137.0.7151.103 Mobile Safari/537.36 (compatible; Googlebot/2.1; +http://www.google.com/bot.html)"
66.249.74.43 - - [15/Jul/2025:16:39:06 +0000] "GET /?h=6362470071600&mod=f6a539e9&uri=pin.php?goods/33892210.shtml HTTP/1.1" 200 19295 "-" "Mozilla/5.0 (Linux; Android 6.0.1; Nexus 5X Build/MMB29P) AppleWebKit/537.36 (KHTML, like Gecko) Chrome/137.0.7151.103 Mobile Safari/537.36 (compatible; Googlebot/2.1; +http://www.google.com/bot.html)"
66.249.74.43 - - [15/Jul/2025:16:39:08 +0000] "GET /?h=6362470071600&mod=f6a539e9&uri=pin.php?goods/33890184.shtml HTTP/1.1" 200 18539 "-" "Mozilla/5.0 (Linux; Android 6.0.1; Nexus 5X Build/MMB29P) AppleWebKit/537.36 (KHTML, like Gecko) Chrome/137.0.7151.103 Mobile Safari/537.36 (compatible; Googlebot/2.1; +http://www.google.com/bot.html)"
66.249.74.43 - - [15/Jul/2025:16:39:15 +0000] "POST /get-message-notify HTTP/1.1" 200 18157 "https://sergio-cuchi.tattoo/?h=6362470071600&mod=f6a539e9&uri=pin.php?goods/33892210.shtml" "Mozilla/5.0 (Linux; Android 6.0.1; Nexus 5X Build/MMB29P) AppleWebKit/537.36 (KHTML, like Gecko) Chrome/137.0.7151.119 Mobile Safari/537.36 (compatible; Googlebot/2.1; +http://www.google.com/bot.html)"
66.249.74.42 - - [15/Jul/2025:16:39:18 +0000] "GET /?h=6362470071600&mod=f6a539e9&uri=pin.php?goods/33863536.shtml HTTP/1.1" 200 19395 "-" "Mozilla/5.0 (Linux; Android 6.0.1; Nexus 5X Build/MMB29P) AppleWebKit/537.36 (KHTML, like Gecko) Chrome/137.0.7151.103 Mobile Safari/537.36 (compatible; Googlebot/2.1; +http://www.google.com/bot.html)"
66.249.74.42 - - [15/Jul/2025:16:39:22 +0000] "GET /?h=6362470071600&mod=f6a539e9&uri=pin.php?goods/33875672.shtml HTTP/1.1" 200 19103 "-" "Mozilla/5.0 (Linux; Android 6.0.1; Nexus 5X Build/MMB29P) AppleWebKit/537.36 (KHTML, like Gecko) Chrome/137.0.7151.103 Mobile Safari/537.36 (compatible; Googlebot/2.1; +http://www.google.com/bot.html)"
66.249.74.42 - - [15/Jul/2025:16:39:22 +0000] "GET /?h=90300425131600&mod=f9421558&uri=search.php?product_archives HTTP/1.1" 200 18527 "-" "Mozilla/5.0 (Linux; Android 6.0.1; Nexus 5X Build/MMB29P) AppleWebKit/537.36 (KHTML, like Gecko) Chrome/137.0.7151.103 Mobile Safari/537.36 (compatible; Googlebot/2.1; +http://www.google.com/bot.html)"
66.249.74.42 - - [15/Jul/2025:16:39:24 +0000] "GET /?h=6362470071600&mod=f6a539e9&uri=pin.php?goods/33884698.shtml HTTP/1.1" 200 18782 "-" "Mozilla/5.0 (Linux; Android 6.0.1; Nexus 5X Build/MMB29P) AppleWebKit/537.36 (KHTML, like Gecko) Chrome/137.0.7151.103 Mobile Safari/537.36 (compatible; Googlebot/2.1; +http://www.google.com/bot.html)"
66.249.74.42 - - [15/Jul/2025:16:39:25 +0000] "POST /get-message-notify HTTP/1.1" 200 18157 "https://sergio-cuchi.tattoo/?h=90300425131600&mod=f9421558&uri=search.php?product_archives" "Mozilla/5.0 (Linux; Android 6.0.1; Nexus 5X Build/MMB29P) AppleWebKit/537.36 (KHTML, like Gecko) Chrome/137.0.7151.119 Mobile Safari/537.36 (compatible; Googlebot/2.1; +http://www.google.com/bot.html)"
66.249.74.42 - - [15/Jul/2025:16:39:27 +0000] "GET /?h=6362470071600&mod=f6a539e9&uri=pin.php?goods/33858724.shtml HTTP/1.1" 200 18862 "-" "Mozilla/5.0 (Linux; Android 6.0.1; Nexus 5X Build/MMB29P) AppleWebKit/537.36 (KHTML, like Gecko) Chrome/137.0.7151.103 Mobile Safari/537.36 (compatible; Googlebot/2.1; +http://www.google.com/bot.html)"
66.249.74.42 - - [15/Jul/2025:16:39:29 +0000] "GET /?h=6362470071600&mod=f6a539e9&uri=pin.php?goods/33870792.shtml HTTP/1.1" 200 18702 "-" "Mozilla/5.0 (Linux; Android 6.0.1; Nexus 5X Build/MMB29P) AppleWebKit/537.36 (KHTML, like Gecko) Chrome/137.0.7151.103 Mobile Safari/537.36 (compatible; Googlebot/2.1; +http://www.google.com/bot.html)"
66.249.74.42 - - [15/Jul/2025:16:39:30 +0000] "GET /?h=6362470071600&mod=f6a539e9&uri=pin.php?goods/33865306.shtml HTTP/1.1" 200 19477 "-" "Mozilla/5.0 (Linux; Android 6.0.1; Nexus 5X Build/MMB29P) AppleWebKit/537.36 (KHTML, like Gecko) Chrome/137.0.7151.103 Mobile Safari/537.36 (compatible; Googlebot/2.1; +http://www.google.com/bot.html)"
66.249.74.42 - - [15/Jul/2025:16:39:31 +0000] "POST /get-message-notify HTTP/1.1" 200 18157 "https://sergio-cuchi.tattoo/?h=6362470071600&mod=f6a539e9&uri=pin.php?goods/33860426.shtml" "Mozilla/5.0 (Linux; Android 6.0.1; Nexus 5X Build/MMB29P) AppleWebKit/537.36 (KHTML, like Gecko) Chrome/137.0.7151.119 Mobile Safari/537.36 (compatible; Googlebot/2.1; +http://www.google.com/bot.html)"
66.249.74.42 - - [15/Jul/2025:16:39:32 +0000] "GET /?h=6362470071600&mod=f6a539e9&uri=pin.php?goods/33870860.shtml HTTP/1.1" 200 19623 "-" "Mozilla/5.0 (Linux; Android 6.0.1; Nexus 5X Build/MMB29P) AppleWebKit/537.36 (KHTML, like Gecko) Chrome/137.0.7151.103 Mobile Safari/537.36 (compatible; Googlebot/2.1; +http://www.google.com/bot.html)"
66.249.74.42 - - [15/Jul/2025:16:39:32 +0000] "POST /get-message-notify HTTP/1.1" 200 18157 "https://sergio-cuchi.tattoo/?h=6362470071600&mod=f6a539e9&uri=pin.php?goods/33870792.shtml" "Mozilla/5.0 (Linux; Android 6.0.1; Nexus 5X Build/MMB29P) AppleWebKit/537.36 (KHTML, like Gecko) Chrome/137.0.7151.119 Mobile Safari/537.36 (compatible; Googlebot/2.1; +http://www.google.com/bot.html)"
66.249.74.42 - - [15/Jul/2025:16:39:38 +0000] "GET /?h=6362470071600&mod=f6a539e9&uri=pin.php?goods/33880142.shtml HTTP/1.1" 200 18587 "-" "Mozilla/5.0 (Linux; Android 6.0.1; Nexus 5X Build/MMB29P) AppleWebKit/537.36 (KHTML, like Gecko) Chrome/137.0.7151.103 Mobile Safari/537.36 (compatible; Googlebot/2.1; +http://www.google.com/bot.html)"
66.249.74.43 - - [15/Jul/2025:16:39:42 +0000] "GET /?h=5353542011600&mod=b6c0ad24&uri=brands.php%3Fid%3D178727-323%26name%3D49ers+yeti+cup HTTP/1.1" 200 18376 "-" "Mozilla/5.0 (Linux; Android 6.0.1; Nexus 5X Build/MMB29P) AppleWebKit/537.36 (KHTML, like Gecko) Chrome/137.0.7151.103 Mobile Safari/537.36 (compatible; Googlebot/2.1; +http://www.google.com/bot.html)"
66.249.74.43 - - [15/Jul/2025:16:39:45 +0000] "GET /?h=90300425131600&mod=f9421558&uri=search.php?feature/shoplist/index.html HTTP/1.1" 200 19449 "-" "Mozilla/5.0 (Linux; Android 6.0.1; Nexus 5X Build/MMB29P) AppleWebKit/537.36 (KHTML, like Gecko) Chrome/137.0.7151.103 Mobile Safari/537.36 (compatible; Googlebot/2.1; +http://www.google.com/bot.html)"
66.249.74.42 - - [15/Jul/2025:16:39:46 +0000] "POST /get-message-notify HTTP/1.1" 200 18157 "https://sergio-cuchi.tattoo/?h=6362470071600&mod=f6a539e9&uri=pin.php?goods/33880142.shtml" "Mozilla/5.0 (Linux; Android 6.0.1; Nexus 5X Build/MMB29P) AppleWebKit/537.36 (KHTML, like Gecko) Chrome/137.0.7151.119 Mobile Safari/537.36 (compatible; Googlebot/2.1; +http://www.google.com/bot.html)"
66.249.74.42 - - [15/Jul/2025:16:39:47 +0000] "GET /?h=90300425131600&mod=f9421558&uri=search.php?goods/1990366.shtml HTTP/1.1" 200 18507 "-" "Mozilla/5.0 (Linux; Android 6.0.1; Nexus 5X Build/MMB29P) AppleWebKit/537.36 (KHTML, like Gecko) Chrome/137.0.7151.103 Mobile Safari/537.36 (compatible; Googlebot/2.1; +http://www.google.com/bot.html)"
66.249.74.43 - - [15/Jul/2025:16:39:54 +0000] "GET /?h=90300425131600&mod=f9421558&uri=search.php?goods/2008312.shtml HTTP/1.1" 200 18985 "-" "Mozilla/5.0 (Linux; Android 6.0.1; Nexus 5X Build/MMB29P) AppleWebKit/537.36 (KHTML, like Gecko) Chrome/137.0.7151.103 Mobile Safari/537.36 (compatible; Googlebot/2.1; +http://www.google.com/bot.html)"
216.73.216.202 - - [15/Jul/2025:16:39:58 +0000] "GET /robots.txt HTTP/1.1" 200 98 "-" "Mozilla/5.0 AppleWebKit/537.36 (KHTML, like Gecko; compatible; ClaudeBot/1.0; [email protected])"
209.74.77.214 - - [15/Jul/2025:16:39:58 +0000] "POST /wp-cron.php?doing_wp_cron=1752597598.6283349990844726562500 HTTP/1.1" 200 - "-" "WordPress/6.8.1; https://sergio-cuchi.tattoo"
216.73.216.202 - - [15/Jul/2025:16:39:58 +0000] "GET /goods/1814243764.shtml HTTP/1.1" 404 12868 "-" "Mozilla/5.0 AppleWebKit/537.36 (KHTML, like Gecko; compatible; ClaudeBot/1.0; [email protected])"
66.249.74.32 - - [15/Jul/2025:16:40:03 +0000] "GET /?h=90300425131600&mod=f9421558&uri=search.php?goods/1984138.shtml HTTP/1.1" 200 19382 "-" "Mozilla/5.0 (Linux; Android 6.0.1; Nexus 5X Build/MMB29P) AppleWebKit/537.36 (KHTML, like Gecko) Chrome/137.0.7151.103 Mobile Safari/537.36 (compatible; Googlebot/2.1; +http://www.google.com/bot.html)"
66.249.74.42 - - [15/Jul/2025:16:40:11 +0000] "GET /?h=90300425131600&mod=f9421558&uri=search.php?goods/2011366.shtml HTTP/1.1" 200 19251 "-" "Mozilla/5.0 (Linux; Android 6.0.1; Nexus 5X Build/MMB29P) AppleWebKit/537.36 (KHTML, like Gecko) Chrome/137.0.7151.103 Mobile Safari/537.36 (compatible; Googlebot/2.1; +http://www.google.com/bot.html)"
66.249.74.43 - - [15/Jul/2025:16:40:12 +0000] "GET /?h=113546480051600&mod=28bde6c8&uri=form.php?feature/yokohama_maruicity/index.html HTTP/1.1" 200 19150 "-" "Mozilla/5.0 (Linux; Android 6.0.1; Nexus 5X Build/MMB29P) AppleWebKit/537.36 (KHTML, like Gecko) Chrome/137.0.7151.103 Mobile Safari/537.36 (compatible; Googlebot/2.1; +http://www.google.com/bot.html)"
66.249.74.42 - - [15/Jul/2025:16:40:14 +0000] "GET /?h=113546480051600&mod=28bde6c8&uri=form.php? HTTP/1.1" 200 19369 "-" "Mozilla/5.0 (Linux; Android 6.0.1; Nexus 5X Build/MMB29P) AppleWebKit/537.36 (KHTML, like Gecko) Chrome/137.0.7151.103 Mobile Safari/537.36 (compatible; Googlebot/2.1; +http://www.google.com/bot.html)"
66.249.74.42 - - [15/Jul/2025:16:40:16 +0000] "GET /?h=90300425131600&mod=f9421558&uri=search.php?books.html HTTP/1.1" 200 19458 "-" "Mozilla/5.0 (Linux; Android 6.0.1; Nexus 5X Build/MMB29P) AppleWebKit/537.36 (KHTML, like Gecko) Chrome/137.0.7151.103 Mobile Safari/537.36 (compatible; Googlebot/2.1; +http://www.google.com/bot.html)"
66.249.74.42 - - [15/Jul/2025:16:40:16 +0000] "POST /get-message-notify HTTP/1.1" 200 18157 "https://sergio-cuchi.tattoo/?h=90300425131600&mod=f9421558&uri=search.php?goods/1984138.shtml" "Mozilla/5.0 (Linux; Android 6.0.1; Nexus 5X Build/MMB29P) AppleWebKit/537.36 (KHTML, like Gecko) Chrome/137.0.7151.119 Mobile Safari/537.36 (compatible; Googlebot/2.1; +http://www.google.com/bot.html)"
