216.73.216.202 - - [15/Jul/2025:13:36:34 +0000] "GET /goods/1814192942.shtml HTTP/1.1" 404 12868 "-" "Mozilla/5.0 AppleWebKit/537.36 (KHTML, like Gecko; compatible; ClaudeBot/1.0; [email protected])"
216.73.216.202 - - [15/Jul/2025:13:36:37 +0000] "GET /goods/1814596148.shtml HTTP/1.1" 404 12868 "-" "Mozilla/5.0 AppleWebKit/537.36 (KHTML, like Gecko; compatible; ClaudeBot/1.0; [email protected])"
216.73.216.202 - - [15/Jul/2025:13:36:40 +0000] "GET /goods/1814271692.shtml HTTP/1.1" 404 12868 "-" "Mozilla/5.0 AppleWebKit/537.36 (KHTML, like Gecko; compatible; ClaudeBot/1.0; [email protected])"
66.249.74.42 - - [15/Jul/2025:13:36:40 +0000] "GET /?h=5309024041600&mod=a7290c5b&uri=shared.php%3Fid%3D177242-317%26name%3Dboots+baby+wear HTTP/1.1" 200 18377 "-" "Mozilla/5.0 (Linux; Android 6.0.1; Nexus 5X Build/MMB29P) AppleWebKit/537.36 (KHTML, like Gecko) Chrome/137.0.7151.103 Mobile Safari/537.36 (compatible; Googlebot/2.1; +http://www.google.com/bot.html)"
216.73.216.202 - - [15/Jul/2025:13:36:43 +0000] "GET /goods/1814176404.shtml HTTP/1.1" 404 12868 "-" "Mozilla/5.0 AppleWebKit/537.36 (KHTML, like Gecko; compatible; ClaudeBot/1.0; [email protected])"
66.249.74.42 - - [15/Jul/2025:13:36:44 +0000] "POST /get-message-notify HTTP/1.1" 200 18153 "https://sergio-cuchi.tattoo/?h=5309024041600&mod=a7290c5b&uri=shared.php%3Fid%3D177242-317%26name%3Dboots+baby+wear" "Mozilla/5.0 (Linux; Android 6.0.1; Nexus 5X Build/MMB29P) AppleWebKit/537.36 (KHTML, like Gecko) Chrome/137.0.7151.119 Mobile Safari/537.36 (compatible; Googlebot/2.1; +http://www.google.com/bot.html)"
209.74.77.214 - - [15/Jul/2025:13:36:46 +0000] "POST /wp-cron.php?doing_wp_cron=1752586606.5732870101928710937500 HTTP/1.1" 200 - "-" "WordPress/6.8.1; https://sergio-cuchi.tattoo"
216.73.216.202 - - [15/Jul/2025:13:36:46 +0000] "GET /goods/1814147384.shtml HTTP/1.1" 404 12868 "-" "Mozilla/5.0 AppleWebKit/537.36 (KHTML, like Gecko; compatible; ClaudeBot/1.0; [email protected])"
216.73.216.202 - - [15/Jul/2025:13:36:49 +0000] "GET /goods/1814511072.shtml HTTP/1.1" 404 12868 "-" "Mozilla/5.0 AppleWebKit/537.36 (KHTML, like Gecko; compatible; ClaudeBot/1.0; [email protected])"
57.141.2.17 - - [15/Jul/2025:13:36:53 +0000] "GET /?h=103307993041600& HTTP/1.1" 301 - "-" "meta-externalagent/1.1 (+https://developers.facebook.com/docs/sharing/webmasters/crawler)"
216.73.216.202 - - [15/Jul/2025:13:36:55 +0000] "GET /goods/1422534704.shtml HTTP/1.1" 404 12868 "-" "Mozilla/5.0 AppleWebKit/537.36 (KHTML, like Gecko; compatible; ClaudeBot/1.0; [email protected])"
57.141.2.4 - - [15/Jul/2025:13:36:56 +0000] "GET /?h=14005826001600& HTTP/1.1" 301 - "-" "meta-externalagent/1.1 (+https://developers.facebook.com/docs/sharing/webmasters/crawler)"
57.141.2.8 - - [15/Jul/2025:13:36:56 +0000] "GET /?h=35020372051600& HTTP/1.1" 301 - "-" "meta-externalagent/1.1 (+https://developers.facebook.com/docs/sharing/webmasters/crawler)"
57.141.2.7 - - [15/Jul/2025:13:36:57 +0000] "GET /?h=50464432001600& HTTP/1.1" 301 - "-" "meta-externalagent/1.1 (+https://developers.facebook.com/docs/sharing/webmasters/crawler)"
216.73.216.202 - - [15/Jul/2025:13:36:58 +0000] "GET /goods/1422583026.shtml HTTP/1.1" 404 12868 "-" "Mozilla/5.0 AppleWebKit/537.36 (KHTML, like Gecko; compatible; ClaudeBot/1.0; [email protected])"
57.141.2.2 - - [15/Jul/2025:13:36:59 +0000] "GET /?h=23319494031600& HTTP/1.1" 301 - "-" "meta-externalagent/1.1 (+https://developers.facebook.com/docs/sharing/webmasters/crawler)"
216.73.216.202 - - [15/Jul/2025:13:37:01 +0000] "GET /goods/1422552334.shtml HTTP/1.1" 404 12868 "-" "Mozilla/5.0 AppleWebKit/537.36 (KHTML, like Gecko; compatible; ClaudeBot/1.0; [email protected])"
66.249.74.32 - - [15/Jul/2025:13:37:04 +0000] "POST /get-message-notify HTTP/1.1" 200 18153 "https://sergio-cuchi.tattoo/?h=119855906041600&mod=a3ad5829&uri=itm.php%3Fid%3D3999954-648%26name%3Dysl+bag+yupoo" "Mozilla/5.0 (Linux; Android 6.0.1; Nexus 5X Build/MMB29P) AppleWebKit/537.36 (KHTML, like Gecko) Chrome/137.0.7151.119 Mobile Safari/537.36 (compatible; Googlebot/2.1; +http://www.google.com/bot.html)"
216.73.216.202 - - [15/Jul/2025:13:37:04 +0000] "GET /goods/1814231982.shtml HTTP/1.1" 404 12868 "-" "Mozilla/5.0 AppleWebKit/537.36 (KHTML, like Gecko; compatible; ClaudeBot/1.0; [email protected])"
57.141.2.4 - - [15/Jul/2025:13:37:06 +0000] "GET /?h=58103128011600& HTTP/1.1" 301 - "-" "meta-externalagent/1.1 (+https://developers.facebook.com/docs/sharing/webmasters/crawler)"
216.73.216.202 - - [15/Jul/2025:13:37:07 +0000] "GET /goods/1422579908.shtml HTTP/1.1" 404 12868 "-" "Mozilla/5.0 AppleWebKit/537.36 (KHTML, like Gecko; compatible; ClaudeBot/1.0; [email protected])"
57.141.2.9 - - [15/Jul/2025:13:37:10 +0000] "GET /?h=2751813001600& HTTP/1.1" 301 - "-" "meta-externalagent/1.1 (+https://developers.facebook.com/docs/sharing/webmasters/crawler)"
216.73.216.202 - - [15/Jul/2025:13:37:10 +0000] "GET /goods/1422344930.shtml HTTP/1.1" 404 12868 "-" "Mozilla/5.0 AppleWebKit/537.36 (KHTML, like Gecko; compatible; ClaudeBot/1.0; [email protected])"
57.141.2.13 - - [15/Jul/2025:13:37:11 +0000] "GET /?h=58061679131600& HTTP/1.1" 301 - "-" "meta-externalagent/1.1 (+https://developers.facebook.com/docs/sharing/webmasters/crawler)"
216.73.216.202 - - [15/Jul/2025:13:37:13 +0000] "GET /goods/1422277216.shtml HTTP/1.1" 404 12868 "-" "Mozilla/5.0 AppleWebKit/537.36 (KHTML, like Gecko; compatible; ClaudeBot/1.0; [email protected])"
216.73.216.202 - - [15/Jul/2025:13:37:16 +0000] "GET /goods/1422382332.shtml HTTP/1.1" 404 12868 "-" "Mozilla/5.0 AppleWebKit/537.36 (KHTML, like Gecko; compatible; ClaudeBot/1.0; [email protected])"
57.141.2.9 - - [15/Jul/2025:13:37:18 +0000] "GET /?h=9414441101600& HTTP/1.1" 301 - "-" "meta-externalagent/1.1 (+https://developers.facebook.com/docs/sharing/webmasters/crawler)"
216.73.216.202 - - [15/Jul/2025:13:37:19 +0000] "GET /goods/1814304568.shtml HTTP/1.1" 404 12868 "-" "Mozilla/5.0 AppleWebKit/537.36 (KHTML, like Gecko; compatible; ClaudeBot/1.0; [email protected])"
57.141.2.5 - - [15/Jul/2025:13:37:22 +0000] "GET /?h=99775516041600& HTTP/1.1" 301 - "-" "meta-externalagent/1.1 (+https://developers.facebook.com/docs/sharing/webmasters/crawler)"
216.73.216.202 - - [15/Jul/2025:13:37:22 +0000] "GET /goods/1814397838.shtml HTTP/1.1" 404 12868 "-" "Mozilla/5.0 AppleWebKit/537.36 (KHTML, like Gecko; compatible; ClaudeBot/1.0; [email protected])"
57.141.2.25 - - [15/Jul/2025:13:37:22 +0000] "GET /?h=35679497011600& HTTP/1.1" 301 - "-" "meta-externalagent/1.1 (+https://developers.facebook.com/docs/sharing/webmasters/crawler)"
57.141.2.20 - - [15/Jul/2025:13:37:23 +0000] "GET /?h=104112665101600& HTTP/1.1" 301 - "-" "meta-externalagent/1.1 (+https://developers.facebook.com/docs/sharing/webmasters/crawler)"
57.141.2.14 - - [15/Jul/2025:13:37:23 +0000] "GET /?h=14005826001600 HTTP/1.1" 200 97810 "-" "meta-externalagent/1.1 (+https://developers.facebook.com/docs/sharing/webmasters/crawler)"
57.141.2.10 - - [15/Jul/2025:13:37:23 +0000] "GET /?h=103307993041600 HTTP/1.1" 200 97802 "-" "meta-externalagent/1.1 (+https://developers.facebook.com/docs/sharing/webmasters/crawler)"
216.73.216.202 - - [15/Jul/2025:13:37:25 +0000] "GET /goods/1814377098.shtml HTTP/1.1" 404 12868 "-" "Mozilla/5.0 AppleWebKit/537.36 (KHTML, like Gecko; compatible; ClaudeBot/1.0; [email protected])"
57.141.2.1 - - [15/Jul/2025:13:37:25 +0000] "GET /?h=23319494031600 HTTP/1.1" 200 97806 "-" "meta-externalagent/1.1 (+https://developers.facebook.com/docs/sharing/webmasters/crawler)"
57.141.2.25 - - [15/Jul/2025:13:37:27 +0000] "GET /?h=45594361061600& HTTP/1.1" 301 - "-" "meta-externalagent/1.1 (+https://developers.facebook.com/docs/sharing/webmasters/crawler)"
216.73.216.202 - - [15/Jul/2025:13:37:28 +0000] "GET /goods/1422279724.shtml HTTP/1.1" 404 12868 "-" "Mozilla/5.0 AppleWebKit/537.36 (KHTML, like Gecko; compatible; ClaudeBot/1.0; [email protected])"
216.73.216.202 - - [15/Jul/2025:13:37:31 +0000] "GET /goods/1422369940.shtml HTTP/1.1" 404 12868 "-" "Mozilla/5.0 AppleWebKit/537.36 (KHTML, like Gecko; compatible; ClaudeBot/1.0; [email protected])"
57.141.2.2 - - [15/Jul/2025:13:37:31 +0000] "GET /?h=46283864041600& HTTP/1.1" 301 - "-" "meta-externalagent/1.1 (+https://developers.facebook.com/docs/sharing/webmasters/crawler)"
57.141.2.2 - - [15/Jul/2025:13:37:33 +0000] "GET /?h=104112665101600 HTTP/1.1" 200 97806 "-" "meta-externalagent/1.1 (+https://developers.facebook.com/docs/sharing/webmasters/crawler)"
57.141.2.23 - - [15/Jul/2025:13:37:34 +0000] "GET /?h=58061679131600 HTTP/1.1" 200 97809 "-" "meta-externalagent/1.1 (+https://developers.facebook.com/docs/sharing/webmasters/crawler)"
216.73.216.202 - - [15/Jul/2025:13:37:34 +0000] "GET /goods/1422331510.shtml HTTP/1.1" 404 12868 "-" "Mozilla/5.0 AppleWebKit/537.36 (KHTML, like Gecko; compatible; ClaudeBot/1.0; [email protected])"
57.141.2.12 - - [15/Jul/2025:13:37:36 +0000] "GET /?h=2751813001600 HTTP/1.1" 200 97809 "-" "meta-externalagent/1.1 (+https://developers.facebook.com/docs/sharing/webmasters/crawler)"
216.73.216.202 - - [15/Jul/2025:13:37:37 +0000] "GET /goods/1422563310.shtml HTTP/1.1" 404 12868 "-" "Mozilla/5.0 AppleWebKit/537.36 (KHTML, like Gecko; compatible; ClaudeBot/1.0; [email protected])"
216.73.216.202 - - [15/Jul/2025:13:37:40 +0000] "GET /goods/1422742718.shtml HTTP/1.1" 404 12868 "-" "Mozilla/5.0 AppleWebKit/537.36 (KHTML, like Gecko; compatible; ClaudeBot/1.0; [email protected])"
216.73.216.202 - - [15/Jul/2025:13:37:43 +0000] "GET /goods/1814606522.shtml HTTP/1.1" 404 12868 "-" "Mozilla/5.0 AppleWebKit/537.36 (KHTML, like Gecko; compatible; ClaudeBot/1.0; [email protected])"
57.141.2.2 - - [15/Jul/2025:13:37:44 +0000] "GET /?h=58103128011600 HTTP/1.1" 200 97809 "-" "meta-externalagent/1.1 (+https://developers.facebook.com/docs/sharing/webmasters/crawler)"
209.74.77.214 - - [15/Jul/2025:13:37:46 +0000] "POST /wp-cron.php?doing_wp_cron=1752586666.3361070156097412109375 HTTP/1.1" 200 - "-" "WordPress/6.8.1; https://sergio-cuchi.tattoo"
43.130.26.3 - - [15/Jul/2025:13:37:46 +0000] "GET / HTTP/1.1" 200 16226 "http://www.sergio-cuchi.tattoo" "Mozilla/5.0 (iPhone; CPU iPhone OS 13_2_3 like Mac OS X) AppleWebKit/605.1.15 (KHTML, like Gecko) Version/13.0.3 Mobile/15E148 Safari/604.1"
216.73.216.202 - - [15/Jul/2025:13:37:49 +0000] "GET /goods/1814612686.shtml HTTP/1.1" 404 12868 "-" "Mozilla/5.0 AppleWebKit/537.36 (KHTML, like Gecko; compatible; ClaudeBot/1.0; [email protected])"
57.141.2.27 - - [15/Jul/2025:13:37:51 +0000] "GET /?h=28375735001600& HTTP/1.1" 301 - "-" "meta-externalagent/1.1 (+https://developers.facebook.com/docs/sharing/webmasters/crawler)"
216.73.216.202 - - [15/Jul/2025:13:37:52 +0000] "GET /goods/1422647622.shtml HTTP/1.1" 404 12868 "-" "Mozilla/5.0 AppleWebKit/537.36 (KHTML, like Gecko; compatible; ClaudeBot/1.0; [email protected])"
216.73.216.202 - - [15/Jul/2025:13:37:55 +0000] "GET /goods/1422373404.shtml HTTP/1.1" 404 12868 "-" "Mozilla/5.0 AppleWebKit/537.36 (KHTML, like Gecko; compatible; ClaudeBot/1.0; [email protected])"
66.249.74.43 - - [15/Jul/2025:13:37:58 +0000] "GET /?h=119854766011600&mod=a3ad5829&uri=shared.php%3Fid%3D3999916-648%26name%3Dborsello+uomo+timberland HTTP/1.1" 200 18397 "-" "Mozilla/5.0 (Linux; Android 6.0.1; Nexus 5X Build/MMB29P) AppleWebKit/537.36 (KHTML, like Gecko) Chrome/137.0.7151.103 Mobile Safari/537.36 (compatible; Googlebot/2.1; +http://www.google.com/bot.html)"
216.73.216.202 - - [15/Jul/2025:13:37:58 +0000] "GET /goods/1422328046.shtml HTTP/1.1" 404 12868 "-" "Mozilla/5.0 AppleWebKit/537.36 (KHTML, like Gecko; compatible; ClaudeBot/1.0; [email protected])"
57.141.2.3 - - [15/Jul/2025:13:38:00 +0000] "GET /?h=116844573071600& HTTP/1.1" 301 - "-" "meta-externalagent/1.1 (+https://developers.facebook.com/docs/sharing/webmasters/crawler)"
57.141.2.2 - - [15/Jul/2025:13:38:00 +0000] "GET /?h=9882013001600& HTTP/1.1" 301 - "-" "meta-externalagent/1.1 (+https://developers.facebook.com/docs/sharing/webmasters/crawler)"
216.73.216.202 - - [15/Jul/2025:13:38:01 +0000] "GET /goods/1422222316.shtml HTTP/1.1" 404 12868 "-" "Mozilla/5.0 AppleWebKit/537.36 (KHTML, like Gecko; compatible; ClaudeBot/1.0; [email protected])"
57.141.2.25 - - [15/Jul/2025:13:38:01 +0000] "GET /?h=41675261071600& HTTP/1.1" 301 - "-" "meta-externalagent/1.1 (+https://developers.facebook.com/docs/sharing/webmasters/crawler)"
57.141.2.27 - - [15/Jul/2025:13:38:02 +0000] "GET /?h=85214171051600& HTTP/1.1" 301 - "-" "meta-externalagent/1.1 (+https://developers.facebook.com/docs/sharing/webmasters/crawler)"
216.73.216.202 - - [15/Jul/2025:13:38:04 +0000] "GET /goods/1422701908.shtml HTTP/1.1" 404 12868 "-" "Mozilla/5.0 AppleWebKit/537.36 (KHTML, like Gecko; compatible; ClaudeBot/1.0; [email protected])"
216.73.216.202 - - [15/Jul/2025:13:38:07 +0000] "GET /goods/1814176058.shtml HTTP/1.1" 404 12868 "-" "Mozilla/5.0 AppleWebKit/537.36 (KHTML, like Gecko; compatible; ClaudeBot/1.0; [email protected])"
57.141.2.20 - - [15/Jul/2025:13:38:08 +0000] "GET /?h=37629726061600& HTTP/1.1" 301 - "-" "meta-externalagent/1.1 (+https://developers.facebook.com/docs/sharing/webmasters/crawler)"
57.141.2.13 - - [15/Jul/2025:13:38:08 +0000] "GET /?h=28375735001600 HTTP/1.1" 200 97813 "-" "meta-externalagent/1.1 (+https://developers.facebook.com/docs/sharing/webmasters/crawler)"
57.141.2.3 - - [15/Jul/2025:13:38:09 +0000] "GET /?h=103216763041600& HTTP/1.1" 301 - "-" "meta-externalagent/1.1 (+https://developers.facebook.com/docs/sharing/webmasters/crawler)"
216.73.216.202 - - [15/Jul/2025:13:38:10 +0000] "GET /goods/1814242672.shtml HTTP/1.1" 404 12868 "-" "Mozilla/5.0 AppleWebKit/537.36 (KHTML, like Gecko; compatible; ClaudeBot/1.0; [email protected])"
57.141.2.25 - - [15/Jul/2025:13:38:12 +0000] "GET /?h=88461418001600& HTTP/1.1" 301 - "-" "meta-externalagent/1.1 (+https://developers.facebook.com/docs/sharing/webmasters/crawler)"
57.141.2.6 - - [15/Jul/2025:13:38:12 +0000] "GET /?h=25027305001600& HTTP/1.1" 301 - "-" "meta-externalagent/1.1 (+https://developers.facebook.com/docs/sharing/webmasters/crawler)"
216.73.216.202 - - [15/Jul/2025:13:38:13 +0000] "GET /goods/1814175312.shtml HTTP/1.1" 404 12868 "-" "Mozilla/5.0 AppleWebKit/537.36 (KHTML, like Gecko; compatible; ClaudeBot/1.0; [email protected])"
57.141.2.1 - - [15/Jul/2025:13:38:14 +0000] "GET /?h=23236424051600& HTTP/1.1" 301 - "-" "meta-externalagent/1.1 (+https://developers.facebook.com/docs/sharing/webmasters/crawler)"
216.73.216.202 - - [15/Jul/2025:13:38:16 +0000] "GET /goods/1422354012.shtml HTTP/1.1" 404 12868 "-" "Mozilla/5.0 AppleWebKit/537.36 (KHTML, like Gecko; compatible; ClaudeBot/1.0; [email protected])"
57.141.2.6 - - [15/Jul/2025:13:38:18 +0000] "GET /?h=7672242051600& HTTP/1.1" 301 - "-" "meta-externalagent/1.1 (+https://developers.facebook.com/docs/sharing/webmasters/crawler)"
216.73.216.202 - - [15/Jul/2025:13:38:19 +0000] "GET /goods/1814381624.shtml HTTP/1.1" 404 12868 "-" "Mozilla/5.0 AppleWebKit/537.36 (KHTML, like Gecko; compatible; ClaudeBot/1.0; [email protected])"
216.73.216.202 - - [15/Jul/2025:13:38:22 +0000] "GET /goods/1814455502.shtml HTTP/1.1" 404 12868 "-" "Mozilla/5.0 AppleWebKit/537.36 (KHTML, like Gecko; compatible; ClaudeBot/1.0; [email protected])"
216.73.216.202 - - [15/Jul/2025:13:38:25 +0000] "GET /goods/1814322522.shtml HTTP/1.1" 404 12868 "-" "Mozilla/5.0 AppleWebKit/537.36 (KHTML, like Gecko; compatible; ClaudeBot/1.0; [email protected])"
57.141.2.4 - - [15/Jul/2025:13:38:27 +0000] "GET /?h=63703466031600& HTTP/1.1" 301 - "-" "meta-externalagent/1.1 (+https://developers.facebook.com/docs/sharing/webmasters/crawler)"
216.73.216.202 - - [15/Jul/2025:13:38:28 +0000] "GET /goods/1814387464.shtml HTTP/1.1" 404 12868 "-" "Mozilla/5.0 AppleWebKit/537.36 (KHTML, like Gecko; compatible; ClaudeBot/1.0; [email protected])"
57.141.2.13 - - [15/Jul/2025:13:38:30 +0000] "GET /?h=9372896021600& HTTP/1.1" 301 - "-" "meta-externalagent/1.1 (+https://developers.facebook.com/docs/sharing/webmasters/crawler)"
57.141.2.25 - - [15/Jul/2025:13:38:30 +0000] "GET /?h=88731496031600& HTTP/1.1" 301 - "-" "meta-externalagent/1.1 (+https://developers.facebook.com/docs/sharing/webmasters/crawler)"
216.73.216.202 - - [15/Jul/2025:13:38:31 +0000] "GET /goods/1814360816.shtml HTTP/1.1" 404 12868 "-" "Mozilla/5.0 AppleWebKit/537.36 (KHTML, like Gecko; compatible; ClaudeBot/1.0; [email protected])"
57.141.2.22 - - [15/Jul/2025:13:38:32 +0000] "GET /?h=64347932011600& HTTP/1.1" 301 - "-" "meta-externalagent/1.1 (+https://developers.facebook.com/docs/sharing/webmasters/crawler)"
66.249.74.43 - - [15/Jul/2025:13:38:32 +0000] "GET /?h=5633347071600&mod=ab330135&uri=product.php%3Fid%3D188094-315%26name%3Dalte+citizen+uhren HTTP/1.1" 200 18377 "-" "Mozilla/5.0 (Linux; Android 6.0.1; Nexus 5X Build/MMB29P) AppleWebKit/537.36 (KHTML, like Gecko) Chrome/137.0.7151.103 Mobile Safari/537.36 (compatible; Googlebot/2.1; +http://www.google.com/bot.html)"
216.73.216.202 - - [15/Jul/2025:13:38:34 +0000] "GET /goods/1814408882.shtml HTTP/1.1" 404 12868 "-" "Mozilla/5.0 AppleWebKit/537.36 (KHTML, like Gecko; compatible; ClaudeBot/1.0; [email protected])"
57.141.2.19 - - [15/Jul/2025:13:38:35 +0000] "GET /?h=109901725101600& HTTP/1.1" 301 - "-" "meta-externalagent/1.1 (+https://developers.facebook.com/docs/sharing/webmasters/crawler)"
216.73.216.202 - - [15/Jul/2025:13:38:40 +0000] "GET /goods/1814391998.shtml HTTP/1.1" 404 12868 "-" "Mozilla/5.0 AppleWebKit/537.36 (KHTML, like Gecko; compatible; ClaudeBot/1.0; [email protected])"
216.73.216.202 - - [15/Jul/2025:13:38:43 +0000] "GET /goods/1814505586.shtml HTTP/1.1" 404 12868 "-" "Mozilla/5.0 AppleWebKit/537.36 (KHTML, like Gecko; compatible; ClaudeBot/1.0; [email protected])"
57.141.2.22 - - [15/Jul/2025:13:38:43 +0000] "GET /?h=115861106011600& HTTP/1.1" 301 - "-" "meta-externalagent/1.1 (+https://developers.facebook.com/docs/sharing/webmasters/crawler)"
57.141.2.15 - - [15/Jul/2025:13:38:44 +0000] "GET /?h=116844573071600 HTTP/1.1" 200 97806 "-" "meta-externalagent/1.1 (+https://developers.facebook.com/docs/sharing/webmasters/crawler)"
57.141.2.15 - - [15/Jul/2025:13:38:45 +0000] "GET /?h=103567097071600& HTTP/1.1" 301 - "-" "meta-externalagent/1.1 (+https://developers.facebook.com/docs/sharing/webmasters/crawler)"
209.74.77.214 - - [15/Jul/2025:13:38:46 +0000] "POST /wp-cron.php?doing_wp_cron=1752586726.4770851135253906250000 HTTP/1.1" 200 - "-" "WordPress/6.8.1; https://sergio-cuchi.tattoo"
57.141.2.20 - - [15/Jul/2025:13:38:46 +0000] "GET /?h=31822965031600& HTTP/1.1" 301 - "-" "meta-externalagent/1.1 (+https://developers.facebook.com/docs/sharing/webmasters/crawler)"
216.73.216.202 - - [15/Jul/2025:13:38:46 +0000] "GET /goods/1814337704.shtml HTTP/1.1" 404 12868 "-" "Mozilla/5.0 AppleWebKit/537.36 (KHTML, like Gecko; compatible; ClaudeBot/1.0; [email protected])"
216.73.216.202 - - [15/Jul/2025:13:38:49 +0000] "GET /goods/1422587228.shtml HTTP/1.1" 404 12868 "-" "Mozilla/5.0 AppleWebKit/537.36 (KHTML, like Gecko; compatible; ClaudeBot/1.0; [email protected])"
216.73.216.202 - - [15/Jul/2025:13:38:52 +0000] "GET /goods/1422573744.shtml HTTP/1.1" 404 12868 "-" "Mozilla/5.0 AppleWebKit/537.36 (KHTML, like Gecko; compatible; ClaudeBot/1.0; [email protected])"
57.141.2.24 - - [15/Jul/2025:13:38:53 +0000] "GET /?h=7672242051600 HTTP/1.1" 200 97809 "-" "meta-externalagent/1.1 (+https://developers.facebook.com/docs/sharing/webmasters/crawler)"
216.73.216.202 - - [15/Jul/2025:13:38:55 +0000] "GET /goods/1814293848.shtml HTTP/1.1" 404 12868 "-" "Mozilla/5.0 AppleWebKit/537.36 (KHTML, like Gecko; compatible; ClaudeBot/1.0; [email protected])"
57.141.2.19 - - [15/Jul/2025:13:38:57 +0000] "GET /?h=66004286041600& HTTP/1.1" 301 - "-" "meta-externalagent/1.1 (+https://developers.facebook.com/docs/sharing/webmasters/crawler)"
216.73.216.202 - - [15/Jul/2025:13:38:58 +0000] "GET /goods/1422277962.shtml HTTP/1.1" 404 12868 "-" "Mozilla/5.0 AppleWebKit/537.36 (KHTML, like Gecko; compatible; ClaudeBot/1.0; [email protected])"
66.249.74.43 - - [15/Jul/2025:13:38:59 +0000] "GET /?h=14686124031600&mod=4ffdf96a&uri=shared.php%3Fid%3D490315-248%26name%3Dblack+musk+night+bloom+mist HTTP/1.1" 200 18392 "-" "Mozilla/5.0 (Linux; Android 6.0.1; Nexus 5X Build/MMB29P) AppleWebKit/537.36 (KHTML, like Gecko) Chrome/137.0.7151.103 Mobile Safari/537.36 (compatible; Googlebot/2.1; +http://www.google.com/bot.html)"
216.73.216.202 - - [15/Jul/2025:13:39:01 +0000] "GET /goods/1814382972.shtml HTTP/1.1" 404 12868 "-" "Mozilla/5.0 AppleWebKit/537.36 (KHTML, like Gecko; compatible; ClaudeBot/1.0; [email protected])"
216.73.216.202 - - [15/Jul/2025:13:39:04 +0000] "GET /goods/1814341914.shtml HTTP/1.1" 404 12868 "-" "Mozilla/5.0 AppleWebKit/537.36 (KHTML, like Gecko; compatible; ClaudeBot/1.0; [email protected])"
57.141.2.24 - - [15/Jul/2025:13:39:05 +0000] "GET /?h=67854731061600& HTTP/1.1" 301 - "-" "meta-externalagent/1.1 (+https://developers.facebook.com/docs/sharing/webmasters/crawler)"
57.141.2.28 - - [15/Jul/2025:13:39:05 +0000] "GET /?h=51022219041600& HTTP/1.1" 301 - "-" "meta-externalagent/1.1 (+https://developers.facebook.com/docs/sharing/webmasters/crawler)"
216.73.216.202 - - [15/Jul/2025:13:39:07 +0000] "GET /goods/1422729234.shtml HTTP/1.1" 404 12868 "-" "Mozilla/5.0 AppleWebKit/537.36 (KHTML, like Gecko; compatible; ClaudeBot/1.0; [email protected])"
57.141.2.30 - - [15/Jul/2025:13:39:09 +0000] "GET /?h=25027305001600 HTTP/1.1" 200 97805 "-" "meta-externalagent/1.1 (+https://developers.facebook.com/docs/sharing/webmasters/crawler)"
57.141.2.25 - - [15/Jul/2025:13:39:10 +0000] "GET /?h=18652285131600& HTTP/1.1" 301 - "-" "meta-externalagent/1.1 (+https://developers.facebook.com/docs/sharing/webmasters/crawler)"
216.73.216.202 - - [15/Jul/2025:13:39:10 +0000] "GET /goods/1422525686.shtml HTTP/1.1" 404 12868 "-" "Mozilla/5.0 AppleWebKit/537.36 (KHTML, like Gecko; compatible; ClaudeBot/1.0; [email protected])"
57.141.2.6 - - [15/Jul/2025:13:39:10 +0000] "GET /?h=67854731061600 HTTP/1.1" 200 97813 "-" "meta-externalagent/1.1 (+https://developers.facebook.com/docs/sharing/webmasters/crawler)"
57.141.2.6 - - [15/Jul/2025:13:39:12 +0000] "GET /?h=113346881011600& HTTP/1.1" 301 - "-" "meta-externalagent/1.1 (+https://developers.facebook.com/docs/sharing/webmasters/crawler)"
216.73.216.202 - - [15/Jul/2025:13:39:13 +0000] "GET /goods/1814476588.shtml HTTP/1.1" 404 12868 "-" "Mozilla/5.0 AppleWebKit/537.36 (KHTML, like Gecko; compatible; ClaudeBot/1.0; [email protected])"
216.73.216.202 - - [15/Jul/2025:13:39:16 +0000] "GET /goods/1422549472.shtml HTTP/1.1" 404 12868 "-" "Mozilla/5.0 AppleWebKit/537.36 (KHTML, like Gecko; compatible; ClaudeBot/1.0; [email protected])"
216.73.216.202 - - [15/Jul/2025:13:39:19 +0000] "GET /goods/1422558498.shtml HTTP/1.1" 404 12868 "-" "Mozilla/5.0 AppleWebKit/537.36 (KHTML, like Gecko; compatible; ClaudeBot/1.0; [email protected])"
216.73.216.202 - - [15/Jul/2025:13:39:22 +0000] "GET /goods/1814295550.shtml HTTP/1.1" 404 12868 "-" "Mozilla/5.0 AppleWebKit/537.36 (KHTML, like Gecko; compatible; ClaudeBot/1.0; [email protected])"
57.141.2.4 - - [15/Jul/2025:13:39:24 +0000] "GET /?h=51022219041600 HTTP/1.1" 200 97806 "-" "meta-externalagent/1.1 (+https://developers.facebook.com/docs/sharing/webmasters/crawler)"
216.73.216.202 - - [15/Jul/2025:13:39:25 +0000] "GET /goods/1814547412.shtml HTTP/1.1" 404 12868 "-" "Mozilla/5.0 AppleWebKit/537.36 (KHTML, like Gecko; compatible; ClaudeBot/1.0; [email protected])"
216.73.216.202 - - [15/Jul/2025:13:39:28 +0000] "GET /goods/1814361908.shtml HTTP/1.1" 404 12868 "-" "Mozilla/5.0 AppleWebKit/537.36 (KHTML, like Gecko; compatible; ClaudeBot/1.0; [email protected])"
216.73.216.202 - - [15/Jul/2025:13:39:31 +0000] "GET /goods/1422252406.shtml HTTP/1.1" 404 12868 "-" "Mozilla/5.0 AppleWebKit/537.36 (KHTML, like Gecko; compatible; ClaudeBot/1.0; [email protected])"
216.73.216.202 - - [15/Jul/2025:13:39:34 +0000] "GET /goods/1422211950.shtml HTTP/1.1" 404 12868 "-" "Mozilla/5.0 AppleWebKit/537.36 (KHTML, like Gecko; compatible; ClaudeBot/1.0; [email protected])"
216.73.216.202 - - [15/Jul/2025:13:39:39 +0000] "GET /goods/1814338058.shtml HTTP/1.1" 404 12868 "-" "Mozilla/5.0 AppleWebKit/537.36 (KHTML, like Gecko; compatible; ClaudeBot/1.0; [email protected])"
57.141.2.4 - - [15/Jul/2025:13:39:41 +0000] "GET /?h=56822131091600& HTTP/1.1" 301 - "-" "meta-externalagent/1.1 (+https://developers.facebook.com/docs/sharing/webmasters/crawler)"
216.73.216.202 - - [15/Jul/2025:13:39:42 +0000] "GET /goods/1814119064.shtml HTTP/1.1" 404 12868 "-" "Mozilla/5.0 AppleWebKit/537.36 (KHTML, like Gecko; compatible; ClaudeBot/1.0; [email protected])"
216.73.216.202 - - [15/Jul/2025:13:39:45 +0000] "GET /goods/1814256510.shtml HTTP/1.1" 404 12868 "-" "Mozilla/5.0 AppleWebKit/537.36 (KHTML, like Gecko; compatible; ClaudeBot/1.0; [email protected])"
209.74.77.214 - - [15/Jul/2025:13:39:46 +0000] "POST /wp-cron.php?doing_wp_cron=1752586786.5321829319000244140625 HTTP/1.1" 200 - "-" "WordPress/6.8.1; https://sergio-cuchi.tattoo"
57.141.2.13 - - [15/Jul/2025:13:39:46 +0000] "GET /?h=27368772041600& HTTP/1.1" 301 - "-" "meta-externalagent/1.1 (+https://developers.facebook.com/docs/sharing/webmasters/crawler)"
216.73.216.202 - - [15/Jul/2025:13:39:48 +0000] "GET /goods/1422204438.shtml HTTP/1.1" 404 12868 "-" "Mozilla/5.0 AppleWebKit/537.36 (KHTML, like Gecko; compatible; ClaudeBot/1.0; [email protected])"
216.73.216.202 - - [15/Jul/2025:13:39:51 +0000] "GET /goods/1814261326.shtml HTTP/1.1" 404 12868 "-" "Mozilla/5.0 AppleWebKit/537.36 (KHTML, like Gecko; compatible; ClaudeBot/1.0; [email protected])"
57.141.2.18 - - [15/Jul/2025:13:39:52 +0000] "GET /?h=105241648001600& HTTP/1.1" 301 - "-" "meta-externalagent/1.1 (+https://developers.facebook.com/docs/sharing/webmasters/crawler)"
216.73.216.202 - - [15/Jul/2025:13:39:54 +0000] "GET /goods/1422496688.shtml HTTP/1.1" 404 12868 "-" "Mozilla/5.0 AppleWebKit/537.36 (KHTML, like Gecko; compatible; ClaudeBot/1.0; [email protected])"
216.73.216.202 - - [15/Jul/2025:13:39:57 +0000] "GET /goods/1422567580.shtml HTTP/1.1" 404 12868 "-" "Mozilla/5.0 AppleWebKit/537.36 (KHTML, like Gecko; compatible; ClaudeBot/1.0; [email protected])"
216.73.216.202 - - [15/Jul/2025:13:40:00 +0000] "GET /goods/1422303928.shtml HTTP/1.1" 404 12868 "-" "Mozilla/5.0 AppleWebKit/537.36 (KHTML, like Gecko; compatible; ClaudeBot/1.0; [email protected])"
216.73.216.202 - - [15/Jul/2025:13:40:03 +0000] "GET /goods/1814373634.shtml HTTP/1.1" 404 12868 "-" "Mozilla/5.0 AppleWebKit/537.36 (KHTML, like Gecko; compatible; ClaudeBot/1.0; [email protected])"
216.73.216.202 - - [15/Jul/2025:13:40:06 +0000] "GET /goods/1422732344.shtml HTTP/1.1" 404 12868 "-" "Mozilla/5.0 AppleWebKit/537.36 (KHTML, like Gecko; compatible; ClaudeBot/1.0; [email protected])"
216.73.216.202 - - [15/Jul/2025:13:40:09 +0000] "GET /goods/1814429946.shtml HTTP/1.1" 404 12868 "-" "Mozilla/5.0 AppleWebKit/537.36 (KHTML, like Gecko; compatible; ClaudeBot/1.0; [email protected])"
216.73.216.202 - - [15/Jul/2025:13:40:12 +0000] "GET /goods/1814133900.shtml HTTP/1.1" 404 12868 "-" "Mozilla/5.0 AppleWebKit/537.36 (KHTML, like Gecko; compatible; ClaudeBot/1.0; [email protected])"
216.73.216.202 - - [15/Jul/2025:13:40:15 +0000] "GET /goods/1814628614.shtml HTTP/1.1" 404 12868 "-" "Mozilla/5.0 AppleWebKit/537.36 (KHTML, like Gecko; compatible; ClaudeBot/1.0; [email protected])"
57.141.2.3 - - [15/Jul/2025:13:40:15 +0000] "GET /?h=105241648001600 HTTP/1.1" 200 97802 "-" "meta-externalagent/1.1 (+https://developers.facebook.com/docs/sharing/webmasters/crawler)"
216.73.216.202 - - [15/Jul/2025:13:40:18 +0000] "GET /goods/1422311184.shtml HTTP/1.1" 404 12868 "-" "Mozilla/5.0 AppleWebKit/537.36 (KHTML, like Gecko; compatible; ClaudeBot/1.0; [email protected])"
216.73.216.202 - - [15/Jul/2025:13:40:21 +0000] "GET /goods/1422244826.shtml HTTP/1.1" 404 12868 "-" "Mozilla/5.0 AppleWebKit/537.36 (KHTML, like Gecko; compatible; ClaudeBot/1.0; [email protected])"
57.141.2.30 - - [15/Jul/2025:13:40:22 +0000] "GET /?h=80713228101600& HTTP/1.1" 301 - "-" "meta-externalagent/1.1 (+https://developers.facebook.com/docs/sharing/webmasters/crawler)"
216.73.216.202 - - [15/Jul/2025:13:40:24 +0000] "GET /goods/1422385062.shtml HTTP/1.1" 404 12868 "-" "Mozilla/5.0 AppleWebKit/537.36 (KHTML, like Gecko; compatible; ClaudeBot/1.0; [email protected])"
216.73.216.202 - - [15/Jul/2025:13:40:27 +0000] "GET /goods/1422283934.shtml HTTP/1.1" 404 12868 "-" "Mozilla/5.0 AppleWebKit/537.36 (KHTML, like Gecko; compatible; ClaudeBot/1.0; [email protected])"
57.141.2.11 - - [15/Jul/2025:13:40:28 +0000] "GET /?h=80713228101600 HTTP/1.1" 200 97809 "-" "meta-externalagent/1.1 (+https://developers.facebook.com/docs/sharing/webmasters/crawler)"
216.73.216.202 - - [15/Jul/2025:13:40:30 +0000] "GET /goods/1814339052.shtml HTTP/1.1" 404 12868 "-" "Mozilla/5.0 AppleWebKit/537.36 (KHTML, like Gecko; compatible; ClaudeBot/1.0; [email protected])"
66.249.74.42 - - [15/Jul/2025:13:40:30 +0000] "GET /?h=5254317021600&mod=61bdf049&uri=products.php%3Fid%3D175418-44%26name%3Dnew+balance+in+die+waschmaschine HTTP/1.1" 200 18403 "-" "Mozilla/5.0 (Linux; Android 6.0.1; Nexus 5X Build/MMB29P) AppleWebKit/537.36 (KHTML, like Gecko) Chrome/137.0.7151.103 Mobile Safari/537.36 (compatible; Googlebot/2.1; +http://www.google.com/bot.html)"
216.73.216.202 - - [15/Jul/2025:13:40:33 +0000] "GET /goods/1814281712.shtml HTTP/1.1" 404 12868 "-" "Mozilla/5.0 AppleWebKit/537.36 (KHTML, like Gecko; compatible; ClaudeBot/1.0; [email protected])"
216.73.216.202 - - [15/Jul/2025:13:40:38 +0000] "GET /goods/1422740948.shtml HTTP/1.1" 404 12868 "-" "Mozilla/5.0 AppleWebKit/537.36 (KHTML, like Gecko; compatible; ClaudeBot/1.0; [email protected])"
216.73.216.202 - - [15/Jul/2025:13:40:41 +0000] "GET /goods/1422368524.shtml HTTP/1.1" 404 12868 "-" "Mozilla/5.0 AppleWebKit/537.36 (KHTML, like Gecko; compatible; ClaudeBot/1.0; [email protected])"
216.73.216.202 - - [15/Jul/2025:13:40:44 +0000] "GET /goods/1422631438.shtml HTTP/1.1" 404 12868 "-" "Mozilla/5.0 AppleWebKit/537.36 (KHTML, like Gecko; compatible; ClaudeBot/1.0; [email protected])"
209.74.77.214 - - [15/Jul/2025:13:40:47 +0000] "POST /wp-cron.php?doing_wp_cron=1752586847.4839529991149902343750 HTTP/1.1" 200 - "-" "WordPress/6.8.1; https://sergio-cuchi.tattoo"
216.73.216.202 - - [15/Jul/2025:13:40:47 +0000] "GET /goods/1422326630.shtml HTTP/1.1" 404 12868 "-" "Mozilla/5.0 AppleWebKit/537.36 (KHTML, like Gecko; compatible; ClaudeBot/1.0; [email protected])"
216.73.216.202 - - [15/Jul/2025:13:40:50 +0000] "GET /goods/1422503530.shtml HTTP/1.1" 404 12868 "-" "Mozilla/5.0 AppleWebKit/537.36 (KHTML, like Gecko; compatible; ClaudeBot/1.0; [email protected])"
216.73.216.202 - - [15/Jul/2025:13:40:53 +0000] "GET /goods/1422223732.shtml HTTP/1.1" 404 12868 "-" "Mozilla/5.0 AppleWebKit/537.36 (KHTML, like Gecko; compatible; ClaudeBot/1.0; [email protected])"
216.73.216.202 - - [15/Jul/2025:13:40:56 +0000] "GET /goods/1814380954.shtml HTTP/1.1" 404 12868 "-" "Mozilla/5.0 AppleWebKit/537.36 (KHTML, like Gecko; compatible; ClaudeBot/1.0; [email protected])"
57.141.2.7 - - [15/Jul/2025:13:40:58 +0000] "GET /?p=26 HTTP/1.1" 301 - "-" "meta-externalagent/1.1 (+https://developers.facebook.com/docs/sharing/webmasters/crawler)"
216.73.216.202 - - [15/Jul/2025:13:40:59 +0000] "GET /goods/1814305920.shtml HTTP/1.1" 404 12868 "-" "Mozilla/5.0 AppleWebKit/537.36 (KHTML, like Gecko; compatible; ClaudeBot/1.0; [email protected])"
57.141.2.3 - - [15/Jul/2025:13:41:00 +0000] "GET /oriental-and-japanese-tattoos/ HTTP/1.1" 200 97070 "-" "meta-externalagent/1.1 (+https://developers.facebook.com/docs/sharing/webmasters/crawler)"
216.73.216.202 - - [15/Jul/2025:13:41:02 +0000] "GET /goods/1814487286.shtml HTTP/1.1" 404 12868 "-" "Mozilla/5.0 AppleWebKit/537.36 (KHTML, like Gecko; compatible; ClaudeBot/1.0; [email protected])"
216.73.216.202 - - [15/Jul/2025:13:41:05 +0000] "GET /goods/1422386478.shtml HTTP/1.1" 404 12868 "-" "Mozilla/5.0 AppleWebKit/537.36 (KHTML, like Gecko; compatible; ClaudeBot/1.0; [email protected])"
216.73.216.202 - - [15/Jul/2025:13:41:08 +0000] "GET /goods/1814632078.shtml HTTP/1.1" 404 12868 "-" "Mozilla/5.0 AppleWebKit/537.36 (KHTML, like Gecko; compatible; ClaudeBot/1.0; [email protected])"
216.73.216.202 - - [15/Jul/2025:13:41:11 +0000] "GET /goods/1814171848.shtml HTTP/1.1" 404 12868 "-" "Mozilla/5.0 AppleWebKit/537.36 (KHTML, like Gecko; compatible; ClaudeBot/1.0; [email protected])"
216.73.216.202 - - [15/Jul/2025:13:41:14 +0000] "GET /goods/1814352958.shtml HTTP/1.1" 404 12868 "-" "Mozilla/5.0 AppleWebKit/537.36 (KHTML, like Gecko; compatible; ClaudeBot/1.0; [email protected])"
216.73.216.202 - - [15/Jul/2025:13:41:17 +0000] "GET /goods/1422350902.shtml HTTP/1.1" 404 12868 "-" "Mozilla/5.0 AppleWebKit/537.36 (KHTML, like Gecko; compatible; ClaudeBot/1.0; [email protected])"
216.73.216.202 - - [15/Jul/2025:13:41:20 +0000] "GET /goods/1814301104.shtml HTTP/1.1" 404 12868 "-" "Mozilla/5.0 AppleWebKit/537.36 (KHTML, like Gecko; compatible; ClaudeBot/1.0; [email protected])"
216.73.216.202 - - [15/Jul/2025:13:41:23 +0000] "GET /goods/1814292500.shtml HTTP/1.1" 404 12868 "-" "Mozilla/5.0 AppleWebKit/537.36 (KHTML, like Gecko; compatible; ClaudeBot/1.0; [email protected])"
216.73.216.202 - - [15/Jul/2025:13:41:26 +0000] "GET /goods/1814595802.shtml HTTP/1.1" 404 12868 "-" "Mozilla/5.0 AppleWebKit/537.36 (KHTML, like Gecko; compatible; ClaudeBot/1.0; [email protected])"
216.73.216.202 - - [15/Jul/2025:13:41:29 +0000] "GET /goods/1814246818.shtml HTTP/1.1" 404 12868 "-" "Mozilla/5.0 AppleWebKit/537.36 (KHTML, like Gecko; compatible; ClaudeBot/1.0; [email protected])"
216.73.216.202 - - [15/Jul/2025:13:41:32 +0000] "GET /goods/1814263766.shtml HTTP/1.1" 404 12868 "-" "Mozilla/5.0 AppleWebKit/537.36 (KHTML, like Gecko; compatible; ClaudeBot/1.0; [email protected])"
216.73.216.202 - - [15/Jul/2025:13:41:37 +0000] "GET /goods/1814634842.shtml HTTP/1.1" 404 12868 "-" "Mozilla/5.0 AppleWebKit/537.36 (KHTML, like Gecko; compatible; ClaudeBot/1.0; [email protected])"
216.73.216.202 - - [15/Jul/2025:13:41:40 +0000] "GET /goods/1814432732.shtml HTTP/1.1" 404 12868 "-" "Mozilla/5.0 AppleWebKit/537.36 (KHTML, like Gecko; compatible; ClaudeBot/1.0; [email protected])"
216.73.216.202 - - [15/Jul/2025:13:41:43 +0000] "GET /goods/1814172940.shtml HTTP/1.1" 404 12868 "-" "Mozilla/5.0 AppleWebKit/537.36 (KHTML, like Gecko; compatible; ClaudeBot/1.0; [email protected])"
209.74.77.214 - - [15/Jul/2025:13:41:46 +0000] "POST /wp-cron.php?doing_wp_cron=1752586906.5861279964447021484375 HTTP/1.1" 200 - "-" "WordPress/6.8.1; https://sergio-cuchi.tattoo"
216.73.216.202 - - [15/Jul/2025:13:41:46 +0000] "GET /goods/1422314302.shtml HTTP/1.1" 404 12868 "-" "Mozilla/5.0 AppleWebKit/537.36 (KHTML, like Gecko; compatible; ClaudeBot/1.0; [email protected])"
216.73.216.202 - - [15/Jul/2025:13:41:49 +0000] "GET /goods/1814280364.shtml HTTP/1.1" 404 12868 "-" "Mozilla/5.0 AppleWebKit/537.36 (KHTML, like Gecko; compatible; ClaudeBot/1.0; [email protected])"
216.73.216.202 - - [15/Jul/2025:13:41:52 +0000] "GET /goods/1814124136.shtml HTTP/1.1" 404 12868 "-" "Mozilla/5.0 AppleWebKit/537.36 (KHTML, like Gecko; compatible; ClaudeBot/1.0; [email protected])"
216.73.216.202 - - [15/Jul/2025:13:41:55 +0000] "GET /goods/1814220516.shtml HTTP/1.1" 404 12868 "-" "Mozilla/5.0 AppleWebKit/537.36 (KHTML, like Gecko; compatible; ClaudeBot/1.0; [email protected])"
66.249.74.42 - - [15/Jul/2025:13:41:57 +0000] "GET /?h=104338154001600&mod=0b61a4e8&uri=form.php%3Fid%3D3482084-326%26name%3Dsueter+supreme+louis+vuitton HTTP/1.1" 200 18394 "-" "Mozilla/5.0 (Linux; Android 6.0.1; Nexus 5X Build/MMB29P) AppleWebKit/537.36 (KHTML, like Gecko) Chrome/137.0.7151.103 Mobile Safari/537.36 (compatible; Googlebot/2.1; +http://www.google.com/bot.html)"
216.73.216.202 - - [15/Jul/2025:13:41:58 +0000] "GET /goods/1422253498.shtml HTTP/1.1" 404 12868 "-" "Mozilla/5.0 AppleWebKit/537.36 (KHTML, like Gecko; compatible; ClaudeBot/1.0; [email protected])"
66.249.74.32 - - [15/Jul/2025:13:41:58 +0000] "GET /?h=43102204011600&mod=744a3718&uri=category-info.php%3Fid%3D1438477-399%26name%3Dmusic+gear+s3 HTTP/1.1" 200 18404 "-" "Mozilla/5.0 (Linux; Android 6.0.1; Nexus 5X Build/MMB29P) AppleWebKit/537.36 (KHTML, like Gecko) Chrome/137.0.7151.103 Mobile Safari/537.36 (compatible; Googlebot/2.1; +http://www.google.com/bot.html)"
216.73.216.202 - - [15/Jul/2025:13:42:01 +0000] "GET /goods/1422312600.shtml HTTP/1.1" 404 12868 "-" "Mozilla/5.0 AppleWebKit/537.36 (KHTML, like Gecko; compatible; ClaudeBot/1.0; [email protected])"
216.73.216.202 - - [15/Jul/2025:13:42:04 +0000] "GET /goods/1814287620.shtml HTTP/1.1" 404 12868 "-" "Mozilla/5.0 AppleWebKit/537.36 (KHTML, like Gecko; compatible; ClaudeBot/1.0; [email protected])"
209.74.77.214 - - [15/Jul/2025:13:42:07 +0000] "POST /wp-cron.php?doing_wp_cron=1752586927.6108939647674560546875 HTTP/1.1" 200 - "-" "WordPress/6.8.1; https://sergio-cuchi.tattoo"
216.73.216.202 - - [15/Jul/2025:13:42:07 +0000] "GET /goods/1814116210.shtml HTTP/1.1" 404 12868 "-" "Mozilla/5.0 AppleWebKit/537.36 (KHTML, like Gecko; compatible; ClaudeBot/1.0; [email protected])"
216.73.216.202 - - [15/Jul/2025:13:42:10 +0000] "GET /goods/1814429622.shtml HTTP/1.1" 404 12868 "-" "Mozilla/5.0 AppleWebKit/537.36 (KHTML, like Gecko; compatible; ClaudeBot/1.0; [email protected])"
66.249.74.43 - - [15/Jul/2025:13:42:12 +0000] "POST /get-message-notify HTTP/1.1" 200 18153 "https://sergio-cuchi.tattoo/?h=43102204011600&mod=744a3718&uri=category-info.php%3Fid%3D1438477-399%26name%3Dmusic+gear+s3" "Mozilla/5.0 (Linux; Android 6.0.1; Nexus 5X Build/MMB29P) AppleWebKit/537.36 (KHTML, like Gecko) Chrome/137.0.7151.119 Mobile Safari/537.36 (compatible; Googlebot/2.1; +http://www.google.com/bot.html)"
216.73.216.202 - - [15/Jul/2025:13:42:13 +0000] "GET /goods/1422376458.shtml HTTP/1.1" 404 12868 "-" "Mozilla/5.0 AppleWebKit/537.36 (KHTML, like Gecko; compatible; ClaudeBot/1.0; [email protected])"
216.73.216.202 - - [15/Jul/2025:13:42:16 +0000] "GET /goods/1422329138.shtml HTTP/1.1" 404 12868 "-" "Mozilla/5.0 AppleWebKit/537.36 (KHTML, like Gecko; compatible; ClaudeBot/1.0; [email protected])"
57.141.2.18 - - [15/Jul/2025:13:42:17 +0000] "GET /?h=107202831071600& HTTP/1.1" 301 - "-" "meta-externalagent/1.1 (+https://developers.facebook.com/docs/sharing/webmasters/crawler)"
216.73.216.202 - - [15/Jul/2025:13:42:19 +0000] "GET /goods/1814280718.shtml HTTP/1.1" 404 12868 "-" "Mozilla/5.0 AppleWebKit/537.36 (KHTML, like Gecko; compatible; ClaudeBot/1.0; [email protected])"
216.73.216.202 - - [15/Jul/2025:13:42:22 +0000] "GET /goods/1422372994.shtml HTTP/1.1" 404 12868 "-" "Mozilla/5.0 AppleWebKit/537.36 (KHTML, like Gecko; compatible; ClaudeBot/1.0; [email protected])"
216.73.216.202 - - [15/Jul/2025:13:42:25 +0000] "GET /goods/1422342968.shtml HTTP/1.1" 404 12868 "-" "Mozilla/5.0 AppleWebKit/537.36 (KHTML, like Gecko; compatible; ClaudeBot/1.0; [email protected])"
216.73.216.202 - - [15/Jul/2025:13:42:28 +0000] "GET /goods/1814554992.shtml HTTP/1.1" 404 12868 "-" "Mozilla/5.0 AppleWebKit/537.36 (KHTML, like Gecko; compatible; ClaudeBot/1.0; [email protected])"
57.141.2.19 - - [15/Jul/2025:13:42:29 +0000] "GET /?h=96824159071600& HTTP/1.1" 301 - "-" "meta-externalagent/1.1 (+https://developers.facebook.com/docs/sharing/webmasters/crawler)"
209.74.77.214 - - [15/Jul/2025:13:42:31 +0000] "POST /wp-cron.php?doing_wp_cron=1752586951.6331179141998291015625 HTTP/1.1" 200 - "-" "WordPress/6.8.1; https://sergio-cuchi.tattoo"
216.73.216.202 - - [15/Jul/2025:13:42:31 +0000] "GET /goods/1422700560.shtml HTTP/1.1" 404 12868 "-" "Mozilla/5.0 AppleWebKit/537.36 (KHTML, like Gecko; compatible; ClaudeBot/1.0; [email protected])"
57.141.2.14 - - [15/Jul/2025:13:42:33 +0000] "GET /?h=63842769001600& HTTP/1.1" 301 - "-" "meta-externalagent/1.1 (+https://developers.facebook.com/docs/sharing/webmasters/crawler)"
57.141.2.4 - - [15/Jul/2025:13:42:33 +0000] "GET /?h=112209184051600& HTTP/1.1" 301 - "-" "meta-externalagent/1.1 (+https://developers.facebook.com/docs/sharing/webmasters/crawler)"
57.141.2.20 - - [15/Jul/2025:13:42:36 +0000] "GET /?h=113967308041600& HTTP/1.1" 301 - "-" "meta-externalagent/1.1 (+https://developers.facebook.com/docs/sharing/webmasters/crawler)"
66.249.74.43 - - [15/Jul/2025:13:42:38 +0000] "POST /get-message-notify HTTP/1.1" 200 18153 "https://sergio-cuchi.tattoo/?h=104338154001600&mod=0b61a4e8&uri=form.php%3Fid%3D3482084-326%26name%3Dsueter+supreme+louis+vuitton" "Mozilla/5.0 (Linux; Android 6.0.1; Nexus 5X Build/MMB29P) AppleWebKit/537.36 (KHTML, like Gecko) Chrome/137.0.7151.119 Mobile Safari/537.36 (compatible; Googlebot/2.1; +http://www.google.com/bot.html)"
209.74.77.214 - - [15/Jul/2025:13:42:41 +0000] "POST /wp-cron.php?doing_wp_cron=1752586961.7751879692077636718750 HTTP/1.1" 200 - "-" "WordPress/6.8.1; https://sergio-cuchi.tattoo"
216.73.216.202 - - [15/Jul/2025:13:42:41 +0000] "GET /goods/1814509464.shtml HTTP/1.1" 404 12868 "-" "Mozilla/5.0 AppleWebKit/537.36 (KHTML, like Gecko; compatible; ClaudeBot/1.0; [email protected])"
57.141.2.12 - - [15/Jul/2025:13:42:42 +0000] "GET /?h=30736171051600& HTTP/1.1" 301 - "-" "meta-externalagent/1.1 (+https://developers.facebook.com/docs/sharing/webmasters/crawler)"
216.73.216.202 - - [15/Jul/2025:13:42:44 +0000] "GET /goods/1814641352.shtml HTTP/1.1" 404 12868 "-" "Mozilla/5.0 AppleWebKit/537.36 (KHTML, like Gecko; compatible; ClaudeBot/1.0; [email protected])"
57.141.2.21 - - [15/Jul/2025:13:42:45 +0000] "GET /?h=112209184051600 HTTP/1.1" 200 97803 "-" "meta-externalagent/1.1 (+https://developers.facebook.com/docs/sharing/webmasters/crawler)"
209.74.77.214 - - [15/Jul/2025:13:42:46 +0000] "POST /wp-cron.php?doing_wp_cron=1752586966.1552090644836425781250 HTTP/1.1" 200 - "-" "WordPress/6.8.1; https://sergio-cuchi.tattoo"
57.141.2.14 - - [15/Jul/2025:13:42:45 +0000] "GET /?h=75364695051600& HTTP/1.1" 301 - "-" "meta-externalagent/1.1 (+https://developers.facebook.com/docs/sharing/webmasters/crawler)"
216.73.216.202 - - [15/Jul/2025:13:42:47 +0000] "GET /goods/1422589536.shtml HTTP/1.1" 404 12868 "-" "Mozilla/5.0 AppleWebKit/537.36 (KHTML, like Gecko; compatible; ClaudeBot/1.0; [email protected])"
216.73.216.202 - - [15/Jul/2025:13:42:50 +0000] "GET /goods/1814153548.shtml HTTP/1.1" 404 12868 "-" "Mozilla/5.0 AppleWebKit/537.36 (KHTML, like Gecko; compatible; ClaudeBot/1.0; [email protected])"
57.141.2.5 - - [15/Jul/2025:13:42:50 +0000] "GET /?h=56199328011600& HTTP/1.1" 301 - "-" "meta-externalagent/1.1 (+https://developers.facebook.com/docs/sharing/webmasters/crawler)"
57.141.2.20 - - [15/Jul/2025:13:42:51 +0000] "GET /?h=28518867001600& HTTP/1.1" 301 - "-" "meta-externalagent/1.1 (+https://developers.facebook.com/docs/sharing/webmasters/crawler)"
216.73.216.202 - - [15/Jul/2025:13:42:53 +0000] "GET /goods/1422743064.shtml HTTP/1.1" 404 12868 "-" "Mozilla/5.0 AppleWebKit/537.36 (KHTML, like Gecko; compatible; ClaudeBot/1.0; [email protected])"
57.141.2.30 - - [15/Jul/2025:13:42:55 +0000] "GET /?h=71835928001600& HTTP/1.1" 301 - "-" "meta-externalagent/1.1 (+https://developers.facebook.com/docs/sharing/webmasters/crawler)"
216.73.216.202 - - [15/Jul/2025:13:42:56 +0000] "GET /goods/1814221608.shtml HTTP/1.1" 404 12868 "-" "Mozilla/5.0 AppleWebKit/537.36 (KHTML, like Gecko; compatible; ClaudeBot/1.0; [email protected])"
57.141.2.15 - - [15/Jul/2025:13:42:59 +0000] "GET /?h=113967308041600 HTTP/1.1" 200 97809 "-" "meta-externalagent/1.1 (+https://developers.facebook.com/docs/sharing/webmasters/crawler)"
216.73.216.202 - - [15/Jul/2025:13:42:59 +0000] "GET /goods/1814225818.shtml HTTP/1.1" 404 12868 "-" "Mozilla/5.0 AppleWebKit/537.36 (KHTML, like Gecko; compatible; ClaudeBot/1.0; [email protected])"
57.141.2.21 - - [15/Jul/2025:13:43:01 +0000] "GET /?h=30476615071600& HTTP/1.1" 301 - "-" "meta-externalagent/1.1 (+https://developers.facebook.com/docs/sharing/webmasters/crawler)"
216.73.216.202 - - [15/Jul/2025:13:43:02 +0000] "GET /goods/1422703610.shtml HTTP/1.1" 404 12868 "-" "Mozilla/5.0 AppleWebKit/537.36 (KHTML, like Gecko; compatible; ClaudeBot/1.0; [email protected])"
216.73.216.202 - - [15/Jul/2025:13:43:05 +0000] "GET /goods/1814576086.shtml HTTP/1.1" 404 12868 "-" "Mozilla/5.0 AppleWebKit/537.36 (KHTML, like Gecko; compatible; ClaudeBot/1.0; [email protected])"
57.141.2.2 - - [15/Jul/2025:13:43:08 +0000] "GET /?h=65233133051600& HTTP/1.1" 301 - "-" "meta-externalagent/1.1 (+https://developers.facebook.com/docs/sharing/webmasters/crawler)"
216.73.216.202 - - [15/Jul/2025:13:43:08 +0000] "GET /goods/1422323576.shtml HTTP/1.1" 404 12868 "-" "Mozilla/5.0 AppleWebKit/537.36 (KHTML, like Gecko; compatible; ClaudeBot/1.0; [email protected])"
57.141.2.16 - - [15/Jul/2025:13:43:10 +0000] "GET /?h=30736171051600 HTTP/1.1" 200 97806 "-" "meta-externalagent/1.1 (+https://developers.facebook.com/docs/sharing/webmasters/crawler)"
216.73.216.202 - - [15/Jul/2025:13:43:11 +0000] "GET /goods/1814117626.shtml HTTP/1.1" 404 12868 "-" "Mozilla/5.0 AppleWebKit/537.36 (KHTML, like Gecko; compatible; ClaudeBot/1.0; [email protected])"
57.141.2.5 - - [15/Jul/2025:13:43:13 +0000] "GET /?h=30476615071600 HTTP/1.1" 200 97806 "-" "meta-externalagent/1.1 (+https://developers.facebook.com/docs/sharing/webmasters/crawler)"
216.73.216.202 - - [15/Jul/2025:13:43:14 +0000] "GET /goods/1814344286.shtml HTTP/1.1" 404 12868 "-" "Mozilla/5.0 AppleWebKit/537.36 (KHTML, like Gecko; compatible; ClaudeBot/1.0; [email protected])"
216.73.216.202 - - [15/Jul/2025:13:43:17 +0000] "GET /goods/1814404326.shtml HTTP/1.1" 404 12868 "-" "Mozilla/5.0 AppleWebKit/537.36 (KHTML, like Gecko; compatible; ClaudeBot/1.0; [email protected])"
216.73.216.202 - - [15/Jul/2025:13:43:20 +0000] "GET /goods/1422675004.shtml HTTP/1.1" 404 12868 "-" "Mozilla/5.0 AppleWebKit/537.36 (KHTML, like Gecko; compatible; ClaudeBot/1.0; [email protected])"
216.73.216.202 - - [15/Jul/2025:13:43:23 +0000] "GET /goods/1814601966.shtml HTTP/1.1" 404 12868 "-" "Mozilla/5.0 AppleWebKit/537.36 (KHTML, like Gecko; compatible; ClaudeBot/1.0; [email protected])"
216.73.216.202 - - [15/Jul/2025:13:43:26 +0000] "GET /goods/1422724764.shtml HTTP/1.1" 404 12868 "-" "Mozilla/5.0 AppleWebKit/537.36 (KHTML, like Gecko; compatible; ClaudeBot/1.0; [email protected])"
216.73.216.202 - - [15/Jul/2025:13:43:29 +0000] "GET /goods/1814096208.shtml HTTP/1.1" 404 12868 "-" "Mozilla/5.0 AppleWebKit/537.36 (KHTML, like Gecko; compatible; ClaudeBot/1.0; [email protected])"
216.73.216.202 - - [15/Jul/2025:13:43:32 +0000] "GET /goods/1814400948.shtml HTTP/1.1" 404 12868 "-" "Mozilla/5.0 AppleWebKit/537.36 (KHTML, like Gecko; compatible; ClaudeBot/1.0; [email protected])"
216.73.216.202 - - [15/Jul/2025:13:43:35 +0000] "GET /goods/1814189824.shtml HTTP/1.1" 404 12868 "-" "Mozilla/5.0 AppleWebKit/537.36 (KHTML, like Gecko; compatible; ClaudeBot/1.0; [email protected])"
66.249.74.42 - - [15/Jul/2025:13:43:41 +0000] "GET /?h=4882587021600&mod=5c4f80aa&uri=blog.php%3Fid%3D163003-297%26name%3Ddog+vomiting+symptoms HTTP/1.1" 200 18381 "-" "Mozilla/5.0 (Linux; Android 6.0.1; Nexus 5X Build/MMB29P) AppleWebKit/537.36 (KHTML, like Gecko) Chrome/137.0.7151.103 Mobile Safari/537.36 (compatible; Googlebot/2.1; +http://www.google.com/bot.html)"
66.249.74.32 - - [15/Jul/2025:13:43:41 +0000] "GET /?h=5238261071600&mod=4cb81113&uri=blog.php%3Fid%3D174881-22%26name%3Dcartier+uhr+1990 HTTP/1.1" 200 18370 "-" "Mozilla/5.0 (Linux; Android 6.0.1; Nexus 5X Build/MMB29P) AppleWebKit/537.36 (KHTML, like Gecko) Chrome/137.0.7151.103 Mobile Safari/537.36 (compatible; Googlebot/2.1; +http://www.google.com/bot.html)"
209.74.77.214 - - [15/Jul/2025:13:43:56 +0000] "POST /wp-cron.php?doing_wp_cron=1752587036.6801719665527343750000 HTTP/1.1" 200 - "-" "WordPress/6.8.1; https://sergio-cuchi.tattoo"
216.73.216.202 - - [15/Jul/2025:13:43:56 +0000] "GET /goods/1422249288.shtml HTTP/1.1" 404 12868 "-" "Mozilla/5.0 AppleWebKit/537.36 (KHTML, like Gecko; compatible; ClaudeBot/1.0; [email protected])"
216.73.216.202 - - [15/Jul/2025:13:43:59 +0000] "GET /goods/1814247228.shtml HTTP/1.1" 404 12868 "-" "Mozilla/5.0 AppleWebKit/537.36 (KHTML, like Gecko; compatible; ClaudeBot/1.0; [email protected])"
66.249.74.43 - - [15/Jul/2025:13:44:01 +0000] "GET /?h=6140375141600&mod=a4cd5806&uri=brands.php%3Fid%3D205047-208%26name%3Dvoigtlander+50mm+se HTTP/1.1" 200 18382 "-" "Mozilla/5.0 (Linux; Android 6.0.1; Nexus 5X Build/MMB29P) AppleWebKit/537.36 (KHTML, like Gecko) Chrome/137.0.7151.103 Mobile Safari/537.36 (compatible; Googlebot/2.1; +http://www.google.com/bot.html)"
216.73.216.202 - - [15/Jul/2025:13:44:02 +0000] "GET /goods/1422734046.shtml HTTP/1.1" 404 12868 "-" "Mozilla/5.0 AppleWebKit/537.36 (KHTML, like Gecko; compatible; ClaudeBot/1.0; [email protected])"
216.73.216.202 - - [15/Jul/2025:13:44:05 +0000] "GET /goods/1422554028.shtml HTTP/1.1" 404 12868 "-" "Mozilla/5.0 AppleWebKit/537.36 (KHTML, like Gecko; compatible; ClaudeBot/1.0; [email protected])"
216.73.216.202 - - [15/Jul/2025:13:44:08 +0000] "GET /goods/1422383360.shtml HTTP/1.1" 404 12868 "-" "Mozilla/5.0 AppleWebKit/537.36 (KHTML, like Gecko; compatible; ClaudeBot/1.0; [email protected])"
216.73.216.202 - - [15/Jul/2025:13:44:11 +0000] "GET /goods/1814463104.shtml HTTP/1.1" 404 12868 "-" "Mozilla/5.0 AppleWebKit/537.36 (KHTML, like Gecko; compatible; ClaudeBot/1.0; [email protected])"
185.191.171.15 - - [15/Jul/2025:13:44:11 +0000] "GET /product/x-tattoo-machine/ HTTP/1.1" 200 17771 "-" "Mozilla/5.0 (compatible; SemrushBot/7~bl; +http://www.semrush.com/bot.html)"
66.249.74.43 - - [15/Jul/2025:13:44:13 +0000] "POST /get-message-notify HTTP/1.1" 200 18153 "https://sergio-cuchi.tattoo/?h=6140375141600&mod=a4cd5806&uri=brands.php%3Fid%3D205047-208%26name%3Dvoigtlander+50mm+se" "Mozilla/5.0 (Linux; Android 6.0.1; Nexus 5X Build/MMB29P) AppleWebKit/537.36 (KHTML, like Gecko) Chrome/137.0.7151.119 Mobile Safari/537.36 (compatible; Googlebot/2.1; +http://www.google.com/bot.html)"
