66.249.74.42 - - [15/Jul/2025:14:36:07 +0000] "GET /?h=5291654011600&mod=a7290c5b&uri=shop.php?kaden.html HTTP/1.1" 200 19287 "-" "Mozilla/5.0 (Linux; Android 6.0.1; Nexus 5X Build/MMB29P) AppleWebKit/537.36 (KHTML, like Gecko) Chrome/137.0.7151.103 Mobile Safari/537.36 (compatible; Googlebot/2.1; +http://www.google.com/bot.html)"
216.73.216.202 - - [15/Jul/2025:14:36:09 +0000] "GET /goods/1814297248.shtml HTTP/1.1" 404 12868 "-" "Mozilla/5.0 AppleWebKit/537.36 (KHTML, like Gecko; compatible; ClaudeBot/1.0; [email protected])"
216.73.216.202 - - [15/Jul/2025:14:36:12 +0000] "GET /goods/1422545078.shtml HTTP/1.1" 404 12868 "-" "Mozilla/5.0 AppleWebKit/537.36 (KHTML, like Gecko; compatible; ClaudeBot/1.0; [email protected])"
66.249.74.42 - - [15/Jul/2025:14:36:12 +0000] "GET /?h=4790468031600&mod=ae95296e&uri=search.php?goods/2019032.shtml HTTP/1.1" 200 18556 "-" "Mozilla/5.0 (Linux; Android 6.0.1; Nexus 5X Build/MMB29P) AppleWebKit/537.36 (KHTML, like Gecko) Chrome/137.0.7151.103 Mobile Safari/537.36 (compatible; Googlebot/2.1; +http://www.google.com/bot.html)"
66.249.74.42 - - [15/Jul/2025:14:36:15 +0000] "GET /?h=4790468031600&mod=ae95296e&uri=search.php?goods/2015922.shtml HTTP/1.1" 200 19700 "-" "Mozilla/5.0 (Linux; Android 6.0.1; Nexus 5X Build/MMB29P) AppleWebKit/537.36 (KHTML, like Gecko) Chrome/137.0.7151.103 Mobile Safari/537.36 (compatible; Googlebot/2.1; +http://www.google.com/bot.html)"
216.73.216.202 - - [15/Jul/2025:14:36:15 +0000] "GET /goods/1814191240.shtml HTTP/1.1" 404 12868 "-" "Mozilla/5.0 AppleWebKit/537.36 (KHTML, like Gecko; compatible; ClaudeBot/1.0; [email protected])"
66.249.74.42 - - [15/Jul/2025:14:36:17 +0000] "GET /?h=88601179001600&mod=7125a427&uri=info.php%3Fid%3D2956758-787%26name%3Dpiumino+herno+rosso HTTP/1.1" 200 18377 "-" "Mozilla/5.0 (Linux; Android 6.0.1; Nexus 5X Build/MMB29P) AppleWebKit/537.36 (KHTML, like Gecko) Chrome/137.0.7151.103 Mobile Safari/537.36 (compatible; Googlebot/2.1; +http://www.google.com/bot.html)"
66.249.74.42 - - [15/Jul/2025:14:36:18 +0000] "GET /?h=4790468031600&mod=ae95296e&uri=search.php?hobby/nuigurumi/nuigurumi.html HTTP/1.1" 200 18624 "-" "Mozilla/5.0 (Linux; Android 6.0.1; Nexus 5X Build/MMB29P) AppleWebKit/537.36 (KHTML, like Gecko) Chrome/137.0.7151.103 Mobile Safari/537.36 (compatible; Googlebot/2.1; +http://www.google.com/bot.html)"
216.73.216.202 - - [15/Jul/2025:14:36:18 +0000] "GET /goods/1422522568.shtml HTTP/1.1" 404 12868 "-" "Mozilla/5.0 AppleWebKit/537.36 (KHTML, like Gecko; compatible; ClaudeBot/1.0; [email protected])"
216.73.216.202 - - [15/Jul/2025:14:36:21 +0000] "GET /goods/1422405124.shtml HTTP/1.1" 404 12868 "-" "Mozilla/5.0 AppleWebKit/537.36 (KHTML, like Gecko; compatible; ClaudeBot/1.0; [email protected])"
66.249.74.42 - - [15/Jul/2025:14:36:23 +0000] "GET /?h=4790468031600&mod=ae95296e&uri=search.php?goods/1993412.shtml HTTP/1.1" 200 19331 "-" "Mozilla/5.0 (Linux; Android 6.0.1; Nexus 5X Build/MMB29P) AppleWebKit/537.36 (KHTML, like Gecko) Chrome/137.0.7151.103 Mobile Safari/537.36 (compatible; Googlebot/2.1; +http://www.google.com/bot.html)"
66.249.74.42 - - [15/Jul/2025:14:36:23 +0000] "GET /?h=6608065011600&mod=932213cc&uri=category-info.php?goods/2011366.shtml HTTP/1.1" 200 19284 "-" "Mozilla/5.0 (Linux; Android 6.0.1; Nexus 5X Build/MMB29P) AppleWebKit/537.36 (KHTML, like Gecko) Chrome/137.0.7151.103 Mobile Safari/537.36 (compatible; Googlebot/2.1; +http://www.google.com/bot.html)"
66.249.74.42 - - [15/Jul/2025:14:36:24 +0000] "GET /?h=4790468031600&mod=ae95296e&uri=search.php?goods/1991650.shtml HTTP/1.1" 200 18801 "-" "Mozilla/5.0 (Linux; Android 6.0.1; Nexus 5X Build/MMB29P) AppleWebKit/537.36 (KHTML, like Gecko) Chrome/137.0.7151.103 Mobile Safari/537.36 (compatible; Googlebot/2.1; +http://www.google.com/bot.html)"
66.249.74.42 - - [15/Jul/2025:14:36:27 +0000] "GET /?h=4790468031600&mod=ae95296e&uri=search.php?toreka/toreka_single.html HTTP/1.1" 200 18838 "-" "Mozilla/5.0 (Linux; Android 6.0.1; Nexus 5X Build/MMB29P) AppleWebKit/537.36 (KHTML, like Gecko) Chrome/137.0.7151.103 Mobile Safari/537.36 (compatible; Googlebot/2.1; +http://www.google.com/bot.html)"
66.249.74.42 - - [15/Jul/2025:14:36:29 +0000] "GET /?h=5322519001600&mod=e8d04671&uri=form.php%3Fid%3D177692-318%26name%3Dzapatillas+adidas+running+hombre+peru HTTP/1.1" 200 18398 "-" "Mozilla/5.0 (Linux; Android 6.0.1; Nexus 5X Build/MMB29P) AppleWebKit/537.36 (KHTML, like Gecko) Chrome/137.0.7151.103 Mobile Safari/537.36 (compatible; Googlebot/2.1; +http://www.google.com/bot.html)"
216.73.216.202 - - [15/Jul/2025:14:36:30 +0000] "GET /goods/1814612332.shtml HTTP/1.1" 404 12868 "-" "Mozilla/5.0 AppleWebKit/537.36 (KHTML, like Gecko; compatible; ClaudeBot/1.0; [email protected])"
66.249.74.42 - - [15/Jul/2025:14:36:30 +0000] "GET /?h=4790468031600&mod=ae95296e&uri=search.php?goods/1991718.shtml HTTP/1.1" 200 19179 "-" "Mozilla/5.0 (Linux; Android 6.0.1; Nexus 5X Build/MMB29P) AppleWebKit/537.36 (KHTML, like Gecko) Chrome/137.0.7151.103 Mobile Safari/537.36 (compatible; Googlebot/2.1; +http://www.google.com/bot.html)"
66.249.74.42 - - [15/Jul/2025:14:36:32 +0000] "POST /get-message-notify HTTP/1.1" 200 18153 "https://sergio-cuchi.tattoo/?h=5322519001600&mod=e8d04671&uri=form.php%3Fid%3D177692-318%26name%3Dzapatillas+adidas+running+hombre+peru" "Mozilla/5.0 (Linux; Android 6.0.1; Nexus 5X Build/MMB29P) AppleWebKit/537.36 (KHTML, like Gecko) Chrome/137.0.7151.119 Mobile Safari/537.36 (compatible; Googlebot/2.1; +http://www.google.com/bot.html)"
216.73.216.202 - - [15/Jul/2025:14:36:32 +0000] "GET /goods/1814573292.shtml HTTP/1.1" 404 12868 "-" "Mozilla/5.0 AppleWebKit/537.36 (KHTML, like Gecko; compatible; ClaudeBot/1.0; [email protected])"
66.249.74.42 - - [15/Jul/2025:14:36:32 +0000] "GET /?h=4790468031600&mod=ae95296e&uri=search.php?feature/shoplist/index.html HTTP/1.1" 200 19445 "-" "Mozilla/5.0 (Linux; Android 6.0.1; Nexus 5X Build/MMB29P) AppleWebKit/537.36 (KHTML, like Gecko) Chrome/137.0.7151.103 Mobile Safari/537.36 (compatible; Googlebot/2.1; +http://www.google.com/bot.html)"
66.249.74.42 - - [15/Jul/2025:14:36:33 +0000] "GET /?h=4790468031600&mod=ae95296e&uri=search.php?feature/eposcard/index.html HTTP/1.1" 200 19542 "-" "Mozilla/5.0 (Linux; Android 6.0.1; Nexus 5X Build/MMB29P) AppleWebKit/537.36 (KHTML, like Gecko) Chrome/137.0.7151.103 Mobile Safari/537.36 (compatible; Googlebot/2.1; +http://www.google.com/bot.html)"
216.73.216.202 - - [15/Jul/2025:14:36:35 +0000] "GET /goods/1814147738.shtml HTTP/1.1" 404 12868 "-" "Mozilla/5.0 AppleWebKit/537.36 (KHTML, like Gecko; compatible; ClaudeBot/1.0; [email protected])"
66.249.74.43 - - [15/Jul/2025:14:36:36 +0000] "GET /?h=4790468031600&mod=ae95296e&uri=search.php?man/kaitori/kantan.html HTTP/1.1" 200 19820 "-" "Mozilla/5.0 (Linux; Android 6.0.1; Nexus 5X Build/MMB29P) AppleWebKit/537.36 (KHTML, like Gecko) Chrome/137.0.7151.103 Mobile Safari/537.36 (compatible; Googlebot/2.1; +http://www.google.com/bot.html)"
66.249.74.43 - - [15/Jul/2025:14:36:36 +0000] "GET /?h=6608065011600&mod=932213cc&uri=category-info.php?goods/2022086.shtml HTTP/1.1" 200 18657 "-" "Mozilla/5.0 (Linux; Android 6.0.1; Nexus 5X Build/MMB29P) AppleWebKit/537.36 (KHTML, like Gecko) Chrome/137.0.7151.103 Mobile Safari/537.36 (compatible; Googlebot/2.1; +http://www.google.com/bot.html)"
216.73.216.202 - - [15/Jul/2025:14:36:38 +0000] "GET /goods/1814293110.shtml HTTP/1.1" 404 12868 "-" "Mozilla/5.0 AppleWebKit/537.36 (KHTML, like Gecko; compatible; ClaudeBot/1.0; [email protected])"
66.249.74.43 - - [15/Jul/2025:14:36:38 +0000] "GET /?h=4790468031600&mod=ae95296e&uri=search.php?hobby.html HTTP/1.1" 200 19542 "-" "Mozilla/5.0 (Linux; Android 6.0.1; Nexus 5X Build/MMB29P) AppleWebKit/537.36 (KHTML, like Gecko) Chrome/137.0.7151.103 Mobile Safari/537.36 (compatible; Googlebot/2.1; +http://www.google.com/bot.html)"
66.249.74.43 - - [15/Jul/2025:14:36:41 +0000] "GET /?h=4790468031600&mod=ae95296e&uri=search.php?goods/1991040.shtml HTTP/1.1" 200 18713 "-" "Mozilla/5.0 (Linux; Android 6.0.1; Nexus 5X Build/MMB29P) AppleWebKit/537.36 (KHTML, like Gecko) Chrome/137.0.7151.103 Mobile Safari/537.36 (compatible; Googlebot/2.1; +http://www.google.com/bot.html)"
216.73.216.202 - - [15/Jul/2025:14:36:41 +0000] "GET /goods/1422649316.shtml HTTP/1.1" 404 12868 "-" "Mozilla/5.0 AppleWebKit/537.36 (KHTML, like Gecko; compatible; ClaudeBot/1.0; [email protected])"
57.141.2.2 - - [15/Jul/2025:14:36:44 +0000] "GET /?h=34328900021600 HTTP/1.1" 200 97813 "-" "meta-externalagent/1.1 (+https://developers.facebook.com/docs/sharing/webmasters/crawler)"
66.249.74.42 - - [15/Jul/2025:14:36:44 +0000] "GET /?h=4790468031600&mod=ae95296e&uri=search.php?feature/yokohama_maruicity/index.html HTTP/1.1" 200 19143 "-" "Mozilla/5.0 (Linux; Android 6.0.1; Nexus 5X Build/MMB29P) AppleWebKit/537.36 (KHTML, like Gecko) Chrome/137.0.7151.103 Mobile Safari/537.36 (compatible; Googlebot/2.1; +http://www.google.com/bot.html)"
216.73.216.202 - - [15/Jul/2025:14:36:44 +0000] "GET /goods/1422416914.shtml HTTP/1.1" 404 12868 "-" "Mozilla/5.0 AppleWebKit/537.36 (KHTML, like Gecko; compatible; ClaudeBot/1.0; [email protected])"
66.249.74.43 - - [15/Jul/2025:14:36:45 +0000] "POST /get-message-notify HTTP/1.1" 200 18153 "https://sergio-cuchi.tattoo/?h=6608065011600&mod=932213cc&uri=category-info.php?goods/2022086.shtml" "Mozilla/5.0 (Linux; Android 6.0.1; Nexus 5X Build/MMB29P) AppleWebKit/537.36 (KHTML, like Gecko) Chrome/137.0.7151.119 Mobile Safari/537.36 (compatible; Googlebot/2.1; +http://www.google.com/bot.html)"
66.249.74.42 - - [15/Jul/2025:14:36:45 +0000] "POST /get-message-notify HTTP/1.1" 200 18153 "https://sergio-cuchi.tattoo/?h=4790468031600&mod=ae95296e&uri=search.php?goods/1991650.shtml" "Mozilla/5.0 (Linux; Android 6.0.1; Nexus 5X Build/MMB29P) AppleWebKit/537.36 (KHTML, like Gecko) Chrome/137.0.7151.119 Mobile Safari/537.36 (compatible; Googlebot/2.1; +http://www.google.com/bot.html)"
209.74.77.214 - - [15/Jul/2025:14:36:47 +0000] "POST /wp-cron.php?doing_wp_cron=1752590207.9820868968963623046875 HTTP/1.1" 200 - "-" "WordPress/6.8.1; https://sergio-cuchi.tattoo"
216.73.216.202 - - [15/Jul/2025:14:36:47 +0000] "GET /goods/1422279054.shtml HTTP/1.1" 404 12868 "-" "Mozilla/5.0 AppleWebKit/537.36 (KHTML, like Gecko; compatible; ClaudeBot/1.0; [email protected])"
66.249.74.43 - - [15/Jul/2025:14:36:49 +0000] "GET /?h=4790468031600&mod=ae95296e&uri=search.php? HTTP/1.1" 200 19365 "-" "Mozilla/5.0 (Linux; Android 6.0.1; Nexus 5X Build/MMB29P) AppleWebKit/537.36 (KHTML, like Gecko) Chrome/137.0.7151.103 Mobile Safari/537.36 (compatible; Googlebot/2.1; +http://www.google.com/bot.html)"
66.249.74.43 - - [15/Jul/2025:14:36:49 +0000] "GET /?h=64926268001600&mod=b0bef4c9&uri=shop.php%3Fid%3D2166633-27%26name%3Dlego+tren+carrefour HTTP/1.1" 200 18380 "-" "Mozilla/5.0 (Linux; Android 6.0.1; Nexus 5X Build/MMB29P) AppleWebKit/537.36 (KHTML, like Gecko) Chrome/137.0.7151.103 Mobile Safari/537.36 (compatible; Googlebot/2.1; +http://www.google.com/bot.html)"
216.73.216.202 - - [15/Jul/2025:14:36:50 +0000] "GET /goods/1422649384.shtml HTTP/1.1" 404 12868 "-" "Mozilla/5.0 AppleWebKit/537.36 (KHTML, like Gecko; compatible; ClaudeBot/1.0; [email protected])"
66.249.74.42 - - [15/Jul/2025:14:36:51 +0000] "POST /get-message-notify HTTP/1.1" 200 18153 "https://sergio-cuchi.tattoo/?h=6608065011600&mod=932213cc&uri=category-info.php?goods/2011366.shtml" "Mozilla/5.0 (Linux; Android 6.0.1; Nexus 5X Build/MMB29P) AppleWebKit/537.36 (KHTML, like Gecko) Chrome/137.0.7151.119 Mobile Safari/537.36 (compatible; Googlebot/2.1; +http://www.google.com/bot.html)"
66.249.74.42 - - [15/Jul/2025:14:36:52 +0000] "GET /?h=4790468031600&mod=ae95296e&uri=search.php?goods/2012458.shtml HTTP/1.1" 200 18834 "-" "Mozilla/5.0 (Linux; Android 6.0.1; Nexus 5X Build/MMB29P) AppleWebKit/537.36 (KHTML, like Gecko) Chrome/137.0.7151.103 Mobile Safari/537.36 (compatible; Googlebot/2.1; +http://www.google.com/bot.html)"
216.73.216.202 - - [15/Jul/2025:14:36:53 +0000] "GET /goods/1814260972.shtml HTTP/1.1" 404 12868 "-" "Mozilla/5.0 AppleWebKit/537.36 (KHTML, like Gecko; compatible; ClaudeBot/1.0; [email protected])"
66.249.74.43 - - [15/Jul/2025:14:36:55 +0000] "GET /?h=4790468031600&mod=ae95296e&uri=search.php?toreka/goods_menu.html HTTP/1.1" 200 19546 "-" "Mozilla/5.0 (Linux; Android 6.0.1; Nexus 5X Build/MMB29P) AppleWebKit/537.36 (KHTML, like Gecko) Chrome/137.0.7151.103 Mobile Safari/537.36 (compatible; Googlebot/2.1; +http://www.google.com/bot.html)"
216.73.216.202 - - [15/Jul/2025:14:36:56 +0000] "GET /goods/1422482112.shtml HTTP/1.1" 404 12868 "-" "Mozilla/5.0 AppleWebKit/537.36 (KHTML, like Gecko; compatible; ClaudeBot/1.0; [email protected])"
66.249.74.42 - - [15/Jul/2025:14:36:58 +0000] "GET /?h=4790468031600&mod=ae95296e&uri=search.php?feature/osu_main/index.html HTTP/1.1" 200 18657 "-" "Mozilla/5.0 (Linux; Android 6.0.1; Nexus 5X Build/MMB29P) AppleWebKit/537.36 (KHTML, like Gecko) Chrome/137.0.7151.103 Mobile Safari/537.36 (compatible; Googlebot/2.1; +http://www.google.com/bot.html)"
216.73.216.202 - - [15/Jul/2025:14:36:59 +0000] "GET /goods/1814194358.shtml HTTP/1.1" 404 12868 "-" "Mozilla/5.0 AppleWebKit/537.36 (KHTML, like Gecko; compatible; ClaudeBot/1.0; [email protected])"
66.249.74.42 - - [15/Jul/2025:14:37:00 +0000] "GET /?h=4790468031600&mod=ae95296e&uri=search.php?goods/2014830.shtml HTTP/1.1" 200 18246 "-" "Mozilla/5.0 (Linux; Android 6.0.1; Nexus 5X Build/MMB29P) AppleWebKit/537.36 (KHTML, like Gecko) Chrome/137.0.7151.103 Mobile Safari/537.36 (compatible; Googlebot/2.1; +http://www.google.com/bot.html)"
216.73.216.202 - - [15/Jul/2025:14:37:02 +0000] "GET /goods/1814167386.shtml HTTP/1.1" 404 12868 "-" "Mozilla/5.0 AppleWebKit/537.36 (KHTML, like Gecko; compatible; ClaudeBot/1.0; [email protected])"
66.249.74.43 - - [15/Jul/2025:14:37:03 +0000] "GET /?h=4790468031600&mod=ae95296e&uri=search.php?feature/utsunomiya/index.html HTTP/1.1" 200 19352 "-" "Mozilla/5.0 (Linux; Android 6.0.1; Nexus 5X Build/MMB29P) AppleWebKit/537.36 (KHTML, like Gecko) Chrome/137.0.7151.103 Mobile Safari/537.36 (compatible; Googlebot/2.1; +http://www.google.com/bot.html)"
66.249.74.42 - - [15/Jul/2025:14:37:03 +0000] "GET /?h=114283930021600&mod=10a55f34&uri=goods.php?goods/1983046.shtml HTTP/1.1" 200 19160 "-" "Mozilla/5.0 (Linux; Android 6.0.1; Nexus 5X Build/MMB29P) AppleWebKit/537.36 (KHTML, like Gecko) Chrome/137.0.7151.103 Mobile Safari/537.36 (compatible; Googlebot/2.1; +http://www.google.com/bot.html)"
66.249.74.43 - - [15/Jul/2025:14:37:04 +0000] "GET /?h=3579222001600&mod=e8d92556&uri=blog.php?goods/1983784.shtml HTTP/1.1" 200 18777 "-" "Mozilla/5.0 (Linux; Android 6.0.1; Nexus 5X Build/MMB29P) AppleWebKit/537.36 (KHTML, like Gecko) Chrome/137.0.7151.103 Mobile Safari/537.36 (compatible; Googlebot/2.1; +http://www.google.com/bot.html)"
216.73.216.202 - - [15/Jul/2025:14:37:05 +0000] "GET /goods/1422419956.shtml HTTP/1.1" 404 12868 "-" "Mozilla/5.0 AppleWebKit/537.36 (KHTML, like Gecko; compatible; ClaudeBot/1.0; [email protected])"
66.249.74.43 - - [15/Jul/2025:14:37:06 +0000] "GET /?h=4790468031600&mod=ae95296e&uri=search.php?boyslove.html HTTP/1.1" 200 19373 "-" "Mozilla/5.0 (Linux; Android 6.0.1; Nexus 5X Build/MMB29P) AppleWebKit/537.36 (KHTML, like Gecko) Chrome/137.0.7151.103 Mobile Safari/537.36 (compatible; Googlebot/2.1; +http://www.google.com/bot.html)"
66.249.74.42 - - [15/Jul/2025:14:37:07 +0000] "GET /?h=86512776091600&mod=ac52c626&uri=product.php%3Fid%3D2887063-39%26name%3Dherman+miller+eames+lounge+chair HTTP/1.1" 200 18407 "-" "Mozilla/5.0 (Linux; Android 6.0.1; Nexus 5X Build/MMB29P) AppleWebKit/537.36 (KHTML, like Gecko) Chrome/137.0.7151.103 Mobile Safari/537.36 (compatible; Googlebot/2.1; +http://www.google.com/bot.html)"
216.73.216.202 - - [15/Jul/2025:14:37:08 +0000] "GET /goods/1814512518.shtml HTTP/1.1" 404 12868 "-" "Mozilla/5.0 AppleWebKit/537.36 (KHTML, like Gecko; compatible; ClaudeBot/1.0; [email protected])"
66.249.74.43 - - [15/Jul/2025:14:37:09 +0000] "GET /?h=4790468031600&mod=ae95296e&uri=search.php?goods/1987994.shtml HTTP/1.1" 200 19211 "-" "Mozilla/5.0 (Linux; Android 6.0.1; Nexus 5X Build/MMB29P) AppleWebKit/537.36 (KHTML, like Gecko) Chrome/137.0.7151.103 Mobile Safari/537.36 (compatible; Googlebot/2.1; +http://www.google.com/bot.html)"
216.73.216.202 - - [15/Jul/2025:14:37:11 +0000] "GET /goods/1422688424.shtml HTTP/1.1" 404 12868 "-" "Mozilla/5.0 AppleWebKit/537.36 (KHTML, like Gecko; compatible; ClaudeBot/1.0; [email protected])"
66.249.74.42 - - [15/Jul/2025:14:37:12 +0000] "GET /?h=4790468031600&mod=ae95296e&uri=search.php?goods/1988596.shtml HTTP/1.1" 200 19499 "-" "Mozilla/5.0 (Linux; Android 6.0.1; Nexus 5X Build/MMB29P) AppleWebKit/537.36 (KHTML, like Gecko) Chrome/137.0.7151.103 Mobile Safari/537.36 (compatible; Googlebot/2.1; +http://www.google.com/bot.html)"
66.249.74.42 - - [15/Jul/2025:14:37:12 +0000] "GET /?h=6272272021600&mod=95766753&uri=blog.php%3Fid%3D209498-117%26name%3Dreloj+xiaomi+para+pagar+con+tarjeta HTTP/1.1" 200 18398 "-" "Mozilla/5.0 (Linux; Android 6.0.1; Nexus 5X Build/MMB29P) AppleWebKit/537.36 (KHTML, like Gecko) Chrome/137.0.7151.103 Mobile Safari/537.36 (compatible; Googlebot/2.1; +http://www.google.com/bot.html)"
216.73.216.202 - - [15/Jul/2025:14:37:14 +0000] "GET /goods/1814602312.shtml HTTP/1.1" 404 12868 "-" "Mozilla/5.0 AppleWebKit/537.36 (KHTML, like Gecko; compatible; ClaudeBot/1.0; [email protected])"
66.249.74.42 - - [15/Jul/2025:14:37:15 +0000] "GET /?h=4790468031600&mod=ae95296e&uri=search.php?goods/1990366.shtml HTTP/1.1" 200 18505 "-" "Mozilla/5.0 (Linux; Android 6.0.1; Nexus 5X Build/MMB29P) AppleWebKit/537.36 (KHTML, like Gecko) Chrome/137.0.7151.103 Mobile Safari/537.36 (compatible; Googlebot/2.1; +http://www.google.com/bot.html)"
66.249.74.42 - - [15/Jul/2025:14:37:17 +0000] "GET /?h=4790468031600&mod=ae95296e&uri=search.php?goods/2016660.shtml HTTP/1.1" 200 18908 "-" "Mozilla/5.0 (Linux; Android 6.0.1; Nexus 5X Build/MMB29P) AppleWebKit/537.36 (KHTML, like Gecko) Chrome/137.0.7151.103 Mobile Safari/537.36 (compatible; Googlebot/2.1; +http://www.google.com/bot.html)"
216.73.216.202 - - [15/Jul/2025:14:37:17 +0000] "GET /goods/1422681168.shtml HTTP/1.1" 404 12868 "-" "Mozilla/5.0 AppleWebKit/537.36 (KHTML, like Gecko; compatible; ClaudeBot/1.0; [email protected])"
66.249.74.42 - - [15/Jul/2025:14:37:20 +0000] "GET /?h=5291654011600&mod=a7290c5b&uri=shop.php?hobby.html HTTP/1.1" 200 19540 "-" "Mozilla/5.0 (Linux; Android 6.0.1; Nexus 5X Build/MMB29P) AppleWebKit/537.36 (KHTML, like Gecko) Chrome/137.0.7151.103 Mobile Safari/537.36 (compatible; Googlebot/2.1; +http://www.google.com/bot.html)"
66.249.74.42 - - [15/Jul/2025:14:37:20 +0000] "GET /?h=4790468031600&mod=ae95296e&uri=search.php?toreka/figure_menu.html HTTP/1.1" 200 19038 "-" "Mozilla/5.0 (Linux; Android 6.0.1; Nexus 5X Build/MMB29P) AppleWebKit/537.36 (KHTML, like Gecko) Chrome/137.0.7151.103 Mobile Safari/537.36 (compatible; Googlebot/2.1; +http://www.google.com/bot.html)"
216.73.216.202 - - [15/Jul/2025:14:37:20 +0000] "GET /goods/1422474254.shtml HTTP/1.1" 404 12868 "-" "Mozilla/5.0 AppleWebKit/537.36 (KHTML, like Gecko; compatible; ClaudeBot/1.0; [email protected])"
66.249.74.42 - - [15/Jul/2025:14:37:23 +0000] "POST /get-message-notify HTTP/1.1" 200 18153 "https://sergio-cuchi.tattoo/?h=5291654011600&mod=a7290c5b&uri=shop.php?hobby.html" "Mozilla/5.0 (Linux; Android 6.0.1; Nexus 5X Build/MMB29P) AppleWebKit/537.36 (KHTML, like Gecko) Chrome/137.0.7151.119 Mobile Safari/537.36 (compatible; Googlebot/2.1; +http://www.google.com/bot.html)"
66.249.74.42 - - [15/Jul/2025:14:37:23 +0000] "GET /?h=4790468031600&mod=ae95296e&uri=search.php?goods/2012804.shtml HTTP/1.1" 200 18801 "-" "Mozilla/5.0 (Linux; Android 6.0.1; Nexus 5X Build/MMB29P) AppleWebKit/537.36 (KHTML, like Gecko) Chrome/137.0.7151.103 Mobile Safari/537.36 (compatible; Googlebot/2.1; +http://www.google.com/bot.html)"
66.249.74.42 - - [15/Jul/2025:14:37:26 +0000] "GET /?h=4790468031600&mod=ae95296e&uri=search.php?hobby/boardgame/index.html HTTP/1.1" 200 19436 "-" "Mozilla/5.0 (Linux; Android 6.0.1; Nexus 5X Build/MMB29P) AppleWebKit/537.36 (KHTML, like Gecko) Chrome/137.0.7151.103 Mobile Safari/537.36 (compatible; Googlebot/2.1; +http://www.google.com/bot.html)"
66.249.74.42 - - [15/Jul/2025:14:37:26 +0000] "GET /?h=5634817051600&mod=ab330135&uri=blog.php%3Fid%3D188143-315%26name%3Danker+meister+uhren HTTP/1.1" 200 18370 "-" "Mozilla/5.0 (Linux; Android 6.0.1; Nexus 5X Build/MMB29P) AppleWebKit/537.36 (KHTML, like Gecko) Chrome/137.0.7151.103 Mobile Safari/537.36 (compatible; Googlebot/2.1; +http://www.google.com/bot.html)"
66.249.74.42 - - [15/Jul/2025:14:37:27 +0000] "GET /?h=119596300071600&mod=18fec8b8&uri=form.php%3Fid%3D3991295-1161%26name%3Dnike+platinum+vapormax HTTP/1.1" 200 18389 "-" "Mozilla/5.0 (Linux; Android 6.0.1; Nexus 5X Build/MMB29P) AppleWebKit/537.36 (KHTML, like Gecko) Chrome/137.0.7151.103 Mobile Safari/537.36 (compatible; Googlebot/2.1; +http://www.google.com/bot.html)"
66.249.74.42 - - [15/Jul/2025:14:37:27 +0000] "GET /?h=5291654011600&mod=a7290c5b&uri=shop.php?man/kaitori/kantan.html HTTP/1.1" 200 19821 "-" "Mozilla/5.0 (Linux; Android 6.0.1; Nexus 5X Build/MMB29P) AppleWebKit/537.36 (KHTML, like Gecko) Chrome/137.0.7151.103 Mobile Safari/537.36 (compatible; Googlebot/2.1; +http://www.google.com/bot.html)"
66.249.74.43 - - [15/Jul/2025:14:37:30 +0000] "GET /?h=114312790021600&mod=1b7bb176&uri=form.php?goods/2008666.shtml HTTP/1.1" 200 19116 "-" "Mozilla/5.0 (Linux; Android 6.0.1; Nexus 5X Build/MMB29P) AppleWebKit/537.36 (KHTML, like Gecko) Chrome/137.0.7151.103 Mobile Safari/537.36 (compatible; Googlebot/2.1; +http://www.google.com/bot.html)"
66.249.74.43 - - [15/Jul/2025:14:37:30 +0000] "GET /?h=4790468031600&mod=ae95296e&uri=search.php?goods/2020124.shtml HTTP/1.1" 200 19322 "-" "Mozilla/5.0 (Linux; Android 6.0.1; Nexus 5X Build/MMB29P) AppleWebKit/537.36 (KHTML, like Gecko) Chrome/137.0.7151.103 Mobile Safari/537.36 (compatible; Googlebot/2.1; +http://www.google.com/bot.html)"
216.73.216.202 - - [15/Jul/2025:14:37:31 +0000] "GET /goods/1422669386.shtml HTTP/1.1" 404 12868 "-" "Mozilla/5.0 AppleWebKit/537.36 (KHTML, like Gecko; compatible; ClaudeBot/1.0; [email protected])"
66.249.74.43 - - [15/Jul/2025:14:37:32 +0000] "GET /?h=4790468031600&mod=ae95296e&uri=search.php?oreka/plamodel_menu.html HTTP/1.1" 200 18260 "-" "Mozilla/5.0 (Linux; Android 6.0.1; Nexus 5X Build/MMB29P) AppleWebKit/537.36 (KHTML, like Gecko) Chrome/137.0.7151.103 Mobile Safari/537.36 (compatible; Googlebot/2.1; +http://www.google.com/bot.html)"
66.249.74.43 - - [15/Jul/2025:14:37:32 +0000] "POST /get-message-notify HTTP/1.1" 200 18153 "https://sergio-cuchi.tattoo/?h=114312790021600&mod=1b7bb176&uri=form.php?goods/2008666.shtml" "Mozilla/5.0 (Linux; Android 6.0.1; Nexus 5X Build/MMB29P) AppleWebKit/537.36 (KHTML, like Gecko) Chrome/137.0.7151.119 Mobile Safari/537.36 (compatible; Googlebot/2.1; +http://www.google.com/bot.html)"
216.73.216.202 - - [15/Jul/2025:14:37:34 +0000] "GET /goods/1814606168.shtml HTTP/1.1" 404 12868 "-" "Mozilla/5.0 AppleWebKit/537.36 (KHTML, like Gecko; compatible; ClaudeBot/1.0; [email protected])"
216.73.216.202 - - [15/Jul/2025:14:37:37 +0000] "GET /goods/1422697706.shtml HTTP/1.1" 404 12868 "-" "Mozilla/5.0 AppleWebKit/537.36 (KHTML, like Gecko; compatible; ClaudeBot/1.0; [email protected])"
66.249.74.43 - - [15/Jul/2025:14:37:37 +0000] "GET /?h=4790468031600&mod=ae95296e&uri=search.php?goods/2017270.shtml HTTP/1.1" 200 19279 "-" "Mozilla/5.0 (Linux; Android 6.0.1; Nexus 5X Build/MMB29P) AppleWebKit/537.36 (KHTML, like Gecko) Chrome/137.0.7151.103 Mobile Safari/537.36 (compatible; Googlebot/2.1; +http://www.google.com/bot.html)"
66.249.74.43 - - [15/Jul/2025:14:37:39 +0000] "GET /?h=4790468031600&mod=ae95296e&uri=search.php?events/ HTTP/1.1" 200 18887 "-" "Mozilla/5.0 (Linux; Android 6.0.1; Nexus 5X Build/MMB29P) AppleWebKit/537.36 (KHTML, like Gecko) Chrome/137.0.7151.103 Mobile Safari/537.36 (compatible; Googlebot/2.1; +http://www.google.com/bot.html)"
216.73.216.202 - - [15/Jul/2025:14:37:40 +0000] "GET /goods/1422486646.shtml HTTP/1.1" 404 12868 "-" "Mozilla/5.0 AppleWebKit/537.36 (KHTML, like Gecko; compatible; ClaudeBot/1.0; [email protected])"
66.249.74.43 - - [15/Jul/2025:14:37:41 +0000] "POST /get-message-notify HTTP/1.1" 200 18153 "https://sergio-cuchi.tattoo/?h=4790468031600&mod=ae95296e&uri=search.php?toreka/goods_menu.html" "Mozilla/5.0 (Linux; Android 6.0.1; Nexus 5X Build/MMB29P) AppleWebKit/537.36 (KHTML, like Gecko) Chrome/137.0.7151.119 Mobile Safari/537.36 (compatible; Googlebot/2.1; +http://www.google.com/bot.html)"
57.141.2.21 - - [15/Jul/2025:14:37:41 +0000] "GET /?h=96810623011600& HTTP/1.1" 301 - "-" "meta-externalagent/1.1 (+https://developers.facebook.com/docs/sharing/webmasters/crawler)"
57.141.2.23 - - [15/Jul/2025:14:37:41 +0000] "GET /?h=80274264001600& HTTP/1.1" 301 - "-" "meta-externalagent/1.1 (+https://developers.facebook.com/docs/sharing/webmasters/crawler)"
66.249.74.43 - - [15/Jul/2025:14:37:41 +0000] "GET /?h=4790468031600&mod=ae95296e&uri=search.php?man/kaitori/ansin.html HTTP/1.1" 200 18800 "-" "Mozilla/5.0 (Linux; Android 6.0.1; Nexus 5X Build/MMB29P) AppleWebKit/537.36 (KHTML, like Gecko) Chrome/137.0.7151.103 Mobile Safari/537.36 (compatible; Googlebot/2.1; +http://www.google.com/bot.html)"
57.141.2.21 - - [15/Jul/2025:14:37:42 +0000] "GET /?h=34321340001600& HTTP/1.1" 301 - "-" "meta-externalagent/1.1 (+https://developers.facebook.com/docs/sharing/webmasters/crawler)"
216.73.216.202 - - [15/Jul/2025:14:37:43 +0000] "GET /goods/1814173550.shtml HTTP/1.1" 404 12868 "-" "Mozilla/5.0 AppleWebKit/537.36 (KHTML, like Gecko; compatible; ClaudeBot/1.0; [email protected])"
57.141.2.20 - - [15/Jul/2025:14:37:43 +0000] "GET /?h=78362933041600& HTTP/1.1" 301 - "-" "meta-externalagent/1.1 (+https://developers.facebook.com/docs/sharing/webmasters/crawler)"
57.141.2.2 - - [15/Jul/2025:14:37:43 +0000] "GET /?h=98559279031600& HTTP/1.1" 301 - "-" "meta-externalagent/1.1 (+https://developers.facebook.com/docs/sharing/webmasters/crawler)"
66.249.74.42 - - [15/Jul/2025:14:37:46 +0000] "GET /?h=4790468031600&mod=ae95296e&uri=search.php?goods/2017338.shtml HTTP/1.1" 200 18249 "-" "Mozilla/5.0 (Linux; Android 6.0.1; Nexus 5X Build/MMB29P) AppleWebKit/537.36 (KHTML, like Gecko) Chrome/137.0.7151.103 Mobile Safari/537.36 (compatible; Googlebot/2.1; +http://www.google.com/bot.html)"
209.74.77.214 - - [15/Jul/2025:14:37:46 +0000] "POST /wp-cron.php?doing_wp_cron=1752590266.5612750053405761718750 HTTP/1.1" 200 - "-" "WordPress/6.8.1; https://sergio-cuchi.tattoo"
216.73.216.202 - - [15/Jul/2025:14:37:46 +0000] "GET /goods/1422750576.shtml HTTP/1.1" 404 12868 "-" "Mozilla/5.0 AppleWebKit/537.36 (KHTML, like Gecko; compatible; ClaudeBot/1.0; [email protected])"
57.141.2.21 - - [15/Jul/2025:14:37:48 +0000] "GET /?h=23691890001600& HTTP/1.1" 301 - "-" "meta-externalagent/1.1 (+https://developers.facebook.com/docs/sharing/webmasters/crawler)"
66.249.74.42 - - [15/Jul/2025:14:37:48 +0000] "POST /get-message-notify HTTP/1.1" 200 18153 "https://sergio-cuchi.tattoo/?h=4790468031600&mod=ae95296e&uri=search.php?hobby/boardgame/index.html" "Mozilla/5.0 (Linux; Android 6.0.1; Nexus 5X Build/MMB29P) AppleWebKit/537.36 (KHTML, like Gecko) Chrome/137.0.7151.119 Mobile Safari/537.36 (compatible; Googlebot/2.1; +http://www.google.com/bot.html)"
57.141.2.17 - - [15/Jul/2025:14:37:49 +0000] "GET /?h=65372021600& HTTP/1.1" 301 - "-" "meta-externalagent/1.1 (+https://developers.facebook.com/docs/sharing/webmasters/crawler)"
66.249.74.42 - - [15/Jul/2025:14:37:49 +0000] "GET /?h=4790468031600&mod=ae95296e&uri=search.php?goods/1994504.shtml HTTP/1.1" 200 19145 "-" "Mozilla/5.0 (Linux; Android 6.0.1; Nexus 5X Build/MMB29P) AppleWebKit/537.36 (KHTML, like Gecko) Chrome/137.0.7151.103 Mobile Safari/537.36 (compatible; Googlebot/2.1; +http://www.google.com/bot.html)"
216.73.216.202 - - [15/Jul/2025:14:37:49 +0000] "GET /goods/1814401626.shtml HTTP/1.1" 404 12868 "-" "Mozilla/5.0 AppleWebKit/537.36 (KHTML, like Gecko; compatible; ClaudeBot/1.0; [email protected])"
66.249.74.42 - - [15/Jul/2025:14:37:51 +0000] "POST /get-message-notify HTTP/1.1" 200 18153 "https://sergio-cuchi.tattoo/?h=4790468031600&mod=ae95296e&uri=search.php?toreka/figure_menu.html" "Mozilla/5.0 (Linux; Android 6.0.1; Nexus 5X Build/MMB29P) AppleWebKit/537.36 (KHTML, like Gecko) Chrome/137.0.7151.119 Mobile Safari/537.36 (compatible; Googlebot/2.1; +http://www.google.com/bot.html)"
57.141.2.14 - - [15/Jul/2025:14:37:51 +0000] "GET /?h=3498767031600& HTTP/1.1" 301 - "-" "meta-externalagent/1.1 (+https://developers.facebook.com/docs/sharing/webmasters/crawler)"
216.73.216.202 - - [15/Jul/2025:14:37:52 +0000] "GET /goods/1814466960.shtml HTTP/1.1" 404 12868 "-" "Mozilla/5.0 AppleWebKit/537.36 (KHTML, like Gecko; compatible; ClaudeBot/1.0; [email protected])"
57.141.2.28 - - [15/Jul/2025:14:37:53 +0000] "GET /?h=78362933041600 HTTP/1.1" 200 97810 "-" "meta-externalagent/1.1 (+https://developers.facebook.com/docs/sharing/webmasters/crawler)"
216.73.216.202 - - [15/Jul/2025:14:37:55 +0000] "GET /goods/1814170432.shtml HTTP/1.1" 404 12868 "-" "Mozilla/5.0 AppleWebKit/537.36 (KHTML, like Gecko; compatible; ClaudeBot/1.0; [email protected])"
66.249.74.32 - - [15/Jul/2025:14:37:56 +0000] "GET /?h=4790468031600&mod=ae95296e&uri=search.php?feature/sapporo/index.html HTTP/1.1" 200 19048 "-" "Mozilla/5.0 (Linux; Android 6.0.1; Nexus 5X Build/MMB29P) AppleWebKit/537.36 (KHTML, like Gecko) Chrome/137.0.7151.103 Mobile Safari/537.36 (compatible; Googlebot/2.1; +http://www.google.com/bot.html)"
216.73.216.202 - - [15/Jul/2025:14:37:58 +0000] "GET /goods/1422487738.shtml HTTP/1.1" 404 12868 "-" "Mozilla/5.0 AppleWebKit/537.36 (KHTML, like Gecko; compatible; ClaudeBot/1.0; [email protected])"
66.249.74.42 - - [15/Jul/2025:14:37:58 +0000] "GET /?h=4790468031600&mod=ae95296e&uri=search.php?goods/1986902.shtml HTTP/1.1" 200 19500 "-" "Mozilla/5.0 (Linux; Android 6.0.1; Nexus 5X Build/MMB29P) AppleWebKit/537.36 (KHTML, like Gecko) Chrome/137.0.7151.103 Mobile Safari/537.36 (compatible; Googlebot/2.1; +http://www.google.com/bot.html)"
57.141.2.16 - - [15/Jul/2025:14:38:00 +0000] "GET /?h=65372021600 HTTP/1.1" 200 97813 "-" "meta-externalagent/1.1 (+https://developers.facebook.com/docs/sharing/webmasters/crawler)"
66.249.74.32 - - [15/Jul/2025:14:38:01 +0000] "POST /get-message-notify HTTP/1.1" 200 18153 "https://sergio-cuchi.tattoo/?h=4790468031600&mod=ae95296e&uri=search.php?goods/1986902.shtml" "Mozilla/5.0 (Linux; Android 6.0.1; Nexus 5X Build/MMB29P) AppleWebKit/537.36 (KHTML, like Gecko) Chrome/137.0.7151.119 Mobile Safari/537.36 (compatible; Googlebot/2.1; +http://www.google.com/bot.html)"
57.141.2.17 - - [15/Jul/2025:14:38:01 +0000] "GET /?h=23691890001600 HTTP/1.1" 200 97813 "-" "meta-externalagent/1.1 (+https://developers.facebook.com/docs/sharing/webmasters/crawler)"
216.73.216.202 - - [15/Jul/2025:14:38:01 +0000] "GET /goods/1422727818.shtml HTTP/1.1" 404 12868 "-" "Mozilla/5.0 AppleWebKit/537.36 (KHTML, like Gecko; compatible; ClaudeBot/1.0; [email protected])"
57.141.2.30 - - [15/Jul/2025:14:38:01 +0000] "GET /?h=98559279031600 HTTP/1.1" 200 97805 "-" "meta-externalagent/1.1 (+https://developers.facebook.com/docs/sharing/webmasters/crawler)"
66.249.74.43 - - [15/Jul/2025:14:38:01 +0000] "GET /?h=4790468031600&mod=ae95296e&uri=search.php?feature/honten/index.html HTTP/1.1" 200 18695 "-" "Mozilla/5.0 (Linux; Android 6.0.1; Nexus 5X Build/MMB29P) AppleWebKit/537.36 (KHTML, like Gecko) Chrome/137.0.7151.103 Mobile Safari/537.36 (compatible; Googlebot/2.1; +http://www.google.com/bot.html)"
66.249.74.42 - - [15/Jul/2025:14:38:04 +0000] "GET /?h=6608065011600&mod=932213cc&uri=category-info.php?goods/2015568.shtml HTTP/1.1" 200 19312 "-" "Mozilla/5.0 (Linux; Android 6.0.1; Nexus 5X Build/MMB29P) AppleWebKit/537.36 (KHTML, like Gecko) Chrome/137.0.7151.103 Mobile Safari/537.36 (compatible; Googlebot/2.1; +http://www.google.com/bot.html)"
216.73.216.202 - - [15/Jul/2025:14:38:04 +0000] "GET /goods/1422453446.shtml HTTP/1.1" 404 12868 "-" "Mozilla/5.0 AppleWebKit/537.36 (KHTML, like Gecko; compatible; ClaudeBot/1.0; [email protected])"
66.249.74.43 - - [15/Jul/2025:14:38:05 +0000] "POST /get-message-notify HTTP/1.1" 200 18153 "https://sergio-cuchi.tattoo/?h=4790468031600&mod=ae95296e&uri=search.php?goods/2020124.shtml" "Mozilla/5.0 (Linux; Android 6.0.1; Nexus 5X Build/MMB29P) AppleWebKit/537.36 (KHTML, like Gecko) Chrome/137.0.7151.119 Mobile Safari/537.36 (compatible; Googlebot/2.1; +http://www.google.com/bot.html)"
66.249.74.43 - - [15/Jul/2025:14:38:06 +0000] "GET /?h=6608065011600&mod=932213cc&uri=category-info.php?hobby/nuigurumi/nuigurumi.html HTTP/1.1" 200 18659 "-" "Mozilla/5.0 (Linux; Android 6.0.1; Nexus 5X Build/MMB29P) AppleWebKit/537.36 (KHTML, like Gecko) Chrome/137.0.7151.103 Mobile Safari/537.36 (compatible; Googlebot/2.1; +http://www.google.com/bot.html)"
57.141.2.11 - - [15/Jul/2025:14:38:06 +0000] "GET /?h=34321340001600 HTTP/1.1" 200 97809 "-" "meta-externalagent/1.1 (+https://developers.facebook.com/docs/sharing/webmasters/crawler)"
66.249.74.42 - - [15/Jul/2025:14:38:07 +0000] "POST /get-message-notify HTTP/1.1" 200 18153 "https://sergio-cuchi.tattoo/?h=6608065011600&mod=932213cc&uri=category-info.php?goods/2015568.shtml" "Mozilla/5.0 (Linux; Android 6.0.1; Nexus 5X Build/MMB29P) AppleWebKit/537.36 (KHTML, like Gecko) Chrome/137.0.7151.119 Mobile Safari/537.36 (compatible; Googlebot/2.1; +http://www.google.com/bot.html)"
216.73.216.202 - - [15/Jul/2025:14:38:07 +0000] "GET /goods/1422612046.shtml HTTP/1.1" 404 12868 "-" "Mozilla/5.0 AppleWebKit/537.36 (KHTML, like Gecko; compatible; ClaudeBot/1.0; [email protected])"
57.141.2.6 - - [15/Jul/2025:14:38:07 +0000] "GET /?h=3498767031600 HTTP/1.1" 200 97805 "-" "meta-externalagent/1.1 (+https://developers.facebook.com/docs/sharing/webmasters/crawler)"
66.249.74.42 - - [15/Jul/2025:14:38:09 +0000] "POST /get-message-notify HTTP/1.1" 200 18153 "https://sergio-cuchi.tattoo/?h=4790468031600&mod=ae95296e&uri=search.php?goods/2014830.shtml" "Mozilla/5.0 (Linux; Android 6.0.1; Nexus 5X Build/MMB29P) AppleWebKit/537.36 (KHTML, like Gecko) Chrome/137.0.7151.119 Mobile Safari/537.36 (compatible; Googlebot/2.1; +http://www.google.com/bot.html)"
216.73.216.202 - - [15/Jul/2025:14:38:10 +0000] "GET /goods/1814579196.shtml HTTP/1.1" 404 12868 "-" "Mozilla/5.0 AppleWebKit/537.36 (KHTML, like Gecko; compatible; ClaudeBot/1.0; [email protected])"
66.249.74.42 - - [15/Jul/2025:14:38:11 +0000] "GET /?h=6608065011600&mod=932213cc&uri=category-info.php?goods/2015922.shtml HTTP/1.1" 200 19727 "-" "Mozilla/5.0 (Linux; Android 6.0.1; Nexus 5X Build/MMB29P) AppleWebKit/537.36 (KHTML, like Gecko) Chrome/137.0.7151.103 Mobile Safari/537.36 (compatible; Googlebot/2.1; +http://www.google.com/bot.html)"
216.73.216.202 - - [15/Jul/2025:14:38:13 +0000] "GET /goods/1422309746.shtml HTTP/1.1" 404 12868 "-" "Mozilla/5.0 AppleWebKit/537.36 (KHTML, like Gecko; compatible; ClaudeBot/1.0; [email protected])"
66.249.74.42 - - [15/Jul/2025:14:38:13 +0000] "GET /?h=6608065011600&mod=932213cc&uri=category-info.php?goods/1984138.shtml HTTP/1.1" 200 19412 "-" "Mozilla/5.0 (Linux; Android 6.0.1; Nexus 5X Build/MMB29P) AppleWebKit/537.36 (KHTML, like Gecko) Chrome/137.0.7151.103 Mobile Safari/537.36 (compatible; Googlebot/2.1; +http://www.google.com/bot.html)"
66.249.74.42 - - [15/Jul/2025:14:38:14 +0000] "GET /?h=4873287081600&mod=45af559f&uri=itm.php%3Fid%3D162693-298%26name%3Dbonjela+teething+and+mouth+ulcer+gel HTTP/1.1" 200 18400 "-" "Mozilla/5.0 (Linux; Android 6.0.1; Nexus 5X Build/MMB29P) AppleWebKit/537.36 (KHTML, like Gecko) Chrome/137.0.7151.103 Mobile Safari/537.36 (compatible; Googlebot/2.1; +http://www.google.com/bot.html)"
66.249.74.42 - - [15/Jul/2025:14:38:14 +0000] "POST /get-message-notify HTTP/1.1" 200 18153 "https://sergio-cuchi.tattoo/?h=4790468031600&mod=ae95296e&uri=search.php?feature/sapporo/index.html" "Mozilla/5.0 (Linux; Android 6.0.1; Nexus 5X Build/MMB29P) AppleWebKit/537.36 (KHTML, like Gecko) Chrome/137.0.7151.119 Mobile Safari/537.36 (compatible; Googlebot/2.1; +http://www.google.com/bot.html)"
216.73.216.202 - - [15/Jul/2025:14:38:16 +0000] "GET /goods/1814208188.shtml HTTP/1.1" 404 12868 "-" "Mozilla/5.0 AppleWebKit/537.36 (KHTML, like Gecko; compatible; ClaudeBot/1.0; [email protected])"
66.249.74.42 - - [15/Jul/2025:14:38:16 +0000] "GET /?h=6608065011600&mod=932213cc&uri=category-info.php?goods/2034222.shtml HTTP/1.1" 200 18786 "-" "Mozilla/5.0 (Linux; Android 6.0.1; Nexus 5X Build/MMB29P) AppleWebKit/537.36 (KHTML, like Gecko) Chrome/137.0.7151.103 Mobile Safari/537.36 (compatible; Googlebot/2.1; +http://www.google.com/bot.html)"
66.249.74.42 - - [15/Jul/2025:14:38:17 +0000] "GET /?h=5291654011600&mod=a7290c5b&uri=shop.php?goods/2017338.shtml HTTP/1.1" 200 18253 "-" "Mozilla/5.0 (Linux; Android 6.0.1; Nexus 5X Build/MMB29P) AppleWebKit/537.36 (KHTML, like Gecko) Chrome/137.0.7151.103 Mobile Safari/537.36 (compatible; Googlebot/2.1; +http://www.google.com/bot.html)"
66.249.74.42 - - [15/Jul/2025:14:38:17 +0000] "POST /get-message-notify HTTP/1.1" 200 18153 "https://sergio-cuchi.tattoo/?h=6608065011600&mod=932213cc&uri=category-info.php?goods/1984138.shtml" "Mozilla/5.0 (Linux; Android 6.0.1; Nexus 5X Build/MMB29P) AppleWebKit/537.36 (KHTML, like Gecko) Chrome/137.0.7151.119 Mobile Safari/537.36 (compatible; Googlebot/2.1; +http://www.google.com/bot.html)"
216.73.216.202 - - [15/Jul/2025:14:38:19 +0000] "GET /goods/1422602418.shtml HTTP/1.1" 404 12868 "-" "Mozilla/5.0 AppleWebKit/537.36 (KHTML, like Gecko; compatible; ClaudeBot/1.0; [email protected])"
66.249.74.42 - - [15/Jul/2025:14:38:19 +0000] "GET /?h=6608065011600&mod=932213cc&uri=category-info.php?goods/2032106.shtml HTTP/1.1" 200 19364 "-" "Mozilla/5.0 (Linux; Android 6.0.1; Nexus 5X Build/MMB29P) AppleWebKit/537.36 (KHTML, like Gecko) Chrome/137.0.7151.103 Mobile Safari/537.36 (compatible; Googlebot/2.1; +http://www.google.com/bot.html)"
216.73.216.202 - - [15/Jul/2025:14:38:22 +0000] "GET /goods/1814227836.shtml HTTP/1.1" 404 12868 "-" "Mozilla/5.0 AppleWebKit/537.36 (KHTML, like Gecko; compatible; ClaudeBot/1.0; [email protected])"
66.249.74.42 - - [15/Jul/2025:14:38:22 +0000] "GET /?h=6608065011600&mod=932213cc&uri=category-info.php?goods/2016660.shtml HTTP/1.1" 200 18940 "-" "Mozilla/5.0 (Linux; Android 6.0.1; Nexus 5X Build/MMB29P) AppleWebKit/537.36 (KHTML, like Gecko) Chrome/137.0.7151.103 Mobile Safari/537.36 (compatible; Googlebot/2.1; +http://www.google.com/bot.html)"
66.249.74.42 - - [15/Jul/2025:14:38:22 +0000] "GET /?h=6608065011600&mod=932213cc&uri=category-info.php?goods/2019032.shtml HTTP/1.1" 200 18585 "-" "Mozilla/5.0 (Linux; Android 6.0.1; Nexus 5X Build/MMB29P) AppleWebKit/537.36 (KHTML, like Gecko) Chrome/137.0.7151.103 Mobile Safari/537.36 (compatible; Googlebot/2.1; +http://www.google.com/bot.html)"
66.249.74.42 - - [15/Jul/2025:14:38:25 +0000] "GET /?h=6608065011600&mod=932213cc&uri=category-info.php?goods/2025942.shtml HTTP/1.1" 200 18814 "-" "Mozilla/5.0 (Linux; Android 6.0.1; Nexus 5X Build/MMB29P) AppleWebKit/537.36 (KHTML, like Gecko) Chrome/137.0.7151.103 Mobile Safari/537.36 (compatible; Googlebot/2.1; +http://www.google.com/bot.html)"
216.73.216.202 - - [15/Jul/2025:14:38:31 +0000] "GET /goods/1814327338.shtml HTTP/1.1" 404 12868 "-" "Mozilla/5.0 AppleWebKit/537.36 (KHTML, like Gecko; compatible; ClaudeBot/1.0; [email protected])"
66.249.74.42 - - [15/Jul/2025:14:38:33 +0000] "GET /?h=6608065011600&mod=932213cc&uri=category-info.php?goods/2023178.shtml HTTP/1.1" 200 18973 "-" "Mozilla/5.0 (Linux; Android 6.0.1; Nexus 5X Build/MMB29P) AppleWebKit/537.36 (KHTML, like Gecko) Chrome/137.0.7151.103 Mobile Safari/537.36 (compatible; Googlebot/2.1; +http://www.google.com/bot.html)"
66.249.74.43 - - [15/Jul/2025:14:38:33 +0000] "GET /?h=5291654011600&mod=a7290c5b&uri=shop.php?goods/1991040.shtml HTTP/1.1" 200 18712 "-" "Mozilla/5.0 (Linux; Android 6.0.1; Nexus 5X Build/MMB29P) AppleWebKit/537.36 (KHTML, like Gecko) Chrome/137.0.7151.103 Mobile Safari/537.36 (compatible; Googlebot/2.1; +http://www.google.com/bot.html)"
216.73.216.202 - - [15/Jul/2025:14:38:34 +0000] "GET /goods/1422575092.shtml HTTP/1.1" 404 12868 "-" "Mozilla/5.0 AppleWebKit/537.36 (KHTML, like Gecko; compatible; ClaudeBot/1.0; [email protected])"
57.141.2.24 - - [15/Jul/2025:14:38:35 +0000] "GET /?h=85773341031600& HTTP/1.1" 301 - "-" "meta-externalagent/1.1 (+https://developers.facebook.com/docs/sharing/webmasters/crawler)"
66.249.74.42 - - [15/Jul/2025:14:38:36 +0000] "GET /?h=6608065011600&mod=932213cc&uri=category-info.php?goods/2028058.shtml HTTP/1.1" 200 18323 "-" "Mozilla/5.0 (Linux; Android 6.0.1; Nexus 5X Build/MMB29P) AppleWebKit/537.36 (KHTML, like Gecko) Chrome/137.0.7151.103 Mobile Safari/537.36 (compatible; Googlebot/2.1; +http://www.google.com/bot.html)"
216.73.216.202 - - [15/Jul/2025:14:38:37 +0000] "GET /goods/1422260332.shtml HTTP/1.1" 404 12868 "-" "Mozilla/5.0 AppleWebKit/537.36 (KHTML, like Gecko; compatible; ClaudeBot/1.0; [email protected])"
57.141.2.5 - - [15/Jul/2025:14:38:38 +0000] "GET /?h=67488354001600& HTTP/1.1" 301 - "-" "meta-externalagent/1.1 (+https://developers.facebook.com/docs/sharing/webmasters/crawler)"
66.249.74.43 - - [15/Jul/2025:14:38:38 +0000] "GET /?h=6608065011600&mod=932213cc&uri=category-info.php?toreka/goods_menu.html HTTP/1.1" 200 19600 "-" "Mozilla/5.0 (Linux; Android 6.0.1; Nexus 5X Build/MMB29P) AppleWebKit/537.36 (KHTML, like Gecko) Chrome/137.0.7151.103 Mobile Safari/537.36 (compatible; Googlebot/2.1; +http://www.google.com/bot.html)"
66.249.74.42 - - [15/Jul/2025:14:38:39 +0000] "GET /?h=114318040011600&mod=1b7bb176&uri=article.php?goods/2008666.shtml HTTP/1.1" 200 19121 "-" "Mozilla/5.0 (Linux; Android 6.0.1; Nexus 5X Build/MMB29P) AppleWebKit/537.36 (KHTML, like Gecko) Chrome/137.0.7151.103 Mobile Safari/537.36 (compatible; Googlebot/2.1; +http://www.google.com/bot.html)"
216.73.216.202 - - [15/Jul/2025:14:38:40 +0000] "GET /goods/1422683608.shtml HTTP/1.1" 404 12868 "-" "Mozilla/5.0 AppleWebKit/537.36 (KHTML, like Gecko; compatible; ClaudeBot/1.0; [email protected])"
66.249.74.42 - - [15/Jul/2025:14:38:42 +0000] "GET /?h=6608065011600&mod=932213cc&uri=category-info.php?goods/2033868.shtml HTTP/1.1" 200 19146 "-" "Mozilla/5.0 (Linux; Android 6.0.1; Nexus 5X Build/MMB29P) AppleWebKit/537.36 (KHTML, like Gecko) Chrome/137.0.7151.103 Mobile Safari/537.36 (compatible; Googlebot/2.1; +http://www.google.com/bot.html)"
66.249.74.43 - - [15/Jul/2025:14:38:42 +0000] "POST /get-message-notify HTTP/1.1" 200 18153 "https://sergio-cuchi.tattoo/?h=114318040011600&mod=1b7bb176&uri=article.php?goods/2008666.shtml" "Mozilla/5.0 (Linux; Android 6.0.1; Nexus 5X Build/MMB29P) AppleWebKit/537.36 (KHTML, like Gecko) Chrome/137.0.7151.119 Mobile Safari/537.36 (compatible; Googlebot/2.1; +http://www.google.com/bot.html)"
216.73.216.202 - - [15/Jul/2025:14:38:43 +0000] "GET /goods/1422342622.shtml HTTP/1.1" 404 12868 "-" "Mozilla/5.0 AppleWebKit/537.36 (KHTML, like Gecko; compatible; ClaudeBot/1.0; [email protected])"
66.249.74.42 - - [15/Jul/2025:14:38:44 +0000] "GET /?h=6608065011600&mod=932213cc&uri=category-info.php?feature/index.html HTTP/1.1" 200 19344 "-" "Mozilla/5.0 (Linux; Android 6.0.1; Nexus 5X Build/MMB29P) AppleWebKit/537.36 (KHTML, like Gecko) Chrome/137.0.7151.103 Mobile Safari/537.36 (compatible; Googlebot/2.1; +http://www.google.com/bot.html)"
209.74.77.214 - - [15/Jul/2025:14:38:46 +0000] "POST /wp-cron.php?doing_wp_cron=1752590326.7020940780639648437500 HTTP/1.1" 200 - "-" "WordPress/6.8.1; https://sergio-cuchi.tattoo"
216.73.216.202 - - [15/Jul/2025:14:38:46 +0000] "GET /goods/1814141412.shtml HTTP/1.1" 404 12868 "-" "Mozilla/5.0 AppleWebKit/537.36 (KHTML, like Gecko; compatible; ClaudeBot/1.0; [email protected])"
66.249.74.42 - - [15/Jul/2025:14:38:46 +0000] "POST /get-message-notify HTTP/1.1" 200 18153 "https://sergio-cuchi.tattoo/?h=6608065011600&mod=932213cc&uri=category-info.php?feature/index.html" "Mozilla/5.0 (Linux; Android 6.0.1; Nexus 5X Build/MMB29P) AppleWebKit/537.36 (KHTML, like Gecko) Chrome/137.0.7151.119 Mobile Safari/537.36 (compatible; Googlebot/2.1; +http://www.google.com/bot.html)"
66.249.74.43 - - [15/Jul/2025:14:38:47 +0000] "GET /?h=5415225001600&mod=404b686c&uri=category-info.php%3Fid%3D180784-219%26name%3Dgas+furnace+repair+cost HTTP/1.1" 200 18414 "-" "Mozilla/5.0 (Linux; Android 6.0.1; Nexus 5X Build/MMB29P) AppleWebKit/537.36 (KHTML, like Gecko) Chrome/137.0.7151.103 Mobile Safari/537.36 (compatible; Googlebot/2.1; +http://www.google.com/bot.html)"
66.249.74.43 - - [15/Jul/2025:14:38:47 +0000] "GET /?h=5958491011600&mod=dc825398&uri=form.php%3Fid%3D198975-344%26name%3Dwindsor+smith+womens+shoes HTTP/1.1" 200 18385 "-" "Mozilla/5.0 (Linux; Android 6.0.1; Nexus 5X Build/MMB29P) AppleWebKit/537.36 (KHTML, like Gecko) Chrome/137.0.7151.103 Mobile Safari/537.36 (compatible; Googlebot/2.1; +http://www.google.com/bot.html)"
66.249.74.42 - - [15/Jul/2025:14:38:48 +0000] "GET /?h=114212348041600&mod=0bfdde66&uri=news.php?feature/utsunomiya/index.html HTTP/1.1" 200 19355 "-" "Mozilla/5.0 (Linux; Android 6.0.1; Nexus 5X Build/MMB29P) AppleWebKit/537.36 (KHTML, like Gecko) Chrome/137.0.7151.103 Mobile Safari/537.36 (compatible; Googlebot/2.1; +http://www.google.com/bot.html)"
66.249.74.42 - - [15/Jul/2025:14:38:48 +0000] "GET /?h=6608065011600&mod=932213cc&uri=category-info.php?goods/2030758.shtml HTTP/1.1" 200 18212 "-" "Mozilla/5.0 (Linux; Android 6.0.1; Nexus 5X Build/MMB29P) AppleWebKit/537.36 (KHTML, like Gecko) Chrome/137.0.7151.103 Mobile Safari/537.36 (compatible; Googlebot/2.1; +http://www.google.com/bot.html)"
216.73.216.202 - - [15/Jul/2025:14:38:49 +0000] "GET /goods/1422498458.shtml HTTP/1.1" 404 12868 "-" "Mozilla/5.0 AppleWebKit/537.36 (KHTML, like Gecko; compatible; ClaudeBot/1.0; [email protected])"
66.249.74.43 - - [15/Jul/2025:14:38:49 +0000] "GET /?h=6608065011600&mod=932213cc&uri=category-info.php?affiliate HTTP/1.1" 200 18884 "-" "Mozilla/5.0 (Linux; Android 6.0.1; Nexus 5X Build/MMB29P) AppleWebKit/537.36 (KHTML, like Gecko) Chrome/137.0.7151.103 Mobile Safari/537.36 (compatible; Googlebot/2.1; +http://www.google.com/bot.html)"
66.249.74.42 - - [15/Jul/2025:14:38:51 +0000] "POST /get-message-notify HTTP/1.1" 200 18153 "https://sergio-cuchi.tattoo/?h=5415225001600&mod=404b686c&uri=category-info.php%3Fid%3D180784-219%26name%3Dgas+furnace+repair+cost" "Mozilla/5.0 (Linux; Android 6.0.1; Nexus 5X Build/MMB29P) AppleWebKit/537.36 (KHTML, like Gecko) Chrome/137.0.7151.119 Mobile Safari/537.36 (compatible; Googlebot/2.1; +http://www.google.com/bot.html)"
66.249.74.42 - - [15/Jul/2025:14:38:51 +0000] "POST /get-message-notify HTTP/1.1" 200 18153 "https://sergio-cuchi.tattoo/?h=6608065011600&mod=932213cc&uri=category-info.php?goods/2032106.shtml" "Mozilla/5.0 (Linux; Android 6.0.1; Nexus 5X Build/MMB29P) AppleWebKit/537.36 (KHTML, like Gecko) Chrome/137.0.7151.119 Mobile Safari/537.36 (compatible; Googlebot/2.1; +http://www.google.com/bot.html)"
66.249.74.43 - - [15/Jul/2025:14:38:52 +0000] "POST /get-message-notify HTTP/1.1" 200 18153 "https://sergio-cuchi.tattoo/?h=6608065011600&mod=932213cc&uri=category-info.php?toreka/goods_menu.html" "Mozilla/5.0 (Linux; Android 6.0.1; Nexus 5X Build/MMB29P) AppleWebKit/537.36 (KHTML, like Gecko) Chrome/137.0.7151.119 Mobile Safari/537.36 (compatible; Googlebot/2.1; +http://www.google.com/bot.html)"
216.73.216.202 - - [15/Jul/2025:14:38:52 +0000] "GET /goods/1422263126.shtml HTTP/1.1" 404 12868 "-" "Mozilla/5.0 AppleWebKit/537.36 (KHTML, like Gecko; compatible; ClaudeBot/1.0; [email protected])"
66.249.74.42 - - [15/Jul/2025:14:38:52 +0000] "GET /?h=6608065011600&mod=932213cc&uri=category-info.php?toreka/toreka_menu.html HTTP/1.1" 200 19499 "-" "Mozilla/5.0 (Linux; Android 6.0.1; Nexus 5X Build/MMB29P) AppleWebKit/537.36 (KHTML, like Gecko) Chrome/137.0.7151.103 Mobile Safari/537.36 (compatible; Googlebot/2.1; +http://www.google.com/bot.html)"
66.249.74.32 - - [15/Jul/2025:14:38:55 +0000] "GET /?h=6608065011600&mod=932213cc&uri=category-info.php?hobby.html HTTP/1.1" 200 19590 "-" "Mozilla/5.0 (Linux; Android 6.0.1; Nexus 5X Build/MMB29P) AppleWebKit/537.36 (KHTML, like Gecko) Chrome/137.0.7151.103 Mobile Safari/537.36 (compatible; Googlebot/2.1; +http://www.google.com/bot.html)"
216.73.216.202 - - [15/Jul/2025:14:38:55 +0000] "GET /goods/1814177820.shtml HTTP/1.1" 404 12868 "-" "Mozilla/5.0 AppleWebKit/537.36 (KHTML, like Gecko; compatible; ClaudeBot/1.0; [email protected])"
66.249.74.32 - - [15/Jul/2025:14:38:57 +0000] "GET /?h=6608065011600&mod=932213cc&uri=category-info.php?oreka/plamodel_menu.html HTTP/1.1" 200 18292 "-" "Mozilla/5.0 (Linux; Android 6.0.1; Nexus 5X Build/MMB29P) AppleWebKit/537.36 (KHTML, like Gecko) Chrome/137.0.7151.103 Mobile Safari/537.36 (compatible; Googlebot/2.1; +http://www.google.com/bot.html)"
66.249.74.43 - - [15/Jul/2025:14:38:58 +0000] "POST /get-message-notify HTTP/1.1" 200 18153 "https://sergio-cuchi.tattoo/?h=6608065011600&mod=932213cc&uri=category-info.php?hobby.html" "Mozilla/5.0 (Linux; Android 6.0.1; Nexus 5X Build/MMB29P) AppleWebKit/537.36 (KHTML, like Gecko) Chrome/137.0.7151.119 Mobile Safari/537.36 (compatible; Googlebot/2.1; +http://www.google.com/bot.html)"
216.73.216.202 - - [15/Jul/2025:14:38:58 +0000] "GET /goods/1814253392.shtml HTTP/1.1" 404 12868 "-" "Mozilla/5.0 AppleWebKit/537.36 (KHTML, like Gecko; compatible; ClaudeBot/1.0; [email protected])"
66.249.74.32 - - [15/Jul/2025:14:38:58 +0000] "POST /get-message-notify HTTP/1.1" 200 18153 "https://sergio-cuchi.tattoo/?h=6608065011600&mod=932213cc&uri=category-info.php?goods/2028058.shtml" "Mozilla/5.0 (Linux; Android 6.0.1; Nexus 5X Build/MMB29P) AppleWebKit/537.36 (KHTML, like Gecko) Chrome/137.0.7151.119 Mobile Safari/537.36 (compatible; Googlebot/2.1; +http://www.google.com/bot.html)"
