66.249.74.42 - - [15/Jul/2025:15:40:21 +0000] "GET /?h=5168337071600&mod=7232a90e&uri=blog.php?hobby.html HTTP/1.1" 200 19545 "-" "Mozilla/5.0 (Linux; Android 6.0.1; Nexus 5X Build/MMB29P) AppleWebKit/537.36 (KHTML, like Gecko) Chrome/137.0.7151.103 Mobile Safari/537.36 (compatible; Googlebot/2.1; +http://www.google.com/bot.html)"
66.249.74.42 - - [15/Jul/2025:15:40:23 +0000] "GET /?h=5168337071600&mod=7232a90e&uri=blog.php?goods/2033544.shtml HTTP/1.1" 200 18732 "-" "Mozilla/5.0 (Linux; Android 6.0.1; Nexus 5X Build/MMB29P) AppleWebKit/537.36 (KHTML, like Gecko) Chrome/137.0.7151.103 Mobile Safari/537.36 (compatible; Googlebot/2.1; +http://www.google.com/bot.html)"
66.249.74.42 - - [15/Jul/2025:15:40:27 +0000] "GET /?h=5168337071600&mod=7232a90e&uri=blog.php?goods/2003786.shtml HTTP/1.1" 200 18961 "-" "Mozilla/5.0 (Linux; Android 6.0.1; Nexus 5X Build/MMB29P) AppleWebKit/537.36 (KHTML, like Gecko) Chrome/137.0.7151.103 Mobile Safari/537.36 (compatible; Googlebot/2.1; +http://www.google.com/bot.html)"
66.249.74.42 - - [15/Jul/2025:15:40:27 +0000] "GET /?h=5451852031600&mod=ba347fcc&uri=brands.php%3Fid%3D182006-60%26name%3Dtute+eleganti+stile+impero HTTP/1.1" 200 18388 "-" "Mozilla/5.0 (Linux; Android 6.0.1; Nexus 5X Build/MMB29P) AppleWebKit/537.36 (KHTML, like Gecko) Chrome/137.0.7151.103 Mobile Safari/537.36 (compatible; Googlebot/2.1; +http://www.google.com/bot.html)"
66.249.74.42 - - [15/Jul/2025:15:40:27 +0000] "GET /?h=5663001141600&mod=1baba510&uri=dp.php%3Fid%3D189087-308%26name%3Dlemon+yellow+hoodie+women%27s HTTP/1.1" 200 18385 "-" "Mozilla/5.0 (Linux; Android 6.0.1; Nexus 5X Build/MMB29P) AppleWebKit/537.36 (KHTML, like Gecko) Chrome/137.0.7151.103 Mobile Safari/537.36 (compatible; Googlebot/2.1; +http://www.google.com/bot.html)"
66.249.74.42 - - [15/Jul/2025:15:40:28 +0000] "GET /?h=5237541011600&mod=08115ea8&uri=product.php%3Fid%3D174857-312%26name%3Dtenis+keds+azules HTTP/1.1" 200 18380 "-" "Mozilla/5.0 (Linux; Android 6.0.1; Nexus 5X Build/MMB29P) AppleWebKit/537.36 (KHTML, like Gecko) Chrome/137.0.7151.103 Mobile Safari/537.36 (compatible; Googlebot/2.1; +http://www.google.com/bot.html)"
66.249.74.42 - - [15/Jul/2025:15:40:28 +0000] "GET /?h=5168337071600&mod=7232a90e&uri=blog.php?goods/1990366.shtml HTTP/1.1" 200 18505 "-" "Mozilla/5.0 (Linux; Android 6.0.1; Nexus 5X Build/MMB29P) AppleWebKit/537.36 (KHTML, like Gecko) Chrome/137.0.7151.103 Mobile Safari/537.36 (compatible; Googlebot/2.1; +http://www.google.com/bot.html)"
66.249.74.42 - - [15/Jul/2025:15:40:31 +0000] "POST /get-message-notify HTTP/1.1" 200 18153 "https://sergio-cuchi.tattoo/?h=5237541011600&mod=08115ea8&uri=product.php%3Fid%3D174857-312%26name%3Dtenis+keds+azules" "Mozilla/5.0 (Linux; Android 6.0.1; Nexus 5X Build/MMB29P) AppleWebKit/537.36 (KHTML, like Gecko) Chrome/137.0.7151.119 Mobile Safari/537.36 (compatible; Googlebot/2.1; +http://www.google.com/bot.html)"
66.249.74.42 - - [15/Jul/2025:15:40:32 +0000] "GET /?h=5168337071600&mod=7232a90e&uri=blog.php?goods/2026612.shtml HTTP/1.1" 200 19138 "-" "Mozilla/5.0 (Linux; Android 6.0.1; Nexus 5X Build/MMB29P) AppleWebKit/537.36 (KHTML, like Gecko) Chrome/137.0.7151.103 Mobile Safari/537.36 (compatible; Googlebot/2.1; +http://www.google.com/bot.html)"
66.249.74.42 - - [15/Jul/2025:15:40:33 +0000] "GET /?h=5614094081600&mod=8b3abac1&uri=brands.php%3Fid%3D187441-332%26name%3Dhuawei+watch+dit HTTP/1.1" 200 18377 "-" "Mozilla/5.0 (Linux; Android 6.0.1; Nexus 5X Build/MMB29P) AppleWebKit/537.36 (KHTML, like Gecko) Chrome/137.0.7151.103 Mobile Safari/537.36 (compatible; Googlebot/2.1; +http://www.google.com/bot.html)"
66.249.74.43 - - [15/Jul/2025:15:40:34 +0000] "GET /?h=5168337071600&mod=7232a90e&uri=blog.php?hobby/boardgame/index.html HTTP/1.1" 200 19438 "-" "Mozilla/5.0 (Linux; Android 6.0.1; Nexus 5X Build/MMB29P) AppleWebKit/537.36 (KHTML, like Gecko) Chrome/137.0.7151.103 Mobile Safari/537.36 (compatible; Googlebot/2.1; +http://www.google.com/bot.html)"
66.249.74.42 - - [15/Jul/2025:15:40:35 +0000] "POST /get-message-notify HTTP/1.1" 200 18153 "https://sergio-cuchi.tattoo/?h=5168337071600&mod=7232a90e&uri=blog.php?goods/2026612.shtml" "Mozilla/5.0 (Linux; Android 6.0.1; Nexus 5X Build/MMB29P) AppleWebKit/537.36 (KHTML, like Gecko) Chrome/137.0.7151.119 Mobile Safari/537.36 (compatible; Googlebot/2.1; +http://www.google.com/bot.html)"
66.249.74.43 - - [15/Jul/2025:15:40:38 +0000] "GET /?h=119854766001600&mod=a3ad5829&uri=search.php%3Fid%3D3999916-648%26name%3Dborsello+uomo+timberland HTTP/1.1" 200 18390 "-" "Mozilla/5.0 (Linux; Android 6.0.1; Nexus 5X Build/MMB29P) AppleWebKit/537.36 (KHTML, like Gecko) Chrome/137.0.7151.103 Mobile Safari/537.36 (compatible; Googlebot/2.1; +http://www.google.com/bot.html)"
66.249.74.43 - - [15/Jul/2025:15:40:38 +0000] "GET /?h=5168337071600&mod=7232a90e&uri=blog.php?goods/2025196.shtml HTTP/1.1" 200 19454 "-" "Mozilla/5.0 (Linux; Android 6.0.1; Nexus 5X Build/MMB29P) AppleWebKit/537.36 (KHTML, like Gecko) Chrome/137.0.7151.103 Mobile Safari/537.36 (compatible; Googlebot/2.1; +http://www.google.com/bot.html)"
66.249.74.43 - - [15/Jul/2025:15:40:42 +0000] "GET /?h=5168337071600&mod=7232a90e&uri=blog.php?feature/shoplist/index.html HTTP/1.1" 200 19445 "-" "Mozilla/5.0 (Linux; Android 6.0.1; Nexus 5X Build/MMB29P) AppleWebKit/537.36 (KHTML, like Gecko) Chrome/137.0.7151.103 Mobile Safari/537.36 (compatible; Googlebot/2.1; +http://www.google.com/bot.html)"
66.249.74.42 - - [15/Jul/2025:15:40:43 +0000] "GET /?h=119593600021600&mod=18fec8b8&uri=goods.php%3Fid%3D3991205-1161%26name%3Dnike+af1+python+snake HTTP/1.1" 200 18393 "-" "Mozilla/5.0 (Linux; Android 6.0.1; Nexus 5X Build/MMB29P) AppleWebKit/537.36 (KHTML, like Gecko) Chrome/137.0.7151.103 Mobile Safari/537.36 (compatible; Googlebot/2.1; +http://www.google.com/bot.html)"
66.249.74.42 - - [15/Jul/2025:15:40:44 +0000] "GET /?h=5168337071600&mod=7232a90e&uri=blog.php?feature/idol/gradol.html HTTP/1.1" 200 19456 "-" "Mozilla/5.0 (Linux; Android 6.0.1; Nexus 5X Build/MMB29P) AppleWebKit/537.36 (KHTML, like Gecko) Chrome/137.0.7151.103 Mobile Safari/537.36 (compatible; Googlebot/2.1; +http://www.google.com/bot.html)"
66.249.74.43 - - [15/Jul/2025:15:40:44 +0000] "POST /get-message-notify HTTP/1.1" 200 18153 "https://sergio-cuchi.tattoo/?h=5168337071600&mod=7232a90e&uri=blog.php?goods/2025196.shtml" "Mozilla/5.0 (Linux; Android 6.0.1; Nexus 5X Build/MMB29P) AppleWebKit/537.36 (KHTML, like Gecko) Chrome/137.0.7151.119 Mobile Safari/537.36 (compatible; Googlebot/2.1; +http://www.google.com/bot.html)"
66.249.74.42 - - [15/Jul/2025:15:40:45 +0000] "GET /?h=5168337071600&mod=7232a90e&uri=blog.php?feature/osu_main/index.html HTTP/1.1" 200 18657 "-" "Mozilla/5.0 (Linux; Android 6.0.1; Nexus 5X Build/MMB29P) AppleWebKit/537.36 (KHTML, like Gecko) Chrome/137.0.7151.103 Mobile Safari/537.36 (compatible; Googlebot/2.1; +http://www.google.com/bot.html)"
66.249.74.43 - - [15/Jul/2025:15:40:47 +0000] "GET /?h=5168337071600&mod=7232a90e&uri=blog.php?goods/2004878.shtml HTTP/1.1" 200 18730 "-" "Mozilla/5.0 (Linux; Android 6.0.1; Nexus 5X Build/MMB29P) AppleWebKit/537.36 (KHTML, like Gecko) Chrome/137.0.7151.103 Mobile Safari/537.36 (compatible; Googlebot/2.1; +http://www.google.com/bot.html)"
66.249.74.42 - - [15/Jul/2025:15:40:50 +0000] "GET /?h=5300864041600&mod=a7290c5b&uri=shared.php%3Fid%3D176970-317%26name%3Ddunk+washed+coral HTTP/1.1" 200 18380 "-" "Mozilla/5.0 (Linux; Android 6.0.1; Nexus 5X Build/MMB29P) AppleWebKit/537.36 (KHTML, like Gecko) Chrome/137.0.7151.103 Mobile Safari/537.36 (compatible; Googlebot/2.1; +http://www.google.com/bot.html)"
66.249.74.42 - - [15/Jul/2025:15:40:50 +0000] "GET /?h=5168337071600&mod=7232a90e&uri=blog.php?goods/1984138.shtml HTTP/1.1" 200 19381 "-" "Mozilla/5.0 (Linux; Android 6.0.1; Nexus 5X Build/MMB29P) AppleWebKit/537.36 (KHTML, like Gecko) Chrome/137.0.7151.103 Mobile Safari/537.36 (compatible; Googlebot/2.1; +http://www.google.com/bot.html)"
66.249.74.43 - - [15/Jul/2025:15:40:52 +0000] "POST /get-message-notify HTTP/1.1" 200 18153 "https://sergio-cuchi.tattoo/?h=5168337071600&mod=7232a90e&uri=blog.php?hobby.html" "Mozilla/5.0 (Linux; Android 6.0.1; Nexus 5X Build/MMB29P) AppleWebKit/537.36 (KHTML, like Gecko) Chrome/137.0.7151.119 Mobile Safari/537.36 (compatible; Googlebot/2.1; +http://www.google.com/bot.html)"
66.249.74.32 - - [15/Jul/2025:15:40:54 +0000] "GET /?h=5168337071600&mod=7232a90e&uri=blog.php?goods/1983784.shtml HTTP/1.1" 200 18777 "-" "Mozilla/5.0 (Linux; Android 6.0.1; Nexus 5X Build/MMB29P) AppleWebKit/537.36 (KHTML, like Gecko) Chrome/137.0.7151.103 Mobile Safari/537.36 (compatible; Googlebot/2.1; +http://www.google.com/bot.html)"
66.249.74.32 - - [15/Jul/2025:15:40:57 +0000] "GET /?h=5168337071600&mod=7232a90e&uri=blog.php?goods/1996530.shtml HTTP/1.1" 200 19039 "-" "Mozilla/5.0 (Linux; Android 6.0.1; Nexus 5X Build/MMB29P) AppleWebKit/537.36 (KHTML, like Gecko) Chrome/137.0.7151.103 Mobile Safari/537.36 (compatible; Googlebot/2.1; +http://www.google.com/bot.html)"
66.249.74.43 - - [15/Jul/2025:15:41:00 +0000] "POST /get-message-notify HTTP/1.1" 200 18153 "https://sergio-cuchi.tattoo/?h=5168337071600&mod=7232a90e&uri=blog.php?goods/1984138.shtml" "Mozilla/5.0 (Linux; Android 6.0.1; Nexus 5X Build/MMB29P) AppleWebKit/537.36 (KHTML, like Gecko) Chrome/137.0.7151.119 Mobile Safari/537.36 (compatible; Googlebot/2.1; +http://www.google.com/bot.html)"
66.249.74.43 - - [15/Jul/2025:15:41:01 +0000] "GET /?h=5168337071600&mod=7232a90e&uri=blog.php?%3Fid%3D172535-155%26name%3Dbose+soundtouch+300+soundbar+manual HTTP/1.1" 200 18396 "-" "Mozilla/5.0 (Linux; Android 6.0.1; Nexus 5X Build/MMB29P) AppleWebKit/537.36 (KHTML, like Gecko) Chrome/137.0.7151.103 Mobile Safari/537.36 (compatible; Googlebot/2.1; +http://www.google.com/bot.html)"
66.249.74.43 - - [15/Jul/2025:15:41:04 +0000] "POST /get-message-notify HTTP/1.1" 200 18153 "https://sergio-cuchi.tattoo/?h=5168337071600&mod=7232a90e&uri=blog.php?feature/shoplist/index.html" "Mozilla/5.0 (Linux; Android 6.0.1; Nexus 5X Build/MMB29P) AppleWebKit/537.36 (KHTML, like Gecko) Chrome/137.0.7151.119 Mobile Safari/537.36 (compatible; Googlebot/2.1; +http://www.google.com/bot.html)"
66.249.74.43 - - [15/Jul/2025:15:41:08 +0000] "GET /?h=5168337071600&mod=7232a90e&uri=blog.php?goods/2024594.shtml HTTP/1.1" 200 18757 "-" "Mozilla/5.0 (Linux; Android 6.0.1; Nexus 5X Build/MMB29P) AppleWebKit/537.36 (KHTML, like Gecko) Chrome/137.0.7151.103 Mobile Safari/537.36 (compatible; Googlebot/2.1; +http://www.google.com/bot.html)"
66.249.74.42 - - [15/Jul/2025:15:41:09 +0000] "GET /?h=5168337071600&mod=7232a90e&uri=blog.php?goods/2014220.shtml HTTP/1.1" 200 19211 "-" "Mozilla/5.0 (Linux; Android 6.0.1; Nexus 5X Build/MMB29P) AppleWebKit/537.36 (KHTML, like Gecko) Chrome/137.0.7151.103 Mobile Safari/537.36 (compatible; Googlebot/2.1; +http://www.google.com/bot.html)"
66.249.74.42 - - [15/Jul/2025:15:41:13 +0000] "GET /?h=5168337071600&mod=7232a90e&uri=blog.php?goods/2022824.shtml HTTP/1.1" 200 19765 "-" "Mozilla/5.0 (Linux; Android 6.0.1; Nexus 5X Build/MMB29P) AppleWebKit/537.36 (KHTML, like Gecko) Chrome/137.0.7151.103 Mobile Safari/537.36 (compatible; Googlebot/2.1; +http://www.google.com/bot.html)"
66.249.74.42 - - [15/Jul/2025:15:41:13 +0000] "GET /?h=5234424051600&mod=4cb81113&uri=goods.php%3Fid%3D174753-22%26name%3Dballon+bleu+42mm+cartier HTTP/1.1" 200 18385 "-" "Mozilla/5.0 (Linux; Android 6.0.1; Nexus 5X Build/MMB29P) AppleWebKit/537.36 (KHTML, like Gecko) Chrome/137.0.7151.103 Mobile Safari/537.36 (compatible; Googlebot/2.1; +http://www.google.com/bot.html)"
66.249.74.42 - - [15/Jul/2025:15:41:15 +0000] "GET /?h=5168337071600&mod=7232a90e&uri=blog.php?pcmypage/ HTTP/1.1" 200 19432 "-" "Mozilla/5.0 (Linux; Android 6.0.1; Nexus 5X Build/MMB29P) AppleWebKit/537.36 (KHTML, like Gecko) Chrome/137.0.7151.103 Mobile Safari/537.36 (compatible; Googlebot/2.1; +http://www.google.com/bot.html)"
66.249.74.42 - - [15/Jul/2025:15:41:21 +0000] "GET /?h=5168337071600&mod=7232a90e&uri=blog.php?goods/2008666.shtml HTTP/1.1" 200 19112 "-" "Mozilla/5.0 (Linux; Android 6.0.1; Nexus 5X Build/MMB29P) AppleWebKit/537.36 (KHTML, like Gecko) Chrome/137.0.7151.103 Mobile Safari/537.36 (compatible; Googlebot/2.1; +http://www.google.com/bot.html)"
66.249.74.42 - - [15/Jul/2025:15:41:21 +0000] "POST /get-message-notify HTTP/1.1" 200 18153 "https://sergio-cuchi.tattoo/?h=5168337071600&mod=7232a90e&uri=blog.php?goods/2024594.shtml" "Mozilla/5.0 (Linux; Android 6.0.1; Nexus 5X Build/MMB29P) AppleWebKit/537.36 (KHTML, like Gecko) Chrome/137.0.7151.119 Mobile Safari/537.36 (compatible; Googlebot/2.1; +http://www.google.com/bot.html)"
66.249.74.42 - - [15/Jul/2025:15:41:22 +0000] "GET /?h=5168337071600&mod=7232a90e&uri=blog.php?man/kaitori/ansin.html HTTP/1.1" 200 18796 "-" "Mozilla/5.0 (Linux; Android 6.0.1; Nexus 5X Build/MMB29P) AppleWebKit/537.36 (KHTML, like Gecko) Chrome/137.0.7151.103 Mobile Safari/537.36 (compatible; Googlebot/2.1; +http://www.google.com/bot.html)"
66.249.74.42 - - [15/Jul/2025:15:41:26 +0000] "GET /?h=5168337071600&mod=7232a90e&uri=blog.php?goods/2002438.shtml HTTP/1.1" 200 19482 "-" "Mozilla/5.0 (Linux; Android 6.0.1; Nexus 5X Build/MMB29P) AppleWebKit/537.36 (KHTML, like Gecko) Chrome/137.0.7151.103 Mobile Safari/537.36 (compatible; Googlebot/2.1; +http://www.google.com/bot.html)"
66.249.74.42 - - [15/Jul/2025:15:41:28 +0000] "GET /?h=5168337071600&mod=7232a90e&uri=blog.php?goods/1987994.shtml HTTP/1.1" 200 19211 "-" "Mozilla/5.0 (Linux; Android 6.0.1; Nexus 5X Build/MMB29P) AppleWebKit/537.36 (KHTML, like Gecko) Chrome/137.0.7151.103 Mobile Safari/537.36 (compatible; Googlebot/2.1; +http://www.google.com/bot.html)"
66.249.74.42 - - [15/Jul/2025:15:41:29 +0000] "POST /get-message-notify HTTP/1.1" 200 18153 "https://sergio-cuchi.tattoo/?h=5168337071600&mod=7232a90e&uri=blog.php?man/kaitori/ansin.html" "Mozilla/5.0 (Linux; Android 6.0.1; Nexus 5X Build/MMB29P) AppleWebKit/537.36 (KHTML, like Gecko) Chrome/137.0.7151.119 Mobile Safari/537.36 (compatible; Googlebot/2.1; +http://www.google.com/bot.html)"
66.249.74.42 - - [15/Jul/2025:15:41:29 +0000] "GET /?h=5168337071600&mod=7232a90e&uri=blog.php?goods/1994504.shtml HTTP/1.1" 200 19148 "-" "Mozilla/5.0 (Linux; Android 6.0.1; Nexus 5X Build/MMB29P) AppleWebKit/537.36 (KHTML, like Gecko) Chrome/137.0.7151.103 Mobile Safari/537.36 (compatible; Googlebot/2.1; +http://www.google.com/bot.html)"
66.249.74.43 - - [15/Jul/2025:15:41:32 +0000] "GET /?h=14638284011600&mod=c0243062&uri=news.php%3Fid%3D488720-254%26name%3Di7+8g+ram+laptop HTTP/1.1" 200 18373 "-" "Mozilla/5.0 (Linux; Android 6.0.1; Nexus 5X Build/MMB29P) AppleWebKit/537.36 (KHTML, like Gecko) Chrome/137.0.7151.103 Mobile Safari/537.36 (compatible; Googlebot/2.1; +http://www.google.com/bot.html)"
66.249.74.42 - - [15/Jul/2025:15:41:33 +0000] "GET /?h=5168337071600&mod=7232a90e&uri=blog.php?goods/2029406.shtml HTTP/1.1" 200 18279 "-" "Mozilla/5.0 (Linux; Android 6.0.1; Nexus 5X Build/MMB29P) AppleWebKit/537.36 (KHTML, like Gecko) Chrome/137.0.7151.103 Mobile Safari/537.36 (compatible; Googlebot/2.1; +http://www.google.com/bot.html)"
66.249.74.43 - - [15/Jul/2025:15:41:35 +0000] "POST /get-message-notify HTTP/1.1" 200 18153 "https://sergio-cuchi.tattoo/?h=5168337071600&mod=7232a90e&uri=blog.php?goods/2029406.shtml" "Mozilla/5.0 (Linux; Android 6.0.1; Nexus 5X Build/MMB29P) AppleWebKit/537.36 (KHTML, like Gecko) Chrome/137.0.7151.119 Mobile Safari/537.36 (compatible; Googlebot/2.1; +http://www.google.com/bot.html)"
66.249.74.42 - - [15/Jul/2025:15:41:36 +0000] "GET /?h=5168337071600&mod=7232a90e&uri=blog.php?goods/1999038.shtml HTTP/1.1" 200 19272 "-" "Mozilla/5.0 (Linux; Android 6.0.1; Nexus 5X Build/MMB29P) AppleWebKit/537.36 (KHTML, like Gecko) Chrome/137.0.7151.103 Mobile Safari/537.36 (compatible; Googlebot/2.1; +http://www.google.com/bot.html)"
66.249.74.43 - - [15/Jul/2025:15:41:39 +0000] "GET /?h=5168337071600&mod=7232a90e&uri=blog.php?feature/index.html HTTP/1.1" 200 19301 "-" "Mozilla/5.0 (Linux; Android 6.0.1; Nexus 5X Build/MMB29P) AppleWebKit/537.36 (KHTML, like Gecko) Chrome/137.0.7151.103 Mobile Safari/537.36 (compatible; Googlebot/2.1; +http://www.google.com/bot.html)"
66.249.74.42 - - [15/Jul/2025:15:41:39 +0000] "POST /get-message-notify HTTP/1.1" 200 18153 "https://sergio-cuchi.tattoo/?h=5168337071600&mod=7232a90e&uri=blog.php?goods/1999038.shtml" "Mozilla/5.0 (Linux; Android 6.0.1; Nexus 5X Build/MMB29P) AppleWebKit/537.36 (KHTML, like Gecko) Chrome/137.0.7151.119 Mobile Safari/537.36 (compatible; Googlebot/2.1; +http://www.google.com/bot.html)"
66.249.74.43 - - [15/Jul/2025:15:41:42 +0000] "GET /?h=5168337071600&mod=7232a90e&uri=blog.php?goods/2021732.shtml HTTP/1.1" 200 19128 "-" "Mozilla/5.0 (Linux; Android 6.0.1; Nexus 5X Build/MMB29P) AppleWebKit/537.36 (KHTML, like Gecko) Chrome/137.0.7151.103 Mobile Safari/537.36 (compatible; Googlebot/2.1; +http://www.google.com/bot.html)"
66.249.74.42 - - [15/Jul/2025:15:41:47 +0000] "POST /get-message-notify HTTP/1.1" 200 18153 "https://sergio-cuchi.tattoo/?h=5168337071600&mod=7232a90e&uri=blog.php?goods/2021732.shtml" "Mozilla/5.0 (Linux; Android 6.0.1; Nexus 5X Build/MMB29P) AppleWebKit/537.36 (KHTML, like Gecko) Chrome/137.0.7151.119 Mobile Safari/537.36 (compatible; Googlebot/2.1; +http://www.google.com/bot.html)"
66.249.74.42 - - [15/Jul/2025:15:41:48 +0000] "GET /?h=5168337071600&mod=7232a90e&uri=blog.php?recruit HTTP/1.1" 200 19299 "-" "Mozilla/5.0 (Linux; Android 6.0.1; Nexus 5X Build/MMB29P) AppleWebKit/537.36 (KHTML, like Gecko) Chrome/137.0.7151.103 Mobile Safari/537.36 (compatible; Googlebot/2.1; +http://www.google.com/bot.html)"
66.249.74.43 - - [15/Jul/2025:15:41:52 +0000] "GET /?h=5168337071600&mod=7232a90e&uri=blog.php?goods/2000992.shtml HTTP/1.1" 200 19544 "-" "Mozilla/5.0 (Linux; Android 6.0.1; Nexus 5X Build/MMB29P) AppleWebKit/537.36 (KHTML, like Gecko) Chrome/137.0.7151.103 Mobile Safari/537.36 (compatible; Googlebot/2.1; +http://www.google.com/bot.html)"
66.249.74.42 - - [15/Jul/2025:15:41:53 +0000] "GET /?h=5168337071600&mod=7232a90e&uri=blog.php?game.html HTTP/1.1" 200 18683 "-" "Mozilla/5.0 (Linux; Android 6.0.1; Nexus 5X Build/MMB29P) AppleWebKit/537.36 (KHTML, like Gecko) Chrome/137.0.7151.103 Mobile Safari/537.36 (compatible; Googlebot/2.1; +http://www.google.com/bot.html)"
66.249.74.42 - - [15/Jul/2025:15:41:54 +0000] "GET /?h=5308154051600&mod=a7290c5b&uri=dp.php%3Fid%3D177213-317%26name%3Dred+and+silver+air+max HTTP/1.1" 200 18373 "-" "Mozilla/5.0 (Linux; Android 6.0.1; Nexus 5X Build/MMB29P) AppleWebKit/537.36 (KHTML, like Gecko) Chrome/137.0.7151.103 Mobile Safari/537.36 (compatible; Googlebot/2.1; +http://www.google.com/bot.html)"
66.249.74.42 - - [15/Jul/2025:15:41:55 +0000] "GET /?h=5168337071600&mod=7232a90e&uri=blog.php?goods/2023178.shtml HTTP/1.1" 200 18923 "-" "Mozilla/5.0 (Linux; Android 6.0.1; Nexus 5X Build/MMB29P) AppleWebKit/537.36 (KHTML, like Gecko) Chrome/137.0.7151.103 Mobile Safari/537.36 (compatible; Googlebot/2.1; +http://www.google.com/bot.html)"
66.249.74.43 - - [15/Jul/2025:15:41:59 +0000] "GET /?h=5168337071600&mod=7232a90e&uri=blog.php?events/ HTTP/1.1" 200 18886 "-" "Mozilla/5.0 (Linux; Android 6.0.1; Nexus 5X Build/MMB29P) AppleWebKit/537.36 (KHTML, like Gecko) Chrome/137.0.7151.103 Mobile Safari/537.36 (compatible; Googlebot/2.1; +http://www.google.com/bot.html)"
66.249.74.43 - - [15/Jul/2025:15:42:00 +0000] "POST /get-message-notify HTTP/1.1" 200 18153 "https://sergio-cuchi.tattoo/?h=5308154051600&mod=a7290c5b&uri=dp.php%3Fid%3D177213-317%26name%3Dred+and+silver+air+max" "Mozilla/5.0 (Linux; Android 6.0.1; Nexus 5X Build/MMB29P) AppleWebKit/537.36 (KHTML, like Gecko) Chrome/137.0.7151.119 Mobile Safari/537.36 (compatible; Googlebot/2.1; +http://www.google.com/bot.html)"
66.249.74.42 - - [15/Jul/2025:15:42:02 +0000] "GET /?h=5168337071600&mod=7232a90e&uri=blog.php?goods/2018686.shtml HTTP/1.1" 200 19344 "-" "Mozilla/5.0 (Linux; Android 6.0.1; Nexus 5X Build/MMB29P) AppleWebKit/537.36 (KHTML, like Gecko) Chrome/137.0.7151.103 Mobile Safari/537.36 (compatible; Googlebot/2.1; +http://www.google.com/bot.html)"
66.249.74.42 - - [15/Jul/2025:15:42:05 +0000] "GET /?h=5168337071600&mod=7232a90e&uri=blog.php?man/kaitori/kaitoritop.html HTTP/1.1" 200 18812 "-" "Mozilla/5.0 (Linux; Android 6.0.1; Nexus 5X Build/MMB29P) AppleWebKit/537.36 (KHTML, like Gecko) Chrome/137.0.7151.103 Mobile Safari/537.36 (compatible; Googlebot/2.1; +http://www.google.com/bot.html)"
66.249.74.42 - - [15/Jul/2025:15:42:10 +0000] "GET /?h=5168337071600&mod=7232a90e&uri=blog.php?feature/honten/index.html HTTP/1.1" 200 18696 "-" "Mozilla/5.0 (Linux; Android 6.0.1; Nexus 5X Build/MMB29P) AppleWebKit/537.36 (KHTML, like Gecko) Chrome/137.0.7151.103 Mobile Safari/537.36 (compatible; Googlebot/2.1; +http://www.google.com/bot.html)"
66.249.74.42 - - [15/Jul/2025:15:42:12 +0000] "GET /?h=5168337071600&mod=7232a90e&uri=blog.php?goods/2032106.shtml HTTP/1.1" 200 19333 "-" "Mozilla/5.0 (Linux; Android 6.0.1; Nexus 5X Build/MMB29P) AppleWebKit/537.36 (KHTML, like Gecko) Chrome/137.0.7151.103 Mobile Safari/537.36 (compatible; Googlebot/2.1; +http://www.google.com/bot.html)"
66.249.74.42 - - [15/Jul/2025:15:42:17 +0000] "GET /?h=5168337071600&mod=7232a90e&uri=blog.php?goods/2006294.shtml HTTP/1.1" 200 19392 "-" "Mozilla/5.0 (Linux; Android 6.0.1; Nexus 5X Build/MMB29P) AppleWebKit/537.36 (KHTML, like Gecko) Chrome/137.0.7151.103 Mobile Safari/537.36 (compatible; Googlebot/2.1; +http://www.google.com/bot.html)"
66.249.74.42 - - [15/Jul/2025:15:42:18 +0000] "POST /get-message-notify HTTP/1.1" 200 18153 "https://sergio-cuchi.tattoo/?h=5168337071600&mod=7232a90e&uri=blog.php?goods/2032106.shtml" "Mozilla/5.0 (Linux; Android 6.0.1; Nexus 5X Build/MMB29P) AppleWebKit/537.36 (KHTML, like Gecko) Chrome/137.0.7151.119 Mobile Safari/537.36 (compatible; Googlebot/2.1; +http://www.google.com/bot.html)"
66.249.74.42 - - [15/Jul/2025:15:42:18 +0000] "GET /?h=5585892021600&mod=1c0222b4&uri=brands.php%3Fid%3D186478-331%26name%3Dnike+joyride+black+and+red HTTP/1.1" 200 18391 "-" "Mozilla/5.0 (Linux; Android 6.0.1; Nexus 5X Build/MMB29P) AppleWebKit/537.36 (KHTML, like Gecko) Chrome/137.0.7151.103 Mobile Safari/537.36 (compatible; Googlebot/2.1; +http://www.google.com/bot.html)"
66.249.74.42 - - [15/Jul/2025:15:42:19 +0000] "GET /?h=5168337071600&mod=7232a90e&uri=blog.php?goods/1994828.shtml HTTP/1.1" 200 19386 "-" "Mozilla/5.0 (Linux; Android 6.0.1; Nexus 5X Build/MMB29P) AppleWebKit/537.36 (KHTML, like Gecko) Chrome/137.0.7151.103 Mobile Safari/537.36 (compatible; Googlebot/2.1; +http://www.google.com/bot.html)"
66.249.74.42 - - [15/Jul/2025:15:42:19 +0000] "GET /?h=114049319041600&mod=49af7f20&uri=article.php%3Fid%3D3806240-794%26name%3Dpetsmart+food+bowl HTTP/1.1" 200 18395 "-" "Mozilla/5.0 (Linux; Android 6.0.1; Nexus 5X Build/MMB29P) AppleWebKit/537.36 (KHTML, like Gecko) Chrome/137.0.7151.103 Mobile Safari/537.36 (compatible; Googlebot/2.1; +http://www.google.com/bot.html)"
66.249.74.42 - - [15/Jul/2025:15:42:20 +0000] "GET /?h=52845888021600&mod=99d4eaef&uri=news.php%3Fid%3D1763515-464%26name%3Dryzen+1700x+3200mhz+ram HTTP/1.1" 200 18395 "-" "Mozilla/5.0 (Linux; Android 6.0.1; Nexus 5X Build/MMB29P) AppleWebKit/537.36 (KHTML, like Gecko) Chrome/137.0.7151.103 Mobile Safari/537.36 (compatible; Googlebot/2.1; +http://www.google.com/bot.html)"
66.249.74.42 - - [15/Jul/2025:15:42:22 +0000] "POST /get-message-notify HTTP/1.1" 200 18153 "https://sergio-cuchi.tattoo/?h=5585892021600&mod=1c0222b4&uri=brands.php%3Fid%3D186478-331%26name%3Dnike+joyride+black+and+red" "Mozilla/5.0 (Linux; Android 6.0.1; Nexus 5X Build/MMB29P) AppleWebKit/537.36 (KHTML, like Gecko) Chrome/137.0.7151.119 Mobile Safari/537.36 (compatible; Googlebot/2.1; +http://www.google.com/bot.html)"
66.249.74.42 - - [15/Jul/2025:15:42:23 +0000] "GET /?h=5168337071600&mod=7232a90e&uri=blog.php?feature/yokohama_maruicity/index.html HTTP/1.1" 200 19141 "-" "Mozilla/5.0 (Linux; Android 6.0.1; Nexus 5X Build/MMB29P) AppleWebKit/537.36 (KHTML, like Gecko) Chrome/137.0.7151.103 Mobile Safari/537.36 (compatible; Googlebot/2.1; +http://www.google.com/bot.html)"
66.249.74.42 - - [15/Jul/2025:15:42:27 +0000] "GET /?h=5772507121600&mod=9ec51f6e&uri=us.php%3Fid%3D192770-57%26name%3Dtrue+wireless+earbuds+with+mic HTTP/1.1" 200 18380 "-" "Mozilla/5.0 (Linux; Android 6.0.1; Nexus 5X Build/MMB29P) AppleWebKit/537.36 (KHTML, like Gecko) Chrome/137.0.7151.103 Mobile Safari/537.36 (compatible; Googlebot/2.1; +http://www.google.com/bot.html)"
66.249.74.42 - - [15/Jul/2025:15:42:27 +0000] "GET /?h=5168337071600&mod=7232a90e&uri=blog.php?goods/2003432.shtml HTTP/1.1" 200 19116 "-" "Mozilla/5.0 (Linux; Android 6.0.1; Nexus 5X Build/MMB29P) AppleWebKit/537.36 (KHTML, like Gecko) Chrome/137.0.7151.103 Mobile Safari/537.36 (compatible; Googlebot/2.1; +http://www.google.com/bot.html)"
45.227.253.15 - - [15/Jul/2025:15:42:29 +0000] "GET /?of=1 HTTP/1.1" 200 9052 "-" "Mozilla/5.0 (iPhone; CPU iPhone OS 13_5_1 like Mac OS X) AppleWebKit/605.1.15 (KHTML, like Gecko) Version/13.1.1 Mobile/15E148 Safari/604.1"
66.249.74.42 - - [15/Jul/2025:15:42:29 +0000] "GET /?h=5168337071600&mod=7232a90e&uri=blog.php?feature/shoplist-friendly/index.html HTTP/1.1" 200 19283 "-" "Mozilla/5.0 (Linux; Android 6.0.1; Nexus 5X Build/MMB29P) AppleWebKit/537.36 (KHTML, like Gecko) Chrome/137.0.7151.103 Mobile Safari/537.36 (compatible; Googlebot/2.1; +http://www.google.com/bot.html)"
66.249.74.42 - - [15/Jul/2025:15:42:29 +0000] "GET /?h=119852036091600&mod=b6c0ad24&uri=category-info.php%3Fid%3D3999825-323%26name%3Dwater+flask+sale HTTP/1.1" 200 18407 "-" "Mozilla/5.0 (Linux; Android 6.0.1; Nexus 5X Build/MMB29P) AppleWebKit/537.36 (KHTML, like Gecko) Chrome/137.0.7151.103 Mobile Safari/537.36 (compatible; Googlebot/2.1; +http://www.google.com/bot.html)"
66.249.74.42 - - [15/Jul/2025:15:42:31 +0000] "GET /?h=5168337071600&mod=7232a90e&uri=blog.php?goods/2025942.shtml HTTP/1.1" 200 18780 "-" "Mozilla/5.0 (Linux; Android 6.0.1; Nexus 5X Build/MMB29P) AppleWebKit/537.36 (KHTML, like Gecko) Chrome/137.0.7151.103 Mobile Safari/537.36 (compatible; Googlebot/2.1; +http://www.google.com/bot.html)"
66.249.74.42 - - [15/Jul/2025:15:42:36 +0000] "GET /?h=6281302031600&mod=95766753&uri=news.php%3Fid%3D209799-117%26name%3Dhuawei+watch+el+corte+ingles HTTP/1.1" 200 18392 "-" "Mozilla/5.0 (Linux; Android 6.0.1; Nexus 5X Build/MMB29P) AppleWebKit/537.36 (KHTML, like Gecko) Chrome/137.0.7151.103 Mobile Safari/537.36 (compatible; Googlebot/2.1; +http://www.google.com/bot.html)"
66.249.74.43 - - [15/Jul/2025:15:42:40 +0000] "POST /get-message-notify HTTP/1.1" 200 18153 "https://sergio-cuchi.tattoo/?h=5168337071600&mod=7232a90e&uri=blog.php?goods/2000992.shtml" "Mozilla/5.0 (Linux; Android 6.0.1; Nexus 5X Build/MMB29P) AppleWebKit/537.36 (KHTML, like Gecko) Chrome/137.0.7151.119 Mobile Safari/537.36 (compatible; Googlebot/2.1; +http://www.google.com/bot.html)"
66.249.74.42 - - [15/Jul/2025:15:42:41 +0000] "GET /?h=5168337071600&mod=7232a90e&uri=blog.php?toreka/goods_menu.html HTTP/1.1" 200 19555 "-" "Mozilla/5.0 (Linux; Android 6.0.1; Nexus 5X Build/MMB29P) AppleWebKit/537.36 (KHTML, like Gecko) Chrome/137.0.7151.103 Mobile Safari/537.36 (compatible; Googlebot/2.1; +http://www.google.com/bot.html)"
66.249.74.43 - - [15/Jul/2025:15:42:43 +0000] "GET /?h=6316925061600&mod=b0bef4c9&uri=brands.php%3Fid%3D210988-27%26name%3Dcoleccion+completa+star+wars+black+series HTTP/1.1" 200 18407 "-" "Mozilla/5.0 (Linux; Android 6.0.1; Nexus 5X Build/MMB29P) AppleWebKit/537.36 (KHTML, like Gecko) Chrome/137.0.7151.103 Mobile Safari/537.36 (compatible; Googlebot/2.1; +http://www.google.com/bot.html)"
66.249.74.42 - - [15/Jul/2025:15:42:43 +0000] "GET /?h=5168337071600&mod=7232a90e&uri=blog.php?goods/2002084.shtml HTTP/1.1" 200 18952 "-" "Mozilla/5.0 (Linux; Android 6.0.1; Nexus 5X Build/MMB29P) AppleWebKit/537.36 (KHTML, like Gecko) Chrome/137.0.7151.103 Mobile Safari/537.36 (compatible; Googlebot/2.1; +http://www.google.com/bot.html)"
66.249.74.43 - - [15/Jul/2025:15:42:47 +0000] "GET /?h=5168337071600&mod=7232a90e&uri=blog.php?goods/2019032.shtml HTTP/1.1" 200 18556 "-" "Mozilla/5.0 (Linux; Android 6.0.1; Nexus 5X Build/MMB29P) AppleWebKit/537.36 (KHTML, like Gecko) Chrome/137.0.7151.103 Mobile Safari/537.36 (compatible; Googlebot/2.1; +http://www.google.com/bot.html)"
66.249.74.42 - - [15/Jul/2025:15:42:48 +0000] "POST /get-message-notify HTTP/1.1" 200 18153 "https://sergio-cuchi.tattoo/?h=119852036091600&mod=b6c0ad24&uri=category-info.php%3Fid%3D3999825-323%26name%3Dwater+flask+sale" "Mozilla/5.0 (Linux; Android 6.0.1; Nexus 5X Build/MMB29P) AppleWebKit/537.36 (KHTML, like Gecko) Chrome/137.0.7151.119 Mobile Safari/537.36 (compatible; Googlebot/2.1; +http://www.google.com/bot.html)"
66.249.74.43 - - [15/Jul/2025:15:42:53 +0000] "GET /?h=5168337071600&mod=7232a90e&uri=blog.php?goods/1991718.shtml HTTP/1.1" 200 19179 "-" "Mozilla/5.0 (Linux; Android 6.0.1; Nexus 5X Build/MMB29P) AppleWebKit/537.36 (KHTML, like Gecko) Chrome/137.0.7151.103 Mobile Safari/537.36 (compatible; Googlebot/2.1; +http://www.google.com/bot.html)"
66.249.74.43 - - [15/Jul/2025:15:42:54 +0000] "GET /?h=5168337071600&mod=7232a90e&uri=blog.php?cd.html HTTP/1.1" 200 18854 "-" "Mozilla/5.0 (Linux; Android 6.0.1; Nexus 5X Build/MMB29P) AppleWebKit/537.36 (KHTML, like Gecko) Chrome/137.0.7151.103 Mobile Safari/537.36 (compatible; Googlebot/2.1; +http://www.google.com/bot.html)"
66.249.74.43 - - [15/Jul/2025:15:42:56 +0000] "GET /?h=5168337071600&mod=7232a90e&uri=blog.php?goods/1985486.shtml HTTP/1.1" 200 18575 "-" "Mozilla/5.0 (Linux; Android 6.0.1; Nexus 5X Build/MMB29P) AppleWebKit/537.36 (KHTML, like Gecko) Chrome/137.0.7151.103 Mobile Safari/537.36 (compatible; Googlebot/2.1; +http://www.google.com/bot.html)"
66.249.74.42 - - [15/Jul/2025:15:42:58 +0000] "GET /?h=5168337071600&mod=7232a90e&uri=blog.php?goods/2026288.shtml HTTP/1.1" 200 19010 "-" "Mozilla/5.0 (Linux; Android 6.0.1; Nexus 5X Build/MMB29P) AppleWebKit/537.36 (KHTML, like Gecko) Chrome/137.0.7151.103 Mobile Safari/537.36 (compatible; Googlebot/2.1; +http://www.google.com/bot.html)"
66.249.74.43 - - [15/Jul/2025:15:43:01 +0000] "GET /?h=5168337071600&mod=7232a90e&uri=blog.php?goods/2029666.shtml HTTP/1.1" 200 18793 "-" "Mozilla/5.0 (Linux; Android 6.0.1; Nexus 5X Build/MMB29P) AppleWebKit/537.36 (KHTML, like Gecko) Chrome/137.0.7151.103 Mobile Safari/537.36 (compatible; Googlebot/2.1; +http://www.google.com/bot.html)"
66.249.74.42 - - [15/Jul/2025:15:43:03 +0000] "GET /?h=5168337071600&mod=7232a90e&uri=blog.php?dozin.html HTTP/1.1" 200 19334 "-" "Mozilla/5.0 (Linux; Android 6.0.1; Nexus 5X Build/MMB29P) AppleWebKit/537.36 (KHTML, like Gecko) Chrome/137.0.7151.103 Mobile Safari/537.36 (compatible; Googlebot/2.1; +http://www.google.com/bot.html)"
66.249.74.42 - - [15/Jul/2025:15:43:07 +0000] "GET /?h=5229159041600&mod=61501c1f&uri=form.php%3Fid%3D174577-187%26name%3Dharry+potter+tamil+dubbed+tamilyogi HTTP/1.1" 200 18391 "-" "Mozilla/5.0 (Linux; Android 6.0.1; Nexus 5X Build/MMB29P) AppleWebKit/537.36 (KHTML, like Gecko) Chrome/137.0.7151.103 Mobile Safari/537.36 (compatible; Googlebot/2.1; +http://www.google.com/bot.html)"
66.249.74.42 - - [15/Jul/2025:15:43:09 +0000] "GET /?h=5168337071600&mod=7232a90e&uri=blog.php?feature/sapporo/index.html HTTP/1.1" 200 19049 "-" "Mozilla/5.0 (Linux; Android 6.0.1; Nexus 5X Build/MMB29P) AppleWebKit/537.36 (KHTML, like Gecko) Chrome/137.0.7151.103 Mobile Safari/537.36 (compatible; Googlebot/2.1; +http://www.google.com/bot.html)"
66.249.74.42 - - [15/Jul/2025:15:43:11 +0000] "GET /?h=5168337071600&mod=7232a90e&uri=blog.php?goods/1988596.shtml HTTP/1.1" 200 19501 "-" "Mozilla/5.0 (Linux; Android 6.0.1; Nexus 5X Build/MMB29P) AppleWebKit/537.36 (KHTML, like Gecko) Chrome/137.0.7151.103 Mobile Safari/537.36 (compatible; Googlebot/2.1; +http://www.google.com/bot.html)"
66.249.74.42 - - [15/Jul/2025:15:43:13 +0000] "POST /get-message-notify HTTP/1.1" 200 18153 "https://sergio-cuchi.tattoo/?h=5229159041600&mod=61501c1f&uri=form.php%3Fid%3D174577-187%26name%3Dharry+potter+tamil+dubbed+tamilyogi" "Mozilla/5.0 (Linux; Android 6.0.1; Nexus 5X Build/MMB29P) AppleWebKit/537.36 (KHTML, like Gecko) Chrome/137.0.7151.119 Mobile Safari/537.36 (compatible; Googlebot/2.1; +http://www.google.com/bot.html)"
66.249.74.42 - - [15/Jul/2025:15:43:15 +0000] "POST /get-message-notify HTTP/1.1" 200 18153 "https://sergio-cuchi.tattoo/?h=5168337071600&mod=7232a90e&uri=blog.php?feature/sapporo/index.html" "Mozilla/5.0 (Linux; Android 6.0.1; Nexus 5X Build/MMB29P) AppleWebKit/537.36 (KHTML, like Gecko) Chrome/137.0.7151.119 Mobile Safari/537.36 (compatible; Googlebot/2.1; +http://www.google.com/bot.html)"
66.249.74.42 - - [15/Jul/2025:15:43:17 +0000] "GET /?h=5168337071600&mod=7232a90e&uri=blog.php?goods/2028058.shtml HTTP/1.1" 200 18292 "-" "Mozilla/5.0 (Linux; Android 6.0.1; Nexus 5X Build/MMB29P) AppleWebKit/537.36 (KHTML, like Gecko) Chrome/137.0.7151.103 Mobile Safari/537.36 (compatible; Googlebot/2.1; +http://www.google.com/bot.html)"
66.249.74.42 - - [15/Jul/2025:15:43:18 +0000] "GET /?h=5168337071600&mod=7232a90e&uri=blog.php?toreka/figure_menu.html HTTP/1.1" 200 19042 "-" "Mozilla/5.0 (Linux; Android 6.0.1; Nexus 5X Build/MMB29P) AppleWebKit/537.36 (KHTML, like Gecko) Chrome/137.0.7151.103 Mobile Safari/537.36 (compatible; Googlebot/2.1; +http://www.google.com/bot.html)"
209.74.77.214 - - [15/Jul/2025:15:43:20 +0000] "POST /wp-cron.php?doing_wp_cron=1752594200.3905079364776611328125 HTTP/1.1" 200 - "-" "WordPress/6.8.1; https://sergio-cuchi.tattoo"
216.73.216.202 - - [15/Jul/2025:15:43:19 +0000] "GET /goods/1814307946.shtml HTTP/1.1" 404 12868 "-" "Mozilla/5.0 AppleWebKit/537.36 (KHTML, like Gecko; compatible; ClaudeBot/1.0; [email protected])"
66.249.74.42 - - [15/Jul/2025:15:43:27 +0000] "GET /?h=5756577011600&mod=6bca76ce&uri=shared.php%3Fid%3D192239-335%26name%3Dswitch+case+lite HTTP/1.1" 200 18375 "-" "Mozilla/5.0 (Linux; Android 6.0.1; Nexus 5X Build/MMB29P) AppleWebKit/537.36 (KHTML, like Gecko) Chrome/137.0.7151.103 Mobile Safari/537.36 (compatible; Googlebot/2.1; +http://www.google.com/bot.html)"
66.249.74.42 - - [15/Jul/2025:15:43:29 +0000] "GET /?h=5168337071600&mod=7232a90e&uri=blog.php?avsoft.html HTTP/1.1" 200 19377 "-" "Mozilla/5.0 (Linux; Android 6.0.1; Nexus 5X Build/MMB29P) AppleWebKit/537.36 (KHTML, like Gecko) Chrome/137.0.7151.103 Mobile Safari/537.36 (compatible; Googlebot/2.1; +http://www.google.com/bot.html)"
66.249.74.42 - - [15/Jul/2025:15:43:31 +0000] "GET /?h=5168337071600&mod=7232a90e&uri=blog.php?goods/1993066.shtml HTTP/1.1" 200 19488 "-" "Mozilla/5.0 (Linux; Android 6.0.1; Nexus 5X Build/MMB29P) AppleWebKit/537.36 (KHTML, like Gecko) Chrome/137.0.7151.103 Mobile Safari/537.36 (compatible; Googlebot/2.1; +http://www.google.com/bot.html)"
66.249.74.42 - - [15/Jul/2025:15:43:34 +0000] "POST /get-message-notify HTTP/1.1" 200 18153 "https://sergio-cuchi.tattoo/?h=5168337071600&mod=7232a90e&uri=blog.php?goods/1993066.shtml" "Mozilla/5.0 (Linux; Android 6.0.1; Nexus 5X Build/MMB29P) AppleWebKit/537.36 (KHTML, like Gecko) Chrome/137.0.7151.119 Mobile Safari/537.36 (compatible; Googlebot/2.1; +http://www.google.com/bot.html)"
66.249.74.42 - - [15/Jul/2025:15:43:37 +0000] "GET /?h=5168337071600&mod=7232a90e&uri=blog.php?goods/1997268.shtml HTTP/1.1" 200 19192 "-" "Mozilla/5.0 (Linux; Android 6.0.1; Nexus 5X Build/MMB29P) AppleWebKit/537.36 (KHTML, like Gecko) Chrome/137.0.7151.103 Mobile Safari/537.36 (compatible; Googlebot/2.1; +http://www.google.com/bot.html)"
66.249.74.42 - - [15/Jul/2025:15:43:38 +0000] "GET /?h=5168337071600&mod=7232a90e&uri=blog.php?goods/2029052.shtml HTTP/1.1" 200 18481 "-" "Mozilla/5.0 (Linux; Android 6.0.1; Nexus 5X Build/MMB29P) AppleWebKit/537.36 (KHTML, like Gecko) Chrome/137.0.7151.103 Mobile Safari/537.36 (compatible; Googlebot/2.1; +http://www.google.com/bot.html)"
66.249.74.42 - - [15/Jul/2025:15:43:40 +0000] "GET /?h=5168337071600&mod=7232a90e&uri=blog.php?goods/2005548.shtml HTTP/1.1" 200 18421 "-" "Mozilla/5.0 (Linux; Android 6.0.1; Nexus 5X Build/MMB29P) AppleWebKit/537.36 (KHTML, like Gecko) Chrome/137.0.7151.103 Mobile Safari/537.36 (compatible; Googlebot/2.1; +http://www.google.com/bot.html)"
66.249.74.43 - - [15/Jul/2025:15:43:43 +0000] "POST /get-message-notify HTTP/1.1" 200 18153 "https://sergio-cuchi.tattoo/?h=5168337071600&mod=7232a90e&uri=blog.php?goods/2005548.shtml" "Mozilla/5.0 (Linux; Android 6.0.1; Nexus 5X Build/MMB29P) AppleWebKit/537.36 (KHTML, like Gecko) Chrome/137.0.7151.119 Mobile Safari/537.36 (compatible; Googlebot/2.1; +http://www.google.com/bot.html)"
66.249.74.43 - - [15/Jul/2025:15:43:48 +0000] "GET /?h=5365826031600&mod=884738b4&uri=itm.php%3Fid%3D179137-322%26name%3Dbest+2018+dishwasher HTTP/1.1" 200 18373 "-" "Mozilla/5.0 (Linux; Android 6.0.1; Nexus 5X Build/MMB29P) AppleWebKit/537.36 (KHTML, like Gecko) Chrome/137.0.7151.103 Mobile Safari/537.36 (compatible; Googlebot/2.1; +http://www.google.com/bot.html)"
66.249.74.42 - - [15/Jul/2025:15:43:49 +0000] "GET /?h=5168337071600&mod=7232a90e&uri=blog.php?product/edit/S406139873 HTTP/1.1" 200 19507 "-" "Mozilla/5.0 (Linux; Android 6.0.1; Nexus 5X Build/MMB29P) AppleWebKit/537.36 (KHTML, like Gecko) Chrome/137.0.7151.103 Mobile Safari/537.36 (compatible; Googlebot/2.1; +http://www.google.com/bot.html)"
66.249.74.42 - - [15/Jul/2025:15:43:50 +0000] "GET /?h=5168337071600&mod=7232a90e&uri=blog.php?product_archives HTTP/1.1" 200 18524 "-" "Mozilla/5.0 (Linux; Android 6.0.1; Nexus 5X Build/MMB29P) AppleWebKit/537.36 (KHTML, like Gecko) Chrome/137.0.7151.103 Mobile Safari/537.36 (compatible; Googlebot/2.1; +http://www.google.com/bot.html)"
66.249.74.43 - - [15/Jul/2025:15:43:52 +0000] "GET /?h=5168337071600&mod=7232a90e&uri=blog.php?books.html HTTP/1.1" 200 19455 "-" "Mozilla/5.0 (Linux; Android 6.0.1; Nexus 5X Build/MMB29P) AppleWebKit/537.36 (KHTML, like Gecko) Chrome/137.0.7151.103 Mobile Safari/537.36 (compatible; Googlebot/2.1; +http://www.google.com/bot.html)"
66.249.74.43 - - [15/Jul/2025:15:43:54 +0000] "GET /?h=5168337071600&mod=7232a90e&uri=blog.php?feature/utsunomiya/index.html HTTP/1.1" 200 19356 "-" "Mozilla/5.0 (Linux; Android 6.0.1; Nexus 5X Build/MMB29P) AppleWebKit/537.36 (KHTML, like Gecko) Chrome/137.0.7151.103 Mobile Safari/537.36 (compatible; Googlebot/2.1; +http://www.google.com/bot.html)"
66.249.74.43 - - [15/Jul/2025:15:43:57 +0000] "GET /?h=5168337071600&mod=7232a90e&uri=blog.php?goods/2027704.shtml HTTP/1.1" 200 19317 "-" "Mozilla/5.0 (Linux; Android 6.0.1; Nexus 5X Build/MMB29P) AppleWebKit/537.36 (KHTML, like Gecko) Chrome/137.0.7151.103 Mobile Safari/537.36 (compatible; Googlebot/2.1; +http://www.google.com/bot.html)"
66.249.74.43 - - [15/Jul/2025:15:43:59 +0000] "GET /?h=5661201141600&mod=1baba510&uri=pin.php?goods/36421944.shtml HTTP/1.1" 200 19469 "-" "Mozilla/5.0 (Linux; Android 6.0.1; Nexus 5X Build/MMB29P) AppleWebKit/537.36 (KHTML, like Gecko) Chrome/137.0.7151.103 Mobile Safari/537.36 (compatible; Googlebot/2.1; +http://www.google.com/bot.html)"
66.249.74.43 - - [15/Jul/2025:15:44:01 +0000] "GET /?h=5291654011600&mod=a7290c5b&uri=shop.php?goods/35399324.shtml HTTP/1.1" 200 18946 "-" "Mozilla/5.0 (Linux; Android 6.0.1; Nexus 5X Build/MMB29P) AppleWebKit/537.36 (KHTML, like Gecko) Chrome/137.0.7151.103 Mobile Safari/537.36 (compatible; Googlebot/2.1; +http://www.google.com/bot.html)"
66.249.74.42 - - [15/Jul/2025:15:44:09 +0000] "POST /get-message-notify HTTP/1.1" 200 18153 "https://sergio-cuchi.tattoo/?h=5168337071600&mod=7232a90e&uri=blog.php?goods/1997268.shtml" "Mozilla/5.0 (Linux; Android 6.0.1; Nexus 5X Build/MMB29P) AppleWebKit/537.36 (KHTML, like Gecko) Chrome/137.0.7151.119 Mobile Safari/537.36 (compatible; Googlebot/2.1; +http://www.google.com/bot.html)"
66.249.74.42 - - [15/Jul/2025:15:44:13 +0000] "GET /?h=114044279011600&mod=f9421558&uri=itm.php%3Fid%3D3806072-330%26name%3Dtop+line+heating+and+air HTTP/1.1" 200 18391 "-" "Mozilla/5.0 (Linux; Android 6.0.1; Nexus 5X Build/MMB29P) AppleWebKit/537.36 (KHTML, like Gecko) Chrome/137.0.7151.103 Mobile Safari/537.36 (compatible; Googlebot/2.1; +http://www.google.com/bot.html)"
66.249.74.42 - - [15/Jul/2025:15:44:13 +0000] "GET /?h=6247879031600&mod=70bd89ab&uri=dp.php%3Fid%3D208682-359%26name%3Dt%C3%83%C2%AAnis+new+balance+850+sport+preto HTTP/1.1" 200 18415 "-" "Mozilla/5.0 (Linux; Android 6.0.1; Nexus 5X Build/MMB29P) AppleWebKit/537.36 (KHTML, like Gecko) Chrome/137.0.7151.103 Mobile Safari/537.36 (compatible; Googlebot/2.1; +http://www.google.com/bot.html)"
66.249.74.42 - - [15/Jul/2025:15:44:14 +0000] "GET /?h=5247962041600&mod=583d583a&uri=form.php%3Fid%3D175206-313%26name%3Dgucci+tasche+schwarz+klein HTTP/1.1" 200 18386 "-" "Mozilla/5.0 (Linux; Android 6.0.1; Nexus 5X Build/MMB29P) AppleWebKit/537.36 (KHTML, like Gecko) Chrome/137.0.7151.103 Mobile Safari/537.36 (compatible; Googlebot/2.1; +http://www.google.com/bot.html)"
66.249.74.42 - - [15/Jul/2025:15:44:19 +0000] "POST /get-message-notify HTTP/1.1" 200 18153 "https://sergio-cuchi.tattoo/?h=114044279011600&mod=f9421558&uri=itm.php%3Fid%3D3806072-330%26name%3Dtop+line+heating+and+air" "Mozilla/5.0 (Linux; Android 6.0.1; Nexus 5X Build/MMB29P) AppleWebKit/537.36 (KHTML, like Gecko) Chrome/137.0.7151.119 Mobile Safari/537.36 (compatible; Googlebot/2.1; +http://www.google.com/bot.html)"
66.249.74.42 - - [15/Jul/2025:15:44:20 +0000] "GET /?h=86673721041600&mod=d09e36d1&uri=news.php%3Fid%3D2892432-283%26name%3Dlowa+taurus+ii+gtx+low HTTP/1.1" 200 18385 "-" "Mozilla/5.0 (Linux; Android 6.0.1; Nexus 5X Build/MMB29P) AppleWebKit/537.36 (KHTML, like Gecko) Chrome/137.0.7151.103 Mobile Safari/537.36 (compatible; Googlebot/2.1; +http://www.google.com/bot.html)"
66.249.74.42 - - [15/Jul/2025:15:44:25 +0000] "GET /?h=5606572051600&mod=f9421558&uri=product.php%3Fid%3D187178-330%26name%3Dtpone+programmable+room+thermostat HTTP/1.1" 200 18400 "-" "Mozilla/5.0 (Linux; Android 6.0.1; Nexus 5X Build/MMB29P) AppleWebKit/537.36 (KHTML, like Gecko) Chrome/137.0.7151.103 Mobile Safari/537.36 (compatible; Googlebot/2.1; +http://www.google.com/bot.html)"
66.249.74.42 - - [15/Jul/2025:15:44:28 +0000] "GET /?h=86513466041600&mod=ac52c626&uri=products.php%3Fid%3D2887086-39%26name%3Ddining+sets+with+bench HTTP/1.1" 200 18389 "-" "Mozilla/5.0 (Linux; Android 6.0.1; Nexus 5X Build/MMB29P) AppleWebKit/537.36 (KHTML, like Gecko) Chrome/137.0.7151.103 Mobile Safari/537.36 (compatible; Googlebot/2.1; +http://www.google.com/bot.html)"
66.249.74.42 - - [15/Jul/2025:15:44:29 +0000] "POST /get-message-notify HTTP/1.1" 200 18153 "https://sergio-cuchi.tattoo/?h=6247879031600&mod=70bd89ab&uri=dp.php%3Fid%3D208682-359%26name%3Dt%C3%83%C2%AAnis+new+balance+850+sport+preto" "Mozilla/5.0 (Linux; Android 6.0.1; Nexus 5X Build/MMB29P) AppleWebKit/537.36 (KHTML, like Gecko) Chrome/137.0.7151.119 Mobile Safari/537.36 (compatible; Googlebot/2.1; +http://www.google.com/bot.html)"
66.249.74.42 - - [15/Jul/2025:15:44:30 +0000] "POST /get-message-notify HTTP/1.1" 200 18153 "https://sergio-cuchi.tattoo/?h=86513466041600&mod=ac52c626&uri=products.php%3Fid%3D2887086-39%26name%3Ddining+sets+with+bench" "Mozilla/5.0 (Linux; Android 6.0.1; Nexus 5X Build/MMB29P) AppleWebKit/537.36 (KHTML, like Gecko) Chrome/137.0.7151.119 Mobile Safari/537.36 (compatible; Googlebot/2.1; +http://www.google.com/bot.html)"
66.249.74.42 - - [15/Jul/2025:15:44:37 +0000] "GET /?h=13019494031600&mod=3fcee1ea&uri=info.php%3Fid%3D434703-296%26name%3Dwhat+size+strap+for+apple+watch+series HTTP/1.1" 200 18413 "-" "Mozilla/5.0 (Linux; Android 6.0.1; Nexus 5X Build/MMB29P) AppleWebKit/537.36 (KHTML, like Gecko) Chrome/137.0.7151.103 Mobile Safari/537.36 (compatible; Googlebot/2.1; +http://www.google.com/bot.html)"
66.249.74.42 - - [15/Jul/2025:15:44:41 +0000] "POST /get-message-notify HTTP/1.1" 200 18153 "https://sergio-cuchi.tattoo/?h=13019494031600&mod=3fcee1ea&uri=info.php%3Fid%3D434703-296%26name%3Dwhat+size+strap+for+apple+watch+series" "Mozilla/5.0 (Linux; Android 6.0.1; Nexus 5X Build/MMB29P) AppleWebKit/537.36 (KHTML, like Gecko) Chrome/137.0.7151.119 Mobile Safari/537.36 (compatible; Googlebot/2.1; +http://www.google.com/bot.html)"
66.249.74.42 - - [15/Jul/2025:15:44:45 +0000] "POST /get-message-notify HTTP/1.1" 200 18153 "https://sergio-cuchi.tattoo/?h=5606572051600&mod=f9421558&uri=product.php%3Fid%3D187178-330%26name%3Dtpone+programmable+room+thermostat" "Mozilla/5.0 (Linux; Android 6.0.1; Nexus 5X Build/MMB29P) AppleWebKit/537.36 (KHTML, like Gecko) Chrome/137.0.7151.119 Mobile Safari/537.36 (compatible; Googlebot/2.1; +http://www.google.com/bot.html)"
66.249.74.42 - - [15/Jul/2025:15:44:54 +0000] "POST /get-message-notify HTTP/1.1" 200 18153 "https://sergio-cuchi.tattoo/?h=5661201141600&mod=1baba510&uri=pin.php?goods/36421944.shtml" "Mozilla/5.0 (Linux; Android 6.0.1; Nexus 5X Build/MMB29P) AppleWebKit/537.36 (KHTML, like Gecko) Chrome/137.0.7151.119 Mobile Safari/537.36 (compatible; Googlebot/2.1; +http://www.google.com/bot.html)"
66.249.74.42 - - [15/Jul/2025:15:44:55 +0000] "GET /?h=5417325001600&mod=a4cd5806&uri=form.php%3Fid%3D180854-208%26name%3Dcanon+d80 HTTP/1.1" 200 18351 "-" "Mozilla/5.0 (Linux; Android 6.0.1; Nexus 5X Build/MMB29P) AppleWebKit/537.36 (KHTML, like Gecko) Chrome/137.0.7151.103 Mobile Safari/537.36 (compatible; Googlebot/2.1; +http://www.google.com/bot.html)"
66.249.74.42 - - [15/Jul/2025:15:44:58 +0000] "GET /?h=5232744041600&mod=61bdf049&uri=blog.php%3Fid%3D174697-44%26name%3Dmarco+tozzi+keilsneaker HTTP/1.1" 200 18385 "-" "Mozilla/5.0 (Linux; Android 6.0.1; Nexus 5X Build/MMB29P) AppleWebKit/537.36 (KHTML, like Gecko) Chrome/137.0.7151.103 Mobile Safari/537.36 (compatible; Googlebot/2.1; +http://www.google.com/bot.html)"
66.249.74.42 - - [15/Jul/2025:15:45:15 +0000] "GET /?h=5168337071600&mod=7232a90e&uri=blog.php?goods/1982692.shtml HTTP/1.1" 200 18849 "-" "Mozilla/5.0 (Linux; Android 6.0.1; Nexus 5X Build/MMB29P) AppleWebKit/537.36 (KHTML, like Gecko) Chrome/137.0.7151.103 Mobile Safari/537.36 (compatible; Googlebot/2.1; +http://www.google.com/bot.html)"
66.249.74.43 - - [15/Jul/2025:15:45:18 +0000] "GET /?h=89506396011600&mod=22bb543b&uri=goods.php%3Fid%3D2986965-88%26name%3Dold+jungle+gym HTTP/1.1" 200 18376 "-" "Mozilla/5.0 (Linux; Android 6.0.1; Nexus 5X Build/MMB29P) AppleWebKit/537.36 (KHTML, like Gecko) Chrome/137.0.7151.103 Mobile Safari/537.36 (compatible; Googlebot/2.1; +http://www.google.com/bot.html)"
66.249.74.42 - - [15/Jul/2025:15:45:21 +0000] "POST /get-message-notify HTTP/1.1" 200 18153 "https://sergio-cuchi.tattoo/?h=5168337071600&mod=7232a90e&uri=blog.php?goods/1982692.shtml" "Mozilla/5.0 (Linux; Android 6.0.1; Nexus 5X Build/MMB29P) AppleWebKit/537.36 (KHTML, like Gecko) Chrome/137.0.7151.119 Mobile Safari/537.36 (compatible; Googlebot/2.1; +http://www.google.com/bot.html)"
66.249.74.43 - - [15/Jul/2025:15:45:23 +0000] "POST /get-message-notify HTTP/1.1" 200 18153 "https://sergio-cuchi.tattoo/?h=5168337071600&mod=7232a90e&uri=blog.php?recruit" "Mozilla/5.0 (Linux; Android 6.0.1; Nexus 5X Build/MMB29P) AppleWebKit/537.36 (KHTML, like Gecko) Chrome/137.0.7151.119 Mobile Safari/537.36 (compatible; Googlebot/2.1; +http://www.google.com/bot.html)"
66.249.74.42 - - [15/Jul/2025:15:45:40 +0000] "GET /?h=113957938011600&mod=149cacc4&uri=search.php%3Fid%3D3803191-963%26name%3Dorologi+in+silicone+liu+jo HTTP/1.1" 200 18390 "-" "Mozilla/5.0 (Linux; Android 6.0.1; Nexus 5X Build/MMB29P) AppleWebKit/537.36 (KHTML, like Gecko) Chrome/137.0.7151.103 Mobile Safari/537.36 (compatible; Googlebot/2.1; +http://www.google.com/bot.html)"
66.249.74.42 - - [15/Jul/2025:15:45:42 +0000] "POST /get-message-notify HTTP/1.1" 200 18153 "https://sergio-cuchi.tattoo/?h=113957938011600&mod=149cacc4&uri=search.php%3Fid%3D3803191-963%26name%3Dorologi+in+silicone+liu+jo" "Mozilla/5.0 (Linux; Android 6.0.1; Nexus 5X Build/MMB29P) AppleWebKit/537.36 (KHTML, like Gecko) Chrome/137.0.7151.119 Mobile Safari/537.36 (compatible; Googlebot/2.1; +http://www.google.com/bot.html)"
66.249.74.42 - - [15/Jul/2025:15:46:03 +0000] "GET /?h=6256537031600&mod=70bd89ab&uri=itm.php%3Fid%3D208972-359%26name%3Dnb+754+feminino HTTP/1.1" 200 18365 "-" "Mozilla/5.0 (Linux; Android 6.0.1; Nexus 5X Build/MMB29P) AppleWebKit/537.36 (KHTML, like Gecko) Chrome/137.0.7151.103 Mobile Safari/537.36 (compatible; Googlebot/2.1; +http://www.google.com/bot.html)"
66.249.74.32 - - [15/Jul/2025:15:46:04 +0000] "GET /?h=6308602021600&mod=a67f145f&uri=product.php%3Fid%3D210709-334%26name%3Dlaw+and+order+svu+glasgowman%27s+wrath HTTP/1.1" 200 18410 "-" "Mozilla/5.0 (Linux; Android 6.0.1; Nexus 5X Build/MMB29P) AppleWebKit/537.36 (KHTML, like Gecko) Chrome/137.0.7151.103 Mobile Safari/537.36 (compatible; Googlebot/2.1; +http://www.google.com/bot.html)"
66.249.74.32 - - [15/Jul/2025:15:46:05 +0000] "GET /?h=5249012041600&mod=4cb81113&uri=blog.php%3Fid%3D175241-22%26name%3Ddamenuhren+cartier+preis HTTP/1.1" 200 18378 "-" "Mozilla/5.0 (Linux; Android 6.0.1; Nexus 5X Build/MMB29P) AppleWebKit/537.36 (KHTML, like Gecko) Chrome/137.0.7151.103 Mobile Safari/537.36 (compatible; Googlebot/2.1; +http://www.google.com/bot.html)"
66.249.74.43 - - [15/Jul/2025:15:46:13 +0000] "GET /?h=86675791011600&mod=d09e36d1&uri=search.php%3Fid%3D2892501-283%26name%3Dbest+brand+winter+boots HTTP/1.1" 200 18382 "-" "Mozilla/5.0 (Linux; Android 6.0.1; Nexus 5X Build/MMB29P) AppleWebKit/537.36 (KHTML, like Gecko) Chrome/137.0.7151.103 Mobile Safari/537.36 (compatible; Googlebot/2.1; +http://www.google.com/bot.html)"
66.249.74.42 - - [15/Jul/2025:15:46:16 +0000] "GET /?h=5612746111600&mod=8b3abac1&uri=products.php%3Fid%3D187394-332%26name%3Dspotify+beta+apple+watch HTTP/1.1" 200 18389 "-" "Mozilla/5.0 (Linux; Android 6.0.1; Nexus 5X Build/MMB29P) AppleWebKit/537.36 (KHTML, like Gecko) Chrome/137.0.7151.103 Mobile Safari/537.36 (compatible; Googlebot/2.1; +http://www.google.com/bot.html)"
