66.249.74.42 - - [15/Jul/2025:14:58:22 +0000] "GET /?h=5108557031600&mod=ae95296e&uri=shop.php%3Fid%3D170541-87%26name%3Dquik+key+iphone HTTP/1.1" 200 18366 "-" "Mozilla/5.0 (Linux; Android 6.0.1; Nexus 5X Build/MMB29P) AppleWebKit/537.36 (KHTML, like Gecko) Chrome/137.0.7151.103 Mobile Safari/537.36 (compatible; Googlebot/2.1; +http://www.google.com/bot.html)"
216.73.216.202 - - [15/Jul/2025:14:58:22 +0000] "GET /goods/1422636988.shtml HTTP/1.1" 404 12868 "-" "Mozilla/5.0 AppleWebKit/537.36 (KHTML, like Gecko; compatible; ClaudeBot/1.0; [email protected])"
57.141.2.21 - - [15/Jul/2025:14:58:23 +0000] "GET /?h=31563457051600& HTTP/1.1" 301 - "-" "meta-externalagent/1.1 (+https://developers.facebook.com/docs/sharing/webmasters/crawler)"
57.141.2.15 - - [15/Jul/2025:14:58:25 +0000] "GET /?h=55258407051600 HTTP/1.1" 200 97805 "-" "meta-externalagent/1.1 (+https://developers.facebook.com/docs/sharing/webmasters/crawler)"
66.249.74.42 - - [15/Jul/2025:14:58:25 +0000] "POST /get-message-notify HTTP/1.1" 200 18153 "https://sergio-cuchi.tattoo/?h=5108557031600&mod=ae95296e&uri=shop.php%3Fid%3D170541-87%26name%3Dquik+key+iphone" "Mozilla/5.0 (Linux; Android 6.0.1; Nexus 5X Build/MMB29P) AppleWebKit/537.36 (KHTML, like Gecko) Chrome/137.0.7151.119 Mobile Safari/537.36 (compatible; Googlebot/2.1; +http://www.google.com/bot.html)"
216.73.216.202 - - [15/Jul/2025:14:58:25 +0000] "GET /goods/1814350450.shtml HTTP/1.1" 404 12868 "-" "Mozilla/5.0 AppleWebKit/537.36 (KHTML, like Gecko; compatible; ClaudeBot/1.0; [email protected])"
216.73.216.202 - - [15/Jul/2025:14:58:28 +0000] "GET /goods/1422227878.shtml HTTP/1.1" 404 12868 "-" "Mozilla/5.0 AppleWebKit/537.36 (KHTML, like Gecko; compatible; ClaudeBot/1.0; [email protected])"
66.249.74.42 - - [15/Jul/2025:14:58:31 +0000] "GET /?h=119599540101600&mod=9d0b0e00&uri=shop.php%3Fid%3D3991403-572%26name%3Dnike+free+inneva+woven HTTP/1.1" 200 18389 "-" "Mozilla/5.0 (Linux; Android 6.0.1; Nexus 5X Build/MMB29P) AppleWebKit/537.36 (KHTML, like Gecko) Chrome/137.0.7151.103 Mobile Safari/537.36 (compatible; Googlebot/2.1; +http://www.google.com/bot.html)"
216.73.216.202 - - [15/Jul/2025:14:58:31 +0000] "GET /goods/1422423078.shtml HTTP/1.1" 404 12868 "-" "Mozilla/5.0 AppleWebKit/537.36 (KHTML, like Gecko; compatible; ClaudeBot/1.0; [email protected])"
216.73.216.202 - - [15/Jul/2025:14:58:34 +0000] "GET /goods/1422690126.shtml HTTP/1.1" 404 12868 "-" "Mozilla/5.0 AppleWebKit/537.36 (KHTML, like Gecko; compatible; ClaudeBot/1.0; [email protected])"
216.73.216.202 - - [15/Jul/2025:14:58:37 +0000] "GET /goods/1814455178.shtml HTTP/1.1" 404 12868 "-" "Mozilla/5.0 AppleWebKit/537.36 (KHTML, like Gecko; compatible; ClaudeBot/1.0; [email protected])"
216.73.216.202 - - [15/Jul/2025:14:58:40 +0000] "GET /goods/1814224372.shtml HTTP/1.1" 404 12868 "-" "Mozilla/5.0 AppleWebKit/537.36 (KHTML, like Gecko; compatible; ClaudeBot/1.0; [email protected])"
216.73.216.202 - - [15/Jul/2025:14:58:43 +0000] "GET /goods/1422450392.shtml HTTP/1.1" 404 12868 "-" "Mozilla/5.0 AppleWebKit/537.36 (KHTML, like Gecko; compatible; ClaudeBot/1.0; [email protected])"
209.74.77.214 - - [15/Jul/2025:14:58:47 +0000] "POST /wp-cron.php?doing_wp_cron=1752591527.2281479835510253906250 HTTP/1.1" 200 - "-" "WordPress/6.8.1; https://sergio-cuchi.tattoo"
216.73.216.202 - - [15/Jul/2025:14:58:46 +0000] "GET /goods/1814416462.shtml HTTP/1.1" 404 12868 "-" "Mozilla/5.0 AppleWebKit/537.36 (KHTML, like Gecko; compatible; ClaudeBot/1.0; [email protected])"
66.249.74.42 - - [15/Jul/2025:14:58:48 +0000] "GET /?h=111835777001600&mod=4fbdc7de&uri=pin.php%3Fid%3D3732334-363%26name%3Dfiner+jewellery HTTP/1.1" 200 18377 "-" "Mozilla/5.0 (Linux; Android 6.0.1; Nexus 5X Build/MMB29P) AppleWebKit/537.36 (KHTML, like Gecko) Chrome/137.0.7151.103 Mobile Safari/537.36 (compatible; Googlebot/2.1; +http://www.google.com/bot.html)"
66.249.74.42 - - [15/Jul/2025:14:58:49 +0000] "GET /?h=21296362031600&mod=a7290c5b&uri=shop.php%3Fid%3D710869-317%26name%3Dbest+table+tennis+shoes+2018 HTTP/1.1" 200 18390 "-" "Mozilla/5.0 (Linux; Android 6.0.1; Nexus 5X Build/MMB29P) AppleWebKit/537.36 (KHTML, like Gecko) Chrome/137.0.7151.103 Mobile Safari/537.36 (compatible; Googlebot/2.1; +http://www.google.com/bot.html)"
216.73.216.202 - - [15/Jul/2025:14:58:49 +0000] "GET /goods/1814317988.shtml HTTP/1.1" 404 12868 "-" "Mozilla/5.0 AppleWebKit/537.36 (KHTML, like Gecko; compatible; ClaudeBot/1.0; [email protected])"
216.73.216.202 - - [15/Jul/2025:14:58:52 +0000] "GET /goods/1422679406.shtml HTTP/1.1" 404 12868 "-" "Mozilla/5.0 AppleWebKit/537.36 (KHTML, like Gecko; compatible; ClaudeBot/1.0; [email protected])"
216.73.216.202 - - [15/Jul/2025:14:58:55 +0000] "GET /goods/1422505360.shtml HTTP/1.1" 404 12868 "-" "Mozilla/5.0 AppleWebKit/537.36 (KHTML, like Gecko; compatible; ClaudeBot/1.0; [email protected])"
216.73.216.202 - - [15/Jul/2025:14:58:58 +0000] "GET /goods/1814197468.shtml HTTP/1.1" 404 12868 "-" "Mozilla/5.0 AppleWebKit/537.36 (KHTML, like Gecko; compatible; ClaudeBot/1.0; [email protected])"
66.249.74.32 - - [15/Jul/2025:14:59:12 +0000] "GET /?h=5576365021600&mod=1c0222b4&uri=article.php%3Fid%3D186160-331%26name%3Dnike+odell HTTP/1.1" 200 18366 "-" "Mozilla/5.0 (Linux; Android 6.0.1; Nexus 5X Build/MMB29P) AppleWebKit/537.36 (KHTML, like Gecko) Chrome/137.0.7151.103 Mobile Safari/537.36 (compatible; Googlebot/2.1; +http://www.google.com/bot.html)"
216.73.216.202 - - [15/Jul/2025:14:59:13 +0000] "GET /goods/1422465582.shtml HTTP/1.1" 404 12868 "-" "Mozilla/5.0 AppleWebKit/537.36 (KHTML, like Gecko; compatible; ClaudeBot/1.0; [email protected])"
216.73.216.202 - - [15/Jul/2025:14:59:16 +0000] "GET /goods/1814411646.shtml HTTP/1.1" 404 12868 "-" "Mozilla/5.0 AppleWebKit/537.36 (KHTML, like Gecko; compatible; ClaudeBot/1.0; [email protected])"
66.249.74.32 - - [15/Jul/2025:14:59:16 +0000] "GET /?h=31647174071600&mod=3dd420c4&uri=products.php%3Fid%3D1056268-310%26name%3Dhigh+performance+nvidia+processor+setting HTTP/1.1" 200 18419 "-" "Mozilla/5.0 (Linux; Android 6.0.1; Nexus 5X Build/MMB29P) AppleWebKit/537.36 (KHTML, like Gecko) Chrome/137.0.7151.103 Mobile Safari/537.36 (compatible; Googlebot/2.1; +http://www.google.com/bot.html)"
216.73.216.202 - - [15/Jul/2025:14:59:19 +0000] "GET /goods/1422627974.shtml HTTP/1.1" 404 12868 "-" "Mozilla/5.0 AppleWebKit/537.36 (KHTML, like Gecko; compatible; ClaudeBot/1.0; [email protected])"
66.249.74.42 - - [15/Jul/2025:14:59:20 +0000] "GET /?h=6235423011600&mod=70bd89ab&uri=itm.php%3Fid%3D208260-359%26name%3Dtenis+new+balance+801+rosa HTTP/1.1" 200 18386 "-" "Mozilla/5.0 (Linux; Android 6.0.1; Nexus 5X Build/MMB29P) AppleWebKit/537.36 (KHTML, like Gecko) Chrome/137.0.7151.103 Mobile Safari/537.36 (compatible; Googlebot/2.1; +http://www.google.com/bot.html)"
216.73.216.202 - - [15/Jul/2025:14:59:22 +0000] "GET /goods/1422412034.shtml HTTP/1.1" 404 12868 "-" "Mozilla/5.0 AppleWebKit/537.36 (KHTML, like Gecko; compatible; ClaudeBot/1.0; [email protected])"
216.73.216.202 - - [15/Jul/2025:14:59:25 +0000] "GET /goods/1422557146.shtml HTTP/1.1" 404 12868 "-" "Mozilla/5.0 AppleWebKit/537.36 (KHTML, like Gecko; compatible; ClaudeBot/1.0; [email protected])"
216.73.216.202 - - [15/Jul/2025:14:59:28 +0000] "GET /goods/1814419572.shtml HTTP/1.1" 404 12868 "-" "Mozilla/5.0 AppleWebKit/537.36 (KHTML, like Gecko; compatible; ClaudeBot/1.0; [email protected])"
66.249.74.42 - - [15/Jul/2025:14:59:29 +0000] "GET /?h=5351207131600&mod=c83ce37b&uri=blog.php?goods/1993066.shtml HTTP/1.1" 200 19487 "-" "Mozilla/5.0 (Linux; Android 6.0.1; Nexus 5X Build/MMB29P) AppleWebKit/537.36 (KHTML, like Gecko) Chrome/137.0.7151.103 Mobile Safari/537.36 (compatible; Googlebot/2.1; +http://www.google.com/bot.html)"
66.249.74.42 - - [15/Jul/2025:14:59:30 +0000] "GET /?h=113540183021600&mod=28bde6c8&uri=info.php%3Fid%3D3789246-613%26name%3Dchateau+de+mercey+bourgogne+pinot+noir+2018 HTTP/1.1" 200 18423 "-" "Mozilla/5.0 (Linux; Android 6.0.1; Nexus 5X Build/MMB29P) AppleWebKit/537.36 (KHTML, like Gecko) Chrome/137.0.7151.103 Mobile Safari/537.36 (compatible; Googlebot/2.1; +http://www.google.com/bot.html)"
57.141.2.27 - - [15/Jul/2025:14:59:30 +0000] "GET /?h=103493907041600& HTTP/1.1" 301 - "-" "meta-externalagent/1.1 (+https://developers.facebook.com/docs/sharing/webmasters/crawler)"
57.141.2.9 - - [15/Jul/2025:14:59:30 +0000] "GET /?h=108376775051600& HTTP/1.1" 301 - "-" "meta-externalagent/1.1 (+https://developers.facebook.com/docs/sharing/webmasters/crawler)"
216.73.216.202 - - [15/Jul/2025:14:59:31 +0000] "GET /goods/1814616888.shtml HTTP/1.1" 404 12868 "-" "Mozilla/5.0 AppleWebKit/537.36 (KHTML, like Gecko; compatible; ClaudeBot/1.0; [email protected])"
57.141.2.2 - - [15/Jul/2025:14:59:31 +0000] "GET /?h=104010807001600& HTTP/1.1" 301 - "-" "meta-externalagent/1.1 (+https://developers.facebook.com/docs/sharing/webmasters/crawler)"
57.141.2.29 - - [15/Jul/2025:14:59:32 +0000] "GET /?h=56495486041600& HTTP/1.1" 301 - "-" "meta-externalagent/1.1 (+https://developers.facebook.com/docs/sharing/webmasters/crawler)"
57.141.2.10 - - [15/Jul/2025:14:59:33 +0000] "GET /?h=4594159041600& HTTP/1.1" 301 - "-" "meta-externalagent/1.1 (+https://developers.facebook.com/docs/sharing/webmasters/crawler)"
216.73.216.202 - - [15/Jul/2025:14:59:34 +0000] "GET /goods/1814430292.shtml HTTP/1.1" 404 12868 "-" "Mozilla/5.0 AppleWebKit/537.36 (KHTML, like Gecko; compatible; ClaudeBot/1.0; [email protected])"
57.141.2.26 - - [15/Jul/2025:14:59:34 +0000] "GET /?h=57528743041600& HTTP/1.1" 301 - "-" "meta-externalagent/1.1 (+https://developers.facebook.com/docs/sharing/webmasters/crawler)"
66.249.74.42 - - [15/Jul/2025:14:59:35 +0000] "GET /?h=5545384031600&mod=23f1d15c&uri=info.php%3Fid%3D185126-220%26name%3Dmens+black+denim+shirt+long+sleeve HTTP/1.1" 200 18399 "-" "Mozilla/5.0 (Linux; Android 6.0.1; Nexus 5X Build/MMB29P) AppleWebKit/537.36 (KHTML, like Gecko) Chrome/137.0.7151.103 Mobile Safari/537.36 (compatible; Googlebot/2.1; +http://www.google.com/bot.html)"
57.141.2.29 - - [15/Jul/2025:14:59:36 +0000] "GET /?h=104010807001600 HTTP/1.1" 200 97809 "-" "meta-externalagent/1.1 (+https://developers.facebook.com/docs/sharing/webmasters/crawler)"
216.73.216.202 - - [15/Jul/2025:14:59:37 +0000] "GET /goods/1814137018.shtml HTTP/1.1" 404 12868 "-" "Mozilla/5.0 AppleWebKit/537.36 (KHTML, like Gecko; compatible; ClaudeBot/1.0; [email protected])"
66.249.74.42 - - [15/Jul/2025:14:59:39 +0000] "POST /get-message-notify HTTP/1.1" 200 18153 "https://sergio-cuchi.tattoo/?h=111835777001600&mod=4fbdc7de&uri=pin.php%3Fid%3D3732334-363%26name%3Dfiner+jewellery" "Mozilla/5.0 (Linux; Android 6.0.1; Nexus 5X Build/MMB29P) AppleWebKit/537.36 (KHTML, like Gecko) Chrome/137.0.7151.119 Mobile Safari/537.36 (compatible; Googlebot/2.1; +http://www.google.com/bot.html)"
216.73.216.202 - - [15/Jul/2025:14:59:40 +0000] "GET /goods/1422440026.shtml HTTP/1.1" 404 12868 "-" "Mozilla/5.0 AppleWebKit/537.36 (KHTML, like Gecko; compatible; ClaudeBot/1.0; [email protected])"
57.141.2.24 - - [15/Jul/2025:14:59:41 +0000] "GET /?h=20806738021600& HTTP/1.1" 301 - "-" "meta-externalagent/1.1 (+https://developers.facebook.com/docs/sharing/webmasters/crawler)"
66.249.74.42 - - [15/Jul/2025:14:59:41 +0000] "GET /?h=89607763001600&mod=4955c8d2&uri=article.php%3Fid%3D2990346-1111%26name%3Dgafas+de+pasta+multiopticas HTTP/1.1" 200 18402 "-" "Mozilla/5.0 (Linux; Android 6.0.1; Nexus 5X Build/MMB29P) AppleWebKit/537.36 (KHTML, like Gecko) Chrome/137.0.7151.103 Mobile Safari/537.36 (compatible; Googlebot/2.1; +http://www.google.com/bot.html)"
216.73.216.202 - - [15/Jul/2025:14:59:43 +0000] "GET /goods/1422292884.shtml HTTP/1.1" 404 12868 "-" "Mozilla/5.0 AppleWebKit/537.36 (KHTML, like Gecko; compatible; ClaudeBot/1.0; [email protected])"
57.141.2.3 - - [15/Jul/2025:14:59:44 +0000] "GET /?h=97558557031600& HTTP/1.1" 301 - "-" "meta-externalagent/1.1 (+https://developers.facebook.com/docs/sharing/webmasters/crawler)"
57.141.2.17 - - [15/Jul/2025:14:59:44 +0000] "GET /?h=116869503001600& HTTP/1.1" 301 - "-" "meta-externalagent/1.1 (+https://developers.facebook.com/docs/sharing/webmasters/crawler)"
57.141.2.25 - - [15/Jul/2025:14:59:45 +0000] "GET /?h=108989672021600& HTTP/1.1" 301 - "-" "meta-externalagent/1.1 (+https://developers.facebook.com/docs/sharing/webmasters/crawler)"
209.74.77.214 - - [15/Jul/2025:14:59:46 +0000] "POST /wp-cron.php?doing_wp_cron=1752591586.3305940628051757812500 HTTP/1.1" 200 - "-" "WordPress/6.8.1; https://sergio-cuchi.tattoo"
57.141.2.28 - - [15/Jul/2025:14:59:46 +0000] "GET /?h=109693400031600& HTTP/1.1" 301 - "-" "meta-externalagent/1.1 (+https://developers.facebook.com/docs/sharing/webmasters/crawler)"
216.73.216.202 - - [15/Jul/2025:14:59:46 +0000] "GET /goods/1422651086.shtml HTTP/1.1" 404 12868 "-" "Mozilla/5.0 AppleWebKit/537.36 (KHTML, like Gecko; compatible; ClaudeBot/1.0; [email protected])"
57.141.2.1 - - [15/Jul/2025:14:59:46 +0000] "GET /?h=75801064021600& HTTP/1.1" 301 - "-" "meta-externalagent/1.1 (+https://developers.facebook.com/docs/sharing/webmasters/crawler)"
57.141.2.23 - - [15/Jul/2025:14:59:47 +0000] "GET /?h=97558557031600 HTTP/1.1" 200 97813 "-" "meta-externalagent/1.1 (+https://developers.facebook.com/docs/sharing/webmasters/crawler)"
216.73.216.202 - - [15/Jul/2025:14:59:49 +0000] "GET /goods/1422435146.shtml HTTP/1.1" 404 12868 "-" "Mozilla/5.0 AppleWebKit/537.36 (KHTML, like Gecko; compatible; ClaudeBot/1.0; [email protected])"
57.141.2.16 - - [15/Jul/2025:14:59:49 +0000] "GET /?h=109693400031600 HTTP/1.1" 200 97810 "-" "meta-externalagent/1.1 (+https://developers.facebook.com/docs/sharing/webmasters/crawler)"
57.141.2.16 - - [15/Jul/2025:14:59:50 +0000] "GET /?h=108989672021600 HTTP/1.1" 200 97805 "-" "meta-externalagent/1.1 (+https://developers.facebook.com/docs/sharing/webmasters/crawler)"
57.141.2.16 - - [15/Jul/2025:14:59:51 +0000] "GET /?h=103772556041600& HTTP/1.1" 301 - "-" "meta-externalagent/1.1 (+https://developers.facebook.com/docs/sharing/webmasters/crawler)"
57.141.2.13 - - [15/Jul/2025:14:59:52 +0000] "GET /?h=62202092041600& HTTP/1.1" 301 - "-" "meta-externalagent/1.1 (+https://developers.facebook.com/docs/sharing/webmasters/crawler)"
216.73.216.202 - - [15/Jul/2025:14:59:52 +0000] "GET /goods/1814517398.shtml HTTP/1.1" 404 12868 "-" "Mozilla/5.0 AppleWebKit/537.36 (KHTML, like Gecko; compatible; ClaudeBot/1.0; [email protected])"
57.141.2.2 - - [15/Jul/2025:14:59:53 +0000] "GET /?h=114223491041600& HTTP/1.1" 301 - "-" "meta-externalagent/1.1 (+https://developers.facebook.com/docs/sharing/webmasters/crawler)"
57.141.2.6 - - [15/Jul/2025:14:59:54 +0000] "GET /?h=103561673071600& HTTP/1.1" 301 - "-" "meta-externalagent/1.1 (+https://developers.facebook.com/docs/sharing/webmasters/crawler)"
57.141.2.13 - - [15/Jul/2025:14:59:54 +0000] "GET /?h=41695451001600& HTTP/1.1" 301 - "-" "meta-externalagent/1.1 (+https://developers.facebook.com/docs/sharing/webmasters/crawler)"
57.141.2.6 - - [15/Jul/2025:14:59:55 +0000] "GET /?h=71389661051600& HTTP/1.1" 301 - "-" "meta-externalagent/1.1 (+https://developers.facebook.com/docs/sharing/webmasters/crawler)"
216.73.216.202 - - [15/Jul/2025:14:59:55 +0000] "GET /goods/1422343292.shtml HTTP/1.1" 404 12868 "-" "Mozilla/5.0 AppleWebKit/537.36 (KHTML, like Gecko; compatible; ClaudeBot/1.0; [email protected])"
57.141.2.6 - - [15/Jul/2025:14:59:55 +0000] "GET /?h=17698907041600& HTTP/1.1" 301 - "-" "meta-externalagent/1.1 (+https://developers.facebook.com/docs/sharing/webmasters/crawler)"
57.141.2.2 - - [15/Jul/2025:14:59:57 +0000] "GET /?h=80344088011600& HTTP/1.1" 301 - "-" "meta-externalagent/1.1 (+https://developers.facebook.com/docs/sharing/webmasters/crawler)"
57.141.2.30 - - [15/Jul/2025:14:59:57 +0000] "GET /?h=103772556041600 HTTP/1.1" 200 97802 "-" "meta-externalagent/1.1 (+https://developers.facebook.com/docs/sharing/webmasters/crawler)"
216.73.216.202 - - [15/Jul/2025:14:59:58 +0000] "GET /goods/1422213366.shtml HTTP/1.1" 404 12868 "-" "Mozilla/5.0 AppleWebKit/537.36 (KHTML, like Gecko; compatible; ClaudeBot/1.0; [email protected])"
57.141.2.30 - - [15/Jul/2025:14:59:58 +0000] "GET /?h=78084283061600& HTTP/1.1" 301 - "-" "meta-externalagent/1.1 (+https://developers.facebook.com/docs/sharing/webmasters/crawler)"
57.141.2.30 - - [15/Jul/2025:14:59:58 +0000] "GET /?h=57171661091600& HTTP/1.1" 301 - "-" "meta-externalagent/1.1 (+https://developers.facebook.com/docs/sharing/webmasters/crawler)"
57.141.2.1 - - [15/Jul/2025:14:59:59 +0000] "GET /?h=1368220001600& HTTP/1.1" 301 - "-" "meta-externalagent/1.1 (+https://developers.facebook.com/docs/sharing/webmasters/crawler)"
57.141.2.16 - - [15/Jul/2025:15:00:00 +0000] "GET /?h=103561673071600 HTTP/1.1" 200 97806 "-" "meta-externalagent/1.1 (+https://developers.facebook.com/docs/sharing/webmasters/crawler)"
66.249.74.42 - - [15/Jul/2025:15:00:00 +0000] "GET /?h=5162175031600&mod=7232a90e&uri=search.php%3Fid%3D172329-155%26name%3Ddefinitive+technology+bp+10 HTTP/1.1" 200 18387 "-" "Mozilla/5.0 (Linux; Android 6.0.1; Nexus 5X Build/MMB29P) AppleWebKit/537.36 (KHTML, like Gecko) Chrome/137.0.7151.103 Mobile Safari/537.36 (compatible; Googlebot/2.1; +http://www.google.com/bot.html)"
57.141.2.2 - - [15/Jul/2025:15:00:01 +0000] "GET /?h=17698907041600 HTTP/1.1" 200 97809 "-" "meta-externalagent/1.1 (+https://developers.facebook.com/docs/sharing/webmasters/crawler)"
216.73.216.202 - - [15/Jul/2025:15:00:01 +0000] "GET /goods/1422695006.shtml HTTP/1.1" 404 12868 "-" "Mozilla/5.0 AppleWebKit/537.36 (KHTML, like Gecko; compatible; ClaudeBot/1.0; [email protected])"
57.141.2.30 - - [15/Jul/2025:15:00:02 +0000] "GET /?h=31927446001600& HTTP/1.1" 301 - "-" "meta-externalagent/1.1 (+https://developers.facebook.com/docs/sharing/webmasters/crawler)"
57.141.2.19 - - [15/Jul/2025:15:00:03 +0000] "GET /?h=78084283061600 HTTP/1.1" 200 97806 "-" "meta-externalagent/1.1 (+https://developers.facebook.com/docs/sharing/webmasters/crawler)"
216.73.216.202 - - [15/Jul/2025:15:00:04 +0000] "GET /goods/1814167032.shtml HTTP/1.1" 404 12868 "-" "Mozilla/5.0 AppleWebKit/537.36 (KHTML, like Gecko; compatible; ClaudeBot/1.0; [email protected])"
66.249.74.42 - - [15/Jul/2025:15:00:06 +0000] "GET /?h=113962768021600&mod=149cacc4&uri=article.php%3Fid%3D3803352-963%26name%3Ddiametro+orologio+polso+uomo HTTP/1.1" 200 18403 "-" "Mozilla/5.0 (Linux; Android 6.0.1; Nexus 5X Build/MMB29P) AppleWebKit/537.36 (KHTML, like Gecko) Chrome/137.0.7151.103 Mobile Safari/537.36 (compatible; Googlebot/2.1; +http://www.google.com/bot.html)"
57.141.2.25 - - [15/Jul/2025:15:00:07 +0000] "GET /?h=31927446001600 HTTP/1.1" 200 97802 "-" "meta-externalagent/1.1 (+https://developers.facebook.com/docs/sharing/webmasters/crawler)"
216.73.216.202 - - [15/Jul/2025:15:00:10 +0000] "GET /goods/1422566488.shtml HTTP/1.1" 404 12868 "-" "Mozilla/5.0 AppleWebKit/537.36 (KHTML, like Gecko; compatible; ClaudeBot/1.0; [email protected])"
57.141.2.24 - - [15/Jul/2025:15:00:12 +0000] "GET /?h=107189591051600& HTTP/1.1" 301 - "-" "meta-externalagent/1.1 (+https://developers.facebook.com/docs/sharing/webmasters/crawler)"
66.249.74.42 - - [15/Jul/2025:15:00:13 +0000] "GET /?h=5254587041600&mod=44917919&uri=form.php%3Fid%3D175427-301%26name%3Dbatas+desechables+100+unidades HTTP/1.1" 200 18391 "-" "Mozilla/5.0 (Linux; Android 6.0.1; Nexus 5X Build/MMB29P) AppleWebKit/537.36 (KHTML, like Gecko) Chrome/137.0.7151.103 Mobile Safari/537.36 (compatible; Googlebot/2.1; +http://www.google.com/bot.html)"
216.73.216.202 - - [15/Jul/2025:15:00:13 +0000] "GET /goods/1422643830.shtml HTTP/1.1" 404 12868 "-" "Mozilla/5.0 AppleWebKit/537.36 (KHTML, like Gecko; compatible; ClaudeBot/1.0; [email protected])"
216.73.216.202 - - [15/Jul/2025:15:00:16 +0000] "GET /goods/1422388172.shtml HTTP/1.1" 404 12868 "-" "Mozilla/5.0 AppleWebKit/537.36 (KHTML, like Gecko; compatible; ClaudeBot/1.0; [email protected])"
216.73.216.202 - - [15/Jul/2025:15:00:19 +0000] "GET /goods/1422475602.shtml HTTP/1.1" 404 12868 "-" "Mozilla/5.0 AppleWebKit/537.36 (KHTML, like Gecko; compatible; ClaudeBot/1.0; [email protected])"
66.249.74.42 - - [15/Jul/2025:15:00:19 +0000] "GET /?h=119608180051600&mod=18fec8b8&uri=itm.php%3Fid%3D3991691-1161%26name%3Dnike+cb34+black+purple HTTP/1.1" 200 18388 "-" "Mozilla/5.0 (Linux; Android 6.0.1; Nexus 5X Build/MMB29P) AppleWebKit/537.36 (KHTML, like Gecko) Chrome/137.0.7151.103 Mobile Safari/537.36 (compatible; Googlebot/2.1; +http://www.google.com/bot.html)"
216.73.216.202 - - [15/Jul/2025:15:00:22 +0000] "GET /goods/1814195706.shtml HTTP/1.1" 404 12868 "-" "Mozilla/5.0 AppleWebKit/537.36 (KHTML, like Gecko; compatible; ClaudeBot/1.0; [email protected])"
216.73.216.202 - - [15/Jul/2025:15:00:25 +0000] "GET /goods/1422421726.shtml HTTP/1.1" 404 12868 "-" "Mozilla/5.0 AppleWebKit/537.36 (KHTML, like Gecko; compatible; ClaudeBot/1.0; [email protected])"
57.141.2.5 - - [15/Jul/2025:15:00:26 +0000] "GET /?h=15594647051600& HTTP/1.1" 301 - "-" "meta-externalagent/1.1 (+https://developers.facebook.com/docs/sharing/webmasters/crawler)"
216.73.216.202 - - [15/Jul/2025:15:00:28 +0000] "GET /goods/1814418156.shtml HTTP/1.1" 404 12868 "-" "Mozilla/5.0 AppleWebKit/537.36 (KHTML, like Gecko; compatible; ClaudeBot/1.0; [email protected])"
57.141.2.18 - - [15/Jul/2025:15:00:30 +0000] "GET /?h=2545269031600& HTTP/1.1" 301 - "-" "meta-externalagent/1.1 (+https://developers.facebook.com/docs/sharing/webmasters/crawler)"
216.73.216.202 - - [15/Jul/2025:15:00:31 +0000] "GET /goods/1422299048.shtml HTTP/1.1" 404 12868 "-" "Mozilla/5.0 AppleWebKit/537.36 (KHTML, like Gecko; compatible; ClaudeBot/1.0; [email protected])"
57.141.2.30 - - [15/Jul/2025:15:00:31 +0000] "GET /?h=20016507011600& HTTP/1.1" 301 - "-" "meta-externalagent/1.1 (+https://developers.facebook.com/docs/sharing/webmasters/crawler)"
57.141.2.6 - - [15/Jul/2025:15:00:33 +0000] "GET /?h=46381565001600& HTTP/1.1" 301 - "-" "meta-externalagent/1.1 (+https://developers.facebook.com/docs/sharing/webmasters/crawler)"
216.73.216.202 - - [15/Jul/2025:15:00:34 +0000] "GET /goods/1422250380.shtml HTTP/1.1" 404 12868 "-" "Mozilla/5.0 AppleWebKit/537.36 (KHTML, like Gecko; compatible; ClaudeBot/1.0; [email protected])"
57.141.2.9 - - [15/Jul/2025:15:00:34 +0000] "GET /?h=2545269031600 HTTP/1.1" 200 97809 "-" "meta-externalagent/1.1 (+https://developers.facebook.com/docs/sharing/webmasters/crawler)"
57.141.2.2 - - [15/Jul/2025:15:00:35 +0000] "GET /?h=20016507011600 HTTP/1.1" 200 97801 "-" "meta-externalagent/1.1 (+https://developers.facebook.com/docs/sharing/webmasters/crawler)"
216.73.216.202 - - [15/Jul/2025:15:00:37 +0000] "GET /goods/1814160804.shtml HTTP/1.1" 404 12868 "-" "Mozilla/5.0 AppleWebKit/537.36 (KHTML, like Gecko; compatible; ClaudeBot/1.0; [email protected])"
57.141.2.12 - - [15/Jul/2025:15:00:40 +0000] "GET /?h=91746580101600& HTTP/1.1" 301 - "-" "meta-externalagent/1.1 (+https://developers.facebook.com/docs/sharing/webmasters/crawler)"
216.73.216.202 - - [15/Jul/2025:15:00:40 +0000] "GET /goods/1422437654.shtml HTTP/1.1" 404 12868 "-" "Mozilla/5.0 AppleWebKit/537.36 (KHTML, like Gecko; compatible; ClaudeBot/1.0; [email protected])"
57.141.2.30 - - [15/Jul/2025:15:00:41 +0000] "GET /?h=103465864111600& HTTP/1.1" 301 - "-" "meta-externalagent/1.1 (+https://developers.facebook.com/docs/sharing/webmasters/crawler)"
66.249.74.42 - - [15/Jul/2025:15:00:42 +0000] "GET /?h=111706029001600&mod=29a363bd&uri=category-info.php%3Fid%3D3728004-1458%26name%3Dspada+textile+jacket HTTP/1.1" 200 18410 "-" "Mozilla/5.0 (Linux; Android 6.0.1; Nexus 5X Build/MMB29P) AppleWebKit/537.36 (KHTML, like Gecko) Chrome/137.0.7151.103 Mobile Safari/537.36 (compatible; Googlebot/2.1; +http://www.google.com/bot.html)"
216.73.216.202 - - [15/Jul/2025:15:00:43 +0000] "GET /goods/1422641458.shtml HTTP/1.1" 404 12868 "-" "Mozilla/5.0 AppleWebKit/537.36 (KHTML, like Gecko; compatible; ClaudeBot/1.0; [email protected])"
57.141.2.5 - - [15/Jul/2025:15:00:43 +0000] "GET /?h=71586501061600& HTTP/1.1" 301 - "-" "meta-externalagent/1.1 (+https://developers.facebook.com/docs/sharing/webmasters/crawler)"
209.74.77.214 - - [15/Jul/2025:15:00:46 +0000] "POST /wp-cron.php?doing_wp_cron=1752591646.6179230213165283203125 HTTP/1.1" 200 - "-" "WordPress/6.8.1; https://sergio-cuchi.tattoo"
216.73.216.202 - - [15/Jul/2025:15:00:46 +0000] "GET /goods/1422451074.shtml HTTP/1.1" 404 12868 "-" "Mozilla/5.0 AppleWebKit/537.36 (KHTML, like Gecko; compatible; ClaudeBot/1.0; [email protected])"
57.141.2.4 - - [15/Jul/2025:15:00:47 +0000] "GET /?h=120237071600& HTTP/1.1" 301 - "-" "meta-externalagent/1.1 (+https://developers.facebook.com/docs/sharing/webmasters/crawler)"
57.141.2.6 - - [15/Jul/2025:15:00:48 +0000] "GET /?h=11474811061600& HTTP/1.1" 301 - "-" "meta-externalagent/1.1 (+https://developers.facebook.com/docs/sharing/webmasters/crawler)"
216.73.216.202 - - [15/Jul/2025:15:00:49 +0000] "GET /goods/1422282518.shtml HTTP/1.1" 404 12868 "-" "Mozilla/5.0 AppleWebKit/537.36 (KHTML, like Gecko; compatible; ClaudeBot/1.0; [email protected])"
66.249.74.42 - - [15/Jul/2025:15:00:50 +0000] "GET /?h=73380899041600&mod=28bde6c8&uri=itm.php%3Fid%3D2448789-613%26name%3Dwynns+coonawarra+shiraz+2012 HTTP/1.1" 200 18392 "-" "Mozilla/5.0 (Linux; Android 6.0.1; Nexus 5X Build/MMB29P) AppleWebKit/537.36 (KHTML, like Gecko) Chrome/137.0.7151.103 Mobile Safari/537.36 (compatible; Googlebot/2.1; +http://www.google.com/bot.html)"
216.73.216.202 - - [15/Jul/2025:15:00:52 +0000] "GET /goods/1422211340.shtml HTTP/1.1" 404 12868 "-" "Mozilla/5.0 AppleWebKit/537.36 (KHTML, like Gecko; compatible; ClaudeBot/1.0; [email protected])"
66.249.74.42 - - [15/Jul/2025:15:00:54 +0000] "GET /?h=5201239121600&mod=570f6ff5&uri=brands.php%3Fid%3D173633-139%26name%3Darmani+logo+transparent HTTP/1.1" 200 18379 "-" "Mozilla/5.0 (Linux; Android 6.0.1; Nexus 5X Build/MMB29P) AppleWebKit/537.36 (KHTML, like Gecko) Chrome/137.0.7151.103 Mobile Safari/537.36 (compatible; Googlebot/2.1; +http://www.google.com/bot.html)"
216.73.216.202 - - [15/Jul/2025:15:00:55 +0000] "GET /goods/1814395398.shtml HTTP/1.1" 404 12868 "-" "Mozilla/5.0 AppleWebKit/537.36 (KHTML, like Gecko; compatible; ClaudeBot/1.0; [email protected])"
216.73.216.202 - - [15/Jul/2025:15:00:58 +0000] "GET /goods/1422270706.shtml HTTP/1.1" 404 12868 "-" "Mozilla/5.0 AppleWebKit/537.36 (KHTML, like Gecko; compatible; ClaudeBot/1.0; [email protected])"
216.73.216.202 - - [15/Jul/2025:15:01:01 +0000] "GET /goods/1814398162.shtml HTTP/1.1" 404 12868 "-" "Mozilla/5.0 AppleWebKit/537.36 (KHTML, like Gecko; compatible; ClaudeBot/1.0; [email protected])"
66.249.74.32 - - [15/Jul/2025:15:01:07 +0000] "GET /?h=6202650041600&mod=404b686c&uri=products.php%3Fid%3D207155-219%26name%3Dreal+flame+ignite+xl HTTP/1.1" 200 18387 "-" "Mozilla/5.0 (Linux; Android 6.0.1; Nexus 5X Build/MMB29P) AppleWebKit/537.36 (KHTML, like Gecko) Chrome/137.0.7151.103 Mobile Safari/537.36 (compatible; Googlebot/2.1; +http://www.google.com/bot.html)"
66.249.74.42 - - [15/Jul/2025:15:01:09 +0000] "GET /?h=5460312101600&mod=0b61a4e8&uri=brands.php%3Fid%3D182288-326%26name%3Dlouis+vuitton+morral HTTP/1.1" 200 18384 "-" "Mozilla/5.0 (Linux; Android 6.0.1; Nexus 5X Build/MMB29P) AppleWebKit/537.36 (KHTML, like Gecko) Chrome/137.0.7151.103 Mobile Safari/537.36 (compatible; Googlebot/2.1; +http://www.google.com/bot.html)"
66.249.74.42 - - [15/Jul/2025:15:01:11 +0000] "GET /?h=5661201141600&mod=1baba510&uri=pin.php%3Fid%3D189027-308%26name%3Dcoach+champion+sweatshirt HTTP/1.1" 200 18382 "-" "Mozilla/5.0 (Linux; Android 6.0.1; Nexus 5X Build/MMB29P) AppleWebKit/537.36 (KHTML, like Gecko) Chrome/137.0.7151.103 Mobile Safari/537.36 (compatible; Googlebot/2.1; +http://www.google.com/bot.html)"
66.249.74.43 - - [15/Jul/2025:15:01:14 +0000] "GET /?h=64924348011600&mod=b0bef4c9&uri=news.php%3Fid%3D2166569-27%26name%3Djuego+herramientas+juguete HTTP/1.1" 200 18390 "-" "Mozilla/5.0 (Linux; Android 6.0.1; Nexus 5X Build/MMB29P) AppleWebKit/537.36 (KHTML, like Gecko) Chrome/137.0.7151.103 Mobile Safari/537.36 (compatible; Googlebot/2.1; +http://www.google.com/bot.html)"
66.249.74.42 - - [15/Jul/2025:15:01:24 +0000] "GET /?h=6606565051600&mod=7867d655&uri=itm.php%3Fid%3D220649-91%26name%3Ddog+carrier+for+bike HTTP/1.1" 200 18373 "-" "Mozilla/5.0 (Linux; Android 6.0.1; Nexus 5X Build/MMB29P) AppleWebKit/537.36 (KHTML, like Gecko) Chrome/137.0.7151.103 Mobile Safari/537.36 (compatible; Googlebot/2.1; +http://www.google.com/bot.html)"
216.73.216.202 - - [15/Jul/2025:15:01:24 +0000] "GET /goods/1814238146.shtml HTTP/1.1" 404 12868 "-" "Mozilla/5.0 AppleWebKit/537.36 (KHTML, like Gecko; compatible; ClaudeBot/1.0; [email protected])"
216.73.216.202 - - [15/Jul/2025:15:01:27 +0000] "GET /goods/1422686662.shtml HTTP/1.1" 404 12868 "-" "Mozilla/5.0 AppleWebKit/537.36 (KHTML, like Gecko; compatible; ClaudeBot/1.0; [email protected])"
66.249.74.42 - - [15/Jul/2025:15:01:29 +0000] "GET /?h=5558914031600&mod=56956655&uri=form.php%3Fid%3D185577-329%26name%3Ddubrowsky+and+perlbinder HTTP/1.1" 200 18378 "-" "Mozilla/5.0 (Linux; Android 6.0.1; Nexus 5X Build/MMB29P) AppleWebKit/537.36 (KHTML, like Gecko) Chrome/137.0.7151.103 Mobile Safari/537.36 (compatible; Googlebot/2.1; +http://www.google.com/bot.html)"
216.73.216.202 - - [15/Jul/2025:15:01:30 +0000] "GET /goods/1814226488.shtml HTTP/1.1" 404 12868 "-" "Mozilla/5.0 AppleWebKit/537.36 (KHTML, like Gecko; compatible; ClaudeBot/1.0; [email protected])"
66.249.74.42 - - [15/Jul/2025:15:01:30 +0000] "GET /?h=89605453031600&mod=26cba1dd&uri=category-info.php%3Fid%3D2990269-1110%26name%3Dnvidia+asus+gtx+1050+ti+4gb HTTP/1.1" 200 18430 "-" "Mozilla/5.0 (Linux; Android 6.0.1; Nexus 5X Build/MMB29P) AppleWebKit/537.36 (KHTML, like Gecko) Chrome/137.0.7151.103 Mobile Safari/537.36 (compatible; Googlebot/2.1; +http://www.google.com/bot.html)"
66.249.74.42 - - [15/Jul/2025:15:01:32 +0000] "POST /get-message-notify HTTP/1.1" 200 18153 "https://sergio-cuchi.tattoo/?h=64924348011600&mod=b0bef4c9&uri=news.php%3Fid%3D2166569-27%26name%3Djuego+herramientas+juguete" "Mozilla/5.0 (Linux; Android 6.0.1; Nexus 5X Build/MMB29P) AppleWebKit/537.36 (KHTML, like Gecko) Chrome/137.0.7151.119 Mobile Safari/537.36 (compatible; Googlebot/2.1; +http://www.google.com/bot.html)"
66.249.74.42 - - [15/Jul/2025:15:01:33 +0000] "POST /get-message-notify HTTP/1.1" 200 18153 "https://sergio-cuchi.tattoo/?h=5558914031600&mod=56956655&uri=form.php%3Fid%3D185577-329%26name%3Ddubrowsky+and+perlbinder" "Mozilla/5.0 (Linux; Android 6.0.1; Nexus 5X Build/MMB29P) AppleWebKit/537.36 (KHTML, like Gecko) Chrome/137.0.7151.119 Mobile Safari/537.36 (compatible; Googlebot/2.1; +http://www.google.com/bot.html)"
216.73.216.202 - - [15/Jul/2025:15:01:33 +0000] "GET /goods/1814435786.shtml HTTP/1.1" 404 12868 "-" "Mozilla/5.0 AppleWebKit/537.36 (KHTML, like Gecko; compatible; ClaudeBot/1.0; [email protected])"
216.73.216.202 - - [15/Jul/2025:15:01:36 +0000] "GET /goods/1422217858.shtml HTTP/1.1" 404 12868 "-" "Mozilla/5.0 AppleWebKit/537.36 (KHTML, like Gecko; compatible; ClaudeBot/1.0; [email protected])"
66.249.74.42 - - [15/Jul/2025:15:01:38 +0000] "POST /get-message-notify HTTP/1.1" 200 18153 "https://sergio-cuchi.tattoo/?h=5661201141600&mod=1baba510&uri=pin.php%3Fid%3D189027-308%26name%3Dcoach+champion+sweatshirt" "Mozilla/5.0 (Linux; Android 6.0.1; Nexus 5X Build/MMB29P) AppleWebKit/537.36 (KHTML, like Gecko) Chrome/137.0.7151.119 Mobile Safari/537.36 (compatible; Googlebot/2.1; +http://www.google.com/bot.html)"
216.73.216.202 - - [15/Jul/2025:15:01:39 +0000] "GET /goods/1422397522.shtml HTTP/1.1" 404 12868 "-" "Mozilla/5.0 AppleWebKit/537.36 (KHTML, like Gecko; compatible; ClaudeBot/1.0; [email protected])"
216.73.216.202 - - [15/Jul/2025:15:01:42 +0000] "GET /goods/1422290098.shtml HTTP/1.1" 404 12868 "-" "Mozilla/5.0 AppleWebKit/537.36 (KHTML, like Gecko; compatible; ClaudeBot/1.0; [email protected])"
216.73.216.202 - - [15/Jul/2025:15:01:45 +0000] "GET /goods/1422578146.shtml HTTP/1.1" 404 12868 "-" "Mozilla/5.0 AppleWebKit/537.36 (KHTML, like Gecko; compatible; ClaudeBot/1.0; [email protected])"
209.74.77.214 - - [15/Jul/2025:15:01:48 +0000] "POST /wp-cron.php?doing_wp_cron=1752591708.5193789005279541015625 HTTP/1.1" 200 - "-" "WordPress/6.8.1; https://sergio-cuchi.tattoo"
216.73.216.202 - - [15/Jul/2025:15:01:48 +0000] "GET /goods/1422407888.shtml HTTP/1.1" 404 12868 "-" "Mozilla/5.0 AppleWebKit/537.36 (KHTML, like Gecko; compatible; ClaudeBot/1.0; [email protected])"
66.249.74.42 - - [15/Jul/2025:15:01:50 +0000] "GET /?h=111836197041600&mod=c1d16998&uri=us.php%3Fid%3D3732348-863%26name%3Dsaucony+tabella+taglie HTTP/1.1" 200 18377 "-" "Mozilla/5.0 (Linux; Android 6.0.1; Nexus 5X Build/MMB29P) AppleWebKit/537.36 (KHTML, like Gecko) Chrome/137.0.7151.103 Mobile Safari/537.36 (compatible; Googlebot/2.1; +http://www.google.com/bot.html)"
216.73.216.202 - - [15/Jul/2025:15:01:51 +0000] "GET /goods/1422447282.shtml HTTP/1.1" 404 12868 "-" "Mozilla/5.0 AppleWebKit/537.36 (KHTML, like Gecko; compatible; ClaudeBot/1.0; [email protected])"
216.73.216.202 - - [15/Jul/2025:15:01:54 +0000] "GET /goods/1422696290.shtml HTTP/1.1" 404 12868 "-" "Mozilla/5.0 AppleWebKit/537.36 (KHTML, like Gecko; compatible; ClaudeBot/1.0; [email protected])"
216.73.216.202 - - [15/Jul/2025:15:01:57 +0000] "GET /goods/1422418262.shtml HTTP/1.1" 404 12868 "-" "Mozilla/5.0 AppleWebKit/537.36 (KHTML, like Gecko; compatible; ClaudeBot/1.0; [email protected])"
216.73.216.202 - - [15/Jul/2025:15:02:00 +0000] "GET /goods/1814476242.shtml HTTP/1.1" 404 12868 "-" "Mozilla/5.0 AppleWebKit/537.36 (KHTML, like Gecko; compatible; ClaudeBot/1.0; [email protected])"
216.73.216.202 - - [15/Jul/2025:15:02:03 +0000] "GET /goods/1422430398.shtml HTTP/1.1" 404 12868 "-" "Mozilla/5.0 AppleWebKit/537.36 (KHTML, like Gecko; compatible; ClaudeBot/1.0; [email protected])"
216.73.216.202 - - [15/Jul/2025:15:02:06 +0000] "GET /goods/1422673242.shtml HTTP/1.1" 404 12868 "-" "Mozilla/5.0 AppleWebKit/537.36 (KHTML, like Gecko; compatible; ClaudeBot/1.0; [email protected])"
66.249.74.32 - - [15/Jul/2025:15:02:08 +0000] "GET /?h=5240315021600&mod=08115ea8&uri=news.php%3Fid%3D174950-312%26name%3Dvestido+nike+el+corte+ingles HTTP/1.1" 200 18391 "-" "Mozilla/5.0 (Linux; Android 6.0.1; Nexus 5X Build/MMB29P) AppleWebKit/537.36 (KHTML, like Gecko) Chrome/137.0.7151.103 Mobile Safari/537.36 (compatible; Googlebot/2.1; +http://www.google.com/bot.html)"
216.73.216.202 - - [15/Jul/2025:15:02:09 +0000] "GET /goods/1422462118.shtml HTTP/1.1" 404 12868 "-" "Mozilla/5.0 AppleWebKit/537.36 (KHTML, like Gecko; compatible; ClaudeBot/1.0; [email protected])"
216.73.216.202 - - [15/Jul/2025:15:02:12 +0000] "GET /goods/1422436238.shtml HTTP/1.1" 404 12868 "-" "Mozilla/5.0 AppleWebKit/537.36 (KHTML, like Gecko; compatible; ClaudeBot/1.0; [email protected])"
216.73.216.202 - - [15/Jul/2025:15:02:15 +0000] "GET /goods/1422459418.shtml HTTP/1.1" 404 12868 "-" "Mozilla/5.0 AppleWebKit/537.36 (KHTML, like Gecko; compatible; ClaudeBot/1.0; [email protected])"
66.249.74.42 - - [15/Jul/2025:15:02:22 +0000] "GET /?h=113631817001600&mod=1193a98f&uri=dp.php%3Fid%3D3792302-581%26name%3Dstephen+joseph+mermaid+backpack HTTP/1.1" 200 18394 "-" "Mozilla/5.0 (Linux; Android 6.0.1; Nexus 5X Build/MMB29P) AppleWebKit/537.36 (KHTML, like Gecko) Chrome/137.0.7151.103 Mobile Safari/537.36 (compatible; Googlebot/2.1; +http://www.google.com/bot.html)"
216.73.216.202 - - [15/Jul/2025:15:02:26 +0000] "GET /goods/1814421018.shtml HTTP/1.1" 404 12868 "-" "Mozilla/5.0 AppleWebKit/537.36 (KHTML, like Gecko; compatible; ClaudeBot/1.0; [email protected])"
216.73.216.202 - - [15/Jul/2025:15:02:29 +0000] "GET /goods/1422454184.shtml HTTP/1.1" 404 12868 "-" "Mozilla/5.0 AppleWebKit/537.36 (KHTML, like Gecko; compatible; ClaudeBot/1.0; [email protected])"
66.249.74.42 - - [15/Jul/2025:15:02:32 +0000] "GET /?h=5424549051600&mod=404b686c&uri=info.php%3Fid%3D181095-219%26name%3Dcommercial+tent+heaters HTTP/1.1" 200 18369 "-" "Mozilla/5.0 (Linux; Android 6.0.1; Nexus 5X Build/MMB29P) AppleWebKit/537.36 (KHTML, like Gecko) Chrome/137.0.7151.103 Mobile Safari/537.36 (compatible; Googlebot/2.1; +http://www.google.com/bot.html)"
216.73.216.202 - - [15/Jul/2025:15:02:32 +0000] "GET /goods/1814333242.shtml HTTP/1.1" 404 12868 "-" "Mozilla/5.0 AppleWebKit/537.36 (KHTML, like Gecko; compatible; ClaudeBot/1.0; [email protected])"
216.73.216.202 - - [15/Jul/2025:15:02:35 +0000] "GET /goods/1422408980.shtml HTTP/1.1" 404 12868 "-" "Mozilla/5.0 AppleWebKit/537.36 (KHTML, like Gecko; compatible; ClaudeBot/1.0; [email protected])"
57.141.2.17 - - [15/Jul/2025:15:02:36 +0000] "GET /?h=118316938031600& HTTP/1.1" 301 - "-" "meta-externalagent/1.1 (+https://developers.facebook.com/docs/sharing/webmasters/crawler)"
216.73.216.202 - - [15/Jul/2025:15:02:38 +0000] "GET /goods/1422217504.shtml HTTP/1.1" 404 12868 "-" "Mozilla/5.0 AppleWebKit/537.36 (KHTML, like Gecko; compatible; ClaudeBot/1.0; [email protected])"
57.141.2.1 - - [15/Jul/2025:15:02:41 +0000] "GET /?h=118316938031600 HTTP/1.1" 200 97809 "-" "meta-externalagent/1.1 (+https://developers.facebook.com/docs/sharing/webmasters/crawler)"
216.73.216.202 - - [15/Jul/2025:15:02:41 +0000] "GET /goods/1422669032.shtml HTTP/1.1" 404 12868 "-" "Mozilla/5.0 AppleWebKit/537.36 (KHTML, like Gecko; compatible; ClaudeBot/1.0; [email protected])"
216.73.216.202 - - [15/Jul/2025:15:02:44 +0000] "GET /goods/1422551588.shtml HTTP/1.1" 404 12868 "-" "Mozilla/5.0 AppleWebKit/537.36 (KHTML, like Gecko; compatible; ClaudeBot/1.0; [email protected])"
209.74.77.214 - - [15/Jul/2025:15:02:47 +0000] "POST /wp-cron.php?doing_wp_cron=1752591767.9815371036529541015625 HTTP/1.1" 200 - "-" "WordPress/6.8.1; https://sergio-cuchi.tattoo"
57.141.2.21 - - [15/Jul/2025:15:02:47 +0000] "GET /?h=80283978031600& HTTP/1.1" 301 - "-" "meta-externalagent/1.1 (+https://developers.facebook.com/docs/sharing/webmasters/crawler)"
216.73.216.202 - - [15/Jul/2025:15:02:47 +0000] "GET /goods/1422266236.shtml HTTP/1.1" 404 12868 "-" "Mozilla/5.0 AppleWebKit/537.36 (KHTML, like Gecko; compatible; ClaudeBot/1.0; [email protected])"
57.141.2.1 - - [15/Jul/2025:15:02:49 +0000] "GET /?h=106224238011600& HTTP/1.1" 301 - "-" "meta-externalagent/1.1 (+https://developers.facebook.com/docs/sharing/webmasters/crawler)"
216.73.216.202 - - [15/Jul/2025:15:02:50 +0000] "GET /goods/1422693236.shtml HTTP/1.1" 404 12868 "-" "Mozilla/5.0 AppleWebKit/537.36 (KHTML, like Gecko; compatible; ClaudeBot/1.0; [email protected])"
66.249.74.42 - - [15/Jul/2025:15:02:51 +0000] "GET /?h=5351747071600&mod=884738b4&uri=shared.php%3Fid%3D178667-322%26name%3Dquietest+dishwasher+uk HTTP/1.1" 200 18387 "-" "Mozilla/5.0 (Linux; Android 6.0.1; Nexus 5X Build/MMB29P) AppleWebKit/537.36 (KHTML, like Gecko) Chrome/137.0.7151.103 Mobile Safari/537.36 (compatible; Googlebot/2.1; +http://www.google.com/bot.html)"
57.141.2.1 - - [15/Jul/2025:15:02:52 +0000] "GET /?h=80283978031600 HTTP/1.1" 200 97809 "-" "meta-externalagent/1.1 (+https://developers.facebook.com/docs/sharing/webmasters/crawler)"
66.249.74.42 - - [15/Jul/2025:15:02:53 +0000] "POST /get-message-notify HTTP/1.1" 200 18153 "https://sergio-cuchi.tattoo/?h=5240315021600&mod=08115ea8&uri=news.php%3Fid%3D174950-312%26name%3Dvestido+nike+el+corte+ingles" "Mozilla/5.0 (Linux; Android 6.0.1; Nexus 5X Build/MMB29P) AppleWebKit/537.36 (KHTML, like Gecko) Chrome/137.0.7151.119 Mobile Safari/537.36 (compatible; Googlebot/2.1; +http://www.google.com/bot.html)"
216.73.216.202 - - [15/Jul/2025:15:02:53 +0000] "GET /goods/1814438964.shtml HTTP/1.1" 404 12868 "-" "Mozilla/5.0 AppleWebKit/537.36 (KHTML, like Gecko; compatible; ClaudeBot/1.0; [email protected])"
57.141.2.29 - - [15/Jul/2025:15:02:54 +0000] "GET /?h=99609997041600& HTTP/1.1" 301 - "-" "meta-externalagent/1.1 (+https://developers.facebook.com/docs/sharing/webmasters/crawler)"
57.141.2.11 - - [15/Jul/2025:15:02:54 +0000] "GET /?h=72340460001600& HTTP/1.1" 301 - "-" "meta-externalagent/1.1 (+https://developers.facebook.com/docs/sharing/webmasters/crawler)"
57.141.2.15 - - [15/Jul/2025:15:02:55 +0000] "GET /?h=86456104051600& HTTP/1.1" 301 - "-" "meta-externalagent/1.1 (+https://developers.facebook.com/docs/sharing/webmasters/crawler)"
57.141.2.24 - - [15/Jul/2025:15:02:56 +0000] "GET /?h=33791724051600& HTTP/1.1" 301 - "-" "meta-externalagent/1.1 (+https://developers.facebook.com/docs/sharing/webmasters/crawler)"
216.73.216.202 - - [15/Jul/2025:15:02:56 +0000] "GET /goods/1422224086.shtml HTTP/1.1" 404 12868 "-" "Mozilla/5.0 AppleWebKit/537.36 (KHTML, like Gecko; compatible; ClaudeBot/1.0; [email protected])"
66.249.74.42 - - [15/Jul/2025:15:02:58 +0000] "GET /?h=87372552001600&mod=3fcee1ea&uri=itm.php%3Fid%3D2915766-296%26name%3Dodia+bhajan+nandighosa+tora+ataki+gala HTTP/1.1" 200 18406 "-" "Mozilla/5.0 (Linux; Android 6.0.1; Nexus 5X Build/MMB29P) AppleWebKit/537.36 (KHTML, like Gecko) Chrome/137.0.7151.103 Mobile Safari/537.36 (compatible; Googlebot/2.1; +http://www.google.com/bot.html)"
57.141.2.26 - - [15/Jul/2025:15:02:58 +0000] "GET /?h=33791724051600 HTTP/1.1" 200 97809 "-" "meta-externalagent/1.1 (+https://developers.facebook.com/docs/sharing/webmasters/crawler)"
66.249.74.42 - - [15/Jul/2025:15:02:59 +0000] "GET /?h=6393926041600&mod=4fbdc7de&uri=dp.php%3Fid%3D213560-363%26name%3Dsize+vintage+engagement+rings HTTP/1.1" 200 18381 "-" "Mozilla/5.0 (Linux; Android 6.0.1; Nexus 5X Build/MMB29P) AppleWebKit/537.36 (KHTML, like Gecko) Chrome/137.0.7151.103 Mobile Safari/537.36 (compatible; Googlebot/2.1; +http://www.google.com/bot.html)"
216.73.216.202 - - [15/Jul/2025:15:02:59 +0000] "GET /goods/1814354242.shtml HTTP/1.1" 404 12868 "-" "Mozilla/5.0 AppleWebKit/537.36 (KHTML, like Gecko; compatible; ClaudeBot/1.0; [email protected])"
57.141.2.11 - - [15/Jul/2025:15:03:00 +0000] "GET /?h=18396315021600& HTTP/1.1" 301 - "-" "meta-externalagent/1.1 (+https://developers.facebook.com/docs/sharing/webmasters/crawler)"
66.249.74.42 - - [15/Jul/2025:15:03:00 +0000] "GET /?h=5648611051600&mod=ab330135&uri=products.php%3Fid%3D188607-315%26name%3Dmadison+new+york+quartz HTTP/1.1" 200 18389 "-" "Mozilla/5.0 (Linux; Android 6.0.1; Nexus 5X Build/MMB29P) AppleWebKit/537.36 (KHTML, like Gecko) Chrome/137.0.7151.103 Mobile Safari/537.36 (compatible; Googlebot/2.1; +http://www.google.com/bot.html)"
66.249.74.42 - - [15/Jul/2025:15:03:02 +0000] "POST /get-message-notify HTTP/1.1" 200 18153 "https://sergio-cuchi.tattoo/?h=6393926041600&mod=4fbdc7de&uri=dp.php%3Fid%3D213560-363%26name%3Dsize+vintage+engagement+rings" "Mozilla/5.0 (Linux; Android 6.0.1; Nexus 5X Build/MMB29P) AppleWebKit/537.36 (KHTML, like Gecko) Chrome/137.0.7151.119 Mobile Safari/537.36 (compatible; Googlebot/2.1; +http://www.google.com/bot.html)"
216.73.216.202 - - [15/Jul/2025:15:03:02 +0000] "GET /goods/1422299372.shtml HTTP/1.1" 404 12868 "-" "Mozilla/5.0 AppleWebKit/537.36 (KHTML, like Gecko; compatible; ClaudeBot/1.0; [email protected])"
57.141.2.16 - - [15/Jul/2025:15:03:03 +0000] "GET /?h=59880456021600& HTTP/1.1" 301 - "-" "meta-externalagent/1.1 (+https://developers.facebook.com/docs/sharing/webmasters/crawler)"
57.141.2.20 - - [15/Jul/2025:15:03:05 +0000] "GET /?h=18396315021600 HTTP/1.1" 200 97802 "-" "meta-externalagent/1.1 (+https://developers.facebook.com/docs/sharing/webmasters/crawler)"
66.249.74.42 - - [15/Jul/2025:15:03:05 +0000] "GET /?h=5305424061600&mod=a7290c5b&uri=news.php%3Fid%3D177122-317%26name%3Dair+force+one+red+nike HTTP/1.1" 200 18379 "-" "Mozilla/5.0 (Linux; Android 6.0.1; Nexus 5X Build/MMB29P) AppleWebKit/537.36 (KHTML, like Gecko) Chrome/137.0.7151.103 Mobile Safari/537.36 (compatible; Googlebot/2.1; +http://www.google.com/bot.html)"
216.73.216.202 - - [15/Jul/2025:15:03:05 +0000] "GET /goods/1422424426.shtml HTTP/1.1" 404 12868 "-" "Mozilla/5.0 AppleWebKit/537.36 (KHTML, like Gecko; compatible; ClaudeBot/1.0; [email protected])"
216.73.216.202 - - [15/Jul/2025:15:03:08 +0000] "GET /goods/1422393734.shtml HTTP/1.1" 404 12868 "-" "Mozilla/5.0 AppleWebKit/537.36 (KHTML, like Gecko; compatible; ClaudeBot/1.0; [email protected])"
216.73.216.202 - - [15/Jul/2025:15:03:11 +0000] "GET /goods/1422391358.shtml HTTP/1.1" 404 12868 "-" "Mozilla/5.0 AppleWebKit/537.36 (KHTML, like Gecko; compatible; ClaudeBot/1.0; [email protected])"
216.73.216.202 - - [15/Jul/2025:15:03:14 +0000] "GET /goods/1814140418.shtml HTTP/1.1" 404 12868 "-" "Mozilla/5.0 AppleWebKit/537.36 (KHTML, like Gecko; compatible; ClaudeBot/1.0; [email protected])"
57.141.2.3 - - [15/Jul/2025:15:03:15 +0000] "GET /?h=59880456021600 HTTP/1.1" 200 97802 "-" "meta-externalagent/1.1 (+https://developers.facebook.com/docs/sharing/webmasters/crawler)"
216.73.216.202 - - [15/Jul/2025:15:03:17 +0000] "GET /goods/1422356388.shtml HTTP/1.1" 404 12868 "-" "Mozilla/5.0 AppleWebKit/537.36 (KHTML, like Gecko; compatible; ClaudeBot/1.0; [email protected])"
66.249.74.42 - - [15/Jul/2025:15:03:20 +0000] "GET /?h=248084051600&mod=f8c0c968&uri=brands.php%3Fid%3D8281-20%26name%3Dboys+animal+print+shirts HTTP/1.1" 200 18382 "-" "Mozilla/5.0 (Linux; Android 6.0.1; Nexus 5X Build/MMB29P) AppleWebKit/537.36 (KHTML, like Gecko) Chrome/137.0.7151.103 Mobile Safari/537.36 (compatible; Googlebot/2.1; +http://www.google.com/bot.html)"
57.141.2.24 - - [15/Jul/2025:15:03:20 +0000] "GET /?h=42337636011600& HTTP/1.1" 301 - "-" "meta-externalagent/1.1 (+https://developers.facebook.com/docs/sharing/webmasters/crawler)"
66.249.74.42 - - [15/Jul/2025:15:03:20 +0000] "GET /?h=5291654011600&mod=a7290c5b&uri=shop.php?pcmypage/ HTTP/1.1" 200 19428 "-" "Mozilla/5.0 (Linux; Android 6.0.1; Nexus 5X Build/MMB29P) AppleWebKit/537.36 (KHTML, like Gecko) Chrome/137.0.7151.103 Mobile Safari/537.36 (compatible; Googlebot/2.1; +http://www.google.com/bot.html)"
57.141.2.23 - - [15/Jul/2025:15:03:20 +0000] "GET /?h=103004259101600& HTTP/1.1" 301 - "-" "meta-externalagent/1.1 (+https://developers.facebook.com/docs/sharing/webmasters/crawler)"
57.141.2.17 - - [15/Jul/2025:15:03:22 +0000] "GET /?h=103004259101600 HTTP/1.1" 200 97813 "-" "meta-externalagent/1.1 (+https://developers.facebook.com/docs/sharing/webmasters/crawler)"
57.141.2.2 - - [15/Jul/2025:15:03:24 +0000] "GET /?h=15118106001600& HTTP/1.1" 301 - "-" "meta-externalagent/1.1 (+https://developers.facebook.com/docs/sharing/webmasters/crawler)"
57.141.2.9 - - [15/Jul/2025:15:03:25 +0000] "GET /?h=25260101011600& HTTP/1.1" 301 - "-" "meta-externalagent/1.1 (+https://developers.facebook.com/docs/sharing/webmasters/crawler)"
66.249.74.42 - - [15/Jul/2025:15:03:25 +0000] "GET /?h=5788105061600&mod=9ec51f6e&uri=category-info.php%3Fid%3D193290-57%26name%3Dbest+earbuds+with+mic+for+android+phones HTTP/1.1" 200 18438 "-" "Mozilla/5.0 (Linux; Android 6.0.1; Nexus 5X Build/MMB29P) AppleWebKit/537.36 (KHTML, like Gecko) Chrome/137.0.7151.103 Mobile Safari/537.36 (compatible; Googlebot/2.1; +http://www.google.com/bot.html)"
57.141.2.16 - - [15/Jul/2025:15:03:26 +0000] "GET /?h=37637707071600& HTTP/1.1" 301 - "-" "meta-externalagent/1.1 (+https://developers.facebook.com/docs/sharing/webmasters/crawler)"
57.141.2.25 - - [15/Jul/2025:15:03:27 +0000] "GET /?h=12690957021600& HTTP/1.1" 301 - "-" "meta-externalagent/1.1 (+https://developers.facebook.com/docs/sharing/webmasters/crawler)"
57.141.2.26 - - [15/Jul/2025:15:03:27 +0000] "GET /?h=79698921051600& HTTP/1.1" 301 - "-" "meta-externalagent/1.1 (+https://developers.facebook.com/docs/sharing/webmasters/crawler)"
57.141.2.21 - - [15/Jul/2025:15:03:28 +0000] "GET /?h=77304342091600& HTTP/1.1" 301 - "-" "meta-externalagent/1.1 (+https://developers.facebook.com/docs/sharing/webmasters/crawler)"
57.141.2.18 - - [15/Jul/2025:15:03:29 +0000] "GET /?h=37637707071600 HTTP/1.1" 200 97809 "-" "meta-externalagent/1.1 (+https://developers.facebook.com/docs/sharing/webmasters/crawler)"
66.249.74.42 - - [15/Jul/2025:15:03:29 +0000] "POST /get-message-notify HTTP/1.1" 200 18153 "https://sergio-cuchi.tattoo/?h=248084051600&mod=f8c0c968&uri=brands.php%3Fid%3D8281-20%26name%3Dboys+animal+print+shirts" "Mozilla/5.0 (Linux; Android 6.0.1; Nexus 5X Build/MMB29P) AppleWebKit/537.36 (KHTML, like Gecko) Chrome/137.0.7151.119 Mobile Safari/537.36 (compatible; Googlebot/2.1; +http://www.google.com/bot.html)"
57.141.2.12 - - [15/Jul/2025:15:03:30 +0000] "GET /?h=12690957021600 HTTP/1.1" 200 97798 "-" "meta-externalagent/1.1 (+https://developers.facebook.com/docs/sharing/webmasters/crawler)"
216.73.216.202 - - [15/Jul/2025:15:03:35 +0000] "GET /goods/1422412444.shtml HTTP/1.1" 404 12868 "-" "Mozilla/5.0 AppleWebKit/537.36 (KHTML, like Gecko; compatible; ClaudeBot/1.0; [email protected])"
216.73.216.202 - - [15/Jul/2025:15:03:38 +0000] "GET /goods/1422622412.shtml HTTP/1.1" 404 12868 "-" "Mozilla/5.0 AppleWebKit/537.36 (KHTML, like Gecko; compatible; ClaudeBot/1.0; [email protected])"
216.73.216.202 - - [15/Jul/2025:15:03:41 +0000] "GET /goods/1422219876.shtml HTTP/1.1" 404 12868 "-" "Mozilla/5.0 AppleWebKit/537.36 (KHTML, like Gecko; compatible; ClaudeBot/1.0; [email protected])"
216.73.216.202 - - [15/Jul/2025:15:03:44 +0000] "GET /goods/1422214804.shtml HTTP/1.1" 404 12868 "-" "Mozilla/5.0 AppleWebKit/537.36 (KHTML, like Gecko; compatible; ClaudeBot/1.0; [email protected])"
66.249.74.42 - - [15/Jul/2025:15:03:45 +0000] "GET /?h=5661201141600&mod=1baba510&uri=pin.php?product/edit/S406139873 HTTP/1.1" 200 19500 "-" "Mozilla/5.0 (Linux; Android 6.0.1; Nexus 5X Build/MMB29P) AppleWebKit/537.36 (KHTML, like Gecko) Chrome/137.0.7151.103 Mobile Safari/537.36 (compatible; Googlebot/2.1; +http://www.google.com/bot.html)"
209.74.77.214 - - [15/Jul/2025:15:03:47 +0000] "POST /wp-cron.php?doing_wp_cron=1752591827.6776800155639648437500 HTTP/1.1" 200 - "-" "WordPress/6.8.1; https://sergio-cuchi.tattoo"
216.73.216.202 - - [15/Jul/2025:15:03:47 +0000] "GET /goods/1422408242.shtml HTTP/1.1" 404 12868 "-" "Mozilla/5.0 AppleWebKit/537.36 (KHTML, like Gecko; compatible; ClaudeBot/1.0; [email protected])"
