66.249.74.43 - - [15/Jul/2025:14:41:41 +0000] "GET /?h=5291654011600&mod=a7290c5b&uri=shop.php?goods/1993066.shtml HTTP/1.1" 200 19487 "-" "Mozilla/5.0 (Linux; Android 6.0.1; Nexus 5X Build/MMB29P) AppleWebKit/537.36 (KHTML, like Gecko) Chrome/137.0.7151.103 Mobile Safari/537.36 (compatible; Googlebot/2.1; +http://www.google.com/bot.html)"
216.73.216.202 - - [15/Jul/2025:14:41:43 +0000] "GET /goods/1814599940.shtml HTTP/1.1" 404 12868 "-" "Mozilla/5.0 AppleWebKit/537.36 (KHTML, like Gecko; compatible; ClaudeBot/1.0; [email protected])"
57.141.2.5 - - [15/Jul/2025:14:41:45 +0000] "GET /?h=105610224111600& HTTP/1.1" 301 - "-" "meta-externalagent/1.1 (+https://developers.facebook.com/docs/sharing/webmasters/crawler)"
66.249.74.42 - - [15/Jul/2025:14:41:45 +0000] "GET /?h=5291654011600&mod=a7290c5b&uri=shop.php?feature/sale2411-5/index.html HTTP/1.1" 200 18766 "-" "Mozilla/5.0 (Linux; Android 6.0.1; Nexus 5X Build/MMB29P) AppleWebKit/537.36 (KHTML, like Gecko) Chrome/137.0.7151.103 Mobile Safari/537.36 (compatible; Googlebot/2.1; +http://www.google.com/bot.html)"
66.249.74.43 - - [15/Jul/2025:14:41:45 +0000] "POST /get-message-notify HTTP/1.1" 200 18153 "https://sergio-cuchi.tattoo/?h=5291654011600&mod=a7290c5b&uri=shop.php?goods/1993066.shtml" "Mozilla/5.0 (Linux; Android 6.0.1; Nexus 5X Build/MMB29P) AppleWebKit/537.36 (KHTML, like Gecko) Chrome/137.0.7151.119 Mobile Safari/537.36 (compatible; Googlebot/2.1; +http://www.google.com/bot.html)"
209.74.77.214 - - [15/Jul/2025:14:41:46 +0000] "POST /wp-cron.php?doing_wp_cron=1752590506.6362349987030029296875 HTTP/1.1" 200 - "-" "WordPress/6.8.1; https://sergio-cuchi.tattoo"
66.249.74.43 - - [15/Jul/2025:14:41:46 +0000] "POST /get-message-notify HTTP/1.1" 200 18153 "https://sergio-cuchi.tattoo/?h=6608065011600&mod=932213cc&uri=category-info.php?goods/2029052.shtml" "Mozilla/5.0 (Linux; Android 6.0.1; Nexus 5X Build/MMB29P) AppleWebKit/537.36 (KHTML, like Gecko) Chrome/137.0.7151.119 Mobile Safari/537.36 (compatible; Googlebot/2.1; +http://www.google.com/bot.html)"
216.73.216.202 - - [15/Jul/2025:14:41:46 +0000] "GET /goods/1422415144.shtml HTTP/1.1" 404 12868 "-" "Mozilla/5.0 AppleWebKit/537.36 (KHTML, like Gecko; compatible; ClaudeBot/1.0; [email protected])"
57.141.2.5 - - [15/Jul/2025:14:41:46 +0000] "GET /?h=5182556001600& HTTP/1.1" 301 - "-" "meta-externalagent/1.1 (+https://developers.facebook.com/docs/sharing/webmasters/crawler)"
66.249.74.43 - - [15/Jul/2025:14:41:46 +0000] "POST /get-message-notify HTTP/1.1" 200 18153 "https://sergio-cuchi.tattoo/?h=5944481061600&mod=dc825398&uri=news.php%3Fid%3D198508-344%26name%3Drm+williams+weekend+bag" "Mozilla/5.0 (Linux; Android 6.0.1; Nexus 5X Build/MMB29P) AppleWebKit/537.36 (KHTML, like Gecko) Chrome/137.0.7151.119 Mobile Safari/537.36 (compatible; Googlebot/2.1; +http://www.google.com/bot.html)"
216.73.216.202 - - [15/Jul/2025:14:41:49 +0000] "GET /goods/1814126644.shtml HTTP/1.1" 404 12868 "-" "Mozilla/5.0 AppleWebKit/537.36 (KHTML, like Gecko; compatible; ClaudeBot/1.0; [email protected])"
57.141.2.2 - - [15/Jul/2025:14:41:49 +0000] "GET /?h=69429964011600& HTTP/1.1" 301 - "-" "meta-externalagent/1.1 (+https://developers.facebook.com/docs/sharing/webmasters/crawler)"
66.249.74.42 - - [15/Jul/2025:14:41:50 +0000] "GET /?h=5291654011600&mod=a7290c5b&uri=shop.php?goods/2011366.shtml HTTP/1.1" 200 19244 "-" "Mozilla/5.0 (Linux; Android 6.0.1; Nexus 5X Build/MMB29P) AppleWebKit/537.36 (KHTML, like Gecko) Chrome/137.0.7151.103 Mobile Safari/537.36 (compatible; Googlebot/2.1; +http://www.google.com/bot.html)"
57.141.2.24 - - [15/Jul/2025:14:41:51 +0000] "GET /?h=55484203011600& HTTP/1.1" 301 - "-" "meta-externalagent/1.1 (+https://developers.facebook.com/docs/sharing/webmasters/crawler)"
66.249.74.42 - - [15/Jul/2025:14:41:52 +0000] "GET /?h=5291654011600&mod=a7290c5b&uri=shop.php?goods/1993412.shtml HTTP/1.1" 200 19333 "-" "Mozilla/5.0 (Linux; Android 6.0.1; Nexus 5X Build/MMB29P) AppleWebKit/537.36 (KHTML, like Gecko) Chrome/137.0.7151.103 Mobile Safari/537.36 (compatible; Googlebot/2.1; +http://www.google.com/bot.html)"
216.73.216.202 - - [15/Jul/2025:14:41:52 +0000] "GET /goods/1422395752.shtml HTTP/1.1" 404 12868 "-" "Mozilla/5.0 AppleWebKit/537.36 (KHTML, like Gecko; compatible; ClaudeBot/1.0; [email protected])"
66.249.74.43 - - [15/Jul/2025:14:41:53 +0000] "POST /get-message-notify HTTP/1.1" 200 18153 "https://sergio-cuchi.tattoo/?h=5291654011600&mod=a7290c5b&uri=shop.php?goods/1988596.shtml" "Mozilla/5.0 (Linux; Android 6.0.1; Nexus 5X Build/MMB29P) AppleWebKit/537.36 (KHTML, like Gecko) Chrome/137.0.7151.119 Mobile Safari/537.36 (compatible; Googlebot/2.1; +http://www.google.com/bot.html)"
216.73.216.202 - - [15/Jul/2025:14:41:55 +0000] "GET /goods/1422676642.shtml HTTP/1.1" 404 12868 "-" "Mozilla/5.0 AppleWebKit/537.36 (KHTML, like Gecko; compatible; ClaudeBot/1.0; [email protected])"
66.249.74.42 - - [15/Jul/2025:14:41:56 +0000] "GET /?h=5291654011600&mod=a7290c5b&uri=shop.php?goods/2019714.shtml HTTP/1.1" 200 19447 "-" "Mozilla/5.0 (Linux; Android 6.0.1; Nexus 5X Build/MMB29P) AppleWebKit/537.36 (KHTML, like Gecko) Chrome/137.0.7151.103 Mobile Safari/537.36 (compatible; Googlebot/2.1; +http://www.google.com/bot.html)"
216.73.216.202 - - [15/Jul/2025:14:41:58 +0000] "GET /goods/1422261424.shtml HTTP/1.1" 404 12868 "-" "Mozilla/5.0 AppleWebKit/537.36 (KHTML, like Gecko; compatible; ClaudeBot/1.0; [email protected])"
66.249.74.42 - - [15/Jul/2025:14:41:59 +0000] "GET /?h=5291654011600&mod=a7290c5b&uri=shop.php?feature/eposcard/index.html HTTP/1.1" 200 19522 "-" "Mozilla/5.0 (Linux; Android 6.0.1; Nexus 5X Build/MMB29P) AppleWebKit/537.36 (KHTML, like Gecko) Chrome/137.0.7151.103 Mobile Safari/537.36 (compatible; Googlebot/2.1; +http://www.google.com/bot.html)"
66.249.74.32 - - [15/Jul/2025:14:41:59 +0000] "GET /?h=5291654011600&mod=a7290c5b&uri=shop.php?goods/2003786.shtml HTTP/1.1" 200 18959 "-" "Mozilla/5.0 (Linux; Android 6.0.1; Nexus 5X Build/MMB29P) AppleWebKit/537.36 (KHTML, like Gecko) Chrome/137.0.7151.103 Mobile Safari/537.36 (compatible; Googlebot/2.1; +http://www.google.com/bot.html)"
57.141.2.5 - - [15/Jul/2025:14:42:01 +0000] "GET /?h=6528655001600& HTTP/1.1" 301 - "-" "meta-externalagent/1.1 (+https://developers.facebook.com/docs/sharing/webmasters/crawler)"
216.73.216.202 - - [15/Jul/2025:14:42:01 +0000] "GET /goods/1814502144.shtml HTTP/1.1" 404 12868 "-" "Mozilla/5.0 AppleWebKit/537.36 (KHTML, like Gecko; compatible; ClaudeBot/1.0; [email protected])"
66.249.74.42 - - [15/Jul/2025:14:42:03 +0000] "POST /get-message-notify HTTP/1.1" 200 18153 "https://sergio-cuchi.tattoo/?h=6927215031600&mod=9be4d22c&uri=goods.php%3Fid%3D231348-387%26name%3Dgymbandit" "Mozilla/5.0 (Linux; Android 6.0.1; Nexus 5X Build/MMB29P) AppleWebKit/537.36 (KHTML, like Gecko) Chrome/137.0.7151.119 Mobile Safari/537.36 (compatible; Googlebot/2.1; +http://www.google.com/bot.html)"
216.73.216.202 - - [15/Jul/2025:14:42:04 +0000] "GET /goods/1422468346.shtml HTTP/1.1" 404 12868 "-" "Mozilla/5.0 AppleWebKit/537.36 (KHTML, like Gecko; compatible; ClaudeBot/1.0; [email protected])"
209.74.77.214 - - [15/Jul/2025:14:42:07 +0000] "POST /wp-cron.php?doing_wp_cron=1752590527.6536350250244140625000 HTTP/1.1" 200 - "-" "WordPress/6.8.1; https://sergio-cuchi.tattoo"
216.73.216.202 - - [15/Jul/2025:14:42:07 +0000] "GET /goods/1422430744.shtml HTTP/1.1" 404 12868 "-" "Mozilla/5.0 AppleWebKit/537.36 (KHTML, like Gecko; compatible; ClaudeBot/1.0; [email protected])"
66.249.74.42 - - [15/Jul/2025:14:42:07 +0000] "GET /?h=5291654011600&mod=a7290c5b&uri=shop.php?goods/1995920.shtml HTTP/1.1" 200 19412 "-" "Mozilla/5.0 (Linux; Android 6.0.1; Nexus 5X Build/MMB29P) AppleWebKit/537.36 (KHTML, like Gecko) Chrome/137.0.7151.103 Mobile Safari/537.36 (compatible; Googlebot/2.1; +http://www.google.com/bot.html)"
57.141.2.10 - - [15/Jul/2025:14:42:08 +0000] "GET /?h=6152285051600 HTTP/1.1" 200 97802 "-" "meta-externalagent/1.1 (+https://developers.facebook.com/docs/sharing/webmasters/crawler)"
57.141.2.20 - - [15/Jul/2025:14:42:09 +0000] "GET /?h=114213716011600& HTTP/1.1" 301 - "-" "meta-externalagent/1.1 (+https://developers.facebook.com/docs/sharing/webmasters/crawler)"
66.249.74.42 - - [15/Jul/2025:14:42:10 +0000] "GET /?h=5291654011600&mod=a7290c5b&uri=shop.php?goods/2011042.shtml HTTP/1.1" 200 18573 "-" "Mozilla/5.0 (Linux; Android 6.0.1; Nexus 5X Build/MMB29P) AppleWebKit/537.36 (KHTML, like Gecko) Chrome/137.0.7151.103 Mobile Safari/537.36 (compatible; Googlebot/2.1; +http://www.google.com/bot.html)"
216.73.216.202 - - [15/Jul/2025:14:42:10 +0000] "GET /goods/1422400308.shtml HTTP/1.1" 404 12868 "-" "Mozilla/5.0 AppleWebKit/537.36 (KHTML, like Gecko; compatible; ClaudeBot/1.0; [email protected])"
216.73.216.202 - - [15/Jul/2025:14:42:13 +0000] "GET /goods/1814538462.shtml HTTP/1.1" 404 12868 "-" "Mozilla/5.0 AppleWebKit/537.36 (KHTML, like Gecko; compatible; ClaudeBot/1.0; [email protected])"
66.249.74.42 - - [15/Jul/2025:14:42:14 +0000] "GET /?h=5291654011600&mod=a7290c5b&uri=shop.php?toreka/toreka_single.html HTTP/1.1" 200 18842 "-" "Mozilla/5.0 (Linux; Android 6.0.1; Nexus 5X Build/MMB29P) AppleWebKit/537.36 (KHTML, like Gecko) Chrome/137.0.7151.103 Mobile Safari/537.36 (compatible; Googlebot/2.1; +http://www.google.com/bot.html)"
57.141.2.4 - - [15/Jul/2025:14:42:16 +0000] "GET /?h=6528655001600 HTTP/1.1" 200 97806 "-" "meta-externalagent/1.1 (+https://developers.facebook.com/docs/sharing/webmasters/crawler)"
216.73.216.202 - - [15/Jul/2025:14:42:16 +0000] "GET /goods/1422738508.shtml HTTP/1.1" 404 12868 "-" "Mozilla/5.0 AppleWebKit/537.36 (KHTML, like Gecko; compatible; ClaudeBot/1.0; [email protected])"
57.141.2.24 - - [15/Jul/2025:14:42:17 +0000] "GET /?h=102222657021600& HTTP/1.1" 301 - "-" "meta-externalagent/1.1 (+https://developers.facebook.com/docs/sharing/webmasters/crawler)"
216.73.216.202 - - [15/Jul/2025:14:42:19 +0000] "GET /goods/1422460766.shtml HTTP/1.1" 404 12868 "-" "Mozilla/5.0 AppleWebKit/537.36 (KHTML, like Gecko; compatible; ClaudeBot/1.0; [email protected])"
66.249.74.42 - - [15/Jul/2025:14:42:20 +0000] "GET /?h=5291654011600&mod=a7290c5b&uri=shop.php?feature/yokohama_maruicity/index.html HTTP/1.1" 200 19141 "-" "Mozilla/5.0 (Linux; Android 6.0.1; Nexus 5X Build/MMB29P) AppleWebKit/537.36 (KHTML, like Gecko) Chrome/137.0.7151.103 Mobile Safari/537.36 (compatible; Googlebot/2.1; +http://www.google.com/bot.html)"
66.249.74.42 - - [15/Jul/2025:14:42:21 +0000] "GET /?h=5291654011600&mod=a7290c5b&uri=shop.php?feature/sapporo/index.html HTTP/1.1" 200 19048 "-" "Mozilla/5.0 (Linux; Android 6.0.1; Nexus 5X Build/MMB29P) AppleWebKit/537.36 (KHTML, like Gecko) Chrome/137.0.7151.103 Mobile Safari/537.36 (compatible; Googlebot/2.1; +http://www.google.com/bot.html)"
216.73.216.202 - - [15/Jul/2025:14:42:22 +0000] "GET /goods/1814576756.shtml HTTP/1.1" 404 12868 "-" "Mozilla/5.0 AppleWebKit/537.36 (KHTML, like Gecko; compatible; ClaudeBot/1.0; [email protected])"
57.141.2.20 - - [15/Jul/2025:14:42:22 +0000] "GET /?h=102222657021600 HTTP/1.1" 200 97805 "-" "meta-externalagent/1.1 (+https://developers.facebook.com/docs/sharing/webmasters/crawler)"
66.249.74.42 - - [15/Jul/2025:14:42:23 +0000] "GET /?h=5291654011600&mod=a7290c5b&uri=shop.php?feature/utsunomiya/index.html HTTP/1.1" 200 19356 "-" "Mozilla/5.0 (Linux; Android 6.0.1; Nexus 5X Build/MMB29P) AppleWebKit/537.36 (KHTML, like Gecko) Chrome/137.0.7151.103 Mobile Safari/537.36 (compatible; Googlebot/2.1; +http://www.google.com/bot.html)"
66.249.74.42 - - [15/Jul/2025:14:42:24 +0000] "GET /?h=104326004031600&mod=0b61a4e8&uri=products.php%3Fid%3D3481679-326%26name%3Dpng+louis+vuitton HTTP/1.1" 200 18396 "-" "Mozilla/5.0 (Linux; Android 6.0.1; Nexus 5X Build/MMB29P) AppleWebKit/537.36 (KHTML, like Gecko) Chrome/137.0.7151.103 Mobile Safari/537.36 (compatible; Googlebot/2.1; +http://www.google.com/bot.html)"
66.249.74.42 - - [15/Jul/2025:14:42:24 +0000] "POST /get-message-notify HTTP/1.1" 200 18153 "https://sergio-cuchi.tattoo/?h=5291654011600&mod=a7290c5b&uri=shop.php?feature/yokohama_maruicity/index.html" "Mozilla/5.0 (Linux; Android 6.0.1; Nexus 5X Build/MMB29P) AppleWebKit/537.36 (KHTML, like Gecko) Chrome/137.0.7151.119 Mobile Safari/537.36 (compatible; Googlebot/2.1; +http://www.google.com/bot.html)"
216.73.216.202 - - [15/Jul/2025:14:42:25 +0000] "GET /goods/1422540868.shtml HTTP/1.1" 404 12868 "-" "Mozilla/5.0 AppleWebKit/537.36 (KHTML, like Gecko; compatible; ClaudeBot/1.0; [email protected])"
66.249.74.42 - - [15/Jul/2025:14:42:25 +0000] "POST /get-message-notify HTTP/1.1" 200 18153 "https://sergio-cuchi.tattoo/?h=24934042071600&mod=dc825398&uri=article.php%3Fid%3D832206-344%26name%3Drange+shoes+for+ladies" "Mozilla/5.0 (Linux; Android 6.0.1; Nexus 5X Build/MMB29P) AppleWebKit/537.36 (KHTML, like Gecko) Chrome/137.0.7151.119 Mobile Safari/537.36 (compatible; Googlebot/2.1; +http://www.google.com/bot.html)"
66.249.74.42 - - [15/Jul/2025:14:42:26 +0000] "GET /?h=5291654011600&mod=a7290c5b&uri=shop.php?boyslove.html HTTP/1.1" 200 19377 "-" "Mozilla/5.0 (Linux; Android 6.0.1; Nexus 5X Build/MMB29P) AppleWebKit/537.36 (KHTML, like Gecko) Chrome/137.0.7151.103 Mobile Safari/537.36 (compatible; Googlebot/2.1; +http://www.google.com/bot.html)"
66.249.74.42 - - [15/Jul/2025:14:42:27 +0000] "GET /?h=5577882071600&mod=f9421558&uri=shop.php%3Fid%3D186211-330%26name%3Dhoneywell+digistat HTTP/1.1" 200 18365 "-" "Mozilla/5.0 (Linux; Android 6.0.1; Nexus 5X Build/MMB29P) AppleWebKit/537.36 (KHTML, like Gecko) Chrome/137.0.7151.103 Mobile Safari/537.36 (compatible; Googlebot/2.1; +http://www.google.com/bot.html)"
66.249.74.42 - - [15/Jul/2025:14:42:27 +0000] "GET /?h=113628937041600&mod=1193a98f&uri=search.php?goods/1997622.shtml HTTP/1.1" 200 19611 "-" "Mozilla/5.0 (Linux; Android 6.0.1; Nexus 5X Build/MMB29P) AppleWebKit/537.36 (KHTML, like Gecko) Chrome/137.0.7151.103 Mobile Safari/537.36 (compatible; Googlebot/2.1; +http://www.google.com/bot.html)"
216.73.216.202 - - [15/Jul/2025:14:42:28 +0000] "GET /goods/1814508372.shtml HTTP/1.1" 404 12868 "-" "Mozilla/5.0 AppleWebKit/537.36 (KHTML, like Gecko; compatible; ClaudeBot/1.0; [email protected])"
66.249.74.42 - - [15/Jul/2025:14:42:28 +0000] "GET /?h=38358065001600&mod=e6492841&uri=dp.php%3Fid%3D1280212-100%26name%3Dgarmin+fenix+5x+sapphire+cena HTTP/1.1" 200 18389 "-" "Mozilla/5.0 (Linux; Android 6.0.1; Nexus 5X Build/MMB29P) AppleWebKit/537.36 (KHTML, like Gecko) Chrome/137.0.7151.103 Mobile Safari/537.36 (compatible; Googlebot/2.1; +http://www.google.com/bot.html)"
66.249.74.42 - - [15/Jul/2025:14:42:28 +0000] "GET /?h=6053004071600&mod=6301041b&uri=brands.php?goods/39595228.shtml HTTP/1.1" 200 19435 "-" "Mozilla/5.0 (Linux; Android 6.0.1; Nexus 5X Build/MMB29P) AppleWebKit/537.36 (KHTML, like Gecko) Chrome/137.0.7151.103 Mobile Safari/537.36 (compatible; Googlebot/2.1; +http://www.google.com/bot.html)"
66.249.74.42 - - [15/Jul/2025:14:42:29 +0000] "GET /?h=5291654011600&mod=a7290c5b&uri=shop.php?oreka/plamodel_menu.html HTTP/1.1" 200 18261 "-" "Mozilla/5.0 (Linux; Android 6.0.1; Nexus 5X Build/MMB29P) AppleWebKit/537.36 (KHTML, like Gecko) Chrome/137.0.7151.103 Mobile Safari/537.36 (compatible; Googlebot/2.1; +http://www.google.com/bot.html)"
57.141.2.14 - - [15/Jul/2025:14:42:30 +0000] "GET /?h=1164861001600& HTTP/1.1" 301 - "-" "meta-externalagent/1.1 (+https://developers.facebook.com/docs/sharing/webmasters/crawler)"
66.249.74.43 - - [15/Jul/2025:14:42:30 +0000] "POST /get-message-notify HTTP/1.1" 200 18153 "https://sergio-cuchi.tattoo/?h=104326004031600&mod=0b61a4e8&uri=products.php%3Fid%3D3481679-326%26name%3Dpng+louis+vuitton" "Mozilla/5.0 (Linux; Android 6.0.1; Nexus 5X Build/MMB29P) AppleWebKit/537.36 (KHTML, like Gecko) Chrome/137.0.7151.119 Mobile Safari/537.36 (compatible; Googlebot/2.1; +http://www.google.com/bot.html)"
66.249.74.43 - - [15/Jul/2025:14:42:31 +0000] "POST /get-message-notify HTTP/1.1" 200 18153 "https://sergio-cuchi.tattoo/?h=5577882071600&mod=f9421558&uri=shop.php%3Fid%3D186211-330%26name%3Dhoneywell+digistat" "Mozilla/5.0 (Linux; Android 6.0.1; Nexus 5X Build/MMB29P) AppleWebKit/537.36 (KHTML, like Gecko) Chrome/137.0.7151.119 Mobile Safari/537.36 (compatible; Googlebot/2.1; +http://www.google.com/bot.html)"
66.249.74.43 - - [15/Jul/2025:14:42:31 +0000] "GET /?h=5291654011600&mod=a7290c5b&uri=shop.php?feature/shoplist-friendly/index.html HTTP/1.1" 200 19284 "-" "Mozilla/5.0 (Linux; Android 6.0.1; Nexus 5X Build/MMB29P) AppleWebKit/537.36 (KHTML, like Gecko) Chrome/137.0.7151.103 Mobile Safari/537.36 (compatible; Googlebot/2.1; +http://www.google.com/bot.html)"
66.249.74.43 - - [15/Jul/2025:14:42:33 +0000] "POST /get-message-notify HTTP/1.1" 200 18153 "https://sergio-cuchi.tattoo/?h=113628937041600&mod=1193a98f&uri=search.php?goods/1997622.shtml" "Mozilla/5.0 (Linux; Android 6.0.1; Nexus 5X Build/MMB29P) AppleWebKit/537.36 (KHTML, like Gecko) Chrome/137.0.7151.119 Mobile Safari/537.36 (compatible; Googlebot/2.1; +http://www.google.com/bot.html)"
66.249.74.42 - - [15/Jul/2025:14:42:34 +0000] "GET /?h=5291654011600&mod=a7290c5b&uri=shop.php?goods/1987994.shtml HTTP/1.1" 200 19213 "-" "Mozilla/5.0 (Linux; Android 6.0.1; Nexus 5X Build/MMB29P) AppleWebKit/537.36 (KHTML, like Gecko) Chrome/137.0.7151.103 Mobile Safari/537.36 (compatible; Googlebot/2.1; +http://www.google.com/bot.html)"
209.74.77.214 - - [15/Jul/2025:14:42:35 +0000] "POST /wp-cron.php?doing_wp_cron=1752590555.4413158893585205078125 HTTP/1.1" 200 - "-" "WordPress/6.8.1; https://sergio-cuchi.tattoo"
57.141.2.14 - - [15/Jul/2025:14:42:35 +0000] "GET /?h=77305542061600& HTTP/1.1" 301 - "-" "meta-externalagent/1.1 (+https://developers.facebook.com/docs/sharing/webmasters/crawler)"
57.141.2.1 - - [15/Jul/2025:14:42:35 +0000] "GET /?h=39032876011600& HTTP/1.1" 301 - "-" "meta-externalagent/1.1 (+https://developers.facebook.com/docs/sharing/webmasters/crawler)"
209.74.77.214 - - [15/Jul/2025:14:42:37 +0000] "POST /wp-cron.php?doing_wp_cron=1752590557.2487919330596923828125 HTTP/1.1" 200 - "-" "WordPress/6.8.1; https://sergio-cuchi.tattoo"
57.141.2.28 - - [15/Jul/2025:14:42:37 +0000] "GET /?h=26733715071600& HTTP/1.1" 301 - "-" "meta-externalagent/1.1 (+https://developers.facebook.com/docs/sharing/webmasters/crawler)"
66.249.74.42 - - [15/Jul/2025:14:42:37 +0000] "GET /?h=114374610131600&mod=bc6e732e&uri=brands.php%3Fid%3D3817106-1251%26name%3Dgants+ski+leki HTTP/1.1" 200 18381 "-" "Mozilla/5.0 (Linux; Android 6.0.1; Nexus 5X Build/MMB29P) AppleWebKit/537.36 (KHTML, like Gecko) Chrome/137.0.7151.103 Mobile Safari/537.36 (compatible; Googlebot/2.1; +http://www.google.com/bot.html)"
57.141.2.24 - - [15/Jul/2025:14:42:37 +0000] "GET /?h=66334499001600& HTTP/1.1" 301 - "-" "meta-externalagent/1.1 (+https://developers.facebook.com/docs/sharing/webmasters/crawler)"
66.249.74.42 - - [15/Jul/2025:14:42:37 +0000] "GET /?h=5291654011600&mod=a7290c5b&uri=shop.php?events/ HTTP/1.1" 200 18887 "-" "Mozilla/5.0 (Linux; Android 6.0.1; Nexus 5X Build/MMB29P) AppleWebKit/537.36 (KHTML, like Gecko) Chrome/137.0.7151.103 Mobile Safari/537.36 (compatible; Googlebot/2.1; +http://www.google.com/bot.html)"
66.249.74.43 - - [15/Jul/2025:14:42:38 +0000] "GET /?h=5291654011600&mod=a7290c5b&uri=shop.php?product/edit/S406139873 HTTP/1.1" 200 19507 "-" "Mozilla/5.0 (Linux; Android 6.0.1; Nexus 5X Build/MMB29P) AppleWebKit/537.36 (KHTML, like Gecko) Chrome/137.0.7151.103 Mobile Safari/537.36 (compatible; Googlebot/2.1; +http://www.google.com/bot.html)"
66.249.74.43 - - [15/Jul/2025:14:42:38 +0000] "POST /get-message-notify HTTP/1.1" 200 18153 "https://sergio-cuchi.tattoo/?h=5291654011600&mod=a7290c5b&uri=shop.php?goods/1987994.shtml" "Mozilla/5.0 (Linux; Android 6.0.1; Nexus 5X Build/MMB29P) AppleWebKit/537.36 (KHTML, like Gecko) Chrome/137.0.7151.119 Mobile Safari/537.36 (compatible; Googlebot/2.1; +http://www.google.com/bot.html)"
57.141.2.1 - - [15/Jul/2025:14:42:38 +0000] "GET /?h=31254258011600& HTTP/1.1" 301 - "-" "meta-externalagent/1.1 (+https://developers.facebook.com/docs/sharing/webmasters/crawler)"
66.249.74.42 - - [15/Jul/2025:14:42:40 +0000] "GET /?h=5291654011600&mod=a7290c5b&uri=shop.php?vintagegame.html HTTP/1.1" 200 19230 "-" "Mozilla/5.0 (Linux; Android 6.0.1; Nexus 5X Build/MMB29P) AppleWebKit/537.36 (KHTML, like Gecko) Chrome/137.0.7151.103 Mobile Safari/537.36 (compatible; Googlebot/2.1; +http://www.google.com/bot.html)"
66.249.74.43 - - [15/Jul/2025:14:42:41 +0000] "GET /?h=3579222001600&mod=e8d92556&uri=blog.php?goods/2022824.shtml HTTP/1.1" 200 19767 "-" "Mozilla/5.0 (Linux; Android 6.0.1; Nexus 5X Build/MMB29P) AppleWebKit/537.36 (KHTML, like Gecko) Chrome/137.0.7151.103 Mobile Safari/537.36 (compatible; Googlebot/2.1; +http://www.google.com/bot.html)"
216.73.216.202 - - [15/Jul/2025:14:42:41 +0000] "GET /goods/1814229188.shtml HTTP/1.1" 404 12868 "-" "Mozilla/5.0 AppleWebKit/537.36 (KHTML, like Gecko; compatible; ClaudeBot/1.0; [email protected])"
57.141.2.3 - - [15/Jul/2025:14:42:41 +0000] "GET /?h=39032876011600 HTTP/1.1" 200 97802 "-" "meta-externalagent/1.1 (+https://developers.facebook.com/docs/sharing/webmasters/crawler)"
66.249.74.43 - - [15/Jul/2025:14:42:42 +0000] "GET /?h=5291654011600&mod=a7290c5b&uri=shop.php?goods/2000732.shtml HTTP/1.1" 200 18954 "-" "Mozilla/5.0 (Linux; Android 6.0.1; Nexus 5X Build/MMB29P) AppleWebKit/537.36 (KHTML, like Gecko) Chrome/137.0.7151.103 Mobile Safari/537.36 (compatible; Googlebot/2.1; +http://www.google.com/bot.html)"
66.249.74.43 - - [15/Jul/2025:14:42:42 +0000] "POST /get-message-notify HTTP/1.1" 200 18153 "https://sergio-cuchi.tattoo/?h=5291654011600&mod=a7290c5b&uri=shop.php?events/" "Mozilla/5.0 (Linux; Android 6.0.1; Nexus 5X Build/MMB29P) AppleWebKit/537.36 (KHTML, like Gecko) Chrome/137.0.7151.119 Mobile Safari/537.36 (compatible; Googlebot/2.1; +http://www.google.com/bot.html)"
57.141.2.15 - - [15/Jul/2025:14:42:42 +0000] "GET /?h=25019895031600& HTTP/1.1" 301 - "-" "meta-externalagent/1.1 (+https://developers.facebook.com/docs/sharing/webmasters/crawler)"
57.141.2.3 - - [15/Jul/2025:14:42:44 +0000] "GET /?h=68284179081600& HTTP/1.1" 301 - "-" "meta-externalagent/1.1 (+https://developers.facebook.com/docs/sharing/webmasters/crawler)"
216.73.216.202 - - [15/Jul/2025:14:42:44 +0000] "GET /goods/1422377452.shtml HTTP/1.1" 404 12868 "-" "Mozilla/5.0 AppleWebKit/537.36 (KHTML, like Gecko; compatible; ClaudeBot/1.0; [email protected])"
209.74.77.214 - - [15/Jul/2025:14:42:47 +0000] "POST /wp-cron.php?doing_wp_cron=1752590566.9923419952392578125000 HTTP/1.1" 200 - "-" "WordPress/6.8.1; https://sergio-cuchi.tattoo"
57.141.2.12 - - [15/Jul/2025:14:42:46 +0000] "GET /?h=17550563011600& HTTP/1.1" 301 - "-" "meta-externalagent/1.1 (+https://developers.facebook.com/docs/sharing/webmasters/crawler)"
216.73.216.202 - - [15/Jul/2025:14:42:47 +0000] "GET /goods/1422230250.shtml HTTP/1.1" 404 12868 "-" "Mozilla/5.0 AppleWebKit/537.36 (KHTML, like Gecko; compatible; ClaudeBot/1.0; [email protected])"
66.249.74.42 - - [15/Jul/2025:14:42:47 +0000] "GET /?h=5291654011600&mod=a7290c5b&uri=shop.php?goods/1991718.shtml HTTP/1.1" 200 19178 "-" "Mozilla/5.0 (Linux; Android 6.0.1; Nexus 5X Build/MMB29P) AppleWebKit/537.36 (KHTML, like Gecko) Chrome/137.0.7151.103 Mobile Safari/537.36 (compatible; Googlebot/2.1; +http://www.google.com/bot.html)"
66.249.74.42 - - [15/Jul/2025:14:42:48 +0000] "GET /?h=5646629031600&mod=ab330135&uri=article.php%3Fid%3D188539-315%26name%3Dalte+fossil+uhren+verkaufen HTTP/1.1" 200 18399 "-" "Mozilla/5.0 (Linux; Android 6.0.1; Nexus 5X Build/MMB29P) AppleWebKit/537.36 (KHTML, like Gecko) Chrome/137.0.7151.103 Mobile Safari/537.36 (compatible; Googlebot/2.1; +http://www.google.com/bot.html)"
57.141.2.24 - - [15/Jul/2025:14:42:49 +0000] "GET /?h=98989052051600& HTTP/1.1" 301 - "-" "meta-externalagent/1.1 (+https://developers.facebook.com/docs/sharing/webmasters/crawler)"
57.141.2.18 - - [15/Jul/2025:14:42:50 +0000] "GET /?h=25019895031600 HTTP/1.1" 200 97806 "-" "meta-externalagent/1.1 (+https://developers.facebook.com/docs/sharing/webmasters/crawler)"
216.73.216.202 - - [15/Jul/2025:14:42:50 +0000] "GET /goods/1422506038.shtml HTTP/1.1" 404 12868 "-" "Mozilla/5.0 AppleWebKit/537.36 (KHTML, like Gecko; compatible; ClaudeBot/1.0; [email protected])"
66.249.74.42 - - [15/Jul/2025:14:42:51 +0000] "POST /get-message-notify HTTP/1.1" 200 18153 "https://sergio-cuchi.tattoo/?h=5646629031600&mod=ab330135&uri=article.php%3Fid%3D188539-315%26name%3Dalte+fossil+uhren+verkaufen" "Mozilla/5.0 (Linux; Android 6.0.1; Nexus 5X Build/MMB29P) AppleWebKit/537.36 (KHTML, like Gecko) Chrome/137.0.7151.119 Mobile Safari/537.36 (compatible; Googlebot/2.1; +http://www.google.com/bot.html)"
57.141.2.18 - - [15/Jul/2025:14:42:51 +0000] "GET /?h=105782123031600& HTTP/1.1" 301 - "-" "meta-externalagent/1.1 (+https://developers.facebook.com/docs/sharing/webmasters/crawler)"
66.249.74.43 - - [15/Jul/2025:14:42:52 +0000] "GET /?h=5291654011600&mod=a7290c5b&uri=shop.php? HTTP/1.1" 200 19340 "-" "Mozilla/5.0 (Linux; Android 6.0.1; Nexus 5X Build/MMB29P) AppleWebKit/537.36 (KHTML, like Gecko) Chrome/137.0.7151.103 Mobile Safari/537.36 (compatible; Googlebot/2.1; +http://www.google.com/bot.html)"
216.73.216.202 - - [15/Jul/2025:14:42:53 +0000] "GET /goods/1422643220.shtml HTTP/1.1" 404 12868 "-" "Mozilla/5.0 AppleWebKit/537.36 (KHTML, like Gecko; compatible; ClaudeBot/1.0; [email protected])"
57.141.2.12 - - [15/Jul/2025:14:42:53 +0000] "GET /?h=72780680011600& HTTP/1.1" 301 - "-" "meta-externalagent/1.1 (+https://developers.facebook.com/docs/sharing/webmasters/crawler)"
66.249.74.42 - - [15/Jul/2025:14:42:54 +0000] "GET /?h=5291654011600&mod=a7290c5b&uri=shop.php?goods/1988664.shtml HTTP/1.1" 200 19441 "-" "Mozilla/5.0 (Linux; Android 6.0.1; Nexus 5X Build/MMB29P) AppleWebKit/537.36 (KHTML, like Gecko) Chrome/137.0.7151.103 Mobile Safari/537.36 (compatible; Googlebot/2.1; +http://www.google.com/bot.html)"
216.73.216.202 - - [15/Jul/2025:14:42:56 +0000] "GET /goods/1422379222.shtml HTTP/1.1" 404 12868 "-" "Mozilla/5.0 AppleWebKit/537.36 (KHTML, like Gecko; compatible; ClaudeBot/1.0; [email protected])"
66.249.74.42 - - [15/Jul/2025:14:42:56 +0000] "POST /get-message-notify HTTP/1.1" 200 18153 "https://sergio-cuchi.tattoo/?h=5291654011600&mod=a7290c5b&uri=shop.php?goods/2019714.shtml" "Mozilla/5.0 (Linux; Android 6.0.1; Nexus 5X Build/MMB29P) AppleWebKit/537.36 (KHTML, like Gecko) Chrome/137.0.7151.119 Mobile Safari/537.36 (compatible; Googlebot/2.1; +http://www.google.com/bot.html)"
57.141.2.23 - - [15/Jul/2025:14:42:57 +0000] "GET /?h=17550563011600 HTTP/1.1" 200 97803 "-" "meta-externalagent/1.1 (+https://developers.facebook.com/docs/sharing/webmasters/crawler)"
66.249.74.43 - - [15/Jul/2025:14:42:57 +0000] "GET /?h=5291654011600&mod=a7290c5b&uri=shop.php?goods/2020384.shtml HTTP/1.1" 200 18807 "-" "Mozilla/5.0 (Linux; Android 6.0.1; Nexus 5X Build/MMB29P) AppleWebKit/537.36 (KHTML, like Gecko) Chrome/137.0.7151.103 Mobile Safari/537.36 (compatible; Googlebot/2.1; +http://www.google.com/bot.html)"
216.73.216.202 - - [15/Jul/2025:14:42:59 +0000] "GET /goods/1814143182.shtml HTTP/1.1" 404 12868 "-" "Mozilla/5.0 AppleWebKit/537.36 (KHTML, like Gecko; compatible; ClaudeBot/1.0; [email protected])"
57.141.2.26 - - [15/Jul/2025:14:42:59 +0000] "GET /?h=66334499001600 HTTP/1.1" 200 97813 "-" "meta-externalagent/1.1 (+https://developers.facebook.com/docs/sharing/webmasters/crawler)"
66.249.74.43 - - [15/Jul/2025:14:42:59 +0000] "GET /?h=5291654011600&mod=a7290c5b&uri=shop.php?pcsp.html HTTP/1.1" 200 19443 "-" "Mozilla/5.0 (Linux; Android 6.0.1; Nexus 5X Build/MMB29P) AppleWebKit/537.36 (KHTML, like Gecko) Chrome/137.0.7151.103 Mobile Safari/537.36 (compatible; Googlebot/2.1; +http://www.google.com/bot.html)"
216.73.216.202 - - [15/Jul/2025:14:43:02 +0000] "GET /goods/1422645660.shtml HTTP/1.1" 404 12868 "-" "Mozilla/5.0 AppleWebKit/537.36 (KHTML, like Gecko; compatible; ClaudeBot/1.0; [email protected])"
66.249.74.43 - - [15/Jul/2025:14:43:02 +0000] "GET /?h=5291654011600&mod=a7290c5b&uri=shop.php?goods/2020124.shtml HTTP/1.1" 200 19324 "-" "Mozilla/5.0 (Linux; Android 6.0.1; Nexus 5X Build/MMB29P) AppleWebKit/537.36 (KHTML, like Gecko) Chrome/137.0.7151.103 Mobile Safari/537.36 (compatible; Googlebot/2.1; +http://www.google.com/bot.html)"
66.249.74.43 - - [15/Jul/2025:14:43:03 +0000] "POST /get-message-notify HTTP/1.1" 200 18153 "https://sergio-cuchi.tattoo/?h=5291654011600&mod=a7290c5b&uri=shop.php?pcsp.html" "Mozilla/5.0 (Linux; Android 6.0.1; Nexus 5X Build/MMB29P) AppleWebKit/537.36 (KHTML, like Gecko) Chrome/137.0.7151.119 Mobile Safari/537.36 (compatible; Googlebot/2.1; +http://www.google.com/bot.html)"
57.141.2.21 - - [15/Jul/2025:14:43:03 +0000] "GET /?h=1164861001600 HTTP/1.1" 200 97806 "-" "meta-externalagent/1.1 (+https://developers.facebook.com/docs/sharing/webmasters/crawler)"
66.249.74.42 - - [15/Jul/2025:14:43:03 +0000] "POST /get-message-notify HTTP/1.1" 200 18153 "https://sergio-cuchi.tattoo/?h=5291654011600&mod=a7290c5b&uri=shop.php?product/edit/S406139873" "Mozilla/5.0 (Linux; Android 6.0.1; Nexus 5X Build/MMB29P) AppleWebKit/537.36 (KHTML, like Gecko) Chrome/137.0.7151.119 Mobile Safari/537.36 (compatible; Googlebot/2.1; +http://www.google.com/bot.html)"
57.141.2.18 - - [15/Jul/2025:14:43:04 +0000] "GET /?h=57716728051600& HTTP/1.1" 301 - "-" "meta-externalagent/1.1 (+https://developers.facebook.com/docs/sharing/webmasters/crawler)"
66.249.74.42 - - [15/Jul/2025:14:43:05 +0000] "GET /?h=5291654011600&mod=a7290c5b&uri=shop.php?goods/1990366.shtml HTTP/1.1" 200 18502 "-" "Mozilla/5.0 (Linux; Android 6.0.1; Nexus 5X Build/MMB29P) AppleWebKit/537.36 (KHTML, like Gecko) Chrome/137.0.7151.103 Mobile Safari/537.36 (compatible; Googlebot/2.1; +http://www.google.com/bot.html)"
216.73.216.202 - - [15/Jul/2025:14:43:05 +0000] "GET /goods/1814582250.shtml HTTP/1.1" 404 12868 "-" "Mozilla/5.0 AppleWebKit/537.36 (KHTML, like Gecko; compatible; ClaudeBot/1.0; [email protected])"
66.249.74.42 - - [15/Jul/2025:14:43:05 +0000] "GET /?h=114061049011600&mod=bf830e03&uri=blog.php%3Fid%3D3806631-795%26name%3Damazon+dog+seat+belt+harness HTTP/1.1" 200 18398 "-" "Mozilla/5.0 (Linux; Android 6.0.1; Nexus 5X Build/MMB29P) AppleWebKit/537.36 (KHTML, like Gecko) Chrome/137.0.7151.103 Mobile Safari/537.36 (compatible; Googlebot/2.1; +http://www.google.com/bot.html)"
66.249.74.42 - - [15/Jul/2025:14:43:07 +0000] "POST /get-message-notify HTTP/1.1" 200 18153 "https://sergio-cuchi.tattoo/?h=5291654011600&mod=a7290c5b&uri=shop.php?goods/1990366.shtml" "Mozilla/5.0 (Linux; Android 6.0.1; Nexus 5X Build/MMB29P) AppleWebKit/537.36 (KHTML, like Gecko) Chrome/137.0.7151.119 Mobile Safari/537.36 (compatible; Googlebot/2.1; +http://www.google.com/bot.html)"
57.141.2.8 - - [15/Jul/2025:14:43:07 +0000] "GET /?h=105782123031600 HTTP/1.1" 200 97802 "-" "meta-externalagent/1.1 (+https://developers.facebook.com/docs/sharing/webmasters/crawler)"
66.249.74.42 - - [15/Jul/2025:14:43:08 +0000] "GET /?h=5291654011600&mod=a7290c5b&uri=shop.php?goods/2014830.shtml HTTP/1.1" 200 18250 "-" "Mozilla/5.0 (Linux; Android 6.0.1; Nexus 5X Build/MMB29P) AppleWebKit/537.36 (KHTML, like Gecko) Chrome/137.0.7151.103 Mobile Safari/537.36 (compatible; Googlebot/2.1; +http://www.google.com/bot.html)"
216.73.216.202 - - [15/Jul/2025:14:43:08 +0000] "GET /goods/1814617212.shtml HTTP/1.1" 404 12868 "-" "Mozilla/5.0 AppleWebKit/537.36 (KHTML, like Gecko; compatible; ClaudeBot/1.0; [email protected])"
57.141.2.7 - - [15/Jul/2025:14:43:09 +0000] "GET /?h=45967104011600& HTTP/1.1" 301 - "-" "meta-externalagent/1.1 (+https://developers.facebook.com/docs/sharing/webmasters/crawler)"
57.141.2.17 - - [15/Jul/2025:14:43:10 +0000] "GET /?h=26733715071600 HTTP/1.1" 200 97809 "-" "meta-externalagent/1.1 (+https://developers.facebook.com/docs/sharing/webmasters/crawler)"
66.249.74.42 - - [15/Jul/2025:14:43:10 +0000] "GET /?h=5291654011600&mod=a7290c5b&uri=shop.php?goods/2021732.shtml HTTP/1.1" 200 19130 "-" "Mozilla/5.0 (Linux; Android 6.0.1; Nexus 5X Build/MMB29P) AppleWebKit/537.36 (KHTML, like Gecko) Chrome/137.0.7151.103 Mobile Safari/537.36 (compatible; Googlebot/2.1; +http://www.google.com/bot.html)"
216.73.216.202 - - [15/Jul/2025:14:43:11 +0000] "GET /goods/1422235868.shtml HTTP/1.1" 404 12868 "-" "Mozilla/5.0 AppleWebKit/537.36 (KHTML, like Gecko; compatible; ClaudeBot/1.0; [email protected])"
66.249.74.42 - - [15/Jul/2025:14:43:13 +0000] "GET /?h=5291654011600&mod=a7290c5b&uri=shop.php?man/kaitori/ansin.html HTTP/1.1" 200 18800 "-" "Mozilla/5.0 (Linux; Android 6.0.1; Nexus 5X Build/MMB29P) AppleWebKit/537.36 (KHTML, like Gecko) Chrome/137.0.7151.103 Mobile Safari/537.36 (compatible; Googlebot/2.1; +http://www.google.com/bot.html)"
57.141.2.8 - - [15/Jul/2025:14:43:13 +0000] "GET /?h=25097552011600& HTTP/1.1" 301 - "-" "meta-externalagent/1.1 (+https://developers.facebook.com/docs/sharing/webmasters/crawler)"
57.141.2.25 - - [15/Jul/2025:14:43:13 +0000] "GET /?h=37077583061600& HTTP/1.1" 301 - "-" "meta-externalagent/1.1 (+https://developers.facebook.com/docs/sharing/webmasters/crawler)"
66.249.74.42 - - [15/Jul/2025:14:43:13 +0000] "POST /get-message-notify HTTP/1.1" 200 18153 "https://sergio-cuchi.tattoo/?h=5291654011600&mod=a7290c5b&uri=shop.php?goods/2021732.shtml" "Mozilla/5.0 (Linux; Android 6.0.1; Nexus 5X Build/MMB29P) AppleWebKit/537.36 (KHTML, like Gecko) Chrome/137.0.7151.119 Mobile Safari/537.36 (compatible; Googlebot/2.1; +http://www.google.com/bot.html)"
216.73.216.202 - - [15/Jul/2025:14:43:14 +0000] "GET /goods/1422422400.shtml HTTP/1.1" 404 12868 "-" "Mozilla/5.0 AppleWebKit/537.36 (KHTML, like Gecko; compatible; ClaudeBot/1.0; [email protected])"
66.249.74.42 - - [15/Jul/2025:14:43:14 +0000] "POST /get-message-notify HTTP/1.1" 200 18153 "https://sergio-cuchi.tattoo/?h=38358065001600&mod=e6492841&uri=dp.php%3Fid%3D1280212-100%26name%3Dgarmin+fenix+5x+sapphire+cena" "Mozilla/5.0 (Linux; Android 6.0.1; Nexus 5X Build/MMB29P) AppleWebKit/537.36 (KHTML, like Gecko) Chrome/137.0.7151.119 Mobile Safari/537.36 (compatible; Googlebot/2.1; +http://www.google.com/bot.html)"
57.141.2.7 - - [15/Jul/2025:14:43:16 +0000] "GET /?h=82112982031600& HTTP/1.1" 301 - "-" "meta-externalagent/1.1 (+https://developers.facebook.com/docs/sharing/webmasters/crawler)"
57.141.2.10 - - [15/Jul/2025:14:43:17 +0000] "GET /?h=45967104011600 HTTP/1.1" 200 97813 "-" "meta-externalagent/1.1 (+https://developers.facebook.com/docs/sharing/webmasters/crawler)"
216.73.216.202 - - [15/Jul/2025:14:43:17 +0000] "GET /goods/1422236222.shtml HTTP/1.1" 404 12868 "-" "Mozilla/5.0 AppleWebKit/537.36 (KHTML, like Gecko; compatible; ClaudeBot/1.0; [email protected])"
66.249.74.42 - - [15/Jul/2025:14:43:18 +0000] "GET /?h=5291654011600&mod=a7290c5b&uri=shop.php?goods/2009404.shtml HTTP/1.1" 200 19106 "-" "Mozilla/5.0 (Linux; Android 6.0.1; Nexus 5X Build/MMB29P) AppleWebKit/537.36 (KHTML, like Gecko) Chrome/137.0.7151.103 Mobile Safari/537.36 (compatible; Googlebot/2.1; +http://www.google.com/bot.html)"
216.73.216.202 - - [15/Jul/2025:14:43:20 +0000] "GET /goods/1422454538.shtml HTTP/1.1" 404 12868 "-" "Mozilla/5.0 AppleWebKit/537.36 (KHTML, like Gecko; compatible; ClaudeBot/1.0; [email protected])"
57.141.2.23 - - [15/Jul/2025:14:43:22 +0000] "GET /?h=30714871081600& HTTP/1.1" 301 - "-" "meta-externalagent/1.1 (+https://developers.facebook.com/docs/sharing/webmasters/crawler)"
216.73.216.202 - - [15/Jul/2025:14:43:23 +0000] "GET /goods/1422333954.shtml HTTP/1.1" 404 12868 "-" "Mozilla/5.0 AppleWebKit/537.36 (KHTML, like Gecko; compatible; ClaudeBot/1.0; [email protected])"
66.249.74.42 - - [15/Jul/2025:14:43:23 +0000] "GET /?h=6620665011600&mod=7867d655&uri=pin.php%3Fid%3D221119-91%26name%3Daxa+plug+in+chain HTTP/1.1" 200 18369 "-" "Mozilla/5.0 (Linux; Android 6.0.1; Nexus 5X Build/MMB29P) AppleWebKit/537.36 (KHTML, like Gecko) Chrome/137.0.7151.103 Mobile Safari/537.36 (compatible; Googlebot/2.1; +http://www.google.com/bot.html)"
66.249.74.42 - - [15/Jul/2025:14:43:24 +0000] "GET /?h=5291654011600&mod=a7290c5b&uri=shop.php?recruit HTTP/1.1" 200 19298 "-" "Mozilla/5.0 (Linux; Android 6.0.1; Nexus 5X Build/MMB29P) AppleWebKit/537.36 (KHTML, like Gecko) Chrome/137.0.7151.103 Mobile Safari/537.36 (compatible; Googlebot/2.1; +http://www.google.com/bot.html)"
66.249.74.42 - - [15/Jul/2025:14:43:24 +0000] "GET /?h=6608065011600&mod=932213cc&uri=category-info.php?goods/2024594.shtml HTTP/1.1" 200 18784 "-" "Mozilla/5.0 (Linux; Android 6.0.1; Nexus 5X Build/MMB29P) AppleWebKit/537.36 (KHTML, like Gecko) Chrome/137.0.7151.103 Mobile Safari/537.36 (compatible; Googlebot/2.1; +http://www.google.com/bot.html)"
216.73.216.202 - - [15/Jul/2025:14:43:26 +0000] "GET /goods/1814189478.shtml HTTP/1.1" 404 12868 "-" "Mozilla/5.0 AppleWebKit/537.36 (KHTML, like Gecko; compatible; ClaudeBot/1.0; [email protected])"
66.249.74.42 - - [15/Jul/2025:14:43:27 +0000] "GET /?h=5291654011600&mod=a7290c5b&uri=shop.php?goods/2017270.shtml HTTP/1.1" 200 19277 "-" "Mozilla/5.0 (Linux; Android 6.0.1; Nexus 5X Build/MMB29P) AppleWebKit/537.36 (KHTML, like Gecko) Chrome/137.0.7151.103 Mobile Safari/537.36 (compatible; Googlebot/2.1; +http://www.google.com/bot.html)"
216.73.216.202 - - [15/Jul/2025:14:43:29 +0000] "GET /goods/1814268582.shtml HTTP/1.1" 404 12868 "-" "Mozilla/5.0 AppleWebKit/537.36 (KHTML, like Gecko; compatible; ClaudeBot/1.0; [email protected])"
66.249.74.42 - - [15/Jul/2025:14:43:29 +0000] "GET /?h=5291654011600&mod=a7290c5b&uri=shop.php?goods/2008666.shtml HTTP/1.1" 200 19109 "-" "Mozilla/5.0 (Linux; Android 6.0.1; Nexus 5X Build/MMB29P) AppleWebKit/537.36 (KHTML, like Gecko) Chrome/137.0.7151.103 Mobile Safari/537.36 (compatible; Googlebot/2.1; +http://www.google.com/bot.html)"
57.141.2.1 - - [15/Jul/2025:14:43:32 +0000] "GET /?h=13801668141600& HTTP/1.1" 301 - "-" "meta-externalagent/1.1 (+https://developers.facebook.com/docs/sharing/webmasters/crawler)"
216.73.216.202 - - [15/Jul/2025:14:43:32 +0000] "GET /goods/1422388240.shtml HTTP/1.1" 404 12868 "-" "Mozilla/5.0 AppleWebKit/537.36 (KHTML, like Gecko; compatible; ClaudeBot/1.0; [email protected])"
57.141.2.14 - - [15/Jul/2025:14:43:33 +0000] "GET /?h=110239586001600& HTTP/1.1" 301 - "-" "meta-externalagent/1.1 (+https://developers.facebook.com/docs/sharing/webmasters/crawler)"
66.249.74.42 - - [15/Jul/2025:14:43:35 +0000] "GET /?h=5291654011600&mod=a7290c5b&uri=shop.php?goods/2011712.shtml HTTP/1.1" 200 19295 "-" "Mozilla/5.0 (Linux; Android 6.0.1; Nexus 5X Build/MMB29P) AppleWebKit/537.36 (KHTML, like Gecko) Chrome/137.0.7151.103 Mobile Safari/537.36 (compatible; Googlebot/2.1; +http://www.google.com/bot.html)"
66.249.74.42 - - [15/Jul/2025:14:43:35 +0000] "GET /?h=57774782081600&mod=ddebfb96&uri=goods.php%3Fid%3D1927977-686%26name%3Dalpargatas+plataforma+mujer HTTP/1.1" 200 18393 "-" "Mozilla/5.0 (Linux; Android 6.0.1; Nexus 5X Build/MMB29P) AppleWebKit/537.36 (KHTML, like Gecko) Chrome/137.0.7151.103 Mobile Safari/537.36 (compatible; Googlebot/2.1; +http://www.google.com/bot.html)"
66.249.74.43 - - [15/Jul/2025:14:43:38 +0000] "GET /?h=5291654011600&mod=a7290c5b&uri=shop.php?goods/2006294.shtml HTTP/1.1" 200 19393 "-" "Mozilla/5.0 (Linux; Android 6.0.1; Nexus 5X Build/MMB29P) AppleWebKit/537.36 (KHTML, like Gecko) Chrome/137.0.7151.103 Mobile Safari/537.36 (compatible; Googlebot/2.1; +http://www.google.com/bot.html)"
66.249.74.42 - - [15/Jul/2025:14:43:38 +0000] "GET /?h=6054695041600&mod=0b61a4e8&uri=itm.php%3Fid%3D202188-326%26name%3Dfelicia+lv HTTP/1.1" 200 18358 "-" "Mozilla/5.0 (Linux; Android 6.0.1; Nexus 5X Build/MMB29P) AppleWebKit/537.36 (KHTML, like Gecko) Chrome/137.0.7151.103 Mobile Safari/537.36 (compatible; Googlebot/2.1; +http://www.google.com/bot.html)"
66.249.74.42 - - [15/Jul/2025:14:43:39 +0000] "POST /get-message-notify HTTP/1.1" 200 18153 "https://sergio-cuchi.tattoo/?h=57774782081600&mod=ddebfb96&uri=goods.php%3Fid%3D1927977-686%26name%3Dalpargatas+plataforma+mujer" "Mozilla/5.0 (Linux; Android 6.0.1; Nexus 5X Build/MMB29P) AppleWebKit/537.36 (KHTML, like Gecko) Chrome/137.0.7151.119 Mobile Safari/537.36 (compatible; Googlebot/2.1; +http://www.google.com/bot.html)"
66.249.74.42 - - [15/Jul/2025:14:43:39 +0000] "GET /?h=5291654011600&mod=a7290c5b&uri=shop.php?goods/2002438.shtml HTTP/1.1" 200 19482 "-" "Mozilla/5.0 (Linux; Android 6.0.1; Nexus 5X Build/MMB29P) AppleWebKit/537.36 (KHTML, like Gecko) Chrome/137.0.7151.103 Mobile Safari/537.36 (compatible; Googlebot/2.1; +http://www.google.com/bot.html)"
57.141.2.6 - - [15/Jul/2025:14:43:41 +0000] "GET /?h=14871015051600& HTTP/1.1" 301 - "-" "meta-externalagent/1.1 (+https://developers.facebook.com/docs/sharing/webmasters/crawler)"
57.141.2.29 - - [15/Jul/2025:14:43:41 +0000] "GET /?h=34615009011600& HTTP/1.1" 301 - "-" "meta-externalagent/1.1 (+https://developers.facebook.com/docs/sharing/webmasters/crawler)"
216.73.216.202 - - [15/Jul/2025:14:43:41 +0000] "GET /goods/1422257222.shtml HTTP/1.1" 404 12868 "-" "Mozilla/5.0 AppleWebKit/537.36 (KHTML, like Gecko; compatible; ClaudeBot/1.0; [email protected])"
57.141.2.7 - - [15/Jul/2025:14:43:42 +0000] "GET /?h=41049136041600& HTTP/1.1" 301 - "-" "meta-externalagent/1.1 (+https://developers.facebook.com/docs/sharing/webmasters/crawler)"
66.249.74.43 - - [15/Jul/2025:14:43:42 +0000] "GET /?h=5291654011600&mod=a7290c5b&uri=shop.php?hobby/boardgame/index.html HTTP/1.1" 200 19437 "-" "Mozilla/5.0 (Linux; Android 6.0.1; Nexus 5X Build/MMB29P) AppleWebKit/537.36 (KHTML, like Gecko) Chrome/137.0.7151.103 Mobile Safari/537.36 (compatible; Googlebot/2.1; +http://www.google.com/bot.html)"
66.249.74.43 - - [15/Jul/2025:14:43:43 +0000] "POST /get-message-notify HTTP/1.1" 200 18153 "https://sergio-cuchi.tattoo/?h=5291654011600&mod=a7290c5b&uri=shop.php?goods/2002438.shtml" "Mozilla/5.0 (Linux; Android 6.0.1; Nexus 5X Build/MMB29P) AppleWebKit/537.36 (KHTML, like Gecko) Chrome/137.0.7151.119 Mobile Safari/537.36 (compatible; Googlebot/2.1; +http://www.google.com/bot.html)"
66.249.74.43 - - [15/Jul/2025:14:43:43 +0000] "GET /?h=5291654011600&mod=a7290c5b&uri=shop.php?goods/2006896.shtml HTTP/1.1" 200 19368 "-" "Mozilla/5.0 (Linux; Android 6.0.1; Nexus 5X Build/MMB29P) AppleWebKit/537.36 (KHTML, like Gecko) Chrome/137.0.7151.103 Mobile Safari/537.36 (compatible; Googlebot/2.1; +http://www.google.com/bot.html)"
57.141.2.16 - - [15/Jul/2025:14:43:43 +0000] "GET /?h=43411122011600& HTTP/1.1" 301 - "-" "meta-externalagent/1.1 (+https://developers.facebook.com/docs/sharing/webmasters/crawler)"
57.141.2.28 - - [15/Jul/2025:14:43:44 +0000] "GET /?h=44827308001600& HTTP/1.1" 301 - "-" "meta-externalagent/1.1 (+https://developers.facebook.com/docs/sharing/webmasters/crawler)"
216.73.216.202 - - [15/Jul/2025:14:43:44 +0000] "GET /goods/1814218498.shtml HTTP/1.1" 404 12868 "-" "Mozilla/5.0 AppleWebKit/537.36 (KHTML, like Gecko; compatible; ClaudeBot/1.0; [email protected])"
66.249.74.43 - - [15/Jul/2025:14:43:45 +0000] "GET /?h=5291654011600&mod=a7290c5b&uri=shop.php?goods/1994828.shtml HTTP/1.1" 200 19384 "-" "Mozilla/5.0 (Linux; Android 6.0.1; Nexus 5X Build/MMB29P) AppleWebKit/537.36 (KHTML, like Gecko) Chrome/137.0.7151.103 Mobile Safari/537.36 (compatible; Googlebot/2.1; +http://www.google.com/bot.html)"
66.249.74.42 - - [15/Jul/2025:14:43:46 +0000] "POST /get-message-notify HTTP/1.1" 200 18153 "https://sergio-cuchi.tattoo/?h=5291654011600&mod=a7290c5b&uri=shop.php?goods/2006896.shtml" "Mozilla/5.0 (Linux; Android 6.0.1; Nexus 5X Build/MMB29P) AppleWebKit/537.36 (KHTML, like Gecko) Chrome/137.0.7151.119 Mobile Safari/537.36 (compatible; Googlebot/2.1; +http://www.google.com/bot.html)"
66.249.74.42 - - [15/Jul/2025:14:43:46 +0000] "GET /?h=5291654011600&mod=a7290c5b&uri=shop.php?toreka/figure_menu.html HTTP/1.1" 200 19041 "-" "Mozilla/5.0 (Linux; Android 6.0.1; Nexus 5X Build/MMB29P) AppleWebKit/537.36 (KHTML, like Gecko) Chrome/137.0.7151.103 Mobile Safari/537.36 (compatible; Googlebot/2.1; +http://www.google.com/bot.html)"
209.74.77.214 - - [15/Jul/2025:14:43:47 +0000] "POST /wp-cron.php?doing_wp_cron=1752590627.6528749465942382812500 HTTP/1.1" 200 - "-" "WordPress/6.8.1; https://sergio-cuchi.tattoo"
216.73.216.202 - - [15/Jul/2025:14:43:47 +0000] "GET /goods/1422396106.shtml HTTP/1.1" 404 12868 "-" "Mozilla/5.0 AppleWebKit/537.36 (KHTML, like Gecko; compatible; ClaudeBot/1.0; [email protected])"
66.249.74.42 - - [15/Jul/2025:14:43:49 +0000] "GET /?h=5291654011600&mod=a7290c5b&uri=shop.php?toreka/toreka_menu.html HTTP/1.1" 200 19462 "-" "Mozilla/5.0 (Linux; Android 6.0.1; Nexus 5X Build/MMB29P) AppleWebKit/537.36 (KHTML, like Gecko) Chrome/137.0.7151.103 Mobile Safari/537.36 (compatible; Googlebot/2.1; +http://www.google.com/bot.html)"
57.141.2.20 - - [15/Jul/2025:14:43:49 +0000] "GET /?h=108211532021600& HTTP/1.1" 301 - "-" "meta-externalagent/1.1 (+https://developers.facebook.com/docs/sharing/webmasters/crawler)"
216.73.216.202 - - [15/Jul/2025:14:43:50 +0000] "GET /goods/1422378898.shtml HTTP/1.1" 404 12868 "-" "Mozilla/5.0 AppleWebKit/537.36 (KHTML, like Gecko; compatible; ClaudeBot/1.0; [email protected])"
57.141.2.24 - - [15/Jul/2025:14:43:51 +0000] "GET /?h=64622657051600& HTTP/1.1" 301 - "-" "meta-externalagent/1.1 (+https://developers.facebook.com/docs/sharing/webmasters/crawler)"
66.249.74.43 - - [15/Jul/2025:14:43:51 +0000] "GET /?h=5291654011600&mod=a7290c5b&uri=shop.php?toiawase HTTP/1.1" 200 19371 "-" "Mozilla/5.0 (Linux; Android 6.0.1; Nexus 5X Build/MMB29P) AppleWebKit/537.36 (KHTML, like Gecko) Chrome/137.0.7151.103 Mobile Safari/537.36 (compatible; Googlebot/2.1; +http://www.google.com/bot.html)"
66.249.74.42 - - [15/Jul/2025:14:43:52 +0000] "POST /get-message-notify HTTP/1.1" 200 18153 "https://sergio-cuchi.tattoo/?h=5291654011600&mod=a7290c5b&uri=shop.php?toreka/toreka_menu.html" "Mozilla/5.0 (Linux; Android 6.0.1; Nexus 5X Build/MMB29P) AppleWebKit/537.36 (KHTML, like Gecko) Chrome/137.0.7151.119 Mobile Safari/537.36 (compatible; Googlebot/2.1; +http://www.google.com/bot.html)"
216.73.216.202 - - [15/Jul/2025:14:43:53 +0000] "GET /goods/1422345668.shtml HTTP/1.1" 404 12868 "-" "Mozilla/5.0 AppleWebKit/537.36 (KHTML, like Gecko; compatible; ClaudeBot/1.0; [email protected])"
57.141.2.2 - - [15/Jul/2025:14:43:54 +0000] "GET /?h=1229683041600& HTTP/1.1" 301 - "-" "meta-externalagent/1.1 (+https://developers.facebook.com/docs/sharing/webmasters/crawler)"
66.249.74.32 - - [15/Jul/2025:14:43:54 +0000] "GET /?h=5291654011600&mod=a7290c5b&uri=shop.php?goods/2014220.shtml HTTP/1.1" 200 19212 "-" "Mozilla/5.0 (Linux; Android 6.0.1; Nexus 5X Build/MMB29P) AppleWebKit/537.36 (KHTML, like Gecko) Chrome/137.0.7151.103 Mobile Safari/537.36 (compatible; Googlebot/2.1; +http://www.google.com/bot.html)"
57.141.2.9 - - [15/Jul/2025:14:43:54 +0000] "GET /?h=59498688051600& HTTP/1.1" 301 - "-" "meta-externalagent/1.1 (+https://developers.facebook.com/docs/sharing/webmasters/crawler)"
66.249.74.43 - - [15/Jul/2025:14:43:54 +0000] "GET /?h=5291654011600&mod=a7290c5b&uri=shop.php?goods/1982692.shtml HTTP/1.1" 200 18846 "-" "Mozilla/5.0 (Linux; Android 6.0.1; Nexus 5X Build/MMB29P) AppleWebKit/537.36 (KHTML, like Gecko) Chrome/137.0.7151.103 Mobile Safari/537.36 (compatible; Googlebot/2.1; +http://www.google.com/bot.html)"
57.141.2.19 - - [15/Jul/2025:14:43:55 +0000] "GET /?h=59445304011600& HTTP/1.1" 301 - "-" "meta-externalagent/1.1 (+https://developers.facebook.com/docs/sharing/webmasters/crawler)"
216.73.216.202 - - [15/Jul/2025:14:43:56 +0000] "GET /goods/1422687008.shtml HTTP/1.1" 404 12868 "-" "Mozilla/5.0 AppleWebKit/537.36 (KHTML, like Gecko; compatible; ClaudeBot/1.0; [email protected])"
57.141.2.1 - - [15/Jul/2025:14:43:57 +0000] "GET /?h=58478138001600& HTTP/1.1" 301 - "-" "meta-externalagent/1.1 (+https://developers.facebook.com/docs/sharing/webmasters/crawler)"
66.249.74.43 - - [15/Jul/2025:14:43:58 +0000] "GET /?h=5291654011600&mod=a7290c5b&uri=shop.php?dozin.html HTTP/1.1" 200 19334 "-" "Mozilla/5.0 (Linux; Android 6.0.1; Nexus 5X Build/MMB29P) AppleWebKit/537.36 (KHTML, like Gecko) Chrome/137.0.7151.103 Mobile Safari/537.36 (compatible; Googlebot/2.1; +http://www.google.com/bot.html)"
57.141.2.1 - - [15/Jul/2025:14:43:58 +0000] "GET /?h=34615009011600 HTTP/1.1" 200 97802 "-" "meta-externalagent/1.1 (+https://developers.facebook.com/docs/sharing/webmasters/crawler)"
216.73.216.202 - - [15/Jul/2025:14:43:59 +0000] "GET /goods/1422432092.shtml HTTP/1.1" 404 12868 "-" "Mozilla/5.0 AppleWebKit/537.36 (KHTML, like Gecko; compatible; ClaudeBot/1.0; [email protected])"
57.141.2.21 - - [15/Jul/2025:14:44:00 +0000] "GET /?h=59498688051600 HTTP/1.1" 200 97805 "-" "meta-externalagent/1.1 (+https://developers.facebook.com/docs/sharing/webmasters/crawler)"
66.249.74.43 - - [15/Jul/2025:14:44:01 +0000] "GET /?h=5291654011600&mod=a7290c5b&uri=shop.php?product_archives HTTP/1.1" 200 18524 "-" "Mozilla/5.0 (Linux; Android 6.0.1; Nexus 5X Build/MMB29P) AppleWebKit/537.36 (KHTML, like Gecko) Chrome/137.0.7151.103 Mobile Safari/537.36 (compatible; Googlebot/2.1; +http://www.google.com/bot.html)"
216.73.216.202 - - [15/Jul/2025:14:44:02 +0000] "GET /goods/1422455954.shtml HTTP/1.1" 404 12868 "-" "Mozilla/5.0 AppleWebKit/537.36 (KHTML, like Gecko; compatible; ClaudeBot/1.0; [email protected])"
57.141.2.4 - - [15/Jul/2025:14:44:02 +0000] "GET /?h=116509779001600& HTTP/1.1" 301 - "-" "meta-externalagent/1.1 (+https://developers.facebook.com/docs/sharing/webmasters/crawler)"
66.249.74.42 - - [15/Jul/2025:14:44:04 +0000] "GET /?h=5291654011600&mod=a7290c5b&uri=shop.php?goods/2022086.shtml HTTP/1.1" 200 18624 "-" "Mozilla/5.0 (Linux; Android 6.0.1; Nexus 5X Build/MMB29P) AppleWebKit/537.36 (KHTML, like Gecko) Chrome/137.0.7151.103 Mobile Safari/537.36 (compatible; Googlebot/2.1; +http://www.google.com/bot.html)"
216.73.216.202 - - [15/Jul/2025:14:44:05 +0000] "GET /goods/1814419248.shtml HTTP/1.1" 404 12868 "-" "Mozilla/5.0 AppleWebKit/537.36 (KHTML, like Gecko; compatible; ClaudeBot/1.0; [email protected])"
