216.73.216.40 - - [16/Jul/2025:13:35:50 +0000] "GET /detail/endin81314671.html HTTP/1.1" 404 10875 "-" "Mozilla/5.0 AppleWebKit/537.36 (KHTML, like Gecko; compatible; ClaudeBot/1.0; [email protected])"
216.73.216.40 - - [16/Jul/2025:13:35:53 +0000] "GET /detail/surpr22633065.html HTTP/1.1" 404 10874 "-" "Mozilla/5.0 AppleWebKit/537.36 (KHTML, like Gecko; compatible; ClaudeBot/1.0; [email protected])"
216.73.216.40 - - [16/Jul/2025:13:35:56 +0000] "GET /detail/dread71307358.html HTTP/1.1" 404 10875 "-" "Mozilla/5.0 AppleWebKit/537.36 (KHTML, like Gecko; compatible; ClaudeBot/1.0; [email protected])"
216.73.216.40 - - [16/Jul/2025:13:35:59 +0000] "GET /detail/delet30974810.html HTTP/1.1" 404 10875 "-" "Mozilla/5.0 AppleWebKit/537.36 (KHTML, like Gecko; compatible; ClaudeBot/1.0; [email protected])"
216.73.216.40 - - [16/Jul/2025:13:36:02 +0000] "GET /detail/rack30903314.html HTTP/1.1" 404 10875 "-" "Mozilla/5.0 AppleWebKit/537.36 (KHTML, like Gecko; compatible; ClaudeBot/1.0; [email protected])"
216.73.216.40 - - [16/Jul/2025:13:36:05 +0000] "GET /detail/mail61720245.html HTTP/1.1" 404 10875 "-" "Mozilla/5.0 AppleWebKit/537.36 (KHTML, like Gecko; compatible; ClaudeBot/1.0; [email protected])"
216.73.216.40 - - [16/Jul/2025:13:36:13 +0000] "GET /detail/flow70322278.html HTTP/1.1" 404 10874 "-" "Mozilla/5.0 AppleWebKit/537.36 (KHTML, like Gecko; compatible; ClaudeBot/1.0; [email protected])"
216.73.216.40 - - [16/Jul/2025:13:36:16 +0000] "GET /detail/yeah81161559.html HTTP/1.1" 404 10875 "-" "Mozilla/5.0 AppleWebKit/537.36 (KHTML, like Gecko; compatible; ClaudeBot/1.0; [email protected])"
216.73.216.40 - - [16/Jul/2025:13:36:19 +0000] "GET /detail/alter80865815.html HTTP/1.1" 404 10875 "-" "Mozilla/5.0 AppleWebKit/537.36 (KHTML, like Gecko; compatible; ClaudeBot/1.0; [email protected])"
216.73.216.40 - - [16/Jul/2025:13:36:22 +0000] "GET /detail/where12960136.html HTTP/1.1" 404 10875 "-" "Mozilla/5.0 AppleWebKit/537.36 (KHTML, like Gecko; compatible; ClaudeBot/1.0; [email protected])"
216.73.216.40 - - [16/Jul/2025:13:36:25 +0000] "GET /detail/rapid41900795.html HTTP/1.1" 404 10875 "-" "Mozilla/5.0 AppleWebKit/537.36 (KHTML, like Gecko; compatible; ClaudeBot/1.0; [email protected])"
216.73.216.40 - - [16/Jul/2025:13:36:28 +0000] "GET /detail/upon52201356.html HTTP/1.1" 404 10875 "-" "Mozilla/5.0 AppleWebKit/537.36 (KHTML, like Gecko; compatible; ClaudeBot/1.0; [email protected])"
216.73.216.40 - - [16/Jul/2025:13:36:31 +0000] "GET /detail/rsvp12143928.html HTTP/1.1" 404 10874 "-" "Mozilla/5.0 AppleWebKit/537.36 (KHTML, like Gecko; compatible; ClaudeBot/1.0; [email protected])"
216.73.216.40 - - [16/Jul/2025:13:36:34 +0000] "GET /detail/ward62095909.html HTTP/1.1" 404 10875 "-" "Mozilla/5.0 AppleWebKit/537.36 (KHTML, like Gecko; compatible; ClaudeBot/1.0; [email protected])"
216.73.216.40 - - [16/Jul/2025:13:36:37 +0000] "GET /detail/sorro10338632.html HTTP/1.1" 404 10875 "-" "Mozilla/5.0 AppleWebKit/537.36 (KHTML, like Gecko; compatible; ClaudeBot/1.0; [email protected])"
216.73.216.40 - - [16/Jul/2025:13:36:40 +0000] "GET /detail/barbe80781479.html HTTP/1.1" 404 10875 "-" "Mozilla/5.0 AppleWebKit/537.36 (KHTML, like Gecko; compatible; ClaudeBot/1.0; [email protected])"
209.74.77.214 - - [16/Jul/2025:13:36:43 +0000] "POST /wp-cron.php?doing_wp_cron=1752673003.5088090896606445312500 HTTP/1.1" 200 - "-" "WordPress/6.8.2; https://sixpacksecurity.services"
216.73.216.40 - - [16/Jul/2025:13:36:43 +0000] "GET /detail/delay82566215.html HTTP/1.1" 404 10874 "-" "Mozilla/5.0 AppleWebKit/537.36 (KHTML, like Gecko; compatible; ClaudeBot/1.0; [email protected])"
216.73.216.40 - - [16/Jul/2025:13:36:46 +0000] "GET /detail/low80960399.html HTTP/1.1" 404 10875 "-" "Mozilla/5.0 AppleWebKit/537.36 (KHTML, like Gecko; compatible; ClaudeBot/1.0; [email protected])"
216.73.216.40 - - [16/Jul/2025:13:36:49 +0000] "GET /detail/cake32216122.html HTTP/1.1" 404 10875 "-" "Mozilla/5.0 AppleWebKit/537.36 (KHTML, like Gecko; compatible; ClaudeBot/1.0; [email protected])"
216.73.216.40 - - [16/Jul/2025:13:36:52 +0000] "GET /detail/fend10691976.html HTTP/1.1" 404 10875 "-" "Mozilla/5.0 AppleWebKit/537.36 (KHTML, like Gecko; compatible; ClaudeBot/1.0; [email protected])"
216.73.216.40 - - [16/Jul/2025:13:36:55 +0000] "GET /detail/handb72957118.html HTTP/1.1" 404 10875 "-" "Mozilla/5.0 AppleWebKit/537.36 (KHTML, like Gecko; compatible; ClaudeBot/1.0; [email protected])"
216.73.216.40 - - [16/Jul/2025:13:36:58 +0000] "GET /detail/sail31184738.html HTTP/1.1" 404 10875 "-" "Mozilla/5.0 AppleWebKit/537.36 (KHTML, like Gecko; compatible; ClaudeBot/1.0; [email protected])"
216.73.216.40 - - [16/Jul/2025:13:37:01 +0000] "GET /detail/inter62532293.html HTTP/1.1" 404 10874 "-" "Mozilla/5.0 AppleWebKit/537.36 (KHTML, like Gecko; compatible; ClaudeBot/1.0; [email protected])"
216.73.216.40 - - [16/Jul/2025:13:37:04 +0000] "GET /detail/membe42284963.html HTTP/1.1" 404 10875 "-" "Mozilla/5.0 AppleWebKit/537.36 (KHTML, like Gecko; compatible; ClaudeBot/1.0; [email protected])"
216.73.216.40 - - [16/Jul/2025:13:37:07 +0000] "GET /detail/nitro42603627.html HTTP/1.1" 404 10875 "-" "Mozilla/5.0 AppleWebKit/537.36 (KHTML, like Gecko; compatible; ClaudeBot/1.0; [email protected])"
40.77.167.55 - - [16/Jul/2025:13:37:10 +0000] "GET /detail/pour71625582.html HTTP/1.1" 404 10875 "-" "Mozilla/5.0 AppleWebKit/537.36 (KHTML, like Gecko; compatible; bingbot/2.0; +http://www.bing.com/bingbot.htm) Chrome/116.0.1938.76 Safari/537.36"
216.73.216.40 - - [16/Jul/2025:13:37:10 +0000] "GET /detail/hello22985721.html HTTP/1.1" 404 10875 "-" "Mozilla/5.0 AppleWebKit/537.36 (KHTML, like Gecko; compatible; ClaudeBot/1.0; [email protected])"
216.73.216.40 - - [16/Jul/2025:13:37:13 +0000] "GET /detail/ourse61952461.html HTTP/1.1" 404 10874 "-" "Mozilla/5.0 AppleWebKit/537.36 (KHTML, like Gecko; compatible; ClaudeBot/1.0; [email protected])"
216.73.216.40 - - [16/Jul/2025:13:37:16 +0000] "GET /detail/matte61557349.html HTTP/1.1" 404 10875 "-" "Mozilla/5.0 AppleWebKit/537.36 (KHTML, like Gecko; compatible; ClaudeBot/1.0; [email protected])"
216.73.216.40 - - [16/Jul/2025:13:37:19 +0000] "GET /detail/frame80890039.html HTTP/1.1" 404 10875 "-" "Mozilla/5.0 AppleWebKit/537.36 (KHTML, like Gecko; compatible; ClaudeBot/1.0; [email protected])"
216.73.216.40 - - [16/Jul/2025:13:37:22 +0000] "GET /detail/selfi11254256.html HTTP/1.1" 404 10875 "-" "Mozilla/5.0 AppleWebKit/537.36 (KHTML, like Gecko; compatible; ClaudeBot/1.0; [email protected])"
216.73.216.40 - - [16/Jul/2025:13:37:25 +0000] "GET /detail/gestu72046302.html HTTP/1.1" 404 10875 "-" "Mozilla/5.0 AppleWebKit/537.36 (KHTML, like Gecko; compatible; ClaudeBot/1.0; [email protected])"
216.73.216.40 - - [16/Jul/2025:13:37:28 +0000] "GET /detail/chess40828563.html HTTP/1.1" 404 10875 "-" "Mozilla/5.0 AppleWebKit/537.36 (KHTML, like Gecko; compatible; ClaudeBot/1.0; [email protected])"
209.74.77.214 - - [16/Jul/2025:13:37:50 +0000] "POST /wp-cron.php?doing_wp_cron=1752673070.4976499080657958984375 HTTP/1.1" 200 - "-" "WordPress/6.8.2; https://sixpacksecurity.services"
40.77.167.79 - - [16/Jul/2025:13:37:50 +0000] "GET /detail/cuse21931921.html HTTP/1.1" 404 10874 "-" "Mozilla/5.0 AppleWebKit/537.36 (KHTML, like Gecko; compatible; bingbot/2.0; +http://www.bing.com/bingbot.htm) Chrome/116.0.1938.76 Safari/537.36"
209.74.77.214 - - [16/Jul/2025:13:38:43 +0000] "POST /wp-cron.php?doing_wp_cron=1752673123.6900980472564697265625 HTTP/1.1" 200 - "-" "WordPress/6.8.2; https://sixpacksecurity.services"
216.73.216.40 - - [16/Jul/2025:13:38:42 +0000] "GET /detail/enjoy12832792.html HTTP/1.1" 404 10874 "-" "Mozilla/5.0 AppleWebKit/537.36 (KHTML, like Gecko; compatible; ClaudeBot/1.0; [email protected])"
216.73.216.40 - - [16/Jul/2025:13:38:45 +0000] "GET /detail/prepa71716166.html HTTP/1.1" 404 10875 "-" "Mozilla/5.0 AppleWebKit/537.36 (KHTML, like Gecko; compatible; ClaudeBot/1.0; [email protected])"
40.77.167.150 - - [16/Jul/2025:13:38:46 +0000] "GET /detail/strip82626751.html HTTP/1.1" 404 10875 "-" "Mozilla/5.0 AppleWebKit/537.36 (KHTML, like Gecko; compatible; bingbot/2.0; +http://www.bing.com/bingbot.htm) Chrome/116.0.1938.76 Safari/537.36"
216.73.216.40 - - [16/Jul/2025:13:38:48 +0000] "GET /detail/boot50539388.html HTTP/1.1" 404 10875 "-" "Mozilla/5.0 AppleWebKit/537.36 (KHTML, like Gecko; compatible; ClaudeBot/1.0; [email protected])"
216.73.216.40 - - [16/Jul/2025:13:38:51 +0000] "GET /detail/hardl20012121.html HTTP/1.1" 404 10874 "-" "Mozilla/5.0 AppleWebKit/537.36 (KHTML, like Gecko; compatible; ClaudeBot/1.0; [email protected])"
216.73.216.40 - - [16/Jul/2025:13:38:54 +0000] "GET /detail/panda32588538.html HTTP/1.1" 404 10875 "-" "Mozilla/5.0 AppleWebKit/537.36 (KHTML, like Gecko; compatible; ClaudeBot/1.0; [email protected])"
216.73.216.40 - - [16/Jul/2025:13:38:57 +0000] "GET /detail/pork51288828.html HTTP/1.1" 404 10875 "-" "Mozilla/5.0 AppleWebKit/537.36 (KHTML, like Gecko; compatible; ClaudeBot/1.0; [email protected])"
216.73.216.40 - - [16/Jul/2025:13:39:00 +0000] "GET /detail/grate52794500.html HTTP/1.1" 404 10875 "-" "Mozilla/5.0 AppleWebKit/537.36 (KHTML, like Gecko; compatible; ClaudeBot/1.0; [email protected])"
216.73.216.40 - - [16/Jul/2025:13:39:03 +0000] "GET /detail/sail31224738.html HTTP/1.1" 404 10874 "-" "Mozilla/5.0 AppleWebKit/537.36 (KHTML, like Gecko; compatible; ClaudeBot/1.0; [email protected])"
216.73.216.40 - - [16/Jul/2025:13:39:06 +0000] "GET /detail/indus42733163.html HTTP/1.1" 404 10875 "-" "Mozilla/5.0 AppleWebKit/537.36 (KHTML, like Gecko; compatible; ClaudeBot/1.0; [email protected])"
216.73.216.40 - - [16/Jul/2025:13:39:09 +0000] "GET /detail/level61208573.html HTTP/1.1" 404 10875 "-" "Mozilla/5.0 AppleWebKit/537.36 (KHTML, like Gecko; compatible; ClaudeBot/1.0; [email protected])"
216.73.216.40 - - [16/Jul/2025:13:39:12 +0000] "GET /detail/decid30069138.html HTTP/1.1" 404 10875 "-" "Mozilla/5.0 AppleWebKit/537.36 (KHTML, like Gecko; compatible; ClaudeBot/1.0; [email protected])"
216.73.216.40 - - [16/Jul/2025:13:39:15 +0000] "GET /detail/yours41600059.html HTTP/1.1" 404 10875 "-" "Mozilla/5.0 AppleWebKit/537.36 (KHTML, like Gecko; compatible; ClaudeBot/1.0; [email protected])"
216.73.216.40 - - [16/Jul/2025:13:39:18 +0000] "GET /detail/junio41991467.html HTTP/1.1" 404 10875 "-" "Mozilla/5.0 AppleWebKit/537.36 (KHTML, like Gecko; compatible; ClaudeBot/1.0; [email protected])"
40.77.167.79 - - [16/Jul/2025:13:39:20 +0000] "GET /detail/bridg52120572.html HTTP/1.1" 404 10875 "-" "Mozilla/5.0 AppleWebKit/537.36 (KHTML, like Gecko; compatible; bingbot/2.0; +http://www.bing.com/bingbot.htm) Chrome/116.0.1938.76 Safari/537.36"
216.73.216.40 - - [16/Jul/2025:13:39:21 +0000] "GET /detail/picky62882285.html HTTP/1.1" 404 10874 "-" "Mozilla/5.0 AppleWebKit/537.36 (KHTML, like Gecko; compatible; ClaudeBot/1.0; [email protected])"
40.77.167.79 - - [16/Jul/2025:13:39:24 +0000] "GET /detail/ceili51744820.html HTTP/1.1" 404 10875 "-" "Mozilla/5.0 AppleWebKit/537.36 (KHTML, like Gecko; compatible; bingbot/2.0; +http://www.bing.com/bingbot.htm) Chrome/116.0.1938.76 Safari/537.36"
216.73.216.40 - - [16/Jul/2025:13:39:24 +0000] "GET /detail/whisp20310873.html HTTP/1.1" 404 10875 "-" "Mozilla/5.0 AppleWebKit/537.36 (KHTML, like Gecko; compatible; ClaudeBot/1.0; [email protected])"
216.73.216.40 - - [16/Jul/2025:13:39:27 +0000] "GET /detail/basin61718941.html HTTP/1.1" 404 10875 "-" "Mozilla/5.0 AppleWebKit/537.36 (KHTML, like Gecko; compatible; ClaudeBot/1.0; [email protected])"
69.171.231.114 - - [16/Jul/2025:13:39:29 +0000] "GET / HTTP/1.1" 200 182355 "-" "facebookexternalhit/1.1 (+http://www.facebook.com/externalhit_uatext.php)"
216.73.216.40 - - [16/Jul/2025:13:39:30 +0000] "GET /detail/loud30776466.html HTTP/1.1" 404 10874 "-" "Mozilla/5.0 AppleWebKit/537.36 (KHTML, like Gecko; compatible; ClaudeBot/1.0; [email protected])"
216.73.216.40 - - [16/Jul/2025:13:39:33 +0000] "GET /detail/raid61763773.html HTTP/1.1" 404 10874 "-" "Mozilla/5.0 AppleWebKit/537.36 (KHTML, like Gecko; compatible; ClaudeBot/1.0; [email protected])"
216.73.216.40 - - [16/Jul/2025:13:39:36 +0000] "GET /detail/pipe80134519.html HTTP/1.1" 404 10875 "-" "Mozilla/5.0 AppleWebKit/537.36 (KHTML, like Gecko; compatible; ClaudeBot/1.0; [email protected])"
216.73.216.40 - - [16/Jul/2025:13:39:39 +0000] "GET /detail/clear40645115.html HTTP/1.1" 404 10874 "-" "Mozilla/5.0 AppleWebKit/537.36 (KHTML, like Gecko; compatible; ClaudeBot/1.0; [email protected])"
216.73.216.40 - - [16/Jul/2025:13:39:42 +0000] "GET /detail/waft81139911.html HTTP/1.1" 404 10875 "-" "Mozilla/5.0 AppleWebKit/537.36 (KHTML, like Gecko; compatible; ClaudeBot/1.0; [email protected])"
209.74.77.214 - - [16/Jul/2025:13:39:45 +0000] "POST /wp-cron.php?doing_wp_cron=1752673185.5239379405975341796875 HTTP/1.1" 200 - "-" "WordPress/6.8.2; https://sixpacksecurity.services"
216.73.216.40 - - [16/Jul/2025:13:39:45 +0000] "GET /detail/deriv70238366.html HTTP/1.1" 404 10875 "-" "Mozilla/5.0 AppleWebKit/537.36 (KHTML, like Gecko; compatible; ClaudeBot/1.0; [email protected])"
216.73.216.40 - - [16/Jul/2025:13:39:48 +0000] "GET /detail/bulb71725342.html HTTP/1.1" 404 10875 "-" "Mozilla/5.0 AppleWebKit/537.36 (KHTML, like Gecko; compatible; ClaudeBot/1.0; [email protected])"
216.73.216.40 - - [16/Jul/2025:13:39:51 +0000] "GET /detail/integ80606191.html HTTP/1.1" 404 10874 "-" "Mozilla/5.0 AppleWebKit/537.36 (KHTML, like Gecko; compatible; ClaudeBot/1.0; [email protected])"
216.73.216.40 - - [16/Jul/2025:13:39:54 +0000] "GET /detail/indig20051609.html HTTP/1.1" 404 10875 "-" "Mozilla/5.0 AppleWebKit/537.36 (KHTML, like Gecko; compatible; ClaudeBot/1.0; [email protected])"
216.73.216.40 - - [16/Jul/2025:13:39:57 +0000] "GET /detail/acid40795587.html HTTP/1.1" 404 10875 "-" "Mozilla/5.0 AppleWebKit/537.36 (KHTML, like Gecko; compatible; ClaudeBot/1.0; [email protected])"
216.73.216.40 - - [16/Jul/2025:13:40:19 +0000] "GET /detail/engin42168251.html HTTP/1.1" 404 10875 "-" "Mozilla/5.0 AppleWebKit/537.36 (KHTML, like Gecko; compatible; ClaudeBot/1.0; [email protected])"
216.73.216.40 - - [16/Jul/2025:13:40:22 +0000] "GET /detail/inser61287101.html HTTP/1.1" 404 10874 "-" "Mozilla/5.0 AppleWebKit/537.36 (KHTML, like Gecko; compatible; ClaudeBot/1.0; [email protected])"
216.73.216.40 - - [16/Jul/2025:13:40:25 +0000] "GET /detail/many31241522.html HTTP/1.1" 404 10875 "-" "Mozilla/5.0 AppleWebKit/537.36 (KHTML, like Gecko; compatible; ClaudeBot/1.0; [email protected])"
216.73.216.40 - - [16/Jul/2025:13:40:28 +0000] "GET /detail/gas72875230.html HTTP/1.1" 404 10875 "-" "Mozilla/5.0 AppleWebKit/537.36 (KHTML, like Gecko; compatible; ClaudeBot/1.0; [email protected])"
216.73.216.40 - - [16/Jul/2025:13:40:31 +0000] "GET /detail/ounce30379306.html HTTP/1.1" 404 10873 "-" "Mozilla/5.0 AppleWebKit/537.36 (KHTML, like Gecko; compatible; ClaudeBot/1.0; [email protected])"
216.73.216.40 - - [16/Jul/2025:13:40:34 +0000] "GET /detail/lava31367922.html HTTP/1.1" 404 10874 "-" "Mozilla/5.0 AppleWebKit/537.36 (KHTML, like Gecko; compatible; ClaudeBot/1.0; [email protected])"
216.73.216.40 - - [16/Jul/2025:13:40:37 +0000] "GET /detail/inher30118146.html HTTP/1.1" 404 10874 "-" "Mozilla/5.0 AppleWebKit/537.36 (KHTML, like Gecko; compatible; ClaudeBot/1.0; [email protected])"
216.73.216.40 - - [16/Jul/2025:13:40:40 +0000] "GET /detail/submi81509935.html HTTP/1.1" 404 10873 "-" "Mozilla/5.0 AppleWebKit/537.36 (KHTML, like Gecko; compatible; ClaudeBot/1.0; [email protected])"
209.74.77.214 - - [16/Jul/2025:13:40:43 +0000] "POST /wp-cron.php?doing_wp_cron=1752673243.4389719963073730468750 HTTP/1.1" 200 - "-" "WordPress/6.8.2; https://sixpacksecurity.services"
216.73.216.40 - - [16/Jul/2025:13:40:43 +0000] "GET /detail/elimi72509990.html HTTP/1.1" 404 10874 "-" "Mozilla/5.0 AppleWebKit/537.36 (KHTML, like Gecko; compatible; ClaudeBot/1.0; [email protected])"
40.77.167.150 - - [16/Jul/2025:13:40:46 +0000] "GET /detail/compr62002349.html HTTP/1.1" 404 10875 "-" "Mozilla/5.0 AppleWebKit/537.36 (KHTML, like Gecko; compatible; bingbot/2.0; +http://www.bing.com/bingbot.htm) Chrome/116.0.1938.76 Safari/537.36"
216.73.216.40 - - [16/Jul/2025:13:40:46 +0000] "GET /detail/essay60421733.html HTTP/1.1" 404 10875 "-" "Mozilla/5.0 AppleWebKit/537.36 (KHTML, like Gecko; compatible; ClaudeBot/1.0; [email protected])"
216.73.216.40 - - [16/Jul/2025:13:40:49 +0000] "GET /detail/clasp62662565.html HTTP/1.1" 404 10875 "-" "Mozilla/5.0 AppleWebKit/537.36 (KHTML, like Gecko; compatible; ClaudeBot/1.0; [email protected])"
40.77.167.79 - - [16/Jul/2025:13:40:51 +0000] "GET /detail/tyre41827547.html HTTP/1.1" 404 10874 "-" "Mozilla/5.0 AppleWebKit/537.36 (KHTML, like Gecko; compatible; bingbot/2.0; +http://www.bing.com/bingbot.htm) Chrome/116.0.1938.76 Safari/537.36"
216.73.216.40 - - [16/Jul/2025:13:40:52 +0000] "GET /detail/polar10749592.html HTTP/1.1" 404 10875 "-" "Mozilla/5.0 AppleWebKit/537.36 (KHTML, like Gecko; compatible; ClaudeBot/1.0; [email protected])"
216.73.216.40 - - [16/Jul/2025:13:40:55 +0000] "GET /detail/capti42814875.html HTTP/1.1" 404 10875 "-" "Mozilla/5.0 AppleWebKit/537.36 (KHTML, like Gecko; compatible; ClaudeBot/1.0; [email protected])"
216.73.216.40 - - [16/Jul/2025:13:40:58 +0000] "GET /detail/endin82418671.html HTTP/1.1" 404 10875 "-" "Mozilla/5.0 AppleWebKit/537.36 (KHTML, like Gecko; compatible; ClaudeBot/1.0; [email protected])"
216.73.216.40 - - [16/Jul/2025:13:41:01 +0000] "GET /detail/impor31360162.html HTTP/1.1" 404 10874 "-" "Mozilla/5.0 AppleWebKit/537.36 (KHTML, like Gecko; compatible; ClaudeBot/1.0; [email protected])"
216.73.216.40 - - [16/Jul/2025:13:41:04 +0000] "GET /detail/preva72482206.html HTTP/1.1" 404 10874 "-" "Mozilla/5.0 AppleWebKit/537.36 (KHTML, like Gecko; compatible; ClaudeBot/1.0; [email protected])"
216.73.216.40 - - [16/Jul/2025:13:41:07 +0000] "GET /detail/disli12457760.html HTTP/1.1" 404 10875 "-" "Mozilla/5.0 AppleWebKit/537.36 (KHTML, like Gecko; compatible; ClaudeBot/1.0; [email protected])"
216.73.216.40 - - [16/Jul/2025:13:41:10 +0000] "GET /detail/dolla30372650.html HTTP/1.1" 404 10873 "-" "Mozilla/5.0 AppleWebKit/537.36 (KHTML, like Gecko; compatible; ClaudeBot/1.0; [email protected])"
216.73.216.40 - - [16/Jul/2025:13:41:13 +0000] "GET /detail/keybo51132252.html HTTP/1.1" 404 10874 "-" "Mozilla/5.0 AppleWebKit/537.36 (KHTML, like Gecko; compatible; ClaudeBot/1.0; [email protected])"
216.73.216.40 - - [16/Jul/2025:13:41:16 +0000] "GET /detail/sweep32105570.html HTTP/1.1" 404 10874 "-" "Mozilla/5.0 AppleWebKit/537.36 (KHTML, like Gecko; compatible; ClaudeBot/1.0; [email protected])"
216.73.216.40 - - [16/Jul/2025:13:41:19 +0000] "GET /detail/defen31490834.html HTTP/1.1" 404 10875 "-" "Mozilla/5.0 AppleWebKit/537.36 (KHTML, like Gecko; compatible; ClaudeBot/1.0; [email protected])"
216.73.216.40 - - [16/Jul/2025:13:41:22 +0000] "GET /detail/bogus60937989.html HTTP/1.1" 404 10875 "-" "Mozilla/5.0 AppleWebKit/537.36 (KHTML, like Gecko; compatible; ClaudeBot/1.0; [email protected])"
216.73.216.40 - - [16/Jul/2025:13:41:25 +0000] "GET /detail/fourt32932642.html HTTP/1.1" 404 10874 "-" "Mozilla/5.0 AppleWebKit/537.36 (KHTML, like Gecko; compatible; ClaudeBot/1.0; [email protected])"
216.73.216.40 - - [16/Jul/2025:13:41:28 +0000] "GET /detail/chef31778226.html HTTP/1.1" 404 10875 "-" "Mozilla/5.0 AppleWebKit/537.36 (KHTML, like Gecko; compatible; ClaudeBot/1.0; [email protected])"
216.73.216.40 - - [16/Jul/2025:13:41:31 +0000] "GET /detail/alter81133815.html HTTP/1.1" 404 10874 "-" "Mozilla/5.0 AppleWebKit/537.36 (KHTML, like Gecko; compatible; ClaudeBot/1.0; [email protected])"
216.73.216.40 - - [16/Jul/2025:13:41:34 +0000] "GET /detail/prefe81517543.html HTTP/1.1" 404 10873 "-" "Mozilla/5.0 AppleWebKit/537.36 (KHTML, like Gecko; compatible; ClaudeBot/1.0; [email protected])"
209.74.77.214 - - [16/Jul/2025:13:41:56 +0000] "POST /wp-cron.php?doing_wp_cron=1752673316.4146790504455566406250 HTTP/1.1" 200 - "-" "WordPress/6.8.2; https://sixpacksecurity.services"
40.77.167.32 - - [16/Jul/2025:13:41:56 +0000] "GET /detail/toget30396986.html HTTP/1.1" 404 10875 "-" "Mozilla/5.0 AppleWebKit/537.36 (KHTML, like Gecko; compatible; bingbot/2.0; +http://www.bing.com/bingbot.htm) Chrome/116.0.1938.76 Safari/537.36"
216.73.216.40 - - [16/Jul/2025:13:41:58 +0000] "GET /detail/dawn12211056.html HTTP/1.1" 404 10875 "-" "Mozilla/5.0 AppleWebKit/537.36 (KHTML, like Gecko; compatible; ClaudeBot/1.0; [email protected])"
40.77.167.32 - - [16/Jul/2025:13:41:58 +0000] "GET /detail/wrist10563016.html HTTP/1.1" 404 10875 "-" "Mozilla/5.0 AppleWebKit/537.36 (KHTML, like Gecko; compatible; bingbot/2.0; +http://www.bing.com/bingbot.htm) Chrome/116.0.1938.76 Safari/537.36"
216.73.216.40 - - [16/Jul/2025:13:42:01 +0000] "GET /detail/stree11932520.html HTTP/1.1" 404 10874 "-" "Mozilla/5.0 AppleWebKit/537.36 (KHTML, like Gecko; compatible; ClaudeBot/1.0; [email protected])"
40.77.167.55 - - [16/Jul/2025:13:42:01 +0000] "GET /detail/upset20685473.html HTTP/1.1" 404 10874 "-" "Mozilla/5.0 AppleWebKit/537.36 (KHTML, like Gecko; compatible; bingbot/2.0; +http://www.bing.com/bingbot.htm) Chrome/116.0.1938.76 Safari/537.36"
216.73.216.40 - - [16/Jul/2025:13:42:04 +0000] "GET /detail/spher70789966.html HTTP/1.1" 404 10875 "-" "Mozilla/5.0 AppleWebKit/537.36 (KHTML, like Gecko; compatible; ClaudeBot/1.0; [email protected])"
216.73.216.40 - - [16/Jul/2025:13:42:07 +0000] "GET /detail/spher70469966.html HTTP/1.1" 404 10875 "-" "Mozilla/5.0 AppleWebKit/537.36 (KHTML, like Gecko; compatible; ClaudeBot/1.0; [email protected])"
216.73.216.40 - - [16/Jul/2025:13:42:10 +0000] "GET /detail/settl30006546.html HTTP/1.1" 404 10875 "-" "Mozilla/5.0 AppleWebKit/537.36 (KHTML, like Gecko; compatible; ClaudeBot/1.0; [email protected])"
216.73.216.40 - - [16/Jul/2025:13:42:13 +0000] "GET /detail/ancho72382806.html HTTP/1.1" 404 10873 "-" "Mozilla/5.0 AppleWebKit/537.36 (KHTML, like Gecko; compatible; ClaudeBot/1.0; [email protected])"
216.73.216.40 - - [16/Jul/2025:13:42:16 +0000] "GET /detail/waft82179911.html HTTP/1.1" 404 10874 "-" "Mozilla/5.0 AppleWebKit/537.36 (KHTML, like Gecko; compatible; ClaudeBot/1.0; [email protected])"
216.73.216.40 - - [16/Jul/2025:13:42:19 +0000] "GET /detail/jam80715487.html HTTP/1.1" 404 10875 "-" "Mozilla/5.0 AppleWebKit/537.36 (KHTML, like Gecko; compatible; ClaudeBot/1.0; [email protected])"
216.73.216.40 - - [16/Jul/2025:13:42:22 +0000] "GET /detail/lean62131333.html HTTP/1.1" 404 10875 "-" "Mozilla/5.0 AppleWebKit/537.36 (KHTML, like Gecko; compatible; ClaudeBot/1.0; [email protected])"
216.73.216.40 - - [16/Jul/2025:13:42:25 +0000] "GET /detail/tenth82953303.html HTTP/1.1" 404 10874 "-" "Mozilla/5.0 AppleWebKit/537.36 (KHTML, like Gecko; compatible; ClaudeBot/1.0; [email protected])"
216.73.216.40 - - [16/Jul/2025:13:42:28 +0000] "GET /detail/atmos52950164.html HTTP/1.1" 404 10875 "-" "Mozilla/5.0 AppleWebKit/537.36 (KHTML, like Gecko; compatible; ClaudeBot/1.0; [email protected])"
216.73.216.40 - - [16/Jul/2025:13:42:31 +0000] "GET /detail/muddy32190738.html HTTP/1.1" 404 10874 "-" "Mozilla/5.0 AppleWebKit/537.36 (KHTML, like Gecko; compatible; ClaudeBot/1.0; [email protected])"
216.73.216.40 - - [16/Jul/2025:13:42:34 +0000] "GET /detail/glanc12326808.html HTTP/1.1" 404 10875 "-" "Mozilla/5.0 AppleWebKit/537.36 (KHTML, like Gecko; compatible; ClaudeBot/1.0; [email protected])"
216.73.216.40 - - [16/Jul/2025:13:42:37 +0000] "GET /detail/restl41371275.html HTTP/1.1" 404 10875 "-" "Mozilla/5.0 AppleWebKit/537.36 (KHTML, like Gecko; compatible; ClaudeBot/1.0; [email protected])"
216.73.216.40 - - [16/Jul/2025:13:42:40 +0000] "GET /detail/addic62666373.html HTTP/1.1" 404 10874 "-" "Mozilla/5.0 AppleWebKit/537.36 (KHTML, like Gecko; compatible; ClaudeBot/1.0; [email protected])"
40.77.167.55 - - [16/Jul/2025:13:42:41 +0000] "GET /detail/reinf42290211.html HTTP/1.1" 404 10873 "-" "Mozilla/5.0 AppleWebKit/537.36 (KHTML, like Gecko; compatible; bingbot/2.0; +http://www.bing.com/bingbot.htm) Chrome/116.0.1938.76 Safari/537.36"
209.74.77.214 - - [16/Jul/2025:13:42:43 +0000] "POST /wp-cron.php?doing_wp_cron=1752673363.5723960399627685546875 HTTP/1.1" 200 - "-" "WordPress/6.8.2; https://sixpacksecurity.services"
216.73.216.40 - - [16/Jul/2025:13:42:43 +0000] "GET /detail/trail60990701.html HTTP/1.1" 404 10872 "-" "Mozilla/5.0 AppleWebKit/537.36 (KHTML, like Gecko; compatible; ClaudeBot/1.0; [email protected])"
216.73.216.40 - - [16/Jul/2025:13:42:46 +0000] "GET /detail/metho71080446.html HTTP/1.1" 404 10874 "-" "Mozilla/5.0 AppleWebKit/537.36 (KHTML, like Gecko; compatible; ClaudeBot/1.0; [email protected])"
216.73.216.40 - - [16/Jul/2025:13:42:49 +0000] "GET /detail/break61872437.html HTTP/1.1" 404 10874 "-" "Mozilla/5.0 AppleWebKit/537.36 (KHTML, like Gecko; compatible; ClaudeBot/1.0; [email protected])"
216.73.216.40 - - [16/Jul/2025:13:42:52 +0000] "GET /detail/patie72004902.html HTTP/1.1" 404 10875 "-" "Mozilla/5.0 AppleWebKit/537.36 (KHTML, like Gecko; compatible; ClaudeBot/1.0; [email protected])"
216.73.216.40 - - [16/Jul/2025:13:42:55 +0000] "GET /detail/devil41539307.html HTTP/1.1" 404 10875 "-" "Mozilla/5.0 AppleWebKit/537.36 (KHTML, like Gecko; compatible; ClaudeBot/1.0; [email protected])"
216.73.216.40 - - [16/Jul/2025:13:42:58 +0000] "GET /detail/bound71898790.html HTTP/1.1" 404 10875 "-" "Mozilla/5.0 AppleWebKit/537.36 (KHTML, like Gecko; compatible; ClaudeBot/1.0; [email protected])"
216.73.216.40 - - [16/Jul/2025:13:43:01 +0000] "GET /detail/sign11229728.html HTTP/1.1" 404 10874 "-" "Mozilla/5.0 AppleWebKit/537.36 (KHTML, like Gecko; compatible; ClaudeBot/1.0; [email protected])"
216.73.216.40 - - [16/Jul/2025:13:43:04 +0000] "GET /detail/kinde72583774.html HTTP/1.1" 404 10875 "-" "Mozilla/5.0 AppleWebKit/537.36 (KHTML, like Gecko; compatible; ClaudeBot/1.0; [email protected])"
216.73.216.40 - - [16/Jul/2025:13:43:07 +0000] "GET /detail/run61701629.html HTTP/1.1" 404 10875 "-" "Mozilla/5.0 AppleWebKit/537.36 (KHTML, like Gecko; compatible; ClaudeBot/1.0; [email protected])"
216.73.216.40 - - [16/Jul/2025:13:43:10 +0000] "GET /detail/alien40329419.html HTTP/1.1" 404 10875 "-" "Mozilla/5.0 AppleWebKit/537.36 (KHTML, like Gecko; compatible; ClaudeBot/1.0; [email protected])"
216.73.216.40 - - [16/Jul/2025:13:43:13 +0000] "GET /detail/for40757315.html HTTP/1.1" 404 10874 "-" "Mozilla/5.0 AppleWebKit/537.36 (KHTML, like Gecko; compatible; ClaudeBot/1.0; [email protected])"
216.73.216.40 - - [16/Jul/2025:13:43:35 +0000] "GET /detail/form41532763.html HTTP/1.1" 404 10875 "-" "Mozilla/5.0 AppleWebKit/537.36 (KHTML, like Gecko; compatible; ClaudeBot/1.0; [email protected])"
216.73.216.40 - - [16/Jul/2025:13:43:38 +0000] "GET /detail/theme52069420.html HTTP/1.1" 404 10876 "-" "Mozilla/5.0 AppleWebKit/537.36 (KHTML, like Gecko; compatible; ClaudeBot/1.0; [email protected])"
216.73.216.40 - - [16/Jul/2025:13:43:41 +0000] "GET /detail/anima30276962.html HTTP/1.1" 404 10874 "-" "Mozilla/5.0 AppleWebKit/537.36 (KHTML, like Gecko; compatible; ClaudeBot/1.0; [email protected])"
209.74.77.214 - - [16/Jul/2025:13:43:44 +0000] "POST /wp-cron.php?doing_wp_cron=1752673424.3425610065460205078125 HTTP/1.1" 200 - "-" "WordPress/6.8.2; https://sixpacksecurity.services"
216.73.216.40 - - [16/Jul/2025:13:43:44 +0000] "GET /detail/tumor61333917.html HTTP/1.1" 404 10875 "-" "Mozilla/5.0 AppleWebKit/537.36 (KHTML, like Gecko; compatible; ClaudeBot/1.0; [email protected])"
216.73.216.40 - - [16/Jul/2025:13:43:47 +0000] "GET /detail/stran30052554.html HTTP/1.1" 404 10875 "-" "Mozilla/5.0 AppleWebKit/537.36 (KHTML, like Gecko; compatible; ClaudeBot/1.0; [email protected])"
216.73.216.40 - - [16/Jul/2025:13:43:50 +0000] "GET /detail/we32108058.html HTTP/1.1" 404 10875 "-" "Mozilla/5.0 AppleWebKit/537.36 (KHTML, like Gecko; compatible; ClaudeBot/1.0; [email protected])"
216.73.216.40 - - [16/Jul/2025:13:43:53 +0000] "GET /detail/other71952302.html HTTP/1.1" 404 10874 "-" "Mozilla/5.0 AppleWebKit/537.36 (KHTML, like Gecko; compatible; ClaudeBot/1.0; [email protected])"
216.73.216.40 - - [16/Jul/2025:13:43:56 +0000] "GET /detail/alrea70104078.html HTTP/1.1" 404 10875 "-" "Mozilla/5.0 AppleWebKit/537.36 (KHTML, like Gecko; compatible; ClaudeBot/1.0; [email protected])"
216.73.216.40 - - [16/Jul/2025:13:43:59 +0000] "GET /detail/restr80597591.html HTTP/1.1" 404 10875 "-" "Mozilla/5.0 AppleWebKit/537.36 (KHTML, like Gecko; compatible; ClaudeBot/1.0; [email protected])"
216.73.216.40 - - [16/Jul/2025:13:44:02 +0000] "GET /detail/cost82649807.html HTTP/1.1" 404 10875 "-" "Mozilla/5.0 AppleWebKit/537.36 (KHTML, like Gecko; compatible; ClaudeBot/1.0; [email protected])"
216.73.216.40 - - [16/Jul/2025:13:44:05 +0000] "GET /detail/gestu71630302.html HTTP/1.1" 404 10875 "-" "Mozilla/5.0 AppleWebKit/537.36 (KHTML, like Gecko; compatible; ClaudeBot/1.0; [email protected])"
216.73.216.40 - - [16/Jul/2025:13:44:08 +0000] "GET /detail/bottl71172006.html HTTP/1.1" 404 10875 "-" "Mozilla/5.0 AppleWebKit/537.36 (KHTML, like Gecko; compatible; ClaudeBot/1.0; [email protected])"
216.73.216.40 - - [16/Jul/2025:13:44:11 +0000] "GET /detail/singe40869587.html HTTP/1.1" 404 10873 "-" "Mozilla/5.0 AppleWebKit/537.36 (KHTML, like Gecko; compatible; ClaudeBot/1.0; [email protected])"
216.73.216.40 - - [16/Jul/2025:13:44:14 +0000] "GET /detail/sail30544738.html HTTP/1.1" 404 10874 "-" "Mozilla/5.0 AppleWebKit/537.36 (KHTML, like Gecko; compatible; ClaudeBot/1.0; [email protected])"
216.73.216.40 - - [16/Jul/2025:13:44:17 +0000] "GET /detail/stran31116554.html HTTP/1.1" 404 10874 "-" "Mozilla/5.0 AppleWebKit/537.36 (KHTML, like Gecko; compatible; ClaudeBot/1.0; [email protected])"
216.73.216.40 - - [16/Jul/2025:13:44:20 +0000] "GET /detail/purch21446569.html HTTP/1.1" 404 10875 "-" "Mozilla/5.0 AppleWebKit/537.36 (KHTML, like Gecko; compatible; ClaudeBot/1.0; [email protected])"
216.73.216.40 - - [16/Jul/2025:13:44:23 +0000] "GET /detail/strug12458328.html HTTP/1.1" 404 10872 "-" "Mozilla/5.0 AppleWebKit/537.36 (KHTML, like Gecko; compatible; ClaudeBot/1.0; [email protected])"
216.73.216.40 - - [16/Jul/2025:13:44:26 +0000] "GET /detail/irrit20562169.html HTTP/1.1" 404 10875 "-" "Mozilla/5.0 AppleWebKit/537.36 (KHTML, like Gecko; compatible; ClaudeBot/1.0; [email protected])"
216.73.216.40 - - [16/Jul/2025:13:44:29 +0000] "GET /detail/blue61332037.html HTTP/1.1" 404 10875 "-" "Mozilla/5.0 AppleWebKit/537.36 (KHTML, like Gecko; compatible; ClaudeBot/1.0; [email protected])"
216.73.216.40 - - [16/Jul/2025:13:44:32 +0000] "GET /detail/addre40112355.html HTTP/1.1" 404 10875 "-" "Mozilla/5.0 AppleWebKit/537.36 (KHTML, like Gecko; compatible; ClaudeBot/1.0; [email protected])"
216.73.216.40 - - [16/Jul/2025:13:44:35 +0000] "GET /detail/wile51907908.html HTTP/1.1" 404 10875 "-" "Mozilla/5.0 AppleWebKit/537.36 (KHTML, like Gecko; compatible; ClaudeBot/1.0; [email protected])"
216.73.216.40 - - [16/Jul/2025:13:44:38 +0000] "GET /detail/tradi11732616.html HTTP/1.1" 404 10875 "-" "Mozilla/5.0 AppleWebKit/537.36 (KHTML, like Gecko; compatible; ClaudeBot/1.0; [email protected])"
216.73.216.40 - - [16/Jul/2025:13:44:41 +0000] "GET /detail/grain30058250.html HTTP/1.1" 404 10874 "-" "Mozilla/5.0 AppleWebKit/537.36 (KHTML, like Gecko; compatible; ClaudeBot/1.0; [email protected])"
209.74.77.214 - - [16/Jul/2025:13:44:44 +0000] "POST /wp-cron.php?doing_wp_cron=1752673484.3742649555206298828125 HTTP/1.1" 200 - "-" "WordPress/6.8.2; https://sixpacksecurity.services"
216.73.216.40 - - [16/Jul/2025:13:44:44 +0000] "GET /detail/dike70703958.html HTTP/1.1" 404 10874 "-" "Mozilla/5.0 AppleWebKit/537.36 (KHTML, like Gecko; compatible; ClaudeBot/1.0; [email protected])"
216.73.216.40 - - [16/Jul/2025:13:44:47 +0000] "GET /detail/extra61545365.html HTTP/1.1" 404 10875 "-" "Mozilla/5.0 AppleWebKit/537.36 (KHTML, like Gecko; compatible; ClaudeBot/1.0; [email protected])"
216.73.216.40 - - [16/Jul/2025:13:44:50 +0000] "GET /detail/examp11024472.html HTTP/1.1" 404 10875 "-" "Mozilla/5.0 AppleWebKit/537.36 (KHTML, like Gecko; compatible; ClaudeBot/1.0; [email protected])"
216.73.216.40 - - [16/Jul/2025:13:44:54 +0000] "GET /detail/stale42014235.html HTTP/1.1" 404 10875 "-" "Mozilla/5.0 AppleWebKit/537.36 (KHTML, like Gecko; compatible; ClaudeBot/1.0; [email protected])"
216.73.216.40 - - [16/Jul/2025:13:44:57 +0000] "GET /detail/brist52610708.html HTTP/1.1" 404 10875 "-" "Mozilla/5.0 AppleWebKit/537.36 (KHTML, like Gecko; compatible; ClaudeBot/1.0; [email protected])"
216.73.216.40 - - [16/Jul/2025:13:45:00 +0000] "GET /detail/amid21519801.html HTTP/1.1" 404 10875 "-" "Mozilla/5.0 AppleWebKit/537.36 (KHTML, like Gecko; compatible; ClaudeBot/1.0; [email protected])"
216.73.216.40 - - [16/Jul/2025:13:45:03 +0000] "GET /detail/plus50579044.html HTTP/1.1" 404 10874 "-" "Mozilla/5.0 AppleWebKit/537.36 (KHTML, like Gecko; compatible; ClaudeBot/1.0; [email protected])"
216.73.216.40 - - [16/Jul/2025:13:45:06 +0000] "GET /detail/plus52739044.html HTTP/1.1" 404 10875 "-" "Mozilla/5.0 AppleWebKit/537.36 (KHTML, like Gecko; compatible; ClaudeBot/1.0; [email protected])"
216.73.216.40 - - [16/Jul/2025:13:45:09 +0000] "GET /detail/gavin40403995.html HTTP/1.1" 404 10875 "-" "Mozilla/5.0 AppleWebKit/537.36 (KHTML, like Gecko; compatible; ClaudeBot/1.0; [email protected])"
216.73.216.40 - - [16/Jul/2025:13:45:12 +0000] "GET /detail/ox32767530.html HTTP/1.1" 404 10875 "-" "Mozilla/5.0 AppleWebKit/537.36 (KHTML, like Gecko; compatible; ClaudeBot/1.0; [email protected])"
216.73.216.40 - - [16/Jul/2025:13:45:15 +0000] "GET /detail/lugga41167147.html HTTP/1.1" 404 10875 "-" "Mozilla/5.0 AppleWebKit/537.36 (KHTML, like Gecko; compatible; ClaudeBot/1.0; [email protected])"
216.73.216.40 - - [16/Jul/2025:13:45:18 +0000] "GET /detail/three12093120.html HTTP/1.1" 404 10875 "-" "Mozilla/5.0 AppleWebKit/537.36 (KHTML, like Gecko; compatible; ClaudeBot/1.0; [email protected])"
216.73.216.40 - - [16/Jul/2025:13:45:21 +0000] "GET /detail/booth40199235.html HTTP/1.1" 404 10874 "-" "Mozilla/5.0 AppleWebKit/537.36 (KHTML, like Gecko; compatible; ClaudeBot/1.0; [email protected])"
216.73.216.40 - - [16/Jul/2025:13:45:24 +0000] "GET /detail/perfo20913337.html HTTP/1.1" 404 10875 "-" "Mozilla/5.0 AppleWebKit/537.36 (KHTML, like Gecko; compatible; ClaudeBot/1.0; [email protected])"
216.73.216.40 - - [16/Jul/2025:13:45:27 +0000] "GET /detail/flu30040706.html HTTP/1.1" 404 10875 "-" "Mozilla/5.0 AppleWebKit/537.36 (KHTML, like Gecko; compatible; ClaudeBot/1.0; [email protected])"
216.73.216.40 - - [16/Jul/2025:13:45:30 +0000] "GET /detail/with81280367.html HTTP/1.1" 404 10875 "-" "Mozilla/5.0 AppleWebKit/537.36 (KHTML, like Gecko; compatible; ClaudeBot/1.0; [email protected])"
216.73.216.40 - - [16/Jul/2025:13:45:33 +0000] "GET /detail/recit40521235.html HTTP/1.1" 404 10874 "-" "Mozilla/5.0 AppleWebKit/537.36 (KHTML, like Gecko; compatible; ClaudeBot/1.0; [email protected])"
216.73.216.40 - - [16/Jul/2025:13:45:36 +0000] "GET /detail/fine70721318.html HTTP/1.1" 404 10875 "-" "Mozilla/5.0 AppleWebKit/537.36 (KHTML, like Gecko; compatible; ClaudeBot/1.0; [email protected])"
216.73.216.40 - - [16/Jul/2025:13:45:39 +0000] "GET /detail/worst51453636.html HTTP/1.1" 404 10875 "-" "Mozilla/5.0 AppleWebKit/537.36 (KHTML, like Gecko; compatible; ClaudeBot/1.0; [email protected])"
216.73.216.40 - - [16/Jul/2025:13:45:42 +0000] "GET /detail/strat40105611.html HTTP/1.1" 404 10875 "-" "Mozilla/5.0 AppleWebKit/537.36 (KHTML, like Gecko; compatible; ClaudeBot/1.0; [email protected])"
209.74.77.214 - - [16/Jul/2025:13:45:45 +0000] "POST /wp-cron.php?doing_wp_cron=1752673545.5896480083465576171875 HTTP/1.1" 200 - "-" "WordPress/6.8.2; https://sixpacksecurity.services"
216.73.216.40 - - [16/Jul/2025:13:45:45 +0000] "GET /detail/maste51081300.html HTTP/1.1" 404 10874 "-" "Mozilla/5.0 AppleWebKit/537.36 (KHTML, like Gecko; compatible; ClaudeBot/1.0; [email protected])"
216.73.216.40 - - [16/Jul/2025:13:45:48 +0000] "GET /detail/fray72423974.html HTTP/1.1" 404 10875 "-" "Mozilla/5.0 AppleWebKit/537.36 (KHTML, like Gecko; compatible; ClaudeBot/1.0; [email protected])"
216.73.216.40 - - [16/Jul/2025:13:45:51 +0000] "GET /detail/rotte81290767.html HTTP/1.1" 404 10874 "-" "Mozilla/5.0 AppleWebKit/537.36 (KHTML, like Gecko; compatible; ClaudeBot/1.0; [email protected])"
216.73.216.40 - - [16/Jul/2025:13:45:54 +0000] "GET /detail/metho71476446.html HTTP/1.1" 404 10875 "-" "Mozilla/5.0 AppleWebKit/537.36 (KHTML, like Gecko; compatible; ClaudeBot/1.0; [email protected])"
216.73.216.40 - - [16/Jul/2025:13:45:57 +0000] "GET /detail/pitch71634910.html HTTP/1.1" 404 10875 "-" "Mozilla/5.0 AppleWebKit/537.36 (KHTML, like Gecko; compatible; ClaudeBot/1.0; [email protected])"
216.73.216.40 - - [16/Jul/2025:13:46:00 +0000] "GET /detail/argum61746861.html HTTP/1.1" 404 10874 "-" "Mozilla/5.0 AppleWebKit/537.36 (KHTML, like Gecko; compatible; ClaudeBot/1.0; [email protected])"
216.73.216.40 - - [16/Jul/2025:13:46:03 +0000] "GET /detail/bat81091071.html HTTP/1.1" 404 10872 "-" "Mozilla/5.0 AppleWebKit/537.36 (KHTML, like Gecko; compatible; ClaudeBot/1.0; [email protected])"
216.73.216.40 - - [16/Jul/2025:13:46:06 +0000] "GET /detail/condi72957006.html HTTP/1.1" 404 10875 "-" "Mozilla/5.0 AppleWebKit/537.36 (KHTML, like Gecko; compatible; ClaudeBot/1.0; [email protected])"
216.73.216.40 - - [16/Jul/2025:13:46:09 +0000] "GET /detail/bulb71773342.html HTTP/1.1" 404 10875 "-" "Mozilla/5.0 AppleWebKit/537.36 (KHTML, like Gecko; compatible; ClaudeBot/1.0; [email protected])"
52.167.144.206 - - [16/Jul/2025:13:46:11 +0000] "GET /detail/hollo51563364.html HTTP/1.1" 404 10874 "-" "Mozilla/5.0 AppleWebKit/537.36 (KHTML, like Gecko; compatible; bingbot/2.0; +http://www.bing.com/bingbot.htm) Chrome/116.0.1938.76 Safari/537.36"
52.167.144.206 - - [16/Jul/2025:13:46:13 +0000] "GET /detail/funct50222028.html HTTP/1.1" 404 10874 "-" "Mozilla/5.0 AppleWebKit/537.36 (KHTML, like Gecko; compatible; bingbot/2.0; +http://www.bing.com/bingbot.htm) Chrome/116.0.1938.76 Safari/537.36"
52.167.144.206 - - [16/Jul/2025:13:46:41 +0000] "GET /detail/salar51991652.html HTTP/1.1" 404 10874 "-" "Mozilla/5.0 AppleWebKit/537.36 (KHTML, like Gecko; compatible; bingbot/2.0; +http://www.bing.com/bingbot.htm) Chrome/116.0.1938.76 Safari/537.36"
209.74.77.214 - - [16/Jul/2025:13:46:48 +0000] "POST /wp-cron.php?doing_wp_cron=1752673608.6034140586853027343750 HTTP/1.1" 200 - "-" "WordPress/6.8.2; https://sixpacksecurity.services"
216.73.216.40 - - [16/Jul/2025:13:46:48 +0000] "GET /detail/idiom20774489.html HTTP/1.1" 404 10875 "-" "Mozilla/5.0 AppleWebKit/537.36 (KHTML, like Gecko; compatible; ClaudeBot/1.0; [email protected])"
216.73.216.40 - - [16/Jul/2025:13:46:51 +0000] "GET /detail/exact80706559.html HTTP/1.1" 404 10874 "-" "Mozilla/5.0 AppleWebKit/537.36 (KHTML, like Gecko; compatible; ClaudeBot/1.0; [email protected])"
216.73.216.40 - - [16/Jul/2025:13:46:54 +0000] "GET /detail/sprin62017013.html HTTP/1.1" 404 10875 "-" "Mozilla/5.0 AppleWebKit/537.36 (KHTML, like Gecko; compatible; ClaudeBot/1.0; [email protected])"
216.73.216.40 - - [16/Jul/2025:13:46:57 +0000] "GET /detail/disse81230383.html HTTP/1.1" 404 10875 "-" "Mozilla/5.0 AppleWebKit/537.36 (KHTML, like Gecko; compatible; ClaudeBot/1.0; [email protected])"
216.73.216.40 - - [16/Jul/2025:13:47:00 +0000] "GET /detail/artic41216475.html HTTP/1.1" 404 10875 "-" "Mozilla/5.0 AppleWebKit/537.36 (KHTML, like Gecko; compatible; ClaudeBot/1.0; [email protected])"
216.73.216.40 - - [16/Jul/2025:13:47:03 +0000] "GET /detail/liabi70826334.html HTTP/1.1" 404 10874 "-" "Mozilla/5.0 AppleWebKit/537.36 (KHTML, like Gecko; compatible; ClaudeBot/1.0; [email protected])"
216.73.216.40 - - [16/Jul/2025:13:47:06 +0000] "GET /detail/siste12345312.html HTTP/1.1" 404 10875 "-" "Mozilla/5.0 AppleWebKit/537.36 (KHTML, like Gecko; compatible; ClaudeBot/1.0; [email protected])"
216.73.216.40 - - [16/Jul/2025:13:47:09 +0000] "GET /detail/peel21761353.html HTTP/1.1" 404 10875 "-" "Mozilla/5.0 AppleWebKit/537.36 (KHTML, like Gecko; compatible; ClaudeBot/1.0; [email protected])"
216.73.216.40 - - [16/Jul/2025:13:47:12 +0000] "GET /detail/treas61496669.html HTTP/1.1" 404 10874 "-" "Mozilla/5.0 AppleWebKit/537.36 (KHTML, like Gecko; compatible; ClaudeBot/1.0; [email protected])"
216.73.216.40 - - [16/Jul/2025:13:47:15 +0000] "GET /detail/peak12431496.html HTTP/1.1" 404 10875 "-" "Mozilla/5.0 AppleWebKit/537.36 (KHTML, like Gecko; compatible; ClaudeBot/1.0; [email protected])"
216.73.216.40 - - [16/Jul/2025:13:47:18 +0000] "GET /detail/altho51064276.html HTTP/1.1" 404 10875 "-" "Mozilla/5.0 AppleWebKit/537.36 (KHTML, like Gecko; compatible; ClaudeBot/1.0; [email protected])"
216.73.216.40 - - [16/Jul/2025:13:47:21 +0000] "GET /detail/mind80737287.html HTTP/1.1" 404 10874 "-" "Mozilla/5.0 AppleWebKit/537.36 (KHTML, like Gecko; compatible; ClaudeBot/1.0; [email protected])"
216.73.216.40 - - [16/Jul/2025:13:47:24 +0000] "GET /detail/pardo20705137.html HTTP/1.1" 404 10875 "-" "Mozilla/5.0 AppleWebKit/537.36 (KHTML, like Gecko; compatible; ClaudeBot/1.0; [email protected])"
216.73.216.40 - - [16/Jul/2025:13:47:27 +0000] "GET /detail/of31437090.html HTTP/1.1" 404 10875 "-" "Mozilla/5.0 AppleWebKit/537.36 (KHTML, like Gecko; compatible; ClaudeBot/1.0; [email protected])"
216.73.216.40 - - [16/Jul/2025:13:47:30 +0000] "GET /detail/workm60226629.html HTTP/1.1" 404 10875 "-" "Mozilla/5.0 AppleWebKit/537.36 (KHTML, like Gecko; compatible; ClaudeBot/1.0; [email protected])"
216.73.216.40 - - [16/Jul/2025:13:47:33 +0000] "GET /detail/matte62557349.html HTTP/1.1" 404 10874 "-" "Mozilla/5.0 AppleWebKit/537.36 (KHTML, like Gecko; compatible; ClaudeBot/1.0; [email protected])"
216.73.216.40 - - [16/Jul/2025:13:47:36 +0000] "GET /detail/forma70010614.html HTTP/1.1" 404 10875 "-" "Mozilla/5.0 AppleWebKit/537.36 (KHTML, like Gecko; compatible; ClaudeBot/1.0; [email protected])"
216.73.216.40 - - [16/Jul/2025:13:47:39 +0000] "GET /detail/devic50577948.html HTTP/1.1" 404 10875 "-" "Mozilla/5.0 AppleWebKit/537.36 (KHTML, like Gecko; compatible; ClaudeBot/1.0; [email protected])"
216.73.216.40 - - [16/Jul/2025:13:47:42 +0000] "GET /detail/suck52622572.html HTTP/1.1" 404 10874 "-" "Mozilla/5.0 AppleWebKit/537.36 (KHTML, like Gecko; compatible; ClaudeBot/1.0; [email protected])"
209.74.77.214 - - [16/Jul/2025:13:47:45 +0000] "POST /wp-cron.php?doing_wp_cron=1752673665.4888479709625244140625 HTTP/1.1" 200 - "-" "WordPress/6.8.2; https://sixpacksecurity.services"
216.73.216.40 - - [16/Jul/2025:13:47:45 +0000] "GET /detail/passa12969184.html HTTP/1.1" 404 10874 "-" "Mozilla/5.0 AppleWebKit/537.36 (KHTML, like Gecko; compatible; ClaudeBot/1.0; [email protected])"
216.73.216.40 - - [16/Jul/2025:13:47:48 +0000] "GET /detail/donke20778905.html HTTP/1.1" 404 10874 "-" "Mozilla/5.0 AppleWebKit/537.36 (KHTML, like Gecko; compatible; ClaudeBot/1.0; [email protected])"
216.73.216.40 - - [16/Jul/2025:13:47:51 +0000] "GET /detail/pilot82521263.html HTTP/1.1" 404 10873 "-" "Mozilla/5.0 AppleWebKit/537.36 (KHTML, like Gecko; compatible; ClaudeBot/1.0; [email protected])"
216.73.216.40 - - [16/Jul/2025:13:47:54 +0000] "GET /detail/recyc72225374.html HTTP/1.1" 404 10874 "-" "Mozilla/5.0 AppleWebKit/537.36 (KHTML, like Gecko; compatible; ClaudeBot/1.0; [email protected])"
216.73.216.40 - - [16/Jul/2025:13:47:57 +0000] "GET /detail/impat81107415.html HTTP/1.1" 404 10874 "-" "Mozilla/5.0 AppleWebKit/537.36 (KHTML, like Gecko; compatible; ClaudeBot/1.0; [email protected])"
216.73.216.40 - - [16/Jul/2025:13:48:00 +0000] "GET /detail/hence22667017.html HTTP/1.1" 404 10875 "-" "Mozilla/5.0 AppleWebKit/537.36 (KHTML, like Gecko; compatible; ClaudeBot/1.0; [email protected])"
66.84.92.46 - - [16/Jul/2025:13:48:02 +0000] "GET /about HTTP/1.1" 301 - "-" "Mozilla/5.0 (X11; Linux x86_64) AppleWebKit/537.36 (KHTML, like Gecko) Chrome/134.0.0.0 Safari/537.36"
66.84.92.46 - - [16/Jul/2025:13:48:02 +0000] "GET /about/ HTTP/1.1" 200 17990 "-" "Mozilla/5.0 (X11; Linux x86_64) AppleWebKit/537.36 (KHTML, like Gecko) Chrome/134.0.0.0 Safari/537.36"
66.84.92.46 - - [16/Jul/2025:13:48:03 +0000] "GET /wp-content/plugins/contact-form-7/includes/css/styles.css?ver=6.1 HTTP/1.1" 200 1031 "https://sixpacksecurity.services/about/" "Mozilla/5.0 (X11; Linux x86_64) AppleWebKit/537.36 (KHTML, like Gecko) Chrome/134.0.0.0 Safari/537.36"
66.84.92.46 - - [16/Jul/2025:13:48:03 +0000] "GET /wp-includes/css/dashicons.min.css?ver=6.8.2 HTTP/1.1" 200 35730 "https://sixpacksecurity.services/about/" "Mozilla/5.0 (X11; Linux x86_64) AppleWebKit/537.36 (KHTML, like Gecko) Chrome/134.0.0.0 Safari/537.36"
66.84.92.46 - - [16/Jul/2025:13:48:03 +0000] "GET /wp-content/plugins/leadconnector/public/css/lc-public.css?ver=3.0.10.1 HTTP/1.1" 200 106 "https://sixpacksecurity.services/about/" "Mozilla/5.0 (X11; Linux x86_64) AppleWebKit/537.36 (KHTML, like Gecko) Chrome/134.0.0.0 Safari/537.36"
66.84.92.46 - - [16/Jul/2025:13:48:03 +0000] "GET /wp-content/plugins/extendify/public/build/utility-minimum.css?ver=6.8.2 HTTP/1.1" 200 5890 "https://sixpacksecurity.services/about/" "Mozilla/5.0 (X11; Linux x86_64) AppleWebKit/537.36 (KHTML, like Gecko) Chrome/134.0.0.0 Safari/537.36"
66.84.92.46 - - [16/Jul/2025:13:48:03 +0000] "GET /wp-content/plugins/themex-ppro-elementor/assets/css/icofont.min.css?ver=6.8.2 HTTP/1.1" 200 16856 "https://sixpacksecurity.services/about/" "Mozilla/5.0 (X11; Linux x86_64) AppleWebKit/537.36 (KHTML, like Gecko) Chrome/134.0.0.0 Safari/537.36"
66.84.92.46 - - [16/Jul/2025:13:48:03 +0000] "GET /wp-content/themes/poket/assets/css/bootstrap.min.css?ver=6.8.2 HTTP/1.1" 200 21047 "https://sixpacksecurity.services/about/" "Mozilla/5.0 (X11; Linux x86_64) AppleWebKit/537.36 (KHTML, like Gecko) Chrome/134.0.0.0 Safari/537.36"
66.84.92.46 - - [16/Jul/2025:13:48:03 +0000] "GET /wp-content/themes/poket/venobox/venobox.css?ver=6.8.2 HTTP/1.1" 200 1357 "https://sixpacksecurity.services/about/" "Mozilla/5.0 (X11; Linux x86_64) AppleWebKit/537.36 (KHTML, like Gecko) Chrome/134.0.0.0 Safari/537.36"
66.84.92.46 - - [16/Jul/2025:13:48:03 +0000] "GET /wp-content/themes/poket/assets/css/slick.min.css?ver=6.8.2 HTTP/1.1" 200 504 "https://sixpacksecurity.services/about/" "Mozilla/5.0 (X11; Linux x86_64) AppleWebKit/537.36 (KHTML, like Gecko) Chrome/134.0.0.0 Safari/537.36"
66.84.92.46 - - [16/Jul/2025:13:48:03 +0000] "GET /wp-content/themes/poket/assets/css/top_menu.css?ver=6.8.2 HTTP/1.1" 200 980 "https://sixpacksecurity.services/about/" "Mozilla/5.0 (X11; Linux x86_64) AppleWebKit/537.36 (KHTML, like Gecko) Chrome/134.0.0.0 Safari/537.36"
216.73.216.40 - - [16/Jul/2025:13:48:03 +0000] "GET /detail/reque51786292.html HTTP/1.1" 404 10874 "-" "Mozilla/5.0 AppleWebKit/537.36 (KHTML, like Gecko; compatible; ClaudeBot/1.0; [email protected])"
66.84.92.46 - - [16/Jul/2025:13:48:03 +0000] "GET /wp-content/themes/poket/assets/css/meanmenu.css?ver=6.8.2 HTTP/1.1" 200 953 "https://sixpacksecurity.services/about/" "Mozilla/5.0 (X11; Linux x86_64) AppleWebKit/537.36 (KHTML, like Gecko) Chrome/134.0.0.0 Safari/537.36"
66.84.92.46 - - [16/Jul/2025:13:48:03 +0000] "GET /wp-content/themes/poket/assets/css/main_style.min.css?ver=6.8.2 HTTP/1.1" 200 9992 "https://sixpacksecurity.services/about/" "Mozilla/5.0 (X11; Linux x86_64) AppleWebKit/537.36 (KHTML, like Gecko) Chrome/134.0.0.0 Safari/537.36"
66.84.92.46 - - [16/Jul/2025:13:48:03 +0000] "GET /wp-content/themes/poket/style.css?ver=6.8.2 HTTP/1.1" 200 427 "https://sixpacksecurity.services/about/" "Mozilla/5.0 (X11; Linux x86_64) AppleWebKit/537.36 (KHTML, like Gecko) Chrome/134.0.0.0 Safari/537.36"
66.84.92.46 - - [16/Jul/2025:13:48:03 +0000] "GET /wp-content/themes/poket/assets/css/twr_theme_color.min.css?ver=6.8.2 HTTP/1.1" 200 4432 "https://sixpacksecurity.services/about/" "Mozilla/5.0 (X11; Linux x86_64) AppleWebKit/537.36 (KHTML, like Gecko) Chrome/134.0.0.0 Safari/537.36"
66.84.92.46 - - [16/Jul/2025:13:48:03 +0000] "GET /wp-content/themes/poket/assets/css/responsive.min.css?ver=6.8.2 HTTP/1.1" 200 2651 "https://sixpacksecurity.services/about/" "Mozilla/5.0 (X11; Linux x86_64) AppleWebKit/537.36 (KHTML, like Gecko) Chrome/134.0.0.0 Safari/537.36"
66.84.92.46 - - [16/Jul/2025:13:48:03 +0000] "GET /wp-content/plugins/elementor/assets/lib/eicons/css/elementor-icons.min.css?ver=5.43.0 HTTP/1.1" 200 4349 "https://sixpacksecurity.services/about/" "Mozilla/5.0 (X11; Linux x86_64) AppleWebKit/537.36 (KHTML, like Gecko) Chrome/134.0.0.0 Safari/537.36"
66.84.92.46 - - [16/Jul/2025:13:48:03 +0000] "GET /wp-content/plugins/elementor/assets/css/frontend.min.css?ver=3.30.2 HTTP/1.1" 200 7117 "https://sixpacksecurity.services/about/" "Mozilla/5.0 (X11; Linux x86_64) AppleWebKit/537.36 (KHTML, like Gecko) Chrome/134.0.0.0 Safari/537.36"
66.84.92.46 - - [16/Jul/2025:13:48:03 +0000] "GET /wp-content/uploads/elementor/css/post-10.css?ver=1751947127 HTTP/1.1" 200 377 "https://sixpacksecurity.services/about/" "Mozilla/5.0 (X11; Linux x86_64) AppleWebKit/537.36 (KHTML, like Gecko) Chrome/134.0.0.0 Safari/537.36"
66.84.92.46 - - [16/Jul/2025:13:48:04 +0000] "GET /wp-content/plugins/themex-ppro-elementor/assets/css/themify-icons.css?ver=6.8.2 HTTP/1.1" 200 2824 "https://sixpacksecurity.services/about/" "Mozilla/5.0 (X11; Linux x86_64) AppleWebKit/537.36 (KHTML, like Gecko) Chrome/134.0.0.0 Safari/537.36"
66.84.92.46 - - [16/Jul/2025:13:48:04 +0000] "GET /wp-content/plugins/themex-ppro-elementor/assets/css/maincss/wtitle.min.css?ver=6.8.2 HTTP/1.1" 200 1013 "https://sixpacksecurity.services/about/" "Mozilla/5.0 (X11; Linux x86_64) AppleWebKit/537.36 (KHTML, like Gecko) Chrome/134.0.0.0 Safari/537.36"
66.84.92.46 - - [16/Jul/2025:13:48:04 +0000] "GET /wp-content/plugins/themex-ppro-elementor/assets/css/jqueryplugincss/animate.css?ver=6.8.2 HTTP/1.1" 200 2668 "https://sixpacksecurity.services/about/" "Mozilla/5.0 (X11; Linux x86_64) AppleWebKit/537.36 (KHTML, like Gecko) Chrome/134.0.0.0 Safari/537.36"
