66.249.73.227 - - [16/Jul/2025:03:36:32 +0000] "GET /entity/695616929 HTTP/1.1" 200 20950 "-" "Mozilla/5.0 (Linux; Android 6.0.1; Nexus 5X Build/MMB29P) AppleWebKit/537.36 (KHTML, like Gecko) Chrome/137.0.7151.103 Mobile Safari/537.36 (compatible; Googlebot/2.1; +http://www.google.com/bot.html)"
209.74.77.214 - - [16/Jul/2025:03:37:48 +0000] "POST /wp-cron.php?doing_wp_cron=1752637068.8979310989379882812500 HTTP/1.1" 200 - "-" "WordPress/6.8.1; https://teamhachem.com"
185.191.171.17 - - [16/Jul/2025:03:37:46 +0000] "GET /events/2024-10-24/ HTTP/1.1" 200 18806 "-" "Mozilla/5.0 (compatible; SemrushBot/7~bl; +http://www.semrush.com/bot.html)"
104.210.140.131 - - [16/Jul/2025:03:39:22 +0000] "GET /robots.txt HTTP/1.1" 200 94 "-" "Mozilla/5.0 (Macintosh; Intel Mac OS X 10_15_7) AppleWebKit/537.36 (KHTML, like Gecko) Chrome/131.0.0.0 Safari/537.36; compatible; OAI-SearchBot/1.0; +https://openai.com/searchbot"
66.249.73.227 - - [16/Jul/2025:03:43:12 +0000] "GET /entity/665923336 HTTP/1.1" 200 19790 "-" "Mozilla/5.0 (Linux; Android 6.0.1; Nexus 5X Build/MMB29P) AppleWebKit/537.36 (KHTML, like Gecko) Chrome/137.0.7151.103 Mobile Safari/537.36 (compatible; Googlebot/2.1; +http://www.google.com/bot.html)"
45.227.253.15 - - [16/Jul/2025:03:43:54 +0000] "GET /index.php/jk HTTP/1.1" 200 59 "-" "Mozilla/5.0 (Windows NT 10.0; Win64; x64) AppleWebKit/537.36 (KHTML, like Gecko) Chrome/82.0.3292.140 Safari/537.36 Edge/18.18761"
40.77.167.143 - - [16/Jul/2025:03:44:54 +0000] "GET /entity/615282150 HTTP/1.1" 200 21431 "-" "Mozilla/5.0 AppleWebKit/537.36 (KHTML, like Gecko; compatible; bingbot/2.0; +http://www.bing.com/bingbot.htm) Chrome/116.0.1938.76 Safari/537.36"
40.77.167.143 - - [16/Jul/2025:03:45:24 +0000] "GET /entity/615371665 HTTP/1.1" 200 19924 "-" "Mozilla/5.0 AppleWebKit/537.36 (KHTML, like Gecko; compatible; bingbot/2.0; +http://www.bing.com/bingbot.htm) Chrome/116.0.1938.76 Safari/537.36"
66.249.73.227 - - [16/Jul/2025:03:49:52 +0000] "GET /entity/396661994 HTTP/1.1" 200 18213 "-" "Mozilla/5.0 (Linux; Android 6.0.1; Nexus 5X Build/MMB29P) AppleWebKit/537.36 (KHTML, like Gecko) Chrome/137.0.7151.103 Mobile Safari/537.36 (compatible; Googlebot/2.1; +http://www.google.com/bot.html)"
40.77.167.5 - - [16/Jul/2025:03:50:44 +0000] "GET /entity/615421372 HTTP/1.1" 200 20213 "-" "Mozilla/5.0 AppleWebKit/537.36 (KHTML, like Gecko; compatible; bingbot/2.0; +http://www.bing.com/bingbot.htm) Chrome/116.0.1938.76 Safari/537.36"
216.73.216.89 - - [16/Jul/2025:03:52:05 +0000] "GET /robots.txt HTTP/1.1" 200 94 "-" "Mozilla/5.0 AppleWebKit/537.36 (KHTML, like Gecko; compatible; ClaudeBot/1.0; [email protected])"
209.74.77.214 - - [16/Jul/2025:03:52:08 +0000] "POST /wp-cron.php?doing_wp_cron=1752637928.1245369911193847656250 HTTP/1.1" 200 - "-" "WordPress/6.8.1; https://teamhachem.com"
216.73.216.89 - - [16/Jul/2025:03:52:05 +0000] "GET /events/list/?eventDisplay=past&tribe-bar-date=2028-05-24 HTTP/1.1" 200 20242 "-" "Mozilla/5.0 AppleWebKit/537.36 (KHTML, like Gecko; compatible; ClaudeBot/1.0; [email protected])"
209.74.77.214 - - [16/Jul/2025:03:53:40 +0000] "POST /wp-cron.php?doing_wp_cron=1752638020.3752980232238769531250 HTTP/1.1" 200 - "-" "WordPress/6.8.1; https://teamhachem.com"
85.208.96.203 - - [16/Jul/2025:03:53:38 +0000] "GET /events/list/?eventDisplay=past&tribe-bar-date=2025-03-17 HTTP/1.1" 200 20251 "-" "Mozilla/5.0 (compatible; SemrushBot/7~bl; +http://www.semrush.com/bot.html)"
66.249.73.226 - - [16/Jul/2025:03:56:32 +0000] "GET /entity/1185568 HTTP/1.1" 200 18331 "-" "Mozilla/5.0 (Linux; Android 6.0.1; Nexus 5X Build/MMB29P) AppleWebKit/537.36 (KHTML, like Gecko) Chrome/137.0.7151.103 Mobile Safari/537.36 (compatible; Googlebot/2.1; +http://www.google.com/bot.html)"
66.249.73.228 - - [16/Jul/2025:03:59:59 +0000] "GET /events/2024-12-24/ HTTP/1.1" 200 18248 "-" "Mozilla/5.0 (Linux; Android 6.0.1; Nexus 5X Build/MMB29P) AppleWebKit/537.36 (KHTML, like Gecko) Chrome/137.0.7151.103 Mobile Safari/537.36 (compatible; Googlebot/2.1; +http://www.google.com/bot.html)"
209.74.77.214 - - [16/Jul/2025:04:02:13 +0000] "POST /wp-cron.php?doing_wp_cron=1752638533.0399899482727050781250 HTTP/1.1" 200 - "-" "WordPress/6.8.1; https://teamhachem.com"
209.74.77.214 - - [16/Jul/2025:03:58:35 +0000] "GET / HTTP/1.1" 200 135174 "-" "Mozilla/5.0 (Windows NT 10.0; Win64; x64; rv:122.0) Gecko/20100101 Firefox/122.0"
209.74.77.214 - - [16/Jul/2025:04:02:14 +0000] "POST /wp-admin/admin-ajax.php?action=wp_1_wc_privacy_cleanup&nonce=18b1ad5bed HTTP/1.1" 200 - "-" "WordPress/6.8.1; https://teamhachem.com"
85.208.96.193 - - [16/Jul/2025:04:02:17 +0000] "GET /robots.txt HTTP/1.1" 200 94 "-" "Mozilla/5.0 (compatible; SemrushBot/7~bl; +http://www.semrush.com/bot.html)"
209.74.77.214 - - [16/Jul/2025:04:02:18 +0000] "POST /wp-cron.php?doing_wp_cron=1752638538.5719280242919921875000 HTTP/1.1" 200 - "-" "WordPress/6.8.1; https://teamhachem.com"
185.191.171.4 - - [16/Jul/2025:04:02:18 +0000] "GET /events/list/?tribe-bar-date=2025-04-10 HTTP/1.1" 200 19779 "-" "Mozilla/5.0 (compatible; SemrushBot/7~bl; +http://www.semrush.com/bot.html)"
209.74.77.214 - - [16/Jul/2025:04:02:18 +0000] "GET / HTTP/1.1" 200 135161 "-" "Softaculous"
209.74.77.214 - - [16/Jul/2025:04:02:18 +0000] "GET / HTTP/1.1" 200 135180 "-" "Mozilla/5.0 (Windows NT 10.0; Win64; x64; rv:122.0) Gecko/20100101 Firefox/122.0"
66.249.73.226 - - [16/Jul/2025:04:03:14 +0000] "GET /entity/13106339 HTTP/1.1" 200 18608 "-" "Mozilla/5.0 (Linux; Android 6.0.1; Nexus 5X Build/MMB29P) AppleWebKit/537.36 (KHTML, like Gecko) Chrome/137.0.7151.103 Mobile Safari/537.36 (compatible; Googlebot/2.1; +http://www.google.com/bot.html)"
66.249.73.227 - - [16/Jul/2025:04:05:42 +0000] "GET /entity/497631045 HTTP/1.1" 200 20370 "-" "Mozilla/5.0 (Linux; Android 6.0.1; Nexus 5X Build/MMB29P) AppleWebKit/537.36 (KHTML, like Gecko) Chrome/137.0.7151.103 Mobile Safari/537.36 (compatible; Googlebot/2.1; +http://www.google.com/bot.html)"
66.249.73.226 - - [16/Jul/2025:04:05:50 +0000] "GET /events/2024-12-03/ HTTP/1.1" 200 18250 "-" "Mozilla/5.0 (Linux; Android 6.0.1; Nexus 5X Build/MMB29P) AppleWebKit/537.36 (KHTML, like Gecko) Chrome/137.0.7151.103 Mobile Safari/537.36 (compatible; Googlebot/2.1; +http://www.google.com/bot.html)"
209.74.77.214 - - [16/Jul/2025:04:09:00 +0000] "POST /wp-cron.php?doing_wp_cron=1752638939.9969570636749267578125 HTTP/1.1" 200 - "-" "WordPress/6.8.1; https://teamhachem.com"
159.75.126.74 - - [16/Jul/2025:04:08:57 +0000] "POST /xmlrpc.php HTTP/1.1" 200 403 "-" "Mozilla/5.0 (Windows NT 5.1; rv:33.0) Gecko/20100101 Firefox/33.0"
157.245.244.61 - - [16/Jul/2025:04:09:06 +0000] "POST /xmlrpc.php HTTP/1.1" 200 403 "-" "Mozilla/5.0 (Windows NT 10.0; Win64; x64) AppleWebKit/537.36 (KHTML, like Gecko) Chrome/87.0.4280.141 Safari/537.36"
95.217.165.68 - - [16/Jul/2025:04:09:12 +0000] "POST /xmlrpc.php HTTP/1.1" 200 403 "-" "Mozilla/5.0 (Windows NT 10.0; Win64; x64) AppleWebKit/537.36 (KHTML, like Gecko) Chrome/68.0.3440.106 Safari/537.36"
88.99.105.11 - - [16/Jul/2025:04:09:15 +0000] "POST /xmlrpc.php HTTP/1.1" 200 403 "-" "Mozilla/5.0 (Windows NT 6.1; Win64; x64) AppleWebKit/537.36 (KHTML, like Gecko) Chrome/74.0.3729.169 Safari/537.36"
209.74.77.214 - - [16/Jul/2025:04:09:27 +0000] "POST /wp-cron.php?doing_wp_cron=1752638967.2427399158477783203125 HTTP/1.1" 200 - "-" "WordPress/6.8.1; https://teamhachem.com"
194.233.95.223 - - [16/Jul/2025:04:09:27 +0000] "POST /xmlrpc.php HTTP/1.1" 200 403 "-" "Mozilla/5.0 (X11; Ubuntu; Linux i686; rv:24.0) Gecko/20100101 Firefox/24.0"
66.249.73.227 - - [16/Jul/2025:04:09:52 +0000] "GET /entity/98468578 HTTP/1.1" 200 17895 "-" "Mozilla/5.0 (Linux; Android 6.0.1; Nexus 5X Build/MMB29P) AppleWebKit/537.36 (KHTML, like Gecko) Chrome/137.0.7151.103 Mobile Safari/537.36 (compatible; Googlebot/2.1; +http://www.google.com/bot.html)"
209.74.77.214 - - [16/Jul/2025:04:10:50 +0000] "POST /wp-cron.php?doing_wp_cron=1752639050.8927559852600097656250 HTTP/1.1" 200 - "-" "WordPress/6.8.1; https://teamhachem.com"
185.191.171.16 - - [16/Jul/2025:04:10:48 +0000] "GET /events/2025-04-17/ HTTP/1.1" 200 19481 "-" "Mozilla/5.0 (compatible; SemrushBot/7~bl; +http://www.semrush.com/bot.html)"
185.191.171.1 - - [16/Jul/2025:04:11:16 +0000] "GET /events/2024-11-09/ HTTP/1.1" 200 19472 "-" "Mozilla/5.0 (compatible; SemrushBot/7~bl; +http://www.semrush.com/bot.html)"
54.167.32.123 - - [16/Jul/2025:04:11:21 +0000] "GET /events/2024-02-04/ HTTP/1.1" 200 18816 "-" "Mozilla/5.0 AppleWebKit/537.36 (KHTML, like Gecko; compatible; Amazonbot/0.1; +https://developer.amazon.com/support/amazonbot) Chrome/119.0.6045.214 Safari/537.36"
52.167.144.171 - - [16/Jul/2025:04:14:39 +0000] "GET /entity/615435315 HTTP/1.1" 200 20902 "-" "Mozilla/5.0 AppleWebKit/537.36 (KHTML, like Gecko; compatible; bingbot/2.0; +http://www.bing.com/bingbot.htm) Chrome/116.0.1938.76 Safari/537.36"
66.249.73.226 - - [16/Jul/2025:04:16:34 +0000] "GET /entity/97638337 HTTP/1.1" 200 20321 "-" "Mozilla/5.0 (Linux; Android 6.0.1; Nexus 5X Build/MMB29P) AppleWebKit/537.36 (KHTML, like Gecko) Chrome/137.0.7151.103 Mobile Safari/537.36 (compatible; Googlebot/2.1; +http://www.google.com/bot.html)"
52.167.144.171 - - [16/Jul/2025:04:20:50 +0000] "GET /entity/615288418 HTTP/1.1" 200 20404 "-" "Mozilla/5.0 AppleWebKit/537.36 (KHTML, like Gecko; compatible; bingbot/2.0; +http://www.bing.com/bingbot.htm) Chrome/116.0.1938.76 Safari/537.36"
66.249.73.226 - - [16/Jul/2025:04:22:11 +0000] "GET /entity/99532088 HTTP/1.1" 200 18707 "-" "Mozilla/5.0 (Linux; Android 6.0.1; Nexus 5X Build/MMB29P) AppleWebKit/537.36 (KHTML, like Gecko) Chrome/137.0.7151.103 Mobile Safari/537.36 (compatible; Googlebot/2.1; +http://www.google.com/bot.html)"
66.249.73.227 - - [16/Jul/2025:04:23:12 +0000] "GET /entity/97699737 HTTP/1.1" 200 19782 "-" "Mozilla/5.0 (Linux; Android 6.0.1; Nexus 5X Build/MMB29P) AppleWebKit/537.36 (KHTML, like Gecko) Chrome/137.0.7151.103 Mobile Safari/537.36 (compatible; Googlebot/2.1; +http://www.google.com/bot.html)"
66.249.73.227 - - [16/Jul/2025:04:26:24 +0000] "GET /entity/665936119 HTTP/1.1" 200 20645 "-" "Mozilla/5.0 (Linux; Android 6.0.1; Nexus 5X Build/MMB29P) AppleWebKit/537.36 (KHTML, like Gecko) Chrome/137.0.7151.103 Mobile Safari/537.36 (compatible; Googlebot/2.1; +http://www.google.com/bot.html)"
66.249.73.227 - - [16/Jul/2025:04:26:24 +0000] "GET /entity/592836344 HTTP/1.1" 200 19847 "-" "Mozilla/5.0 (Linux; Android 6.0.1; Nexus 5X Build/MMB29P) AppleWebKit/537.36 (KHTML, like Gecko) Chrome/137.0.7151.103 Mobile Safari/537.36 (compatible; Googlebot/2.1; +http://www.google.com/bot.html)"
52.167.144.171 - - [16/Jul/2025:04:27:28 +0000] "GET /entity/615763352 HTTP/1.1" 200 20145 "-" "Mozilla/5.0 AppleWebKit/537.36 (KHTML, like Gecko; compatible; bingbot/2.0; +http://www.bing.com/bingbot.htm) Chrome/116.0.1938.76 Safari/537.36"
52.167.144.171 - - [16/Jul/2025:04:27:38 +0000] "GET /entity/615763352 HTTP/1.1" 200 20145 "-" "Mozilla/5.0 AppleWebKit/537.36 (KHTML, like Gecko; compatible; bingbot/2.0; +http://www.bing.com/bingbot.htm) Chrome/116.0.1938.76 Safari/537.36"
66.249.73.226 - - [16/Jul/2025:04:28:13 +0000] "GET /entity/406345709 HTTP/1.1" 200 18509 "-" "Mozilla/5.0 (Linux; Android 6.0.1; Nexus 5X Build/MMB29P) AppleWebKit/537.36 (KHTML, like Gecko) Chrome/137.0.7151.103 Mobile Safari/537.36 (compatible; Googlebot/2.1; +http://www.google.com/bot.html)"
66.249.73.227 - - [16/Jul/2025:04:30:30 +0000] "GET /entity/99529511 HTTP/1.1" 200 20068 "-" "Mozilla/5.0 (Linux; Android 6.0.1; Nexus 5X Build/MMB29P) AppleWebKit/537.36 (KHTML, like Gecko) Chrome/137.0.7151.103 Mobile Safari/537.36 (compatible; Googlebot/2.1; +http://www.google.com/bot.html)"
66.249.73.227 - - [16/Jul/2025:04:31:29 +0000] "GET /zhHant/product/surugaya/T1441468232?campaign_uid=f64d716db5e979ed2f947dbaf4296895b951ae7f HTTP/1.1" 200 20617 "-" "Mozilla/5.0 (Linux; Android 6.0.1; Nexus 5X Build/MMB29P) AppleWebKit/537.36 (KHTML, like Gecko) Chrome/137.0.7151.103 Mobile Safari/537.36 (compatible; Googlebot/2.1; +http://www.google.com/bot.html)"
66.249.73.226 - - [16/Jul/2025:04:32:43 +0000] "GET /entity/282540074 HTTP/1.1" 200 19102 "-" "Mozilla/5.0 (Linux; Android 6.0.1; Nexus 5X Build/MMB29P) AppleWebKit/537.36 (KHTML, like Gecko) Chrome/137.0.7151.103 Mobile Safari/537.36 (compatible; Googlebot/2.1; +http://www.google.com/bot.html)"
209.74.77.214 - - [16/Jul/2025:04:32:47 +0000] "POST /wp-cron.php?doing_wp_cron=1752640367.5250511169433593750000 HTTP/1.1" 200 - "-" "WordPress/6.8.1; https://teamhachem.com"
3.217.82.254 - - [16/Jul/2025:04:32:45 +0000] "GET /events/2027-01-03/ HTTP/1.1" 200 19471 "-" "Mozilla/5.0 AppleWebKit/537.36 (KHTML, like Gecko; compatible; Amazonbot/0.1; +https://developer.amazon.com/support/amazonbot) Chrome/119.0.6045.214 Safari/537.36"
157.55.39.50 - - [16/Jul/2025:04:33:02 +0000] "GET /entity/615332473 HTTP/1.1" 200 20002 "-" "Mozilla/5.0 AppleWebKit/537.36 (KHTML, like Gecko; compatible; bingbot/2.0; +http://www.bing.com/bingbot.htm) Chrome/116.0.1938.76 Safari/537.36"
157.55.39.50 - - [16/Jul/2025:04:35:22 +0000] "GET /entity/615424168 HTTP/1.1" 200 21865 "-" "Mozilla/5.0 AppleWebKit/537.36 (KHTML, like Gecko; compatible; bingbot/2.0; +http://www.bing.com/bingbot.htm) Chrome/116.0.1938.76 Safari/537.36"
66.249.73.226 - - [16/Jul/2025:04:36:32 +0000] "GET /entity/464435 HTTP/1.1" 200 19046 "-" "Mozilla/5.0 (Linux; Android 6.0.1; Nexus 5X Build/MMB29P) AppleWebKit/537.36 (KHTML, like Gecko) Chrome/137.0.7151.103 Mobile Safari/537.36 (compatible; Googlebot/2.1; +http://www.google.com/bot.html)"
66.249.73.228 - - [16/Jul/2025:04:37:00 +0000] "GET /entity/97708532 HTTP/1.1" 200 18262 "-" "Mozilla/5.0 (Linux; Android 6.0.1; Nexus 5X Build/MMB29P) AppleWebKit/537.36 (KHTML, like Gecko) Chrome/137.0.7151.103 Mobile Safari/537.36 (compatible; Googlebot/2.1; +http://www.google.com/bot.html)"
66.249.73.228 - - [16/Jul/2025:04:39:39 +0000] "GET /entity/1903297 HTTP/1.1" 200 19478 "-" "Mozilla/5.0 (Linux; Android 6.0.1; Nexus 5X Build/MMB29P) AppleWebKit/537.36 (KHTML, like Gecko) Chrome/137.0.7151.103 Mobile Safari/537.36 (compatible; Googlebot/2.1; +http://www.google.com/bot.html)"
66.249.73.226 - - [16/Jul/2025:04:42:33 +0000] "GET /entity/406344864 HTTP/1.1" 200 18635 "-" "Mozilla/5.0 (Linux; Android 6.0.1; Nexus 5X Build/MMB29P) AppleWebKit/537.36 (KHTML, like Gecko) Chrome/137.0.7151.103 Mobile Safari/537.36 (compatible; Googlebot/2.1; +http://www.google.com/bot.html)"
66.249.73.227 - - [16/Jul/2025:04:43:12 +0000] "GET /entity/530034 HTTP/1.1" 200 18466 "-" "Mozilla/5.0 (Linux; Android 6.0.1; Nexus 5X Build/MMB29P) AppleWebKit/537.36 (KHTML, like Gecko) Chrome/137.0.7151.103 Mobile Safari/537.36 (compatible; Googlebot/2.1; +http://www.google.com/bot.html)"
66.249.73.226 - - [16/Jul/2025:04:43:34 +0000] "GET /entity/13552847 HTTP/1.1" 200 19265 "-" "Mozilla/5.0 (Linux; Android 6.0.1; Nexus 5X Build/MMB29P) AppleWebKit/537.36 (KHTML, like Gecko) Chrome/137.0.7151.103 Mobile Safari/537.36 (compatible; Googlebot/2.1; +http://www.google.com/bot.html)"
66.249.73.226 - - [16/Jul/2025:04:45:18 +0000] "GET /entity/13887517 HTTP/1.1" 200 17951 "-" "Mozilla/5.0 (Linux; Android 6.0.1; Nexus 5X Build/MMB29P) AppleWebKit/537.36 (KHTML, like Gecko) Chrome/137.0.7151.103 Mobile Safari/537.36 (compatible; Googlebot/2.1; +http://www.google.com/bot.html)"
66.249.73.228 - - [16/Jul/2025:04:45:20 +0000] "POST /get-message-notify HTTP/1.1" 200 18727 "https://teamhachem.com/entity/13887517" "Mozilla/5.0 AppleWebKit/537.36 (KHTML, like Gecko; compatible; Googlebot/2.1; +http://www.google.com/bot.html) Chrome/137.0.7151.119 Safari/537.36"
66.249.73.227 - - [16/Jul/2025:04:45:32 +0000] "POST /get-message-notify HTTP/1.1" 200 18727 "https://teamhachem.com/entity/13887517" "Mozilla/5.0 (Linux; Android 6.0.1; Nexus 5X Build/MMB29P) AppleWebKit/537.36 (KHTML, like Gecko) Chrome/137.0.7151.119 Mobile Safari/537.36 (compatible; Googlebot/2.1; +http://www.google.com/bot.html)"
66.249.73.226 - - [16/Jul/2025:04:45:46 +0000] "GET /entity/713358874 HTTP/1.1" 200 19940 "-" "Mozilla/5.0 (Linux; Android 6.0.1; Nexus 5X Build/MMB29P) AppleWebKit/537.36 (KHTML, like Gecko) Chrome/137.0.7151.103 Mobile Safari/537.36 (compatible; Googlebot/2.1; +http://www.google.com/bot.html)"
66.249.73.227 - - [16/Jul/2025:04:47:52 +0000] "GET /entity/282527325 HTTP/1.1" 200 18468 "-" "Mozilla/5.0 (Linux; Android 6.0.1; Nexus 5X Build/MMB29P) AppleWebKit/537.36 (KHTML, like Gecko) Chrome/137.0.7151.103 Mobile Safari/537.36 (compatible; Googlebot/2.1; +http://www.google.com/bot.html)"
52.167.144.216 - - [16/Jul/2025:04:49:03 +0000] "GET /entity/615301765 HTTP/1.1" 200 20190 "-" "Mozilla/5.0 AppleWebKit/537.36 (KHTML, like Gecko; compatible; bingbot/2.0; +http://www.bing.com/bingbot.htm) Chrome/116.0.1938.76 Safari/537.36"
66.249.73.228 - - [16/Jul/2025:04:49:55 +0000] "GET /entity/283323173 HTTP/1.1" 200 20205 "-" "Mozilla/5.0 (Linux; Android 6.0.1; Nexus 5X Build/MMB29P) AppleWebKit/537.36 (KHTML, like Gecko) Chrome/137.0.7151.103 Mobile Safari/537.36 (compatible; Googlebot/2.1; +http://www.google.com/bot.html)"
66.249.73.226 - - [16/Jul/2025:04:50:06 +0000] "POST /get-message-notify HTTP/1.1" 200 18727 "https://teamhachem.com/entity/283323173" "Mozilla/5.0 (Linux; Android 6.0.1; Nexus 5X Build/MMB29P) AppleWebKit/537.36 (KHTML, like Gecko) Chrome/137.0.7151.119 Mobile Safari/537.36 (compatible; Googlebot/2.1; +http://www.google.com/bot.html)"
209.74.77.214 - - [16/Jul/2025:04:50:53 +0000] "POST /wp-cron.php?doing_wp_cron=1752641453.4203500747680664062500 HTTP/1.1" 200 - "-" "WordPress/6.8.1; https://teamhachem.com"
85.208.96.200 - - [16/Jul/2025:04:50:51 +0000] "GET /events/2025-03-26/ HTTP/1.1" 200 19457 "-" "Mozilla/5.0 (compatible; SemrushBot/7~bl; +http://www.semrush.com/bot.html)"
66.249.73.228 - - [16/Jul/2025:04:52:09 +0000] "GET /entity/665931322 HTTP/1.1" 200 20241 "-" "Mozilla/5.0 (Linux; Android 6.0.1; Nexus 5X Build/MMB29P) AppleWebKit/537.36 (KHTML, like Gecko) Chrome/137.0.7151.103 Mobile Safari/537.36 (compatible; Googlebot/2.1; +http://www.google.com/bot.html)"
209.74.77.214 - - [16/Jul/2025:04:53:06 +0000] "POST /wp-cron.php?doing_wp_cron=1752641586.8599939346313476562500 HTTP/1.1" 200 - "-" "WordPress/6.8.1; https://teamhachem.com"
54.198.33.233 - - [16/Jul/2025:04:53:04 +0000] "GET /events/list/?eventDisplay=past&tribe-bar-date=2024-02-02 HTTP/1.1" 200 19873 "-" "Mozilla/5.0 AppleWebKit/537.36 (KHTML, like Gecko; compatible; Amazonbot/0.1; +https://developer.amazon.com/support/amazonbot) Chrome/119.0.6045.214 Safari/537.36"
209.74.77.214 - - [16/Jul/2025:04:53:40 +0000] "POST /wp-cron.php?doing_wp_cron=1752641620.3265790939331054687500 HTTP/1.1" 200 - "-" "WordPress/6.8.1; https://teamhachem.com"
185.191.171.13 - - [16/Jul/2025:04:53:38 +0000] "GET /events/ HTTP/1.1" 200 19719 "-" "Mozilla/5.0 (compatible; SemrushBot/7~bl; +http://www.semrush.com/bot.html)"
66.249.73.225 - - [16/Jul/2025:04:54:29 +0000] "GET /entity/713355155 HTTP/1.1" 200 20638 "-" "Mozilla/5.0 (Linux; Android 6.0.1; Nexus 5X Build/MMB29P) AppleWebKit/537.36 (KHTML, like Gecko) Chrome/137.0.7151.103 Mobile Safari/537.36 (compatible; Googlebot/2.1; +http://www.google.com/bot.html)"
52.167.144.216 - - [16/Jul/2025:04:54:33 +0000] "GET /entity/615425609 HTTP/1.1" 200 20758 "-" "Mozilla/5.0 AppleWebKit/537.36 (KHTML, like Gecko; compatible; bingbot/2.0; +http://www.bing.com/bingbot.htm) Chrome/116.0.1938.76 Safari/537.36"
209.74.77.214 - - [16/Jul/2025:04:58:42 +0000] "POST /wp-cron.php?doing_wp_cron=1752641922.4295608997344970703125 HTTP/1.1" 200 - "-" "WordPress/6.8.1; https://teamhachem.com"
185.191.171.17 - - [16/Jul/2025:04:58:40 +0000] "GET /events/2024-11-18/ HTTP/1.1" 200 19475 "-" "Mozilla/5.0 (compatible; SemrushBot/7~bl; +http://www.semrush.com/bot.html)"
66.249.73.225 - - [16/Jul/2025:04:59:06 +0000] "GET /entity/396667437 HTTP/1.1" 200 19179 "-" "Mozilla/5.0 (Linux; Android 6.0.1; Nexus 5X Build/MMB29P) AppleWebKit/537.36 (KHTML, like Gecko) Chrome/137.0.7151.103 Mobile Safari/537.36 (compatible; Googlebot/2.1; +http://www.google.com/bot.html)"
66.249.73.226 - - [16/Jul/2025:04:59:44 +0000] "POST /get-message-notify HTTP/1.1" 200 18727 "https://teamhachem.com/entity/396667437" "Mozilla/5.0 (Linux; Android 6.0.1; Nexus 5X Build/MMB29P) AppleWebKit/537.36 (KHTML, like Gecko) Chrome/137.0.7151.119 Mobile Safari/537.36 (compatible; Googlebot/2.1; +http://www.google.com/bot.html)"
51.222.253.15 - - [16/Jul/2025:05:00:11 +0000] "GET /sitemap.xml HTTP/1.1" 200 4279 "-" "Mozilla/5.0 (compatible; AhrefsBot/7.0; +http://ahrefs.com/robot/)"
209.74.77.214 - - [16/Jul/2025:05:00:51 +0000] "POST /wp-cron.php?doing_wp_cron=1752642051.2997920513153076171875 HTTP/1.1" 200 - "-" "WordPress/6.8.1; https://teamhachem.com"
85.208.96.199 - - [16/Jul/2025:05:00:49 +0000] "GET /events/2025-06-13/ HTTP/1.1" 200 19476 "-" "Mozilla/5.0 (compatible; SemrushBot/7~bl; +http://www.semrush.com/bot.html)"
40.77.167.67 - - [16/Jul/2025:05:03:14 +0000] "GET /entity/615331333 HTTP/1.1" 200 21213 "-" "Mozilla/5.0 AppleWebKit/537.36 (KHTML, like Gecko; compatible; bingbot/2.0; +http://www.bing.com/bingbot.htm) Chrome/116.0.1938.76 Safari/537.36"
40.77.167.67 - - [16/Jul/2025:05:03:23 +0000] "GET /entity/615398967 HTTP/1.1" 200 21124 "-" "Mozilla/5.0 AppleWebKit/537.36 (KHTML, like Gecko; compatible; bingbot/2.0; +http://www.bing.com/bingbot.htm) Chrome/116.0.1938.76 Safari/537.36"
66.249.73.227 - - [16/Jul/2025:05:03:43 +0000] "GET /entity/713359157 HTTP/1.1" 200 21697 "-" "Mozilla/5.0 (Linux; Android 6.0.1; Nexus 5X Build/MMB29P) AppleWebKit/537.36 (KHTML, like Gecko) Chrome/137.0.7151.103 Mobile Safari/537.36 (compatible; Googlebot/2.1; +http://www.google.com/bot.html)"
66.249.73.226 - - [16/Jul/2025:05:04:39 +0000] "POST /get-message-notify HTTP/1.1" 200 18727 "https://teamhachem.com/entity/13184755" "Mozilla/5.0 (Linux; Android 6.0.1; Nexus 5X Build/MMB29P) AppleWebKit/537.36 (KHTML, like Gecko) Chrome/137.0.7151.119 Mobile Safari/537.36 (compatible; Googlebot/2.1; +http://www.google.com/bot.html)"
66.249.73.225 - - [16/Jul/2025:05:08:52 +0000] "GET /entity/13523875 HTTP/1.1" 200 17832 "-" "Mozilla/5.0 (Linux; Android 6.0.1; Nexus 5X Build/MMB29P) AppleWebKit/537.36 (KHTML, like Gecko) Chrome/137.0.7151.103 Mobile Safari/537.36 (compatible; Googlebot/2.1; +http://www.google.com/bot.html)"
66.249.73.226 - - [16/Jul/2025:05:08:59 +0000] "POST /get-message-notify HTTP/1.1" 200 18727 "https://teamhachem.com/entity/13523875" "Mozilla/5.0 (Linux; Android 6.0.1; Nexus 5X Build/MMB29P) AppleWebKit/537.36 (KHTML, like Gecko) Chrome/137.0.7151.119 Mobile Safari/537.36 (compatible; Googlebot/2.1; +http://www.google.com/bot.html)"
66.249.73.226 - - [16/Jul/2025:05:09:16 +0000] "POST /get-message-notify HTTP/1.1" 200 18727 "https://teamhachem.com/zhHant/product/surugaya/T3090520089?campaign_uid=f64d716db5e979ed2f947dbaf4296895b951ae7f" "Mozilla/5.0 (Linux; Android 6.0.1; Nexus 5X Build/MMB29P) AppleWebKit/537.36 (KHTML, like Gecko) Chrome/137.0.7151.119 Mobile Safari/537.36 (compatible; Googlebot/2.1; +http://www.google.com/bot.html)"
85.208.96.196 - - [16/Jul/2025:05:13:06 +0000] "GET /robots.txt HTTP/1.1" 200 94 "-" "Mozilla/5.0 (compatible; SemrushBot/7~bl; +http://www.semrush.com/bot.html)"
209.74.77.214 - - [16/Jul/2025:05:13:09 +0000] "POST /wp-cron.php?doing_wp_cron=1752642789.3463211059570312500000 HTTP/1.1" 200 - "-" "WordPress/6.8.1; https://teamhachem.com"
85.208.96.203 - - [16/Jul/2025:05:13:06 +0000] "GET /events/2025-03-23/ HTTP/1.1" 200 19474 "-" "Mozilla/5.0 (compatible; SemrushBot/7~bl; +http://www.semrush.com/bot.html)"
18.204.89.56 - - [16/Jul/2025:05:13:16 +0000] "GET /events/2023-11-30/ HTTP/1.1" 200 18830 "-" "Mozilla/5.0 AppleWebKit/537.36 (KHTML, like Gecko; compatible; Amazonbot/0.1; +https://developer.amazon.com/support/amazonbot) Chrome/119.0.6045.214 Safari/537.36"
34.195.60.66 - - [16/Jul/2025:05:13:21 +0000] "GET /events/2026-12-19/ HTTP/1.1" 200 19473 "-" "Mozilla/5.0 AppleWebKit/537.36 (KHTML, like Gecko; compatible; Amazonbot/0.1; +https://developer.amazon.com/support/amazonbot) Chrome/119.0.6045.214 Safari/537.36"
66.249.73.227 - - [16/Jul/2025:05:14:02 +0000] "GET /entity/1182493 HTTP/1.1" 200 18741 "-" "Mozilla/5.0 (Linux; Android 6.0.1; Nexus 5X Build/MMB29P) AppleWebKit/537.36 (KHTML, like Gecko) Chrome/137.0.7151.103 Mobile Safari/537.36 (compatible; Googlebot/2.1; +http://www.google.com/bot.html)"
207.46.13.31 - - [16/Jul/2025:05:15:59 +0000] "GET /gallery/karate-school/ HTTP/1.1" 200 19003 "-" "Mozilla/5.0 AppleWebKit/537.36 (KHTML, like Gecko; compatible; bingbot/2.0; +http://www.bing.com/bingbot.htm) Chrome/116.0.1938.76 Safari/537.36"
52.167.144.194 - - [16/Jul/2025:05:16:55 +0000] "GET /entity/615284731 HTTP/1.1" 200 20599 "-" "Mozilla/5.0 AppleWebKit/537.36 (KHTML, like Gecko; compatible; bingbot/2.0; +http://www.bing.com/bingbot.htm) Chrome/116.0.1938.76 Safari/537.36"
216.73.216.89 - - [16/Jul/2025:05:17:55 +0000] "GET /robots.txt HTTP/1.1" 200 94 "-" "Mozilla/5.0 AppleWebKit/537.36 (KHTML, like Gecko; compatible; ClaudeBot/1.0; [email protected])"
209.74.77.214 - - [16/Jul/2025:05:17:57 +0000] "POST /wp-cron.php?doing_wp_cron=1752643077.1252069473266601562500 HTTP/1.1" 200 - "-" "WordPress/6.8.1; https://teamhachem.com"
216.73.216.89 - - [16/Jul/2025:05:17:55 +0000] "GET /entity/63685890 HTTP/1.1" 404 12736 "-" "Mozilla/5.0 AppleWebKit/537.36 (KHTML, like Gecko; compatible; ClaudeBot/1.0; [email protected])"
216.73.216.89 - - [16/Jul/2025:05:17:58 +0000] "GET /entity/63670297 HTTP/1.1" 404 12742 "-" "Mozilla/5.0 AppleWebKit/537.36 (KHTML, like Gecko; compatible; ClaudeBot/1.0; [email protected])"
216.73.216.89 - - [16/Jul/2025:05:18:01 +0000] "GET /entity/63670576 HTTP/1.1" 404 12732 "-" "Mozilla/5.0 AppleWebKit/537.36 (KHTML, like Gecko; compatible; ClaudeBot/1.0; [email protected])"
216.73.216.89 - - [16/Jul/2025:05:18:04 +0000] "GET /entity/63670510 HTTP/1.1" 404 12735 "-" "Mozilla/5.0 AppleWebKit/537.36 (KHTML, like Gecko; compatible; ClaudeBot/1.0; [email protected])"
216.73.216.89 - - [16/Jul/2025:05:18:07 +0000] "GET /entity/63669386 HTTP/1.1" 404 12733 "-" "Mozilla/5.0 AppleWebKit/537.36 (KHTML, like Gecko; compatible; ClaudeBot/1.0; [email protected])"
216.73.216.89 - - [16/Jul/2025:05:18:10 +0000] "GET /entity/63669139 HTTP/1.1" 404 12736 "-" "Mozilla/5.0 AppleWebKit/537.36 (KHTML, like Gecko; compatible; ClaudeBot/1.0; [email protected])"
216.73.216.89 - - [16/Jul/2025:05:18:13 +0000] "GET /entity/63670263 HTTP/1.1" 404 12736 "-" "Mozilla/5.0 AppleWebKit/537.36 (KHTML, like Gecko; compatible; ClaudeBot/1.0; [email protected])"
216.73.216.89 - - [16/Jul/2025:05:18:16 +0000] "GET /entity/63702938 HTTP/1.1" 404 12733 "-" "Mozilla/5.0 AppleWebKit/537.36 (KHTML, like Gecko; compatible; ClaudeBot/1.0; [email protected])"
216.73.216.89 - - [16/Jul/2025:05:18:19 +0000] "GET /entity/63669669 HTTP/1.1" 404 12737 "-" "Mozilla/5.0 AppleWebKit/537.36 (KHTML, like Gecko; compatible; ClaudeBot/1.0; [email protected])"
216.73.216.89 - - [16/Jul/2025:05:18:22 +0000] "GET /entity/63669980 HTTP/1.1" 404 12735 "-" "Mozilla/5.0 AppleWebKit/537.36 (KHTML, like Gecko; compatible; ClaudeBot/1.0; [email protected])"
209.74.77.214 - - [16/Jul/2025:05:19:01 +0000] "POST /wp-cron.php?doing_wp_cron=1752643141.5337860584259033203125 HTTP/1.1" 200 - "-" "WordPress/6.8.1; https://teamhachem.com"
216.73.216.89 - - [16/Jul/2025:05:18:59 +0000] "GET /entity/63665384 HTTP/1.1" 404 12735 "-" "Mozilla/5.0 AppleWebKit/537.36 (KHTML, like Gecko; compatible; ClaudeBot/1.0; [email protected])"
216.73.216.89 - - [16/Jul/2025:05:19:02 +0000] "GET /entity/63764557 HTTP/1.1" 404 12739 "-" "Mozilla/5.0 AppleWebKit/537.36 (KHTML, like Gecko; compatible; ClaudeBot/1.0; [email protected])"
216.73.216.89 - - [16/Jul/2025:05:19:05 +0000] "GET /entity/63761446 HTTP/1.1" 404 12740 "-" "Mozilla/5.0 AppleWebKit/537.36 (KHTML, like Gecko; compatible; ClaudeBot/1.0; [email protected])"
216.73.216.89 - - [16/Jul/2025:05:19:08 +0000] "GET /entity/63647575 HTTP/1.1" 404 12738 "-" "Mozilla/5.0 AppleWebKit/537.36 (KHTML, like Gecko; compatible; ClaudeBot/1.0; [email protected])"
216.73.216.89 - - [16/Jul/2025:05:19:11 +0000] "GET /entity/63616054 HTTP/1.1" 404 12739 "-" "Mozilla/5.0 AppleWebKit/537.36 (KHTML, like Gecko; compatible; ClaudeBot/1.0; [email protected])"
216.73.216.89 - - [16/Jul/2025:05:19:14 +0000] "GET /entity/63750963 HTTP/1.1" 404 12738 "-" "Mozilla/5.0 AppleWebKit/537.36 (KHTML, like Gecko; compatible; ClaudeBot/1.0; [email protected])"
216.73.216.89 - - [16/Jul/2025:05:19:17 +0000] "GET /entity/63676248 HTTP/1.1" 404 12736 "-" "Mozilla/5.0 AppleWebKit/537.36 (KHTML, like Gecko; compatible; ClaudeBot/1.0; [email protected])"
216.73.216.89 - - [16/Jul/2025:05:19:20 +0000] "GET /entity/63571736 HTTP/1.1" 404 12736 "-" "Mozilla/5.0 AppleWebKit/537.36 (KHTML, like Gecko; compatible; ClaudeBot/1.0; [email protected])"
209.74.77.214 - - [16/Jul/2025:05:19:23 +0000] "POST /wp-cron.php?doing_wp_cron=1752643163.6319150924682617187500 HTTP/1.1" 200 - "-" "WordPress/6.8.1; https://teamhachem.com"
216.73.216.89 - - [16/Jul/2025:05:19:23 +0000] "GET /entity/63763399 HTTP/1.1" 404 12737 "-" "Mozilla/5.0 AppleWebKit/537.36 (KHTML, like Gecko; compatible; ClaudeBot/1.0; [email protected])"
216.73.216.89 - - [16/Jul/2025:05:19:26 +0000] "GET /entity/63752912 HTTP/1.1" 404 12739 "-" "Mozilla/5.0 AppleWebKit/537.36 (KHTML, like Gecko; compatible; ClaudeBot/1.0; [email protected])"
209.74.77.214 - - [16/Jul/2025:05:19:48 +0000] "POST /wp-cron.php?doing_wp_cron=1752643188.6525599956512451171875 HTTP/1.1" 200 - "-" "WordPress/6.8.1; https://teamhachem.com"
216.73.216.89 - - [16/Jul/2025:05:19:48 +0000] "GET /entity/63622834 HTTP/1.1" 404 12741 "-" "Mozilla/5.0 AppleWebKit/537.36 (KHTML, like Gecko; compatible; ClaudeBot/1.0; [email protected])"
216.73.216.89 - - [16/Jul/2025:05:19:51 +0000] "GET /entity/63671421 HTTP/1.1" 404 12738 "-" "Mozilla/5.0 AppleWebKit/537.36 (KHTML, like Gecko; compatible; ClaudeBot/1.0; [email protected])"
216.73.216.89 - - [16/Jul/2025:05:19:54 +0000] "GET /entity/63746961 HTTP/1.1" 404 12734 "-" "Mozilla/5.0 AppleWebKit/537.36 (KHTML, like Gecko; compatible; ClaudeBot/1.0; [email protected])"
216.73.216.89 - - [16/Jul/2025:05:19:57 +0000] "GET /entity/63636745 HTTP/1.1" 404 12740 "-" "Mozilla/5.0 AppleWebKit/537.36 (KHTML, like Gecko; compatible; ClaudeBot/1.0; [email protected])"
216.73.216.89 - - [16/Jul/2025:05:20:00 +0000] "GET /entity/63640430 HTTP/1.1" 404 12738 "-" "Mozilla/5.0 AppleWebKit/537.36 (KHTML, like Gecko; compatible; ClaudeBot/1.0; [email protected])"
52.167.144.172 - - [16/Jul/2025:05:20:02 +0000] "GET /entity/615466254 HTTP/1.1" 200 23453 "-" "Mozilla/5.0 AppleWebKit/537.36 (KHTML, like Gecko; compatible; bingbot/2.0; +http://www.bing.com/bingbot.htm) Chrome/116.0.1938.76 Safari/537.36"
216.73.216.89 - - [16/Jul/2025:05:20:03 +0000] "GET /entity/63636711 HTTP/1.1" 404 12736 "-" "Mozilla/5.0 AppleWebKit/537.36 (KHTML, like Gecko; compatible; ClaudeBot/1.0; [email protected])"
216.73.216.89 - - [16/Jul/2025:05:20:06 +0000] "GET /entity/63668310 HTTP/1.1" 404 12736 "-" "Mozilla/5.0 AppleWebKit/537.36 (KHTML, like Gecko; compatible; ClaudeBot/1.0; [email protected])"
216.73.216.89 - - [16/Jul/2025:05:20:09 +0000] "GET /entity/63674811 HTTP/1.1" 404 12732 "-" "Mozilla/5.0 AppleWebKit/537.36 (KHTML, like Gecko; compatible; ClaudeBot/1.0; [email protected])"
216.73.216.89 - - [16/Jul/2025:05:20:12 +0000] "GET /entity/63684170 HTTP/1.1" 404 12734 "-" "Mozilla/5.0 AppleWebKit/537.36 (KHTML, like Gecko; compatible; ClaudeBot/1.0; [email protected])"
216.73.216.89 - - [16/Jul/2025:05:20:15 +0000] "GET /entity/63762275 HTTP/1.1" 404 12736 "-" "Mozilla/5.0 AppleWebKit/537.36 (KHTML, like Gecko; compatible; ClaudeBot/1.0; [email protected])"
209.74.77.214 - - [16/Jul/2025:05:20:31 +0000] "POST /wp-cron.php?doing_wp_cron=1752643231.6810638904571533203125 HTTP/1.1" 200 - "-" "WordPress/6.8.1; https://teamhachem.com"
185.191.171.3 - - [16/Jul/2025:05:20:31 +0000] "GET /events/list/?eventDisplay=past&tribe-bar-date=2025-04-20 HTTP/1.1" 200 20253 "-" "Mozilla/5.0 (compatible; SemrushBot/7~bl; +http://www.semrush.com/bot.html)"
216.73.216.89 - - [16/Jul/2025:05:20:46 +0000] "GET /entity/63633337 HTTP/1.1" 404 12732 "-" "Mozilla/5.0 AppleWebKit/537.36 (KHTML, like Gecko; compatible; ClaudeBot/1.0; [email protected])"
216.73.216.89 - - [16/Jul/2025:05:20:49 +0000] "GET /entity/63668031 HTTP/1.1" 404 12737 "-" "Mozilla/5.0 AppleWebKit/537.36 (KHTML, like Gecko; compatible; ClaudeBot/1.0; [email protected])"
216.73.216.89 - - [16/Jul/2025:05:20:52 +0000] "GET /entity/63731878 HTTP/1.1" 404 12733 "-" "Mozilla/5.0 AppleWebKit/537.36 (KHTML, like Gecko; compatible; ClaudeBot/1.0; [email protected])"
216.73.216.89 - - [16/Jul/2025:05:20:55 +0000] "GET /entity/63627087 HTTP/1.1" 404 12741 "-" "Mozilla/5.0 AppleWebKit/537.36 (KHTML, like Gecko; compatible; ClaudeBot/1.0; [email protected])"
216.73.216.89 - - [16/Jul/2025:05:20:58 +0000] "GET /entity/63761992 HTTP/1.1" 404 12739 "-" "Mozilla/5.0 AppleWebKit/537.36 (KHTML, like Gecko; compatible; ClaudeBot/1.0; [email protected])"
216.73.216.89 - - [16/Jul/2025:05:21:01 +0000] "GET /entity/63601816 HTTP/1.1" 404 12734 "-" "Mozilla/5.0 AppleWebKit/537.36 (KHTML, like Gecko; compatible; ClaudeBot/1.0; [email protected])"
216.73.216.89 - - [16/Jul/2025:05:21:04 +0000] "GET /entity/63660918 HTTP/1.1" 404 12735 "-" "Mozilla/5.0 AppleWebKit/537.36 (KHTML, like Gecko; compatible; ClaudeBot/1.0; [email protected])"
216.73.216.89 - - [16/Jul/2025:05:21:07 +0000] "GET /entity/63583048 HTTP/1.1" 404 12737 "-" "Mozilla/5.0 AppleWebKit/537.36 (KHTML, like Gecko; compatible; ClaudeBot/1.0; [email protected])"
216.73.216.89 - - [16/Jul/2025:05:21:10 +0000] "GET /entity/63683923 HTTP/1.1" 404 12734 "-" "Mozilla/5.0 AppleWebKit/537.36 (KHTML, like Gecko; compatible; ClaudeBot/1.0; [email protected])"
216.73.216.89 - - [16/Jul/2025:05:21:13 +0000] "GET /entity/63621132 HTTP/1.1" 404 12733 "-" "Mozilla/5.0 AppleWebKit/537.36 (KHTML, like Gecko; compatible; ClaudeBot/1.0; [email protected])"
209.74.77.214 - - [16/Jul/2025:05:21:31 +0000] "POST /wp-cron.php?doing_wp_cron=1752643291.7032599449157714843750 HTTP/1.1" 200 - "-" "WordPress/6.8.1; https://teamhachem.com"
216.73.216.89 - - [16/Jul/2025:05:21:31 +0000] "GET /entity/63610021 HTTP/1.1" 404 12734 "-" "Mozilla/5.0 AppleWebKit/537.36 (KHTML, like Gecko; compatible; ClaudeBot/1.0; [email protected])"
216.73.216.89 - - [16/Jul/2025:05:21:34 +0000] "GET /entity/63639306 HTTP/1.1" 404 12736 "-" "Mozilla/5.0 AppleWebKit/537.36 (KHTML, like Gecko; compatible; ClaudeBot/1.0; [email protected])"
216.73.216.89 - - [16/Jul/2025:05:21:37 +0000] "GET /entity/63596989 HTTP/1.1" 404 12739 "-" "Mozilla/5.0 AppleWebKit/537.36 (KHTML, like Gecko; compatible; ClaudeBot/1.0; [email protected])"
216.73.216.89 - - [16/Jul/2025:05:21:40 +0000] "GET /entity/63576862 HTTP/1.1" 404 12738 "-" "Mozilla/5.0 AppleWebKit/537.36 (KHTML, like Gecko; compatible; ClaudeBot/1.0; [email protected])"
216.73.216.89 - - [16/Jul/2025:05:21:43 +0000] "GET /entity/63673982 HTTP/1.1" 404 12738 "-" "Mozilla/5.0 AppleWebKit/537.36 (KHTML, like Gecko; compatible; ClaudeBot/1.0; [email protected])"
216.73.216.89 - - [16/Jul/2025:05:21:46 +0000] "GET /entity/63763712 HTTP/1.1" 404 12732 "-" "Mozilla/5.0 AppleWebKit/537.36 (KHTML, like Gecko; compatible; ClaudeBot/1.0; [email protected])"
216.73.216.89 - - [16/Jul/2025:05:21:49 +0000] "GET /entity/63635304 HTTP/1.1" 404 12736 "-" "Mozilla/5.0 AppleWebKit/537.36 (KHTML, like Gecko; compatible; ClaudeBot/1.0; [email protected])"
216.73.216.89 - - [16/Jul/2025:05:21:52 +0000] "GET /entity/63706611 HTTP/1.1" 404 12737 "-" "Mozilla/5.0 AppleWebKit/537.36 (KHTML, like Gecko; compatible; ClaudeBot/1.0; [email protected])"
216.73.216.89 - - [16/Jul/2025:05:21:55 +0000] "GET /entity/63635587 HTTP/1.1" 404 12734 "-" "Mozilla/5.0 AppleWebKit/537.36 (KHTML, like Gecko; compatible; ClaudeBot/1.0; [email protected])"
216.73.216.89 - - [16/Jul/2025:05:21:58 +0000] "GET /entity/63680168 HTTP/1.1" 404 12736 "-" "Mozilla/5.0 AppleWebKit/537.36 (KHTML, like Gecko; compatible; ClaudeBot/1.0; [email protected])"
216.73.216.89 - - [16/Jul/2025:05:22:18 +0000] "GET /entity/63618254 HTTP/1.1" 404 12738 "-" "Mozilla/5.0 AppleWebKit/537.36 (KHTML, like Gecko; compatible; ClaudeBot/1.0; [email protected])"
216.73.216.89 - - [16/Jul/2025:05:22:21 +0000] "GET /entity/63629947 HTTP/1.1" 404 12736 "-" "Mozilla/5.0 AppleWebKit/537.36 (KHTML, like Gecko; compatible; ClaudeBot/1.0; [email protected])"
209.74.77.214 - - [16/Jul/2025:05:22:24 +0000] "POST /wp-cron.php?doing_wp_cron=1752643344.6033430099487304687500 HTTP/1.1" 200 - "-" "WordPress/6.8.1; https://teamhachem.com"
216.73.216.89 - - [16/Jul/2025:05:22:24 +0000] "GET /entity/63677968 HTTP/1.1" 404 12739 "-" "Mozilla/5.0 AppleWebKit/537.36 (KHTML, like Gecko; compatible; ClaudeBot/1.0; [email protected])"
216.73.216.89 - - [16/Jul/2025:05:22:27 +0000] "GET /entity/63612881 HTTP/1.1" 404 12738 "-" "Mozilla/5.0 AppleWebKit/537.36 (KHTML, like Gecko; compatible; ClaudeBot/1.0; [email protected])"
216.73.216.89 - - [16/Jul/2025:05:22:30 +0000] "GET /entity/63673059 HTTP/1.1" 404 12732 "-" "Mozilla/5.0 AppleWebKit/537.36 (KHTML, like Gecko; compatible; ClaudeBot/1.0; [email protected])"
209.74.77.214 - - [16/Jul/2025:05:22:33 +0000] "POST /wp-cron.php?doing_wp_cron=1752643353.5860009193420410156250 HTTP/1.1" 200 - "-" "WordPress/6.8.1; https://teamhachem.com"
216.73.216.89 - - [16/Jul/2025:05:22:33 +0000] "GET /entity/63683640 HTTP/1.1" 404 12735 "-" "Mozilla/5.0 AppleWebKit/537.36 (KHTML, like Gecko; compatible; ClaudeBot/1.0; [email protected])"
216.73.216.89 - - [16/Jul/2025:05:22:36 +0000] "GET /entity/63641008 HTTP/1.1" 404 12734 "-" "Mozilla/5.0 AppleWebKit/537.36 (KHTML, like Gecko; compatible; ClaudeBot/1.0; [email protected])"
216.73.216.89 - - [16/Jul/2025:05:22:39 +0000] "GET /entity/63637618 HTTP/1.1" 404 12740 "-" "Mozilla/5.0 AppleWebKit/537.36 (KHTML, like Gecko; compatible; ClaudeBot/1.0; [email protected])"
216.73.216.89 - - [16/Jul/2025:05:22:42 +0000] "GET /entity/63771337 HTTP/1.1" 404 12735 "-" "Mozilla/5.0 AppleWebKit/537.36 (KHTML, like Gecko; compatible; ClaudeBot/1.0; [email protected])"
216.73.216.89 - - [16/Jul/2025:05:22:45 +0000] "GET /entity/63674217 HTTP/1.1" 404 12735 "-" "Mozilla/5.0 AppleWebKit/537.36 (KHTML, like Gecko; compatible; ClaudeBot/1.0; [email protected])"
66.249.73.227 - - [16/Jul/2025:05:22:53 +0000] "GET /events/2025-04-25/ HTTP/1.1" 200 18252 "-" "Mozilla/5.0 (Linux; Android 6.0.1; Nexus 5X Build/MMB29P) AppleWebKit/537.36 (KHTML, like Gecko) Chrome/137.0.7151.103 Mobile Safari/537.36 (compatible; Googlebot/2.1; +http://www.google.com/bot.html)"
216.73.216.89 - - [16/Jul/2025:05:23:03 +0000] "GET /entity/63619974 HTTP/1.1" 404 12735 "-" "Mozilla/5.0 AppleWebKit/537.36 (KHTML, like Gecko; compatible; ClaudeBot/1.0; [email protected])"
216.73.216.89 - - [16/Jul/2025:05:23:05 +0000] "GET /entity/63634228 HTTP/1.1" 404 12737 "-" "Mozilla/5.0 AppleWebKit/537.36 (KHTML, like Gecko; compatible; ClaudeBot/1.0; [email protected])"
66.249.73.226 - - [16/Jul/2025:05:23:08 +0000] "GET /events/2025-04-24/ HTTP/1.1" 200 18249 "-" "Mozilla/5.0 (Linux; Android 6.0.1; Nexus 5X Build/MMB29P) AppleWebKit/537.36 (KHTML, like Gecko) Chrome/137.0.7151.103 Mobile Safari/537.36 (compatible; Googlebot/2.1; +http://www.google.com/bot.html)"
216.73.216.89 - - [16/Jul/2025:05:23:08 +0000] "GET /entity/63574498 HTTP/1.1" 404 12739 "-" "Mozilla/5.0 AppleWebKit/537.36 (KHTML, like Gecko; compatible; ClaudeBot/1.0; [email protected])"
216.73.216.89 - - [16/Jul/2025:05:23:11 +0000] "GET /entity/63706629 HTTP/1.1" 404 12735 "-" "Mozilla/5.0 AppleWebKit/537.36 (KHTML, like Gecko; compatible; ClaudeBot/1.0; [email protected])"
216.73.216.89 - - [16/Jul/2025:05:23:14 +0000] "GET /entity/63625116 HTTP/1.1" 404 12740 "-" "Mozilla/5.0 AppleWebKit/537.36 (KHTML, like Gecko; compatible; ClaudeBot/1.0; [email protected])"
66.249.73.225 - - [16/Jul/2025:05:23:16 +0000] "GET /events/2025-07-10/ HTTP/1.1" 200 18248 "-" "Mozilla/5.0 (Linux; Android 6.0.1; Nexus 5X Build/MMB29P) AppleWebKit/537.36 (KHTML, like Gecko) Chrome/137.0.7151.103 Mobile Safari/537.36 (compatible; Googlebot/2.1; +http://www.google.com/bot.html)"
216.73.216.89 - - [16/Jul/2025:05:23:17 +0000] "GET /entity/63753442 HTTP/1.1" 404 12736 "-" "Mozilla/5.0 AppleWebKit/537.36 (KHTML, like Gecko; compatible; ClaudeBot/1.0; [email protected])"
216.73.216.89 - - [16/Jul/2025:05:23:20 +0000] "GET /entity/63640729 HTTP/1.1" 404 12733 "-" "Mozilla/5.0 AppleWebKit/537.36 (KHTML, like Gecko; compatible; ClaudeBot/1.0; [email protected])"
209.74.77.214 - - [16/Jul/2025:05:23:24 +0000] "POST /wp-cron.php?doing_wp_cron=1752643404.1497509479522705078125 HTTP/1.1" 200 - "-" "WordPress/6.8.1; https://teamhachem.com"
216.73.216.89 - - [16/Jul/2025:05:23:23 +0000] "GET /entity/63743818 HTTP/1.1" 404 12737 "-" "Mozilla/5.0 AppleWebKit/537.36 (KHTML, like Gecko; compatible; ClaudeBot/1.0; [email protected])"
216.73.216.89 - - [16/Jul/2025:05:23:26 +0000] "GET /entity/63741851 HTTP/1.1" 404 12734 "-" "Mozilla/5.0 AppleWebKit/537.36 (KHTML, like Gecko; compatible; ClaudeBot/1.0; [email protected])"
216.73.216.89 - - [16/Jul/2025:05:23:29 +0000] "GET /entity/63618571 HTTP/1.1" 404 12739 "-" "Mozilla/5.0 AppleWebKit/537.36 (KHTML, like Gecko; compatible; ClaudeBot/1.0; [email protected])"
66.249.73.225 - - [16/Jul/2025:05:23:38 +0000] "POST /get-message-notify HTTP/1.1" 200 18727 "https://teamhachem.com/entity/13319365" "Mozilla/5.0 (Linux; Android 6.0.1; Nexus 5X Build/MMB29P) AppleWebKit/537.36 (KHTML, like Gecko) Chrome/137.0.7151.119 Mobile Safari/537.36 (compatible; Googlebot/2.1; +http://www.google.com/bot.html)"
209.74.77.214 - - [16/Jul/2025:05:23:49 +0000] "POST /wp-cron.php?doing_wp_cron=1752643429.1698920726776123046875 HTTP/1.1" 200 - "-" "WordPress/6.8.1; https://teamhachem.com"
216.73.216.89 - - [16/Jul/2025:05:23:48 +0000] "GET /entity/63621114 HTTP/1.1" 404 12738 "-" "Mozilla/5.0 AppleWebKit/537.36 (KHTML, like Gecko; compatible; ClaudeBot/1.0; [email protected])"
216.73.216.89 - - [16/Jul/2025:05:23:51 +0000] "GET /entity/63600146 HTTP/1.1" 404 12730 "-" "Mozilla/5.0 AppleWebKit/537.36 (KHTML, like Gecko; compatible; ClaudeBot/1.0; [email protected])"
216.73.216.89 - - [16/Jul/2025:05:23:54 +0000] "GET /entity/63571937 HTTP/1.1" 404 12737 "-" "Mozilla/5.0 AppleWebKit/537.36 (KHTML, like Gecko; compatible; ClaudeBot/1.0; [email protected])"
216.73.216.89 - - [16/Jul/2025:05:23:57 +0000] "GET /entity/63761745 HTTP/1.1" 404 12737 "-" "Mozilla/5.0 AppleWebKit/537.36 (KHTML, like Gecko; compatible; ClaudeBot/1.0; [email protected])"
216.73.216.89 - - [16/Jul/2025:05:24:00 +0000] "GET /entity/63600991 HTTP/1.1" 404 12734 "-" "Mozilla/5.0 AppleWebKit/537.36 (KHTML, like Gecko; compatible; ClaudeBot/1.0; [email protected])"
216.73.216.89 - - [16/Jul/2025:05:24:03 +0000] "GET /entity/63639059 HTTP/1.1" 404 12735 "-" "Mozilla/5.0 AppleWebKit/537.36 (KHTML, like Gecko; compatible; ClaudeBot/1.0; [email protected])"
216.73.216.89 - - [16/Jul/2025:05:24:06 +0000] "GET /entity/63679092 HTTP/1.1" 404 12737 "-" "Mozilla/5.0 AppleWebKit/537.36 (KHTML, like Gecko; compatible; ClaudeBot/1.0; [email protected])"
216.73.216.89 - - [16/Jul/2025:05:24:09 +0000] "GET /entity/63764306 HTTP/1.1" 404 12733 "-" "Mozilla/5.0 AppleWebKit/537.36 (KHTML, like Gecko; compatible; ClaudeBot/1.0; [email protected])"
216.73.216.89 - - [16/Jul/2025:05:24:12 +0000] "GET /entity/63695235 HTTP/1.1" 404 12735 "-" "Mozilla/5.0 AppleWebKit/537.36 (KHTML, like Gecko; compatible; ClaudeBot/1.0; [email protected])"
216.73.216.89 - - [16/Jul/2025:05:24:15 +0000] "GET /entity/63763710 HTTP/1.1" 404 12738 "-" "Mozilla/5.0 AppleWebKit/537.36 (KHTML, like Gecko; compatible; ClaudeBot/1.0; [email protected])"
209.74.77.214 - - [16/Jul/2025:05:24:35 +0000] "POST /wp-cron.php?doing_wp_cron=1752643475.0245580673217773437500 HTTP/1.1" 200 - "-" "WordPress/6.8.1; https://teamhachem.com"
216.73.216.89 - - [16/Jul/2025:05:24:34 +0000] "GET /entity/63660324 HTTP/1.1" 404 12740 "-" "Mozilla/5.0 AppleWebKit/537.36 (KHTML, like Gecko; compatible; ClaudeBot/1.0; [email protected])"
216.73.216.89 - - [16/Jul/2025:05:24:37 +0000] "GET /entity/63681609 HTTP/1.1" 404 12733 "-" "Mozilla/5.0 AppleWebKit/537.36 (KHTML, like Gecko; compatible; ClaudeBot/1.0; [email protected])"
216.73.216.89 - - [16/Jul/2025:05:24:40 +0000] "GET /entity/63626557 HTTP/1.1" 404 12733 "-" "Mozilla/5.0 AppleWebKit/537.36 (KHTML, like Gecko; compatible; ClaudeBot/1.0; [email protected])"
216.73.216.89 - - [16/Jul/2025:05:24:43 +0000] "GET /entity/63710860 HTTP/1.1" 404 12739 "-" "Mozilla/5.0 AppleWebKit/537.36 (KHTML, like Gecko; compatible; ClaudeBot/1.0; [email protected])"
216.73.216.89 - - [16/Jul/2025:05:24:46 +0000] "GET /entity/63743571 HTTP/1.1" 404 12735 "-" "Mozilla/5.0 AppleWebKit/537.36 (KHTML, like Gecko; compatible; ClaudeBot/1.0; [email protected])"
216.73.216.89 - - [16/Jul/2025:05:24:49 +0000] "GET /entity/63591034 HTTP/1.1" 404 12735 "-" "Mozilla/5.0 AppleWebKit/537.36 (KHTML, like Gecko; compatible; ClaudeBot/1.0; [email protected])"
216.73.216.89 - - [16/Jul/2025:05:24:52 +0000] "GET /entity/63670827 HTTP/1.1" 404 12734 "-" "Mozilla/5.0 AppleWebKit/537.36 (KHTML, like Gecko; compatible; ClaudeBot/1.0; [email protected])"
216.73.216.89 - - [16/Jul/2025:05:24:55 +0000] "GET /entity/63685294 HTTP/1.1" 404 12738 "-" "Mozilla/5.0 AppleWebKit/537.36 (KHTML, like Gecko; compatible; ClaudeBot/1.0; [email protected])"
216.73.216.89 - - [16/Jul/2025:05:24:58 +0000] "GET /entity/63596144 HTTP/1.1" 404 12735 "-" "Mozilla/5.0 AppleWebKit/537.36 (KHTML, like Gecko; compatible; ClaudeBot/1.0; [email protected])"
216.73.216.89 - - [16/Jul/2025:05:25:01 +0000] "GET /entity/63685593 HTTP/1.1" 404 12738 "-" "Mozilla/5.0 AppleWebKit/537.36 (KHTML, like Gecko; compatible; ClaudeBot/1.0; [email protected])"
216.73.216.89 - - [16/Jul/2025:05:25:19 +0000] "GET /entity/63770791 HTTP/1.1" 404 12736 "-" "Mozilla/5.0 AppleWebKit/537.36 (KHTML, like Gecko; compatible; ClaudeBot/1.0; [email protected])"
209.74.77.214 - - [16/Jul/2025:05:25:23 +0000] "POST /wp-cron.php?doing_wp_cron=1752643523.0151519775390625000000 HTTP/1.1" 200 - "-" "WordPress/6.8.1; https://teamhachem.com"
216.73.216.89 - - [16/Jul/2025:05:25:22 +0000] "GET /entity/63677655 HTTP/1.1" 404 12733 "-" "Mozilla/5.0 AppleWebKit/537.36 (KHTML, like Gecko; compatible; ClaudeBot/1.0; [email protected])"
216.73.216.89 - - [16/Jul/2025:05:25:25 +0000] "GET /entity/63625399 HTTP/1.1" 404 12735 "-" "Mozilla/5.0 AppleWebKit/537.36 (KHTML, like Gecko; compatible; ClaudeBot/1.0; [email protected])"
216.73.216.89 - - [16/Jul/2025:05:25:28 +0000] "GET /entity/63653247 HTTP/1.1" 404 12733 "-" "Mozilla/5.0 AppleWebKit/537.36 (KHTML, like Gecko; compatible; ClaudeBot/1.0; [email protected])"
209.74.77.214 - - [16/Jul/2025:05:25:32 +0000] "POST /wp-cron.php?doing_wp_cron=1752643532.0190830230712890625000 HTTP/1.1" 200 - "-" "WordPress/6.8.1; https://teamhachem.com"
216.73.216.89 - - [16/Jul/2025:05:25:31 +0000] "GET /entity/63614023 HTTP/1.1" 404 12739 "-" "Mozilla/5.0 AppleWebKit/537.36 (KHTML, like Gecko; compatible; ClaudeBot/1.0; [email protected])"
216.73.216.89 - - [16/Jul/2025:05:25:34 +0000] "GET /entity/63690404 HTTP/1.1" 404 12731 "-" "Mozilla/5.0 AppleWebKit/537.36 (KHTML, like Gecko; compatible; ClaudeBot/1.0; [email protected])"
216.73.216.89 - - [16/Jul/2025:05:25:37 +0000] "GET /entity/63675423 HTTP/1.1" 404 12736 "-" "Mozilla/5.0 AppleWebKit/537.36 (KHTML, like Gecko; compatible; ClaudeBot/1.0; [email protected])"
216.73.216.89 - - [16/Jul/2025:05:25:40 +0000] "GET /entity/63658887 HTTP/1.1" 404 12733 "-" "Mozilla/5.0 AppleWebKit/537.36 (KHTML, like Gecko; compatible; ClaudeBot/1.0; [email protected])"
216.73.216.89 - - [16/Jul/2025:05:25:43 +0000] "GET /entity/63697796 HTTP/1.1" 404 12735 "-" "Mozilla/5.0 AppleWebKit/537.36 (KHTML, like Gecko; compatible; ClaudeBot/1.0; [email protected])"
216.73.216.89 - - [16/Jul/2025:05:25:46 +0000] "GET /entity/63626475 HTTP/1.1" 404 12736 "-" "Mozilla/5.0 AppleWebKit/537.36 (KHTML, like Gecko; compatible; ClaudeBot/1.0; [email protected])"
216.73.216.89 - - [16/Jul/2025:05:26:06 +0000] "GET /entity/63619695 HTTP/1.1" 404 12738 "-" "Mozilla/5.0 AppleWebKit/537.36 (KHTML, like Gecko; compatible; ClaudeBot/1.0; [email protected])"
216.73.216.89 - - [16/Jul/2025:05:26:08 +0000] "GET /entity/63667949 HTTP/1.1" 404 12735 "-" "Mozilla/5.0 AppleWebKit/537.36 (KHTML, like Gecko; compatible; ClaudeBot/1.0; [email protected])"
216.73.216.89 - - [16/Jul/2025:05:26:11 +0000] "GET /entity/63586486 HTTP/1.1" 404 12737 "-" "Mozilla/5.0 AppleWebKit/537.36 (KHTML, like Gecko; compatible; ClaudeBot/1.0; [email protected])"
216.73.216.89 - - [16/Jul/2025:05:26:14 +0000] "GET /entity/63750881 HTTP/1.1" 404 12738 "-" "Mozilla/5.0 AppleWebKit/537.36 (KHTML, like Gecko; compatible; ClaudeBot/1.0; [email protected])"
216.73.216.89 - - [16/Jul/2025:05:26:17 +0000] "GET /entity/63617130 HTTP/1.1" 404 12735 "-" "Mozilla/5.0 AppleWebKit/537.36 (KHTML, like Gecko; compatible; ClaudeBot/1.0; [email protected])"
216.73.216.89 - - [16/Jul/2025:05:26:20 +0000] "GET /entity/63624275 HTTP/1.1" 404 12735 "-" "Mozilla/5.0 AppleWebKit/537.36 (KHTML, like Gecko; compatible; ClaudeBot/1.0; [email protected])"
209.74.77.214 - - [16/Jul/2025:05:26:24 +0000] "POST /wp-cron.php?doing_wp_cron=1752643584.1709570884704589843750 HTTP/1.1" 200 - "-" "WordPress/6.8.1; https://teamhachem.com"
216.73.216.89 - - [16/Jul/2025:05:26:23 +0000] "GET /entity/63574580 HTTP/1.1" 404 12737 "-" "Mozilla/5.0 AppleWebKit/537.36 (KHTML, like Gecko; compatible; ClaudeBot/1.0; [email protected])"
216.73.216.89 - - [16/Jul/2025:05:26:26 +0000] "GET /entity/63671951 HTTP/1.1" 404 12735 "-" "Mozilla/5.0 AppleWebKit/537.36 (KHTML, like Gecko; compatible; ClaudeBot/1.0; [email protected])"
