20.171.207.104 - - [15/Jul/2025:19:57:50 +0000] "GET /entity/284974001 HTTP/1.1" 404 12735 "-" "Mozilla/5.0 AppleWebKit/537.36 (KHTML, like Gecko; compatible; GPTBot/1.2; +https://openai.com/gptbot)"
20.171.207.104 - - [15/Jul/2025:19:57:53 +0000] "GET /entity/350472878 HTTP/1.1" 404 12737 "-" "Mozilla/5.0 AppleWebKit/537.36 (KHTML, like Gecko; compatible; GPTBot/1.2; +https://openai.com/gptbot)"
20.171.207.104 - - [15/Jul/2025:19:57:56 +0000] "GET /entity/285039321 HTTP/1.1" 404 12737 "-" "Mozilla/5.0 AppleWebKit/537.36 (KHTML, like Gecko; compatible; GPTBot/1.2; +https://openai.com/gptbot)"
20.171.207.104 - - [15/Jul/2025:19:57:58 +0000] "GET /entity/284944762 HTTP/1.1" 404 12737 "-" "Mozilla/5.0 AppleWebKit/537.36 (KHTML, like Gecko; compatible; GPTBot/1.2; +https://openai.com/gptbot)"
20.171.207.104 - - [15/Jul/2025:19:58:01 +0000] "GET /entity/350597005 HTTP/1.1" 404 12735 "-" "Mozilla/5.0 AppleWebKit/537.36 (KHTML, like Gecko; compatible; GPTBot/1.2; +https://openai.com/gptbot)"
20.171.207.104 - - [15/Jul/2025:19:58:03 +0000] "GET /entity/350427767 HTTP/1.1" 404 12738 "-" "Mozilla/5.0 AppleWebKit/537.36 (KHTML, like Gecko; compatible; GPTBot/1.2; +https://openai.com/gptbot)"
20.171.207.104 - - [15/Jul/2025:19:58:06 +0000] "GET /entity/350534792 HTTP/1.1" 404 12735 "-" "Mozilla/5.0 AppleWebKit/537.36 (KHTML, like Gecko; compatible; GPTBot/1.2; +https://openai.com/gptbot)"
20.171.207.104 - - [15/Jul/2025:19:58:08 +0000] "GET /entity/350494195 HTTP/1.1" 404 12732 "-" "Mozilla/5.0 AppleWebKit/537.36 (KHTML, like Gecko; compatible; GPTBot/1.2; +https://openai.com/gptbot)"
20.171.207.104 - - [15/Jul/2025:19:58:11 +0000] "GET /entity/350512981 HTTP/1.1" 404 12736 "-" "Mozilla/5.0 AppleWebKit/537.36 (KHTML, like Gecko; compatible; GPTBot/1.2; +https://openai.com/gptbot)"
20.171.207.104 - - [15/Jul/2025:19:58:13 +0000] "GET /entity/285074015 HTTP/1.1" 404 12742 "-" "Mozilla/5.0 AppleWebKit/537.36 (KHTML, like Gecko; compatible; GPTBot/1.2; +https://openai.com/gptbot)"
20.171.207.104 - - [15/Jul/2025:19:58:16 +0000] "GET /entity/350592174 HTTP/1.1" 404 12738 "-" "Mozilla/5.0 AppleWebKit/537.36 (KHTML, like Gecko; compatible; GPTBot/1.2; +https://openai.com/gptbot)"
20.171.207.104 - - [15/Jul/2025:19:58:19 +0000] "GET /entity/350464115 HTTP/1.1" 404 12735 "-" "Mozilla/5.0 AppleWebKit/537.36 (KHTML, like Gecko; compatible; GPTBot/1.2; +https://openai.com/gptbot)"
20.171.207.104 - - [15/Jul/2025:19:58:21 +0000] "GET /entity/285023991 HTTP/1.1" 404 12735 "-" "Mozilla/5.0 AppleWebKit/537.36 (KHTML, like Gecko; compatible; GPTBot/1.2; +https://openai.com/gptbot)"
209.74.77.214 - - [15/Jul/2025:19:58:24 +0000] "POST /wp-cron.php?doing_wp_cron=1752609504.6066079139709472656250 HTTP/1.1" 200 - "-" "WordPress/6.8.1; https://teamhachem.com"
20.171.207.104 - - [15/Jul/2025:19:58:24 +0000] "GET /entity/350532825 HTTP/1.1" 404 12740 "-" "Mozilla/5.0 AppleWebKit/537.36 (KHTML, like Gecko; compatible; GPTBot/1.2; +https://openai.com/gptbot)"
20.171.207.104 - - [15/Jul/2025:19:58:26 +0000] "GET /entity/285056949 HTTP/1.1" 404 12735 "-" "Mozilla/5.0 AppleWebKit/537.36 (KHTML, like Gecko; compatible; GPTBot/1.2; +https://openai.com/gptbot)"
20.171.207.104 - - [15/Jul/2025:19:58:29 +0000] "GET /entity/284885114 HTTP/1.1" 404 12739 "-" "Mozilla/5.0 AppleWebKit/537.36 (KHTML, like Gecko; compatible; GPTBot/1.2; +https://openai.com/gptbot)"
209.74.77.214 - - [15/Jul/2025:19:58:32 +0000] "POST /wp-cron.php?doing_wp_cron=1752609512.8176560401916503906250 HTTP/1.1" 200 - "-" "WordPress/6.8.1; https://teamhachem.com"
20.171.207.104 - - [15/Jul/2025:19:58:31 +0000] "GET /entity/284918072 HTTP/1.1" 404 12736 "-" "Mozilla/5.0 AppleWebKit/537.36 (KHTML, like Gecko; compatible; GPTBot/1.2; +https://openai.com/gptbot)"
20.171.207.104 - - [15/Jul/2025:19:58:34 +0000] "GET /entity/285045573 HTTP/1.1" 404 12737 "-" "Mozilla/5.0 AppleWebKit/537.36 (KHTML, like Gecko; compatible; GPTBot/1.2; +https://openai.com/gptbot)"
20.171.207.104 - - [15/Jul/2025:19:58:37 +0000] "GET /entity/285039022 HTTP/1.1" 404 12736 "-" "Mozilla/5.0 AppleWebKit/537.36 (KHTML, like Gecko; compatible; GPTBot/1.2; +https://openai.com/gptbot)"
20.171.207.104 - - [15/Jul/2025:19:58:39 +0000] "GET /entity/284899898 HTTP/1.1" 404 12737 "-" "Mozilla/5.0 AppleWebKit/537.36 (KHTML, like Gecko; compatible; GPTBot/1.2; +https://openai.com/gptbot)"
20.171.207.104 - - [15/Jul/2025:19:58:42 +0000] "GET /entity/285016633 HTTP/1.1" 404 12735 "-" "Mozilla/5.0 AppleWebKit/537.36 (KHTML, like Gecko; compatible; GPTBot/1.2; +https://openai.com/gptbot)"
20.171.207.104 - - [15/Jul/2025:19:58:44 +0000] "GET /entity/350410948 HTTP/1.1" 404 12737 "-" "Mozilla/5.0 AppleWebKit/537.36 (KHTML, like Gecko; compatible; GPTBot/1.2; +https://openai.com/gptbot)"
20.171.207.104 - - [15/Jul/2025:19:58:47 +0000] "GET /entity/350520090 HTTP/1.1" 404 12737 "-" "Mozilla/5.0 AppleWebKit/537.36 (KHTML, like Gecko; compatible; GPTBot/1.2; +https://openai.com/gptbot)"
20.171.207.104 - - [15/Jul/2025:19:58:49 +0000] "GET /entity/284977174 HTTP/1.1" 404 12738 "-" "Mozilla/5.0 AppleWebKit/537.36 (KHTML, like Gecko; compatible; GPTBot/1.2; +https://openai.com/gptbot)"
20.171.207.104 - - [15/Jul/2025:19:58:52 +0000] "GET /entity/350410669 HTTP/1.1" 404 12737 "-" "Mozilla/5.0 AppleWebKit/537.36 (KHTML, like Gecko; compatible; GPTBot/1.2; +https://openai.com/gptbot)"
20.171.207.104 - - [15/Jul/2025:19:58:54 +0000] "GET /entity/350478582 HTTP/1.1" 404 12735 "-" "Mozilla/5.0 AppleWebKit/537.36 (KHTML, like Gecko; compatible; GPTBot/1.2; +https://openai.com/gptbot)"
20.171.207.104 - - [15/Jul/2025:19:58:57 +0000] "GET /entity/285029069 HTTP/1.1" 404 12735 "-" "Mozilla/5.0 AppleWebKit/537.36 (KHTML, like Gecko; compatible; GPTBot/1.2; +https://openai.com/gptbot)"
20.171.207.104 - - [15/Jul/2025:19:59:00 +0000] "GET /entity/350529435 HTTP/1.1" 404 12735 "-" "Mozilla/5.0 AppleWebKit/537.36 (KHTML, like Gecko; compatible; GPTBot/1.2; +https://openai.com/gptbot)"
20.171.207.104 - - [15/Jul/2025:19:59:02 +0000] "GET /entity/285043853 HTTP/1.1" 404 12734 "-" "Mozilla/5.0 AppleWebKit/537.36 (KHTML, like Gecko; compatible; GPTBot/1.2; +https://openai.com/gptbot)"
20.171.207.104 - - [15/Jul/2025:19:59:05 +0000] "GET /entity/285015722 HTTP/1.1" 404 12738 "-" "Mozilla/5.0 AppleWebKit/537.36 (KHTML, like Gecko; compatible; GPTBot/1.2; +https://openai.com/gptbot)"
20.171.207.104 - - [15/Jul/2025:19:59:08 +0000] "GET /entity/350595335 HTTP/1.1" 404 12738 "-" "Mozilla/5.0 AppleWebKit/537.36 (KHTML, like Gecko; compatible; GPTBot/1.2; +https://openai.com/gptbot)"
20.171.207.104 - - [15/Jul/2025:19:59:10 +0000] "GET /entity/350491052 HTTP/1.1" 404 12739 "-" "Mozilla/5.0 AppleWebKit/537.36 (KHTML, like Gecko; compatible; GPTBot/1.2; +https://openai.com/gptbot)"
20.171.207.104 - - [15/Jul/2025:19:59:13 +0000] "GET /entity/350562672 HTTP/1.1" 404 12739 "-" "Mozilla/5.0 AppleWebKit/537.36 (KHTML, like Gecko; compatible; GPTBot/1.2; +https://openai.com/gptbot)"
20.171.207.104 - - [15/Jul/2025:19:59:15 +0000] "GET /entity/284991597 HTTP/1.1" 404 12736 "-" "Mozilla/5.0 AppleWebKit/537.36 (KHTML, like Gecko; compatible; GPTBot/1.2; +https://openai.com/gptbot)"
20.171.207.104 - - [15/Jul/2025:19:59:18 +0000] "GET /entity/285010895 HTTP/1.1" 404 12738 "-" "Mozilla/5.0 AppleWebKit/537.36 (KHTML, like Gecko; compatible; GPTBot/1.2; +https://openai.com/gptbot)"
20.171.207.104 - - [15/Jul/2025:19:59:20 +0000] "GET /entity/284964907 HTTP/1.1" 404 12738 "-" "Mozilla/5.0 AppleWebKit/537.36 (KHTML, like Gecko; compatible; GPTBot/1.2; +https://openai.com/gptbot)"
209.74.77.214 - - [15/Jul/2025:19:59:24 +0000] "POST /wp-cron.php?doing_wp_cron=1752609564.0232779979705810546875 HTTP/1.1" 200 - "-" "WordPress/6.8.1; https://teamhachem.com"
20.171.207.104 - - [15/Jul/2025:19:59:23 +0000] "GET /entity/350515542 HTTP/1.1" 404 12737 "-" "Mozilla/5.0 AppleWebKit/537.36 (KHTML, like Gecko; compatible; GPTBot/1.2; +https://openai.com/gptbot)"
20.171.207.104 - - [15/Jul/2025:19:59:25 +0000] "GET /entity/350477988 HTTP/1.1" 404 12735 "-" "Mozilla/5.0 AppleWebKit/537.36 (KHTML, like Gecko; compatible; GPTBot/1.2; +https://openai.com/gptbot)"
20.171.207.104 - - [15/Jul/2025:19:59:28 +0000] "GET /entity/284980285 HTTP/1.1" 404 12737 "-" "Mozilla/5.0 AppleWebKit/537.36 (KHTML, like Gecko; compatible; GPTBot/1.2; +https://openai.com/gptbot)"
209.74.77.214 - - [15/Jul/2025:19:59:31 +0000] "POST /wp-cron.php?doing_wp_cron=1752609571.6705799102783203125000 HTTP/1.1" 200 - "-" "WordPress/6.8.1; https://teamhachem.com"
20.171.207.104 - - [15/Jul/2025:19:59:30 +0000] "GET /entity/285008330 HTTP/1.1" 404 12738 "-" "Mozilla/5.0 AppleWebKit/537.36 (KHTML, like Gecko; compatible; GPTBot/1.2; +https://openai.com/gptbot)"
207.46.13.54 - - [15/Jul/2025:19:59:34 +0000] "GET /entity/615277357 HTTP/1.1" 200 21199 "-" "Mozilla/5.0 AppleWebKit/537.36 (KHTML, like Gecko; compatible; bingbot/2.0; +http://www.bing.com/bingbot.htm) Chrome/116.0.1938.76 Safari/537.36"
20.171.207.104 - - [15/Jul/2025:19:59:33 +0000] "GET /entity/350447908 HTTP/1.1" 404 12737 "-" "Mozilla/5.0 AppleWebKit/537.36 (KHTML, like Gecko; compatible; GPTBot/1.2; +https://openai.com/gptbot)"
20.171.207.104 - - [15/Jul/2025:19:59:36 +0000] "GET /entity/350522322 HTTP/1.1" 404 12735 "-" "Mozilla/5.0 AppleWebKit/537.36 (KHTML, like Gecko; compatible; GPTBot/1.2; +https://openai.com/gptbot)"
20.171.207.104 - - [15/Jul/2025:19:59:38 +0000] "GET /entity/350533122 HTTP/1.1" 404 12734 "-" "Mozilla/5.0 AppleWebKit/537.36 (KHTML, like Gecko; compatible; GPTBot/1.2; +https://openai.com/gptbot)"
20.171.207.104 - - [15/Jul/2025:19:59:41 +0000] "GET /entity/350502446 HTTP/1.1" 404 12735 "-" "Mozilla/5.0 AppleWebKit/537.36 (KHTML, like Gecko; compatible; GPTBot/1.2; +https://openai.com/gptbot)"
20.171.207.104 - - [15/Jul/2025:19:59:43 +0000] "GET /entity/350568627 HTTP/1.1" 404 12736 "-" "Mozilla/5.0 AppleWebKit/537.36 (KHTML, like Gecko; compatible; GPTBot/1.2; +https://openai.com/gptbot)"
20.171.207.104 - - [15/Jul/2025:19:59:46 +0000] "GET /entity/350476268 HTTP/1.1" 404 12737 "-" "Mozilla/5.0 AppleWebKit/537.36 (KHTML, like Gecko; compatible; GPTBot/1.2; +https://openai.com/gptbot)"
20.171.207.104 - - [15/Jul/2025:19:59:49 +0000] "GET /entity/285040463 HTTP/1.1" 404 12734 "-" "Mozilla/5.0 AppleWebKit/537.36 (KHTML, like Gecko; compatible; GPTBot/1.2; +https://openai.com/gptbot)"
20.171.207.104 - - [15/Jul/2025:19:59:51 +0000] "GET /entity/350503275 HTTP/1.1" 404 12738 "-" "Mozilla/5.0 AppleWebKit/537.36 (KHTML, like Gecko; compatible; GPTBot/1.2; +https://openai.com/gptbot)"
52.167.144.182 - - [15/Jul/2025:19:59:52 +0000] "GET /entity/615628961 HTTP/1.1" 200 21318 "-" "Mozilla/5.0 AppleWebKit/537.36 (KHTML, like Gecko; compatible; bingbot/2.0; +http://www.bing.com/bingbot.htm) Chrome/116.0.1938.76 Safari/537.36"
20.171.207.104 - - [15/Jul/2025:19:59:54 +0000] "GET /entity/350487415 HTTP/1.1" 404 12736 "-" "Mozilla/5.0 AppleWebKit/537.36 (KHTML, like Gecko; compatible; GPTBot/1.2; +https://openai.com/gptbot)"
20.171.207.104 - - [15/Jul/2025:19:59:56 +0000] "GET /entity/350583658 HTTP/1.1" 404 12733 "-" "Mozilla/5.0 AppleWebKit/537.36 (KHTML, like Gecko; compatible; GPTBot/1.2; +https://openai.com/gptbot)"
20.171.207.104 - - [15/Jul/2025:19:59:59 +0000] "GET /entity/350549329 HTTP/1.1" 404 12736 "-" "Mozilla/5.0 AppleWebKit/537.36 (KHTML, like Gecko; compatible; GPTBot/1.2; +https://openai.com/gptbot)"
66.249.73.225 - - [15/Jul/2025:20:04:12 +0000] "POST /get-message-notify HTTP/1.1" 200 18727 "https://teamhachem.com/entity/15375839" "Mozilla/5.0 (Linux; Android 6.0.1; Nexus 5X Build/MMB29P) AppleWebKit/537.36 (KHTML, like Gecko) Chrome/137.0.7151.119 Mobile Safari/537.36 (compatible; Googlebot/2.1; +http://www.google.com/bot.html)"
20.171.207.104 - - [15/Jul/2025:20:00:02 +0000] "GET /entity/350578831 HTTP/1.1" 404 12731 "-" "Mozilla/5.0 AppleWebKit/537.36 (KHTML, like Gecko; compatible; GPTBot/1.2; +https://openai.com/gptbot)"
209.74.77.214 - - [15/Jul/2025:20:04:35 +0000] "POST /wp-cron.php?doing_wp_cron=1752609875.8438379764556884765625 HTTP/1.1" 200 - "-" "WordPress/6.8.1; https://teamhachem.com"
185.191.171.12 - - [15/Jul/2025:20:04:35 +0000] "GET /events/list/?tribe-bar-date=2025-07-16 HTTP/1.1" 200 19784 "-" "Mozilla/5.0 (compatible; SemrushBot/7~bl; +http://www.semrush.com/bot.html)"
66.249.73.225 - - [15/Jul/2025:20:04:46 +0000] "POST /get-message-notify HTTP/1.1" 200 18727 "https://teamhachem.com/entity/16142153" "Mozilla/5.0 (Linux; Android 6.0.1; Nexus 5X Build/MMB29P) AppleWebKit/537.36 (KHTML, like Gecko) Chrome/137.0.7151.119 Mobile Safari/537.36 (compatible; Googlebot/2.1; +http://www.google.com/bot.html)"
209.74.77.214 - - [15/Jul/2025:20:06:09 +0000] "POST /wp-cron.php?doing_wp_cron=1752609969.3946340084075927734375 HTTP/1.1" 200 - "-" "WordPress/6.8.1; https://teamhachem.com"
85.208.96.198 - - [15/Jul/2025:20:06:07 +0000] "GET /events/list/?tribe-bar-date=2024-12-25 HTTP/1.1" 200 19810 "-" "Mozilla/5.0 (compatible; SemrushBot/7~bl; +http://www.semrush.com/bot.html)"
66.249.73.225 - - [15/Jul/2025:20:06:18 +0000] "GET /entity/96936237 HTTP/1.1" 200 20333 "-" "Mozilla/5.0 (Linux; Android 6.0.1; Nexus 5X Build/MMB29P) AppleWebKit/537.36 (KHTML, like Gecko) Chrome/137.0.7151.103 Mobile Safari/537.36 (compatible; Googlebot/2.1; +http://www.google.com/bot.html)"
66.249.73.226 - - [15/Jul/2025:20:06:49 +0000] "POST /get-message-notify HTTP/1.1" 200 18727 "https://teamhachem.com/entity/634136060" "Mozilla/5.0 (Linux; Android 6.0.1; Nexus 5X Build/MMB29P) AppleWebKit/537.36 (KHTML, like Gecko) Chrome/137.0.7151.119 Mobile Safari/537.36 (compatible; Googlebot/2.1; +http://www.google.com/bot.html)"
52.167.144.233 - - [15/Jul/2025:20:07:11 +0000] "GET /entity/615460881 HTTP/1.1" 200 20063 "-" "Mozilla/5.0 AppleWebKit/537.36 (KHTML, like Gecko; compatible; bingbot/2.0; +http://www.bing.com/bingbot.htm) Chrome/116.0.1938.76 Safari/537.36"
52.167.144.182 - - [15/Jul/2025:20:07:33 +0000] "GET /entity/615813577 HTTP/1.1" 200 20189 "-" "Mozilla/5.0 AppleWebKit/537.36 (KHTML, like Gecko; compatible; bingbot/2.0; +http://www.bing.com/bingbot.htm) Chrome/116.0.1938.76 Safari/537.36"
52.167.144.182 - - [15/Jul/2025:20:07:37 +0000] "GET /entity/615821330 HTTP/1.1" 200 22348 "-" "Mozilla/5.0 AppleWebKit/537.36 (KHTML, like Gecko; compatible; bingbot/2.0; +http://www.bing.com/bingbot.htm) Chrome/116.0.1938.76 Safari/537.36"
209.74.77.214 - - [15/Jul/2025:20:08:29 +0000] "POST /wp-cron.php?doing_wp_cron=1752610109.2776119709014892578125 HTTP/1.1" 200 - "-" "WordPress/6.8.1; https://teamhachem.com"
20.171.207.104 - - [15/Jul/2025:20:08:27 +0000] "GET /entity/350416373 HTTP/1.1" 404 12738 "-" "Mozilla/5.0 AppleWebKit/537.36 (KHTML, like Gecko; compatible; GPTBot/1.2; +https://openai.com/gptbot)"
66.249.73.225 - - [15/Jul/2025:20:08:33 +0000] "GET /entity/13527594 HTTP/1.1" 200 18467 "-" "Mozilla/5.0 (Linux; Android 6.0.1; Nexus 5X Build/MMB29P) AppleWebKit/537.36 (KHTML, like Gecko) Chrome/137.0.7151.103 Mobile Safari/537.36 (compatible; Googlebot/2.1; +http://www.google.com/bot.html)"
209.74.77.214 - - [15/Jul/2025:20:09:31 +0000] "POST /wp-cron.php?doing_wp_cron=1752610171.5350229740142822265625 HTTP/1.1" 200 - "-" "WordPress/6.8.1; https://teamhachem.com"
20.171.207.104 - - [15/Jul/2025:20:09:29 +0000] "GET /entity/350437126 HTTP/1.1" 404 12738 "-" "Mozilla/5.0 AppleWebKit/537.36 (KHTML, like Gecko; compatible; GPTBot/1.2; +https://openai.com/gptbot)"
51.222.253.5 - - [15/Jul/2025:20:09:32 +0000] "GET /product-tag/boxing/ HTTP/1.1" 200 15592 "-" "Mozilla/5.0 (compatible; AhrefsBot/7.0; +http://ahrefs.com/robot/)"
66.249.73.225 - - [15/Jul/2025:20:11:21 +0000] "GET /entity/477760339 HTTP/1.1" 200 18094 "-" "Mozilla/5.0 (Linux; Android 6.0.1; Nexus 5X Build/MMB29P) AppleWebKit/537.36 (KHTML, like Gecko) Chrome/137.0.7151.103 Mobile Safari/537.36 (compatible; GoogleOther)"
66.249.73.225 - - [15/Jul/2025:20:11:29 +0000] "POST /get-message-notify HTTP/1.1" 200 18727 "https://teamhachem.com/entity/477760339" "Mozilla/5.0 (Linux; Android 6.0.1; Nexus 5X Build/MMB29P) AppleWebKit/537.36 (KHTML, like Gecko) Chrome/137.0.7151.119 Mobile Safari/537.36 (compatible; Googlebot/2.1; +http://www.google.com/bot.html)"
157.55.39.11 - - [15/Jul/2025:20:12:03 +0000] "GET /entity/615392930 HTTP/1.1" 200 20422 "-" "Mozilla/5.0 AppleWebKit/537.36 (KHTML, like Gecko; compatible; bingbot/2.0; +http://www.bing.com/bingbot.htm) Chrome/116.0.1938.76 Safari/537.36"
52.167.144.195 - - [15/Jul/2025:20:12:22 +0000] "GET /entity/615374477 HTTP/1.1" 200 20309 "-" "Mozilla/5.0 AppleWebKit/537.36 (KHTML, like Gecko; compatible; bingbot/2.0; +http://www.bing.com/bingbot.htm) Chrome/116.0.1938.76 Safari/537.36"
52.167.144.195 - - [15/Jul/2025:20:12:41 +0000] "GET /entity/615731006 HTTP/1.1" 200 19854 "-" "Mozilla/5.0 AppleWebKit/537.36 (KHTML, like Gecko; compatible; bingbot/2.0; +http://www.bing.com/bingbot.htm) Chrome/116.0.1938.76 Safari/537.36"
52.167.144.207 - - [15/Jul/2025:20:12:45 +0000] "GET /entity/615724722 HTTP/1.1" 200 20182 "-" "Mozilla/5.0 AppleWebKit/537.36 (KHTML, like Gecko; compatible; bingbot/2.0; +http://www.bing.com/bingbot.htm) Chrome/116.0.1938.76 Safari/537.36"
66.249.73.226 - - [15/Jul/2025:20:12:47 +0000] "POST /get-message-notify HTTP/1.1" 200 18727 "https://teamhachem.com/entity/15741119" "Mozilla/5.0 (Linux; Android 6.0.1; Nexus 5X Build/MMB29P) AppleWebKit/537.36 (KHTML, like Gecko) Chrome/137.0.7151.119 Mobile Safari/537.36 (compatible; Googlebot/2.1; +http://www.google.com/bot.html)"
209.74.77.214 - - [15/Jul/2025:20:12:54 +0000] "POST /wp-cron.php?doing_wp_cron=1752610374.5409278869628906250000 HTTP/1.1" 200 - "-" "WordPress/6.8.1; https://teamhachem.com"
85.208.96.212 - - [15/Jul/2025:20:12:53 +0000] "GET /events/list/?eventDisplay=past&tribe-bar-date=2025-06-13 HTTP/1.1" 200 20227 "-" "Mozilla/5.0 (compatible; SemrushBot/7~bl; +http://www.semrush.com/bot.html)"
66.249.73.226 - - [15/Jul/2025:20:13:18 +0000] "GET /entity/15743915 HTTP/1.1" 200 18453 "-" "Mozilla/5.0 (Linux; Android 6.0.1; Nexus 5X Build/MMB29P) AppleWebKit/537.36 (KHTML, like Gecko) Chrome/137.0.7151.103 Mobile Safari/537.36 (compatible; GoogleOther)"
66.249.73.225 - - [15/Jul/2025:20:13:21 +0000] "POST /get-message-notify HTTP/1.1" 200 18727 "https://teamhachem.com/entity/15743915" "Mozilla/5.0 (Linux; Android 6.0.1; Nexus 5X Build/MMB29P) AppleWebKit/537.36 (KHTML, like Gecko) Chrome/137.0.7151.119 Mobile Safari/537.36 (compatible; Googlebot/2.1; +http://www.google.com/bot.html)"
209.74.77.214 - - [15/Jul/2025:20:13:34 +0000] "POST /wp-cron.php?doing_wp_cron=1752610414.1957530975341796875000 HTTP/1.1" 200 - "-" "WordPress/6.8.1; https://teamhachem.com"
185.191.171.9 - - [15/Jul/2025:20:13:33 +0000] "GET /events/list/?tribe-bar-date=2025-12-02 HTTP/1.1" 200 19792 "-" "Mozilla/5.0 (compatible; SemrushBot/7~bl; +http://www.semrush.com/bot.html)"
107.20.224.184 - - [15/Jul/2025:20:14:00 +0000] "GET /events/2024-09-21/ HTTP/1.1" 200 18815 "-" "Mozilla/5.0 AppleWebKit/537.36 (KHTML, like Gecko; compatible; Amazonbot/0.1; +https://developer.amazon.com/support/amazonbot) Chrome/119.0.6045.214 Safari/537.36"
66.249.73.226 - - [15/Jul/2025:20:14:34 +0000] "GET /entity/477770210 HTTP/1.1" 200 18457 "-" "Mozilla/5.0 (Linux; Android 6.0.1; Nexus 5X Build/MMB29P) AppleWebKit/537.36 (KHTML, like Gecko) Chrome/137.0.7151.103 Mobile Safari/537.36 (compatible; GoogleOther)"
66.249.73.226 - - [15/Jul/2025:20:14:44 +0000] "POST /get-message-notify HTTP/1.1" 200 18727 "https://teamhachem.com/entity/477770210" "Mozilla/5.0 (Linux; Android 6.0.1; Nexus 5X Build/MMB29P) AppleWebKit/537.36 (KHTML, like Gecko) Chrome/137.0.7151.119 Mobile Safari/537.36 (compatible; Googlebot/2.1; +http://www.google.com/bot.html)"
209.74.77.214 - - [15/Jul/2025:20:15:06 +0000] "POST /wp-cron.php?doing_wp_cron=1752610506.5148520469665527343750 HTTP/1.1" 200 - "-" "WordPress/6.8.1; https://teamhachem.com"
44.193.115.232 - - [15/Jul/2025:20:15:05 +0000] "GET /events/2026-11-22/ HTTP/1.1" 200 19477 "-" "Mozilla/5.0 AppleWebKit/537.36 (KHTML, like Gecko; compatible; Amazonbot/0.1; +https://developer.amazon.com/support/amazonbot) Chrome/119.0.6045.214 Safari/537.36"
209.74.77.214 - - [15/Jul/2025:20:15:59 +0000] "POST /wp-cron.php?doing_wp_cron=1752610559.2884969711303710937500 HTTP/1.1" 200 - "-" "WordPress/6.8.1; https://teamhachem.com"
52.205.222.214 - - [15/Jul/2025:20:15:57 +0000] "GET /events/list/?eventDisplay=past&tribe-bar-date=2024-04-28 HTTP/1.1" 200 19881 "-" "Mozilla/5.0 AppleWebKit/537.36 (KHTML, like Gecko; compatible; Amazonbot/0.1; +https://developer.amazon.com/support/amazonbot) Chrome/119.0.6045.214 Safari/537.36"
34.233.219.155 - - [15/Jul/2025:20:16:02 +0000] "GET /events/list/?tribe-bar-date=2026-10-17 HTTP/1.1" 200 19797 "-" "Mozilla/5.0 AppleWebKit/537.36 (KHTML, like Gecko; compatible; Amazonbot/0.1; +https://developer.amazon.com/support/amazonbot) Chrome/119.0.6045.214 Safari/537.36"
44.193.102.198 - - [15/Jul/2025:20:16:05 +0000] "GET /events/list/?eventDisplay=past&tribe-bar-date=2026-09-20 HTTP/1.1" 200 20260 "-" "Mozilla/5.0 AppleWebKit/537.36 (KHTML, like Gecko; compatible; Amazonbot/0.1; +https://developer.amazon.com/support/amazonbot) Chrome/119.0.6045.214 Safari/537.36"
66.249.73.227 - - [15/Jul/2025:20:16:08 +0000] "POST /get-message-notify HTTP/1.1" 200 18727 "https://teamhachem.com/entity/101009945" "Mozilla/5.0 (Linux; Android 6.0.1; Nexus 5X Build/MMB29P) AppleWebKit/537.36 (KHTML, like Gecko) Chrome/137.0.7151.119 Mobile Safari/537.36 (compatible; Googlebot/2.1; +http://www.google.com/bot.html)"
66.249.73.225 - - [15/Jul/2025:20:16:38 +0000] "POST /get-message-notify HTTP/1.1" 200 18727 "https://teamhachem.com/entity/14065550" "Mozilla/5.0 (Linux; Android 6.0.1; Nexus 5X Build/MMB29P) AppleWebKit/537.36 (KHTML, like Gecko) Chrome/137.0.7151.119 Mobile Safari/537.36 (compatible; Googlebot/2.1; +http://www.google.com/bot.html)"
209.74.77.214 - - [15/Jul/2025:20:17:39 +0000] "POST /wp-cron.php?doing_wp_cron=1752610659.5622289180755615234375 HTTP/1.1" 200 - "-" "WordPress/6.8.1; https://teamhachem.com"
85.208.96.208 - - [15/Jul/2025:20:17:37 +0000] "GET /events/2024-12-26/ HTTP/1.1" 200 19469 "-" "Mozilla/5.0 (compatible; SemrushBot/7~bl; +http://www.semrush.com/bot.html)"
157.55.39.11 - - [15/Jul/2025:20:18:18 +0000] "GET /entity/615337284 HTTP/1.1" 200 20186 "-" "Mozilla/5.0 AppleWebKit/537.36 (KHTML, like Gecko; compatible; bingbot/2.0; +http://www.bing.com/bingbot.htm) Chrome/116.0.1938.76 Safari/537.36"
52.167.144.207 - - [15/Jul/2025:20:19:29 +0000] "GET /entity/615280217 HTTP/1.1" 200 20372 "-" "Mozilla/5.0 AppleWebKit/537.36 (KHTML, like Gecko; compatible; bingbot/2.0; +http://www.bing.com/bingbot.htm) Chrome/116.0.1938.76 Safari/537.36"
157.55.39.11 - - [15/Jul/2025:20:20:59 +0000] "GET /entity/615694642 HTTP/1.1" 200 20114 "-" "Mozilla/5.0 AppleWebKit/537.36 (KHTML, like Gecko; compatible; bingbot/2.0; +http://www.bing.com/bingbot.htm) Chrome/116.0.1938.76 Safari/537.36"
66.249.73.227 - - [15/Jul/2025:20:21:02 +0000] "GET /entity/102814978 HTTP/1.1" 200 18476 "-" "Mozilla/5.0 (Linux; Android 6.0.1; Nexus 5X Build/MMB29P) AppleWebKit/537.36 (KHTML, like Gecko) Chrome/137.0.7151.103 Mobile Safari/537.36 (compatible; GoogleOther)"
157.55.39.11 - - [15/Jul/2025:20:21:02 +0000] "GET /entity/615697753 HTTP/1.1" 200 23178 "-" "Mozilla/5.0 AppleWebKit/537.36 (KHTML, like Gecko; compatible; bingbot/2.0; +http://www.bing.com/bingbot.htm) Chrome/116.0.1938.76 Safari/537.36"
52.167.144.207 - - [15/Jul/2025:20:21:05 +0000] "GET /entity/615693452 HTTP/1.1" 200 20198 "-" "Mozilla/5.0 AppleWebKit/537.36 (KHTML, like Gecko; compatible; bingbot/2.0; +http://www.bing.com/bingbot.htm) Chrome/116.0.1938.76 Safari/537.36"
52.167.144.235 - - [15/Jul/2025:20:21:10 +0000] "GET /entity/615692922 HTTP/1.1" 200 23353 "-" "Mozilla/5.0 AppleWebKit/537.36 (KHTML, like Gecko; compatible; bingbot/2.0; +http://www.bing.com/bingbot.htm) Chrome/116.0.1938.76 Safari/537.36"
52.167.144.235 - - [15/Jul/2025:20:21:10 +0000] "GET /entity/615704828 HTTP/1.1" 200 19959 "-" "Mozilla/5.0 AppleWebKit/537.36 (KHTML, like Gecko; compatible; bingbot/2.0; +http://www.bing.com/bingbot.htm) Chrome/116.0.1938.76 Safari/537.36"
52.167.144.235 - - [15/Jul/2025:20:21:14 +0000] "GET /entity/615698877 HTTP/1.1" 200 21092 "-" "Mozilla/5.0 AppleWebKit/537.36 (KHTML, like Gecko; compatible; bingbot/2.0; +http://www.bing.com/bingbot.htm) Chrome/116.0.1938.76 Safari/537.36"
66.249.73.226 - - [15/Jul/2025:20:21:16 +0000] "GET /entity/477758304 HTTP/1.1" 200 17864 "-" "Mozilla/5.0 (Linux; Android 6.0.1; Nexus 5X Build/MMB29P) AppleWebKit/537.36 (KHTML, like Gecko) Chrome/137.0.7151.103 Mobile Safari/537.36 (compatible; GoogleOther)"
52.167.144.235 - - [15/Jul/2025:20:21:17 +0000] "GET /entity/615698032 HTTP/1.1" 200 20486 "-" "Mozilla/5.0 AppleWebKit/537.36 (KHTML, like Gecko; compatible; bingbot/2.0; +http://www.bing.com/bingbot.htm) Chrome/116.0.1938.76 Safari/537.36"
52.167.144.235 - - [15/Jul/2025:20:21:20 +0000] "GET /entity/615704234 HTTP/1.1" 200 23213 "-" "Mozilla/5.0 AppleWebKit/537.36 (KHTML, like Gecko; compatible; bingbot/2.0; +http://www.bing.com/bingbot.htm) Chrome/116.0.1938.76 Safari/537.36"
52.167.144.235 - - [15/Jul/2025:20:21:23 +0000] "GET /entity/615689815 HTTP/1.1" 200 22231 "-" "Mozilla/5.0 AppleWebKit/537.36 (KHTML, like Gecko; compatible; bingbot/2.0; +http://www.bing.com/bingbot.htm) Chrome/116.0.1938.76 Safari/537.36"
52.167.144.235 - - [15/Jul/2025:20:21:26 +0000] "GET /entity/615688920 HTTP/1.1" 200 22505 "-" "Mozilla/5.0 AppleWebKit/537.36 (KHTML, like Gecko; compatible; bingbot/2.0; +http://www.bing.com/bingbot.htm) Chrome/116.0.1938.76 Safari/537.36"
52.167.144.235 - - [15/Jul/2025:20:21:29 +0000] "GET /entity/615700844 HTTP/1.1" 200 20017 "-" "Mozilla/5.0 AppleWebKit/537.36 (KHTML, like Gecko; compatible; bingbot/2.0; +http://www.bing.com/bingbot.htm) Chrome/116.0.1938.76 Safari/537.36"
52.167.144.235 - - [15/Jul/2025:20:21:32 +0000] "GET /entity/615696595 HTTP/1.1" 200 22074 "-" "Mozilla/5.0 AppleWebKit/537.36 (KHTML, like Gecko; compatible; bingbot/2.0; +http://www.bing.com/bingbot.htm) Chrome/116.0.1938.76 Safari/537.36"
52.167.144.235 - - [15/Jul/2025:20:21:35 +0000] "GET /entity/615700597 HTTP/1.1" 200 21311 "-" "Mozilla/5.0 AppleWebKit/537.36 (KHTML, like Gecko; compatible; bingbot/2.0; +http://www.bing.com/bingbot.htm) Chrome/116.0.1938.76 Safari/537.36"
52.167.144.235 - - [15/Jul/2025:20:21:38 +0000] "GET /entity/615686889 HTTP/1.1" 200 21435 "-" "Mozilla/5.0 AppleWebKit/537.36 (KHTML, like Gecko; compatible; bingbot/2.0; +http://www.bing.com/bingbot.htm) Chrome/116.0.1938.76 Safari/537.36"
52.167.144.235 - - [15/Jul/2025:20:21:41 +0000] "GET /entity/615694893 HTTP/1.1" 200 22148 "-" "Mozilla/5.0 AppleWebKit/537.36 (KHTML, like Gecko; compatible; bingbot/2.0; +http://www.bing.com/bingbot.htm) Chrome/116.0.1938.76 Safari/537.36"
66.249.73.225 - - [15/Jul/2025:20:21:43 +0000] "POST /get-message-notify HTTP/1.1" 200 18727 "https://teamhachem.com/entity/477758304" "Mozilla/5.0 (Linux; Android 6.0.1; Nexus 5X Build/MMB29P) AppleWebKit/537.36 (KHTML, like Gecko) Chrome/137.0.7151.119 Mobile Safari/537.36 (compatible; Googlebot/2.1; +http://www.google.com/bot.html)"
52.167.144.235 - - [15/Jul/2025:20:21:44 +0000] "GET /entity/615692015 HTTP/1.1" 200 20155 "-" "Mozilla/5.0 AppleWebKit/537.36 (KHTML, like Gecko; compatible; bingbot/2.0; +http://www.bing.com/bingbot.htm) Chrome/116.0.1938.76 Safari/537.36"
52.167.144.235 - - [15/Jul/2025:20:21:47 +0000] "GET /entity/615691170 HTTP/1.1" 200 20766 "-" "Mozilla/5.0 AppleWebKit/537.36 (KHTML, like Gecko; compatible; bingbot/2.0; +http://www.bing.com/bingbot.htm) Chrome/116.0.1938.76 Safari/537.36"
52.167.144.235 - - [15/Jul/2025:20:21:50 +0000] "GET /entity/615695487 HTTP/1.1" 200 20607 "-" "Mozilla/5.0 AppleWebKit/537.36 (KHTML, like Gecko; compatible; bingbot/2.0; +http://www.bing.com/bingbot.htm) Chrome/116.0.1938.76 Safari/537.36"
52.167.144.235 - - [15/Jul/2025:20:21:53 +0000] "GET /entity/616057574 HTTP/1.1" 200 19606 "-" "Mozilla/5.0 AppleWebKit/537.36 (KHTML, like Gecko; compatible; bingbot/2.0; +http://www.bing.com/bingbot.htm) Chrome/116.0.1938.76 Safari/537.36"
157.55.39.11 - - [15/Jul/2025:20:22:00 +0000] "GET /entity/615695172 HTTP/1.1" 200 19902 "-" "Mozilla/5.0 AppleWebKit/537.36 (KHTML, like Gecko; compatible; bingbot/2.0; +http://www.bing.com/bingbot.htm) Chrome/116.0.1938.76 Safari/537.36"
157.55.39.11 - - [15/Jul/2025:20:22:03 +0000] "GET /entity/615704599 HTTP/1.1" 200 23575 "-" "Mozilla/5.0 AppleWebKit/537.36 (KHTML, like Gecko; compatible; bingbot/2.0; +http://www.bing.com/bingbot.htm) Chrome/116.0.1938.76 Safari/537.36"
157.55.39.11 - - [15/Jul/2025:20:22:07 +0000] "GET /entity/615694560 HTTP/1.1" 200 22508 "-" "Mozilla/5.0 AppleWebKit/537.36 (KHTML, like Gecko; compatible; bingbot/2.0; +http://www.bing.com/bingbot.htm) Chrome/116.0.1938.76 Safari/537.36"
157.55.39.11 - - [15/Jul/2025:20:22:09 +0000] "GET /entity/615699720 HTTP/1.1" 200 20539 "-" "Mozilla/5.0 AppleWebKit/537.36 (KHTML, like Gecko; compatible; bingbot/2.0; +http://www.bing.com/bingbot.htm) Chrome/116.0.1938.76 Safari/537.36"
66.249.73.227 - - [15/Jul/2025:20:22:11 +0000] "GET /entity/13184755 HTTP/1.1" 200 18538 "-" "Mozilla/5.0 (Linux; Android 6.0.1; Nexus 5X Build/MMB29P) AppleWebKit/537.36 (KHTML, like Gecko) Chrome/137.0.7151.103 Mobile Safari/537.36 (compatible; Googlebot/2.1; +http://www.google.com/bot.html)"
157.55.39.11 - - [15/Jul/2025:20:22:12 +0000] "GET /entity/615689532 HTTP/1.1" 200 20525 "-" "Mozilla/5.0 AppleWebKit/537.36 (KHTML, like Gecko; compatible; bingbot/2.0; +http://www.bing.com/bingbot.htm) Chrome/116.0.1938.76 Safari/537.36"
207.46.13.160 - - [15/Jul/2025:20:22:16 +0000] "GET /entity/615702034 HTTP/1.1" 200 20250 "-" "Mozilla/5.0 AppleWebKit/537.36 (KHTML, like Gecko; compatible; bingbot/2.0; +http://www.bing.com/bingbot.htm) Chrome/116.0.1938.76 Safari/537.36"
207.46.13.160 - - [15/Jul/2025:20:22:18 +0000] "GET /entity/615691782 HTTP/1.1" 200 21566 "-" "Mozilla/5.0 AppleWebKit/537.36 (KHTML, like Gecko; compatible; bingbot/2.0; +http://www.bing.com/bingbot.htm) Chrome/116.0.1938.76 Safari/537.36"
207.46.13.160 - - [15/Jul/2025:20:22:20 +0000] "GET /entity/615694281 HTTP/1.1" 200 20543 "-" "Mozilla/5.0 AppleWebKit/537.36 (KHTML, like Gecko; compatible; bingbot/2.0; +http://www.bing.com/bingbot.htm) Chrome/116.0.1938.76 Safari/537.36"
207.46.13.160 - - [15/Jul/2025:20:22:23 +0000] "GET /entity/615688095 HTTP/1.1" 200 24049 "-" "Mozilla/5.0 AppleWebKit/537.36 (KHTML, like Gecko; compatible; bingbot/2.0; +http://www.bing.com/bingbot.htm) Chrome/116.0.1938.76 Safari/537.36"
207.46.13.160 - - [15/Jul/2025:20:22:26 +0000] "GET /entity/615697125 HTTP/1.1" 200 20021 "-" "Mozilla/5.0 AppleWebKit/537.36 (KHTML, like Gecko; compatible; bingbot/2.0; +http://www.bing.com/bingbot.htm) Chrome/116.0.1938.76 Safari/537.36"
209.74.77.214 - - [15/Jul/2025:20:22:30 +0000] "POST /wp-cron.php?doing_wp_cron=1752610950.4383869171142578125000 HTTP/1.1" 200 - "-" "WordPress/6.8.1; https://teamhachem.com"
185.191.171.2 - - [15/Jul/2025:20:22:28 +0000] "GET /events/list/?tribe-bar-date=2025-01-31 HTTP/1.1" 200 19805 "-" "Mozilla/5.0 (compatible; SemrushBot/7~bl; +http://www.semrush.com/bot.html)"
40.77.167.26 - - [15/Jul/2025:20:22:30 +0000] "GET /entity/615701438 HTTP/1.1" 200 20808 "-" "Mozilla/5.0 AppleWebKit/537.36 (KHTML, like Gecko; compatible; bingbot/2.0; +http://www.bing.com/bingbot.htm) Chrome/116.0.1938.76 Safari/537.36"
40.77.167.26 - - [15/Jul/2025:20:22:33 +0000] "GET /entity/615704517 HTTP/1.1" 200 20273 "-" "Mozilla/5.0 AppleWebKit/537.36 (KHTML, like Gecko; compatible; bingbot/2.0; +http://www.bing.com/bingbot.htm) Chrome/116.0.1938.76 Safari/537.36"
40.77.167.26 - - [15/Jul/2025:20:22:36 +0000] "GET /entity/615703704 HTTP/1.1" 200 20060 "-" "Mozilla/5.0 AppleWebKit/537.36 (KHTML, like Gecko; compatible; bingbot/2.0; +http://www.bing.com/bingbot.htm) Chrome/116.0.1938.76 Safari/537.36"
52.167.144.59 - - [15/Jul/2025:20:22:37 +0000] "GET /robots.txt HTTP/1.1" 200 94 "-" "Mozilla/5.0 AppleWebKit/537.36 (KHTML, like Gecko; compatible; bingbot/2.0; +http://www.bing.com/bingbot.htm) Chrome/116.0.1938.76 Safari/537.36"
40.77.167.26 - - [15/Jul/2025:20:22:39 +0000] "GET /entity/615699407 HTTP/1.1" 200 22425 "-" "Mozilla/5.0 AppleWebKit/537.36 (KHTML, like Gecko; compatible; bingbot/2.0; +http://www.bing.com/bingbot.htm) Chrome/116.0.1938.76 Safari/537.36"
40.77.167.26 - - [15/Jul/2025:20:22:42 +0000] "GET /entity/615689203 HTTP/1.1" 200 21001 "-" "Mozilla/5.0 AppleWebKit/537.36 (KHTML, like Gecko; compatible; bingbot/2.0; +http://www.bing.com/bingbot.htm) Chrome/116.0.1938.76 Safari/537.36"
52.167.144.235 - - [15/Jul/2025:20:22:44 +0000] "GET /entity/616057891 HTTP/1.1" 200 21476 "-" "Mozilla/5.0 AppleWebKit/537.36 (KHTML, like Gecko; compatible; bingbot/2.0; +http://www.bing.com/bingbot.htm) Chrome/116.0.1938.76 Safari/537.36"
40.77.167.26 - - [15/Jul/2025:20:22:45 +0000] "GET /entity/615698283 HTTP/1.1" 200 20335 "-" "Mozilla/5.0 AppleWebKit/537.36 (KHTML, like Gecko; compatible; bingbot/2.0; +http://www.bing.com/bingbot.htm) Chrome/116.0.1938.76 Safari/537.36"
40.77.167.26 - - [15/Jul/2025:20:22:48 +0000] "GET /entity/615690361 HTTP/1.1" 200 20409 "-" "Mozilla/5.0 AppleWebKit/537.36 (KHTML, like Gecko; compatible; bingbot/2.0; +http://www.bing.com/bingbot.htm) Chrome/116.0.1938.76 Safari/537.36"
40.77.167.26 - - [15/Jul/2025:20:22:51 +0000] "GET /entity/615688609 HTTP/1.1" 200 20034 "-" "Mozilla/5.0 AppleWebKit/537.36 (KHTML, like Gecko; compatible; bingbot/2.0; +http://www.bing.com/bingbot.htm) Chrome/116.0.1938.76 Safari/537.36"
40.77.167.26 - - [15/Jul/2025:20:22:54 +0000] "GET /entity/615691485 HTTP/1.1" 200 22236 "-" "Mozilla/5.0 AppleWebKit/537.36 (KHTML, like Gecko; compatible; bingbot/2.0; +http://www.bing.com/bingbot.htm) Chrome/116.0.1938.76 Safari/537.36"
40.77.167.26 - - [15/Jul/2025:20:22:57 +0000] "GET /entity/615699473 HTTP/1.1" 200 20108 "-" "Mozilla/5.0 AppleWebKit/537.36 (KHTML, like Gecko; compatible; bingbot/2.0; +http://www.bing.com/bingbot.htm) Chrome/116.0.1938.76 Safari/537.36"
207.46.13.160 - - [15/Jul/2025:20:23:00 +0000] "GET /entity/615700003 HTTP/1.1" 200 21264 "-" "Mozilla/5.0 AppleWebKit/537.36 (KHTML, like Gecko; compatible; bingbot/2.0; +http://www.bing.com/bingbot.htm) Chrome/116.0.1938.76 Safari/537.36"
207.46.13.160 - - [15/Jul/2025:20:23:03 +0000] "GET /entity/615702267 HTTP/1.1" 200 20910 "-" "Mozilla/5.0 AppleWebKit/537.36 (KHTML, like Gecko; compatible; bingbot/2.0; +http://www.bing.com/bingbot.htm) Chrome/116.0.1938.76 Safari/537.36"
207.46.13.160 - - [15/Jul/2025:20:23:07 +0000] "GET /entity/615702285 HTTP/1.1" 200 20336 "-" "Mozilla/5.0 AppleWebKit/537.36 (KHTML, like Gecko; compatible; bingbot/2.0; +http://www.bing.com/bingbot.htm) Chrome/116.0.1938.76 Safari/537.36"
207.46.13.160 - - [15/Jul/2025:20:23:10 +0000] "GET /entity/615695766 HTTP/1.1" 200 20781 "-" "Mozilla/5.0 AppleWebKit/537.36 (KHTML, like Gecko; compatible; bingbot/2.0; +http://www.bing.com/bingbot.htm) Chrome/116.0.1938.76 Safari/537.36"
207.46.13.160 - - [15/Jul/2025:20:23:12 +0000] "GET /entity/615688374 HTTP/1.1" 200 22310 "-" "Mozilla/5.0 AppleWebKit/537.36 (KHTML, like Gecko; compatible; bingbot/2.0; +http://www.bing.com/bingbot.htm) Chrome/116.0.1938.76 Safari/537.36"
209.74.77.214 - - [15/Jul/2025:20:23:12 +0000] "POST /wp-cron.php?doing_wp_cron=1752610992.7453460693359375000000 HTTP/1.1" 200 - "-" "WordPress/6.8.1; https://teamhachem.com"
101.100.203.20 - - [15/Jul/2025:20:23:12 +0000] "POST /xmlrpc.php HTTP/1.1" 200 403 "-" "Mozilla/5.0 (Windows NT 10.0; Win64; x64) AppleWebKit/537.36 (KHTML, like Gecko) Chrome/61.0.3163.100 Safari/537.36"
157.66.13.60 - - [15/Jul/2025:20:23:13 +0000] "POST /xmlrpc.php HTTP/1.1" 200 403 "-" "Mozilla/5.0 (Windows NT 10.0; Win64; x64) AppleWebKit/537.36 (KHTML, like Gecko) Chrome/88.0.4324.104 Safari/537.36"
207.46.13.160 - - [15/Jul/2025:20:23:15 +0000] "GET /entity/615694046 HTTP/1.1" 200 22299 "-" "Mozilla/5.0 AppleWebKit/537.36 (KHTML, like Gecko; compatible; bingbot/2.0; +http://www.bing.com/bingbot.htm) Chrome/116.0.1938.76 Safari/537.36"
8.134.199.62 - - [15/Jul/2025:20:23:15 +0000] "POST /xmlrpc.php HTTP/1.1" 200 403 "-" "Mozilla/5.0 (Windows NT 6.1; WOW64; rv:45.0) Gecko/20100101 Firefox/45.0"
207.46.13.160 - - [15/Jul/2025:20:23:18 +0000] "GET /entity/615687780 HTTP/1.1" 200 20173 "-" "Mozilla/5.0 AppleWebKit/537.36 (KHTML, like Gecko; compatible; bingbot/2.0; +http://www.bing.com/bingbot.htm) Chrome/116.0.1938.76 Safari/537.36"
207.46.13.160 - - [15/Jul/2025:20:23:21 +0000] "GET /entity/615697207 HTTP/1.1" 200 20408 "-" "Mozilla/5.0 AppleWebKit/537.36 (KHTML, like Gecko; compatible; bingbot/2.0; +http://www.bing.com/bingbot.htm) Chrome/116.0.1938.76 Safari/537.36"
209.74.77.214 - - [15/Jul/2025:20:23:23 +0000] "POST /wp-cron.php?doing_wp_cron=1752611003.2301020622253417968750 HTTP/1.1" 200 - "-" "WordPress/6.8.1; https://teamhachem.com"
188.166.177.113 - - [15/Jul/2025:20:23:23 +0000] "POST /xmlrpc.php HTTP/1.1" 200 403 "-" "Mozilla/5.0 (Windows NT 10.0; Win64; x64) AppleWebKit/537.36 (KHTML, like Gecko) Chrome/57.0.2987.133 Safari/537.36"
207.46.13.160 - - [15/Jul/2025:20:23:24 +0000] "GET /entity/615697454 HTTP/1.1" 200 20697 "-" "Mozilla/5.0 AppleWebKit/537.36 (KHTML, like Gecko; compatible; bingbot/2.0; +http://www.bing.com/bingbot.htm) Chrome/116.0.1938.76 Safari/537.36"
207.46.13.160 - - [15/Jul/2025:20:23:27 +0000] "GET /entity/615700314 HTTP/1.1" 200 20466 "-" "Mozilla/5.0 AppleWebKit/537.36 (KHTML, like Gecko; compatible; bingbot/2.0; +http://www.bing.com/bingbot.htm) Chrome/116.0.1938.76 Safari/537.36"
47.56.160.31 - - [15/Jul/2025:20:23:29 +0000] "POST /xmlrpc.php HTTP/1.1" 200 403 "-" "Mozilla/5.0 (Windows NT 10.0; WOW64) AppleWebKit/537.36 (KHTML, like Gecko) Chrome/72.0.3626.121 Safari/537.36"
207.46.13.160 - - [15/Jul/2025:20:23:30 +0000] "GET /entity/615699156 HTTP/1.1" 200 23317 "-" "Mozilla/5.0 AppleWebKit/537.36 (KHTML, like Gecko; compatible; bingbot/2.0; +http://www.bing.com/bingbot.htm) Chrome/116.0.1938.76 Safari/537.36"
209.74.77.214 - - [15/Jul/2025:20:23:32 +0000] "POST /wp-cron.php?doing_wp_cron=1752611012.1513299942016601562500 HTTP/1.1" 200 - "-" "WordPress/6.8.1; https://teamhachem.com"
108.61.181.101 - - [15/Jul/2025:20:23:31 +0000] "POST /xmlrpc.php HTTP/1.1" 200 403 "-" "Mozilla/5.0 (Windows NT 10.0; Win64; x64) AppleWebKit/537.36 (KHTML, like Gecko) Chrome/91.0.4472.114 Safari/537.36"
207.46.13.160 - - [15/Jul/2025:20:23:33 +0000] "GET /entity/615696001 HTTP/1.1" 200 20723 "-" "Mozilla/5.0 AppleWebKit/537.36 (KHTML, like Gecko; compatible; bingbot/2.0; +http://www.bing.com/bingbot.htm) Chrome/116.0.1938.76 Safari/537.36"
207.46.13.160 - - [15/Jul/2025:20:23:37 +0000] "GET /entity/616053654 HTTP/1.1" 200 21793 "-" "Mozilla/5.0 AppleWebKit/537.36 (KHTML, like Gecko; compatible; bingbot/2.0; +http://www.bing.com/bingbot.htm) Chrome/116.0.1938.76 Safari/537.36"
103.72.96.84 - - [15/Jul/2025:20:23:38 +0000] "POST /xmlrpc.php HTTP/1.1" 200 403 "-" "Mozilla/5.0 (Windows NT 10.0; Win64; x64) AppleWebKit/537.36 (KHTML, like Gecko) Chrome/88.0.4324.190 Safari/537.36"
207.46.13.160 - - [15/Jul/2025:20:23:39 +0000] "GET /entity/616045668 HTTP/1.1" 200 20040 "-" "Mozilla/5.0 AppleWebKit/537.36 (KHTML, like Gecko; compatible; bingbot/2.0; +http://www.bing.com/bingbot.htm) Chrome/116.0.1938.76 Safari/537.36"
207.46.13.160 - - [15/Jul/2025:20:23:42 +0000] "GET /entity/616037746 HTTP/1.1" 200 20419 "-" "Mozilla/5.0 AppleWebKit/537.36 (KHTML, like Gecko; compatible; bingbot/2.0; +http://www.bing.com/bingbot.htm) Chrome/116.0.1938.76 Safari/537.36"
207.46.13.160 - - [15/Jul/2025:20:23:45 +0000] "GET /entity/616063563 HTTP/1.1" 200 20392 "-" "Mozilla/5.0 AppleWebKit/537.36 (KHTML, like Gecko; compatible; bingbot/2.0; +http://www.bing.com/bingbot.htm) Chrome/116.0.1938.76 Safari/537.36"
207.46.13.160 - - [15/Jul/2025:20:23:48 +0000] "GET /entity/616051093 HTTP/1.1" 200 20673 "-" "Mozilla/5.0 AppleWebKit/537.36 (KHTML, like Gecko; compatible; bingbot/2.0; +http://www.bing.com/bingbot.htm) Chrome/116.0.1938.76 Safari/537.36"
101.43.151.37 - - [15/Jul/2025:20:23:50 +0000] "POST /xmlrpc.php HTTP/1.1" 200 403 "-" "Mozilla/5.0 (Windows NT 10.0; Win64; x64; rv:65.0) Gecko/20100101 Firefox/65.0"
207.46.13.160 - - [15/Jul/2025:20:23:51 +0000] "GET /entity/616047950 HTTP/1.1" 200 20092 "-" "Mozilla/5.0 AppleWebKit/537.36 (KHTML, like Gecko; compatible; bingbot/2.0; +http://www.bing.com/bingbot.htm) Chrome/116.0.1938.76 Safari/537.36"
40.77.167.26 - - [15/Jul/2025:20:23:56 +0000] "GET /entity/615699686 HTTP/1.1" 200 19848 "-" "Mozilla/5.0 AppleWebKit/537.36 (KHTML, like Gecko; compatible; bingbot/2.0; +http://www.bing.com/bingbot.htm) Chrome/116.0.1938.76 Safari/537.36"
40.77.167.26 - - [15/Jul/2025:20:23:59 +0000] "GET /entity/615686656 HTTP/1.1" 200 20404 "-" "Mozilla/5.0 AppleWebKit/537.36 (KHTML, like Gecko; compatible; bingbot/2.0; +http://www.bing.com/bingbot.htm) Chrome/116.0.1938.76 Safari/537.36"
40.77.167.26 - - [15/Jul/2025:20:24:03 +0000] "GET /entity/615692328 HTTP/1.1" 200 20593 "-" "Mozilla/5.0 AppleWebKit/537.36 (KHTML, like Gecko; compatible; bingbot/2.0; +http://www.bing.com/bingbot.htm) Chrome/116.0.1938.76 Safari/537.36"
40.77.167.26 - - [15/Jul/2025:20:24:05 +0000] "GET /entity/615701127 HTTP/1.1" 200 20627 "-" "Mozilla/5.0 AppleWebKit/537.36 (KHTML, like Gecko; compatible; bingbot/2.0; +http://www.bing.com/bingbot.htm) Chrome/116.0.1938.76 Safari/537.36"
40.77.167.26 - - [15/Jul/2025:20:24:08 +0000] "GET /entity/615687250 HTTP/1.1" 200 22401 "-" "Mozilla/5.0 AppleWebKit/537.36 (KHTML, like Gecko; compatible; bingbot/2.0; +http://www.bing.com/bingbot.htm) Chrome/116.0.1938.76 Safari/537.36"
40.77.167.26 - - [15/Jul/2025:20:24:11 +0000] "GET /entity/615696924 HTTP/1.1" 200 24008 "-" "Mozilla/5.0 AppleWebKit/537.36 (KHTML, like Gecko; compatible; bingbot/2.0; +http://www.bing.com/bingbot.htm) Chrome/116.0.1938.76 Safari/537.36"
40.77.167.26 - - [15/Jul/2025:20:24:14 +0000] "GET /entity/615690891 HTTP/1.1" 200 21469 "-" "Mozilla/5.0 AppleWebKit/537.36 (KHTML, like Gecko; compatible; bingbot/2.0; +http://www.bing.com/bingbot.htm) Chrome/116.0.1938.76 Safari/537.36"
40.77.167.26 - - [15/Jul/2025:20:24:17 +0000] "GET /entity/615694363 HTTP/1.1" 200 20258 "-" "Mozilla/5.0 AppleWebKit/537.36 (KHTML, like Gecko; compatible; bingbot/2.0; +http://www.bing.com/bingbot.htm) Chrome/116.0.1938.76 Safari/537.36"
40.77.167.26 - - [15/Jul/2025:20:24:20 +0000] "GET /entity/615693735 HTTP/1.1" 200 21353 "-" "Mozilla/5.0 AppleWebKit/537.36 (KHTML, like Gecko; compatible; bingbot/2.0; +http://www.bing.com/bingbot.htm) Chrome/116.0.1938.76 Safari/537.36"
40.77.167.26 - - [15/Jul/2025:20:24:23 +0000] "GET /entity/615705145 HTTP/1.1" 200 20152 "-" "Mozilla/5.0 AppleWebKit/537.36 (KHTML, like Gecko; compatible; bingbot/2.0; +http://www.bing.com/bingbot.htm) Chrome/116.0.1938.76 Safari/537.36"
207.46.13.160 - - [15/Jul/2025:20:24:26 +0000] "GET /entity/616067826 HTTP/1.1" 200 22850 "-" "Mozilla/5.0 AppleWebKit/537.36 (KHTML, like Gecko; compatible; bingbot/2.0; +http://www.bing.com/bingbot.htm) Chrome/116.0.1938.76 Safari/537.36"
40.77.167.26 - - [15/Jul/2025:20:24:33 +0000] "GET /entity/616066718 HTTP/1.1" 200 19892 "-" "Mozilla/5.0 AppleWebKit/537.36 (KHTML, like Gecko; compatible; bingbot/2.0; +http://www.bing.com/bingbot.htm) Chrome/116.0.1938.76 Safari/537.36"
66.249.73.227 - - [15/Jul/2025:20:24:34 +0000] "GET /entity/477755229 HTTP/1.1" 200 18250 "-" "Mozilla/5.0 (Linux; Android 6.0.1; Nexus 5X Build/MMB29P) AppleWebKit/537.36 (KHTML, like Gecko) Chrome/137.0.7151.103 Mobile Safari/537.36 (compatible; GoogleOther)"
40.77.167.26 - - [15/Jul/2025:20:24:36 +0000] "GET /entity/616057044 HTTP/1.1" 200 20898 "-" "Mozilla/5.0 AppleWebKit/537.36 (KHTML, like Gecko; compatible; bingbot/2.0; +http://www.bing.com/bingbot.htm) Chrome/116.0.1938.76 Safari/537.36"
40.77.167.26 - - [15/Jul/2025:20:24:39 +0000] "GET /entity/616040558 HTTP/1.1" 200 20638 "-" "Mozilla/5.0 AppleWebKit/537.36 (KHTML, like Gecko; compatible; bingbot/2.0; +http://www.bing.com/bingbot.htm) Chrome/116.0.1938.76 Safari/537.36"
209.74.77.214 - - [15/Jul/2025:20:24:40 +0000] "POST /wp-cron.php?doing_wp_cron=1752611080.6929600238800048828125 HTTP/1.1" 200 - "-" "WordPress/6.8.1; https://teamhachem.com"
77.238.225.146 - - [15/Jul/2025:20:24:40 +0000] "GET / HTTP/1.1" 301 - "-" "Mozilla/5.0 (Macintosh; Intel Mac OS X 10_15_7) AppleWebKit/537.36 (KHTML, like Gecko) Chrome/133.0.0.0 Safari/537.36"
40.77.167.26 - - [15/Jul/2025:20:24:42 +0000] "GET /entity/616050499 HTTP/1.1" 200 20607 "-" "Mozilla/5.0 AppleWebKit/537.36 (KHTML, like Gecko; compatible; bingbot/2.0; +http://www.bing.com/bingbot.htm) Chrome/116.0.1938.76 Safari/537.36"
40.77.167.26 - - [15/Jul/2025:20:24:45 +0000] "GET /entity/616052781 HTTP/1.1" 200 21312 "-" "Mozilla/5.0 AppleWebKit/537.36 (KHTML, like Gecko; compatible; bingbot/2.0; +http://www.bing.com/bingbot.htm) Chrome/116.0.1938.76 Safari/537.36"
77.238.225.146 - - [15/Jul/2025:20:24:47 +0000] "GET / HTTP/1.1" 200 22836 "https://TEAMHACHEM.COM" "Mozilla/5.0 (Macintosh; Intel Mac OS X 10_15_7) AppleWebKit/537.36 (KHTML, like Gecko) Chrome/133.0.0.0 Safari/537.36"
40.77.167.26 - - [15/Jul/2025:20:24:48 +0000] "GET /entity/616039434 HTTP/1.1" 200 23066 "-" "Mozilla/5.0 AppleWebKit/537.36 (KHTML, like Gecko; compatible; bingbot/2.0; +http://www.bing.com/bingbot.htm) Chrome/116.0.1938.76 Safari/537.36"
52.167.144.235 - - [15/Jul/2025:20:24:50 +0000] "GET /entity/616056765 HTTP/1.1" 200 20903 "-" "Mozilla/5.0 AppleWebKit/537.36 (KHTML, like Gecko; compatible; bingbot/2.0; +http://www.bing.com/bingbot.htm) Chrome/116.0.1938.76 Safari/537.36"
197.254.2.182 - - [15/Jul/2025:20:24:51 +0000] "POST / HTTP/1.1" 200 22945 "-" "Mozilla/5.0 (Macintosh; Intel Mac OS X 10_15_7) AppleWebKit/537.36 (KHTML, like Gecko) Chrome/133.0.0.0 Safari/537.36"
66.249.73.225 - - [15/Jul/2025:20:24:51 +0000] "GET /events/list/?tribe-bar-date=2025-12-29 HTTP/1.1" 200 18286 "-" "Mozilla/5.0 (Linux; Android 6.0.1; Nexus 5X Build/MMB29P) AppleWebKit/537.36 (KHTML, like Gecko) Chrome/137.0.7151.103 Mobile Safari/537.36 (compatible; Googlebot/2.1; +http://www.google.com/bot.html)"
52.167.144.235 - - [15/Jul/2025:20:24:53 +0000] "GET /entity/616041666 HTTP/1.1" 200 19997 "-" "Mozilla/5.0 AppleWebKit/537.36 (KHTML, like Gecko; compatible; bingbot/2.0; +http://www.bing.com/bingbot.htm) Chrome/116.0.1938.76 Safari/537.36"
197.254.2.182 - - [15/Jul/2025:20:24:54 +0000] "POST / HTTP/1.1" 200 22788 "-" "Mozilla/5.0 (Windows NT 10.0; Win64; x64) AppleWebKit/537.36 (KHTML, like Gecko) Chrome/120.0.0.0 Safari/537.36"
52.167.144.235 - - [15/Jul/2025:20:24:56 +0000] "GET /entity/616048249 HTTP/1.1" 200 20883 "-" "Mozilla/5.0 AppleWebKit/537.36 (KHTML, like Gecko; compatible; bingbot/2.0; +http://www.bing.com/bingbot.htm) Chrome/116.0.1938.76 Safari/537.36"
52.167.144.235 - - [15/Jul/2025:20:24:59 +0000] "GET /entity/616058485 HTTP/1.1" 200 20921 "-" "Mozilla/5.0 AppleWebKit/537.36 (KHTML, like Gecko; compatible; bingbot/2.0; +http://www.bing.com/bingbot.htm) Chrome/116.0.1938.76 Safari/537.36"
77.238.225.146 - - [15/Jul/2025:20:24:59 +0000] "GET /comments/feed/ HTTP/1.1" 200 2074 "-" "Mozilla/5.0 (Macintosh; Intel Mac OS X 10_15_7) AppleWebKit/537.36 (KHTML, like Gecko) Chrome/133.0.0.0 Safari/537.36"
77.238.225.146 - - [15/Jul/2025:20:25:01 +0000] "GET /martial-arts-for-women-the-best-way-of-self-defense/ HTTP/1.1" 200 19191 "-" "Mozilla/5.0 (Macintosh; Intel Mac OS X 10_15_7) AppleWebKit/537.36 (KHTML, like Gecko) Chrome/133.0.0.0 Safari/537.36"
52.167.144.235 - - [15/Jul/2025:20:25:03 +0000] "GET /entity/616064436 HTTP/1.1" 200 20214 "-" "Mozilla/5.0 AppleWebKit/537.36 (KHTML, like Gecko; compatible; bingbot/2.0; +http://www.bing.com/bingbot.htm) Chrome/116.0.1938.76 Safari/537.36"
197.254.2.182 - - [15/Jul/2025:20:25:04 +0000] "POST /wp-comments-post.php HTTP/1.1" 200 1106 "-" "Mozilla/5.0 (Macintosh; Intel Mac OS X 10_15_7) AppleWebKit/537.36 (KHTML, like Gecko) Chrome/133.0.0.0 Safari/537.36"
52.167.144.235 - - [15/Jul/2025:20:25:05 +0000] "GET /entity/616054730 HTTP/1.1" 200 21009 "-" "Mozilla/5.0 AppleWebKit/537.36 (KHTML, like Gecko; compatible; bingbot/2.0; +http://www.bing.com/bingbot.htm) Chrome/116.0.1938.76 Safari/537.36"
197.254.2.182 - - [15/Jul/2025:20:25:08 +0000] "POST /wp-comments-post.php HTTP/1.1" 200 - "-" "Mozilla/5.0 (Windows NT 10.0; Win64; x64) AppleWebKit/537.36 (KHTML, like Gecko) Chrome/120.0.0.0 Safari/537.36"
66.249.73.226 - - [15/Jul/2025:20:25:08 +0000] "GET /wp-sitemap-posts-post-1.xml HTTP/1.1" 200 4277 "-" "Mozilla/5.0 (compatible; Googlebot/2.1; +http://www.google.com/bot.html)"
52.167.144.235 - - [15/Jul/2025:20:25:08 +0000] "GET /entity/616041999 HTTP/1.1" 200 20421 "-" "Mozilla/5.0 AppleWebKit/537.36 (KHTML, like Gecko; compatible; bingbot/2.0; +http://www.bing.com/bingbot.htm) Chrome/116.0.1938.76 Safari/537.36"
20.171.207.104 - - [15/Jul/2025:20:25:09 +0000] "GET /entity/284963466 HTTP/1.1" 404 12737 "-" "Mozilla/5.0 AppleWebKit/537.36 (KHTML, like Gecko; compatible; GPTBot/1.2; +https://openai.com/gptbot)"
197.254.2.182 - - [15/Jul/2025:20:25:11 +0000] "POST /martial-arts-for-women-the-best-way-of-self-defense/ HTTP/1.1" 200 19298 "-" "Mozilla/5.0 (Macintosh; Intel Mac OS X 10_15_7) AppleWebKit/537.36 (KHTML, like Gecko) Chrome/133.0.0.0 Safari/537.36"
52.167.144.235 - - [15/Jul/2025:20:25:11 +0000] "GET /entity/615448297 HTTP/1.1" 200 20406 "-" "Mozilla/5.0 AppleWebKit/537.36 (KHTML, like Gecko; compatible; bingbot/2.0; +http://www.bing.com/bingbot.htm) Chrome/116.0.1938.76 Safari/537.36"
197.254.2.182 - - [15/Jul/2025:20:25:17 +0000] "POST /martial-arts-for-women-the-best-way-of-self-defense/ HTTP/1.1" 200 19167 "-" "Mozilla/5.0 (Windows NT 10.0; Win64; x64) AppleWebKit/537.36 (KHTML, like Gecko) Chrome/120.0.0.0 Safari/537.36"
