182.253.109.116 - - [15/Jul/2025:20:49:29 +0000] "POST /wp-comments-post.php HTTP/1.1" 302 - "-" "Mozilla/5.0 (Windows NT 10.0; Win64; x64) AppleWebKit/537.36 (KHTML, like Gecko) Chrome/120.0.0.0 Safari/537.36"
66.249.73.227 - - [15/Jul/2025:20:49:56 +0000] "POST /get-message-notify HTTP/1.1" 200 18727 "https://teamhachem.com/entity/101702405" "Mozilla/5.0 (Linux; Android 6.0.1; Nexus 5X Build/MMB29P) AppleWebKit/537.36 (KHTML, like Gecko) Chrome/137.0.7151.119 Mobile Safari/537.36 (compatible; Googlebot/2.1; +http://www.google.com/bot.html)"
209.74.77.214 - - [15/Jul/2025:20:49:58 +0000] "POST /wp-cron.php?doing_wp_cron=1752612598.7472150325775146484375 HTTP/1.1" 200 - "-" "WordPress/6.8.1; https://teamhachem.com"
182.253.109.116 - - [15/Jul/2025:20:49:58 +0000] "POST /wp-comments-post.php HTTP/1.1" 302 - "-" "Mozilla/5.0 (Windows NT 10.0; Win64; x64) AppleWebKit/537.36 (KHTML, like Gecko) Chrome/120.0.0.0 Safari/537.36"
66.249.73.227 - - [15/Jul/2025:20:50:00 +0000] "POST /get-message-notify HTTP/1.1" 200 18727 "https://teamhachem.com/entity/15054829" "Mozilla/5.0 (Linux; Android 6.0.1; Nexus 5X Build/MMB29P) AppleWebKit/537.36 (KHTML, like Gecko) Chrome/137.0.7151.119 Mobile Safari/537.36 (compatible; Googlebot/2.1; +http://www.google.com/bot.html)"
209.74.77.214 - - [15/Jul/2025:20:50:27 +0000] "POST /wp-cron.php?doing_wp_cron=1752612627.7561841011047363281250 HTTP/1.1" 200 - "-" "WordPress/6.8.1; https://teamhachem.com"
182.253.109.116 - - [15/Jul/2025:20:50:27 +0000] "POST /wp-comments-post.php HTTP/1.1" 302 - "-" "Mozilla/5.0 (Windows NT 10.0; Win64; x64) AppleWebKit/537.36 (KHTML, like Gecko) Chrome/120.0.0.0 Safari/537.36"
211.26.245.68 - - [15/Jul/2025:20:50:53 +0000] "GET /wp-content/uploads/2018/09/serv_03-600x450.jpg HTTP/1.1" 200 32282 "https://teamhachem.com/" "Mozilla/5.0 (iPhone; CPU iPhone OS 18_5_0 like Mac OS X) AppleWebKit/605.1.15 (KHTML, like Gecko) GSA/376.0.777690323 Mobile/15E148 Safari/604.1"
209.74.77.214 - - [15/Jul/2025:20:50:56 +0000] "POST /wp-cron.php?doing_wp_cron=1752612656.6910879611968994140625 HTTP/1.1" 200 - "-" "WordPress/6.8.1; https://teamhachem.com"
182.253.109.116 - - [15/Jul/2025:20:50:56 +0000] "POST /wp-comments-post.php HTTP/1.1" 302 - "-" "Mozilla/5.0 (Windows NT 10.0; Win64; x64) AppleWebKit/537.36 (KHTML, like Gecko) Chrome/120.0.0.0 Safari/537.36"
66.249.73.227 - - [15/Jul/2025:20:51:10 +0000] "POST /get-message-notify HTTP/1.1" 200 18727 "https://teamhachem.com/entity/15054829" "Mozilla/5.0 (Linux; Android 6.0.1; Nexus 5X Build/MMB29P) AppleWebKit/537.36 (KHTML, like Gecko) Chrome/137.0.7151.119 Mobile Safari/537.36 (compatible; Googlebot/2.1; +http://www.google.com/bot.html)"
117.33.163.216 - - [15/Jul/2025:20:51:13 +0000] "GET / HTTP/1.1" 200 22821 "http://www.teamhachem.com" "Mozilla/5.0 (iPhone; CPU iPhone OS 13_2_3 like Mac OS X) AppleWebKit/605.1.15 (KHTML, like Gecko) Version/13.0.3 Mobile/15E148 Safari/604.1"
209.74.77.214 - - [15/Jul/2025:20:51:25 +0000] "POST /wp-cron.php?doing_wp_cron=1752612685.5150899887084960937500 HTTP/1.1" 200 - "-" "WordPress/6.8.1; https://teamhachem.com"
182.253.109.116 - - [15/Jul/2025:20:51:25 +0000] "POST /wp-comments-post.php HTTP/1.1" 302 - "-" "Mozilla/5.0 (Windows NT 10.0; Win64; x64) AppleWebKit/537.36 (KHTML, like Gecko) Chrome/120.0.0.0 Safari/537.36"
66.249.73.226 - - [15/Jul/2025:20:51:27 +0000] "GET /entity/100136490 HTTP/1.1" 200 18208 "-" "Mozilla/5.0 (Linux; Android 6.0.1; Nexus 5X Build/MMB29P) AppleWebKit/537.36 (KHTML, like Gecko) Chrome/137.0.7151.103 Mobile Safari/537.36 (compatible; Googlebot/2.1; +http://www.google.com/bot.html)"
66.249.73.225 - - [15/Jul/2025:20:51:31 +0000] "POST /get-message-notify HTTP/1.1" 200 18727 "https://teamhachem.com/entity/100136490" "Mozilla/5.0 (Linux; Android 6.0.1; Nexus 5X Build/MMB29P) AppleWebKit/537.36 (KHTML, like Gecko) Chrome/137.0.7151.119 Mobile Safari/537.36 (compatible; Googlebot/2.1; +http://www.google.com/bot.html)"
66.249.73.225 - - [15/Jul/2025:20:55:52 +0000] "GET /entity/96935625 HTTP/1.1" 200 18537 "-" "Mozilla/5.0 (Linux; Android 6.0.1; Nexus 5X Build/MMB29P) AppleWebKit/537.36 (KHTML, like Gecko) Chrome/137.0.7151.103 Mobile Safari/537.36 (compatible; Googlebot/2.1; +http://www.google.com/bot.html)"
209.74.77.214 - - [15/Jul/2025:20:56:48 +0000] "POST /wp-cron.php?doing_wp_cron=1752613008.1276569366455078125000 HTTP/1.1" 200 - "-" "WordPress/6.8.1; https://teamhachem.com"
51.222.253.8 - - [15/Jul/2025:20:56:46 +0000] "GET /product-category/karate-school/ HTTP/1.1" 200 15115 "-" "Mozilla/5.0 (compatible; AhrefsBot/7.0; +http://ahrefs.com/robot/)"
66.249.73.226 - - [15/Jul/2025:20:57:33 +0000] "POST /get-message-notify HTTP/1.1" 200 18727 "https://teamhachem.com/entity/15399123" "Mozilla/5.0 (Linux; Android 6.0.1; Nexus 5X Build/MMB29P) AppleWebKit/537.36 (KHTML, like Gecko) Chrome/137.0.7151.119 Mobile Safari/537.36 (compatible; Googlebot/2.1; +http://www.google.com/bot.html)"
66.249.73.225 - - [15/Jul/2025:20:58:28 +0000] "GET /entity/477764871 HTTP/1.1" 200 17952 "-" "Mozilla/5.0 (Linux; Android 6.0.1; Nexus 5X Build/MMB29P) AppleWebKit/537.36 (KHTML, like Gecko) Chrome/137.0.7151.103 Mobile Safari/537.36 (compatible; GoogleOther)"
66.249.73.225 - - [15/Jul/2025:20:58:49 +0000] "GET /entity/96896465 HTTP/1.1" 200 17903 "-" "Mozilla/5.0 (Linux; Android 6.0.1; Nexus 5X Build/MMB29P) AppleWebKit/537.36 (KHTML, like Gecko) Chrome/137.0.7151.103 Mobile Safari/537.36 (compatible; Googlebot/2.1; +http://www.google.com/bot.html)"
66.249.73.227 - - [15/Jul/2025:20:59:40 +0000] "POST /get-message-notify HTTP/1.1" 200 18727 "https://teamhachem.com/entity/98708081" "Mozilla/5.0 (Linux; Android 6.0.1; Nexus 5X Build/MMB29P) AppleWebKit/537.36 (KHTML, like Gecko) Chrome/137.0.7151.119 Mobile Safari/537.36 (compatible; Googlebot/2.1; +http://www.google.com/bot.html)"
209.74.77.214 - - [15/Jul/2025:21:01:43 +0000] "POST /wp-cron.php?doing_wp_cron=1752613303.4190120697021484375000 HTTP/1.1" 200 - "-" "WordPress/6.8.1; https://teamhachem.com"
44.207.69.106 - - [15/Jul/2025:21:01:41 +0000] "GET /events/2026-11-21/ HTTP/1.1" 200 19472 "-" "Mozilla/5.0 AppleWebKit/537.36 (KHTML, like Gecko; compatible; Amazonbot/0.1; +https://developer.amazon.com/support/amazonbot) Chrome/119.0.6045.214 Safari/537.36"
54.87.62.248 - - [15/Jul/2025:21:01:45 +0000] "GET /events/list/?tribe-bar-date=2024-03-29 HTTP/1.1" 200 20207 "-" "Mozilla/5.0 AppleWebKit/537.36 (KHTML, like Gecko; compatible; Amazonbot/0.1; +https://developer.amazon.com/support/amazonbot) Chrome/119.0.6045.214 Safari/537.36"
3.213.106.226 - - [15/Jul/2025:21:01:48 +0000] "GET /events/list/?tribe-bar-date=2024-04-04 HTTP/1.1" 200 20180 "-" "Mozilla/5.0 AppleWebKit/537.36 (KHTML, like Gecko; compatible; Amazonbot/0.1; +https://developer.amazon.com/support/amazonbot) Chrome/119.0.6045.214 Safari/537.36"
52.71.46.142 - - [15/Jul/2025:21:01:53 +0000] "GET /events/list/?eventDisplay=past&tribe-bar-date=2026-10-04 HTTP/1.1" 200 20254 "-" "Mozilla/5.0 AppleWebKit/537.36 (KHTML, like Gecko; compatible; Amazonbot/0.1; +https://developer.amazon.com/support/amazonbot) Chrome/119.0.6045.214 Safari/537.36"
66.249.73.227 - - [15/Jul/2025:21:03:25 +0000] "GET /entity/101747269 HTTP/1.1" 200 18306 "-" "Mozilla/5.0 (Linux; Android 6.0.1; Nexus 5X Build/MMB29P) AppleWebKit/537.36 (KHTML, like Gecko) Chrome/137.0.7151.103 Mobile Safari/537.36 (compatible; GoogleOther)"
209.74.77.214 - - [15/Jul/2025:21:04:20 +0000] "POST /wp-cron.php?doing_wp_cron=1752613460.7034070491790771484375 HTTP/1.1" 200 - "-" "WordPress/6.8.1; https://teamhachem.com"
212.34.135.52 - - [15/Jul/2025:21:04:18 +0000] "GET / HTTP/1.1" 301 - "-" "Mozilla/5.0 (Macintosh; Intel Mac OS X 10_15_7) AppleWebKit/537.36 (KHTML, like Gecko) Chrome/133.0.0.0 Safari/537.36"
209.74.77.214 - - [15/Jul/2025:21:04:23 +0000] "POST /wp-cron.php?doing_wp_cron=1752613463.0512700080871582031250 HTTP/1.1" 200 - "-" "WordPress/6.8.1; https://teamhachem.com"
212.34.135.52 - - [15/Jul/2025:21:04:22 +0000] "GET / HTTP/1.1" 200 22837 "https://TEAMHACHEM.COM" "Mozilla/5.0 (Macintosh; Intel Mac OS X 10_15_7) AppleWebKit/537.36 (KHTML, like Gecko) Chrome/133.0.0.0 Safari/537.36"
78.39.80.66 - - [15/Jul/2025:21:04:25 +0000] "POST / HTTP/1.1" 200 22925 "-" "Mozilla/5.0 (Macintosh; Intel Mac OS X 10_15_7) AppleWebKit/537.36 (KHTML, like Gecko) Chrome/133.0.0.0 Safari/537.36"
78.39.80.66 - - [15/Jul/2025:21:04:28 +0000] "POST / HTTP/1.1" 200 22780 "-" "Mozilla/5.0 (Windows NT 10.0; Win64; x64) AppleWebKit/537.36 (KHTML, like Gecko) Chrome/120.0.0.0 Safari/537.36"
212.34.135.52 - - [15/Jul/2025:21:04:29 +0000] "GET /comments/feed/ HTTP/1.1" 200 2074 "-" "Mozilla/5.0 (Macintosh; Intel Mac OS X 10_15_7) AppleWebKit/537.36 (KHTML, like Gecko) Chrome/133.0.0.0 Safari/537.36"
209.74.77.214 - - [15/Jul/2025:21:04:31 +0000] "POST /wp-cron.php?doing_wp_cron=1752613471.3851580619812011718750 HTTP/1.1" 200 - "-" "WordPress/6.8.1; https://teamhachem.com"
212.34.135.52 - - [15/Jul/2025:21:04:31 +0000] "GET /martial-arts-for-women-the-best-way-of-self-defense/ HTTP/1.1" 200 19193 "-" "Mozilla/5.0 (Macintosh; Intel Mac OS X 10_15_7) AppleWebKit/537.36 (KHTML, like Gecko) Chrome/133.0.0.0 Safari/537.36"
78.39.80.66 - - [15/Jul/2025:21:04:33 +0000] "POST /wp-comments-post.php HTTP/1.1" 200 1106 "-" "Mozilla/5.0 (Macintosh; Intel Mac OS X 10_15_7) AppleWebKit/537.36 (KHTML, like Gecko) Chrome/133.0.0.0 Safari/537.36"
78.39.80.66 - - [15/Jul/2025:21:04:35 +0000] "POST /wp-comments-post.php HTTP/1.1" 200 - "-" "Mozilla/5.0 (Windows NT 10.0; Win64; x64) AppleWebKit/537.36 (KHTML, like Gecko) Chrome/120.0.0.0 Safari/537.36"
66.249.73.227 - - [15/Jul/2025:21:04:43 +0000] "GET /entity/2020126 HTTP/1.1" 200 17690 "-" "Mozilla/5.0 (Linux; Android 6.0.1; Nexus 5X Build/MMB29P) AppleWebKit/537.36 (KHTML, like Gecko) Chrome/137.0.7151.103 Mobile Safari/537.36 (compatible; Googlebot/2.1; +http://www.google.com/bot.html)"
78.39.80.66 - - [15/Jul/2025:21:04:57 +0000] "POST /martial-arts-for-women-the-best-way-of-self-defense/ HTTP/1.1" 200 19144 "-" "Mozilla/5.0 (Windows NT 10.0; Win64; x64) AppleWebKit/537.36 (KHTML, like Gecko) Chrome/120.0.0.0 Safari/537.36"
85.208.96.202 - - [15/Jul/2025:21:04:58 +0000] "GET /events/list/?tribe-bar-date=2025-04-19 HTTP/1.1" 200 19805 "-" "Mozilla/5.0 (compatible; SemrushBot/7~bl; +http://www.semrush.com/bot.html)"
212.34.135.52 - - [15/Jul/2025:21:04:59 +0000] "GET /checkout/ HTTP/1.1" 302 - "-" "Mozilla/5.0 (Macintosh; Intel Mac OS X 10_15_7) AppleWebKit/537.36 (KHTML, like Gecko) Chrome/133.0.0.0 Safari/537.36"
66.249.73.225 - - [15/Jul/2025:21:05:03 +0000] "GET /entity/13886359 HTTP/1.1" 200 18287 "-" "Mozilla/5.0 (Linux; Android 6.0.1; Nexus 5X Build/MMB29P) AppleWebKit/537.36 (KHTML, like Gecko) Chrome/137.0.7151.103 Mobile Safari/537.36 (compatible; Googlebot/2.1; +http://www.google.com/bot.html)"
212.34.135.52 - - [15/Jul/2025:21:05:04 +0000] "GET /cart/ HTTP/1.1" 200 34316 "https://teamhachem.com/checkout/" "Mozilla/5.0 (Macintosh; Intel Mac OS X 10_15_7) AppleWebKit/537.36 (KHTML, like Gecko) Chrome/133.0.0.0 Safari/537.36"
78.39.80.66 - - [15/Jul/2025:21:05:06 +0000] "POST /cart/ HTTP/1.1" 200 34421 "-" "Mozilla/5.0 (Macintosh; Intel Mac OS X 10_15_7) AppleWebKit/537.36 (KHTML, like Gecko) Chrome/133.0.0.0 Safari/537.36"
78.39.80.66 - - [15/Jul/2025:21:05:11 +0000] "POST /cart/ HTTP/1.1" 200 34267 "-" "Mozilla/5.0 (Windows NT 10.0; Win64; x64) AppleWebKit/537.36 (KHTML, like Gecko) Chrome/120.0.0.0 Safari/537.36"
212.34.135.52 - - [15/Jul/2025:21:05:16 +0000] "GET /my-account/ HTTP/1.1" 200 13395 "-" "Mozilla/5.0 (Macintosh; Intel Mac OS X 10_15_7) AppleWebKit/537.36 (KHTML, like Gecko) Chrome/133.0.0.0 Safari/537.36"
78.39.80.66 - - [15/Jul/2025:21:05:18 +0000] "POST /my-account/ HTTP/1.1" 200 13505 "-" "Mozilla/5.0 (Macintosh; Intel Mac OS X 10_15_7) AppleWebKit/537.36 (KHTML, like Gecko) Chrome/133.0.0.0 Safari/537.36"
78.39.80.66 - - [15/Jul/2025:21:05:21 +0000] "POST /my-account/ HTTP/1.1" 200 13348 "-" "Mozilla/5.0 (Windows NT 10.0; Win64; x64) AppleWebKit/537.36 (KHTML, like Gecko) Chrome/120.0.0.0 Safari/537.36"
209.74.77.214 - - [15/Jul/2025:21:05:23 +0000] "POST /wp-cron.php?doing_wp_cron=1752613523.4109680652618408203125 HTTP/1.1" 200 - "-" "WordPress/6.8.1; https://teamhachem.com"
212.34.135.52 - - [15/Jul/2025:21:05:23 +0000] "GET /my-account/lost-password/ HTTP/1.1" 200 13324 "-" "Mozilla/5.0 (Macintosh; Intel Mac OS X 10_15_7) AppleWebKit/537.36 (KHTML, like Gecko) Chrome/133.0.0.0 Safari/537.36"
78.39.80.66 - - [15/Jul/2025:21:05:24 +0000] "POST /my-account/lost-password/ HTTP/1.1" 200 13304 "-" "Mozilla/5.0 (Macintosh; Intel Mac OS X 10_15_7) AppleWebKit/537.36 (KHTML, like Gecko) Chrome/133.0.0.0 Safari/537.36"
78.39.80.66 - - [15/Jul/2025:21:05:27 +0000] "POST /my-account/lost-password/ HTTP/1.1" 200 13272 "-" "Mozilla/5.0 (Windows NT 10.0; Win64; x64) AppleWebKit/537.36 (KHTML, like Gecko) Chrome/120.0.0.0 Safari/537.36"
78.39.80.66 - - [15/Jul/2025:21:05:30 +0000] "POST /my-account/lost-password/ HTTP/1.1" 200 13426 "-" "Mozilla/5.0 (Macintosh; Intel Mac OS X 10_15_7) AppleWebKit/537.36 (KHTML, like Gecko) Chrome/133.0.0.0 Safari/537.36"
209.74.77.214 - - [15/Jul/2025:21:05:34 +0000] "POST /wp-cron.php?doing_wp_cron=1752613534.8850100040435791015625 HTTP/1.1" 200 - "-" "WordPress/6.8.1; https://teamhachem.com"
78.39.80.66 - - [15/Jul/2025:21:05:34 +0000] "POST /my-account/lost-password/ HTTP/1.1" 200 13272 "-" "Mozilla/5.0 (Windows NT 10.0; Win64; x64) AppleWebKit/537.36 (KHTML, like Gecko) Chrome/120.0.0.0 Safari/537.36"
212.34.135.52 - - [15/Jul/2025:21:05:36 +0000] "GET /contacts/ HTTP/1.1" 200 14618 "-" "Mozilla/5.0 (Macintosh; Intel Mac OS X 10_15_7) AppleWebKit/537.36 (KHTML, like Gecko) Chrome/133.0.0.0 Safari/537.36"
78.39.80.66 - - [15/Jul/2025:21:05:38 +0000] "POST /contacts/ HTTP/1.1" 200 14727 "-" "Mozilla/5.0 (Macintosh; Intel Mac OS X 10_15_7) AppleWebKit/537.36 (KHTML, like Gecko) Chrome/133.0.0.0 Safari/537.36"
78.39.80.66 - - [15/Jul/2025:21:05:41 +0000] "POST /contacts/ HTTP/1.1" 200 14572 "-" "Mozilla/5.0 (Windows NT 10.0; Win64; x64) AppleWebKit/537.36 (KHTML, like Gecko) Chrome/120.0.0.0 Safari/537.36"
211.26.245.68 - - [15/Jul/2025:21:05:42 +0000] "GET /wp-content/uploads/2018/09/serv_04-600x450.jpg HTTP/1.1" 200 43957 "https://teamhachem.com/" "Mozilla/5.0 (iPhone; CPU iPhone OS 18_5_0 like Mac OS X) AppleWebKit/605.1.15 (KHTML, like Gecko) GSA/376.0.777690323 Mobile/15E148 Safari/604.1"
211.26.245.68 - - [15/Jul/2025:21:05:42 +0000] "GET /wp-content/uploads/2018/10/skills-men.png HTTP/1.1" 200 207780 "https://teamhachem.com/" "Mozilla/5.0 (iPhone; CPU iPhone OS 18_5_0 like Mac OS X) AppleWebKit/605.1.15 (KHTML, like Gecko) GSA/376.0.777690323 Mobile/15E148 Safari/604.1"
211.26.245.68 - - [15/Jul/2025:21:05:42 +0000] "GET /wp-content/uploads/2024/10/02255Untitled-design-768x1094.png HTTP/1.1" 200 534106 "https://teamhachem.com/" "Mozilla/5.0 (iPhone; CPU iPhone OS 18_5_0 like Mac OS X) AppleWebKit/605.1.15 (KHTML, like Gecko) GSA/376.0.777690323 Mobile/15E148 Safari/604.1"
211.26.245.68 - - [15/Jul/2025:21:05:42 +0000] "GET /wp-content/uploads/2017/09/couchh2-3-768x1094.png HTTP/1.1" 200 1000778 "https://teamhachem.com/" "Mozilla/5.0 (iPhone; CPU iPhone OS 18_5_0 like Mac OS X) AppleWebKit/605.1.15 (KHTML, like Gecko) GSA/376.0.777690323 Mobile/15E148 Safari/604.1"
211.26.245.68 - - [15/Jul/2025:21:05:42 +0000] "GET /wp-content/uploads/2017/09/coach3-1-768x1094.png HTTP/1.1" 200 849816 "https://teamhachem.com/" "Mozilla/5.0 (iPhone; CPU iPhone OS 18_5_0 like Mac OS X) AppleWebKit/605.1.15 (KHTML, like Gecko) GSA/376.0.777690323 Mobile/15E148 Safari/604.1"
66.249.73.226 - - [15/Jul/2025:21:05:43 +0000] "POST /get-message-notify HTTP/1.1" 200 18727 "https://teamhachem.com/entity/2020126" "Mozilla/5.0 (Linux; Android 6.0.1; Nexus 5X Build/MMB29P) AppleWebKit/537.36 (KHTML, like Gecko) Chrome/137.0.7151.119 Mobile Safari/537.36 (compatible; Googlebot/2.1; +http://www.google.com/bot.html)"
212.34.135.52 - - [15/Jul/2025:21:05:43 +0000] "GET /elements/accordions/ HTTP/1.1" 200 13569 "-" "Mozilla/5.0 (Macintosh; Intel Mac OS X 10_15_7) AppleWebKit/537.36 (KHTML, like Gecko) Chrome/133.0.0.0 Safari/537.36"
66.249.73.225 - - [15/Jul/2025:21:05:48 +0000] "POST /get-message-notify HTTP/1.1" 200 18727 "https://teamhachem.com/entity/634813770" "Mozilla/5.0 (Linux; Android 6.0.1; Nexus 5X Build/MMB29P) AppleWebKit/537.36 (KHTML, like Gecko) Chrome/137.0.7151.119 Mobile Safari/537.36 (compatible; Googlebot/2.1; +http://www.google.com/bot.html)"
78.39.80.66 - - [15/Jul/2025:21:05:49 +0000] "POST /elements/accordions/ HTTP/1.1" 200 13685 "-" "Mozilla/5.0 (Macintosh; Intel Mac OS X 10_15_7) AppleWebKit/537.36 (KHTML, like Gecko) Chrome/133.0.0.0 Safari/537.36"
78.39.80.66 - - [15/Jul/2025:21:05:51 +0000] "POST /elements/accordions/ HTTP/1.1" 200 13520 "-" "Mozilla/5.0 (Windows NT 10.0; Win64; x64) AppleWebKit/537.36 (KHTML, like Gecko) Chrome/120.0.0.0 Safari/537.36"
212.34.135.52 - - [15/Jul/2025:21:05:52 +0000] "GET /blog/ HTTP/1.1" 200 14836 "-" "Mozilla/5.0 (Macintosh; Intel Mac OS X 10_15_7) AppleWebKit/537.36 (KHTML, like Gecko) Chrome/133.0.0.0 Safari/537.36"
78.39.80.66 - - [15/Jul/2025:21:05:54 +0000] "POST /blog/ HTTP/1.1" 200 14948 "-" "Mozilla/5.0 (Macintosh; Intel Mac OS X 10_15_7) AppleWebKit/537.36 (KHTML, like Gecko) Chrome/133.0.0.0 Safari/537.36"
78.39.80.66 - - [15/Jul/2025:21:05:56 +0000] "POST /blog/ HTTP/1.1" 200 14787 "-" "Mozilla/5.0 (Windows NT 10.0; Win64; x64) AppleWebKit/537.36 (KHTML, like Gecko) Chrome/120.0.0.0 Safari/537.36"
212.34.135.52 - - [15/Jul/2025:21:05:59 +0000] "GET /blog/ HTTP/1.1" 200 14836 "-" "Mozilla/5.0 (Macintosh; Intel Mac OS X 10_15_7) AppleWebKit/537.36 (KHTML, like Gecko) Chrome/133.0.0.0 Safari/537.36"
78.39.80.66 - - [15/Jul/2025:21:06:01 +0000] "POST /blog/ HTTP/1.1" 200 14943 "-" "Mozilla/5.0 (Macintosh; Intel Mac OS X 10_15_7) AppleWebKit/537.36 (KHTML, like Gecko) Chrome/133.0.0.0 Safari/537.36"
78.39.80.66 - - [15/Jul/2025:21:06:03 +0000] "POST /blog/ HTTP/1.1" 200 14787 "-" "Mozilla/5.0 (Windows NT 10.0; Win64; x64) AppleWebKit/537.36 (KHTML, like Gecko) Chrome/120.0.0.0 Safari/537.36"
212.34.135.52 - - [15/Jul/2025:21:06:05 +0000] "GET /7-most-high-profile-japan-martial-arts/ HTTP/1.1" 200 18303 "-" "Mozilla/5.0 (Macintosh; Intel Mac OS X 10_15_7) AppleWebKit/537.36 (KHTML, like Gecko) Chrome/133.0.0.0 Safari/537.36"
78.39.80.66 - - [15/Jul/2025:21:06:07 +0000] "POST /wp-comments-post.php HTTP/1.1" 200 1106 "-" "Mozilla/5.0 (Macintosh; Intel Mac OS X 10_15_7) AppleWebKit/537.36 (KHTML, like Gecko) Chrome/133.0.0.0 Safari/537.36"
78.39.80.66 - - [15/Jul/2025:21:06:09 +0000] "POST /wp-comments-post.php HTTP/1.1" 200 - "-" "Mozilla/5.0 (Windows NT 10.0; Win64; x64) AppleWebKit/537.36 (KHTML, like Gecko) Chrome/120.0.0.0 Safari/537.36"
78.39.80.66 - - [15/Jul/2025:21:06:11 +0000] "POST /7-most-high-profile-japan-martial-arts/ HTTP/1.1" 200 18407 "-" "Mozilla/5.0 (Macintosh; Intel Mac OS X 10_15_7) AppleWebKit/537.36 (KHTML, like Gecko) Chrome/133.0.0.0 Safari/537.36"
78.39.80.66 - - [15/Jul/2025:21:06:14 +0000] "POST /7-most-high-profile-japan-martial-arts/ HTTP/1.1" 200 18252 "-" "Mozilla/5.0 (Windows NT 10.0; Win64; x64) AppleWebKit/537.36 (KHTML, like Gecko) Chrome/120.0.0.0 Safari/537.36"
212.34.135.52 - - [15/Jul/2025:21:06:17 +0000] "GET /blog/page/2/ HTTP/1.1" 200 16522 "-" "Mozilla/5.0 (Macintosh; Intel Mac OS X 10_15_7) AppleWebKit/537.36 (KHTML, like Gecko) Chrome/133.0.0.0 Safari/537.36"
78.39.80.66 - - [15/Jul/2025:21:06:19 +0000] "POST /blog/page/2/ HTTP/1.1" 200 16629 "-" "Mozilla/5.0 (Macintosh; Intel Mac OS X 10_15_7) AppleWebKit/537.36 (KHTML, like Gecko) Chrome/133.0.0.0 Safari/537.36"
209.74.77.214 - - [15/Jul/2025:21:06:23 +0000] "POST /wp-cron.php?doing_wp_cron=1752613583.0654869079589843750000 HTTP/1.1" 200 - "-" "WordPress/6.8.1; https://teamhachem.com"
78.39.80.66 - - [15/Jul/2025:21:06:22 +0000] "POST /blog/page/2/ HTTP/1.1" 200 16476 "-" "Mozilla/5.0 (Windows NT 10.0; Win64; x64) AppleWebKit/537.36 (KHTML, like Gecko) Chrome/120.0.0.0 Safari/537.36"
66.249.73.226 - - [15/Jul/2025:21:07:42 +0000] "GET /entity/1193554 HTTP/1.1" 200 19530 "-" "Mozilla/5.0 (Linux; Android 6.0.1; Nexus 5X Build/MMB29P) AppleWebKit/537.36 (KHTML, like Gecko) Chrome/137.0.7151.103 Mobile Safari/537.36 (compatible; Googlebot/2.1; +http://www.google.com/bot.html)"
66.249.73.227 - - [15/Jul/2025:21:08:07 +0000] "POST /get-message-notify HTTP/1.1" 200 18727 "https://teamhachem.com/entity/15409905" "Mozilla/5.0 (Linux; Android 6.0.1; Nexus 5X Build/MMB29P) AppleWebKit/537.36 (KHTML, like Gecko) Chrome/137.0.7151.119 Mobile Safari/537.36 (compatible; Googlebot/2.1; +http://www.google.com/bot.html)"
66.249.73.225 - - [15/Jul/2025:21:08:29 +0000] "POST /get-message-notify HTTP/1.1" 200 18727 "https://teamhachem.com/entity/15741962" "Mozilla/5.0 (Linux; Android 6.0.1; Nexus 5X Build/MMB29P) AppleWebKit/537.36 (KHTML, like Gecko) Chrome/137.0.7151.119 Mobile Safari/537.36 (compatible; Googlebot/2.1; +http://www.google.com/bot.html)"
66.249.73.226 - - [15/Jul/2025:21:08:33 +0000] "POST /get-message-notify HTTP/1.1" 200 18727 "https://teamhachem.com/entity/102438304" "Mozilla/5.0 (Linux; Android 6.0.1; Nexus 5X Build/MMB29P) AppleWebKit/537.36 (KHTML, like Gecko) Chrome/137.0.7151.119 Mobile Safari/537.36 (compatible; Googlebot/2.1; +http://www.google.com/bot.html)"
66.249.73.225 - - [15/Jul/2025:21:09:04 +0000] "GET /entity/477758619 HTTP/1.1" 200 19107 "-" "Mozilla/5.0 (Linux; Android 6.0.1; Nexus 5X Build/MMB29P) AppleWebKit/537.36 (KHTML, like Gecko) Chrome/137.0.7151.103 Mobile Safari/537.36 (compatible; GoogleOther)"
66.249.73.226 - - [15/Jul/2025:21:09:14 +0000] "POST /get-message-notify HTTP/1.1" 200 18727 "https://teamhachem.com/entity/477758619" "Mozilla/5.0 (Linux; Android 6.0.1; Nexus 5X Build/MMB29P) AppleWebKit/537.36 (KHTML, like Gecko) Chrome/137.0.7151.119 Mobile Safari/537.36 (compatible; Googlebot/2.1; +http://www.google.com/bot.html)"
66.249.73.225 - - [15/Jul/2025:21:09:24 +0000] "GET /ex-world-champion-refused-to-fight-for-a-week-before-the-fight/ HTTP/1.1" 200 18271 "-" "Mozilla/5.0 (Linux; Android 6.0.1; Nexus 5X Build/MMB29P) AppleWebKit/537.36 (KHTML, like Gecko) Chrome/137.0.7151.103 Mobile Safari/537.36 (compatible; Googlebot/2.1; +http://www.google.com/bot.html)"
66.249.73.225 - - [15/Jul/2025:21:09:32 +0000] "POST /get-message-notify HTTP/1.1" 200 18727 "https://teamhachem.com/entity/3010214" "Mozilla/5.0 (Linux; Android 6.0.1; Nexus 5X Build/MMB29P) AppleWebKit/537.36 (KHTML, like Gecko) Chrome/137.0.7151.119 Mobile Safari/537.36 (compatible; Googlebot/2.1; +http://www.google.com/bot.html)"
66.249.73.225 - - [15/Jul/2025:21:09:42 +0000] "GET /entity/15782577 HTTP/1.1" 200 20698 "-" "Mozilla/5.0 (Linux; Android 6.0.1; Nexus 5X Build/MMB29P) AppleWebKit/537.36 (KHTML, like Gecko) Chrome/137.0.7151.103 Mobile Safari/537.36 (compatible; GoogleOther)"
66.249.73.225 - - [15/Jul/2025:21:09:49 +0000] "GET /entity/634148813 HTTP/1.1" 200 21195 "-" "Mozilla/5.0 (Linux; Android 6.0.1; Nexus 5X Build/MMB29P) AppleWebKit/537.36 (KHTML, like Gecko) Chrome/137.0.7151.103 Mobile Safari/537.36 (compatible; GoogleOther)"
66.249.73.227 - - [15/Jul/2025:21:10:12 +0000] "POST /get-message-notify HTTP/1.1" 200 18727 "https://teamhachem.com/entity/634148813" "Mozilla/5.0 (Linux; Android 6.0.1; Nexus 5X Build/MMB29P) AppleWebKit/537.36 (KHTML, like Gecko) Chrome/137.0.7151.119 Mobile Safari/537.36 (compatible; Googlebot/2.1; +http://www.google.com/bot.html)"
209.74.77.214 - - [15/Jul/2025:21:12:06 +0000] "POST /wp-cron.php?doing_wp_cron=1752613926.4529609680175781250000 HTTP/1.1" 200 - "-" "WordPress/6.8.1; https://teamhachem.com"
51.222.253.7 - - [15/Jul/2025:21:12:04 +0000] "GET /product/steel-dumbbells/ HTTP/1.1" 200 17744 "-" "Mozilla/5.0 (compatible; AhrefsBot/7.0; +http://ahrefs.com/robot/)"
51.222.253.1 - - [15/Jul/2025:21:12:29 +0000] "GET /wp-content/uploads/2018/09/item6-600x600.jpg HTTP/1.1" 200 23226 "-" "Mozilla/5.0 (compatible; AhrefsBot/7.0; +http://ahrefs.com/robot/)"
66.249.73.225 - - [15/Jul/2025:21:12:59 +0000] "GET /entity/15741962 HTTP/1.1" 200 18260 "-" "Mozilla/5.0 (Linux; Android 6.0.1; Nexus 5X Build/MMB29P) AppleWebKit/537.36 (KHTML, like Gecko) Chrome/137.0.7151.103 Mobile Safari/537.36 (compatible; Googlebot/2.1; +http://www.google.com/bot.html)"
216.73.216.241 - - [15/Jul/2025:21:15:06 +0000] "GET /robots.txt HTTP/1.1" 200 94 "-" "Mozilla/5.0 AppleWebKit/537.36 (KHTML, like Gecko; compatible; ClaudeBot/1.0; [email protected])"
216.73.216.241 - - [15/Jul/2025:21:15:06 +0000] "GET /sitemap.xml HTTP/1.1" 200 4287 "-" "Mozilla/5.0 AppleWebKit/537.36 (KHTML, like Gecko; compatible; ClaudeBot/1.0; [email protected])"
66.249.73.225 - - [15/Jul/2025:21:16:57 +0000] "POST /get-message-notify HTTP/1.1" 200 18727 "https://teamhachem.com/entity/101747269" "Mozilla/5.0 (Linux; Android 6.0.1; Nexus 5X Build/MMB29P) AppleWebKit/537.36 (KHTML, like Gecko) Chrome/137.0.7151.119 Mobile Safari/537.36 (compatible; Googlebot/2.1; +http://www.google.com/bot.html)"
66.249.73.227 - - [15/Jul/2025:21:19:28 +0000] "GET /entity/13172849 HTTP/1.1" 200 18548 "-" "Mozilla/5.0 (Linux; Android 6.0.1; Nexus 5X Build/MMB29P) AppleWebKit/537.36 (KHTML, like Gecko) Chrome/137.0.7151.103 Mobile Safari/537.36 (compatible; Googlebot/2.1; +http://www.google.com/bot.html)"
66.249.73.226 - - [15/Jul/2025:21:22:26 +0000] "GET /entity/1306303 HTTP/1.1" 200 19619 "-" "Mozilla/5.0 (Linux; Android 6.0.1; Nexus 5X Build/MMB29P) AppleWebKit/537.36 (KHTML, like Gecko) Chrome/137.0.7151.103 Mobile Safari/537.36 (compatible; Googlebot/2.1; +http://www.google.com/bot.html)"
209.74.77.214 - - [15/Jul/2025:21:22:34 +0000] "POST /wp-cron.php?doing_wp_cron=1752614554.3343400955200195312500 HTTP/1.1" 200 - "-" "WordPress/6.8.1; https://teamhachem.com"
184.73.167.217 - - [15/Jul/2025:21:22:32 +0000] "GET /product-category/kickboxing/ HTTP/1.1" 200 15228 "-" "Mozilla/5.0 AppleWebKit/537.36 (KHTML, like Gecko; compatible; Amazonbot/0.1; +https://developer.amazon.com/support/amazonbot) Chrome/119.0.6045.214 Safari/537.36"
54.225.199.17 - - [15/Jul/2025:21:22:37 +0000] "GET /category/gym/ HTTP/1.1" 200 13522 "-" "Mozilla/5.0 AppleWebKit/537.36 (KHTML, like Gecko; compatible; Amazonbot/0.1; +https://developer.amazon.com/support/amazonbot) Chrome/119.0.6045.214 Safari/537.36"
66.249.73.226 - - [15/Jul/2025:21:22:39 +0000] "POST /get-message-notify HTTP/1.1" 200 18727 "https://teamhachem.com/entity/14820239" "Mozilla/5.0 (Linux; Android 6.0.1; Nexus 5X Build/MMB29P) AppleWebKit/537.36 (KHTML, like Gecko) Chrome/137.0.7151.119 Mobile Safari/537.36 (compatible; Googlebot/2.1; +http://www.google.com/bot.html)"
66.249.73.227 - - [15/Jul/2025:21:24:28 +0000] "POST /get-message-notify HTTP/1.1" 200 18727 "https://teamhachem.com/ex-world-champion-refused-to-fight-for-a-week-before-the-fight/" "Mozilla/5.0 (Linux; Android 6.0.1; Nexus 5X Build/MMB29P) AppleWebKit/537.36 (KHTML, like Gecko) Chrome/137.0.7151.119 Mobile Safari/537.36 (compatible; Googlebot/2.1; +http://www.google.com/bot.html)"
66.249.73.225 - - [15/Jul/2025:21:25:22 +0000] "GET /entity/282536967 HTTP/1.1" 200 19260 "-" "Mozilla/5.0 (Linux; Android 6.0.1; Nexus 5X Build/MMB29P) AppleWebKit/537.36 (KHTML, like Gecko) Chrome/137.0.7151.103 Mobile Safari/537.36 (compatible; Googlebot/2.1; +http://www.google.com/bot.html)"
66.249.73.227 - - [15/Jul/2025:21:26:25 +0000] "POST /get-message-notify HTTP/1.1" 200 18727 "https://teamhachem.com/entity/1928034" "Mozilla/5.0 (Linux; Android 6.0.1; Nexus 5X Build/MMB29P) AppleWebKit/537.36 (KHTML, like Gecko) Chrome/137.0.7151.119 Mobile Safari/537.36 (compatible; Googlebot/2.1; +http://www.google.com/bot.html)"
209.74.77.214 - - [15/Jul/2025:21:27:26 +0000] "POST /wp-cron.php?doing_wp_cron=1752614846.9831569194793701171875 HTTP/1.1" 200 - "-" "WordPress/6.8.1; https://teamhachem.com"
52.1.106.130 - - [15/Jul/2025:21:27:25 +0000] "GET /events/2026-11-20/ HTTP/1.1" 200 19488 "-" "Mozilla/5.0 AppleWebKit/537.36 (KHTML, like Gecko; compatible; Amazonbot/0.1; +https://developer.amazon.com/support/amazonbot) Chrome/119.0.6045.214 Safari/537.36"
209.74.77.214 - - [15/Jul/2025:21:27:39 +0000] "POST /wp-cron.php?doing_wp_cron=1752614859.7245130538940429687500 HTTP/1.1" 200 - "-" "WordPress/6.8.1; https://teamhachem.com"
51.222.253.4 - - [15/Jul/2025:21:27:39 +0000] "GET /product-category/boxing-classes/ HTTP/1.1" 200 15206 "-" "Mozilla/5.0 (compatible; AhrefsBot/7.0; +http://ahrefs.com/robot/)"
54.159.98.248 - - [15/Jul/2025:21:27:45 +0000] "GET /events/2024-06-06/ HTTP/1.1" 200 18815 "-" "Mozilla/5.0 AppleWebKit/537.36 (KHTML, like Gecko; compatible; Amazonbot/0.1; +https://developer.amazon.com/support/amazonbot) Chrome/119.0.6045.214 Safari/537.36"
34.195.248.30 - - [15/Jul/2025:21:28:05 +0000] "GET /events/2026-12-06/ HTTP/1.1" 200 19481 "-" "Mozilla/5.0 AppleWebKit/537.36 (KHTML, like Gecko; compatible; Amazonbot/0.1; +https://developer.amazon.com/support/amazonbot) Chrome/119.0.6045.214 Safari/537.36"
3.224.104.67 - - [15/Jul/2025:21:28:09 +0000] "GET /events/list/?tribe-bar-date=2024-03-03 HTTP/1.1" 200 20183 "-" "Mozilla/5.0 AppleWebKit/537.36 (KHTML, like Gecko; compatible; Amazonbot/0.1; +https://developer.amazon.com/support/amazonbot) Chrome/119.0.6045.214 Safari/537.36"
52.3.156.186 - - [15/Jul/2025:21:28:13 +0000] "GET /events/2026-11-09/ HTTP/1.1" 200 19494 "-" "Mozilla/5.0 AppleWebKit/537.36 (KHTML, like Gecko; compatible; Amazonbot/0.1; +https://developer.amazon.com/support/amazonbot) Chrome/119.0.6045.214 Safari/537.36"
40.77.167.69 - - [15/Jul/2025:21:28:49 +0000] "GET /entity/615372807 HTTP/1.1" 200 20576 "-" "Mozilla/5.0 AppleWebKit/537.36 (KHTML, like Gecko; compatible; bingbot/2.0; +http://www.bing.com/bingbot.htm) Chrome/116.0.1938.76 Safari/537.36"
66.249.73.225 - - [15/Jul/2025:21:29:02 +0000] "POST /get-message-notify HTTP/1.1" 200 18727 "https://teamhachem.com/entity/102438025" "Mozilla/5.0 (Linux; Android 6.0.1; Nexus 5X Build/MMB29P) AppleWebKit/537.36 (KHTML, like Gecko) Chrome/137.0.7151.119 Mobile Safari/537.36 (compatible; Googlebot/2.1; +http://www.google.com/bot.html)"
66.249.73.225 - - [15/Jul/2025:21:31:15 +0000] "GET /entity/1259687 HTTP/1.1" 200 18498 "-" "Mozilla/5.0 (Linux; Android 6.0.1; Nexus 5X Build/MMB29P) AppleWebKit/537.36 (KHTML, like Gecko) Chrome/137.0.7151.103 Mobile Safari/537.36 (compatible; GoogleOther)"
66.249.73.225 - - [15/Jul/2025:21:31:17 +0000] "GET /entity/522871211 HTTP/1.1" 200 19979 "-" "Mozilla/5.0 (Linux; Android 6.0.1; Nexus 5X Build/MMB29P) AppleWebKit/537.36 (KHTML, like Gecko) Chrome/137.0.7151.103 Mobile Safari/537.36 (compatible; Googlebot/2.1; +http://www.google.com/bot.html)"
66.249.73.227 - - [15/Jul/2025:21:32:53 +0000] "GET /entity/477759743 HTTP/1.1" 200 18579 "-" "Mozilla/5.0 (Linux; Android 6.0.1; Nexus 5X Build/MMB29P) AppleWebKit/537.36 (KHTML, like Gecko) Chrome/137.0.7151.103 Mobile Safari/537.36 (compatible; GoogleOther)"
66.249.73.227 - - [15/Jul/2025:21:32:57 +0000] "POST /get-message-notify HTTP/1.1" 200 18727 "https://teamhachem.com/entity/477759743" "Mozilla/5.0 (Linux; Android 6.0.1; Nexus 5X Build/MMB29P) AppleWebKit/537.36 (KHTML, like Gecko) Chrome/137.0.7151.119 Mobile Safari/537.36 (compatible; Googlebot/2.1; +http://www.google.com/bot.html)"
66.249.73.227 - - [15/Jul/2025:21:33:00 +0000] "POST /get-message-notify HTTP/1.1" 200 18727 "https://teamhachem.com/entity/15773232" "Mozilla/5.0 (Linux; Android 6.0.1; Nexus 5X Build/MMB29P) AppleWebKit/537.36 (KHTML, like Gecko) Chrome/137.0.7151.119 Mobile Safari/537.36 (compatible; Googlebot/2.1; +http://www.google.com/bot.html)"
66.249.73.226 - - [15/Jul/2025:21:33:41 +0000] "GET /entity/634483483 HTTP/1.1" 200 20346 "-" "Mozilla/5.0 (Linux; Android 6.0.1; Nexus 5X Build/MMB29P) AppleWebKit/537.36 (KHTML, like Gecko) Chrome/137.0.7151.103 Mobile Safari/537.36 (compatible; GoogleOther)"
66.249.73.226 - - [15/Jul/2025:21:34:13 +0000] "GET /entity/1304551 HTTP/1.1" 200 18468 "-" "Mozilla/5.0 (Linux; Android 6.0.1; Nexus 5X Build/MMB29P) AppleWebKit/537.36 (KHTML, like Gecko) Chrome/137.0.7151.103 Mobile Safari/537.36 (compatible; Googlebot/2.1; +http://www.google.com/bot.html)"
66.249.73.226 - - [15/Jul/2025:21:35:17 +0000] "POST /get-message-notify HTTP/1.1" 200 18727 "https://teamhachem.com/entity/634140576" "Mozilla/5.0 (Linux; Android 6.0.1; Nexus 5X Build/MMB29P) AppleWebKit/537.36 (KHTML, like Gecko) Chrome/137.0.7151.119 Mobile Safari/537.36 (compatible; Googlebot/2.1; +http://www.google.com/bot.html)"
66.249.73.225 - - [15/Jul/2025:21:35:30 +0000] "POST /get-message-notify HTTP/1.1" 200 18727 "https://teamhachem.com/entity/13485556" "Mozilla/5.0 (Linux; Android 6.0.1; Nexus 5X Build/MMB29P) AppleWebKit/537.36 (KHTML, like Gecko) Chrome/137.0.7151.119 Mobile Safari/537.36 (compatible; Googlebot/2.1; +http://www.google.com/bot.html)"
209.74.77.214 - - [15/Jul/2025:21:36:34 +0000] "POST /wp-cron.php?doing_wp_cron=1752615394.5663220882415771484375 HTTP/1.1" 200 - "-" "WordPress/6.8.1; https://teamhachem.com"
85.208.96.212 - - [15/Jul/2025:21:36:32 +0000] "GET /events/list/?tribe-bar-date=2025-04-25 HTTP/1.1" 200 19803 "-" "Mozilla/5.0 (compatible; SemrushBot/7~bl; +http://www.semrush.com/bot.html)"
66.249.73.227 - - [15/Jul/2025:21:37:10 +0000] "POST /get-message-notify HTTP/1.1" 200 18727 "https://teamhachem.com/entity/634483483" "Mozilla/5.0 (Linux; Android 6.0.1; Nexus 5X Build/MMB29P) AppleWebKit/537.36 (KHTML, like Gecko) Chrome/137.0.7151.119 Mobile Safari/537.36 (compatible; Googlebot/2.1; +http://www.google.com/bot.html)"
66.249.73.225 - - [15/Jul/2025:21:37:11 +0000] "GET /entity/634462744 HTTP/1.1" 200 21972 "-" "Mozilla/5.0 (Linux; Android 6.0.1; Nexus 5X Build/MMB29P) AppleWebKit/537.36 (KHTML, like Gecko) Chrome/137.0.7151.103 Mobile Safari/537.36 (compatible; GoogleOther)"
66.249.73.225 - - [15/Jul/2025:21:37:16 +0000] "GET /entity/98795278 HTTP/1.1" 200 18291 "-" "Mozilla/5.0 (Linux; Android 6.0.1; Nexus 5X Build/MMB29P) AppleWebKit/537.36 (KHTML, like Gecko) Chrome/137.0.7151.103 Mobile Safari/537.36 (compatible; Googlebot/2.1; +http://www.google.com/bot.html)"
66.249.73.225 - - [15/Jul/2025:21:37:39 +0000] "POST /get-message-notify HTTP/1.1" 200 18727 "https://teamhachem.com/entity/2293035" "Mozilla/5.0 (Linux; Android 6.0.1; Nexus 5X Build/MMB29P) AppleWebKit/537.36 (KHTML, like Gecko) Chrome/137.0.7151.119 Mobile Safari/537.36 (compatible; Googlebot/2.1; +http://www.google.com/bot.html)"
66.249.73.225 - - [15/Jul/2025:21:37:46 +0000] "POST /get-message-notify HTTP/1.1" 200 18727 "https://teamhachem.com/entity/634462744" "Mozilla/5.0 (Linux; Android 6.0.1; Nexus 5X Build/MMB29P) AppleWebKit/537.36 (KHTML, like Gecko) Chrome/137.0.7151.119 Mobile Safari/537.36 (compatible; Googlebot/2.1; +http://www.google.com/bot.html)"
66.249.73.226 - - [15/Jul/2025:21:38:23 +0000] "GET /entity/1258033 HTTP/1.1" 200 17896 "-" "Mozilla/5.0 (Linux; Android 6.0.1; Nexus 5X Build/MMB29P) AppleWebKit/537.36 (KHTML, like Gecko) Chrome/137.0.7151.103 Mobile Safari/537.36 (compatible; GoogleOther)"
66.249.73.225 - - [15/Jul/2025:21:38:26 +0000] "POST /get-message-notify HTTP/1.1" 200 18727 "https://teamhachem.com/entity/1258033" "Mozilla/5.0 (Linux; Android 6.0.1; Nexus 5X Build/MMB29P) AppleWebKit/537.36 (KHTML, like Gecko) Chrome/137.0.7151.119 Mobile Safari/537.36 (compatible; Googlebot/2.1; +http://www.google.com/bot.html)"
66.249.73.226 - - [15/Jul/2025:21:40:08 +0000] "GET /entity/15149749 HTTP/1.1" 200 18650 "-" "Mozilla/5.0 (Linux; Android 6.0.1; Nexus 5X Build/MMB29P) AppleWebKit/537.36 (KHTML, like Gecko) Chrome/137.0.7151.103 Mobile Safari/537.36 (compatible; Googlebot/2.1; +http://www.google.com/bot.html)"
66.249.73.225 - - [15/Jul/2025:21:40:19 +0000] "POST /get-message-notify HTTP/1.1" 200 18727 "https://teamhachem.com/entity/15149749" "Mozilla/5.0 (Linux; Android 6.0.1; Nexus 5X Build/MMB29P) AppleWebKit/537.36 (KHTML, like Gecko) Chrome/137.0.7151.119 Mobile Safari/537.36 (compatible; Googlebot/2.1; +http://www.google.com/bot.html)"
66.249.73.225 - - [15/Jul/2025:21:40:32 +0000] "POST /get-message-notify HTTP/1.1" 200 18727 "https://teamhachem.com/entity/13718727" "Mozilla/5.0 (Linux; Android 6.0.1; Nexus 5X Build/MMB29P) AppleWebKit/537.36 (KHTML, like Gecko) Chrome/137.0.7151.119 Mobile Safari/537.36 (compatible; Googlebot/2.1; +http://www.google.com/bot.html)"
66.249.73.225 - - [15/Jul/2025:21:41:32 +0000] "POST /get-message-notify HTTP/1.1" 200 18727 "https://teamhachem.com/entity/102434914" "Mozilla/5.0 (Linux; Android 6.0.1; Nexus 5X Build/MMB29P) AppleWebKit/537.36 (KHTML, like Gecko) Chrome/137.0.7151.119 Mobile Safari/537.36 (compatible; Googlebot/2.1; +http://www.google.com/bot.html)"
66.249.73.225 - - [15/Jul/2025:21:42:52 +0000] "POST /get-message-notify HTTP/1.1" 200 18727 "https://teamhachem.com/entity/634151440" "Mozilla/5.0 (Linux; Android 6.0.1; Nexus 5X Build/MMB29P) AppleWebKit/537.36 (KHTML, like Gecko) Chrome/137.0.7151.119 Mobile Safari/537.36 (compatible; Googlebot/2.1; +http://www.google.com/bot.html)"
66.249.73.227 - - [15/Jul/2025:21:42:54 +0000] "GET /entity/2287345 HTTP/1.1" 200 18332 "-" "Mozilla/5.0 (Linux; Android 6.0.1; Nexus 5X Build/MMB29P) AppleWebKit/537.36 (KHTML, like Gecko) Chrome/137.0.7151.103 Mobile Safari/537.36 (compatible; GoogleOther)"
209.74.77.214 - - [15/Jul/2025:21:42:56 +0000] "POST /wp-cron.php?doing_wp_cron=1752615776.4152870178222656250000 HTTP/1.1" 200 - "-" "WordPress/6.8.1; https://teamhachem.com"
66.249.73.227 - - [15/Jul/2025:21:42:56 +0000] "POST /get-message-notify HTTP/1.1" 200 18727 "https://teamhachem.com/entity/2287345" "Mozilla/5.0 (Linux; Android 6.0.1; Nexus 5X Build/MMB29P) AppleWebKit/537.36 (KHTML, like Gecko) Chrome/137.0.7151.119 Mobile Safari/537.36 (compatible; Googlebot/2.1; +http://www.google.com/bot.html)"
51.222.253.19 - - [15/Jul/2025:21:42:54 +0000] "GET /product-category/kickboxing/ HTTP/1.1" 200 15228 "-" "Mozilla/5.0 (compatible; AhrefsBot/7.0; +http://ahrefs.com/robot/)"
66.249.73.225 - - [15/Jul/2025:21:42:56 +0000] "POST /get-message-notify HTTP/1.1" 200 18727 "https://teamhachem.com/entity/3014515" "Mozilla/5.0 (Linux; Android 6.0.1; Nexus 5X Build/MMB29P) AppleWebKit/537.36 (KHTML, like Gecko) Chrome/137.0.7151.119 Mobile Safari/537.36 (compatible; Googlebot/2.1; +http://www.google.com/bot.html)"
66.249.73.227 - - [15/Jul/2025:21:43:05 +0000] "GET /entity/15145482 HTTP/1.1" 200 19957 "-" "Mozilla/5.0 (Linux; Android 6.0.1; Nexus 5X Build/MMB29P) AppleWebKit/537.36 (KHTML, like Gecko) Chrome/137.0.7151.103 Mobile Safari/537.36 (compatible; Googlebot/2.1; +http://www.google.com/bot.html)"
66.249.73.225 - - [15/Jul/2025:21:43:47 +0000] "POST /get-message-notify HTTP/1.1" 200 18727 "https://teamhachem.com/entity/15408797" "Mozilla/5.0 (Linux; Android 6.0.1; Nexus 5X Build/MMB29P) AppleWebKit/537.36 (KHTML, like Gecko) Chrome/137.0.7151.119 Mobile Safari/537.36 (compatible; Googlebot/2.1; +http://www.google.com/bot.html)"
52.167.144.156 - - [15/Jul/2025:21:43:50 +0000] "GET /entity/615318301 HTTP/1.1" 200 19956 "-" "Mozilla/5.0 AppleWebKit/537.36 (KHTML, like Gecko; compatible; bingbot/2.0; +http://www.bing.com/bingbot.htm) Chrome/116.0.1938.76 Safari/537.36"
157.55.39.192 - - [15/Jul/2025:21:44:12 +0000] "GET /entity/615686343 HTTP/1.1" 200 20355 "-" "Mozilla/5.0 AppleWebKit/537.36 (KHTML, like Gecko; compatible; bingbot/2.0; +http://www.bing.com/bingbot.htm) Chrome/116.0.1938.76 Safari/537.36"
52.167.144.156 - - [15/Jul/2025:21:44:20 +0000] "GET /entity/615681546 HTTP/1.1" 200 21651 "-" "Mozilla/5.0 AppleWebKit/537.36 (KHTML, like Gecko; compatible; bingbot/2.0; +http://www.bing.com/bingbot.htm) Chrome/116.0.1938.76 Safari/537.36"
66.249.73.225 - - [15/Jul/2025:21:45:18 +0000] "GET /entity/15777467 HTTP/1.1" 200 18265 "-" "Mozilla/5.0 (Linux; Android 6.0.1; Nexus 5X Build/MMB29P) AppleWebKit/537.36 (KHTML, like Gecko) Chrome/137.0.7151.103 Mobile Safari/537.36 (compatible; Googlebot/2.1; +http://www.google.com/bot.html)"
66.249.73.226 - - [15/Jul/2025:21:46:02 +0000] "GET /entity/97669870 HTTP/1.1" 200 19141 "-" "Mozilla/5.0 (Linux; Android 6.0.1; Nexus 5X Build/MMB29P) AppleWebKit/537.36 (KHTML, like Gecko) Chrome/137.0.7151.103 Mobile Safari/537.36 (compatible; Googlebot/2.1; +http://www.google.com/bot.html)"
66.249.73.226 - - [15/Jul/2025:21:48:40 +0000] "GET /entity/15101212 HTTP/1.1" 200 17897 "-" "Mozilla/5.0 (Linux; Android 6.0.1; Nexus 5X Build/MMB29P) AppleWebKit/537.36 (KHTML, like Gecko) Chrome/137.0.7151.103 Mobile Safari/537.36 (compatible; GoogleOther)"
209.74.77.214 - - [15/Jul/2025:21:48:50 +0000] "POST /wp-cron.php?doing_wp_cron=1752616130.1844909191131591796875 HTTP/1.1" 200 - "-" "WordPress/6.8.1; https://teamhachem.com"
44.212.131.50 - - [15/Jul/2025:21:48:48 +0000] "GET /events/2024-03-28/ HTTP/1.1" 200 18819 "-" "Mozilla/5.0 AppleWebKit/537.36 (KHTML, like Gecko; compatible; Amazonbot/0.1; +https://developer.amazon.com/support/amazonbot) Chrome/119.0.6045.214 Safari/537.36"
54.147.238.89 - - [15/Jul/2025:21:48:52 +0000] "GET /events/list/?eventDisplay=past&tribe-bar-date=2024-03-30 HTTP/1.1" 200 19884 "-" "Mozilla/5.0 AppleWebKit/537.36 (KHTML, like Gecko; compatible; Amazonbot/0.1; +https://developer.amazon.com/support/amazonbot) Chrome/119.0.6045.214 Safari/537.36"
34.226.89.140 - - [15/Jul/2025:21:48:57 +0000] "GET /events/list/?eventDisplay=past&tribe-bar-date=2024-05-04 HTTP/1.1" 200 19857 "-" "Mozilla/5.0 AppleWebKit/537.36 (KHTML, like Gecko; compatible; Amazonbot/0.1; +https://developer.amazon.com/support/amazonbot) Chrome/119.0.6045.214 Safari/537.36"
66.249.73.226 - - [15/Jul/2025:21:48:59 +0000] "GET /entity/817743 HTTP/1.1" 200 17783 "-" "Mozilla/5.0 (Linux; Android 6.0.1; Nexus 5X Build/MMB29P) AppleWebKit/537.36 (KHTML, like Gecko) Chrome/137.0.7151.103 Mobile Safari/537.36 (compatible; Googlebot/2.1; +http://www.google.com/bot.html)"
54.156.124.2 - - [15/Jul/2025:21:49:01 +0000] "GET /events/list/?eventDisplay=past&tribe-bar-date=2026-09-23 HTTP/1.1" 200 20253 "-" "Mozilla/5.0 AppleWebKit/537.36 (KHTML, like Gecko; compatible; Amazonbot/0.1; +https://developer.amazon.com/support/amazonbot) Chrome/119.0.6045.214 Safari/537.36"
66.249.73.227 - - [15/Jul/2025:21:49:25 +0000] "POST /get-message-notify HTTP/1.1" 200 18727 "https://teamhachem.com/entity/101349938" "Mozilla/5.0 (Linux; Android 6.0.1; Nexus 5X Build/MMB29P) AppleWebKit/537.36 (KHTML, like Gecko) Chrome/137.0.7151.119 Mobile Safari/537.36 (compatible; Googlebot/2.1; +http://www.google.com/bot.html)"
66.249.73.226 - - [15/Jul/2025:21:49:41 +0000] "POST /get-message-notify HTTP/1.1" 200 18727 "https://teamhachem.com/entity/15101212" "Mozilla/5.0 (Linux; Android 6.0.1; Nexus 5X Build/MMB29P) AppleWebKit/537.36 (KHTML, like Gecko) Chrome/137.0.7151.119 Mobile Safari/537.36 (compatible; Googlebot/2.1; +http://www.google.com/bot.html)"
66.249.73.225 - - [15/Jul/2025:21:49:46 +0000] "POST /get-message-notify HTTP/1.1" 200 18727 "https://teamhachem.com/entity/15049468" "Mozilla/5.0 (Linux; Android 6.0.1; Nexus 5X Build/MMB29P) AppleWebKit/537.36 (KHTML, like Gecko) Chrome/137.0.7151.119 Mobile Safari/537.36 (compatible; Googlebot/2.1; +http://www.google.com/bot.html)"
40.77.167.235 - - [15/Jul/2025:21:50:01 +0000] "GET /oreka/plamodel_menu.html HTTP/1.1" 200 17903 "-" "Mozilla/5.0 AppleWebKit/537.36 (KHTML, like Gecko; compatible; bingbot/2.0; +http://www.bing.com/bingbot.htm) Chrome/116.0.1938.76 Safari/537.36"
66.249.73.227 - - [15/Jul/2025:21:50:43 +0000] "GET /entity/15762089 HTTP/1.1" 200 18363 "-" "Mozilla/5.0 (Linux; Android 6.0.1; Nexus 5X Build/MMB29P) AppleWebKit/537.36 (KHTML, like Gecko) Chrome/137.0.7151.103 Mobile Safari/537.36 (compatible; GoogleOther)"
66.249.73.227 - - [15/Jul/2025:21:50:45 +0000] "POST /get-message-notify HTTP/1.1" 200 18727 "https://teamhachem.com/entity/817743" "Mozilla/5.0 (Linux; Android 6.0.1; Nexus 5X Build/MMB29P) AppleWebKit/537.36 (KHTML, like Gecko) Chrome/137.0.7151.119 Mobile Safari/537.36 (compatible; Googlebot/2.1; +http://www.google.com/bot.html)"
66.249.73.226 - - [15/Jul/2025:21:51:56 +0000] "GET /entity/97636699 HTTP/1.1" 200 20652 "-" "Mozilla/5.0 (Linux; Android 6.0.1; Nexus 5X Build/MMB29P) AppleWebKit/537.36 (KHTML, like Gecko) Chrome/137.0.7151.103 Mobile Safari/537.36 (compatible; Googlebot/2.1; +http://www.google.com/bot.html)"
66.249.73.225 - - [15/Jul/2025:21:54:30 +0000] "GET /entity/98144854 HTTP/1.1" 200 21068 "-" "Mozilla/5.0 (Linux; Android 6.0.1; Nexus 5X Build/MMB29P) AppleWebKit/537.36 (KHTML, like Gecko) Chrome/137.0.7151.103 Mobile Safari/537.36 (compatible; GoogleOther)"
66.249.73.226 - - [15/Jul/2025:21:54:33 +0000] "POST /get-message-notify HTTP/1.1" 200 18727 "https://teamhachem.com/entity/98144854" "Mozilla/5.0 (Linux; Android 6.0.1; Nexus 5X Build/MMB29P) AppleWebKit/537.36 (KHTML, like Gecko) Chrome/137.0.7151.119 Mobile Safari/537.36 (compatible; Googlebot/2.1; +http://www.google.com/bot.html)"
66.249.73.225 - - [15/Jul/2025:21:54:53 +0000] "GET /entity/255_UF900 HTTP/1.1" 200 18347 "-" "Mozilla/5.0 (Linux; Android 6.0.1; Nexus 5X Build/MMB29P) AppleWebKit/537.36 (KHTML, like Gecko) Chrome/137.0.7151.103 Mobile Safari/537.36 (compatible; Googlebot/2.1; +http://www.google.com/bot.html)"
66.249.73.226 - - [15/Jul/2025:21:55:03 +0000] "POST /get-message-notify HTTP/1.1" 200 18727 "https://teamhachem.com/entity/255_UF900" "Mozilla/5.0 (Linux; Android 6.0.1; Nexus 5X Build/MMB29P) AppleWebKit/537.36 (KHTML, like Gecko) Chrome/137.0.7151.119 Mobile Safari/537.36 (compatible; Googlebot/2.1; +http://www.google.com/bot.html)"
66.249.73.226 - - [15/Jul/2025:21:55:57 +0000] "GET /entity/478143793 HTTP/1.1" 200 18419 "-" "Mozilla/5.0 (Linux; Android 6.0.1; Nexus 5X Build/MMB29P) AppleWebKit/537.36 (KHTML, like Gecko) Chrome/137.0.7151.103 Mobile Safari/537.36 (compatible; GoogleOther)"
66.249.73.225 - - [15/Jul/2025:21:56:07 +0000] "GET /entity/478144040 HTTP/1.1" 200 18275 "-" "Mozilla/5.0 (Linux; Android 6.0.1; Nexus 5X Build/MMB29P) AppleWebKit/537.36 (KHTML, like Gecko) Chrome/137.0.7151.103 Mobile Safari/537.36 (compatible; GoogleOther)"
209.74.77.214 - - [15/Jul/2025:21:56:28 +0000] "POST /wp-cron.php?doing_wp_cron=1752616588.9192709922790527343750 HTTP/1.1" 200 - "-" "WordPress/6.8.1; https://teamhachem.com"
115.72.46.165 - - [15/Jul/2025:21:56:28 +0000] "POST /wp-comments-post.php HTTP/1.1" 302 - "-" "Mozilla/5.0 (Windows NT 10.0; Win64; x64) AppleWebKit/537.36 (KHTML, like Gecko) Chrome/120.0.0.0 Safari/537.36"
66.249.73.226 - - [15/Jul/2025:21:56:55 +0000] "POST /get-message-notify HTTP/1.1" 200 18727 "https://teamhachem.com/entity/14830176" "Mozilla/5.0 (Linux; Android 6.0.1; Nexus 5X Build/MMB29P) AppleWebKit/537.36 (KHTML, like Gecko) Chrome/137.0.7151.119 Mobile Safari/537.36 (compatible; Googlebot/2.1; +http://www.google.com/bot.html)"
209.74.77.214 - - [15/Jul/2025:21:56:58 +0000] "POST /wp-cron.php?doing_wp_cron=1752616618.9288980960845947265625 HTTP/1.1" 200 - "-" "WordPress/6.8.1; https://teamhachem.com"
115.72.46.165 - - [15/Jul/2025:21:56:58 +0000] "POST /wp-comments-post.php HTTP/1.1" 302 - "-" "Mozilla/5.0 (Windows NT 10.0; Win64; x64) AppleWebKit/537.36 (KHTML, like Gecko) Chrome/120.0.0.0 Safari/537.36"
51.222.253.19 - - [15/Jul/2025:21:57:22 +0000] "GET /sitemap.xml HTTP/1.1" 200 4282 "-" "Mozilla/5.0 (compatible; AhrefsBot/7.0; +http://ahrefs.com/robot/)"
209.74.77.214 - - [15/Jul/2025:21:57:29 +0000] "POST /wp-cron.php?doing_wp_cron=1752616649.5084989070892333984375 HTTP/1.1" 200 - "-" "WordPress/6.8.1; https://teamhachem.com"
115.72.46.165 - - [15/Jul/2025:21:57:29 +0000] "POST /wp-comments-post.php HTTP/1.1" 302 - "-" "Mozilla/5.0 (Windows NT 10.0; Win64; x64) AppleWebKit/537.36 (KHTML, like Gecko) Chrome/120.0.0.0 Safari/537.36"
66.249.73.225 - - [15/Jul/2025:21:57:50 +0000] "GET /entity/588775 HTTP/1.1" 200 17857 "-" "Mozilla/5.0 (Linux; Android 6.0.1; Nexus 5X Build/MMB29P) AppleWebKit/537.36 (KHTML, like Gecko) Chrome/137.0.7151.103 Mobile Safari/537.36 (compatible; Googlebot/2.1; +http://www.google.com/bot.html)"
209.74.77.214 - - [15/Jul/2025:21:58:00 +0000] "POST /wp-cron.php?doing_wp_cron=1752616680.4631819725036621093750 HTTP/1.1" 200 - "-" "WordPress/6.8.1; https://teamhachem.com"
115.72.46.165 - - [15/Jul/2025:21:58:00 +0000] "POST /wp-comments-post.php HTTP/1.1" 302 - "-" "Mozilla/5.0 (Windows NT 10.0; Win64; x64) AppleWebKit/537.36 (KHTML, like Gecko) Chrome/120.0.0.0 Safari/537.36"
209.74.77.214 - - [15/Jul/2025:21:58:31 +0000] "POST /wp-cron.php?doing_wp_cron=1752616711.4307680130004882812500 HTTP/1.1" 200 - "-" "WordPress/6.8.1; https://teamhachem.com"
115.72.46.165 - - [15/Jul/2025:21:58:31 +0000] "POST /wp-comments-post.php HTTP/1.1" 302 - "-" "Mozilla/5.0 (Windows NT 10.0; Win64; x64) AppleWebKit/537.36 (KHTML, like Gecko) Chrome/120.0.0.0 Safari/537.36"
115.72.46.165 - - [15/Jul/2025:21:59:04 +0000] "POST /wp-comments-post.php HTTP/1.1" 302 - "-" "Mozilla/5.0 (Windows NT 10.0; Win64; x64) AppleWebKit/537.36 (KHTML, like Gecko) Chrome/120.0.0.0 Safari/537.36"
209.74.77.214 - - [15/Jul/2025:21:59:37 +0000] "POST /wp-cron.php?doing_wp_cron=1752616777.0695090293884277343750 HTTP/1.1" 200 - "-" "WordPress/6.8.1; https://teamhachem.com"
115.72.46.165 - - [15/Jul/2025:21:59:36 +0000] "POST /wp-comments-post.php HTTP/1.1" 302 - "-" "Mozilla/5.0 (Windows NT 10.0; Win64; x64) AppleWebKit/537.36 (KHTML, like Gecko) Chrome/120.0.0.0 Safari/537.36"
66.249.73.225 - - [15/Jul/2025:21:59:40 +0000] "GET /entity/396667186 HTTP/1.1" 200 18420 "-" "Mozilla/5.0 (Linux; Android 6.0.1; Nexus 5X Build/MMB29P) AppleWebKit/537.36 (KHTML, like Gecko) Chrome/137.0.7151.103 Mobile Safari/537.36 (compatible; Googlebot/2.1; +http://www.google.com/bot.html)"
66.249.73.227 - - [15/Jul/2025:21:59:41 +0000] "GET /entity/97743772 HTTP/1.1" 200 19241 "-" "Mozilla/5.0 (Linux; Android 6.0.1; Nexus 5X Build/MMB29P) AppleWebKit/537.36 (KHTML, like Gecko) Chrome/137.0.7151.103 Mobile Safari/537.36 (compatible; Googlebot/2.1; +http://www.google.com/bot.html)"
