77.238.225.146 - - [15/Jul/2025:20:25:20 +0000] "GET /checkout/ HTTP/1.1" 302 - "-" "Mozilla/5.0 (Macintosh; Intel Mac OS X 10_15_7) AppleWebKit/537.36 (KHTML, like Gecko) Chrome/133.0.0.0 Safari/537.36"
209.74.77.214 - - [15/Jul/2025:20:25:28 +0000] "POST /wp-cron.php?doing_wp_cron=1752611128.9249770641326904296875 HTTP/1.1" 200 - "-" "WordPress/6.8.1; https://teamhachem.com"
77.238.225.146 - - [15/Jul/2025:20:25:28 +0000] "GET /cart/ HTTP/1.1" 200 34318 "https://teamhachem.com/checkout/" "Mozilla/5.0 (Macintosh; Intel Mac OS X 10_15_7) AppleWebKit/537.36 (KHTML, like Gecko) Chrome/133.0.0.0 Safari/537.36"
209.74.77.214 - - [15/Jul/2025:20:25:34 +0000] "POST /wp-cron.php?doing_wp_cron=1752611134.7330629825592041015625 HTTP/1.1" 200 - "-" "WordPress/6.8.1; https://teamhachem.com"
197.254.2.182 - - [15/Jul/2025:20:25:34 +0000] "POST /cart/ HTTP/1.1" 200 34419 "-" "Mozilla/5.0 (Macintosh; Intel Mac OS X 10_15_7) AppleWebKit/537.36 (KHTML, like Gecko) Chrome/133.0.0.0 Safari/537.36"
51.222.253.14 - - [15/Jul/2025:20:25:37 +0000] "GET /product-tag/coaches/ HTTP/1.1" 200 15210 "-" "Mozilla/5.0 (compatible; AhrefsBot/7.0; +http://ahrefs.com/robot/)"
197.254.2.182 - - [15/Jul/2025:20:25:39 +0000] "POST /cart/ HTTP/1.1" 200 34266 "-" "Mozilla/5.0 (Windows NT 10.0; Win64; x64) AppleWebKit/537.36 (KHTML, like Gecko) Chrome/120.0.0.0 Safari/537.36"
77.238.225.146 - - [15/Jul/2025:20:25:42 +0000] "GET /my-account/ HTTP/1.1" 200 13395 "-" "Mozilla/5.0 (Macintosh; Intel Mac OS X 10_15_7) AppleWebKit/537.36 (KHTML, like Gecko) Chrome/133.0.0.0 Safari/537.36"
197.254.2.182 - - [15/Jul/2025:20:25:44 +0000] "POST /my-account/ HTTP/1.1" 200 13503 "-" "Mozilla/5.0 (Macintosh; Intel Mac OS X 10_15_7) AppleWebKit/537.36 (KHTML, like Gecko) Chrome/133.0.0.0 Safari/537.36"
197.254.2.182 - - [15/Jul/2025:20:25:47 +0000] "POST /my-account/ HTTP/1.1" 200 13348 "-" "Mozilla/5.0 (Windows NT 10.0; Win64; x64) AppleWebKit/537.36 (KHTML, like Gecko) Chrome/120.0.0.0 Safari/537.36"
77.238.225.146 - - [15/Jul/2025:20:25:48 +0000] "GET /my-account/lost-password/ HTTP/1.1" 200 13321 "-" "Mozilla/5.0 (Macintosh; Intel Mac OS X 10_15_7) AppleWebKit/537.36 (KHTML, like Gecko) Chrome/133.0.0.0 Safari/537.36"
197.254.2.182 - - [15/Jul/2025:20:25:51 +0000] "POST /my-account/lost-password/ HTTP/1.1" 200 13306 "-" "Mozilla/5.0 (Macintosh; Intel Mac OS X 10_15_7) AppleWebKit/537.36 (KHTML, like Gecko) Chrome/133.0.0.0 Safari/537.36"
197.254.2.182 - - [15/Jul/2025:20:25:54 +0000] "POST /my-account/lost-password/ HTTP/1.1" 200 13271 "-" "Mozilla/5.0 (Windows NT 10.0; Win64; x64) AppleWebKit/537.36 (KHTML, like Gecko) Chrome/120.0.0.0 Safari/537.36"
197.254.2.182 - - [15/Jul/2025:20:25:57 +0000] "POST /my-account/lost-password/ HTTP/1.1" 200 13427 "-" "Mozilla/5.0 (Macintosh; Intel Mac OS X 10_15_7) AppleWebKit/537.36 (KHTML, like Gecko) Chrome/133.0.0.0 Safari/537.36"
197.254.2.182 - - [15/Jul/2025:20:26:01 +0000] "POST /my-account/lost-password/ HTTP/1.1" 200 13272 "-" "Mozilla/5.0 (Windows NT 10.0; Win64; x64) AppleWebKit/537.36 (KHTML, like Gecko) Chrome/120.0.0.0 Safari/537.36"
77.238.225.146 - - [15/Jul/2025:20:26:03 +0000] "GET /contacts/ HTTP/1.1" 200 14624 "-" "Mozilla/5.0 (Macintosh; Intel Mac OS X 10_15_7) AppleWebKit/537.36 (KHTML, like Gecko) Chrome/133.0.0.0 Safari/537.36"
197.254.2.182 - - [15/Jul/2025:20:26:07 +0000] "POST /contacts/ HTTP/1.1" 200 14725 "-" "Mozilla/5.0 (Macintosh; Intel Mac OS X 10_15_7) AppleWebKit/537.36 (KHTML, like Gecko) Chrome/133.0.0.0 Safari/537.36"
197.254.2.182 - - [15/Jul/2025:20:26:10 +0000] "POST /contacts/ HTTP/1.1" 200 14569 "-" "Mozilla/5.0 (Windows NT 10.0; Win64; x64) AppleWebKit/537.36 (KHTML, like Gecko) Chrome/120.0.0.0 Safari/537.36"
77.238.225.146 - - [15/Jul/2025:20:26:12 +0000] "GET /elements/accordions/ HTTP/1.1" 200 13571 "-" "Mozilla/5.0 (Macintosh; Intel Mac OS X 10_15_7) AppleWebKit/537.36 (KHTML, like Gecko) Chrome/133.0.0.0 Safari/537.36"
197.254.2.182 - - [15/Jul/2025:20:26:15 +0000] "POST /elements/accordions/ HTTP/1.1" 200 13683 "-" "Mozilla/5.0 (Macintosh; Intel Mac OS X 10_15_7) AppleWebKit/537.36 (KHTML, like Gecko) Chrome/133.0.0.0 Safari/537.36"
197.254.2.182 - - [15/Jul/2025:20:26:17 +0000] "POST /elements/accordions/ HTTP/1.1" 200 13518 "-" "Mozilla/5.0 (Windows NT 10.0; Win64; x64) AppleWebKit/537.36 (KHTML, like Gecko) Chrome/120.0.0.0 Safari/537.36"
77.238.225.146 - - [15/Jul/2025:20:26:19 +0000] "GET /blog/ HTTP/1.1" 200 14833 "-" "Mozilla/5.0 (Macintosh; Intel Mac OS X 10_15_7) AppleWebKit/537.36 (KHTML, like Gecko) Chrome/133.0.0.0 Safari/537.36"
66.249.73.225 - - [15/Jul/2025:20:26:22 +0000] "GET /entity/96911496 HTTP/1.1" 200 18380 "-" "Mozilla/5.0 (Linux; Android 6.0.1; Nexus 5X Build/MMB29P) AppleWebKit/537.36 (KHTML, like Gecko) Chrome/137.0.7151.103 Mobile Safari/537.36 (compatible; Googlebot/2.1; +http://www.google.com/bot.html)"
209.74.77.214 - - [15/Jul/2025:20:26:23 +0000] "POST /wp-cron.php?doing_wp_cron=1752611183.3061909675598144531250 HTTP/1.1" 200 - "-" "WordPress/6.8.1; https://teamhachem.com"
197.254.2.182 - - [15/Jul/2025:20:26:23 +0000] "POST /blog/ HTTP/1.1" 200 14945 "-" "Mozilla/5.0 (Macintosh; Intel Mac OS X 10_15_7) AppleWebKit/537.36 (KHTML, like Gecko) Chrome/133.0.0.0 Safari/537.36"
197.254.2.182 - - [15/Jul/2025:20:26:27 +0000] "POST /blog/ HTTP/1.1" 200 14788 "-" "Mozilla/5.0 (Windows NT 10.0; Win64; x64) AppleWebKit/537.36 (KHTML, like Gecko) Chrome/120.0.0.0 Safari/537.36"
209.74.77.214 - - [15/Jul/2025:20:26:30 +0000] "POST /wp-cron.php?doing_wp_cron=1752611190.1477549076080322265625 HTTP/1.1" 200 - "-" "WordPress/6.8.1; https://teamhachem.com"
77.238.225.146 - - [15/Jul/2025:20:26:29 +0000] "GET /blog/ HTTP/1.1" 200 14835 "-" "Mozilla/5.0 (Macintosh; Intel Mac OS X 10_15_7) AppleWebKit/537.36 (KHTML, like Gecko) Chrome/133.0.0.0 Safari/537.36"
209.74.77.214 - - [15/Jul/2025:20:26:33 +0000] "POST /wp-cron.php?doing_wp_cron=1752611193.6575679779052734375000 HTTP/1.1" 200 - "-" "WordPress/6.8.1; https://teamhachem.com"
197.254.2.182 - - [15/Jul/2025:20:26:33 +0000] "POST /blog/ HTTP/1.1" 200 14944 "-" "Mozilla/5.0 (Macintosh; Intel Mac OS X 10_15_7) AppleWebKit/537.36 (KHTML, like Gecko) Chrome/133.0.0.0 Safari/537.36"
197.254.2.182 - - [15/Jul/2025:20:26:38 +0000] "POST /blog/ HTTP/1.1" 200 14785 "-" "Mozilla/5.0 (Windows NT 10.0; Win64; x64) AppleWebKit/537.36 (KHTML, like Gecko) Chrome/120.0.0.0 Safari/537.36"
77.238.225.146 - - [15/Jul/2025:20:26:41 +0000] "GET /7-most-high-profile-japan-martial-arts/ HTTP/1.1" 200 18301 "-" "Mozilla/5.0 (Macintosh; Intel Mac OS X 10_15_7) AppleWebKit/537.36 (KHTML, like Gecko) Chrome/133.0.0.0 Safari/537.36"
197.254.2.182 - - [15/Jul/2025:20:26:43 +0000] "POST /wp-comments-post.php HTTP/1.1" 200 1106 "-" "Mozilla/5.0 (Macintosh; Intel Mac OS X 10_15_7) AppleWebKit/537.36 (KHTML, like Gecko) Chrome/133.0.0.0 Safari/537.36"
209.74.77.214 - - [15/Jul/2025:20:26:46 +0000] "POST /wp-cron.php?doing_wp_cron=1752611206.0262949466705322265625 HTTP/1.1" 200 - "-" "WordPress/6.8.1; https://teamhachem.com"
197.254.2.182 - - [15/Jul/2025:20:26:45 +0000] "POST /wp-comments-post.php HTTP/1.1" 200 - "-" "Mozilla/5.0 (Windows NT 10.0; Win64; x64) AppleWebKit/537.36 (KHTML, like Gecko) Chrome/120.0.0.0 Safari/537.36"
197.254.2.182 - - [15/Jul/2025:20:26:47 +0000] "POST /7-most-high-profile-japan-martial-arts/ HTTP/1.1" 200 18408 "-" "Mozilla/5.0 (Macintosh; Intel Mac OS X 10_15_7) AppleWebKit/537.36 (KHTML, like Gecko) Chrome/133.0.0.0 Safari/537.36"
197.254.2.182 - - [15/Jul/2025:20:26:52 +0000] "POST /7-most-high-profile-japan-martial-arts/ HTTP/1.1" 200 18254 "-" "Mozilla/5.0 (Windows NT 10.0; Win64; x64) AppleWebKit/537.36 (KHTML, like Gecko) Chrome/120.0.0.0 Safari/537.36"
77.238.225.146 - - [15/Jul/2025:20:26:53 +0000] "GET /blog/page/2/ HTTP/1.1" 200 16523 "-" "Mozilla/5.0 (Macintosh; Intel Mac OS X 10_15_7) AppleWebKit/537.36 (KHTML, like Gecko) Chrome/133.0.0.0 Safari/537.36"
197.254.2.182 - - [15/Jul/2025:20:26:56 +0000] "POST /blog/page/2/ HTTP/1.1" 200 16627 "-" "Mozilla/5.0 (Macintosh; Intel Mac OS X 10_15_7) AppleWebKit/537.36 (KHTML, like Gecko) Chrome/133.0.0.0 Safari/537.36"
197.254.2.182 - - [15/Jul/2025:20:26:58 +0000] "POST /blog/page/2/ HTTP/1.1" 200 16475 "-" "Mozilla/5.0 (Windows NT 10.0; Win64; x64) AppleWebKit/537.36 (KHTML, like Gecko) Chrome/120.0.0.0 Safari/537.36"
66.249.73.227 - - [15/Jul/2025:20:29:30 +0000] "POST /get-message-notify HTTP/1.1" 200 18727 "https://teamhachem.com/entity/2647812" "Mozilla/5.0 (Linux; Android 6.0.1; Nexus 5X Build/MMB29P) AppleWebKit/537.36 (KHTML, like Gecko) Chrome/137.0.7151.119 Mobile Safari/537.36 (compatible; Googlebot/2.1; +http://www.google.com/bot.html)"
66.249.73.225 - - [15/Jul/2025:20:33:22 +0000] "POST /get-message-notify HTTP/1.1" 200 18727 "https://teamhachem.com/entity/439235964" "Mozilla/5.0 (Linux; Android 6.0.1; Nexus 5X Build/MMB29P) AppleWebKit/537.36 (KHTML, like Gecko) Chrome/137.0.7151.119 Mobile Safari/537.36 (compatible; Googlebot/2.1; +http://www.google.com/bot.html)"
66.249.73.225 - - [15/Jul/2025:20:33:44 +0000] "GET /entity/477768855 HTTP/1.1" 200 18511 "-" "Mozilla/5.0 (Linux; Android 6.0.1; Nexus 5X Build/MMB29P) AppleWebKit/537.36 (KHTML, like Gecko) Chrome/137.0.7151.103 Mobile Safari/537.36 (compatible; GoogleOther)"
66.249.73.227 - - [15/Jul/2025:20:34:11 +0000] "POST /get-message-notify HTTP/1.1" 200 18727 "https://teamhachem.com/entity/102445182" "Mozilla/5.0 (Linux; Android 6.0.1; Nexus 5X Build/MMB29P) AppleWebKit/537.36 (KHTML, like Gecko) Chrome/137.0.7151.119 Mobile Safari/537.36 (compatible; Googlebot/2.1; +http://www.google.com/bot.html)"
66.249.73.226 - - [15/Jul/2025:20:34:36 +0000] "POST /get-message-notify HTTP/1.1" 200 18727 "https://teamhachem.com/entity/477768855" "Mozilla/5.0 (Linux; Android 6.0.1; Nexus 5X Build/MMB29P) AppleWebKit/537.36 (KHTML, like Gecko) Chrome/137.0.7151.119 Mobile Safari/537.36 (compatible; Googlebot/2.1; +http://www.google.com/bot.html)"
66.249.73.227 - - [15/Jul/2025:20:35:53 +0000] "GET /entity/477765417 HTTP/1.1" 200 19595 "-" "Mozilla/5.0 (Linux; Android 6.0.1; Nexus 5X Build/MMB29P) AppleWebKit/537.36 (KHTML, like Gecko) Chrome/137.0.7151.103 Mobile Safari/537.36 (compatible; GoogleOther)"
66.249.73.227 - - [15/Jul/2025:20:36:56 +0000] "POST /get-message-notify HTTP/1.1" 200 18727 "https://teamhachem.com/entity/101695607" "Mozilla/5.0 (Linux; Android 6.0.1; Nexus 5X Build/MMB29P) AppleWebKit/537.36 (KHTML, like Gecko) Chrome/137.0.7151.119 Mobile Safari/537.36 (compatible; Googlebot/2.1; +http://www.google.com/bot.html)"
209.74.77.214 - - [15/Jul/2025:20:37:42 +0000] "POST /wp-cron.php?doing_wp_cron=1752611862.8245921134948730468750 HTTP/1.1" 200 - "-" "WordPress/6.8.1; https://teamhachem.com"
20.171.207.104 - - [15/Jul/2025:20:37:40 +0000] "GET /entity/350473707 HTTP/1.1" 404 12739 "-" "Mozilla/5.0 AppleWebKit/537.36 (KHTML, like Gecko; compatible; GPTBot/1.2; +https://openai.com/gptbot)"
66.249.73.227 - - [15/Jul/2025:20:38:10 +0000] "GET /entity/477772492 HTTP/1.1" 200 18379 "-" "Mozilla/5.0 (Linux; Android 6.0.1; Nexus 5X Build/MMB29P) AppleWebKit/537.36 (KHTML, like Gecko) Chrome/137.0.7151.103 Mobile Safari/537.36 (compatible; GoogleOther)"
40.77.167.23 - - [15/Jul/2025:20:38:14 +0000] "GET /entity/485464605 HTTP/1.1" 200 18347 "-" "Mozilla/5.0 AppleWebKit/537.36 (KHTML, like Gecko; compatible; bingbot/2.0; +http://www.bing.com/bingbot.htm) Chrome/116.0.1938.76 Safari/537.36"
66.249.73.226 - - [15/Jul/2025:20:38:53 +0000] "POST /get-message-notify HTTP/1.1" 200 18727 "https://teamhachem.com/entity/477772492" "Mozilla/5.0 (Linux; Android 6.0.1; Nexus 5X Build/MMB29P) AppleWebKit/537.36 (KHTML, like Gecko) Chrome/137.0.7151.119 Mobile Safari/537.36 (compatible; Googlebot/2.1; +http://www.google.com/bot.html)"
52.167.144.235 - - [15/Jul/2025:20:39:08 +0000] "GET /entity/485464523 HTTP/1.1" 200 19261 "-" "Mozilla/5.0 AppleWebKit/537.36 (KHTML, like Gecko; compatible; bingbot/2.0; +http://www.bing.com/bingbot.htm) Chrome/116.0.1938.76 Safari/537.36"
66.249.73.226 - - [15/Jul/2025:20:40:21 +0000] "POST /get-message-notify HTTP/1.1" 200 18727 "https://teamhachem.com/entity/634822039" "Mozilla/5.0 (Linux; Android 6.0.1; Nexus 5X Build/MMB29P) AppleWebKit/537.36 (KHTML, like Gecko) Chrome/137.0.7151.119 Mobile Safari/537.36 (compatible; Googlebot/2.1; +http://www.google.com/bot.html)"
40.77.167.23 - - [15/Jul/2025:20:40:34 +0000] "GET /entity/615311718 HTTP/1.1" 200 20265 "-" "Mozilla/5.0 AppleWebKit/537.36 (KHTML, like Gecko; compatible; bingbot/2.0; +http://www.bing.com/bingbot.htm) Chrome/116.0.1938.76 Safari/537.36"
209.74.77.214 - - [15/Jul/2025:20:40:50 +0000] "POST /wp-cron.php?doing_wp_cron=1752612050.2167520523071289062500 HTTP/1.1" 200 - "-" "WordPress/6.8.1; https://teamhachem.com"
23.20.178.124 - - [15/Jul/2025:20:40:48 +0000] "GET /events/list/?tribe-bar-date=2024-10-09 HTTP/1.1" 200 20191 "-" "Mozilla/5.0 AppleWebKit/537.36 (KHTML, like Gecko; compatible; Amazonbot/0.1; +https://developer.amazon.com/support/amazonbot) Chrome/119.0.6045.214 Safari/537.36"
54.159.98.248 - - [15/Jul/2025:20:40:52 +0000] "GET /events/list/?tribe-bar-date=2026-10-22 HTTP/1.1" 200 19804 "-" "Mozilla/5.0 AppleWebKit/537.36 (KHTML, like Gecko; compatible; Amazonbot/0.1; +https://developer.amazon.com/support/amazonbot) Chrome/119.0.6045.214 Safari/537.36"
85.208.96.210 - - [15/Jul/2025:20:42:28 +0000] "GET /robots.txt HTTP/1.1" 200 94 "-" "Mozilla/5.0 (compatible; SemrushBot/7~bl; +http://www.semrush.com/bot.html)"
209.74.77.214 - - [15/Jul/2025:20:42:31 +0000] "POST /wp-cron.php?doing_wp_cron=1752612151.8959689140319824218750 HTTP/1.1" 200 - "-" "WordPress/6.8.1; https://teamhachem.com"
185.191.171.11 - - [15/Jul/2025:20:42:29 +0000] "GET /events/list/?tribe-bar-date=2025-05-03 HTTP/1.1" 200 19784 "-" "Mozilla/5.0 (compatible; SemrushBot/7~bl; +http://www.semrush.com/bot.html)"
66.249.73.225 - - [15/Jul/2025:20:43:07 +0000] "POST /get-message-notify HTTP/1.1" 200 18727 "https://teamhachem.com/entity/14670251" "Mozilla/5.0 (Linux; Android 6.0.1; Nexus 5X Build/MMB29P) AppleWebKit/537.36 (KHTML, like Gecko) Chrome/137.0.7151.119 Mobile Safari/537.36 (compatible; Googlebot/2.1; +http://www.google.com/bot.html)"
66.249.73.226 - - [15/Jul/2025:20:43:19 +0000] "POST /get-message-notify HTTP/1.1" 200 18727 "https://teamhachem.com/entity/102443151" "Mozilla/5.0 (Linux; Android 6.0.1; Nexus 5X Build/MMB29P) AppleWebKit/537.36 (KHTML, like Gecko) Chrome/137.0.7151.119 Mobile Safari/537.36 (compatible; Googlebot/2.1; +http://www.google.com/bot.html)"
66.249.73.226 - - [15/Jul/2025:20:47:06 +0000] "POST /get-message-notify HTTP/1.1" 200 18727 "https://teamhachem.com/entity/477765417" "Mozilla/5.0 (Linux; Android 6.0.1; Nexus 5X Build/MMB29P) AppleWebKit/537.36 (KHTML, like Gecko) Chrome/137.0.7151.119 Mobile Safari/537.36 (compatible; Googlebot/2.1; +http://www.google.com/bot.html)"
182.253.109.116 - - [15/Jul/2025:20:47:09 +0000] "POST /wp-comments-post.php HTTP/1.1" 302 - "-" "Mozilla/5.0 (Windows NT 10.0; Win64; x64) AppleWebKit/537.36 (KHTML, like Gecko) Chrome/120.0.0.0 Safari/537.36"
209.74.77.214 - - [15/Jul/2025:20:47:27 +0000] "POST /wp-cron.php?doing_wp_cron=1752612447.1874659061431884765625 HTTP/1.1" 200 - "-" "WordPress/6.8.1; https://teamhachem.com"
85.208.96.201 - - [15/Jul/2025:20:47:26 +0000] "GET /events/list/?eventDisplay=past&tribe-bar-date=2025-05-01 HTTP/1.1" 200 20248 "-" "Mozilla/5.0 (compatible; SemrushBot/7~bl; +http://www.semrush.com/bot.html)"
209.74.77.214 - - [15/Jul/2025:20:47:37 +0000] "POST /wp-cron.php?doing_wp_cron=1752612457.2881450653076171875000 HTTP/1.1" 200 - "-" "WordPress/6.8.1; https://teamhachem.com"
182.253.109.116 - - [15/Jul/2025:20:47:37 +0000] "POST /wp-comments-post.php HTTP/1.1" 302 - "-" "Mozilla/5.0 (Windows NT 10.0; Win64; x64) AppleWebKit/537.36 (KHTML, like Gecko) Chrome/120.0.0.0 Safari/537.36"
66.249.73.226 - - [15/Jul/2025:20:47:39 +0000] "POST /get-message-notify HTTP/1.1" 200 18727 "https://teamhachem.com/entity/13185614" "Mozilla/5.0 (Linux; Android 6.0.1; Nexus 5X Build/MMB29P) AppleWebKit/537.36 (KHTML, like Gecko) Chrome/137.0.7151.119 Mobile Safari/537.36 (compatible; Googlebot/2.1; +http://www.google.com/bot.html)"
182.253.109.116 - - [15/Jul/2025:20:48:05 +0000] "POST /wp-comments-post.php HTTP/1.1" 302 - "-" "Mozilla/5.0 (Windows NT 10.0; Win64; x64) AppleWebKit/537.36 (KHTML, like Gecko) Chrome/120.0.0.0 Safari/537.36"
52.167.144.169 - - [15/Jul/2025:20:48:08 +0000] "GET /entity/485589852 HTTP/1.1" 200 18547 "-" "Mozilla/5.0 AppleWebKit/537.36 (KHTML, like Gecko; compatible; bingbot/2.0; +http://www.bing.com/bingbot.htm) Chrome/116.0.1938.76 Safari/537.36"
209.74.77.214 - - [15/Jul/2025:20:48:34 +0000] "POST /wp-cron.php?doing_wp_cron=1752612514.0614669322967529296875 HTTP/1.1" 200 - "-" "WordPress/6.8.1; https://teamhachem.com"
182.253.109.116 - - [15/Jul/2025:20:48:33 +0000] "POST /wp-comments-post.php HTTP/1.1" 302 - "-" "Mozilla/5.0 (Windows NT 10.0; Win64; x64) AppleWebKit/537.36 (KHTML, like Gecko) Chrome/120.0.0.0 Safari/537.36"
211.26.245.68 - - [15/Jul/2025:20:48:57 +0000] "GET / HTTP/1.1" 200 22838 "https://www.google.com/url?q=https://teamhachem.com/&sa=U&sqi=2&ved=2ahUKEwia56Ov3r-OAxWkb2wGHSVWAHcQFnoECE4QAQ&usg=AOvVaw0lXL5xxGKVWSk4V-MNef7C" "Mozilla/5.0 (iPhone; CPU iPhone OS 18_5_0 like Mac OS X) AppleWebKit/605.1.15 (KHTML, like Gecko) GSA/376.0.777690323 Mobile/15E148 Safari/604.1"
211.26.245.68 - - [15/Jul/2025:20:48:58 +0000] "GET /wp-content/plugins/leadconnector/public/css/lc-public.css?ver=3.0.10.1 HTTP/1.1" 200 106 "https://teamhachem.com/" "Mozilla/5.0 (iPhone; CPU iPhone OS 18_5_0 like Mac OS X) AppleWebKit/605.1.15 (KHTML, like Gecko) GSA/376.0.777690323 Mobile/15E148 Safari/604.1"
211.26.245.68 - - [15/Jul/2025:20:48:59 +0000] "GET /wp-content/plugins/woocommerce/assets/css/woocommerce-layout.css?ver=10.0.2 HTTP/1.1" 200 3414 "https://teamhachem.com/" "Mozilla/5.0 (iPhone; CPU iPhone OS 18_5_0 like Mac OS X) AppleWebKit/605.1.15 (KHTML, like Gecko) GSA/376.0.777690323 Mobile/15E148 Safari/604.1"
211.26.245.68 - - [15/Jul/2025:20:48:59 +0000] "GET /wp-content/plugins/metronet-profile-picture/dist/blocks.style.build.css?ver=2.6.3 HTTP/1.1" 200 3267 "https://teamhachem.com/" "Mozilla/5.0 (iPhone; CPU iPhone OS 18_5_0 like Mac OS X) AppleWebKit/605.1.15 (KHTML, like Gecko) GSA/376.0.777690323 Mobile/15E148 Safari/604.1"
211.26.245.68 - - [15/Jul/2025:20:48:59 +0000] "GET /wp-content/plugins/post-views-counter/css/frontend.min.css?ver=1.5.5 HTTP/1.1" 200 440 "https://teamhachem.com/" "Mozilla/5.0 (iPhone; CPU iPhone OS 18_5_0 like Mac OS X) AppleWebKit/605.1.15 (KHTML, like Gecko) GSA/376.0.777690323 Mobile/15E148 Safari/604.1"
211.26.245.68 - - [15/Jul/2025:20:48:59 +0000] "GET /wp-includes/css/dist/block-library/style.min.css?ver=6.8.1 HTTP/1.1" 200 15323 "https://teamhachem.com/" "Mozilla/5.0 (iPhone; CPU iPhone OS 18_5_0 like Mac OS X) AppleWebKit/605.1.15 (KHTML, like Gecko) GSA/376.0.777690323 Mobile/15E148 Safari/604.1"
211.26.245.68 - - [15/Jul/2025:20:48:59 +0000] "GET /wp-includes/css/dashicons.min.css?ver=6.8.1 HTTP/1.1" 200 35730 "https://teamhachem.com/" "Mozilla/5.0 (iPhone; CPU iPhone OS 18_5_0 like Mac OS X) AppleWebKit/605.1.15 (KHTML, like Gecko) GSA/376.0.777690323 Mobile/15E148 Safari/604.1"
211.26.245.68 - - [15/Jul/2025:20:48:59 +0000] "GET /wp-content/plugins/contact-form-7/includes/css/styles.css?ver=6.1 HTTP/1.1" 200 1031 "https://teamhachem.com/" "Mozilla/5.0 (iPhone; CPU iPhone OS 18_5_0 like Mac OS X) AppleWebKit/605.1.15 (KHTML, like Gecko) GSA/376.0.777690323 Mobile/15E148 Safari/604.1"
211.26.245.68 - - [15/Jul/2025:20:48:59 +0000] "GET /wp-content/plugins/woocommerce/assets/css/woocommerce-smallscreen.css?ver=10.0.2 HTTP/1.1" 200 1279 "https://teamhachem.com/" "Mozilla/5.0 (iPhone; CPU iPhone OS 18_5_0 like Mac OS X) AppleWebKit/605.1.15 (KHTML, like Gecko) GSA/376.0.777690323 Mobile/15E148 Safari/604.1"
211.26.245.68 - - [15/Jul/2025:20:48:59 +0000] "GET /wp-content/plugins/woocommerce/assets/css/woocommerce.css?ver=10.0.2 HTTP/1.1" 200 10826 "https://teamhachem.com/" "Mozilla/5.0 (iPhone; CPU iPhone OS 18_5_0 like Mac OS X) AppleWebKit/605.1.15 (KHTML, like Gecko) GSA/376.0.777690323 Mobile/15E148 Safari/604.1"
211.26.245.68 - - [15/Jul/2025:20:48:59 +0000] "GET /wp-content/plugins/woocommerce/assets/css/brands.css?ver=10.0.2 HTTP/1.1" 200 684 "https://teamhachem.com/" "Mozilla/5.0 (iPhone; CPU iPhone OS 18_5_0 like Mac OS X) AppleWebKit/605.1.15 (KHTML, like Gecko) GSA/376.0.777690323 Mobile/15E148 Safari/604.1"
211.26.245.68 - - [15/Jul/2025:20:48:59 +0000] "GET /wp-content/themes/artkombat/assets/css/bootstrap-grid.css?ver=1.0 HTTP/1.1" 200 21204 "https://teamhachem.com/" "Mozilla/5.0 (iPhone; CPU iPhone OS 18_5_0 like Mac OS X) AppleWebKit/605.1.15 (KHTML, like Gecko) GSA/376.0.777690323 Mobile/15E148 Safari/604.1"
211.26.245.68 - - [15/Jul/2025:20:48:59 +0000] "GET /wp-content/themes/artkombat/assets/css/plugins.css?ver=1.0 HTTP/1.1" 200 5855 "https://teamhachem.com/" "Mozilla/5.0 (iPhone; CPU iPhone OS 18_5_0 like Mac OS X) AppleWebKit/605.1.15 (KHTML, like Gecko) GSA/376.0.777690323 Mobile/15E148 Safari/604.1"
211.26.245.68 - - [15/Jul/2025:20:48:59 +0000] "GET /wp-content/themes/artkombat-child/style.css?ver=1.0 HTTP/1.1" 200 345 "https://teamhachem.com/" "Mozilla/5.0 (iPhone; CPU iPhone OS 18_5_0 like Mac OS X) AppleWebKit/605.1.15 (KHTML, like Gecko) GSA/376.0.777690323 Mobile/15E148 Safari/604.1"
211.26.245.68 - - [15/Jul/2025:20:48:59 +0000] "GET /wp-content/plugins/unyson/framework/static/libs/font-awesome/css/font-awesome.min.css?ver=2.7.25 HTTP/1.1" 200 7053 "https://teamhachem.com/" "Mozilla/5.0 (iPhone; CPU iPhone OS 18_5_0 like Mac OS X) AppleWebKit/605.1.15 (KHTML, like Gecko) GSA/376.0.777690323 Mobile/15E148 Safari/604.1"
211.26.245.68 - - [15/Jul/2025:20:48:59 +0000] "GET /wp-content/plugins/unyson/framework/static/libs/linecons/css/linecons.css?ver=2.7.25 HTTP/1.1" 200 56006 "https://teamhachem.com/" "Mozilla/5.0 (iPhone; CPU iPhone OS 18_5_0 like Mac OS X) AppleWebKit/605.1.15 (KHTML, like Gecko) GSA/376.0.777690323 Mobile/15E148 Safari/604.1"
211.26.245.68 - - [15/Jul/2025:20:48:59 +0000] "GET /wp-content/plugins/unyson/framework/static/libs/entypo/css/entypo.css?ver=2.7.25 HTTP/1.1" 200 3542 "https://teamhachem.com/" "Mozilla/5.0 (iPhone; CPU iPhone OS 18_5_0 like Mac OS X) AppleWebKit/605.1.15 (KHTML, like Gecko) GSA/376.0.777690323 Mobile/15E148 Safari/604.1"
211.26.245.68 - - [15/Jul/2025:20:48:59 +0000] "GET /wp-content/plugins/unyson/framework/static/libs/lnr/css/lnr.css?ver=2.7.25 HTTP/1.1" 200 1660 "https://teamhachem.com/" "Mozilla/5.0 (iPhone; CPU iPhone OS 18_5_0 like Mac OS X) AppleWebKit/605.1.15 (KHTML, like Gecko) GSA/376.0.777690323 Mobile/15E148 Safari/604.1"
211.26.245.68 - - [15/Jul/2025:20:48:59 +0000] "GET /wp-content/plugins/unyson/framework/static/libs/typcn/css/typcn.css?ver=2.7.25 HTTP/1.1" 200 3998 "https://teamhachem.com/" "Mozilla/5.0 (iPhone; CPU iPhone OS 18_5_0 like Mac OS X) AppleWebKit/605.1.15 (KHTML, like Gecko) GSA/376.0.777690323 Mobile/15E148 Safari/604.1"
211.26.245.68 - - [15/Jul/2025:20:48:59 +0000] "GET /wp-content/plugins/js_composer/assets/css/js_composer.min.css?ver=8.0 HTTP/1.1" 200 45510 "https://teamhachem.com/" "Mozilla/5.0 (iPhone; CPU iPhone OS 18_5_0 like Mac OS X) AppleWebKit/605.1.15 (KHTML, like Gecko) GSA/376.0.777690323 Mobile/15E148 Safari/604.1"
211.26.245.68 - - [15/Jul/2025:20:48:59 +0000] "GET /wp-content/plugins/unyson/framework/static/libs/unycon/unycon.css?ver=2.7.25 HTTP/1.1" 200 6088 "https://teamhachem.com/" "Mozilla/5.0 (iPhone; CPU iPhone OS 18_5_0 like Mac OS X) AppleWebKit/605.1.15 (KHTML, like Gecko) GSA/376.0.777690323 Mobile/15E148 Safari/604.1"
211.26.245.68 - - [15/Jul/2025:20:49:00 +0000] "GET /wp-content/themes/artkombat/assets/css/magnific-popup.css?ver=1.1.0 HTTP/1.1" 200 1816 "https://teamhachem.com/" "Mozilla/5.0 (iPhone; CPU iPhone OS 18_5_0 like Mac OS X) AppleWebKit/605.1.15 (KHTML, like Gecko) GSA/376.0.777690323 Mobile/15E148 Safari/604.1"
211.26.245.68 - - [15/Jul/2025:20:49:00 +0000] "GET /wp-content/plugins/js_composer/assets/lib/vendor/node_modules/@fortawesome/fontawesome-free/css/v4-shims.min.css?ver=8.0 HTTP/1.1" 200 4229 "https://teamhachem.com/" "Mozilla/5.0 (iPhone; CPU iPhone OS 18_5_0 like Mac OS X) AppleWebKit/605.1.15 (KHTML, like Gecko) GSA/376.0.777690323 Mobile/15E148 Safari/604.1"
211.26.245.68 - - [15/Jul/2025:20:49:00 +0000] "GET /wp-content/plugins/js_composer/assets/lib/vendor/node_modules/@fortawesome/fontawesome-free/css/all.min.css?ver=8.0 HTTP/1.1" 200 12858 "https://teamhachem.com/" "Mozilla/5.0 (iPhone; CPU iPhone OS 18_5_0 like Mac OS X) AppleWebKit/605.1.15 (KHTML, like Gecko) GSA/376.0.777690323 Mobile/15E148 Safari/604.1"
211.26.245.68 - - [15/Jul/2025:20:49:00 +0000] "GET /wp-includes/js/jquery/jquery-migrate.min.js?ver=3.4.1 HTTP/1.1" 200 4872 "https://teamhachem.com/" "Mozilla/5.0 (iPhone; CPU iPhone OS 18_5_0 like Mac OS X) AppleWebKit/605.1.15 (KHTML, like Gecko) GSA/376.0.777690323 Mobile/15E148 Safari/604.1"
211.26.245.68 - - [15/Jul/2025:20:49:00 +0000] "GET /wp-includes/js/jquery/jquery.min.js?ver=3.7.1 HTTP/1.1" 200 30368 "https://teamhachem.com/" "Mozilla/5.0 (iPhone; CPU iPhone OS 18_5_0 like Mac OS X) AppleWebKit/605.1.15 (KHTML, like Gecko) GSA/376.0.777690323 Mobile/15E148 Safari/604.1"
211.26.245.68 - - [15/Jul/2025:20:49:00 +0000] "GET /wp-content/themes/artkombat/style.css?ver=6.8.1 HTTP/1.1" 200 64827 "https://teamhachem.com/" "Mozilla/5.0 (iPhone; CPU iPhone OS 18_5_0 like Mac OS X) AppleWebKit/605.1.15 (KHTML, like Gecko) GSA/376.0.777690323 Mobile/15E148 Safari/604.1"
211.26.245.68 - - [15/Jul/2025:20:49:00 +0000] "GET /wp-content/plugins/leadconnector/public/js/lc-public.js?ver=3.0.10.1 HTTP/1.1" 200 1322 "https://teamhachem.com/" "Mozilla/5.0 (iPhone; CPU iPhone OS 18_5_0 like Mac OS X) AppleWebKit/605.1.15 (KHTML, like Gecko) GSA/376.0.777690323 Mobile/15E148 Safari/604.1"
211.26.245.68 - - [15/Jul/2025:20:49:00 +0000] "GET /wp-content/plugins/woocommerce/assets/js/jquery-blockui/jquery.blockUI.min.js?ver=2.7.0-wc.10.0.2 HTTP/1.1" 200 3537 "https://teamhachem.com/" "Mozilla/5.0 (iPhone; CPU iPhone OS 18_5_0 like Mac OS X) AppleWebKit/605.1.15 (KHTML, like Gecko) GSA/376.0.777690323 Mobile/15E148 Safari/604.1"
211.26.245.68 - - [15/Jul/2025:20:49:00 +0000] "GET /wp-content/plugins/woocommerce/assets/js/frontend/add-to-cart.min.js?ver=10.0.2 HTTP/1.1" 200 1407 "https://teamhachem.com/" "Mozilla/5.0 (iPhone; CPU iPhone OS 18_5_0 like Mac OS X) AppleWebKit/605.1.15 (KHTML, like Gecko) GSA/376.0.777690323 Mobile/15E148 Safari/604.1"
211.26.245.68 - - [15/Jul/2025:20:49:00 +0000] "GET /wp-content/plugins/woocommerce/assets/js/frontend/woocommerce.min.js?ver=10.0.2 HTTP/1.1" 200 1532 "https://teamhachem.com/" "Mozilla/5.0 (iPhone; CPU iPhone OS 18_5_0 like Mac OS X) AppleWebKit/605.1.15 (KHTML, like Gecko) GSA/376.0.777690323 Mobile/15E148 Safari/604.1"
211.26.245.68 - - [15/Jul/2025:20:49:00 +0000] "GET /wp-content/plugins/woocommerce/assets/js/js-cookie/js.cookie.min.js?ver=2.1.4-wc.10.0.2 HTTP/1.1" 200 833 "https://teamhachem.com/" "Mozilla/5.0 (iPhone; CPU iPhone OS 18_5_0 like Mac OS X) AppleWebKit/605.1.15 (KHTML, like Gecko) GSA/376.0.777690323 Mobile/15E148 Safari/604.1"
211.26.245.68 - - [15/Jul/2025:20:49:00 +0000] "GET /wp-content/plugins/js_composer/assets/js/vendors/woocommerce-add-to-cart.js?ver=8.0 HTTP/1.1" 200 374 "https://teamhachem.com/" "Mozilla/5.0 (iPhone; CPU iPhone OS 18_5_0 like Mac OS X) AppleWebKit/605.1.15 (KHTML, like Gecko) GSA/376.0.777690323 Mobile/15E148 Safari/604.1"
211.26.245.68 - - [15/Jul/2025:20:49:00 +0000] "GET /wp-content/themes/artkombat/assets/js/modernizr-2.6.2.min.js?ver=2.6.2 HTTP/1.1" 200 6202 "https://teamhachem.com/" "Mozilla/5.0 (iPhone; CPU iPhone OS 18_5_0 like Mac OS X) AppleWebKit/605.1.15 (KHTML, like Gecko) GSA/376.0.777690323 Mobile/15E148 Safari/604.1"
211.26.245.68 - - [15/Jul/2025:20:49:00 +0000] "GET /wp-content/plugins/woocommerce/assets/client/blocks/wc-blocks.css?ver=wc-10.0.2 HTTP/1.1" 200 2575 "https://teamhachem.com/" "Mozilla/5.0 (iPhone; CPU iPhone OS 18_5_0 like Mac OS X) AppleWebKit/605.1.15 (KHTML, like Gecko) GSA/376.0.777690323 Mobile/15E148 Safari/604.1"
211.26.245.68 - - [15/Jul/2025:20:49:00 +0000] "GET /wp-content/plugins/js_composer/assets/lib/vendor/node_modules/animate.css/animate.min.css?ver=8.0 HTTP/1.1" 200 4259 "https://teamhachem.com/" "Mozilla/5.0 (iPhone; CPU iPhone OS 18_5_0 like Mac OS X) AppleWebKit/605.1.15 (KHTML, like Gecko) GSA/376.0.777690323 Mobile/15E148 Safari/604.1"
211.26.245.68 - - [15/Jul/2025:20:49:00 +0000] "GET /wp-content/plugins/metronet-profile-picture/js/mpp-frontend.js?ver=2.6.3 HTTP/1.1" 200 195 "https://teamhachem.com/" "Mozilla/5.0 (iPhone; CPU iPhone OS 18_5_0 like Mac OS X) AppleWebKit/605.1.15 (KHTML, like Gecko) GSA/376.0.777690323 Mobile/15E148 Safari/604.1"
211.26.245.68 - - [15/Jul/2025:20:49:00 +0000] "GET /wp-includes/js/dist/hooks.min.js?ver=4d63a3d491d11ffd8ac6 HTTP/1.1" 200 1648 "https://teamhachem.com/" "Mozilla/5.0 (iPhone; CPU iPhone OS 18_5_0 like Mac OS X) AppleWebKit/605.1.15 (KHTML, like Gecko) GSA/376.0.777690323 Mobile/15E148 Safari/604.1"
211.26.245.68 - - [15/Jul/2025:20:49:00 +0000] "GET /wp-includes/js/dist/i18n.min.js?ver=5e580eb46a90c2b997e6 HTTP/1.1" 200 3667 "https://teamhachem.com/" "Mozilla/5.0 (iPhone; CPU iPhone OS 18_5_0 like Mac OS X) AppleWebKit/605.1.15 (KHTML, like Gecko) GSA/376.0.777690323 Mobile/15E148 Safari/604.1"
211.26.245.68 - - [15/Jul/2025:20:49:00 +0000] "GET /wp-content/plugins/contact-form-7/includes/swv/js/index.js?ver=6.1 HTTP/1.1" 200 3503 "https://teamhachem.com/" "Mozilla/5.0 (iPhone; CPU iPhone OS 18_5_0 like Mac OS X) AppleWebKit/605.1.15 (KHTML, like Gecko) GSA/376.0.777690323 Mobile/15E148 Safari/604.1"
211.26.245.68 - - [15/Jul/2025:20:49:00 +0000] "GET /wp-content/plugins/contact-form-7/includes/js/index.js?ver=6.1 HTTP/1.1" 200 4265 "https://teamhachem.com/" "Mozilla/5.0 (iPhone; CPU iPhone OS 18_5_0 like Mac OS X) AppleWebKit/605.1.15 (KHTML, like Gecko) GSA/376.0.777690323 Mobile/15E148 Safari/604.1"
211.26.245.68 - - [15/Jul/2025:20:49:00 +0000] "GET /wp-content/plugins/woocommerce/assets/js/sourcebuster/sourcebuster.min.js?ver=10.0.2 HTTP/1.1" 200 4807 "https://teamhachem.com/" "Mozilla/5.0 (iPhone; CPU iPhone OS 18_5_0 like Mac OS X) AppleWebKit/605.1.15 (KHTML, like Gecko) GSA/376.0.777690323 Mobile/15E148 Safari/604.1"
211.26.245.68 - - [15/Jul/2025:20:49:00 +0000] "GET /wp-content/plugins/woocommerce/assets/js/frontend/order-attribution.min.js?ver=10.0.2 HTTP/1.1" 200 1128 "https://teamhachem.com/" "Mozilla/5.0 (iPhone; CPU iPhone OS 18_5_0 like Mac OS X) AppleWebKit/605.1.15 (KHTML, like Gecko) GSA/376.0.777690323 Mobile/15E148 Safari/604.1"
211.26.245.68 - - [15/Jul/2025:20:49:00 +0000] "GET /wp-includes/js/imagesloaded.min.js?ver=5.0.0 HTTP/1.1" 200 1803 "https://teamhachem.com/" "Mozilla/5.0 (iPhone; CPU iPhone OS 18_5_0 like Mac OS X) AppleWebKit/605.1.15 (KHTML, like Gecko) GSA/376.0.777690323 Mobile/15E148 Safari/604.1"
211.26.245.68 - - [15/Jul/2025:20:49:00 +0000] "GET /wp-includes/js/masonry.min.js?ver=4.2.2 HTTP/1.1" 200 7382 "https://teamhachem.com/" "Mozilla/5.0 (iPhone; CPU iPhone OS 18_5_0 like Mac OS X) AppleWebKit/605.1.15 (KHTML, like Gecko) GSA/376.0.777690323 Mobile/15E148 Safari/604.1"
211.26.245.68 - - [15/Jul/2025:20:49:00 +0000] "GET /wp-includes/js/jquery/jquery.masonry.min.js?ver=3.1.2b HTTP/1.1" 200 716 "https://teamhachem.com/" "Mozilla/5.0 (iPhone; CPU iPhone OS 18_5_0 like Mac OS X) AppleWebKit/605.1.15 (KHTML, like Gecko) GSA/376.0.777690323 Mobile/15E148 Safari/604.1"
211.26.245.68 - - [15/Jul/2025:20:49:01 +0000] "GET /wp-content/themes/artkombat/assets/js/jquery.countdown.js?ver=2.2.0 HTTP/1.1" 200 1740 "https://teamhachem.com/" "Mozilla/5.0 (iPhone; CPU iPhone OS 18_5_0 like Mac OS X) AppleWebKit/605.1.15 (KHTML, like Gecko) GSA/376.0.777690323 Mobile/15E148 Safari/604.1"
211.26.245.68 - - [15/Jul/2025:20:49:01 +0000] "GET /wp-content/themes/artkombat/assets/js/jquery.counterup.min.js?ver=1.0 HTTP/1.1" 200 574 "https://teamhachem.com/" "Mozilla/5.0 (iPhone; CPU iPhone OS 18_5_0 like Mac OS X) AppleWebKit/605.1.15 (KHTML, like Gecko) GSA/376.0.777690323 Mobile/15E148 Safari/604.1"
211.26.245.68 - - [15/Jul/2025:20:49:01 +0000] "GET /wp-content/themes/artkombat/assets/js/jquery.matchHeight.js?ver=6.8.1 HTTP/1.1" 200 1357 "https://teamhachem.com/" "Mozilla/5.0 (iPhone; CPU iPhone OS 18_5_0 like Mac OS X) AppleWebKit/605.1.15 (KHTML, like Gecko) GSA/376.0.777690323 Mobile/15E148 Safari/604.1"
211.26.245.68 - - [15/Jul/2025:20:49:01 +0000] "GET /wp-content/themes/artkombat/assets/js/jquery.nicescroll.js?ver=3.7.6 HTTP/1.1" 200 16928 "https://teamhachem.com/" "Mozilla/5.0 (iPhone; CPU iPhone OS 18_5_0 like Mac OS X) AppleWebKit/605.1.15 (KHTML, like Gecko) GSA/376.0.777690323 Mobile/15E148 Safari/604.1"
211.26.245.68 - - [15/Jul/2025:20:49:01 +0000] "GET /wp-content/themes/artkombat/assets/js/jquery.magnific-popup.js?ver=1.1.0 HTTP/1.1" 200 12489 "https://teamhachem.com/" "Mozilla/5.0 (iPhone; CPU iPhone OS 18_5_0 like Mac OS X) AppleWebKit/605.1.15 (KHTML, like Gecko) GSA/376.0.777690323 Mobile/15E148 Safari/604.1"
211.26.245.68 - - [15/Jul/2025:20:49:01 +0000] "GET /wp-content/themes/artkombat/assets/js/jquery.zoomslider.js?ver=0.2.3 HTTP/1.1" 200 2157 "https://teamhachem.com/" "Mozilla/5.0 (iPhone; CPU iPhone OS 18_5_0 like Mac OS X) AppleWebKit/605.1.15 (KHTML, like Gecko) GSA/376.0.777690323 Mobile/15E148 Safari/604.1"
211.26.245.68 - - [15/Jul/2025:20:49:01 +0000] "GET /wp-content/themes/artkombat/assets/js/waypoint.js?ver=1.6.2 HTTP/1.1" 200 2567 "https://teamhachem.com/" "Mozilla/5.0 (iPhone; CPU iPhone OS 18_5_0 like Mac OS X) AppleWebKit/605.1.15 (KHTML, like Gecko) GSA/376.0.777690323 Mobile/15E148 Safari/604.1"
211.26.245.68 - - [15/Jul/2025:20:49:01 +0000] "GET /wp-content/themes/artkombat/assets/js/affix.js?ver=3.3.7 HTTP/1.1" 200 1115 "https://teamhachem.com/" "Mozilla/5.0 (iPhone; CPU iPhone OS 18_5_0 like Mac OS X) AppleWebKit/605.1.15 (KHTML, like Gecko) GSA/376.0.777690323 Mobile/15E148 Safari/604.1"
211.26.245.68 - - [15/Jul/2025:20:49:01 +0000] "GET /wp-content/themes/artkombat/assets/js/jquery.paroller.min.js?ver=1.3.1 HTTP/1.1" 200 656 "https://teamhachem.com/" "Mozilla/5.0 (iPhone; CPU iPhone OS 18_5_0 like Mac OS X) AppleWebKit/605.1.15 (KHTML, like Gecko) GSA/376.0.777690323 Mobile/15E148 Safari/604.1"
211.26.245.68 - - [15/Jul/2025:20:49:01 +0000] "GET /wp-content/themes/artkombat/assets/js/parallax.min.js?ver=1.1.3 HTTP/1.1" 200 506 "https://teamhachem.com/" "Mozilla/5.0 (iPhone; CPU iPhone OS 18_5_0 like Mac OS X) AppleWebKit/605.1.15 (KHTML, like Gecko) GSA/376.0.777690323 Mobile/15E148 Safari/604.1"
211.26.245.68 - - [15/Jul/2025:20:49:01 +0000] "GET /wp-content/themes/artkombat/assets/js/parallax-scroll.min.js?ver=1.0 HTTP/1.1" 200 5261 "https://teamhachem.com/" "Mozilla/5.0 (iPhone; CPU iPhone OS 18_5_0 like Mac OS X) AppleWebKit/605.1.15 (KHTML, like Gecko) GSA/376.0.777690323 Mobile/15E148 Safari/604.1"
211.26.245.68 - - [15/Jul/2025:20:49:01 +0000] "GET /wp-content/themes/artkombat/assets/js/scrollreveal.js?ver=3.3.4 HTTP/1.1" 200 3269 "https://teamhachem.com/" "Mozilla/5.0 (iPhone; CPU iPhone OS 18_5_0 like Mac OS X) AppleWebKit/605.1.15 (KHTML, like Gecko) GSA/376.0.777690323 Mobile/15E148 Safari/604.1"
211.26.245.68 - - [15/Jul/2025:20:49:01 +0000] "GET /wp-content/themes/artkombat/assets/js/scripts.js?ver=1.0 HTTP/1.1" 200 6746 "https://teamhachem.com/" "Mozilla/5.0 (iPhone; CPU iPhone OS 18_5_0 like Mac OS X) AppleWebKit/605.1.15 (KHTML, like Gecko) GSA/376.0.777690323 Mobile/15E148 Safari/604.1"
211.26.245.68 - - [15/Jul/2025:20:49:01 +0000] "GET /wp-content/themes/artkombat/assets/js/map-style.js?ver=1.0.0 HTTP/1.1" 200 335 "https://teamhachem.com/" "Mozilla/5.0 (iPhone; CPU iPhone OS 18_5_0 like Mac OS X) AppleWebKit/605.1.15 (KHTML, like Gecko) GSA/376.0.777690323 Mobile/15E148 Safari/604.1"
211.26.245.68 - - [15/Jul/2025:20:49:01 +0000] "GET /wp-content/themes/artkombat/assets/js/swiper.js?ver=4.3.3 HTTP/1.1" 200 32454 "https://teamhachem.com/" "Mozilla/5.0 (iPhone; CPU iPhone OS 18_5_0 like Mac OS X) AppleWebKit/605.1.15 (KHTML, like Gecko) GSA/376.0.777690323 Mobile/15E148 Safari/604.1"
211.26.245.68 - - [15/Jul/2025:20:49:01 +0000] "GET /wp-content/themes/artkombat/assets/js/pace.js?ver=6.8.1 HTTP/1.1" 200 4291 "https://teamhachem.com/" "Mozilla/5.0 (iPhone; CPU iPhone OS 18_5_0 like Mac OS X) AppleWebKit/605.1.15 (KHTML, like Gecko) GSA/376.0.777690323 Mobile/15E148 Safari/604.1"
211.26.245.68 - - [15/Jul/2025:20:49:01 +0000] "GET /wp-content/plugins/js_composer/assets/js/dist/js_composer_front.min.js?ver=8.0 HTTP/1.1" 200 5146 "https://teamhachem.com/" "Mozilla/5.0 (iPhone; CPU iPhone OS 18_5_0 like Mac OS X) AppleWebKit/605.1.15 (KHTML, like Gecko) GSA/376.0.777690323 Mobile/15E148 Safari/604.1"
211.26.245.68 - - [15/Jul/2025:20:49:01 +0000] "GET /wp-content/plugins/js_composer/assets/lib/vc/vc_waypoints/vc-waypoints.min.js?ver=8.0 HTTP/1.1" 200 2726 "https://teamhachem.com/" "Mozilla/5.0 (iPhone; CPU iPhone OS 18_5_0 like Mac OS X) AppleWebKit/605.1.15 (KHTML, like Gecko) GSA/376.0.777690323 Mobile/15E148 Safari/604.1"
211.26.245.68 - - [15/Jul/2025:20:49:01 +0000] "GET /wp-content/plugins/mailchimp-for-wp/assets/js/forms.js?ver=4.10.5 HTTP/1.1" 200 2591 "https://teamhachem.com/" "Mozilla/5.0 (iPhone; CPU iPhone OS 18_5_0 like Mac OS X) AppleWebKit/605.1.15 (KHTML, like Gecko) GSA/376.0.777690323 Mobile/15E148 Safari/604.1"
211.26.245.68 - - [15/Jul/2025:20:49:01 +0000] "GET /wp-content/uploads/2018/09/serv_01-600x450.jpg HTTP/1.1" 200 41951 "https://teamhachem.com/" "Mozilla/5.0 (iPhone; CPU iPhone OS 18_5_0 like Mac OS X) AppleWebKit/605.1.15 (KHTML, like Gecko) GSA/376.0.777690323 Mobile/15E148 Safari/604.1"
211.26.245.68 - - [15/Jul/2025:20:49:01 +0000] "GET /wp-content/plugins/unyson/framework/static/libs/font-awesome/fonts/fontawesome-webfont.woff2?v=4.7.0 HTTP/1.1" 200 77162 "https://teamhachem.com/" "Mozilla/5.0 (iPhone; CPU iPhone OS 18_5_0 like Mac OS X) AppleWebKit/605.1.15 (KHTML, like Gecko) GSA/376.0.777690323 Mobile/15E148 Safari/604.1"
211.26.245.68 - - [15/Jul/2025:20:49:01 +0000] "GET /wp-content/plugins/js_composer/assets/lib/vendor/node_modules/@fortawesome/fontawesome-free/webfonts/fa-regular-400.woff2 HTTP/1.1" 200 13247 "https://teamhachem.com/" "Mozilla/5.0 (iPhone; CPU iPhone OS 18_5_0 like Mac OS X) AppleWebKit/605.1.15 (KHTML, like Gecko) GSA/376.0.777690323 Mobile/15E148 Safari/604.1"
211.26.245.68 - - [15/Jul/2025:20:49:02 +0000] "GET /wp-content/plugins/js_composer/assets/lib/vendor/node_modules/@fortawesome/fontawesome-free/webfonts/fa-brands-400.woff2 HTTP/1.1" 200 76764 "https://teamhachem.com/" "Mozilla/5.0 (iPhone; CPU iPhone OS 18_5_0 like Mac OS X) AppleWebKit/605.1.15 (KHTML, like Gecko) GSA/376.0.777690323 Mobile/15E148 Safari/604.1"
211.26.245.68 - - [15/Jul/2025:20:49:02 +0000] "GET /wp-content/uploads/2018/09/logo-2.png HTTP/1.1" 200 5909 "https://teamhachem.com/" "Mozilla/5.0 (iPhone; CPU iPhone OS 18_5_0 like Mac OS X) AppleWebKit/605.1.15 (KHTML, like Gecko) GSA/376.0.777690323 Mobile/15E148 Safari/604.1"
211.26.245.68 - - [15/Jul/2025:20:49:02 +0000] "GET /wp-content/uploads/2018/09/logo-3.png HTTP/1.1" 200 11995 "https://teamhachem.com/" "Mozilla/5.0 (iPhone; CPU iPhone OS 18_5_0 like Mac OS X) AppleWebKit/605.1.15 (KHTML, like Gecko) GSA/376.0.777690323 Mobile/15E148 Safari/604.1"
182.253.109.116 - - [15/Jul/2025:20:49:01 +0000] "POST /wp-comments-post.php HTTP/1.1" 302 - "-" "Mozilla/5.0 (Windows NT 10.0; Win64; x64) AppleWebKit/537.36 (KHTML, like Gecko) Chrome/120.0.0.0 Safari/537.36"
211.26.245.68 - - [15/Jul/2025:20:49:02 +0000] "GET /wp-content/uploads/2018/09/logo-6.png HTTP/1.1" 200 6475 "https://teamhachem.com/" "Mozilla/5.0 (iPhone; CPU iPhone OS 18_5_0 like Mac OS X) AppleWebKit/605.1.15 (KHTML, like Gecko) GSA/376.0.777690323 Mobile/15E148 Safari/604.1"
211.26.245.68 - - [15/Jul/2025:20:49:02 +0000] "GET /wp-content/plugins/js_composer/assets/lib/vendor/node_modules/@fortawesome/fontawesome-free/webfonts/fa-solid-900.woff2 HTTP/1.1" 200 78174 "https://teamhachem.com/" "Mozilla/5.0 (iPhone; CPU iPhone OS 18_5_0 like Mac OS X) AppleWebKit/605.1.15 (KHTML, like Gecko) GSA/376.0.777690323 Mobile/15E148 Safari/604.1"
211.26.245.68 - - [15/Jul/2025:20:49:02 +0000] "GET /wp-content/uploads/2018/09/img-go-top.png HTTP/1.1" 200 288 "https://teamhachem.com/" "Mozilla/5.0 (iPhone; CPU iPhone OS 18_5_0 like Mac OS X) AppleWebKit/605.1.15 (KHTML, like Gecko) GSA/376.0.777690323 Mobile/15E148 Safari/604.1"
211.26.245.68 - - [15/Jul/2025:20:49:02 +0000] "GET /wp-content/uploads/2018/09/logo-5.png HTTP/1.1" 200 13156 "https://teamhachem.com/" "Mozilla/5.0 (iPhone; CPU iPhone OS 18_5_0 like Mac OS X) AppleWebKit/605.1.15 (KHTML, like Gecko) GSA/376.0.777690323 Mobile/15E148 Safari/604.1"
211.26.245.68 - - [15/Jul/2025:20:49:02 +0000] "GET /wp-content/uploads/2018/09/logo-1.png HTTP/1.1" 200 9062 "https://teamhachem.com/" "Mozilla/5.0 (iPhone; CPU iPhone OS 18_5_0 like Mac OS X) AppleWebKit/605.1.15 (KHTML, like Gecko) GSA/376.0.777690323 Mobile/15E148 Safari/604.1"
211.26.245.68 - - [15/Jul/2025:20:49:02 +0000] "GET /wp-json/contact-form-7/v1/contact-forms/6102/feedback/schema HTTP/1.1" 200 93 "https://teamhachem.com/" "Mozilla/5.0 (iPhone; CPU iPhone OS 18_5_0 like Mac OS X) AppleWebKit/605.1.15 (KHTML, like Gecko) GSA/376.0.777690323 Mobile/15E148 Safari/604.1"
211.26.245.68 - - [15/Jul/2025:20:49:02 +0000] "GET /wp-content/uploads/2018/09/logo-4.png HTTP/1.1" 200 6489 "https://teamhachem.com/" "Mozilla/5.0 (iPhone; CPU iPhone OS 18_5_0 like Mac OS X) AppleWebKit/605.1.15 (KHTML, like Gecko) GSA/376.0.777690323 Mobile/15E148 Safari/604.1"
211.26.245.68 - - [15/Jul/2025:20:49:02 +0000] "GET /wp-content/uploads/2018/03/w6-300x300.jpg HTTP/1.1" 200 14170 "https://teamhachem.com/" "Mozilla/5.0 (iPhone; CPU iPhone OS 18_5_0 like Mac OS X) AppleWebKit/605.1.15 (KHTML, like Gecko) GSA/376.0.777690323 Mobile/15E148 Safari/604.1"
211.26.245.68 - - [15/Jul/2025:20:49:02 +0000] "GET /wp-content/uploads/2017/09/coach4-removebg-preview.png HTTP/1.1" 200 252953 "https://teamhachem.com/" "Mozilla/5.0 (iPhone; CPU iPhone OS 18_5_0 like Mac OS X) AppleWebKit/605.1.15 (KHTML, like Gecko) GSA/376.0.777690323 Mobile/15E148 Safari/604.1"
211.26.245.68 - - [15/Jul/2025:20:49:02 +0000] "GET /wp-content/uploads/2024/10/02255Untitled-design.png HTTP/1.1" 200 749962 "https://teamhachem.com/" "Mozilla/5.0 (iPhone; CPU iPhone OS 18_5_0 like Mac OS X) AppleWebKit/605.1.15 (KHTML, like Gecko) GSA/376.0.777690323 Mobile/15E148 Safari/604.1"
211.26.245.68 - - [15/Jul/2025:20:49:02 +0000] "GET /wp-content/uploads/2017/09/coach5-removebg-preview.png HTTP/1.1" 200 248837 "https://teamhachem.com/" "Mozilla/5.0 (iPhone; CPU iPhone OS 18_5_0 like Mac OS X) AppleWebKit/605.1.15 (KHTML, like Gecko) GSA/376.0.777690323 Mobile/15E148 Safari/604.1"
211.26.245.68 - - [15/Jul/2025:20:49:02 +0000] "GET /wp-content/uploads/2024/10/th1.png HTTP/1.1" 200 494522 "https://teamhachem.com/" "Mozilla/5.0 (iPhone; CPU iPhone OS 18_5_0 like Mac OS X) AppleWebKit/605.1.15 (KHTML, like Gecko) GSA/376.0.777690323 Mobile/15E148 Safari/604.1"
211.26.245.68 - - [15/Jul/2025:20:49:03 +0000] "GET /wp-content/uploads/2018/03/w1-300x300.jpg HTTP/1.1" 200 16645 "https://teamhachem.com/" "Mozilla/5.0 (iPhone; CPU iPhone OS 18_5_0 like Mac OS X) AppleWebKit/605.1.15 (KHTML, like Gecko) GSA/376.0.777690323 Mobile/15E148 Safari/604.1"
211.26.245.68 - - [15/Jul/2025:20:49:02 +0000] "GET /wp-content/uploads/2017/09/coach3-1.png HTTP/1.1" 200 375547 "https://teamhachem.com/" "Mozilla/5.0 (iPhone; CPU iPhone OS 18_5_0 like Mac OS X) AppleWebKit/605.1.15 (KHTML, like Gecko) GSA/376.0.777690323 Mobile/15E148 Safari/604.1"
211.26.245.68 - - [15/Jul/2025:20:49:02 +0000] "GET /wp-content/uploads/2017/09/couchh2-3.png HTTP/1.1" 200 541928 "https://teamhachem.com/" "Mozilla/5.0 (iPhone; CPU iPhone OS 18_5_0 like Mac OS X) AppleWebKit/605.1.15 (KHTML, like Gecko) GSA/376.0.777690323 Mobile/15E148 Safari/604.1"
211.26.245.68 - - [15/Jul/2025:20:49:03 +0000] "GET /wp-content/uploads/2024/10/Teamw.png HTTP/1.1" 200 5125 "https://teamhachem.com/" "Mozilla/5.0 (iPhone; CPU iPhone OS 18_5_0 like Mac OS X) AppleWebKit/605.1.15 (KHTML, like Gecko) GSA/376.0.777690323 Mobile/15E148 Safari/604.1"
211.26.245.68 - - [15/Jul/2025:20:49:04 +0000] "GET /wp-content/uploads/2018/10/watermark.png HTTP/1.1" 200 5875 "https://teamhachem.com/" "Mozilla/5.0 (iPhone; CPU iPhone OS 18_5_0 like Mac OS X) AppleWebKit/605.1.15 (KHTML, like Gecko) GSA/376.0.777690323 Mobile/15E148 Safari/604.1"
211.26.245.68 - - [15/Jul/2025:20:49:04 +0000] "GET /wp-content/uploads/2018/09/serv_02-600x450.jpg HTTP/1.1" 200 33110 "https://teamhachem.com/" "Mozilla/5.0 (iPhone; CPU iPhone OS 18_5_0 like Mac OS X) AppleWebKit/605.1.15 (KHTML, like Gecko) GSA/376.0.777690323 Mobile/15E148 Safari/604.1"
211.26.245.68 - - [15/Jul/2025:20:49:04 +0000] "GET /wp-content/uploads/2018/09/subscribe.png HTTP/1.1" 200 942 "https://teamhachem.com/" "Mozilla/5.0 (iPhone; CPU iPhone OS 18_5_0 like Mac OS X) AppleWebKit/605.1.15 (KHTML, like Gecko) GSA/376.0.777690323 Mobile/15E148 Safari/604.1"
211.26.245.68 - - [15/Jul/2025:20:49:04 +0000] "GET /wp-content/uploads/2018/09/serv_01.jpg HTTP/1.1" 200 307044 "https://teamhachem.com/" "Mozilla/5.0 (iPhone; CPU iPhone OS 18_5_0 like Mac OS X) AppleWebKit/605.1.15 (KHTML, like Gecko) GSA/376.0.777690323 Mobile/15E148 Safari/604.1"
211.26.245.68 - - [15/Jul/2025:20:49:06 +0000] "GET /wp-content/uploads/2018/09/serv_02.jpg HTTP/1.1" 200 201303 "https://teamhachem.com/" "Mozilla/5.0 (iPhone; CPU iPhone OS 18_5_0 like Mac OS X) AppleWebKit/605.1.15 (KHTML, like Gecko) GSA/376.0.777690323 Mobile/15E148 Safari/604.1"
211.26.245.68 - - [15/Jul/2025:20:49:06 +0000] "GET /wp-content/uploads/2018/09/serv_04.jpg HTTP/1.1" 200 268131 "https://teamhachem.com/" "Mozilla/5.0 (iPhone; CPU iPhone OS 18_5_0 like Mac OS X) AppleWebKit/605.1.15 (KHTML, like Gecko) GSA/376.0.777690323 Mobile/15E148 Safari/604.1"
211.26.245.68 - - [15/Jul/2025:20:49:06 +0000] "GET /wp-content/uploads/2018/09/cards_parallax.jpg?id=5986 HTTP/1.1" 200 391629 "https://teamhachem.com/" "Mozilla/5.0 (iPhone; CPU iPhone OS 18_5_0 like Mac OS X) AppleWebKit/605.1.15 (KHTML, like Gecko) GSA/376.0.777690323 Mobile/15E148 Safari/604.1"
211.26.245.68 - - [15/Jul/2025:20:49:06 +0000] "GET /wp-content/uploads/2018/09/serv_03.jpg HTTP/1.1" 200 198687 "https://teamhachem.com/" "Mozilla/5.0 (iPhone; CPU iPhone OS 18_5_0 like Mac OS X) AppleWebKit/605.1.15 (KHTML, like Gecko) GSA/376.0.777690323 Mobile/15E148 Safari/604.1"
211.26.245.68 - - [15/Jul/2025:20:49:06 +0000] "GET /wp-content/uploads/2018/09/blog_08.jpg?id=6007 HTTP/1.1" 200 222740 "https://teamhachem.com/" "Mozilla/5.0 (iPhone; CPU iPhone OS 18_5_0 like Mac OS X) AppleWebKit/605.1.15 (KHTML, like Gecko) GSA/376.0.777690323 Mobile/15E148 Safari/604.1"
211.26.245.68 - - [15/Jul/2025:20:49:07 +0000] "GET /wp-content/uploads/2018/09/stratches-1.png?id=6064 HTTP/1.1" 200 65216 "https://teamhachem.com/" "Mozilla/5.0 (iPhone; CPU iPhone OS 18_5_0 like Mac OS X) AppleWebKit/605.1.15 (KHTML, like Gecko) GSA/376.0.777690323 Mobile/15E148 Safari/604.1"
211.26.245.68 - - [15/Jul/2025:20:49:07 +0000] "GET /wp-content/uploads/2018/09/map-dots.png?id=6061 HTTP/1.1" 200 73418 "https://teamhachem.com/" "Mozilla/5.0 (iPhone; CPU iPhone OS 18_5_0 like Mac OS X) AppleWebKit/605.1.15 (KHTML, like Gecko) GSA/376.0.777690323 Mobile/15E148 Safari/604.1"
211.26.245.68 - - [15/Jul/2025:20:49:07 +0000] "GET /wp-content/uploads/2018/09/footer_bg-1.jpg HTTP/1.1" 200 66300 "https://teamhachem.com/" "Mozilla/5.0 (iPhone; CPU iPhone OS 18_5_0 like Mac OS X) AppleWebKit/605.1.15 (KHTML, like Gecko) GSA/376.0.777690323 Mobile/15E148 Safari/604.1"
211.26.245.68 - - [15/Jul/2025:20:49:07 +0000] "GET /wp-content/uploads/2018/09/slide_02.jpg HTTP/1.1" 200 271075 "https://teamhachem.com/" "Mozilla/5.0 (iPhone; CPU iPhone OS 18_5_0 like Mac OS X) AppleWebKit/605.1.15 (KHTML, like Gecko) GSA/376.0.777690323 Mobile/15E148 Safari/604.1"
211.26.245.68 - - [15/Jul/2025:20:49:07 +0000] "GET /wp-content/uploads/2018/09/slide_03.jpg HTTP/1.1" 200 230268 "https://teamhachem.com/" "Mozilla/5.0 (iPhone; CPU iPhone OS 18_5_0 like Mac OS X) AppleWebKit/605.1.15 (KHTML, like Gecko) GSA/376.0.777690323 Mobile/15E148 Safari/604.1"
211.26.245.68 - - [15/Jul/2025:20:49:07 +0000] "GET /wp-content/uploads/2018/09/slide_04.jpg HTTP/1.1" 200 198637 "https://teamhachem.com/" "Mozilla/5.0 (iPhone; CPU iPhone OS 18_5_0 like Mac OS X) AppleWebKit/605.1.15 (KHTML, like Gecko) GSA/376.0.777690323 Mobile/15E148 Safari/604.1"
211.26.245.68 - - [15/Jul/2025:20:49:07 +0000] "GET /wp-content/uploads/2018/03/w3-300x300.jpg HTTP/1.1" 200 15878 "https://teamhachem.com/" "Mozilla/5.0 (iPhone; CPU iPhone OS 18_5_0 like Mac OS X) AppleWebKit/605.1.15 (KHTML, like Gecko) GSA/376.0.777690323 Mobile/15E148 Safari/604.1"
211.26.245.68 - - [15/Jul/2025:20:49:08 +0000] "GET /wp-json/contact-form-7/v1/contact-forms/6102/refill HTTP/1.1" 200 22 "https://teamhachem.com/" "Mozilla/5.0 (iPhone; CPU iPhone OS 18_5_0 like Mac OS X) AppleWebKit/605.1.15 (KHTML, like Gecko) GSA/376.0.777690323 Mobile/15E148 Safari/604.1"
207.46.13.151 - - [15/Jul/2025:20:49:10 +0000] "GET /entity/615433001 HTTP/1.1" 200 20567 "-" "Mozilla/5.0 AppleWebKit/537.36 (KHTML, like Gecko; compatible; bingbot/2.0; +http://www.bing.com/bingbot.htm) Chrome/116.0.1938.76 Safari/537.36"
209.74.77.214 - - [15/Jul/2025:20:49:30 +0000] "POST /wp-cron.php?doing_wp_cron=1752612570.0138759613037109375000 HTTP/1.1" 200 - "-" "WordPress/6.8.1; https://teamhachem.com"
