136.243.228.181 - - [15/Jul/2025:23:53:05 +0000] "GET /entity/350432000 HTTP/1.1" 404 12737 "-" "Mozilla/5.0 (compatible; DataForSeoBot/1.0; +https://dataforseo.com/dataforseo-bot)"
136.243.228.181 - - [15/Jul/2025:23:53:09 +0000] "GET /entity/350587660 HTTP/1.1" 404 12738 "-" "Mozilla/5.0 (compatible; DataForSeoBot/1.0; +https://dataforseo.com/dataforseo-bot)"
136.243.228.181 - - [15/Jul/2025:23:53:13 +0000] "GET /entity/350502199 HTTP/1.1" 404 12735 "-" "Mozilla/5.0 (compatible; DataForSeoBot/1.0; +https://dataforseo.com/dataforseo-bot)"
136.243.228.181 - - [15/Jul/2025:23:53:17 +0000] "GET /entity/350439390 HTTP/1.1" 404 12733 "-" "Mozilla/5.0 (compatible; DataForSeoBot/1.0; +https://dataforseo.com/dataforseo-bot)"
136.243.228.181 - - [15/Jul/2025:23:53:22 +0000] "GET /entity/350520620 HTTP/1.1" 404 12737 "-" "Mozilla/5.0 (compatible; DataForSeoBot/1.0; +https://dataforseo.com/dataforseo-bot)"
209.74.77.214 - - [15/Jul/2025:23:53:25 +0000] "POST /wp-cron.php?doing_wp_cron=1752623605.8896679878234863281250 HTTP/1.1" 200 - "-" "WordPress/6.8.1; https://teamhachem.com"
136.243.228.181 - - [15/Jul/2025:23:53:25 +0000] "GET /entity/350561765 HTTP/1.1" 404 12736 "-" "Mozilla/5.0 (compatible; DataForSeoBot/1.0; +https://dataforseo.com/dataforseo-bot)"
136.243.228.181 - - [15/Jul/2025:23:53:30 +0000] "GET /entity/350470678 HTTP/1.1" 404 12730 "-" "Mozilla/5.0 (compatible; DataForSeoBot/1.0; +https://dataforseo.com/dataforseo-bot)"
209.74.77.214 - - [15/Jul/2025:23:53:33 +0000] "POST /wp-cron.php?doing_wp_cron=1752623613.9858489036560058593750 HTTP/1.1" 200 - "-" "WordPress/6.8.1; https://teamhachem.com"
136.243.228.181 - - [15/Jul/2025:23:53:33 +0000] "GET /entity/350414420 HTTP/1.1" 404 12739 "-" "Mozilla/5.0 (compatible; DataForSeoBot/1.0; +https://dataforseo.com/dataforseo-bot)"
136.243.228.181 - - [15/Jul/2025:23:53:38 +0000] "GET /entity/350597599 HTTP/1.1" 404 12735 "-" "Mozilla/5.0 (compatible; DataForSeoBot/1.0; +https://dataforseo.com/dataforseo-bot)"
157.55.39.49 - - [15/Jul/2025:23:53:38 +0000] "GET /entity/615484711 HTTP/1.1" 200 21703 "-" "Mozilla/5.0 AppleWebKit/537.36 (KHTML, like Gecko; compatible; bingbot/2.0; +http://www.bing.com/bingbot.htm) Chrome/116.0.1938.76 Safari/537.36"
136.243.228.181 - - [15/Jul/2025:23:53:41 +0000] "GET /entity/350558092 HTTP/1.1" 404 12738 "-" "Mozilla/5.0 (compatible; DataForSeoBot/1.0; +https://dataforseo.com/dataforseo-bot)"
136.243.228.181 - - [15/Jul/2025:23:53:46 +0000] "GET /entity/350516371 HTTP/1.1" 404 12733 "-" "Mozilla/5.0 (compatible; DataForSeoBot/1.0; +https://dataforseo.com/dataforseo-bot)"
136.243.228.181 - - [15/Jul/2025:23:53:50 +0000] "GET /entity/350423482 HTTP/1.1" 404 12735 "-" "Mozilla/5.0 (compatible; DataForSeoBot/1.0; +https://dataforseo.com/dataforseo-bot)"
132.232.203.74 - - [15/Jul/2025:23:53:51 +0000] "GET / HTTP/1.1" 200 22816 "http://teamhachem.com" "Mozilla/5.0 (iPhone; CPU iPhone OS 13_2_3 like Mac OS X) AppleWebKit/605.1.15 (KHTML, like Gecko) Version/13.0.3 Mobile/15E148 Safari/604.1"
52.5.242.243 - - [15/Jul/2025:23:53:52 +0000] "GET /events/list/?eventDisplay=past&tribe-bar-date=2024-02-29 HTTP/1.1" 200 19860 "-" "Mozilla/5.0 AppleWebKit/537.36 (KHTML, like Gecko; compatible; Amazonbot/0.1; +https://developer.amazon.com/support/amazonbot) Chrome/119.0.6045.214 Safari/537.36"
136.243.228.181 - - [15/Jul/2025:23:53:53 +0000] "GET /entity/350415496 HTTP/1.1" 404 12735 "-" "Mozilla/5.0 (compatible; DataForSeoBot/1.0; +https://dataforseo.com/dataforseo-bot)"
136.243.228.181 - - [15/Jul/2025:23:53:57 +0000] "GET /entity/350466082 HTTP/1.1" 404 12739 "-" "Mozilla/5.0 (compatible; DataForSeoBot/1.0; +https://dataforseo.com/dataforseo-bot)"
136.243.228.181 - - [15/Jul/2025:23:54:02 +0000] "GET /entity/350553014 HTTP/1.1" 404 12739 "-" "Mozilla/5.0 (compatible; DataForSeoBot/1.0; +https://dataforseo.com/dataforseo-bot)"
136.243.228.181 - - [15/Jul/2025:23:54:05 +0000] "GET /entity/350503275 HTTP/1.1" 404 12741 "-" "Mozilla/5.0 (compatible; DataForSeoBot/1.0; +https://dataforseo.com/dataforseo-bot)"
136.243.228.181 - - [15/Jul/2025:23:54:10 +0000] "GET /entity/350511261 HTTP/1.1" 404 12739 "-" "Mozilla/5.0 (compatible; DataForSeoBot/1.0; +https://dataforseo.com/dataforseo-bot)"
136.243.228.181 - - [15/Jul/2025:23:54:13 +0000] "GET /entity/350466927 HTTP/1.1" 404 12738 "-" "Mozilla/5.0 (compatible; DataForSeoBot/1.0; +https://dataforseo.com/dataforseo-bot)"
136.243.228.181 - - [15/Jul/2025:23:54:17 +0000] "GET /entity/350468647 HTTP/1.1" 404 12737 "-" "Mozilla/5.0 (compatible; DataForSeoBot/1.0; +https://dataforseo.com/dataforseo-bot)"
136.243.228.181 - - [15/Jul/2025:23:54:21 +0000] "GET /entity/350448502 HTTP/1.1" 404 12736 "-" "Mozilla/5.0 (compatible; DataForSeoBot/1.0; +https://dataforseo.com/dataforseo-bot)"
209.74.77.214 - - [15/Jul/2025:23:54:26 +0000] "POST /wp-cron.php?doing_wp_cron=1752623666.4369060993194580078125 HTTP/1.1" 200 - "-" "WordPress/6.8.1; https://teamhachem.com"
136.243.228.181 - - [15/Jul/2025:23:54:26 +0000] "GET /entity/350551294 HTTP/1.1" 404 12736 "-" "Mozilla/5.0 (compatible; DataForSeoBot/1.0; +https://dataforseo.com/dataforseo-bot)"
136.243.228.181 - - [15/Jul/2025:23:54:29 +0000] "GET /entity/350429122 HTTP/1.1" 404 12733 "-" "Mozilla/5.0 (compatible; DataForSeoBot/1.0; +https://dataforseo.com/dataforseo-bot)"
209.74.77.214 - - [15/Jul/2025:23:54:34 +0000] "POST /wp-cron.php?doing_wp_cron=1752623674.5799419879913330078125 HTTP/1.1" 200 - "-" "WordPress/6.8.1; https://teamhachem.com"
136.243.228.181 - - [15/Jul/2025:23:54:34 +0000] "GET /entity/350594193 HTTP/1.1" 404 12738 "-" "Mozilla/5.0 (compatible; DataForSeoBot/1.0; +https://dataforseo.com/dataforseo-bot)"
136.243.228.181 - - [15/Jul/2025:23:54:37 +0000] "GET /entity/350424094 HTTP/1.1" 404 12739 "-" "Mozilla/5.0 (compatible; DataForSeoBot/1.0; +https://dataforseo.com/dataforseo-bot)"
136.243.228.181 - - [15/Jul/2025:23:54:42 +0000] "GET /entity/350524604 HTTP/1.1" 404 12735 "-" "Mozilla/5.0 (compatible; DataForSeoBot/1.0; +https://dataforseo.com/dataforseo-bot)"
136.243.228.181 - - [15/Jul/2025:23:54:45 +0000] "GET /entity/350550983 HTTP/1.1" 404 12738 "-" "Mozilla/5.0 (compatible; DataForSeoBot/1.0; +https://dataforseo.com/dataforseo-bot)"
136.243.228.181 - - [15/Jul/2025:23:54:50 +0000] "GET /entity/350481378 HTTP/1.1" 404 12737 "-" "Mozilla/5.0 (compatible; DataForSeoBot/1.0; +https://dataforseo.com/dataforseo-bot)"
136.243.228.181 - - [15/Jul/2025:23:54:53 +0000] "GET /entity/350494442 HTTP/1.1" 404 12735 "-" "Mozilla/5.0 (compatible; DataForSeoBot/1.0; +https://dataforseo.com/dataforseo-bot)"
136.243.228.181 - - [15/Jul/2025:23:54:57 +0000] "GET /entity/350507556 HTTP/1.1" 404 12738 "-" "Mozilla/5.0 (compatible; DataForSeoBot/1.0; +https://dataforseo.com/dataforseo-bot)"
136.243.228.181 - - [15/Jul/2025:23:55:02 +0000] "GET /entity/350477179 HTTP/1.1" 404 12735 "-" "Mozilla/5.0 (compatible; DataForSeoBot/1.0; +https://dataforseo.com/dataforseo-bot)"
136.243.228.181 - - [15/Jul/2025:23:55:05 +0000] "GET /entity/350522852 HTTP/1.1" 404 12733 "-" "Mozilla/5.0 (compatible; DataForSeoBot/1.0; +https://dataforseo.com/dataforseo-bot)"
136.243.228.181 - - [15/Jul/2025:23:55:10 +0000] "GET /entity/350499038 HTTP/1.1" 404 12737 "-" "Mozilla/5.0 (compatible; DataForSeoBot/1.0; +https://dataforseo.com/dataforseo-bot)"
136.243.228.181 - - [15/Jul/2025:23:55:14 +0000] "GET /entity/350509838 HTTP/1.1" 404 12738 "-" "Mozilla/5.0 (compatible; DataForSeoBot/1.0; +https://dataforseo.com/dataforseo-bot)"
136.243.228.181 - - [15/Jul/2025:23:55:17 +0000] "GET /entity/350444221 HTTP/1.1" 404 12736 "-" "Mozilla/5.0 (compatible; DataForSeoBot/1.0; +https://dataforseo.com/dataforseo-bot)"
136.243.228.181 - - [15/Jul/2025:23:55:21 +0000] "GET /entity/350507259 HTTP/1.1" 404 12739 "-" "Mozilla/5.0 (compatible; DataForSeoBot/1.0; +https://dataforseo.com/dataforseo-bot)"
209.74.77.214 - - [15/Jul/2025:23:55:26 +0000] "POST /wp-cron.php?doing_wp_cron=1752623726.2790169715881347656250 HTTP/1.1" 200 - "-" "WordPress/6.8.1; https://teamhachem.com"
136.243.228.181 - - [15/Jul/2025:23:55:25 +0000] "GET /entity/350424923 HTTP/1.1" 404 12736 "-" "Mozilla/5.0 (compatible; DataForSeoBot/1.0; +https://dataforseo.com/dataforseo-bot)"
136.243.228.181 - - [15/Jul/2025:23:55:30 +0000] "GET /entity/350523763 HTTP/1.1" 404 12735 "-" "Mozilla/5.0 (compatible; DataForSeoBot/1.0; +https://dataforseo.com/dataforseo-bot)"
209.74.77.214 - - [15/Jul/2025:23:55:33 +0000] "POST /wp-cron.php?doing_wp_cron=1752623733.7111499309539794921875 HTTP/1.1" 200 - "-" "WordPress/6.8.1; https://teamhachem.com"
136.243.228.181 - - [15/Jul/2025:23:55:33 +0000] "GET /entity/350590803 HTTP/1.1" 404 12729 "-" "Mozilla/5.0 (compatible; DataForSeoBot/1.0; +https://dataforseo.com/dataforseo-bot)"
136.243.228.181 - - [15/Jul/2025:23:55:38 +0000] "GET /entity/350490211 HTTP/1.1" 404 12733 "-" "Mozilla/5.0 (compatible; DataForSeoBot/1.0; +https://dataforseo.com/dataforseo-bot)"
136.243.228.181 - - [15/Jul/2025:23:55:41 +0000] "GET /entity/350519462 HTTP/1.1" 404 12736 "-" "Mozilla/5.0 (compatible; DataForSeoBot/1.0; +https://dataforseo.com/dataforseo-bot)"
136.243.228.181 - - [15/Jul/2025:23:55:46 +0000] "GET /entity/350462674 HTTP/1.1" 404 12736 "-" "Mozilla/5.0 (compatible; DataForSeoBot/1.0; +https://dataforseo.com/dataforseo-bot)"
136.243.228.181 - - [15/Jul/2025:23:55:50 +0000] "GET /entity/350494213 HTTP/1.1" 404 12736 "-" "Mozilla/5.0 (compatible; DataForSeoBot/1.0; +https://dataforseo.com/dataforseo-bot)"
136.243.228.181 - - [15/Jul/2025:23:55:53 +0000] "GET /entity/350528841 HTTP/1.1" 404 12738 "-" "Mozilla/5.0 (compatible; DataForSeoBot/1.0; +https://dataforseo.com/dataforseo-bot)"
136.243.228.181 - - [15/Jul/2025:23:55:57 +0000] "GET /entity/350584782 HTTP/1.1" 404 12737 "-" "Mozilla/5.0 (compatible; DataForSeoBot/1.0; +https://dataforseo.com/dataforseo-bot)"
136.243.228.181 - - [15/Jul/2025:23:56:01 +0000] "GET /entity/350497603 HTTP/1.1" 404 12734 "-" "Mozilla/5.0 (compatible; DataForSeoBot/1.0; +https://dataforseo.com/dataforseo-bot)"
136.243.228.181 - - [15/Jul/2025:23:56:05 +0000] "GET /entity/350487961 HTTP/1.1" 404 12734 "-" "Mozilla/5.0 (compatible; DataForSeoBot/1.0; +https://dataforseo.com/dataforseo-bot)"
136.243.228.181 - - [15/Jul/2025:23:56:10 +0000] "GET /entity/350504678 HTTP/1.1" 404 12739 "-" "Mozilla/5.0 (compatible; DataForSeoBot/1.0; +https://dataforseo.com/dataforseo-bot)"
136.243.228.181 - - [15/Jul/2025:23:56:13 +0000] "GET /entity/350572264 HTTP/1.1" 404 12733 "-" "Mozilla/5.0 (compatible; DataForSeoBot/1.0; +https://dataforseo.com/dataforseo-bot)"
136.243.228.181 - - [15/Jul/2025:23:56:18 +0000] "GET /entity/350592752 HTTP/1.1" 404 12736 "-" "Mozilla/5.0 (compatible; DataForSeoBot/1.0; +https://dataforseo.com/dataforseo-bot)"
43.159.140.236 - - [15/Jul/2025:23:56:18 +0000] "GET /testimonials/ HTTP/1.1" 200 14574 "-" "Mozilla/5.0 (iPhone; CPU iPhone OS 13_2_3 like Mac OS X) AppleWebKit/605.1.15 (KHTML, like Gecko) Version/13.0.3 Mobile/15E148 Safari/604.1"
136.243.228.181 - - [15/Jul/2025:23:56:22 +0000] "GET /entity/350528012 HTTP/1.1" 404 12739 "-" "Mozilla/5.0 (compatible; DataForSeoBot/1.0; +https://dataforseo.com/dataforseo-bot)"
209.74.77.214 - - [15/Jul/2025:23:56:26 +0000] "POST /wp-cron.php?doing_wp_cron=1752623786.5056710243225097656250 HTTP/1.1" 200 - "-" "WordPress/6.8.1; https://teamhachem.com"
136.243.228.181 - - [15/Jul/2025:23:56:26 +0000] "GET /entity/350455282 HTTP/1.1" 404 12739 "-" "Mozilla/5.0 (compatible; DataForSeoBot/1.0; +https://dataforseo.com/dataforseo-bot)"
136.243.228.181 - - [15/Jul/2025:23:56:30 +0000] "GET /entity/350462080 HTTP/1.1" 404 12734 "-" "Mozilla/5.0 (compatible; DataForSeoBot/1.0; +https://dataforseo.com/dataforseo-bot)"
209.74.77.214 - - [15/Jul/2025:23:56:33 +0000] "POST /wp-cron.php?doing_wp_cron=1752623793.7716000080108642578125 HTTP/1.1" 200 - "-" "WordPress/6.8.1; https://teamhachem.com"
136.243.228.181 - - [15/Jul/2025:23:56:33 +0000] "GET /entity/350573470 HTTP/1.1" 404 12739 "-" "Mozilla/5.0 (compatible; DataForSeoBot/1.0; +https://dataforseo.com/dataforseo-bot)"
136.243.228.181 - - [15/Jul/2025:23:56:37 +0000] "GET /entity/350470317 HTTP/1.1" 404 12736 "-" "Mozilla/5.0 (compatible; DataForSeoBot/1.0; +https://dataforseo.com/dataforseo-bot)"
136.243.228.181 - - [15/Jul/2025:23:56:41 +0000] "GET /entity/350603552 HTTP/1.1" 404 12736 "-" "Mozilla/5.0 (compatible; DataForSeoBot/1.0; +https://dataforseo.com/dataforseo-bot)"
136.243.228.181 - - [15/Jul/2025:23:56:45 +0000] "GET /entity/350444817 HTTP/1.1" 404 12734 "-" "Mozilla/5.0 (compatible; DataForSeoBot/1.0; +https://dataforseo.com/dataforseo-bot)"
136.243.228.181 - - [15/Jul/2025:23:56:49 +0000] "GET /entity/350551890 HTTP/1.1" 404 12738 "-" "Mozilla/5.0 (compatible; DataForSeoBot/1.0; +https://dataforseo.com/dataforseo-bot)"
136.243.228.181 - - [15/Jul/2025:23:56:53 +0000] "GET /entity/350460972 HTTP/1.1" 404 12737 "-" "Mozilla/5.0 (compatible; DataForSeoBot/1.0; +https://dataforseo.com/dataforseo-bot)"
136.243.228.181 - - [15/Jul/2025:23:56:58 +0000] "GET /entity/350496477 HTTP/1.1" 404 12737 "-" "Mozilla/5.0 (compatible; DataForSeoBot/1.0; +https://dataforseo.com/dataforseo-bot)"
136.243.228.181 - - [15/Jul/2025:23:57:01 +0000] "GET /entity/350453050 HTTP/1.1" 404 12737 "-" "Mozilla/5.0 (compatible; DataForSeoBot/1.0; +https://dataforseo.com/dataforseo-bot)"
136.243.228.181 - - [15/Jul/2025:23:57:06 +0000] "GET /entity/350421451 HTTP/1.1" 404 12739 "-" "Mozilla/5.0 (compatible; DataForSeoBot/1.0; +https://dataforseo.com/dataforseo-bot)"
136.243.228.181 - - [15/Jul/2025:23:57:09 +0000] "GET /entity/350428843 HTTP/1.1" 404 12738 "-" "Mozilla/5.0 (compatible; DataForSeoBot/1.0; +https://dataforseo.com/dataforseo-bot)"
136.243.228.181 - - [15/Jul/2025:23:57:13 +0000] "GET /entity/350446782 HTTP/1.1" 404 12734 "-" "Mozilla/5.0 (compatible; DataForSeoBot/1.0; +https://dataforseo.com/dataforseo-bot)"
136.243.228.181 - - [15/Jul/2025:23:57:18 +0000] "GET /entity/350472348 HTTP/1.1" 404 12741 "-" "Mozilla/5.0 (compatible; DataForSeoBot/1.0; +https://dataforseo.com/dataforseo-bot)"
136.243.228.181 - - [15/Jul/2025:23:57:21 +0000] "GET /entity/350548139 HTTP/1.1" 404 12737 "-" "Mozilla/5.0 (compatible; DataForSeoBot/1.0; +https://dataforseo.com/dataforseo-bot)"
209.74.77.214 - - [15/Jul/2025:23:57:25 +0000] "POST /wp-cron.php?doing_wp_cron=1752623845.8461160659790039062500 HTTP/1.1" 200 - "-" "WordPress/6.8.1; https://teamhachem.com"
136.243.228.181 - - [15/Jul/2025:23:57:25 +0000] "GET /entity/350576860 HTTP/1.1" 404 12735 "-" "Mozilla/5.0 (compatible; DataForSeoBot/1.0; +https://dataforseo.com/dataforseo-bot)"
136.243.228.181 - - [15/Jul/2025:23:57:29 +0000] "GET /entity/350491646 HTTP/1.1" 404 12737 "-" "Mozilla/5.0 (compatible; DataForSeoBot/1.0; +https://dataforseo.com/dataforseo-bot)"
209.74.77.214 - - [15/Jul/2025:23:57:34 +0000] "POST /wp-cron.php?doing_wp_cron=1752623854.0740740299224853515625 HTTP/1.1" 200 - "-" "WordPress/6.8.1; https://teamhachem.com"
136.243.228.181 - - [15/Jul/2025:23:57:33 +0000] "GET /entity/350425453 HTTP/1.1" 404 12739 "-" "Mozilla/5.0 (compatible; DataForSeoBot/1.0; +https://dataforseo.com/dataforseo-bot)"
136.243.228.181 - - [15/Jul/2025:23:57:37 +0000] "GET /entity/350520291 HTTP/1.1" 404 12733 "-" "Mozilla/5.0 (compatible; DataForSeoBot/1.0; +https://dataforseo.com/dataforseo-bot)"
209.74.77.214 - - [15/Jul/2025:23:58:30 +0000] "POST /wp-cron.php?doing_wp_cron=1752623910.7916049957275390625000 HTTP/1.1" 200 - "-" "WordPress/6.8.1; https://teamhachem.com"
136.243.228.181 - - [15/Jul/2025:23:58:28 +0000] "GET /entity/350458411 HTTP/1.1" 404 12736 "-" "Mozilla/5.0 (compatible; DataForSeoBot/1.0; +https://dataforseo.com/dataforseo-bot)"
209.74.77.214 - - [15/Jul/2025:23:58:33 +0000] "POST /wp-cron.php?doing_wp_cron=1752623913.4619100093841552734375 HTTP/1.1" 200 - "-" "WordPress/6.8.1; https://teamhachem.com"
136.243.228.181 - - [15/Jul/2025:23:58:33 +0000] "GET /entity/350408716 HTTP/1.1" 404 12740 "-" "Mozilla/5.0 (compatible; DataForSeoBot/1.0; +https://dataforseo.com/dataforseo-bot)"
136.243.228.181 - - [15/Jul/2025:23:58:37 +0000] "GET /entity/350605816 HTTP/1.1" 404 12739 "-" "Mozilla/5.0 (compatible; DataForSeoBot/1.0; +https://dataforseo.com/dataforseo-bot)"
136.243.228.181 - - [15/Jul/2025:23:58:40 +0000] "GET /entity/350613208 HTTP/1.1" 404 12732 "-" "Mozilla/5.0 (compatible; DataForSeoBot/1.0; +https://dataforseo.com/dataforseo-bot)"
136.243.228.181 - - [15/Jul/2025:23:58:44 +0000] "GET /entity/350614350 HTTP/1.1" 404 12736 "-" "Mozilla/5.0 (compatible; DataForSeoBot/1.0; +https://dataforseo.com/dataforseo-bot)"
136.243.228.181 - - [15/Jul/2025:23:58:49 +0000] "GET /entity/350437359 HTTP/1.1" 404 12735 "-" "Mozilla/5.0 (compatible; DataForSeoBot/1.0; +https://dataforseo.com/dataforseo-bot)"
136.243.228.181 - - [15/Jul/2025:23:58:53 +0000] "GET /entity/350420375 HTTP/1.1" 404 12737 "-" "Mozilla/5.0 (compatible; DataForSeoBot/1.0; +https://dataforseo.com/dataforseo-bot)"
136.243.228.181 - - [15/Jul/2025:23:58:57 +0000] "GET /entity/350514057 HTTP/1.1" 404 12739 "-" "Mozilla/5.0 (compatible; DataForSeoBot/1.0; +https://dataforseo.com/dataforseo-bot)"
136.243.228.181 - - [15/Jul/2025:23:59:00 +0000] "GET /entity/350528295 HTTP/1.1" 404 12737 "-" "Mozilla/5.0 (compatible; DataForSeoBot/1.0; +https://dataforseo.com/dataforseo-bot)"
136.243.228.181 - - [15/Jul/2025:23:59:04 +0000] "GET /entity/350504148 HTTP/1.1" 404 12737 "-" "Mozilla/5.0 (compatible; DataForSeoBot/1.0; +https://dataforseo.com/dataforseo-bot)"
136.243.228.181 - - [15/Jul/2025:23:59:08 +0000] "GET /entity/350495883 HTTP/1.1" 404 12734 "-" "Mozilla/5.0 (compatible; DataForSeoBot/1.0; +https://dataforseo.com/dataforseo-bot)"
136.243.228.181 - - [15/Jul/2025:23:59:12 +0000] "GET /entity/350512616 HTTP/1.1" 404 12736 "-" "Mozilla/5.0 (compatible; DataForSeoBot/1.0; +https://dataforseo.com/dataforseo-bot)"
136.243.228.181 - - [15/Jul/2025:23:59:16 +0000] "GET /entity/350472878 HTTP/1.1" 404 12736 "-" "Mozilla/5.0 (compatible; DataForSeoBot/1.0; +https://dataforseo.com/dataforseo-bot)"
136.243.228.181 - - [15/Jul/2025:23:59:21 +0000] "GET /entity/350570064 HTTP/1.1" 404 12737 "-" "Mozilla/5.0 (compatible; DataForSeoBot/1.0; +https://dataforseo.com/dataforseo-bot)"
209.74.77.214 - - [15/Jul/2025:23:59:24 +0000] "POST /wp-cron.php?doing_wp_cron=1752623964.7117769718170166015625 HTTP/1.1" 200 - "-" "WordPress/6.8.1; https://teamhachem.com"
136.243.228.181 - - [15/Jul/2025:23:59:24 +0000] "GET /entity/350436235 HTTP/1.1" 404 12737 "-" "Mozilla/5.0 (compatible; DataForSeoBot/1.0; +https://dataforseo.com/dataforseo-bot)"
136.243.228.181 - - [15/Jul/2025:23:59:29 +0000] "GET /entity/350484850 HTTP/1.1" 404 12742 "-" "Mozilla/5.0 (compatible; DataForSeoBot/1.0; +https://dataforseo.com/dataforseo-bot)"
209.74.77.214 - - [15/Jul/2025:23:59:33 +0000] "POST /wp-cron.php?doing_wp_cron=1752623973.0024299621582031250000 HTTP/1.1" 200 - "-" "WordPress/6.8.1; https://teamhachem.com"
136.243.228.181 - - [15/Jul/2025:23:59:32 +0000] "GET /entity/350581970 HTTP/1.1" 404 12737 "-" "Mozilla/5.0 (compatible; DataForSeoBot/1.0; +https://dataforseo.com/dataforseo-bot)"
136.243.228.181 - - [15/Jul/2025:23:59:37 +0000] "GET /entity/350591333 HTTP/1.1" 404 12739 "-" "Mozilla/5.0 (compatible; DataForSeoBot/1.0; +https://dataforseo.com/dataforseo-bot)"
136.243.228.181 - - [15/Jul/2025:23:59:41 +0000] "GET /entity/350486209 HTTP/1.1" 404 12736 "-" "Mozilla/5.0 (compatible; DataForSeoBot/1.0; +https://dataforseo.com/dataforseo-bot)"
136.243.228.181 - - [15/Jul/2025:23:59:45 +0000] "GET /entity/350542778 HTTP/1.1" 404 12736 "-" "Mozilla/5.0 (compatible; DataForSeoBot/1.0; +https://dataforseo.com/dataforseo-bot)"
136.243.228.181 - - [15/Jul/2025:23:59:48 +0000] "GET /entity/350495632 HTTP/1.1" 404 12739 "-" "Mozilla/5.0 (compatible; DataForSeoBot/1.0; +https://dataforseo.com/dataforseo-bot)"
136.243.228.181 - - [15/Jul/2025:23:59:52 +0000] "GET /entity/350551529 HTTP/1.1" 404 12738 "-" "Mozilla/5.0 (compatible; DataForSeoBot/1.0; +https://dataforseo.com/dataforseo-bot)"
136.243.228.181 - - [15/Jul/2025:23:59:56 +0000] "GET /entity/350568874 HTTP/1.1" 404 12740 "-" "Mozilla/5.0 (compatible; DataForSeoBot/1.0; +https://dataforseo.com/dataforseo-bot)"
136.243.228.181 - - [16/Jul/2025:00:00:00 +0000] "GET /entity/350606958 HTTP/1.1" 404 12734 "-" "Mozilla/5.0 (compatible; DataForSeoBot/1.0; +https://dataforseo.com/dataforseo-bot)"
136.243.228.181 - - [16/Jul/2025:00:00:04 +0000] "GET /entity/350455003 HTTP/1.1" 404 12734 "-" "Mozilla/5.0 (compatible; DataForSeoBot/1.0; +https://dataforseo.com/dataforseo-bot)"
136.243.228.181 - - [16/Jul/2025:00:00:14 +0000] "GET /entity/350535075 HTTP/1.1" 404 12735 "-" "Mozilla/5.0 (compatible; DataForSeoBot/1.0; +https://dataforseo.com/dataforseo-bot)"
136.243.228.181 - - [16/Jul/2025:00:00:19 +0000] "GET /entity/350546186 HTTP/1.1" 404 12736 "-" "Mozilla/5.0 (compatible; DataForSeoBot/1.0; +https://dataforseo.com/dataforseo-bot)"
209.74.77.214 - - [16/Jul/2025:00:00:25 +0000] "POST /wp-cron.php?doing_wp_cron=1752624025.9452300071716308593750 HTTP/1.1" 200 - "-" "WordPress/6.8.1; https://teamhachem.com"
136.243.228.181 - - [16/Jul/2025:00:00:24 +0000] "GET /entity/350424329 HTTP/1.1" 404 12732 "-" "Mozilla/5.0 (compatible; DataForSeoBot/1.0; +https://dataforseo.com/dataforseo-bot)"
136.243.228.181 - - [16/Jul/2025:00:00:27 +0000] "GET /entity/350417810 HTTP/1.1" 404 12741 "-" "Mozilla/5.0 (compatible; DataForSeoBot/1.0; +https://dataforseo.com/dataforseo-bot)"
209.74.77.214 - - [16/Jul/2025:00:00:32 +0000] "POST /wp-cron.php?doing_wp_cron=1752624032.4501569271087646484375 HTTP/1.1" 200 - "-" "WordPress/6.8.1; https://teamhachem.com"
136.243.228.181 - - [16/Jul/2025:00:00:31 +0000] "GET /entity/350408469 HTTP/1.1" 404 12740 "-" "Mozilla/5.0 (compatible; DataForSeoBot/1.0; +https://dataforseo.com/dataforseo-bot)"
157.55.39.49 - - [16/Jul/2025:00:00:34 +0000] "GET /entity/615411949 HTTP/1.1" 200 20377 "-" "Mozilla/5.0 AppleWebKit/537.36 (KHTML, like Gecko; compatible; bingbot/2.0; +http://www.bing.com/bingbot.htm) Chrome/116.0.1938.76 Safari/537.36"
136.243.228.181 - - [16/Jul/2025:00:00:35 +0000] "GET /entity/350468364 HTTP/1.1" 404 12735 "-" "Mozilla/5.0 (compatible; DataForSeoBot/1.0; +https://dataforseo.com/dataforseo-bot)"
136.243.228.181 - - [16/Jul/2025:00:00:39 +0000] "GET /entity/350413826 HTTP/1.1" 404 12739 "-" "Mozilla/5.0 (compatible; DataForSeoBot/1.0; +https://dataforseo.com/dataforseo-bot)"
136.243.228.181 - - [16/Jul/2025:00:00:43 +0000] "GET /entity/350569486 HTTP/1.1" 404 12740 "-" "Mozilla/5.0 (compatible; DataForSeoBot/1.0; +https://dataforseo.com/dataforseo-bot)"
136.243.228.181 - - [16/Jul/2025:00:00:47 +0000] "GET /entity/350539671 HTTP/1.1" 404 12735 "-" "Mozilla/5.0 (compatible; DataForSeoBot/1.0; +https://dataforseo.com/dataforseo-bot)"
136.243.228.181 - - [16/Jul/2025:00:00:52 +0000] "GET /entity/350570909 HTTP/1.1" 404 12731 "-" "Mozilla/5.0 (compatible; DataForSeoBot/1.0; +https://dataforseo.com/dataforseo-bot)"
136.243.228.181 - - [16/Jul/2025:00:00:55 +0000] "GET /entity/350592473 HTTP/1.1" 404 12738 "-" "Mozilla/5.0 (compatible; DataForSeoBot/1.0; +https://dataforseo.com/dataforseo-bot)"
136.243.228.181 - - [16/Jul/2025:00:00:59 +0000] "GET /entity/350601832 HTTP/1.1" 404 12739 "-" "Mozilla/5.0 (compatible; DataForSeoBot/1.0; +https://dataforseo.com/dataforseo-bot)"
136.243.228.181 - - [16/Jul/2025:00:01:03 +0000] "GET /entity/350565484 HTTP/1.1" 404 12736 "-" "Mozilla/5.0 (compatible; DataForSeoBot/1.0; +https://dataforseo.com/dataforseo-bot)"
40.77.167.156 - - [16/Jul/2025:00:01:04 +0000] "GET /entity/615462252 HTTP/1.1" 200 21832 "-" "Mozilla/5.0 AppleWebKit/537.36 (KHTML, like Gecko; compatible; bingbot/2.0; +http://www.bing.com/bingbot.htm) Chrome/116.0.1938.76 Safari/537.36"
136.243.228.181 - - [16/Jul/2025:00:01:08 +0000] "GET /entity/350517529 HTTP/1.1" 404 12737 "-" "Mozilla/5.0 (compatible; DataForSeoBot/1.0; +https://dataforseo.com/dataforseo-bot)"
136.243.228.181 - - [16/Jul/2025:00:01:11 +0000] "GET /entity/350615773 HTTP/1.1" 404 12732 "-" "Mozilla/5.0 (compatible; DataForSeoBot/1.0; +https://dataforseo.com/dataforseo-bot)"
136.243.228.181 - - [16/Jul/2025:00:01:15 +0000] "GET /entity/350414141 HTTP/1.1" 404 12738 "-" "Mozilla/5.0 (compatible; DataForSeoBot/1.0; +https://dataforseo.com/dataforseo-bot)"
136.243.228.181 - - [16/Jul/2025:00:01:19 +0000] "GET /entity/350447378 HTTP/1.1" 404 12736 "-" "Mozilla/5.0 (compatible; DataForSeoBot/1.0; +https://dataforseo.com/dataforseo-bot)"
209.74.77.214 - - [16/Jul/2025:00:01:23 +0000] "POST /wp-cron.php?doing_wp_cron=1752624083.8963270187377929687500 HTTP/1.1" 200 - "-" "WordPress/6.8.1; https://teamhachem.com"
136.243.228.181 - - [16/Jul/2025:00:01:23 +0000] "GET /entity/350462395 HTTP/1.1" 404 12735 "-" "Mozilla/5.0 (compatible; DataForSeoBot/1.0; +https://dataforseo.com/dataforseo-bot)"
136.243.228.181 - - [16/Jul/2025:00:01:27 +0000] "GET /entity/350421730 HTTP/1.1" 404 12736 "-" "Mozilla/5.0 (compatible; DataForSeoBot/1.0; +https://dataforseo.com/dataforseo-bot)"
209.74.77.214 - - [16/Jul/2025:00:01:32 +0000] "POST /wp-cron.php?doing_wp_cron=1752624092.0211169719696044921875 HTTP/1.1" 200 - "-" "WordPress/6.8.1; https://teamhachem.com"
136.243.228.181 - - [16/Jul/2025:00:01:31 +0000] "GET /entity/350612383 HTTP/1.1" 404 12736 "-" "Mozilla/5.0 (compatible; DataForSeoBot/1.0; +https://dataforseo.com/dataforseo-bot)"
136.243.228.181 - - [16/Jul/2025:00:01:35 +0000] "GET /entity/350582582 HTTP/1.1" 404 12737 "-" "Mozilla/5.0 (compatible; DataForSeoBot/1.0; +https://dataforseo.com/dataforseo-bot)"
66.249.73.227 - - [16/Jul/2025:00:01:37 +0000] "GET /entity/700469764 HTTP/1.1" 200 20984 "-" "Mozilla/5.0 (Linux; Android 6.0.1; Nexus 5X Build/MMB29P) AppleWebKit/537.36 (KHTML, like Gecko) Chrome/137.0.7151.103 Mobile Safari/537.36 (compatible; GoogleOther)"
136.243.228.181 - - [16/Jul/2025:00:01:39 +0000] "GET /entity/350470066 HTTP/1.1" 404 12736 "-" "Mozilla/5.0 (compatible; DataForSeoBot/1.0; +https://dataforseo.com/dataforseo-bot)"
136.243.228.181 - - [16/Jul/2025:00:01:44 +0000] "GET /entity/350492493 HTTP/1.1" 404 12732 "-" "Mozilla/5.0 (compatible; DataForSeoBot/1.0; +https://dataforseo.com/dataforseo-bot)"
136.243.228.181 - - [16/Jul/2025:00:01:47 +0000] "GET /entity/350442186 HTTP/1.1" 404 12738 "-" "Mozilla/5.0 (compatible; DataForSeoBot/1.0; +https://dataforseo.com/dataforseo-bot)"
136.243.228.181 - - [16/Jul/2025:00:01:52 +0000] "GET /entity/350504399 HTTP/1.1" 404 12735 "-" "Mozilla/5.0 (compatible; DataForSeoBot/1.0; +https://dataforseo.com/dataforseo-bot)"
136.243.228.181 - - [16/Jul/2025:00:01:55 +0000] "GET /entity/350601286 HTTP/1.1" 404 12736 "-" "Mozilla/5.0 (compatible; DataForSeoBot/1.0; +https://dataforseo.com/dataforseo-bot)"
136.243.228.181 - - [16/Jul/2025:00:02:00 +0000] "GET /entity/350433953 HTTP/1.1" 404 12734 "-" "Mozilla/5.0 (compatible; DataForSeoBot/1.0; +https://dataforseo.com/dataforseo-bot)"
136.243.228.181 - - [16/Jul/2025:00:02:03 +0000] "GET /entity/350480270 HTTP/1.1" 404 12732 "-" "Mozilla/5.0 (compatible; DataForSeoBot/1.0; +https://dataforseo.com/dataforseo-bot)"
136.243.228.181 - - [16/Jul/2025:00:02:07 +0000] "GET /entity/350547063 HTTP/1.1" 404 12735 "-" "Mozilla/5.0 (compatible; DataForSeoBot/1.0; +https://dataforseo.com/dataforseo-bot)"
136.243.228.181 - - [16/Jul/2025:00:02:12 +0000] "GET /entity/350433124 HTTP/1.1" 404 12736 "-" "Mozilla/5.0 (compatible; DataForSeoBot/1.0; +https://dataforseo.com/dataforseo-bot)"
136.243.228.181 - - [16/Jul/2025:00:02:15 +0000] "GET /entity/350500758 HTTP/1.1" 404 12736 "-" "Mozilla/5.0 (compatible; DataForSeoBot/1.0; +https://dataforseo.com/dataforseo-bot)"
136.243.228.181 - - [16/Jul/2025:00:02:20 +0000] "GET /entity/350517212 HTTP/1.1" 404 12736 "-" "Mozilla/5.0 (compatible; DataForSeoBot/1.0; +https://dataforseo.com/dataforseo-bot)"
209.74.77.214 - - [16/Jul/2025:00:02:24 +0000] "POST /wp-cron.php?doing_wp_cron=1752624144.3670721054077148437500 HTTP/1.1" 200 - "-" "WordPress/6.8.1; https://teamhachem.com"
136.243.228.181 - - [16/Jul/2025:00:02:24 +0000] "GET /entity/350601585 HTTP/1.1" 404 12736 "-" "Mozilla/5.0 (compatible; DataForSeoBot/1.0; +https://dataforseo.com/dataforseo-bot)"
136.243.228.181 - - [16/Jul/2025:00:02:28 +0000] "GET /entity/350538547 HTTP/1.1" 404 12737 "-" "Mozilla/5.0 (compatible; DataForSeoBot/1.0; +https://dataforseo.com/dataforseo-bot)"
209.74.77.214 - - [16/Jul/2025:00:02:31 +0000] "POST /wp-cron.php?doing_wp_cron=1752624151.7899470329284667968750 HTTP/1.1" 200 - "-" "WordPress/6.8.1; https://teamhachem.com"
136.243.228.181 - - [16/Jul/2025:00:02:31 +0000] "GET /entity/350548500 HTTP/1.1" 404 12734 "-" "Mozilla/5.0 (compatible; DataForSeoBot/1.0; +https://dataforseo.com/dataforseo-bot)"
136.243.228.181 - - [16/Jul/2025:00:02:36 +0000] "GET /entity/350518932 HTTP/1.1" 404 12741 "-" "Mozilla/5.0 (compatible; DataForSeoBot/1.0; +https://dataforseo.com/dataforseo-bot)"
136.243.228.181 - - [16/Jul/2025:00:02:39 +0000] "GET /entity/350483660 HTTP/1.1" 404 12738 "-" "Mozilla/5.0 (compatible; DataForSeoBot/1.0; +https://dataforseo.com/dataforseo-bot)"
136.243.228.181 - - [16/Jul/2025:00:02:43 +0000] "GET /entity/350444500 HTTP/1.1" 404 12739 "-" "Mozilla/5.0 (compatible; DataForSeoBot/1.0; +https://dataforseo.com/dataforseo-bot)"
136.243.228.181 - - [16/Jul/2025:00:02:47 +0000] "GET /entity/350596160 HTTP/1.1" 404 12739 "-" "Mozilla/5.0 (compatible; DataForSeoBot/1.0; +https://dataforseo.com/dataforseo-bot)"
136.243.228.181 - - [16/Jul/2025:00:02:51 +0000] "GET /entity/350547609 HTTP/1.1" 404 12732 "-" "Mozilla/5.0 (compatible; DataForSeoBot/1.0; +https://dataforseo.com/dataforseo-bot)"
136.243.228.181 - - [16/Jul/2025:00:02:55 +0000] "GET /entity/350425732 HTTP/1.1" 404 12735 "-" "Mozilla/5.0 (compatible; DataForSeoBot/1.0; +https://dataforseo.com/dataforseo-bot)"
136.243.228.181 - - [16/Jul/2025:00:03:00 +0000] "GET /entity/350416090 HTTP/1.1" 404 12739 "-" "Mozilla/5.0 (compatible; DataForSeoBot/1.0; +https://dataforseo.com/dataforseo-bot)"
136.243.228.181 - - [16/Jul/2025:00:03:03 +0000] "GET /entity/350570315 HTTP/1.1" 404 12735 "-" "Mozilla/5.0 (compatible; DataForSeoBot/1.0; +https://dataforseo.com/dataforseo-bot)"
66.249.73.227 - - [16/Jul/2025:00:03:06 +0000] "POST /get-message-notify HTTP/1.1" 200 18727 "https://teamhachem.com/entity/700469764" "Mozilla/5.0 (Linux; Android 6.0.1; Nexus 5X Build/MMB29P) AppleWebKit/537.36 (KHTML, like Gecko) Chrome/137.0.7151.119 Mobile Safari/537.36 (compatible; Googlebot/2.1; +http://www.google.com/bot.html)"
136.243.228.181 - - [16/Jul/2025:00:03:07 +0000] "GET /entity/350452739 HTTP/1.1" 404 12740 "-" "Mozilla/5.0 (compatible; DataForSeoBot/1.0; +https://dataforseo.com/dataforseo-bot)"
136.243.228.181 - - [16/Jul/2025:00:03:12 +0000] "GET /entity/350562094 HTTP/1.1" 404 12734 "-" "Mozilla/5.0 (compatible; DataForSeoBot/1.0; +https://dataforseo.com/dataforseo-bot)"
136.243.228.181 - - [16/Jul/2025:00:03:15 +0000] "GET /entity/350454174 HTTP/1.1" 404 12732 "-" "Mozilla/5.0 (compatible; DataForSeoBot/1.0; +https://dataforseo.com/dataforseo-bot)"
207.46.13.52 - - [16/Jul/2025:00:03:17 +0000] "GET /entity/615286451 HTTP/1.1" 200 21137 "-" "Mozilla/5.0 AppleWebKit/537.36 (KHTML, like Gecko; compatible; bingbot/2.0; +http://www.bing.com/bingbot.htm) Chrome/116.0.1938.76 Safari/537.36"
136.243.228.181 - - [16/Jul/2025:00:03:19 +0000] "GET /entity/350553249 HTTP/1.1" 404 12735 "-" "Mozilla/5.0 (compatible; DataForSeoBot/1.0; +https://dataforseo.com/dataforseo-bot)"
209.74.77.214 - - [16/Jul/2025:00:03:23 +0000] "POST /wp-cron.php?doing_wp_cron=1752624203.9068140983581542968750 HTTP/1.1" 200 - "-" "WordPress/6.8.1; https://teamhachem.com"
136.243.228.181 - - [16/Jul/2025:00:03:23 +0000] "GET /entity/350479740 HTTP/1.1" 404 12738 "-" "Mozilla/5.0 (compatible; DataForSeoBot/1.0; +https://dataforseo.com/dataforseo-bot)"
136.243.228.181 - - [16/Jul/2025:00:03:28 +0000] "GET /entity/350544498 HTTP/1.1" 404 12736 "-" "Mozilla/5.0 (compatible; DataForSeoBot/1.0; +https://dataforseo.com/dataforseo-bot)"
209.74.77.214 - - [16/Jul/2025:00:03:31 +0000] "POST /wp-cron.php?doing_wp_cron=1752624211.8758490085601806640625 HTTP/1.1" 200 - "-" "WordPress/6.8.1; https://teamhachem.com"
136.243.228.181 - - [16/Jul/2025:00:03:31 +0000] "GET /entity/350582500 HTTP/1.1" 404 12736 "-" "Mozilla/5.0 (compatible; DataForSeoBot/1.0; +https://dataforseo.com/dataforseo-bot)"
136.243.228.181 - - [16/Jul/2025:00:03:35 +0000] "GET /entity/350414059 HTTP/1.1" 404 12734 "-" "Mozilla/5.0 (compatible; DataForSeoBot/1.0; +https://dataforseo.com/dataforseo-bot)"
136.243.228.181 - - [16/Jul/2025:00:03:39 +0000] "GET /entity/350453580 HTTP/1.1" 404 12736 "-" "Mozilla/5.0 (compatible; DataForSeoBot/1.0; +https://dataforseo.com/dataforseo-bot)"
136.243.228.181 - - [16/Jul/2025:00:03:43 +0000] "GET /entity/350514336 HTTP/1.1" 404 12733 "-" "Mozilla/5.0 (compatible; DataForSeoBot/1.0; +https://dataforseo.com/dataforseo-bot)"
209.74.77.214 - - [16/Jul/2025:00:03:48 +0000] "POST /wp-cron.php?doing_wp_cron=1752624228.4070999622344970703125 HTTP/1.1" 200 - "-" "WordPress/6.8.1; https://teamhachem.com"
136.243.228.181 - - [16/Jul/2025:00:03:48 +0000] "GET /entity/350418934 HTTP/1.1" 404 12736 "-" "Mozilla/5.0 (compatible; DataForSeoBot/1.0; +https://dataforseo.com/dataforseo-bot)"
136.243.228.181 - - [16/Jul/2025:00:03:51 +0000] "GET /entity/350419251 HTTP/1.1" 404 12740 "-" "Mozilla/5.0 (compatible; DataForSeoBot/1.0; +https://dataforseo.com/dataforseo-bot)"
136.243.228.181 - - [16/Jul/2025:00:03:56 +0000] "GET /entity/350416391 HTTP/1.1" 404 12740 "-" "Mozilla/5.0 (compatible; DataForSeoBot/1.0; +https://dataforseo.com/dataforseo-bot)"
136.243.228.181 - - [16/Jul/2025:00:04:00 +0000] "GET /entity/350411263 HTTP/1.1" 404 12739 "-" "Mozilla/5.0 (compatible; DataForSeoBot/1.0; +https://dataforseo.com/dataforseo-bot)"
136.243.228.181 - - [16/Jul/2025:00:04:04 +0000] "GET /entity/350480848 HTTP/1.1" 404 12737 "-" "Mozilla/5.0 (compatible; DataForSeoBot/1.0; +https://dataforseo.com/dataforseo-bot)"
136.243.228.181 - - [16/Jul/2025:00:04:07 +0000] "GET /entity/350571439 HTTP/1.1" 404 12735 "-" "Mozilla/5.0 (compatible; DataForSeoBot/1.0; +https://dataforseo.com/dataforseo-bot)"
136.243.228.181 - - [16/Jul/2025:00:04:11 +0000] "GET /entity/350561235 HTTP/1.1" 404 12737 "-" "Mozilla/5.0 (compatible; DataForSeoBot/1.0; +https://dataforseo.com/dataforseo-bot)"
136.243.228.181 - - [16/Jul/2025:00:04:15 +0000] "GET /entity/350549329 HTTP/1.1" 404 12739 "-" "Mozilla/5.0 (compatible; DataForSeoBot/1.0; +https://dataforseo.com/dataforseo-bot)"
136.243.228.181 - - [16/Jul/2025:00:04:19 +0000] "GET /entity/350440831 HTTP/1.1" 404 12737 "-" "Mozilla/5.0 (compatible; DataForSeoBot/1.0; +https://dataforseo.com/dataforseo-bot)"
209.74.77.214 - - [16/Jul/2025:00:04:24 +0000] "POST /wp-cron.php?doing_wp_cron=1752624264.1762969493865966796875 HTTP/1.1" 200 - "-" "WordPress/6.8.1; https://teamhachem.com"
136.243.228.181 - - [16/Jul/2025:00:04:23 +0000] "GET /entity/350451298 HTTP/1.1" 404 12737 "-" "Mozilla/5.0 (compatible; DataForSeoBot/1.0; +https://dataforseo.com/dataforseo-bot)"
136.243.228.181 - - [16/Jul/2025:00:04:27 +0000] "GET /entity/350475738 HTTP/1.1" 404 12738 "-" "Mozilla/5.0 (compatible; DataForSeoBot/1.0; +https://dataforseo.com/dataforseo-bot)"
209.74.77.214 - - [16/Jul/2025:00:04:32 +0000] "POST /wp-cron.php?doing_wp_cron=1752624272.5340690612792968750000 HTTP/1.1" 200 - "-" "WordPress/6.8.1; https://teamhachem.com"
136.243.228.181 - - [16/Jul/2025:00:04:32 +0000] "GET /entity/350548733 HTTP/1.1" 404 12737 "-" "Mozilla/5.0 (compatible; DataForSeoBot/1.0; +https://dataforseo.com/dataforseo-bot)"
136.243.228.181 - - [16/Jul/2025:00:04:35 +0000] "GET /entity/350600674 HTTP/1.1" 404 12738 "-" "Mozilla/5.0 (compatible; DataForSeoBot/1.0; +https://dataforseo.com/dataforseo-bot)"
136.243.228.181 - - [16/Jul/2025:00:04:39 +0000] "GET /entity/350583411 HTTP/1.1" 404 12740 "-" "Mozilla/5.0 (compatible; DataForSeoBot/1.0; +https://dataforseo.com/dataforseo-bot)"
136.243.228.181 - - [16/Jul/2025:00:04:44 +0000] "GET /entity/350411265 HTTP/1.1" 404 12736 "-" "Mozilla/5.0 (compatible; DataForSeoBot/1.0; +https://dataforseo.com/dataforseo-bot)"
136.243.228.181 - - [16/Jul/2025:00:04:47 +0000] "GET /entity/350594723 HTTP/1.1" 404 12737 "-" "Mozilla/5.0 (compatible; DataForSeoBot/1.0; +https://dataforseo.com/dataforseo-bot)"
136.243.228.181 - - [16/Jul/2025:00:04:51 +0000] "GET /entity/350566313 HTTP/1.1" 404 12736 "-" "Mozilla/5.0 (compatible; DataForSeoBot/1.0; +https://dataforseo.com/dataforseo-bot)"
136.243.228.181 - - [16/Jul/2025:00:04:55 +0000] "GET /entity/350503554 HTTP/1.1" 404 12738 "-" "Mozilla/5.0 (compatible; DataForSeoBot/1.0; +https://dataforseo.com/dataforseo-bot)"
136.243.228.181 - - [16/Jul/2025:00:04:59 +0000] "GET /entity/350520008 HTTP/1.1" 404 12738 "-" "Mozilla/5.0 (compatible; DataForSeoBot/1.0; +https://dataforseo.com/dataforseo-bot)"
136.243.228.181 - - [16/Jul/2025:00:05:04 +0000] "GET /entity/350605505 HTTP/1.1" 404 12737 "-" "Mozilla/5.0 (compatible; DataForSeoBot/1.0; +https://dataforseo.com/dataforseo-bot)"
136.243.228.181 - - [16/Jul/2025:00:05:08 +0000] "GET /entity/350498727 HTTP/1.1" 404 12736 "-" "Mozilla/5.0 (compatible; DataForSeoBot/1.0; +https://dataforseo.com/dataforseo-bot)"
136.243.228.181 - - [16/Jul/2025:00:05:11 +0000] "GET /entity/350463204 HTTP/1.1" 404 12737 "-" "Mozilla/5.0 (compatible; DataForSeoBot/1.0; +https://dataforseo.com/dataforseo-bot)"
136.243.228.181 - - [16/Jul/2025:00:05:15 +0000] "GET /entity/350525451 HTTP/1.1" 404 12733 "-" "Mozilla/5.0 (compatible; DataForSeoBot/1.0; +https://dataforseo.com/dataforseo-bot)"
136.243.228.181 - - [16/Jul/2025:00:05:20 +0000] "GET /entity/350575425 HTTP/1.1" 404 12739 "-" "Mozilla/5.0 (compatible; DataForSeoBot/1.0; +https://dataforseo.com/dataforseo-bot)"
85.208.96.193 - - [16/Jul/2025:00:05:21 +0000] "GET /events/2024-04-04/ HTTP/1.1" 200 18814 "-" "Mozilla/5.0 (compatible; SemrushBot/7~bl; +http://www.semrush.com/bot.html)"
209.74.77.214 - - [16/Jul/2025:00:05:24 +0000] "POST /wp-cron.php?doing_wp_cron=1752624324.2489109039306640625000 HTTP/1.1" 200 - "-" "WordPress/6.8.1; https://teamhachem.com"
136.243.228.181 - - [16/Jul/2025:00:05:23 +0000] "GET /entity/350490805 HTTP/1.1" 404 12739 "-" "Mozilla/5.0 (compatible; DataForSeoBot/1.0; +https://dataforseo.com/dataforseo-bot)"
136.243.228.181 - - [16/Jul/2025:00:05:27 +0000] "GET /entity/350497007 HTTP/1.1" 404 12739 "-" "Mozilla/5.0 (compatible; DataForSeoBot/1.0; +https://dataforseo.com/dataforseo-bot)"
209.74.77.214 - - [16/Jul/2025:00:05:31 +0000] "POST /wp-cron.php?doing_wp_cron=1752624331.8409690856933593750000 HTTP/1.1" 200 - "-" "WordPress/6.8.1; https://teamhachem.com"
136.243.228.181 - - [16/Jul/2025:00:05:31 +0000] "GET /entity/350448223 HTTP/1.1" 404 12740 "-" "Mozilla/5.0 (compatible; DataForSeoBot/1.0; +https://dataforseo.com/dataforseo-bot)"
136.243.228.181 - - [16/Jul/2025:00:05:36 +0000] "GET /entity/350536233 HTTP/1.1" 404 12737 "-" "Mozilla/5.0 (compatible; DataForSeoBot/1.0; +https://dataforseo.com/dataforseo-bot)"
136.243.228.181 - - [16/Jul/2025:00:05:40 +0000] "GET /entity/350464645 HTTP/1.1" 404 12732 "-" "Mozilla/5.0 (compatible; DataForSeoBot/1.0; +https://dataforseo.com/dataforseo-bot)"
136.243.228.181 - - [16/Jul/2025:00:05:43 +0000] "GET /entity/350527765 HTTP/1.1" 404 12741 "-" "Mozilla/5.0 (compatible; DataForSeoBot/1.0; +https://dataforseo.com/dataforseo-bot)"
136.243.228.181 - - [16/Jul/2025:00:05:47 +0000] "GET /entity/350585693 HTTP/1.1" 404 12734 "-" "Mozilla/5.0 (compatible; DataForSeoBot/1.0; +https://dataforseo.com/dataforseo-bot)"
136.243.228.181 - - [16/Jul/2025:00:05:52 +0000] "GET /entity/350589083 HTTP/1.1" 404 12737 "-" "Mozilla/5.0 (compatible; DataForSeoBot/1.0; +https://dataforseo.com/dataforseo-bot)"
136.243.228.181 - - [16/Jul/2025:00:05:55 +0000] "GET /entity/350530559 HTTP/1.1" 404 12735 "-" "Mozilla/5.0 (compatible; DataForSeoBot/1.0; +https://dataforseo.com/dataforseo-bot)"
136.243.228.181 - - [16/Jul/2025:00:06:00 +0000] "GET /entity/350605587 HTTP/1.1" 404 12737 "-" "Mozilla/5.0 (compatible; DataForSeoBot/1.0; +https://dataforseo.com/dataforseo-bot)"
136.243.228.181 - - [16/Jul/2025:00:06:03 +0000] "GET /entity/350432845 HTTP/1.1" 404 12734 "-" "Mozilla/5.0 (compatible; DataForSeoBot/1.0; +https://dataforseo.com/dataforseo-bot)"
136.243.228.181 - - [16/Jul/2025:00:06:07 +0000] "GET /entity/350443097 HTTP/1.1" 404 12739 "-" "Mozilla/5.0 (compatible; DataForSeoBot/1.0; +https://dataforseo.com/dataforseo-bot)"
136.243.228.181 - - [16/Jul/2025:00:06:11 +0000] "GET /entity/350595335 HTTP/1.1" 404 12736 "-" "Mozilla/5.0 (compatible; DataForSeoBot/1.0; +https://dataforseo.com/dataforseo-bot)"
136.243.228.181 - - [16/Jul/2025:00:06:15 +0000] "GET /entity/350507871 HTTP/1.1" 404 12738 "-" "Mozilla/5.0 (compatible; DataForSeoBot/1.0; +https://dataforseo.com/dataforseo-bot)"
136.243.228.181 - - [16/Jul/2025:00:06:19 +0000] "GET /entity/350612068 HTTP/1.1" 404 12735 "-" "Mozilla/5.0 (compatible; DataForSeoBot/1.0; +https://dataforseo.com/dataforseo-bot)"
209.74.77.214 - - [16/Jul/2025:00:06:24 +0000] "POST /wp-cron.php?doing_wp_cron=1752624384.0218610763549804687500 HTTP/1.1" 200 - "-" "WordPress/6.8.1; https://teamhachem.com"
136.243.228.181 - - [16/Jul/2025:00:06:23 +0000] "GET /entity/350595646 HTTP/1.1" 404 12736 "-" "Mozilla/5.0 (compatible; DataForSeoBot/1.0; +https://dataforseo.com/dataforseo-bot)"
136.243.228.181 - - [16/Jul/2025:00:06:27 +0000] "GET /entity/350576266 HTTP/1.1" 404 12736 "-" "Mozilla/5.0 (compatible; DataForSeoBot/1.0; +https://dataforseo.com/dataforseo-bot)"
209.74.77.214 - - [16/Jul/2025:00:06:31 +0000] "POST /wp-cron.php?doing_wp_cron=1752624391.9146389961242675781250 HTTP/1.1" 200 - "-" "WordPress/6.8.1; https://teamhachem.com"
136.243.228.181 - - [16/Jul/2025:00:06:31 +0000] "GET /entity/350509591 HTTP/1.1" 404 12739 "-" "Mozilla/5.0 (compatible; DataForSeoBot/1.0; +https://dataforseo.com/dataforseo-bot)"
136.243.228.181 - - [16/Jul/2025:00:06:35 +0000] "GET /entity/350446471 HTTP/1.1" 404 12738 "-" "Mozilla/5.0 (compatible; DataForSeoBot/1.0; +https://dataforseo.com/dataforseo-bot)"
136.243.228.181 - - [16/Jul/2025:00:06:39 +0000] "GET /entity/350504712 HTTP/1.1" 404 12734 "-" "Mozilla/5.0 (compatible; DataForSeoBot/1.0; +https://dataforseo.com/dataforseo-bot)"
54.84.250.51 - - [16/Jul/2025:00:06:40 +0000] "GET /events/list/?tribe-bar-date=2026-10-30 HTTP/1.1" 200 19794 "-" "Mozilla/5.0 AppleWebKit/537.36 (KHTML, like Gecko; compatible; Amazonbot/0.1; +https://developer.amazon.com/support/amazonbot) Chrome/119.0.6045.214 Safari/537.36"
136.243.228.181 - - [16/Jul/2025:00:06:43 +0000] "GET /entity/350456129 HTTP/1.1" 404 12739 "-" "Mozilla/5.0 (compatible; DataForSeoBot/1.0; +https://dataforseo.com/dataforseo-bot)"
136.243.228.181 - - [16/Jul/2025:00:06:47 +0000] "GET /entity/350421200 HTTP/1.1" 404 12736 "-" "Mozilla/5.0 (compatible; DataForSeoBot/1.0; +https://dataforseo.com/dataforseo-bot)"
136.243.228.181 - - [16/Jul/2025:00:06:52 +0000] "GET /entity/350554090 HTTP/1.1" 404 12742 "-" "Mozilla/5.0 (compatible; DataForSeoBot/1.0; +https://dataforseo.com/dataforseo-bot)"
136.243.228.181 - - [16/Jul/2025:00:06:56 +0000] "GET /entity/350556422 HTTP/1.1" 404 12737 "-" "Mozilla/5.0 (compatible; DataForSeoBot/1.0; +https://dataforseo.com/dataforseo-bot)"
136.243.228.181 - - [16/Jul/2025:00:06:59 +0000] "GET /entity/350593364 HTTP/1.1" 404 12737 "-" "Mozilla/5.0 (compatible; DataForSeoBot/1.0; +https://dataforseo.com/dataforseo-bot)"
136.243.228.181 - - [16/Jul/2025:00:07:03 +0000] "GET /entity/350434264 HTTP/1.1" 404 12735 "-" "Mozilla/5.0 (compatible; DataForSeoBot/1.0; +https://dataforseo.com/dataforseo-bot)"
136.243.228.181 - - [16/Jul/2025:00:07:08 +0000] "GET /entity/350593615 HTTP/1.1" 404 12737 "-" "Mozilla/5.0 (compatible; DataForSeoBot/1.0; +https://dataforseo.com/dataforseo-bot)"
136.243.228.181 - - [16/Jul/2025:00:07:11 +0000] "GET /entity/350593894 HTTP/1.1" 404 12736 "-" "Mozilla/5.0 (compatible; DataForSeoBot/1.0; +https://dataforseo.com/dataforseo-bot)"
136.243.228.181 - - [16/Jul/2025:00:07:15 +0000] "GET /entity/350585378 HTTP/1.1" 404 12735 "-" "Mozilla/5.0 (compatible; DataForSeoBot/1.0; +https://dataforseo.com/dataforseo-bot)"
136.243.228.181 - - [16/Jul/2025:00:07:19 +0000] "GET /entity/350515181 HTTP/1.1" 404 12735 "-" "Mozilla/5.0 (compatible; DataForSeoBot/1.0; +https://dataforseo.com/dataforseo-bot)"
209.74.77.214 - - [16/Jul/2025:00:07:24 +0000] "POST /wp-cron.php?doing_wp_cron=1752624444.2228240966796875000000 HTTP/1.1" 200 - "-" "WordPress/6.8.1; https://teamhachem.com"
136.243.228.181 - - [16/Jul/2025:00:07:23 +0000] "GET /entity/350508979 HTTP/1.1" 404 12732 "-" "Mozilla/5.0 (compatible; DataForSeoBot/1.0; +https://dataforseo.com/dataforseo-bot)"
136.243.228.181 - - [16/Jul/2025:00:07:27 +0000] "GET /entity/350608148 HTTP/1.1" 404 12739 "-" "Mozilla/5.0 (compatible; DataForSeoBot/1.0; +https://dataforseo.com/dataforseo-bot)"
209.74.77.214 - - [16/Jul/2025:00:07:31 +0000] "POST /wp-cron.php?doing_wp_cron=1752624451.8943009376525878906250 HTTP/1.1" 200 - "-" "WordPress/6.8.1; https://teamhachem.com"
136.243.228.181 - - [16/Jul/2025:00:07:31 +0000] "GET /entity/350542184 HTTP/1.1" 404 12735 "-" "Mozilla/5.0 (compatible; DataForSeoBot/1.0; +https://dataforseo.com/dataforseo-bot)"
136.243.228.181 - - [16/Jul/2025:00:07:35 +0000] "GET /entity/350532279 HTTP/1.1" 404 12738 "-" "Mozilla/5.0 (compatible; DataForSeoBot/1.0; +https://dataforseo.com/dataforseo-bot)"
136.243.228.181 - - [16/Jul/2025:00:07:39 +0000] "GET /entity/350445347 HTTP/1.1" 404 12738 "-" "Mozilla/5.0 (compatible; DataForSeoBot/1.0; +https://dataforseo.com/dataforseo-bot)"
136.243.228.181 - - [16/Jul/2025:00:07:44 +0000] "GET /entity/350431404 HTTP/1.1" 404 12741 "-" "Mozilla/5.0 (compatible; DataForSeoBot/1.0; +https://dataforseo.com/dataforseo-bot)"
136.243.228.181 - - [16/Jul/2025:00:07:47 +0000] "GET /entity/350483943 HTTP/1.1" 404 12731 "-" "Mozilla/5.0 (compatible; DataForSeoBot/1.0; +https://dataforseo.com/dataforseo-bot)"
43.130.26.3 - - [16/Jul/2025:00:07:57 +0000] "GET /elements/shortcodes/ HTTP/1.1" 200 13897 "-" "Mozilla/5.0 (iPhone; CPU iPhone OS 13_2_3 like Mac OS X) AppleWebKit/605.1.15 (KHTML, like Gecko) Version/13.0.3 Mobile/15E148 Safari/604.1"
136.243.228.181 - - [16/Jul/2025:00:08:00 +0000] "GET /entity/350530561 HTTP/1.1" 404 12734 "-" "Mozilla/5.0 (compatible; DataForSeoBot/1.0; +https://dataforseo.com/dataforseo-bot)"
136.243.228.181 - - [16/Jul/2025:00:08:05 +0000] "GET /entity/350554702 HTTP/1.1" 404 12733 "-" "Mozilla/5.0 (compatible; DataForSeoBot/1.0; +https://dataforseo.com/dataforseo-bot)"
136.243.228.181 - - [16/Jul/2025:00:08:08 +0000] "GET /entity/350605834 HTTP/1.1" 404 12733 "-" "Mozilla/5.0 (compatible; DataForSeoBot/1.0; +https://dataforseo.com/dataforseo-bot)"
66.249.73.225 - - [16/Jul/2025:00:09:22 +0000] "GET /entity/1546332 HTTP/1.1" 200 17968 "-" "Mozilla/5.0 (Linux; Android 6.0.1; Nexus 5X Build/MMB29P) AppleWebKit/537.36 (KHTML, like Gecko) Chrome/137.0.7151.103 Mobile Safari/537.36 (compatible; Googlebot/2.1; +http://www.google.com/bot.html)"
66.249.73.227 - - [16/Jul/2025:00:09:25 +0000] "POST /get-message-notify HTTP/1.1" 200 18727 "https://teamhachem.com/entity/1546332" "Mozilla/5.0 (Linux; Android 6.0.1; Nexus 5X Build/MMB29P) AppleWebKit/537.36 (KHTML, like Gecko) Chrome/137.0.7151.119 Mobile Safari/537.36 (compatible; Googlebot/2.1; +http://www.google.com/bot.html)"
66.249.73.226 - - [16/Jul/2025:00:14:50 +0000] "GET /entity/406345791 HTTP/1.1" 200 19306 "-" "Mozilla/5.0 (Linux; Android 6.0.1; Nexus 5X Build/MMB29P) AppleWebKit/537.36 (KHTML, like Gecko) Chrome/137.0.7151.103 Mobile Safari/537.36 (compatible; Googlebot/2.1; +http://www.google.com/bot.html)"
40.77.167.67 - - [16/Jul/2025:00:14:54 +0000] "GET /entity/615344064 HTTP/1.1" 200 21202 "-" "Mozilla/5.0 AppleWebKit/537.36 (KHTML, like Gecko; compatible; bingbot/2.0; +http://www.bing.com/bingbot.htm) Chrome/116.0.1938.76 Safari/537.36"
209.74.77.214 - - [16/Jul/2025:00:16:27 +0000] "POST /wp-cron.php?doing_wp_cron=1752624987.3250188827514648437500 HTTP/1.1" 200 - "-" "WordPress/6.8.1; https://teamhachem.com"
101.33.66.34 - - [16/Jul/2025:00:16:24 +0000] "GET /xmlrpc.php?rsd HTTP/1.1" 200 303 "-" "Mozilla/5.0 (iPhone; CPU iPhone OS 13_2_3 like Mac OS X) AppleWebKit/605.1.15 (KHTML, like Gecko) Version/13.0.3 Mobile/15E148 Safari/604.1"
66.249.73.225 - - [16/Jul/2025:00:19:18 +0000] "GET /entity/2020044 HTTP/1.1" 200 19350 "-" "Mozilla/5.0 (Linux; Android 6.0.1; Nexus 5X Build/MMB29P) AppleWebKit/537.36 (KHTML, like Gecko) Chrome/137.0.7151.103 Mobile Safari/537.36 (compatible; Googlebot/2.1; +http://www.google.com/bot.html)"
66.249.73.226 - - [16/Jul/2025:00:21:45 +0000] "GET /entity/478136931 HTTP/1.1" 200 17896 "-" "Mozilla/5.0 (Linux; Android 6.0.1; Nexus 5X Build/MMB29P) AppleWebKit/537.36 (KHTML, like Gecko) Chrome/137.0.7151.103 Mobile Safari/537.36 (compatible; GoogleOther)"
66.249.73.225 - - [16/Jul/2025:00:21:49 +0000] "POST /get-message-notify HTTP/1.1" 200 18727 "https://teamhachem.com/entity/478136931" "Mozilla/5.0 (Linux; Android 6.0.1; Nexus 5X Build/MMB29P) AppleWebKit/537.36 (KHTML, like Gecko) Chrome/137.0.7151.119 Mobile Safari/537.36 (compatible; Googlebot/2.1; +http://www.google.com/bot.html)"
209.74.77.214 - - [16/Jul/2025:00:22:43 +0000] "POST /wp-cron.php?doing_wp_cron=1752625363.2429590225219726562500 HTTP/1.1" 200 - "-" "WordPress/6.8.1; https://teamhachem.com"
170.106.180.139 - - [16/Jul/2025:00:22:39 +0000] "GET /checkout/ HTTP/1.1" 302 - "-" "Mozilla/5.0 (iPhone; CPU iPhone OS 13_2_3 like Mac OS X) AppleWebKit/605.1.15 (KHTML, like Gecko) Version/13.0.3 Mobile/15E148 Safari/604.1"
