44.250.139.35 - - [15/Jul/2025:22:58:55 +0000] "GET /wp-content/uploads/2024/10/huiUntitled-design.png HTTP/1.1" 200 50162 "-" "Mozilla/5.0 (Linux; Android 12; Pixel 6) AppleWebKit/537.36 (KHTML, like Gecko) Chrome/114.0.0.0 Mobile Safari/537.36"
44.250.139.35 - - [15/Jul/2025:22:58:55 +0000] "GET /wp-content/plugins/contact-form-7/includes/swv/js/index.js?ver=6.1 HTTP/1.1" 200 3503 "-" "Mozilla/5.0 (Linux; Android 12; Pixel 6) AppleWebKit/537.36 (KHTML, like Gecko) Chrome/114.0.0.0 Mobile Safari/537.36"
44.250.139.35 - - [15/Jul/2025:22:58:55 +0000] "GET /wp-content/uploads/2018/10/watermark.png HTTP/1.1" 200 5875 "-" "Mozilla/5.0 (Linux; Android 12; Pixel 6) AppleWebKit/537.36 (KHTML, like Gecko) Chrome/114.0.0.0 Mobile Safari/537.36"
44.250.139.35 - - [15/Jul/2025:22:58:55 +0000] "GET /wp-content/uploads/2018/09/img-go-top.png HTTP/1.1" 200 288 "-" "Mozilla/5.0 (Linux; Android 12; Pixel 6) AppleWebKit/537.36 (KHTML, like Gecko) Chrome/114.0.0.0 Mobile Safari/537.36"
44.250.139.35 - - [15/Jul/2025:22:58:55 +0000] "GET /wp-content/uploads/2018/01/events-icon.png HTTP/1.1" 200 1208 "-" "Mozilla/5.0 (Linux; Android 12; Pixel 6) AppleWebKit/537.36 (KHTML, like Gecko) Chrome/114.0.0.0 Mobile Safari/537.36"
44.250.139.35 - - [15/Jul/2025:22:58:55 +0000] "GET /wp-content/uploads/2024/10/cropped-android-chrome-512x512-1-32x32.png HTTP/1.1" 200 628 "-" "Mozilla/5.0 (Linux; Android 12; Pixel 6) AppleWebKit/537.36 (KHTML, like Gecko) Chrome/114.0.0.0 Mobile Safari/537.36"
44.250.139.35 - - [15/Jul/2025:22:58:55 +0000] "GET /wp-content/plugins/woocommerce/assets/js/frontend/order-attribution.min.js?ver=10.0.2 HTTP/1.1" 200 1128 "-" "Mozilla/5.0 (Linux; Android 12; Pixel 6) AppleWebKit/537.36 (KHTML, like Gecko) Chrome/114.0.0.0 Mobile Safari/537.36"
44.250.139.35 - - [15/Jul/2025:22:58:55 +0000] "GET /wp-content/uploads/2018/03/w1-70x70.jpg HTTP/1.1" 200 2169 "-" "Mozilla/5.0 (Linux; Android 12; Pixel 6) AppleWebKit/537.36 (KHTML, like Gecko) Chrome/114.0.0.0 Mobile Safari/537.36"
44.250.139.35 - - [15/Jul/2025:22:58:55 +0000] "GET /wp-content/themes/artkombat/assets/js/map-style.js?ver=1.0.0 HTTP/1.1" 200 335 "-" "Mozilla/5.0 (Linux; Android 12; Pixel 6) AppleWebKit/537.36 (KHTML, like Gecko) Chrome/114.0.0.0 Mobile Safari/537.36"
44.250.139.35 - - [15/Jul/2025:22:58:55 +0000] "GET /wp-content/uploads/2018/09/logo-6.png HTTP/1.1" 200 6475 "-" "Mozilla/5.0 (Linux; Android 12; Pixel 6) AppleWebKit/537.36 (KHTML, like Gecko) Chrome/114.0.0.0 Mobile Safari/537.36"
44.250.139.35 - - [15/Jul/2025:22:58:55 +0000] "GET /wp-content/uploads/2018/09/logo-3.png HTTP/1.1" 200 11995 "-" "Mozilla/5.0 (Linux; Android 12; Pixel 6) AppleWebKit/537.36 (KHTML, like Gecko) Chrome/114.0.0.0 Mobile Safari/537.36"
44.250.139.35 - - [15/Jul/2025:22:58:55 +0000] "GET /wp-content/plugins/metronet-profile-picture/js/mpp-frontend.js?ver=2.6.3 HTTP/1.1" 200 195 "-" "Mozilla/5.0 (Linux; Android 12; Pixel 6) AppleWebKit/537.36 (KHTML, like Gecko) Chrome/114.0.0.0 Mobile Safari/537.36"
44.250.139.35 - - [15/Jul/2025:22:58:55 +0000] "GET /wp-content/uploads/2018/03/w3-70x70.jpg HTTP/1.1" 200 2120 "-" "Mozilla/5.0 (Linux; Android 12; Pixel 6) AppleWebKit/537.36 (KHTML, like Gecko) Chrome/114.0.0.0 Mobile Safari/537.36"
44.250.139.35 - - [15/Jul/2025:22:58:55 +0000] "GET /wp-content/themes/artkombat/assets/js/scrollreveal.js?ver=3.3.4 HTTP/1.1" 200 3269 "-" "Mozilla/5.0 (Linux; Android 12; Pixel 6) AppleWebKit/537.36 (KHTML, like Gecko) Chrome/114.0.0.0 Mobile Safari/537.36"
44.250.139.35 - - [15/Jul/2025:22:58:55 +0000] "GET /wp-content/uploads/2018/09/blog_02-370x258.jpg HTTP/1.1" 200 15942 "-" "Mozilla/5.0 (Linux; Android 12; Pixel 6) AppleWebKit/537.36 (KHTML, like Gecko) Chrome/114.0.0.0 Mobile Safari/537.36"
44.250.139.35 - - [15/Jul/2025:22:58:55 +0000] "GET /wp-content/uploads/2018/09/blog_03-370x258.jpg HTTP/1.1" 200 15336 "-" "Mozilla/5.0 (Linux; Android 12; Pixel 6) AppleWebKit/537.36 (KHTML, like Gecko) Chrome/114.0.0.0 Mobile Safari/537.36"
44.250.139.35 - - [15/Jul/2025:22:58:55 +0000] "GET /wp-content/plugins/unyson/framework/static/libs/lnr/css/lnr.css?ver=2.7.25 HTTP/1.1" 200 1660 "-" "Mozilla/5.0 (Linux; Android 12; Pixel 6) AppleWebKit/537.36 (KHTML, like Gecko) Chrome/114.0.0.0 Mobile Safari/537.36"
44.250.139.35 - - [15/Jul/2025:22:58:55 +0000] "GET /wp-content/themes/artkombat/assets/css/magnific-popup.css?ver=1.1.0 HTTP/1.1" 200 1816 "-" "Mozilla/5.0 (Linux; Android 12; Pixel 6) AppleWebKit/537.36 (KHTML, like Gecko) Chrome/114.0.0.0 Mobile Safari/537.36"
44.250.139.35 - - [15/Jul/2025:22:58:55 +0000] "GET /wp-content/uploads/2018/01/events-time.png HTTP/1.1" 200 942 "-" "Mozilla/5.0 (Linux; Android 12; Pixel 6) AppleWebKit/537.36 (KHTML, like Gecko) Chrome/114.0.0.0 Mobile Safari/537.36"
44.250.139.35 - - [15/Jul/2025:22:58:55 +0000] "GET /wp-content/themes/artkombat/assets/js/parallax-scroll.min.js?ver=1.0 HTTP/1.1" 200 5261 "-" "Mozilla/5.0 (Linux; Android 12; Pixel 6) AppleWebKit/537.36 (KHTML, like Gecko) Chrome/114.0.0.0 Mobile Safari/537.36"
44.250.139.35 - - [15/Jul/2025:22:58:55 +0000] "GET /wp-content/uploads/2024/10/ndis-logo-copy_small-300x92.png HTTP/1.1" 200 31194 "-" "Mozilla/5.0 (Linux; Android 12; Pixel 6) AppleWebKit/537.36 (KHTML, like Gecko) Chrome/114.0.0.0 Mobile Safari/537.36"
44.250.139.35 - - [15/Jul/2025:22:58:55 +0000] "GET /wp-includes/js/imagesloaded.min.js?ver=5.0.0 HTTP/1.1" 200 1803 "-" "Mozilla/5.0 (Linux; Android 12; Pixel 6) AppleWebKit/537.36 (KHTML, like Gecko) Chrome/114.0.0.0 Mobile Safari/537.36"
44.250.139.35 - - [15/Jul/2025:22:58:55 +0000] "GET /wp-content/themes/artkombat/assets/js/pace.js?ver=6.8.1 HTTP/1.1" 200 4291 "-" "Mozilla/5.0 (Linux; Android 12; Pixel 6) AppleWebKit/537.36 (KHTML, like Gecko) Chrome/114.0.0.0 Mobile Safari/537.36"
44.250.139.35 - - [15/Jul/2025:22:58:55 +0000] "GET /wp-content/themes/artkombat/style.css?ver=6.8.1 HTTP/1.1" 200 64827 "-" "Mozilla/5.0 (Linux; Android 12; Pixel 6) AppleWebKit/537.36 (KHTML, like Gecko) Chrome/114.0.0.0 Mobile Safari/537.36"
44.250.139.35 - - [15/Jul/2025:22:58:55 +0000] "GET /wp-content/themes/artkombat/assets/js/swiper.js?ver=4.3.3 HTTP/1.1" 200 32454 "-" "Mozilla/5.0 (Linux; Android 12; Pixel 6) AppleWebKit/537.36 (KHTML, like Gecko) Chrome/114.0.0.0 Mobile Safari/537.36"
44.250.139.35 - - [15/Jul/2025:22:58:55 +0000] "GET /wp-includes/js/jquery/jquery.min.js?ver=3.7.1 HTTP/1.1" 200 30368 "-" "Mozilla/5.0 (Linux; Android 12; Pixel 6) AppleWebKit/537.36 (KHTML, like Gecko) Chrome/114.0.0.0 Mobile Safari/537.36"
44.250.139.35 - - [15/Jul/2025:22:58:55 +0000] "GET /wp-content/plugins/js_composer/assets/lib/vendor/node_modules/@fortawesome/fontawesome-free/css/v4-shims.min.css?ver=8.0 HTTP/1.1" 200 4229 "-" "Mozilla/5.0 (Linux; Android 12; Pixel 6) AppleWebKit/537.36 (KHTML, like Gecko) Chrome/114.0.0.0 Mobile Safari/537.36"
44.250.139.35 - - [15/Jul/2025:22:58:55 +0000] "GET /wp-content/themes/artkombat/assets/js/affix.js?ver=3.3.7 HTTP/1.1" 200 1115 "-" "Mozilla/5.0 (Linux; Android 12; Pixel 6) AppleWebKit/537.36 (KHTML, like Gecko) Chrome/114.0.0.0 Mobile Safari/537.36"
44.250.139.35 - - [15/Jul/2025:22:58:55 +0000] "GET /wp-content/uploads/2018/09/blog_01-370x258.jpg HTTP/1.1" 200 16535 "-" "Mozilla/5.0 (Linux; Android 12; Pixel 6) AppleWebKit/537.36 (KHTML, like Gecko) Chrome/114.0.0.0 Mobile Safari/537.36"
44.250.139.35 - - [15/Jul/2025:22:58:55 +0000] "GET /wp-content/themes/artkombat/assets/js/jquery.nicescroll.js?ver=3.7.6 HTTP/1.1" 200 16928 "-" "Mozilla/5.0 (Linux; Android 12; Pixel 6) AppleWebKit/537.36 (KHTML, like Gecko) Chrome/114.0.0.0 Mobile Safari/537.36"
44.250.139.35 - - [15/Jul/2025:22:58:55 +0000] "GET /wp-content/themes/artkombat/assets/js/jquery.countdown.js?ver=2.2.0 HTTP/1.1" 200 1740 "-" "Mozilla/5.0 (Linux; Android 12; Pixel 6) AppleWebKit/537.36 (KHTML, like Gecko) Chrome/114.0.0.0 Mobile Safari/537.36"
44.250.139.35 - - [15/Jul/2025:22:58:55 +0000] "GET /wp-content/uploads/2024/10/cropped-android-chrome-512x512-1-192x192.png HTTP/1.1" 200 3087 "-" "Mozilla/5.0 (Linux; Android 12; Pixel 6) AppleWebKit/537.36 (KHTML, like Gecko) Chrome/114.0.0.0 Mobile Safari/537.36"
44.250.139.35 - - [15/Jul/2025:22:58:55 +0000] "GET /wp-content/uploads/2018/01/events-time.png HTTP/1.1" 200 942 "-" "Mozilla/5.0 (Linux; Android 12; Pixel 6) AppleWebKit/537.36 (KHTML, like Gecko) Chrome/114.0.0.0 Mobile Safari/537.36"
44.250.139.35 - - [15/Jul/2025:22:58:55 +0000] "GET /wp-content/plugins/js_composer/assets/lib/vendor/node_modules/animate.css/animate.min.css?ver=8.0 HTTP/1.1" 200 4259 "-" "Mozilla/5.0 (Linux; Android 12; Pixel 6) AppleWebKit/537.36 (KHTML, like Gecko) Chrome/114.0.0.0 Mobile Safari/537.36"
44.250.139.35 - - [15/Jul/2025:22:58:55 +0000] "GET /wp-content/plugins/unyson/framework/static/libs/font-awesome/css/font-awesome.min.css?ver=2.7.25 HTTP/1.1" 200 7053 "-" "Mozilla/5.0 (Linux; Android 12; Pixel 6) AppleWebKit/537.36 (KHTML, like Gecko) Chrome/114.0.0.0 Mobile Safari/537.36"
44.250.139.35 - - [15/Jul/2025:22:58:55 +0000] "GET /wp-content/plugins/woocommerce/assets/js/sourcebuster/sourcebuster.min.js?ver=10.0.2 HTTP/1.1" 200 4807 "-" "Mozilla/5.0 (Linux; Android 12; Pixel 6) AppleWebKit/537.36 (KHTML, like Gecko) Chrome/114.0.0.0 Mobile Safari/537.36"
44.250.139.35 - - [15/Jul/2025:22:58:55 +0000] "GET /wp-content/plugins/js_composer/assets/lib/vendor/node_modules/@fortawesome/fontawesome-free/css/all.min.css?ver=8.0 HTTP/1.1" 200 12858 "-" "Mozilla/5.0 (Linux; Android 12; Pixel 6) AppleWebKit/537.36 (KHTML, like Gecko) Chrome/114.0.0.0 Mobile Safari/537.36"
44.250.139.35 - - [15/Jul/2025:22:58:55 +0000] "GET /wp-content/themes/artkombat/assets/js/jquery.paroller.min.js?ver=1.3.1 HTTP/1.1" 200 656 "-" "Mozilla/5.0 (Linux; Android 12; Pixel 6) AppleWebKit/537.36 (KHTML, like Gecko) Chrome/114.0.0.0 Mobile Safari/537.36"
44.250.139.35 - - [15/Jul/2025:22:58:55 +0000] "GET /wp-content/plugins/js_composer/assets/js/vendors/woocommerce-add-to-cart.js?ver=8.0 HTTP/1.1" 200 374 "-" "Mozilla/5.0 (Linux; Android 12; Pixel 6) AppleWebKit/537.36 (KHTML, like Gecko) Chrome/114.0.0.0 Mobile Safari/537.36"
44.250.139.35 - - [15/Jul/2025:22:58:55 +0000] "GET /wp-content/uploads/2018/09/subscribe.png HTTP/1.1" 200 942 "-" "Mozilla/5.0 (Linux; Android 12; Pixel 6) AppleWebKit/537.36 (KHTML, like Gecko) Chrome/114.0.0.0 Mobile Safari/537.36"
44.250.139.35 - - [15/Jul/2025:22:58:55 +0000] "GET /wp-content/themes/artkombat/assets/js/jquery.zoomslider.js?ver=0.2.3 HTTP/1.1" 200 2157 "-" "Mozilla/5.0 (Linux; Android 12; Pixel 6) AppleWebKit/537.36 (KHTML, like Gecko) Chrome/114.0.0.0 Mobile Safari/537.36"
44.250.139.35 - - [15/Jul/2025:22:58:55 +0000] "GET /wp-content/themes/artkombat/assets/js/jquery.magnific-popup.js?ver=1.1.0 HTTP/1.1" 200 12489 "-" "Mozilla/5.0 (Linux; Android 12; Pixel 6) AppleWebKit/537.36 (KHTML, like Gecko) Chrome/114.0.0.0 Mobile Safari/537.36"
44.250.139.35 - - [15/Jul/2025:22:58:55 +0000] "GET /wp-content/themes/artkombat/assets/js/scripts.js?ver=1.0 HTTP/1.1" 200 6746 "-" "Mozilla/5.0 (Linux; Android 12; Pixel 6) AppleWebKit/537.36 (KHTML, like Gecko) Chrome/114.0.0.0 Mobile Safari/537.36"
44.250.139.35 - - [15/Jul/2025:22:58:55 +0000] "GET /wp-content/uploads/2024/10/02255Untitled-design-365x520.png HTTP/1.1" 200 174875 "-" "Mozilla/5.0 (Linux; Android 12; Pixel 6) AppleWebKit/537.36 (KHTML, like Gecko) Chrome/114.0.0.0 Mobile Safari/537.36"
44.250.139.35 - - [15/Jul/2025:22:58:55 +0000] "GET /wp-content/uploads/2017/09/coach3-1-365x520.png HTTP/1.1" 200 206259 "-" "Mozilla/5.0 (Linux; Android 12; Pixel 6) AppleWebKit/537.36 (KHTML, like Gecko) Chrome/114.0.0.0 Mobile Safari/537.36"
44.250.139.35 - - [15/Jul/2025:22:58:55 +0000] "GET /wp-content/uploads/2017/09/coach4-removebg-preview-365x520.png HTTP/1.1" 200 174481 "-" "Mozilla/5.0 (Linux; Android 12; Pixel 6) AppleWebKit/537.36 (KHTML, like Gecko) Chrome/114.0.0.0 Mobile Safari/537.36"
44.250.139.35 - - [15/Jul/2025:22:58:55 +0000] "GET /wp-content/uploads/2017/09/coach5-removebg-preview-365x520.png HTTP/1.1" 200 180760 "-" "Mozilla/5.0 (Linux; Android 12; Pixel 6) AppleWebKit/537.36 (KHTML, like Gecko) Chrome/114.0.0.0 Mobile Safari/537.36"
44.250.139.35 - - [15/Jul/2025:22:58:55 +0000] "GET /wp-content/uploads/2017/09/couchh2-3-365x520.png HTTP/1.1" 200 227451 "-" "Mozilla/5.0 (Linux; Android 12; Pixel 6) AppleWebKit/537.36 (KHTML, like Gecko) Chrome/114.0.0.0 Mobile Safari/537.36"
44.250.139.35 - - [15/Jul/2025:22:58:55 +0000] "GET /wp-content/uploads/2018/09/boxing-glove.png HTTP/1.1" 200 297998 "-" "Mozilla/5.0 (Linux; Android 12; Pixel 6) AppleWebKit/537.36 (KHTML, like Gecko) Chrome/114.0.0.0 Mobile Safari/537.36"
44.250.139.35 - - [15/Jul/2025:22:58:55 +0000] "GET /wp-content/plugins/woocommerce/assets/client/blocks/wc-blocks.css?ver=wc-10.0.2 HTTP/1.1" 200 2575 "-" "Mozilla/5.0 (Linux; Android 12; Pixel 6) AppleWebKit/537.36 (KHTML, like Gecko) Chrome/114.0.0.0 Mobile Safari/537.36"
44.250.139.35 - - [15/Jul/2025:22:58:55 +0000] "GET /wp-content/themes/artkombat-child/style.css?ver=1.0 HTTP/1.1" 200 345 "-" "Mozilla/5.0 (Linux; Android 12; Pixel 6) AppleWebKit/537.36 (KHTML, like Gecko) Chrome/114.0.0.0 Mobile Safari/537.36"
44.250.139.35 - - [15/Jul/2025:22:58:55 +0000] "GET /wp-content/uploads/2018/09/logo-4.png HTTP/1.1" 200 6489 "-" "Mozilla/5.0 (Linux; Android 12; Pixel 6) AppleWebKit/537.36 (KHTML, like Gecko) Chrome/114.0.0.0 Mobile Safari/537.36"
44.250.139.35 - - [15/Jul/2025:22:58:55 +0000] "GET /wp-content/uploads/2018/03/w6-70x70.jpg HTTP/1.1" 200 2136 "-" "Mozilla/5.0 (Linux; Android 12; Pixel 6) AppleWebKit/537.36 (KHTML, like Gecko) Chrome/114.0.0.0 Mobile Safari/537.36"
44.250.139.35 - - [15/Jul/2025:22:58:55 +0000] "GET /wp-content/uploads/2024/10/cropped-android-chrome-512x512-1-180x180.png HTTP/1.1" 200 2949 "-" "Mozilla/5.0 (Linux; Android 12; Pixel 6) AppleWebKit/537.36 (KHTML, like Gecko) Chrome/114.0.0.0 Mobile Safari/537.36"
44.250.139.35 - - [15/Jul/2025:22:58:55 +0000] "GET /wp-content/uploads/2018/09/logo-1.png HTTP/1.1" 200 9062 "-" "Mozilla/5.0 (Linux; Android 12; Pixel 6) AppleWebKit/537.36 (KHTML, like Gecko) Chrome/114.0.0.0 Mobile Safari/537.36"
44.250.139.35 - - [15/Jul/2025:22:58:55 +0000] "GET /wp-content/uploads/2024/10/lp-boxing-gears-uniform-boxing-gloves.png HTTP/1.1" 200 37497 "-" "Mozilla/5.0 (Linux; Android 12; Pixel 6) AppleWebKit/537.36 (KHTML, like Gecko) Chrome/114.0.0.0 Mobile Safari/537.36"
44.250.139.35 - - [15/Jul/2025:22:58:55 +0000] "GET /wp-content/uploads/2018/09/logo-2.png HTTP/1.1" 200 5909 "-" "Mozilla/5.0 (Linux; Android 12; Pixel 6) AppleWebKit/537.36 (KHTML, like Gecko) Chrome/114.0.0.0 Mobile Safari/537.36"
44.250.139.35 - - [15/Jul/2025:22:58:55 +0000] "GET /wp-content/plugins/unyson/framework/static/libs/unycon/unycon.css?ver=2.7.25 HTTP/1.1" 200 6088 "-" "Mozilla/5.0 (Linux; Android 12; Pixel 6) AppleWebKit/537.36 (KHTML, like Gecko) Chrome/114.0.0.0 Mobile Safari/537.36"
44.250.139.35 - - [15/Jul/2025:22:58:55 +0000] "GET /wp-content/plugins/unyson/framework/static/libs/typcn/css/typcn.css?ver=2.7.25 HTTP/1.1" 200 3998 "-" "Mozilla/5.0 (Linux; Android 12; Pixel 6) AppleWebKit/537.36 (KHTML, like Gecko) Chrome/114.0.0.0 Mobile Safari/537.36"
44.250.139.35 - - [15/Jul/2025:22:58:55 +0000] "GET /xmlrpc.php?rsd HTTP/1.1" 200 303 "-" "Mozilla/5.0 (Linux; Android 12; Pixel 6) AppleWebKit/537.36 (KHTML, like Gecko) Chrome/114.0.0.0 Mobile Safari/537.36"
44.250.139.35 - - [15/Jul/2025:22:58:55 +0000] "GET /wp-content/uploads/2024/10/itled-design.png HTTP/1.1" 200 111463 "-" "Mozilla/5.0 (Linux; Android 12; Pixel 6) AppleWebKit/537.36 (KHTML, like Gecko) Chrome/114.0.0.0 Mobile Safari/537.36"
44.250.139.35 - - [15/Jul/2025:22:58:55 +0000] "GET /wp-content/uploads/2018/10/skills-men.png HTTP/1.1" 200 207780 "-" "Mozilla/5.0 (Linux; Android 12; Pixel 6) AppleWebKit/537.36 (KHTML, like Gecko) Chrome/114.0.0.0 Mobile Safari/537.36"
44.250.139.35 - - [15/Jul/2025:22:58:55 +0000] "GET /wp-content/uploads/2018/09/serv_04-600x450.jpg HTTP/1.1" 200 43957 "-" "Mozilla/5.0 (Linux; Android 12; Pixel 6) AppleWebKit/537.36 (KHTML, like Gecko) Chrome/114.0.0.0 Mobile Safari/537.36"
44.250.139.35 - - [15/Jul/2025:22:58:55 +0000] "GET /wp-content/uploads/2018/10/watermark.png HTTP/1.1" 200 5875 "-" "Mozilla/5.0 (Linux; Android 12; Pixel 6) AppleWebKit/537.36 (KHTML, like Gecko) Chrome/114.0.0.0 Mobile Safari/537.36"
44.250.139.35 - - [15/Jul/2025:22:58:55 +0000] "GET /wp-content/uploads/2018/09/serv_03-600x450.jpg HTTP/1.1" 200 32282 "-" "Mozilla/5.0 (Linux; Android 12; Pixel 6) AppleWebKit/537.36 (KHTML, like Gecko) Chrome/114.0.0.0 Mobile Safari/537.36"
44.250.139.35 - - [15/Jul/2025:22:58:55 +0000] "GET /wp-content/uploads/2018/10/watermark.png HTTP/1.1" 200 5875 "-" "Mozilla/5.0 (Linux; Android 12; Pixel 6) AppleWebKit/537.36 (KHTML, like Gecko) Chrome/114.0.0.0 Mobile Safari/537.36"
44.250.139.35 - - [15/Jul/2025:22:58:55 +0000] "GET /wp-includes/css/dashicons.min.css?ver=6.8.1 HTTP/1.1" 200 35730 "-" "Mozilla/5.0 (Linux; Android 12; Pixel 6) AppleWebKit/537.36 (KHTML, like Gecko) Chrome/114.0.0.0 Mobile Safari/537.36"
44.250.139.35 - - [15/Jul/2025:22:58:55 +0000] "GET /wp-content/themes/artkombat-child/style.css?ver=1.0 HTTP/1.1" 200 345 "-" "Mozilla/5.0 (Linux; Android 12; Pixel 6) AppleWebKit/537.36 (KHTML, like Gecko) Chrome/114.0.0.0 Mobile Safari/537.36"
44.250.139.35 - - [15/Jul/2025:22:58:55 +0000] "GET /wp-content/uploads/2018/09/serv_02-600x450.jpg HTTP/1.1" 200 33110 "-" "Mozilla/5.0 (Linux; Android 12; Pixel 6) AppleWebKit/537.36 (KHTML, like Gecko) Chrome/114.0.0.0 Mobile Safari/537.36"
44.250.139.35 - - [15/Jul/2025:22:58:55 +0000] "GET /wp-content/uploads/2018/10/watermark.png HTTP/1.1" 200 5875 "-" "Mozilla/5.0 (Linux; Android 12; Pixel 6) AppleWebKit/537.36 (KHTML, like Gecko) Chrome/114.0.0.0 Mobile Safari/537.36"
44.250.139.35 - - [15/Jul/2025:22:58:55 +0000] "GET /wp-content/plugins/woocommerce/assets/css/brands.css?ver=10.0.2 HTTP/1.1" 200 684 "-" "Mozilla/5.0 (Linux; Android 12; Pixel 6) AppleWebKit/537.36 (KHTML, like Gecko) Chrome/114.0.0.0 Mobile Safari/537.36"
44.250.139.35 - - [15/Jul/2025:22:58:55 +0000] "GET /wp-content/plugins/post-views-counter/css/frontend.min.css?ver=1.5.5 HTTP/1.1" 200 440 "-" "Mozilla/5.0 (Linux; Android 12; Pixel 6) AppleWebKit/537.36 (KHTML, like Gecko) Chrome/114.0.0.0 Mobile Safari/537.36"
44.250.139.35 - - [15/Jul/2025:22:58:55 +0000] "GET /wp-content/uploads/2024/10/Teamw.png HTTP/1.1" 200 5125 "-" "Mozilla/5.0 (Linux; Android 12; Pixel 6) AppleWebKit/537.36 (KHTML, like Gecko) Chrome/114.0.0.0 Mobile Safari/537.36"
44.250.139.35 - - [15/Jul/2025:22:58:55 +0000] "GET /wp-content/uploads/2024/10/Teamw.png HTTP/1.1" 200 5125 "-" "Mozilla/5.0 (Linux; Android 12; Pixel 6) AppleWebKit/537.36 (KHTML, like Gecko) Chrome/114.0.0.0 Mobile Safari/537.36"
44.250.139.35 - - [15/Jul/2025:22:58:55 +0000] "GET /wp-content/plugins/woocommerce/assets/css/woocommerce-smallscreen.css?ver=10.0.2 HTTP/1.1" 200 1279 "-" "Mozilla/5.0 (Linux; Android 12; Pixel 6) AppleWebKit/537.36 (KHTML, like Gecko) Chrome/114.0.0.0 Mobile Safari/537.36"
44.250.139.35 - - [15/Jul/2025:22:58:55 +0000] "GET /wp-content/themes/artkombat/assets/css/plugins.css?ver=1.0 HTTP/1.1" 200 5855 "-" "Mozilla/5.0 (Linux; Android 12; Pixel 6) AppleWebKit/537.36 (KHTML, like Gecko) Chrome/114.0.0.0 Mobile Safari/537.36"
44.250.139.35 - - [15/Jul/2025:22:58:55 +0000] "GET /wp-content/uploads/2018/09/serv_01-600x450.jpg HTTP/1.1" 200 41951 "-" "Mozilla/5.0 (Linux; Android 12; Pixel 6) AppleWebKit/537.36 (KHTML, like Gecko) Chrome/114.0.0.0 Mobile Safari/537.36"
44.250.139.35 - - [15/Jul/2025:22:58:55 +0000] "GET /wp-content/plugins/leadconnector/public/css/lc-public.css?ver=3.0.10.1 HTTP/1.1" 200 106 "-" "Mozilla/5.0 (Linux; Android 12; Pixel 6) AppleWebKit/537.36 (KHTML, like Gecko) Chrome/114.0.0.0 Mobile Safari/537.36"
44.250.139.35 - - [15/Jul/2025:22:58:55 +0000] "GET /wp-content/plugins/woocommerce/assets/css/woocommerce.css?ver=10.0.2 HTTP/1.1" 200 10826 "-" "Mozilla/5.0 (Linux; Android 12; Pixel 6) AppleWebKit/537.36 (KHTML, like Gecko) Chrome/114.0.0.0 Mobile Safari/537.36"
44.250.139.35 - - [15/Jul/2025:22:58:55 +0000] "GET /wp-content/plugins/metronet-profile-picture/dist/blocks.style.build.css?ver=2.6.3 HTTP/1.1" 200 3267 "-" "Mozilla/5.0 (Linux; Android 12; Pixel 6) AppleWebKit/537.36 (KHTML, like Gecko) Chrome/114.0.0.0 Mobile Safari/537.36"
44.250.139.35 - - [15/Jul/2025:22:58:55 +0000] "GET /wp-content/plugins/woocommerce/assets/css/woocommerce-layout.css?ver=10.0.2 HTTP/1.1" 200 3414 "-" "Mozilla/5.0 (Linux; Android 12; Pixel 6) AppleWebKit/537.36 (KHTML, like Gecko) Chrome/114.0.0.0 Mobile Safari/537.36"
44.250.139.35 - - [15/Jul/2025:22:58:55 +0000] "GET /wp-content/plugins/contact-form-7/includes/css/styles.css?ver=6.1 HTTP/1.1" 200 1031 "-" "Mozilla/5.0 (Linux; Android 12; Pixel 6) AppleWebKit/537.36 (KHTML, like Gecko) Chrome/114.0.0.0 Mobile Safari/537.36"
44.250.139.35 - - [15/Jul/2025:22:58:55 +0000] "GET /wp-includes/css/dist/block-library/style.min.css?ver=6.8.1 HTTP/1.1" 200 15323 "-" "Mozilla/5.0 (Linux; Android 12; Pixel 6) AppleWebKit/537.36 (KHTML, like Gecko) Chrome/114.0.0.0 Mobile Safari/537.36"
44.250.139.35 - - [15/Jul/2025:22:58:55 +0000] "GET /wp-content/themes/artkombat/assets/css/bootstrap-grid.css?ver=1.0 HTTP/1.1" 200 21204 "-" "Mozilla/5.0 (Linux; Android 12; Pixel 6) AppleWebKit/537.36 (KHTML, like Gecko) Chrome/114.0.0.0 Mobile Safari/537.36"
44.250.139.35 - - [15/Jul/2025:22:58:55 +0000] "GET /wp-content/plugins/unyson/framework/static/libs/font-awesome/css/font-awesome.min.css?ver=2.7.25 HTTP/1.1" 200 7053 "-" "Mozilla/5.0 (Linux; Android 12; Pixel 6) AppleWebKit/537.36 (KHTML, like Gecko) Chrome/114.0.0.0 Mobile Safari/537.36"
44.250.139.35 - - [15/Jul/2025:22:58:55 +0000] "GET /wp-content/plugins/mailchimp-for-wp/assets/js/forms.js?ver=4.10.5 HTTP/1.1" 200 2591 "-" "Mozilla/5.0 (Linux; Android 12; Pixel 6) AppleWebKit/537.36 (KHTML, like Gecko) Chrome/114.0.0.0 Mobile Safari/537.36"
44.250.139.35 - - [15/Jul/2025:22:58:55 +0000] "GET /wp-content/plugins/js_composer/assets/css/js_composer.min.css?ver=8.0 HTTP/1.1" 200 45510 "-" "Mozilla/5.0 (Linux; Android 12; Pixel 6) AppleWebKit/537.36 (KHTML, like Gecko) Chrome/114.0.0.0 Mobile Safari/537.36"
44.250.139.35 - - [15/Jul/2025:22:58:55 +0000] "GET /comments/feed/ HTTP/1.1" 200 2074 "-" "Mozilla/5.0 (Linux; Android 12; Pixel 6) AppleWebKit/537.36 (KHTML, like Gecko) Chrome/114.0.0.0 Mobile Safari/537.36"
44.250.139.35 - - [15/Jul/2025:22:58:55 +0000] "GET /feed/ HTTP/1.1" 200 4363 "-" "Mozilla/5.0 (Linux; Android 12; Pixel 6) AppleWebKit/537.36 (KHTML, like Gecko) Chrome/114.0.0.0 Mobile Safari/537.36"
44.250.139.35 - - [15/Jul/2025:22:58:55 +0000] "GET / HTTP/1.1" 200 22850 "-" "Mozilla/5.0 (Linux; Android 12; Pixel 6) AppleWebKit/537.36 (KHTML, like Gecko) Chrome/114.0.0.0 Mobile Safari/537.36"
44.250.139.35 - - [15/Jul/2025:22:58:55 +0000] "GET /wp-json/tribe/events/v1/ HTTP/1.1" 200 2446 "-" "Mozilla/5.0 (Linux; Android 12; Pixel 6) AppleWebKit/537.36 (KHTML, like Gecko) Chrome/114.0.0.0 Mobile Safari/537.36"
44.250.139.35 - - [15/Jul/2025:22:58:55 +0000] "GET /wp-json/oembed/1.0/embed?url=https://teamhachem.com/ HTTP/1.1" 200 1066 "-" "Mozilla/5.0 (Linux; Android 12; Pixel 6) AppleWebKit/537.36 (KHTML, like Gecko) Chrome/114.0.0.0 Mobile Safari/537.36"
44.250.139.35 - - [15/Jul/2025:22:58:55 +0000] "GET /wp-json/oembed/1.0/embed?url=https://teamhachem.com/&format=xml HTTP/1.1" 200 1101 "-" "Mozilla/5.0 (Linux; Android 12; Pixel 6) AppleWebKit/537.36 (KHTML, like Gecko) Chrome/114.0.0.0 Mobile Safari/537.36"
44.250.139.35 - - [15/Jul/2025:22:58:55 +0000] "GET /wp-json/ HTTP/1.1" 200 82220 "-" "Mozilla/5.0 (Linux; Android 12; Pixel 6) AppleWebKit/537.36 (KHTML, like Gecko) Chrome/114.0.0.0 Mobile Safari/537.36"
44.250.139.35 - - [15/Jul/2025:22:58:55 +0000] "GET /events/?ical=1 HTTP/1.1" 200 1135 "-" "Mozilla/5.0 (Linux; Android 12; Pixel 6) AppleWebKit/537.36 (KHTML, like Gecko) Chrome/114.0.0.0 Mobile Safari/537.36"
44.250.139.35 - - [15/Jul/2025:22:58:55 +0000] "GET /xmlrpc.php HTTP/1.1" 405 60 "-" "Mozilla/5.0 (Linux; Android 12; Pixel 6) AppleWebKit/537.36 (KHTML, like Gecko) Chrome/114.0.0.0 Mobile Safari/537.36"
44.250.139.35 - - [15/Jul/2025:22:58:55 +0000] "GET / HTTP/1.1" 200 22850 "-" "Mozilla/5.0 (Linux; Android 12; Pixel 6) AppleWebKit/537.36 (KHTML, like Gecko) Chrome/114.0.0.0 Mobile Safari/537.36"
44.250.139.35 - - [15/Jul/2025:22:58:55 +0000] "GET /wp-json/wp/v2/pages/5151 HTTP/1.1" 200 11400 "-" "Mozilla/5.0 (Linux; Android 12; Pixel 6) AppleWebKit/537.36 (KHTML, like Gecko) Chrome/114.0.0.0 Mobile Safari/537.36"
216.73.216.143 - - [15/Jul/2025:22:59:14 +0000] "GET /entity/204557432 HTTP/1.1" 404 12737 "-" "Mozilla/5.0 AppleWebKit/537.36 (KHTML, like Gecko; compatible; ClaudeBot/1.0; [email protected])"
216.73.216.143 - - [15/Jul/2025:22:59:17 +0000] "GET /entity/204498067 HTTP/1.1" 404 12737 "-" "Mozilla/5.0 AppleWebKit/537.36 (KHTML, like Gecko; compatible; ClaudeBot/1.0; [email protected])"
216.73.216.143 - - [15/Jul/2025:22:59:20 +0000] "GET /entity/204623647 HTTP/1.1" 404 12739 "-" "Mozilla/5.0 AppleWebKit/537.36 (KHTML, like Gecko; compatible; ClaudeBot/1.0; [email protected])"
209.74.77.214 - - [15/Jul/2025:22:59:23 +0000] "POST /wp-cron.php?doing_wp_cron=1752620363.5626230239868164062500 HTTP/1.1" 200 - "-" "WordPress/6.8.1; https://teamhachem.com"
216.73.216.143 - - [15/Jul/2025:22:59:23 +0000] "GET /entity/204631553 HTTP/1.1" 404 12736 "-" "Mozilla/5.0 AppleWebKit/537.36 (KHTML, like Gecko; compatible; ClaudeBot/1.0; [email protected])"
216.73.216.143 - - [15/Jul/2025:22:59:26 +0000] "GET /entity/204474783 HTTP/1.1" 404 12739 "-" "Mozilla/5.0 AppleWebKit/537.36 (KHTML, like Gecko; compatible; ClaudeBot/1.0; [email protected])"
216.73.216.143 - - [15/Jul/2025:22:59:29 +0000] "GET /entity/204491534 HTTP/1.1" 404 12740 "-" "Mozilla/5.0 AppleWebKit/537.36 (KHTML, like Gecko; compatible; ClaudeBot/1.0; [email protected])"
66.249.73.227 - - [15/Jul/2025:22:59:35 +0000] "POST /get-message-notify HTTP/1.1" 200 18727 "https://teamhachem.com/entity/15402001" "Mozilla/5.0 (Linux; Android 6.0.1; Nexus 5X Build/MMB29P) AppleWebKit/537.36 (KHTML, like Gecko) Chrome/137.0.7151.119 Mobile Safari/537.36 (compatible; Googlebot/2.1; +http://www.google.com/bot.html)"
66.249.73.226 - - [15/Jul/2025:22:59:48 +0000] "POST /get-message-notify HTTP/1.1" 200 18727 "https://teamhachem.com/entity/15727178" "Mozilla/5.0 (Linux; Android 6.0.1; Nexus 5X Build/MMB29P) AppleWebKit/537.36 (KHTML, like Gecko) Chrome/137.0.7151.119 Mobile Safari/537.36 (compatible; Googlebot/2.1; +http://www.google.com/bot.html)"
66.249.73.226 - - [15/Jul/2025:22:59:48 +0000] "GET /entity/15163409 HTTP/1.1" 200 18252 "-" "Mozilla/5.0 (Linux; Android 6.0.1; Nexus 5X Build/MMB29P) AppleWebKit/537.36 (KHTML, like Gecko) Chrome/137.0.7151.103 Mobile Safari/537.36 (compatible; Googlebot/2.1; +http://www.google.com/bot.html)"
66.249.73.226 - - [15/Jul/2025:23:00:07 +0000] "POST /get-message-notify HTTP/1.1" 200 18727 "https://teamhachem.com/entity/15744276" "Mozilla/5.0 (Linux; Android 6.0.1; Nexus 5X Build/MMB29P) AppleWebKit/537.36 (KHTML, like Gecko) Chrome/137.0.7151.119 Mobile Safari/537.36 (compatible; Googlebot/2.1; +http://www.google.com/bot.html)"
209.74.77.214 - - [15/Jul/2025:23:00:10 +0000] "POST /wp-cron.php?doing_wp_cron=1752620410.5948619842529296875000 HTTP/1.1" 200 - "-" "WordPress/6.8.1; https://teamhachem.com"
216.73.216.143 - - [15/Jul/2025:23:00:10 +0000] "GET /entity/40871631 HTTP/1.1" 404 12735 "-" "Mozilla/5.0 AppleWebKit/537.36 (KHTML, like Gecko; compatible; ClaudeBot/1.0; [email protected])"
216.73.216.143 - - [15/Jul/2025:23:00:12 +0000] "GET /entity/40840939 HTTP/1.1" 404 12732 "-" "Mozilla/5.0 AppleWebKit/537.36 (KHTML, like Gecko; compatible; ClaudeBot/1.0; [email protected])"
216.73.216.143 - - [15/Jul/2025:23:00:15 +0000] "GET /entity/40923636 HTTP/1.1" 404 12734 "-" "Mozilla/5.0 AppleWebKit/537.36 (KHTML, like Gecko; compatible; ClaudeBot/1.0; [email protected])"
52.167.144.202 - - [15/Jul/2025:23:00:17 +0000] "GET /entity/615462846 HTTP/1.1" 200 21904 "-" "Mozilla/5.0 AppleWebKit/537.36 (KHTML, like Gecko; compatible; bingbot/2.0; +http://www.bing.com/bingbot.htm) Chrome/116.0.1938.76 Safari/537.36"
216.73.216.143 - - [15/Jul/2025:23:00:18 +0000] "GET /entity/40721392 HTTP/1.1" 404 12736 "-" "Mozilla/5.0 AppleWebKit/537.36 (KHTML, like Gecko; compatible; ClaudeBot/1.0; [email protected])"
216.73.216.143 - - [15/Jul/2025:23:00:21 +0000] "GET /entity/40793875 HTTP/1.1" 404 12733 "-" "Mozilla/5.0 AppleWebKit/537.36 (KHTML, like Gecko; compatible; ClaudeBot/1.0; [email protected])"
209.74.77.214 - - [15/Jul/2025:23:00:25 +0000] "POST /wp-cron.php?doing_wp_cron=1752620425.0240950584411621093750 HTTP/1.1" 200 - "-" "WordPress/6.8.1; https://teamhachem.com"
216.73.216.143 - - [15/Jul/2025:23:00:24 +0000] "GET /entity/40777901 HTTP/1.1" 404 12735 "-" "Mozilla/5.0 AppleWebKit/537.36 (KHTML, like Gecko; compatible; ClaudeBot/1.0; [email protected])"
216.73.216.143 - - [15/Jul/2025:23:00:27 +0000] "GET /entity/40907979 HTTP/1.1" 404 12731 "-" "Mozilla/5.0 AppleWebKit/537.36 (KHTML, like Gecko; compatible; ClaudeBot/1.0; [email protected])"
209.74.77.214 - - [15/Jul/2025:23:01:04 +0000] "POST /wp-cron.php?doing_wp_cron=1752620464.3879261016845703125000 HTTP/1.1" 200 - "-" "WordPress/6.8.1; https://teamhachem.com"
216.73.216.143 - - [15/Jul/2025:23:01:02 +0000] "GET /entity/40843582 HTTP/1.1" 404 12736 "-" "Mozilla/5.0 AppleWebKit/537.36 (KHTML, like Gecko; compatible; ClaudeBot/1.0; [email protected])"
216.73.216.143 - - [15/Jul/2025:23:01:05 +0000] "GET /entity/40731066 HTTP/1.1" 404 12733 "-" "Mozilla/5.0 AppleWebKit/537.36 (KHTML, like Gecko; compatible; ClaudeBot/1.0; [email protected])"
66.249.73.227 - - [15/Jul/2025:23:01:06 +0000] "GET /entity/478853548 HTTP/1.1" 200 18454 "-" "Mozilla/5.0 (Linux; Android 6.0.1; Nexus 5X Build/MMB29P) AppleWebKit/537.36 (KHTML, like Gecko) Chrome/137.0.7151.103 Mobile Safari/537.36 (compatible; GoogleOther)"
85.208.96.200 - - [15/Jul/2025:23:01:06 +0000] "GET /events/2025-08-29/ HTTP/1.1" 200 19474 "-" "Mozilla/5.0 (compatible; SemrushBot/7~bl; +http://www.semrush.com/bot.html)"
216.73.216.143 - - [15/Jul/2025:23:01:08 +0000] "GET /entity/40817093 HTTP/1.1" 404 12739 "-" "Mozilla/5.0 AppleWebKit/537.36 (KHTML, like Gecko; compatible; ClaudeBot/1.0; [email protected])"
216.73.216.143 - - [15/Jul/2025:23:01:11 +0000] "GET /entity/40853770 HTTP/1.1" 404 12734 "-" "Mozilla/5.0 AppleWebKit/537.36 (KHTML, like Gecko; compatible; ClaudeBot/1.0; [email protected])"
100.29.128.75 - - [15/Jul/2025:23:01:13 +0000] "GET /events/list/?tribe-bar-date=2026-10-16 HTTP/1.1" 200 19808 "-" "Mozilla/5.0 AppleWebKit/537.36 (KHTML, like Gecko; compatible; Amazonbot/0.1; +https://developer.amazon.com/support/amazonbot) Chrome/119.0.6045.214 Safari/537.36"
216.73.216.143 - - [15/Jul/2025:23:01:14 +0000] "GET /entity/40770870 HTTP/1.1" 404 12737 "-" "Mozilla/5.0 AppleWebKit/537.36 (KHTML, like Gecko; compatible; ClaudeBot/1.0; [email protected])"
209.74.77.214 - - [15/Jul/2025:23:01:54 +0000] "POST /wp-cron.php?doing_wp_cron=1752620514.0036990642547607421875 HTTP/1.1" 200 - "-" "WordPress/6.8.1; https://teamhachem.com"
216.73.216.212 - - [15/Jul/2025:23:01:52 +0000] "GET /entity/40726518 HTTP/1.1" 404 12736 "-" "Mozilla/5.0 AppleWebKit/537.36 (KHTML, like Gecko; compatible; ClaudeBot/1.0; [email protected])"
216.73.216.212 - - [15/Jul/2025:23:01:54 +0000] "GET /entity/40822532 HTTP/1.1" 404 12737 "-" "Mozilla/5.0 AppleWebKit/537.36 (KHTML, like Gecko; compatible; ClaudeBot/1.0; [email protected])"
66.249.73.226 - - [15/Jul/2025:23:01:56 +0000] "POST /get-message-notify HTTP/1.1" 200 18727 "https://teamhachem.com/entity/15770966" "Mozilla/5.0 (Linux; Android 6.0.1; Nexus 5X Build/MMB29P) AppleWebKit/537.36 (KHTML, like Gecko) Chrome/137.0.7151.119 Mobile Safari/537.36 (compatible; Googlebot/2.1; +http://www.google.com/bot.html)"
216.73.216.212 - - [15/Jul/2025:23:01:57 +0000] "GET /entity/40771416 HTTP/1.1" 404 12735 "-" "Mozilla/5.0 AppleWebKit/537.36 (KHTML, like Gecko; compatible; ClaudeBot/1.0; [email protected])"
170.106.192.3 - - [15/Jul/2025:23:01:57 +0000] "GET / HTTP/1.1" 200 22822 "http://www.teamhachem.com" "Mozilla/5.0 (iPhone; CPU iPhone OS 13_2_3 like Mac OS X) AppleWebKit/605.1.15 (KHTML, like Gecko) Version/13.0.3 Mobile/15E148 Safari/604.1"
216.73.216.212 - - [15/Jul/2025:23:02:00 +0000] "GET /entity/40834438 HTTP/1.1" 404 12735 "-" "Mozilla/5.0 AppleWebKit/537.36 (KHTML, like Gecko; compatible; ClaudeBot/1.0; [email protected])"
216.73.216.212 - - [15/Jul/2025:23:02:03 +0000] "GET /entity/40785042 HTTP/1.1" 404 12738 "-" "Mozilla/5.0 AppleWebKit/537.36 (KHTML, like Gecko; compatible; ClaudeBot/1.0; [email protected])"
216.73.216.212 - - [15/Jul/2025:23:02:06 +0000] "GET /entity/40744710 HTTP/1.1" 404 12734 "-" "Mozilla/5.0 AppleWebKit/537.36 (KHTML, like Gecko; compatible; ClaudeBot/1.0; [email protected])"
216.73.216.212 - - [15/Jul/2025:23:02:09 +0000] "GET /entity/40781058 HTTP/1.1" 404 12737 "-" "Mozilla/5.0 AppleWebKit/537.36 (KHTML, like Gecko; compatible; ClaudeBot/1.0; [email protected])"
66.249.73.225 - - [15/Jul/2025:23:02:39 +0000] "POST /get-message-notify HTTP/1.1" 200 18727 "https://teamhachem.com/entity/14832458" "Mozilla/5.0 (Linux; Android 6.0.1; Nexus 5X Build/MMB29P) AppleWebKit/537.36 (KHTML, like Gecko) Chrome/137.0.7151.119 Mobile Safari/537.36 (compatible; Googlebot/2.1; +http://www.google.com/bot.html)"
209.74.77.214 - - [15/Jul/2025:23:02:52 +0000] "POST /wp-cron.php?doing_wp_cron=1752620572.5793640613555908203125 HTTP/1.1" 200 - "-" "WordPress/6.8.1; https://teamhachem.com"
216.73.216.212 - - [15/Jul/2025:23:02:52 +0000] "GET /entity/473977479 HTTP/1.1" 404 12735 "-" "Mozilla/5.0 AppleWebKit/537.36 (KHTML, like Gecko; compatible; ClaudeBot/1.0; [email protected])"
216.73.216.212 - - [15/Jul/2025:23:02:55 +0000] "GET /entity/473945679 HTTP/1.1" 404 12734 "-" "Mozilla/5.0 AppleWebKit/537.36 (KHTML, like Gecko; compatible; ClaudeBot/1.0; [email protected])"
216.73.216.212 - - [15/Jul/2025:23:02:58 +0000] "GET /entity/473983430 HTTP/1.1" 404 12736 "-" "Mozilla/5.0 AppleWebKit/537.36 (KHTML, like Gecko; compatible; ClaudeBot/1.0; [email protected])"
216.73.216.212 - - [15/Jul/2025:23:03:01 +0000] "GET /entity/473840304 HTTP/1.1" 404 12737 "-" "Mozilla/5.0 AppleWebKit/537.36 (KHTML, like Gecko; compatible; ClaudeBot/1.0; [email protected])"
216.73.216.212 - - [15/Jul/2025:23:03:04 +0000] "GET /entity/473900797 HTTP/1.1" 404 12735 "-" "Mozilla/5.0 AppleWebKit/537.36 (KHTML, like Gecko; compatible; ClaudeBot/1.0; [email protected])"
216.73.216.212 - - [15/Jul/2025:23:03:07 +0000] "GET /entity/473825853 HTTP/1.1" 404 12737 "-" "Mozilla/5.0 AppleWebKit/537.36 (KHTML, like Gecko; compatible; ClaudeBot/1.0; [email protected])"
216.73.216.212 - - [15/Jul/2025:23:03:10 +0000] "GET /entity/473882308 HTTP/1.1" 404 12737 "-" "Mozilla/5.0 AppleWebKit/537.36 (KHTML, like Gecko; compatible; ClaudeBot/1.0; [email protected])"
216.73.216.212 - - [15/Jul/2025:23:03:13 +0000] "GET /entity/473911346 HTTP/1.1" 404 12737 "-" "Mozilla/5.0 AppleWebKit/537.36 (KHTML, like Gecko; compatible; ClaudeBot/1.0; [email protected])"
66.249.73.227 - - [15/Jul/2025:23:03:19 +0000] "POST /get-message-notify HTTP/1.1" 200 18727 "https://teamhachem.com/entity/102064277" "Mozilla/5.0 (Linux; Android 6.0.1; Nexus 5X Build/MMB29P) AppleWebKit/537.36 (KHTML, like Gecko) Chrome/137.0.7151.119 Mobile Safari/537.36 (compatible; Googlebot/2.1; +http://www.google.com/bot.html)"
209.74.77.214 - - [15/Jul/2025:23:03:55 +0000] "POST /wp-cron.php?doing_wp_cron=1752620635.4284191131591796875000 HTTP/1.1" 200 - "-" "WordPress/6.8.1; https://teamhachem.com"
216.73.216.212 - - [15/Jul/2025:23:03:53 +0000] "GET /entity/473927800 HTTP/1.1" 404 12737 "-" "Mozilla/5.0 AppleWebKit/537.36 (KHTML, like Gecko; compatible; ClaudeBot/1.0; [email protected])"
216.73.216.212 - - [15/Jul/2025:23:03:56 +0000] "GET /entity/473873513 HTTP/1.1" 404 12735 "-" "Mozilla/5.0 AppleWebKit/537.36 (KHTML, like Gecko; compatible; ClaudeBot/1.0; [email protected])"
216.73.216.212 - - [15/Jul/2025:23:03:59 +0000] "GET /entity/473854181 HTTP/1.1" 404 12736 "-" "Mozilla/5.0 AppleWebKit/537.36 (KHTML, like Gecko; compatible; ClaudeBot/1.0; [email protected])"
216.73.216.212 - - [15/Jul/2025:23:04:02 +0000] "GET /entity/473859008 HTTP/1.1" 404 12739 "-" "Mozilla/5.0 AppleWebKit/537.36 (KHTML, like Gecko; compatible; ClaudeBot/1.0; [email protected])"
66.249.73.227 - - [15/Jul/2025:23:04:04 +0000] "GET /entity/15100600 HTTP/1.1" 200 18182 "-" "Mozilla/5.0 (Linux; Android 6.0.1; Nexus 5X Build/MMB29P) AppleWebKit/537.36 (KHTML, like Gecko) Chrome/137.0.7151.103 Mobile Safari/537.36 (compatible; GoogleOther)"
216.73.216.212 - - [15/Jul/2025:23:04:05 +0000] "GET /entity/474004185 HTTP/1.1" 404 12740 "-" "Mozilla/5.0 AppleWebKit/537.36 (KHTML, like Gecko; compatible; ClaudeBot/1.0; [email protected])"
216.73.216.212 - - [15/Jul/2025:23:04:08 +0000] "GET /entity/473953350 HTTP/1.1" 404 12740 "-" "Mozilla/5.0 AppleWebKit/537.36 (KHTML, like Gecko; compatible; ClaudeBot/1.0; [email protected])"
216.73.216.212 - - [15/Jul/2025:23:04:11 +0000] "GET /entity/473908189 HTTP/1.1" 404 12738 "-" "Mozilla/5.0 AppleWebKit/537.36 (KHTML, like Gecko; compatible; ClaudeBot/1.0; [email protected])"
216.73.216.212 - - [15/Jul/2025:23:04:14 +0000] "GET /entity/473901923 HTTP/1.1" 404 12736 "-" "Mozilla/5.0 AppleWebKit/537.36 (KHTML, like Gecko; compatible; ClaudeBot/1.0; [email protected])"
66.249.73.226 - - [15/Jul/2025:23:04:22 +0000] "POST /get-message-notify HTTP/1.1" 200 18727 "https://teamhachem.com/entity/101358175" "Mozilla/5.0 (Linux; Android 6.0.1; Nexus 5X Build/MMB29P) AppleWebKit/537.36 (KHTML, like Gecko) Chrome/137.0.7151.119 Mobile Safari/537.36 (compatible; Googlebot/2.1; +http://www.google.com/bot.html)"
136.243.228.181 - - [15/Jul/2025:23:04:59 +0000] "GET /sitemap.xml HTTP/1.1" 200 4279 "-" "Mozilla/5.0 (compatible; DataForSeoBot/1.0; +https://dataforseo.com/dataforseo-bot)"
209.74.77.214 - - [15/Jul/2025:23:05:12 +0000] "POST /wp-cron.php?doing_wp_cron=1752620712.9576439857482910156250 HTTP/1.1" 200 - "-" "WordPress/6.8.1; https://teamhachem.com"
216.73.216.212 - - [15/Jul/2025:23:05:11 +0000] "GET /entity/473822975 HTTP/1.1" 404 12733 "-" "Mozilla/5.0 AppleWebKit/537.36 (KHTML, like Gecko; compatible; ClaudeBot/1.0; [email protected])"
157.55.39.53 - - [15/Jul/2025:23:05:13 +0000] "GET /entity/615384183 HTTP/1.1" 200 20581 "-" "Mozilla/5.0 AppleWebKit/537.36 (KHTML, like Gecko; compatible; bingbot/2.0; +http://www.bing.com/bingbot.htm) Chrome/116.0.1938.76 Safari/537.36"
216.73.216.212 - - [15/Jul/2025:23:05:14 +0000] "GET /entity/473898003 HTTP/1.1" 404 12735 "-" "Mozilla/5.0 AppleWebKit/537.36 (KHTML, like Gecko; compatible; ClaudeBot/1.0; [email protected])"
216.73.216.212 - - [15/Jul/2025:23:05:17 +0000] "GET /entity/473955102 HTTP/1.1" 404 12736 "-" "Mozilla/5.0 AppleWebKit/537.36 (KHTML, like Gecko; compatible; ClaudeBot/1.0; [email protected])"
216.73.216.212 - - [15/Jul/2025:23:05:20 +0000] "GET /entity/473843712 HTTP/1.1" 404 12735 "-" "Mozilla/5.0 AppleWebKit/537.36 (KHTML, like Gecko; compatible; ClaudeBot/1.0; [email protected])"
209.74.77.214 - - [15/Jul/2025:23:05:23 +0000] "POST /wp-cron.php?doing_wp_cron=1752620723.6255810260772705078125 HTTP/1.1" 200 - "-" "WordPress/6.8.1; https://teamhachem.com"
216.73.216.212 - - [15/Jul/2025:23:05:23 +0000] "GET /entity/473876357 HTTP/1.1" 404 12732 "-" "Mozilla/5.0 AppleWebKit/537.36 (KHTML, like Gecko; compatible; ClaudeBot/1.0; [email protected])"
216.73.216.212 - - [15/Jul/2025:23:05:26 +0000] "GET /entity/473826132 HTTP/1.1" 404 12737 "-" "Mozilla/5.0 AppleWebKit/537.36 (KHTML, like Gecko; compatible; ClaudeBot/1.0; [email protected])"
216.73.216.212 - - [15/Jul/2025:23:05:29 +0000] "GET /entity/473968116 HTTP/1.1" 404 12735 "-" "Mozilla/5.0 AppleWebKit/537.36 (KHTML, like Gecko; compatible; ClaudeBot/1.0; [email protected])"
209.74.77.214 - - [15/Jul/2025:23:05:32 +0000] "POST /wp-cron.php?doing_wp_cron=1752620732.6267659664154052734375 HTTP/1.1" 200 - "-" "WordPress/6.8.1; https://teamhachem.com"
216.73.216.212 - - [15/Jul/2025:23:05:32 +0000] "GET /entity/473939724 HTTP/1.1" 404 12738 "-" "Mozilla/5.0 AppleWebKit/537.36 (KHTML, like Gecko; compatible; ClaudeBot/1.0; [email protected])"
136.243.228.181 - - [15/Jul/2025:23:06:07 +0000] "GET /entity/350427173 HTTP/1.1" 404 12738 "-" "Mozilla/5.0 (compatible; DataForSeoBot/1.0; +https://dataforseo.com/dataforseo-bot)"
136.243.228.181 - - [15/Jul/2025:23:06:11 +0000] "GET /entity/350409545 HTTP/1.1" 404 12735 "-" "Mozilla/5.0 (compatible; DataForSeoBot/1.0; +https://dataforseo.com/dataforseo-bot)"
136.243.228.181 - - [15/Jul/2025:23:06:16 +0000] "GET /entity/350558686 HTTP/1.1" 404 12735 "-" "Mozilla/5.0 (compatible; DataForSeoBot/1.0; +https://dataforseo.com/dataforseo-bot)"
66.249.73.225 - - [15/Jul/2025:23:06:18 +0000] "POST /get-message-notify HTTP/1.1" 200 18727 "https://teamhachem.com/entity/15779717" "Mozilla/5.0 (Linux; Android 6.0.1; Nexus 5X Build/MMB29P) AppleWebKit/537.36 (KHTML, like Gecko) Chrome/137.0.7151.119 Mobile Safari/537.36 (compatible; Googlebot/2.1; +http://www.google.com/bot.html)"
136.243.228.181 - - [15/Jul/2025:23:06:20 +0000] "GET /entity/350511791 HTTP/1.1" 404 12734 "-" "Mozilla/5.0 (compatible; DataForSeoBot/1.0; +https://dataforseo.com/dataforseo-bot)"
66.249.73.225 - - [15/Jul/2025:23:06:22 +0000] "POST /get-message-notify HTTP/1.1" 200 18727 "https://teamhachem.com/entity/13483854" "Mozilla/5.0 (Linux; Android 6.0.1; Nexus 5X Build/MMB29P) AppleWebKit/537.36 (KHTML, like Gecko) Chrome/137.0.7151.119 Mobile Safari/537.36 (compatible; Googlebot/2.1; +http://www.google.com/bot.html)"
209.74.77.214 - - [15/Jul/2025:23:06:24 +0000] "POST /wp-cron.php?doing_wp_cron=1752620784.5806140899658203125000 HTTP/1.1" 200 - "-" "WordPress/6.8.1; https://teamhachem.com"
136.243.228.181 - - [15/Jul/2025:23:06:24 +0000] "GET /entity/350481181 HTTP/1.1" 404 12735 "-" "Mozilla/5.0 (compatible; DataForSeoBot/1.0; +https://dataforseo.com/dataforseo-bot)"
136.243.228.181 - - [15/Jul/2025:23:06:28 +0000] "GET /entity/350502117 HTTP/1.1" 404 12738 "-" "Mozilla/5.0 (compatible; DataForSeoBot/1.0; +https://dataforseo.com/dataforseo-bot)"
209.74.77.214 - - [15/Jul/2025:23:06:31 +0000] "POST /wp-cron.php?doing_wp_cron=1752620791.8552930355072021484375 HTTP/1.1" 200 - "-" "WordPress/6.8.1; https://teamhachem.com"
136.243.228.181 - - [15/Jul/2025:23:06:31 +0000] "GET /entity/350493912 HTTP/1.1" 404 12738 "-" "Mozilla/5.0 (compatible; DataForSeoBot/1.0; +https://dataforseo.com/dataforseo-bot)"
136.243.228.181 - - [15/Jul/2025:23:06:35 +0000] "GET /entity/350604676 HTTP/1.1" 404 12738 "-" "Mozilla/5.0 (compatible; DataForSeoBot/1.0; +https://dataforseo.com/dataforseo-bot)"
136.243.228.181 - - [15/Jul/2025:23:06:40 +0000] "GET /entity/350478817 HTTP/1.1" 404 12738 "-" "Mozilla/5.0 (compatible; DataForSeoBot/1.0; +https://dataforseo.com/dataforseo-bot)"
136.243.228.181 - - [15/Jul/2025:23:06:44 +0000] "GET /entity/350491963 HTTP/1.1" 404 12736 "-" "Mozilla/5.0 (compatible; DataForSeoBot/1.0; +https://dataforseo.com/dataforseo-bot)"
66.249.73.226 - - [15/Jul/2025:23:06:44 +0000] "POST /get-message-notify HTTP/1.1" 200 18727 "https://teamhachem.com/entity/15100600" "Mozilla/5.0 (Linux; Android 6.0.1; Nexus 5X Build/MMB29P) AppleWebKit/537.36 (KHTML, like Gecko) Chrome/137.0.7151.119 Mobile Safari/537.36 (compatible; Googlebot/2.1; +http://www.google.com/bot.html)"
136.243.228.181 - - [15/Jul/2025:23:06:47 +0000] "GET /entity/350439707 HTTP/1.1" 404 12740 "-" "Mozilla/5.0 (compatible; DataForSeoBot/1.0; +https://dataforseo.com/dataforseo-bot)"
136.243.228.181 - - [15/Jul/2025:23:06:51 +0000] "GET /entity/350452721 HTTP/1.1" 404 12736 "-" "Mozilla/5.0 (compatible; DataForSeoBot/1.0; +https://dataforseo.com/dataforseo-bot)"
136.243.228.181 - - [15/Jul/2025:23:06:56 +0000] "GET /entity/350482289 HTTP/1.1" 404 12738 "-" "Mozilla/5.0 (compatible; DataForSeoBot/1.0; +https://dataforseo.com/dataforseo-bot)"
136.243.228.181 - - [15/Jul/2025:23:06:59 +0000] "GET /entity/350511540 HTTP/1.1" 404 12736 "-" "Mozilla/5.0 (compatible; DataForSeoBot/1.0; +https://dataforseo.com/dataforseo-bot)"
136.243.228.181 - - [15/Jul/2025:23:07:03 +0000] "GET /entity/350448737 HTTP/1.1" 404 12737 "-" "Mozilla/5.0 (compatible; DataForSeoBot/1.0; +https://dataforseo.com/dataforseo-bot)"
136.243.228.181 - - [15/Jul/2025:23:07:08 +0000] "GET /entity/350609507 HTTP/1.1" 404 12737 "-" "Mozilla/5.0 (compatible; DataForSeoBot/1.0; +https://dataforseo.com/dataforseo-bot)"
136.243.228.181 - - [15/Jul/2025:23:07:12 +0000] "GET /entity/350531685 HTTP/1.1" 404 12734 "-" "Mozilla/5.0 (compatible; DataForSeoBot/1.0; +https://dataforseo.com/dataforseo-bot)"
136.243.228.181 - - [15/Jul/2025:23:07:15 +0000] "GET /entity/350447629 HTTP/1.1" 404 12736 "-" "Mozilla/5.0 (compatible; DataForSeoBot/1.0; +https://dataforseo.com/dataforseo-bot)"
66.249.73.226 - - [15/Jul/2025:23:07:18 +0000] "POST /get-message-notify HTTP/1.1" 200 18727 "https://teamhachem.com/entity/101707826" "Mozilla/5.0 (Linux; Android 6.0.1; Nexus 5X Build/MMB29P) AppleWebKit/537.36 (KHTML, like Gecko) Chrome/137.0.7151.119 Mobile Safari/537.36 (compatible; Googlebot/2.1; +http://www.google.com/bot.html)"
136.243.228.181 - - [15/Jul/2025:23:07:19 +0000] "GET /entity/350479429 HTTP/1.1" 404 12734 "-" "Mozilla/5.0 (compatible; DataForSeoBot/1.0; +https://dataforseo.com/dataforseo-bot)"
209.74.77.214 - - [15/Jul/2025:23:07:24 +0000] "POST /wp-cron.php?doing_wp_cron=1752620843.9944839477539062500000 HTTP/1.1" 200 - "-" "WordPress/6.8.1; https://teamhachem.com"
136.243.228.181 - - [15/Jul/2025:23:07:23 +0000] "GET /entity/350608381 HTTP/1.1" 404 12738 "-" "Mozilla/5.0 (compatible; DataForSeoBot/1.0; +https://dataforseo.com/dataforseo-bot)"
136.243.228.181 - - [15/Jul/2025:23:07:27 +0000] "GET /entity/350424012 HTTP/1.1" 404 12735 "-" "Mozilla/5.0 (compatible; DataForSeoBot/1.0; +https://dataforseo.com/dataforseo-bot)"
209.74.77.214 - - [15/Jul/2025:23:07:32 +0000] "POST /wp-cron.php?doing_wp_cron=1752620852.5610909461975097656250 HTTP/1.1" 200 - "-" "WordPress/6.8.1; https://teamhachem.com"
136.243.228.181 - - [15/Jul/2025:23:07:32 +0000] "GET /entity/350514930 HTTP/1.1" 404 12735 "-" "Mozilla/5.0 (compatible; DataForSeoBot/1.0; +https://dataforseo.com/dataforseo-bot)"
136.243.228.181 - - [15/Jul/2025:23:07:36 +0000] "GET /entity/350476350 HTTP/1.1" 404 12738 "-" "Mozilla/5.0 (compatible; DataForSeoBot/1.0; +https://dataforseo.com/dataforseo-bot)"
136.243.228.181 - - [15/Jul/2025:23:07:39 +0000] "GET /entity/350408698 HTTP/1.1" 404 12732 "-" "Mozilla/5.0 (compatible; DataForSeoBot/1.0; +https://dataforseo.com/dataforseo-bot)"
136.243.228.181 - - [15/Jul/2025:23:07:44 +0000] "GET /entity/350482819 HTTP/1.1" 404 12737 "-" "Mozilla/5.0 (compatible; DataForSeoBot/1.0; +https://dataforseo.com/dataforseo-bot)"
136.243.228.181 - - [15/Jul/2025:23:07:48 +0000] "GET /entity/350496774 HTTP/1.1" 404 12737 "-" "Mozilla/5.0 (compatible; DataForSeoBot/1.0; +https://dataforseo.com/dataforseo-bot)"
136.243.228.181 - - [15/Jul/2025:23:07:52 +0000] "GET /entity/350451019 HTTP/1.1" 404 12738 "-" "Mozilla/5.0 (compatible; DataForSeoBot/1.0; +https://dataforseo.com/dataforseo-bot)"
136.243.228.181 - - [15/Jul/2025:23:07:56 +0000] "GET /entity/350474319 HTTP/1.1" 404 12734 "-" "Mozilla/5.0 (compatible; DataForSeoBot/1.0; +https://dataforseo.com/dataforseo-bot)"
136.243.228.181 - - [15/Jul/2025:23:07:59 +0000] "GET /entity/350613491 HTTP/1.1" 404 12738 "-" "Mozilla/5.0 (compatible; DataForSeoBot/1.0; +https://dataforseo.com/dataforseo-bot)"
136.243.228.181 - - [15/Jul/2025:23:08:03 +0000] "GET /entity/350408104 HTTP/1.1" 404 12736 "-" "Mozilla/5.0 (compatible; DataForSeoBot/1.0; +https://dataforseo.com/dataforseo-bot)"
136.243.228.181 - - [15/Jul/2025:23:08:08 +0000] "GET /entity/350579110 HTTP/1.1" 404 12730 "-" "Mozilla/5.0 (compatible; DataForSeoBot/1.0; +https://dataforseo.com/dataforseo-bot)"
136.243.228.181 - - [15/Jul/2025:23:08:12 +0000] "GET /entity/350559200 HTTP/1.1" 404 12735 "-" "Mozilla/5.0 (compatible; DataForSeoBot/1.0; +https://dataforseo.com/dataforseo-bot)"
136.243.228.181 - - [15/Jul/2025:23:08:15 +0000] "GET /entity/350557251 HTTP/1.1" 404 12736 "-" "Mozilla/5.0 (compatible; DataForSeoBot/1.0; +https://dataforseo.com/dataforseo-bot)"
136.243.228.181 - - [15/Jul/2025:23:08:19 +0000] "GET /entity/350447296 HTTP/1.1" 404 12736 "-" "Mozilla/5.0 (compatible; DataForSeoBot/1.0; +https://dataforseo.com/dataforseo-bot)"
209.74.77.214 - - [15/Jul/2025:23:08:24 +0000] "POST /wp-cron.php?doing_wp_cron=1752620904.1610701084136962890625 HTTP/1.1" 200 - "-" "WordPress/6.8.1; https://teamhachem.com"
136.243.228.181 - - [15/Jul/2025:23:08:23 +0000] "GET /entity/350542467 HTTP/1.1" 404 12736 "-" "Mozilla/5.0 (compatible; DataForSeoBot/1.0; +https://dataforseo.com/dataforseo-bot)"
136.243.228.181 - - [15/Jul/2025:23:08:27 +0000] "GET /entity/350435159 HTTP/1.1" 404 12735 "-" "Mozilla/5.0 (compatible; DataForSeoBot/1.0; +https://dataforseo.com/dataforseo-bot)"
209.74.77.214 - - [15/Jul/2025:23:08:31 +0000] "POST /wp-cron.php?doing_wp_cron=1752620911.8462600708007812500000 HTTP/1.1" 200 - "-" "WordPress/6.8.1; https://teamhachem.com"
136.243.228.181 - - [15/Jul/2025:23:08:31 +0000] "GET /entity/350616052 HTTP/1.1" 404 12739 "-" "Mozilla/5.0 (compatible; DataForSeoBot/1.0; +https://dataforseo.com/dataforseo-bot)"
136.243.228.181 - - [15/Jul/2025:23:08:35 +0000] "GET /entity/350550170 HTTP/1.1" 404 12737 "-" "Mozilla/5.0 (compatible; DataForSeoBot/1.0; +https://dataforseo.com/dataforseo-bot)"
136.243.228.181 - - [15/Jul/2025:23:08:40 +0000] "GET /entity/350580551 HTTP/1.1" 404 12739 "-" "Mozilla/5.0 (compatible; DataForSeoBot/1.0; +https://dataforseo.com/dataforseo-bot)"
