20.171.207.200 - - [15/Jul/2025:23:38:32 +0000] "GET /info/selec30213890/ HTTP/1.1" 404 16222 "-" "Mozilla/5.0 AppleWebKit/537.36 (KHTML, like Gecko; compatible; GPTBot/1.2; +https://openai.com/gptbot)"
20.171.207.200 - - [15/Jul/2025:23:38:35 +0000] "GET /info/humbl70302718/ HTTP/1.1" 404 16222 "-" "Mozilla/5.0 AppleWebKit/537.36 (KHTML, like Gecko; compatible; GPTBot/1.2; +https://openai.com/gptbot)"
20.171.207.200 - - [15/Jul/2025:23:38:39 +0000] "GET /info/major72517430/ HTTP/1.1" 404 16222 "-" "Mozilla/5.0 AppleWebKit/537.36 (KHTML, like Gecko; compatible; GPTBot/1.2; +https://openai.com/gptbot)"
209.74.77.214 - - [15/Jul/2025:23:38:42 +0000] "POST /wp-cron.php?doing_wp_cron=1752622722.2783739566802978515625 HTTP/1.1" 200 - "-" "WordPress/6.8.1; https://theoldhouse.cafe"
20.171.207.200 - - [15/Jul/2025:23:38:42 +0000] "GET /info/dynam11739512/ HTTP/1.1" 404 16222 "-" "Mozilla/5.0 AppleWebKit/537.36 (KHTML, like Gecko; compatible; GPTBot/1.2; +https://openai.com/gptbot)"
51.222.253.11 - - [15/Jul/2025:23:38:45 +0000] "GET /robots.txt HTTP/1.1" 200 119 "-" "Mozilla/5.0 (compatible; AhrefsBot/7.0; +http://ahrefs.com/robot/)"
20.171.207.200 - - [15/Jul/2025:23:38:45 +0000] "GET /info/shift61874501/ HTTP/1.1" 404 16222 "-" "Mozilla/5.0 AppleWebKit/537.36 (KHTML, like Gecko; compatible; GPTBot/1.2; +https://openai.com/gptbot)"
51.222.253.13 - - [15/Jul/2025:23:38:48 +0000] "GET /wp-sitemap.xml HTTP/1.1" 200 202 "-" "Mozilla/5.0 (compatible; AhrefsBot/7.0; +http://ahrefs.com/robot/)"
20.171.207.200 - - [15/Jul/2025:23:38:50 +0000] "GET /info/bread11624928/ HTTP/1.1" 404 16222 "-" "Mozilla/5.0 AppleWebKit/537.36 (KHTML, like Gecko; compatible; GPTBot/1.2; +https://openai.com/gptbot)"
20.171.207.200 - - [15/Jul/2025:23:38:52 +0000] "GET /info/safet81677199/ HTTP/1.1" 404 16222 "-" "Mozilla/5.0 AppleWebKit/537.36 (KHTML, like Gecko; compatible; GPTBot/1.2; +https://openai.com/gptbot)"
51.222.253.17 - - [15/Jul/2025:23:38:53 +0000] "GET /sitemapa.xml HTTP/1.1" 200 16330 "-" "Mozilla/5.0 (compatible; AhrefsBot/7.0; +http://ahrefs.com/robot/)"
20.171.207.200 - - [15/Jul/2025:23:38:54 +0000] "GET /info/cousi81524719/ HTTP/1.1" 404 16222 "-" "Mozilla/5.0 AppleWebKit/537.36 (KHTML, like Gecko; compatible; GPTBot/1.2; +https://openai.com/gptbot)"
51.222.253.13 - - [15/Jul/2025:23:38:58 +0000] "GET /sitemapb.xml HTTP/1.1" 200 18961 "-" "Mozilla/5.0 (compatible; AhrefsBot/7.0; +http://ahrefs.com/robot/)"
20.171.207.200 - - [15/Jul/2025:23:38:59 +0000] "GET /info/model81588695/ HTTP/1.1" 404 16222 "-" "Mozilla/5.0 AppleWebKit/537.36 (KHTML, like Gecko; compatible; GPTBot/1.2; +https://openai.com/gptbot)"
20.171.207.200 - - [15/Jul/2025:23:39:01 +0000] "GET /info/preca52379644/ HTTP/1.1" 404 16222 "-" "Mozilla/5.0 AppleWebKit/537.36 (KHTML, like Gecko; compatible; GPTBot/1.2; +https://openai.com/gptbot)"
51.222.253.6 - - [15/Jul/2025:23:39:02 +0000] "GET /sitemapc.xml HTTP/1.1" 200 10152 "-" "Mozilla/5.0 (compatible; AhrefsBot/7.0; +http://ahrefs.com/robot/)"
20.171.207.200 - - [15/Jul/2025:23:39:04 +0000] "GET /info/stadi42063707/ HTTP/1.1" 404 16222 "-" "Mozilla/5.0 AppleWebKit/537.36 (KHTML, like Gecko; compatible; GPTBot/1.2; +https://openai.com/gptbot)"
51.222.253.3 - - [15/Jul/2025:23:39:07 +0000] "GET /sitemapd.xml HTTP/1.1" 200 15812 "-" "Mozilla/5.0 (compatible; AhrefsBot/7.0; +http://ahrefs.com/robot/)"
20.171.207.200 - - [15/Jul/2025:23:39:07 +0000] "GET /info/obtai50013876/ HTTP/1.1" 404 16222 "-" "Mozilla/5.0 AppleWebKit/537.36 (KHTML, like Gecko; compatible; GPTBot/1.2; +https://openai.com/gptbot)"
20.171.207.200 - - [15/Jul/2025:23:39:11 +0000] "GET /info/peasa30534890/ HTTP/1.1" 404 16222 "-" "Mozilla/5.0 AppleWebKit/537.36 (KHTML, like Gecko; compatible; GPTBot/1.2; +https://openai.com/gptbot)"
51.222.253.19 - - [15/Jul/2025:23:39:11 +0000] "GET /sitemape.xml HTTP/1.1" 200 18828 "-" "Mozilla/5.0 (compatible; AhrefsBot/7.0; +http://ahrefs.com/robot/)"
209.74.77.214 - - [15/Jul/2025:23:39:13 +0000] "POST /wp-cron.php?doing_wp_cron=1752622753.8360879421234130859375 HTTP/1.1" 200 - "-" "WordPress/6.8.1; https://theoldhouse.cafe"
20.171.207.200 - - [15/Jul/2025:23:39:13 +0000] "GET /info/selfi10214256/ HTTP/1.1" 404 16222 "-" "Mozilla/5.0 AppleWebKit/537.36 (KHTML, like Gecko; compatible; GPTBot/1.2; +https://openai.com/gptbot)"
20.171.207.200 - - [15/Jul/2025:23:39:16 +0000] "GET /info/utili21081953/ HTTP/1.1" 404 16222 "-" "Mozilla/5.0 AppleWebKit/537.36 (KHTML, like Gecko; compatible; GPTBot/1.2; +https://openai.com/gptbot)"
20.171.207.200 - - [15/Jul/2025:23:39:19 +0000] "GET /info/scare62137781/ HTTP/1.1" 404 16222 "-" "Mozilla/5.0 AppleWebKit/537.36 (KHTML, like Gecko; compatible; GPTBot/1.2; +https://openai.com/gptbot)"
51.222.253.6 - - [15/Jul/2025:23:39:19 +0000] "GET /sitemapf.xml HTTP/1.1" 200 10172 "-" "Mozilla/5.0 (compatible; AhrefsBot/7.0; +http://ahrefs.com/robot/)"
20.171.207.200 - - [15/Jul/2025:23:39:23 +0000] "GET /info/enhan60530189/ HTTP/1.1" 404 16222 "-" "Mozilla/5.0 AppleWebKit/537.36 (KHTML, like Gecko; compatible; GPTBot/1.2; +https://openai.com/gptbot)"
51.222.253.16 - - [15/Jul/2025:23:39:24 +0000] "GET /sitemapg.xml HTTP/1.1" 200 13873 "-" "Mozilla/5.0 (compatible; AhrefsBot/7.0; +http://ahrefs.com/robot/)"
20.171.207.200 - - [15/Jul/2025:23:39:26 +0000] "GET /info/repav21330425/ HTTP/1.1" 404 16222 "-" "Mozilla/5.0 AppleWebKit/537.36 (KHTML, like Gecko; compatible; GPTBot/1.2; +https://openai.com/gptbot)"
51.222.253.4 - - [15/Jul/2025:23:39:28 +0000] "GET /sitemaph.xml HTTP/1.1" 200 15018 "-" "Mozilla/5.0 (compatible; AhrefsBot/7.0; +http://ahrefs.com/robot/)"
20.171.207.200 - - [15/Jul/2025:23:39:30 +0000] "GET /info/amaze11574040/ HTTP/1.1" 404 16222 "-" "Mozilla/5.0 AppleWebKit/537.36 (KHTML, like Gecko; compatible; GPTBot/1.2; +https://openai.com/gptbot)"
20.171.207.200 - - [15/Jul/2025:23:39:33 +0000] "GET /info/solel52677924/ HTTP/1.1" 404 16222 "-" "Mozilla/5.0 AppleWebKit/537.36 (KHTML, like Gecko; compatible; GPTBot/1.2; +https://openai.com/gptbot)"
51.222.253.9 - - [15/Jul/2025:23:39:33 +0000] "GET /sitemapi.xml HTTP/1.1" 200 16665 "-" "Mozilla/5.0 (compatible; AhrefsBot/7.0; +http://ahrefs.com/robot/)"
20.171.207.200 - - [15/Jul/2025:23:39:38 +0000] "GET /info/resto12298336/ HTTP/1.1" 404 16222 "-" "Mozilla/5.0 AppleWebKit/537.36 (KHTML, like Gecko; compatible; GPTBot/1.2; +https://openai.com/gptbot)"
51.222.253.9 - - [15/Jul/2025:23:39:38 +0000] "GET /sitemapj.xml HTTP/1.1" 200 11759 "-" "Mozilla/5.0 (compatible; AhrefsBot/7.0; +http://ahrefs.com/robot/)"
20.171.207.200 - - [15/Jul/2025:23:39:40 +0000] "GET /info/attor52047796/ HTTP/1.1" 404 16222 "-" "Mozilla/5.0 AppleWebKit/537.36 (KHTML, like Gecko; compatible; GPTBot/1.2; +https://openai.com/gptbot)"
45.227.253.15 - - [15/Jul/2025:23:39:41 +0000] "GET /wp-admin/css/colors/sunrise/sunrise/index.php?ARRAY=7o2230223n313735323632363438372p2231223n22687474703n5p2s5p2s6p776n39302r67756172652r77696o695p2s3s6p633q7068705s636s64655s6n6326743q313735323632323838372q3263353965383963326366383837333365383130333364396261666539626165222p2232223n223236616137623733363330343331633265663164333830653730636464363664222p2233223n226339633562653961386430343738323062363565643765653533613336383838222p2262696r675s70617373223n2232322q34352q35392q36342q37342q38332q3133227q HTTP/1.1" 200 102 "-" "Mozilla/5.0 (iPhone; CPU iPhone OS 13_4 like Mac OS X) AppleWebKit/605.1.15 (KHTML, like Gecko) Version/13.4.4 Mobile/15E148 Safari/604.1"
209.74.77.214 - - [15/Jul/2025:23:39:43 +0000] "POST /wp-cron.php?doing_wp_cron=1752622783.0051980018615722656250 HTTP/1.1" 200 - "-" "WordPress/6.8.1; https://theoldhouse.cafe"
20.171.207.200 - - [15/Jul/2025:23:39:42 +0000] "GET /info/absol70854654/ HTTP/1.1" 404 16222 "-" "Mozilla/5.0 AppleWebKit/537.36 (KHTML, like Gecko; compatible; GPTBot/1.2; +https://openai.com/gptbot)"
51.222.253.20 - - [15/Jul/2025:23:39:42 +0000] "GET /sitemapk.xml HTTP/1.1" 200 17046 "-" "Mozilla/5.0 (compatible; AhrefsBot/7.0; +http://ahrefs.com/robot/)"
51.222.253.9 - - [15/Jul/2025:23:39:47 +0000] "GET /sitemapl.xml HTTP/1.1" 200 14285 "-" "Mozilla/5.0 (compatible; AhrefsBot/7.0; +http://ahrefs.com/robot/)"
20.171.207.200 - - [15/Jul/2025:23:39:47 +0000] "GET /info/under80048351/ HTTP/1.1" 404 16222 "-" "Mozilla/5.0 AppleWebKit/537.36 (KHTML, like Gecko; compatible; GPTBot/1.2; +https://openai.com/gptbot)"
20.171.207.200 - - [15/Jul/2025:23:39:49 +0000] "GET /info/utili21081953/ HTTP/1.1" 404 16222 "-" "Mozilla/5.0 AppleWebKit/537.36 (KHTML, like Gecko; compatible; GPTBot/1.2; +https://openai.com/gptbot)"
51.222.253.19 - - [15/Jul/2025:23:39:52 +0000] "GET /sitemapm.xml HTTP/1.1" 200 10522 "-" "Mozilla/5.0 (compatible; AhrefsBot/7.0; +http://ahrefs.com/robot/)"
20.171.207.200 - - [15/Jul/2025:23:39:52 +0000] "GET /info/elast21562529/ HTTP/1.1" 404 16222 "-" "Mozilla/5.0 AppleWebKit/537.36 (KHTML, like Gecko; compatible; GPTBot/1.2; +https://openai.com/gptbot)"
20.171.207.200 - - [15/Jul/2025:23:39:56 +0000] "GET /info/altog32551162/ HTTP/1.1" 404 16222 "-" "Mozilla/5.0 AppleWebKit/537.36 (KHTML, like Gecko; compatible; GPTBot/1.2; +https://openai.com/gptbot)"
20.171.207.200 - - [15/Jul/2025:23:39:59 +0000] "GET /info/orche21094585/ HTTP/1.1" 404 16222 "-" "Mozilla/5.0 AppleWebKit/537.36 (KHTML, like Gecko; compatible; GPTBot/1.2; +https://openai.com/gptbot)"
20.171.207.200 - - [15/Jul/2025:23:40:01 +0000] "GET /info/young61592693/ HTTP/1.1" 404 16222 "-" "Mozilla/5.0 AppleWebKit/537.36 (KHTML, like Gecko; compatible; GPTBot/1.2; +https://openai.com/gptbot)"
51.222.253.7 - - [15/Jul/2025:23:40:02 +0000] "GET /sitemapn.xml HTTP/1.1" 200 17684 "-" "Mozilla/5.0 (compatible; AhrefsBot/7.0; +http://ahrefs.com/robot/)"
20.171.207.200 - - [15/Jul/2025:23:40:04 +0000] "GET /info/pinch80151239/ HTTP/1.1" 404 16222 "-" "Mozilla/5.0 AppleWebKit/537.36 (KHTML, like Gecko; compatible; GPTBot/1.2; +https://openai.com/gptbot)"
51.222.253.16 - - [15/Jul/2025:23:40:06 +0000] "GET /sitemapo.xml HTTP/1.1" 200 17977 "-" "Mozilla/5.0 (compatible; AhrefsBot/7.0; +http://ahrefs.com/robot/)"
20.171.207.200 - - [15/Jul/2025:23:40:07 +0000] "GET /info/feast41982627/ HTTP/1.1" 404 16222 "-" "Mozilla/5.0 AppleWebKit/537.36 (KHTML, like Gecko; compatible; GPTBot/1.2; +https://openai.com/gptbot)"
20.171.207.200 - - [15/Jul/2025:23:40:11 +0000] "GET /info/showe52800660/ HTTP/1.1" 404 16222 "-" "Mozilla/5.0 AppleWebKit/537.36 (KHTML, like Gecko; compatible; GPTBot/1.2; +https://openai.com/gptbot)"
209.74.77.214 - - [15/Jul/2025:23:40:14 +0000] "POST /wp-cron.php?doing_wp_cron=1752622814.4620978832244873046875 HTTP/1.1" 200 - "-" "WordPress/6.8.1; https://theoldhouse.cafe"
20.171.207.200 - - [15/Jul/2025:23:40:14 +0000] "GET /info/picky60086285/ HTTP/1.1" 404 16222 "-" "Mozilla/5.0 AppleWebKit/537.36 (KHTML, like Gecko; compatible; GPTBot/1.2; +https://openai.com/gptbot)"
20.171.207.200 - - [15/Jul/2025:23:40:17 +0000] "GET /info/absol70854654/ HTTP/1.1" 404 16222 "-" "Mozilla/5.0 AppleWebKit/537.36 (KHTML, like Gecko; compatible; GPTBot/1.2; +https://openai.com/gptbot)"
20.171.207.200 - - [15/Jul/2025:23:40:21 +0000] "GET /info/daily12384712/ HTTP/1.1" 404 16222 "-" "Mozilla/5.0 AppleWebKit/537.36 (KHTML, like Gecko; compatible; GPTBot/1.2; +https://openai.com/gptbot)"
20.171.207.200 - - [15/Jul/2025:23:40:24 +0000] "GET /info/domin62274101/ HTTP/1.1" 404 16222 "-" "Mozilla/5.0 AppleWebKit/537.36 (KHTML, like Gecko; compatible; GPTBot/1.2; +https://openai.com/gptbot)"
20.171.207.200 - - [15/Jul/2025:23:40:27 +0000] "GET /info/hasty31055482/ HTTP/1.1" 404 16222 "-" "Mozilla/5.0 AppleWebKit/537.36 (KHTML, like Gecko; compatible; GPTBot/1.2; +https://openai.com/gptbot)"
20.171.207.200 - - [15/Jul/2025:23:40:30 +0000] "GET /info/garba31643578/ HTTP/1.1" 404 16222 "-" "Mozilla/5.0 AppleWebKit/537.36 (KHTML, like Gecko; compatible; GPTBot/1.2; +https://openai.com/gptbot)"
20.171.207.200 - - [15/Jul/2025:23:40:33 +0000] "GET /info/cable42455019/ HTTP/1.1" 404 16222 "-" "Mozilla/5.0 AppleWebKit/537.36 (KHTML, like Gecko; compatible; GPTBot/1.2; +https://openai.com/gptbot)"
20.171.207.200 - - [15/Jul/2025:23:40:36 +0000] "GET /info/homew21764753/ HTTP/1.1" 404 16222 "-" "Mozilla/5.0 AppleWebKit/537.36 (KHTML, like Gecko; compatible; GPTBot/1.2; +https://openai.com/gptbot)"
20.171.207.200 - - [15/Jul/2025:23:40:39 +0000] "GET /info/crayo52676292/ HTTP/1.1" 404 16221 "-" "Mozilla/5.0 AppleWebKit/537.36 (KHTML, like Gecko; compatible; GPTBot/1.2; +https://openai.com/gptbot)"
209.74.77.214 - - [15/Jul/2025:23:40:43 +0000] "POST /wp-cron.php?doing_wp_cron=1752622843.0517170429229736328125 HTTP/1.1" 200 - "-" "WordPress/6.8.1; https://theoldhouse.cafe"
20.171.207.200 - - [15/Jul/2025:23:40:42 +0000] "GET /info/debat40067563/ HTTP/1.1" 404 16222 "-" "Mozilla/5.0 AppleWebKit/537.36 (KHTML, like Gecko; compatible; GPTBot/1.2; +https://openai.com/gptbot)"
20.171.207.200 - - [15/Jul/2025:23:40:46 +0000] "GET /info/absen81712815/ HTTP/1.1" 404 16222 "-" "Mozilla/5.0 AppleWebKit/537.36 (KHTML, like Gecko; compatible; GPTBot/1.2; +https://openai.com/gptbot)"
20.171.207.200 - - [15/Jul/2025:23:40:50 +0000] "GET /info/scand31799794/ HTTP/1.1" 404 16222 "-" "Mozilla/5.0 AppleWebKit/537.36 (KHTML, like Gecko; compatible; GPTBot/1.2; +https://openai.com/gptbot)"
20.171.207.200 - - [15/Jul/2025:23:40:52 +0000] "GET /info/copyr52039740/ HTTP/1.1" 404 16222 "-" "Mozilla/5.0 AppleWebKit/537.36 (KHTML, like Gecko; compatible; GPTBot/1.2; +https://openai.com/gptbot)"
20.171.207.200 - - [15/Jul/2025:23:40:56 +0000] "GET /info/thumb70107726/ HTTP/1.1" 404 16222 "-" "Mozilla/5.0 AppleWebKit/537.36 (KHTML, like Gecko; compatible; GPTBot/1.2; +https://openai.com/gptbot)"
20.171.207.200 - - [15/Jul/2025:23:41:00 +0000] "GET /info/quota60089973/ HTTP/1.1" 404 16222 "-" "Mozilla/5.0 AppleWebKit/537.36 (KHTML, like Gecko; compatible; GPTBot/1.2; +https://openai.com/gptbot)"
20.171.207.200 - - [15/Jul/2025:23:41:02 +0000] "GET /info/milit20518329/ HTTP/1.1" 404 16222 "-" "Mozilla/5.0 AppleWebKit/537.36 (KHTML, like Gecko; compatible; GPTBot/1.2; +https://openai.com/gptbot)"
20.171.207.200 - - [15/Jul/2025:23:41:05 +0000] "GET /info/manag71352126/ HTTP/1.1" 404 16222 "-" "Mozilla/5.0 AppleWebKit/537.36 (KHTML, like Gecko; compatible; GPTBot/1.2; +https://openai.com/gptbot)"
20.171.207.200 - - [15/Jul/2025:23:41:08 +0000] "GET /info/subsi31077858/ HTTP/1.1" 404 16222 "-" "Mozilla/5.0 AppleWebKit/537.36 (KHTML, like Gecko; compatible; GPTBot/1.2; +https://openai.com/gptbot)"
20.171.207.200 - - [15/Jul/2025:23:41:11 +0000] "GET /info/blade52570820/ HTTP/1.1" 404 16222 "-" "Mozilla/5.0 AppleWebKit/537.36 (KHTML, like Gecko; compatible; GPTBot/1.2; +https://openai.com/gptbot)"
209.74.77.214 - - [15/Jul/2025:23:41:14 +0000] "POST /wp-cron.php?doing_wp_cron=1752622874.7594630718231201171875 HTTP/1.1" 200 - "-" "WordPress/6.8.1; https://theoldhouse.cafe"
20.171.207.200 - - [15/Jul/2025:23:41:14 +0000] "GET /info/altho51844276/ HTTP/1.1" 404 16222 "-" "Mozilla/5.0 AppleWebKit/537.36 (KHTML, like Gecko; compatible; GPTBot/1.2; +https://openai.com/gptbot)"
20.171.207.200 - - [15/Jul/2025:23:41:17 +0000] "GET /info/lovel82704527/ HTTP/1.1" 404 16222 "-" "Mozilla/5.0 AppleWebKit/537.36 (KHTML, like Gecko; compatible; GPTBot/1.2; +https://openai.com/gptbot)"
20.171.207.200 - - [15/Jul/2025:23:41:21 +0000] "GET /info/marve40498339/ HTTP/1.1" 404 16222 "-" "Mozilla/5.0 AppleWebKit/537.36 (KHTML, like Gecko; compatible; GPTBot/1.2; +https://openai.com/gptbot)"
20.171.207.200 - - [15/Jul/2025:23:41:24 +0000] "GET /info/mistr82163439/ HTTP/1.1" 404 16222 "-" "Mozilla/5.0 AppleWebKit/537.36 (KHTML, like Gecko; compatible; GPTBot/1.2; +https://openai.com/gptbot)"
20.171.207.200 - - [15/Jul/2025:23:41:27 +0000] "GET /info/leade72936422/ HTTP/1.1" 404 16222 "-" "Mozilla/5.0 AppleWebKit/537.36 (KHTML, like Gecko; compatible; GPTBot/1.2; +https://openai.com/gptbot)"
20.171.207.200 - - [15/Jul/2025:23:41:30 +0000] "GET /info/count31984218/ HTTP/1.1" 404 16222 "-" "Mozilla/5.0 AppleWebKit/537.36 (KHTML, like Gecko; compatible; GPTBot/1.2; +https://openai.com/gptbot)"
20.171.207.200 - - [15/Jul/2025:23:41:33 +0000] "GET /info/rally22763697/ HTTP/1.1" 404 16222 "-" "Mozilla/5.0 AppleWebKit/537.36 (KHTML, like Gecko; compatible; GPTBot/1.2; +https://openai.com/gptbot)"
20.171.207.200 - - [15/Jul/2025:23:41:36 +0000] "GET /info/float51139076/ HTTP/1.1" 404 16222 "-" "Mozilla/5.0 AppleWebKit/537.36 (KHTML, like Gecko; compatible; GPTBot/1.2; +https://openai.com/gptbot)"
20.171.207.200 - - [15/Jul/2025:23:41:40 +0000] "GET /info/admit52534020/ HTTP/1.1" 404 16222 "-" "Mozilla/5.0 AppleWebKit/537.36 (KHTML, like Gecko; compatible; GPTBot/1.2; +https://openai.com/gptbot)"
209.74.77.214 - - [15/Jul/2025:23:41:44 +0000] "POST /wp-cron.php?doing_wp_cron=1752622904.1023259162902832031250 HTTP/1.1" 200 - "-" "WordPress/6.8.1; https://theoldhouse.cafe"
20.171.207.200 - - [15/Jul/2025:23:41:43 +0000] "GET /info/postg60694205/ HTTP/1.1" 404 16222 "-" "Mozilla/5.0 AppleWebKit/537.36 (KHTML, like Gecko; compatible; GPTBot/1.2; +https://openai.com/gptbot)"
20.171.207.200 - - [15/Jul/2025:23:41:46 +0000] "GET /info/clerk62153741/ HTTP/1.1" 404 16222 "-" "Mozilla/5.0 AppleWebKit/537.36 (KHTML, like Gecko; compatible; GPTBot/1.2; +https://openai.com/gptbot)"
20.171.207.200 - - [15/Jul/2025:23:41:50 +0000] "GET /info/price31741282/ HTTP/1.1" 404 16222 "-" "Mozilla/5.0 AppleWebKit/537.36 (KHTML, like Gecko; compatible; GPTBot/1.2; +https://openai.com/gptbot)"
20.171.207.200 - - [15/Jul/2025:23:41:54 +0000] "GET /info/prove80656095/ HTTP/1.1" 404 16222 "-" "Mozilla/5.0 AppleWebKit/537.36 (KHTML, like Gecko; compatible; GPTBot/1.2; +https://openai.com/gptbot)"
20.171.207.200 - - [15/Jul/2025:23:41:57 +0000] "GET /info/forec62258677/ HTTP/1.1" 404 16222 "-" "Mozilla/5.0 AppleWebKit/537.36 (KHTML, like Gecko; compatible; GPTBot/1.2; +https://openai.com/gptbot)"
20.171.207.200 - - [15/Jul/2025:23:42:00 +0000] "GET /info/absen80744815/ HTTP/1.1" 404 16222 "-" "Mozilla/5.0 AppleWebKit/537.36 (KHTML, like Gecko; compatible; GPTBot/1.2; +https://openai.com/gptbot)"
20.171.207.200 - - [15/Jul/2025:23:42:03 +0000] "GET /info/annua71926238/ HTTP/1.1" 404 16222 "-" "Mozilla/5.0 AppleWebKit/537.36 (KHTML, like Gecko; compatible; GPTBot/1.2; +https://openai.com/gptbot)"
20.171.207.200 - - [15/Jul/2025:23:42:05 +0000] "GET /info/cinem42464859/ HTTP/1.1" 404 16222 "-" "Mozilla/5.0 AppleWebKit/537.36 (KHTML, like Gecko; compatible; GPTBot/1.2; +https://openai.com/gptbot)"
20.171.207.200 - - [15/Jul/2025:23:42:08 +0000] "GET /info/deser62249877/ HTTP/1.1" 404 16222 "-" "Mozilla/5.0 AppleWebKit/537.36 (KHTML, like Gecko; compatible; GPTBot/1.2; +https://openai.com/gptbot)"
20.171.207.200 - - [15/Jul/2025:23:42:12 +0000] "GET /info/count31404218/ HTTP/1.1" 404 16222 "-" "Mozilla/5.0 AppleWebKit/537.36 (KHTML, like Gecko; compatible; GPTBot/1.2; +https://openai.com/gptbot)"
209.74.77.214 - - [15/Jul/2025:23:42:16 +0000] "POST /wp-cron.php?doing_wp_cron=1752622936.5249679088592529296875 HTTP/1.1" 200 - "-" "WordPress/6.8.1; https://theoldhouse.cafe"
20.171.207.200 - - [15/Jul/2025:23:42:16 +0000] "GET /info/manki72451430/ HTTP/1.1" 404 16221 "-" "Mozilla/5.0 AppleWebKit/537.36 (KHTML, like Gecko; compatible; GPTBot/1.2; +https://openai.com/gptbot)"
20.171.207.200 - - [15/Jul/2025:23:42:19 +0000] "GET /info/stran31892554/ HTTP/1.1" 404 16222 "-" "Mozilla/5.0 AppleWebKit/537.36 (KHTML, like Gecko; compatible; GPTBot/1.2; +https://openai.com/gptbot)"
20.171.207.200 - - [15/Jul/2025:23:42:22 +0000] "GET /info/mixtu30558722/ HTTP/1.1" 404 16222 "-" "Mozilla/5.0 AppleWebKit/537.36 (KHTML, like Gecko; compatible; GPTBot/1.2; +https://openai.com/gptbot)"
20.171.207.200 - - [15/Jul/2025:23:42:24 +0000] "GET /info/perfo22689337/ HTTP/1.1" 404 16222 "-" "Mozilla/5.0 AppleWebKit/537.36 (KHTML, like Gecko; compatible; GPTBot/1.2; +https://openai.com/gptbot)"
20.171.207.200 - - [15/Jul/2025:23:42:28 +0000] "GET /info/strug12754328/ HTTP/1.1" 404 16222 "-" "Mozilla/5.0 AppleWebKit/537.36 (KHTML, like Gecko; compatible; GPTBot/1.2; +https://openai.com/gptbot)"
20.171.207.200 - - [15/Jul/2025:23:42:30 +0000] "GET /info/downl42113827/ HTTP/1.1" 404 16222 "-" "Mozilla/5.0 AppleWebKit/537.36 (KHTML, like Gecko; compatible; GPTBot/1.2; +https://openai.com/gptbot)"
20.171.207.200 - - [15/Jul/2025:23:42:33 +0000] "GET /info/capac72839054/ HTTP/1.1" 404 16222 "-" "Mozilla/5.0 AppleWebKit/537.36 (KHTML, like Gecko; compatible; GPTBot/1.2; +https://openai.com/gptbot)"
20.171.207.200 - - [15/Jul/2025:23:42:36 +0000] "GET /info/heart20160793/ HTTP/1.1" 404 16222 "-" "Mozilla/5.0 AppleWebKit/537.36 (KHTML, like Gecko; compatible; GPTBot/1.2; +https://openai.com/gptbot)"
20.171.207.200 - - [15/Jul/2025:23:42:40 +0000] "GET /info/vapou12379416/ HTTP/1.1" 404 16222 "-" "Mozilla/5.0 AppleWebKit/537.36 (KHTML, like Gecko; compatible; GPTBot/1.2; +https://openai.com/gptbot)"
209.74.77.214 - - [15/Jul/2025:23:42:44 +0000] "POST /wp-cron.php?doing_wp_cron=1752622964.2077000141143798828125 HTTP/1.1" 200 - "-" "WordPress/6.8.1; https://theoldhouse.cafe"
20.171.207.200 - - [15/Jul/2025:23:42:44 +0000] "GET /info/menti20641145/ HTTP/1.1" 404 16222 "-" "Mozilla/5.0 AppleWebKit/537.36 (KHTML, like Gecko; compatible; GPTBot/1.2; +https://openai.com/gptbot)"
20.171.207.200 - - [15/Jul/2025:23:42:47 +0000] "GET /info/floor52196380/ HTTP/1.1" 404 16222 "-" "Mozilla/5.0 AppleWebKit/537.36 (KHTML, like Gecko; compatible; GPTBot/1.2; +https://openai.com/gptbot)"
20.171.207.200 - - [15/Jul/2025:23:42:50 +0000] "GET /info/bogus62293989/ HTTP/1.1" 404 16222 "-" "Mozilla/5.0 AppleWebKit/537.36 (KHTML, like Gecko; compatible; GPTBot/1.2; +https://openai.com/gptbot)"
20.171.207.200 - - [15/Jul/2025:23:42:53 +0000] "GET /info/newsp71232486/ HTTP/1.1" 404 16222 "-" "Mozilla/5.0 AppleWebKit/537.36 (KHTML, like Gecko; compatible; GPTBot/1.2; +https://openai.com/gptbot)"
20.171.207.200 - - [15/Jul/2025:23:42:55 +0000] "GET /info/thick41540163/ HTTP/1.1" 404 16222 "-" "Mozilla/5.0 AppleWebKit/537.36 (KHTML, like Gecko; compatible; GPTBot/1.2; +https://openai.com/gptbot)"
20.171.207.200 - - [15/Jul/2025:23:42:58 +0000] "GET /info/revis50218276/ HTTP/1.1" 404 16222 "-" "Mozilla/5.0 AppleWebKit/537.36 (KHTML, like Gecko; compatible; GPTBot/1.2; +https://openai.com/gptbot)"
20.171.207.200 - - [15/Jul/2025:23:43:03 +0000] "GET /info/posit80541007/ HTTP/1.1" 404 16222 "-" "Mozilla/5.0 AppleWebKit/537.36 (KHTML, like Gecko; compatible; GPTBot/1.2; +https://openai.com/gptbot)"
20.171.207.200 - - [15/Jul/2025:23:43:05 +0000] "GET /info/habit60399389/ HTTP/1.1" 404 16222 "-" "Mozilla/5.0 AppleWebKit/537.36 (KHTML, like Gecko; compatible; GPTBot/1.2; +https://openai.com/gptbot)"
20.171.207.200 - - [15/Jul/2025:23:43:08 +0000] "GET /info/museu51608900/ HTTP/1.1" 404 16222 "-" "Mozilla/5.0 AppleWebKit/537.36 (KHTML, like Gecko; compatible; GPTBot/1.2; +https://openai.com/gptbot)"
209.74.77.214 - - [15/Jul/2025:23:43:13 +0000] "POST /wp-cron.php?doing_wp_cron=1752622993.6109409332275390625000 HTTP/1.1" 200 - "-" "WordPress/6.8.1; https://theoldhouse.cafe"
20.171.207.200 - - [15/Jul/2025:23:43:13 +0000] "GET /info/awkwa20403145/ HTTP/1.1" 404 16222 "-" "Mozilla/5.0 AppleWebKit/537.36 (KHTML, like Gecko; compatible; GPTBot/1.2; +https://openai.com/gptbot)"
20.171.207.200 - - [15/Jul/2025:23:43:14 +0000] "GET /info/evalu11378168/ HTTP/1.1" 404 16222 "-" "Mozilla/5.0 AppleWebKit/537.36 (KHTML, like Gecko; compatible; GPTBot/1.2; +https://openai.com/gptbot)"
20.171.207.200 - - [15/Jul/2025:23:43:18 +0000] "GET /info/typis51543132/ HTTP/1.1" 404 16222 "-" "Mozilla/5.0 AppleWebKit/537.36 (KHTML, like Gecko; compatible; GPTBot/1.2; +https://openai.com/gptbot)"
20.171.207.200 - - [15/Jul/2025:23:43:21 +0000] "GET /info/appoi50973428/ HTTP/1.1" 404 16222 "-" "Mozilla/5.0 AppleWebKit/537.36 (KHTML, like Gecko; compatible; GPTBot/1.2; +https://openai.com/gptbot)"
20.171.207.200 - - [15/Jul/2025:23:43:24 +0000] "GET /info/wicke81571335/ HTTP/1.1" 404 16222 "-" "Mozilla/5.0 AppleWebKit/537.36 (KHTML, like Gecko; compatible; GPTBot/1.2; +https://openai.com/gptbot)"
20.171.207.200 - - [15/Jul/2025:23:43:27 +0000] "GET /info/frame80450039/ HTTP/1.1" 404 16222 "-" "Mozilla/5.0 AppleWebKit/537.36 (KHTML, like Gecko; compatible; GPTBot/1.2; +https://openai.com/gptbot)"
20.171.207.200 - - [15/Jul/2025:23:43:30 +0000] "GET /info/chant30732754/ HTTP/1.1" 404 16222 "-" "Mozilla/5.0 AppleWebKit/537.36 (KHTML, like Gecko; compatible; GPTBot/1.2; +https://openai.com/gptbot)"
20.171.207.200 - - [15/Jul/2025:23:43:34 +0000] "GET /info/baske20584265/ HTTP/1.1" 404 16222 "-" "Mozilla/5.0 AppleWebKit/537.36 (KHTML, like Gecko; compatible; GPTBot/1.2; +https://openai.com/gptbot)"
20.171.207.200 - - [15/Jul/2025:23:43:37 +0000] "GET /info/pupil12756120/ HTTP/1.1" 404 16222 "-" "Mozilla/5.0 AppleWebKit/537.36 (KHTML, like Gecko; compatible; GPTBot/1.2; +https://openai.com/gptbot)"
20.171.207.200 - - [15/Jul/2025:23:43:40 +0000] "GET /info/takeo41789907/ HTTP/1.1" 404 16222 "-" "Mozilla/5.0 AppleWebKit/537.36 (KHTML, like Gecko; compatible; GPTBot/1.2; +https://openai.com/gptbot)"
209.74.77.214 - - [15/Jul/2025:23:43:43 +0000] "POST /wp-cron.php?doing_wp_cron=1752623023.3411819934844970703125 HTTP/1.1" 200 - "-" "WordPress/6.8.1; https://theoldhouse.cafe"
20.171.207.200 - - [15/Jul/2025:23:43:43 +0000] "GET /info/smash10451688/ HTTP/1.1" 404 16221 "-" "Mozilla/5.0 AppleWebKit/537.36 (KHTML, like Gecko; compatible; GPTBot/1.2; +https://openai.com/gptbot)"
20.171.207.200 - - [15/Jul/2025:23:43:46 +0000] "GET /info/brita71123238/ HTTP/1.1" 404 16222 "-" "Mozilla/5.0 AppleWebKit/537.36 (KHTML, like Gecko; compatible; GPTBot/1.2; +https://openai.com/gptbot)"
20.171.207.200 - - [15/Jul/2025:23:43:49 +0000] "GET /info/alrig81849343/ HTTP/1.1" 404 16222 "-" "Mozilla/5.0 AppleWebKit/537.36 (KHTML, like Gecko; compatible; GPTBot/1.2; +https://openai.com/gptbot)"
20.171.207.200 - - [15/Jul/2025:23:43:53 +0000] "GET /info/novel20175417/ HTTP/1.1" 404 16222 "-" "Mozilla/5.0 AppleWebKit/537.36 (KHTML, like Gecko; compatible; GPTBot/1.2; +https://openai.com/gptbot)"
20.171.207.200 - - [15/Jul/2025:23:43:56 +0000] "GET /info/perio60876181/ HTTP/1.1" 404 16222 "-" "Mozilla/5.0 AppleWebKit/537.36 (KHTML, like Gecko; compatible; GPTBot/1.2; +https://openai.com/gptbot)"
20.171.207.200 - - [15/Jul/2025:23:43:59 +0000] "GET /info/undou70926326/ HTTP/1.1" 404 16222 "-" "Mozilla/5.0 AppleWebKit/537.36 (KHTML, like Gecko; compatible; GPTBot/1.2; +https://openai.com/gptbot)"
20.171.207.200 - - [15/Jul/2025:23:44:03 +0000] "GET /info/singe40321587/ HTTP/1.1" 404 16222 "-" "Mozilla/5.0 AppleWebKit/537.36 (KHTML, like Gecko; compatible; GPTBot/1.2; +https://openai.com/gptbot)"
20.171.207.200 - - [15/Jul/2025:23:44:05 +0000] "GET /info/grind20851385/ HTTP/1.1" 404 16222 "-" "Mozilla/5.0 AppleWebKit/537.36 (KHTML, like Gecko; compatible; GPTBot/1.2; +https://openai.com/gptbot)"
20.171.207.200 - - [15/Jul/2025:23:44:08 +0000] "GET /info/click60259653/ HTTP/1.1" 404 16222 "-" "Mozilla/5.0 AppleWebKit/537.36 (KHTML, like Gecko; compatible; GPTBot/1.2; +https://openai.com/gptbot)"
20.171.207.200 - - [15/Jul/2025:23:44:11 +0000] "GET /info/resta32844322/ HTTP/1.1" 404 16222 "-" "Mozilla/5.0 AppleWebKit/537.36 (KHTML, like Gecko; compatible; GPTBot/1.2; +https://openai.com/gptbot)"
209.74.77.214 - - [15/Jul/2025:23:44:14 +0000] "POST /wp-cron.php?doing_wp_cron=1752623054.8927569389343261718750 HTTP/1.1" 200 - "-" "WordPress/6.8.1; https://theoldhouse.cafe"
20.171.207.200 - - [15/Jul/2025:23:44:14 +0000] "GET /info/cross71276854/ HTTP/1.1" 404 16222 "-" "Mozilla/5.0 AppleWebKit/537.36 (KHTML, like Gecko; compatible; GPTBot/1.2; +https://openai.com/gptbot)"
20.171.207.200 - - [15/Jul/2025:23:44:17 +0000] "GET /info/swift52794332/ HTTP/1.1" 404 16222 "-" "Mozilla/5.0 AppleWebKit/537.36 (KHTML, like Gecko; compatible; GPTBot/1.2; +https://openai.com/gptbot)"
20.171.207.200 - - [15/Jul/2025:23:44:20 +0000] "GET /info/bruis20462689/ HTTP/1.1" 404 16222 "-" "Mozilla/5.0 AppleWebKit/537.36 (KHTML, like Gecko; compatible; GPTBot/1.2; +https://openai.com/gptbot)"
20.171.207.200 - - [15/Jul/2025:23:44:23 +0000] "GET /info/appro72505854/ HTTP/1.1" 404 16222 "-" "Mozilla/5.0 AppleWebKit/537.36 (KHTML, like Gecko; compatible; GPTBot/1.2; +https://openai.com/gptbot)"
20.171.207.200 - - [15/Jul/2025:23:44:26 +0000] "GET /info/metri40463179/ HTTP/1.1" 404 16222 "-" "Mozilla/5.0 AppleWebKit/537.36 (KHTML, like Gecko; compatible; GPTBot/1.2; +https://openai.com/gptbot)"
20.171.207.200 - - [15/Jul/2025:23:44:30 +0000] "GET /info/riddl42668675/ HTTP/1.1" 404 16222 "-" "Mozilla/5.0 AppleWebKit/537.36 (KHTML, like Gecko; compatible; GPTBot/1.2; +https://openai.com/gptbot)"
20.171.207.200 - - [15/Jul/2025:23:44:34 +0000] "GET /info/sword80535023/ HTTP/1.1" 404 16222 "-" "Mozilla/5.0 AppleWebKit/537.36 (KHTML, like Gecko; compatible; GPTBot/1.2; +https://openai.com/gptbot)"
20.171.207.200 - - [15/Jul/2025:23:44:36 +0000] "GET /info/brave81520079/ HTTP/1.1" 404 16222 "-" "Mozilla/5.0 AppleWebKit/537.36 (KHTML, like Gecko; compatible; GPTBot/1.2; +https://openai.com/gptbot)"
20.171.207.200 - - [15/Jul/2025:23:44:39 +0000] "GET /info/plane50512332/ HTTP/1.1" 404 16222 "-" "Mozilla/5.0 AppleWebKit/537.36 (KHTML, like Gecko; compatible; GPTBot/1.2; +https://openai.com/gptbot)"
209.74.77.214 - - [15/Jul/2025:23:44:44 +0000] "POST /wp-cron.php?doing_wp_cron=1752623084.3583910465240478515625 HTTP/1.1" 200 - "-" "WordPress/6.8.1; https://theoldhouse.cafe"
20.171.207.200 - - [15/Jul/2025:23:44:44 +0000] "GET /info/whisp21034873/ HTTP/1.1" 404 16221 "-" "Mozilla/5.0 AppleWebKit/537.36 (KHTML, like Gecko; compatible; GPTBot/1.2; +https://openai.com/gptbot)"
20.171.207.200 - - [15/Jul/2025:23:44:46 +0000] "GET /info/chill42203251/ HTTP/1.1" 404 16222 "-" "Mozilla/5.0 AppleWebKit/537.36 (KHTML, like Gecko; compatible; GPTBot/1.2; +https://openai.com/gptbot)"
20.171.207.200 - - [15/Jul/2025:23:44:48 +0000] "GET /info/batte10789384/ HTTP/1.1" 404 16222 "-" "Mozilla/5.0 AppleWebKit/537.36 (KHTML, like Gecko; compatible; GPTBot/1.2; +https://openai.com/gptbot)"
20.171.207.200 - - [15/Jul/2025:23:44:51 +0000] "GET /info/sympt42750219/ HTTP/1.1" 404 16222 "-" "Mozilla/5.0 AppleWebKit/537.36 (KHTML, like Gecko; compatible; GPTBot/1.2; +https://openai.com/gptbot)"
20.171.207.200 - - [15/Jul/2025:23:44:54 +0000] "GET /info/disag81703383/ HTTP/1.1" 404 16222 "-" "Mozilla/5.0 AppleWebKit/537.36 (KHTML, like Gecko; compatible; GPTBot/1.2; +https://openai.com/gptbot)"
20.171.207.200 - - [15/Jul/2025:23:44:57 +0000] "GET /info/entry81207127/ HTTP/1.1" 404 16222 "-" "Mozilla/5.0 AppleWebKit/537.36 (KHTML, like Gecko; compatible; GPTBot/1.2; +https://openai.com/gptbot)"
20.171.207.200 - - [15/Jul/2025:23:45:01 +0000] "GET /info/launc11293896/ HTTP/1.1" 404 16222 "-" "Mozilla/5.0 AppleWebKit/537.36 (KHTML, like Gecko; compatible; GPTBot/1.2; +https://openai.com/gptbot)"
20.171.207.200 - - [15/Jul/2025:23:45:04 +0000] "GET /info/imper10838192/ HTTP/1.1" 404 16222 "-" "Mozilla/5.0 AppleWebKit/537.36 (KHTML, like Gecko; compatible; GPTBot/1.2; +https://openai.com/gptbot)"
20.171.207.200 - - [15/Jul/2025:23:45:07 +0000] "GET /info/catch80329647/ HTTP/1.1" 404 16222 "-" "Mozilla/5.0 AppleWebKit/537.36 (KHTML, like Gecko; compatible; GPTBot/1.2; +https://openai.com/gptbot)"
20.171.207.200 - - [15/Jul/2025:23:45:10 +0000] "GET /info/outsk62986973/ HTTP/1.1" 404 16222 "-" "Mozilla/5.0 AppleWebKit/537.36 (KHTML, like Gecko; compatible; GPTBot/1.2; +https://openai.com/gptbot)"
209.74.77.214 - - [15/Jul/2025:23:45:14 +0000] "POST /wp-cron.php?doing_wp_cron=1752623114.7852339744567871093750 HTTP/1.1" 200 - "-" "WordPress/6.8.1; https://theoldhouse.cafe"
20.171.207.200 - - [15/Jul/2025:23:45:14 +0000] "GET /info/nephe52714596/ HTTP/1.1" 404 16222 "-" "Mozilla/5.0 AppleWebKit/537.36 (KHTML, like Gecko; compatible; GPTBot/1.2; +https://openai.com/gptbot)"
20.171.207.200 - - [15/Jul/2025:23:45:17 +0000] "GET /info/satis10949808/ HTTP/1.1" 404 16222 "-" "Mozilla/5.0 AppleWebKit/537.36 (KHTML, like Gecko; compatible; GPTBot/1.2; +https://openai.com/gptbot)"
20.171.207.200 - - [15/Jul/2025:23:45:20 +0000] "GET /info/janua51985124/ HTTP/1.1" 404 16222 "-" "Mozilla/5.0 AppleWebKit/537.36 (KHTML, like Gecko; compatible; GPTBot/1.2; +https://openai.com/gptbot)"
20.171.207.200 - - [15/Jul/2025:23:45:24 +0000] "GET /info/peasa30434890/ HTTP/1.1" 404 16222 "-" "Mozilla/5.0 AppleWebKit/537.36 (KHTML, like Gecko; compatible; GPTBot/1.2; +https://openai.com/gptbot)"
20.171.207.200 - - [15/Jul/2025:23:45:27 +0000] "GET /info/refug72079710/ HTTP/1.1" 404 16222 "-" "Mozilla/5.0 AppleWebKit/537.36 (KHTML, like Gecko; compatible; GPTBot/1.2; +https://openai.com/gptbot)"
20.171.207.200 - - [15/Jul/2025:23:45:30 +0000] "GET /info/ventu32662714/ HTTP/1.1" 404 16222 "-" "Mozilla/5.0 AppleWebKit/537.36 (KHTML, like Gecko; compatible; GPTBot/1.2; +https://openai.com/gptbot)"
20.171.207.200 - - [15/Jul/2025:23:45:33 +0000] "GET /info/music40156923/ HTTP/1.1" 404 16222 "-" "Mozilla/5.0 AppleWebKit/537.36 (KHTML, like Gecko; compatible; GPTBot/1.2; +https://openai.com/gptbot)"
20.171.207.200 - - [15/Jul/2025:23:45:36 +0000] "GET /info/hazar72898430/ HTTP/1.1" 404 16222 "-" "Mozilla/5.0 AppleWebKit/537.36 (KHTML, like Gecko; compatible; GPTBot/1.2; +https://openai.com/gptbot)"
20.171.207.200 - - [15/Jul/2025:23:45:40 +0000] "GET /info/weeke10744648/ HTTP/1.1" 404 16222 "-" "Mozilla/5.0 AppleWebKit/537.36 (KHTML, like Gecko; compatible; GPTBot/1.2; +https://openai.com/gptbot)"
209.74.77.214 - - [15/Jul/2025:23:45:43 +0000] "POST /wp-cron.php?doing_wp_cron=1752623143.5551030635833740234375 HTTP/1.1" 200 - "-" "WordPress/6.8.1; https://theoldhouse.cafe"
20.171.207.200 - - [15/Jul/2025:23:45:43 +0000] "GET /info/jacke31144354/ HTTP/1.1" 404 16222 "-" "Mozilla/5.0 AppleWebKit/537.36 (KHTML, like Gecko; compatible; GPTBot/1.2; +https://openai.com/gptbot)"
20.171.207.200 - - [15/Jul/2025:23:45:46 +0000] "GET /info/globa50023716/ HTTP/1.1" 404 16222 "-" "Mozilla/5.0 AppleWebKit/537.36 (KHTML, like Gecko; compatible; GPTBot/1.2; +https://openai.com/gptbot)"
20.171.207.200 - - [15/Jul/2025:23:45:49 +0000] "GET /info/attac11050768/ HTTP/1.1" 404 16222 "-" "Mozilla/5.0 AppleWebKit/537.36 (KHTML, like Gecko; compatible; GPTBot/1.2; +https://openai.com/gptbot)"
20.171.207.200 - - [15/Jul/2025:23:45:53 +0000] "GET /info/motor32117146/ HTTP/1.1" 404 16222 "-" "Mozilla/5.0 AppleWebKit/537.36 (KHTML, like Gecko; compatible; GPTBot/1.2; +https://openai.com/gptbot)"
20.171.207.200 - - [15/Jul/2025:23:45:55 +0000] "GET /info/outsk60890973/ HTTP/1.1" 404 16222 "-" "Mozilla/5.0 AppleWebKit/537.36 (KHTML, like Gecko; compatible; GPTBot/1.2; +https://openai.com/gptbot)"
20.171.207.200 - - [15/Jul/2025:23:45:59 +0000] "GET /info/navig40122883/ HTTP/1.1" 404 16222 "-" "Mozilla/5.0 AppleWebKit/537.36 (KHTML, like Gecko; compatible; GPTBot/1.2; +https://openai.com/gptbot)"
20.171.207.200 - - [15/Jul/2025:23:46:03 +0000] "GET /info/feath51863268/ HTTP/1.1" 404 16222 "-" "Mozilla/5.0 AppleWebKit/537.36 (KHTML, like Gecko; compatible; GPTBot/1.2; +https://openai.com/gptbot)"
20.171.207.200 - - [15/Jul/2025:23:46:05 +0000] "GET /info/recep41338123/ HTTP/1.1" 404 16222 "-" "Mozilla/5.0 AppleWebKit/537.36 (KHTML, like Gecko; compatible; GPTBot/1.2; +https://openai.com/gptbot)"
20.171.207.200 - - [15/Jul/2025:23:46:08 +0000] "GET /info/certa32268570/ HTTP/1.1" 404 16222 "-" "Mozilla/5.0 AppleWebKit/537.36 (KHTML, like Gecko; compatible; GPTBot/1.2; +https://openai.com/gptbot)"
20.171.207.200 - - [15/Jul/2025:23:46:12 +0000] "GET /info/appre20234153/ HTTP/1.1" 404 16222 "-" "Mozilla/5.0 AppleWebKit/537.36 (KHTML, like Gecko; compatible; GPTBot/1.2; +https://openai.com/gptbot)"
209.74.77.214 - - [15/Jul/2025:23:46:15 +0000] "POST /wp-cron.php?doing_wp_cron=1752623175.0901310443878173828125 HTTP/1.1" 200 - "-" "WordPress/6.8.1; https://theoldhouse.cafe"
20.171.207.200 - - [15/Jul/2025:23:46:14 +0000] "GET /info/pacif70829310/ HTTP/1.1" 404 16222 "-" "Mozilla/5.0 AppleWebKit/537.36 (KHTML, like Gecko; compatible; GPTBot/1.2; +https://openai.com/gptbot)"
20.171.207.200 - - [15/Jul/2025:23:46:17 +0000] "GET /info/schem72691126/ HTTP/1.1" 404 16222 "-" "Mozilla/5.0 AppleWebKit/537.36 (KHTML, like Gecko; compatible; GPTBot/1.2; +https://openai.com/gptbot)"
20.171.207.200 - - [15/Jul/2025:23:46:22 +0000] "GET /info/pleas42584075/ HTTP/1.1" 404 16222 "-" "Mozilla/5.0 AppleWebKit/537.36 (KHTML, like Gecko; compatible; GPTBot/1.2; +https://openai.com/gptbot)"
20.171.207.200 - - [15/Jul/2025:23:46:24 +0000] "GET /info/semin81167807/ HTTP/1.1" 404 16222 "-" "Mozilla/5.0 AppleWebKit/537.36 (KHTML, like Gecko; compatible; GPTBot/1.2; +https://openai.com/gptbot)"
20.171.207.200 - - [15/Jul/2025:23:46:27 +0000] "GET /info/rotat20695441/ HTTP/1.1" 404 16222 "-" "Mozilla/5.0 AppleWebKit/537.36 (KHTML, like Gecko; compatible; GPTBot/1.2; +https://openai.com/gptbot)"
20.171.207.200 - - [15/Jul/2025:23:46:30 +0000] "GET /info/sugar11708216/ HTTP/1.1" 404 16222 "-" "Mozilla/5.0 AppleWebKit/537.36 (KHTML, like Gecko; compatible; GPTBot/1.2; +https://openai.com/gptbot)"
20.171.207.200 - - [15/Jul/2025:23:46:34 +0000] "GET /info/perfe21636953/ HTTP/1.1" 404 16222 "-" "Mozilla/5.0 AppleWebKit/537.36 (KHTML, like Gecko; compatible; GPTBot/1.2; +https://openai.com/gptbot)"
20.171.207.200 - - [15/Jul/2025:23:46:36 +0000] "GET /info/happe61436869/ HTTP/1.1" 404 16222 "-" "Mozilla/5.0 AppleWebKit/537.36 (KHTML, like Gecko; compatible; GPTBot/1.2; +https://openai.com/gptbot)"
20.171.207.200 - - [15/Jul/2025:23:46:40 +0000] "GET /info/lonel71392878/ HTTP/1.1" 404 16222 "-" "Mozilla/5.0 AppleWebKit/537.36 (KHTML, like Gecko; compatible; GPTBot/1.2; +https://openai.com/gptbot)"
209.74.77.214 - - [15/Jul/2025:23:46:43 +0000] "POST /wp-cron.php?doing_wp_cron=1752623203.4851310253143310546875 HTTP/1.1" 200 - "-" "WordPress/6.8.1; https://theoldhouse.cafe"
20.171.207.200 - - [15/Jul/2025:23:46:43 +0000] "GET /info/scard70223982/ HTTP/1.1" 404 16222 "-" "Mozilla/5.0 AppleWebKit/537.36 (KHTML, like Gecko; compatible; GPTBot/1.2; +https://openai.com/gptbot)"
20.171.207.200 - - [15/Jul/2025:23:46:46 +0000] "GET /info/veter12335368/ HTTP/1.1" 404 16221 "-" "Mozilla/5.0 AppleWebKit/537.36 (KHTML, like Gecko; compatible; GPTBot/1.2; +https://openai.com/gptbot)"
20.171.207.200 - - [15/Jul/2025:23:46:49 +0000] "GET /info/every40712283/ HTTP/1.1" 404 16222 "-" "Mozilla/5.0 AppleWebKit/537.36 (KHTML, like Gecko; compatible; GPTBot/1.2; +https://openai.com/gptbot)"
20.171.207.200 - - [15/Jul/2025:23:46:53 +0000] "GET /info/relie20701881/ HTTP/1.1" 404 16222 "-" "Mozilla/5.0 AppleWebKit/537.36 (KHTML, like Gecko; compatible; GPTBot/1.2; +https://openai.com/gptbot)"
20.171.207.200 - - [15/Jul/2025:23:46:55 +0000] "GET /info/candy82916551/ HTTP/1.1" 404 16222 "-" "Mozilla/5.0 AppleWebKit/537.36 (KHTML, like Gecko; compatible; GPTBot/1.2; +https://openai.com/gptbot)"
20.171.207.200 - - [15/Jul/2025:23:46:59 +0000] "GET /info/digit62030837/ HTTP/1.1" 404 16222 "-" "Mozilla/5.0 AppleWebKit/537.36 (KHTML, like Gecko; compatible; GPTBot/1.2; +https://openai.com/gptbot)"
20.171.207.200 - - [15/Jul/2025:23:47:02 +0000] "GET /info/rescu52362076/ HTTP/1.1" 404 16222 "-" "Mozilla/5.0 AppleWebKit/537.36 (KHTML, like Gecko; compatible; GPTBot/1.2; +https://openai.com/gptbot)"
20.171.207.200 - - [15/Jul/2025:23:47:05 +0000] "GET /info/perfe21636953/ HTTP/1.1" 404 16222 "-" "Mozilla/5.0 AppleWebKit/537.36 (KHTML, like Gecko; compatible; GPTBot/1.2; +https://openai.com/gptbot)"
20.171.207.200 - - [15/Jul/2025:23:47:08 +0000] "GET /info/couns20489945/ HTTP/1.1" 404 16222 "-" "Mozilla/5.0 AppleWebKit/537.36 (KHTML, like Gecko; compatible; GPTBot/1.2; +https://openai.com/gptbot)"
20.171.207.200 - - [15/Jul/2025:23:47:12 +0000] "GET /info/happe61436869/ HTTP/1.1" 404 16222 "-" "Mozilla/5.0 AppleWebKit/537.36 (KHTML, like Gecko; compatible; GPTBot/1.2; +https://openai.com/gptbot)"
209.74.77.214 - - [15/Jul/2025:23:47:14 +0000] "POST /wp-cron.php?doing_wp_cron=1752623234.4987409114837646484375 HTTP/1.1" 200 - "-" "WordPress/6.8.1; https://theoldhouse.cafe"
20.171.207.200 - - [15/Jul/2025:23:47:14 +0000] "GET /info/engli51476228/ HTTP/1.1" 404 16222 "-" "Mozilla/5.0 AppleWebKit/537.36 (KHTML, like Gecko; compatible; GPTBot/1.2; +https://openai.com/gptbot)"
20.171.207.200 - - [15/Jul/2025:23:47:17 +0000] "GET /info/droug51383236/ HTTP/1.1" 404 16222 "-" "Mozilla/5.0 AppleWebKit/537.36 (KHTML, like Gecko; compatible; GPTBot/1.2; +https://openai.com/gptbot)"
20.171.207.200 - - [15/Jul/2025:23:47:21 +0000] "GET /info/rebel82454631/ HTTP/1.1" 404 16222 "-" "Mozilla/5.0 AppleWebKit/537.36 (KHTML, like Gecko; compatible; GPTBot/1.2; +https://openai.com/gptbot)"
20.171.207.200 - - [15/Jul/2025:23:47:23 +0000] "GET /info/cauti12590032/ HTTP/1.1" 404 16222 "-" "Mozilla/5.0 AppleWebKit/537.36 (KHTML, like Gecko; compatible; GPTBot/1.2; +https://openai.com/gptbot)"
20.171.207.200 - - [15/Jul/2025:23:47:27 +0000] "GET /info/quest70365262/ HTTP/1.1" 404 16222 "-" "Mozilla/5.0 AppleWebKit/537.36 (KHTML, like Gecko; compatible; GPTBot/1.2; +https://openai.com/gptbot)"
20.171.207.200 - - [15/Jul/2025:23:47:30 +0000] "GET /info/prete10273320/ HTTP/1.1" 404 16222 "-" "Mozilla/5.0 AppleWebKit/537.36 (KHTML, like Gecko; compatible; GPTBot/1.2; +https://openai.com/gptbot)"
20.171.207.200 - - [15/Jul/2025:23:47:33 +0000] "GET /info/namel71494398/ HTTP/1.1" 404 16222 "-" "Mozilla/5.0 AppleWebKit/537.36 (KHTML, like Gecko; compatible; GPTBot/1.2; +https://openai.com/gptbot)"
20.171.207.200 - - [15/Jul/2025:23:47:36 +0000] "GET /info/cream80441471/ HTTP/1.1" 404 16222 "-" "Mozilla/5.0 AppleWebKit/537.36 (KHTML, like Gecko; compatible; GPTBot/1.2; +https://openai.com/gptbot)"
20.171.207.200 - - [15/Jul/2025:23:47:39 +0000] "GET /info/illne32096474/ HTTP/1.1" 404 16221 "-" "Mozilla/5.0 AppleWebKit/537.36 (KHTML, like Gecko; compatible; GPTBot/1.2; +https://openai.com/gptbot)"
209.74.77.214 - - [15/Jul/2025:23:47:43 +0000] "POST /wp-cron.php?doing_wp_cron=1752623263.9426479339599609375000 HTTP/1.1" 200 - "-" "WordPress/6.8.1; https://theoldhouse.cafe"
20.171.207.200 - - [15/Jul/2025:23:47:43 +0000] "GET /info/promp50574196/ HTTP/1.1" 404 16221 "-" "Mozilla/5.0 AppleWebKit/537.36 (KHTML, like Gecko; compatible; GPTBot/1.2; +https://openai.com/gptbot)"
20.171.207.200 - - [15/Jul/2025:23:47:47 +0000] "GET /info/cabin11362488/ HTTP/1.1" 404 16221 "-" "Mozilla/5.0 AppleWebKit/537.36 (KHTML, like Gecko; compatible; GPTBot/1.2; +https://openai.com/gptbot)"
20.171.207.200 - - [15/Jul/2025:23:47:50 +0000] "GET /info/promp51530196/ HTTP/1.1" 404 16222 "-" "Mozilla/5.0 AppleWebKit/537.36 (KHTML, like Gecko; compatible; GPTBot/1.2; +https://openai.com/gptbot)"
20.171.207.200 - - [15/Jul/2025:23:47:53 +0000] "GET /info/fridg51041036/ HTTP/1.1" 404 16222 "-" "Mozilla/5.0 AppleWebKit/537.36 (KHTML, like Gecko; compatible; GPTBot/1.2; +https://openai.com/gptbot)"
20.171.207.200 - - [15/Jul/2025:23:47:55 +0000] "GET /info/stret30274498/ HTTP/1.1" 404 16222 "-" "Mozilla/5.0 AppleWebKit/537.36 (KHTML, like Gecko; compatible; GPTBot/1.2; +https://openai.com/gptbot)"
20.171.207.200 - - [15/Jul/2025:23:47:59 +0000] "GET /info/presc61022125/ HTTP/1.1" 404 16222 "-" "Mozilla/5.0 AppleWebKit/537.36 (KHTML, like Gecko; compatible; GPTBot/1.2; +https://openai.com/gptbot)"
20.171.207.200 - - [15/Jul/2025:23:48:04 +0000] "GET /info/pound40632979/ HTTP/1.1" 404 16222 "-" "Mozilla/5.0 AppleWebKit/537.36 (KHTML, like Gecko; compatible; GPTBot/1.2; +https://openai.com/gptbot)"
20.171.207.200 - - [15/Jul/2025:23:48:05 +0000] "GET /info/fortn72835526/ HTTP/1.1" 404 16222 "-" "Mozilla/5.0 AppleWebKit/537.36 (KHTML, like Gecko; compatible; GPTBot/1.2; +https://openai.com/gptbot)"
20.171.207.200 - - [15/Jul/2025:23:48:08 +0000] "GET /info/meani10560824/ HTTP/1.1" 404 16222 "-" "Mozilla/5.0 AppleWebKit/537.36 (KHTML, like Gecko; compatible; GPTBot/1.2; +https://openai.com/gptbot)"
20.171.207.200 - - [15/Jul/2025:23:48:12 +0000] "GET /info/leadi51183468/ HTTP/1.1" 404 16222 "-" "Mozilla/5.0 AppleWebKit/537.36 (KHTML, like Gecko; compatible; GPTBot/1.2; +https://openai.com/gptbot)"
209.74.77.214 - - [15/Jul/2025:23:48:14 +0000] "POST /wp-cron.php?doing_wp_cron=1752623294.6500589847564697265625 HTTP/1.1" 200 - "-" "WordPress/6.8.1; https://theoldhouse.cafe"
20.171.207.200 - - [15/Jul/2025:23:48:14 +0000] "GET /info/searc21280097/ HTTP/1.1" 404 16222 "-" "Mozilla/5.0 AppleWebKit/537.36 (KHTML, like Gecko; compatible; GPTBot/1.2; +https://openai.com/gptbot)"
20.171.207.200 - - [15/Jul/2025:23:48:18 +0000] "GET /info/turbi21150545/ HTTP/1.1" 404 16222 "-" "Mozilla/5.0 AppleWebKit/537.36 (KHTML, like Gecko; compatible; GPTBot/1.2; +https://openai.com/gptbot)"
20.171.207.200 - - [15/Jul/2025:23:48:21 +0000] "GET /info/ordin41507059/ HTTP/1.1" 404 16222 "-" "Mozilla/5.0 AppleWebKit/537.36 (KHTML, like Gecko; compatible; GPTBot/1.2; +https://openai.com/gptbot)"
20.171.207.200 - - [15/Jul/2025:23:48:24 +0000] "GET /info/rebel81414631/ HTTP/1.1" 404 16222 "-" "Mozilla/5.0 AppleWebKit/537.36 (KHTML, like Gecko; compatible; GPTBot/1.2; +https://openai.com/gptbot)"
20.171.207.200 - - [15/Jul/2025:23:48:28 +0000] "GET /info/think71793390/ HTTP/1.1" 404 16222 "-" "Mozilla/5.0 AppleWebKit/537.36 (KHTML, like Gecko; compatible; GPTBot/1.2; +https://openai.com/gptbot)"
20.171.207.200 - - [15/Jul/2025:23:48:30 +0000] "GET /info/presc61022125/ HTTP/1.1" 404 16222 "-" "Mozilla/5.0 AppleWebKit/537.36 (KHTML, like Gecko; compatible; GPTBot/1.2; +https://openai.com/gptbot)"
20.171.207.200 - - [15/Jul/2025:23:48:33 +0000] "GET /info/capac71439054/ HTTP/1.1" 404 16222 "-" "Mozilla/5.0 AppleWebKit/537.36 (KHTML, like Gecko; compatible; GPTBot/1.2; +https://openai.com/gptbot)"
20.171.207.200 - - [15/Jul/2025:23:48:37 +0000] "GET /info/suici50155764/ HTTP/1.1" 404 16222 "-" "Mozilla/5.0 AppleWebKit/537.36 (KHTML, like Gecko; compatible; GPTBot/1.2; +https://openai.com/gptbot)"
20.171.207.200 - - [15/Jul/2025:23:48:40 +0000] "GET /info/lette70804246/ HTTP/1.1" 404 16222 "-" "Mozilla/5.0 AppleWebKit/537.36 (KHTML, like Gecko; compatible; GPTBot/1.2; +https://openai.com/gptbot)"
209.74.77.214 - - [15/Jul/2025:23:48:44 +0000] "POST /wp-cron.php?doing_wp_cron=1752623324.3159039020538330078125 HTTP/1.1" 200 - "-" "WordPress/6.8.1; https://theoldhouse.cafe"
20.171.207.200 - - [15/Jul/2025:23:48:44 +0000] "GET /info/diale51399164/ HTTP/1.1" 404 16222 "-" "Mozilla/5.0 AppleWebKit/537.36 (KHTML, like Gecko; compatible; GPTBot/1.2; +https://openai.com/gptbot)"
20.171.207.200 - - [15/Jul/2025:23:48:46 +0000] "GET /info/talen60689605/ HTTP/1.1" 404 16222 "-" "Mozilla/5.0 AppleWebKit/537.36 (KHTML, like Gecko; compatible; GPTBot/1.2; +https://openai.com/gptbot)"
20.171.207.200 - - [15/Jul/2025:23:48:49 +0000] "GET /info/searc21280097/ HTTP/1.1" 404 16222 "-" "Mozilla/5.0 AppleWebKit/537.36 (KHTML, like Gecko; compatible; GPTBot/1.2; +https://openai.com/gptbot)"
20.171.207.200 - - [15/Jul/2025:23:48:53 +0000] "GET /info/schoo60136269/ HTTP/1.1" 404 16222 "-" "Mozilla/5.0 AppleWebKit/537.36 (KHTML, like Gecko; compatible; GPTBot/1.2; +https://openai.com/gptbot)"
20.171.207.200 - - [15/Jul/2025:23:48:55 +0000] "GET /info/depth52583500/ HTTP/1.1" 404 16222 "-" "Mozilla/5.0 AppleWebKit/537.36 (KHTML, like Gecko; compatible; GPTBot/1.2; +https://openai.com/gptbot)"
20.171.207.200 - - [15/Jul/2025:23:48:59 +0000] "GET /info/rigor62026317/ HTTP/1.1" 404 16222 "-" "Mozilla/5.0 AppleWebKit/537.36 (KHTML, like Gecko; compatible; GPTBot/1.2; +https://openai.com/gptbot)"
20.171.207.200 - - [15/Jul/2025:23:49:03 +0000] "GET /info/harbo81442663/ HTTP/1.1" 404 16222 "-" "Mozilla/5.0 AppleWebKit/537.36 (KHTML, like Gecko; compatible; GPTBot/1.2; +https://openai.com/gptbot)"
20.171.207.200 - - [15/Jul/2025:23:49:04 +0000] "GET /info/patie72640902/ HTTP/1.1" 404 16222 "-" "Mozilla/5.0 AppleWebKit/537.36 (KHTML, like Gecko; compatible; GPTBot/1.2; +https://openai.com/gptbot)"
20.171.207.200 - - [15/Jul/2025:23:49:08 +0000] "GET /info/nurse12568544/ HTTP/1.1" 404 16222 "-" "Mozilla/5.0 AppleWebKit/537.36 (KHTML, like Gecko; compatible; GPTBot/1.2; +https://openai.com/gptbot)"
20.171.207.200 - - [15/Jul/2025:23:49:11 +0000] "GET /info/mirro62169005/ HTTP/1.1" 404 16222 "-" "Mozilla/5.0 AppleWebKit/537.36 (KHTML, like Gecko; compatible; GPTBot/1.2; +https://openai.com/gptbot)"
209.74.77.214 - - [15/Jul/2025:23:49:15 +0000] "POST /wp-cron.php?doing_wp_cron=1752623355.5130169391632080078125 HTTP/1.1" 200 - "-" "WordPress/6.8.1; https://theoldhouse.cafe"
20.171.207.200 - - [15/Jul/2025:23:49:15 +0000] "GET /info/every40012283/ HTTP/1.1" 404 16222 "-" "Mozilla/5.0 AppleWebKit/537.36 (KHTML, like Gecko; compatible; GPTBot/1.2; +https://openai.com/gptbot)"
20.171.207.200 - - [15/Jul/2025:23:49:18 +0000] "GET /info/bedro12024976/ HTTP/1.1" 404 16222 "-" "Mozilla/5.0 AppleWebKit/537.36 (KHTML, like Gecko; compatible; GPTBot/1.2; +https://openai.com/gptbot)"
20.171.207.200 - - [15/Jul/2025:23:49:21 +0000] "GET /info/nouri60735709/ HTTP/1.1" 404 16222 "-" "Mozilla/5.0 AppleWebKit/537.36 (KHTML, like Gecko; compatible; GPTBot/1.2; +https://openai.com/gptbot)"
20.171.207.200 - - [15/Jul/2025:23:49:24 +0000] "GET /info/lesso62964717/ HTTP/1.1" 404 16222 "-" "Mozilla/5.0 AppleWebKit/537.36 (KHTML, like Gecko; compatible; GPTBot/1.2; +https://openai.com/gptbot)"
20.171.207.200 - - [15/Jul/2025:23:49:27 +0000] "GET /info/every40440283/ HTTP/1.1" 404 16222 "-" "Mozilla/5.0 AppleWebKit/537.36 (KHTML, like Gecko; compatible; GPTBot/1.2; +https://openai.com/gptbot)"
20.171.207.200 - - [15/Jul/2025:23:49:32 +0000] "GET /info/guess31153082/ HTTP/1.1" 404 16222 "-" "Mozilla/5.0 AppleWebKit/537.36 (KHTML, like Gecko; compatible; GPTBot/1.2; +https://openai.com/gptbot)"
20.171.207.200 - - [15/Jul/2025:23:49:34 +0000] "GET /info/posit82685007/ HTTP/1.1" 404 16222 "-" "Mozilla/5.0 AppleWebKit/537.36 (KHTML, like Gecko; compatible; GPTBot/1.2; +https://openai.com/gptbot)"
