209.74.77.214 - - [16/Jul/2025:00:25:13 +0000] "POST /wp-cron.php?doing_wp_cron=1752625513.1940739154815673828125 HTTP/1.1" 200 - "-" "WordPress/6.8.1; https://theoldhouse.cafe"
20.171.207.200 - - [16/Jul/2025:00:25:12 +0000] "GET /info/reven42709915/ HTTP/1.1" 404 16222 "-" "Mozilla/5.0 AppleWebKit/537.36 (KHTML, like Gecko; compatible; GPTBot/1.2; +https://openai.com/gptbot)"
20.171.207.200 - - [16/Jul/2025:00:25:15 +0000] "GET /info/wrong32136874/ HTTP/1.1" 404 16222 "-" "Mozilla/5.0 AppleWebKit/537.36 (KHTML, like Gecko; compatible; GPTBot/1.2; +https://openai.com/gptbot)"
20.171.207.200 - - [16/Jul/2025:00:25:18 +0000] "GET /info/grasp62423133/ HTTP/1.1" 404 16222 "-" "Mozilla/5.0 AppleWebKit/537.36 (KHTML, like Gecko; compatible; GPTBot/1.2; +https://openai.com/gptbot)"
20.171.207.200 - - [16/Jul/2025:00:25:22 +0000] "GET /info/feedb30426274/ HTTP/1.1" 404 16222 "-" "Mozilla/5.0 AppleWebKit/537.36 (KHTML, like Gecko; compatible; GPTBot/1.2; +https://openai.com/gptbot)"
20.171.207.200 - - [16/Jul/2025:00:25:25 +0000] "GET /info/bambo41317091/ HTTP/1.1" 404 16222 "-" "Mozilla/5.0 AppleWebKit/537.36 (KHTML, like Gecko; compatible; GPTBot/1.2; +https://openai.com/gptbot)"
20.171.207.200 - - [16/Jul/2025:00:25:28 +0000] "GET /info/itali30058922/ HTTP/1.1" 404 16222 "-" "Mozilla/5.0 AppleWebKit/537.36 (KHTML, like Gecko; compatible; GPTBot/1.2; +https://openai.com/gptbot)"
20.171.207.200 - - [16/Jul/2025:00:25:31 +0000] "GET /info/whoev62003685/ HTTP/1.1" 404 16222 "-" "Mozilla/5.0 AppleWebKit/537.36 (KHTML, like Gecko; compatible; GPTBot/1.2; +https://openai.com/gptbot)"
20.171.207.200 - - [16/Jul/2025:00:25:34 +0000] "GET /info/anoth31569234/ HTTP/1.1" 404 16222 "-" "Mozilla/5.0 AppleWebKit/537.36 (KHTML, like Gecko; compatible; GPTBot/1.2; +https://openai.com/gptbot)"
20.171.207.200 - - [16/Jul/2025:00:25:37 +0000] "GET /info/belov42094595/ HTTP/1.1" 404 16222 "-" "Mozilla/5.0 AppleWebKit/537.36 (KHTML, like Gecko; compatible; GPTBot/1.2; +https://openai.com/gptbot)"
20.171.207.200 - - [16/Jul/2025:00:25:40 +0000] "GET /info/lesse40878019/ HTTP/1.1" 404 16222 "-" "Mozilla/5.0 AppleWebKit/537.36 (KHTML, like Gecko; compatible; GPTBot/1.2; +https://openai.com/gptbot)"
209.74.77.214 - - [16/Jul/2025:00:25:44 +0000] "POST /wp-cron.php?doing_wp_cron=1752625544.1977539062500000000000 HTTP/1.1" 200 - "-" "WordPress/6.8.1; https://theoldhouse.cafe"
20.171.207.200 - - [16/Jul/2025:00:25:44 +0000] "GET /info/attem32669466/ HTTP/1.1" 404 16222 "-" "Mozilla/5.0 AppleWebKit/537.36 (KHTML, like Gecko; compatible; GPTBot/1.2; +https://openai.com/gptbot)"
20.171.207.200 - - [16/Jul/2025:00:25:47 +0000] "GET /info/thous22100729/ HTTP/1.1" 404 16222 "-" "Mozilla/5.0 AppleWebKit/537.36 (KHTML, like Gecko; compatible; GPTBot/1.2; +https://openai.com/gptbot)"
20.171.207.200 - - [16/Jul/2025:00:25:50 +0000] "GET /info/simpl21561305/ HTTP/1.1" 404 16222 "-" "Mozilla/5.0 AppleWebKit/537.36 (KHTML, like Gecko; compatible; GPTBot/1.2; +https://openai.com/gptbot)"
20.171.207.200 - - [16/Jul/2025:00:25:53 +0000] "GET /info/calen50257756/ HTTP/1.1" 404 16222 "-" "Mozilla/5.0 AppleWebKit/537.36 (KHTML, like Gecko; compatible; GPTBot/1.2; +https://openai.com/gptbot)"
20.171.207.200 - - [16/Jul/2025:00:25:56 +0000] "GET /info/waite42789451/ HTTP/1.1" 404 16222 "-" "Mozilla/5.0 AppleWebKit/537.36 (KHTML, like Gecko; compatible; GPTBot/1.2; +https://openai.com/gptbot)"
20.171.207.200 - - [16/Jul/2025:00:25:59 +0000] "GET /info/greed82727319/ HTTP/1.1" 404 16222 "-" "Mozilla/5.0 AppleWebKit/537.36 (KHTML, like Gecko; compatible; GPTBot/1.2; +https://openai.com/gptbot)"
20.171.207.200 - - [16/Jul/2025:00:26:03 +0000] "GET /info/subma30922770/ HTTP/1.1" 404 16222 "-" "Mozilla/5.0 AppleWebKit/537.36 (KHTML, like Gecko; compatible; GPTBot/1.2; +https://openai.com/gptbot)"
20.171.207.200 - - [16/Jul/2025:00:26:06 +0000] "GET /info/updat70682174/ HTTP/1.1" 404 16222 "-" "Mozilla/5.0 AppleWebKit/537.36 (KHTML, like Gecko; compatible; GPTBot/1.2; +https://openai.com/gptbot)"
20.171.207.200 - - [16/Jul/2025:00:26:09 +0000] "GET /info/snowy21860105/ HTTP/1.1" 404 16222 "-" "Mozilla/5.0 AppleWebKit/537.36 (KHTML, like Gecko; compatible; GPTBot/1.2; +https://openai.com/gptbot)"
20.171.207.200 - - [16/Jul/2025:00:26:12 +0000] "GET /info/landl70595078/ HTTP/1.1" 404 16222 "-" "Mozilla/5.0 AppleWebKit/537.36 (KHTML, like Gecko; compatible; GPTBot/1.2; +https://openai.com/gptbot)"
209.74.77.214 - - [16/Jul/2025:00:26:15 +0000] "POST /wp-cron.php?doing_wp_cron=1752625575.6437509059906005859375 HTTP/1.1" 200 - "-" "WordPress/6.8.1; https://theoldhouse.cafe"
20.171.207.200 - - [16/Jul/2025:00:26:15 +0000] "GET /info/serve62933485/ HTTP/1.1" 404 16222 "-" "Mozilla/5.0 AppleWebKit/537.36 (KHTML, like Gecko; compatible; GPTBot/1.2; +https://openai.com/gptbot)"
20.171.207.200 - - [16/Jul/2025:00:26:18 +0000] "GET /info/repea40037123/ HTTP/1.1" 404 16222 "-" "Mozilla/5.0 AppleWebKit/537.36 (KHTML, like Gecko; compatible; GPTBot/1.2; +https://openai.com/gptbot)"
20.171.207.200 - - [16/Jul/2025:00:26:21 +0000] "GET /info/anoth30621234/ HTTP/1.1" 404 16222 "-" "Mozilla/5.0 AppleWebKit/537.36 (KHTML, like Gecko; compatible; GPTBot/1.2; +https://openai.com/gptbot)"
20.171.207.200 - - [16/Jul/2025:00:26:24 +0000] "GET /info/erase42808659/ HTTP/1.1" 404 16222 "-" "Mozilla/5.0 AppleWebKit/537.36 (KHTML, like Gecko; compatible; GPTBot/1.2; +https://openai.com/gptbot)"
20.171.207.200 - - [16/Jul/2025:00:26:28 +0000] "GET /info/parli20691601/ HTTP/1.1" 404 16222 "-" "Mozilla/5.0 AppleWebKit/537.36 (KHTML, like Gecko; compatible; GPTBot/1.2; +https://openai.com/gptbot)"
20.171.207.200 - - [16/Jul/2025:00:26:31 +0000] "GET /info/sunse20663657/ HTTP/1.1" 404 16222 "-" "Mozilla/5.0 AppleWebKit/537.36 (KHTML, like Gecko; compatible; GPTBot/1.2; +https://openai.com/gptbot)"
20.171.207.200 - - [16/Jul/2025:00:26:34 +0000] "GET /info/abuse72314158/ HTTP/1.1" 404 16222 "-" "Mozilla/5.0 AppleWebKit/537.36 (KHTML, like Gecko; compatible; GPTBot/1.2; +https://openai.com/gptbot)"
20.171.207.200 - - [16/Jul/2025:00:26:37 +0000] "GET /info/somew60900533/ HTTP/1.1" 404 16222 "-" "Mozilla/5.0 AppleWebKit/537.36 (KHTML, like Gecko; compatible; GPTBot/1.2; +https://openai.com/gptbot)"
20.171.207.200 - - [16/Jul/2025:00:26:40 +0000] "GET /info/unhap22301345/ HTTP/1.1" 404 16222 "-" "Mozilla/5.0 AppleWebKit/537.36 (KHTML, like Gecko; compatible; GPTBot/1.2; +https://openai.com/gptbot)"
209.74.77.214 - - [16/Jul/2025:00:26:44 +0000] "POST /wp-cron.php?doing_wp_cron=1752625604.1666851043701171875000 HTTP/1.1" 200 - "-" "WordPress/6.8.1; https://theoldhouse.cafe"
20.171.207.200 - - [16/Jul/2025:00:26:44 +0000] "GET /info/brake72358982/ HTTP/1.1" 404 16222 "-" "Mozilla/5.0 AppleWebKit/537.36 (KHTML, like Gecko; compatible; GPTBot/1.2; +https://openai.com/gptbot)"
20.171.207.200 - - [16/Jul/2025:00:26:47 +0000] "GET /info/expen80633079/ HTTP/1.1" 404 16222 "-" "Mozilla/5.0 AppleWebKit/537.36 (KHTML, like Gecko; compatible; GPTBot/1.2; +https://openai.com/gptbot)"
20.171.207.200 - - [16/Jul/2025:00:26:50 +0000] "GET /info/clima71339470/ HTTP/1.1" 404 16222 "-" "Mozilla/5.0 AppleWebKit/537.36 (KHTML, like Gecko; compatible; GPTBot/1.2; +https://openai.com/gptbot)"
20.171.207.200 - - [16/Jul/2025:00:26:53 +0000] "GET /info/smash10223688/ HTTP/1.1" 404 16222 "-" "Mozilla/5.0 AppleWebKit/537.36 (KHTML, like Gecko; compatible; GPTBot/1.2; +https://openai.com/gptbot)"
20.171.207.200 - - [16/Jul/2025:00:26:56 +0000] "GET /info/serva51032068/ HTTP/1.1" 404 16222 "-" "Mozilla/5.0 AppleWebKit/537.36 (KHTML, like Gecko; compatible; GPTBot/1.2; +https://openai.com/gptbot)"
20.171.207.200 - - [16/Jul/2025:00:26:59 +0000] "GET /info/passi81257823/ HTTP/1.1" 404 16222 "-" "Mozilla/5.0 AppleWebKit/537.36 (KHTML, like Gecko; compatible; GPTBot/1.2; +https://openai.com/gptbot)"
20.171.207.200 - - [16/Jul/2025:00:27:02 +0000] "GET /info/chess40588563/ HTTP/1.1" 404 16222 "-" "Mozilla/5.0 AppleWebKit/537.36 (KHTML, like Gecko; compatible; GPTBot/1.2; +https://openai.com/gptbot)"
20.171.207.200 - - [16/Jul/2025:00:27:06 +0000] "GET /info/guide80374295/ HTTP/1.1" 404 16222 "-" "Mozilla/5.0 AppleWebKit/537.36 (KHTML, like Gecko; compatible; GPTBot/1.2; +https://openai.com/gptbot)"
20.171.207.200 - - [16/Jul/2025:00:27:09 +0000] "GET /info/extra61585365/ HTTP/1.1" 404 16223 "-" "Mozilla/5.0 AppleWebKit/537.36 (KHTML, like Gecko; compatible; GPTBot/1.2; +https://openai.com/gptbot)"
20.171.207.200 - - [16/Jul/2025:00:27:12 +0000] "GET /info/chara50469508/ HTTP/1.1" 404 16222 "-" "Mozilla/5.0 AppleWebKit/537.36 (KHTML, like Gecko; compatible; GPTBot/1.2; +https://openai.com/gptbot)"
209.74.77.214 - - [16/Jul/2025:00:27:15 +0000] "POST /wp-cron.php?doing_wp_cron=1752625635.6523559093475341796875 HTTP/1.1" 200 - "-" "WordPress/6.8.1; https://theoldhouse.cafe"
20.171.207.200 - - [16/Jul/2025:00:27:15 +0000] "GET /info/accum31326386/ HTTP/1.1" 404 16222 "-" "Mozilla/5.0 AppleWebKit/537.36 (KHTML, like Gecko; compatible; GPTBot/1.2; +https://openai.com/gptbot)"
20.171.207.200 - - [16/Jul/2025:00:27:18 +0000] "GET /info/downs51148860/ HTTP/1.1" 404 16222 "-" "Mozilla/5.0 AppleWebKit/537.36 (KHTML, like Gecko; compatible; GPTBot/1.2; +https://openai.com/gptbot)"
20.171.207.200 - - [16/Jul/2025:00:27:21 +0000] "GET /info/anima31604962/ HTTP/1.1" 404 16222 "-" "Mozilla/5.0 AppleWebKit/537.36 (KHTML, like Gecko; compatible; GPTBot/1.2; +https://openai.com/gptbot)"
20.171.207.200 - - [16/Jul/2025:00:27:24 +0000] "GET /info/stora40034683/ HTTP/1.1" 404 16222 "-" "Mozilla/5.0 AppleWebKit/537.36 (KHTML, like Gecko; compatible; GPTBot/1.2; +https://openai.com/gptbot)"
20.171.207.200 - - [16/Jul/2025:00:27:28 +0000] "GET /info/elsew41539299/ HTTP/1.1" 404 16222 "-" "Mozilla/5.0 AppleWebKit/537.36 (KHTML, like Gecko; compatible; GPTBot/1.2; +https://openai.com/gptbot)"
20.171.207.200 - - [16/Jul/2025:00:27:31 +0000] "GET /info/urban31855442/ HTTP/1.1" 404 16222 "-" "Mozilla/5.0 AppleWebKit/537.36 (KHTML, like Gecko; compatible; GPTBot/1.2; +https://openai.com/gptbot)"
20.171.207.200 - - [16/Jul/2025:00:27:34 +0000] "GET /info/recru60878445/ HTTP/1.1" 404 16222 "-" "Mozilla/5.0 AppleWebKit/537.36 (KHTML, like Gecko; compatible; GPTBot/1.2; +https://openai.com/gptbot)"
20.171.207.200 - - [16/Jul/2025:00:27:37 +0000] "GET /info/aggre21285569/ HTTP/1.1" 404 16223 "-" "Mozilla/5.0 AppleWebKit/537.36 (KHTML, like Gecko; compatible; GPTBot/1.2; +https://openai.com/gptbot)"
20.171.207.200 - - [16/Jul/2025:00:27:40 +0000] "GET /info/greed80663319/ HTTP/1.1" 404 16222 "-" "Mozilla/5.0 AppleWebKit/537.36 (KHTML, like Gecko; compatible; GPTBot/1.2; +https://openai.com/gptbot)"
209.74.77.214 - - [16/Jul/2025:00:27:43 +0000] "POST /wp-cron.php?doing_wp_cron=1752625663.7112679481506347656250 HTTP/1.1" 200 - "-" "WordPress/6.8.1; https://theoldhouse.cafe"
20.171.207.200 - - [16/Jul/2025:00:27:43 +0000] "GET /info/eamon61207997/ HTTP/1.1" 404 16222 "-" "Mozilla/5.0 AppleWebKit/537.36 (KHTML, like Gecko; compatible; GPTBot/1.2; +https://openai.com/gptbot)"
20.171.207.200 - - [16/Jul/2025:00:27:46 +0000] "GET /info/citiz72978054/ HTTP/1.1" 404 16222 "-" "Mozilla/5.0 AppleWebKit/537.36 (KHTML, like Gecko; compatible; GPTBot/1.2; +https://openai.com/gptbot)"
20.171.207.200 - - [16/Jul/2025:00:27:49 +0000] "GET /info/reply61652661/ HTTP/1.1" 404 16222 "-" "Mozilla/5.0 AppleWebKit/537.36 (KHTML, like Gecko; compatible; GPTBot/1.2; +https://openai.com/gptbot)"
20.171.207.200 - - [16/Jul/2025:00:27:53 +0000] "GET /info/punis82044807/ HTTP/1.1" 404 16222 "-" "Mozilla/5.0 AppleWebKit/537.36 (KHTML, like Gecko; compatible; GPTBot/1.2; +https://openai.com/gptbot)"
20.171.207.200 - - [16/Jul/2025:00:27:56 +0000] "GET /info/manne42061355/ HTTP/1.1" 404 16222 "-" "Mozilla/5.0 AppleWebKit/537.36 (KHTML, like Gecko; compatible; GPTBot/1.2; +https://openai.com/gptbot)"
20.171.207.200 - - [16/Jul/2025:00:27:59 +0000] "GET /info/addic62818373/ HTTP/1.1" 404 16223 "-" "Mozilla/5.0 AppleWebKit/537.36 (KHTML, like Gecko; compatible; GPTBot/1.2; +https://openai.com/gptbot)"
20.171.207.200 - - [16/Jul/2025:00:28:02 +0000] "GET /info/shive51379412/ HTTP/1.1" 404 16222 "-" "Mozilla/5.0 AppleWebKit/537.36 (KHTML, like Gecko; compatible; GPTBot/1.2; +https://openai.com/gptbot)"
20.171.207.200 - - [16/Jul/2025:00:28:05 +0000] "GET /info/given81503679/ HTTP/1.1" 404 16222 "-" "Mozilla/5.0 AppleWebKit/537.36 (KHTML, like Gecko; compatible; GPTBot/1.2; +https://openai.com/gptbot)"
20.171.207.200 - - [16/Jul/2025:00:28:09 +0000] "GET /info/scene22037745/ HTTP/1.1" 404 16222 "-" "Mozilla/5.0 AppleWebKit/537.36 (KHTML, like Gecko; compatible; GPTBot/1.2; +https://openai.com/gptbot)"
20.171.207.200 - - [16/Jul/2025:00:28:12 +0000] "GET /info/reduc80858423/ HTTP/1.1" 404 16222 "-" "Mozilla/5.0 AppleWebKit/537.36 (KHTML, like Gecko; compatible; GPTBot/1.2; +https://openai.com/gptbot)"
209.74.77.214 - - [16/Jul/2025:00:28:15 +0000] "POST /wp-cron.php?doing_wp_cron=1752625695.5673511028289794921875 HTTP/1.1" 200 - "-" "WordPress/6.8.1; https://theoldhouse.cafe"
20.171.207.200 - - [16/Jul/2025:00:28:15 +0000] "GET /info/shame62684965/ HTTP/1.1" 404 16222 "-" "Mozilla/5.0 AppleWebKit/537.36 (KHTML, like Gecko; compatible; GPTBot/1.2; +https://openai.com/gptbot)"
20.171.207.200 - - [16/Jul/2025:00:28:18 +0000] "GET /info/anxio51953644/ HTTP/1.1" 404 16222 "-" "Mozilla/5.0 AppleWebKit/537.36 (KHTML, like Gecko; compatible; GPTBot/1.2; +https://openai.com/gptbot)"
110.238.119.101 - - [16/Jul/2025:00:28:21 +0000] "GET /wp-login.php HTTP/1.1" 200 1982 "" "Mozilla/5.0 (Windows NT 10.0; Win64; x64; rv:137.0) Gecko/20100101 Firefox/137.0"
20.171.207.200 - - [16/Jul/2025:00:28:21 +0000] "GET /info/eager21702753/ HTTP/1.1" 404 16221 "-" "Mozilla/5.0 AppleWebKit/537.36 (KHTML, like Gecko; compatible; GPTBot/1.2; +https://openai.com/gptbot)"
110.238.119.101 - - [16/Jul/2025:00:28:22 +0000] "GET /wp-json/wp/v2/users HTTP/1.1" 200 365 "" "Mozilla/5.0 (Windows NT 10.0; Win64; x64; rv:137.0) Gecko/20100101 Firefox/137.0"
110.238.119.101 - - [16/Jul/2025:00:28:23 +0000] "POST /wp-login.php HTTP/1.1" 200 2112 "https://www.theoldhouse.cafe/wp-login.php?redirect_to=https%3A%2F%2Fwww.theoldhouse.cafe%2Fwp-admin%2F" "Mozilla/5.0 (Windows NT 10.0; Win64; x64; rv:137.0) Gecko/20100101 Firefox/137.0"
110.238.119.101 - - [16/Jul/2025:00:28:24 +0000] "POST /wp-login.php HTTP/1.1" 200 2133 "https://www.theoldhouse.cafe/wp-login.php?redirect_to=https%3A%2F%2Fwww.theoldhouse.cafe%2Fwp-admin%2F" "Mozilla/5.0 (Windows NT 10.0; Win64; x64; rv:137.0) Gecko/20100101 Firefox/137.0"
20.171.207.200 - - [16/Jul/2025:00:28:24 +0000] "GET /info/popul42436123/ HTTP/1.1" 404 16221 "-" "Mozilla/5.0 AppleWebKit/537.36 (KHTML, like Gecko; compatible; GPTBot/1.2; +https://openai.com/gptbot)"
20.171.207.200 - - [16/Jul/2025:00:28:27 +0000] "GET /info/mediu72257334/ HTTP/1.1" 404 16222 "-" "Mozilla/5.0 AppleWebKit/537.36 (KHTML, like Gecko; compatible; GPTBot/1.2; +https://openai.com/gptbot)"
20.171.207.200 - - [16/Jul/2025:00:28:31 +0000] "GET /info/cloth52404372/ HTTP/1.1" 404 16222 "-" "Mozilla/5.0 AppleWebKit/537.36 (KHTML, like Gecko; compatible; GPTBot/1.2; +https://openai.com/gptbot)"
20.171.207.200 - - [16/Jul/2025:00:28:34 +0000] "GET /info/railw72592998/ HTTP/1.1" 404 16222 "-" "Mozilla/5.0 AppleWebKit/537.36 (KHTML, like Gecko; compatible; GPTBot/1.2; +https://openai.com/gptbot)"
20.171.207.200 - - [16/Jul/2025:00:28:37 +0000] "GET /info/sugar11512216/ HTTP/1.1" 404 16222 "-" "Mozilla/5.0 AppleWebKit/537.36 (KHTML, like Gecko; compatible; GPTBot/1.2; +https://openai.com/gptbot)"
20.171.207.200 - - [16/Jul/2025:00:28:40 +0000] "GET /info/uniqu31638074/ HTTP/1.1" 404 16222 "-" "Mozilla/5.0 AppleWebKit/537.36 (KHTML, like Gecko; compatible; GPTBot/1.2; +https://openai.com/gptbot)"
209.74.77.214 - - [16/Jul/2025:00:28:43 +0000] "POST /wp-cron.php?doing_wp_cron=1752625723.6967120170593261718750 HTTP/1.1" 200 - "-" "WordPress/6.8.1; https://theoldhouse.cafe"
20.171.207.200 - - [16/Jul/2025:00:28:43 +0000] "GET /info/railw72680998/ HTTP/1.1" 404 16222 "-" "Mozilla/5.0 AppleWebKit/537.36 (KHTML, like Gecko; compatible; GPTBot/1.2; +https://openai.com/gptbot)"
20.171.207.200 - - [16/Jul/2025:00:28:46 +0000] "GET /info/cycle80855423/ HTTP/1.1" 404 16222 "-" "Mozilla/5.0 AppleWebKit/537.36 (KHTML, like Gecko; compatible; GPTBot/1.2; +https://openai.com/gptbot)"
20.171.207.200 - - [16/Jul/2025:00:28:49 +0000] "GET /info/remin52171140/ HTTP/1.1" 404 16222 "-" "Mozilla/5.0 AppleWebKit/537.36 (KHTML, like Gecko; compatible; GPTBot/1.2; +https://openai.com/gptbot)"
20.171.207.200 - - [16/Jul/2025:00:28:53 +0000] "GET /info/fable21354697/ HTTP/1.1" 404 16222 "-" "Mozilla/5.0 AppleWebKit/537.36 (KHTML, like Gecko; compatible; GPTBot/1.2; +https://openai.com/gptbot)"
20.171.207.200 - - [16/Jul/2025:00:28:56 +0000] "GET /info/mains41457843/ HTTP/1.1" 404 16222 "-" "Mozilla/5.0 AppleWebKit/537.36 (KHTML, like Gecko; compatible; GPTBot/1.2; +https://openai.com/gptbot)"
20.171.207.200 - - [16/Jul/2025:00:28:59 +0000] "GET /info/affai31687250/ HTTP/1.1" 404 16222 "-" "Mozilla/5.0 AppleWebKit/537.36 (KHTML, like Gecko; compatible; GPTBot/1.2; +https://openai.com/gptbot)"
20.171.207.200 - - [16/Jul/2025:00:29:02 +0000] "GET /info/daily12760712/ HTTP/1.1" 404 16222 "-" "Mozilla/5.0 AppleWebKit/537.36 (KHTML, like Gecko; compatible; GPTBot/1.2; +https://openai.com/gptbot)"
20.171.207.200 - - [16/Jul/2025:00:29:05 +0000] "GET /info/still31760746/ HTTP/1.1" 404 16222 "-" "Mozilla/5.0 AppleWebKit/537.36 (KHTML, like Gecko; compatible; GPTBot/1.2; +https://openai.com/gptbot)"
20.171.207.200 - - [16/Jul/2025:00:29:09 +0000] "GET /info/creat42160747/ HTTP/1.1" 404 16223 "-" "Mozilla/5.0 AppleWebKit/537.36 (KHTML, like Gecko; compatible; GPTBot/1.2; +https://openai.com/gptbot)"
20.171.207.200 - - [16/Jul/2025:00:29:12 +0000] "GET /info/award41613803/ HTTP/1.1" 404 16222 "-" "Mozilla/5.0 AppleWebKit/537.36 (KHTML, like Gecko; compatible; GPTBot/1.2; +https://openai.com/gptbot)"
209.74.77.214 - - [16/Jul/2025:00:29:15 +0000] "POST /wp-cron.php?doing_wp_cron=1752625755.5218698978424072265625 HTTP/1.1" 200 - "-" "WordPress/6.8.1; https://theoldhouse.cafe"
20.171.207.200 - - [16/Jul/2025:00:29:15 +0000] "GET /info/railw72680998/ HTTP/1.1" 404 16222 "-" "Mozilla/5.0 AppleWebKit/537.36 (KHTML, like Gecko; compatible; GPTBot/1.2; +https://openai.com/gptbot)"
20.171.207.200 - - [16/Jul/2025:00:29:18 +0000] "GET /info/stain41963187/ HTTP/1.1" 404 16222 "-" "Mozilla/5.0 AppleWebKit/537.36 (KHTML, like Gecko; compatible; GPTBot/1.2; +https://openai.com/gptbot)"
20.171.207.200 - - [16/Jul/2025:00:29:21 +0000] "GET /info/hosti70466822/ HTTP/1.1" 404 16222 "-" "Mozilla/5.0 AppleWebKit/537.36 (KHTML, like Gecko; compatible; GPTBot/1.2; +https://openai.com/gptbot)"
20.171.207.200 - - [16/Jul/2025:00:29:25 +0000] "GET /info/consi10597432/ HTTP/1.1" 404 16222 "-" "Mozilla/5.0 AppleWebKit/537.36 (KHTML, like Gecko; compatible; GPTBot/1.2; +https://openai.com/gptbot)"
20.171.207.200 - - [16/Jul/2025:00:29:28 +0000] "GET /info/shear80530943/ HTTP/1.1" 404 16222 "-" "Mozilla/5.0 AppleWebKit/537.36 (KHTML, like Gecko; compatible; GPTBot/1.2; +https://openai.com/gptbot)"
20.171.207.200 - - [16/Jul/2025:00:29:31 +0000] "GET /info/dirty72712862/ HTTP/1.1" 404 16222 "-" "Mozilla/5.0 AppleWebKit/537.36 (KHTML, like Gecko; compatible; GPTBot/1.2; +https://openai.com/gptbot)"
20.171.207.200 - - [16/Jul/2025:00:29:34 +0000] "GET /info/amuse80302583/ HTTP/1.1" 404 16222 "-" "Mozilla/5.0 AppleWebKit/537.36 (KHTML, like Gecko; compatible; GPTBot/1.2; +https://openai.com/gptbot)"
20.171.207.200 - - [16/Jul/2025:00:29:37 +0000] "GET /info/paint50496076/ HTTP/1.1" 404 16223 "-" "Mozilla/5.0 AppleWebKit/537.36 (KHTML, like Gecko; compatible; GPTBot/1.2; +https://openai.com/gptbot)"
20.171.207.200 - - [16/Jul/2025:00:29:40 +0000] "GET /info/dying51430732/ HTTP/1.1" 404 16222 "-" "Mozilla/5.0 AppleWebKit/537.36 (KHTML, like Gecko; compatible; GPTBot/1.2; +https://openai.com/gptbot)"
209.74.77.214 - - [16/Jul/2025:00:29:44 +0000] "POST /wp-cron.php?doing_wp_cron=1752625784.0915908813476562500000 HTTP/1.1" 200 - "-" "WordPress/6.8.1; https://theoldhouse.cafe"
20.171.207.200 - - [16/Jul/2025:00:29:43 +0000] "GET /info/guida70627046/ HTTP/1.1" 404 16222 "-" "Mozilla/5.0 AppleWebKit/537.36 (KHTML, like Gecko; compatible; GPTBot/1.2; +https://openai.com/gptbot)"
20.171.207.200 - - [16/Jul/2025:00:29:47 +0000] "GET /info/bench41638459/ HTTP/1.1" 404 16223 "-" "Mozilla/5.0 AppleWebKit/537.36 (KHTML, like Gecko; compatible; GPTBot/1.2; +https://openai.com/gptbot)"
20.171.207.200 - - [16/Jul/2025:00:29:50 +0000] "GET /info/succe20728321/ HTTP/1.1" 404 16222 "-" "Mozilla/5.0 AppleWebKit/537.36 (KHTML, like Gecko; compatible; GPTBot/1.2; +https://openai.com/gptbot)"
20.171.207.200 - - [16/Jul/2025:00:29:53 +0000] "GET /info/essen70634118/ HTTP/1.1" 404 16222 "-" "Mozilla/5.0 AppleWebKit/537.36 (KHTML, like Gecko; compatible; GPTBot/1.2; +https://openai.com/gptbot)"
20.171.207.200 - - [16/Jul/2025:00:29:56 +0000] "GET /info/sunli30667810/ HTTP/1.1" 404 16222 "-" "Mozilla/5.0 AppleWebKit/537.36 (KHTML, like Gecko; compatible; GPTBot/1.2; +https://openai.com/gptbot)"
20.171.207.200 - - [16/Jul/2025:00:29:59 +0000] "GET /info/great60804229/ HTTP/1.1" 404 16223 "-" "Mozilla/5.0 AppleWebKit/537.36 (KHTML, like Gecko; compatible; GPTBot/1.2; +https://openai.com/gptbot)"
20.171.207.200 - - [16/Jul/2025:00:30:03 +0000] "GET /info/civil70153926/ HTTP/1.1" 404 16222 "-" "Mozilla/5.0 AppleWebKit/537.36 (KHTML, like Gecko; compatible; GPTBot/1.2; +https://openai.com/gptbot)"
20.171.207.200 - - [16/Jul/2025:00:30:06 +0000] "GET /info/eleph21169017/ HTTP/1.1" 404 16222 "-" "Mozilla/5.0 AppleWebKit/537.36 (KHTML, like Gecko; compatible; GPTBot/1.2; +https://openai.com/gptbot)"
20.171.207.200 - - [16/Jul/2025:00:30:09 +0000] "GET /info/apolo20107169/ HTTP/1.1" 404 16222 "-" "Mozilla/5.0 AppleWebKit/537.36 (KHTML, like Gecko; compatible; GPTBot/1.2; +https://openai.com/gptbot)"
20.171.207.200 - - [16/Jul/2025:00:30:12 +0000] "GET /info/fourt32152642/ HTTP/1.1" 404 16222 "-" "Mozilla/5.0 AppleWebKit/537.36 (KHTML, like Gecko; compatible; GPTBot/1.2; +https://openai.com/gptbot)"
209.74.77.214 - - [16/Jul/2025:00:30:15 +0000] "POST /wp-cron.php?doing_wp_cron=1752625815.9648149013519287109375 HTTP/1.1" 200 - "-" "WordPress/6.8.1; https://theoldhouse.cafe"
20.171.207.200 - - [16/Jul/2025:00:30:15 +0000] "GET /info/sulfu50923108/ HTTP/1.1" 404 16222 "-" "Mozilla/5.0 AppleWebKit/537.36 (KHTML, like Gecko; compatible; GPTBot/1.2; +https://openai.com/gptbot)"
20.171.207.200 - - [16/Jul/2025:00:30:18 +0000] "GET /info/fence21677505/ HTTP/1.1" 404 16222 "-" "Mozilla/5.0 AppleWebKit/537.36 (KHTML, like Gecko; compatible; GPTBot/1.2; +https://openai.com/gptbot)"
20.171.207.200 - - [16/Jul/2025:00:30:22 +0000] "GET /info/depre50029820/ HTTP/1.1" 404 16222 "-" "Mozilla/5.0 AppleWebKit/537.36 (KHTML, like Gecko; compatible; GPTBot/1.2; +https://openai.com/gptbot)"
20.171.207.200 - - [16/Jul/2025:00:30:25 +0000] "GET /info/semes32125610/ HTTP/1.1" 404 16222 "-" "Mozilla/5.0 AppleWebKit/537.36 (KHTML, like Gecko; compatible; GPTBot/1.2; +https://openai.com/gptbot)"
20.171.207.200 - - [16/Jul/2025:00:30:28 +0000] "GET /info/traff42696547/ HTTP/1.1" 404 16222 "-" "Mozilla/5.0 AppleWebKit/537.36 (KHTML, like Gecko; compatible; GPTBot/1.2; +https://openai.com/gptbot)"
20.171.207.200 - - [16/Jul/2025:00:30:31 +0000] "GET /info/deser61993877/ HTTP/1.1" 404 16222 "-" "Mozilla/5.0 AppleWebKit/537.36 (KHTML, like Gecko; compatible; GPTBot/1.2; +https://openai.com/gptbot)"
20.171.207.200 - - [16/Jul/2025:00:30:34 +0000] "GET /info/culti51626244/ HTTP/1.1" 404 16222 "-" "Mozilla/5.0 AppleWebKit/537.36 (KHTML, like Gecko; compatible; GPTBot/1.2; +https://openai.com/gptbot)"
20.171.207.200 - - [16/Jul/2025:00:30:37 +0000] "GET /info/match12908952/ HTTP/1.1" 404 16222 "-" "Mozilla/5.0 AppleWebKit/537.36 (KHTML, like Gecko; compatible; GPTBot/1.2; +https://openai.com/gptbot)"
20.171.207.200 - - [16/Jul/2025:00:30:40 +0000] "GET /info/eleve20741265/ HTTP/1.1" 404 16222 "-" "Mozilla/5.0 AppleWebKit/537.36 (KHTML, like Gecko; compatible; GPTBot/1.2; +https://openai.com/gptbot)"
209.74.77.214 - - [16/Jul/2025:00:30:44 +0000] "POST /wp-cron.php?doing_wp_cron=1752625844.1418340206146240234375 HTTP/1.1" 200 - "-" "WordPress/6.8.1; https://theoldhouse.cafe"
20.171.207.200 - - [16/Jul/2025:00:30:44 +0000] "GET /info/excur32387386/ HTTP/1.1" 404 16222 "-" "Mozilla/5.0 AppleWebKit/537.36 (KHTML, like Gecko; compatible; GPTBot/1.2; +https://openai.com/gptbot)"
20.171.207.200 - - [16/Jul/2025:00:30:47 +0000] "GET /info/franc12813608/ HTTP/1.1" 404 16222 "-" "Mozilla/5.0 AppleWebKit/537.36 (KHTML, like Gecko; compatible; GPTBot/1.2; +https://openai.com/gptbot)"
20.171.207.200 - - [16/Jul/2025:00:30:50 +0000] "GET /info/coral50767988/ HTTP/1.1" 404 16222 "-" "Mozilla/5.0 AppleWebKit/537.36 (KHTML, like Gecko; compatible; GPTBot/1.2; +https://openai.com/gptbot)"
20.171.207.200 - - [16/Jul/2025:00:30:53 +0000] "GET /info/wonde72628294/ HTTP/1.1" 404 16222 "-" "Mozilla/5.0 AppleWebKit/537.36 (KHTML, like Gecko; compatible; GPTBot/1.2; +https://openai.com/gptbot)"
20.171.207.200 - - [16/Jul/2025:00:30:56 +0000] "GET /info/stare40103683/ HTTP/1.1" 404 16222 "-" "Mozilla/5.0 AppleWebKit/537.36 (KHTML, like Gecko; compatible; GPTBot/1.2; +https://openai.com/gptbot)"
20.171.207.200 - - [16/Jul/2025:00:30:59 +0000] "GET /info/solel51905924/ HTTP/1.1" 404 16222 "-" "Mozilla/5.0 AppleWebKit/537.36 (KHTML, like Gecko; compatible; GPTBot/1.2; +https://openai.com/gptbot)"
20.171.207.200 - - [16/Jul/2025:00:31:02 +0000] "GET /info/costl40551459/ HTTP/1.1" 404 16222 "-" "Mozilla/5.0 AppleWebKit/537.36 (KHTML, like Gecko; compatible; GPTBot/1.2; +https://openai.com/gptbot)"
20.171.207.200 - - [16/Jul/2025:00:31:06 +0000] "GET /info/petro31963362/ HTTP/1.1" 404 16222 "-" "Mozilla/5.0 AppleWebKit/537.36 (KHTML, like Gecko; compatible; GPTBot/1.2; +https://openai.com/gptbot)"
20.171.207.200 - - [16/Jul/2025:00:31:09 +0000] "GET /info/direc72344046/ HTTP/1.1" 404 16222 "-" "Mozilla/5.0 AppleWebKit/537.36 (KHTML, like Gecko; compatible; GPTBot/1.2; +https://openai.com/gptbot)"
20.171.207.200 - - [16/Jul/2025:00:31:12 +0000] "GET /info/bleed61030541/ HTTP/1.1" 404 16222 "-" "Mozilla/5.0 AppleWebKit/537.36 (KHTML, like Gecko; compatible; GPTBot/1.2; +https://openai.com/gptbot)"
209.74.77.214 - - [16/Jul/2025:00:31:15 +0000] "POST /wp-cron.php?doing_wp_cron=1752625875.5621469020843505859375 HTTP/1.1" 200 - "-" "WordPress/6.8.1; https://theoldhouse.cafe"
20.171.207.200 - - [16/Jul/2025:00:31:15 +0000] "GET /info/grape81741159/ HTTP/1.1" 404 16222 "-" "Mozilla/5.0 AppleWebKit/537.36 (KHTML, like Gecko; compatible; GPTBot/1.2; +https://openai.com/gptbot)"
20.171.207.200 - - [16/Jul/2025:00:31:18 +0000] "GET /info/candi30281994/ HTTP/1.1" 404 16222 "-" "Mozilla/5.0 AppleWebKit/537.36 (KHTML, like Gecko; compatible; GPTBot/1.2; +https://openai.com/gptbot)"
20.171.207.200 - - [16/Jul/2025:00:31:21 +0000] "GET /info/impor30416162/ HTTP/1.1" 404 16222 "-" "Mozilla/5.0 AppleWebKit/537.36 (KHTML, like Gecko; compatible; GPTBot/1.2; +https://openai.com/gptbot)"
20.171.207.200 - - [16/Jul/2025:00:31:24 +0000] "GET /info/fitne81370431/ HTTP/1.1" 404 16222 "-" "Mozilla/5.0 AppleWebKit/537.36 (KHTML, like Gecko; compatible; GPTBot/1.2; +https://openai.com/gptbot)"
20.171.207.200 - - [16/Jul/2025:00:31:28 +0000] "GET /info/proje50385524/ HTTP/1.1" 404 16222 "-" "Mozilla/5.0 AppleWebKit/537.36 (KHTML, like Gecko; compatible; GPTBot/1.2; +https://openai.com/gptbot)"
20.171.207.200 - - [16/Jul/2025:00:31:31 +0000] "GET /info/tongu10604264/ HTTP/1.1" 404 16221 "-" "Mozilla/5.0 AppleWebKit/537.36 (KHTML, like Gecko; compatible; GPTBot/1.2; +https://openai.com/gptbot)"
20.171.207.200 - - [16/Jul/2025:00:31:34 +0000] "GET /info/prima50193156/ HTTP/1.1" 404 16222 "-" "Mozilla/5.0 AppleWebKit/537.36 (KHTML, like Gecko; compatible; GPTBot/1.2; +https://openai.com/gptbot)"
20.171.207.200 - - [16/Jul/2025:00:31:37 +0000] "GET /info/subdi21849937/ HTTP/1.1" 404 16222 "-" "Mozilla/5.0 AppleWebKit/537.36 (KHTML, like Gecko; compatible; GPTBot/1.2; +https://openai.com/gptbot)"
20.171.207.200 - - [16/Jul/2025:00:31:40 +0000] "GET /info/prohi31070178/ HTTP/1.1" 404 16222 "-" "Mozilla/5.0 AppleWebKit/537.36 (KHTML, like Gecko; compatible; GPTBot/1.2; +https://openai.com/gptbot)"
209.74.77.214 - - [16/Jul/2025:00:31:44 +0000] "POST /wp-cron.php?doing_wp_cron=1752625904.2719039916992187500000 HTTP/1.1" 200 - "-" "WordPress/6.8.1; https://theoldhouse.cafe"
20.171.207.200 - - [16/Jul/2025:00:31:44 +0000] "GET /info/cycle81719423/ HTTP/1.1" 404 16222 "-" "Mozilla/5.0 AppleWebKit/537.36 (KHTML, like Gecko; compatible; GPTBot/1.2; +https://openai.com/gptbot)"
20.171.207.200 - - [16/Jul/2025:00:31:47 +0000] "GET /info/fortu42189867/ HTTP/1.1" 404 16222 "-" "Mozilla/5.0 AppleWebKit/537.36 (KHTML, like Gecko; compatible; GPTBot/1.2; +https://openai.com/gptbot)"
20.171.207.200 - - [16/Jul/2025:00:31:50 +0000] "GET /info/grate50734500/ HTTP/1.1" 404 16222 "-" "Mozilla/5.0 AppleWebKit/537.36 (KHTML, like Gecko; compatible; GPTBot/1.2; +https://openai.com/gptbot)"
4.227.36.108 - - [16/Jul/2025:00:31:50 +0000] "GET /robots.txt HTTP/1.1" 200 119 "-" "Mozilla/5.0 AppleWebKit/537.36 (KHTML, like Gecko; compatible; GPTBot/1.2; +https://openai.com/gptbot)"
20.171.207.200 - - [16/Jul/2025:00:31:53 +0000] "GET /info/aspec82563399/ HTTP/1.1" 404 16222 "-" "Mozilla/5.0 AppleWebKit/537.36 (KHTML, like Gecko; compatible; GPTBot/1.2; +https://openai.com/gptbot)"
20.171.207.200 - - [16/Jul/2025:00:31:56 +0000] "GET /info/stres21521657/ HTTP/1.1" 404 16222 "-" "Mozilla/5.0 AppleWebKit/537.36 (KHTML, like Gecko; compatible; GPTBot/1.2; +https://openai.com/gptbot)"
20.171.207.200 - - [16/Jul/2025:00:31:59 +0000] "GET /info/viewp80147743/ HTTP/1.1" 404 16222 "-" "Mozilla/5.0 AppleWebKit/537.36 (KHTML, like Gecko; compatible; GPTBot/1.2; +https://openai.com/gptbot)"
20.171.207.200 - - [16/Jul/2025:00:32:02 +0000] "GET /info/works20714897/ HTTP/1.1" 404 16222 "-" "Mozilla/5.0 AppleWebKit/537.36 (KHTML, like Gecko; compatible; GPTBot/1.2; +https://openai.com/gptbot)"
20.171.207.200 - - [16/Jul/2025:00:32:06 +0000] "GET /info/circl21928593/ HTTP/1.1" 404 16222 "-" "Mozilla/5.0 AppleWebKit/537.36 (KHTML, like Gecko; compatible; GPTBot/1.2; +https://openai.com/gptbot)"
20.171.207.200 - - [16/Jul/2025:00:32:09 +0000] "GET /info/guess30201082/ HTTP/1.1" 404 16222 "-" "Mozilla/5.0 AppleWebKit/537.36 (KHTML, like Gecko; compatible; GPTBot/1.2; +https://openai.com/gptbot)"
20.171.207.200 - - [16/Jul/2025:00:32:12 +0000] "GET /info/seaso81056623/ HTTP/1.1" 404 16222 "-" "Mozilla/5.0 AppleWebKit/537.36 (KHTML, like Gecko; compatible; GPTBot/1.2; +https://openai.com/gptbot)"
209.74.77.214 - - [16/Jul/2025:00:32:15 +0000] "POST /wp-cron.php?doing_wp_cron=1752625935.8175380229949951171875 HTTP/1.1" 200 - "-" "WordPress/6.8.1; https://theoldhouse.cafe"
20.171.207.200 - - [16/Jul/2025:00:32:15 +0000] "GET /info/escal51801700/ HTTP/1.1" 404 16222 "-" "Mozilla/5.0 AppleWebKit/537.36 (KHTML, like Gecko; compatible; GPTBot/1.2; +https://openai.com/gptbot)"
20.171.207.200 - - [16/Jul/2025:00:32:18 +0000] "GET /info/train42768539/ HTTP/1.1" 404 16222 "-" "Mozilla/5.0 AppleWebKit/537.36 (KHTML, like Gecko; compatible; GPTBot/1.2; +https://openai.com/gptbot)"
20.171.207.200 - - [16/Jul/2025:00:32:22 +0000] "GET /info/bookc50965748/ HTTP/1.1" 404 16222 "-" "Mozilla/5.0 AppleWebKit/537.36 (KHTML, like Gecko; compatible; GPTBot/1.2; +https://openai.com/gptbot)"
20.171.207.200 - - [16/Jul/2025:00:32:25 +0000] "GET /info/livel31120794/ HTTP/1.1" 404 16222 "-" "Mozilla/5.0 AppleWebKit/537.36 (KHTML, like Gecko; compatible; GPTBot/1.2; +https://openai.com/gptbot)"
20.171.207.200 - - [16/Jul/2025:00:32:28 +0000] "GET /info/alloc81531687/ HTTP/1.1" 404 16222 "-" "Mozilla/5.0 AppleWebKit/537.36 (KHTML, like Gecko; compatible; GPTBot/1.2; +https://openai.com/gptbot)"
20.171.207.200 - - [16/Jul/2025:00:32:31 +0000] "GET /info/actor60559589/ HTTP/1.1" 404 16222 "-" "Mozilla/5.0 AppleWebKit/537.36 (KHTML, like Gecko; compatible; GPTBot/1.2; +https://openai.com/gptbot)"
20.171.207.200 - - [16/Jul/2025:00:32:34 +0000] "GET /info/pione72160190/ HTTP/1.1" 404 16222 "-" "Mozilla/5.0 AppleWebKit/537.36 (KHTML, like Gecko; compatible; GPTBot/1.2; +https://openai.com/gptbot)"
20.171.207.200 - - [16/Jul/2025:00:32:38 +0000] "GET /info/tissu31618746/ HTTP/1.1" 404 16222 "-" "Mozilla/5.0 AppleWebKit/537.36 (KHTML, like Gecko; compatible; GPTBot/1.2; +https://openai.com/gptbot)"
20.171.207.200 - - [16/Jul/2025:00:32:41 +0000] "GET /info/detec21961873/ HTTP/1.1" 404 16222 "-" "Mozilla/5.0 AppleWebKit/537.36 (KHTML, like Gecko; compatible; GPTBot/1.2; +https://openai.com/gptbot)"
209.74.77.214 - - [16/Jul/2025:00:32:44 +0000] "POST /wp-cron.php?doing_wp_cron=1752625964.5523800849914550781250 HTTP/1.1" 200 - "-" "WordPress/6.8.1; https://theoldhouse.cafe"
20.171.207.200 - - [16/Jul/2025:00:32:44 +0000] "GET /info/funer61502829/ HTTP/1.1" 404 16222 "-" "Mozilla/5.0 AppleWebKit/537.36 (KHTML, like Gecko; compatible; GPTBot/1.2; +https://openai.com/gptbot)"
20.171.207.200 - - [16/Jul/2025:00:32:47 +0000] "GET /info/telev10472984/ HTTP/1.1" 404 16222 "-" "Mozilla/5.0 AppleWebKit/537.36 (KHTML, like Gecko; compatible; GPTBot/1.2; +https://openai.com/gptbot)"
20.171.207.200 - - [16/Jul/2025:00:32:50 +0000] "GET /info/garli52099668/ HTTP/1.1" 404 16222 "-" "Mozilla/5.0 AppleWebKit/537.36 (KHTML, like Gecko; compatible; GPTBot/1.2; +https://openai.com/gptbot)"
20.171.207.200 - - [16/Jul/2025:00:32:53 +0000] "GET /info/symph62393565/ HTTP/1.1" 404 16222 "-" "Mozilla/5.0 AppleWebKit/537.36 (KHTML, like Gecko; compatible; GPTBot/1.2; +https://openai.com/gptbot)"
20.171.207.200 - - [16/Jul/2025:00:32:57 +0000] "GET /info/perfe22188953/ HTTP/1.1" 404 16222 "-" "Mozilla/5.0 AppleWebKit/537.36 (KHTML, like Gecko; compatible; GPTBot/1.2; +https://openai.com/gptbot)"
20.171.207.200 - - [16/Jul/2025:00:33:00 +0000] "GET /info/gende81734095/ HTTP/1.1" 404 16222 "-" "Mozilla/5.0 AppleWebKit/537.36 (KHTML, like Gecko; compatible; GPTBot/1.2; +https://openai.com/gptbot)"
20.171.207.200 - - [16/Jul/2025:00:33:03 +0000] "GET /info/solve81433767/ HTTP/1.1" 404 16222 "-" "Mozilla/5.0 AppleWebKit/537.36 (KHTML, like Gecko; compatible; GPTBot/1.2; +https://openai.com/gptbot)"
20.171.207.200 - - [16/Jul/2025:00:33:06 +0000] "GET /info/anxio52913644/ HTTP/1.1" 404 16222 "-" "Mozilla/5.0 AppleWebKit/537.36 (KHTML, like Gecko; compatible; GPTBot/1.2; +https://openai.com/gptbot)"
20.171.207.200 - - [16/Jul/2025:00:33:09 +0000] "GET /info/dicta12765968/ HTTP/1.1" 404 16222 "-" "Mozilla/5.0 AppleWebKit/537.36 (KHTML, like Gecko; compatible; GPTBot/1.2; +https://openai.com/gptbot)"
209.74.77.214 - - [16/Jul/2025:00:33:13 +0000] "POST /wp-cron.php?doing_wp_cron=1752625993.2558889389038085937500 HTTP/1.1" 200 - "-" "WordPress/6.8.1; https://theoldhouse.cafe"
20.171.207.200 - - [16/Jul/2025:00:33:13 +0000] "GET /info/vacuu82123447/ HTTP/1.1" 404 16222 "-" "Mozilla/5.0 AppleWebKit/537.36 (KHTML, like Gecko; compatible; GPTBot/1.2; +https://openai.com/gptbot)"
20.171.207.200 - - [16/Jul/2025:00:33:16 +0000] "GET /info/harde82190695/ HTTP/1.1" 404 16222 "-" "Mozilla/5.0 AppleWebKit/537.36 (KHTML, like Gecko; compatible; GPTBot/1.2; +https://openai.com/gptbot)"
20.171.207.200 - - [16/Jul/2025:00:33:19 +0000] "GET /info/mysel81996783/ HTTP/1.1" 404 16222 "-" "Mozilla/5.0 AppleWebKit/537.36 (KHTML, like Gecko; compatible; GPTBot/1.2; +https://openai.com/gptbot)"
20.171.207.200 - - [16/Jul/2025:00:33:22 +0000] "GET /info/playg12233224/ HTTP/1.1" 404 16222 "-" "Mozilla/5.0 AppleWebKit/537.36 (KHTML, like Gecko; compatible; GPTBot/1.2; +https://openai.com/gptbot)"
20.171.207.200 - - [16/Jul/2025:00:33:26 +0000] "GET /info/stack30494490/ HTTP/1.1" 404 16222 "-" "Mozilla/5.0 AppleWebKit/537.36 (KHTML, like Gecko; compatible; GPTBot/1.2; +https://openai.com/gptbot)"
20.171.207.200 - - [16/Jul/2025:00:33:29 +0000] "GET /info/keenl11062056/ HTTP/1.1" 404 16222 "-" "Mozilla/5.0 AppleWebKit/537.36 (KHTML, like Gecko; compatible; GPTBot/1.2; +https://openai.com/gptbot)"
20.171.207.200 - - [16/Jul/2025:00:33:32 +0000] "GET /info/hinde20381889/ HTTP/1.1" 404 16222 "-" "Mozilla/5.0 AppleWebKit/537.36 (KHTML, like Gecko; compatible; GPTBot/1.2; +https://openai.com/gptbot)"
20.171.207.200 - - [16/Jul/2025:00:33:35 +0000] "GET /info/outlo21187345/ HTTP/1.1" 404 16222 "-" "Mozilla/5.0 AppleWebKit/537.36 (KHTML, like Gecko; compatible; GPTBot/1.2; +https://openai.com/gptbot)"
20.171.207.200 - - [16/Jul/2025:00:33:38 +0000] "GET /info/subsi32969858/ HTTP/1.1" 404 16222 "-" "Mozilla/5.0 AppleWebKit/537.36 (KHTML, like Gecko; compatible; GPTBot/1.2; +https://openai.com/gptbot)"
209.74.77.214 - - [16/Jul/2025:00:33:42 +0000] "POST /wp-cron.php?doing_wp_cron=1752626022.3083250522613525390625 HTTP/1.1" 200 - "-" "WordPress/6.8.1; https://theoldhouse.cafe"
20.171.207.200 - - [16/Jul/2025:00:33:42 +0000] "GET /info/elimi72385990/ HTTP/1.1" 404 16222 "-" "Mozilla/5.0 AppleWebKit/537.36 (KHTML, like Gecko; compatible; GPTBot/1.2; +https://openai.com/gptbot)"
20.171.207.200 - - [16/Jul/2025:00:33:45 +0000] "GET /info/illne32660474/ HTTP/1.1" 404 16222 "-" "Mozilla/5.0 AppleWebKit/537.36 (KHTML, like Gecko; compatible; GPTBot/1.2; +https://openai.com/gptbot)"
20.171.207.200 - - [16/Jul/2025:00:33:48 +0000] "GET /info/struc70617502/ HTTP/1.1" 404 16222 "-" "Mozilla/5.0 AppleWebKit/537.36 (KHTML, like Gecko; compatible; GPTBot/1.2; +https://openai.com/gptbot)"
20.171.207.200 - - [16/Jul/2025:00:33:51 +0000] "GET /info/meter21605729/ HTTP/1.1" 404 16222 "-" "Mozilla/5.0 AppleWebKit/537.36 (KHTML, like Gecko; compatible; GPTBot/1.2; +https://openai.com/gptbot)"
20.171.207.200 - - [16/Jul/2025:00:33:54 +0000] "GET /info/value11656320/ HTTP/1.1" 404 16222 "-" "Mozilla/5.0 AppleWebKit/537.36 (KHTML, like Gecko; compatible; GPTBot/1.2; +https://openai.com/gptbot)"
20.171.207.200 - - [16/Jul/2025:00:33:58 +0000] "GET /info/scale12665928/ HTTP/1.1" 404 16222 "-" "Mozilla/5.0 AppleWebKit/537.36 (KHTML, like Gecko; compatible; GPTBot/1.2; +https://openai.com/gptbot)"
20.171.207.200 - - [16/Jul/2025:00:34:01 +0000] "GET /info/dishw21350297/ HTTP/1.1" 404 16222 "-" "Mozilla/5.0 AppleWebKit/537.36 (KHTML, like Gecko; compatible; GPTBot/1.2; +https://openai.com/gptbot)"
20.171.207.200 - - [16/Jul/2025:00:34:04 +0000] "GET /info/onese62872845/ HTTP/1.1" 404 16222 "-" "Mozilla/5.0 AppleWebKit/537.36 (KHTML, like Gecko; compatible; GPTBot/1.2; +https://openai.com/gptbot)"
20.171.207.200 - - [16/Jul/2025:00:34:07 +0000] "GET /info/shift62126501/ HTTP/1.1" 404 16222 "-" "Mozilla/5.0 AppleWebKit/537.36 (KHTML, like Gecko; compatible; GPTBot/1.2; +https://openai.com/gptbot)"
20.171.207.200 - - [16/Jul/2025:00:34:10 +0000] "GET /info/singu71601750/ HTTP/1.1" 404 16222 "-" "Mozilla/5.0 AppleWebKit/537.36 (KHTML, like Gecko; compatible; GPTBot/1.2; +https://openai.com/gptbot)"
209.74.77.214 - - [16/Jul/2025:00:34:13 +0000] "POST /wp-cron.php?doing_wp_cron=1752626053.8355219364166259765625 HTTP/1.1" 200 - "-" "WordPress/6.8.1; https://theoldhouse.cafe"
20.171.207.200 - - [16/Jul/2025:00:34:13 +0000] "GET /info/semin81651807/ HTTP/1.1" 404 16222 "-" "Mozilla/5.0 AppleWebKit/537.36 (KHTML, like Gecko; compatible; GPTBot/1.2; +https://openai.com/gptbot)"
20.171.207.200 - - [16/Jul/2025:00:34:16 +0000] "GET /info/milit21650329/ HTTP/1.1" 404 16222 "-" "Mozilla/5.0 AppleWebKit/537.36 (KHTML, like Gecko; compatible; GPTBot/1.2; +https://openai.com/gptbot)"
20.171.207.200 - - [16/Jul/2025:00:34:20 +0000] "GET /info/chequ10638584/ HTTP/1.1" 404 16222 "-" "Mozilla/5.0 AppleWebKit/537.36 (KHTML, like Gecko; compatible; GPTBot/1.2; +https://openai.com/gptbot)"
20.171.207.200 - - [16/Jul/2025:00:34:23 +0000] "GET /info/sampl61135461/ HTTP/1.1" 404 16222 "-" "Mozilla/5.0 AppleWebKit/537.36 (KHTML, like Gecko; compatible; GPTBot/1.2; +https://openai.com/gptbot)"
20.171.207.200 - - [16/Jul/2025:00:34:26 +0000] "GET /info/bitte31553210/ HTTP/1.1" 404 16222 "-" "Mozilla/5.0 AppleWebKit/537.36 (KHTML, like Gecko; compatible; GPTBot/1.2; +https://openai.com/gptbot)"
20.171.207.200 - - [16/Jul/2025:00:34:29 +0000] "GET /info/those60876917/ HTTP/1.1" 404 16222 "-" "Mozilla/5.0 AppleWebKit/537.36 (KHTML, like Gecko; compatible; GPTBot/1.2; +https://openai.com/gptbot)"
20.171.207.200 - - [16/Jul/2025:00:34:32 +0000] "GET /info/monst51361796/ HTTP/1.1" 404 16222 "-" "Mozilla/5.0 AppleWebKit/537.36 (KHTML, like Gecko; compatible; GPTBot/1.2; +https://openai.com/gptbot)"
20.171.207.200 - - [16/Jul/2025:00:34:35 +0000] "GET /info/castl12178760/ HTTP/1.1" 404 16222 "-" "Mozilla/5.0 AppleWebKit/537.36 (KHTML, like Gecko; compatible; GPTBot/1.2; +https://openai.com/gptbot)"
20.171.207.200 - - [16/Jul/2025:00:34:39 +0000] "GET /info/hatch61902485/ HTTP/1.1" 404 16222 "-" "Mozilla/5.0 AppleWebKit/537.36 (KHTML, like Gecko; compatible; GPTBot/1.2; +https://openai.com/gptbot)"
209.74.77.214 - - [16/Jul/2025:00:34:42 +0000] "POST /wp-cron.php?doing_wp_cron=1752626082.4147820472717285156250 HTTP/1.1" 200 - "-" "WordPress/6.8.1; https://theoldhouse.cafe"
20.171.207.200 - - [16/Jul/2025:00:34:42 +0000] "GET /info/swift51150332/ HTTP/1.1" 404 16222 "-" "Mozilla/5.0 AppleWebKit/537.36 (KHTML, like Gecko; compatible; GPTBot/1.2; +https://openai.com/gptbot)"
20.171.207.200 - - [16/Jul/2025:00:34:45 +0000] "GET /info/landi20399137/ HTTP/1.1" 404 16222 "-" "Mozilla/5.0 AppleWebKit/537.36 (KHTML, like Gecko; compatible; GPTBot/1.2; +https://openai.com/gptbot)"
20.171.207.200 - - [16/Jul/2025:00:34:48 +0000] "GET /info/whole10833048/ HTTP/1.1" 404 16222 "-" "Mozilla/5.0 AppleWebKit/537.36 (KHTML, like Gecko; compatible; GPTBot/1.2; +https://openai.com/gptbot)"
20.171.207.200 - - [16/Jul/2025:00:34:51 +0000] "GET /info/prais10077256/ HTTP/1.1" 404 16222 "-" "Mozilla/5.0 AppleWebKit/537.36 (KHTML, like Gecko; compatible; GPTBot/1.2; +https://openai.com/gptbot)"
45.227.253.15 - - [16/Jul/2025:00:34:53 +0000] "GET /index.php/jk HTTP/1.1" 200 59 "-" "Mozilla/5.0 (iPhone; CPU iPhone OS 13_5 like Mac OS X) AppleWebKit/605.1.15 (KHTML, like Gecko) Version/13.5.1 Mobile/15E148 Safari/604.1"
20.171.207.200 - - [16/Jul/2025:00:34:54 +0000] "GET /info/priva72916510/ HTTP/1.1" 404 16222 "-" "Mozilla/5.0 AppleWebKit/537.36 (KHTML, like Gecko; compatible; GPTBot/1.2; +https://openai.com/gptbot)"
20.171.207.200 - - [16/Jul/2025:00:34:57 +0000] "GET /info/filte80950911/ HTTP/1.1" 404 16222 "-" "Mozilla/5.0 AppleWebKit/537.36 (KHTML, like Gecko; compatible; GPTBot/1.2; +https://openai.com/gptbot)"
20.171.207.200 - - [16/Jul/2025:00:35:00 +0000] "GET /info/among31864626/ HTTP/1.1" 404 16222 "-" "Mozilla/5.0 AppleWebKit/537.36 (KHTML, like Gecko; compatible; GPTBot/1.2; +https://openai.com/gptbot)"
20.171.207.200 - - [16/Jul/2025:00:35:03 +0000] "GET /info/happi22966713/ HTTP/1.1" 404 16222 "-" "Mozilla/5.0 AppleWebKit/537.36 (KHTML, like Gecko; compatible; GPTBot/1.2; +https://openai.com/gptbot)"
20.171.207.200 - - [16/Jul/2025:00:35:06 +0000] "GET /info/sexua20623809/ HTTP/1.1" 404 16222 "-" "Mozilla/5.0 AppleWebKit/537.36 (KHTML, like Gecko; compatible; GPTBot/1.2; +https://openai.com/gptbot)"
20.171.207.200 - - [16/Jul/2025:00:35:10 +0000] "GET /info/their62636061/ HTTP/1.1" 404 16222 "-" "Mozilla/5.0 AppleWebKit/537.36 (KHTML, like Gecko; compatible; GPTBot/1.2; +https://openai.com/gptbot)"
209.74.77.214 - - [16/Jul/2025:00:35:13 +0000] "POST /wp-cron.php?doing_wp_cron=1752626113.5381350517272949218750 HTTP/1.1" 200 - "-" "WordPress/6.8.1; https://theoldhouse.cafe"
20.171.207.200 - - [16/Jul/2025:00:35:13 +0000] "GET /info/subme71339486/ HTTP/1.1" 404 16222 "-" "Mozilla/5.0 AppleWebKit/537.36 (KHTML, like Gecko; compatible; GPTBot/1.2; +https://openai.com/gptbot)"
20.171.207.200 - - [16/Jul/2025:00:35:16 +0000] "GET /info/penci80044727/ HTTP/1.1" 404 16222 "-" "Mozilla/5.0 AppleWebKit/537.36 (KHTML, like Gecko; compatible; GPTBot/1.2; +https://openai.com/gptbot)"
20.171.207.200 - - [16/Jul/2025:00:35:19 +0000] "GET /info/forge81229495/ HTTP/1.1" 404 16222 "-" "Mozilla/5.0 AppleWebKit/537.36 (KHTML, like Gecko; compatible; GPTBot/1.2; +https://openai.com/gptbot)"
20.171.207.200 - - [16/Jul/2025:00:35:22 +0000] "GET /info/choos32501578/ HTTP/1.1" 404 16222 "-" "Mozilla/5.0 AppleWebKit/537.36 (KHTML, like Gecko; compatible; GPTBot/1.2; +https://openai.com/gptbot)"
20.171.207.200 - - [16/Jul/2025:00:35:25 +0000] "GET /info/caree42415067/ HTTP/1.1" 404 16222 "-" "Mozilla/5.0 AppleWebKit/537.36 (KHTML, like Gecko; compatible; GPTBot/1.2; +https://openai.com/gptbot)"
20.171.207.200 - - [16/Jul/2025:00:35:29 +0000] "GET /info/tumor60497917/ HTTP/1.1" 404 16222 "-" "Mozilla/5.0 AppleWebKit/537.36 (KHTML, like Gecko; compatible; GPTBot/1.2; +https://openai.com/gptbot)"
20.171.207.200 - - [16/Jul/2025:00:35:32 +0000] "GET /info/camer22121089/ HTTP/1.1" 404 16222 "-" "Mozilla/5.0 AppleWebKit/537.36 (KHTML, like Gecko; compatible; GPTBot/1.2; +https://openai.com/gptbot)"
20.171.207.200 - - [16/Jul/2025:00:35:35 +0000] "GET /info/repro12246176/ HTTP/1.1" 404 16221 "-" "Mozilla/5.0 AppleWebKit/537.36 (KHTML, like Gecko; compatible; GPTBot/1.2; +https://openai.com/gptbot)"
20.171.207.200 - - [16/Jul/2025:00:35:38 +0000] "GET /info/grass71328518/ HTTP/1.1" 404 16222 "-" "Mozilla/5.0 AppleWebKit/537.36 (KHTML, like Gecko; compatible; GPTBot/1.2; +https://openai.com/gptbot)"
20.171.207.200 - - [16/Jul/2025:00:35:41 +0000] "GET /info/grace10246656/ HTTP/1.1" 404 16222 "-" "Mozilla/5.0 AppleWebKit/537.36 (KHTML, like Gecko; compatible; GPTBot/1.2; +https://openai.com/gptbot)"
209.74.77.214 - - [16/Jul/2025:00:35:44 +0000] "POST /wp-cron.php?doing_wp_cron=1752626144.8681490421295166015625 HTTP/1.1" 200 - "-" "WordPress/6.8.1; https://theoldhouse.cafe"
20.171.207.200 - - [16/Jul/2025:00:35:44 +0000] "GET /info/worke61512749/ HTTP/1.1" 404 16222 "-" "Mozilla/5.0 AppleWebKit/537.36 (KHTML, like Gecko; compatible; GPTBot/1.2; +https://openai.com/gptbot)"
20.171.207.200 - - [16/Jul/2025:00:35:47 +0000] "GET /info/optim52802068/ HTTP/1.1" 404 16222 "-" "Mozilla/5.0 AppleWebKit/537.36 (KHTML, like Gecko; compatible; GPTBot/1.2; +https://openai.com/gptbot)"
20.171.207.200 - - [16/Jul/2025:00:35:50 +0000] "GET /info/breez20354849/ HTTP/1.1" 404 16222 "-" "Mozilla/5.0 AppleWebKit/537.36 (KHTML, like Gecko; compatible; GPTBot/1.2; +https://openai.com/gptbot)"
20.171.207.200 - - [16/Jul/2025:00:35:54 +0000] "GET /info/syste51378700/ HTTP/1.1" 404 16222 "-" "Mozilla/5.0 AppleWebKit/537.36 (KHTML, like Gecko; compatible; GPTBot/1.2; +https://openai.com/gptbot)"
20.171.207.200 - - [16/Jul/2025:00:35:57 +0000] "GET /info/sacri81274727/ HTTP/1.1" 404 16222 "-" "Mozilla/5.0 AppleWebKit/537.36 (KHTML, like Gecko; compatible; GPTBot/1.2; +https://openai.com/gptbot)"
20.171.207.200 - - [16/Jul/2025:00:36:00 +0000] "GET /info/entra52403092/ HTTP/1.1" 404 16222 "-" "Mozilla/5.0 AppleWebKit/537.36 (KHTML, like Gecko; compatible; GPTBot/1.2; +https://openai.com/gptbot)"
20.171.207.200 - - [16/Jul/2025:00:36:03 +0000] "GET /info/marxi10154592/ HTTP/1.1" 404 16222 "-" "Mozilla/5.0 AppleWebKit/537.36 (KHTML, like Gecko; compatible; GPTBot/1.2; +https://openai.com/gptbot)"
20.171.207.200 - - [16/Jul/2025:00:36:06 +0000] "GET /info/wicke81271335/ HTTP/1.1" 404 16222 "-" "Mozilla/5.0 AppleWebKit/537.36 (KHTML, like Gecko; compatible; GPTBot/1.2; +https://openai.com/gptbot)"
20.171.207.200 - - [16/Jul/2025:00:36:10 +0000] "GET /info/drain51926652/ HTTP/1.1" 404 16222 "-" "Mozilla/5.0 AppleWebKit/537.36 (KHTML, like Gecko; compatible; GPTBot/1.2; +https://openai.com/gptbot)"
209.74.77.214 - - [16/Jul/2025:00:36:13 +0000] "POST /wp-cron.php?doing_wp_cron=1752626173.3147480487823486328125 HTTP/1.1" 200 - "-" "WordPress/6.8.1; https://theoldhouse.cafe"
20.171.207.200 - - [16/Jul/2025:00:36:13 +0000] "GET /info/baseb10449472/ HTTP/1.1" 404 16222 "-" "Mozilla/5.0 AppleWebKit/537.36 (KHTML, like Gecko; compatible; GPTBot/1.2; +https://openai.com/gptbot)"
89.110.80.171 - - [16/Jul/2025:00:36:13 +0000] "GET / HTTP/1.1" 301 - "-" "Mozilla/5.0 (Macintosh; Intel Mac OS X 10_15_7) AppleWebKit/537.36 (KHTML, like Gecko) Chrome/133.0.0.0 Safari/537.36"
89.110.80.171 - - [16/Jul/2025:00:36:14 +0000] "GET / HTTP/1.1" 200 22696 "https://THEOLDHOUSE.CAFE" "Mozilla/5.0 (Macintosh; Intel Mac OS X 10_15_7) AppleWebKit/537.36 (KHTML, like Gecko) Chrome/133.0.0.0 Safari/537.36"
20.171.207.200 - - [16/Jul/2025:00:36:16 +0000] "GET /info/breed21299089/ HTTP/1.1" 404 16222 "-" "Mozilla/5.0 AppleWebKit/537.36 (KHTML, like Gecko; compatible; GPTBot/1.2; +https://openai.com/gptbot)"
89.110.80.171 - - [16/Jul/2025:00:36:16 +0000] "GET /comments/feed/ HTTP/1.1" 200 421 "-" "Mozilla/5.0 (Macintosh; Intel Mac OS X 10_15_7) AppleWebKit/537.36 (KHTML, like Gecko) Chrome/133.0.0.0 Safari/537.36"
89.110.80.171 - - [16/Jul/2025:00:36:17 +0000] "GET /contact/ HTTP/1.1" 200 17034 "-" "Mozilla/5.0 (Macintosh; Intel Mac OS X 10_15_7) AppleWebKit/537.36 (KHTML, like Gecko) Chrome/133.0.0.0 Safari/537.36"
20.171.207.200 - - [16/Jul/2025:00:36:19 +0000] "GET /info/might21381633/ HTTP/1.1" 404 16222 "-" "Mozilla/5.0 AppleWebKit/537.36 (KHTML, like Gecko; compatible; GPTBot/1.2; +https://openai.com/gptbot)"
20.171.207.200 - - [16/Jul/2025:00:36:22 +0000] "GET /info/terri20769049/ HTTP/1.1" 404 16222 "-" "Mozilla/5.0 AppleWebKit/537.36 (KHTML, like Gecko; compatible; GPTBot/1.2; +https://openai.com/gptbot)"
20.171.207.200 - - [16/Jul/2025:00:36:25 +0000] "GET /info/doubt71076254/ HTTP/1.1" 404 16222 "-" "Mozilla/5.0 AppleWebKit/537.36 (KHTML, like Gecko; compatible; GPTBot/1.2; +https://openai.com/gptbot)"
20.171.207.200 - - [16/Jul/2025:00:36:29 +0000] "GET /info/decad21275113/ HTTP/1.1" 404 16222 "-" "Mozilla/5.0 AppleWebKit/537.36 (KHTML, like Gecko; compatible; GPTBot/1.2; +https://openai.com/gptbot)"
