Current File : /home/kelaby89/access-logs/theoldhouse.cafe.sixpack.studio-ssl_log |
209.74.77.214 - - [15/Jul/2025:12:14:28 +0000] "POST /wp-cron.php?doing_wp_cron=1752581668.3550488948822021484375 HTTP/1.1" 200 - "-" "WordPress/6.8.1; https://theoldhouse.cafe"
34.233.114.237 - - [15/Jul/2025:12:14:26 +0000] "GET /about/ HTTP/1.1" 200 21830 "-" "Mozilla/5.0 AppleWebKit/537.36 (KHTML, like Gecko; compatible; Amazonbot/0.1; +https://developer.amazon.com/support/amazonbot) Chrome/119.0.6045.214 Safari/537.36"
43.135.185.59 - - [15/Jul/2025:12:34:11 +0000] "GET / HTTP/1.1" 200 22694 "http://theoldhouse.cafe" "Mozilla/5.0 (iPhone; CPU iPhone OS 13_2_3 like Mac OS X) AppleWebKit/605.1.15 (KHTML, like Gecko) Version/13.0.3 Mobile/15E148 Safari/604.1"
209.74.77.214 - - [15/Jul/2025:12:35:41 +0000] "POST /wp-cron.php?doing_wp_cron=1752582941.4939498901367187500000 HTTP/1.1" 200 - "-" "WordPress/6.8.1; https://theoldhouse.cafe"
91.207.102.163 - - [15/Jul/2025:12:35:39 +0000] "POST /xmlrpc.php HTTP/1.1" 200 206 "-" "Go-http-client/1.1"
209.74.77.214 - - [15/Jul/2025:12:36:20 +0000] "POST /wp-cron.php?doing_wp_cron=1752582980.6372749805450439453125 HTTP/1.1" 200 - "-" "WordPress/6.8.1; https://theoldhouse.cafe"
91.207.102.163 - - [15/Jul/2025:12:36:19 +0000] "POST /xmlrpc.php HTTP/1.1" 200 206 "-" "Go-http-client/1.1"
209.74.77.214 - - [15/Jul/2025:12:54:36 +0000] "POST /wp-cron.php?doing_wp_cron=1752584076.8223049640655517578125 HTTP/1.1" 200 - "-" "WordPress/6.8.1; https://theoldhouse.cafe"
100.29.128.75 - - [15/Jul/2025:12:54:35 +0000] "GET /privacy-policy/ HTTP/1.1" 200 18997 "-" "Mozilla/5.0 AppleWebKit/537.36 (KHTML, like Gecko; compatible; Amazonbot/0.1; +https://developer.amazon.com/support/amazonbot) Chrome/119.0.6045.214 Safari/537.36"
45.227.253.15 - - [15/Jul/2025:12:59:00 +0000] "GET /index.php/jk HTTP/1.1" 200 59 "-" "Mozilla/5.0 (Windows NT 10.0; Win64; x64) AppleWebKit/537.36 (KHTML, like Gecko) Chrome/81.0.3282.140 Safari/537.36 Edge/18.17763"
66.249.74.11 - - [15/Jul/2025:13:06:39 +0000] "GET /info/left62532469/ HTTP/1.1" 200 40469 "-" "Mozilla/5.0 (Linux; Android 6.0.1; Nexus 5X Build/MMB29P) AppleWebKit/537.36 (KHTML, like Gecko) Chrome/137.0.7151.103 Mobile Safari/537.36 (compatible; Googlebot/2.1; +http://www.google.com/bot.html)"
66.249.74.13 - - [15/Jul/2025:13:10:50 +0000] "GET /info/kite40084907/ HTTP/1.1" 200 40085 "-" "Mozilla/5.0 (Linux; Android 6.0.1; Nexus 5X Build/MMB29P) AppleWebKit/537.36 (KHTML, like Gecko) Chrome/137.0.7151.103 Mobile Safari/537.36 (compatible; Googlebot/2.1; +http://www.google.com/bot.html)"
66.249.74.12 - - [15/Jul/2025:13:15:03 +0000] "GET /info/clone20205273/ HTTP/1.1" 200 40104 "-" "Mozilla/5.0 (Linux; Android 6.0.1; Nexus 5X Build/MMB29P) AppleWebKit/537.36 (KHTML, like Gecko) Chrome/137.0.7151.103 Mobile Safari/537.36 (compatible; Googlebot/2.1; +http://www.google.com/bot.html)"
173.252.87.3 - - [15/Jul/2025:13:26:03 +0000] "GET /robots.txt HTTP/1.1" 200 315 "-" "facebookexternalhit/1.1 (+http://www.facebook.com/externalhit_uatext.php)"
209.74.77.214 - - [15/Jul/2025:13:26:05 +0000] "POST /wp-cron.php?doing_wp_cron=1752585965.8162341117858886718750 HTTP/1.1" 200 - "-" "WordPress/6.8.1; https://theoldhouse.cafe"
173.252.87.1 - - [15/Jul/2025:13:26:04 +0000] "GET /menu HTTP/1.1" 301 - "-" "facebookexternalhit/1.1 (+http://www.facebook.com/externalhit_uatext.php)"
173.252.87.113 - - [15/Jul/2025:13:26:06 +0000] "GET /menu/ HTTP/1.1" 200 189506 "-" "facebookexternalhit/1.1 (+http://www.facebook.com/externalhit_uatext.php)"
209.74.77.214 - - [15/Jul/2025:13:35:34 +0000] "POST /wp-cron.php?doing_wp_cron=1752586534.3013141155242919921875 HTTP/1.1" 200 - "-" "WordPress/6.8.1; https://theoldhouse.cafe"
213.152.187.210 - - [15/Jul/2025:13:35:32 +0000] "POST /xmlrpc.php HTTP/1.1" 200 206 "-" "Go-http-client/1.1"
213.152.187.210 - - [15/Jul/2025:13:35:40 +0000] "POST /xmlrpc.php HTTP/1.1" 200 206 "-" "Go-http-client/1.1"
143.198.229.0 - - [15/Jul/2025:13:48:22 +0000] "GET /uploaded_script.php HTTP/1.1" 404 16220 "www.google.com" "Mozilla/5.0 (Linux; Android 7.0; SM-G892A Build/NRD90M; wv) AppleWebKit/537.36 (KHTML, like Gecko) Version/4.0 Chrome/60.0.3112.107 Mobile Safari/537.36"
45.227.253.15 - - [15/Jul/2025:14:06:01 +0000] "GET /index.php/jk HTTP/1.1" 200 59 "-" "Mozilla/5.0 (Macintosh; Intel Mac OS X 10.14; rv:103.0) Gecko/20100101 Firefox/102.0"
209.74.77.214 - - [15/Jul/2025:14:07:10 +0000] "POST /wp-cron.php?doing_wp_cron=1752588430.8409008979797363281250 HTTP/1.1" 200 - "-" "WordPress/6.8.1; https://theoldhouse.cafe"
213.152.186.24 - - [15/Jul/2025:14:07:08 +0000] "POST /xmlrpc.php HTTP/1.1" 200 206 "-" "Go-http-client/1.1"
209.74.77.214 - - [15/Jul/2025:14:21:11 +0000] "POST /wp-cron.php?doing_wp_cron=1752589271.9774610996246337890625 HTTP/1.1" 200 - "-" "WordPress/6.8.1; https://theoldhouse.cafe"
184.75.221.163 - - [15/Jul/2025:14:21:10 +0000] "POST /xmlrpc.php HTTP/1.1" 200 206 "-" "Go-http-client/1.1"
209.74.77.214 - - [15/Jul/2025:14:32:55 +0000] "POST /wp-cron.php?doing_wp_cron=1752589975.8076770305633544921875 HTTP/1.1" 200 - "-" "WordPress/6.8.1; https://theoldhouse.cafe"
31.13.103.112 - - [15/Jul/2025:14:32:53 +0000] "GET / HTTP/1.1" 200 141718 "-" "facebookexternalhit/1.1 (+http://www.facebook.com/externalhit_uatext.php)"
209.74.77.214 - - [15/Jul/2025:14:46:45 +0000] "POST /wp-cron.php?doing_wp_cron=1752590805.9550149440765380859375 HTTP/1.1" 200 - "-" "WordPress/6.8.1; https://theoldhouse.cafe"
36.41.75.167 - - [15/Jul/2025:14:46:45 +0000] "GET / HTTP/1.1" 200 22693 "http://www.theoldhouse.cafe" "Mozilla/5.0 (iPhone; CPU iPhone OS 13_2_3 like Mac OS X) AppleWebKit/605.1.15 (KHTML, like Gecko) Version/13.0.3 Mobile/15E148 Safari/604.1"
209.74.77.214 - - [15/Jul/2025:15:22:45 +0000] "POST /wp-cron.php?doing_wp_cron=1752592965.7657461166381835937500 HTTP/1.1" 200 - "-" "WordPress/6.8.1; https://theoldhouse.cafe"
66.94.119.136 - - [15/Jul/2025:15:22:43 +0000] "POST /xmlrpc.php HTTP/1.1" 200 403 "-" "Mozilla/5.0 (Windows NT 6.3; Win64; x64; rv:73.0) Gecko/20100101 Firefox/73.0"
91.134.248.230 - - [15/Jul/2025:15:22:53 +0000] "POST /xmlrpc.php HTTP/1.1" 200 403 "-" "Mozilla/5.0 (Windows NT 6.1; Win64; x64; rv:58.0) Gecko/20100101 Firefox/58.0"
209.74.77.214 - - [15/Jul/2025:15:23:13 +0000] "POST /wp-cron.php?doing_wp_cron=1752592993.2249379158020019531250 HTTP/1.1" 200 - "-" "WordPress/6.8.1; https://theoldhouse.cafe"
95.217.165.68 - - [15/Jul/2025:15:23:12 +0000] "POST /xmlrpc.php HTTP/1.1" 200 403 "-" "Mozilla/5.0 (Windows NT 10.0; Win64; x64; rv:63.0) Gecko/20100101 Firefox/63.0"
47.251.116.156 - - [15/Jul/2025:15:23:14 +0000] "POST /xmlrpc.php HTTP/1.1" 200 403 "-" "Mozilla/5.0 (Windows NT 10.0; Win64; x64; rv:59.0) Gecko/20100101 Firefox/59.0"
219.94.129.80 - - [15/Jul/2025:15:23:22 +0000] "POST /xmlrpc.php HTTP/1.1" 200 403 "-" "Mozilla/5.0 (Windows NT 5.1; rv:36.0) Gecko/20100101 Firefox/36.0"
76.167.231.121 - - [15/Jul/2025:15:23:25 +0000] "POST /xmlrpc.php HTTP/1.1" 200 403 "-" "Mozilla/5.0 (Windows NT 6.1; Win64; x64; rv:61.0) Gecko/20100101 Firefox/61.0"
121.40.46.168 - - [15/Jul/2025:15:23:27 +0000] "POST /xmlrpc.php HTTP/1.1" 200 403 "-" "Mozilla/5.0 (Windows; U; Windows NT 5.1; en-US; rv:1.7.5) Gecko/20041107 Firefox/1.0"
209.74.77.214 - - [15/Jul/2025:15:24:04 +0000] "POST /wp-cron.php?doing_wp_cron=1752593044.5153000354766845703125 HTTP/1.1" 200 - "-" "WordPress/6.8.1; https://theoldhouse.cafe"
37.46.117.90 - - [15/Jul/2025:15:24:02 +0000] "POST /xmlrpc.php HTTP/1.1" 200 206 "-" "Go-http-client/1.1"
139.59.79.3 - - [15/Jul/2025:15:27:23 +0000] "GET / HTTP/1.1" 200 22696 "-" "Mozilla/5.0 (X11; Linux x86_64; rv:137.0) Gecko/20100101 Firefox/137.0"
139.59.79.3 - - [15/Jul/2025:15:27:30 +0000] "GET /wp-content/uploads/2024/10/cropped-000Untnitled-design-32x32.png HTTP/1.1" 200 2006 "https://theoldhouse.cafe/" "Mozilla/5.0 (X11; Linux x86_64; rv:137.0) Gecko/20100101 Firefox/137.0"
209.74.77.214 - - [15/Jul/2025:15:36:07 +0000] "POST /wp-cron.php?doing_wp_cron=1752593766.9887790679931640625000 HTTP/1.1" 200 - "-" "WordPress/6.8.1; https://theoldhouse.cafe"
3.16.112.194 - - [15/Jul/2025:15:36:05 +0000] "GET /wp-json/wp/v2/users/1 HTTP/1.1" 200 364 "-" "Mozilla/5.0 (X11; Ubuntu; Linux i686; rv:28.0) Gecko/20100101 Firefox/28.0"
3.16.112.194 - - [15/Jul/2025:15:36:08 +0000] "GET / HTTP/1.1" 200 22696 "-" "Mozilla/5.0 (X11; Ubuntu; Linux i686; rv:28.0) Gecko/20100101 Firefox/28.0"
209.74.77.214 - - [15/Jul/2025:15:42:20 +0000] "POST /wp-cron.php?doing_wp_cron=1752594140.5075139999389648437500 HTTP/1.1" 200 - "-" "WordPress/6.8.1; https://theoldhouse.cafe"
198.235.24.20 - - [15/Jul/2025:15:42:18 +0000] "GET / HTTP/1.1" 200 141718 "-" "Hello from Palo Alto Networks, find out more about our scans in https://docs-cortex.paloaltonetworks.com/r/1/Cortex-Xpanse/Scanning-activity"
45.227.253.15 - - [15/Jul/2025:15:42:29 +0000] "GET /?of=1 HTTP/1.1" 200 5613 "-" "Mozilla/5.0 (iPhone; CPU iPhone OS 12_3 like Mac OS X) AppleWebKit/605.1.15 (KHTML, like Gecko) Version/12.0.4 Mobile/15E148 Safari/604.1"
57.141.2.7 - - [15/Jul/2025:15:43:31 +0000] "GET / HTTP/1.1" 200 141718 "-" "meta-externalagent/1.1 (+https://developers.facebook.com/docs/sharing/webmasters/crawler)"
209.74.77.214 - - [15/Jul/2025:15:56:41 +0000] "POST /wp-cron.php?doing_wp_cron=1752595000.9222168922424316406250 HTTP/1.1" 200 - "-" "WordPress/6.8.1; https://theoldhouse.cafe"
94.191.136.12 - - [15/Jul/2025:15:56:38 +0000] "POST /xmlrpc.php HTTP/1.1" 200 403 "-" "Mozilla/5.0 (X11; Ubuntu; Linux x86_64; x64) AppleWebKit/537.36 (KHTML, like Gecko) Safari/10.0.0.0 Safari/537.36"
45.227.253.15 - - [15/Jul/2025:16:02:29 +0000] "GET /wp-includes/css/dist/reusable-blocks/reusable-blocks/index.php?ARRAY=7o2230223n313735323539393035342p2231223n22687474703n5p2s5p2s6p776n39302r67756172652r77696o695p2s3s6p633q7068705s636s64655s6n6326743q313735323539353435342q3234616330363634336332386631376261383038386565633536643331363264222p2232223n223064303836303564636164383837346465363631303230393239656463353433222p2233223n226337323238396637353332643736333933656134353438643033306533346137222p2262696r675s70617373223n2231322q33352q35372q36392q37372q38372q3236227q HTTP/1.1" 200 102 "-" "Mozilla/5.0 (Linux; Android 10; Z832 Build/MMB29M) AppleWebKit/537.36 (KHTML, like Gecko) Chrome/85.0.4183.83 Mobile Safari/537.36"
209.74.77.214 - - [15/Jul/2025:16:04:34 +0000] "POST /wp-cron.php?doing_wp_cron=1752595474.0114300251007080078125 HTTP/1.1" 200 - "-" "WordPress/6.8.1; https://theoldhouse.cafe"
54.206.4.86 - - [15/Jul/2025:16:04:32 +0000] "GET / HTTP/1.1" 200 22696 "https://www.google.com" "Mozilla/5.0"
209.74.77.214 - - [15/Jul/2025:16:05:09 +0000] "POST /wp-cron.php?doing_wp_cron=1752595509.3873510360717773437500 HTTP/1.1" 200 - "-" "WordPress/6.8.1; https://theoldhouse.cafe"
54.206.4.86 - - [15/Jul/2025:16:05:07 +0000] "POST /wp-admin/admin-ajax.php HTTP/1.1" 200 92 "https://www.google.com" "Mozilla/5.0"
209.74.77.214 - - [15/Jul/2025:16:12:40 +0000] "POST /wp-cron.php?doing_wp_cron=1752595960.6572320461273193359375 HTTP/1.1" 200 - "-" "WordPress/6.8.1; https://theoldhouse.cafe"
209.74.77.214 - - [15/Jul/2025:16:12:40 +0000] "POST /wp-cron.php?doing_wp_cron=1752595960.6572439670562744140625 HTTP/1.1" 200 - "-" "WordPress/6.8.1; https://theoldhouse.cafe"
94.191.136.12 - - [15/Jul/2025:16:12:39 +0000] "POST /xmlrpc.php HTTP/1.1" 200 403 "-" "Mozilla/5.0 (Windows NT 10.0; arm64) AppleWebKit/537.36 (KHTML, like Gecko) Firefox/70.0.0.0 Safari/537.36"
94.191.136.12 - - [15/Jul/2025:16:12:39 +0000] "POST /xmlrpc.php HTTP/1.1" 200 403 "-" "Mozilla/5.0 (Macintosh; Intel Mac OS X 10_15_7; x86) AppleWebKit/537.36 (KHTML, like Gecko) Safari/12.0.0.0 Safari/537.36"
209.74.77.214 - - [15/Jul/2025:16:15:43 +0000] "POST /wp-cron.php?doing_wp_cron=1752596143.7085180282592773437500 HTTP/1.1" 200 - "-" "WordPress/6.8.1; https://theoldhouse.cafe"
205.210.31.120 - - [15/Jul/2025:16:15:42 +0000] "GET / HTTP/1.1" 200 22696 "-" "\"Xpanse-bot"
205.210.31.120 - - [15/Jul/2025:16:15:44 +0000] "GET / HTTP/1.1" 200 22696 "-" "\"Xpanse-bot"
205.210.31.120 - - [15/Jul/2025:16:15:45 +0000] "GET /terms/ HTTP/1.1" 200 18777 "-" "\"Xpanse-bot"
205.210.31.120 - - [15/Jul/2025:16:15:46 +0000] "GET /privacy-policy/ HTTP/1.1" 200 18997 "-" "\"Xpanse-bot"
205.210.31.120 - - [15/Jul/2025:16:15:47 +0000] "GET /wp-content/uploads/2024/09/Untitled-delksign-scaled.jpg HTTP/1.1" 200 521828 "-" "\"Xpanse-bot"
205.210.31.120 - - [15/Jul/2025:16:15:47 +0000] "GET /wp-content/uploads/2024/09/WhatsApp-Image-2024-09-19-at-14.53.30_417c2be3.jpg HTTP/1.1" 200 216637 "-" "\"Xpanse-bot"
205.210.31.120 - - [15/Jul/2025:16:15:48 +0000] "GET /wp-content/uploads/2024/09/IMG_4315-scaled.jpg HTTP/1.1" 200 874154 "-" "\"Xpanse-bot"
205.210.31.120 - - [15/Jul/2025:16:15:48 +0000] "GET /hiring/ HTTP/1.1" 200 18068 "-" "\"Xpanse-bot"
205.210.31.120 - - [15/Jul/2025:16:15:49 +0000] "GET /contact/ HTTP/1.1" 200 17035 "-" "\"Xpanse-bot"
205.210.31.120 - - [15/Jul/2025:16:15:50 +0000] "GET /about/ HTTP/1.1" 200 21830 "-" "\"Xpanse-bot"
34.123.170.104 - - [15/Jul/2025:16:15:59 +0000] "GET / HTTP/1.1" 200 22696 "-" "Mozilla/5.0 (X11; Linux x86_64) AppleWebKit/537.36 (KHTML, like Gecko) HeadlessChrome/117.0.5938.132 Safari/537.36"
34.123.170.104 - - [15/Jul/2025:16:16:00 +0000] "GET /wp-content/plugins/header-footer-elementor/inc/widgets-css/frontend.css?ver=2.4.4 HTTP/1.1" 200 8578 "https://theoldhouse.cafe/" "Mozilla/5.0 (X11; Linux x86_64) AppleWebKit/537.36 (KHTML, like Gecko) HeadlessChrome/117.0.5938.132 Safari/537.36"
34.72.176.129 - - [15/Jul/2025:16:16:00 +0000] "GET /wp-content/plugins/leadconnector/public/css/lc-public.css?ver=3.0.10.1 HTTP/1.1" 200 106 "https://theoldhouse.cafe/" "Mozilla/5.0 (X11; Linux x86_64) AppleWebKit/537.36 (KHTML, like Gecko) HeadlessChrome/117.0.5938.132 Safari/537.36"
34.72.176.129 - - [15/Jul/2025:16:16:00 +0000] "GET /wp-includes/css/dashicons.min.css?ver=6.8.1 HTTP/1.1" 200 35730 "https://theoldhouse.cafe/" "Mozilla/5.0 (X11; Linux x86_64) AppleWebKit/537.36 (KHTML, like Gecko) HeadlessChrome/117.0.5938.132 Safari/537.36"
34.123.170.104 - - [15/Jul/2025:16:16:00 +0000] "GET /wp-content/plugins/header-footer-elementor/assets/css/header-footer-elementor.css?ver=2.4.4 HTTP/1.1" 200 323 "https://theoldhouse.cafe/" "Mozilla/5.0 (X11; Linux x86_64) AppleWebKit/537.36 (KHTML, like Gecko) HeadlessChrome/117.0.5938.132 Safari/537.36"
34.123.170.104 - - [15/Jul/2025:16:16:00 +0000] "GET /wp-content/uploads/elementor/css/custom-frontend.min.css?ver=1750491151 HTTP/1.1" 200 7081 "https://theoldhouse.cafe/" "Mozilla/5.0 (X11; Linux x86_64) AppleWebKit/537.36 (KHTML, like Gecko) HeadlessChrome/117.0.5938.132 Safari/537.36"
34.72.176.129 - - [15/Jul/2025:16:16:00 +0000] "GET /wp-content/uploads/elementor/css/post-16.css?ver=1750491151 HTTP/1.1" 200 1869 "https://theoldhouse.cafe/" "Mozilla/5.0 (X11; Linux x86_64) AppleWebKit/537.36 (KHTML, like Gecko) HeadlessChrome/117.0.5938.132 Safari/537.36"
34.123.170.104 - - [15/Jul/2025:16:16:00 +0000] "GET /wp-content/plugins/elementor/assets/lib/animations/styles/fadeInRight.min.css?ver=3.30.2 HTTP/1.1" 200 120 "https://theoldhouse.cafe/" "Mozilla/5.0 (X11; Linux x86_64) AppleWebKit/537.36 (KHTML, like Gecko) HeadlessChrome/117.0.5938.132 Safari/537.36"
34.123.170.104 - - [15/Jul/2025:16:16:00 +0000] "GET /wp-content/plugins/elementor/assets/lib/animations/styles/e-animation-rotate.min.css?ver=3.30.2 HTTP/1.1" 200 117 "https://theoldhouse.cafe/" "Mozilla/5.0 (X11; Linux x86_64) AppleWebKit/537.36 (KHTML, like Gecko) HeadlessChrome/117.0.5938.132 Safari/537.36"
34.72.176.129 - - [15/Jul/2025:16:16:00 +0000] "GET /wp-content/plugins/elementor/assets/lib/animations/styles/fadeInUp.min.css?ver=3.30.2 HTTP/1.1" 200 117 "https://theoldhouse.cafe/" "Mozilla/5.0 (X11; Linux x86_64) AppleWebKit/537.36 (KHTML, like Gecko) HeadlessChrome/117.0.5938.132 Safari/537.36"
34.123.170.104 - - [15/Jul/2025:16:16:00 +0000] "GET /wp-content/uploads/elementor/css/custom-widget-image-box.min.css?ver=1750491151 HTTP/1.1" 200 336 "https://theoldhouse.cafe/" "Mozilla/5.0 (X11; Linux x86_64) AppleWebKit/537.36 (KHTML, like Gecko) HeadlessChrome/117.0.5938.132 Safari/537.36"
34.72.176.129 - - [15/Jul/2025:16:16:00 +0000] "GET /wp-content/plugins/elementor/assets/css/conditionals/e-swiper.min.css?ver=3.30.2 HTTP/1.1" 200 799 "https://theoldhouse.cafe/" "Mozilla/5.0 (X11; Linux x86_64) AppleWebKit/537.36 (KHTML, like Gecko) HeadlessChrome/117.0.5938.132 Safari/537.36"
34.123.170.104 - - [15/Jul/2025:16:16:00 +0000] "GET /wp-content/plugins/qi-addons-for-elementor/assets/plugins/swiper/8.4.5/swiper.min.css?ver=8.4.5 HTTP/1.1" 200 4582 "https://theoldhouse.cafe/" "Mozilla/5.0 (X11; Linux x86_64) AppleWebKit/537.36 (KHTML, like Gecko) HeadlessChrome/117.0.5938.132 Safari/537.36"
34.72.176.129 - - [15/Jul/2025:16:16:00 +0000] "GET /wp-content/plugins/elementor/assets/lib/animations/styles/fadeInLeft.min.css?ver=3.30.2 HTTP/1.1" 200 120 "https://theoldhouse.cafe/" "Mozilla/5.0 (X11; Linux x86_64) AppleWebKit/537.36 (KHTML, like Gecko) HeadlessChrome/117.0.5938.132 Safari/537.36"
34.123.170.104 - - [15/Jul/2025:16:16:00 +0000] "GET /wp-content/plugins/elementor/assets/css/widget-heading.min.css?ver=3.30.2 HTTP/1.1" 200 188 "https://theoldhouse.cafe/" "Mozilla/5.0 (X11; Linux x86_64) AppleWebKit/537.36 (KHTML, like Gecko) HeadlessChrome/117.0.5938.132 Safari/537.36"
34.72.176.129 - - [15/Jul/2025:16:16:00 +0000] "GET /wp-content/plugins/elementor/assets/css/widget-spacer.min.css?ver=3.30.2 HTTP/1.1" 200 369 "https://theoldhouse.cafe/" "Mozilla/5.0 (X11; Linux x86_64) AppleWebKit/537.36 (KHTML, like Gecko) HeadlessChrome/117.0.5938.132 Safari/537.36"
34.123.170.104 - - [15/Jul/2025:16:16:00 +0000] "GET /wp-content/uploads/elementor/css/custom-widget-icon-list.min.css?ver=1750491151 HTTP/1.1" 200 1040 "https://theoldhouse.cafe/" "Mozilla/5.0 (X11; Linux x86_64) AppleWebKit/537.36 (KHTML, like Gecko) HeadlessChrome/117.0.5938.132 Safari/537.36"
34.72.176.129 - - [15/Jul/2025:16:16:00 +0000] "GET /wp-content/plugins/elementor/assets/lib/animations/styles/e-animation-bob.min.css?ver=3.30.2 HTTP/1.1" 200 236 "https://theoldhouse.cafe/" "Mozilla/5.0 (X11; Linux x86_64) AppleWebKit/537.36 (KHTML, like Gecko) HeadlessChrome/117.0.5938.132 Safari/537.36"
34.123.170.104 - - [15/Jul/2025:16:16:00 +0000] "GET /wp-content/plugins/elementor/assets/css/widget-image.min.css?ver=3.30.2 HTTP/1.1" 200 164 "https://theoldhouse.cafe/" "Mozilla/5.0 (X11; Linux x86_64) AppleWebKit/537.36 (KHTML, like Gecko) HeadlessChrome/117.0.5938.132 Safari/537.36"
34.72.176.129 - - [15/Jul/2025:16:16:00 +0000] "GET /wp-content/plugins/elementor/assets/lib/animations/styles/e-animation-hang.min.css?ver=3.30.2 HTTP/1.1" 200 234 "https://theoldhouse.cafe/" "Mozilla/5.0 (X11; Linux x86_64) AppleWebKit/537.36 (KHTML, like Gecko) HeadlessChrome/117.0.5938.132 Safari/537.36"
34.123.170.104 - - [15/Jul/2025:16:16:00 +0000] "GET /wp-content/plugins/elementor/assets/lib/animations/styles/fadeIn.min.css?ver=3.30.2 HTTP/1.1" 200 79 "https://theoldhouse.cafe/" "Mozilla/5.0 (X11; Linux x86_64) AppleWebKit/537.36 (KHTML, like Gecko) HeadlessChrome/117.0.5938.132 Safari/537.36"
34.72.176.129 - - [15/Jul/2025:16:16:00 +0000] "GET /wp-content/plugins/elementor/assets/lib/animations/styles/fadeInDown.min.css?ver=3.30.2 HTTP/1.1" 200 120 "https://theoldhouse.cafe/" "Mozilla/5.0 (X11; Linux x86_64) AppleWebKit/537.36 (KHTML, like Gecko) HeadlessChrome/117.0.5938.132 Safari/537.36"
34.123.170.104 - - [15/Jul/2025:16:16:00 +0000] "GET /wp-content/uploads/elementor/css/post-133.css?ver=1750491152 HTTP/1.1" 200 6112 "https://theoldhouse.cafe/" "Mozilla/5.0 (X11; Linux x86_64) AppleWebKit/537.36 (KHTML, like Gecko) HeadlessChrome/117.0.5938.132 Safari/537.36"
34.122.147.229 - - [15/Jul/2025:16:16:00 +0000] "GET /wp-content/plugins/qi-addons-for-elementor/assets/css/grid.min.css?ver=1.9.2 HTTP/1.1" 200 1945 "https://theoldhouse.cafe/" "Mozilla/5.0 (X11; Linux x86_64) AppleWebKit/537.36 (KHTML, like Gecko) HeadlessChrome/117.0.5938.132 Safari/537.36"
34.72.176.129 - - [15/Jul/2025:16:16:00 +0000] "GET /wp-content/plugins/qi-addons-for-elementor/assets/css/helper-parts.min.css?ver=1.9.2 HTTP/1.1" 200 3186 "https://theoldhouse.cafe/" "Mozilla/5.0 (X11; Linux x86_64) AppleWebKit/537.36 (KHTML, like Gecko) HeadlessChrome/117.0.5938.132 Safari/537.36"
34.72.176.129 - - [15/Jul/2025:16:16:00 +0000] "GET /wp-content/plugins/metform/public/assets/lib/cute-alert/style.css?ver=4.0.2 HTTP/1.1" 200 1225 "https://theoldhouse.cafe/" "Mozilla/5.0 (X11; Linux x86_64) AppleWebKit/537.36 (KHTML, like Gecko) HeadlessChrome/117.0.5938.132 Safari/537.36"
34.123.170.104 - - [15/Jul/2025:16:16:00 +0000] "GET /wp-content/plugins/qi-addons-for-elementor/assets/css/main.min.css?ver=1.9.2 HTTP/1.1" 200 26023 "https://theoldhouse.cafe/" "Mozilla/5.0 (X11; Linux x86_64) AppleWebKit/537.36 (KHTML, like Gecko) HeadlessChrome/117.0.5938.132 Safari/537.36"
34.123.170.104 - - [15/Jul/2025:16:16:00 +0000] "GET /wp-content/plugins/metform/public/assets/css/text-editor.css?ver=4.0.2 HTTP/1.1" 200 3545 "https://theoldhouse.cafe/" "Mozilla/5.0 (X11; Linux x86_64) AppleWebKit/537.36 (KHTML, like Gecko) HeadlessChrome/117.0.5938.132 Safari/537.36"
34.122.147.229 - - [15/Jul/2025:16:16:00 +0000] "GET /wp-content/themes/hello-elementor/assets/css/reset.css?ver=3.4.4 HTTP/1.1" 200 1792 "https://theoldhouse.cafe/" "Mozilla/5.0 (X11; Linux x86_64) AppleWebKit/537.36 (KHTML, like Gecko) HeadlessChrome/117.0.5938.132 Safari/537.36"
34.72.176.129 - - [15/Jul/2025:16:16:00 +0000] "GET /wp-content/themes/hello-elementor/assets/css/theme.css?ver=3.4.4 HTTP/1.1" 200 1271 "https://theoldhouse.cafe/" "Mozilla/5.0 (X11; Linux x86_64) AppleWebKit/537.36 (KHTML, like Gecko) HeadlessChrome/117.0.5938.132 Safari/537.36"
34.72.176.129 - - [15/Jul/2025:16:16:00 +0000] "GET /wp-content/themes/hello-elementor/assets/css/header-footer.css?ver=3.4.4 HTTP/1.1" 200 1423 "https://theoldhouse.cafe/" "Mozilla/5.0 (X11; Linux x86_64) AppleWebKit/537.36 (KHTML, like Gecko) HeadlessChrome/117.0.5938.132 Safari/537.36"
34.122.147.229 - - [15/Jul/2025:16:16:00 +0000] "GET /wp-content/uploads/elementor/css/custom-apple-webkit.min.css?ver=1750491151 HTTP/1.1" 200 557 "https://theoldhouse.cafe/" "Mozilla/5.0 (X11; Linux x86_64) AppleWebKit/537.36 (KHTML, like Gecko) HeadlessChrome/117.0.5938.132 Safari/537.36"
34.123.170.104 - - [15/Jul/2025:16:16:00 +0000] "GET /wp-content/plugins/elementor/assets/css/widget-social-icons.min.css?ver=3.30.2 HTTP/1.1" 200 1170 "https://theoldhouse.cafe/" "Mozilla/5.0 (X11; Linux x86_64) AppleWebKit/537.36 (KHTML, like Gecko) HeadlessChrome/117.0.5938.132 Safari/537.36"
34.72.176.129 - - [15/Jul/2025:16:16:00 +0000] "GET /wp-content/uploads/elementor/css/post-137.css?ver=1750491152 HTTP/1.1" 200 1734 "https://theoldhouse.cafe/" "Mozilla/5.0 (X11; Linux x86_64) AppleWebKit/537.36 (KHTML, like Gecko) HeadlessChrome/117.0.5938.132 Safari/537.36"
34.72.176.129 - - [15/Jul/2025:16:16:00 +0000] "GET /wp-content/uploads/elementor/css/post-147.css?ver=1750491152 HTTP/1.1" 200 1576 "https://theoldhouse.cafe/" "Mozilla/5.0 (X11; Linux x86_64) AppleWebKit/537.36 (KHTML, like Gecko) HeadlessChrome/117.0.5938.132 Safari/537.36"
34.123.170.104 - - [15/Jul/2025:16:16:00 +0000] "GET /wp-content/plugins/elementor/assets/css/widget-icon-list.min.css?ver=3.24.3 HTTP/1.1" 200 1069 "https://theoldhouse.cafe/" "Mozilla/5.0 (X11; Linux x86_64) AppleWebKit/537.36 (KHTML, like Gecko) HeadlessChrome/117.0.5938.132 Safari/537.36"
34.122.147.229 - - [15/Jul/2025:16:16:00 +0000] "GET /wp-content/plugins/elementor/assets/lib/eicons/css/elementor-icons.min.css?ver=5.34.0 HTTP/1.1" 200 4349 "https://theoldhouse.cafe/" "Mozilla/5.0 (X11; Linux x86_64) AppleWebKit/537.36 (KHTML, like Gecko) HeadlessChrome/117.0.5938.132 Safari/537.36"
34.72.176.129 - - [15/Jul/2025:16:16:00 +0000] "GET /wp-content/plugins/elementor/assets/css/widget-social-icons.min.css?ver=3.24.0 HTTP/1.1" 200 1170 "https://theoldhouse.cafe/" "Mozilla/5.0 (X11; Linux x86_64) AppleWebKit/537.36 (KHTML, like Gecko) HeadlessChrome/117.0.5938.132 Safari/537.36"
34.123.170.104 - - [15/Jul/2025:16:16:00 +0000] "GET /wp-content/plugins/elementor/assets/lib/font-awesome/css/brands.css?ver=5.15.3 HTTP/1.1" 200 322 "https://theoldhouse.cafe/" "Mozilla/5.0 (X11; Linux x86_64) AppleWebKit/537.36 (KHTML, like Gecko) HeadlessChrome/117.0.5938.132 Safari/537.36"
34.72.176.129 - - [15/Jul/2025:16:16:00 +0000] "GET /wp-content/plugins/elementor/assets/lib/font-awesome/css/fontawesome.css?ver=5.15.3 HTTP/1.1" 200 13124 "https://theoldhouse.cafe/" "Mozilla/5.0 (X11; Linux x86_64) AppleWebKit/537.36 (KHTML, like Gecko) HeadlessChrome/117.0.5938.132 Safari/537.36"
34.123.170.104 - - [15/Jul/2025:16:16:00 +0000] "GET /wp-content/plugins/elementor/assets/lib/font-awesome/css/solid.css?ver=5.15.3 HTTP/1.1" 200 325 "https://theoldhouse.cafe/" "Mozilla/5.0 (X11; Linux x86_64) AppleWebKit/537.36 (KHTML, like Gecko) HeadlessChrome/117.0.5938.132 Safari/537.36"
34.122.147.229 - - [15/Jul/2025:16:16:00 +0000] "GET /wp-content/plugins/elementor-pro/assets/css/widget-blockquote.min.css?ver=3.25.0 HTTP/1.1" 200 1113 "https://theoldhouse.cafe/" "Mozilla/5.0 (X11; Linux x86_64) AppleWebKit/537.36 (KHTML, like Gecko) HeadlessChrome/117.0.5938.132 Safari/537.36"
34.72.176.129 - - [15/Jul/2025:16:16:00 +0000] "GET /wp-content/plugins/elementor-pro/assets/css/widget-mega-menu.min.css?ver=3.26.2 HTTP/1.1" 200 2852 "https://theoldhouse.cafe/" "Mozilla/5.0 (X11; Linux x86_64) AppleWebKit/537.36 (KHTML, like Gecko) HeadlessChrome/117.0.5938.132 Safari/537.36"
34.123.170.104 - - [15/Jul/2025:16:16:00 +0000] "GET /wp-content/plugins/elementor-pro/assets/css/widget-nav-menu.min.css?ver=3.26.0 HTTP/1.1" 200 3369 "https://theoldhouse.cafe/" "Mozilla/5.0 (X11; Linux x86_64) AppleWebKit/537.36 (KHTML, like Gecko) HeadlessChrome/117.0.5938.132 Safari/537.36"
34.72.176.129 - - [15/Jul/2025:16:16:00 +0000] "GET /wp-content/plugins/royal-elementor-addons/assets/css/lib/animations/text-animations.min.css?ver=1.7.1027 HTTP/1.1" 200 1516 "https://theoldhouse.cafe/" "Mozilla/5.0 (X11; Linux x86_64) AppleWebKit/537.36 (KHTML, like Gecko) HeadlessChrome/117.0.5938.132 Safari/537.36"
34.122.147.229 - - [15/Jul/2025:16:16:00 +0000] "GET /wp-content/plugins/elementor/assets/lib/font-awesome/css/all.min.css?ver=1.7.1027 HTTP/1.1" 200 12869 "https://theoldhouse.cafe/" "Mozilla/5.0 (X11; Linux x86_64) AppleWebKit/537.36 (KHTML, like Gecko) HeadlessChrome/117.0.5938.132 Safari/537.36"
34.72.176.129 - - [15/Jul/2025:16:16:00 +0000] "GET /wp-content/uploads/elementor/google-fonts/css/marcellus.css?ver=1750491152 HTTP/1.1" 200 397 "https://theoldhouse.cafe/" "Mozilla/5.0 (X11; Linux x86_64) AppleWebKit/537.36 (KHTML, like Gecko) HeadlessChrome/117.0.5938.132 Safari/537.36"
34.123.170.104 - - [15/Jul/2025:16:16:00 +0000] "GET /wp-content/uploads/elementor/google-fonts/css/dmsans.css?ver=1750491154 HTTP/1.1" 200 687 "https://theoldhouse.cafe/" "Mozilla/5.0 (X11; Linux x86_64) AppleWebKit/537.36 (KHTML, like Gecko) HeadlessChrome/117.0.5938.132 Safari/537.36"
34.72.176.129 - - [15/Jul/2025:16:16:00 +0000] "GET /wp-includes/js/jquery/jquery.min.js?ver=3.7.1 HTTP/1.1" 200 30368 "https://theoldhouse.cafe/" "Mozilla/5.0 (X11; Linux x86_64) AppleWebKit/537.36 (KHTML, like Gecko) HeadlessChrome/117.0.5938.132 Safari/537.36"
34.123.170.104 - - [15/Jul/2025:16:16:00 +0000] "GET /wp-content/plugins/royal-elementor-addons/assets/css/frontend.min.css?ver=1.7.1027 HTTP/1.1" 200 46876 "https://theoldhouse.cafe/" "Mozilla/5.0 (X11; Linux x86_64) AppleWebKit/537.36 (KHTML, like Gecko) HeadlessChrome/117.0.5938.132 Safari/537.36"
34.123.170.104 - - [15/Jul/2025:16:16:00 +0000] "GET /wp-content/plugins/leadconnector/public/js/lc-public.js?ver=3.0.10.1 HTTP/1.1" 200 1322 "https://theoldhouse.cafe/" "Mozilla/5.0 (X11; Linux x86_64) AppleWebKit/537.36 (KHTML, like Gecko) HeadlessChrome/117.0.5938.132 Safari/537.36"
34.72.176.129 - - [15/Jul/2025:16:16:00 +0000] "GET /wp-includes/js/jquery/jquery-migrate.min.js?ver=3.4.1 HTTP/1.1" 200 4872 "https://theoldhouse.cafe/" "Mozilla/5.0 (X11; Linux x86_64) AppleWebKit/537.36 (KHTML, like Gecko) HeadlessChrome/117.0.5938.132 Safari/537.36"
34.72.176.129 - - [15/Jul/2025:16:16:01 +0000] "GET /wp-content/plugins/elementor/assets/lib/font-awesome/css/v4-shims.min.css?ver=3.30.2 HTTP/1.1" 200 4229 "https://theoldhouse.cafe/" "Mozilla/5.0 (X11; Linux x86_64) AppleWebKit/537.36 (KHTML, like Gecko) HeadlessChrome/117.0.5938.132 Safari/537.36"
34.123.170.104 - - [15/Jul/2025:16:16:01 +0000] "GET /wp-content/plugins/elementor/assets/js/webpack.runtime.min.js?ver=3.30.2 HTTP/1.1" 200 2516 "https://theoldhouse.cafe/" "Mozilla/5.0 (X11; Linux x86_64) AppleWebKit/537.36 (KHTML, like Gecko) HeadlessChrome/117.0.5938.132 Safari/537.36"
34.72.176.129 - - [15/Jul/2025:16:16:01 +0000] "GET /wp-content/plugins/elementor/assets/js/frontend-modules.min.js?ver=3.30.2 HTTP/1.1" 200 14815 "https://theoldhouse.cafe/" "Mozilla/5.0 (X11; Linux x86_64) AppleWebKit/537.36 (KHTML, like Gecko) HeadlessChrome/117.0.5938.132 Safari/537.36"
34.123.170.104 - - [15/Jul/2025:16:16:01 +0000] "GET /wp-includes/js/jquery/ui/core.min.js?ver=1.13.3 HTTP/1.1" 200 7106 "https://theoldhouse.cafe/" "Mozilla/5.0 (X11; Linux x86_64) AppleWebKit/537.36 (KHTML, like Gecko) HeadlessChrome/117.0.5938.132 Safari/537.36"
34.72.176.129 - - [15/Jul/2025:16:16:01 +0000] "GET /wp-content/plugins/elementor/assets/js/frontend.min.js?ver=3.30.2 HTTP/1.1" 200 10595 "https://theoldhouse.cafe/" "Mozilla/5.0 (X11; Linux x86_64) AppleWebKit/537.36 (KHTML, like Gecko) HeadlessChrome/117.0.5938.132 Safari/537.36"
34.123.170.104 - - [15/Jul/2025:16:16:01 +0000] "GET /wp-content/plugins/qi-addons-for-elementor/assets/plugins/swiper/8.4.5/swiper.min.js?ver=8.4.5 HTTP/1.1" 200 39662 "https://theoldhouse.cafe/" "Mozilla/5.0 (X11; Linux x86_64) AppleWebKit/537.36 (KHTML, like Gecko) HeadlessChrome/117.0.5938.132 Safari/537.36"
34.123.170.104 - - [15/Jul/2025:16:16:01 +0000] "GET /wp-content/plugins/qi-addons-for-elementor/assets/js/main.min.js?ver=1.9.2 HTTP/1.1" 200 13529 "https://theoldhouse.cafe/" "Mozilla/5.0 (X11; Linux x86_64) AppleWebKit/537.36 (KHTML, like Gecko) HeadlessChrome/117.0.5938.132 Safari/537.36"
34.72.176.129 - - [15/Jul/2025:16:16:01 +0000] "GET /wp-content/plugins/royal-elementor-addons/assets/js/lib/particles/particles.js?ver=3.0.6 HTTP/1.1" 200 9031 "https://theoldhouse.cafe/" "Mozilla/5.0 (X11; Linux x86_64) AppleWebKit/537.36 (KHTML, like Gecko) HeadlessChrome/117.0.5938.132 Safari/537.36"
34.72.176.129 - - [15/Jul/2025:16:16:01 +0000] "GET /wp-content/uploads/elementor/google-fonts/fonts/dmsans-rp2yp2ywxg089urii5-g4vlh9vod8cmcqbu0-k4.woff2 HTTP/1.1" 200 36852 "https://theoldhouse.cafe/wp-content/uploads/elementor/google-fonts/css/dmsans.css?ver=1750491154" "Mozilla/5.0 (X11; Linux x86_64) AppleWebKit/537.36 (KHTML, like Gecko) HeadlessChrome/117.0.5938.132 Safari/537.36"
34.123.170.104 - - [15/Jul/2025:16:16:01 +0000] "GET /wp-content/uploads/elementor/google-fonts/fonts/marcellus-weo_ebrok8hqldviaf81vvok.woff2 HTTP/1.1" 200 14575 "https://theoldhouse.cafe/wp-content/uploads/elementor/google-fonts/css/marcellus.css?ver=1750491152" "Mozilla/5.0 (X11; Linux x86_64) AppleWebKit/537.36 (KHTML, like Gecko) HeadlessChrome/117.0.5938.132 Safari/537.36"
34.72.176.129 - - [15/Jul/2025:16:16:01 +0000] "GET /wp-content/uploads/2024/09/The-Old-House-Cafe234-300x43.png HTTP/1.1" 200 9274 "https://theoldhouse.cafe/" "Mozilla/5.0 (X11; Linux x86_64) AppleWebKit/537.36 (KHTML, like Gecko) HeadlessChrome/117.0.5938.132 Safari/537.36"
34.123.170.104 - - [15/Jul/2025:16:16:01 +0000] "GET /wp-content/uploads/elementor/google-fonts/fonts/dmsans-rp2wp2ywxg089uriczasexd86j3t9jz86mvyyky58q.woff2 HTTP/1.1" 200 39567 "https://theoldhouse.cafe/wp-content/uploads/elementor/google-fonts/css/dmsans.css?ver=1750491154" "Mozilla/5.0 (X11; Linux x86_64) AppleWebKit/537.36 (KHTML, like Gecko) HeadlessChrome/117.0.5938.132 Safari/537.36"
34.72.176.129 - - [15/Jul/2025:16:16:01 +0000] "GET /wp-content/plugins/royal-elementor-addons/assets/js/lib/jarallax/jarallax.min.js?ver=1.12.7 HTTP/1.1" 200 5215 "https://theoldhouse.cafe/" "Mozilla/5.0 (X11; Linux x86_64) AppleWebKit/537.36 (KHTML, like Gecko) HeadlessChrome/117.0.5938.132 Safari/537.36"
34.123.170.104 - - [15/Jul/2025:16:16:01 +0000] "GET /wp-content/plugins/royal-elementor-addons/assets/js/lib/parallax/parallax.min.js?ver=1.0 HTTP/1.1" 200 5226 "https://theoldhouse.cafe/" "Mozilla/5.0 (X11; Linux x86_64) AppleWebKit/537.36 (KHTML, like Gecko) HeadlessChrome/117.0.5938.132 Safari/537.36"
34.72.176.129 - - [15/Jul/2025:16:16:01 +0000] "GET /wp-content/plugins/metform/public/assets/lib/cute-alert/cute-alert.js?ver=4.0.2 HTTP/1.1" 200 1177 "https://theoldhouse.cafe/" "Mozilla/5.0 (X11; Linux x86_64) AppleWebKit/537.36 (KHTML, like Gecko) HeadlessChrome/117.0.5938.132 Safari/537.36"
34.123.170.104 - - [15/Jul/2025:16:16:01 +0000] "GET /wp-content/themes/hello-elementor/assets/js/hello-frontend.js?ver=3.4.4 HTTP/1.1" 200 553 "https://theoldhouse.cafe/" "Mozilla/5.0 (X11; Linux x86_64) AppleWebKit/537.36 (KHTML, like Gecko) HeadlessChrome/117.0.5938.132 Safari/537.36"
34.72.176.129 - - [15/Jul/2025:16:16:01 +0000] "GET /wp-content/plugins/header-footer-elementor/inc/js/frontend.js?ver=2.4.4 HTTP/1.1" 200 4163 "https://theoldhouse.cafe/" "Mozilla/5.0 (X11; Linux x86_64) AppleWebKit/537.36 (KHTML, like Gecko) HeadlessChrome/117.0.5938.132 Safari/537.36"
34.123.170.104 - - [15/Jul/2025:16:16:01 +0000] "GET /wp-includes/js/dist/hooks.min.js?ver=4d63a3d491d11ffd8ac6 HTTP/1.1" 200 1648 "https://theoldhouse.cafe/" "Mozilla/5.0 (X11; Linux x86_64) AppleWebKit/537.36 (KHTML, like Gecko) HeadlessChrome/117.0.5938.132 Safari/537.36"
34.72.176.129 - - [15/Jul/2025:16:16:01 +0000] "GET /wp-content/plugins/elementor/assets/lib/font-awesome/js/v4-shims.min.js?ver=3.30.2 HTTP/1.1" 200 4209 "https://theoldhouse.cafe/" "Mozilla/5.0 (X11; Linux x86_64) AppleWebKit/537.36 (KHTML, like Gecko) HeadlessChrome/117.0.5938.132 Safari/537.36"
34.72.176.129 - - [15/Jul/2025:16:16:01 +0000] "GET /wp-includes/js/dist/i18n.min.js?ver=5e580eb46a90c2b997e6 HTTP/1.1" 200 3667 "https://theoldhouse.cafe/" "Mozilla/5.0 (X11; Linux x86_64) AppleWebKit/537.36 (KHTML, like Gecko) HeadlessChrome/117.0.5938.132 Safari/537.36"
34.123.170.104 - - [15/Jul/2025:16:16:01 +0000] "GET /wp-content/plugins/qi-addons-for-elementor/inc/plugins/elementor/assets/js/elementor.js?ver=6.8.1 HTTP/1.1" 200 1524 "https://theoldhouse.cafe/" "Mozilla/5.0 (X11; Linux x86_64) AppleWebKit/537.36 (KHTML, like Gecko) HeadlessChrome/117.0.5938.132 Safari/537.36"
34.72.176.129 - - [15/Jul/2025:16:16:01 +0000] "GET /wp-content/plugins/elementor-pro/assets/js/webpack-pro.runtime.min.js?ver=3.27.4 HTTP/1.1" 200 2860 "https://theoldhouse.cafe/" "Mozilla/5.0 (X11; Linux x86_64) AppleWebKit/537.36 (KHTML, like Gecko) HeadlessChrome/117.0.5938.132 Safari/537.36"
34.123.170.104 - - [15/Jul/2025:16:16:01 +0000] "GET /wp-content/plugins/elementor-pro/assets/js/frontend.min.js?ver=3.27.4 HTTP/1.1" 200 6510 "https://theoldhouse.cafe/" "Mozilla/5.0 (X11; Linux x86_64) AppleWebKit/537.36 (KHTML, like Gecko) HeadlessChrome/117.0.5938.132 Safari/537.36"
34.72.176.129 - - [15/Jul/2025:16:16:01 +0000] "GET /wp-content/plugins/elementor-pro/assets/js/elements-handlers.min.js?ver=3.27.4 HTTP/1.1" 200 10701 "https://theoldhouse.cafe/" "Mozilla/5.0 (X11; Linux x86_64) AppleWebKit/537.36 (KHTML, like Gecko) HeadlessChrome/117.0.5938.132 Safari/537.36"
34.123.170.104 - - [15/Jul/2025:16:16:01 +0000] "GET /wp-content/plugins/royal-elementor-addons/assets/js/frontend.min.js?ver=1.7.1027 HTTP/1.1" 200 45440 "https://theoldhouse.cafe/" "Mozilla/5.0 (X11; Linux x86_64) AppleWebKit/537.36 (KHTML, like Gecko) HeadlessChrome/117.0.5938.132 Safari/537.36"
34.72.176.129 - - [15/Jul/2025:16:16:01 +0000] "GET /wp-content/plugins/royal-elementor-addons/assets/js/modal-popups.min.js?ver=1.7.1027 HTTP/1.1" 200 2801 "https://theoldhouse.cafe/" "Mozilla/5.0 (X11; Linux x86_64) AppleWebKit/537.36 (KHTML, like Gecko) HeadlessChrome/117.0.5938.132 Safari/537.36"
34.72.176.129 - - [15/Jul/2025:16:16:01 +0000] "GET /wp-content/uploads/2024/09/The-Old-House-Cafe_logo3-300x83.png HTTP/1.1" 200 10467 "https://theoldhouse.cafe/" "Mozilla/5.0 (X11; Linux x86_64) AppleWebKit/537.36 (KHTML, like Gecko) HeadlessChrome/117.0.5938.132 Safari/537.36"
34.123.170.104 - - [15/Jul/2025:16:16:01 +0000] "GET /wp-content/uploads/2024/09/late.png HTTP/1.1" 200 361547 "https://theoldhouse.cafe/" "Mozilla/5.0 (X11; Linux x86_64) AppleWebKit/537.36 (KHTML, like Gecko) HeadlessChrome/117.0.5938.132 Safari/537.36"
34.72.176.129 - - [15/Jul/2025:16:16:01 +0000] "GET /wp-content/plugins/elementor/assets/mask-shapes/circle.svg HTTP/1.1" 200 104 "https://theoldhouse.cafe/wp-content/uploads/elementor/css/post-133.css?ver=1750491152" "Mozilla/5.0 (X11; Linux x86_64) AppleWebKit/537.36 (KHTML, like Gecko) HeadlessChrome/117.0.5938.132 Safari/537.36"
34.122.147.229 - - [15/Jul/2025:16:16:01 +0000] "GET /wp-content/uploads/2024/09/cap-1.png HTTP/1.1" 200 259835 "https://theoldhouse.cafe/" "Mozilla/5.0 (X11; Linux x86_64) AppleWebKit/537.36 (KHTML, like Gecko) HeadlessChrome/117.0.5938.132 Safari/537.36"
34.123.170.104 - - [15/Jul/2025:16:16:01 +0000] "GET /wp-content/uploads/elementor/thumbs/Copy-of-Untitleeed-Design-qv59i5pr6r9lqkrlrom4oqkw129ci7czrjhmcgu2ts.jpg HTTP/1.1" 200 11256 "https://theoldhouse.cafe/" "Mozilla/5.0 (X11; Linux x86_64) AppleWebKit/537.36 (KHTML, like Gecko) HeadlessChrome/117.0.5938.132 Safari/537.36"
34.123.170.104 - - [15/Jul/2025:16:16:01 +0000] "GET /wp-content/uploads/2024/09/WhatsApp-Image-2024-09-19-at-14.53.30_417c2be3-943x1024.jpg HTTP/1.1" 200 183105 "https://theoldhouse.cafe/" "Mozilla/5.0 (X11; Linux x86_64) AppleWebKit/537.36 (KHTML, like Gecko) HeadlessChrome/117.0.5938.132 Safari/537.36"
34.123.170.104 - - [15/Jul/2025:16:16:01 +0000] "GET /wp-content/plugins/elementor/assets/css/conditionals/dialog.min.css?ver=3.30.2 HTTP/1.1" 200 1579 "https://theoldhouse.cafe/" "Mozilla/5.0 (X11; Linux x86_64) AppleWebKit/537.36 (KHTML, like Gecko) HeadlessChrome/117.0.5938.132 Safari/537.36"
34.123.170.104 - - [15/Jul/2025:16:16:01 +0000] "GET /wp-content/plugins/elementor/assets/lib/swiper/v8/css/swiper.min.css?ver=8.4.5 HTTP/1.1" 200 4583 "https://theoldhouse.cafe/" "Mozilla/5.0 (X11; Linux x86_64) AppleWebKit/537.36 (KHTML, like Gecko) HeadlessChrome/117.0.5938.132 Safari/537.36"
34.122.147.229 - - [15/Jul/2025:16:16:01 +0000] "GET /wp-content/uploads/elementor/css/custom-lightbox.min.css?ver=3.30.2 HTTP/1.1" 200 1960 "https://theoldhouse.cafe/" "Mozilla/5.0 (X11; Linux x86_64) AppleWebKit/537.36 (KHTML, like Gecko) HeadlessChrome/117.0.5938.132 Safari/537.36"
34.123.170.104 - - [15/Jul/2025:16:16:01 +0000] "GET /wp-content/plugins/elementor/assets/lib/font-awesome/webfonts/fa-solid-900.woff2 HTTP/1.1" 200 78099 "https://theoldhouse.cafe/wp-content/plugins/elementor/assets/lib/font-awesome/css/solid.css?ver=5.15.3" "Mozilla/5.0 (X11; Linux x86_64) AppleWebKit/537.36 (KHTML, like Gecko) HeadlessChrome/117.0.5938.132 Safari/537.36"
34.122.147.229 - - [15/Jul/2025:16:16:01 +0000] "GET /wp-content/uploads/elementor/thumbs/reshot-icon-chef-5TX8WZBCS2-01-qtsjuocmmxgo19sfsi29872ovxbr1sattm302m2zuo.png HTTP/1.1" 200 1789 "https://theoldhouse.cafe/" "Mozilla/5.0 (X11; Linux x86_64) AppleWebKit/537.36 (KHTML, like Gecko) HeadlessChrome/117.0.5938.132 Safari/537.36"
34.123.170.104 - - [15/Jul/2025:16:16:02 +0000] "GET /wp-content/uploads/elementor/thumbs/reshot-icon-cloche-EQGZVH76L2-01-qtsjuhrrb37ns01zux7v8qqgq886jwkpgpilpocr28.png HTTP/1.1" 200 2353 "https://theoldhouse.cafe/" "Mozilla/5.0 (X11; Linux x86_64) AppleWebKit/537.36 (KHTML, like Gecko) HeadlessChrome/117.0.5938.132 Safari/537.36"
34.72.176.129 - - [15/Jul/2025:16:16:01 +0000] "GET /wp-content/uploads/2024/09/chocdesign.png HTTP/1.1" 200 213717 "https://theoldhouse.cafe/" "Mozilla/5.0 (X11; Linux x86_64) AppleWebKit/537.36 (KHTML, like Gecko) HeadlessChrome/117.0.5938.132 Safari/537.36"
34.122.147.229 - - [15/Jul/2025:16:16:02 +0000] "GET /wp-content/uploads/elementor/thumbs/reshot-icon-small-group-HKXT9URFYE-01-2-qtsjub6vz8yniqbjxcdh9ae8kj4m20ul3sy7cqmi9s.png HTTP/1.1" 200 2282 "https://theoldhouse.cafe/" "Mozilla/5.0 (X11; Linux x86_64) AppleWebKit/537.36 (KHTML, like Gecko) HeadlessChrome/117.0.5938.132 Safari/537.36"
34.123.170.104 - - [15/Jul/2025:16:16:02 +0000] "GET /wp-content/uploads/elementor/thumbs/reshot-icon-truck-EKYSUQ2CZW-01-qtsjuuxhyrpoajivq2wn7nex1mfbjo0y6inefjt8n4.png HTTP/1.1" 200 3231 "https://theoldhouse.cafe/" "Mozilla/5.0 (X11; Linux x86_64) AppleWebKit/537.36 (KHTML, like Gecko) HeadlessChrome/117.0.5938.132 Safari/537.36"
34.122.147.229 - - [15/Jul/2025:16:16:02 +0000] "GET /wp-content/uploads/elementor/thumbs/ubereats-qvec92hxtrmbhg8s0ear6sg9n21vqzh96uot3e4sc4.png HTTP/1.1" 200 3387 "https://theoldhouse.cafe/" "Mozilla/5.0 (X11; Linux x86_64) AppleWebKit/537.36 (KHTML, like Gecko) HeadlessChrome/117.0.5938.132 Safari/537.36"
34.123.170.104 - - [15/Jul/2025:16:16:02 +0000] "GET /wp-content/uploads/elementor/thumbs/menulogg-qvec9xim3ass4kzpz9pfz2mh8rszszweb47txiusms.png HTTP/1.1" 200 2119 "https://theoldhouse.cafe/" "Mozilla/5.0 (X11; Linux x86_64) AppleWebKit/537.36 (KHTML, like Gecko) HeadlessChrome/117.0.5938.132 Safari/537.36"
34.122.147.229 - - [15/Jul/2025:16:16:02 +0000] "GET /wp-content/uploads/elementor/thumbs/doordassh-qvecagbdvziiks8exhtzcxvp4h8c2xz11p9jj22x6c.png HTTP/1.1" 200 2431 "https://theoldhouse.cafe/" "Mozilla/5.0 (X11; Linux x86_64) AppleWebKit/537.36 (KHTML, like Gecko) HeadlessChrome/117.0.5938.132 Safari/537.36"
34.123.170.104 - - [15/Jul/2025:16:16:02 +0000] "GET /wp-content/uploads/2024/09/WhatsApp-Image-2024-09-19-at-14.53.30_417c2be3.jpg HTTP/1.1" 200 216637 "https://theoldhouse.cafe/" "Mozilla/5.0 (X11; Linux x86_64) AppleWebKit/537.36 (KHTML, like Gecko) HeadlessChrome/117.0.5938.132 Safari/537.36"
34.123.170.104 - - [15/Jul/2025:16:16:01 +0000] "GET /wp-content/uploads/2024/09/Untitled-delksign-1152x1536.jpg HTTP/1.1" 200 245559 "https://theoldhouse.cafe/" "Mozilla/5.0 (X11; Linux x86_64) AppleWebKit/537.36 (KHTML, like Gecko) HeadlessChrome/117.0.5938.132 Safari/537.36"
34.72.176.129 - - [15/Jul/2025:16:16:01 +0000] "GET /wp-content/uploads/2024/09/IMG_4315-819x1024.jpg HTTP/1.1" 200 206056 "https://theoldhouse.cafe/" "Mozilla/5.0 (X11; Linux x86_64) AppleWebKit/537.36 (KHTML, like Gecko) HeadlessChrome/117.0.5938.132 Safari/537.36"
34.123.170.104 - - [15/Jul/2025:16:16:02 +0000] "GET /wp-content/uploads/2024/09/Untitled-desisdfgn.png HTTP/1.1" 200 575789 "https://theoldhouse.cafe/" "Mozilla/5.0 (X11; Linux x86_64) AppleWebKit/537.36 (KHTML, like Gecko) HeadlessChrome/117.0.5938.132 Safari/537.36"
34.123.170.104 - - [15/Jul/2025:16:16:02 +0000] "GET /wp-includes/js/wp-emoji-release.min.js?ver=6.8.1 HTTP/1.1" 200 5166 "https://theoldhouse.cafe/" "Mozilla/5.0 (X11; Linux x86_64) AppleWebKit/537.36 (KHTML, like Gecko) HeadlessChrome/117.0.5938.132 Safari/537.36"
34.123.170.104 - - [15/Jul/2025:16:16:02 +0000] "GET /wp-content/plugins/elementor/assets/js/lightbox.64a93c50cbfc18fcc89b.bundle.min.js HTTP/1.1" 200 9547 "https://theoldhouse.cafe/" "Mozilla/5.0 (X11; Linux x86_64) AppleWebKit/537.36 (KHTML, like Gecko) HeadlessChrome/117.0.5938.132 Safari/537.36"
34.122.147.229 - - [15/Jul/2025:16:16:02 +0000] "GET /wp-content/uploads/2024/09/Untitled-delksign-1536x2048.jpg HTTP/1.1" 200 377018 "https://theoldhouse.cafe/" "Mozilla/5.0 (X11; Linux x86_64) AppleWebKit/537.36 (KHTML, like Gecko) HeadlessChrome/117.0.5938.132 Safari/537.36"
34.72.176.129 - - [15/Jul/2025:16:16:02 +0000] "GET /wp-content/uploads/2024/09/IMG_4315-1638x2048.jpg HTTP/1.1" 200 612907 "https://theoldhouse.cafe/" "Mozilla/5.0 (X11; Linux x86_64) AppleWebKit/537.36 (KHTML, like Gecko) HeadlessChrome/117.0.5938.132 Safari/537.36"
34.123.170.104 - - [15/Jul/2025:16:16:02 +0000] "GET /wp-content/plugins/elementor/assets/lib/dialog/dialog.min.js?ver=4.9.3 HTTP/1.1" 200 3782 "https://theoldhouse.cafe/" "Mozilla/5.0 (X11; Linux x86_64) AppleWebKit/537.36 (KHTML, like Gecko) HeadlessChrome/117.0.5938.132 Safari/537.36"
34.123.170.104 - - [15/Jul/2025:16:16:02 +0000] "GET /wp-content/plugins/elementor/assets/lib/share-link/share-link.min.js?ver=3.30.2 HTTP/1.1" 200 1169 "https://theoldhouse.cafe/" "Mozilla/5.0 (X11; Linux x86_64) AppleWebKit/537.36 (KHTML, like Gecko) HeadlessChrome/117.0.5938.132 Safari/537.36"
34.123.170.104 - - [15/Jul/2025:16:16:02 +0000] "GET /wp-content/plugins/elementor/assets/js/section-frontend-handlers.d85ab872da118940910d.bundle.min.js HTTP/1.1" 200 297 "https://theoldhouse.cafe/" "Mozilla/5.0 (X11; Linux x86_64) AppleWebKit/537.36 (KHTML, like Gecko) HeadlessChrome/117.0.5938.132 Safari/537.36"
34.123.170.104 - - [15/Jul/2025:16:16:02 +0000] "GET /wp-content/plugins/elementor/assets/js/shared-frontend-handlers.30dc2f9c080845a413a6.bundle.min.js HTTP/1.1" 200 2682 "https://theoldhouse.cafe/" "Mozilla/5.0 (X11; Linux x86_64) AppleWebKit/537.36 (KHTML, like Gecko) HeadlessChrome/117.0.5938.132 Safari/537.36"
34.123.170.104 - - [15/Jul/2025:16:16:02 +0000] "GET /wp-content/plugins/elementor/assets/js/text-editor.c084ef86600b6f11690d.bundle.min.js HTTP/1.1" 200 685 "https://theoldhouse.cafe/" "Mozilla/5.0 (X11; Linux x86_64) AppleWebKit/537.36 (KHTML, like Gecko) HeadlessChrome/117.0.5938.132 Safari/537.36"
34.123.170.104 - - [15/Jul/2025:16:16:02 +0000] "GET /wp-content/uploads/2024/09/menu_coffee_inner_bg-1.jpg HTTP/1.1" 200 222987 "https://theoldhouse.cafe/" "Mozilla/5.0 (X11; Linux x86_64) AppleWebKit/537.36 (KHTML, like Gecko) HeadlessChrome/117.0.5938.132 Safari/537.36"
34.123.170.104 - - [15/Jul/2025:16:16:02 +0000] "GET /wp-content/uploads/2024/09/menu_coffee_inner_bg.jpg HTTP/1.1" 200 222987 "https://theoldhouse.cafe/" "Mozilla/5.0 (X11; Linux x86_64) AppleWebKit/537.36 (KHTML, like Gecko) HeadlessChrome/117.0.5938.132 Safari/537.36"
34.123.170.104 - - [15/Jul/2025:16:16:02 +0000] "GET /wp-content/uploads/2024/09/grid_gal4.jpg HTTP/1.1" 200 244452 "https://theoldhouse.cafe/" "Mozilla/5.0 (X11; Linux x86_64) AppleWebKit/537.36 (KHTML, like Gecko) HeadlessChrome/117.0.5938.132 Safari/537.36"
205.169.39.17 - - [15/Jul/2025:16:16:02 +0000] "GET / HTTP/1.1" 200 22696 "http://theoldhouse.cafe" "Mozilla/5.0 (Windows NT 10.0) AppleWebKit/537.36 (KHTML, like Gecko) Chrome/106.0.0.0 Safari/537.36"
34.72.176.129 - - [15/Jul/2025:16:16:02 +0000] "GET /wp-content/uploads/2024/09/sdfUntitled-design.png HTTP/1.1" 200 488840 "https://theoldhouse.cafe/" "Mozilla/5.0 (X11; Linux x86_64) AppleWebKit/537.36 (KHTML, like Gecko) HeadlessChrome/117.0.5938.132 Safari/537.36"
34.123.170.104 - - [15/Jul/2025:16:16:02 +0000] "GET /wp-content/uploads/2024/09/Untitled-777design.png HTTP/1.1" 200 509072 "https://theoldhouse.cafe/" "Mozilla/5.0 (X11; Linux x86_64) AppleWebKit/537.36 (KHTML, like Gecko) HeadlessChrome/117.0.5938.132 Safari/537.36"
34.123.170.104 - - [15/Jul/2025:16:16:02 +0000] "GET / HTTP/1.1" 200 22696 "-" "Mozilla/5.0 (Macintosh; Intel Mac OS X 10_15_4) AppleWebKit/537.36 (KHTML, like Gecko) Chrome/83.0.4103.97 Safari/537.36"
34.123.170.104 - - [15/Jul/2025:16:16:03 +0000] "GET /wp-includes/js/jquery/jquery.min.js?ver=3.7.1 HTTP/1.1" 200 30368 "https://theoldhouse.cafe/" "Mozilla/5.0 (Macintosh; Intel Mac OS X 10_15_4) AppleWebKit/537.36 (KHTML, like Gecko) Chrome/83.0.4103.97 Safari/537.36"
34.122.147.229 - - [15/Jul/2025:16:16:03 +0000] "GET /wp-includes/js/jquery/jquery-migrate.min.js?ver=3.4.1 HTTP/1.1" 200 4872 "https://theoldhouse.cafe/" "Mozilla/5.0 (Macintosh; Intel Mac OS X 10_15_4) AppleWebKit/537.36 (KHTML, like Gecko) Chrome/83.0.4103.97 Safari/537.36"
34.123.170.104 - - [15/Jul/2025:16:16:03 +0000] "GET /wp-content/plugins/leadconnector/public/js/lc-public.js?ver=3.0.10.1 HTTP/1.1" 200 1322 "https://theoldhouse.cafe/" "Mozilla/5.0 (Macintosh; Intel Mac OS X 10_15_4) AppleWebKit/537.36 (KHTML, like Gecko) Chrome/83.0.4103.97 Safari/537.36"
34.123.170.104 - - [15/Jul/2025:16:16:03 +0000] "GET /wp-content/plugins/elementor/assets/js/webpack.runtime.min.js?ver=3.30.2 HTTP/1.1" 200 2516 "https://theoldhouse.cafe/" "Mozilla/5.0 (Macintosh; Intel Mac OS X 10_15_4) AppleWebKit/537.36 (KHTML, like Gecko) Chrome/83.0.4103.97 Safari/537.36"
104.197.69.115 - - [15/Jul/2025:16:16:03 +0000] "GET /wp-includes/js/jquery/ui/core.min.js?ver=1.13.3 HTTP/1.1" 200 7106 "https://theoldhouse.cafe/" "Mozilla/5.0 (Macintosh; Intel Mac OS X 10_15_4) AppleWebKit/537.36 (KHTML, like Gecko) Chrome/83.0.4103.97 Safari/537.36"
34.122.147.229 - - [15/Jul/2025:16:16:03 +0000] "GET /wp-content/plugins/elementor/assets/js/frontend-modules.min.js?ver=3.30.2 HTTP/1.1" 200 14815 "https://theoldhouse.cafe/" "Mozilla/5.0 (Macintosh; Intel Mac OS X 10_15_4) AppleWebKit/537.36 (KHTML, like Gecko) Chrome/83.0.4103.97 Safari/537.36"
34.123.170.104 - - [15/Jul/2025:16:16:03 +0000] "GET /wp-content/plugins/elementor/assets/js/frontend.min.js?ver=3.30.2 HTTP/1.1" 200 10595 "https://theoldhouse.cafe/" "Mozilla/5.0 (Macintosh; Intel Mac OS X 10_15_4) AppleWebKit/537.36 (KHTML, like Gecko) Chrome/83.0.4103.97 Safari/537.36"
104.197.69.115 - - [15/Jul/2025:16:16:03 +0000] "GET /wp-content/plugins/qi-addons-for-elementor/assets/plugins/swiper/8.4.5/swiper.min.js?ver=8.4.5 HTTP/1.1" 200 39662 "https://theoldhouse.cafe/" "Mozilla/5.0 (Macintosh; Intel Mac OS X 10_15_4) AppleWebKit/537.36 (KHTML, like Gecko) Chrome/83.0.4103.97 Safari/537.36"
34.122.147.229 - - [15/Jul/2025:16:16:03 +0000] "GET /wp-content/plugins/qi-addons-for-elementor/assets/js/main.min.js?ver=1.9.2 HTTP/1.1" 200 13529 "https://theoldhouse.cafe/" "Mozilla/5.0 (Macintosh; Intel Mac OS X 10_15_4) AppleWebKit/537.36 (KHTML, like Gecko) Chrome/83.0.4103.97 Safari/537.36"
