47.128.48.163 - - [16/Jul/2025:04:19:29 +0000] "GET /wp-includes/css/dashicons.min.css?ver=6.8.1 HTTP/1.1" 200 35730 "https://theoldhouse.cafe/" "Mozilla/5.0 (Linux; Android 5.0) AppleWebKit/537.36 (KHTML, like Gecko) Mobile Safari/537.36 (compatible; Bytespider; [email protected])"
47.128.48.163 - - [16/Jul/2025:04:19:29 +0000] "GET /wp-content/plugins/header-footer-elementor/inc/widgets-css/frontend.css?ver=2.4.4 HTTP/1.1" 200 8578 "https://theoldhouse.cafe/" "Mozilla/5.0 (Linux; Android 5.0) AppleWebKit/537.36 (KHTML, like Gecko) Mobile Safari/537.36 (compatible; Bytespider; [email protected])"
47.128.48.163 - - [16/Jul/2025:04:19:29 +0000] "GET /wp-content/uploads/elementor/css/custom-frontend.min.css?ver=1750491151 HTTP/1.1" 200 7081 "https://theoldhouse.cafe/" "Mozilla/5.0 (Linux; Android 5.0) AppleWebKit/537.36 (KHTML, like Gecko) Mobile Safari/537.36 (compatible; Bytespider; [email protected])"
47.128.48.163 - - [16/Jul/2025:04:19:29 +0000] "GET /wp-content/plugins/header-footer-elementor/assets/css/header-footer-elementor.css?ver=2.4.4 HTTP/1.1" 200 323 "https://theoldhouse.cafe/" "Mozilla/5.0 (Linux; Android 5.0) AppleWebKit/537.36 (KHTML, like Gecko) Mobile Safari/537.36 (compatible; Bytespider; [email protected])"
47.128.48.163 - - [16/Jul/2025:04:19:29 +0000] "GET /wp-content/plugins/leadconnector/public/css/lc-public.css?ver=3.0.10.1 HTTP/1.1" 200 106 "https://theoldhouse.cafe/" "Mozilla/5.0 (Linux; Android 5.0) AppleWebKit/537.36 (KHTML, like Gecko) Mobile Safari/537.36 (compatible; Bytespider; [email protected])"
47.128.48.163 - - [16/Jul/2025:04:19:30 +0000] "GET /wp-content/plugins/elementor/assets/lib/animations/styles/e-animation-rotate.min.css?ver=3.30.2 HTTP/1.1" 200 117 "https://theoldhouse.cafe/" "Mozilla/5.0 (Linux; Android 5.0) AppleWebKit/537.36 (KHTML, like Gecko) Mobile Safari/537.36 (compatible; Bytespider; [email protected])"
47.128.48.163 - - [16/Jul/2025:04:19:30 +0000] "GET /wp-content/plugins/elementor/assets/lib/animations/styles/fadeInRight.min.css?ver=3.30.2 HTTP/1.1" 200 120 "https://theoldhouse.cafe/" "Mozilla/5.0 (Linux; Android 5.0) AppleWebKit/537.36 (KHTML, like Gecko) Mobile Safari/537.36 (compatible; Bytespider; [email protected])"
47.128.48.163 - - [16/Jul/2025:04:19:30 +0000] "GET /wp-content/uploads/elementor/css/post-16.css?ver=1750491151 HTTP/1.1" 200 1869 "https://theoldhouse.cafe/" "Mozilla/5.0 (Linux; Android 5.0) AppleWebKit/537.36 (KHTML, like Gecko) Mobile Safari/537.36 (compatible; Bytespider; [email protected])"
47.128.48.163 - - [16/Jul/2025:04:19:30 +0000] "GET /wp-content/plugins/elementor/assets/css/widget-heading.min.css?ver=3.30.2 HTTP/1.1" 200 188 "https://theoldhouse.cafe/" "Mozilla/5.0 (Linux; Android 5.0) AppleWebKit/537.36 (KHTML, like Gecko) Mobile Safari/537.36 (compatible; Bytespider; [email protected])"
47.128.48.163 - - [16/Jul/2025:04:19:30 +0000] "GET /wp-content/plugins/elementor/assets/lib/animations/styles/fadeInLeft.min.css?ver=3.30.2 HTTP/1.1" 200 120 "https://theoldhouse.cafe/" "Mozilla/5.0 (Linux; Android 5.0) AppleWebKit/537.36 (KHTML, like Gecko) Mobile Safari/537.36 (compatible; Bytespider; [email protected])"
47.128.48.163 - - [16/Jul/2025:04:19:30 +0000] "GET /wp-content/plugins/elementor/assets/lib/animations/styles/fadeInUp.min.css?ver=3.30.2 HTTP/1.1" 200 117 "https://theoldhouse.cafe/" "Mozilla/5.0 (Linux; Android 5.0) AppleWebKit/537.36 (KHTML, like Gecko) Mobile Safari/537.36 (compatible; Bytespider; [email protected])"
47.128.48.163 - - [16/Jul/2025:04:19:30 +0000] "GET /wp-content/plugins/qi-addons-for-elementor/assets/plugins/swiper/8.4.5/swiper.min.css?ver=8.4.5 HTTP/1.1" 200 4582 "https://theoldhouse.cafe/" "Mozilla/5.0 (Linux; Android 5.0) AppleWebKit/537.36 (KHTML, like Gecko) Mobile Safari/537.36 (compatible; Bytespider; [email protected])"
47.128.48.163 - - [16/Jul/2025:04:19:30 +0000] "GET /wp-content/plugins/elementor/assets/css/conditionals/e-swiper.min.css?ver=3.30.2 HTTP/1.1" 200 799 "https://theoldhouse.cafe/" "Mozilla/5.0 (Linux; Android 5.0) AppleWebKit/537.36 (KHTML, like Gecko) Mobile Safari/537.36 (compatible; Bytespider; [email protected])"
47.128.48.163 - - [16/Jul/2025:04:19:30 +0000] "GET /wp-content/uploads/elementor/css/custom-widget-image-box.min.css?ver=1750491151 HTTP/1.1" 200 336 "https://theoldhouse.cafe/" "Mozilla/5.0 (Linux; Android 5.0) AppleWebKit/537.36 (KHTML, like Gecko) Mobile Safari/537.36 (compatible; Bytespider; [email protected])"
47.128.48.163 - - [16/Jul/2025:04:19:30 +0000] "GET /wp-content/plugins/elementor/assets/lib/animations/styles/fadeIn.min.css?ver=3.30.2 HTTP/1.1" 200 79 "https://theoldhouse.cafe/" "Mozilla/5.0 (Linux; Android 5.0) AppleWebKit/537.36 (KHTML, like Gecko) Mobile Safari/537.36 (compatible; Bytespider; [email protected])"
47.128.48.163 - - [16/Jul/2025:04:19:30 +0000] "GET /wp-content/plugins/qi-addons-for-elementor/assets/css/grid.min.css?ver=1.9.2 HTTP/1.1" 200 1945 "https://theoldhouse.cafe/" "Mozilla/5.0 (Linux; Android 5.0) AppleWebKit/537.36 (KHTML, like Gecko) Mobile Safari/537.36 (compatible; Bytespider; [email protected])"
47.128.48.163 - - [16/Jul/2025:04:19:30 +0000] "GET /wp-content/uploads/elementor/css/post-133.css?ver=1750491152 HTTP/1.1" 200 6112 "https://theoldhouse.cafe/" "Mozilla/5.0 (Linux; Android 5.0) AppleWebKit/537.36 (KHTML, like Gecko) Mobile Safari/537.36 (compatible; Bytespider; [email protected])"
47.128.48.163 - - [16/Jul/2025:04:19:30 +0000] "GET /wp-content/plugins/elementor/assets/lib/animations/styles/e-animation-bob.min.css?ver=3.30.2 HTTP/1.1" 200 236 "https://theoldhouse.cafe/" "Mozilla/5.0 (Linux; Android 5.0) AppleWebKit/537.36 (KHTML, like Gecko) Mobile Safari/537.36 (compatible; Bytespider; [email protected])"
47.128.48.163 - - [16/Jul/2025:04:19:30 +0000] "GET /wp-content/plugins/elementor/assets/css/widget-image.min.css?ver=3.30.2 HTTP/1.1" 200 164 "https://theoldhouse.cafe/" "Mozilla/5.0 (Linux; Android 5.0) AppleWebKit/537.36 (KHTML, like Gecko) Mobile Safari/537.36 (compatible; Bytespider; [email protected])"
47.128.48.163 - - [16/Jul/2025:04:19:30 +0000] "GET /wp-content/plugins/elementor/assets/css/widget-spacer.min.css?ver=3.30.2 HTTP/1.1" 200 369 "https://theoldhouse.cafe/" "Mozilla/5.0 (Linux; Android 5.0) AppleWebKit/537.36 (KHTML, like Gecko) Mobile Safari/537.36 (compatible; Bytespider; [email protected])"
47.128.48.163 - - [16/Jul/2025:04:19:30 +0000] "GET /wp-content/uploads/elementor/css/custom-widget-icon-list.min.css?ver=1750491151 HTTP/1.1" 200 1040 "https://theoldhouse.cafe/" "Mozilla/5.0 (Linux; Android 5.0) AppleWebKit/537.36 (KHTML, like Gecko) Mobile Safari/537.36 (compatible; Bytespider; [email protected])"
47.128.48.163 - - [16/Jul/2025:04:19:30 +0000] "GET /wp-content/plugins/elementor/assets/lib/animations/styles/e-animation-hang.min.css?ver=3.30.2 HTTP/1.1" 200 234 "https://theoldhouse.cafe/" "Mozilla/5.0 (Linux; Android 5.0) AppleWebKit/537.36 (KHTML, like Gecko) Mobile Safari/537.36 (compatible; Bytespider; [email protected])"
47.128.48.163 - - [16/Jul/2025:04:19:30 +0000] "GET /wp-content/plugins/elementor/assets/lib/animations/styles/fadeInDown.min.css?ver=3.30.2 HTTP/1.1" 200 120 "https://theoldhouse.cafe/" "Mozilla/5.0 (Linux; Android 5.0) AppleWebKit/537.36 (KHTML, like Gecko) Mobile Safari/537.36 (compatible; Bytespider; [email protected])"
47.128.48.163 - - [16/Jul/2025:04:19:30 +0000] "GET /wp-content/plugins/qi-addons-for-elementor/assets/css/main.min.css?ver=1.9.2 HTTP/1.1" 200 26023 "https://theoldhouse.cafe/" "Mozilla/5.0 (Linux; Android 5.0) AppleWebKit/537.36 (KHTML, like Gecko) Mobile Safari/537.36 (compatible; Bytespider; [email protected])"
47.128.48.163 - - [16/Jul/2025:04:19:30 +0000] "GET /wp-content/uploads/elementor/google-fonts/css/marcellus.css?ver=1750491152 HTTP/1.1" 200 397 "https://theoldhouse.cafe/" "Mozilla/5.0 (Linux; Android 5.0) AppleWebKit/537.36 (KHTML, like Gecko) Mobile Safari/537.36 (compatible; Bytespider; [email protected])"
47.128.48.163 - - [16/Jul/2025:04:19:30 +0000] "GET /wp-content/uploads/elementor/google-fonts/css/dmsans.css?ver=1750491154 HTTP/1.1" 200 687 "https://theoldhouse.cafe/" "Mozilla/5.0 (Linux; Android 5.0) AppleWebKit/537.36 (KHTML, like Gecko) Mobile Safari/537.36 (compatible; Bytespider; [email protected])"
47.128.48.163 - - [16/Jul/2025:04:19:30 +0000] "GET /wp-content/plugins/elementor/assets/lib/font-awesome/css/all.min.css?ver=1.7.1027 HTTP/1.1" 200 12869 "https://theoldhouse.cafe/" "Mozilla/5.0 (Linux; Android 5.0) AppleWebKit/537.36 (KHTML, like Gecko) Mobile Safari/537.36 (compatible; Bytespider; [email protected])"
47.128.48.163 - - [16/Jul/2025:04:19:31 +0000] "GET /wp-content/plugins/royal-elementor-addons/assets/css/frontend.min.css?ver=1.7.1027 HTTP/1.1" 200 46876 "https://theoldhouse.cafe/" "Mozilla/5.0 (Linux; Android 5.0) AppleWebKit/537.36 (KHTML, like Gecko) Mobile Safari/537.36 (compatible; Bytespider; [email protected])"
47.128.48.163 - - [16/Jul/2025:04:19:31 +0000] "GET /wp-content/plugins/royal-elementor-addons/assets/css/lib/animations/text-animations.min.css?ver=1.7.1027 HTTP/1.1" 200 1516 "https://theoldhouse.cafe/" "Mozilla/5.0 (Linux; Android 5.0) AppleWebKit/537.36 (KHTML, like Gecko) Mobile Safari/537.36 (compatible; Bytespider; [email protected])"
47.128.48.163 - - [16/Jul/2025:04:19:31 +0000] "GET /wp-content/plugins/elementor-pro/assets/css/widget-nav-menu.min.css?ver=3.26.0 HTTP/1.1" 200 3369 "https://theoldhouse.cafe/" "Mozilla/5.0 (Linux; Android 5.0) AppleWebKit/537.36 (KHTML, like Gecko) Mobile Safari/537.36 (compatible; Bytespider; [email protected])"
47.128.48.163 - - [16/Jul/2025:04:19:31 +0000] "GET /wp-content/plugins/elementor-pro/assets/css/widget-mega-menu.min.css?ver=3.26.2 HTTP/1.1" 200 2852 "https://theoldhouse.cafe/" "Mozilla/5.0 (Linux; Android 5.0) AppleWebKit/537.36 (KHTML, like Gecko) Mobile Safari/537.36 (compatible; Bytespider; [email protected])"
47.128.48.163 - - [16/Jul/2025:04:19:31 +0000] "GET /wp-content/plugins/elementor-pro/assets/css/widget-blockquote.min.css?ver=3.25.0 HTTP/1.1" 200 1113 "https://theoldhouse.cafe/" "Mozilla/5.0 (Linux; Android 5.0) AppleWebKit/537.36 (KHTML, like Gecko) Mobile Safari/537.36 (compatible; Bytespider; [email protected])"
47.128.48.163 - - [16/Jul/2025:04:19:31 +0000] "GET /wp-content/plugins/elementor/assets/lib/font-awesome/css/solid.css?ver=5.15.3 HTTP/1.1" 200 325 "https://theoldhouse.cafe/" "Mozilla/5.0 (Linux; Android 5.0) AppleWebKit/537.36 (KHTML, like Gecko) Mobile Safari/537.36 (compatible; Bytespider; [email protected])"
47.128.48.163 - - [16/Jul/2025:04:19:31 +0000] "GET /wp-content/plugins/elementor/assets/lib/font-awesome/css/fontawesome.css?ver=5.15.3 HTTP/1.1" 200 13124 "https://theoldhouse.cafe/" "Mozilla/5.0 (Linux; Android 5.0) AppleWebKit/537.36 (KHTML, like Gecko) Mobile Safari/537.36 (compatible; Bytespider; [email protected])"
47.128.48.163 - - [16/Jul/2025:04:19:31 +0000] "GET /wp-content/plugins/elementor/assets/lib/font-awesome/css/brands.css?ver=5.15.3 HTTP/1.1" 200 322 "https://theoldhouse.cafe/" "Mozilla/5.0 (Linux; Android 5.0) AppleWebKit/537.36 (KHTML, like Gecko) Mobile Safari/537.36 (compatible; Bytespider; [email protected])"
47.128.48.163 - - [16/Jul/2025:04:19:31 +0000] "GET /wp-content/plugins/elementor/assets/lib/eicons/css/elementor-icons.min.css?ver=5.34.0 HTTP/1.1" 200 4349 "https://theoldhouse.cafe/" "Mozilla/5.0 (Linux; Android 5.0) AppleWebKit/537.36 (KHTML, like Gecko) Mobile Safari/537.36 (compatible; Bytespider; [email protected])"
47.128.48.163 - - [16/Jul/2025:04:19:31 +0000] "GET /wp-content/plugins/elementor/assets/css/widget-social-icons.min.css?ver=3.24.0 HTTP/1.1" 200 1170 "https://theoldhouse.cafe/" "Mozilla/5.0 (Linux; Android 5.0) AppleWebKit/537.36 (KHTML, like Gecko) Mobile Safari/537.36 (compatible; Bytespider; [email protected])"
47.128.48.163 - - [16/Jul/2025:04:19:31 +0000] "GET /wp-content/plugins/elementor/assets/css/widget-icon-list.min.css?ver=3.24.3 HTTP/1.1" 200 1069 "https://theoldhouse.cafe/" "Mozilla/5.0 (Linux; Android 5.0) AppleWebKit/537.36 (KHTML, like Gecko) Mobile Safari/537.36 (compatible; Bytespider; [email protected])"
47.128.48.163 - - [16/Jul/2025:04:19:31 +0000] "GET /wp-content/plugins/metform/public/assets/css/text-editor.css?ver=4.0.2 HTTP/1.1" 200 3545 "https://theoldhouse.cafe/" "Mozilla/5.0 (Linux; Android 5.0) AppleWebKit/537.36 (KHTML, like Gecko) Mobile Safari/537.36 (compatible; Bytespider; [email protected])"
47.128.48.163 - - [16/Jul/2025:04:19:31 +0000] "GET /wp-content/uploads/elementor/css/post-147.css?ver=1750491152 HTTP/1.1" 200 1576 "https://theoldhouse.cafe/" "Mozilla/5.0 (Linux; Android 5.0) AppleWebKit/537.36 (KHTML, like Gecko) Mobile Safari/537.36 (compatible; Bytespider; [email protected])"
47.128.48.163 - - [16/Jul/2025:04:19:31 +0000] "GET /wp-content/uploads/elementor/css/post-137.css?ver=1750491152 HTTP/1.1" 200 1734 "https://theoldhouse.cafe/" "Mozilla/5.0 (Linux; Android 5.0) AppleWebKit/537.36 (KHTML, like Gecko) Mobile Safari/537.36 (compatible; Bytespider; [email protected])"
47.128.48.163 - - [16/Jul/2025:04:19:31 +0000] "GET /wp-content/uploads/elementor/css/custom-apple-webkit.min.css?ver=1750491151 HTTP/1.1" 200 557 "https://theoldhouse.cafe/" "Mozilla/5.0 (Linux; Android 5.0) AppleWebKit/537.36 (KHTML, like Gecko) Mobile Safari/537.36 (compatible; Bytespider; [email protected])"
47.128.48.163 - - [16/Jul/2025:04:19:31 +0000] "GET /wp-content/plugins/elementor/assets/css/widget-social-icons.min.css?ver=3.30.2 HTTP/1.1" 200 1170 "https://theoldhouse.cafe/" "Mozilla/5.0 (Linux; Android 5.0) AppleWebKit/537.36 (KHTML, like Gecko) Mobile Safari/537.36 (compatible; Bytespider; [email protected])"
47.128.48.163 - - [16/Jul/2025:04:19:31 +0000] "GET /wp-content/themes/hello-elementor/assets/css/header-footer.css?ver=3.4.4 HTTP/1.1" 200 1423 "https://theoldhouse.cafe/" "Mozilla/5.0 (Linux; Android 5.0) AppleWebKit/537.36 (KHTML, like Gecko) Mobile Safari/537.36 (compatible; Bytespider; [email protected])"
47.128.48.163 - - [16/Jul/2025:04:19:32 +0000] "GET /wp-content/themes/hello-elementor/assets/css/theme.css?ver=3.4.4 HTTP/1.1" 200 1271 "https://theoldhouse.cafe/" "Mozilla/5.0 (Linux; Android 5.0) AppleWebKit/537.36 (KHTML, like Gecko) Mobile Safari/537.36 (compatible; Bytespider; [email protected])"
47.128.48.163 - - [16/Jul/2025:04:19:32 +0000] "GET /wp-content/themes/hello-elementor/assets/css/reset.css?ver=3.4.4 HTTP/1.1" 200 1792 "https://theoldhouse.cafe/" "Mozilla/5.0 (Linux; Android 5.0) AppleWebKit/537.36 (KHTML, like Gecko) Mobile Safari/537.36 (compatible; Bytespider; [email protected])"
47.128.48.163 - - [16/Jul/2025:04:19:32 +0000] "GET /wp-content/plugins/metform/public/assets/lib/cute-alert/style.css?ver=4.0.2 HTTP/1.1" 200 1225 "https://theoldhouse.cafe/" "Mozilla/5.0 (Linux; Android 5.0) AppleWebKit/537.36 (KHTML, like Gecko) Mobile Safari/537.36 (compatible; Bytespider; [email protected])"
47.128.48.163 - - [16/Jul/2025:04:19:32 +0000] "GET /wp-content/plugins/qi-addons-for-elementor/assets/css/helper-parts.min.css?ver=1.9.2 HTTP/1.1" 200 3186 "https://theoldhouse.cafe/" "Mozilla/5.0 (Linux; Android 5.0) AppleWebKit/537.36 (KHTML, like Gecko) Mobile Safari/537.36 (compatible; Bytespider; [email protected])"
47.128.48.163 - - [16/Jul/2025:04:19:32 +0000] "GET /wp-content/uploads/2024/09/cap-1.png HTTP/1.1" 206 500 "https://theoldhouse.cafe/" "Mozilla/5.0 (Linux; Android 5.0) AppleWebKit/537.36 (KHTML, like Gecko) Mobile Safari/537.36 (compatible; Bytespider; [email protected])"
47.128.48.163 - - [16/Jul/2025:04:19:32 +0000] "GET /wp-content/plugins/elementor/assets/lib/font-awesome/css/v4-shims.min.css?ver=3.30.2 HTTP/1.1" 200 4229 "https://theoldhouse.cafe/" "Mozilla/5.0 (Linux; Android 5.0) AppleWebKit/537.36 (KHTML, like Gecko) Mobile Safari/537.36 (compatible; Bytespider; [email protected])"
47.128.48.163 - - [16/Jul/2025:04:19:32 +0000] "GET /wp-content/plugins/elementor/assets/mask-shapes/circle.svg HTTP/1.1" 206 100 "https://theoldhouse.cafe/wp-content/uploads/elementor/css/post-133.css?ver=1750491152" "Mozilla/5.0 (Linux; Android 5.0) AppleWebKit/537.36 (KHTML, like Gecko) Mobile Safari/537.36 (compatible; Bytespider; [email protected])"
47.128.48.163 - - [16/Jul/2025:04:19:32 +0000] "GET /wp-content/uploads/2024/09/The-Old-House-Cafe_logo3-300x83.png HTTP/1.1" 206 500 "https://theoldhouse.cafe/" "Mozilla/5.0 (Linux; Android 5.0) AppleWebKit/537.36 (KHTML, like Gecko) Mobile Safari/537.36 (compatible; Bytespider; [email protected])"
47.128.48.163 - - [16/Jul/2025:04:19:32 +0000] "GET /wp-content/uploads/2024/09/Untitled-desisdfgn.png HTTP/1.1" 206 500 "https://theoldhouse.cafe/" "Mozilla/5.0 (Linux; Android 5.0) AppleWebKit/537.36 (KHTML, like Gecko) Mobile Safari/537.36 (compatible; Bytespider; [email protected])"
47.128.48.163 - - [16/Jul/2025:04:19:32 +0000] "GET /wp-content/uploads/2024/09/Untitled-777design.png HTTP/1.1" 206 500 "https://theoldhouse.cafe/" "Mozilla/5.0 (Linux; Android 5.0) AppleWebKit/537.36 (KHTML, like Gecko) Mobile Safari/537.36 (compatible; Bytespider; [email protected])"
47.128.48.163 - - [16/Jul/2025:04:19:32 +0000] "GET /wp-content/uploads/2024/09/late.png HTTP/1.1" 206 500 "https://theoldhouse.cafe/" "Mozilla/5.0 (Linux; Android 5.0) AppleWebKit/537.36 (KHTML, like Gecko) Mobile Safari/537.36 (compatible; Bytespider; [email protected])"
47.128.48.163 - - [16/Jul/2025:04:19:32 +0000] "GET /wp-content/uploads/2024/09/chocdesign.png HTTP/1.1" 206 500 "https://theoldhouse.cafe/" "Mozilla/5.0 (Linux; Android 5.0) AppleWebKit/537.36 (KHTML, like Gecko) Mobile Safari/537.36 (compatible; Bytespider; [email protected])"
47.128.48.163 - - [16/Jul/2025:04:19:33 +0000] "GET /wp-content/uploads/2024/09/The-Old-House-Cafe234-300x43.png HTTP/1.1" 206 500 "https://theoldhouse.cafe/" "Mozilla/5.0 (Linux; Android 5.0) AppleWebKit/537.36 (KHTML, like Gecko) Mobile Safari/537.36 (compatible; Bytespider; [email protected])"
47.128.48.163 - - [16/Jul/2025:04:19:32 +0000] "GET /wp-content/uploads/2024/09/elementor/thumbs/sdfUntitled-design-qubggs0ku84x04ez1qwjqvw6lpzemdtr5g41uhyk68.png HTTP/1.1" 404 79275 "https://theoldhouse.cafe/" "Mozilla/5.0 (Linux; Android 5.0) AppleWebKit/537.36 (KHTML, like Gecko) Mobile Safari/537.36 (compatible; Bytespider; [email protected])"
47.128.48.163 - - [16/Jul/2025:04:19:33 +0000] "GET /wp-content/uploads/elementor/thumbs/reshot-icon-chef-5TX8WZBCS2-01-qtsjuocmmxgo19sfsi29872ovxbr1sattm302m2zuo.png HTTP/1.1" 206 500 "https://theoldhouse.cafe/" "Mozilla/5.0 (Linux; Android 5.0) AppleWebKit/537.36 (KHTML, like Gecko) Mobile Safari/537.36 (compatible; Bytespider; [email protected])"
47.128.48.163 - - [16/Jul/2025:04:19:33 +0000] "GET /wp-content/uploads/2024/09/IMG_4315-768x960.jpg HTTP/1.1" 206 500 "https://theoldhouse.cafe/" "Mozilla/5.0 (Linux; Android 5.0) AppleWebKit/537.36 (KHTML, like Gecko) Mobile Safari/537.36 (compatible; Bytespider; [email protected])"
47.128.48.163 - - [16/Jul/2025:04:19:33 +0000] "GET /wp-content/uploads/2024/09/Untitled-delksign-768x1024.jpg HTTP/1.1" 206 500 "https://theoldhouse.cafe/" "Mozilla/5.0 (Linux; Android 5.0) AppleWebKit/537.36 (KHTML, like Gecko) Mobile Safari/537.36 (compatible; Bytespider; [email protected])"
47.128.48.163 - - [16/Jul/2025:04:19:33 +0000] "GET /wp-content/uploads/2024/09/WhatsApp-Image-2024-09-19-at-14.53.30_417c2be3-768x834.jpg HTTP/1.1" 206 500 "https://theoldhouse.cafe/" "Mozilla/5.0 (Linux; Android 5.0) AppleWebKit/537.36 (KHTML, like Gecko) Mobile Safari/537.36 (compatible; Bytespider; [email protected])"
47.128.48.163 - - [16/Jul/2025:04:19:33 +0000] "GET /wp-content/uploads/elementor/thumbs/Copy-of-Untitleeed-Design-qv59i5pr6r9lqkrlrom4oqkw129ci7czrjhmcgu2ts.jpg HTTP/1.1" 206 500 "https://theoldhouse.cafe/" "Mozilla/5.0 (Linux; Android 5.0) AppleWebKit/537.36 (KHTML, like Gecko) Mobile Safari/537.36 (compatible; Bytespider; [email protected])"
209.74.77.214 - - [16/Jul/2025:04:21:00 +0000] "POST /wp-cron.php?doing_wp_cron=1752639660.8142919540405273437500 HTTP/1.1" 200 - "-" "WordPress/6.8.1; https://theoldhouse.cafe"
217.64.127.195 - - [16/Jul/2025:04:20:59 +0000] "POST /xmlrpc.php HTTP/1.1" 200 206 "-" "Go-http-client/1.1"
66.249.74.12 - - [16/Jul/2025:04:28:14 +0000] "GET /info/skim72142670/ HTTP/1.1" 200 40059 "-" "Mozilla/5.0 (Linux; Android 6.0.1; Nexus 5X Build/MMB29P) AppleWebKit/537.36 (KHTML, like Gecko) Chrome/137.0.7151.103 Mobile Safari/537.36 (compatible; Googlebot/2.1; +http://www.google.com/bot.html)"
209.74.77.214 - - [16/Jul/2025:04:36:00 +0000] "POST /wp-cron.php?doing_wp_cron=1752640560.4290940761566162109375 HTTP/1.1" 200 - "-" "WordPress/6.8.1; https://theoldhouse.cafe"
134.19.179.147 - - [16/Jul/2025:04:35:59 +0000] "POST /xmlrpc.php HTTP/1.1" 200 206 "-" "Go-http-client/1.1"
45.227.253.15 - - [16/Jul/2025:04:39:36 +0000] "GET /index.php/jk HTTP/1.1" 200 59 "-" "Mozilla/5.0 (Windows NT 10.0; Win64; x64; rv:82.0) Gecko/20100101 Firefox/82.0"
209.74.77.214 - - [16/Jul/2025:04:51:48 +0000] "POST /wp-cron.php?doing_wp_cron=1752641508.5220758914947509765625 HTTP/1.1" 200 - "-" "WordPress/6.8.1; https://theoldhouse.cafe"
213.152.186.163 - - [16/Jul/2025:04:51:47 +0000] "POST /xmlrpc.php HTTP/1.1" 200 206 "-" "Go-http-client/1.1"
209.74.77.214 - - [16/Jul/2025:04:54:49 +0000] "POST /wp-cron.php?doing_wp_cron=1752641689.4217679500579833984375 HTTP/1.1" 200 - "-" "WordPress/6.8.1; https://theoldhouse.cafe"
152.53.13.82 - - [16/Jul/2025:04:54:48 +0000] "GET / HTTP/1.1" 200 22696 "-" "Mozilla/5.0 (Windows NT 10.0; Win64; x64) AppleWebKit/537.36 (KHTML, like Gecko) Chrome/114.0.0.0 Safari/537.36"
152.53.13.82 - - [16/Jul/2025:04:54:50 +0000] "GET /wp-includes/js/jquery/jquery.min.js?ver=3.7.1 HTTP/1.1" 200 30368 "https://theoldhouse.cafe/" "Mozilla/5.0 (Windows NT 10.0; Win64; x64) AppleWebKit/537.36 (KHTML, like Gecko) Chrome/114.0.0.0 Safari/537.36"
152.53.13.82 - - [16/Jul/2025:04:54:50 +0000] "GET /wp-includes/js/jquery/jquery-migrate.min.js?ver=3.4.1 HTTP/1.1" 200 4872 "https://theoldhouse.cafe/" "Mozilla/5.0 (Windows NT 10.0; Win64; x64) AppleWebKit/537.36 (KHTML, like Gecko) Chrome/114.0.0.0 Safari/537.36"
152.53.13.82 - - [16/Jul/2025:04:54:50 +0000] "GET /wp-content/plugins/leadconnector/public/js/lc-public.js?ver=3.0.10.1 HTTP/1.1" 200 1322 "https://theoldhouse.cafe/" "Mozilla/5.0 (Windows NT 10.0; Win64; x64) AppleWebKit/537.36 (KHTML, like Gecko) Chrome/114.0.0.0 Safari/537.36"
152.53.13.82 - - [16/Jul/2025:04:54:50 +0000] "GET /wp-content/plugins/elementor/assets/js/webpack.runtime.min.js?ver=3.30.2 HTTP/1.1" 200 2516 "https://theoldhouse.cafe/" "Mozilla/5.0 (Windows NT 10.0; Win64; x64) AppleWebKit/537.36 (KHTML, like Gecko) Chrome/114.0.0.0 Safari/537.36"
152.53.13.82 - - [16/Jul/2025:04:54:50 +0000] "GET /wp-content/plugins/elementor/assets/js/frontend-modules.min.js?ver=3.30.2 HTTP/1.1" 200 14815 "https://theoldhouse.cafe/" "Mozilla/5.0 (Windows NT 10.0; Win64; x64) AppleWebKit/537.36 (KHTML, like Gecko) Chrome/114.0.0.0 Safari/537.36"
152.53.13.82 - - [16/Jul/2025:04:54:52 +0000] "GET /wp-includes/js/jquery/ui/core.min.js?ver=1.13.3 HTTP/1.1" 200 7106 "https://theoldhouse.cafe/" "Mozilla/5.0 (Windows NT 10.0; Win64; x64) AppleWebKit/537.36 (KHTML, like Gecko) Chrome/114.0.0.0 Safari/537.36"
152.53.13.82 - - [16/Jul/2025:04:54:52 +0000] "GET /wp-content/plugins/elementor/assets/js/frontend.min.js?ver=3.30.2 HTTP/1.1" 200 10595 "https://theoldhouse.cafe/" "Mozilla/5.0 (Windows NT 10.0; Win64; x64) AppleWebKit/537.36 (KHTML, like Gecko) Chrome/114.0.0.0 Safari/537.36"
152.53.13.82 - - [16/Jul/2025:04:54:52 +0000] "GET /wp-content/plugins/qi-addons-for-elementor/assets/plugins/swiper/8.4.5/swiper.min.js?ver=8.4.5 HTTP/1.1" 200 39662 "https://theoldhouse.cafe/" "Mozilla/5.0 (Windows NT 10.0; Win64; x64) AppleWebKit/537.36 (KHTML, like Gecko) Chrome/114.0.0.0 Safari/537.36"
152.53.13.82 - - [16/Jul/2025:04:54:52 +0000] "GET /wp-content/plugins/qi-addons-for-elementor/assets/js/main.min.js?ver=1.9.2 HTTP/1.1" 200 13529 "https://theoldhouse.cafe/" "Mozilla/5.0 (Windows NT 10.0; Win64; x64) AppleWebKit/537.36 (KHTML, like Gecko) Chrome/114.0.0.0 Safari/537.36"
152.53.13.82 - - [16/Jul/2025:04:54:52 +0000] "GET /wp-content/plugins/royal-elementor-addons/assets/js/lib/jarallax/jarallax.min.js?ver=1.12.7 HTTP/1.1" 200 5215 "https://theoldhouse.cafe/" "Mozilla/5.0 (Windows NT 10.0; Win64; x64) AppleWebKit/537.36 (KHTML, like Gecko) Chrome/114.0.0.0 Safari/537.36"
152.53.13.82 - - [16/Jul/2025:04:54:52 +0000] "GET /wp-content/plugins/royal-elementor-addons/assets/js/lib/particles/particles.js?ver=3.0.6 HTTP/1.1" 200 9031 "https://theoldhouse.cafe/" "Mozilla/5.0 (Windows NT 10.0; Win64; x64) AppleWebKit/537.36 (KHTML, like Gecko) Chrome/114.0.0.0 Safari/537.36"
152.53.13.82 - - [16/Jul/2025:04:54:52 +0000] "GET /wp-content/plugins/royal-elementor-addons/assets/js/lib/parallax/parallax.min.js?ver=1.0 HTTP/1.1" 200 5226 "https://theoldhouse.cafe/" "Mozilla/5.0 (Windows NT 10.0; Win64; x64) AppleWebKit/537.36 (KHTML, like Gecko) Chrome/114.0.0.0 Safari/537.36"
152.53.13.82 - - [16/Jul/2025:04:54:52 +0000] "GET /wp-content/plugins/metform/public/assets/lib/cute-alert/cute-alert.js?ver=4.0.2 HTTP/1.1" 200 1177 "https://theoldhouse.cafe/" "Mozilla/5.0 (Windows NT 10.0; Win64; x64) AppleWebKit/537.36 (KHTML, like Gecko) Chrome/114.0.0.0 Safari/537.36"
152.53.13.82 - - [16/Jul/2025:04:54:52 +0000] "GET /wp-content/themes/hello-elementor/assets/js/hello-frontend.js?ver=3.4.4 HTTP/1.1" 200 553 "https://theoldhouse.cafe/" "Mozilla/5.0 (Windows NT 10.0; Win64; x64) AppleWebKit/537.36 (KHTML, like Gecko) Chrome/114.0.0.0 Safari/537.36"
152.53.13.82 - - [16/Jul/2025:04:54:52 +0000] "GET /wp-content/plugins/header-footer-elementor/inc/js/frontend.js?ver=2.4.4 HTTP/1.1" 200 4163 "https://theoldhouse.cafe/" "Mozilla/5.0 (Windows NT 10.0; Win64; x64) AppleWebKit/537.36 (KHTML, like Gecko) Chrome/114.0.0.0 Safari/537.36"
152.53.13.82 - - [16/Jul/2025:04:54:52 +0000] "GET /wp-content/plugins/elementor/assets/lib/font-awesome/js/v4-shims.min.js?ver=3.30.2 HTTP/1.1" 200 4209 "https://theoldhouse.cafe/" "Mozilla/5.0 (Windows NT 10.0; Win64; x64) AppleWebKit/537.36 (KHTML, like Gecko) Chrome/114.0.0.0 Safari/537.36"
152.53.13.82 - - [16/Jul/2025:04:54:52 +0000] "GET /wp-includes/js/dist/i18n.min.js?ver=5e580eb46a90c2b997e6 HTTP/1.1" 200 3667 "https://theoldhouse.cafe/" "Mozilla/5.0 (Windows NT 10.0; Win64; x64) AppleWebKit/537.36 (KHTML, like Gecko) Chrome/114.0.0.0 Safari/537.36"
152.53.13.82 - - [16/Jul/2025:04:54:52 +0000] "GET /wp-includes/js/dist/hooks.min.js?ver=4d63a3d491d11ffd8ac6 HTTP/1.1" 200 1648 "https://theoldhouse.cafe/" "Mozilla/5.0 (Windows NT 10.0; Win64; x64) AppleWebKit/537.36 (KHTML, like Gecko) Chrome/114.0.0.0 Safari/537.36"
152.53.13.82 - - [16/Jul/2025:04:54:52 +0000] "GET /wp-content/plugins/qi-addons-for-elementor/inc/plugins/elementor/assets/js/elementor.js?ver=6.8.1 HTTP/1.1" 200 1524 "https://theoldhouse.cafe/" "Mozilla/5.0 (Windows NT 10.0; Win64; x64) AppleWebKit/537.36 (KHTML, like Gecko) Chrome/114.0.0.0 Safari/537.36"
152.53.13.82 - - [16/Jul/2025:04:54:52 +0000] "GET /wp-content/plugins/elementor-pro/assets/js/webpack-pro.runtime.min.js?ver=3.27.4 HTTP/1.1" 200 2860 "https://theoldhouse.cafe/" "Mozilla/5.0 (Windows NT 10.0; Win64; x64) AppleWebKit/537.36 (KHTML, like Gecko) Chrome/114.0.0.0 Safari/537.36"
152.53.13.82 - - [16/Jul/2025:04:54:52 +0000] "GET /wp-content/plugins/elementor-pro/assets/js/frontend.min.js?ver=3.27.4 HTTP/1.1" 200 6510 "https://theoldhouse.cafe/" "Mozilla/5.0 (Windows NT 10.0; Win64; x64) AppleWebKit/537.36 (KHTML, like Gecko) Chrome/114.0.0.0 Safari/537.36"
152.53.13.82 - - [16/Jul/2025:04:54:52 +0000] "GET /wp-content/plugins/elementor-pro/assets/js/elements-handlers.min.js?ver=3.27.4 HTTP/1.1" 200 10701 "https://theoldhouse.cafe/" "Mozilla/5.0 (Windows NT 10.0; Win64; x64) AppleWebKit/537.36 (KHTML, like Gecko) Chrome/114.0.0.0 Safari/537.36"
152.53.13.82 - - [16/Jul/2025:04:54:52 +0000] "GET /wp-content/plugins/royal-elementor-addons/assets/js/frontend.min.js?ver=1.7.1027 HTTP/1.1" 200 45440 "https://theoldhouse.cafe/" "Mozilla/5.0 (Windows NT 10.0; Win64; x64) AppleWebKit/537.36 (KHTML, like Gecko) Chrome/114.0.0.0 Safari/537.36"
152.53.13.82 - - [16/Jul/2025:04:54:53 +0000] "GET /wp-content/plugins/royal-elementor-addons/assets/js/modal-popups.min.js?ver=1.7.1027 HTTP/1.1" 200 2801 "https://theoldhouse.cafe/" "Mozilla/5.0 (Windows NT 10.0; Win64; x64) AppleWebKit/537.36 (KHTML, like Gecko) Chrome/114.0.0.0 Safari/537.36"
152.53.13.82 - - [16/Jul/2025:04:54:54 +0000] "GET /wp-includes/js/wp-emoji-release.min.js?ver=6.8.1 HTTP/1.1" 200 5166 "https://theoldhouse.cafe/" "Mozilla/5.0 (Windows NT 10.0; Win64; x64) AppleWebKit/537.36 (KHTML, like Gecko) Chrome/114.0.0.0 Safari/537.36"
152.53.13.82 - - [16/Jul/2025:04:54:54 +0000] "GET /wp-content/plugins/elementor/assets/js/lightbox.64a93c50cbfc18fcc89b.bundle.min.js HTTP/1.1" 200 9547 "https://theoldhouse.cafe/" "Mozilla/5.0 (Windows NT 10.0; Win64; x64) AppleWebKit/537.36 (KHTML, like Gecko) Chrome/114.0.0.0 Safari/537.36"
152.53.13.82 - - [16/Jul/2025:04:54:54 +0000] "GET /wp-content/plugins/elementor/assets/lib/dialog/dialog.min.js?ver=4.9.3 HTTP/1.1" 200 3782 "https://theoldhouse.cafe/" "Mozilla/5.0 (Windows NT 10.0; Win64; x64) AppleWebKit/537.36 (KHTML, like Gecko) Chrome/114.0.0.0 Safari/537.36"
152.53.13.82 - - [16/Jul/2025:04:54:54 +0000] "GET /wp-content/plugins/elementor/assets/lib/share-link/share-link.min.js?ver=3.30.2 HTTP/1.1" 200 1169 "https://theoldhouse.cafe/" "Mozilla/5.0 (Windows NT 10.0; Win64; x64) AppleWebKit/537.36 (KHTML, like Gecko) Chrome/114.0.0.0 Safari/537.36"
152.53.13.82 - - [16/Jul/2025:04:54:54 +0000] "GET /wp-content/plugins/elementor/assets/js/section-frontend-handlers.d85ab872da118940910d.bundle.min.js HTTP/1.1" 200 297 "https://theoldhouse.cafe/" "Mozilla/5.0 (Windows NT 10.0; Win64; x64) AppleWebKit/537.36 (KHTML, like Gecko) Chrome/114.0.0.0 Safari/537.36"
152.53.13.82 - - [16/Jul/2025:04:54:54 +0000] "GET /wp-content/plugins/elementor/assets/js/shared-frontend-handlers.30dc2f9c080845a413a6.bundle.min.js HTTP/1.1" 200 2682 "https://theoldhouse.cafe/" "Mozilla/5.0 (Windows NT 10.0; Win64; x64) AppleWebKit/537.36 (KHTML, like Gecko) Chrome/114.0.0.0 Safari/537.36"
152.53.13.82 - - [16/Jul/2025:04:54:54 +0000] "GET /wp-content/plugins/elementor/assets/js/text-editor.c084ef86600b6f11690d.bundle.min.js HTTP/1.1" 200 685 "https://theoldhouse.cafe/" "Mozilla/5.0 (Windows NT 10.0; Win64; x64) AppleWebKit/537.36 (KHTML, like Gecko) Chrome/114.0.0.0 Safari/537.36"
209.74.77.214 - - [16/Jul/2025:05:02:25 +0000] "POST /wp-cron.php?doing_wp_cron=1752642145.0764551162719726562500 HTTP/1.1" 200 - "-" "WordPress/6.8.1; https://theoldhouse.cafe"
20.171.207.200 - - [16/Jul/2025:05:02:23 +0000] "GET /info/canad22768777/ HTTP/1.1" 404 16222 "-" "Mozilla/5.0 AppleWebKit/537.36 (KHTML, like Gecko; compatible; GPTBot/1.2; +https://openai.com/gptbot)"
209.74.77.214 - - [16/Jul/2025:05:13:26 +0000] "POST /wp-cron.php?doing_wp_cron=1752642806.5550010204315185546875 HTTP/1.1" 200 - "-" "WordPress/6.8.1; https://theoldhouse.cafe"
134.17.14.12 - - [16/Jul/2025:05:13:24 +0000] "GET /userfuns.php HTTP/1.1" 404 16222 "-" "Mozilla/4.0 (compatible; MSIE 6.0; Windows NT 5.1; SV1)"
209.74.77.214 - - [16/Jul/2025:05:36:28 +0000] "POST /wp-cron.php?doing_wp_cron=1752644188.6589519977569580078125 HTTP/1.1" 200 - "-" "WordPress/6.8.1; https://theoldhouse.cafe"
209.74.77.214 - - [16/Jul/2025:05:36:28 +0000] "POST /wp-cron.php?doing_wp_cron=1752644188.6589579582214355468750 HTTP/1.1" 200 - "-" "WordPress/6.8.1; https://theoldhouse.cafe"
47.243.239.28 - - [16/Jul/2025:05:36:27 +0000] "POST /xmlrpc.php HTTP/1.1" 200 403 "-" "Mozilla/5.0 (Windows NT 10.0; Win64; x64) AppleWebKit/537.36 (KHTML, like Gecko) Chrome/68.0.3440.106 Safari/537.36"
66.94.119.136 - - [16/Jul/2025:05:36:27 +0000] "POST /xmlrpc.php HTTP/1.1" 200 403 "-" "Mozilla/5.0 (Windows NT 10.0; Win64; x64; rv:85.0) Gecko/20100101 Firefox/85.0"
209.126.6.21 - - [16/Jul/2025:05:36:35 +0000] "POST /xmlrpc.php HTTP/1.1" 200 403 "-" "Mozilla/5.0 (Windows NT 10.0; Win64; x64) AppleWebKit/537.36 (KHTML, like Gecko) Chrome/84.0.4147.135 Safari/537.36"
92.255.175.106 - - [16/Jul/2025:05:36:36 +0000] "POST /xmlrpc.php HTTP/1.1" 200 403 "-" "Mozilla/5.0 (Windows NT 10.0; Win64; x64) AppleWebKit/537.36 (KHTML, like Gecko) Chrome/79.0.3945.130 Safari/537.36"
88.198.122.23 - - [16/Jul/2025:05:36:38 +0000] "POST /xmlrpc.php HTTP/1.1" 200 403 "-" "Mozilla/5.0 (iPad; CPU OS 14_6 like Mac OS X) AppleWebKit/605.1.15 (KHTML, like Gecko) CriOS/91.0.4472.80 Mobile/15E148 Safari/604.1"
209.74.77.214 - - [16/Jul/2025:05:36:45 +0000] "POST /wp-cron.php?doing_wp_cron=1752644205.3783340454101562500000 HTTP/1.1" 200 - "-" "WordPress/6.8.1; https://theoldhouse.cafe"
121.40.46.168 - - [16/Jul/2025:05:36:45 +0000] "POST /xmlrpc.php HTTP/1.1" 200 403 "-" "Mozilla/5.0 (Linux; Android 10; SM-N960U) AppleWebKit/537.36 (KHTML, like Gecko) Chrome/91.0.4472.114 Mobile Safari/537.36"
92.255.175.106 - - [16/Jul/2025:05:36:46 +0000] "POST /xmlrpc.php HTTP/1.1" 200 403 "-" "Mozilla/5.0 (Windows NT 6.1; Win64; x64; rv:58.0) Gecko/20100101 Firefox/58.0"
220.158.232.245 - - [16/Jul/2025:05:36:50 +0000] "POST /xmlrpc.php HTTP/1.1" 200 403 "-" "Mozilla/5.0 (Windows NT 10.0; Win64; x64) AppleWebKit/537.36 (KHTML, like Gecko) Chrome/90.0.4430.93 Safari/537.36"
109.199.114.14 - - [16/Jul/2025:05:36:59 +0000] "POST /xmlrpc.php HTTP/1.1" 200 403 "-" "Mozilla/5.0 (Windows NT 6.3; Win64; x64) AppleWebKit/537.36 (KHTML, like Gecko) Chrome/60.0.3112.113 Safari/537.36"
209.74.77.214 - - [16/Jul/2025:05:48:43 +0000] "POST /wp-cron.php?doing_wp_cron=1752644923.6582810878753662109375 HTTP/1.1" 200 - "-" "WordPress/6.8.1; https://theoldhouse.cafe"
209.74.77.214 - - [16/Jul/2025:05:48:52 +0000] "HEAD / HTTP/1.1" 200 - "-" "-"
209.74.77.214 - - [16/Jul/2025:05:48:55 +0000] "POST /wp-admin/upgrade.php?step=upgrade_db HTTP/1.1" 404 16276 "-" "WordPress/6.8.1; https://theoldhouse.cafe"
209.74.77.214 - - [16/Jul/2025:05:48:58 +0000] "HEAD / HTTP/1.1" 200 - "-" "-"
209.74.77.214 - - [16/Jul/2025:05:50:40 +0000] "POST /wp-cron.php?doing_wp_cron=1752645040.6161599159240722656250 HTTP/1.1" 200 - "-" "WordPress/6.8.2; https://theoldhouse.cafe"
106.119.167.146 - - [16/Jul/2025:06:00:33 +0000] "GET / HTTP/1.1" 200 22747 "http://theoldhouse.cafe" "Mozilla/5.0 (iPhone; CPU iPhone OS 13_2_3 like Mac OS X) AppleWebKit/605.1.15 (KHTML, like Gecko) Version/13.0.3 Mobile/15E148 Safari/604.1"
69.171.231.9 - - [16/Jul/2025:06:03:36 +0000] "GET /robots.txt HTTP/1.1" 206 315 "-" "facebookexternalhit/1.1 (+http://www.facebook.com/externalhit_uatext.php)"
209.74.77.214 - - [16/Jul/2025:06:06:54 +0000] "POST /wp-cron.php?doing_wp_cron=1752646014.5311880111694335937500 HTTP/1.1" 200 - "-" "WordPress/6.8.2; https://theoldhouse.cafe"
204.8.98.35 - - [16/Jul/2025:06:06:52 +0000] "POST /xmlrpc.php HTTP/1.1" 200 206 "-" "Go-http-client/1.1"
216.73.216.186 - - [16/Jul/2025:06:08:59 +0000] "GET /robots.txt HTTP/1.1" 200 119 "-" "Mozilla/5.0 AppleWebKit/537.36 (KHTML, like Gecko; compatible; ClaudeBot/1.0; [email protected])"
209.74.77.214 - - [16/Jul/2025:06:09:00 +0000] "POST /wp-cron.php?doing_wp_cron=1752646140.9343988895416259765625 HTTP/1.1" 200 - "-" "WordPress/6.8.2; https://theoldhouse.cafe"
216.73.216.186 - - [16/Jul/2025:06:08:59 +0000] "GET /info/glue42855259 HTTP/1.1" 404 16276 "-" "Mozilla/5.0 AppleWebKit/537.36 (KHTML, like Gecko; compatible; ClaudeBot/1.0; [email protected])"
216.73.216.186 - - [16/Jul/2025:06:09:02 +0000] "GET /info/apply32762394 HTTP/1.1" 404 16276 "-" "Mozilla/5.0 AppleWebKit/537.36 (KHTML, like Gecko; compatible; ClaudeBot/1.0; [email protected])"
209.74.77.214 - - [16/Jul/2025:06:14:04 +0000] "POST /wp-cron.php?doing_wp_cron=1752646444.7900819778442382812500 HTTP/1.1" 200 - "-" "WordPress/6.8.2; https://theoldhouse.cafe"
216.73.216.186 - - [16/Jul/2025:06:14:03 +0000] "GET /info/print40980051 HTTP/1.1" 404 16276 "-" "Mozilla/5.0 AppleWebKit/537.36 (KHTML, like Gecko; compatible; ClaudeBot/1.0; [email protected])"
66.249.74.12 - - [16/Jul/2025:06:19:13 +0000] "GET /robots.txt HTTP/1.1" 200 119 "-" "Mozilla/5.0 (compatible; Googlebot/2.1; +http://www.google.com/bot.html)"
209.74.77.214 - - [16/Jul/2025:06:19:15 +0000] "POST /wp-cron.php?doing_wp_cron=1752646755.4538218975067138671875 HTTP/1.1" 200 - "-" "WordPress/6.8.2; https://theoldhouse.cafe"
66.249.74.12 - - [16/Jul/2025:06:19:13 +0000] "GET /menu/ HTTP/1.1" 200 24253 "-" "Mozilla/5.0 (Linux; Android 6.0.1; Nexus 5X Build/MMB29P) AppleWebKit/537.36 (KHTML, like Gecko) Chrome/137.0.7151.103 Mobile Safari/537.36 (compatible; Googlebot/2.1; +http://www.google.com/bot.html)"
66.249.74.12 - - [16/Jul/2025:06:19:18 +0000] "GET /wp-content/plugins/metform/public/assets/css/text-editor.css?ver=4.0.2 HTTP/1.1" 200 3545 "https://theoldhouse.cafe/menu/" "Mozilla/5.0 (Linux; Android 6.0.1; Nexus 5X Build/MMB29P) AppleWebKit/537.36 (KHTML, like Gecko) Chrome/137.0.7151.119 Mobile Safari/537.36 (compatible; Googlebot/2.1; +http://www.google.com/bot.html)"
66.249.74.11 - - [16/Jul/2025:06:19:18 +0000] "GET /wp-content/plugins/elementor/assets/lib/animations/styles/e-animation-grow.min.css?ver=3.30.2 HTTP/1.1" 200 118 "https://theoldhouse.cafe/menu/" "Mozilla/5.0 (Linux; Android 6.0.1; Nexus 5X Build/MMB29P) AppleWebKit/537.36 (KHTML, like Gecko) Chrome/137.0.7151.119 Mobile Safari/537.36 (compatible; Googlebot/2.1; +http://www.google.com/bot.html)"
66.249.74.11 - - [16/Jul/2025:06:19:18 +0000] "GET /wp-content/plugins/metform/public/assets/lib/cute-alert/style.css?ver=4.0.2 HTTP/1.1" 200 1225 "https://theoldhouse.cafe/menu/" "Mozilla/5.0 (Linux; Android 6.0.1; Nexus 5X Build/MMB29P) AppleWebKit/537.36 (KHTML, like Gecko) Chrome/137.0.7151.119 Mobile Safari/537.36 (compatible; Googlebot/2.1; +http://www.google.com/bot.html)"
66.249.74.11 - - [16/Jul/2025:06:19:18 +0000] "GET /wp-content/uploads/elementor/css/post-16.css?ver=1750491151 HTTP/1.1" 200 1869 "https://theoldhouse.cafe/menu/" "Mozilla/5.0 (Linux; Android 6.0.1; Nexus 5X Build/MMB29P) AppleWebKit/537.36 (KHTML, like Gecko) Chrome/137.0.7151.119 Mobile Safari/537.36 (compatible; Googlebot/2.1; +http://www.google.com/bot.html)"
66.249.74.12 - - [16/Jul/2025:06:19:18 +0000] "GET /wp-content/plugins/elementor/assets/lib/font-awesome/css/brands.css?ver=5.15.3 HTTP/1.1" 200 322 "https://theoldhouse.cafe/menu/" "Mozilla/5.0 (Linux; Android 6.0.1; Nexus 5X Build/MMB29P) AppleWebKit/537.36 (KHTML, like Gecko) Chrome/137.0.7151.119 Mobile Safari/537.36 (compatible; Googlebot/2.1; +http://www.google.com/bot.html)"
66.249.74.11 - - [16/Jul/2025:06:19:18 +0000] "GET /wp-includes/css/dashicons.min.css?ver=6.8.2 HTTP/1.1" 200 35730 "https://theoldhouse.cafe/menu/" "Mozilla/5.0 (Linux; Android 6.0.1; Nexus 5X Build/MMB29P) AppleWebKit/537.36 (KHTML, like Gecko) Chrome/137.0.7151.119 Mobile Safari/537.36 (compatible; Googlebot/2.1; +http://www.google.com/bot.html)"
66.249.74.12 - - [16/Jul/2025:06:19:18 +0000] "GET /wp-content/plugins/qi-addons-for-elementor/assets/css/grid.min.css?ver=1.9.2 HTTP/1.1" 200 1945 "https://theoldhouse.cafe/menu/" "Mozilla/5.0 (Linux; Android 6.0.1; Nexus 5X Build/MMB29P) AppleWebKit/537.36 (KHTML, like Gecko) Chrome/137.0.7151.119 Mobile Safari/537.36 (compatible; Googlebot/2.1; +http://www.google.com/bot.html)"
66.249.74.12 - - [16/Jul/2025:06:19:18 +0000] "GET /wp-content/uploads/elementor/css/post-191.css?ver=1750508288 HTTP/1.1" 200 7155 "https://theoldhouse.cafe/menu/" "Mozilla/5.0 (Linux; Android 6.0.1; Nexus 5X Build/MMB29P) AppleWebKit/537.36 (KHTML, like Gecko) Chrome/137.0.7151.119 Mobile Safari/537.36 (compatible; Googlebot/2.1; +http://www.google.com/bot.html)"
66.249.74.12 - - [16/Jul/2025:06:19:19 +0000] "GET /wp-content/uploads/elementor/google-fonts/css/aclonica.css?ver=1750508288 HTTP/1.1" 200 393 "https://theoldhouse.cafe/menu/" "Mozilla/5.0 (Linux; Android 6.0.1; Nexus 5X Build/MMB29P) AppleWebKit/537.36 (KHTML, like Gecko) Chrome/137.0.7151.119 Mobile Safari/537.36 (compatible; Googlebot/2.1; +http://www.google.com/bot.html)"
66.249.74.11 - - [16/Jul/2025:06:19:19 +0000] "GET /wp-content/plugins/metform/public/assets/lib/cute-alert/cute-alert.js?ver=4.0.2 HTTP/1.1" 200 1177 "https://theoldhouse.cafe/menu/" "Mozilla/5.0 (Linux; Android 6.0.1; Nexus 5X Build/MMB29P) AppleWebKit/537.36 (KHTML, like Gecko) Chrome/137.0.7151.119 Mobile Safari/537.36 (compatible; Googlebot/2.1; +http://www.google.com/bot.html)"
66.249.74.12 - - [16/Jul/2025:06:19:19 +0000] "GET /wp-content/plugins/royal-elementor-addons/assets/js/lib/parallax/parallax.min.js?ver=1.0 HTTP/1.1" 200 5226 "https://theoldhouse.cafe/menu/" "Mozilla/5.0 (Linux; Android 6.0.1; Nexus 5X Build/MMB29P) AppleWebKit/537.36 (KHTML, like Gecko) Chrome/137.0.7151.119 Mobile Safari/537.36 (compatible; Googlebot/2.1; +http://www.google.com/bot.html)"
66.249.74.11 - - [16/Jul/2025:06:19:19 +0000] "GET /wp-content/plugins/elementor/assets/lib/animations/styles/e-animation-bob.min.css?ver=3.30.2 HTTP/1.1" 200 236 "https://theoldhouse.cafe/menu/" "Mozilla/5.0 (Linux; Android 6.0.1; Nexus 5X Build/MMB29P) AppleWebKit/537.36 (KHTML, like Gecko) Chrome/137.0.7151.119 Mobile Safari/537.36 (compatible; Googlebot/2.1; +http://www.google.com/bot.html)"
66.249.74.11 - - [16/Jul/2025:06:19:19 +0000] "GET /wp-content/plugins/qi-addons-for-elementor/inc/plugins/elementor/assets/js/elementor.js?ver=6.8.2 HTTP/1.1" 200 1524 "https://theoldhouse.cafe/menu/" "Mozilla/5.0 (Linux; Android 6.0.1; Nexus 5X Build/MMB29P) AppleWebKit/537.36 (KHTML, like Gecko) Chrome/137.0.7151.119 Mobile Safari/537.36 (compatible; Googlebot/2.1; +http://www.google.com/bot.html)"
66.249.74.12 - - [16/Jul/2025:06:19:19 +0000] "GET /wp-includes/js/wp-emoji-release.min.js?ver=6.8.2 HTTP/1.1" 200 5163 "https://theoldhouse.cafe/menu/" "Mozilla/5.0 (Linux; Android 6.0.1; Nexus 5X Build/MMB29P) AppleWebKit/537.36 (KHTML, like Gecko) Chrome/137.0.7151.119 Mobile Safari/537.36 (compatible; Googlebot/2.1; +http://www.google.com/bot.html)"
209.74.77.214 - - [16/Jul/2025:06:27:26 +0000] "POST /wp-cron.php?doing_wp_cron=1752647246.3589870929718017578125 HTTP/1.1" 200 - "-" "WordPress/6.8.2; https://theoldhouse.cafe"
216.73.216.186 - - [16/Jul/2025:06:27:24 +0000] "GET /info/aggre22637569 HTTP/1.1" 404 16276 "-" "Mozilla/5.0 AppleWebKit/537.36 (KHTML, like Gecko; compatible; ClaudeBot/1.0; [email protected])"
209.74.77.214 - - [16/Jul/2025:06:28:10 +0000] "POST /wp-cron.php?doing_wp_cron=1752647290.7191190719604492187500 HTTP/1.1" 200 - "-" "WordPress/6.8.2; https://theoldhouse.cafe"
216.73.216.186 - - [16/Jul/2025:06:28:09 +0000] "GET /info/excha11185576 HTTP/1.1" 404 16276 "-" "Mozilla/5.0 AppleWebKit/537.36 (KHTML, like Gecko; compatible; ClaudeBot/1.0; [email protected])"
209.74.77.214 - - [16/Jul/2025:06:29:34 +0000] "POST /wp-cron.php?doing_wp_cron=1752647374.1238350868225097656250 HTTP/1.1" 200 - "-" "WordPress/6.8.2; https://theoldhouse.cafe"
216.73.216.186 - - [16/Jul/2025:06:29:32 +0000] "GET /info/won41263939 HTTP/1.1" 404 16276 "-" "Mozilla/5.0 AppleWebKit/537.36 (KHTML, like Gecko; compatible; ClaudeBot/1.0; [email protected])"
209.74.77.214 - - [16/Jul/2025:06:32:37 +0000] "POST /wp-cron.php?doing_wp_cron=1752647557.6417479515075683593750 HTTP/1.1" 200 - "-" "WordPress/6.8.2; https://theoldhouse.cafe"
31.220.40.210 - - [16/Jul/2025:06:32:36 +0000] "GET /.git/config HTTP/1.1" 404 16283 "-" "Mozilla/5.0 (Macintosh; Intel Mac OS X 10_15_7) AppleWebKit/537.36 (KHTML, like Gecko) Chrome/123.0.0.0 Safari/537.36"
209.74.77.214 - - [16/Jul/2025:06:41:43 +0000] "POST /wp-cron.php?doing_wp_cron=1752648103.9183380603790283203125 HTTP/1.1" 200 - "-" "WordPress/6.8.2; https://theoldhouse.cafe"
216.73.216.186 - - [16/Jul/2025:06:41:42 +0000] "GET /info/dash52147532 HTTP/1.1" 404 16276 "-" "Mozilla/5.0 AppleWebKit/537.36 (KHTML, like Gecko; compatible; ClaudeBot/1.0; [email protected])"
52.167.144.66 - - [16/Jul/2025:06:42:38 +0000] "GET /robots.txt HTTP/1.1" 200 119 "-" "Mozilla/5.0 AppleWebKit/537.36 (KHTML, like Gecko; compatible; bingbot/2.0; +http://www.bing.com/bingbot.htm) Chrome/116.0.1938.76 Safari/537.36"
40.77.167.156 - - [16/Jul/2025:06:42:46 +0000] "GET /wp-content/uploads/2024/09/chocdesign-300x300.png HTTP/1.1" 200 52875 "-" "Mozilla/5.0 AppleWebKit/537.36 (KHTML, like Gecko; compatible; bingbot/2.0; +http://www.bing.com/bingbot.htm) Chrome/116.0.1938.76 Safari/537.36"
209.74.77.214 - - [16/Jul/2025:06:44:59 +0000] "POST /wp-cron.php?doing_wp_cron=1752648299.8435769081115722656250 HTTP/1.1" 200 - "-" "WordPress/6.8.2; https://theoldhouse.cafe"
216.73.216.186 - - [16/Jul/2025:06:44:58 +0000] "GET /info/conti12284080 HTTP/1.1" 404 16276 "-" "Mozilla/5.0 AppleWebKit/537.36 (KHTML, like Gecko; compatible; ClaudeBot/1.0; [email protected])"
209.74.77.214 - - [16/Jul/2025:06:49:42 +0000] "POST /wp-cron.php?doing_wp_cron=1752648582.4046919345855712890625 HTTP/1.1" 200 - "-" "WordPress/6.8.2; https://theoldhouse.cafe"
216.73.216.186 - - [16/Jul/2025:06:49:40 +0000] "GET /info/disch20486233 HTTP/1.1" 404 16276 "-" "Mozilla/5.0 AppleWebKit/537.36 (KHTML, like Gecko; compatible; ClaudeBot/1.0; [email protected])"
52.167.144.18 - - [16/Jul/2025:07:02:39 +0000] "GET /wp-content/uploads/2024/09/WhatsApp-Image-2024-09-19-at-14.53.30_417c2be3-276x300.jpg HTTP/1.1" 200 27204 "-" "Mozilla/5.0 AppleWebKit/537.36 (KHTML, like Gecko; compatible; bingbot/2.0; +http://www.bing.com/bingbot.htm) Chrome/116.0.1938.76 Safari/537.36"
209.74.77.214 - - [16/Jul/2025:07:06:00 +0000] "POST /wp-cron.php?doing_wp_cron=1752649560.8991270065307617187500 HTTP/1.1" 200 - "-" "WordPress/6.8.2; https://theoldhouse.cafe"
216.73.216.186 - - [16/Jul/2025:07:05:59 +0000] "GET /info/weake42306443 HTTP/1.1" 404 16276 "-" "Mozilla/5.0 AppleWebKit/537.36 (KHTML, like Gecko; compatible; ClaudeBot/1.0; [email protected])"
209.74.77.214 - - [16/Jul/2025:07:06:46 +0000] "POST /wp-cron.php?doing_wp_cron=1752649606.5207560062408447265625 HTTP/1.1" 200 - "-" "WordPress/6.8.2; https://theoldhouse.cafe"
216.73.216.186 - - [16/Jul/2025:07:06:45 +0000] "GET /info/forum21022129 HTTP/1.1" 404 16276 "-" "Mozilla/5.0 AppleWebKit/537.36 (KHTML, like Gecko; compatible; ClaudeBot/1.0; [email protected])"
209.74.77.214 - - [16/Jul/2025:07:07:43 +0000] "POST /wp-cron.php?doing_wp_cron=1752649663.9547851085662841796875 HTTP/1.1" 200 - "-" "WordPress/6.8.2; https://theoldhouse.cafe"
216.73.216.186 - - [16/Jul/2025:07:07:42 +0000] "GET /info/satis11793808 HTTP/1.1" 404 16276 "-" "Mozilla/5.0 AppleWebKit/537.36 (KHTML, like Gecko; compatible; ClaudeBot/1.0; [email protected])"
209.74.77.214 - - [16/Jul/2025:07:11:10 +0000] "POST /wp-cron.php?doing_wp_cron=1752649870.6410939693450927734375 HTTP/1.1" 200 - "-" "WordPress/6.8.2; https://theoldhouse.cafe"
195.182.25.114 - - [16/Jul/2025:07:11:09 +0000] "GET /.git/config HTTP/1.1" 404 16275 "-" "Mozilla/5.0 (Macintosh; Intel Mac OS X 10_15_7) AppleWebKit/605.1.15 (KHTML, like Gecko) LoiLoNote/22.0.0 Version/17.3.1 Safari/605.1.15"
216.73.216.186 - - [16/Jul/2025:07:11:36 +0000] "GET /robots.txt HTTP/1.1" 200 119 "-" "Mozilla/5.0 AppleWebKit/537.36 (KHTML, like Gecko; compatible; ClaudeBot/1.0; [email protected])"
209.74.77.214 - - [16/Jul/2025:07:11:36 +0000] "POST /wp-cron.php?doing_wp_cron=1752649896.7788400650024414062500 HTTP/1.1" 200 - "-" "WordPress/6.8.2; https://theoldhouse.cafe"
216.73.216.186 - - [16/Jul/2025:07:11:36 +0000] "GET /info/able61309085 HTTP/1.1" 404 16276 "-" "Mozilla/5.0 AppleWebKit/537.36 (KHTML, like Gecko; compatible; ClaudeBot/1.0; [email protected])"
209.74.77.214 - - [16/Jul/2025:07:14:49 +0000] "POST /wp-cron.php?doing_wp_cron=1752650089.5433540344238281250000 HTTP/1.1" 200 - "-" "WordPress/6.8.2; https://theoldhouse.cafe"
216.73.216.186 - - [16/Jul/2025:07:14:48 +0000] "GET /info/milli30349346 HTTP/1.1" 404 16276 "-" "Mozilla/5.0 AppleWebKit/537.36 (KHTML, like Gecko; compatible; ClaudeBot/1.0; [email protected])"
209.74.77.214 - - [16/Jul/2025:07:15:34 +0000] "POST /wp-cron.php?doing_wp_cron=1752650134.3260838985443115234375 HTTP/1.1" 200 - "-" "WordPress/6.8.2; https://theoldhouse.cafe"
216.73.216.186 - - [16/Jul/2025:07:15:32 +0000] "GET /info/lore11319856 HTTP/1.1" 404 16276 "-" "Mozilla/5.0 AppleWebKit/537.36 (KHTML, like Gecko; compatible; ClaudeBot/1.0; [email protected])"
216.73.216.186 - - [16/Jul/2025:07:15:35 +0000] "GET /info/zigza62517749 HTTP/1.1" 404 16276 "-" "Mozilla/5.0 AppleWebKit/537.36 (KHTML, like Gecko; compatible; ClaudeBot/1.0; [email protected])"
209.74.77.214 - - [16/Jul/2025:07:15:52 +0000] "POST /wp-cron.php?doing_wp_cron=1752650152.3994209766387939453125 HTTP/1.1" 200 - "-" "WordPress/6.8.2; https://theoldhouse.cafe"
199.192.22.85 - - [16/Jul/2025:07:15:52 +0000] "POST /xmlrpc.php HTTP/1.1" 200 206 "https://theoldhouse.cafe" "Mozilla/5.0 (Macintosh; Intel Mac OS X 10_15_7; rv:129.0) Gecko/20100101 Firefox/129.0"
209.74.77.214 - - [16/Jul/2025:07:18:08 +0000] "POST /wp-cron.php?doing_wp_cron=1752650288.5802440643310546875000 HTTP/1.1" 200 - "-" "WordPress/6.8.2; https://theoldhouse.cafe"
216.73.216.186 - - [16/Jul/2025:07:18:07 +0000] "GET /info/ore81995575 HTTP/1.1" 404 16276 "-" "Mozilla/5.0 AppleWebKit/537.36 (KHTML, like Gecko; compatible; ClaudeBot/1.0; [email protected])"
216.73.216.186 - - [16/Jul/2025:07:18:09 +0000] "GET /info/label42518547 HTTP/1.1" 404 16276 "-" "Mozilla/5.0 AppleWebKit/537.36 (KHTML, like Gecko; compatible; ClaudeBot/1.0; [email protected])"
209.74.77.214 - - [16/Jul/2025:07:20:43 +0000] "POST /wp-cron.php?doing_wp_cron=1752650443.2708899974822998046875 HTTP/1.1" 200 - "-" "WordPress/6.8.2; https://theoldhouse.cafe"
216.73.216.186 - - [16/Jul/2025:07:20:41 +0000] "GET /info/fluid50174828 HTTP/1.1" 404 16276 "-" "Mozilla/5.0 AppleWebKit/537.36 (KHTML, like Gecko; compatible; ClaudeBot/1.0; [email protected])"
209.74.77.214 - - [16/Jul/2025:07:22:35 +0000] "POST /wp-cron.php?doing_wp_cron=1752650555.8925809860229492187500 HTTP/1.1" 200 - "-" "WordPress/6.8.2; https://theoldhouse.cafe"
