34.122.147.229 - - [15/Jul/2025:16:16:03 +0000] "GET /wp-content/plugins/royal-elementor-addons/assets/js/lib/jarallax/jarallax.min.js?ver=1.12.7 HTTP/1.1" 200 5215 "https://theoldhouse.cafe/" "Mozilla/5.0 (Macintosh; Intel Mac OS X 10_15_4) AppleWebKit/537.36 (KHTML, like Gecko) Chrome/83.0.4103.97 Safari/537.36"
104.197.69.115 - - [15/Jul/2025:16:16:03 +0000] "GET /wp-content/plugins/royal-elementor-addons/assets/js/lib/parallax/parallax.min.js?ver=1.0 HTTP/1.1" 200 5226 "https://theoldhouse.cafe/" "Mozilla/5.0 (Macintosh; Intel Mac OS X 10_15_4) AppleWebKit/537.36 (KHTML, like Gecko) Chrome/83.0.4103.97 Safari/537.36"
34.123.170.104 - - [15/Jul/2025:16:16:03 +0000] "GET /wp-content/plugins/royal-elementor-addons/assets/js/lib/particles/particles.js?ver=3.0.6 HTTP/1.1" 200 9031 "https://theoldhouse.cafe/" "Mozilla/5.0 (Macintosh; Intel Mac OS X 10_15_4) AppleWebKit/537.36 (KHTML, like Gecko) Chrome/83.0.4103.97 Safari/537.36"
34.123.170.104 - - [15/Jul/2025:16:16:03 +0000] "GET /wp-content/plugins/metform/public/assets/lib/cute-alert/cute-alert.js?ver=4.0.2 HTTP/1.1" 200 1177 "https://theoldhouse.cafe/" "Mozilla/5.0 (Macintosh; Intel Mac OS X 10_15_4) AppleWebKit/537.36 (KHTML, like Gecko) Chrome/83.0.4103.97 Safari/537.36"
104.197.69.115 - - [15/Jul/2025:16:16:03 +0000] "GET /wp-content/themes/hello-elementor/assets/js/hello-frontend.js?ver=3.4.4 HTTP/1.1" 200 553 "https://theoldhouse.cafe/" "Mozilla/5.0 (Macintosh; Intel Mac OS X 10_15_4) AppleWebKit/537.36 (KHTML, like Gecko) Chrome/83.0.4103.97 Safari/537.36"
34.123.170.104 - - [15/Jul/2025:16:16:03 +0000] "GET /wp-includes/js/dist/hooks.min.js?ver=4d63a3d491d11ffd8ac6 HTTP/1.1" 200 1648 "https://theoldhouse.cafe/" "Mozilla/5.0 (Macintosh; Intel Mac OS X 10_15_4) AppleWebKit/537.36 (KHTML, like Gecko) Chrome/83.0.4103.97 Safari/537.36"
34.123.170.104 - - [15/Jul/2025:16:16:03 +0000] "GET /wp-content/plugins/elementor/assets/lib/font-awesome/js/v4-shims.min.js?ver=3.30.2 HTTP/1.1" 200 4209 "https://theoldhouse.cafe/" "Mozilla/5.0 (Macintosh; Intel Mac OS X 10_15_4) AppleWebKit/537.36 (KHTML, like Gecko) Chrome/83.0.4103.97 Safari/537.36"
34.122.147.229 - - [15/Jul/2025:16:16:03 +0000] "GET /wp-content/plugins/header-footer-elementor/inc/js/frontend.js?ver=2.4.4 HTTP/1.1" 200 4163 "https://theoldhouse.cafe/" "Mozilla/5.0 (Macintosh; Intel Mac OS X 10_15_4) AppleWebKit/537.36 (KHTML, like Gecko) Chrome/83.0.4103.97 Safari/537.36"
34.122.147.229 - - [15/Jul/2025:16:16:04 +0000] "GET /wp-includes/js/dist/i18n.min.js?ver=5e580eb46a90c2b997e6 HTTP/1.1" 200 3667 "https://theoldhouse.cafe/" "Mozilla/5.0 (Macintosh; Intel Mac OS X 10_15_4) AppleWebKit/537.36 (KHTML, like Gecko) Chrome/83.0.4103.97 Safari/537.36"
104.197.69.115 - - [15/Jul/2025:16:16:04 +0000] "GET /wp-content/plugins/qi-addons-for-elementor/inc/plugins/elementor/assets/js/elementor.js?ver=6.8.1 HTTP/1.1" 200 1524 "https://theoldhouse.cafe/" "Mozilla/5.0 (Macintosh; Intel Mac OS X 10_15_4) AppleWebKit/537.36 (KHTML, like Gecko) Chrome/83.0.4103.97 Safari/537.36"
34.123.170.104 - - [15/Jul/2025:16:16:04 +0000] "GET /wp-content/plugins/elementor-pro/assets/js/webpack-pro.runtime.min.js?ver=3.27.4 HTTP/1.1" 200 2860 "https://theoldhouse.cafe/" "Mozilla/5.0 (Macintosh; Intel Mac OS X 10_15_4) AppleWebKit/537.36 (KHTML, like Gecko) Chrome/83.0.4103.97 Safari/537.36"
34.122.147.229 - - [15/Jul/2025:16:16:04 +0000] "GET /wp-content/plugins/elementor-pro/assets/js/frontend.min.js?ver=3.27.4 HTTP/1.1" 200 6510 "https://theoldhouse.cafe/" "Mozilla/5.0 (Macintosh; Intel Mac OS X 10_15_4) AppleWebKit/537.36 (KHTML, like Gecko) Chrome/83.0.4103.97 Safari/537.36"
34.123.170.104 - - [15/Jul/2025:16:16:04 +0000] "GET /wp-content/plugins/elementor-pro/assets/js/elements-handlers.min.js?ver=3.27.4 HTTP/1.1" 200 10701 "https://theoldhouse.cafe/" "Mozilla/5.0 (Macintosh; Intel Mac OS X 10_15_4) AppleWebKit/537.36 (KHTML, like Gecko) Chrome/83.0.4103.97 Safari/537.36"
104.197.69.115 - - [15/Jul/2025:16:16:04 +0000] "GET /wp-content/plugins/royal-elementor-addons/assets/js/frontend.min.js?ver=1.7.1027 HTTP/1.1" 200 45440 "https://theoldhouse.cafe/" "Mozilla/5.0 (Macintosh; Intel Mac OS X 10_15_4) AppleWebKit/537.36 (KHTML, like Gecko) Chrome/83.0.4103.97 Safari/537.36"
34.122.147.229 - - [15/Jul/2025:16:16:04 +0000] "GET /wp-content/plugins/royal-elementor-addons/assets/js/modal-popups.min.js?ver=1.7.1027 HTTP/1.1" 200 2801 "https://theoldhouse.cafe/" "Mozilla/5.0 (Macintosh; Intel Mac OS X 10_15_4) AppleWebKit/537.36 (KHTML, like Gecko) Chrome/83.0.4103.97 Safari/537.36"
104.197.69.115 - - [15/Jul/2025:16:16:05 +0000] "GET /wp-includes/js/wp-emoji-release.min.js?ver=6.8.1 HTTP/1.1" 200 5166 "https://theoldhouse.cafe/" "Mozilla/5.0 (Macintosh; Intel Mac OS X 10_15_4) AppleWebKit/537.36 (KHTML, like Gecko) Chrome/83.0.4103.97 Safari/537.36"
34.123.170.104 - - [15/Jul/2025:16:16:05 +0000] "GET /wp-content/plugins/elementor/assets/lib/dialog/dialog.min.js?ver=4.9.3 HTTP/1.1" 200 3782 "https://theoldhouse.cafe/" "Mozilla/5.0 (Macintosh; Intel Mac OS X 10_15_4) AppleWebKit/537.36 (KHTML, like Gecko) Chrome/83.0.4103.97 Safari/537.36"
34.123.170.104 - - [15/Jul/2025:16:16:05 +0000] "GET /wp-content/plugins/elementor/assets/js/section-frontend-handlers.d85ab872da118940910d.bundle.min.js HTTP/1.1" 200 297 "https://theoldhouse.cafe/" "Mozilla/5.0 (Macintosh; Intel Mac OS X 10_15_4) AppleWebKit/537.36 (KHTML, like Gecko) Chrome/83.0.4103.97 Safari/537.36"
34.122.147.229 - - [15/Jul/2025:16:16:05 +0000] "GET /wp-content/plugins/elementor/assets/lib/share-link/share-link.min.js?ver=3.30.2 HTTP/1.1" 200 1169 "https://theoldhouse.cafe/" "Mozilla/5.0 (Macintosh; Intel Mac OS X 10_15_4) AppleWebKit/537.36 (KHTML, like Gecko) Chrome/83.0.4103.97 Safari/537.36"
34.122.147.229 - - [15/Jul/2025:16:16:05 +0000] "GET /wp-content/plugins/elementor/assets/js/lightbox.64a93c50cbfc18fcc89b.bundle.min.js HTTP/1.1" 200 9547 "https://theoldhouse.cafe/" "Mozilla/5.0 (Macintosh; Intel Mac OS X 10_15_4) AppleWebKit/537.36 (KHTML, like Gecko) Chrome/83.0.4103.97 Safari/537.36"
34.122.147.229 - - [15/Jul/2025:16:16:05 +0000] "GET /wp-content/plugins/elementor/assets/js/text-editor.c084ef86600b6f11690d.bundle.min.js HTTP/1.1" 200 685 "https://theoldhouse.cafe/" "Mozilla/5.0 (Macintosh; Intel Mac OS X 10_15_4) AppleWebKit/537.36 (KHTML, like Gecko) Chrome/83.0.4103.97 Safari/537.36"
34.122.147.229 - - [15/Jul/2025:16:16:05 +0000] "GET /wp-content/plugins/elementor/assets/js/shared-frontend-handlers.30dc2f9c080845a413a6.bundle.min.js HTTP/1.1" 200 2682 "https://theoldhouse.cafe/" "Mozilla/5.0 (Macintosh; Intel Mac OS X 10_15_4) AppleWebKit/537.36 (KHTML, like Gecko) Chrome/83.0.4103.97 Safari/537.36"
34.122.147.229 - - [15/Jul/2025:16:16:12 +0000] "GET /wp-content/uploads/2024/09/IMG_4315-1638x2048.jpg HTTP/1.1" 206 1 "https://theoldhouse.cafe/" "Mozilla/5.0 (X11; Linux x86_64) AppleWebKit/537.36 (KHTML, like Gecko) HeadlessChrome/117.0.5938.132 Safari/537.36"
104.197.69.115 - - [15/Jul/2025:16:16:12 +0000] "GET /wp-content/uploads/2024/09/Untitled-delksign-1536x2048.jpg HTTP/1.1" 206 1 "https://theoldhouse.cafe/" "Mozilla/5.0 (X11; Linux x86_64) AppleWebKit/537.36 (KHTML, like Gecko) HeadlessChrome/117.0.5938.132 Safari/537.36"
34.122.147.229 - - [15/Jul/2025:16:16:12 +0000] "GET /wp-content/uploads/2024/09/Untitled-delksign-1536x2048.jpg HTTP/1.1" 206 289071 "https://theoldhouse.cafe/" "Mozilla/5.0 (X11; Linux x86_64) AppleWebKit/537.36 (KHTML, like Gecko) HeadlessChrome/117.0.5938.132 Safari/537.36"
104.197.69.115 - - [15/Jul/2025:16:16:12 +0000] "GET /wp-content/uploads/2024/09/IMG_4315-1638x2048.jpg HTTP/1.1" 206 468960 "https://theoldhouse.cafe/" "Mozilla/5.0 (X11; Linux x86_64) AppleWebKit/537.36 (KHTML, like Gecko) HeadlessChrome/117.0.5938.132 Safari/537.36"
170.39.218.50 - - [15/Jul/2025:16:17:06 +0000] "GET /wp-content/plugins/header-footer-elementor/inc/js/frontend.js?ver=2.4.3 HTTP/1.1" 200 4163 "-" "Mozilla/5.0 (Windows NT 10.0; Win64; x64) AppleWebKit/537.36 Chrome/121.0.0.0"
209.74.77.214 - - [15/Jul/2025:16:18:54 +0000] "POST /wp-cron.php?doing_wp_cron=1752596334.5790939331054687500000 HTTP/1.1" 200 - "-" "WordPress/6.8.1; https://theoldhouse.cafe"
57.141.2.1 - - [15/Jul/2025:16:18:53 +0000] "GET /about/ HTTP/1.1" 200 123753 "-" "meta-externalagent/1.1 (+https://developers.facebook.com/docs/sharing/webmasters/crawler)"
66.249.74.11 - - [15/Jul/2025:17:26:47 +0000] "GET /info/crimi40855203/ HTTP/1.1" 200 40062 "-" "Mozilla/5.0 (Linux; Android 6.0.1; Nexus 5X Build/MMB29P) AppleWebKit/537.36 (KHTML, like Gecko) Chrome/137.0.7151.103 Mobile Safari/537.36 (compatible; Googlebot/2.1; +http://www.google.com/bot.html)"
66.249.74.12 - - [15/Jul/2025:17:26:51 +0000] "POST /get-message-notify HTTP/1.1" 200 40201 "https://theoldhouse.cafe/info/crimi40855203/" "Mozilla/5.0 (Linux; Android 6.0.1; Nexus 5X Build/MMB29P) AppleWebKit/537.36 (KHTML, like Gecko) Chrome/137.0.7151.119 Mobile Safari/537.36 (compatible; Googlebot/2.1; +http://www.google.com/bot.html)"
45.227.253.15 - - [15/Jul/2025:17:37:09 +0000] "GET /index.php/jk HTTP/1.1" 200 59 "-" "Mozilla/5.0 (Macintosh; Intel Mac OS X 10.15; rv:103.0) Gecko/20100101 Firefox/102.0"
49.51.183.220 - - [15/Jul/2025:17:52:58 +0000] "GET / HTTP/1.1" 200 22694 "http://www.theoldhouse.cafe" "Mozilla/5.0 (iPhone; CPU iPhone OS 13_2_3 like Mac OS X) AppleWebKit/605.1.15 (KHTML, like Gecko) Version/13.0.3 Mobile/15E148 Safari/604.1"
120.71.59.24 - - [15/Jul/2025:18:00:10 +0000] "GET / HTTP/1.1" 200 22694 "http://theoldhouse.cafe" "Mozilla/5.0 (iPhone; CPU iPhone OS 13_2_3 like Mac OS X) AppleWebKit/605.1.15 (KHTML, like Gecko) Version/13.0.3 Mobile/15E148 Safari/604.1"
209.74.77.214 - - [15/Jul/2025:18:12:07 +0000] "POST /wp-cron.php?doing_wp_cron=1752603127.8186559677124023437500 HTTP/1.1" 200 - "-" "WordPress/6.8.1; https://theoldhouse.cafe"
43.130.67.33 - - [15/Jul/2025:18:12:06 +0000] "GET /menu/ HTTP/1.1" 200 24200 "-" "Mozilla/5.0 (iPhone; CPU iPhone OS 13_2_3 like Mac OS X) AppleWebKit/605.1.15 (KHTML, like Gecko) Version/13.0.3 Mobile/15E148 Safari/604.1"
209.74.77.214 - - [15/Jul/2025:18:15:53 +0000] "POST /wp-cron.php?doing_wp_cron=1752603353.0471520423889160156250 HTTP/1.1" 200 - "-" "WordPress/6.8.1; https://theoldhouse.cafe"
43.156.202.34 - - [15/Jul/2025:18:15:51 +0000] "GET /feed/ HTTP/1.1" 200 537 "-" "Mozilla/5.0 (iPhone; CPU iPhone OS 13_2_3 like Mac OS X) AppleWebKit/605.1.15 (KHTML, like Gecko) Version/13.0.3 Mobile/15E148 Safari/604.1"
209.74.77.214 - - [15/Jul/2025:18:27:33 +0000] "POST /wp-cron.php?doing_wp_cron=1752604053.8600709438323974609375 HTTP/1.1" 200 - "-" "WordPress/6.8.1; https://theoldhouse.cafe"
43.133.253.253 - - [15/Jul/2025:18:27:32 +0000] "GET /xmlrpc.php?rsd HTTP/1.1" 200 305 "-" "Mozilla/5.0 (iPhone; CPU iPhone OS 13_2_3 like Mac OS X) AppleWebKit/605.1.15 (KHTML, like Gecko) Version/13.0.3 Mobile/15E148 Safari/604.1"
103.131.71.23 - - [15/Jul/2025:18:31:50 +0000] "GET /wp-content/uploads/2024/09/jonathan-borba-uB7q7aipU2o-unsplash-e1716821293132.jpg HTTP/1.1" 304 - "-" "Mozilla/5.0 (compatible; coccocbot-image/1.0; +http://help.coccoc.com/searchengine)"
4.227.36.108 - - [15/Jul/2025:18:31:50 +0000] "GET /robots.txt HTTP/1.1" 200 119 "-" "Mozilla/5.0 AppleWebKit/537.36 (KHTML, like Gecko; compatible; GPTBot/1.2; +https://openai.com/gptbot)"
20.171.207.42 - - [15/Jul/2025:18:31:50 +0000] "GET /sitemap.xml HTTP/1.1" 200 202 "-" "Mozilla/5.0 AppleWebKit/537.36 (KHTML, like Gecko; compatible; GPTBot/1.2; +https://openai.com/gptbot)"
20.171.207.42 - - [15/Jul/2025:18:31:54 +0000] "GET /sitemape.xml HTTP/1.1" 200 15984 "-" "Mozilla/5.0 AppleWebKit/537.36 (KHTML, like Gecko; compatible; GPTBot/1.2; +https://openai.com/gptbot)"
20.171.207.42 - - [15/Jul/2025:18:31:57 +0000] "GET /sitemapa.xml HTTP/1.1" 200 18656 "-" "Mozilla/5.0 AppleWebKit/537.36 (KHTML, like Gecko; compatible; GPTBot/1.2; +https://openai.com/gptbot)"
20.171.207.42 - - [15/Jul/2025:18:32:03 +0000] "GET /wp-sitemap.xml HTTP/1.1" 200 202 "-" "Mozilla/5.0 AppleWebKit/537.36 (KHTML, like Gecko; compatible; GPTBot/1.2; +https://openai.com/gptbot)"
20.171.207.42 - - [15/Jul/2025:18:32:05 +0000] "GET /sitemapd.xml HTTP/1.1" 200 9994 "-" "Mozilla/5.0 AppleWebKit/537.36 (KHTML, like Gecko; compatible; GPTBot/1.2; +https://openai.com/gptbot)"
20.171.207.42 - - [15/Jul/2025:18:32:07 +0000] "GET /sitemapb.xml HTTP/1.1" 200 12346 "-" "Mozilla/5.0 AppleWebKit/537.36 (KHTML, like Gecko; compatible; GPTBot/1.2; +https://openai.com/gptbot)"
20.171.207.42 - - [15/Jul/2025:18:32:09 +0000] "GET /sitemapc.xml HTTP/1.1" 200 10031 "-" "Mozilla/5.0 AppleWebKit/537.36 (KHTML, like Gecko; compatible; GPTBot/1.2; +https://openai.com/gptbot)"
216.73.216.181 - - [15/Jul/2025:18:36:22 +0000] "GET /robots.txt HTTP/1.1" 200 119 "-" "Mozilla/5.0 AppleWebKit/537.36 (KHTML, like Gecko; compatible; ClaudeBot/1.0; [email protected])"
216.73.216.181 - - [15/Jul/2025:18:36:22 +0000] "GET /sitemape.xml HTTP/1.1" 200 18291 "-" "Mozilla/5.0 AppleWebKit/537.36 (KHTML, like Gecko; compatible; ClaudeBot/1.0; [email protected])"
209.74.77.214 - - [15/Jul/2025:18:37:03 +0000] "POST /wp-cron.php?doing_wp_cron=1752604623.7020308971405029296875 HTTP/1.1" 200 - "-" "WordPress/6.8.1; https://theoldhouse.cafe"
43.128.156.124 - - [15/Jul/2025:18:37:01 +0000] "GET / HTTP/1.1" 200 22694 "-" "Mozilla/5.0 (iPhone; CPU iPhone OS 13_2_3 like Mac OS X) AppleWebKit/605.1.15 (KHTML, like Gecko) Version/13.0.3 Mobile/15E148 Safari/604.1"
209.74.77.214 - - [15/Jul/2025:18:46:44 +0000] "POST /wp-cron.php?doing_wp_cron=1752605204.3363730907440185546875 HTTP/1.1" 200 - "-" "WordPress/6.8.1; https://theoldhouse.cafe"
43.128.67.187 - - [15/Jul/2025:18:46:42 +0000] "GET /catering/ HTTP/1.1" 200 21185 "-" "Mozilla/5.0 (iPhone; CPU iPhone OS 13_2_3 like Mac OS X) AppleWebKit/605.1.15 (KHTML, like Gecko) Version/13.0.3 Mobile/15E148 Safari/604.1"
58.87.78.33 - - [15/Jul/2025:18:46:49 +0000] "POST /xmlrpc.php HTTP/1.1" 200 403 "-" "Mozilla/5.0 (Windows NT 10.0; Win64; x64) AppleWebKit/537.36 (KHTML, like Gecko) Chrome/87.0.4280.141 Safari/537.36"
88.198.122.23 - - [15/Jul/2025:18:46:52 +0000] "POST /xmlrpc.php HTTP/1.1" 200 403 "-" "Mozilla/5.0 (Windows NT 5.1; rv:52.0) Gecko/20100101 Firefox/52.0"
34.58.138.107 - - [15/Jul/2025:18:46:53 +0000] "POST /xmlrpc.php HTTP/1.1" 200 403 "-" "Mozilla/5.0 (Windows NT 10.0; Win64; x64; rv:57.0) Gecko/20100101 Firefox/57.0"
109.199.114.14 - - [15/Jul/2025:18:46:58 +0000] "POST /xmlrpc.php HTTP/1.1" 200 403 "-" "Mozilla/5.0 (Windows NT 6.1; rv:17.0) Gecko/20100101 Firefox/20.6.14"
167.250.5.47 - - [15/Jul/2025:18:46:59 +0000] "POST /xmlrpc.php HTTP/1.1" 200 403 "-" "Mozilla/5.0 (Linux; Android 10; SM-A102U) AppleWebKit/537.36 (KHTML, like Gecko) Chrome/91.0.4472.114 Mobile Safari/537.36"
198.54.126.2 - - [15/Jul/2025:18:47:02 +0000] "POST /xmlrpc.php HTTP/1.1" 200 403 "-" "Mozilla/5.0 (Windows NT 6.1; Win64; x64) AppleWebKit/537.36 (KHTML, like Gecko) Chrome/63.0.3239.132 Safari/537.36"
91.134.248.230 - - [15/Jul/2025:18:47:03 +0000] "POST /xmlrpc.php HTTP/1.1" 200 403 "-" "Mozilla/5.0 (Linux; Android 10; SM-G960U) AppleWebKit/537.36 (KHTML, like Gecko) Chrome/91.0.4472.114 Mobile Safari/537.36"
209.74.77.214 - - [15/Jul/2025:18:47:24 +0000] "POST /wp-cron.php?doing_wp_cron=1752605244.6956000328063964843750 HTTP/1.1" 200 - "-" "WordPress/6.8.1; https://theoldhouse.cafe"
47.251.116.156 - - [15/Jul/2025:18:47:24 +0000] "POST /xmlrpc.php HTTP/1.1" 200 403 "-" "Mozilla/5.0 (Windows NT 10.0; Win64; x64; rv:61.0) Gecko/20100101 Firefox/61.0"
194.163.163.69 - - [15/Jul/2025:18:47:29 +0000] "POST /xmlrpc.php HTTP/1.1" 200 403 "-" "Mozilla/5.0 (Windows NT 10.0; Win64; x64; rv:67.0) Gecko/20100101 Firefox/67.0"
209.74.77.214 - - [15/Jul/2025:18:51:05 +0000] "POST /wp-cron.php?doing_wp_cron=1752605465.7846250534057617187500 HTTP/1.1" 200 - "-" "WordPress/6.8.1; https://theoldhouse.cafe"
213.152.162.104 - - [15/Jul/2025:18:51:03 +0000] "POST /xmlrpc.php HTTP/1.1" 200 206 "-" "Go-http-client/1.1"
49.51.141.76 - - [15/Jul/2025:18:56:48 +0000] "GET / HTTP/1.1" 200 22694 "http://theoldhouse.cafe" "Mozilla/5.0 (iPhone; CPU iPhone OS 13_2_3 like Mac OS X) AppleWebKit/605.1.15 (KHTML, like Gecko) Version/13.0.3 Mobile/15E148 Safari/604.1"
43.130.14.245 - - [15/Jul/2025:18:56:56 +0000] "GET /about/ HTTP/1.1" 200 21828 "-" "Mozilla/5.0 (iPhone; CPU iPhone OS 13_2_3 like Mac OS X) AppleWebKit/605.1.15 (KHTML, like Gecko) Version/13.0.3 Mobile/15E148 Safari/604.1"
170.39.218.50 - - [15/Jul/2025:19:02:39 +0000] "GET /wp-content/plugins/elementor/assets/js/frontend-modules.min.js?ver=3.30.0 HTTP/1.1" 200 14815 "-" "Mozilla/5.0 (Windows NT 10.0; Win64; x64) AppleWebKit/537.36 Chrome/121.0.0.0"
209.74.77.214 - - [15/Jul/2025:19:04:58 +0000] "POST /wp-cron.php?doing_wp_cron=1752606298.8433740139007568359375 HTTP/1.1" 200 - "-" "WordPress/6.8.1; https://theoldhouse.cafe"
43.157.153.236 - - [15/Jul/2025:19:04:56 +0000] "GET /contact/ HTTP/1.1" 200 17032 "-" "Mozilla/5.0 (iPhone; CPU iPhone OS 13_2_3 like Mac OS X) AppleWebKit/605.1.15 (KHTML, like Gecko) Version/13.0.3 Mobile/15E148 Safari/604.1"
209.74.77.214 - - [15/Jul/2025:19:09:29 +0000] "POST /wp-cron.php?doing_wp_cron=1752606569.7617928981781005859375 HTTP/1.1" 200 - "-" "WordPress/6.8.1; https://theoldhouse.cafe"
20.171.207.144 - - [15/Jul/2025:19:09:27 +0000] "GET /info/we31484058/ HTTP/1.1" 404 16222 "-" "Mozilla/5.0 AppleWebKit/537.36 (KHTML, like Gecko; compatible; GPTBot/1.2; +https://openai.com/gptbot)"
20.171.207.144 - - [15/Jul/2025:19:09:31 +0000] "GET /info/pie11124576/ HTTP/1.1" 404 16222 "-" "Mozilla/5.0 AppleWebKit/537.36 (KHTML, like Gecko; compatible; GPTBot/1.2; +https://openai.com/gptbot)"
20.171.207.144 - - [15/Jul/2025:19:09:34 +0000] "GET /info/ninet31128002/ HTTP/1.1" 404 16222 "-" "Mozilla/5.0 AppleWebKit/537.36 (KHTML, like Gecko; compatible; GPTBot/1.2; +https://openai.com/gptbot)"
20.171.207.144 - - [15/Jul/2025:19:09:37 +0000] "GET /info/termi81997991/ HTTP/1.1" 404 16222 "-" "Mozilla/5.0 AppleWebKit/537.36 (KHTML, like Gecko; compatible; GPTBot/1.2; +https://openai.com/gptbot)"
20.171.207.144 - - [15/Jul/2025:19:09:40 +0000] "GET /info/nurse11400544/ HTTP/1.1" 404 16222 "-" "Mozilla/5.0 AppleWebKit/537.36 (KHTML, like Gecko; compatible; GPTBot/1.2; +https://openai.com/gptbot)"
209.74.77.214 - - [15/Jul/2025:19:09:43 +0000] "POST /wp-cron.php?doing_wp_cron=1752606583.7142670154571533203125 HTTP/1.1" 200 - "-" "WordPress/6.8.1; https://theoldhouse.cafe"
20.171.207.144 - - [15/Jul/2025:19:09:43 +0000] "GET /info/trian12471232/ HTTP/1.1" 404 16222 "-" "Mozilla/5.0 AppleWebKit/537.36 (KHTML, like Gecko; compatible; GPTBot/1.2; +https://openai.com/gptbot)"
20.171.207.144 - - [15/Jul/2025:19:09:47 +0000] "GET /info/frida31204202/ HTTP/1.1" 404 16222 "-" "Mozilla/5.0 AppleWebKit/537.36 (KHTML, like Gecko; compatible; GPTBot/1.2; +https://openai.com/gptbot)"
20.171.207.144 - - [15/Jul/2025:19:09:50 +0000] "GET /info/anniv42795739/ HTTP/1.1" 404 16222 "-" "Mozilla/5.0 AppleWebKit/537.36 (KHTML, like Gecko; compatible; GPTBot/1.2; +https://openai.com/gptbot)"
20.171.207.144 - - [15/Jul/2025:19:09:53 +0000] "GET /info/rainc72604662/ HTTP/1.1" 404 16222 "-" "Mozilla/5.0 AppleWebKit/537.36 (KHTML, like Gecko; compatible; GPTBot/1.2; +https://openai.com/gptbot)"
20.171.207.144 - - [15/Jul/2025:19:09:56 +0000] "GET /info/ingre32061914/ HTTP/1.1" 404 16222 "-" "Mozilla/5.0 AppleWebKit/537.36 (KHTML, like Gecko; compatible; GPTBot/1.2; +https://openai.com/gptbot)"
209.74.77.214 - - [15/Jul/2025:19:18:30 +0000] "POST /wp-cron.php?doing_wp_cron=1752607110.4494810104370117187500 HTTP/1.1" 200 - "-" "WordPress/6.8.1; https://theoldhouse.cafe"
43.131.243.61 - - [15/Jul/2025:19:18:28 +0000] "GET /xmlrpc.php HTTP/1.1" 405 60 "-" "Mozilla/5.0 (iPhone; CPU iPhone OS 13_2_3 like Mac OS X) AppleWebKit/605.1.15 (KHTML, like Gecko) Version/13.0.3 Mobile/15E148 Safari/604.1"
209.74.77.214 - - [15/Jul/2025:19:23:30 +0000] "POST /wp-cron.php?doing_wp_cron=1752607410.7960669994354248046875 HTTP/1.1" 200 - "-" "WordPress/6.8.1; https://theoldhouse.cafe"
20.171.207.144 - - [15/Jul/2025:19:23:28 +0000] "GET /info/boss21352913/ HTTP/1.1" 404 16222 "-" "Mozilla/5.0 AppleWebKit/537.36 (KHTML, like Gecko; compatible; GPTBot/1.2; +https://openai.com/gptbot)"
20.171.207.144 - - [15/Jul/2025:19:23:32 +0000] "GET /info/seep80051887/ HTTP/1.1" 404 16222 "-" "Mozilla/5.0 AppleWebKit/537.36 (KHTML, like Gecko; compatible; GPTBot/1.2; +https://openai.com/gptbot)"
20.171.207.144 - - [15/Jul/2025:19:23:35 +0000] "GET /info/iron41141227/ HTTP/1.1" 404 16222 "-" "Mozilla/5.0 AppleWebKit/537.36 (KHTML, like Gecko; compatible; GPTBot/1.2; +https://openai.com/gptbot)"
20.171.207.144 - - [15/Jul/2025:19:23:38 +0000] "GET /info/que21727937/ HTTP/1.1" 404 16222 "-" "Mozilla/5.0 AppleWebKit/537.36 (KHTML, like Gecko; compatible; GPTBot/1.2; +https://openai.com/gptbot)"
20.171.207.144 - - [15/Jul/2025:19:23:41 +0000] "GET /info/mad22424169/ HTTP/1.1" 404 16222 "-" "Mozilla/5.0 AppleWebKit/537.36 (KHTML, like Gecko; compatible; GPTBot/1.2; +https://openai.com/gptbot)"
209.74.77.214 - - [15/Jul/2025:19:23:44 +0000] "POST /wp-cron.php?doing_wp_cron=1752607424.8799209594726562500000 HTTP/1.1" 200 - "-" "WordPress/6.8.1; https://theoldhouse.cafe"
20.171.207.144 - - [15/Jul/2025:19:23:44 +0000] "GET /info/ten52696036/ HTTP/1.1" 404 16222 "-" "Mozilla/5.0 AppleWebKit/537.36 (KHTML, like Gecko; compatible; GPTBot/1.2; +https://openai.com/gptbot)"
20.171.207.144 - - [15/Jul/2025:19:23:47 +0000] "GET /info/hit62113429/ HTTP/1.1" 404 16222 "-" "Mozilla/5.0 AppleWebKit/537.36 (KHTML, like Gecko; compatible; GPTBot/1.2; +https://openai.com/gptbot)"
20.171.207.144 - - [15/Jul/2025:19:23:51 +0000] "GET /info/all21704921/ HTTP/1.1" 404 16222 "-" "Mozilla/5.0 AppleWebKit/537.36 (KHTML, like Gecko; compatible; GPTBot/1.2; +https://openai.com/gptbot)"
20.171.207.144 - - [15/Jul/2025:19:23:54 +0000] "GET /info/crime32555562/ HTTP/1.1" 404 16222 "-" "Mozilla/5.0 AppleWebKit/537.36 (KHTML, like Gecko; compatible; GPTBot/1.2; +https://openai.com/gptbot)"
20.171.207.144 - - [15/Jul/2025:19:23:57 +0000] "GET /info/extra60221365/ HTTP/1.1" 404 16222 "-" "Mozilla/5.0 AppleWebKit/537.36 (KHTML, like Gecko; compatible; GPTBot/1.2; +https://openai.com/gptbot)"
209.74.77.214 - - [15/Jul/2025:19:27:16 +0000] "POST /wp-cron.php?doing_wp_cron=1752607636.0798571109771728515625 HTTP/1.1" 200 - "-" "WordPress/6.8.1; https://theoldhouse.cafe"
43.130.3.120 - - [15/Jul/2025:19:27:14 +0000] "GET /wp-json/ HTTP/1.1" 200 17751 "-" "Mozilla/5.0 (iPhone; CPU iPhone OS 13_2_3 like Mac OS X) AppleWebKit/605.1.15 (KHTML, like Gecko) Version/13.0.3 Mobile/15E148 Safari/604.1"
209.74.77.214 - - [15/Jul/2025:19:32:42 +0000] "POST /wp-cron.php?doing_wp_cron=1752607962.1852600574493408203125 HTTP/1.1" 200 - "-" "WordPress/6.8.1; https://theoldhouse.cafe"
20.171.207.144 - - [15/Jul/2025:19:32:40 +0000] "GET /info/cheek62489845/ HTTP/1.1" 404 16222 "-" "Mozilla/5.0 AppleWebKit/537.36 (KHTML, like Gecko; compatible; GPTBot/1.2; +https://openai.com/gptbot)"
20.171.207.144 - - [15/Jul/2025:19:32:44 +0000] "GET /info/coupl70740678/ HTTP/1.1" 404 16222 "-" "Mozilla/5.0 AppleWebKit/537.36 (KHTML, like Gecko; compatible; GPTBot/1.2; +https://openai.com/gptbot)"
20.171.207.144 - - [15/Jul/2025:19:32:48 +0000] "GET /info/likew60951413/ HTTP/1.1" 404 16222 "-" "Mozilla/5.0 AppleWebKit/537.36 (KHTML, like Gecko; compatible; GPTBot/1.2; +https://openai.com/gptbot)"
20.171.207.144 - - [15/Jul/2025:19:32:53 +0000] "GET /info/cathe11851528/ HTTP/1.1" 404 16222 "-" "Mozilla/5.0 AppleWebKit/537.36 (KHTML, like Gecko; compatible; GPTBot/1.2; +https://openai.com/gptbot)"
20.171.207.144 - - [15/Jul/2025:19:32:54 +0000] "GET /info/surpl51843676/ HTTP/1.1" 404 16222 "-" "Mozilla/5.0 AppleWebKit/537.36 (KHTML, like Gecko; compatible; GPTBot/1.2; +https://openai.com/gptbot)"
20.171.207.144 - - [15/Jul/2025:19:32:57 +0000] "GET /info/wonde70976294/ HTTP/1.1" 404 16222 "-" "Mozilla/5.0 AppleWebKit/537.36 (KHTML, like Gecko; compatible; GPTBot/1.2; +https://openai.com/gptbot)"
20.171.207.144 - - [15/Jul/2025:19:33:03 +0000] "GET /info/recip10593736/ HTTP/1.1" 404 16222 "-" "Mozilla/5.0 AppleWebKit/537.36 (KHTML, like Gecko; compatible; GPTBot/1.2; +https://openai.com/gptbot)"
20.171.207.144 - - [15/Jul/2025:19:33:04 +0000] "GET /info/coach60728973/ HTTP/1.1" 404 16222 "-" "Mozilla/5.0 AppleWebKit/537.36 (KHTML, like Gecko; compatible; GPTBot/1.2; +https://openai.com/gptbot)"
20.171.207.144 - - [15/Jul/2025:19:33:07 +0000] "GET /info/junio42103467/ HTTP/1.1" 404 16222 "-" "Mozilla/5.0 AppleWebKit/537.36 (KHTML, like Gecko; compatible; GPTBot/1.2; +https://openai.com/gptbot)"
20.171.207.144 - - [15/Jul/2025:19:33:12 +0000] "GET /info/deduc50207524/ HTTP/1.1" 404 16222 "-" "Mozilla/5.0 AppleWebKit/537.36 (KHTML, like Gecko; compatible; GPTBot/1.2; +https://openai.com/gptbot)"
209.74.77.214 - - [15/Jul/2025:19:38:04 +0000] "POST /wp-cron.php?doing_wp_cron=1752608284.0154669284820556640625 HTTP/1.1" 200 - "-" "WordPress/6.8.1; https://theoldhouse.cafe"
49.51.204.74 - - [15/Jul/2025:19:38:02 +0000] "GET /comments/feed/ HTTP/1.1" 200 421 "-" "Mozilla/5.0 (iPhone; CPU iPhone OS 13_2_3 like Mac OS X) AppleWebKit/605.1.15 (KHTML, like Gecko) Version/13.0.3 Mobile/15E148 Safari/604.1"
209.74.77.214 - - [15/Jul/2025:19:39:49 +0000] "POST /wp-cron.php?doing_wp_cron=1752608389.8015069961547851562500 HTTP/1.1" 200 - "-" "WordPress/6.8.1; https://theoldhouse.cafe"
20.171.207.144 - - [15/Jul/2025:19:39:48 +0000] "GET /info/north50864356/ HTTP/1.1" 404 16222 "-" "Mozilla/5.0 AppleWebKit/537.36 (KHTML, like Gecko; compatible; GPTBot/1.2; +https://openai.com/gptbot)"
20.171.207.144 - - [15/Jul/2025:19:39:51 +0000] "GET /info/scout22343409/ HTTP/1.1" 404 16222 "-" "Mozilla/5.0 AppleWebKit/537.36 (KHTML, like Gecko; compatible; GPTBot/1.2; +https://openai.com/gptbot)"
20.171.207.144 - - [15/Jul/2025:19:39:54 +0000] "GET /info/chemi11900736/ HTTP/1.1" 404 16222 "-" "Mozilla/5.0 AppleWebKit/537.36 (KHTML, like Gecko; compatible; GPTBot/1.2; +https://openai.com/gptbot)"
20.171.207.144 - - [15/Jul/2025:19:39:57 +0000] "GET /info/patte10950096/ HTTP/1.1" 404 16222 "-" "Mozilla/5.0 AppleWebKit/537.36 (KHTML, like Gecko; compatible; GPTBot/1.2; +https://openai.com/gptbot)"
20.171.207.144 - - [15/Jul/2025:19:40:00 +0000] "GET /info/flash81454607/ HTTP/1.1" 404 16222 "-" "Mozilla/5.0 AppleWebKit/537.36 (KHTML, like Gecko; compatible; GPTBot/1.2; +https://openai.com/gptbot)"
20.171.207.144 - - [15/Jul/2025:19:40:03 +0000] "GET /info/surpl52307676/ HTTP/1.1" 404 16222 "-" "Mozilla/5.0 AppleWebKit/537.36 (KHTML, like Gecko; compatible; GPTBot/1.2; +https://openai.com/gptbot)"
20.171.207.144 - - [15/Jul/2025:19:40:06 +0000] "GET /info/surpl52039676/ HTTP/1.1" 404 16222 "-" "Mozilla/5.0 AppleWebKit/537.36 (KHTML, like Gecko; compatible; GPTBot/1.2; +https://openai.com/gptbot)"
20.171.207.144 - - [15/Jul/2025:19:40:10 +0000] "GET /info/terro60841549/ HTTP/1.1" 404 16222 "-" "Mozilla/5.0 AppleWebKit/537.36 (KHTML, like Gecko; compatible; GPTBot/1.2; +https://openai.com/gptbot)"
209.74.77.214 - - [15/Jul/2025:19:40:13 +0000] "POST /wp-cron.php?doing_wp_cron=1752608413.6372990608215332031250 HTTP/1.1" 200 - "-" "WordPress/6.8.1; https://theoldhouse.cafe"
20.171.207.144 - - [15/Jul/2025:19:40:13 +0000] "GET /info/cerem80434119/ HTTP/1.1" 404 16222 "-" "Mozilla/5.0 AppleWebKit/537.36 (KHTML, like Gecko; compatible; GPTBot/1.2; +https://openai.com/gptbot)"
20.171.207.144 - - [15/Jul/2025:19:40:16 +0000] "GET /info/dayli62414917/ HTTP/1.1" 404 16221 "-" "Mozilla/5.0 AppleWebKit/537.36 (KHTML, like Gecko; compatible; GPTBot/1.2; +https://openai.com/gptbot)"
209.74.77.214 - - [15/Jul/2025:19:44:57 +0000] "POST /wp-cron.php?doing_wp_cron=1752608697.3902459144592285156250 HTTP/1.1" 200 - "-" "WordPress/6.8.1; https://theoldhouse.cafe"
20.171.207.144 - - [15/Jul/2025:19:44:55 +0000] "GET /info/gramm52068948/ HTTP/1.1" 404 16222 "-" "Mozilla/5.0 AppleWebKit/537.36 (KHTML, like Gecko; compatible; GPTBot/1.2; +https://openai.com/gptbot)"
20.171.207.144 - - [15/Jul/2025:19:44:58 +0000] "GET /info/body30476818/ HTTP/1.1" 404 16222 "-" "Mozilla/5.0 AppleWebKit/537.36 (KHTML, like Gecko; compatible; GPTBot/1.2; +https://openai.com/gptbot)"
20.171.207.144 - - [15/Jul/2025:19:45:01 +0000] "GET /info/seat30112106/ HTTP/1.1" 404 16222 "-" "Mozilla/5.0 AppleWebKit/537.36 (KHTML, like Gecko; compatible; GPTBot/1.2; +https://openai.com/gptbot)"
20.171.207.144 - - [15/Jul/2025:19:45:04 +0000] "GET /info/wear72749782/ HTTP/1.1" 404 16222 "-" "Mozilla/5.0 AppleWebKit/537.36 (KHTML, like Gecko; compatible; GPTBot/1.2; +https://openai.com/gptbot)"
20.171.207.144 - - [15/Jul/2025:19:45:08 +0000] "GET /info/port80251455/ HTTP/1.1" 404 16222 "-" "Mozilla/5.0 AppleWebKit/537.36 (KHTML, like Gecko; compatible; GPTBot/1.2; +https://openai.com/gptbot)"
20.171.207.144 - - [15/Jul/2025:19:45:11 +0000] "GET /info/also32176426/ HTTP/1.1" 404 16222 "-" "Mozilla/5.0 AppleWebKit/537.36 (KHTML, like Gecko; compatible; GPTBot/1.2; +https://openai.com/gptbot)"
209.74.77.214 - - [15/Jul/2025:19:45:14 +0000] "POST /wp-cron.php?doing_wp_cron=1752608714.4657039642333984375000 HTTP/1.1" 200 - "-" "WordPress/6.8.1; https://theoldhouse.cafe"
20.171.207.144 - - [15/Jul/2025:19:45:14 +0000] "GET /info/shop52924060/ HTTP/1.1" 404 16222 "-" "Mozilla/5.0 AppleWebKit/537.36 (KHTML, like Gecko; compatible; GPTBot/1.2; +https://openai.com/gptbot)"
20.171.207.144 - - [15/Jul/2025:19:45:17 +0000] "GET /info/soar40125923/ HTTP/1.1" 404 16222 "-" "Mozilla/5.0 AppleWebKit/537.36 (KHTML, like Gecko; compatible; GPTBot/1.2; +https://openai.com/gptbot)"
20.171.207.144 - - [15/Jul/2025:19:45:20 +0000] "GET /info/meek22439865/ HTTP/1.1" 404 16222 "-" "Mozilla/5.0 AppleWebKit/537.36 (KHTML, like Gecko; compatible; GPTBot/1.2; +https://openai.com/gptbot)"
20.171.207.144 - - [15/Jul/2025:19:45:23 +0000] "GET /info/india50920892/ HTTP/1.1" 404 16222 "-" "Mozilla/5.0 AppleWebKit/537.36 (KHTML, like Gecko; compatible; GPTBot/1.2; +https://openai.com/gptbot)"
209.74.77.214 - - [15/Jul/2025:19:47:43 +0000] "POST /wp-cron.php?doing_wp_cron=1752608863.0064070224761962890625 HTTP/1.1" 200 - "-" "WordPress/6.8.1; https://theoldhouse.cafe"
43.130.139.177 - - [15/Jul/2025:19:47:41 +0000] "GET /wp-json/oembed/1.0/embed?url=https%3A%2F%2Ftheoldhouse.cafe%2Fcatering%2F&format=xml HTTP/1.1" 200 1070 "-" "Mozilla/5.0 (iPhone; CPU iPhone OS 13_2_3 like Mac OS X) AppleWebKit/605.1.15 (KHTML, like Gecko) Version/13.0.3 Mobile/15E148 Safari/604.1"
209.74.77.214 - - [15/Jul/2025:19:48:31 +0000] "POST /wp-cron.php?doing_wp_cron=1752608911.2570269107818603515625 HTTP/1.1" 200 - "-" "WordPress/6.8.1; https://theoldhouse.cafe"
20.171.207.144 - - [15/Jul/2025:19:48:29 +0000] "GET /info/sir52408516/ HTTP/1.1" 404 16222 "-" "Mozilla/5.0 AppleWebKit/537.36 (KHTML, like Gecko; compatible; GPTBot/1.2; +https://openai.com/gptbot)"
20.171.207.144 - - [15/Jul/2025:19:48:32 +0000] "GET /info/log72259406/ HTTP/1.1" 404 16222 "-" "Mozilla/5.0 AppleWebKit/537.36 (KHTML, like Gecko; compatible; GPTBot/1.2; +https://openai.com/gptbot)"
20.171.207.144 - - [15/Jul/2025:19:48:35 +0000] "GET /info/pay10109328/ HTTP/1.1" 404 16222 "-" "Mozilla/5.0 AppleWebKit/537.36 (KHTML, like Gecko; compatible; GPTBot/1.2; +https://openai.com/gptbot)"
20.171.207.144 - - [15/Jul/2025:19:48:39 +0000] "GET /info/but21704481/ HTTP/1.1" 404 16222 "-" "Mozilla/5.0 AppleWebKit/537.36 (KHTML, like Gecko; compatible; GPTBot/1.2; +https://openai.com/gptbot)"
209.74.77.214 - - [15/Jul/2025:19:48:42 +0000] "POST /wp-cron.php?doing_wp_cron=1752608922.2385230064392089843750 HTTP/1.1" 200 - "-" "WordPress/6.8.1; https://theoldhouse.cafe"
20.171.207.144 - - [15/Jul/2025:19:48:42 +0000] "GET /info/tap11542688/ HTTP/1.1" 404 16222 "-" "Mozilla/5.0 AppleWebKit/537.36 (KHTML, like Gecko; compatible; GPTBot/1.2; +https://openai.com/gptbot)"
20.171.207.144 - - [15/Jul/2025:19:48:45 +0000] "GET /info/tax41023811/ HTTP/1.1" 404 16222 "-" "Mozilla/5.0 AppleWebKit/537.36 (KHTML, like Gecko; compatible; GPTBot/1.2; +https://openai.com/gptbot)"
20.171.207.144 - - [15/Jul/2025:19:48:48 +0000] "GET /info/try60352829/ HTTP/1.1" 404 16221 "-" "Mozilla/5.0 AppleWebKit/537.36 (KHTML, like Gecko; compatible; GPTBot/1.2; +https://openai.com/gptbot)"
20.171.207.144 - - [15/Jul/2025:19:48:51 +0000] "GET /info/bad31917682/ HTTP/1.1" 404 16222 "-" "Mozilla/5.0 AppleWebKit/537.36 (KHTML, like Gecko; compatible; GPTBot/1.2; +https://openai.com/gptbot)"
20.171.207.144 - - [15/Jul/2025:19:48:54 +0000] "GET /info/bet81466823/ HTTP/1.1" 404 16222 "-" "Mozilla/5.0 AppleWebKit/537.36 (KHTML, like Gecko; compatible; GPTBot/1.2; +https://openai.com/gptbot)"
20.171.207.144 - - [15/Jul/2025:19:48:58 +0000] "GET /info/put70385414/ HTTP/1.1" 404 16222 "-" "Mozilla/5.0 AppleWebKit/537.36 (KHTML, like Gecko; compatible; GPTBot/1.2; +https://openai.com/gptbot)"
209.74.77.214 - - [15/Jul/2025:19:51:12 +0000] "POST /wp-cron.php?doing_wp_cron=1752609072.9753019809722900390625 HTTP/1.1" 200 - "-" "WordPress/6.8.1; https://theoldhouse.cafe"
20.171.207.144 - - [15/Jul/2025:19:51:11 +0000] "GET /info/dad32597426/ HTTP/1.1" 404 16222 "-" "Mozilla/5.0 AppleWebKit/537.36 (KHTML, like Gecko; compatible; GPTBot/1.2; +https://openai.com/gptbot)"
20.171.207.144 - - [15/Jul/2025:19:51:14 +0000] "GET /info/gay52138796/ HTTP/1.1" 404 16222 "-" "Mozilla/5.0 AppleWebKit/537.36 (KHTML, like Gecko; compatible; GPTBot/1.2; +https://openai.com/gptbot)"
20.171.207.144 - - [15/Jul/2025:19:51:17 +0000] "GET /info/sea80944759/ HTTP/1.1" 404 16222 "-" "Mozilla/5.0 AppleWebKit/537.36 (KHTML, like Gecko; compatible; GPTBot/1.2; +https://openai.com/gptbot)"
20.171.207.144 - - [15/Jul/2025:19:51:20 +0000] "GET /info/pat41850691/ HTTP/1.1" 404 16222 "-" "Mozilla/5.0 AppleWebKit/537.36 (KHTML, like Gecko; compatible; GPTBot/1.2; +https://openai.com/gptbot)"
20.171.207.144 - - [15/Jul/2025:19:51:23 +0000] "GET /info/mat22358977/ HTTP/1.1" 404 16222 "-" "Mozilla/5.0 AppleWebKit/537.36 (KHTML, like Gecko; compatible; GPTBot/1.2; +https://openai.com/gptbot)"
20.171.207.144 - - [15/Jul/2025:19:51:27 +0000] "GET /info/bet80254823/ HTTP/1.1" 404 16222 "-" "Mozilla/5.0 AppleWebKit/537.36 (KHTML, like Gecko; compatible; GPTBot/1.2; +https://openai.com/gptbot)"
20.171.207.144 - - [15/Jul/2025:19:51:30 +0000] "GET /info/mud82491543/ HTTP/1.1" 404 16222 "-" "Mozilla/5.0 AppleWebKit/537.36 (KHTML, like Gecko; compatible; GPTBot/1.2; +https://openai.com/gptbot)"
20.171.207.144 - - [15/Jul/2025:19:51:33 +0000] "GET /info/sew32039106/ HTTP/1.1" 404 16222 "-" "Mozilla/5.0 AppleWebKit/537.36 (KHTML, like Gecko; compatible; GPTBot/1.2; +https://openai.com/gptbot)"
20.171.207.144 - - [15/Jul/2025:19:51:36 +0000] "GET /info/ham51736588/ HTTP/1.1" 404 16222 "-" "Mozilla/5.0 AppleWebKit/537.36 (KHTML, like Gecko; compatible; GPTBot/1.2; +https://openai.com/gptbot)"
20.171.207.144 - - [15/Jul/2025:19:51:39 +0000] "GET /info/hum21761465/ HTTP/1.1" 404 16222 "-" "Mozilla/5.0 AppleWebKit/537.36 (KHTML, like Gecko; compatible; GPTBot/1.2; +https://openai.com/gptbot)"
209.74.77.214 - - [15/Jul/2025:19:53:22 +0000] "POST /wp-cron.php?doing_wp_cron=1752609202.1233921051025390625000 HTTP/1.1" 200 - "-" "WordPress/6.8.1; https://theoldhouse.cafe"
20.171.207.144 - - [15/Jul/2025:19:53:20 +0000] "GET /info/era82845871/ HTTP/1.1" 404 16222 "-" "Mozilla/5.0 AppleWebKit/537.36 (KHTML, like Gecko; compatible; GPTBot/1.2; +https://openai.com/gptbot)"
20.171.207.144 - - [15/Jul/2025:19:53:23 +0000] "GET /info/wit81754623/ HTTP/1.1" 404 16222 "-" "Mozilla/5.0 AppleWebKit/537.36 (KHTML, like Gecko; compatible; GPTBot/1.2; +https://openai.com/gptbot)"
20.171.207.144 - - [15/Jul/2025:19:53:26 +0000] "GET /info/vcd71424230/ HTTP/1.1" 404 16222 "-" "Mozilla/5.0 AppleWebKit/537.36 (KHTML, like Gecko; compatible; GPTBot/1.2; +https://openai.com/gptbot)"
20.171.207.144 - - [15/Jul/2025:19:53:29 +0000] "GET /info/she72460950/ HTTP/1.1" 404 16222 "-" "Mozilla/5.0 AppleWebKit/537.36 (KHTML, like Gecko; compatible; GPTBot/1.2; +https://openai.com/gptbot)"
20.171.207.144 - - [15/Jul/2025:19:53:33 +0000] "GET /info/her82072151/ HTTP/1.1" 404 16222 "-" "Mozilla/5.0 AppleWebKit/537.36 (KHTML, like Gecko; compatible; GPTBot/1.2; +https://openai.com/gptbot)"
20.171.207.144 - - [15/Jul/2025:19:53:36 +0000] "GET /info/way70664198/ HTTP/1.1" 404 16222 "-" "Mozilla/5.0 AppleWebKit/537.36 (KHTML, like Gecko; compatible; GPTBot/1.2; +https://openai.com/gptbot)"
20.171.207.144 - - [15/Jul/2025:19:53:39 +0000] "GET /info/red81713247/ HTTP/1.1" 404 16222 "-" "Mozilla/5.0 AppleWebKit/537.36 (KHTML, like Gecko; compatible; GPTBot/1.2; +https://openai.com/gptbot)"
209.74.77.214 - - [15/Jul/2025:19:53:42 +0000] "POST /wp-cron.php?doing_wp_cron=1752609222.3120639324188232421875 HTTP/1.1" 200 - "-" "WordPress/6.8.1; https://theoldhouse.cafe"
20.171.207.144 - - [15/Jul/2025:19:53:42 +0000] "GET /info/let81401375/ HTTP/1.1" 404 16222 "-" "Mozilla/5.0 AppleWebKit/537.36 (KHTML, like Gecko; compatible; GPTBot/1.2; +https://openai.com/gptbot)"
20.171.207.144 - - [15/Jul/2025:19:53:45 +0000] "GET /info/que20475937/ HTTP/1.1" 404 16222 "-" "Mozilla/5.0 AppleWebKit/537.36 (KHTML, like Gecko; compatible; GPTBot/1.2; +https://openai.com/gptbot)"
20.171.207.144 - - [15/Jul/2025:19:53:48 +0000] "GET /info/que20623937/ HTTP/1.1" 404 16222 "-" "Mozilla/5.0 AppleWebKit/537.36 (KHTML, like Gecko; compatible; GPTBot/1.2; +https://openai.com/gptbot)"
49.51.243.95 - - [15/Jul/2025:19:53:49 +0000] "GET /wp-json/oembed/1.0/embed?url=https%3A%2F%2Ftheoldhouse.cafe%2F&format=xml HTTP/1.1" 200 1064 "-" "Mozilla/5.0 (iPhone; CPU iPhone OS 13_2_3 like Mac OS X) AppleWebKit/605.1.15 (KHTML, like Gecko) Version/13.0.3 Mobile/15E148 Safari/604.1"
209.74.77.214 - - [15/Jul/2025:19:55:07 +0000] "POST /wp-cron.php?doing_wp_cron=1752609307.7555439472198486328125 HTTP/1.1" 200 - "-" "WordPress/6.8.1; https://theoldhouse.cafe"
20.171.207.144 - - [15/Jul/2025:19:55:05 +0000] "GET /info/add12385240/ HTTP/1.1" 404 16222 "-" "Mozilla/5.0 AppleWebKit/537.36 (KHTML, like Gecko; compatible; GPTBot/1.2; +https://openai.com/gptbot)"
20.171.207.144 - - [15/Jul/2025:19:55:08 +0000] "GET /info/dip62355197/ HTTP/1.1" 404 16222 "-" "Mozilla/5.0 AppleWebKit/537.36 (KHTML, like Gecko; compatible; GPTBot/1.2; +https://openai.com/gptbot)"
20.171.207.144 - - [15/Jul/2025:19:55:11 +0000] "GET /info/vcd71696230/ HTTP/1.1" 404 16222 "-" "Mozilla/5.0 AppleWebKit/537.36 (KHTML, like Gecko; compatible; GPTBot/1.2; +https://openai.com/gptbot)"
209.74.77.214 - - [15/Jul/2025:19:55:15 +0000] "POST /wp-cron.php?doing_wp_cron=1752609315.6454410552978515625000 HTTP/1.1" 200 - "-" "WordPress/6.8.1; https://theoldhouse.cafe"
20.171.207.144 - - [15/Jul/2025:19:55:15 +0000] "GET /info/cup71916382/ HTTP/1.1" 404 16222 "-" "Mozilla/5.0 AppleWebKit/537.36 (KHTML, like Gecko; compatible; GPTBot/1.2; +https://openai.com/gptbot)"
20.171.207.144 - - [15/Jul/2025:19:55:18 +0000] "GET /info/gay51350796/ HTTP/1.1" 404 16222 "-" "Mozilla/5.0 AppleWebKit/537.36 (KHTML, like Gecko; compatible; GPTBot/1.2; +https://openai.com/gptbot)"
20.171.207.144 - - [15/Jul/2025:19:55:21 +0000] "GET /info/rat82964047/ HTTP/1.1" 404 16222 "-" "Mozilla/5.0 AppleWebKit/537.36 (KHTML, like Gecko; compatible; GPTBot/1.2; +https://openai.com/gptbot)"
20.171.207.144 - - [15/Jul/2025:19:55:24 +0000] "GET /info/lid31326850/ HTTP/1.1" 404 16222 "-" "Mozilla/5.0 AppleWebKit/537.36 (KHTML, like Gecko; compatible; GPTBot/1.2; +https://openai.com/gptbot)"
20.171.207.144 - - [15/Jul/2025:19:55:27 +0000] "GET /info/joy82149015/ HTTP/1.1" 404 16222 "-" "Mozilla/5.0 AppleWebKit/537.36 (KHTML, like Gecko; compatible; GPTBot/1.2; +https://openai.com/gptbot)"
20.171.207.144 - - [15/Jul/2025:19:55:31 +0000] "GET /info/let80117375/ HTTP/1.1" 404 16222 "-" "Mozilla/5.0 AppleWebKit/537.36 (KHTML, like Gecko; compatible; GPTBot/1.2; +https://openai.com/gptbot)"
20.171.207.144 - - [15/Jul/2025:19:55:34 +0000] "GET /info/ray80223615/ HTTP/1.1" 404 16222 "-" "Mozilla/5.0 AppleWebKit/537.36 (KHTML, like Gecko; compatible; GPTBot/1.2; +https://openai.com/gptbot)"
209.74.77.214 - - [15/Jul/2025:19:56:36 +0000] "POST /wp-cron.php?doing_wp_cron=1752609396.5023910999298095703125 HTTP/1.1" 200 - "-" "WordPress/6.8.1; https://theoldhouse.cafe"
20.171.207.144 - - [15/Jul/2025:19:56:34 +0000] "GET /info/any32560138/ HTTP/1.1" 404 16222 "-" "Mozilla/5.0 AppleWebKit/537.36 (KHTML, like Gecko; compatible; GPTBot/1.2; +https://openai.com/gptbot)"
20.171.207.144 - - [15/Jul/2025:19:56:37 +0000] "GET /info/row30729194/ HTTP/1.1" 404 16222 "-" "Mozilla/5.0 AppleWebKit/537.36 (KHTML, like Gecko; compatible; GPTBot/1.2; +https://openai.com/gptbot)"
20.171.207.144 - - [15/Jul/2025:19:56:40 +0000] "GET /info/shy70940342/ HTTP/1.1" 404 16222 "-" "Mozilla/5.0 AppleWebKit/537.36 (KHTML, like Gecko; compatible; GPTBot/1.2; +https://openai.com/gptbot)"
209.74.77.214 - - [15/Jul/2025:19:56:44 +0000] "POST /wp-cron.php?doing_wp_cron=1752609404.0237920284271240234375 HTTP/1.1" 200 - "-" "WordPress/6.8.1; https://theoldhouse.cafe"
20.171.207.144 - - [15/Jul/2025:19:56:43 +0000] "GET /info/beg20847097/ HTTP/1.1" 404 16222 "-" "Mozilla/5.0 AppleWebKit/537.36 (KHTML, like Gecko; compatible; GPTBot/1.2; +https://openai.com/gptbot)"
20.171.207.144 - - [15/Jul/2025:19:56:47 +0000] "GET /info/flu32588706/ HTTP/1.1" 404 16222 "-" "Mozilla/5.0 AppleWebKit/537.36 (KHTML, like Gecko; compatible; GPTBot/1.2; +https://openai.com/gptbot)"
20.171.207.144 - - [15/Jul/2025:19:56:50 +0000] "GET /info/jar12126504/ HTTP/1.1" 404 16222 "-" "Mozilla/5.0 AppleWebKit/537.36 (KHTML, like Gecko; compatible; GPTBot/1.2; +https://openai.com/gptbot)"
20.171.207.144 - - [15/Jul/2025:19:56:53 +0000] "GET /info/buy22857761/ HTTP/1.1" 404 16222 "-" "Mozilla/5.0 AppleWebKit/537.36 (KHTML, like Gecko; compatible; GPTBot/1.2; +https://openai.com/gptbot)"
20.171.207.144 - - [15/Jul/2025:19:56:56 +0000] "GET /info/set31697698/ HTTP/1.1" 404 16221 "-" "Mozilla/5.0 AppleWebKit/537.36 (KHTML, like Gecko; compatible; GPTBot/1.2; +https://openai.com/gptbot)"
20.171.207.144 - - [15/Jul/2025:19:56:59 +0000] "GET /info/try60596829/ HTTP/1.1" 404 16222 "-" "Mozilla/5.0 AppleWebKit/537.36 (KHTML, like Gecko; compatible; GPTBot/1.2; +https://openai.com/gptbot)"
20.171.207.144 - - [15/Jul/2025:19:57:03 +0000] "GET /info/bit40136867/ HTTP/1.1" 404 16222 "-" "Mozilla/5.0 AppleWebKit/537.36 (KHTML, like Gecko; compatible; GPTBot/1.2; +https://openai.com/gptbot)"
209.74.77.214 - - [15/Jul/2025:19:57:54 +0000] "POST /wp-cron.php?doing_wp_cron=1752609474.4346299171447753906250 HTTP/1.1" 200 - "-" "WordPress/6.8.1; https://theoldhouse.cafe"
20.171.207.144 - - [15/Jul/2025:19:57:52 +0000] "GET /info/get30729786/ HTTP/1.1" 404 16222 "-" "Mozilla/5.0 AppleWebKit/537.36 (KHTML, like Gecko; compatible; GPTBot/1.2; +https://openai.com/gptbot)"
20.171.207.144 - - [15/Jul/2025:19:57:55 +0000] "GET /info/dye30919402/ HTTP/1.1" 404 16222 "-" "Mozilla/5.0 AppleWebKit/537.36 (KHTML, like Gecko; compatible; GPTBot/1.2; +https://openai.com/gptbot)"
20.171.207.144 - - [15/Jul/2025:19:57:59 +0000] "GET /info/cue71275670/ HTTP/1.1" 404 16222 "-" "Mozilla/5.0 AppleWebKit/537.36 (KHTML, like Gecko; compatible; GPTBot/1.2; +https://openai.com/gptbot)"
20.171.207.144 - - [15/Jul/2025:19:58:02 +0000] "GET /info/bit41924867/ HTTP/1.1" 404 16222 "-" "Mozilla/5.0 AppleWebKit/537.36 (KHTML, like Gecko; compatible; GPTBot/1.2; +https://openai.com/gptbot)"
20.171.207.144 - - [15/Jul/2025:19:58:05 +0000] "GET /info/ear80664599/ HTTP/1.1" 404 16222 "-" "Mozilla/5.0 AppleWebKit/537.36 (KHTML, like Gecko; compatible; GPTBot/1.2; +https://openai.com/gptbot)"
20.171.207.144 - - [15/Jul/2025:19:58:08 +0000] "GET /info/new32504018/ HTTP/1.1" 404 16222 "-" "Mozilla/5.0 AppleWebKit/537.36 (KHTML, like Gecko; compatible; GPTBot/1.2; +https://openai.com/gptbot)"
20.171.207.144 - - [15/Jul/2025:19:58:11 +0000] "GET /info/lab41500883/ HTTP/1.1" 404 16222 "-" "Mozilla/5.0 AppleWebKit/537.36 (KHTML, like Gecko; compatible; GPTBot/1.2; +https://openai.com/gptbot)"
209.74.77.214 - - [15/Jul/2025:19:58:15 +0000] "POST /wp-cron.php?doing_wp_cron=1752609495.1899440288543701171875 HTTP/1.1" 200 - "-" "WordPress/6.8.1; https://theoldhouse.cafe"
20.171.207.144 - - [15/Jul/2025:19:58:14 +0000] "GET /info/paw32594778/ HTTP/1.1" 404 16222 "-" "Mozilla/5.0 AppleWebKit/537.36 (KHTML, like Gecko; compatible; GPTBot/1.2; +https://openai.com/gptbot)"
20.171.207.144 - - [15/Jul/2025:19:58:18 +0000] "GET /info/let82521375/ HTTP/1.1" 404 16222 "-" "Mozilla/5.0 AppleWebKit/537.36 (KHTML, like Gecko; compatible; GPTBot/1.2; +https://openai.com/gptbot)"
20.171.207.144 - - [15/Jul/2025:19:58:21 +0000] "GET /info/rat81308047/ HTTP/1.1" 404 16222 "-" "Mozilla/5.0 AppleWebKit/537.36 (KHTML, like Gecko; compatible; GPTBot/1.2; +https://openai.com/gptbot)"
209.74.77.214 - - [15/Jul/2025:19:58:55 +0000] "POST /wp-cron.php?doing_wp_cron=1752609535.2737560272216796875000 HTTP/1.1" 200 - "-" "WordPress/6.8.1; https://theoldhouse.cafe"
20.171.207.144 - - [15/Jul/2025:19:58:53 +0000] "GET /info/its11396024/ HTTP/1.1" 404 16222 "-" "Mozilla/5.0 AppleWebKit/537.36 (KHTML, like Gecko; compatible; GPTBot/1.2; +https://openai.com/gptbot)"
20.171.207.144 - - [15/Jul/2025:19:58:56 +0000] "GET /info/tax40659811/ HTTP/1.1" 404 16222 "-" "Mozilla/5.0 AppleWebKit/537.36 (KHTML, like Gecko; compatible; GPTBot/1.2; +https://openai.com/gptbot)"
20.171.207.144 - - [15/Jul/2025:19:59:00 +0000] "GET /info/let80485375/ HTTP/1.1" 404 16222 "-" "Mozilla/5.0 AppleWebKit/537.36 (KHTML, like Gecko; compatible; GPTBot/1.2; +https://openai.com/gptbot)"
20.171.207.144 - - [15/Jul/2025:19:59:03 +0000] "GET /info/sky32916786/ HTTP/1.1" 404 16222 "-" "Mozilla/5.0 AppleWebKit/537.36 (KHTML, like Gecko; compatible; GPTBot/1.2; +https://openai.com/gptbot)"
20.171.207.144 - - [15/Jul/2025:19:59:06 +0000] "GET /info/act72680350/ HTTP/1.1" 404 16222 "-" "Mozilla/5.0 AppleWebKit/537.36 (KHTML, like Gecko; compatible; GPTBot/1.2; +https://openai.com/gptbot)"
20.171.207.144 - - [15/Jul/2025:19:59:09 +0000] "GET /info/paw30994778/ HTTP/1.1" 404 16222 "-" "Mozilla/5.0 AppleWebKit/537.36 (KHTML, like Gecko; compatible; GPTBot/1.2; +https://openai.com/gptbot)"
20.171.207.144 - - [15/Jul/2025:19:59:12 +0000] "GET /info/sew32387106/ HTTP/1.1" 404 16222 "-" "Mozilla/5.0 AppleWebKit/537.36 (KHTML, like Gecko; compatible; GPTBot/1.2; +https://openai.com/gptbot)"
209.74.77.214 - - [15/Jul/2025:19:59:16 +0000] "POST /wp-cron.php?doing_wp_cron=1752609556.1833438873291015625000 HTTP/1.1" 200 - "-" "WordPress/6.8.1; https://theoldhouse.cafe"
20.171.207.144 - - [15/Jul/2025:19:59:15 +0000] "GET /info/may20484945/ HTTP/1.1" 404 16221 "-" "Mozilla/5.0 AppleWebKit/537.36 (KHTML, like Gecko; compatible; GPTBot/1.2; +https://openai.com/gptbot)"
20.171.207.144 - - [15/Jul/2025:19:59:19 +0000] "GET /info/get30017786/ HTTP/1.1" 404 16222 "-" "Mozilla/5.0 AppleWebKit/537.36 (KHTML, like Gecko; compatible; GPTBot/1.2; +https://openai.com/gptbot)"
20.171.207.144 - - [15/Jul/2025:19:59:22 +0000] "GET /info/lit12879936/ HTTP/1.1" 404 16222 "-" "Mozilla/5.0 AppleWebKit/537.36 (KHTML, like Gecko; compatible; GPTBot/1.2; +https://openai.com/gptbot)"
209.74.77.214 - - [15/Jul/2025:19:59:45 +0000] "POST /wp-cron.php?doing_wp_cron=1752609585.8924260139465332031250 HTTP/1.1" 200 - "-" "WordPress/6.8.1; https://theoldhouse.cafe"
20.171.207.144 - - [15/Jul/2025:19:59:45 +0000] "GET /info/lot22156497/ HTTP/1.1" 404 16222 "-" "Mozilla/5.0 AppleWebKit/537.36 (KHTML, like Gecko; compatible; GPTBot/1.2; +https://openai.com/gptbot)"
20.171.207.144 - - [15/Jul/2025:19:59:48 +0000] "GET /info/jaw81247495/ HTTP/1.1" 404 16222 "-" "Mozilla/5.0 AppleWebKit/537.36 (KHTML, like Gecko; compatible; GPTBot/1.2; +https://openai.com/gptbot)"
20.171.207.144 - - [15/Jul/2025:19:59:51 +0000] "GET /info/way70828198/ HTTP/1.1" 404 16222 "-" "Mozilla/5.0 AppleWebKit/537.36 (KHTML, like Gecko; compatible; GPTBot/1.2; +https://openai.com/gptbot)"
20.171.207.144 - - [15/Jul/2025:19:59:54 +0000] "GET /info/sea81180759/ HTTP/1.1" 404 16222 "-" "Mozilla/5.0 AppleWebKit/537.36 (KHTML, like Gecko; compatible; GPTBot/1.2; +https://openai.com/gptbot)"
20.171.207.144 - - [15/Jul/2025:19:59:58 +0000] "GET /info/are80241623/ HTTP/1.1" 404 16222 "-" "Mozilla/5.0 AppleWebKit/537.36 (KHTML, like Gecko; compatible; GPTBot/1.2; +https://openai.com/gptbot)"
20.171.207.144 - - [15/Jul/2025:20:00:01 +0000] "GET /info/she71868950/ HTTP/1.1" 404 16222 "-" "Mozilla/5.0 AppleWebKit/537.36 (KHTML, like Gecko; compatible; GPTBot/1.2; +https://openai.com/gptbot)"
20.171.207.144 - - [15/Jul/2025:20:00:48 +0000] "GET /info/ham52360588/ HTTP/1.1" 500 1004 "-" "Mozilla/5.0 AppleWebKit/537.36 (KHTML, like Gecko; compatible; GPTBot/1.2; +https://openai.com/gptbot)"
209.74.77.214 - - [15/Jul/2025:20:04:15 +0000] "POST /wp-cron.php?doing_wp_cron=1752609855.1719241142272949218750 HTTP/1.1" 200 - "-" "WordPress/6.8.1; https://theoldhouse.cafe"
20.171.207.144 - - [15/Jul/2025:20:00:08 +0000] "GET /info/pea52947372/ HTTP/1.1" 404 16222 "-" "Mozilla/5.0 AppleWebKit/537.36 (KHTML, like Gecko; compatible; GPTBot/1.2; +https://openai.com/gptbot)"
209.74.77.214 - - [15/Jul/2025:20:07:44 +0000] "POST /wp-cron.php?doing_wp_cron=1752610064.6226649284362792968750 HTTP/1.1" 200 - "-" "WordPress/6.8.1; https://theoldhouse.cafe"
20.171.207.144 - - [15/Jul/2025:20:07:43 +0000] "GET /info/sea82452759/ HTTP/1.1" 404 16222 "-" "Mozilla/5.0 AppleWebKit/537.36 (KHTML, like Gecko; compatible; GPTBot/1.2; +https://openai.com/gptbot)"
209.74.77.214 - - [15/Jul/2025:20:09:20 +0000] "POST /wp-cron.php?doing_wp_cron=1752610160.0892701148986816406250 HTTP/1.1" 200 - "-" "WordPress/6.8.1; https://theoldhouse.cafe"
101.33.55.204 - - [15/Jul/2025:20:09:18 +0000] "GET /contact/ HTTP/1.1" 200 17032 "-" "Mozilla/5.0 (iPhone; CPU iPhone OS 13_2_3 like Mac OS X) AppleWebKit/605.1.15 (KHTML, like Gecko) Version/13.0.3 Mobile/15E148 Safari/604.1"
