66.249.65.166 - - [13/Jul/2025:17:24:04 +0000] "GET /?k=81935840091900&mod=cb826161&uri=article.php%3Fid%3D2734355-364%26name%3Draey+oversized+leather+jacket HTTP/1.1" 200 21249 "-" "Mozilla/5.0 (Linux; Android 6.0.1; Nexus 5X Build/MMB29P) AppleWebKit/537.36 (KHTML, like Gecko) Chrome/137.0.7151.103 Mobile Safari/537.36 (compatible; Googlebot/2.1; +http://www.google.com/bot.html)"
66.249.65.165 - - [13/Jul/2025:17:24:07 +0000] "GET /?k=119808322011900&mod=f9c1b5bf&uri=goods.php%3Fid%3D3998367-129%26name%3Dbattery+for+iphone+s6 HTTP/1.1" 200 21741 "-" "Mozilla/5.0 (Linux; Android 6.0.1; Nexus 5X Build/MMB29P) AppleWebKit/537.36 (KHTML, like Gecko) Chrome/137.0.7151.103 Mobile Safari/537.36 (compatible; Googlebot/2.1; +http://www.google.com/bot.html)"
66.249.65.164 - - [13/Jul/2025:17:24:07 +0000] "GET /?k=6705035111900&mod=1cde2efe&uri=goods.php%3Fid%3D223932-161%26name%3Dpink+fur+coat+marks+and+spencer HTTP/1.1" 200 20689 "-" "Mozilla/5.0 (Linux; Android 6.0.1; Nexus 5X Build/MMB29P) AppleWebKit/537.36 (KHTML, like Gecko) Chrome/137.0.7151.103 Mobile Safari/537.36 (compatible; Googlebot/2.1; +http://www.google.com/bot.html)"
66.249.65.165 - - [13/Jul/2025:17:24:09 +0000] "GET /?k=6766368031900&mod=9c3916c3&uri=products.php%3Fid%3D225979-380%26name%3Dphillips+feed+and+pet+supply HTTP/1.1" 200 21292 "-" "Mozilla/5.0 (Linux; Android 6.0.1; Nexus 5X Build/MMB29P) AppleWebKit/537.36 (KHTML, like Gecko) Chrome/137.0.7151.103 Mobile Safari/537.36 (compatible; Googlebot/2.1; +http://www.google.com/bot.html)"
66.249.65.164 - - [13/Jul/2025:17:24:15 +0000] "POST /get-message-notify HTTP/1.1" 200 21413 "https://alalamy.com.au/?k=6613135041900&mod=4ef30115&uri=shared.php%3Fid%3D220868-91%26name%3Damazon+bike+basket" "Mozilla/5.0 (Linux; Android 6.0.1; Nexus 5X Build/MMB29P) AppleWebKit/537.36 (KHTML, like Gecko) Chrome/137.0.7151.119 Mobile Safari/537.36 (compatible; Googlebot/2.1; +http://www.google.com/bot.html)"
66.249.65.164 - - [13/Jul/2025:17:24:16 +0000] "GET /?k=6769518031900&mod=9c3916c3&uri=shop.php%3Fid%3D226084-380%26name%3Dpurina+vet+diets HTTP/1.1" 200 21128 "-" "Mozilla/5.0 (Linux; Android 6.0.1; Nexus 5X Build/MMB29P) AppleWebKit/537.36 (KHTML, like Gecko) Chrome/137.0.7151.103 Mobile Safari/537.36 (compatible; Googlebot/2.1; +http://www.google.com/bot.html)"
66.249.65.164 - - [13/Jul/2025:17:24:12 +0000] "GET /?k=6760908011900&mod=b75fccec&uri=shop.php%3Fid%3D225797-233%26name%3Dfalda+alta+y+top HTTP/1.1" 200 21640 "-" "Mozilla/5.0 (Linux; Android 6.0.1; Nexus 5X Build/MMB29P) AppleWebKit/537.36 (KHTML, like Gecko) Chrome/137.0.7151.103 Mobile Safari/537.36 (compatible; Googlebot/2.1; +http://www.google.com/bot.html)"
66.249.65.164 - - [13/Jul/2025:17:24:18 +0000] "GET /?k=114421920021900&mod=25315d7e&uri=news.php%3Fid%3D3818683-373%26name%3Dr9+280x+toxic HTTP/1.1" 200 21208 "-" "Mozilla/5.0 (Linux; Android 6.0.1; Nexus 5X Build/MMB29P) AppleWebKit/537.36 (KHTML, like Gecko) Chrome/137.0.7151.103 Mobile Safari/537.36 (compatible; Googlebot/2.1; +http://www.google.com/bot.html)"
66.249.65.164 - - [13/Jul/2025:17:24:21 +0000] "GET /?k=6766998091900&mod=9c3916c3&uri=brands.php%3Fid%3D226000-380%26name%3Dsuper+ruff+dog+toy HTTP/1.1" 200 21654 "-" "Mozilla/5.0 (Linux; Android 6.0.1; Nexus 5X Build/MMB29P) AppleWebKit/537.36 (KHTML, like Gecko) Chrome/137.0.7151.103 Mobile Safari/537.36 (compatible; Googlebot/2.1; +http://www.google.com/bot.html)"
66.249.65.164 - - [13/Jul/2025:17:24:24 +0000] "GET /?k=2936536031900&mod=55e58848&uri=product.php%3Fid%3D98019-183%26name%3Dhero+dawn+125+top+speed HTTP/1.1" 200 21982 "-" "Mozilla/5.0 (Linux; Android 6.0.1; Nexus 5X Build/MMB29P) AppleWebKit/537.36 (KHTML, like Gecko) Chrome/137.0.7151.103 Mobile Safari/537.36 (compatible; Googlebot/2.1; +http://www.google.com/bot.html)"
66.249.65.164 - - [13/Jul/2025:17:24:28 +0000] "POST /get-message-notify HTTP/1.1" 200 21408 "https://alalamy.com.au/?k=6614335021900&mod=4ef30115&uri=form.php%3Fid%3D220908-91%26name%3Dtall+bib+shorts" "Mozilla/5.0 (Linux; Android 6.0.1; Nexus 5X Build/MMB29P) AppleWebKit/537.36 (KHTML, like Gecko) Chrome/137.0.7151.119 Mobile Safari/537.36 (compatible; Googlebot/2.1; +http://www.google.com/bot.html)"
66.249.65.164 - - [13/Jul/2025:17:24:28 +0000] "GET /?k=2928466081900&mod=55e58848&uri=shared.php%3Fid%3D97750-183%26name%3Dmellow+johnnys+bike+shop HTTP/1.1" 200 21398 "-" "Mozilla/5.0 (Linux; Android 6.0.1; Nexus 5X Build/MMB29P) AppleWebKit/537.36 (KHTML, like Gecko) Chrome/137.0.7151.103 Mobile Safari/537.36 (compatible; Googlebot/2.1; +http://www.google.com/bot.html)"
66.249.65.164 - - [13/Jul/2025:17:24:31 +0000] "GET /?k=6547585031900&mod=0bb3498d&uri=itm.php%3Fid%3D218683-367%26name%3Dcoleman+tent HTTP/1.1" 200 21537 "-" "Mozilla/5.0 (Linux; Android 6.0.1; Nexus 5X Build/MMB29P) AppleWebKit/537.36 (KHTML, like Gecko) Chrome/137.0.7151.103 Mobile Safari/537.36 (compatible; Googlebot/2.1; +http://www.google.com/bot.html)"
66.249.65.164 - - [13/Jul/2025:17:24:33 +0000] "GET /?k=6421136021900&mod=55e58848&uri=dp.php%3Fid%3D214467-183%26name%3Dhero+bikes+bs4+online+booking HTTP/1.1" 200 21586 "-" "Mozilla/5.0 (Linux; Android 6.0.1; Nexus 5X Build/MMB29P) AppleWebKit/537.36 (KHTML, like Gecko) Chrome/137.0.7151.103 Mobile Safari/537.36 (compatible; Googlebot/2.1; +http://www.google.com/bot.html)"
66.249.65.164 - - [13/Jul/2025:17:24:35 +0000] "GET /?k=6555505121900&mod=0bb3498d&uri=article.php%3Fid%3D218947-367%26name%3Dtents+for+children%27s+bedrooms HTTP/1.1" 200 21450 "-" "Mozilla/5.0 (Linux; Android 6.0.1; Nexus 5X Build/MMB29P) AppleWebKit/537.36 (KHTML, like Gecko) Chrome/137.0.7151.103 Mobile Safari/537.36 (compatible; Googlebot/2.1; +http://www.google.com/bot.html)"
66.249.65.165 - - [13/Jul/2025:17:24:35 +0000] "GET /?k=26279808061900&mod=f9c1b5bf&uri=form.php%3Fid%3D877104-129%26name%3Dwhy+wont+my+jaybirds+connect+to+my+iphone HTTP/1.1" 200 22482 "-" "Mozilla/5.0 (Linux; Android 6.0.1; Nexus 5X Build/MMB29P) AppleWebKit/537.36 (KHTML, like Gecko) Chrome/137.0.7151.103 Mobile Safari/537.36 (compatible; Googlebot/2.1; +http://www.google.com/bot.html)"
66.249.65.164 - - [13/Jul/2025:17:24:42 +0000] "GET /?k=6561265091900&mod=0bb3498d&uri=products.php%3Fid%3D219139-367%26name%3Dtent+camping+list HTTP/1.1" 200 21100 "-" "Mozilla/5.0 (Linux; Android 6.0.1; Nexus 5X Build/MMB29P) AppleWebKit/537.36 (KHTML, like Gecko) Chrome/137.0.7151.103 Mobile Safari/537.36 (compatible; Googlebot/2.1; +http://www.google.com/bot.html)"
66.249.65.164 - - [13/Jul/2025:17:24:44 +0000] "GET /?k=7182412001900&mod=4d383d5c&uri=blog.php%3Fid%3D239866-234%26name%3Dmantel+levis HTTP/1.1" 200 22530 "-" "Mozilla/5.0 (Linux; Android 6.0.1; Nexus 5X Build/MMB29P) AppleWebKit/537.36 (KHTML, like Gecko) Chrome/137.0.7151.103 Mobile Safari/537.36 (compatible; Googlebot/2.1; +http://www.google.com/bot.html)"
66.249.65.164 - - [13/Jul/2025:17:24:44 +0000] "GET /?k=6561505071900&mod=0bb3498d&uri=search.php%3Fid%3D219147-367%26name%3Dprincess+tent+house HTTP/1.1" 200 21101 "-" "Mozilla/5.0 (Linux; Android 6.0.1; Nexus 5X Build/MMB29P) AppleWebKit/537.36 (KHTML, like Gecko) Chrome/137.0.7151.103 Mobile Safari/537.36 (compatible; Googlebot/2.1; +http://www.google.com/bot.html)"
66.249.65.165 - - [13/Jul/2025:17:24:44 +0000] "GET /?k=90146736061900&mod=55e58848&uri=article.php%3Fid%3D3008330-183%26name%3Ddream+yuga+price+mileage HTTP/1.1" 200 22381 "-" "Mozilla/5.0 (Linux; Android 6.0.1; Nexus 5X Build/MMB29P) AppleWebKit/537.36 (KHTML, like Gecko) Chrome/137.0.7151.103 Mobile Safari/537.36 (compatible; Googlebot/2.1; +http://www.google.com/bot.html)"
66.249.65.164 - - [13/Jul/2025:17:24:45 +0000] "GET /?k=23665970021900&mod=55e58848&uri=news.php%3Fid%3D789912-183%26name%3Dhonda+shine+sp+ka+photo HTTP/1.1" 200 22034 "-" "Mozilla/5.0 (Linux; Android 6.0.1; Nexus 5X Build/MMB29P) AppleWebKit/537.36 (KHTML, like Gecko) Chrome/137.0.7151.103 Mobile Safari/537.36 (compatible; Googlebot/2.1; +http://www.google.com/bot.html)"
66.249.65.164 - - [13/Jul/2025:17:24:48 +0000] "GET /?k=6561025011900&mod=0bb3498d&uri=goods.php%3Fid%3D219131-367%26name%3Dcarport+sun+shade HTTP/1.1" 200 20854 "-" "Mozilla/5.0 (Linux; Android 6.0.1; Nexus 5X Build/MMB29P) AppleWebKit/537.36 (KHTML, like Gecko) Chrome/137.0.7151.103 Mobile Safari/537.36 (compatible; Googlebot/2.1; +http://www.google.com/bot.html)"
66.249.65.164 - - [13/Jul/2025:17:24:51 +0000] "GET /?k=6553345051900&mod=0bb3498d&uri=pin.php%3Fid%3D218875-367%26name%3Doutdoor+sail+canopy HTTP/1.1" 200 21521 "-" "Mozilla/5.0 (Linux; Android 6.0.1; Nexus 5X Build/MMB29P) AppleWebKit/537.36 (KHTML, like Gecko) Chrome/137.0.7151.103 Mobile Safari/537.36 (compatible; Googlebot/2.1; +http://www.google.com/bot.html)"
66.249.65.165 - - [13/Jul/2025:17:24:54 +0000] "GET /?k=6549985081900&mod=0bb3498d&uri=itm.php%3Fid%3D218763-367%26name%3Ddenali+tent+stove HTTP/1.1" 200 21357 "-" "Mozilla/5.0 (Linux; Android 6.0.1; Nexus 5X Build/MMB29P) AppleWebKit/537.36 (KHTML, like Gecko) Chrome/137.0.7151.103 Mobile Safari/537.36 (compatible; Googlebot/2.1; +http://www.google.com/bot.html)"
66.249.65.165 - - [13/Jul/2025:17:24:59 +0000] "GET /?k=6559345051900&mod=0bb3498d&uri=products.php%3Fid%3D219075-367%26name%3Dflip+over+ice+shelter HTTP/1.1" 200 21519 "-" "Mozilla/5.0 (Linux; Android 6.0.1; Nexus 5X Build/MMB29P) AppleWebKit/537.36 (KHTML, like Gecko) Chrome/137.0.7151.103 Mobile Safari/537.36 (compatible; Googlebot/2.1; +http://www.google.com/bot.html)"
66.249.65.164 - - [13/Jul/2025:17:25:00 +0000] "GET /?k=6552625011900&mod=0bb3498d&uri=brands.php%3Fid%3D218851-367%26name%3Dvango+galli+footprint HTTP/1.1" 200 22243 "-" "Mozilla/5.0 (Linux; Android 6.0.1; Nexus 5X Build/MMB29P) AppleWebKit/537.36 (KHTML, like Gecko) Chrome/137.0.7151.103 Mobile Safari/537.36 (compatible; Googlebot/2.1; +http://www.google.com/bot.html)"
66.249.65.165 - - [13/Jul/2025:17:25:01 +0000] "GET /?k=6459961061900&mod=cb826161&uri=shop.php%3Fid%3D215762-364%26name%3Dwater+repellent+quilted+coat HTTP/1.1" 200 21122 "-" "Mozilla/5.0 (Linux; Android 6.0.1; Nexus 5X Build/MMB29P) AppleWebKit/537.36 (KHTML, like Gecko) Chrome/137.0.7151.103 Mobile Safari/537.36 (compatible; Googlebot/2.1; +http://www.google.com/bot.html)"
66.249.65.164 - - [13/Jul/2025:17:25:03 +0000] "POST /get-message-notify HTTP/1.1" 200 21426 "https://alalamy.com.au/?k=6552625011900&mod=0bb3498d&uri=brands.php%3Fid%3D218851-367%26name%3Dvango+galli+footprint" "Mozilla/5.0 (Linux; Android 6.0.1; Nexus 5X Build/MMB29P) AppleWebKit/537.36 (KHTML, like Gecko) Chrome/137.0.7151.119 Mobile Safari/537.36 (compatible; Googlebot/2.1; +http://www.google.com/bot.html)"
66.249.65.164 - - [13/Jul/2025:17:25:03 +0000] "GET /?k=6549745071900&mod=0bb3498d&uri=us.php%3Fid%3D218755-367%26name%3Dfjallraven+polar+sleeping+bag HTTP/1.1" 200 21027 "-" "Mozilla/5.0 (Linux; Android 6.0.1; Nexus 5X Build/MMB29P) AppleWebKit/537.36 (KHTML, like Gecko) Chrome/137.0.7151.103 Mobile Safari/537.36 (compatible; Googlebot/2.1; +http://www.google.com/bot.html)"
66.249.65.164 - - [13/Jul/2025:17:25:06 +0000] "GET /?k=6498835061900&mod=367c78ec&uri=shared.php%3Fid%3D217058-180%26name%3Dsemi+formal+dresses+for+weddings HTTP/1.1" 200 20933 "-" "Mozilla/5.0 (Linux; Android 6.0.1; Nexus 5X Build/MMB29P) AppleWebKit/537.36 (KHTML, like Gecko) Chrome/137.0.7151.103 Mobile Safari/537.36 (compatible; Googlebot/2.1; +http://www.google.com/bot.html)"
66.249.65.164 - - [13/Jul/2025:17:25:08 +0000] "GET /?k=6548305031900&mod=0bb3498d&uri=pin.php%3Fid%3D218707-367%26name%3Dwirecutter+best+tent HTTP/1.1" 200 22230 "-" "Mozilla/5.0 (Linux; Android 6.0.1; Nexus 5X Build/MMB29P) AppleWebKit/537.36 (KHTML, like Gecko) Chrome/137.0.7151.103 Mobile Safari/537.36 (compatible; Googlebot/2.1; +http://www.google.com/bot.html)"
66.249.65.164 - - [13/Jul/2025:17:25:10 +0000] "GET /?k=6410216031900&mod=55e58848&uri=shared.php%3Fid%3D214103-183%26name%3Dyamaha+rx+100+bike+price+2021 HTTP/1.1" 200 21632 "-" "Mozilla/5.0 (Linux; Android 6.0.1; Nexus 5X Build/MMB29P) AppleWebKit/537.36 (KHTML, like Gecko) Chrome/137.0.7151.103 Mobile Safari/537.36 (compatible; Googlebot/2.1; +http://www.google.com/bot.html)"
66.249.65.164 - - [13/Jul/2025:17:25:33 +0000] "POST /get-message-notify HTTP/1.1" 200 21435 "https://alalamy.com.au/?k=6549745071900&mod=0bb3498d&uri=us.php%3Fid%3D218755-367%26name%3Dfjallraven+polar+sleeping+bag" "Mozilla/5.0 (Linux; Android 6.0.1; Nexus 5X Build/MMB29P) AppleWebKit/537.36 (KHTML, like Gecko) Chrome/137.0.7151.119 Mobile Safari/537.36 (compatible; Googlebot/2.1; +http://www.google.com/bot.html)"
66.249.65.164 - - [13/Jul/2025:17:25:35 +0000] "POST /get-message-notify HTTP/1.1" 200 21435 "https://alalamy.com.au/?k=23665970021900&mod=55e58848&uri=news.php%3Fid%3D789912-183%26name%3Dhonda+shine+sp+ka+photo" "Mozilla/5.0 (Linux; Android 6.0.1; Nexus 5X Build/MMB29P) AppleWebKit/537.36 (KHTML, like Gecko) Chrome/137.0.7151.119 Mobile Safari/537.36 (compatible; Googlebot/2.1; +http://www.google.com/bot.html)"
66.249.65.164 - - [13/Jul/2025:17:25:39 +0000] "POST /get-message-notify HTTP/1.1" 200 21427 "https://alalamy.com.au/?k=13560998021900&mod=7876acb6&uri=products.php%3Fid%3D452760-25%26name%3Dps5+cooling" "Mozilla/5.0 (Linux; Android 6.0.1; Nexus 5X Build/MMB29P) AppleWebKit/537.36 (KHTML, like Gecko) Chrome/137.0.7151.119 Mobile Safari/537.36 (compatible; Googlebot/2.1; +http://www.google.com/bot.html)"
66.249.65.164 - - [13/Jul/2025:17:25:49 +0000] "POST /get-message-notify HTTP/1.1" 200 21437 "https://alalamy.com.au/?k=6555505121900&mod=0bb3498d&uri=article.php%3Fid%3D218947-367%26name%3Dtents+for+children%27s+bedrooms" "Mozilla/5.0 (Linux; Android 6.0.1; Nexus 5X Build/MMB29P) AppleWebKit/537.36 (KHTML, like Gecko) Chrome/137.0.7151.119 Mobile Safari/537.36 (compatible; Googlebot/2.1; +http://www.google.com/bot.html)"
66.249.65.164 - - [13/Jul/2025:17:25:54 +0000] "GET /?k=6421106021900&mod=55e58848&uri=blog.php%3Fid%3D214466-183%26name%3Dhero+honda+tvs+bike HTTP/1.1" 200 22120 "-" "Mozilla/5.0 (Linux; Android 6.0.1; Nexus 5X Build/MMB29P) AppleWebKit/537.36 (KHTML, like Gecko) Chrome/137.0.7151.103 Mobile Safari/537.36 (compatible; Googlebot/2.1; +http://www.google.com/bot.html)"
66.249.65.164 - - [13/Jul/2025:17:25:56 +0000] "GET /?k=6562705071900&mod=0bb3498d&uri=blog.php%3Fid%3D219187-367%26name%3Dslumber+bag+with+pillow HTTP/1.1" 200 21004 "-" "Mozilla/5.0 (Linux; Android 6.0.1; Nexus 5X Build/MMB29P) AppleWebKit/537.36 (KHTML, like Gecko) Chrome/137.0.7151.103 Mobile Safari/537.36 (compatible; Googlebot/2.1; +http://www.google.com/bot.html)"
66.249.65.164 - - [13/Jul/2025:17:25:58 +0000] "GET /?k=6551905031900&mod=0bb3498d&uri=us.php%3Fid%3D218827-367%26name%3Dkids+caterpillar+tunnel HTTP/1.1" 200 21763 "-" "Mozilla/5.0 (Linux; Android 6.0.1; Nexus 5X Build/MMB29P) AppleWebKit/537.36 (KHTML, like Gecko) Chrome/137.0.7151.103 Mobile Safari/537.36 (compatible; Googlebot/2.1; +http://www.google.com/bot.html)"
66.249.65.164 - - [13/Jul/2025:17:26:01 +0000] "GET /?k=6561745101900&mod=343e8f41&uri=products.php%3Fid%3D219155-368%26name%3Dkings+roof+top+tent+annex HTTP/1.1" 200 20434 "-" "Mozilla/5.0 (Linux; Android 6.0.1; Nexus 5X Build/MMB29P) AppleWebKit/537.36 (KHTML, like Gecko) Chrome/137.0.7151.103 Mobile Safari/537.36 (compatible; Googlebot/2.1; +http://www.google.com/bot.html)"
66.249.65.164 - - [13/Jul/2025:17:26:01 +0000] "POST /get-message-notify HTTP/1.1" 200 21423 "https://alalamy.com.au/?k=6551905031900&mod=0bb3498d&uri=us.php%3Fid%3D218827-367%26name%3Dkids+caterpillar+tunnel" "Mozilla/5.0 (Linux; Android 6.0.1; Nexus 5X Build/MMB29P) AppleWebKit/537.36 (KHTML, like Gecko) Chrome/137.0.7151.119 Mobile Safari/537.36 (compatible; Googlebot/2.1; +http://www.google.com/bot.html)"
66.249.65.164 - - [13/Jul/2025:17:26:04 +0000] "GET /?k=6485875011900&mod=367c78ec&uri=blog.php%3Fid%3D216626-180%26name%3Ddresses+to+wear+to+a+church+wedding HTTP/1.1" 200 22469 "-" "Mozilla/5.0 (Linux; Android 6.0.1; Nexus 5X Build/MMB29P) AppleWebKit/537.36 (KHTML, like Gecko) Chrome/137.0.7151.103 Mobile Safari/537.36 (compatible; Googlebot/2.1; +http://www.google.com/bot.html)"
66.249.65.164 - - [13/Jul/2025:17:26:06 +0000] "GET /?k=6550945011900&mod=0bb3498d&uri=us.php%3Fid%3D218795-367%26name%3Dcampsite+power+supply HTTP/1.1" 200 22095 "-" "Mozilla/5.0 (Linux; Android 6.0.1; Nexus 5X Build/MMB29P) AppleWebKit/537.36 (KHTML, like Gecko) Chrome/137.0.7151.103 Mobile Safari/537.36 (compatible; Googlebot/2.1; +http://www.google.com/bot.html)"
66.249.65.164 - - [13/Jul/2025:17:26:13 +0000] "GET /?k=64811524051900&mod=55e58848&uri=goods.php%3Fid%3D2162805-183%26name%3Dbajaj+sports+bikes+price+list HTTP/1.1" 200 22147 "-" "Mozilla/5.0 (Linux; Android 6.0.1; Nexus 5X Build/MMB29P) AppleWebKit/537.36 (KHTML, like Gecko) Chrome/137.0.7151.103 Mobile Safari/537.36 (compatible; Googlebot/2.1; +http://www.google.com/bot.html)"
66.249.65.164 - - [13/Jul/2025:17:26:11 +0000] "GET /?k=6556945001900&mod=0bb3498d&uri=products.php%3Fid%3D218995-367%26name%3Dmountain+hardwear+trango HTTP/1.1" 200 21367 "-" "Mozilla/5.0 (Linux; Android 6.0.1; Nexus 5X Build/MMB29P) AppleWebKit/537.36 (KHTML, like Gecko) Chrome/137.0.7151.103 Mobile Safari/537.36 (compatible; Googlebot/2.1; +http://www.google.com/bot.html)"
66.249.65.164 - - [13/Jul/2025:17:26:09 +0000] "GET /?k=6546145051900&mod=0bb3498d&uri=info.php%3Fid%3D218635-367%26name%3Dcanvas+shade+covers HTTP/1.1" 200 21861 "-" "Mozilla/5.0 (Linux; Android 6.0.1; Nexus 5X Build/MMB29P) AppleWebKit/537.36 (KHTML, like Gecko) Chrome/137.0.7151.103 Mobile Safari/537.36 (compatible; Googlebot/2.1; +http://www.google.com/bot.html)"
66.249.65.164 - - [13/Jul/2025:17:26:20 +0000] "GET /?k=6546625011900&mod=343e8f41&uri=itm.php%3Fid%3D218651-368%26name%3Dtrampoline+walmart+canada HTTP/1.1" 200 21570 "-" "Mozilla/5.0 (Linux; Android 6.0.1; Nexus 5X Build/MMB29P) AppleWebKit/537.36 (KHTML, like Gecko) Chrome/137.0.7151.103 Mobile Safari/537.36 (compatible; Googlebot/2.1; +http://www.google.com/bot.html)"
66.249.65.164 - - [13/Jul/2025:17:26:20 +0000] "GET /?k=119520664011900&mod=43460ad1&uri=brands.php%3Fid%3D3988771-827%26name%3Dgrifos+con+precios+mas+baratos HTTP/1.1" 200 21948 "-" "Mozilla/5.0 (Linux; Android 6.0.1; Nexus 5X Build/MMB29P) AppleWebKit/537.36 (KHTML, like Gecko) Chrome/137.0.7151.103 Mobile Safari/537.36 (compatible; Googlebot/2.1; +http://www.google.com/bot.html)"
66.249.65.164 - - [13/Jul/2025:17:26:21 +0000] "GET /?k=6549505011900&mod=343e8f41&uri=news.php%3Fid%3D218747-368%26name%3Dcustom+ez+up+canopy HTTP/1.1" 200 22040 "-" "Mozilla/5.0 (Linux; Android 6.0.1; Nexus 5X Build/MMB29P) AppleWebKit/537.36 (KHTML, like Gecko) Chrome/137.0.7151.103 Mobile Safari/537.36 (compatible; Googlebot/2.1; +http://www.google.com/bot.html)"
66.249.65.164 - - [13/Jul/2025:17:26:22 +0000] "GET /?k=6588325011900&mod=7a51ab26&uri=brands.php%3Fid%3D220041-371%26name%3Dtony+stark+yellow+glasses HTTP/1.1" 200 22190 "-" "Mozilla/5.0 (Linux; Android 6.0.1; Nexus 5X Build/MMB29P) AppleWebKit/537.36 (KHTML, like Gecko) Chrome/137.0.7151.103 Mobile Safari/537.36 (compatible; Googlebot/2.1; +http://www.google.com/bot.html)"
66.249.65.164 - - [13/Jul/2025:17:26:23 +0000] "GET /?k=6829111121900&mod=bb4df404&uri=itm.php%3Fid%3D228075-384%26name%3Droyal+blue+beaded+dress HTTP/1.1" 200 20760 "-" "Mozilla/5.0 (Linux; Android 6.0.1; Nexus 5X Build/MMB29P) AppleWebKit/537.36 (KHTML, like Gecko) Chrome/137.0.7151.103 Mobile Safari/537.36 (compatible; Googlebot/2.1; +http://www.google.com/bot.html)"
66.249.65.164 - - [13/Jul/2025:17:26:24 +0000] "GET /?k=6832951051900&mod=d8d7e7b1&uri=product.php%3Fid%3D228203-383%26name%3Dmaxi+tuxedo+dress HTTP/1.1" 200 20810 "-" "Mozilla/5.0 (Linux; Android 6.0.1; Nexus 5X Build/MMB29P) AppleWebKit/537.36 (KHTML, like Gecko) Chrome/137.0.7151.103 Mobile Safari/537.36 (compatible; Googlebot/2.1; +http://www.google.com/bot.html)"
66.249.65.164 - - [13/Jul/2025:17:26:26 +0000] "GET /?k=6829351051900&mod=d8d7e7b1&uri=article.php%3Fid%3D228083-383%26name%3Dasos+design+faux+feather+cape+midi+pencil+dress HTTP/1.1" 200 21316 "-" "Mozilla/5.0 (Linux; Android 6.0.1; Nexus 5X Build/MMB29P) AppleWebKit/537.36 (KHTML, like Gecko) Chrome/137.0.7151.103 Mobile Safari/537.36 (compatible; Googlebot/2.1; +http://www.google.com/bot.html)"
66.249.65.164 - - [13/Jul/2025:17:26:29 +0000] "GET /?k=6824791031900&mod=d8d7e7b1&uri=itm.php%3Fid%3D227931-383%26name%3Dhoney+punch+lace+maxi+dress HTTP/1.1" 200 21344 "-" "Mozilla/5.0 (Linux; Android 6.0.1; Nexus 5X Build/MMB29P) AppleWebKit/537.36 (KHTML, like Gecko) Chrome/137.0.7151.103 Mobile Safari/537.36 (compatible; Googlebot/2.1; +http://www.google.com/bot.html)"
66.249.65.164 - - [13/Jul/2025:17:26:29 +0000] "POST /get-message-notify HTTP/1.1" 200 21433 "https://alalamy.com.au/?k=6832951051900&mod=d8d7e7b1&uri=product.php%3Fid%3D228203-383%26name%3Dmaxi+tuxedo+dress" "Mozilla/5.0 (Linux; Android 6.0.1; Nexus 5X Build/MMB29P) AppleWebKit/537.36 (KHTML, like Gecko) Chrome/137.0.7151.119 Mobile Safari/537.36 (compatible; Googlebot/2.1; +http://www.google.com/bot.html)"
66.249.65.164 - - [13/Jul/2025:17:26:31 +0000] "POST /get-message-notify HTTP/1.1" 200 21429 "https://alalamy.com.au/?k=6829351051900&mod=d8d7e7b1&uri=article.php%3Fid%3D228083-383%26name%3Dasos+design+faux+feather+cape+midi+pencil+dress" "Mozilla/5.0 (Linux; Android 6.0.1; Nexus 5X Build/MMB29P) AppleWebKit/537.36 (KHTML, like Gecko) Chrome/137.0.7151.119 Mobile Safari/537.36 (compatible; Googlebot/2.1; +http://www.google.com/bot.html)"
66.249.65.164 - - [13/Jul/2025:17:26:31 +0000] "GET /?k=6830311071900&mod=d8d7e7b1&uri=article.php%3Fid%3D228115-383%26name%3Dlace+up+front+bodycon+dress HTTP/1.1" 200 21573 "-" "Mozilla/5.0 (Linux; Android 6.0.1; Nexus 5X Build/MMB29P) AppleWebKit/537.36 (KHTML, like Gecko) Chrome/137.0.7151.103 Mobile Safari/537.36 (compatible; Googlebot/2.1; +http://www.google.com/bot.html)"
209.74.77.214 - - [13/Jul/2025:17:26:33 +0000] "POST /wp-cron.php?doing_wp_cron=1752427593.6460180282592773437500 HTTP/1.1" 200 - "-" "WordPress/6.8.1; https://alalamy.com.au"
54.36.148.225 - - [13/Jul/2025:17:26:33 +0000] "GET /?k=99489489051900&mod=31bcaa3b&uri=pin.php%3Fid%3D3320219-469%26name%3Dnike+sb+track+pants+white HTTP/1.1" 301 - "-" "Mozilla/5.0 (compatible; AhrefsBot/7.0; +http://ahrefs.com/robot/)"
209.74.77.214 - - [13/Jul/2025:17:26:33 +0000] "POST /wp-admin/admin-ajax.php?action=async_litespeed&nonce=Nr4ndbjLTC1S7u6CXbSGd3LIYdc1iLzW&litespeed_type=imgoptm HTTP/1.1" 200 21 "-" "WordPress/6.8.1; https://alalamy.com.au"
66.249.65.164 - - [13/Jul/2025:17:26:35 +0000] "GET /?k=111247405031900&mod=1366e101&uri=product.php%3Fid%3D3712695-376%26name%3Dwatch+what+we+do+in+the+shadows+episode HTTP/1.1" 200 21897 "-" "Mozilla/5.0 (Linux; Android 6.0.1; Nexus 5X Build/MMB29P) AppleWebKit/537.36 (KHTML, like Gecko) Chrome/137.0.7151.103 Mobile Safari/537.36 (compatible; Googlebot/2.1; +http://www.google.com/bot.html)"
66.249.65.165 - - [13/Jul/2025:17:26:38 +0000] "GET /?k=6833911071900&mod=d8d7e7b1&uri=product.php%3Fid%3D228235-383%26name%3Dbonnie+and+clyde+dress+up+costumes HTTP/1.1" 200 20887 "-" "Mozilla/5.0 (Linux; Android 6.0.1; Nexus 5X Build/MMB29P) AppleWebKit/537.36 (KHTML, like Gecko) Chrome/137.0.7151.103 Mobile Safari/537.36 (compatible; Googlebot/2.1; +http://www.google.com/bot.html)"
66.249.65.165 - - [13/Jul/2025:17:26:42 +0000] "GET /?k=6692495071900&mod=1366e101&uri=pin.php%3Fid%3D223514-376%26name%3Dwatch+ed+edd+eddy+online+free HTTP/1.1" 200 20754 "-" "Mozilla/5.0 (Linux; Android 6.0.1; Nexus 5X Build/MMB29P) AppleWebKit/537.36 (KHTML, like Gecko) Chrome/137.0.7151.103 Mobile Safari/537.36 (compatible; Googlebot/2.1; +http://www.google.com/bot.html)"
66.249.65.164 - - [13/Jul/2025:17:26:40 +0000] "GET /?k=6818320121900&mod=cb45a111&uri=form.php%3Fid%3D227715-381%26name%3Dnero+giardini+2022+amazon HTTP/1.1" 200 21429 "-" "Mozilla/5.0 (Linux; Android 6.0.1; Nexus 5X Build/MMB29P) AppleWebKit/537.36 (KHTML, like Gecko) Chrome/137.0.7151.103 Mobile Safari/537.36 (compatible; Googlebot/2.1; +http://www.google.com/bot.html)"
66.249.65.164 - - [13/Jul/2025:17:26:46 +0000] "GET /?k=6835111021900&mod=d8d7e7b1&uri=products.php%3Fid%3D228275-383%26name%3Dhouse+of+cb+maxi+dress HTTP/1.1" 200 21065 "-" "Mozilla/5.0 (Linux; Android 6.0.1; Nexus 5X Build/MMB29P) AppleWebKit/537.36 (KHTML, like Gecko) Chrome/137.0.7151.103 Mobile Safari/537.36 (compatible; Googlebot/2.1; +http://www.google.com/bot.html)"
66.249.65.164 - - [13/Jul/2025:17:27:06 +0000] "POST /get-message-notify HTTP/1.1" 200 21421 "https://alalamy.com.au/?k=6546145051900&mod=0bb3498d&uri=info.php%3Fid%3D218635-367%26name%3Dcanvas+shade+covers" "Mozilla/5.0 (Linux; Android 6.0.1; Nexus 5X Build/MMB29P) AppleWebKit/537.36 (KHTML, like Gecko) Chrome/137.0.7151.119 Mobile Safari/537.36 (compatible; Googlebot/2.1; +http://www.google.com/bot.html)"
66.249.65.164 - - [13/Jul/2025:17:27:08 +0000] "POST /get-message-notify HTTP/1.1" 200 21421 "https://alalamy.com.au/?k=6549505011900&mod=343e8f41&uri=news.php%3Fid%3D218747-368%26name%3Dcustom+ez+up+canopy" "Mozilla/5.0 (Linux; Android 6.0.1; Nexus 5X Build/MMB29P) AppleWebKit/537.36 (KHTML, like Gecko) Chrome/137.0.7151.119 Mobile Safari/537.36 (compatible; Googlebot/2.1; +http://www.google.com/bot.html)"
66.249.65.164 - - [13/Jul/2025:17:27:08 +0000] "GET /?k=6692525121900&mod=1366e101&uri=brands.php%3Fid%3D223515-376%26name%3Ddil+to+pagal+hai+full+movie+online+free HTTP/1.1" 200 21001 "-" "Mozilla/5.0 (Linux; Android 6.0.1; Nexus 5X Build/MMB29P) AppleWebKit/537.36 (KHTML, like Gecko) Chrome/137.0.7151.103 Mobile Safari/537.36 (compatible; Googlebot/2.1; +http://www.google.com/bot.html)"
66.249.65.164 - - [13/Jul/2025:17:27:10 +0000] "GET /?k=6834151011900&mod=d8d7e7b1&uri=goods.php%3Fid%3D228243-383%26name%3Dpostpartum+maxi+dress HTTP/1.1" 200 21781 "-" "Mozilla/5.0 (Linux; Android 6.0.1; Nexus 5X Build/MMB29P) AppleWebKit/537.36 (KHTML, like Gecko) Chrome/137.0.7151.103 Mobile Safari/537.36 (compatible; Googlebot/2.1; +http://www.google.com/bot.html)"
66.249.65.164 - - [13/Jul/2025:17:27:10 +0000] "POST /get-message-notify HTTP/1.1" 200 21424 "https://alalamy.com.au/?k=6835111021900&mod=d8d7e7b1&uri=products.php%3Fid%3D228275-383%26name%3Dhouse+of+cb+maxi+dress" "Mozilla/5.0 (Linux; Android 6.0.1; Nexus 5X Build/MMB29P) AppleWebKit/537.36 (KHTML, like Gecko) Chrome/137.0.7151.119 Mobile Safari/537.36 (compatible; Googlebot/2.1; +http://www.google.com/bot.html)"
66.249.65.164 - - [13/Jul/2025:17:27:11 +0000] "GET /?k=110734485101900&mod=1366e101&uri=brands.php%3Fid%3D3695563-376%26name%3Dthe+lion+king+1994+movie+online+free HTTP/1.1" 200 21671 "-" "Mozilla/5.0 (Linux; Android 6.0.1; Nexus 5X Build/MMB29P) AppleWebKit/537.36 (KHTML, like Gecko) Chrome/137.0.7151.103 Mobile Safari/537.36 (compatible; Googlebot/2.1; +http://www.google.com/bot.html)"
66.249.65.164 - - [13/Jul/2025:17:27:11 +0000] "GET /?k=6720485091900&mod=1366e101&uri=pin.php%3Fid%3D224447-376%26name%3Ddexter+laboratory+full+episodes+online+free HTTP/1.1" 200 21211 "-" "Mozilla/5.0 (Linux; Android 6.0.1; Nexus 5X Build/MMB29P) AppleWebKit/537.36 (KHTML, like Gecko) Chrome/137.0.7151.103 Mobile Safari/537.36 (compatible; Googlebot/2.1; +http://www.google.com/bot.html)"
66.249.65.164 - - [13/Jul/2025:17:27:12 +0000] "GET /?k=85475346041900&mod=462b7359&uri=brands.php%3Fid%3D2852454-220%26name%3Dstructured+blazer HTTP/1.1" 200 22035 "-" "Mozilla/5.0 (Linux; Android 6.0.1; Nexus 5X Build/MMB29P) AppleWebKit/537.36 (KHTML, like Gecko) Chrome/137.0.7151.103 Mobile Safari/537.36 (compatible; Googlebot/2.1; +http://www.google.com/bot.html)"
66.249.65.164 - - [13/Jul/2025:17:27:19 +0000] "POST /get-message-notify HTTP/1.1" 200 21441 "https://alalamy.com.au/?k=6692495071900&mod=1366e101&uri=pin.php%3Fid%3D223514-376%26name%3Dwatch+ed+edd+eddy+online+free" "Mozilla/5.0 (Linux; Android 6.0.1; Nexus 5X Build/MMB29P) AppleWebKit/537.36 (KHTML, like Gecko) Chrome/137.0.7151.119 Mobile Safari/537.36 (compatible; Googlebot/2.1; +http://www.google.com/bot.html)"
66.249.65.164 - - [13/Jul/2025:17:27:25 +0000] "POST /get-message-notify HTTP/1.1" 200 21416 "https://alalamy.com.au/?k=6561745101900&mod=343e8f41&uri=products.php%3Fid%3D219155-368%26name%3Dkings+roof+top+tent+annex" "Mozilla/5.0 (Linux; Android 6.0.1; Nexus 5X Build/MMB29P) AppleWebKit/537.36 (KHTML, like Gecko) Chrome/137.0.7151.119 Mobile Safari/537.36 (compatible; Googlebot/2.1; +http://www.google.com/bot.html)"
66.249.65.164 - - [13/Jul/2025:17:27:29 +0000] "POST /get-message-notify HTTP/1.1" 200 21422 "https://alalamy.com.au/?k=6833911071900&mod=d8d7e7b1&uri=product.php%3Fid%3D228235-383%26name%3Dbonnie+and+clyde+dress+up+costumes" "Mozilla/5.0 (Linux; Android 6.0.1; Nexus 5X Build/MMB29P) AppleWebKit/537.36 (KHTML, like Gecko) Chrome/137.0.7151.119 Mobile Safari/537.36 (compatible; Googlebot/2.1; +http://www.google.com/bot.html)"
66.249.65.166 - - [13/Jul/2025:17:28:24 +0000] "GET /?k=44476445071900&mod=9c3916c3&uri=news.php%3Fid%3D1484323-380%26name%3Dmultipet+loofa+dog HTTP/1.1" 200 21558 "-" "Mozilla/5.0 (Linux; Android 6.0.1; Nexus 5X Build/MMB29P) AppleWebKit/537.36 (KHTML, like Gecko) Chrome/137.0.7151.103 Mobile Safari/537.36 (compatible; Googlebot/2.1; +http://www.google.com/bot.html)"
66.249.65.165 - - [13/Jul/2025:17:28:26 +0000] "GET /?k=6811734011900&mod=cb45a111&uri=products.php%3Fid%3D227494-381%26name%3Dsandali+comodi+per+gravidanza HTTP/1.1" 200 21623 "-" "Mozilla/5.0 (Linux; Android 6.0.1; Nexus 5X Build/MMB29P) AppleWebKit/537.36 (KHTML, like Gecko) Chrome/137.0.7151.103 Mobile Safari/537.36 (compatible; Googlebot/2.1; +http://www.google.com/bot.html)"
66.249.65.165 - - [13/Jul/2025:17:28:27 +0000] "GET /?k=6439916041900&mod=462b7359&uri=blog.php%3Fid%3D215093-220%26name%3Dflight+deck+hi+pink HTTP/1.1" 200 21114 "-" "Mozilla/5.0 (Linux; Android 6.0.1; Nexus 5X Build/MMB29P) AppleWebKit/537.36 (KHTML, like Gecko) Chrome/137.0.7151.103 Mobile Safari/537.36 (compatible; Googlebot/2.1; +http://www.google.com/bot.html)"
66.249.65.165 - - [13/Jul/2025:17:28:30 +0000] "GET /?k=6811374041900&mod=cb45a111&uri=news.php%3Fid%3D227482-381%26name%3Dnuove+alexander+mcqueen+uomo HTTP/1.1" 200 21855 "-" "Mozilla/5.0 (Linux; Android 6.0.1; Nexus 5X Build/MMB29P) AppleWebKit/537.36 (KHTML, like Gecko) Chrome/137.0.7151.103 Mobile Safari/537.36 (compatible; Googlebot/2.1; +http://www.google.com/bot.html)"
66.249.65.164 - - [13/Jul/2025:17:28:34 +0000] "POST /get-message-notify HTTP/1.1" 200 21433 "https://alalamy.com.au/?k=6811734011900&mod=cb45a111&uri=products.php%3Fid%3D227494-381%26name%3Dsandali+comodi+per+gravidanza" "Mozilla/5.0 (Linux; Android 6.0.1; Nexus 5X Build/MMB29P) AppleWebKit/537.36 (KHTML, like Gecko) Chrome/137.0.7151.119 Mobile Safari/537.36 (compatible; Googlebot/2.1; +http://www.google.com/bot.html)"
66.249.65.164 - - [13/Jul/2025:17:28:34 +0000] "GET /?k=6812454001900&mod=cb45a111&uri=search.php%3Fid%3D227518-381%26name%3Dscarponi+da+sci+garmont HTTP/1.1" 200 22329 "-" "Mozilla/5.0 (Linux; Android 6.0.1; Nexus 5X Build/MMB29P) AppleWebKit/537.36 (KHTML, like Gecko) Chrome/137.0.7151.103 Mobile Safari/537.36 (compatible; Googlebot/2.1; +http://www.google.com/bot.html)"
66.249.65.164 - - [13/Jul/2025:17:28:32 +0000] "GET /?k=6778585041900&mod=9c3916c3&uri=goods.php%3Fid%3D226387-380%26name%3Ddog+bark+birdhouse+home+depot HTTP/1.1" 200 21713 "-" "Mozilla/5.0 (Linux; Android 6.0.1; Nexus 5X Build/MMB29P) AppleWebKit/537.36 (KHTML, like Gecko) Chrome/137.0.7151.103 Mobile Safari/537.36 (compatible; Googlebot/2.1; +http://www.google.com/bot.html)"
66.249.65.164 - - [13/Jul/2025:17:28:38 +0000] "GET /?k=6814321031900&mod=cb45a111&uri=pin.php%3Fid%3D227581-381%26name%3Dsandali+con+jeans HTTP/1.1" 200 21910 "-" "Mozilla/5.0 (Linux; Android 6.0.1; Nexus 5X Build/MMB29P) AppleWebKit/537.36 (KHTML, like Gecko) Chrome/137.0.7151.103 Mobile Safari/537.36 (compatible; Googlebot/2.1; +http://www.google.com/bot.html)"
66.249.65.164 - - [13/Jul/2025:17:28:41 +0000] "GET /?k=6816100031900&mod=cb45a111&uri=dp.php%3Fid%3D227641-381%26name%3Dmigliori+scarpe+per+walking HTTP/1.1" 200 22154 "-" "Mozilla/5.0 (Linux; Android 6.0.1; Nexus 5X Build/MMB29P) AppleWebKit/537.36 (KHTML, like Gecko) Chrome/137.0.7151.103 Mobile Safari/537.36 (compatible; Googlebot/2.1; +http://www.google.com/bot.html)"
66.249.65.164 - - [13/Jul/2025:17:28:42 +0000] "GET /?k=6846961041900&mod=d8d7e7b1&uri=search.php%3Fid%3D228670-383%26name%3Dself+portrait+3d+lily+dress HTTP/1.1" 200 22016 "-" "Mozilla/5.0 (Linux; Android 6.0.1; Nexus 5X Build/MMB29P) AppleWebKit/537.36 (KHTML, like Gecko) Chrome/137.0.7151.103 Mobile Safari/537.36 (compatible; Googlebot/2.1; +http://www.google.com/bot.html)"
66.249.65.164 - - [13/Jul/2025:17:28:44 +0000] "GET /?k=6852354041900&mod=365adce6&uri=product.php%3Fid%3D228850-385%26name%3Dasus+zenwatch+battery HTTP/1.1" 200 21395 "-" "Mozilla/5.0 (Linux; Android 6.0.1; Nexus 5X Build/MMB29P) AppleWebKit/537.36 (KHTML, like Gecko) Chrome/137.0.7151.103 Mobile Safari/537.36 (compatible; Googlebot/2.1; +http://www.google.com/bot.html)"
66.249.65.164 - - [13/Jul/2025:17:28:46 +0000] "GET /?k=87721911051900&mod=9c3916c3&uri=shop.php%3Fid%3D2927433-380%26name%3Dpurina+one+smartblend+true+instinct+review HTTP/1.1" 200 20836 "-" "Mozilla/5.0 (Linux; Android 6.0.1; Nexus 5X Build/MMB29P) AppleWebKit/537.36 (KHTML, like Gecko) Chrome/137.0.7151.103 Mobile Safari/537.36 (compatible; Googlebot/2.1; +http://www.google.com/bot.html)"
66.249.65.164 - - [13/Jul/2025:17:28:48 +0000] "GET /?k=6812364071900&mod=cb45a111&uri=brands.php%3Fid%3D227515-381%26name%3Dprimigi+bambina+saldi HTTP/1.1" 200 21632 "-" "Mozilla/5.0 (Linux; Android 6.0.1; Nexus 5X Build/MMB29P) AppleWebKit/537.36 (KHTML, like Gecko) Chrome/137.0.7151.103 Mobile Safari/537.36 (compatible; Googlebot/2.1; +http://www.google.com/bot.html)"
66.249.65.164 - - [13/Jul/2025:17:28:52 +0000] "POST /get-message-notify HTTP/1.1" 200 21424 "https://alalamy.com.au/?k=6812364071900&mod=cb45a111&uri=brands.php%3Fid%3D227515-381%26name%3Dprimigi+bambina+saldi" "Mozilla/5.0 (Linux; Android 6.0.1; Nexus 5X Build/MMB29P) AppleWebKit/537.36 (KHTML, like Gecko) Chrome/137.0.7151.119 Mobile Safari/537.36 (compatible; Googlebot/2.1; +http://www.google.com/bot.html)"
66.249.65.164 - - [13/Jul/2025:17:28:52 +0000] "GET /?k=44494415061900&mod=9c3916c3&uri=form.php%3Fid%3D1484922-380%26name%3Dchicken+squeaky+dog+toy HTTP/1.1" 200 21553 "-" "Mozilla/5.0 (Linux; Android 6.0.1; Nexus 5X Build/MMB29P) AppleWebKit/537.36 (KHTML, like Gecko) Chrome/137.0.7151.103 Mobile Safari/537.36 (compatible; Googlebot/2.1; +http://www.google.com/bot.html)"
66.249.65.165 - - [13/Jul/2025:17:28:55 +0000] "GET /?k=6817360101900&mod=cb45a111&uri=form.php%3Fid%3D227683-381%26name%3Dparlanti+equitazione HTTP/1.1" 200 21498 "-" "Mozilla/5.0 (Linux; Android 6.0.1; Nexus 5X Build/MMB29P) AppleWebKit/537.36 (KHTML, like Gecko) Chrome/137.0.7151.103 Mobile Safari/537.36 (compatible; Googlebot/2.1; +http://www.google.com/bot.html)"
66.249.65.165 - - [13/Jul/2025:17:28:57 +0000] "GET /?k=6814051041900&mod=cb45a111&uri=dp.php%3Fid%3D227572-381%26name%3Dsandali+bassi+oro+con+lacci HTTP/1.1" 200 22053 "-" "Mozilla/5.0 (Linux; Android 6.0.1; Nexus 5X Build/MMB29P) AppleWebKit/537.36 (KHTML, like Gecko) Chrome/137.0.7151.103 Mobile Safari/537.36 (compatible; Googlebot/2.1; +http://www.google.com/bot.html)"
66.249.65.165 - - [13/Jul/2025:17:28:59 +0000] "GET /?k=6811554001900&mod=cb45a111&uri=brands.php%3Fid%3D227488-381%26name%3Dprimigi+scarpe+bambina+outlet HTTP/1.1" 200 21988 "-" "Mozilla/5.0 (Linux; Android 6.0.1; Nexus 5X Build/MMB29P) AppleWebKit/537.36 (KHTML, like Gecko) Chrome/137.0.7151.103 Mobile Safari/537.36 (compatible; Googlebot/2.1; +http://www.google.com/bot.html)"
66.249.65.164 - - [13/Jul/2025:17:29:01 +0000] "GET /?k=6817720031900&mod=cb45a111&uri=product.php%3Fid%3D227695-381%26name%3Dair+force+cambia+colore+al+sole HTTP/1.1" 200 22277 "-" "Mozilla/5.0 (Linux; Android 6.0.1; Nexus 5X Build/MMB29P) AppleWebKit/537.36 (KHTML, like Gecko) Chrome/137.0.7151.103 Mobile Safari/537.36 (compatible; Googlebot/2.1; +http://www.google.com/bot.html)"
66.249.65.164 - - [13/Jul/2025:17:29:01 +0000] "POST /get-message-notify HTTP/1.1" 200 21418 "https://alalamy.com.au/?k=6778585041900&mod=9c3916c3&uri=goods.php%3Fid%3D226387-380%26name%3Ddog+bark+birdhouse+home+depot" "Mozilla/5.0 (Linux; Android 6.0.1; Nexus 5X Build/MMB29P) AppleWebKit/537.36 (KHTML, like Gecko) Chrome/137.0.7151.119 Mobile Safari/537.36 (compatible; Googlebot/2.1; +http://www.google.com/bot.html)"
66.249.65.164 - - [13/Jul/2025:17:29:03 +0000] "GET /?k=6813871131900&mod=cb45a111&uri=product.php%3Fid%3D227566-381%26name%3Dstivali+bassi+da+giardino HTTP/1.1" 200 21774 "-" "Mozilla/5.0 (Linux; Android 6.0.1; Nexus 5X Build/MMB29P) AppleWebKit/537.36 (KHTML, like Gecko) Chrome/137.0.7151.103 Mobile Safari/537.36 (compatible; Googlebot/2.1; +http://www.google.com/bot.html)"
66.249.65.164 - - [13/Jul/2025:17:29:06 +0000] "GET /?k=6552475021900&mod=0bb3498d&uri=search.php%3Fid%3D218846-367%26name%3Damazon+sun+shade+sail HTTP/1.1" 200 21640 "-" "Mozilla/5.0 (Linux; Android 6.0.1; Nexus 5X Build/MMB29P) AppleWebKit/537.36 (KHTML, like Gecko) Chrome/137.0.7151.103 Mobile Safari/537.36 (compatible; Googlebot/2.1; +http://www.google.com/bot.html)"
66.249.65.164 - - [13/Jul/2025:17:29:06 +0000] "POST /get-message-notify HTTP/1.1" 200 21426 "https://alalamy.com.au/?k=6813871131900&mod=cb45a111&uri=product.php%3Fid%3D227566-381%26name%3Dstivali+bassi+da+giardino" "Mozilla/5.0 (Linux; Android 6.0.1; Nexus 5X Build/MMB29P) AppleWebKit/537.36 (KHTML, like Gecko) Chrome/137.0.7151.119 Mobile Safari/537.36 (compatible; Googlebot/2.1; +http://www.google.com/bot.html)"
66.249.65.164 - - [13/Jul/2025:17:29:09 +0000] "POST /get-message-notify HTTP/1.1" 200 21414 "https://alalamy.com.au/?k=6817720031900&mod=cb45a111&uri=product.php%3Fid%3D227695-381%26name%3Dair+force+cambia+colore+al+sole" "Mozilla/5.0 (Linux; Android 6.0.1; Nexus 5X Build/MMB29P) AppleWebKit/537.36 (KHTML, like Gecko) Chrome/137.0.7151.119 Mobile Safari/537.36 (compatible; Googlebot/2.1; +http://www.google.com/bot.html)"
66.249.65.164 - - [13/Jul/2025:17:29:10 +0000] "GET /?k=6814681101900&mod=cb45a111&uri=search.php%3Fid%3D227593-381%26name%3Dscarpe+piu+costose+di+stockx HTTP/1.1" 200 21582 "-" "Mozilla/5.0 (Linux; Android 6.0.1; Nexus 5X Build/MMB29P) AppleWebKit/537.36 (KHTML, like Gecko) Chrome/137.0.7151.103 Mobile Safari/537.36 (compatible; Googlebot/2.1; +http://www.google.com/bot.html)"
66.249.65.164 - - [13/Jul/2025:17:29:08 +0000] "GET /?k=6513145031900&mod=367c78ec&uri=us.php%3Fid%3D217535-180%26name%3Dsummer+dresses+2019+for+wedding+guest HTTP/1.1" 200 22473 "-" "Mozilla/5.0 (Linux; Android 6.0.1; Nexus 5X Build/MMB29P) AppleWebKit/537.36 (KHTML, like Gecko) Chrome/137.0.7151.103 Mobile Safari/537.36 (compatible; Googlebot/2.1; +http://www.google.com/bot.html)"
66.249.65.164 - - [13/Jul/2025:17:29:14 +0000] "GET /?k=6814951041900&mod=cb45a111&uri=category-info.php%3Fid%3D227602-381%26name%3Dorizo+stivali HTTP/1.1" 200 21520 "-" "Mozilla/5.0 (Linux; Android 6.0.1; Nexus 5X Build/MMB29P) AppleWebKit/537.36 (KHTML, like Gecko) Chrome/137.0.7151.103 Mobile Safari/537.36 (compatible; Googlebot/2.1; +http://www.google.com/bot.html)"
66.249.65.164 - - [13/Jul/2025:17:29:26 +0000] "GET /?k=6500935041900&mod=367c78ec&uri=shared.php%3Fid%3D217128-180%26name%3Dpeach+long+dress+for+wedding HTTP/1.1" 200 20282 "-" "Mozilla/5.0 (Linux; Android 6.0.1; Nexus 5X Build/MMB29P) AppleWebKit/537.36 (KHTML, like Gecko) Chrome/137.0.7151.103 Mobile Safari/537.36 (compatible; Googlebot/2.1; +http://www.google.com/bot.html)"
66.249.65.164 - - [13/Jul/2025:17:29:27 +0000] "GET /?k=119431943071900&mod=34a95ac7&uri=dp.php%3Fid%3D3985810-323%26name%3Dpersonalized+yeti+rambler+20 HTTP/1.1" 200 20824 "-" "Mozilla/5.0 (Linux; Android 6.0.1; Nexus 5X Build/MMB29P) AppleWebKit/537.36 (KHTML, like Gecko) Chrome/137.0.7151.103 Mobile Safari/537.36 (compatible; Googlebot/2.1; +http://www.google.com/bot.html)"
66.249.65.164 - - [13/Jul/2025:17:29:27 +0000] "GET /?k=6807024091900&mod=cb45a111&uri=pin.php%3Fid%3D227337-381%26name%3Dstivali+tacco+punta+quadrata HTTP/1.1" 200 21644 "-" "Mozilla/5.0 (Linux; Android 6.0.1; Nexus 5X Build/MMB29P) AppleWebKit/537.36 (KHTML, like Gecko) Chrome/137.0.7151.103 Mobile Safari/537.36 (compatible; Googlebot/2.1; +http://www.google.com/bot.html)"
66.249.65.164 - - [13/Jul/2025:17:29:29 +0000] "GET /?k=6812634001900&mod=cb45a111&uri=blog.php%3Fid%3D227524-381%26name%3Dsandalo+in+corda+donna HTTP/1.1" 200 22085 "-" "Mozilla/5.0 (Linux; Android 6.0.1; Nexus 5X Build/MMB29P) AppleWebKit/537.36 (KHTML, like Gecko) Chrome/137.0.7151.103 Mobile Safari/537.36 (compatible; Googlebot/2.1; +http://www.google.com/bot.html)"
66.249.65.164 - - [13/Jul/2025:17:29:29 +0000] "POST /get-message-notify HTTP/1.1" 200 21441 "https://alalamy.com.au/?k=6811554001900&mod=cb45a111&uri=brands.php%3Fid%3D227488-381%26name%3Dprimigi+scarpe+bambina+outlet" "Mozilla/5.0 (Linux; Android 6.0.1; Nexus 5X Build/MMB29P) AppleWebKit/537.36 (KHTML, like Gecko) Chrome/137.0.7151.119 Mobile Safari/537.36 (compatible; Googlebot/2.1; +http://www.google.com/bot.html)"
66.249.65.164 - - [13/Jul/2025:17:29:31 +0000] "GET /?k=6813534011900&mod=cb45a111&uri=category-info.php%3Fid%3D227554-381%26name%3Dsandali+neri+con+tacco+e+lacci HTTP/1.1" 200 21894 "-" "Mozilla/5.0 (Linux; Android 6.0.1; Nexus 5X Build/MMB29P) AppleWebKit/537.36 (KHTML, like Gecko) Chrome/137.0.7151.103 Mobile Safari/537.36 (compatible; Googlebot/2.1; +http://www.google.com/bot.html)"
66.249.65.165 - - [13/Jul/2025:17:29:31 +0000] "GET /?k=6812994081900&mod=cb45a111&uri=article.php%3Fid%3D227536-381%26name%3Dcallaghan+scarpe+on+line HTTP/1.1" 200 21724 "-" "Mozilla/5.0 (Linux; Android 6.0.1; Nexus 5X Build/MMB29P) AppleWebKit/537.36 (KHTML, like Gecko) Chrome/137.0.7151.103 Mobile Safari/537.36 (compatible; Googlebot/2.1; +http://www.google.com/bot.html)"
66.249.65.165 - - [13/Jul/2025:17:29:31 +0000] "GET /?k=92749024011900&mod=462b7359&uri=article.php%3Fid%3D3095205-220%26name%3Dpink+two+piece+blazer+set HTTP/1.1" 200 22676 "-" "Mozilla/5.0 (Linux; Android 6.0.1; Nexus 5X Build/MMB29P) AppleWebKit/537.36 (KHTML, like Gecko) Chrome/137.0.7151.103 Mobile Safari/537.36 (compatible; Googlebot/2.1; +http://www.google.com/bot.html)"
66.249.65.164 - - [13/Jul/2025:17:29:32 +0000] "POST /get-message-notify HTTP/1.1" 200 21412 "https://alalamy.com.au/?k=6829111121900&mod=bb4df404&uri=itm.php%3Fid%3D228075-384%26name%3Droyal+blue+beaded+dress" "Mozilla/5.0 (Linux; Android 6.0.1; Nexus 5X Build/MMB29P) AppleWebKit/537.36 (KHTML, like Gecko) Chrome/137.0.7151.119 Mobile Safari/537.36 (compatible; Googlebot/2.1; +http://www.google.com/bot.html)"
66.249.65.164 - - [13/Jul/2025:17:29:32 +0000] "GET /?k=6863964041900&mod=365adce6&uri=blog.php%3Fid%3D229237-385%26name%3Dgarmin+vivofit+vs+fitbit+alta HTTP/1.1" 200 20536 "-" "Mozilla/5.0 (Linux; Android 6.0.1; Nexus 5X Build/MMB29P) AppleWebKit/537.36 (KHTML, like Gecko) Chrome/137.0.7151.103 Mobile Safari/537.36 (compatible; Googlebot/2.1; +http://www.google.com/bot.html)"
66.249.65.165 - - [13/Jul/2025:17:29:34 +0000] "GET /?k=6814411011900&mod=cb45a111&uri=us.php%3Fid%3D227584-381%26name%3Dstivali+ugg+con+paillettes HTTP/1.1" 200 21679 "-" "Mozilla/5.0 (Linux; Android 6.0.1; Nexus 5X Build/MMB29P) AppleWebKit/537.36 (KHTML, like Gecko) Chrome/137.0.7151.103 Mobile Safari/537.36 (compatible; Googlebot/2.1; +http://www.google.com/bot.html)"
66.249.65.165 - - [13/Jul/2025:17:29:36 +0000] "POST /get-message-notify HTTP/1.1" 200 21412 "https://alalamy.com.au/?k=6812994081900&mod=cb45a111&uri=article.php%3Fid%3D227536-381%26name%3Dcallaghan+scarpe+on+line" "Mozilla/5.0 (Linux; Android 6.0.1; Nexus 5X Build/MMB29P) AppleWebKit/537.36 (KHTML, like Gecko) Chrome/137.0.7151.119 Mobile Safari/537.36 (compatible; Googlebot/2.1; +http://www.google.com/bot.html)"
66.249.65.164 - - [13/Jul/2025:17:29:36 +0000] "GET /?k=6812094081900&mod=cb45a111&uri=info.php%3Fid%3D227506-381%26name%3Dpuma+ultra+arancioni HTTP/1.1" 200 21962 "-" "Mozilla/5.0 (Linux; Android 6.0.1; Nexus 5X Build/MMB29P) AppleWebKit/537.36 (KHTML, like Gecko) Chrome/137.0.7151.103 Mobile Safari/537.36 (compatible; Googlebot/2.1; +http://www.google.com/bot.html)"
209.74.77.214 - - [13/Jul/2025:17:29:37 +0000] "POST /wp-cron.php?doing_wp_cron=1752427777.0607929229736328125000 HTTP/1.1" 200 - "-" "WordPress/6.8.1; https://alalamy.com.au"
54.36.148.123 - - [13/Jul/2025:17:29:35 +0000] "GET /?k=99572616091900&mod=9ca61b08&uri=brands.php%3Fid%3D3322992-1439%26name%3Dporteur+hape HTTP/1.1" 301 - "-" "Mozilla/5.0 (compatible; AhrefsBot/7.0; +http://ahrefs.com/robot/)"
209.74.77.214 - - [13/Jul/2025:17:29:37 +0000] "POST /wp-admin/admin-ajax.php?action=async_litespeed&nonce=uidO6r3DkjJL2ET5jF5s3KSkGAhwsKVd&litespeed_type=imgoptm HTTP/1.1" 200 21 "-" "WordPress/6.8.1; https://alalamy.com.au"
66.249.65.164 - - [13/Jul/2025:17:29:38 +0000] "GET /?k=6815839041900&mod=cb45a111&uri=us.php%3Fid%3D227632-381%26name%3Dsandali+sportivi+donna+amazon HTTP/1.1" 200 21426 "-" "Mozilla/5.0 (Linux; Android 6.0.1; Nexus 5X Build/MMB29P) AppleWebKit/537.36 (KHTML, like Gecko) Chrome/137.0.7151.103 Mobile Safari/537.36 (compatible; Googlebot/2.1; +http://www.google.com/bot.html)"
66.249.65.164 - - [13/Jul/2025:17:29:41 +0000] "GET /?k=71441394051900&mod=462b7359&uri=blog.php%3Fid%3D2384071-220%26name%3Dhalogen+faux+leather+leggings HTTP/1.1" 200 21220 "-" "Mozilla/5.0 (Linux; Android 6.0.1; Nexus 5X Build/MMB29P) AppleWebKit/537.36 (KHTML, like Gecko) Chrome/137.0.7151.103 Mobile Safari/537.36 (compatible; Googlebot/2.1; +http://www.google.com/bot.html)"
66.249.65.165 - - [13/Jul/2025:17:29:42 +0000] "POST /get-message-notify HTTP/1.1" 200 21425 "https://alalamy.com.au/?k=6815839041900&mod=cb45a111&uri=us.php%3Fid%3D227632-381%26name%3Dsandali+sportivi+donna+amazon" "Mozilla/5.0 (Linux; Android 6.0.1; Nexus 5X Build/MMB29P) AppleWebKit/537.36 (KHTML, like Gecko) Chrome/137.0.7151.119 Mobile Safari/537.36 (compatible; Googlebot/2.1; +http://www.google.com/bot.html)"
66.249.65.165 - - [13/Jul/2025:17:29:43 +0000] "GET /?k=6815311011900&mod=cb45a111&uri=goods.php%3Fid%3D227614-381%26name%3Dpsg+x+jordan+scarpe HTTP/1.1" 200 22126 "-" "Mozilla/5.0 (Linux; Android 6.0.1; Nexus 5X Build/MMB29P) AppleWebKit/537.36 (KHTML, like Gecko) Chrome/137.0.7151.103 Mobile Safari/537.36 (compatible; Googlebot/2.1; +http://www.google.com/bot.html)"
66.249.65.165 - - [13/Jul/2025:17:29:45 +0000] "GET /?k=6816190001900&mod=cb45a111&uri=dp.php%3Fid%3D227644-381%26name%3Dair+force+arancioni+e+bianche HTTP/1.1" 200 22152 "-" "Mozilla/5.0 (Linux; Android 6.0.1; Nexus 5X Build/MMB29P) AppleWebKit/537.36 (KHTML, like Gecko) Chrome/137.0.7151.103 Mobile Safari/537.36 (compatible; Googlebot/2.1; +http://www.google.com/bot.html)"
66.249.65.164 - - [13/Jul/2025:17:29:49 +0000] "GET /?k=6816820071900&mod=cb45a111&uri=shared.php%3Fid%3D227665-381%26name%3Dsandali+zeppa+con+fiocco HTTP/1.1" 200 21826 "-" "Mozilla/5.0 (Linux; Android 6.0.1; Nexus 5X Build/MMB29P) AppleWebKit/537.36 (KHTML, like Gecko) Chrome/137.0.7151.103 Mobile Safari/537.36 (compatible; Googlebot/2.1; +http://www.google.com/bot.html)"
66.249.65.166 - - [13/Jul/2025:17:29:50 +0000] "GET /?k=6553105031900&mod=0bb3498d&uri=form.php%3Fid%3D218867-367%26name%3Drei+half+dome HTTP/1.1" 200 20747 "-" "Mozilla/5.0 (Linux; Android 6.0.1; Nexus 5X Build/MMB29P) AppleWebKit/537.36 (KHTML, like Gecko) Chrome/137.0.7151.103 Mobile Safari/537.36 (compatible; Googlebot/2.1; +http://www.google.com/bot.html)"
66.249.65.165 - - [13/Jul/2025:17:29:54 +0000] "POST /get-message-notify HTTP/1.1" 200 21430 "https://alalamy.com.au/?k=6813534011900&mod=cb45a111&uri=category-info.php%3Fid%3D227554-381%26name%3Dsandali+neri+con+tacco+e+lacci" "Mozilla/5.0 (Linux; Android 6.0.1; Nexus 5X Build/MMB29P) AppleWebKit/537.36 (KHTML, like Gecko) Chrome/137.0.7151.119 Mobile Safari/537.36 (compatible; Googlebot/2.1; +http://www.google.com/bot.html)"
66.249.65.165 - - [13/Jul/2025:17:29:54 +0000] "GET /?k=6816550131900&mod=cb45a111&uri=pin.php%3Fid%3D227656-381%26name%3Dciabatte+plastica+mare+donna HTTP/1.1" 200 21858 "-" "Mozilla/5.0 (Linux; Android 6.0.1; Nexus 5X Build/MMB29P) AppleWebKit/537.36 (KHTML, like Gecko) Chrome/137.0.7151.103 Mobile Safari/537.36 (compatible; Googlebot/2.1; +http://www.google.com/bot.html)"
66.249.65.166 - - [13/Jul/2025:17:29:56 +0000] "GET /?k=6553735041900&mod=0bb3498d&uri=product.php%3Fid%3D218888-367%26name%3Drobens+logger+wood+stove HTTP/1.1" 200 21203 "-" "Mozilla/5.0 (Linux; Android 6.0.1; Nexus 5X Build/MMB29P) AppleWebKit/537.36 (KHTML, like Gecko) Chrome/137.0.7151.103 Mobile Safari/537.36 (compatible; Googlebot/2.1; +http://www.google.com/bot.html)"
66.249.65.165 - - [13/Jul/2025:17:29:57 +0000] "GET /?k=6816640071900&mod=cb45a111&uri=goods.php%3Fid%3D227659-381%26name%3Dsandali+infradito+donna+eleganti HTTP/1.1" 200 22021 "-" "Mozilla/5.0 (Linux; Android 6.0.1; Nexus 5X Build/MMB29P) AppleWebKit/537.36 (KHTML, like Gecko) Chrome/137.0.7151.103 Mobile Safari/537.36 (compatible; Googlebot/2.1; +http://www.google.com/bot.html)"
66.249.65.166 - - [13/Jul/2025:17:30:02 +0000] "POST /get-message-notify HTTP/1.1" 200 21419 "https://alalamy.com.au/?k=6816190001900&mod=cb45a111&uri=dp.php%3Fid%3D227644-381%26name%3Dair+force+arancioni+e+bianche" "Mozilla/5.0 (Linux; Android 6.0.1; Nexus 5X Build/MMB29P) AppleWebKit/537.36 (KHTML, like Gecko) Chrome/137.0.7151.119 Mobile Safari/537.36 (compatible; Googlebot/2.1; +http://www.google.com/bot.html)"
66.249.65.164 - - [13/Jul/2025:17:30:03 +0000] "GET /?k=6821821041900&mod=d8d7e7b1&uri=goods.php%3Fid%3D227832-383%26name%3Dmela+london+maxi+dress HTTP/1.1" 200 21654 "-" "Mozilla/5.0 (Linux; Android 6.0.1; Nexus 5X Build/MMB29P) AppleWebKit/537.36 (KHTML, like Gecko) Chrome/137.0.7151.103 Mobile Safari/537.36 (compatible; Googlebot/2.1; +http://www.google.com/bot.html)"
