66.249.65.164 - - [13/Jul/2025:16:11:27 +0000] "GET /?k=7347919001900&mod=9078b6ab&uri=news.php%3Fid%3D245404-222%26name%3Dnike+eminem+shoes HTTP/1.1" 200 21541 "-" "Mozilla/5.0 (Linux; Android 6.0.1; Nexus 5X Build/MMB29P) AppleWebKit/537.36 (KHTML, like Gecko) Chrome/137.0.7151.103 Mobile Safari/537.36 (compatible; Googlebot/2.1; +http://www.google.com/bot.html)"
66.249.65.164 - - [13/Jul/2025:16:11:28 +0000] "POST /get-message-notify HTTP/1.1" 200 21430 "https://alalamy.com.au/?k=13732058051900&mod=34a95ac7&uri=dp.php%3Fid%3D458465-323%26name%3Dstarbucks+coffee+thermos" "Mozilla/5.0 (Linux; Android 6.0.1; Nexus 5X Build/MMB29P) AppleWebKit/537.36 (KHTML, like Gecko) Chrome/137.0.7151.119 Mobile Safari/537.36 (compatible; Googlebot/2.1; +http://www.google.com/bot.html)"
66.249.65.164 - - [13/Jul/2025:16:11:29 +0000] "GET /?k=7350139041900&mod=c242ee43&uri=goods.php%3Fid%3D245478-405%26name%3Dwomen%27s+breathable+mesh+sneakers HTTP/1.1" 200 20962 "-" "Mozilla/5.0 (Linux; Android 6.0.1; Nexus 5X Build/MMB29P) AppleWebKit/537.36 (KHTML, like Gecko) Chrome/137.0.7151.103 Mobile Safari/537.36 (compatible; Googlebot/2.1; +http://www.google.com/bot.html)"
66.249.65.164 - - [13/Jul/2025:16:11:32 +0000] "GET /?k=7366129001900&mod=078fbc1d&uri=shop.php%3Fid%3D246011-408%26name%3Dnike+gym+vintage+hoodie+blue HTTP/1.1" 200 21294 "-" "Mozilla/5.0 (Linux; Android 6.0.1; Nexus 5X Build/MMB29P) AppleWebKit/537.36 (KHTML, like Gecko) Chrome/137.0.7151.103 Mobile Safari/537.36 (compatible; Googlebot/2.1; +http://www.google.com/bot.html)"
66.249.65.164 - - [13/Jul/2025:16:11:34 +0000] "GET /?k=7349299001900&mod=50a41579&uri=shop.php%3Fid%3D245450-406%26name%3Dolive+green+tennis+shoes+for+women HTTP/1.1" 200 21247 "-" "Mozilla/5.0 (Linux; Android 6.0.1; Nexus 5X Build/MMB29P) AppleWebKit/537.36 (KHTML, like Gecko) Chrome/137.0.7151.103 Mobile Safari/537.36 (compatible; Googlebot/2.1; +http://www.google.com/bot.html)"
66.249.65.165 - - [13/Jul/2025:16:11:35 +0000] "GET /?k=5814968081900&mod=f1a860c4&uri=info.php%3Fid%3D194186-336%26name%3Dmichael+kors+immagini HTTP/1.1" 200 21685 "-" "Mozilla/5.0 (Linux; Android 6.0.1; Nexus 5X Build/MMB29P) AppleWebKit/537.36 (KHTML, like Gecko) Chrome/137.0.7151.103 Mobile Safari/537.36 (compatible; Googlebot/2.1; +http://www.google.com/bot.html)"
66.249.65.164 - - [13/Jul/2025:16:11:37 +0000] "GET /?k=119855846021900&mod=b597d2ce&uri=search.php%3Fid%3D3999952-648%26name%3Dpochette+calvin+klein+donna HTTP/1.1" 200 20487 "-" "Mozilla/5.0 (Linux; Android 6.0.1; Nexus 5X Build/MMB29P) AppleWebKit/537.36 (KHTML, like Gecko) Chrome/137.0.7151.103 Mobile Safari/537.36 (compatible; Googlebot/2.1; +http://www.google.com/bot.html)"
66.249.65.165 - - [13/Jul/2025:16:11:40 +0000] "GET /?k=119847806091900&mod=34a95ac7&uri=products.php%3Fid%3D3999684-323%26name%3Dpersonalized+ozark+tumblers HTTP/1.1" 200 21013 "-" "Mozilla/5.0 (Linux; Android 6.0.1; Nexus 5X Build/MMB29P) AppleWebKit/537.36 (KHTML, like Gecko) Chrome/137.0.7151.103 Mobile Safari/537.36 (compatible; Googlebot/2.1; +http://www.google.com/bot.html)"
66.249.65.165 - - [13/Jul/2025:16:11:43 +0000] "GET /?k=7427786121900&mod=16bb35ba&uri=shop.php%3Fid%3D248073-81%26name%3Drio+grande+mondo+convenienza HTTP/1.1" 200 22173 "-" "Mozilla/5.0 (Linux; Android 6.0.1; Nexus 5X Build/MMB29P) AppleWebKit/537.36 (KHTML, like Gecko) Chrome/137.0.7151.103 Mobile Safari/537.36 (compatible; Googlebot/2.1; +http://www.google.com/bot.html)"
66.249.65.166 - - [13/Jul/2025:16:11:45 +0000] "GET /?k=7441004031900&mod=160c8865&uri=brands.php%3Fid%3D248514-11%26name%3Dmtb+insoles HTTP/1.1" 200 20646 "-" "Mozilla/5.0 (Linux; Android 6.0.1; Nexus 5X Build/MMB29P) AppleWebKit/537.36 (KHTML, like Gecko) Chrome/137.0.7151.103 Mobile Safari/537.36 (compatible; Googlebot/2.1; +http://www.google.com/bot.html)"
66.249.65.164 - - [13/Jul/2025:16:11:47 +0000] "POST /get-message-notify HTTP/1.1" 200 21420 "https://alalamy.com.au/?k=7441004031900&mod=160c8865&uri=brands.php%3Fid%3D248514-11%26name%3Dmtb+insoles" "Mozilla/5.0 (Linux; Android 6.0.1; Nexus 5X Build/MMB29P) AppleWebKit/537.36 (KHTML, like Gecko) Chrome/137.0.7151.119 Mobile Safari/537.36 (compatible; Googlebot/2.1; +http://www.google.com/bot.html)"
66.249.65.166 - - [13/Jul/2025:16:11:48 +0000] "GET /?k=7315062081900&mod=1177967c&uri=news.php%3Fid%3D244308-22%26name%3Dgarmin+damen+fitness+tracker HTTP/1.1" 200 21027 "-" "Mozilla/5.0 (Linux; Android 6.0.1; Nexus 5X Build/MMB29P) AppleWebKit/537.36 (KHTML, like Gecko) Chrome/137.0.7151.103 Mobile Safari/537.36 (compatible; Googlebot/2.1; +http://www.google.com/bot.html)"
66.249.65.164 - - [13/Jul/2025:16:11:52 +0000] "GET /?k=7347499041900&mod=c242ee43&uri=article.php%3Fid%3D245390-405%26name%3Damazon+prime+womens+tennis+shoes HTTP/1.1" 200 21852 "-" "Mozilla/5.0 (Linux; Android 6.0.1; Nexus 5X Build/MMB29P) AppleWebKit/537.36 (KHTML, like Gecko) Chrome/137.0.7151.103 Mobile Safari/537.36 (compatible; Googlebot/2.1; +http://www.google.com/bot.html)"
66.249.65.166 - - [13/Jul/2025:16:11:54 +0000] "POST /get-message-notify HTTP/1.1" 200 21416 "https://alalamy.com.au/?k=7347019091900&mod=c242ee43&uri=pin.php%3Fid%3D245374-405%26name%3Dkaepa+touchup+cheer+shoe" "Mozilla/5.0 (Linux; Android 6.0.1; Nexus 5X Build/MMB29P) AppleWebKit/537.36 (KHTML, like Gecko) Chrome/137.0.7151.119 Mobile Safari/537.36 (compatible; Googlebot/2.1; +http://www.google.com/bot.html)"
66.249.65.164 - - [13/Jul/2025:16:11:55 +0000] "GET /?k=7334629031900&mod=9078b6ab&uri=brands.php%3Fid%3D244961-222%26name%3Djordan+retro+infrared HTTP/1.1" 200 21440 "-" "Mozilla/5.0 (Linux; Android 6.0.1; Nexus 5X Build/MMB29P) AppleWebKit/537.36 (KHTML, like Gecko) Chrome/137.0.7151.103 Mobile Safari/537.36 (compatible; Googlebot/2.1; +http://www.google.com/bot.html)"
66.249.65.164 - - [13/Jul/2025:16:11:55 +0000] "POST /get-message-notify HTTP/1.1" 200 21424 "https://alalamy.com.au/?k=7347499041900&mod=c242ee43&uri=article.php%3Fid%3D245390-405%26name%3Damazon+prime+womens+tennis+shoes" "Mozilla/5.0 (Linux; Android 6.0.1; Nexus 5X Build/MMB29P) AppleWebKit/537.36 (KHTML, like Gecko) Chrome/137.0.7151.119 Mobile Safari/537.36 (compatible; Googlebot/2.1; +http://www.google.com/bot.html)"
66.249.65.164 - - [13/Jul/2025:16:11:59 +0000] "GET /?k=7371979001900&mod=e9c519a8&uri=form.php%3Fid%3D246206-407%26name%3Dcarhartt+men%27s+midweight+hooded+zip+front+sweatshirt HTTP/1.1" 200 22367 "-" "Mozilla/5.0 (Linux; Android 6.0.1; Nexus 5X Build/MMB29P) AppleWebKit/537.36 (KHTML, like Gecko) Chrome/137.0.7151.103 Mobile Safari/537.36 (compatible; Googlebot/2.1; +http://www.google.com/bot.html)"
66.249.65.164 - - [13/Jul/2025:16:12:01 +0000] "GET /?k=7371529031900&mod=8a1df180&uri=product.php%3Fid%3D246191-143%26name%3Dpredator+pro+black HTTP/1.1" 200 21409 "-" "Mozilla/5.0 (Linux; Android 6.0.1; Nexus 5X Build/MMB29P) AppleWebKit/537.36 (KHTML, like Gecko) Chrome/137.0.7151.103 Mobile Safari/537.36 (compatible; Googlebot/2.1; +http://www.google.com/bot.html)"
66.249.65.165 - - [13/Jul/2025:16:12:03 +0000] "GET /?k=7315619031900&mod=1177967c&uri=us.php%3Fid%3D244327-22%26name%3Dglash%C3%83%C2%BCtte+uhren+m%C3%83%C2%A4nner HTTP/1.1" 200 21334 "-" "Mozilla/5.0 (Linux; Android 6.0.1; Nexus 5X Build/MMB29P) AppleWebKit/537.36 (KHTML, like Gecko) Chrome/137.0.7151.103 Mobile Safari/537.36 (compatible; Googlebot/2.1; +http://www.google.com/bot.html)"
66.249.65.166 - - [13/Jul/2025:16:12:06 +0000] "GET /?k=7426316081900&mod=357a689f&uri=goods.php%3Fid%3D248024-410%26name%3Dtarget+jurassic+park+legos HTTP/1.1" 200 21598 "-" "Mozilla/5.0 (Linux; Android 6.0.1; Nexus 5X Build/MMB29P) AppleWebKit/537.36 (KHTML, like Gecko) Chrome/137.0.7151.103 Mobile Safari/537.36 (compatible; Googlebot/2.1; +http://www.google.com/bot.html)"
66.249.65.164 - - [13/Jul/2025:16:12:06 +0000] "GET /?k=7507439051900&mod=e73fecc0&uri=pin.php%3Fid%3D250733-37%26name%3Ddior+book+tote+blau HTTP/1.1" 200 20844 "-" "Mozilla/5.0 (Linux; Android 6.0.1; Nexus 5X Build/MMB29P) AppleWebKit/537.36 (KHTML, like Gecko) Chrome/137.0.7151.103 Mobile Safari/537.36 (compatible; Googlebot/2.1; +http://www.google.com/bot.html)"
66.249.65.165 - - [13/Jul/2025:16:12:07 +0000] "GET /?k=7366849041900&mod=e9c519a8&uri=itm.php%3Fid%3D246035-407%26name%3Dskate+hoodies+clearance HTTP/1.1" 200 22408 "-" "Mozilla/5.0 (Linux; Android 6.0.1; Nexus 5X Build/MMB29P) AppleWebKit/537.36 (KHTML, like Gecko) Chrome/137.0.7151.103 Mobile Safari/537.36 (compatible; Googlebot/2.1; +http://www.google.com/bot.html)"
66.249.65.164 - - [13/Jul/2025:16:12:09 +0000] "GET /?k=7145729001900&mod=8763d72b&uri=blog.php%3Fid%3D238642-57%26name%3Dbose+quietcomfort+35+ii+pc+gaming HTTP/1.1" 200 21425 "-" "Mozilla/5.0 (Linux; Android 6.0.1; Nexus 5X Build/MMB29P) AppleWebKit/537.36 (KHTML, like Gecko) Chrome/137.0.7151.103 Mobile Safari/537.36 (compatible; Googlebot/2.1; +http://www.google.com/bot.html)"
66.249.65.165 - - [13/Jul/2025:16:12:09 +0000] "GET /?k=7382490001900&mod=1b728593&uri=us.php%3Fid%3D246557-409%26name%3Dpre%C3%83%C2%A7o+chinelo+crocs HTTP/1.1" 200 22137 "-" "Mozilla/5.0 (Linux; Android 6.0.1; Nexus 5X Build/MMB29P) AppleWebKit/537.36 (KHTML, like Gecko) Chrome/137.0.7151.103 Mobile Safari/537.36 (compatible; Googlebot/2.1; +http://www.google.com/bot.html)"
66.249.65.164 - - [13/Jul/2025:16:12:09 +0000] "POST /get-message-notify HTTP/1.1" 200 21426 "https://alalamy.com.au/?k=7371979001900&mod=e9c519a8&uri=form.php%3Fid%3D246206-407%26name%3Dcarhartt+men%27s+midweight+hooded+zip+front+sweatshirt" "Mozilla/5.0 (Linux; Android 6.0.1; Nexus 5X Build/MMB29P) AppleWebKit/537.36 (KHTML, like Gecko) Chrome/137.0.7151.119 Mobile Safari/537.36 (compatible; Googlebot/2.1; +http://www.google.com/bot.html)"
66.249.65.164 - - [13/Jul/2025:16:12:10 +0000] "GET /?k=7155262081900&mod=8763d72b&uri=article.php%3Fid%3D238960-57%26name%3Dlg+bluetooth+transmitter HTTP/1.1" 200 22394 "-" "Mozilla/5.0 (Linux; Android 6.0.1; Nexus 5X Build/MMB29P) AppleWebKit/537.36 (KHTML, like Gecko) Chrome/137.0.7151.103 Mobile Safari/537.36 (compatible; Googlebot/2.1; +http://www.google.com/bot.html)"
66.249.65.164 - - [13/Jul/2025:16:12:11 +0000] "POST /get-message-notify HTTP/1.1" 200 21422 "https://alalamy.com.au/?k=7315619031900&mod=1177967c&uri=us.php%3Fid%3D244327-22%26name%3Dglash%C3%83%C2%BCtte+uhren+m%C3%83%C2%A4nner" "Mozilla/5.0 (Linux; Android 6.0.1; Nexus 5X Build/MMB29P) AppleWebKit/537.36 (KHTML, like Gecko) Chrome/137.0.7151.119 Mobile Safari/537.36 (compatible; Googlebot/2.1; +http://www.google.com/bot.html)"
66.249.65.164 - - [13/Jul/2025:16:12:18 +0000] "POST /get-message-notify HTTP/1.1" 200 21416 "https://alalamy.com.au/?k=7366849041900&mod=e9c519a8&uri=itm.php%3Fid%3D246035-407%26name%3Dskate+hoodies+clearance" "Mozilla/5.0 (Linux; Android 6.0.1; Nexus 5X Build/MMB29P) AppleWebKit/537.36 (KHTML, like Gecko) Chrome/137.0.7151.119 Mobile Safari/537.36 (compatible; Googlebot/2.1; +http://www.google.com/bot.html)"
66.249.65.164 - - [13/Jul/2025:16:12:17 +0000] "GET /?k=7349899111900&mod=50a41579&uri=products.php%3Fid%3D245470-406%26name%3Dolive+green+vans+womens HTTP/1.1" 200 20654 "-" "Mozilla/5.0 (Linux; Android 6.0.1; Nexus 5X Build/MMB29P) AppleWebKit/537.36 (KHTML, like Gecko) Chrome/137.0.7151.103 Mobile Safari/537.36 (compatible; Googlebot/2.1; +http://www.google.com/bot.html)"
66.249.65.164 - - [13/Jul/2025:16:12:13 +0000] "GET /?k=7435339091900&mod=16bb35ba&uri=itm.php%3Fid%3D248325-81%26name%3Ddivano+rio+grande+mondo+convenienza HTTP/1.1" 200 21902 "-" "Mozilla/5.0 (Linux; Android 6.0.1; Nexus 5X Build/MMB29P) AppleWebKit/537.36 (KHTML, like Gecko) Chrome/137.0.7151.103 Mobile Safari/537.36 (compatible; Googlebot/2.1; +http://www.google.com/bot.html)"
66.249.65.164 - - [13/Jul/2025:16:12:23 +0000] "GET /?k=7348399061900&mod=9078b6ab&uri=dp.php%3Fid%3D245420-222%26name%3Dretro+air+jordan+spiderman HTTP/1.1" 200 21334 "-" "Mozilla/5.0 (Linux; Android 6.0.1; Nexus 5X Build/MMB29P) AppleWebKit/537.36 (KHTML, like Gecko) Chrome/137.0.7151.103 Mobile Safari/537.36 (compatible; Googlebot/2.1; +http://www.google.com/bot.html)"
66.249.65.164 - - [13/Jul/2025:16:12:22 +0000] "GET /?k=7432609081900&mod=357a689f&uri=shared.php%3Fid%3D248234-410%26name%3Dlego+mario+mystery+block HTTP/1.1" 200 21975 "-" "Mozilla/5.0 (Linux; Android 6.0.1; Nexus 5X Build/MMB29P) AppleWebKit/537.36 (KHTML, like Gecko) Chrome/137.0.7151.103 Mobile Safari/537.36 (compatible; Googlebot/2.1; +http://www.google.com/bot.html)"
66.249.65.164 - - [13/Jul/2025:16:12:23 +0000] "GET /?k=7146449041900&mod=8763d72b&uri=search.php%3Fid%3D238666-57%26name%3Djbl+earbuds+refurbished HTTP/1.1" 200 21800 "-" "Mozilla/5.0 (Linux; Android 6.0.1; Nexus 5X Build/MMB29P) AppleWebKit/537.36 (KHTML, like Gecko) Chrome/137.0.7151.103 Mobile Safari/537.36 (compatible; Googlebot/2.1; +http://www.google.com/bot.html)"
66.249.65.164 - - [13/Jul/2025:16:12:35 +0000] "POST /get-message-notify HTTP/1.1" 200 21429 "https://alalamy.com.au/?k=7155262081900&mod=8763d72b&uri=article.php%3Fid%3D238960-57%26name%3Dlg+bluetooth+transmitter" "Mozilla/5.0 (Linux; Android 6.0.1; Nexus 5X Build/MMB29P) AppleWebKit/537.36 (KHTML, like Gecko) Chrome/137.0.7151.119 Mobile Safari/537.36 (compatible; Googlebot/2.1; +http://www.google.com/bot.html)"
66.249.65.164 - - [13/Jul/2025:16:12:36 +0000] "GET /?k=37519168011900&mod=f3a15bc2&uri=shared.php%3Fid%3D1252227-455%26name%3Ddownton+abbey+costumes+plus+size HTTP/1.1" 200 21444 "-" "Mozilla/5.0 (Linux; Android 6.0.1; Nexus 5X Build/MMB29P) AppleWebKit/537.36 (KHTML, like Gecko) Chrome/137.0.7151.103 Mobile Safari/537.36 (compatible; Googlebot/2.1; +http://www.google.com/bot.html)"
66.249.65.164 - - [13/Jul/2025:16:12:37 +0000] "GET /?k=5816558051900&mod=f1a860c4&uri=goods.php%3Fid%3D194239-336%26name%3Dmichael+kors+selma+marrone HTTP/1.1" 200 22241 "-" "Mozilla/5.0 (Linux; Android 6.0.1; Nexus 5X Build/MMB29P) AppleWebKit/537.36 (KHTML, like Gecko) Chrome/137.0.7151.103 Mobile Safari/537.36 (compatible; Googlebot/2.1; +http://www.google.com/bot.html)"
66.249.65.164 - - [13/Jul/2025:16:12:38 +0000] "GET /?k=47434670001900&mod=1177967c&uri=goods.php%3Fid%3D1583008-22%26name%3Dbulgari+zero+gold HTTP/1.1" 200 21970 "-" "Mozilla/5.0 (Linux; Android 6.0.1; Nexus 5X Build/MMB29P) AppleWebKit/537.36 (KHTML, like Gecko) Chrome/137.0.7151.103 Mobile Safari/537.36 (compatible; Googlebot/2.1; +http://www.google.com/bot.html)"
66.249.65.164 - - [13/Jul/2025:16:12:38 +0000] "GET /?k=7426946141900&mod=16bb35ba&uri=form.php%3Fid%3D248045-81%26name%3Deames+sedia+vitra HTTP/1.1" 200 21551 "-" "Mozilla/5.0 (Linux; Android 6.0.1; Nexus 5X Build/MMB29P) AppleWebKit/537.36 (KHTML, like Gecko) Chrome/137.0.7151.103 Mobile Safari/537.36 (compatible; Googlebot/2.1; +http://www.google.com/bot.html)"
66.249.65.165 - - [13/Jul/2025:16:12:39 +0000] "GET /?k=7371259061900&mod=e9c519a8&uri=brands.php%3Fid%3D246182-407%26name%3Dnew+balance+navy+hoodie HTTP/1.1" 200 22042 "-" "Mozilla/5.0 (Linux; Android 6.0.1; Nexus 5X Build/MMB29P) AppleWebKit/537.36 (KHTML, like Gecko) Chrome/137.0.7151.103 Mobile Safari/537.36 (compatible; Googlebot/2.1; +http://www.google.com/bot.html)"
66.249.65.165 - - [13/Jul/2025:16:12:47 +0000] "GET /?k=5873988031900&mod=e07472e7&uri=dp.php%3Fid%3D196157-341%26name%3Dlicuado+de+pi%C3%83%C2%B1a+platano+y+avena HTTP/1.1" 200 22055 "-" "Mozilla/5.0 (Linux; Android 6.0.1; Nexus 5X Build/MMB29P) AppleWebKit/537.36 (KHTML, like Gecko) Chrome/137.0.7151.103 Mobile Safari/537.36 (compatible; Googlebot/2.1; +http://www.google.com/bot.html)"
66.249.65.165 - - [13/Jul/2025:16:12:48 +0000] "POST /get-message-notify HTTP/1.1" 200 21422 "https://alalamy.com.au/?k=6833101001900&mod=cb45a111&uri=product.php%3Fid%3D228208-381%26name%3Dbirkenstock+spiaggia+donna" "Mozilla/5.0 (Linux; Android 6.0.1; Nexus 5X Build/MMB29P) AppleWebKit/537.36 (KHTML, like Gecko) Chrome/137.0.7151.119 Mobile Safari/537.36 (compatible; Googlebot/2.1; +http://www.google.com/bot.html)"
66.249.65.164 - - [13/Jul/2025:16:12:49 +0000] "GET /?k=32700651091900&mod=f1a860c4&uri=pin.php%3Fid%3D1091413-336%26name%3Dborse+pomikaki+prezzi HTTP/1.1" 200 20333 "-" "Mozilla/5.0 (Linux; Android 6.0.1; Nexus 5X Build/MMB29P) AppleWebKit/537.36 (KHTML, like Gecko) Chrome/137.0.7151.103 Mobile Safari/537.36 (compatible; Googlebot/2.1; +http://www.google.com/bot.html)"
66.249.65.165 - - [13/Jul/2025:16:12:49 +0000] "GET /?k=42226339031900&mod=99ef8a64&uri=us.php%3Fid%3D1409269-112%26name%3Dparis+cartera HTTP/1.1" 200 22250 "-" "Mozilla/5.0 (Linux; Android 6.0.1; Nexus 5X Build/MMB29P) AppleWebKit/537.36 (KHTML, like Gecko) Chrome/137.0.7151.103 Mobile Safari/537.36 (compatible; Googlebot/2.1; +http://www.google.com/bot.html)"
66.249.65.164 - - [13/Jul/2025:16:12:49 +0000] "GET /?k=7347859021900&mod=9078b6ab&uri=news.php%3Fid%3D245402-222%26name%3Djordan+bred+michael+jordan HTTP/1.1" 200 21341 "-" "Mozilla/5.0 (Linux; Android 6.0.1; Nexus 5X Build/MMB29P) AppleWebKit/537.36 (KHTML, like Gecko) Chrome/137.0.7151.103 Mobile Safari/537.36 (compatible; Googlebot/2.1; +http://www.google.com/bot.html)"
66.249.65.164 - - [13/Jul/2025:16:12:49 +0000] "GET /?k=7348339041900&mod=c242ee43&uri=category-info.php%3Fid%3D245418-405%26name%3Dgiraffe+chuck+taylors HTTP/1.1" 200 21299 "-" "Mozilla/5.0 (Linux; Android 6.0.1; Nexus 5X Build/MMB29P) AppleWebKit/537.36 (KHTML, like Gecko) Chrome/137.0.7151.103 Mobile Safari/537.36 (compatible; Googlebot/2.1; +http://www.google.com/bot.html)"
66.249.65.165 - - [13/Jul/2025:16:12:50 +0000] "GET /?k=7349599061900&mod=9078b6ab&uri=info.php%3Fid%3D245460-222%26name%3Dmichael+jordan+kawhi HTTP/1.1" 200 21238 "-" "Mozilla/5.0 (Linux; Android 6.0.1; Nexus 5X Build/MMB29P) AppleWebKit/537.36 (KHTML, like Gecko) Chrome/137.0.7151.103 Mobile Safari/537.36 (compatible; Googlebot/2.1; +http://www.google.com/bot.html)"
66.249.65.165 - - [13/Jul/2025:16:12:50 +0000] "GET /?k=7351399021900&mod=e9c519a8&uri=shared.php%3Fid%3D245520-407%26name%3Dbape+hoodie+gorilla HTTP/1.1" 200 22252 "-" "Mozilla/5.0 (Linux; Android 6.0.1; Nexus 5X Build/MMB29P) AppleWebKit/537.36 (KHTML, like Gecko) Chrome/137.0.7151.103 Mobile Safari/537.36 (compatible; Googlebot/2.1; +http://www.google.com/bot.html)"
66.249.65.164 - - [13/Jul/2025:16:12:50 +0000] "GET /?k=5874588031900&mod=e07472e7&uri=product.php%3Fid%3D196177-341%26name%3Dcatalogo+gafas+ray+ban+hombre HTTP/1.1" 200 22257 "-" "Mozilla/5.0 (Linux; Android 6.0.1; Nexus 5X Build/MMB29P) AppleWebKit/537.36 (KHTML, like Gecko) Chrome/137.0.7151.103 Mobile Safari/537.36 (compatible; Googlebot/2.1; +http://www.google.com/bot.html)"
66.249.65.164 - - [13/Jul/2025:16:12:51 +0000] "POST /get-message-notify HTTP/1.1" 200 21425 "https://alalamy.com.au/?k=7426946141900&mod=16bb35ba&uri=form.php%3Fid%3D248045-81%26name%3Deames+sedia+vitra" "Mozilla/5.0 (Linux; Android 6.0.1; Nexus 5X Build/MMB29P) AppleWebKit/537.36 (KHTML, like Gecko) Chrome/137.0.7151.119 Mobile Safari/537.36 (compatible; Googlebot/2.1; +http://www.google.com/bot.html)"
66.249.65.164 - - [13/Jul/2025:16:12:51 +0000] "GET /?k=119849126081900&mod=41814002&uri=category-info.php%3Fid%3D3999728-321%26name%3Dgreen+pastures+pet+crematorium+prices HTTP/1.1" 200 20831 "-" "Mozilla/5.0 (Linux; Android 6.0.1; Nexus 5X Build/MMB29P) AppleWebKit/537.36 (KHTML, like Gecko) Chrome/137.0.7151.103 Mobile Safari/537.36 (compatible; Googlebot/2.1; +http://www.google.com/bot.html)"
66.249.65.164 - - [13/Jul/2025:16:12:52 +0000] "GET /?k=7359439021900&mod=e9c519a8&uri=shop.php%3Fid%3D245788-407%26name%3Dlightweight+zippered+hoodie HTTP/1.1" 200 22077 "-" "Mozilla/5.0 (Linux; Android 6.0.1; Nexus 5X Build/MMB29P) AppleWebKit/537.36 (KHTML, like Gecko) Chrome/137.0.7151.103 Mobile Safari/537.36 (compatible; Googlebot/2.1; +http://www.google.com/bot.html)"
66.249.65.165 - - [13/Jul/2025:16:12:52 +0000] "GET /?k=7451624121900&mod=160c8865&uri=product.php%3Fid%3D248868-11%26name%3Dnike+flower+swoosh HTTP/1.1" 200 20618 "-" "Mozilla/5.0 (Linux; Android 6.0.1; Nexus 5X Build/MMB29P) AppleWebKit/537.36 (KHTML, like Gecko) Chrome/137.0.7151.103 Mobile Safari/537.36 (compatible; Googlebot/2.1; +http://www.google.com/bot.html)"
66.249.65.164 - - [13/Jul/2025:16:12:53 +0000] "GET /?k=7346959041900&mod=c242ee43&uri=itm.php%3Fid%3D245372-405%26name%3Dmint+green+tennis+shoes HTTP/1.1" 200 21290 "-" "Mozilla/5.0 (Linux; Android 6.0.1; Nexus 5X Build/MMB29P) AppleWebKit/537.36 (KHTML, like Gecko) Chrome/137.0.7151.103 Mobile Safari/537.36 (compatible; Googlebot/2.1; +http://www.google.com/bot.html)"
66.249.65.164 - - [13/Jul/2025:16:12:53 +0000] "POST /get-message-notify HTTP/1.1" 200 21436 "https://alalamy.com.au/?k=7348339041900&mod=c242ee43&uri=category-info.php%3Fid%3D245418-405%26name%3Dgiraffe+chuck+taylors" "Mozilla/5.0 (Linux; Android 6.0.1; Nexus 5X Build/MMB29P) AppleWebKit/537.36 (KHTML, like Gecko) Chrome/137.0.7151.119 Mobile Safari/537.36 (compatible; Googlebot/2.1; +http://www.google.com/bot.html)"
66.249.65.166 - - [13/Jul/2025:16:12:54 +0000] "POST /get-message-notify HTTP/1.1" 200 21427 "https://alalamy.com.au/?k=7335199021900&mod=c242ee43&uri=form.php%3Fid%3D244980-405%26name%3Dhigh+hill+shoes+for+girl" "Mozilla/5.0 (Linux; Android 6.0.1; Nexus 5X Build/MMB29P) AppleWebKit/537.36 (KHTML, like Gecko) Chrome/137.0.7151.119 Mobile Safari/537.36 (compatible; Googlebot/2.1; +http://www.google.com/bot.html)"
66.249.65.164 - - [13/Jul/2025:16:12:54 +0000] "POST /get-message-notify HTTP/1.1" 200 21438 "https://alalamy.com.au/?k=7349599061900&mod=9078b6ab&uri=info.php%3Fid%3D245460-222%26name%3Dmichael+jordan+kawhi" "Mozilla/5.0 (Linux; Android 6.0.1; Nexus 5X Build/MMB29P) AppleWebKit/537.36 (KHTML, like Gecko) Chrome/137.0.7151.119 Mobile Safari/537.36 (compatible; Googlebot/2.1; +http://www.google.com/bot.html)"
66.249.65.166 - - [13/Jul/2025:16:12:55 +0000] "POST /get-message-notify HTTP/1.1" 200 21431 "https://alalamy.com.au/?k=42226339031900&mod=99ef8a64&uri=us.php%3Fid%3D1409269-112%26name%3Dparis+cartera" "Mozilla/5.0 (Linux; Android 6.0.1; Nexus 5X Build/MMB29P) AppleWebKit/537.36 (KHTML, like Gecko) Chrome/137.0.7151.119 Mobile Safari/537.36 (compatible; Googlebot/2.1; +http://www.google.com/bot.html)"
66.249.65.165 - - [13/Jul/2025:16:12:55 +0000] "GET /?k=7349419021900&mod=9078b6ab&uri=category-info.php%3Fid%3D245454-222%26name%3Djordan+retro+1991 HTTP/1.1" 200 21201 "-" "Mozilla/5.0 (Linux; Android 6.0.1; Nexus 5X Build/MMB29P) AppleWebKit/537.36 (KHTML, like Gecko) Chrome/137.0.7151.103 Mobile Safari/537.36 (compatible; Googlebot/2.1; +http://www.google.com/bot.html)"
66.249.65.165 - - [13/Jul/2025:16:12:56 +0000] "POST /get-message-notify HTTP/1.1" 200 21420 "https://alalamy.com.au/?k=7359439021900&mod=e9c519a8&uri=shop.php%3Fid%3D245788-407%26name%3Dlightweight+zippered+hoodie" "Mozilla/5.0 (Linux; Android 6.0.1; Nexus 5X Build/MMB29P) AppleWebKit/537.36 (KHTML, like Gecko) Chrome/137.0.7151.119 Mobile Safari/537.36 (compatible; Googlebot/2.1; +http://www.google.com/bot.html)"
66.249.65.165 - - [13/Jul/2025:16:12:57 +0000] "GET /?k=7346599101900&mod=9078b6ab&uri=news.php%3Fid%3D245360-222%26name%3Djordan+bred+sizing HTTP/1.1" 200 21604 "-" "Mozilla/5.0 (Linux; Android 6.0.1; Nexus 5X Build/MMB29P) AppleWebKit/537.36 (KHTML, like Gecko) Chrome/137.0.7151.103 Mobile Safari/537.36 (compatible; Googlebot/2.1; +http://www.google.com/bot.html)"
66.249.65.166 - - [13/Jul/2025:16:13:00 +0000] "GET /?k=7317379131900&mod=1177967c&uri=search.php%3Fid%3D244386-22%26name%3Dsrpg43k1 HTTP/1.1" 200 20910 "-" "Mozilla/5.0 (Linux; Android 6.0.1; Nexus 5X Build/MMB29P) AppleWebKit/537.36 (KHTML, like Gecko) Chrome/137.0.7151.103 Mobile Safari/537.36 (compatible; Googlebot/2.1; +http://www.google.com/bot.html)"
66.249.65.166 - - [13/Jul/2025:16:13:03 +0000] "GET /?k=48026729101900&mod=1177967c&uri=article.php%3Fid%3D1602766-22%26name%3Dherren+funkuhr+goldfarben HTTP/1.1" 200 21912 "-" "Mozilla/5.0 (Linux; Android 6.0.1; Nexus 5X Build/MMB29P) AppleWebKit/537.36 (KHTML, like Gecko) Chrome/137.0.7151.103 Mobile Safari/537.36 (compatible; Googlebot/2.1; +http://www.google.com/bot.html)"
66.249.65.164 - - [13/Jul/2025:16:13:05 +0000] "GET /?k=7367209011900&mod=e9c519a8&uri=search.php%3Fid%3D246047-407%26name%3Dkrooked+sweatshirt HTTP/1.1" 200 21974 "-" "Mozilla/5.0 (Linux; Android 6.0.1; Nexus 5X Build/MMB29P) AppleWebKit/537.36 (KHTML, like Gecko) Chrome/137.0.7151.103 Mobile Safari/537.36 (compatible; Googlebot/2.1; +http://www.google.com/bot.html)"
66.249.65.164 - - [13/Jul/2025:16:13:06 +0000] "POST /get-message-notify HTTP/1.1" 200 21425 "https://alalamy.com.au/?k=5877708021900&mod=e07472e7&uri=products.php%3Fid%3D196281-341%26name%3Dcable+rca+video" "Mozilla/5.0 (Linux; Android 6.0.1; Nexus 5X Build/MMB29P) AppleWebKit/537.36 (KHTML, like Gecko) Chrome/137.0.7151.119 Mobile Safari/537.36 (compatible; Googlebot/2.1; +http://www.google.com/bot.html)"
66.249.65.165 - - [13/Jul/2025:16:13:08 +0000] "GET /?k=7334839001900&mod=9078b6ab&uri=itm.php%3Fid%3D244968-222%26name%3Dretro+10+huarache HTTP/1.1" 200 21416 "-" "Mozilla/5.0 (Linux; Android 6.0.1; Nexus 5X Build/MMB29P) AppleWebKit/537.36 (KHTML, like Gecko) Chrome/137.0.7151.103 Mobile Safari/537.36 (compatible; Googlebot/2.1; +http://www.google.com/bot.html)"
66.249.65.164 - - [13/Jul/2025:16:13:10 +0000] "GET /?k=7154542001900&mod=8763d72b&uri=products.php%3Fid%3D238936-57%26name%3D%24100+wireless+headphones HTTP/1.1" 200 22238 "-" "Mozilla/5.0 (Linux; Android 6.0.1; Nexus 5X Build/MMB29P) AppleWebKit/537.36 (KHTML, like Gecko) Chrome/137.0.7151.103 Mobile Safari/537.36 (compatible; Googlebot/2.1; +http://www.google.com/bot.html)"
66.249.65.164 - - [13/Jul/2025:16:13:12 +0000] "GET /?k=7348099021900&mod=9078b6ab&uri=product.php%3Fid%3D245410-222%26name%3Djordan+spizike+black+dark+concord HTTP/1.1" 200 21257 "-" "Mozilla/5.0 (Linux; Android 6.0.1; Nexus 5X Build/MMB29P) AppleWebKit/537.36 (KHTML, like Gecko) Chrome/137.0.7151.103 Mobile Safari/537.36 (compatible; Googlebot/2.1; +http://www.google.com/bot.html)"
66.249.65.164 - - [13/Jul/2025:16:13:15 +0000] "GET /?k=7150765041900&mod=8763d72b&uri=itm.php%3Fid%3D238810-57%26name%3Dsamsung+galaxy+u+flex HTTP/1.1" 200 22196 "-" "Mozilla/5.0 (Linux; Android 6.0.1; Nexus 5X Build/MMB29P) AppleWebKit/537.36 (KHTML, like Gecko) Chrome/137.0.7151.103 Mobile Safari/537.36 (compatible; Googlebot/2.1; +http://www.google.com/bot.html)"
66.249.65.164 - - [13/Jul/2025:16:13:15 +0000] "GET /?k=91492992031900&mod=cee93463&uri=news.php%3Fid%3D3053291-683%26name%3Dvestidos+de+princesas+xv HTTP/1.1" 200 21464 "-" "Mozilla/5.0 (Linux; Android 6.0.1; Nexus 5X Build/MMB29P) AppleWebKit/537.36 (KHTML, like Gecko) Chrome/137.0.7151.103 Mobile Safari/537.36 (compatible; Googlebot/2.1; +http://www.google.com/bot.html)"
66.249.65.164 - - [13/Jul/2025:16:13:18 +0000] "GET /?k=7348459021900&mod=50a41579&uri=form.php%3Fid%3D245422-406%26name%3Ddoc+martens+black+patent+boots HTTP/1.1" 200 20985 "-" "Mozilla/5.0 (Linux; Android 6.0.1; Nexus 5X Build/MMB29P) AppleWebKit/537.36 (KHTML, like Gecko) Chrome/137.0.7151.103 Mobile Safari/537.36 (compatible; Googlebot/2.1; +http://www.google.com/bot.html)"
66.249.65.164 - - [13/Jul/2025:16:13:21 +0000] "POST /get-message-notify HTTP/1.1" 200 21422 "https://alalamy.com.au/?k=7348459021900&mod=50a41579&uri=form.php%3Fid%3D245422-406%26name%3Ddoc+martens+black+patent+boots" "Mozilla/5.0 (Linux; Android 6.0.1; Nexus 5X Build/MMB29P) AppleWebKit/537.36 (KHTML, like Gecko) Chrome/137.0.7151.119 Mobile Safari/537.36 (compatible; Googlebot/2.1; +http://www.google.com/bot.html)"
66.249.65.164 - - [13/Jul/2025:16:13:25 +0000] "POST /get-message-notify HTTP/1.1" 200 21444 "https://alalamy.com.au/?k=5816558051900&mod=f1a860c4&uri=goods.php%3Fid%3D194239-336%26name%3Dmichael+kors+selma+marrone" "Mozilla/5.0 (Linux; Android 6.0.1; Nexus 5X Build/MMB29P) AppleWebKit/537.36 (KHTML, like Gecko) Chrome/137.0.7151.119 Mobile Safari/537.36 (compatible; Googlebot/2.1; +http://www.google.com/bot.html)"
66.249.65.164 - - [13/Jul/2025:16:13:28 +0000] "GET /?k=119847956141900&mod=34a95ac7&uri=brands.php%3Fid%3D3999689-323%26name%3Dslim+yeti+koozie HTTP/1.1" 200 20133 "-" "Mozilla/5.0 (Linux; Android 6.0.1; Nexus 5X Build/MMB29P) AppleWebKit/537.36 (KHTML, like Gecko) Chrome/137.0.7151.103 Mobile Safari/537.36 (compatible; Googlebot/2.1; +http://www.google.com/bot.html)"
66.249.65.164 - - [13/Jul/2025:16:13:29 +0000] "POST /get-message-notify HTTP/1.1" 200 21436 "https://alalamy.com.au/?k=32700651091900&mod=f1a860c4&uri=pin.php%3Fid%3D1091413-336%26name%3Dborse+pomikaki+prezzi" "Mozilla/5.0 (Linux; Android 6.0.1; Nexus 5X Build/MMB29P) AppleWebKit/537.36 (KHTML, like Gecko) Chrome/137.0.7151.119 Mobile Safari/537.36 (compatible; Googlebot/2.1; +http://www.google.com/bot.html)"
66.249.65.164 - - [13/Jul/2025:16:13:31 +0000] "GET /?k=7437014001900&mod=357a689f&uri=brands.php%3Fid%3D248381-410%26name%3Dsidious+lego HTTP/1.1" 200 22263 "-" "Mozilla/5.0 (Linux; Android 6.0.1; Nexus 5X Build/MMB29P) AppleWebKit/537.36 (KHTML, like Gecko) Chrome/137.0.7151.103 Mobile Safari/537.36 (compatible; Googlebot/2.1; +http://www.google.com/bot.html)"
66.249.65.164 - - [13/Jul/2025:16:13:31 +0000] "GET /?k=6752825031900&mod=b75fccec&uri=shared.php%3Fid%3D225527-233%26name%3Dpantalones+george+walmart HTTP/1.1" 200 21291 "-" "Mozilla/5.0 (Linux; Android 6.0.1; Nexus 5X Build/MMB29P) AppleWebKit/537.36 (KHTML, like Gecko) Chrome/137.0.7151.103 Mobile Safari/537.36 (compatible; Googlebot/2.1; +http://www.google.com/bot.html)"
66.249.65.164 - - [13/Jul/2025:16:13:33 +0000] "GET /?k=102979269131900&mod=de3358ca&uri=shop.php%3Fid%3D3436711-378%26name%3Dhauck+swift+plus+stroller HTTP/1.1" 200 20931 "-" "Mozilla/5.0 (Linux; Android 6.0.1; Nexus 5X Build/MMB29P) AppleWebKit/537.36 (KHTML, like Gecko) Chrome/137.0.7151.103 Mobile Safari/537.36 (compatible; Googlebot/2.1; +http://www.google.com/bot.html)"
66.249.65.164 - - [13/Jul/2025:16:13:34 +0000] "POST /get-message-notify HTTP/1.1" 200 21419 "https://alalamy.com.au/?k=6752825031900&mod=b75fccec&uri=shared.php%3Fid%3D225527-233%26name%3Dpantalones+george+walmart" "Mozilla/5.0 (Linux; Android 6.0.1; Nexus 5X Build/MMB29P) AppleWebKit/537.36 (KHTML, like Gecko) Chrome/137.0.7151.119 Mobile Safari/537.36 (compatible; Googlebot/2.1; +http://www.google.com/bot.html)"
66.249.65.165 - - [13/Jul/2025:16:13:36 +0000] "GET /?k=7153822001900&mod=8763d72b&uri=brands.php%3Fid%3D238912-57%26name%3Dboult+audio+curve+wireless+neckband+magnetic+earphone+with+mic HTTP/1.1" 200 22534 "-" "Mozilla/5.0 (Linux; Android 6.0.1; Nexus 5X Build/MMB29P) AppleWebKit/537.36 (KHTML, like Gecko) Chrome/137.0.7151.103 Mobile Safari/537.36 (compatible; Googlebot/2.1; +http://www.google.com/bot.html)"
66.249.65.164 - - [13/Jul/2025:16:13:38 +0000] "GET /?k=7145369031900&mod=8763d72b&uri=shop.php%3Fid%3D238630-57%26name%3Dflipkart+offers+bluetooth+headset HTTP/1.1" 200 22730 "-" "Mozilla/5.0 (Linux; Android 6.0.1; Nexus 5X Build/MMB29P) AppleWebKit/537.36 (KHTML, like Gecko) Chrome/137.0.7151.103 Mobile Safari/537.36 (compatible; Googlebot/2.1; +http://www.google.com/bot.html)"
66.249.65.165 - - [13/Jul/2025:16:13:38 +0000] "GET /?k=7450574031900&mod=160c8865&uri=search.php%3Fid%3D248833-11%26name%3Dheelys+pro+20+rainbow HTTP/1.1" 200 21131 "-" "Mozilla/5.0 (Linux; Android 6.0.1; Nexus 5X Build/MMB29P) AppleWebKit/537.36 (KHTML, like Gecko) Chrome/137.0.7151.103 Mobile Safari/537.36 (compatible; Googlebot/2.1; +http://www.google.com/bot.html)"
66.249.65.164 - - [13/Jul/2025:16:13:41 +0000] "GET /?k=119433383081900&mod=34a95ac7&uri=form.php%3Fid%3D3985858-323%26name%3D16+ounce+yeti+cup HTTP/1.1" 200 21199 "-" "Mozilla/5.0 (Linux; Android 6.0.1; Nexus 5X Build/MMB29P) AppleWebKit/537.36 (KHTML, like Gecko) Chrome/137.0.7151.103 Mobile Safari/537.36 (compatible; Googlebot/2.1; +http://www.google.com/bot.html)"
209.74.77.214 - - [13/Jul/2025:16:13:43 +0000] "POST /wp-cron.php?doing_wp_cron=1752423223.6728379726409912109375 HTTP/1.1" 200 - "-" "WordPress/6.8.1; https://alalamy.com.au"
209.74.77.214 - - [13/Jul/2025:16:13:43 +0000] "POST /wp-admin/admin-ajax.php?action=async_litespeed&nonce=3gkbBv6oTmSwd12c5KDT8cQrHSY0w69X&litespeed_type=imgoptm HTTP/1.1" 200 21 "-" "WordPress/6.8.1; https://alalamy.com.au"
57.141.2.11 - - [13/Jul/2025:16:13:43 +0000] "GET /menu-restaurant/ HTTP/1.1" 200 127506 "-" "meta-externalagent/1.1 (+https://developers.facebook.com/docs/sharing/webmasters/crawler)"
66.249.65.165 - - [13/Jul/2025:16:13:43 +0000] "GET /?k=7346839031900&mod=50a41579&uri=category-info.php%3Fid%3D245368-406%26name%3Ddr+martens+black+rainbow+patent HTTP/1.1" 200 21015 "-" "Mozilla/5.0 (Linux; Android 6.0.1; Nexus 5X Build/MMB29P) AppleWebKit/537.36 (KHTML, like Gecko) Chrome/137.0.7151.103 Mobile Safari/537.36 (compatible; Googlebot/2.1; +http://www.google.com/bot.html)"
66.249.65.164 - - [13/Jul/2025:16:13:50 +0000] "GET /?k=7371799001900&mod=e9c519a8&uri=us.php%3Fid%3D246200-407%26name%3Dkawasaki+zip+up+hoodie HTTP/1.1" 200 22284 "-" "Mozilla/5.0 (Linux; Android 6.0.1; Nexus 5X Build/MMB29P) AppleWebKit/537.36 (KHTML, like Gecko) Chrome/137.0.7151.103 Mobile Safari/537.36 (compatible; Googlebot/2.1; +http://www.google.com/bot.html)"
66.249.65.164 - - [13/Jul/2025:16:13:54 +0000] "POST /get-message-notify HTTP/1.1" 200 21433 "https://alalamy.com.au/?k=119847956141900&mod=34a95ac7&uri=brands.php%3Fid%3D3999689-323%26name%3Dslim+yeti+koozie" "Mozilla/5.0 (Linux; Android 6.0.1; Nexus 5X Build/MMB29P) AppleWebKit/537.36 (KHTML, like Gecko) Chrome/137.0.7151.119 Mobile Safari/537.36 (compatible; Googlebot/2.1; +http://www.google.com/bot.html)"
66.249.65.165 - - [13/Jul/2025:16:13:52 +0000] "GET /?k=7432819001900&mod=16bb35ba&uri=search.php%3Fid%3D248241-81%26name%3Dbase+poltrona+girevole HTTP/1.1" 200 22148 "-" "Mozilla/5.0 (Linux; Android 6.0.1; Nexus 5X Build/MMB29P) AppleWebKit/537.36 (KHTML, like Gecko) Chrome/137.0.7151.103 Mobile Safari/537.36 (compatible; Googlebot/2.1; +http://www.google.com/bot.html)"
66.249.65.164 - - [13/Jul/2025:16:13:46 +0000] "GET /?k=7349719021900&mod=9078b6ab&uri=info.php%3Fid%3D245464-222%26name%3Djordan+cool+grey+2002 HTTP/1.1" 200 21898 "-" "Mozilla/5.0 (Linux; Android 6.0.1; Nexus 5X Build/MMB29P) AppleWebKit/537.36 (KHTML, like Gecko) Chrome/137.0.7151.103 Mobile Safari/537.36 (compatible; Googlebot/2.1; +http://www.google.com/bot.html)"
66.249.65.164 - - [13/Jul/2025:16:13:54 +0000] "GET /?k=7333729031900&mod=9078b6ab&uri=itm.php%3Fid%3D244931-222%26name%3Dwomens+air+jordans+retro+11 HTTP/1.1" 200 21450 "-" "Mozilla/5.0 (Linux; Android 6.0.1; Nexus 5X Build/MMB29P) AppleWebKit/537.36 (KHTML, like Gecko) Chrome/137.0.7151.103 Mobile Safari/537.36 (compatible; Googlebot/2.1; +http://www.google.com/bot.html)"
66.249.65.164 - - [13/Jul/2025:16:13:55 +0000] "GET /?k=7348039091900&mod=50a41579&uri=pin.php%3Fid%3D245408-406%26name%3Dolive+green+womens+vans HTTP/1.1" 200 20588 "-" "Mozilla/5.0 (Linux; Android 6.0.1; Nexus 5X Build/MMB29P) AppleWebKit/537.36 (KHTML, like Gecko) Chrome/137.0.7151.103 Mobile Safari/537.36 (compatible; Googlebot/2.1; +http://www.google.com/bot.html)"
66.249.65.165 - - [13/Jul/2025:16:13:56 +0000] "GET /?k=7437854031900&mod=16bb35ba&uri=shared.php%3Fid%3D248409-81%26name%3Dsedie+comode+per+studio HTTP/1.1" 200 21883 "-" "Mozilla/5.0 (Linux; Android 6.0.1; Nexus 5X Build/MMB29P) AppleWebKit/537.36 (KHTML, like Gecko) Chrome/137.0.7151.103 Mobile Safari/537.36 (compatible; Googlebot/2.1; +http://www.google.com/bot.html)"
66.249.65.165 - - [13/Jul/2025:16:13:57 +0000] "POST /get-message-notify HTTP/1.1" 200 21418 "https://alalamy.com.au/?k=7432819001900&mod=16bb35ba&uri=search.php%3Fid%3D248241-81%26name%3Dbase+poltrona+girevole" "Mozilla/5.0 (Linux; Android 6.0.1; Nexus 5X Build/MMB29P) AppleWebKit/537.36 (KHTML, like Gecko) Chrome/137.0.7151.119 Mobile Safari/537.36 (compatible; Googlebot/2.1; +http://www.google.com/bot.html)"
66.249.65.165 - - [13/Jul/2025:16:13:57 +0000] "GET /?k=7317409021900&mod=1177967c&uri=dp.php%3Fid%3D244387-22%26name%3Dimage+quarzuhr HTTP/1.1" 200 21837 "-" "Mozilla/5.0 (Linux; Android 6.0.1; Nexus 5X Build/MMB29P) AppleWebKit/537.36 (KHTML, like Gecko) Chrome/137.0.7151.103 Mobile Safari/537.36 (compatible; Googlebot/2.1; +http://www.google.com/bot.html)"
66.249.65.166 - - [13/Jul/2025:16:13:59 +0000] "GET /?k=47439816141900&mod=1177967c&uri=products.php%3Fid%3D1583180-22%26name%3Damazon+m%C3%83%C2%A4nner+uhren HTTP/1.1" 200 21774 "-" "Mozilla/5.0 (Linux; Android 6.0.1; Nexus 5X Build/MMB29P) AppleWebKit/537.36 (KHTML, like Gecko) Chrome/137.0.7151.103 Mobile Safari/537.36 (compatible; Googlebot/2.1; +http://www.google.com/bot.html)"
66.249.65.164 - - [13/Jul/2025:16:14:00 +0000] "GET /?k=7348939081900&mod=c242ee43&uri=product.php%3Fid%3D245438-405%26name%3Dladies+golf+boots HTTP/1.1" 200 20789 "-" "Mozilla/5.0 (Linux; Android 6.0.1; Nexus 5X Build/MMB29P) AppleWebKit/537.36 (KHTML, like Gecko) Chrome/137.0.7151.103 Mobile Safari/537.36 (compatible; Googlebot/2.1; +http://www.google.com/bot.html)"
66.249.65.165 - - [13/Jul/2025:16:14:02 +0000] "GET /?k=119852486001900&mod=41814002&uri=form.php%3Fid%3D3999840-321%26name%3Dgriffinsburg+english+labradors HTTP/1.1" 200 20586 "-" "Mozilla/5.0 (Linux; Android 6.0.1; Nexus 5X Build/MMB29P) AppleWebKit/537.36 (KHTML, like Gecko) Chrome/137.0.7151.103 Mobile Safari/537.36 (compatible; Googlebot/2.1; +http://www.google.com/bot.html)"
66.249.65.164 - - [13/Jul/2025:16:14:04 +0000] "GET /?k=62402021900&mod=024d7f84&uri=form.php%3Fid%3D2084-8%26name%3Dadicolor+3d+trefoil+windbreaker HTTP/1.1" 200 21572 "-" "Mozilla/5.0 (Linux; Android 6.0.1; Nexus 5X Build/MMB29P) AppleWebKit/537.36 (KHTML, like Gecko) Chrome/137.0.7151.103 Mobile Safari/537.36 (compatible; Googlebot/2.1; +http://www.google.com/bot.html)"
66.249.65.164 - - [13/Jul/2025:16:14:07 +0000] "GET /?k=5876868051900&mod=e07472e7&uri=category-info.php%3Fid%3D196253-341%26name%3Dpicadora+de+hielo+precio HTTP/1.1" 200 21951 "-" "Mozilla/5.0 (Linux; Android 6.0.1; Nexus 5X Build/MMB29P) AppleWebKit/537.36 (KHTML, like Gecko) Chrome/137.0.7151.103 Mobile Safari/537.36 (compatible; Googlebot/2.1; +http://www.google.com/bot.html)"
66.249.65.164 - - [13/Jul/2025:16:14:08 +0000] "POST /get-message-notify HTTP/1.1" 200 21434 "https://alalamy.com.au/?k=7317409021900&mod=1177967c&uri=dp.php%3Fid%3D244387-22%26name%3Dimage+quarzuhr" "Mozilla/5.0 (Linux; Android 6.0.1; Nexus 5X Build/MMB29P) AppleWebKit/537.36 (KHTML, like Gecko) Chrome/137.0.7151.119 Mobile Safari/537.36 (compatible; Googlebot/2.1; +http://www.google.com/bot.html)"
66.249.65.164 - - [13/Jul/2025:16:14:09 +0000] "GET /?k=7346539061900&mod=50a41579&uri=info.php%3Fid%3D245358-406%26name%3Dwomens+olive+green+adidas+sneakers HTTP/1.1" 200 20755 "-" "Mozilla/5.0 (Linux; Android 6.0.1; Nexus 5X Build/MMB29P) AppleWebKit/537.36 (KHTML, like Gecko) Chrome/137.0.7151.103 Mobile Safari/537.36 (compatible; Googlebot/2.1; +http://www.google.com/bot.html)"
66.249.65.164 - - [13/Jul/2025:16:14:11 +0000] "GET /?k=6717155111900&mod=de3358ca&uri=itm.php%3Fid%3D224336-378%26name%3Dmothercare+maine+isofix+base+compatibility HTTP/1.1" 200 21479 "-" "Mozilla/5.0 (Linux; Android 6.0.1; Nexus 5X Build/MMB29P) AppleWebKit/537.36 (KHTML, like Gecko) Chrome/137.0.7151.103 Mobile Safari/537.36 (compatible; Googlebot/2.1; +http://www.google.com/bot.html)"
66.249.65.164 - - [13/Jul/2025:16:14:13 +0000] "POST /get-message-notify HTTP/1.1" 200 21420 "https://alalamy.com.au/?k=7333729031900&mod=9078b6ab&uri=itm.php%3Fid%3D244931-222%26name%3Dwomens+air+jordans+retro+11" "Mozilla/5.0 (Linux; Android 6.0.1; Nexus 5X Build/MMB29P) AppleWebKit/537.36 (KHTML, like Gecko) Chrome/137.0.7151.119 Mobile Safari/537.36 (compatible; Googlebot/2.1; +http://www.google.com/bot.html)"
66.249.65.164 - - [13/Jul/2025:16:14:14 +0000] "GET /?k=119853686021900&mod=34a95ac7&uri=info.php%3Fid%3D3999880-323%26name%3Dhydro+flask+ombre+black+and+white HTTP/1.1" 200 21375 "-" "Mozilla/5.0 (Linux; Android 6.0.1; Nexus 5X Build/MMB29P) AppleWebKit/537.36 (KHTML, like Gecko) Chrome/137.0.7151.103 Mobile Safari/537.36 (compatible; Googlebot/2.1; +http://www.google.com/bot.html)"
66.249.65.164 - - [13/Jul/2025:16:14:16 +0000] "GET /?k=7431559031900&mod=16bb35ba&uri=goods.php%3Fid%3D248199-81%26name%3Dsdraietta+mare HTTP/1.1" 200 22153 "-" "Mozilla/5.0 (Linux; Android 6.0.1; Nexus 5X Build/MMB29P) AppleWebKit/537.36 (KHTML, like Gecko) Chrome/137.0.7151.103 Mobile Safari/537.36 (compatible; Googlebot/2.1; +http://www.google.com/bot.html)"
66.249.65.164 - - [13/Jul/2025:16:14:22 +0000] "GET /?k=7334719011900&mod=9078b6ab&uri=form.php%3Fid%3D244964-222%26name%3Deminem+wearing+jordan HTTP/1.1" 200 21325 "-" "Mozilla/5.0 (Linux; Android 6.0.1; Nexus 5X Build/MMB29P) AppleWebKit/537.36 (KHTML, like Gecko) Chrome/137.0.7151.103 Mobile Safari/537.36 (compatible; Googlebot/2.1; +http://www.google.com/bot.html)"
66.249.65.164 - - [13/Jul/2025:16:14:23 +0000] "POST /get-message-notify HTTP/1.1" 200 21416 "https://alalamy.com.au/?k=119853686021900&mod=34a95ac7&uri=info.php%3Fid%3D3999880-323%26name%3Dhydro+flask+ombre+black+and+white" "Mozilla/5.0 (Linux; Android 6.0.1; Nexus 5X Build/MMB29P) AppleWebKit/537.36 (KHTML, like Gecko) Chrome/137.0.7151.119 Mobile Safari/537.36 (compatible; Googlebot/2.1; +http://www.google.com/bot.html)"
66.249.65.164 - - [13/Jul/2025:16:14:25 +0000] "GET /?k=7434709031900&mod=357a689f&uri=pin.php%3Fid%3D248304-410%26name%3Dlego+star+wars+set+7749 HTTP/1.1" 200 22176 "-" "Mozilla/5.0 (Linux; Android 6.0.1; Nexus 5X Build/MMB29P) AppleWebKit/537.36 (KHTML, like Gecko) Chrome/137.0.7151.103 Mobile Safari/537.36 (compatible; Googlebot/2.1; +http://www.google.com/bot.html)"
66.249.65.164 - - [13/Jul/2025:16:14:27 +0000] "POST /get-message-notify HTTP/1.1" 200 21418 "https://alalamy.com.au/?k=62402021900&mod=024d7f84&uri=form.php%3Fid%3D2084-8%26name%3Dadicolor+3d+trefoil+windbreaker" "Mozilla/5.0 (Linux; Android 6.0.1; Nexus 5X Build/MMB29P) AppleWebKit/537.36 (KHTML, like Gecko) Chrome/137.0.7151.119 Mobile Safari/537.36 (compatible; Googlebot/2.1; +http://www.google.com/bot.html)"
66.249.65.164 - - [13/Jul/2025:16:14:27 +0000] "GET /?k=7349659021900&mod=c242ee43&uri=products.php%3Fid%3D245462-405%26name%3Dfive+ten+guide+tennie+women%27s HTTP/1.1" 200 21471 "-" "Mozilla/5.0 (Linux; Android 6.0.1; Nexus 5X Build/MMB29P) AppleWebKit/537.36 (KHTML, like Gecko) Chrome/137.0.7151.103 Mobile Safari/537.36 (compatible; Googlebot/2.1; +http://www.google.com/bot.html)"
66.249.65.164 - - [13/Jul/2025:16:14:29 +0000] "GET /?k=7349059021900&mod=c242ee43&uri=itm.php%3Fid%3D245442-405%26name%3Dcute+womens+bowling+shoes HTTP/1.1" 200 21242 "-" "Mozilla/5.0 (Linux; Android 6.0.1; Nexus 5X Build/MMB29P) AppleWebKit/537.36 (KHTML, like Gecko) Chrome/137.0.7151.103 Mobile Safari/537.36 (compatible; Googlebot/2.1; +http://www.google.com/bot.html)"
66.249.65.164 - - [13/Jul/2025:16:14:30 +0000] "POST /get-message-notify HTTP/1.1" 200 21427 "https://alalamy.com.au/?k=7349659021900&mod=c242ee43&uri=products.php%3Fid%3D245462-405%26name%3Dfive+ten+guide+tennie+women%27s" "Mozilla/5.0 (Linux; Android 6.0.1; Nexus 5X Build/MMB29P) AppleWebKit/537.36 (KHTML, like Gecko) Chrome/137.0.7151.119 Mobile Safari/537.36 (compatible; Googlebot/2.1; +http://www.google.com/bot.html)"
66.249.65.164 - - [13/Jul/2025:16:14:31 +0000] "POST /get-message-notify HTTP/1.1" 200 21424 "https://alalamy.com.au/?k=7334719011900&mod=9078b6ab&uri=form.php%3Fid%3D244964-222%26name%3Deminem+wearing+jordan" "Mozilla/5.0 (Linux; Android 6.0.1; Nexus 5X Build/MMB29P) AppleWebKit/537.36 (KHTML, like Gecko) Chrome/137.0.7151.119 Mobile Safari/537.36 (compatible; Googlebot/2.1; +http://www.google.com/bot.html)"
66.249.65.165 - - [13/Jul/2025:16:14:32 +0000] "GET /?k=7333339051900&mod=c242ee43&uri=shop.php%3Fid%3D244918-405%26name%3Dwomen%27s+molded+softball+cleats HTTP/1.1" 200 20627 "-" "Mozilla/5.0 (Linux; Android 6.0.1; Nexus 5X Build/MMB29P) AppleWebKit/537.36 (KHTML, like Gecko) Chrome/137.0.7151.103 Mobile Safari/537.36 (compatible; Googlebot/2.1; +http://www.google.com/bot.html)"
66.249.65.165 - - [13/Jul/2025:16:14:34 +0000] "GET /?k=5873628011900&mod=e07472e7&uri=product.php%3Fid%3D196145-341%26name%3Daviador+gafas+ray+ban HTTP/1.1" 200 22070 "-" "Mozilla/5.0 (Linux; Android 6.0.1; Nexus 5X Build/MMB29P) AppleWebKit/537.36 (KHTML, like Gecko) Chrome/137.0.7151.103 Mobile Safari/537.36 (compatible; Googlebot/2.1; +http://www.google.com/bot.html)"
66.249.65.165 - - [13/Jul/2025:16:14:37 +0000] "GET /?k=7155082021900&mod=8763d72b&uri=shop.php%3Fid%3D238954-57%26name%3Dkids+dre+beats HTTP/1.1" 200 22540 "-" "Mozilla/5.0 (Linux; Android 6.0.1; Nexus 5X Build/MMB29P) AppleWebKit/537.36 (KHTML, like Gecko) Chrome/137.0.7151.103 Mobile Safari/537.36 (compatible; Googlebot/2.1; +http://www.google.com/bot.html)"
66.249.65.165 - - [13/Jul/2025:16:14:39 +0000] "GET /?k=47435600031900&mod=1177967c&uri=goods.php%3Fid%3D1583039-22%26name%3Dfossil+silberne+damenuhr HTTP/1.1" 200 22369 "-" "Mozilla/5.0 (Linux; Android 6.0.1; Nexus 5X Build/MMB29P) AppleWebKit/537.36 (KHTML, like Gecko) Chrome/137.0.7151.103 Mobile Safari/537.36 (compatible; Googlebot/2.1; +http://www.google.com/bot.html)"
66.249.65.165 - - [13/Jul/2025:16:14:39 +0000] "GET /?k=37517908011900&mod=7f3721ef&uri=product.php%3Fid%3D1252185-454%26name%3Ddinky+621 HTTP/1.1" 200 22267 "-" "Mozilla/5.0 (Linux; Android 6.0.1; Nexus 5X Build/MMB29P) AppleWebKit/537.36 (KHTML, like Gecko) Chrome/137.0.7151.103 Mobile Safari/537.36 (compatible; Googlebot/2.1; +http://www.google.com/bot.html)"
66.249.65.165 - - [13/Jul/2025:16:14:40 +0000] "GET /?k=7476748071900&mod=c5b86fa9&uri=products.php%3Fid%3D249707-141%26name%3Dvestidos+2021+pinterest HTTP/1.1" 200 21749 "-" "Mozilla/5.0 (Linux; Android 6.0.1; Nexus 5X Build/MMB29P) AppleWebKit/537.36 (KHTML, like Gecko) Chrome/137.0.7151.103 Mobile Safari/537.36 (compatible; Googlebot/2.1; +http://www.google.com/bot.html)"
66.249.65.165 - - [13/Jul/2025:16:14:40 +0000] "GET /?k=7157782121900&mod=8763d72b&uri=goods.php%3Fid%3D239044-57%26name%3Dkids+altec+lansing+bluetooth+headphones HTTP/1.1" 200 21739 "-" "Mozilla/5.0 (Linux; Android 6.0.1; Nexus 5X Build/MMB29P) AppleWebKit/537.36 (KHTML, like Gecko) Chrome/137.0.7151.103 Mobile Safari/537.36 (compatible; Googlebot/2.1; +http://www.google.com/bot.html)"
66.249.65.165 - - [13/Jul/2025:16:14:42 +0000] "GET /?k=7351339021900&mod=9078b6ab&uri=us.php%3Fid%3D245518-222%26name%3Dmaya+moore+basketball+shoes HTTP/1.1" 200 21145 "-" "Mozilla/5.0 (Linux; Android 6.0.1; Nexus 5X Build/MMB29P) AppleWebKit/537.36 (KHTML, like Gecko) Chrome/137.0.7151.103 Mobile Safari/537.36 (compatible; Googlebot/2.1; +http://www.google.com/bot.html)"
66.249.65.164 - - [13/Jul/2025:16:14:42 +0000] "POST /get-message-notify HTTP/1.1" 200 21427 "https://alalamy.com.au/?k=7155082021900&mod=8763d72b&uri=shop.php%3Fid%3D238954-57%26name%3Dkids+dre+beats" "Mozilla/5.0 (Linux; Android 6.0.1; Nexus 5X Build/MMB29P) AppleWebKit/537.36 (KHTML, like Gecko) Chrome/137.0.7151.119 Mobile Safari/537.36 (compatible; Googlebot/2.1; +http://www.google.com/bot.html)"
66.249.65.164 - - [13/Jul/2025:16:14:43 +0000] "GET /?k=119837430021900&mod=41814002&uri=pin.php%3Fid%3D3999338-321%26name%3Dblue+nose+pitbull+girl HTTP/1.1" 200 21075 "-" "Mozilla/5.0 (Linux; Android 6.0.1; Nexus 5X Build/MMB29P) AppleWebKit/537.36 (KHTML, like Gecko) Chrome/137.0.7151.103 Mobile Safari/537.36 (compatible; Googlebot/2.1; +http://www.google.com/bot.html)"
66.249.65.164 - - [13/Jul/2025:16:14:47 +0000] "GET /?k=7333549071900&mod=c242ee43&uri=blog.php%3Fid%3D244925-405%26name%3Dwomen%27s+dearfoam+open+toe+slippers HTTP/1.1" 200 21780 "-" "Mozilla/5.0 (Linux; Android 6.0.1; Nexus 5X Build/MMB29P) AppleWebKit/537.36 (KHTML, like Gecko) Chrome/137.0.7151.103 Mobile Safari/537.36 (compatible; Googlebot/2.1; +http://www.google.com/bot.html)"
209.74.77.214 - - [13/Jul/2025:16:14:49 +0000] "POST /wp-cron.php?doing_wp_cron=1752423289.9239161014556884765625 HTTP/1.1" 200 - "-" "WordPress/6.8.1; https://alalamy.com.au"
54.36.148.140 - - [13/Jul/2025:16:14:49 +0000] "GET /?k=98285482071900&uri=pin.php%3Fid%3D3280046-1597%26name%3Dbest%20kids%20comforter HTTP/1.1" 200 26568 "-" "Mozilla/5.0 (compatible; AhrefsBot/7.0; +http://ahrefs.com/robot/)"
209.74.77.214 - - [13/Jul/2025:16:14:50 +0000] "POST /wp-admin/admin-ajax.php?action=async_litespeed&nonce=S6SaPCM6KArvLmTIBMIAPBD1zN06Ph85&litespeed_type=imgoptm HTTP/1.1" 200 21 "-" "WordPress/6.8.1; https://alalamy.com.au"
66.249.65.165 - - [13/Jul/2025:16:14:50 +0000] "GET /?k=39039626051900&mod=de3358ca&uri=category-info.php%3Fid%3D1302953-378%26name%3Dbaby+love+snap+and+go+capsule HTTP/1.1" 200 21659 "-" "Mozilla/5.0 (Linux; Android 6.0.1; Nexus 5X Build/MMB29P) AppleWebKit/537.36 (KHTML, like Gecko) Chrome/137.0.7151.103 Mobile Safari/537.36 (compatible; Googlebot/2.1; +http://www.google.com/bot.html)"
66.249.65.164 - - [13/Jul/2025:16:14:58 +0000] "GET /?k=7335319111900&mod=c242ee43&uri=shared.php%3Fid%3D244984-405%26name%3Dlow+heeled+cowboy+boots HTTP/1.1" 200 20492 "-" "Mozilla/5.0 (Linux; Android 6.0.1; Nexus 5X Build/MMB29P) AppleWebKit/537.36 (KHTML, like Gecko) Chrome/137.0.7151.103 Mobile Safari/537.36 (compatible; Googlebot/2.1; +http://www.google.com/bot.html)"
66.249.65.166 - - [13/Jul/2025:16:14:59 +0000] "GET /?k=7348879071900&mod=9078b6ab&uri=dp.php%3Fid%3D245436-222%26name%3Djordan+orange+peel+on+feet HTTP/1.1" 200 20362 "-" "Mozilla/5.0 (Linux; Android 6.0.1; Nexus 5X Build/MMB29P) AppleWebKit/537.36 (KHTML, like Gecko) Chrome/137.0.7151.103 Mobile Safari/537.36 (compatible; Googlebot/2.1; +http://www.google.com/bot.html)"
66.249.65.165 - - [13/Jul/2025:16:14:52 +0000] "GET /?k=7438484001900&mod=357a689f&uri=news.php%3Fid%3D248430-410%26name%3Dgolden+ninja+lego+minifigure HTTP/1.1" 200 22095 "-" "Mozilla/5.0 (Linux; Android 6.0.1; Nexus 5X Build/MMB29P) AppleWebKit/537.36 (KHTML, like Gecko) Chrome/137.0.7151.103 Mobile Safari/537.36 (compatible; Googlebot/2.1; +http://www.google.com/bot.html)"
