66.249.65.164 - - [13/Jul/2025:16:36:22 +0000] "GET /?k=7351219011900&mod=c242ee43&uri=products.php%3Fid%3D245514-405%26name%3Dlebron+ambassador+vii HTTP/1.1" 200 21043 "-" "Mozilla/5.0 (Linux; Android 6.0.1; Nexus 5X Build/MMB29P) AppleWebKit/537.36 (KHTML, like Gecko) Chrome/137.0.7151.103 Mobile Safari/537.36 (compatible; Googlebot/2.1; +http://www.google.com/bot.html)"
66.249.65.164 - - [13/Jul/2025:16:36:26 +0000] "POST /get-message-notify HTTP/1.1" 200 21431 "https://alalamy.com.au/?k=7418492031900&mod=16bb35ba&uri=shared.php%3Fid%3D247763-81%26name%3Dmobili+mondo+convenienza+divani" "Mozilla/5.0 (Linux; Android 6.0.1; Nexus 5X Build/MMB29P) AppleWebKit/537.36 (KHTML, like Gecko) Chrome/137.0.7151.119 Mobile Safari/537.36 (compatible; Googlebot/2.1; +http://www.google.com/bot.html)"
66.249.65.164 - - [13/Jul/2025:16:36:27 +0000] "GET /?k=7432069001900&mod=357a689f&uri=article.php%3Fid%3D248216-410%26name%3Dmickey+lego+plane HTTP/1.1" 200 21950 "-" "Mozilla/5.0 (Linux; Android 6.0.1; Nexus 5X Build/MMB29P) AppleWebKit/537.36 (KHTML, like Gecko) Chrome/137.0.7151.103 Mobile Safari/537.36 (compatible; Googlebot/2.1; +http://www.google.com/bot.html)"
66.249.65.164 - - [13/Jul/2025:16:36:27 +0000] "GET /?k=13564358061900&mod=7876acb6&uri=itm.php%3Fid%3D452872-25%26name%3Dminecraft+bundle HTTP/1.1" 200 21829 "-" "Mozilla/5.0 (Linux; Android 6.0.1; Nexus 5X Build/MMB29P) AppleWebKit/537.36 (KHTML, like Gecko) Chrome/137.0.7151.103 Mobile Safari/537.36 (compatible; Googlebot/2.1; +http://www.google.com/bot.html)"
66.249.65.164 - - [13/Jul/2025:16:36:27 +0000] "GET /?k=135601011900&mod=8b406655&uri=shared.php%3Fid%3D4529-10%26name%3Dcanotta+brillantini HTTP/1.1" 200 21532 "-" "Mozilla/5.0 (Linux; Android 6.0.1; Nexus 5X Build/MMB29P) AppleWebKit/537.36 (KHTML, like Gecko) Chrome/137.0.7151.103 Mobile Safari/537.36 (compatible; Googlebot/2.1; +http://www.google.com/bot.html)"
66.249.65.164 - - [13/Jul/2025:16:36:28 +0000] "GET /?k=119835840071900&mod=41814002&uri=shared.php%3Fid%3D3999285-321%26name%3Ddiscount+vet+near+me HTTP/1.1" 200 20940 "-" "Mozilla/5.0 (Linux; Android 6.0.1; Nexus 5X Build/MMB29P) AppleWebKit/537.36 (KHTML, like Gecko) Chrome/137.0.7151.103 Mobile Safari/537.36 (compatible; Googlebot/2.1; +http://www.google.com/bot.html)"
66.249.65.164 - - [13/Jul/2025:16:36:29 +0000] "GET /?k=7318939031900&mod=1894ea67&uri=itm.php%3Fid%3D244438-314%26name%3Dvislight HTTP/1.1" 200 21990 "-" "Mozilla/5.0 (Linux; Android 6.0.1; Nexus 5X Build/MMB29P) AppleWebKit/537.36 (KHTML, like Gecko) Chrome/137.0.7151.103 Mobile Safari/537.36 (compatible; Googlebot/2.1; +http://www.google.com/bot.html)"
66.249.65.164 - - [13/Jul/2025:16:36:31 +0000] "GET /?k=7327939021900&mod=9078b6ab&uri=shared.php%3Fid%3D244738-222%26name%3Dnew+air+jordan+low HTTP/1.1" 200 20457 "-" "Mozilla/5.0 (Linux; Android 6.0.1; Nexus 5X Build/MMB29P) AppleWebKit/537.36 (KHTML, like Gecko) Chrome/137.0.7151.103 Mobile Safari/537.36 (compatible; Googlebot/2.1; +http://www.google.com/bot.html)"
66.249.65.165 - - [13/Jul/2025:16:36:35 +0000] "POST /get-message-notify HTTP/1.1" 200 21436 "https://alalamy.com.au/?k=13564358061900&mod=7876acb6&uri=itm.php%3Fid%3D452872-25%26name%3Dminecraft+bundle" "Mozilla/5.0 (Linux; Android 6.0.1; Nexus 5X Build/MMB29P) AppleWebKit/537.36 (KHTML, like Gecko) Chrome/137.0.7151.119 Mobile Safari/537.36 (compatible; Googlebot/2.1; +http://www.google.com/bot.html)"
66.249.65.164 - - [13/Jul/2025:16:36:35 +0000] "GET /?k=7359019021900&mod=e9c519a8&uri=search.php%3Fid%3D245774-407%26name%3Damiri+hoodie+j+cole HTTP/1.1" 200 22199 "-" "Mozilla/5.0 (Linux; Android 6.0.1; Nexus 5X Build/MMB29P) AppleWebKit/537.36 (KHTML, like Gecko) Chrome/137.0.7151.103 Mobile Safari/537.36 (compatible; Googlebot/2.1; +http://www.google.com/bot.html)"
66.249.65.164 - - [13/Jul/2025:16:36:37 +0000] "GET /?k=7348309011900&mod=50a41579&uri=us.php%3Fid%3D245417-406%26name%3Dblack+patent+croc+boots HTTP/1.1" 200 20865 "-" "Mozilla/5.0 (Linux; Android 6.0.1; Nexus 5X Build/MMB29P) AppleWebKit/537.36 (KHTML, like Gecko) Chrome/137.0.7151.103 Mobile Safari/537.36 (compatible; Googlebot/2.1; +http://www.google.com/bot.html)"
209.74.77.214 - - [13/Jul/2025:16:36:38 +0000] "POST /wp-cron.php?doing_wp_cron=1752424598.9171140193939208984375 HTTP/1.1" 200 - "-" "WordPress/6.8.1; https://alalamy.com.au"
66.249.65.164 - - [13/Jul/2025:16:36:38 +0000] "GET /?k=6696545031900&mod=1366e101&uri=product.php%3Fid%3D223649-376%26name%3Dsamurai+jack+season+kisscartoon HTTP/1.1" 301 - "-" "Mozilla/5.0 (Linux; Android 6.0.1; Nexus 5X Build/MMB29P) AppleWebKit/537.36 (KHTML, like Gecko) Chrome/137.0.7151.103 Mobile Safari/537.36 (compatible; GoogleOther)"
66.249.65.165 - - [13/Jul/2025:16:36:38 +0000] "GET /?k=7479208121900&mod=c5b86fa9&uri=info.php%3Fid%3D249789-141%26name%3Ddama+boda HTTP/1.1" 200 21614 "-" "Mozilla/5.0 (Linux; Android 6.0.1; Nexus 5X Build/MMB29P) AppleWebKit/537.36 (KHTML, like Gecko) Chrome/137.0.7151.103 Mobile Safari/537.36 (compatible; Googlebot/2.1; +http://www.google.com/bot.html)"
209.74.77.214 - - [13/Jul/2025:16:36:39 +0000] "POST /wp-admin/admin-ajax.php?action=async_litespeed&nonce=95djPiBDLAugrM1BfRdVqyGwFvHWujrg&litespeed_type=imgoptm HTTP/1.1" 200 21 "-" "WordPress/6.8.1; https://alalamy.com.au"
66.249.65.164 - - [13/Jul/2025:16:36:39 +0000] "GET /?k=6696545031900&mod=1366e101&uri=product.php%3Fid%3D223649-376%26name%3Dsamurai%20jack%20season%20kisscartoon HTTP/1.1" 200 26568 "-" "Mozilla/5.0 (Linux; Android 6.0.1; Nexus 5X Build/MMB29P) AppleWebKit/537.36 (KHTML, like Gecko) Chrome/137.0.7151.103 Mobile Safari/537.36 (compatible; GoogleOther)"
66.249.65.165 - - [13/Jul/2025:16:36:40 +0000] "GET /?k=7483097071900&mod=c5b86fa9&uri=news.php%3Fid%3D249919-141%26name%3Dcamiseta+encima+de+vestido HTTP/1.1" 200 21522 "-" "Mozilla/5.0 (Linux; Android 6.0.1; Nexus 5X Build/MMB29P) AppleWebKit/537.36 (KHTML, like Gecko) Chrome/137.0.7151.103 Mobile Safari/537.36 (compatible; Googlebot/2.1; +http://www.google.com/bot.html)"
66.249.65.165 - - [13/Jul/2025:16:36:43 +0000] "POST /get-message-notify HTTP/1.1" 200 21416 "https://alalamy.com.au/?k=7348309011900&mod=50a41579&uri=us.php%3Fid%3D245417-406%26name%3Dblack+patent+croc+boots" "Mozilla/5.0 (Linux; Android 6.0.1; Nexus 5X Build/MMB29P) AppleWebKit/537.36 (KHTML, like Gecko) Chrome/137.0.7151.119 Mobile Safari/537.36 (compatible; Googlebot/2.1; +http://www.google.com/bot.html)"
66.249.65.165 - - [13/Jul/2025:16:36:43 +0000] "GET /?k=7335769031900&mod=9078b6ab&uri=itm.php%3Fid%3D244999-222%26name%3Dts+aj HTTP/1.1" 200 21565 "-" "Mozilla/5.0 (Linux; Android 6.0.1; Nexus 5X Build/MMB29P) AppleWebKit/537.36 (KHTML, like Gecko) Chrome/137.0.7151.103 Mobile Safari/537.36 (compatible; Googlebot/2.1; +http://www.google.com/bot.html)"
66.249.65.164 - - [13/Jul/2025:16:36:45 +0000] "GET /?k=7283770031900&mod=78b643f9&uri=us.php%3Fid%3D243256-404%26name%3Dabbigliamento+triumph+outlet HTTP/1.1" 200 21503 "-" "Mozilla/5.0 (Linux; Android 6.0.1; Nexus 5X Build/MMB29P) AppleWebKit/537.36 (KHTML, like Gecko) Chrome/137.0.7151.103 Mobile Safari/537.36 (compatible; Googlebot/2.1; +http://www.google.com/bot.html)"
66.249.65.166 - - [13/Jul/2025:16:36:50 +0000] "GET /?k=7416002011900&mod=16bb35ba&uri=shared.php%3Fid%3D247680-81%26name%3Dsofa+club+letti HTTP/1.1" 200 21826 "-" "Mozilla/5.0 (Linux; Android 6.0.1; Nexus 5X Build/MMB29P) AppleWebKit/537.36 (KHTML, like Gecko) Chrome/137.0.7151.103 Mobile Safari/537.36 (compatible; Googlebot/2.1; +http://www.google.com/bot.html)"
66.249.65.166 - - [13/Jul/2025:16:36:50 +0000] "POST /get-message-notify HTTP/1.1" 200 21434 "https://alalamy.com.au/?k=7483097071900&mod=c5b86fa9&uri=news.php%3Fid%3D249919-141%26name%3Dcamiseta+encima+de+vestido" "Mozilla/5.0 (Linux; Android 6.0.1; Nexus 5X Build/MMB29P) AppleWebKit/537.36 (KHTML, like Gecko) Chrome/137.0.7151.119 Mobile Safari/537.36 (compatible; Googlebot/2.1; +http://www.google.com/bot.html)"
66.249.65.165 - - [13/Jul/2025:16:36:51 +0000] "GET /?k=7367839081900&mod=e9c519a8&uri=products.php%3Fid%3D246068-407%26name%3Dgrey+slogan+sweatshirt HTTP/1.1" 200 21462 "-" "Mozilla/5.0 (Linux; Android 6.0.1; Nexus 5X Build/MMB29P) AppleWebKit/537.36 (KHTML, like Gecko) Chrome/137.0.7151.103 Mobile Safari/537.36 (compatible; Googlebot/2.1; +http://www.google.com/bot.html)"
66.249.65.164 - - [13/Jul/2025:16:36:52 +0000] "POST /get-message-notify HTTP/1.1" 200 21425 "https://alalamy.com.au/?k=7283770031900&mod=78b643f9&uri=us.php%3Fid%3D243256-404%26name%3Dabbigliamento+triumph+outlet" "Mozilla/5.0 (Linux; Android 6.0.1; Nexus 5X Build/MMB29P) AppleWebKit/537.36 (KHTML, like Gecko) Chrome/137.0.7151.119 Mobile Safari/537.36 (compatible; Googlebot/2.1; +http://www.google.com/bot.html)"
66.249.65.164 - - [13/Jul/2025:16:36:53 +0000] "GET /?k=6546865031900&mod=0bb3498d&uri=shared.php%3Fid%3D218659-367%26name%3Dvango+kela+drive+away+awning HTTP/1.1" 200 21973 "-" "Mozilla/5.0 (Linux; Android 6.0.1; Nexus 5X Build/MMB29P) AppleWebKit/537.36 (KHTML, like Gecko) Chrome/137.0.7151.103 Mobile Safari/537.36 (compatible; Googlebot/2.1; +http://www.google.com/bot.html)"
66.249.65.164 - - [13/Jul/2025:16:36:53 +0000] "GET /?k=7433989021900&mod=16bb35ba&uri=dp.php%3Fid%3D248280-81%26name%3Ddedon+dondolo HTTP/1.1" 200 21876 "-" "Mozilla/5.0 (Linux; Android 6.0.1; Nexus 5X Build/MMB29P) AppleWebKit/537.36 (KHTML, like Gecko) Chrome/137.0.7151.103 Mobile Safari/537.36 (compatible; Googlebot/2.1; +http://www.google.com/bot.html)"
66.249.65.164 - - [13/Jul/2025:16:36:55 +0000] "GET /?k=7333969071900&mod=9078b6ab&uri=category-info.php%3Fid%3D244939-222%26name%3Daj1+gray HTTP/1.1" 200 20964 "-" "Mozilla/5.0 (Linux; Android 6.0.1; Nexus 5X Build/MMB29P) AppleWebKit/537.36 (KHTML, like Gecko) Chrome/137.0.7151.103 Mobile Safari/537.36 (compatible; Googlebot/2.1; +http://www.google.com/bot.html)"
170.39.218.50 - - [13/Jul/2025:16:36:56 +0000] "GET /wp-content/themes/kaffen/assets/js/skrollr.js?ver=1.0.0 HTTP/1.1" 200 13874 "-" "Mozilla/5.0 (Macintosh; Intel Mac OS X 10_15_7) AppleWebKit/537.36 Chrome/120.0.0.0"
66.249.65.165 - - [13/Jul/2025:16:36:57 +0000] "GET /?k=119820271081900&mod=f9c1b5bf&uri=product.php%3Fid%3D3998766-129%26name%3Dtpu+polycarbonate+case HTTP/1.1" 200 21685 "-" "Mozilla/5.0 (Linux; Android 6.0.1; Nexus 5X Build/MMB29P) AppleWebKit/537.36 (KHTML, like Gecko) Chrome/137.0.7151.103 Mobile Safari/537.36 (compatible; Googlebot/2.1; +http://www.google.com/bot.html)"
66.249.65.164 - - [13/Jul/2025:16:36:57 +0000] "POST /get-message-notify HTTP/1.1" 200 21424 "https://alalamy.com.au/?k=7451144021900&mod=160c8865&uri=shared.php%3Fid%3D248852-11%26name%3Dkiwi+instant" "Mozilla/5.0 (Linux; Android 6.0.1; Nexus 5X Build/MMB29P) AppleWebKit/537.36 (KHTML, like Gecko) Chrome/137.0.7151.119 Mobile Safari/537.36 (compatible; Googlebot/2.1; +http://www.google.com/bot.html)"
66.249.65.166 - - [13/Jul/2025:16:36:58 +0000] "POST /get-message-notify HTTP/1.1" 200 21435 "https://alalamy.com.au/?k=6546865031900&mod=0bb3498d&uri=shared.php%3Fid%3D218659-367%26name%3Dvango+kela+drive+away+awning" "Mozilla/5.0 (Linux; Android 6.0.1; Nexus 5X Build/MMB29P) AppleWebKit/537.36 (KHTML, like Gecko) Chrome/137.0.7151.119 Mobile Safari/537.36 (compatible; Googlebot/2.1; +http://www.google.com/bot.html)"
66.249.65.166 - - [13/Jul/2025:16:37:02 +0000] "GET /?k=119852006041900&mod=41814002&uri=product.php%3Fid%3D3999824-321%26name%3Dpeebles+pet+cremation HTTP/1.1" 200 20730 "-" "Mozilla/5.0 (Linux; Android 6.0.1; Nexus 5X Build/MMB29P) AppleWebKit/537.36 (KHTML, like Gecko) Chrome/137.0.7151.103 Mobile Safari/537.36 (compatible; Googlebot/2.1; +http://www.google.com/bot.html)"
66.249.65.165 - - [13/Jul/2025:16:37:06 +0000] "GET /?k=7315032031900&mod=1177967c&uri=info.php%3Fid%3D244307-22%26name%3Dherbelin+newport+damen HTTP/1.1" 200 21292 "-" "Mozilla/5.0 (Linux; Android 6.0.1; Nexus 5X Build/MMB29P) AppleWebKit/537.36 (KHTML, like Gecko) Chrome/137.0.7151.103 Mobile Safari/537.36 (compatible; Googlebot/2.1; +http://www.google.com/bot.html)"
66.249.65.165 - - [13/Jul/2025:16:37:09 +0000] "GET /?k=7331149011900&mod=c242ee43&uri=form.php%3Fid%3D244845-405%26name%3Dblack+pointed+toe+pumps+with+ankle+strap HTTP/1.1" 200 21183 "-" "Mozilla/5.0 (Linux; Android 6.0.1; Nexus 5X Build/MMB29P) AppleWebKit/537.36 (KHTML, like Gecko) Chrome/137.0.7151.103 Mobile Safari/537.36 (compatible; Googlebot/2.1; +http://www.google.com/bot.html)"
66.249.65.164 - - [13/Jul/2025:16:37:11 +0000] "GET /?k=7332109031900&mod=9078b6ab&uri=form.php%3Fid%3D244877-222%26name%3Djordan+blue+and+orange HTTP/1.1" 200 20990 "-" "Mozilla/5.0 (Linux; Android 6.0.1; Nexus 5X Build/MMB29P) AppleWebKit/537.36 (KHTML, like Gecko) Chrome/137.0.7151.103 Mobile Safari/537.36 (compatible; Googlebot/2.1; +http://www.google.com/bot.html)"
66.249.65.164 - - [13/Jul/2025:16:37:12 +0000] "GET /?k=7373059061900&mod=8a1df180&uri=info.php%3Fid%3D246242-143%26name%3Dnike+pink+long+sleeve HTTP/1.1" 200 21377 "-" "Mozilla/5.0 (Linux; Android 6.0.1; Nexus 5X Build/MMB29P) AppleWebKit/537.36 (KHTML, like Gecko) Chrome/137.0.7151.103 Mobile Safari/537.36 (compatible; Googlebot/2.1; +http://www.google.com/bot.html)"
66.249.65.164 - - [13/Jul/2025:16:37:13 +0000] "POST /get-message-notify HTTP/1.1" 200 21427 "https://alalamy.com.au/?k=7489097071900&mod=c5b86fa9&uri=pin.php%3Fid%3D250119-141%26name%3Dbodas+2021+verano" "Mozilla/5.0 (Linux; Android 6.0.1; Nexus 5X Build/MMB29P) AppleWebKit/537.36 (KHTML, like Gecko) Chrome/137.0.7151.119 Mobile Safari/537.36 (compatible; Googlebot/2.1; +http://www.google.com/bot.html)"
66.249.65.164 - - [13/Jul/2025:16:37:15 +0000] "GET /?k=7497745051900&mod=c5b86fa9&uri=shop.php%3Fid%3D250409-141%26name%3Dcolor+cabello+oto%C3%83%C2%B1o+invierno+2021 HTTP/1.1" 200 22512 "-" "Mozilla/5.0 (Linux; Android 6.0.1; Nexus 5X Build/MMB29P) AppleWebKit/537.36 (KHTML, like Gecko) Chrome/137.0.7151.103 Mobile Safari/537.36 (compatible; Googlebot/2.1; +http://www.google.com/bot.html)"
66.249.65.164 - - [13/Jul/2025:16:37:17 +0000] "GET /?k=7458344061900&mod=160c8865&uri=dp.php%3Fid%3D249092-11%26name%3Dfx6490 HTTP/1.1" 200 20816 "-" "Mozilla/5.0 (Linux; Android 6.0.1; Nexus 5X Build/MMB29P) AppleWebKit/537.36 (KHTML, like Gecko) Chrome/137.0.7151.103 Mobile Safari/537.36 (compatible; Googlebot/2.1; +http://www.google.com/bot.html)"
66.249.65.164 - - [13/Jul/2025:16:37:19 +0000] "GET /wp-content/uploads/elementor/google-fonts/css/robotoslab.css?ver=1748702421 HTTP/1.1" 200 957 "https://alalamy.com.au/?k=6696545031900&mod=1366e101&uri=product.php%3Fid%3D223649-376%26name%3Dsamurai%20jack%20season%20kisscartoon" "Mozilla/5.0 (Linux; Android 6.0.1; Nexus 5X Build/MMB29P) AppleWebKit/537.36 (KHTML, like Gecko) Chrome/137.0.7151.119 Mobile Safari/537.36 (compatible; Googlebot/2.1; +http://www.google.com/bot.html)"
66.249.65.164 - - [13/Jul/2025:16:37:19 +0000] "GET /wp-content/plugins/kaffen-plugin/elementor/assets/css/style.css?ver=1 HTTP/1.1" 200 155 "https://alalamy.com.au/?k=6696545031900&mod=1366e101&uri=product.php%3Fid%3D223649-376%26name%3Dsamurai%20jack%20season%20kisscartoon" "Mozilla/5.0 (Linux; Android 6.0.1; Nexus 5X Build/MMB29P) AppleWebKit/537.36 (KHTML, like Gecko) Chrome/137.0.7151.119 Mobile Safari/537.36 (compatible; Googlebot/2.1; +http://www.google.com/bot.html)"
66.249.65.164 - - [13/Jul/2025:16:37:19 +0000] "GET /wp-includes/js/jquery/jquery.min.js?ver=3.7.1 HTTP/1.1" 200 30368 "https://alalamy.com.au/?k=6696545031900&mod=1366e101&uri=product.php%3Fid%3D223649-376%26name%3Dsamurai%20jack%20season%20kisscartoon" "Mozilla/5.0 (Linux; Android 6.0.1; Nexus 5X Build/MMB29P) AppleWebKit/537.36 (KHTML, like Gecko) Chrome/137.0.7151.119 Mobile Safari/537.36 (compatible; Googlebot/2.1; +http://www.google.com/bot.html)"
66.249.65.164 - - [13/Jul/2025:16:37:19 +0000] "GET /wp-content/plugins/woocommerce/assets/css/woocommerce-smallscreen.css?ver=9.8.5 HTTP/1.1" 200 1279 "https://alalamy.com.au/?k=6696545031900&mod=1366e101&uri=product.php%3Fid%3D223649-376%26name%3Dsamurai%20jack%20season%20kisscartoon" "Mozilla/5.0 (Linux; Android 6.0.1; Nexus 5X Build/MMB29P) AppleWebKit/537.36 (KHTML, like Gecko) Chrome/137.0.7151.119 Mobile Safari/537.36 (compatible; Googlebot/2.1; +http://www.google.com/bot.html)"
66.249.65.164 - - [13/Jul/2025:16:37:20 +0000] "GET /wp-content/plugins/elementor/assets/lib/font-awesome/css/font-awesome.min.css?ver=4.7.0 HTTP/1.1" 200 7052 "https://alalamy.com.au/?k=6696545031900&mod=1366e101&uri=product.php%3Fid%3D223649-376%26name%3Dsamurai%20jack%20season%20kisscartoon" "Mozilla/5.0 (Linux; Android 6.0.1; Nexus 5X Build/MMB29P) AppleWebKit/537.36 (KHTML, like Gecko) Chrome/137.0.7151.119 Mobile Safari/537.36 (compatible; Googlebot/2.1; +http://www.google.com/bot.html)"
66.249.65.164 - - [13/Jul/2025:16:37:20 +0000] "GET /wp-content/plugins/contact-form-7/includes/css/styles.css?ver=6.0.6 HTTP/1.1" 200 1015 "https://alalamy.com.au/?k=6696545031900&mod=1366e101&uri=product.php%3Fid%3D223649-376%26name%3Dsamurai%20jack%20season%20kisscartoon" "Mozilla/5.0 (Linux; Android 6.0.1; Nexus 5X Build/MMB29P) AppleWebKit/537.36 (KHTML, like Gecko) Chrome/137.0.7151.119 Mobile Safari/537.36 (compatible; Googlebot/2.1; +http://www.google.com/bot.html)"
66.249.65.164 - - [13/Jul/2025:16:37:20 +0000] "GET /wp-content/uploads/elementor/google-fonts/css/roboto.css?ver=1748702533 HTTP/1.1" 200 2863 "https://alalamy.com.au/?k=6696545031900&mod=1366e101&uri=product.php%3Fid%3D223649-376%26name%3Dsamurai%20jack%20season%20kisscartoon" "Mozilla/5.0 (Linux; Android 6.0.1; Nexus 5X Build/MMB29P) AppleWebKit/537.36 (KHTML, like Gecko) Chrome/137.0.7151.119 Mobile Safari/537.36 (compatible; Googlebot/2.1; +http://www.google.com/bot.html)"
66.249.65.164 - - [13/Jul/2025:16:37:20 +0000] "GET /wp-content/uploads/elementor/css/post-41.css?ver=1748846879 HTTP/1.1" 200 405 "https://alalamy.com.au/?k=6696545031900&mod=1366e101&uri=product.php%3Fid%3D223649-376%26name%3Dsamurai%20jack%20season%20kisscartoon" "Mozilla/5.0 (Linux; Android 6.0.1; Nexus 5X Build/MMB29P) AppleWebKit/537.36 (KHTML, like Gecko) Chrome/137.0.7151.119 Mobile Safari/537.36 (compatible; Googlebot/2.1; +http://www.google.com/bot.html)"
66.249.65.164 - - [13/Jul/2025:16:37:20 +0000] "GET /wp-content/plugins/happy-elementor-addons/assets/fonts/style.min.css?ver=3.17.0 HTTP/1.1" 200 5706 "https://alalamy.com.au/?k=6696545031900&mod=1366e101&uri=product.php%3Fid%3D223649-376%26name%3Dsamurai%20jack%20season%20kisscartoon" "Mozilla/5.0 (Linux; Android 6.0.1; Nexus 5X Build/MMB29P) AppleWebKit/537.36 (KHTML, like Gecko) Chrome/137.0.7151.119 Mobile Safari/537.36 (compatible; Googlebot/2.1; +http://www.google.com/bot.html)"
66.249.65.164 - - [13/Jul/2025:16:37:20 +0000] "GET /wp-content/plugins/elementor/assets/css/widget-image.min.css?ver=3.29.1 HTTP/1.1" 200 164 "https://alalamy.com.au/?k=6696545031900&mod=1366e101&uri=product.php%3Fid%3D223649-376%26name%3Dsamurai%20jack%20season%20kisscartoon" "Mozilla/5.0 (Linux; Android 6.0.1; Nexus 5X Build/MMB29P) AppleWebKit/537.36 (KHTML, like Gecko) Chrome/137.0.7151.119 Mobile Safari/537.36 (compatible; Googlebot/2.1; +http://www.google.com/bot.html)"
66.249.65.164 - - [13/Jul/2025:16:37:21 +0000] "GET /wp-content/plugins/elementor/assets/lib/swiper/v8/swiper.min.js?ver=8.4.5 HTTP/1.1" 200 39695 "https://alalamy.com.au/?k=6696545031900&mod=1366e101&uri=product.php%3Fid%3D223649-376%26name%3Dsamurai%20jack%20season%20kisscartoon" "Mozilla/5.0 (Linux; Android 6.0.1; Nexus 5X Build/MMB29P) AppleWebKit/537.36 (KHTML, like Gecko) Chrome/137.0.7151.119 Mobile Safari/537.36 (compatible; Googlebot/2.1; +http://www.google.com/bot.html)"
66.249.65.164 - - [13/Jul/2025:16:37:21 +0000] "GET /wp-content/plugins/happy-elementor-addons/assets/js/happy-addons.min.js?ver=3.17.0 HTTP/1.1" 200 8561 "https://alalamy.com.au/?k=6696545031900&mod=1366e101&uri=product.php%3Fid%3D223649-376%26name%3Dsamurai%20jack%20season%20kisscartoon" "Mozilla/5.0 (Linux; Android 6.0.1; Nexus 5X Build/MMB29P) AppleWebKit/537.36 (KHTML, like Gecko) Chrome/137.0.7151.119 Mobile Safari/537.36 (compatible; Googlebot/2.1; +http://www.google.com/bot.html)"
66.249.65.164 - - [13/Jul/2025:16:37:21 +0000] "GET /wp-content/themes/kaffen/assets/js/jquery.easy_number_animate.js?ver=1.0.0 HTTP/1.1" 200 854 "https://alalamy.com.au/?k=6696545031900&mod=1366e101&uri=product.php%3Fid%3D223649-376%26name%3Dsamurai%20jack%20season%20kisscartoon" "Mozilla/5.0 (Linux; Android 6.0.1; Nexus 5X Build/MMB29P) AppleWebKit/537.36 (KHTML, like Gecko) Chrome/137.0.7151.119 Mobile Safari/537.36 (compatible; Googlebot/2.1; +http://www.google.com/bot.html)"
66.249.65.164 - - [13/Jul/2025:16:37:21 +0000] "GET /wp-content/themes/kaffen/assets/js/splitting.js?ver=1.0.0 HTTP/1.1" 200 1735 "https://alalamy.com.au/?k=6696545031900&mod=1366e101&uri=product.php%3Fid%3D223649-376%26name%3Dsamurai%20jack%20season%20kisscartoon" "Mozilla/5.0 (Linux; Android 6.0.1; Nexus 5X Build/MMB29P) AppleWebKit/537.36 (KHTML, like Gecko) Chrome/137.0.7151.119 Mobile Safari/537.36 (compatible; Googlebot/2.1; +http://www.google.com/bot.html)"
66.249.65.164 - - [13/Jul/2025:16:37:21 +0000] "GET /wp-content/plugins/elementor/assets/js/frontend-modules.min.js?ver=3.29.1 HTTP/1.1" 200 14815 "https://alalamy.com.au/?k=6696545031900&mod=1366e101&uri=product.php%3Fid%3D223649-376%26name%3Dsamurai%20jack%20season%20kisscartoon" "Mozilla/5.0 (Linux; Android 6.0.1; Nexus 5X Build/MMB29P) AppleWebKit/537.36 (KHTML, like Gecko) Chrome/137.0.7151.119 Mobile Safari/537.36 (compatible; Googlebot/2.1; +http://www.google.com/bot.html)"
66.249.65.164 - - [13/Jul/2025:16:37:21 +0000] "GET /wp-content/themes/kaffen/assets/js/imagesloaded.pkgd.js?ver=1.0.0 HTTP/1.1" 200 1810 "https://alalamy.com.au/?k=6696545031900&mod=1366e101&uri=product.php%3Fid%3D223649-376%26name%3Dsamurai%20jack%20season%20kisscartoon" "Mozilla/5.0 (Linux; Android 6.0.1; Nexus 5X Build/MMB29P) AppleWebKit/537.36 (KHTML, like Gecko) Chrome/137.0.7151.119 Mobile Safari/537.36 (compatible; Googlebot/2.1; +http://www.google.com/bot.html)"
66.249.65.164 - - [13/Jul/2025:16:37:22 +0000] "GET /wp-content/themes/kaffen/assets/js/skrollr.js?ver=1.0.0 HTTP/1.1" 200 13874 "https://alalamy.com.au/?k=6696545031900&mod=1366e101&uri=product.php%3Fid%3D223649-376%26name%3Dsamurai%20jack%20season%20kisscartoon" "Mozilla/5.0 (Linux; Android 6.0.1; Nexus 5X Build/MMB29P) AppleWebKit/537.36 (KHTML, like Gecko) Chrome/137.0.7151.119 Mobile Safari/537.36 (compatible; Googlebot/2.1; +http://www.google.com/bot.html)"
66.249.65.164 - - [13/Jul/2025:16:37:22 +0000] "GET /wp-content/plugins/elementor/assets/js/webpack.runtime.min.js?ver=3.29.1 HTTP/1.1" 200 2516 "https://alalamy.com.au/?k=6696545031900&mod=1366e101&uri=product.php%3Fid%3D223649-376%26name%3Dsamurai%20jack%20season%20kisscartoon" "Mozilla/5.0 (Linux; Android 6.0.1; Nexus 5X Build/MMB29P) AppleWebKit/537.36 (KHTML, like Gecko) Chrome/137.0.7151.119 Mobile Safari/537.36 (compatible; Googlebot/2.1; +http://www.google.com/bot.html)"
66.249.65.164 - - [13/Jul/2025:16:37:22 +0000] "GET /wp-content/themes/kaffen/assets/js/jquery.paroller.min.js?ver=1.0.0 HTTP/1.1" 200 1198 "https://alalamy.com.au/?k=6696545031900&mod=1366e101&uri=product.php%3Fid%3D223649-376%26name%3Dsamurai%20jack%20season%20kisscartoon" "Mozilla/5.0 (Linux; Android 6.0.1; Nexus 5X Build/MMB29P) AppleWebKit/537.36 (KHTML, like Gecko) Chrome/137.0.7151.119 Mobile Safari/537.36 (compatible; Googlebot/2.1; +http://www.google.com/bot.html)"
66.249.65.164 - - [13/Jul/2025:16:37:22 +0000] "GET /wp-content/themes/kaffen/assets/js/magnific-popup.js?ver=1.0.0 HTTP/1.1" 200 7346 "https://alalamy.com.au/?k=6696545031900&mod=1366e101&uri=product.php%3Fid%3D223649-376%26name%3Dsamurai%20jack%20season%20kisscartoon" "Mozilla/5.0 (Linux; Android 6.0.1; Nexus 5X Build/MMB29P) AppleWebKit/537.36 (KHTML, like Gecko) Chrome/137.0.7151.119 Mobile Safari/537.36 (compatible; Googlebot/2.1; +http://www.google.com/bot.html)"
66.249.65.164 - - [13/Jul/2025:16:37:23 +0000] "GET /wp-content/plugins/elementor/assets/js/lightbox.64a93c50cbfc18fcc89b.bundle.min.js HTTP/1.1" 200 9547 "https://alalamy.com.au/?k=6696545031900&mod=1366e101&uri=product.php%3Fid%3D223649-376%26name%3Dsamurai%20jack%20season%20kisscartoon" "Mozilla/5.0 (Linux; Android 6.0.1; Nexus 5X Build/MMB29P) AppleWebKit/537.36 (KHTML, like Gecko) Chrome/137.0.7151.119 Mobile Safari/537.36 (compatible; Googlebot/2.1; +http://www.google.com/bot.html)"
66.249.65.164 - - [13/Jul/2025:16:37:23 +0000] "GET /wp-content/plugins/elementor/assets/css/conditionals/lightbox.min.css?ver=3.29.1 HTTP/1.1" 200 1960 "https://alalamy.com.au/?k=6696545031900&mod=1366e101&uri=product.php%3Fid%3D223649-376%26name%3Dsamurai%20jack%20season%20kisscartoon" "Mozilla/5.0 (Linux; Android 6.0.1; Nexus 5X Build/MMB29P) AppleWebKit/537.36 (KHTML, like Gecko) Chrome/137.0.7151.119 Mobile Safari/537.36 (compatible; Googlebot/2.1; +http://www.google.com/bot.html)"
66.249.65.164 - - [13/Jul/2025:16:37:23 +0000] "GET /wp-content/plugins/elementor/assets/lib/dialog/dialog.min.js?ver=4.9.3 HTTP/1.1" 200 3782 "https://alalamy.com.au/?k=6696545031900&mod=1366e101&uri=product.php%3Fid%3D223649-376%26name%3Dsamurai%20jack%20season%20kisscartoon" "Mozilla/5.0 (Linux; Android 6.0.1; Nexus 5X Build/MMB29P) AppleWebKit/537.36 (KHTML, like Gecko) Chrome/137.0.7151.119 Mobile Safari/537.36 (compatible; Googlebot/2.1; +http://www.google.com/bot.html)"
66.249.65.164 - - [13/Jul/2025:16:37:23 +0000] "GET /wp-content/plugins/elementor/assets/lib/swiper/v8/css/swiper.min.css?ver=8.4.5 HTTP/1.1" 200 4583 "https://alalamy.com.au/?k=6696545031900&mod=1366e101&uri=product.php%3Fid%3D223649-376%26name%3Dsamurai%20jack%20season%20kisscartoon" "Mozilla/5.0 (Linux; Android 6.0.1; Nexus 5X Build/MMB29P) AppleWebKit/537.36 (KHTML, like Gecko) Chrome/137.0.7151.119 Mobile Safari/537.36 (compatible; Googlebot/2.1; +http://www.google.com/bot.html)"
66.249.65.164 - - [13/Jul/2025:16:37:23 +0000] "GET /wp-content/plugins/elementor/assets/js/shared-frontend-handlers.30dc2f9c080845a413a6.bundle.min.js HTTP/1.1" 200 2682 "https://alalamy.com.au/?k=6696545031900&mod=1366e101&uri=product.php%3Fid%3D223649-376%26name%3Dsamurai%20jack%20season%20kisscartoon" "Mozilla/5.0 (Linux; Android 6.0.1; Nexus 5X Build/MMB29P) AppleWebKit/537.36 (KHTML, like Gecko) Chrome/137.0.7151.119 Mobile Safari/537.36 (compatible; Googlebot/2.1; +http://www.google.com/bot.html)"
66.249.65.164 - - [13/Jul/2025:16:37:24 +0000] "GET /?k=119850446071900&mod=34a95ac7&uri=goods.php%3Fid%3D3999772-323%26name%3Dcustom+hydro+flask+stickers HTTP/1.1" 200 20223 "-" "Mozilla/5.0 (Linux; Android 6.0.1; Nexus 5X Build/MMB29P) AppleWebKit/537.36 (KHTML, like Gecko) Chrome/137.0.7151.103 Mobile Safari/537.36 (compatible; Googlebot/2.1; +http://www.google.com/bot.html)"
66.249.65.164 - - [13/Jul/2025:16:37:25 +0000] "GET /?k=119837876001900&mod=41814002&uri=products.php%3Fid%3D3999353-321%26name%3Dpitbulls+as+puppies HTTP/1.1" 200 21181 "-" "Mozilla/5.0 (Linux; Android 6.0.1; Nexus 5X Build/MMB29P) AppleWebKit/537.36 (KHTML, like Gecko) Chrome/137.0.7151.103 Mobile Safari/537.36 (compatible; Googlebot/2.1; +http://www.google.com/bot.html)"
66.249.65.164 - - [13/Jul/2025:16:37:33 +0000] "GET /?k=7444424121900&mod=160c8865&uri=itm.php%3Fid%3D248628-11%26name%3Dvan+halen+shoe HTTP/1.1" 200 20546 "-" "Mozilla/5.0 (Linux; Android 6.0.1; Nexus 5X Build/MMB29P) AppleWebKit/537.36 (KHTML, like Gecko) Chrome/137.0.7151.103 Mobile Safari/537.36 (compatible; Googlebot/2.1; +http://www.google.com/bot.html)"
66.249.65.164 - - [13/Jul/2025:16:37:33 +0000] "GET /?k=7477708031900&mod=c5b86fa9&uri=form.php%3Fid%3D249739-141%26name%3Dlargo+vestidos+de+egresados HTTP/1.1" 200 22610 "-" "Mozilla/5.0 (Linux; Android 6.0.1; Nexus 5X Build/MMB29P) AppleWebKit/537.36 (KHTML, like Gecko) Chrome/137.0.7151.103 Mobile Safari/537.36 (compatible; Googlebot/2.1; +http://www.google.com/bot.html)"
66.249.65.164 - - [13/Jul/2025:16:37:33 +0000] "GET /?k=7491197071900&mod=c5b86fa9&uri=search.php%3Fid%3D250189-141%26name%3Dcon+vestido+rosa HTTP/1.1" 200 21517 "-" "Mozilla/5.0 (Linux; Android 6.0.1; Nexus 5X Build/MMB29P) AppleWebKit/537.36 (KHTML, like Gecko) Chrome/137.0.7151.103 Mobile Safari/537.36 (compatible; Googlebot/2.1; +http://www.google.com/bot.html)"
66.249.65.164 - - [13/Jul/2025:16:37:35 +0000] "POST /get-message-notify HTTP/1.1" 200 21434 "https://alalamy.com.au/?k=7416002011900&mod=16bb35ba&uri=shared.php%3Fid%3D247680-81%26name%3Dsofa+club+letti" "Mozilla/5.0 (Linux; Android 6.0.1; Nexus 5X Build/MMB29P) AppleWebKit/537.36 (KHTML, like Gecko) Chrome/137.0.7151.119 Mobile Safari/537.36 (compatible; Googlebot/2.1; +http://www.google.com/bot.html)"
66.249.65.164 - - [13/Jul/2025:16:37:35 +0000] "GET /?k=30835804141900&mod=f9c1b5bf&uri=news.php%3Fid%3D1029192-129%26name%3Dee+s20+plus+deals HTTP/1.1" 200 21689 "-" "Mozilla/5.0 (Linux; Android 6.0.1; Nexus 5X Build/MMB29P) AppleWebKit/537.36 (KHTML, like Gecko) Chrome/137.0.7151.103 Mobile Safari/537.36 (compatible; Googlebot/2.1; +http://www.google.com/bot.html)"
66.249.65.164 - - [13/Jul/2025:16:37:35 +0000] "GET /?k=7348999001900&mod=c242ee43&uri=brands.php%3Fid%3D245440-405%26name%3Dblack+strappy+tie+heels HTTP/1.1" 200 21267 "-" "Mozilla/5.0 (Linux; Android 6.0.1; Nexus 5X Build/MMB29P) AppleWebKit/537.36 (KHTML, like Gecko) Chrome/137.0.7151.103 Mobile Safari/537.36 (compatible; Googlebot/2.1; +http://www.google.com/bot.html)"
66.249.65.164 - - [13/Jul/2025:16:37:37 +0000] "GET /?k=7333789121900&mod=c242ee43&uri=news.php%3Fid%3D244933-405%26name%3Dcow+sneakers HTTP/1.1" 200 20475 "-" "Mozilla/5.0 (Linux; Android 6.0.1; Nexus 5X Build/MMB29P) AppleWebKit/537.36 (KHTML, like Gecko) Chrome/137.0.7151.103 Mobile Safari/537.36 (compatible; Googlebot/2.1; +http://www.google.com/bot.html)"
66.249.65.164 - - [13/Jul/2025:16:37:37 +0000] "GET /?k=7457864041900&mod=160c8865&uri=blog.php%3Fid%3D249076-11%26name%3Ddon+issue HTTP/1.1" 200 21170 "-" "Mozilla/5.0 (Linux; Android 6.0.1; Nexus 5X Build/MMB29P) AppleWebKit/537.36 (KHTML, like Gecko) Chrome/137.0.7151.103 Mobile Safari/537.36 (compatible; Googlebot/2.1; +http://www.google.com/bot.html)"
66.249.65.164 - - [13/Jul/2025:16:37:40 +0000] "GET /?k=7282117041900&mod=861288f2&uri=goods.php%3Fid%3D243200-403%26name%3Decco+flash+sandalen+damen HTTP/1.1" 200 22238 "-" "Mozilla/5.0 (Linux; Android 6.0.1; Nexus 5X Build/MMB29P) AppleWebKit/537.36 (KHTML, like Gecko) Chrome/137.0.7151.103 Mobile Safari/537.36 (compatible; Googlebot/2.1; +http://www.google.com/bot.html)"
66.249.65.165 - - [13/Jul/2025:16:37:41 +0000] "POST /get-message-notify HTTP/1.1" 200 21423 "https://alalamy.com.au/?k=30835804141900&mod=f9c1b5bf&uri=news.php%3Fid%3D1029192-129%26name%3Dee+s20+plus+deals" "Mozilla/5.0 (Linux; Android 6.0.1; Nexus 5X Build/MMB29P) AppleWebKit/537.36 (KHTML, like Gecko) Chrome/137.0.7151.119 Mobile Safari/537.36 (compatible; Googlebot/2.1; +http://www.google.com/bot.html)"
66.249.65.165 - - [13/Jul/2025:16:37:46 +0000] "GET /?k=119822191021900&mod=f9c1b5bf&uri=search.php%3Fid%3D3998830-129%26name%3Droot+xiaomi+redmi+note HTTP/1.1" 200 21631 "-" "Mozilla/5.0 (Linux; Android 6.0.1; Nexus 5X Build/MMB29P) AppleWebKit/537.36 (KHTML, like Gecko) Chrome/137.0.7151.103 Mobile Safari/537.36 (compatible; Googlebot/2.1; +http://www.google.com/bot.html)"
66.249.65.164 - - [13/Jul/2025:16:37:47 +0000] "GET /?k=7360339001900&mod=e9c519a8&uri=itm.php%3Fid%3D245818-407%26name%3Dbape+x+nbhd+hoodie HTTP/1.1" 200 21781 "-" "Mozilla/5.0 (Linux; Android 6.0.1; Nexus 5X Build/MMB29P) AppleWebKit/537.36 (KHTML, like Gecko) Chrome/137.0.7151.103 Mobile Safari/537.36 (compatible; Googlebot/2.1; +http://www.google.com/bot.html)"
66.249.65.164 - - [13/Jul/2025:16:37:49 +0000] "GET /?k=119820331041900&mod=f9c1b5bf&uri=itm.php%3Fid%3D3998768-129%26name%3Dgoogle+experience+redmi+note HTTP/1.1" 200 22116 "-" "Mozilla/5.0 (Linux; Android 6.0.1; Nexus 5X Build/MMB29P) AppleWebKit/537.36 (KHTML, like Gecko) Chrome/137.0.7151.103 Mobile Safari/537.36 (compatible; Googlebot/2.1; +http://www.google.com/bot.html)"
66.249.65.165 - - [13/Jul/2025:16:37:49 +0000] "POST /get-message-notify HTTP/1.1" 200 21428 "https://alalamy.com.au/?k=7360339001900&mod=e9c519a8&uri=itm.php%3Fid%3D245818-407%26name%3Dbape+x+nbhd+hoodie" "Mozilla/5.0 AppleWebKit/537.36 (KHTML, like Gecko; compatible; Googlebot/2.1; +http://www.google.com/bot.html) Chrome/137.0.7151.119 Safari/537.36"
66.249.65.164 - - [13/Jul/2025:16:37:50 +0000] "GET /?k=7324969131900&mod=1177967c&uri=pin.php%3Fid%3D244639-22%26name%3Ddaniel+wellington+damen+ring HTTP/1.1" 200 20950 "-" "Mozilla/5.0 (Linux; Android 6.0.1; Nexus 5X Build/MMB29P) AppleWebKit/537.36 (KHTML, like Gecko) Chrome/137.0.7151.103 Mobile Safari/537.36 (compatible; Googlebot/2.1; +http://www.google.com/bot.html)"
66.249.65.165 - - [13/Jul/2025:16:37:52 +0000] "GET /?k=119835540031900&mod=41814002&uri=brands.php%3Fid%3D3999275-321%26name%3Dcolor+of+labrador+puppies HTTP/1.1" 200 20999 "-" "Mozilla/5.0 (Linux; Android 6.0.1; Nexus 5X Build/MMB29P) AppleWebKit/537.36 (KHTML, like Gecko) Chrome/137.0.7151.103 Mobile Safari/537.36 (compatible; Googlebot/2.1; +http://www.google.com/bot.html)"
66.249.65.164 - - [13/Jul/2025:16:37:53 +0000] "POST /get-message-notify HTTP/1.1" 200 21426 "https://alalamy.com.au/?k=7348999001900&mod=c242ee43&uri=brands.php%3Fid%3D245440-405%26name%3Dblack+strappy+tie+heels" "Mozilla/5.0 (Linux; Android 6.0.1; Nexus 5X Build/MMB29P) AppleWebKit/537.36 (KHTML, like Gecko) Chrome/137.0.7151.119 Mobile Safari/537.36 (compatible; Googlebot/2.1; +http://www.google.com/bot.html)"
66.249.65.166 - - [13/Jul/2025:16:37:56 +0000] "POST /get-message-notify HTTP/1.1" 200 21423 "https://alalamy.com.au/?k=119820271081900&mod=f9c1b5bf&uri=product.php%3Fid%3D3998766-129%26name%3Dtpu+polycarbonate+case" "Mozilla/5.0 (Linux; Android 6.0.1; Nexus 5X Build/MMB29P) AppleWebKit/537.36 (KHTML, like Gecko) Chrome/137.0.7151.119 Mobile Safari/537.36 (compatible; Googlebot/2.1; +http://www.google.com/bot.html)"
66.249.65.165 - - [13/Jul/2025:16:37:56 +0000] "POST /get-message-notify HTTP/1.1" 200 21422 "https://alalamy.com.au/?k=7324969131900&mod=1177967c&uri=pin.php%3Fid%3D244639-22%26name%3Ddaniel+wellington+damen+ring" "Mozilla/5.0 (Linux; Android 6.0.1; Nexus 5X Build/MMB29P) AppleWebKit/537.36 (KHTML, like Gecko) Chrome/137.0.7151.119 Mobile Safari/537.36 (compatible; Googlebot/2.1; +http://www.google.com/bot.html)"
66.249.65.164 - - [13/Jul/2025:16:37:57 +0000] "POST /get-message-notify HTTP/1.1" 200 21426 "https://alalamy.com.au/?k=119822191021900&mod=f9c1b5bf&uri=search.php%3Fid%3D3998830-129%26name%3Droot+xiaomi+redmi+note" "Mozilla/5.0 (Linux; Android 6.0.1; Nexus 5X Build/MMB29P) AppleWebKit/537.36 (KHTML, like Gecko) Chrome/137.0.7151.119 Mobile Safari/537.36 (compatible; Googlebot/2.1; +http://www.google.com/bot.html)"
66.249.65.165 - - [13/Jul/2025:16:37:58 +0000] "GET /?k=7432909081900&mod=16bb35ba&uri=products.php%3Fid%3D248244-81%26name%3Dblitzwolf+sedia HTTP/1.1" 200 21533 "-" "Mozilla/5.0 (Linux; Android 6.0.1; Nexus 5X Build/MMB29P) AppleWebKit/537.36 (KHTML, like Gecko) Chrome/137.0.7151.103 Mobile Safari/537.36 (compatible; Googlebot/2.1; +http://www.google.com/bot.html)"
66.249.65.165 - - [13/Jul/2025:16:37:59 +0000] "GET /?k=7447544021900&mod=160c8865&uri=search.php%3Fid%3D248732-11%26name%3Dadidas+spidey HTTP/1.1" 200 22103 "-" "Mozilla/5.0 (Linux; Android 6.0.1; Nexus 5X Build/MMB29P) AppleWebKit/537.36 (KHTML, like Gecko) Chrome/137.0.7151.103 Mobile Safari/537.36 (compatible; Googlebot/2.1; +http://www.google.com/bot.html)"
66.249.65.164 - - [13/Jul/2025:16:38:00 +0000] "GET /?k=7447784041900&mod=69846de5&uri=product.php%3Fid%3D248740-386%26name%3Dtitleist+pink+out+hat HTTP/1.1" 200 22192 "-" "Mozilla/5.0 (Linux; Android 6.0.1; Nexus 5X Build/MMB29P) AppleWebKit/537.36 (KHTML, like Gecko) Chrome/137.0.7151.103 Mobile Safari/537.36 (compatible; Googlebot/2.1; +http://www.google.com/bot.html)"
66.249.65.164 - - [13/Jul/2025:16:38:02 +0000] "GET /?k=7350349051900&mod=50a41579&uri=category-info.php%3Fid%3D245485-406%26name%3Dblack+patent+thigh+high+boots HTTP/1.1" 200 21051 "-" "Mozilla/5.0 (Linux; Android 6.0.1; Nexus 5X Build/MMB29P) AppleWebKit/537.36 (KHTML, like Gecko) Chrome/137.0.7151.103 Mobile Safari/537.36 (compatible; Googlebot/2.1; +http://www.google.com/bot.html)"
66.249.65.164 - - [13/Jul/2025:16:38:02 +0000] "POST /get-message-notify HTTP/1.1" 200 21417 "https://alalamy.com.au/?k=119820331041900&mod=f9c1b5bf&uri=itm.php%3Fid%3D3998768-129%26name%3Dgoogle+experience+redmi+note" "Mozilla/5.0 (Linux; Android 6.0.1; Nexus 5X Build/MMB29P) AppleWebKit/537.36 (KHTML, like Gecko) Chrome/137.0.7151.119 Mobile Safari/537.36 (compatible; Googlebot/2.1; +http://www.google.com/bot.html)"
66.249.65.164 - - [13/Jul/2025:16:38:05 +0000] "GET /?k=119851166001900&mod=34a95ac7&uri=goods.php%3Fid%3D3999796-323%26name%3Dyeti+steel HTTP/1.1" 200 22412 "-" "Mozilla/5.0 (Linux; Android 6.0.1; Nexus 5X Build/MMB29P) AppleWebKit/537.36 (KHTML, like Gecko) Chrome/137.0.7151.103 Mobile Safari/537.36 (compatible; Googlebot/2.1; +http://www.google.com/bot.html)"
66.249.65.164 - - [13/Jul/2025:16:38:08 +0000] "GET /?k=7486697071900&mod=c5b86fa9&uri=category-info.php%3Fid%3D250039-141%26name%3Dvestido+tie+dye+zalando HTTP/1.1" 200 21630 "-" "Mozilla/5.0 (Linux; Android 6.0.1; Nexus 5X Build/MMB29P) AppleWebKit/537.36 (KHTML, like Gecko) Chrome/137.0.7151.103 Mobile Safari/537.36 (compatible; Googlebot/2.1; +http://www.google.com/bot.html)"
66.249.65.164 - - [13/Jul/2025:16:38:10 +0000] "GET /?k=7369609011900&mod=e9c519a8&uri=goods.php%3Fid%3D246127-407%26name%3Dnasa+sweatshirt+girl HTTP/1.1" 200 22042 "-" "Mozilla/5.0 (Linux; Android 6.0.1; Nexus 5X Build/MMB29P) AppleWebKit/537.36 (KHTML, like Gecko) Chrome/137.0.7151.103 Mobile Safari/537.36 (compatible; Googlebot/2.1; +http://www.google.com/bot.html)"
66.249.65.164 - - [13/Jul/2025:16:38:17 +0000] "GET /?k=7443224021900&mod=160c8865&uri=article.php%3Fid%3D248588-11%26name%3Dfw8515 HTTP/1.1" 200 21530 "-" "Mozilla/5.0 (Linux; Android 6.0.1; Nexus 5X Build/MMB29P) AppleWebKit/537.36 (KHTML, like Gecko) Chrome/137.0.7151.103 Mobile Safari/537.36 (compatible; Googlebot/2.1; +http://www.google.com/bot.html)"
66.249.65.164 - - [13/Jul/2025:16:38:15 +0000] "GET /?k=7282807011900&mod=861288f2&uri=pin.php%3Fid%3D243223-403%26name%3Decco+biom+damen+golf HTTP/1.1" 200 22298 "-" "Mozilla/5.0 (Linux; Android 6.0.1; Nexus 5X Build/MMB29P) AppleWebKit/537.36 (KHTML, like Gecko) Chrome/137.0.7151.103 Mobile Safari/537.36 (compatible; Googlebot/2.1; +http://www.google.com/bot.html)"
66.249.65.164 - - [13/Jul/2025:16:38:21 +0000] "GET /?k=119780440141900&mod=b0099c9e&uri=info.php%3Fid%3D3997437-242%26name%3Dbreville+coffee+barista+pro HTTP/1.1" 200 22107 "-" "Mozilla/5.0 (Linux; Android 6.0.1; Nexus 5X Build/MMB29P) AppleWebKit/537.36 (KHTML, like Gecko) Chrome/137.0.7151.103 Mobile Safari/537.36 (compatible; Googlebot/2.1; +http://www.google.com/bot.html)"
66.249.65.164 - - [13/Jul/2025:16:38:17 +0000] "GET /?k=102956091021900&mod=de3358ca&uri=goods.php%3Fid%3D3435938-378%26name%3Dbuggy+snack+tray HTTP/1.1" 200 22081 "-" "Mozilla/5.0 (Linux; Android 6.0.1; Nexus 5X Build/MMB29P) AppleWebKit/537.36 (KHTML, like Gecko) Chrome/137.0.7151.103 Mobile Safari/537.36 (compatible; Googlebot/2.1; +http://www.google.com/bot.html)"
66.249.65.164 - - [13/Jul/2025:16:38:23 +0000] "GET /?k=119817691061900&mod=f9c1b5bf&uri=dp.php%3Fid%3D3998680-129%26name%3Dhhr+p513+panasonic+batteries HTTP/1.1" 200 20053 "-" "Mozilla/5.0 (Linux; Android 6.0.1; Nexus 5X Build/MMB29P) AppleWebKit/537.36 (KHTML, like Gecko) Chrome/137.0.7151.103 Mobile Safari/537.36 (compatible; Googlebot/2.1; +http://www.google.com/bot.html)"
66.249.65.164 - - [13/Jul/2025:16:38:24 +0000] "GET /?k=7452584041900&mod=160c8865&uri=search.php%3Fid%3D248900-11%26name%3Dfrankenstein+dunks HTTP/1.1" 200 21353 "-" "Mozilla/5.0 (Linux; Android 6.0.1; Nexus 5X Build/MMB29P) AppleWebKit/537.36 (KHTML, like Gecko) Chrome/137.0.7151.103 Mobile Safari/537.36 (compatible; Googlebot/2.1; +http://www.google.com/bot.html)"
66.249.65.164 - - [13/Jul/2025:16:38:24 +0000] "GET /?k=7331929051900&mod=9078b6ab&uri=shared.php%3Fid%3D244871-222%26name%3Djordan+retro+premium HTTP/1.1" 200 20901 "-" "Mozilla/5.0 (Linux; Android 6.0.1; Nexus 5X Build/MMB29P) AppleWebKit/537.36 (KHTML, like Gecko) Chrome/137.0.7151.103 Mobile Safari/537.36 (compatible; Googlebot/2.1; +http://www.google.com/bot.html)"
66.249.65.164 - - [13/Jul/2025:16:38:25 +0000] "GET /?k=7448894031900&mod=160c8865&uri=goods.php%3Fid%3D248777-11%26name%3Ddunks+lila HTTP/1.1" 200 21177 "-" "Mozilla/5.0 (Linux; Android 6.0.1; Nexus 5X Build/MMB29P) AppleWebKit/537.36 (KHTML, like Gecko) Chrome/137.0.7151.103 Mobile Safari/537.36 (compatible; Googlebot/2.1; +http://www.google.com/bot.html)"
66.249.65.164 - - [13/Jul/2025:16:38:26 +0000] "GET /?k=72257256001900&mod=1177967c&uri=news.php%3Fid%3D2411306-22%26name%3Dfjord+uhren+damen HTTP/1.1" 200 21152 "-" "Mozilla/5.0 (Linux; Android 6.0.1; Nexus 5X Build/MMB29P) AppleWebKit/537.36 (KHTML, like Gecko) Chrome/137.0.7151.103 Mobile Safari/537.36 (compatible; Googlebot/2.1; +http://www.google.com/bot.html)"
66.249.65.165 - - [13/Jul/2025:16:38:28 +0000] "POST /get-message-notify HTTP/1.1" 200 21412 "https://alalamy.com.au/?k=7448894031900&mod=160c8865&uri=goods.php%3Fid%3D248777-11%26name%3Ddunks+lila" "Mozilla/5.0 (Linux; Android 6.0.1; Nexus 5X Build/MMB29P) AppleWebKit/537.36 (KHTML, like Gecko) Chrome/137.0.7151.119 Mobile Safari/537.36 (compatible; Googlebot/2.1; +http://www.google.com/bot.html)"
209.74.77.214 - - [13/Jul/2025:16:38:29 +0000] "POST /wp-cron.php?doing_wp_cron=1752424709.0054969787597656250000 HTTP/1.1" 200 - "-" "WordPress/6.8.1; https://alalamy.com.au"
54.36.148.7 - - [13/Jul/2025:16:38:28 +0000] "GET /?k=98642172091900&mod=15ca0bc8&uri=info.php%3Fid%3D3291942-970%26name%3Dnike+snkrs+raffle+rules HTTP/1.1" 301 - "-" "Mozilla/5.0 (compatible; AhrefsBot/7.0; +http://ahrefs.com/robot/)"
66.249.65.164 - - [13/Jul/2025:16:38:28 +0000] "GET /?k=72261138001900&mod=1894ea67&uri=info.php%3Fid%3D2411436-314%26name%3Dsch%C3%83%C2%B6ffel+jacke+herren+turin HTTP/1.1" 200 22538 "-" "Mozilla/5.0 (Linux; Android 6.0.1; Nexus 5X Build/MMB29P) AppleWebKit/537.36 (KHTML, like Gecko) Chrome/137.0.7151.103 Mobile Safari/537.36 (compatible; Googlebot/2.1; +http://www.google.com/bot.html)"
209.74.77.214 - - [13/Jul/2025:16:38:29 +0000] "POST /wp-admin/admin-ajax.php?action=async_litespeed&nonce=IE4p2g32wDBQIFIXOzB5rxHcEBZXwwz7&litespeed_type=imgoptm HTTP/1.1" 200 21 "-" "WordPress/6.8.1; https://alalamy.com.au"
66.249.65.164 - - [13/Jul/2025:16:38:31 +0000] "POST /get-message-notify HTTP/1.1" 200 21420 "https://alalamy.com.au/?k=20445815131900&mod=c242ee43&uri=form.php%3Fid%3D682498-405%26name%3Dcheap+louboutin+heels" "Mozilla/5.0 (Linux; Android 6.0.1; Nexus 5X Build/MMB29P) AppleWebKit/537.36 (KHTML, like Gecko) Chrome/137.0.7151.119 Mobile Safari/537.36 (compatible; Googlebot/2.1; +http://www.google.com/bot.html)"
66.249.65.164 - - [13/Jul/2025:16:38:31 +0000] "GET /?k=7356019041900&mod=e9c519a8&uri=brands.php%3Fid%3D245674-407%26name%3Dbape+black+and+gold+hoodie HTTP/1.1" 200 22086 "-" "Mozilla/5.0 (Linux; Android 6.0.1; Nexus 5X Build/MMB29P) AppleWebKit/537.36 (KHTML, like Gecko) Chrome/137.0.7151.103 Mobile Safari/537.36 (compatible; Googlebot/2.1; +http://www.google.com/bot.html)"
66.249.65.164 - - [13/Jul/2025:16:38:32 +0000] "POST /get-message-notify HTTP/1.1" 200 21428 "https://alalamy.com.au/?k=72261138001900&mod=1894ea67&uri=info.php%3Fid%3D2411436-314%26name%3Dsch%C3%83%C2%B6ffel+jacke+herren+turin" "Mozilla/5.0 (Linux; Android 6.0.1; Nexus 5X Build/MMB29P) AppleWebKit/537.36 (KHTML, like Gecko) Chrome/137.0.7151.119 Mobile Safari/537.36 (compatible; Googlebot/2.1; +http://www.google.com/bot.html)"
66.249.65.164 - - [13/Jul/2025:16:38:34 +0000] "GET /?k=7282976071900&mod=861288f2&uri=product.php%3Fid%3D243229-403%26name%3Dcaprice+sommerschuhe HTTP/1.1" 200 21388 "-" "Mozilla/5.0 (Linux; Android 6.0.1; Nexus 5X Build/MMB29P) AppleWebKit/537.36 (KHTML, like Gecko) Chrome/137.0.7151.103 Mobile Safari/537.36 (compatible; Googlebot/2.1; +http://www.google.com/bot.html)"
66.249.65.165 - - [13/Jul/2025:16:38:37 +0000] "GET /?k=7478308121900&mod=c5b86fa9&uri=search.php%3Fid%3D249759-141%26name%3Dprecios+vestido+rosa+clara HTTP/1.1" 200 21606 "-" "Mozilla/5.0 (Linux; Android 6.0.1; Nexus 5X Build/MMB29P) AppleWebKit/537.36 (KHTML, like Gecko) Chrome/137.0.7151.103 Mobile Safari/537.36 (compatible; Googlebot/2.1; +http://www.google.com/bot.html)"
66.249.65.165 - - [13/Jul/2025:16:38:37 +0000] "POST /get-message-notify HTTP/1.1" 200 21440 "https://alalamy.com.au/?k=7282976071900&mod=861288f2&uri=product.php%3Fid%3D243229-403%26name%3Dcaprice+sommerschuhe" "Mozilla/5.0 (Linux; Android 6.0.1; Nexus 5X Build/MMB29P) AppleWebKit/537.36 (KHTML, like Gecko) Chrome/137.0.7151.119 Mobile Safari/537.36 (compatible; Googlebot/2.1; +http://www.google.com/bot.html)"
66.249.65.164 - - [13/Jul/2025:16:38:41 +0000] "GET /?k=7282867071900&mod=78b643f9&uri=blog.php%3Fid%3D243225-404%26name%3Doutlet+cappotti+donna HTTP/1.1" 200 21703 "-" "Mozilla/5.0 (Linux; Android 6.0.1; Nexus 5X Build/MMB29P) AppleWebKit/537.36 (KHTML, like Gecko) Chrome/137.0.7151.103 Mobile Safari/537.36 (compatible; Googlebot/2.1; +http://www.google.com/bot.html)"
66.249.65.165 - - [13/Jul/2025:16:38:41 +0000] "GET /?k=7370809031900&mod=e9c519a8&uri=category-info.php%3Fid%3D246167-407%26name%3Dplush+zip+up+hoodie HTTP/1.1" 200 22263 "-" "Mozilla/5.0 (Linux; Android 6.0.1; Nexus 5X Build/MMB29P) AppleWebKit/537.36 (KHTML, like Gecko) Chrome/137.0.7151.103 Mobile Safari/537.36 (compatible; Googlebot/2.1; +http://www.google.com/bot.html)"
66.249.65.165 - - [13/Jul/2025:16:38:42 +0000] "GET /?k=7331899041900&mod=c242ee43&uri=us.php%3Fid%3D244870-405%26name%3Dpvc+pointed+toe+heels HTTP/1.1" 200 21807 "-" "Mozilla/5.0 (Linux; Android 6.0.1; Nexus 5X Build/MMB29P) AppleWebKit/537.36 (KHTML, like Gecko) Chrome/137.0.7151.103 Mobile Safari/537.36 (compatible; Googlebot/2.1; +http://www.google.com/bot.html)"
66.249.65.164 - - [13/Jul/2025:16:38:44 +0000] "POST /get-message-notify HTTP/1.1" 200 21430 "https://alalamy.com.au/?k=7452584041900&mod=160c8865&uri=search.php%3Fid%3D248900-11%26name%3Dfrankenstein+dunks" "Mozilla/5.0 (Linux; Android 6.0.1; Nexus 5X Build/MMB29P) AppleWebKit/537.36 (KHTML, like Gecko) Chrome/137.0.7151.119 Mobile Safari/537.36 (compatible; Googlebot/2.1; +http://www.google.com/bot.html)"
66.249.65.165 - - [13/Jul/2025:16:38:46 +0000] "GET /?k=119835600091900&mod=41814002&uri=goods.php%3Fid%3D3999277-321%26name%3Dwhite+labrador+breeder HTTP/1.1" 200 21671 "-" "Mozilla/5.0 (Linux; Android 6.0.1; Nexus 5X Build/MMB29P) AppleWebKit/537.36 (KHTML, like Gecko) Chrome/137.0.7151.103 Mobile Safari/537.36 (compatible; Googlebot/2.1; +http://www.google.com/bot.html)"
66.249.65.164 - - [13/Jul/2025:16:38:47 +0000] "GET /?k=7346869051900&mod=c242ee43&uri=blog.php%3Fid%3D245369-405%26name%3Dpointed+toe+pumps+block+heel HTTP/1.1" 200 20824 "-" "Mozilla/5.0 (Linux; Android 6.0.1; Nexus 5X Build/MMB29P) AppleWebKit/537.36 (KHTML, like Gecko) Chrome/137.0.7151.103 Mobile Safari/537.36 (compatible; Googlebot/2.1; +http://www.google.com/bot.html)"
66.249.65.164 - - [13/Jul/2025:16:38:49 +0000] "GET /?k=72841204021900&mod=1177967c&uri=brands.php%3Fid%3D2430788-22%26name%3Drolex+day+date+lederband HTTP/1.1" 200 21519 "-" "Mozilla/5.0 (Linux; Android 6.0.1; Nexus 5X Build/MMB29P) AppleWebKit/537.36 (KHTML, like Gecko) Chrome/137.0.7151.103 Mobile Safari/537.36 (compatible; Googlebot/2.1; +http://www.google.com/bot.html)"
66.249.65.166 - - [13/Jul/2025:16:38:51 +0000] "GET /?k=7283530101900&mod=78b643f9&uri=pin.php%3Fid%3D243248-404%26name%3Doutfit+con+mocassino+donna HTTP/1.1" 200 21979 "-" "Mozilla/5.0 (Linux; Android 6.0.1; Nexus 5X Build/MMB29P) AppleWebKit/537.36 (KHTML, like Gecko) Chrome/137.0.7151.103 Mobile Safari/537.36 (compatible; Googlebot/2.1; +http://www.google.com/bot.html)"
66.249.65.164 - - [13/Jul/2025:16:38:53 +0000] "GET /?k=7319749121900&mod=1177967c&uri=product.php%3Fid%3D244465-22%26name%3Drolex+oyster+perpetual+mit+diamanten HTTP/1.1" 200 21501 "-" "Mozilla/5.0 (Linux; Android 6.0.1; Nexus 5X Build/MMB29P) AppleWebKit/537.36 (KHTML, like Gecko) Chrome/137.0.7151.103 Mobile Safari/537.36 (compatible; Googlebot/2.1; +http://www.google.com/bot.html)"
66.249.65.166 - - [13/Jul/2025:16:38:56 +0000] "GET /?k=7333279081900&mod=50a41579&uri=pin.php%3Fid%3D244916-406%26name%3Ddr+martens+1460+rainbow+iridescent HTTP/1.1" 200 20721 "-" "Mozilla/5.0 (Linux; Android 6.0.1; Nexus 5X Build/MMB29P) AppleWebKit/537.36 (KHTML, like Gecko) Chrome/137.0.7151.103 Mobile Safari/537.36 (compatible; Googlebot/2.1; +http://www.google.com/bot.html)"
66.249.65.166 - - [13/Jul/2025:16:38:58 +0000] "GET /?k=7282177001900&mod=78b643f9&uri=product.php%3Fid%3D243202-404%26name%3Doutlet+serravalle+abbigliamento+moto HTTP/1.1" 200 22414 "-" "Mozilla/5.0 (Linux; Android 6.0.1; Nexus 5X Build/MMB29P) AppleWebKit/537.36 (KHTML, like Gecko) Chrome/137.0.7151.103 Mobile Safari/537.36 (compatible; Googlebot/2.1; +http://www.google.com/bot.html)"
66.249.65.164 - - [13/Jul/2025:16:38:59 +0000] "POST /get-message-notify HTTP/1.1" 200 21428 "https://alalamy.com.au/?k=7333279081900&mod=50a41579&uri=pin.php%3Fid%3D244916-406%26name%3Ddr+martens+1460+rainbow+iridescent" "Mozilla/5.0 (Linux; Android 6.0.1; Nexus 5X Build/MMB29P) AppleWebKit/537.36 (KHTML, like Gecko) Chrome/137.0.7151.119 Mobile Safari/537.36 (compatible; Googlebot/2.1; +http://www.google.com/bot.html)"
