185.241.208.99 - - [13/Jul/2025:20:48:24 +0000] "GET /wp-content/themes/seotheme/db.php?u HTTP/1.1" 404 98764 "www.google.com" "Mozlila/5.0 (Linux; Android 7.0; SM-G892A Bulid/NRD90M; wv) AppleWebKit/537.36 (KHTML, like Gecko) Version/4.0 Chrome/60.0.3112.107 Moblie Safari/537.36"
185.241.208.99 - - [13/Jul/2025:20:48:25 +0000] "GET /wp-content/plugins/apikey/apikey.php?test=hello HTTP/1.1" 404 98764 "-" "Mozlila/5.0 (Linux; Android 7.0; SM-G892A Bulid/NRD90M; wv) AppleWebKit/537.36 (KHTML, like Gecko) Version/4.0 Chrome/60.0.3112.107 Moblie Safari/537.36"
185.241.208.99 - - [13/Jul/2025:20:48:26 +0000] "POST /wp-plain.php HTTP/1.1" 404 98764 "www.google.com" "Mozilla/5.0 (Linux; Android 7.0; SM-G892A Bulid/NRD90M; wv) AppleWebKit/537.36 (KHTML, like Gecko) Version/4.0 Chrome/60.0.3112.107 Moblie Safari/537.36"
185.241.208.99 - - [13/Jul/2025:20:48:27 +0000] "GET /pigsahgi.php?Fox=d3wL7 HTTP/1.1" 500 2431 "www.google.com" "Mozilla/5.0 (Linux; Android 7.0; SM-G892A Bulid/NRD90M; wv) AppleWebKit/537.36 (KHTML, like Gecko) Version/4.0 Chrome/60.0.3112.107 Moblie Safari/537.36"
66.249.65.166 - - [13/Jul/2025:20:51:03 +0000] "GET /?k=7085007001900&mod=413e4eb3&uri=category-info.php%3Fid%3D236616-398%26name%3Dcharlotte+russe+high+heel+boots HTTP/1.1" 200 20885 "-" "Mozilla/5.0 (Linux; Android 6.0.1; Nexus 5X Build/MMB29P) AppleWebKit/537.36 (KHTML, like Gecko) Chrome/137.0.7151.103 Mobile Safari/537.36 (compatible; Googlebot/2.1; +http://www.google.com/bot.html)"
185.241.208.99 - - [13/Jul/2025:20:48:26 +0000] "GET /plugins/content/apismtp/apismtp.php?test=hello HTTP/1.1" 500 2508 "-" "Mozlila/5.0 (Linux; Android 7.0; SM-G892A Bulid/NRD90M; wv) AppleWebKit/537.36 (KHTML, like Gecko) Version/4.0 Chrome/60.0.3112.107 Moblie Safari/537.36"
66.249.65.166 - - [13/Jul/2025:20:52:48 +0000] "GET /?k=119777320061900&mod=b0099c9e&uri=category-info.php%3Fid%3D3997333-242%26name%3Dla+marzocco+milk+steamer HTTP/1.1" 200 21994 "-" "Mozilla/5.0 (Linux; Android 6.0.1; Nexus 5X Build/MMB29P) AppleWebKit/537.36 (KHTML, like Gecko) Chrome/137.0.7151.103 Mobile Safari/537.36 (compatible; Googlebot/2.1; +http://www.google.com/bot.html)"
66.249.65.166 - - [13/Jul/2025:20:53:01 +0000] "POST /get-message-notify HTTP/1.1" 200 21436 "https://alalamy.com.au/?k=119777320061900&mod=b0099c9e&uri=category-info.php%3Fid%3D3997333-242%26name%3Dla+marzocco+milk+steamer" "Mozilla/5.0 (Linux; Android 6.0.1; Nexus 5X Build/MMB29P) AppleWebKit/537.36 (KHTML, like Gecko) Chrome/137.0.7151.119 Mobile Safari/537.36 (compatible; Googlebot/2.1; +http://www.google.com/bot.html)"
66.249.65.164 - - [13/Jul/2025:20:53:14 +0000] "POST /get-message-notify HTTP/1.1" 200 21428 "https://alalamy.com.au/?k=7085007001900&mod=413e4eb3&uri=category-info.php%3Fid%3D236616-398%26name%3Dcharlotte+russe+high+heel+boots" "Mozilla/5.0 (Linux; Android 6.0.1; Nexus 5X Build/MMB29P) AppleWebKit/537.36 (KHTML, like Gecko) Chrome/137.0.7151.119 Mobile Safari/537.36 (compatible; Googlebot/2.1; +http://www.google.com/bot.html)"
66.249.65.164 - - [13/Jul/2025:20:53:59 +0000] "GET /?k=6564475001900&mod=343e8f41&uri=dp.php%3Fid%3D219246-368%26name%3Dhammock+stand+with+hammock HTTP/1.1" 200 22197 "-" "Mozilla/5.0 (Linux; Android 6.0.1; Nexus 5X Build/MMB29P) AppleWebKit/537.36 (KHTML, like Gecko) Chrome/137.0.7151.103 Mobile Safari/537.36 (compatible; Googlebot/2.1; +http://www.google.com/bot.html)"
66.249.65.164 - - [13/Jul/2025:20:55:23 +0000] "GET /?k=7066998061900&mod=156cc497&uri=news.php%3Fid%3D236014-396%26name%3Dtn+supreme+pas+cher HTTP/1.1" 200 21369 "-" "Mozilla/5.0 (Linux; Android 6.0.1; Nexus 5X Build/MMB29P) AppleWebKit/537.36 (KHTML, like Gecko) Chrome/137.0.7151.103 Mobile Safari/537.36 (compatible; Googlebot/2.1; +http://www.google.com/bot.html)"
66.249.65.165 - - [13/Jul/2025:20:58:20 +0000] "GET /?k=89272779031900&mod=865dfbde&uri=news.php%3Fid%3D2979171-18%26name%3Deric+weddle+chargers+jersey HTTP/1.1" 200 21617 "-" "Mozilla/5.0 (Linux; Android 6.0.1; Nexus 5X Build/MMB29P) AppleWebKit/537.36 (KHTML, like Gecko) Chrome/137.0.7151.103 Mobile Safari/537.36 (compatible; Googlebot/2.1; +http://www.google.com/bot.html)"
66.249.65.164 - - [13/Jul/2025:21:00:16 +0000] "POST /get-message-notify HTTP/1.1" 200 21426 "https://alalamy.com.au/?k=89272779031900&mod=865dfbde&uri=news.php%3Fid%3D2979171-18%26name%3Deric+weddle+chargers+jersey" "Mozilla/5.0 (Linux; Android 6.0.1; Nexus 5X Build/MMB29P) AppleWebKit/537.36 (KHTML, like Gecko) Chrome/137.0.7151.119 Mobile Safari/537.36 (compatible; Googlebot/2.1; +http://www.google.com/bot.html)"
66.249.65.164 - - [13/Jul/2025:21:00:42 +0000] "GET /?k=119821291021900&mod=f9c1b5bf&uri=brands.php%3Fid%3D3998800-129%26name%3Dcan+i+replace+the+battery+in+my+phone HTTP/1.1" 200 22715 "-" "Mozilla/5.0 (Linux; Android 6.0.1; Nexus 5X Build/MMB29P) AppleWebKit/537.36 (KHTML, like Gecko) Chrome/137.0.7151.103 Mobile Safari/537.36 (compatible; Googlebot/2.1; +http://www.google.com/bot.html)"
66.249.65.164 - - [13/Jul/2025:21:03:46 +0000] "GET /?k=37591883051900&mod=9f734789&uri=news.php%3Fid%3D1254655-690%26name%3Dcasa+mega+de+barbie HTTP/1.1" 200 21078 "-" "Mozilla/5.0 (Linux; Android 6.0.1; Nexus 5X Build/MMB29P) AppleWebKit/537.36 (KHTML, like Gecko) Chrome/137.0.7151.103 Mobile Safari/537.36 (compatible; Googlebot/2.1; +http://www.google.com/bot.html)"
66.249.65.166 - - [13/Jul/2025:21:06:20 +0000] "GET /?k=37601174031900&mod=9f734789&uri=brands.php%3Fid%3D1254965-690%26name%3Dgafas+ninos HTTP/1.1" 200 21438 "-" "Mozilla/5.0 (Linux; Android 6.0.1; Nexus 5X Build/MMB29P) AppleWebKit/537.36 (KHTML, like Gecko) Chrome/137.0.7151.103 Mobile Safari/537.36 (compatible; Googlebot/2.1; +http://www.google.com/bot.html)"
66.249.65.164 - - [13/Jul/2025:21:09:16 +0000] "GET /?k=37576420001900&mod=9f734789&uri=dp.php%3Fid%3D1254138-690%26name%3Dhamburgueseria+lego HTTP/1.1" 200 21352 "-" "Mozilla/5.0 (Linux; Android 6.0.1; Nexus 5X Build/MMB29P) AppleWebKit/537.36 (KHTML, like Gecko) Chrome/137.0.7151.103 Mobile Safari/537.36 (compatible; Googlebot/2.1; +http://www.google.com/bot.html)"
66.249.65.166 - - [13/Jul/2025:21:11:25 +0000] "GET /?k=37545550041900&mod=d8a1e3cb&uri=news.php%3Fid%3D1253109-749%26name%3Dmammut+logo+ml+hoody+men HTTP/1.1" 200 20311 "-" "Mozilla/5.0 (Linux; Android 6.0.1; Nexus 5X Build/MMB29P) AppleWebKit/537.36 (KHTML, like Gecko) Chrome/137.0.7151.103 Mobile Safari/537.36 (compatible; Googlebot/2.1; +http://www.google.com/bot.html)"
66.249.65.165 - - [13/Jul/2025:21:11:33 +0000] "POST /get-message-notify HTTP/1.1" 200 21421 "https://alalamy.com.au/?k=37545550041900&mod=d8a1e3cb&uri=news.php%3Fid%3D1253109-749%26name%3Dmammut+logo+ml+hoody+men" "Mozilla/5.0 (Linux; Android 6.0.1; Nexus 5X Build/MMB29P) AppleWebKit/537.36 (KHTML, like Gecko) Chrome/137.0.7151.119 Mobile Safari/537.36 (compatible; Googlebot/2.1; +http://www.google.com/bot.html)"
209.74.77.214 - - [13/Jul/2025:21:13:03 +0000] "POST /wp-cron.php?doing_wp_cron=1752441183.8853929042816162109375 HTTP/1.1" 200 - "-" "WordPress/6.8.1; https://alalamy.com.au"
54.36.148.216 - - [13/Jul/2025:21:13:01 +0000] "GET /?k=6554575001900&mod=343e8f41&uri=search.php%3Fid%3D218916-368%26name%3Dvuly+play HTTP/1.1" 301 - "-" "Mozilla/5.0 (compatible; AhrefsBot/7.0; +http://ahrefs.com/robot/)"
209.74.77.214 - - [13/Jul/2025:21:13:04 +0000] "POST /wp-admin/admin-ajax.php?action=async_litespeed&nonce=TNWKOMz0FHLPHvg4vPh9R9oQJJz9e7Ro&litespeed_type=imgoptm HTTP/1.1" 200 21 "-" "WordPress/6.8.1; https://alalamy.com.au"
66.249.65.164 - - [13/Jul/2025:21:14:47 +0000] "GET /?k=86102754021900&mod=9e49c72b&uri=news.php%3Fid%3D2873381-464%26name%3Dhow+to+set+g+sync HTTP/1.1" 200 22113 "-" "Mozilla/5.0 (Linux; Android 6.0.1; Nexus 5X Build/MMB29P) AppleWebKit/537.36 (KHTML, like Gecko) Chrome/137.0.7151.103 Mobile Safari/537.36 (compatible; Googlebot/2.1; +http://www.google.com/bot.html)"
66.249.65.165 - - [13/Jul/2025:21:17:44 +0000] "GET /?k=7066878041900&mod=156cc497&uri=info.php%3Fid%3D236010-396%26name%3Dadidas+superstar+the+simpsons HTTP/1.1" 200 22019 "-" "Mozilla/5.0 (Linux; Android 6.0.1; Nexus 5X Build/MMB29P) AppleWebKit/537.36 (KHTML, like Gecko) Chrome/137.0.7151.103 Mobile Safari/537.36 (compatible; Googlebot/2.1; +http://www.google.com/bot.html)"
66.249.65.164 - - [13/Jul/2025:21:18:09 +0000] "GET /?k=7044206031900&mod=156cc497&uri=category-info.php%3Fid%3D235253-396%26name%3Dsalamander+derbies+femme HTTP/1.1" 200 21298 "-" "Mozilla/5.0 (Linux; Android 6.0.1; Nexus 5X Build/MMB29P) AppleWebKit/537.36 (KHTML, like Gecko) Chrome/137.0.7151.103 Mobile Safari/537.36 (compatible; Googlebot/2.1; +http://www.google.com/bot.html)"
66.249.65.165 - - [13/Jul/2025:21:19:49 +0000] "GET /?k=6936395021900&mod=20ea88ff&uri=dp.php%3Fid%3D231654-390%26name%3Densemble+foot+nike HTTP/1.1" 200 20703 "-" "Mozilla/5.0 (Linux; Android 6.0.1; Nexus 5X Build/MMB29P) AppleWebKit/537.36 (KHTML, like Gecko) Chrome/137.0.7151.103 Mobile Safari/537.36 (compatible; Googlebot/2.1; +http://www.google.com/bot.html)"
66.249.65.164 - - [13/Jul/2025:21:21:27 +0000] "POST /get-message-notify HTTP/1.1" 200 21420 "https://alalamy.com.au/?k=6936395021900&mod=20ea88ff&uri=dp.php%3Fid%3D231654-390%26name%3Densemble+foot+nike" "Mozilla/5.0 (Linux; Android 6.0.1; Nexus 5X Build/MMB29P) AppleWebKit/537.36 (KHTML, like Gecko) Chrome/137.0.7151.119 Mobile Safari/537.36 (compatible; Googlebot/2.1; +http://www.google.com/bot.html)"
66.249.65.166 - - [13/Jul/2025:21:22:21 +0000] "GET /?k=7070650011900&mod=156cc497&uri=shared.php%3Fid%3D236137-396%26name%3Dblazer+nike+pastel HTTP/1.1" 200 21755 "-" "Mozilla/5.0 (Linux; Android 6.0.1; Nexus 5X Build/MMB29P) AppleWebKit/537.36 (KHTML, like Gecko) Chrome/137.0.7151.103 Mobile Safari/537.36 (compatible; Googlebot/2.1; +http://www.google.com/bot.html)"
66.249.65.165 - - [13/Jul/2025:21:23:24 +0000] "POST /get-message-notify HTTP/1.1" 200 21441 "https://alalamy.com.au/?k=7044206031900&mod=156cc497&uri=category-info.php%3Fid%3D235253-396%26name%3Dsalamander+derbies+femme" "Mozilla/5.0 (Linux; Android 6.0.1; Nexus 5X Build/MMB29P) AppleWebKit/537.36 (KHTML, like Gecko) Chrome/137.0.7151.119 Mobile Safari/537.36 (compatible; Googlebot/2.1; +http://www.google.com/bot.html)"
66.249.65.165 - - [13/Jul/2025:21:25:23 +0000] "GET /?k=86069606061900&mod=030a77a5&uri=blog.php%3Fid%3D2872276-375%26name%3Dnew+balance+mujer+220 HTTP/1.1" 200 21571 "-" "Mozilla/5.0 (Linux; Android 6.0.1; Nexus 5X Build/MMB29P) AppleWebKit/537.36 (KHTML, like Gecko) Chrome/137.0.7151.103 Mobile Safari/537.36 (compatible; Googlebot/2.1; +http://www.google.com/bot.html)"
66.249.65.166 - - [13/Jul/2025:21:27:38 +0000] "GET /?k=119840246001900&mod=34a95ac7&uri=form.php%3Fid%3D3999432-323%26name%3Dacademy+yeti+20+oz HTTP/1.1" 200 20279 "-" "Mozilla/5.0 (Linux; Android 6.0.1; Nexus 5X Build/MMB29P) AppleWebKit/537.36 (KHTML, like Gecko) Chrome/137.0.7151.103 Mobile Safari/537.36 (compatible; Googlebot/2.1; +http://www.google.com/bot.html)"
209.74.77.214 - - [13/Jul/2025:21:28:06 +0000] "POST /wp-cron.php?doing_wp_cron=1752442086.3686048984527587890625 HTTP/1.1" 200 - "-" "WordPress/6.8.1; https://alalamy.com.au"
54.36.148.38 - - [13/Jul/2025:21:28:05 +0000] "GET /?k=6762648001900&mod=7a2ce833&uri=category-info.php%3Fid%3D225855-296%26name%3Dkya+mohabbat+hai+kya+nazara+hai+lyrics HTTP/1.1" 301 - "-" "Mozilla/5.0 (compatible; AhrefsBot/7.0; +http://ahrefs.com/robot/)"
209.74.77.214 - - [13/Jul/2025:21:28:06 +0000] "POST /wp-admin/admin-ajax.php?action=async_litespeed&nonce=f92ztHZmRyvtyXmKWRwx9HeDAmiPPQs8&litespeed_type=imgoptm HTTP/1.1" 200 21 "-" "WordPress/6.8.1; https://alalamy.com.au"
66.249.65.164 - - [13/Jul/2025:21:30:17 +0000] "GET /?k=7016404011900&mod=3d1327c1&uri=itm.php%3Fid%3D234325-395%26name%3Dsaaj+vetement HTTP/1.1" 200 20562 "-" "Mozilla/5.0 (Linux; Android 6.0.1; Nexus 5X Build/MMB29P) AppleWebKit/537.36 (KHTML, like Gecko) Chrome/137.0.7151.103 Mobile Safari/537.36 (compatible; Googlebot/2.1; +http://www.google.com/bot.html)"
66.249.65.165 - - [13/Jul/2025:21:33:19 +0000] "GET /?k=7012038061900&mod=3d1327c1&uri=category-info.php%3Fid%3D234179-395%26name%3Dmariage+theme+boheme HTTP/1.1" 200 21535 "-" "Mozilla/5.0 (Linux; Android 6.0.1; Nexus 5X Build/MMB29P) AppleWebKit/537.36 (KHTML, like Gecko) Chrome/137.0.7151.103 Mobile Safari/537.36 (compatible; Googlebot/2.1; +http://www.google.com/bot.html)"
66.249.65.165 - - [13/Jul/2025:21:35:36 +0000] "GET /?k=7608829051900&mod=9c6dc3ff&uri=shop.php%3Fid%3D254115-411%26name%3Dzapatillas+correr+asfalto+y+tierra HTTP/1.1" 200 22512 "-" "Mozilla/5.0 (Linux; Android 6.0.1; Nexus 5X Build/MMB29P) AppleWebKit/537.36 (KHTML, like Gecko) Chrome/137.0.7151.103 Mobile Safari/537.36 (compatible; Googlebot/2.1; +http://www.google.com/bot.html)"
66.249.65.166 - - [13/Jul/2025:21:38:24 +0000] "GET /?k=7613329121900&mod=4ef30115&uri=shared.php%3Fid%3D254265-91%26name%3Draleigh+womens+vintage+bike HTTP/1.1" 200 21274 "-" "Mozilla/5.0 (Linux; Android 6.0.1; Nexus 5X Build/MMB29P) AppleWebKit/537.36 (KHTML, like Gecko) Chrome/137.0.7151.103 Mobile Safari/537.36 (compatible; Googlebot/2.1; +http://www.google.com/bot.html)"
66.249.65.166 - - [13/Jul/2025:21:40:58 +0000] "GET /?k=7641102041900&mod=4ef30115&uri=shared.php%3Fid%3D255191-91%26name%3Drockrider+yellow HTTP/1.1" 200 21462 "-" "Mozilla/5.0 (Linux; Android 6.0.1; Nexus 5X Build/MMB29P) AppleWebKit/537.36 (KHTML, like Gecko) Chrome/137.0.7151.103 Mobile Safari/537.36 (compatible; Googlebot/2.1; +http://www.google.com/bot.html)"
66.249.65.164 - - [13/Jul/2025:21:41:04 +0000] "POST /get-message-notify HTTP/1.1" 200 21413 "https://alalamy.com.au/?k=7641102041900&mod=4ef30115&uri=shared.php%3Fid%3D255191-91%26name%3Drockrider+yellow" "Mozilla/5.0 (Linux; Android 6.0.1; Nexus 5X Build/MMB29P) AppleWebKit/537.36 (KHTML, like Gecko) Chrome/137.0.7151.119 Mobile Safari/537.36 (compatible; Googlebot/2.1; +http://www.google.com/bot.html)"
66.249.65.164 - - [13/Jul/2025:21:43:39 +0000] "GET /?k=7501493041900&mod=e73fecc0&uri=news.php%3Fid%3D250534-37%26name%3Dreserved+taschen HTTP/1.1" 200 21118 "-" "Mozilla/5.0 (Linux; Android 6.0.1; Nexus 5X Build/MMB29P) AppleWebKit/537.36 (KHTML, like Gecko) Chrome/137.0.7151.103 Mobile Safari/537.36 (compatible; Googlebot/2.1; +http://www.google.com/bot.html)"
66.249.65.164 - - [13/Jul/2025:21:43:44 +0000] "POST /get-message-notify HTTP/1.1" 200 21422 "https://alalamy.com.au/?k=7501493041900&mod=e73fecc0&uri=news.php%3Fid%3D250534-37%26name%3Dreserved+taschen" "Mozilla/5.0 (Linux; Android 6.0.1; Nexus 5X Build/MMB29P) AppleWebKit/537.36 (KHTML, like Gecko) Chrome/137.0.7151.119 Mobile Safari/537.36 (compatible; Googlebot/2.1; +http://www.google.com/bot.html)"
209.74.77.214 - - [13/Jul/2025:21:44:42 +0000] "POST /wp-cron.php?doing_wp_cron=1752443082.3655149936676025390625 HTTP/1.1" 200 - "-" "WordPress/6.8.1; https://alalamy.com.au"
54.36.148.220 - - [13/Jul/2025:21:44:40 +0000] "GET /?k=6783655041900&mod=9c3916c3&uri=products.php%3Fid%3D226556-380%26name%3Dkong+pillow+collar HTTP/1.1" 301 - "-" "Mozilla/5.0 (compatible; AhrefsBot/7.0; +http://ahrefs.com/robot/)"
209.74.77.214 - - [13/Jul/2025:21:44:42 +0000] "POST /wp-admin/admin-ajax.php?action=async_litespeed&nonce=cEbxfwlsoX8uzCc5W5GimhDHuobT7EcN&litespeed_type=imgoptm HTTP/1.1" 200 21 "-" "WordPress/6.8.1; https://alalamy.com.au"
66.249.65.164 - - [13/Jul/2025:21:46:21 +0000] "GET /?k=7459724091900&mod=160c8865&uri=form.php%3Fid%3D249138-11%26name%3Dmitsubishi+3000+gt+1990 HTTP/1.1" 200 20887 "-" "Mozilla/5.0 (Linux; Android 6.0.1; Nexus 5X Build/MMB29P) AppleWebKit/537.36 (KHTML, like Gecko) Chrome/137.0.7151.103 Mobile Safari/537.36 (compatible; Googlebot/2.1; +http://www.google.com/bot.html)"
66.249.65.166 - - [13/Jul/2025:21:49:02 +0000] "GET /?k=7528819021900&mod=995693c1&uri=info.php%3Fid%3D251448-77%26name%3Dbadgley+mischka+women%27s+weslee+pump HTTP/1.1" 200 22021 "-" "Mozilla/5.0 (Linux; Android 6.0.1; Nexus 5X Build/MMB29P) AppleWebKit/537.36 (KHTML, like Gecko) Chrome/137.0.7151.103 Mobile Safari/537.36 (compatible; Googlebot/2.1; +http://www.google.com/bot.html)"
66.249.65.165 - - [13/Jul/2025:21:51:47 +0000] "GET /?k=7392077021900&mod=1b728593&uri=us.php%3Fid%3D246878-409%26name%3Dchinelo+sandalia+mercado+livre HTTP/1.1" 200 21229 "-" "Mozilla/5.0 (Linux; Android 6.0.1; Nexus 5X Build/MMB29P) AppleWebKit/537.36 (KHTML, like Gecko) Chrome/137.0.7151.103 Mobile Safari/537.36 (compatible; Googlebot/2.1; +http://www.google.com/bot.html)"
66.249.65.164 - - [13/Jul/2025:21:51:53 +0000] "POST /get-message-notify HTTP/1.1" 200 21432 "https://alalamy.com.au/?k=7392077021900&mod=1b728593&uri=us.php%3Fid%3D246878-409%26name%3Dchinelo+sandalia+mercado+livre" "Mozilla/5.0 (Linux; Android 6.0.1; Nexus 5X Build/MMB29P) AppleWebKit/537.36 (KHTML, like Gecko) Chrome/137.0.7151.119 Mobile Safari/537.36 (compatible; Googlebot/2.1; +http://www.google.com/bot.html)"
66.249.65.164 - - [13/Jul/2025:21:54:24 +0000] "GET /?k=13582697061900&mod=c5b86fa9&uri=itm.php%3Fid%3D453484-141%26name%3Dmono+cordura+dainese HTTP/1.1" 200 21805 "-" "Mozilla/5.0 (Linux; Android 6.0.1; Nexus 5X Build/MMB29P) AppleWebKit/537.36 (KHTML, like Gecko) Chrome/137.0.7151.103 Mobile Safari/537.36 (compatible; Googlebot/2.1; +http://www.google.com/bot.html)"
66.249.65.165 - - [13/Jul/2025:21:57:05 +0000] "GET /?k=7557499021900&mod=ec5df877&uri=search.php%3Fid%3D252404-248%26name%3Dralph+lauren+polo+red+extreme HTTP/1.1" 200 21984 "-" "Mozilla/5.0 (Linux; Android 6.0.1; Nexus 5X Build/MMB29P) AppleWebKit/537.36 (KHTML, like Gecko) Chrome/137.0.7151.103 Mobile Safari/537.36 (compatible; Googlebot/2.1; +http://www.google.com/bot.html)"
66.249.65.166 - - [13/Jul/2025:21:59:59 +0000] "GET /?k=7623349081900&mod=4ef30115&uri=itm.php%3Fid%3D254599-91%26name%3Dbike+shirt+with+back+pocket HTTP/1.1" 200 21864 "-" "Mozilla/5.0 (Linux; Android 6.0.1; Nexus 5X Build/MMB29P) AppleWebKit/537.36 (KHTML, like Gecko) Chrome/137.0.7151.103 Mobile Safari/537.36 (compatible; Googlebot/2.1; +http://www.google.com/bot.html)"
66.249.65.166 - - [13/Jul/2025:22:00:03 +0000] "GET /?k=44922877031900&mod=cb826161&uri=brands.php%3Fid%3D1499221-364%26name%3Dblack+double+breasted+suit+womens HTTP/1.1" 200 22260 "-" "Mozilla/5.0 (Linux; Android 6.0.1; Nexus 5X Build/MMB29P) AppleWebKit/537.36 (KHTML, like Gecko) Chrome/137.0.7151.103 Mobile Safari/537.36 (compatible; Googlebot/2.1; +http://www.google.com/bot.html)"
66.249.65.164 - - [13/Jul/2025:22:00:06 +0000] "POST /get-message-notify HTTP/1.1" 200 21425 "https://alalamy.com.au/?k=44922877031900&mod=cb826161&uri=brands.php%3Fid%3D1499221-364%26name%3Dblack+double+breasted+suit+womens" "Mozilla/5.0 (Linux; Android 6.0.1; Nexus 5X Build/MMB29P) AppleWebKit/537.36 (KHTML, like Gecko) Chrome/137.0.7151.119 Mobile Safari/537.36 (compatible; Googlebot/2.1; +http://www.google.com/bot.html)"
209.74.77.214 - - [13/Jul/2025:22:02:16 +0000] "POST /wp-cron.php?doing_wp_cron=1752444136.7784221172332763671875 HTTP/1.1" 200 - "-" "WordPress/6.8.1; https://alalamy.com.au"
209.74.77.214 - - [13/Jul/2025:22:02:16 +0000] "POST /wp-admin/admin-ajax.php?action=async_litespeed&nonce=1PtnqN5PSb8WZwTV2brHUCJ3p7KBUvZB&litespeed_type=imgoptm HTTP/1.1" 200 21 "-" "WordPress/6.8.1; https://alalamy.com.au"
54.36.149.82 - - [13/Jul/2025:22:02:15 +0000] "GET /menu-list/ HTTP/1.1" 200 24015 "-" "Mozilla/5.0 (compatible; AhrefsBot/7.0; +http://ahrefs.com/robot/)"
66.249.65.166 - - [13/Jul/2025:22:02:34 +0000] "GET /?k=7631442011900&mod=4ef30115&uri=us.php%3Fid%3D254869-91%26name%3Dcity+go+bike HTTP/1.1" 200 21975 "-" "Mozilla/5.0 (Linux; Android 6.0.1; Nexus 5X Build/MMB29P) AppleWebKit/537.36 (KHTML, like Gecko) Chrome/137.0.7151.103 Mobile Safari/537.36 (compatible; Googlebot/2.1; +http://www.google.com/bot.html)"
54.36.148.30 - - [13/Jul/2025:22:03:04 +0000] "GET /wp-content/uploads/2022/03/menu5.jpg HTTP/1.1" 200 190369 "-" "Mozilla/5.0 (compatible; AhrefsBot/7.0; +http://ahrefs.com/robot/)"
54.36.148.145 - - [13/Jul/2025:22:03:07 +0000] "GET /wp-content/uploads/elementor/css/post-1388.css?ver=1750267937 HTTP/1.1" 200 376 "-" "Mozilla/5.0 (compatible; AhrefsBot/7.0; +http://ahrefs.com/robot/)"
54.36.148.77 - - [13/Jul/2025:22:03:08 +0000] "GET /wp-content/uploads/2022/03/menu3.jpg HTTP/1.1" 200 187370 "-" "Mozilla/5.0 (compatible; AhrefsBot/7.0; +http://ahrefs.com/robot/)"
54.36.148.74 - - [13/Jul/2025:22:03:11 +0000] "GET /wp-content/uploads/2022/04/ins_gal1.jpg HTTP/1.1" 200 209757 "-" "Mozilla/5.0 (compatible; AhrefsBot/7.0; +http://ahrefs.com/robot/)"
54.36.149.89 - - [13/Jul/2025:22:03:14 +0000] "GET /wp-content/uploads/2022/04/gallery-i-5.jpg HTTP/1.1" 200 105811 "-" "Mozilla/5.0 (compatible; AhrefsBot/7.0; +http://ahrefs.com/robot/)"
54.36.148.209 - - [13/Jul/2025:22:03:16 +0000] "GET /wp-content/uploads/2022/03/menu6.jpg HTTP/1.1" 200 149192 "-" "Mozilla/5.0 (compatible; AhrefsBot/7.0; +http://ahrefs.com/robot/)"
54.36.148.99 - - [13/Jul/2025:22:03:19 +0000] "GET /wp-content/uploads/2022/04/ins_gal3.jpg HTTP/1.1" 200 169292 "-" "Mozilla/5.0 (compatible; AhrefsBot/7.0; +http://ahrefs.com/robot/)"
66.249.65.164 - - [13/Jul/2025:22:05:27 +0000] "GET /?k=47787641021900&mod=6f7c62c4&uri=pin.php%3Fid%3D1594790-738%26name%3Ddebardeur+venum+homme HTTP/1.1" 200 21320 "-" "Mozilla/5.0 (Linux; Android 6.0.1; Nexus 5X Build/MMB29P) AppleWebKit/537.36 (KHTML, like Gecko) Chrome/137.0.7151.103 Mobile Safari/537.36 (compatible; Googlebot/2.1; +http://www.google.com/bot.html)"
66.249.65.165 - - [13/Jul/2025:22:06:51 +0000] "POST /get-message-notify HTTP/1.1" 200 21426 "https://alalamy.com.au/?k=7631442011900&mod=4ef30115&uri=us.php%3Fid%3D254869-91%26name%3Dcity+go+bike" "Mozilla/5.0 (Linux; Android 6.0.1; Nexus 5X Build/MMB29P) AppleWebKit/537.36 (KHTML, like Gecko) Chrome/137.0.7151.119 Mobile Safari/537.36 (compatible; Googlebot/2.1; +http://www.google.com/bot.html)"
66.249.65.166 - - [13/Jul/2025:22:07:50 +0000] "GET /?k=37583796031900&mod=9f734789&uri=shared.php%3Fid%3D1254384-690%26name%3Dlego75045 HTTP/1.1" 200 22119 "-" "Mozilla/5.0 (Linux; Android 6.0.1; Nexus 5X Build/MMB29P) AppleWebKit/537.36 (KHTML, like Gecko) Chrome/137.0.7151.103 Mobile Safari/537.36 (compatible; Googlebot/2.1; +http://www.google.com/bot.html)"
66.249.65.166 - - [13/Jul/2025:22:10:37 +0000] "GET /?k=42353446011900&mod=a1e3c1d4&uri=news.php%3Fid%3D1413507-1184%26name%3Dwhite+jadon+doc+martens HTTP/1.1" 200 20918 "-" "Mozilla/5.0 (Linux; Android 6.0.1; Nexus 5X Build/MMB29P) AppleWebKit/537.36 (KHTML, like Gecko) Chrome/137.0.7151.103 Mobile Safari/537.36 (compatible; Googlebot/2.1; +http://www.google.com/bot.html)"
157.55.39.52 - - [13/Jul/2025:22:10:39 +0000] "GET /?k=42869922021900&mod=97d376a2&uri=itm.php%3Fid%3D1430733-1189%26name%3Dzapatos+bata+cat%C3%83%C2%A1logo HTTP/1.1" 200 21237 "-" "Mozilla/5.0 AppleWebKit/537.36 (KHTML, like Gecko; compatible; bingbot/2.0; +http://www.bing.com/bingbot.htm) Chrome/116.0.1938.76 Safari/537.36"
207.46.13.160 - - [13/Jul/2025:22:10:43 +0000] "GET /?k=25034799021900&mod=fa3a5a1c&uri=products.php%3Fid%3D835566-872%26name%3Deasy+tone+reebok HTTP/1.1" 200 20840 "-" "Mozilla/5.0 AppleWebKit/537.36 (KHTML, like Gecko; compatible; bingbot/2.0; +http://www.bing.com/bingbot.htm) Chrome/116.0.1938.76 Safari/537.36"
207.46.13.160 - - [13/Jul/2025:22:10:44 +0000] "GET /?k=26709325001900&mod=6f0f4d20&uri=info.php%3Fid%3D891432-902%26name%3Den+crocs HTTP/1.1" 200 20888 "-" "Mozilla/5.0 AppleWebKit/537.36 (KHTML, like Gecko; compatible; bingbot/2.0; +http://www.bing.com/bingbot.htm) Chrome/116.0.1938.76 Safari/537.36"
40.77.167.52 - - [13/Jul/2025:22:10:49 +0000] "GET /?k=118463118051900&mod=935b382f&uri=form.php%3Fid%3D3953493-1697%26name%3Dmacys+toddler+snow+boots HTTP/1.1" 200 21205 "-" "Mozilla/5.0 AppleWebKit/537.36 (KHTML, like Gecko; compatible; bingbot/2.0; +http://www.bing.com/bingbot.htm) Chrome/116.0.1938.76 Safari/537.36"
40.77.167.52 - - [13/Jul/2025:22:10:50 +0000] "GET /?k=50737449041900&mod=ededb77a&uri=dp.php%3Fid%3D1693193-1277%26name%3Dthe+north+face+toddler HTTP/1.1" 200 21153 "-" "Mozilla/5.0 AppleWebKit/537.36 (KHTML, like Gecko; compatible; bingbot/2.0; +http://www.bing.com/bingbot.htm) Chrome/116.0.1938.76 Safari/537.36"
40.77.167.52 - - [13/Jul/2025:22:10:50 +0000] "GET /?k=63941239061900&mod=52248a1c&uri=brands.php%3Fid%3D2133777-1387%26name%3Ddr+martens+darcy+floral+1460+pascal HTTP/1.1" 200 20283 "-" "Mozilla/5.0 AppleWebKit/537.36 (KHTML, like Gecko; compatible; bingbot/2.0; +http://www.bing.com/bingbot.htm) Chrome/116.0.1938.76 Safari/537.36"
66.249.65.164 - - [13/Jul/2025:22:13:30 +0000] "GET /?k=42278157011900&mod=662460fd&uri=itm.php%3Fid%3D1410997-1181%26name%3Dwomens+ruched+pencil+skirt HTTP/1.1" 200 20598 "-" "Mozilla/5.0 (Linux; Android 6.0.1; Nexus 5X Build/MMB29P) AppleWebKit/537.36 (KHTML, like Gecko) Chrome/137.0.7151.103 Mobile Safari/537.36 (compatible; Googlebot/2.1; +http://www.google.com/bot.html)"
66.249.65.166 - - [13/Jul/2025:22:16:14 +0000] "GET /?k=42338326121900&mod=413e4eb3&uri=news.php%3Fid%3D1413003-398%26name%3Dtop+shoe+brands+in+the+world+219 HTTP/1.1" 200 21629 "-" "Mozilla/5.0 (Linux; Android 6.0.1; Nexus 5X Build/MMB29P) AppleWebKit/537.36 (KHTML, like Gecko) Chrome/137.0.7151.103 Mobile Safari/537.36 (compatible; Googlebot/2.1; +http://www.google.com/bot.html)"
209.74.77.214 - - [13/Jul/2025:22:18:04 +0000] "POST /wp-cron.php?doing_wp_cron=1752445084.8457469940185546875000 HTTP/1.1" 200 - "-" "WordPress/6.8.1; https://alalamy.com.au"
54.36.148.207 - - [13/Jul/2025:22:18:03 +0000] "GET /product/masala-fried-pomfret/ HTTP/1.1" 200 22347 "-" "Mozilla/5.0 (compatible; AhrefsBot/7.0; +http://ahrefs.com/robot/)"
209.74.77.214 - - [13/Jul/2025:22:18:04 +0000] "POST /wp-admin/admin-ajax.php?action=async_litespeed&nonce=wclVU6xfQ2Pxywmb7HX3brDOpjPl7167&litespeed_type=imgoptm HTTP/1.1" 200 21 "-" "WordPress/6.8.1; https://alalamy.com.au"
66.249.65.166 - - [13/Jul/2025:22:18:44 +0000] "GET /?k=45527214091900&mod=99ef8a64&uri=dp.php%3Fid%3D1519380-112%26name%3Dbolsa+deporte+hombre+decimas HTTP/1.1" 200 21907 "-" "Mozilla/5.0 (Linux; Android 6.0.1; Nexus 5X Build/MMB29P) AppleWebKit/537.36 (KHTML, like Gecko) Chrome/137.0.7151.103 Mobile Safari/537.36 (compatible; Googlebot/2.1; +http://www.google.com/bot.html)"
66.249.65.164 - - [13/Jul/2025:22:19:15 +0000] "POST /get-message-notify HTTP/1.1" 200 21425 "https://alalamy.com.au/?k=45527214091900&mod=99ef8a64&uri=dp.php%3Fid%3D1519380-112%26name%3Dbolsa+deporte+hombre+decimas" "Mozilla/5.0 (Linux; Android 6.0.1; Nexus 5X Build/MMB29P) AppleWebKit/537.36 (KHTML, like Gecko) Chrome/137.0.7151.119 Mobile Safari/537.36 (compatible; Googlebot/2.1; +http://www.google.com/bot.html)"
66.249.65.166 - - [13/Jul/2025:22:21:21 +0000] "GET /?k=7493892051900&mod=c5b86fa9&uri=category-info.php%3Fid%3D250279-141%26name%3Dblazer+para+matrimonio HTTP/1.1" 200 22130 "-" "Mozilla/5.0 (Linux; Android 6.0.1; Nexus 5X Build/MMB29P) AppleWebKit/537.36 (KHTML, like Gecko) Chrome/137.0.7151.103 Mobile Safari/537.36 (compatible; Googlebot/2.1; +http://www.google.com/bot.html)"
66.249.65.166 - - [13/Jul/2025:22:25:54 +0000] "GET /?k=25456710021900&mod=a430a730&uri=info.php%3Fid%3D849644-97%26name%3Dbag+gap+crossbody HTTP/1.1" 200 21933 "-" "Mozilla/5.0 (Linux; Android 6.0.1; Nexus 5X Build/MMB29P) AppleWebKit/537.36 (KHTML, like Gecko) Chrome/137.0.7151.103 Mobile Safari/537.36 (compatible; Googlebot/2.1; +http://www.google.com/bot.html)"
66.249.65.164 - - [13/Jul/2025:22:26:09 +0000] "POST /get-message-notify HTTP/1.1" 200 21428 "https://alalamy.com.au/?k=25456710021900&mod=a430a730&uri=info.php%3Fid%3D849644-97%26name%3Dbag+gap+crossbody" "Mozilla/5.0 (Linux; Android 6.0.1; Nexus 5X Build/MMB29P) AppleWebKit/537.36 (KHTML, like Gecko) Chrome/137.0.7151.119 Mobile Safari/537.36 (compatible; Googlebot/2.1; +http://www.google.com/bot.html)"
209.74.77.214 - - [13/Jul/2025:22:32:55 +0000] "POST /wp-cron.php?doing_wp_cron=1752445975.3632071018218994140625 HTTP/1.1" 200 - "-" "WordPress/6.8.1; https://alalamy.com.au"
54.36.149.38 - - [13/Jul/2025:22:32:53 +0000] "GET /reservation/ HTTP/1.1" 200 22501 "-" "Mozilla/5.0 (compatible; AhrefsBot/7.0; +http://ahrefs.com/robot/)"
209.74.77.214 - - [13/Jul/2025:22:32:55 +0000] "POST /wp-admin/admin-ajax.php?action=async_litespeed&nonce=1HnvHrVh9wb87Nyvjeopnf1wG8qtAIi2&litespeed_type=imgoptm HTTP/1.1" 200 21 "-" "WordPress/6.8.1; https://alalamy.com.au"
185.203.216.90 - - [13/Jul/2025:22:40:02 +0000] "GET /robots.txt HTTP/1.1" 200 68 "-" "Mozilla/5.0 (compatible; MJ12bot/v1.4.8; http://mj12bot.com/)"
209.74.77.214 - - [13/Jul/2025:22:40:06 +0000] "POST /wp-cron.php?doing_wp_cron=1752446406.4429850578308105468750 HTTP/1.1" 200 - "-" "WordPress/6.8.1; https://alalamy.com.au"
185.203.216.90 - - [13/Jul/2025:22:40:05 +0000] "GET /shop-2/ HTTP/1.1" 200 20647 "-" "Mozilla/5.0 (compatible; MJ12bot/v1.4.8; http://mj12bot.com/)"
209.74.77.214 - - [13/Jul/2025:22:40:06 +0000] "POST /wp-admin/admin-ajax.php?action=async_litespeed&nonce=37vH14tDLMh6mx0EYDkfEs3KTWkvrGE3&litespeed_type=imgoptm HTTP/1.1" 200 21 "-" "WordPress/6.8.1; https://alalamy.com.au"
66.249.65.166 - - [13/Jul/2025:22:41:21 +0000] "GET /?k=104310041900&mod=160c8865&uri=goods.php%3Fid%3D3483-11%26name%3Dcatwalk+women+sandals HTTP/1.1" 200 21174 "-" "Mozilla/5.0 (Linux; Android 6.0.1; Nexus 5X Build/MMB29P) AppleWebKit/537.36 (KHTML, like Gecko) Chrome/137.0.7151.103 Mobile Safari/537.36 (compatible; Googlebot/2.1; +http://www.google.com/bot.html)"
66.249.65.166 - - [13/Jul/2025:22:43:23 +0000] "GET /?k=37543420121900&mod=d8a1e3cb&uri=dp.php%3Fid%3D1253038-749%26name%3Dkapuzenshirt+puma HTTP/1.1" 200 20768 "-" "Mozilla/5.0 (Linux; Android 6.0.1; Nexus 5X Build/MMB29P) AppleWebKit/537.36 (KHTML, like Gecko) Chrome/137.0.7151.103 Mobile Safari/537.36 (compatible; Googlebot/2.1; +http://www.google.com/bot.html)"
209.74.77.214 - - [13/Jul/2025:22:44:31 +0000] "POST /wp-cron.php?doing_wp_cron=1752446671.1561300754547119140625 HTTP/1.1" 200 - "-" "WordPress/6.8.1; https://alalamy.com.au"
54.36.148.193 - - [13/Jul/2025:22:44:29 +0000] "GET /product/grilled-chicken/feed/ HTTP/1.1" 200 444 "-" "Mozilla/5.0 (compatible; AhrefsBot/7.0; +http://ahrefs.com/robot/)"
209.74.77.214 - - [13/Jul/2025:22:44:31 +0000] "POST /wp-admin/admin-ajax.php?action=async_litespeed&nonce=ICgyKZyhpD7uG9YM7vxwbMwffSdAJula&litespeed_type=imgoptm HTTP/1.1" 200 21 "-" "WordPress/6.8.1; https://alalamy.com.au"
66.249.65.165 - - [13/Jul/2025:22:45:54 +0000] "GET /?k=34455783031900&mod=3d1327c1&uri=news.php%3Fid%3D1150005-395%26name%3Dveste+columbia+homme+bleu HTTP/1.1" 200 22161 "-" "Mozilla/5.0 (Linux; Android 6.0.1; Nexus 5X Build/MMB29P) AppleWebKit/537.36 (KHTML, like Gecko) Chrome/137.0.7151.103 Mobile Safari/537.36 (compatible; Googlebot/2.1; +http://www.google.com/bot.html)"
66.249.65.164 - - [13/Jul/2025:22:48:37 +0000] "GET /?k=7602019061900&mod=9c6dc3ff&uri=article.php%3Fid%3D253888-411%26name%3Dzapatillas+blancas+de+charol HTTP/1.1" 200 22003 "-" "Mozilla/5.0 (Linux; Android 6.0.1; Nexus 5X Build/MMB29P) AppleWebKit/537.36 (KHTML, like Gecko) Chrome/137.0.7151.103 Mobile Safari/537.36 (compatible; Googlebot/2.1; +http://www.google.com/bot.html)"
66.249.65.164 - - [13/Jul/2025:22:52:33 +0000] "GET /?k=52785856131900&mod=3047ee05&uri=info.php%3Fid%3D1761513-108%26name%3Djordans+with+silver+glitter HTTP/1.1" 200 21232 "-" "Mozilla/5.0 (Linux; Android 6.0.1; Nexus 5X Build/MMB29P) AppleWebKit/537.36 (KHTML, like Gecko) Chrome/137.0.7151.103 Mobile Safari/537.36 (compatible; Googlebot/2.1; +http://www.google.com/bot.html)"
66.249.65.165 - - [13/Jul/2025:22:54:20 +0000] "GET /?k=7103535011900&mod=539ef09c&uri=product.php%3Fid%3D237234-397%26name%3Dquality+flip+flops HTTP/1.1" 200 21765 "-" "Mozilla/5.0 (Linux; Android 6.0.1; Nexus 5X Build/MMB29P) AppleWebKit/537.36 (KHTML, like Gecko) Chrome/137.0.7151.103 Mobile Safari/537.36 (compatible; Googlebot/2.1; +http://www.google.com/bot.html)"
66.249.65.165 - - [13/Jul/2025:22:54:29 +0000] "POST /get-message-notify HTTP/1.1" 200 21413 "https://alalamy.com.au/?k=7103535011900&mod=539ef09c&uri=product.php%3Fid%3D237234-397%26name%3Dquality+flip+flops" "Mozilla/5.0 (Linux; Android 6.0.1; Nexus 5X Build/MMB29P) AppleWebKit/537.36 (KHTML, like Gecko) Chrome/137.0.7151.119 Mobile Safari/537.36 (compatible; Googlebot/2.1; +http://www.google.com/bot.html)"
209.74.77.214 - - [13/Jul/2025:22:54:44 +0000] "POST /wp-cron.php?doing_wp_cron=1752447284.8607931137084960937500 HTTP/1.1" 200 - "-" "WordPress/6.8.1; https://alalamy.com.au"
209.74.77.214 - - [13/Jul/2025:22:54:45 +0000] "POST /wp-admin/admin-ajax.php?action=async_litespeed&nonce=Of7m45kQw0s1062EkJtOhdaBYcRDl2wy&litespeed_type=imgoptm HTTP/1.1" 200 21 "-" "WordPress/6.8.1; https://alalamy.com.au"
54.36.149.69 - - [13/Jul/2025:22:54:43 +0000] "GET /services/ HTTP/1.1" 200 27099 "-" "Mozilla/5.0 (compatible; AhrefsBot/7.0; +http://ahrefs.com/robot/)"
66.249.65.164 - - [13/Jul/2025:22:55:44 +0000] "GET /?k=6557935021900&mod=0bb3498d&uri=goods.php%3Fid%3D219028-367%26name%3Dkids+pop+up+tunnel HTTP/1.1" 200 22517 "-" "Mozilla/5.0 (Linux; Android 6.0.1; Nexus 5X Build/MMB29P) AppleWebKit/537.36 (KHTML, like Gecko) Chrome/137.0.7151.103 Mobile Safari/537.36 (compatible; Googlebot/2.1; +http://www.google.com/bot.html)"
66.249.65.164 - - [13/Jul/2025:22:55:50 +0000] "POST /get-message-notify HTTP/1.1" 200 21432 "https://alalamy.com.au/?k=42278157011900&mod=662460fd&uri=itm.php%3Fid%3D1410997-1181%26name%3Dwomens+ruched+pencil+skirt" "Mozilla/5.0 (Linux; Android 6.0.1; Nexus 5X Build/MMB29P) AppleWebKit/537.36 (KHTML, like Gecko) Chrome/137.0.7151.119 Mobile Safari/537.36 (compatible; Googlebot/2.1; +http://www.google.com/bot.html)"
66.249.65.165 - - [13/Jul/2025:22:56:48 +0000] "GET /?k=7724053001900&mod=db7c2616&uri=product.php%3Fid%3D257958-416%26name%3Dvestido+negro+coreano HTTP/1.1" 200 21738 "-" "Mozilla/5.0 (Linux; Android 6.0.1; Nexus 5X Build/MMB29P) AppleWebKit/537.36 (KHTML, like Gecko) Chrome/137.0.7151.103 Mobile Safari/537.36 (compatible; Googlebot/2.1; +http://www.google.com/bot.html)"
170.39.218.50 - - [13/Jul/2025:22:56:52 +0000] "GET /wp-content/plugins/woocommerce/assets/js/js-cookie/js.cookie.min.js?ver=2.1.4-wc.9.8.5 HTTP/1.1" 200 833 "-" "Mozilla/5.0 (Macintosh; Intel Mac OS X 10_15_7) AppleWebKit/537.36 Chrome/120.0.0.0"
66.249.65.165 - - [13/Jul/2025:23:02:21 +0000] "GET /?k=7727833001900&mod=c5121dbd&uri=search.php%3Fid%3D258084-419%26name%3Dpijama+lactancia+el+corte+ingl%C3%83%C2%A9s HTTP/1.1" 200 21902 "-" "Mozilla/5.0 (Linux; Android 6.0.1; Nexus 5X Build/MMB29P) AppleWebKit/537.36 (KHTML, like Gecko) Chrome/137.0.7151.103 Mobile Safari/537.36 (compatible; Googlebot/2.1; +http://www.google.com/bot.html)"
66.249.65.164 - - [13/Jul/2025:23:05:29 +0000] "GET /?k=36064848051900&mod=c5b86fa9&uri=goods.php%3Fid%3D1203699-141%26name%3Dchampions+pantalones+cortos HTTP/1.1" 200 22058 "-" "Mozilla/5.0 (Linux; Android 6.0.1; Nexus 5X Build/MMB29P) AppleWebKit/537.36 (KHTML, like Gecko) Chrome/137.0.7151.103 Mobile Safari/537.36 (compatible; Googlebot/2.1; +http://www.google.com/bot.html)"
66.249.65.165 - - [13/Jul/2025:23:05:38 +0000] "POST /get-message-notify HTTP/1.1" 200 21427 "https://alalamy.com.au/?k=36064848051900&mod=c5b86fa9&uri=goods.php%3Fid%3D1203699-141%26name%3Dchampions+pantalones+cortos" "Mozilla/5.0 (Linux; Android 6.0.1; Nexus 5X Build/MMB29P) AppleWebKit/537.36 (KHTML, like Gecko) Chrome/137.0.7151.119 Mobile Safari/537.36 (compatible; Googlebot/2.1; +http://www.google.com/bot.html)"
54.36.149.33 - - [13/Jul/2025:23:13:20 +0000] "GET /robots.txt HTTP/1.1" 200 82 "-" "Mozilla/5.0 (compatible; AhrefsBot/7.0; +http://ahrefs.com/robot/)"
54.36.148.93 - - [13/Jul/2025:23:13:22 +0000] "GET /wp-sitemap.xml HTTP/1.1" 200 66967 "-" "Mozilla/5.0 (compatible; AhrefsBot/7.0; +http://ahrefs.com/robot/)"
66.249.65.166 - - [13/Jul/2025:23:25:00 +0000] "GET /?k=7409180031900&mod=16bb35ba&uri=goods.php%3Fid%3D247451-81%26name%3Dpoltrone+sofa+divano+collicello HTTP/1.1" 200 21947 "-" "Mozilla/5.0 (Linux; Android 6.0.1; Nexus 5X Build/MMB29P) AppleWebKit/537.36 (KHTML, like Gecko) Chrome/137.0.7151.103 Mobile Safari/537.36 (compatible; Googlebot/2.1; +http://www.google.com/bot.html)"
66.249.65.164 - - [13/Jul/2025:23:26:34 +0000] "GET /?k=71093856001900&mod=357a689f&uri=news.php%3Fid%3D2372478-410%26name%3Dgiocattoli+tonka HTTP/1.1" 200 21586 "-" "Mozilla/5.0 (Linux; Android 6.0.1; Nexus 5X Build/MMB29P) AppleWebKit/537.36 (KHTML, like Gecko) Chrome/137.0.7151.103 Mobile Safari/537.36 (compatible; Googlebot/2.1; +http://www.google.com/bot.html)"
209.74.77.214 - - [13/Jul/2025:23:32:20 +0000] "POST /wp-admin/admin-ajax.php?action=async_litespeed&nonce=myFFo1cUnBLrjVoi2W2Uccs8olPqw67x&litespeed_type=imgoptm HTTP/1.1" 200 21 "-" "WordPress/6.8.1; https://alalamy.com.au"
173.208.198.210 - - [13/Jul/2025:23:32:20 +0000] "GET /?testPage HTTP/1.1" 200 26568 "-" "Mozilla/5.0 (Windows NT 10.0; Win64; x64) AppleWebKit/537.36 (KHTML, like Gecko) Chrome/125.0.0.0 Safari/537.36"
66.249.65.164 - - [13/Jul/2025:23:44:43 +0000] "GET /?k=13570088051900&mod=c5b86fa9&uri=products.php%3Fid%3D453063-141%26name%3Dmono+rojo+green+coast HTTP/1.1" 200 21655 "-" "Mozilla/5.0 (Linux; Android 6.0.1; Nexus 5X Build/MMB29P) AppleWebKit/537.36 (KHTML, like Gecko) Chrome/137.0.7151.103 Mobile Safari/537.36 (compatible; Googlebot/2.1; +http://www.google.com/bot.html)"
209.74.77.214 - - [13/Jul/2025:23:45:50 +0000] "POST /wp-cron.php?doing_wp_cron=1752450350.9378230571746826171875 HTTP/1.1" 200 - "-" "WordPress/6.8.1; https://alalamy.com.au"
54.36.148.44 - - [13/Jul/2025:23:45:49 +0000] "GET /?k=6783655041900&uri=products.php%3Fid%3D226556-380%26name%3Dkong%20pillow%20collar HTTP/1.1" 200 26568 "-" "Mozilla/5.0 (compatible; AhrefsBot/7.0; +http://ahrefs.com/robot/)"
209.74.77.214 - - [13/Jul/2025:23:45:51 +0000] "POST /wp-admin/admin-ajax.php?action=async_litespeed&nonce=mlw6ZH4fvDY9BfQJFgH9O6e2VAjgQj3A&litespeed_type=imgoptm HTTP/1.1" 200 21 "-" "WordPress/6.8.1; https://alalamy.com.au"
66.249.65.166 - - [13/Jul/2025:23:46:50 +0000] "GET /?k=47095607011900&mod=1435a7c0&uri=dp.php%3Fid%3D1571697-847%26name%3Dbotas+tipo+dr+martens+mujer+df HTTP/1.1" 200 21633 "-" "Mozilla/5.0 (Linux; Android 6.0.1; Nexus 5X Build/MMB29P) AppleWebKit/537.36 (KHTML, like Gecko) Chrome/137.0.7151.103 Mobile Safari/537.36 (compatible; Googlebot/2.1; +http://www.google.com/bot.html)"
66.249.65.165 - - [13/Jul/2025:23:46:53 +0000] "POST /get-message-notify HTTP/1.1" 200 21432 "https://alalamy.com.au/?k=47095607011900&mod=1435a7c0&uri=dp.php%3Fid%3D1571697-847%26name%3Dbotas+tipo+dr+martens+mujer+df" "Mozilla/5.0 (Linux; Android 6.0.1; Nexus 5X Build/MMB29P) AppleWebKit/537.36 (KHTML, like Gecko) Chrome/137.0.7151.119 Mobile Safari/537.36 (compatible; Googlebot/2.1; +http://www.google.com/bot.html)"
66.249.65.166 - - [13/Jul/2025:23:49:45 +0000] "GET /?k=5822509061900&mod=f1a860c4&uri=itm.php%3Fid%3D194438-336%26name%3Dstella+mccartney+borse+outlet+online HTTP/1.1" 200 21802 "-" "Mozilla/5.0 (Linux; Android 6.0.1; Nexus 5X Build/MMB29P) AppleWebKit/537.36 (KHTML, like Gecko) Chrome/137.0.7151.103 Mobile Safari/537.36 (compatible; Googlebot/2.1; +http://www.google.com/bot.html)"
66.249.65.164 - - [13/Jul/2025:23:52:39 +0000] "GET /?k=7554259001900&mod=ec5df877&uri=article.php%3Fid%3D252296-248%26name%3Dlittle+black+dress+spray HTTP/1.1" 200 21643 "-" "Mozilla/5.0 (Linux; Android 6.0.1; Nexus 5X Build/MMB29P) AppleWebKit/537.36 (KHTML, like Gecko) Chrome/137.0.7151.103 Mobile Safari/537.36 (compatible; Googlebot/2.1; +http://www.google.com/bot.html)"
66.249.65.166 - - [13/Jul/2025:23:55:26 +0000] "GET /?k=7531369001900&mod=995693c1&uri=products.php%3Fid%3D251533-77%26name%3Dolivia+jaymes+shoes+wholesale HTTP/1.1" 200 22192 "-" "Mozilla/5.0 (Linux; Android 6.0.1; Nexus 5X Build/MMB29P) AppleWebKit/537.36 (KHTML, like Gecko) Chrome/137.0.7151.103 Mobile Safari/537.36 (compatible; Googlebot/2.1; +http://www.google.com/bot.html)"
66.249.65.164 - - [13/Jul/2025:23:57:57 +0000] "GET /?k=7447364021900&mod=160c8865&uri=products.php%3Fid%3D248726-11%26name%3Ddo+nike+baseball+cleats+run+small HTTP/1.1" 200 21213 "-" "Mozilla/5.0 (Linux; Android 6.0.1; Nexus 5X Build/MMB29P) AppleWebKit/537.36 (KHTML, like Gecko) Chrome/137.0.7151.103 Mobile Safari/537.36 (compatible; Googlebot/2.1; +http://www.google.com/bot.html)"
66.249.65.166 - - [14/Jul/2025:00:03:25 +0000] "GET /?k=7418252011900&mod=16bb35ba&uri=itm.php%3Fid%3D247755-81%26name%3Dsdraio+a+dondolo+in+alluminio HTTP/1.1" 200 21775 "-" "Mozilla/5.0 (Linux; Android 6.0.1; Nexus 5X Build/MMB29P) AppleWebKit/537.36 (KHTML, like Gecko) Chrome/137.0.7151.103 Mobile Safari/537.36 (compatible; Googlebot/2.1; +http://www.google.com/bot.html)"
66.249.65.165 - - [14/Jul/2025:00:04:46 +0000] "GET /?k=7580149031900&mod=ec5df877&uri=itm.php%3Fid%3D253159-248%26name%3Dbest+perfumes+for+ladies+2021 HTTP/1.1" 200 22512 "-" "Mozilla/5.0 (Linux; Android 6.0.1; Nexus 5X Build/MMB29P) AppleWebKit/537.36 (KHTML, like Gecko) Chrome/137.0.7151.103 Mobile Safari/537.36 (compatible; Googlebot/2.1; +http://www.google.com/bot.html)"
66.249.65.164 - - [14/Jul/2025:00:06:08 +0000] "GET /?k=27941982001900&mod=d4ce44f3&uri=news.php%3Fid%3D932578-173%26name%3D4runner+rc+car HTTP/1.1" 200 22050 "-" "Mozilla/5.0 (Linux; Android 6.0.1; Nexus 5X Build/MMB29P) AppleWebKit/537.36 (KHTML, like Gecko) Chrome/137.0.7151.103 Mobile Safari/537.36 (compatible; Googlebot/2.1; +http://www.google.com/bot.html)"
66.249.65.164 - - [14/Jul/2025:00:08:39 +0000] "GET /?k=37620336021900&mod=edbe13ca&uri=info.php%3Fid%3D1255604-1120%26name%3Dzalando+supercolor HTTP/1.1" 200 21021 "-" "Mozilla/5.0 (Linux; Android 6.0.1; Nexus 5X Build/MMB29P) AppleWebKit/537.36 (KHTML, like Gecko) Chrome/137.0.7151.103 Mobile Safari/537.36 (compatible; Googlebot/2.1; +http://www.google.com/bot.html)"
66.249.65.164 - - [14/Jul/2025:00:11:23 +0000] "GET /?k=68634092031900&mod=1b728593&uri=us.php%3Fid%3D2290379-409%26name%3Dbotinas+masculinas+para+trabalho HTTP/1.1" 200 22274 "-" "Mozilla/5.0 (Linux; Android 6.0.1; Nexus 5X Build/MMB29P) AppleWebKit/537.36 (KHTML, like Gecko) Chrome/137.0.7151.103 Mobile Safari/537.36 (compatible; Googlebot/2.1; +http://www.google.com/bot.html)"
66.249.65.164 - - [14/Jul/2025:00:14:06 +0000] "GET /?k=26562205001900&mod=08a3025f&uri=us.php%3Fid%3D886522-460%26name%3Dkg+force HTTP/1.1" 200 20492 "-" "Mozilla/5.0 (Linux; Android 6.0.1; Nexus 5X Build/MMB29P) AppleWebKit/537.36 (KHTML, like Gecko) Chrome/137.0.7151.103 Mobile Safari/537.36 (compatible; Googlebot/2.1; +http://www.google.com/bot.html)"
66.249.65.164 - - [14/Jul/2025:00:16:50 +0000] "GET /?k=23098170061900&mod=db0c1011&uri=product.php%3Fid%3D770978-828%26name%3Dflea+pill+for+dogs+from+vet HTTP/1.1" 200 21112 "-" "Mozilla/5.0 (Linux; Android 6.0.1; Nexus 5X Build/MMB29P) AppleWebKit/537.36 (KHTML, like Gecko) Chrome/137.0.7151.103 Mobile Safari/537.36 (compatible; Googlebot/2.1; +http://www.google.com/bot.html)"
66.249.65.164 - - [14/Jul/2025:00:19:34 +0000] "GET /?k=7436654011900&mod=357a689f&uri=product.php%3Fid%3D248369-410%26name%3Dnew+lego+city+sets+winter+2021 HTTP/1.1" 200 21801 "-" "Mozilla/5.0 (Linux; Android 6.0.1; Nexus 5X Build/MMB29P) AppleWebKit/537.36 (KHTML, like Gecko) Chrome/137.0.7151.103 Mobile Safari/537.36 (compatible; Googlebot/2.1; +http://www.google.com/bot.html)"
209.74.77.214 - - [14/Jul/2025:00:20:20 +0000] "POST /wp-cron.php?doing_wp_cron=1752452420.3006529808044433593750 HTTP/1.1" 200 - "-" "WordPress/6.8.1; https://alalamy.com.au"
209.74.77.214 - - [14/Jul/2025:00:20:20 +0000] "POST /wp-admin/admin-ajax.php?action=async_litespeed&nonce=KPucu2CGMp0fHxZNXWxjgquKNaHYJ6og&litespeed_type=imgoptm HTTP/1.1" 200 21 "-" "WordPress/6.8.1; https://alalamy.com.au"
54.36.149.11 - - [14/Jul/2025:00:20:18 +0000] "GET /?k=6762648001900&uri=category-info.php%3Fid%3D225855-296%26name%3Dkya%20mohabbat%20hai%20kya%20nazara%20hai%20lyrics HTTP/1.1" 200 26564 "-" "Mozilla/5.0 (compatible; AhrefsBot/7.0; +http://ahrefs.com/robot/)"
66.249.65.164 - - [14/Jul/2025:00:22:17 +0000] "GET /?k=37557400081900&mod=fec64f12&uri=product.php%3Fid%3D1253504-1119%26name%3Delectroplating+bolts HTTP/1.1" 200 20404 "-" "Mozilla/5.0 (Linux; Android 6.0.1; Nexus 5X Build/MMB29P) AppleWebKit/537.36 (KHTML, like Gecko) Chrome/137.0.7151.103 Mobile Safari/537.36 (compatible; Googlebot/2.1; +http://www.google.com/bot.html)"
66.249.65.165 - - [14/Jul/2025:00:25:01 +0000] "GET /?k=37441532081900&mod=798e5a5d&uri=brands.php%3Fid%3D1249639-197%26name%3Dgymshark+flex+peach HTTP/1.1" 200 21039 "-" "Mozilla/5.0 (Linux; Android 6.0.1; Nexus 5X Build/MMB29P) AppleWebKit/537.36 (KHTML, like Gecko) Chrome/137.0.7151.103 Mobile Safari/537.36 (compatible; Googlebot/2.1; +http://www.google.com/bot.html)"
66.249.65.164 - - [14/Jul/2025:00:27:45 +0000] "GET /?k=7175881071900&mod=4d383d5c&uri=us.php%3Fid%3D239648-234%26name%3Djack+and+jones+badehose+orange HTTP/1.1" 200 21952 "-" "Mozilla/5.0 (Linux; Android 6.0.1; Nexus 5X Build/MMB29P) AppleWebKit/537.36 (KHTML, like Gecko) Chrome/137.0.7151.103 Mobile Safari/537.36 (compatible; Googlebot/2.1; +http://www.google.com/bot.html)"
66.249.65.165 - - [14/Jul/2025:00:30:28 +0000] "GET /?k=21545831031900&mod=e07472e7&uri=us.php%3Fid%3D719188-341%26name%3Dcort%C3%83%C2%A9s+para+hombre HTTP/1.1" 200 21243 "-" "Mozilla/5.0 (Linux; Android 6.0.1; Nexus 5X Build/MMB29P) AppleWebKit/537.36 (KHTML, like Gecko) Chrome/137.0.7151.103 Mobile Safari/537.36 (compatible; Googlebot/2.1; +http://www.google.com/bot.html)"
66.249.65.166 - - [14/Jul/2025:00:33:12 +0000] "GET /?k=7737460031900&mod=6956b2e3&uri=shared.php%3Fid%3D258405-232%26name%3Dsoftware+to+control+gpu+fan+speed HTTP/1.1" 200 21961 "-" "Mozilla/5.0 (Linux; Android 6.0.1; Nexus 5X Build/MMB29P) AppleWebKit/537.36 (KHTML, like Gecko) Chrome/137.0.7151.103 Mobile Safari/537.36 (compatible; Googlebot/2.1; +http://www.google.com/bot.html)"
66.249.65.164 - - [14/Jul/2025:00:35:56 +0000] "GET /?k=26432232031900&mod=962ebbfe&uri=brands.php%3Fid%3D882189-394%26name%3Dprestige+jumbo+gas+stove HTTP/1.1" 200 21823 "-" "Mozilla/5.0 (Linux; Android 6.0.1; Nexus 5X Build/MMB29P) AppleWebKit/537.36 (KHTML, like Gecko) Chrome/137.0.7151.103 Mobile Safari/537.36 (compatible; Googlebot/2.1; +http://www.google.com/bot.html)"
45.204.8.167 - - [14/Jul/2025:00:36:16 +0000] "GET /moddofuns.php HTTP/1.1" 200 28 "https://www.google.com" "Mozilla/5.0 (Windows NT 10.0; Win64; x64) AppleWebKit/537.36 (KHTML, like Gecko) Chrome/114.0.0.0 Safari/537.36 Edg/114.0.1823.43"
209.74.77.214 - - [14/Jul/2025:00:50:05 +0000] "POST /wp-cron.php?doing_wp_cron=1752454205.3937540054321289062500 HTTP/1.1" 200 - "-" "WordPress/6.8.1; https://alalamy.com.au"
163.116.198.123 - - [14/Jul/2025:00:50:03 +0000] "GET / HTTP/1.1" 200 26573 "https://www.google.com/" "Mozilla/5.0 (Windows NT 10.0; Win64; x64) AppleWebKit/537.36 (KHTML, like Gecko) Chrome/138.0.0.0 Safari/537.36"
209.74.77.214 - - [14/Jul/2025:00:50:05 +0000] "POST /wp-admin/admin-ajax.php?action=async_litespeed&nonce=wOblrBU0GN7UhCZYm5vbOqGHCRIm38z0&litespeed_type=imgoptm HTTP/1.1" 200 21 "-" "WordPress/6.8.1; https://alalamy.com.au"
209.74.77.214 - - [14/Jul/2025:00:51:56 +0000] "POST /wp-cron.php?doing_wp_cron=1752454316.8300619125366210937500 HTTP/1.1" 200 - "-" "WordPress/6.8.1; https://alalamy.com.au"
54.36.148.16 - - [14/Jul/2025:00:51:55 +0000] "GET /?k=6554575001900&uri=search.php%3Fid%3D218916-368%26name%3Dvuly%20play HTTP/1.1" 200 26566 "-" "Mozilla/5.0 (compatible; AhrefsBot/7.0; +http://ahrefs.com/robot/)"
209.74.77.214 - - [14/Jul/2025:00:51:57 +0000] "POST /wp-admin/admin-ajax.php?action=async_litespeed&nonce=fcxyktWNbUWCFtYGU1KafkmQd4ZdTdvf&litespeed_type=imgoptm HTTP/1.1" 200 21 "-" "WordPress/6.8.1; https://alalamy.com.au"
207.46.13.102 - - [14/Jul/2025:01:06:55 +0000] "GET /?k=97301659011900&mod=f792a1e4&uri=category-info.php%3Fid%3D3247179-1524%26name%3Dwinter+hot+dress HTTP/1.1" 200 21021 "-" "Mozilla/5.0 AppleWebKit/537.36 (KHTML, like Gecko; compatible; bingbot/2.0; +http://www.bing.com/bingbot.htm) Chrome/116.0.1938.76 Safari/537.36"
209.74.77.214 - - [14/Jul/2025:01:08:39 +0000] "POST /wp-cron.php?doing_wp_cron=1752455319.5010390281677246093750 HTTP/1.1" 200 - "-" "WordPress/6.8.1; https://alalamy.com.au"
44.195.145.102 - - [14/Jul/2025:01:08:37 +0000] "GET /kaffen/contacts/ HTTP/1.1" 301 - "-" "Mozilla/5.0 AppleWebKit/537.36 (KHTML, like Gecko; compatible; Amazonbot/0.1; +https://developer.amazon.com/support/amazonbot) Chrome/119.0.6045.214 Safari/537.36"
209.74.77.214 - - [14/Jul/2025:01:08:39 +0000] "POST /wp-admin/admin-ajax.php?action=async_litespeed&nonce=jRPRHcliJ3sbCBfDgmnPhhdihBAkDi7g&litespeed_type=imgoptm HTTP/1.1" 200 21 "-" "WordPress/6.8.1; https://alalamy.com.au"
209.74.77.214 - - [14/Jul/2025:01:10:23 +0000] "POST /wp-cron.php?doing_wp_cron=1752455423.2330770492553710937500 HTTP/1.1" 200 - "-" "WordPress/6.8.1; https://alalamy.com.au"
54.36.149.26 - - [14/Jul/2025:01:10:21 +0000] "GET /?k=32558404011900&uri=blog.php%3Fid%3D1086669-156%26name%3Daldi%20nappies%20premium HTTP/1.1" 200 26566 "-" "Mozilla/5.0 (compatible; AhrefsBot/7.0; +http://ahrefs.com/robot/)"
209.74.77.214 - - [14/Jul/2025:01:10:23 +0000] "POST /wp-admin/admin-ajax.php?action=async_litespeed&nonce=7fVnAj5F7fT3xO5twnhRDVgFBqrjdeLN&litespeed_type=imgoptm HTTP/1.1" 200 21 "-" "WordPress/6.8.1; https://alalamy.com.au"
209.74.77.214 - - [14/Jul/2025:01:25:35 +0000] "POST /wp-cron.php?doing_wp_cron=1752456335.3917410373687744140625 HTTP/1.1" 200 - "-" "WordPress/6.8.1; https://alalamy.com.au"
209.74.77.214 - - [14/Jul/2025:01:25:35 +0000] "POST /wp-admin/admin-ajax.php?action=async_litespeed&nonce=aHb4NLDTdFRUNOH8KJV5009nvE7FdTea&litespeed_type=imgoptm HTTP/1.1" 200 21 "-" "WordPress/6.8.1; https://alalamy.com.au"
54.36.149.26 - - [14/Jul/2025:01:25:33 +0000] "GET /?k=119842736011900&mod=41814002&uri=brands.php%3Fid%3D3999515-321%26name%3Dtiger%20stripe%20blue%20nose%20pitbull HTTP/1.1" 200 26566 "-" "Mozilla/5.0 (compatible; AhrefsBot/7.0; +http://ahrefs.com/robot/)"
