54.36.148.61 - - [13/Jul/2025:19:03:01 +0000] "GET /?k=98963952041900&uri=pin.php%3Fid%3D3302676-1602%26name%3Doff%20white%20kids HTTP/1.1" 200 26567 "-" "Mozilla/5.0 (compatible; AhrefsBot/7.0; +http://ahrefs.com/robot/)"
66.249.65.165 - - [13/Jul/2025:19:04:30 +0000] "GET /?k=37598894101900&mod=9f734789&uri=category-info.php%3Fid%3D1254889-690%26name%3Dfabrica+de+juguetes+la+tebaida HTTP/1.1" 200 21503 "-" "Mozilla/5.0 (Linux; Android 6.0.1; Nexus 5X Build/MMB29P) AppleWebKit/537.36 (KHTML, like Gecko) Chrome/137.0.7151.103 Mobile Safari/537.36 (compatible; Googlebot/2.1; +http://www.google.com/bot.html)"
66.249.65.164 - - [13/Jul/2025:19:05:03 +0000] "POST /get-message-notify HTTP/1.1" 200 21438 "https://alalamy.com.au/?k=37598894101900&mod=9f734789&uri=category-info.php%3Fid%3D1254889-690%26name%3Dfabrica+de+juguetes+la+tebaida" "Mozilla/5.0 (Linux; Android 6.0.1; Nexus 5X Build/MMB29P) AppleWebKit/537.36 (KHTML, like Gecko) Chrome/137.0.7151.119 Mobile Safari/537.36 (compatible; Googlebot/2.1; +http://www.google.com/bot.html)"
157.55.39.62 - - [13/Jul/2025:19:05:44 +0000] "GET /?k=6203376011900&mod=90fa69c8&uri=goods.php%3Fid%3D207180-219%26name%3Dwhite+inset+electric+fire HTTP/1.1" 200 22301 "-" "Mozilla/5.0 AppleWebKit/537.36 (KHTML, like Gecko; compatible; bingbot/2.0; +http://www.bing.com/bingbot.htm) Chrome/116.0.1938.76 Safari/537.36"
52.167.144.229 - - [13/Jul/2025:19:05:47 +0000] "GET /?k=6205536081900&mod=90fa69c8&uri=blog.php%3Fid%3D207252-219%26name%3Dheat+stoves+for+homes HTTP/1.1" 200 21544 "-" "Mozilla/5.0 AppleWebKit/537.36 (KHTML, like Gecko; compatible; bingbot/2.0; +http://www.bing.com/bingbot.htm) Chrome/116.0.1938.76 Safari/537.36"
207.46.13.102 - - [13/Jul/2025:19:05:53 +0000] "GET /?k=6206016061900&mod=90fa69c8&uri=category-info.php%3Fid%3D207268-219%26name%3Ddimplex+cassia+noir+optiflame+black+electric+stove HTTP/1.1" 200 21817 "-" "Mozilla/5.0 AppleWebKit/537.36 (KHTML, like Gecko; compatible; bingbot/2.0; +http://www.bing.com/bingbot.htm) Chrome/116.0.1938.76 Safari/537.36"
207.46.13.102 - - [13/Jul/2025:19:05:54 +0000] "GET /?k=116547699021900&mod=9ff3e121&uri=shared.php%3Fid%3D3889606-208%26name%3Dnikon+coolpix+s203 HTTP/1.1" 200 21034 "-" "Mozilla/5.0 AppleWebKit/537.36 (KHTML, like Gecko; compatible; bingbot/2.0; +http://www.bing.com/bingbot.htm) Chrome/116.0.1938.76 Safari/537.36"
207.46.13.102 - - [13/Jul/2025:19:06:20 +0000] "GET /?k=6198360061900&mod=90fa69c8&uri=news.php%3Fid%3D207012-219%26name%3Dsturdy+curtain+rod+brackets HTTP/1.1" 200 22077 "-" "Mozilla/5.0 AppleWebKit/537.36 (KHTML, like Gecko; compatible; bingbot/2.0; +http://www.bing.com/bingbot.htm) Chrome/116.0.1938.76 Safari/537.36"
207.46.13.102 - - [13/Jul/2025:19:06:21 +0000] "GET /?k=6205896001900&mod=90fa69c8&uri=product.php%3Fid%3D207264-219%26name%3Dnash+scope+9ft+3lb HTTP/1.1" 200 22139 "-" "Mozilla/5.0 AppleWebKit/537.36 (KHTML, like Gecko; compatible; bingbot/2.0; +http://www.bing.com/bingbot.htm) Chrome/116.0.1938.76 Safari/537.36"
207.46.13.102 - - [13/Jul/2025:19:06:22 +0000] "GET /?k=6136805041900&mod=9ff3e121&uri=dp.php%3Fid%3D204928-208%26name%3Dsony+3ccd+video+camera HTTP/1.1" 200 21900 "-" "Mozilla/5.0 AppleWebKit/537.36 (KHTML, like Gecko; compatible; bingbot/2.0; +http://www.bing.com/bingbot.htm) Chrome/116.0.1938.76 Safari/537.36"
207.46.13.125 - - [13/Jul/2025:19:06:25 +0000] "GET /?k=6199200061900&mod=90fa69c8&uri=info.php%3Fid%3D207040-219%26name%3Dkorda+kontour+1000m HTTP/1.1" 200 21893 "-" "Mozilla/5.0 AppleWebKit/537.36 (KHTML, like Gecko; compatible; bingbot/2.0; +http://www.bing.com/bingbot.htm) Chrome/116.0.1938.76 Safari/537.36"
207.46.13.125 - - [13/Jul/2025:19:06:27 +0000] "GET /?k=6198480041900&mod=90fa69c8&uri=brands.php%3Fid%3D207016-219%26name%3Dsuspended+wood+burning+stove HTTP/1.1" 200 21673 "-" "Mozilla/5.0 AppleWebKit/537.36 (KHTML, like Gecko; compatible; bingbot/2.0; +http://www.bing.com/bingbot.htm) Chrome/116.0.1938.76 Safari/537.36"
207.46.13.125 - - [13/Jul/2025:19:06:27 +0000] "GET /?k=6201240091900&mod=90fa69c8&uri=us.php%3Fid%3D207108-219%26name%3Dsolution+for+water+tank+leakage HTTP/1.1" 200 21399 "-" "Mozilla/5.0 AppleWebKit/537.36 (KHTML, like Gecko; compatible; bingbot/2.0; +http://www.bing.com/bingbot.htm) Chrome/116.0.1938.76 Safari/537.36"
209.74.77.214 - - [13/Jul/2025:19:06:52 +0000] "POST /wp-cron.php?doing_wp_cron=1752433612.1496028900146484375000 HTTP/1.1" 200 - "-" "WordPress/6.8.1; https://alalamy.com.au"
54.36.149.47 - - [13/Jul/2025:19:06:50 +0000] "GET /?k=99610687001900&mod=8415e556&uri=dp.php%3Fid%3D3324262-1050%26name%3Dlong+hair+corgi+puppies HTTP/1.1" 301 - "-" "Mozilla/5.0 (compatible; AhrefsBot/7.0; +http://ahrefs.com/robot/)"
209.74.77.214 - - [13/Jul/2025:19:06:52 +0000] "POST /wp-admin/admin-ajax.php?action=async_litespeed&nonce=Ed2AcRcQ680KtmJmhM8UqSDqc9MnW1kr&litespeed_type=imgoptm HTTP/1.1" 200 21 "-" "WordPress/6.8.1; https://alalamy.com.au"
66.249.65.165 - - [13/Jul/2025:19:07:27 +0000] "GET /?k=47764632001900&mod=3685227c&uri=product.php%3Fid%3D1594022-134%26name%3Dcbc+gem+tns HTTP/1.1" 200 21895 "-" "Mozilla/5.0 (Linux; Android 6.0.1; Nexus 5X Build/MMB29P) AppleWebKit/537.36 (KHTML, like Gecko) Chrome/137.0.7151.103 Mobile Safari/537.36 (compatible; Googlebot/2.1; +http://www.google.com/bot.html)"
66.249.65.166 - - [13/Jul/2025:19:07:31 +0000] "POST /get-message-notify HTTP/1.1" 200 21432 "https://alalamy.com.au/?k=47764632001900&mod=3685227c&uri=product.php%3Fid%3D1594022-134%26name%3Dcbc+gem+tns" "Mozilla/5.0 (Linux; Android 6.0.1; Nexus 5X Build/MMB29P) AppleWebKit/537.36 (KHTML, like Gecko) Chrome/137.0.7151.119 Mobile Safari/537.36 (compatible; Googlebot/2.1; +http://www.google.com/bot.html)"
209.74.77.214 - - [13/Jul/2025:19:07:34 +0000] "POST /wp-cron.php?doing_wp_cron=1752433654.2868189811706542968750 HTTP/1.1" 200 - "-" "WordPress/6.8.1; https://alalamy.com.au"
66.249.65.164 - - [13/Jul/2025:19:07:33 +0000] "GET /?k=6689527091900&mod=1366e101&uri=category-info.php%3Fid%3D223415-376%26name%3Dpeppa+pig+full+episodes+english+download+free HTTP/1.1" 301 - "-" "Mozilla/5.0 (Linux; Android 6.0.1; Nexus 5X Build/MMB29P) AppleWebKit/537.36 (KHTML, like Gecko) Chrome/137.0.7151.103 Mobile Safari/537.36 (compatible; GoogleOther)"
209.74.77.214 - - [13/Jul/2025:19:07:34 +0000] "POST /wp-admin/admin-ajax.php?action=async_litespeed&nonce=H6XWsvlp6cBgaMuqDnncvaSO5OO19CLM&litespeed_type=imgoptm HTTP/1.1" 200 21 "-" "WordPress/6.8.1; https://alalamy.com.au"
66.249.65.165 - - [13/Jul/2025:19:07:34 +0000] "GET /?k=6689527091900&mod=1366e101&uri=category-info.php%3Fid%3D223415-376%26name%3Dpeppa%20pig%20full%20episodes%20english%20download%20free HTTP/1.1" 200 26567 "-" "Mozilla/5.0 (Linux; Android 6.0.1; Nexus 5X Build/MMB29P) AppleWebKit/537.36 (KHTML, like Gecko) Chrome/137.0.7151.103 Mobile Safari/537.36 (compatible; GoogleOther)"
207.46.13.52 - - [13/Jul/2025:19:10:03 +0000] "GET /?k=6202800061900&mod=90fa69c8&uri=shop.php%3Fid%3D207160-219%26name%3Dwood+doctor+outdoor+furnace HTTP/1.1" 200 21550 "-" "Mozilla/5.0 AppleWebKit/537.36 (KHTML, like Gecko; compatible; bingbot/2.0; +http://www.bing.com/bingbot.htm) Chrome/116.0.1938.76 Safari/537.36"
207.46.13.52 - - [13/Jul/2025:19:10:04 +0000] "GET /?k=6206376041900&mod=90fa69c8&uri=info.php%3Fid%3D207280-219%26name%3Doutdoor+log+burning+stove HTTP/1.1" 200 21762 "-" "Mozilla/5.0 AppleWebKit/537.36 (KHTML, like Gecko; compatible; bingbot/2.0; +http://www.bing.com/bingbot.htm) Chrome/116.0.1938.76 Safari/537.36"
207.46.13.52 - - [13/Jul/2025:19:10:05 +0000] "GET /?k=6199800061900&mod=90fa69c8&uri=us.php%3Fid%3D207060-219%26name%3Dliving+flame+electric+fire+insert HTTP/1.1" 200 21680 "-" "Mozilla/5.0 AppleWebKit/537.36 (KHTML, like Gecko; compatible; bingbot/2.0; +http://www.bing.com/bingbot.htm) Chrome/116.0.1938.76 Safari/537.36"
209.74.77.214 - - [13/Jul/2025:19:10:27 +0000] "POST /wp-cron.php?doing_wp_cron=1752433827.1466751098632812500000 HTTP/1.1" 200 - "-" "WordPress/6.8.1; https://alalamy.com.au"
54.36.148.197 - - [13/Jul/2025:19:10:22 +0000] "GET /?k=99676003001900&mod=93913d15&uri=product.php%3Fid%3D3326441-1607%26name%3Ddr+martens+blaire+sandal+peppermint HTTP/1.1" 301 - "-" "Mozilla/5.0 (compatible; AhrefsBot/7.0; +http://ahrefs.com/robot/)"
209.74.77.214 - - [13/Jul/2025:19:10:27 +0000] "POST /wp-admin/admin-ajax.php?action=async_litespeed&nonce=W9z4ShmrCcCSGsVWSTK1BfeZbSQ92etS&litespeed_type=imgoptm HTTP/1.1" 200 21 "-" "WordPress/6.8.1; https://alalamy.com.au"
66.249.65.165 - - [13/Jul/2025:19:10:13 +0000] "GET /?k=7533229071900&mod=995693c1&uri=goods.php%3Fid%3D251595-77%26name%3Dsea+star+shoes+wholesale HTTP/1.1" 200 21734 "-" "Mozilla/5.0 (Linux; Android 6.0.1; Nexus 5X Build/MMB29P) AppleWebKit/537.36 (KHTML, like Gecko) Chrome/137.0.7151.103 Mobile Safari/537.36 (compatible; Googlebot/2.1; +http://www.google.com/bot.html)"
66.249.65.164 - - [13/Jul/2025:19:10:32 +0000] "POST /get-message-notify HTTP/1.1" 200 21423 "https://alalamy.com.au/?k=7533229071900&mod=995693c1&uri=goods.php%3Fid%3D251595-77%26name%3Dsea+star+shoes+wholesale" "Mozilla/5.0 (Linux; Android 6.0.1; Nexus 5X Build/MMB29P) AppleWebKit/537.36 (KHTML, like Gecko) Chrome/137.0.7151.119 Mobile Safari/537.36 (compatible; Googlebot/2.1; +http://www.google.com/bot.html)"
209.74.77.214 - - [13/Jul/2025:19:11:06 +0000] "POST /wp-cron.php?doing_wp_cron=1752433866.5864210128784179687500 HTTP/1.1" 200 - "-" "WordPress/6.8.1; https://alalamy.com.au"
66.249.65.165 - - [13/Jul/2025:19:11:04 +0000] "GET /?k=6691295001900&mod=1366e101&uri=news.php%3Fid%3D223474-376%26name%3Djustice+league+season+kisscartoon HTTP/1.1" 301 - "-" "Mozilla/5.0 (Linux; Android 6.0.1; Nexus 5X Build/MMB29P) AppleWebKit/537.36 (KHTML, like Gecko) Chrome/137.0.7151.103 Mobile Safari/537.36 (compatible; GoogleOther)"
209.74.77.214 - - [13/Jul/2025:19:11:06 +0000] "POST /wp-admin/admin-ajax.php?action=async_litespeed&nonce=Qf8mDz8pESGzTMiII2YeUMwWv8w5bSGR&litespeed_type=imgoptm HTTP/1.1" 200 21 "-" "WordPress/6.8.1; https://alalamy.com.au"
66.249.65.165 - - [13/Jul/2025:19:11:07 +0000] "GET /?k=6691295001900&mod=1366e101&uri=news.php%3Fid%3D223474-376%26name%3Djustice%20league%20season%20kisscartoon HTTP/1.1" 200 26568 "-" "Mozilla/5.0 (Linux; Android 6.0.1; Nexus 5X Build/MMB29P) AppleWebKit/537.36 (KHTML, like Gecko) Chrome/137.0.7151.103 Mobile Safari/537.36 (compatible; GoogleOther)"
66.249.65.164 - - [13/Jul/2025:19:12:28 +0000] "GET /?k=56888664021900&mod=d8d7e7b1&uri=blog.php%3Fid%3D1898401-383%26name%3Dtarget+black+history+month+dress HTTP/1.1" 200 21993 "-" "Mozilla/5.0 (Linux; Android 6.0.1; Nexus 5X Build/MMB29P) AppleWebKit/537.36 (KHTML, like Gecko) Chrome/137.0.7151.103 Mobile Safari/537.36 (compatible; Googlebot/2.1; +http://www.google.com/bot.html)"
66.249.65.164 - - [13/Jul/2025:19:15:20 +0000] "GET /?k=7006001041900&mod=3d1327c1&uri=category-info.php%3Fid%3D233977-395%26name%3Dmarie+laure+couture HTTP/1.1" 200 20821 "-" "Mozilla/5.0 (Linux; Android 6.0.1; Nexus 5X Build/MMB29P) AppleWebKit/537.36 (KHTML, like Gecko) Chrome/137.0.7151.103 Mobile Safari/537.36 (compatible; Googlebot/2.1; +http://www.google.com/bot.html)"
66.249.65.165 - - [13/Jul/2025:19:15:29 +0000] "POST /get-message-notify HTTP/1.1" 200 21439 "https://alalamy.com.au/?k=7006001041900&mod=3d1327c1&uri=category-info.php%3Fid%3D233977-395%26name%3Dmarie+laure+couture" "Mozilla/5.0 (Linux; Android 6.0.1; Nexus 5X Build/MMB29P) AppleWebKit/537.36 (KHTML, like Gecko) Chrome/137.0.7151.119 Mobile Safari/537.36 (compatible; Googlebot/2.1; +http://www.google.com/bot.html)"
66.249.65.164 - - [13/Jul/2025:19:17:35 +0000] "GET /?k=119669953071900&mod=bbf1cfa2&uri=product.php%3Fid%3D3993752-465%26name%3Dbaby+boys+summer+shoes HTTP/1.1" 200 21903 "-" "Mozilla/5.0 (Linux; Android 6.0.1; Nexus 5X Build/MMB29P) AppleWebKit/537.36 (KHTML, like Gecko) Chrome/137.0.7151.103 Mobile Safari/537.36 (compatible; Googlebot/2.1; +http://www.google.com/bot.html)"
66.249.65.164 - - [13/Jul/2025:19:17:38 +0000] "GET /?k=39171156021900&mod=ea6a24f1&uri=shared.php%3Fid%3D1307340-1135%26name%3Dtoys+girls+love HTTP/1.1" 200 21408 "-" "Mozilla/5.0 (Linux; Android 6.0.1; Nexus 5X Build/MMB29P) AppleWebKit/537.36 (KHTML, like Gecko) Chrome/137.0.7151.103 Mobile Safari/537.36 (compatible; Googlebot/2.1; +http://www.google.com/bot.html)"
66.249.65.165 - - [13/Jul/2025:19:17:41 +0000] "GET /?k=39132722071900&mod=da6ea774&uri=pin.php%3Fid%3D1306057-35%26name%3Dmacbook+m1+ssd+upgrade HTTP/1.1" 200 21320 "-" "Mozilla/5.0 (Linux; Android 6.0.1; Nexus 5X Build/MMB29P) AppleWebKit/537.36 (KHTML, like Gecko) Chrome/137.0.7151.103 Mobile Safari/537.36 (compatible; Googlebot/2.1; +http://www.google.com/bot.html)"
66.249.65.164 - - [13/Jul/2025:19:17:44 +0000] "GET /?k=56920062001900&mod=df7c6cbf&uri=shop.php%3Fid%3D1899448-399%26name%3Dapple+watch+series+price+t+mobile HTTP/1.1" 200 21668 "-" "Mozilla/5.0 (Linux; Android 6.0.1; Nexus 5X Build/MMB29P) AppleWebKit/537.36 (KHTML, like Gecko) Chrome/137.0.7151.103 Mobile Safari/537.36 (compatible; Googlebot/2.1; +http://www.google.com/bot.html)"
66.249.65.165 - - [13/Jul/2025:19:17:45 +0000] "POST /get-message-notify HTTP/1.1" 200 21436 "https://alalamy.com.au/?k=39171156021900&mod=ea6a24f1&uri=shared.php%3Fid%3D1307340-1135%26name%3Dtoys+girls+love" "Mozilla/5.0 (Linux; Android 6.0.1; Nexus 5X Build/MMB29P) AppleWebKit/537.36 (KHTML, like Gecko) Chrome/137.0.7151.119 Mobile Safari/537.36 (compatible; Googlebot/2.1; +http://www.google.com/bot.html)"
209.74.77.214 - - [13/Jul/2025:19:19:57 +0000] "POST /wp-cron.php?doing_wp_cron=1752434396.9686589241027832031250 HTTP/1.1" 200 - "-" "WordPress/6.8.1; https://alalamy.com.au"
54.36.148.50 - - [13/Jul/2025:19:19:54 +0000] "GET /?k=9985869001900&mod=7f3721ef&uri=shop.php%3Fid%3D333442-454%26name%3Dbumblebee+movie+optimus+prime+action+figure HTTP/1.1" 301 - "-" "Mozilla/5.0 (compatible; AhrefsBot/7.0; +http://ahrefs.com/robot/)"
209.74.77.214 - - [13/Jul/2025:19:19:57 +0000] "POST /wp-admin/admin-ajax.php?action=async_litespeed&nonce=bRxEPUulj2YIQCeqh5H5G3MQHqkAkp6X&litespeed_type=imgoptm HTTP/1.1" 200 21 "-" "WordPress/6.8.1; https://alalamy.com.au"
198.235.24.150 - - [13/Jul/2025:19:20:21 +0000] "GET / HTTP/1.1" 200 144363 "http://209.74.77.214:80/" "-"
66.249.65.165 - - [13/Jul/2025:19:20:31 +0000] "GET /?k=6930155021900&mod=b9b993f4&uri=category-info.php%3Fid%3D231446-387%26name%3Dused+stationary+exercise+bike HTTP/1.1" 200 22668 "-" "Mozilla/5.0 (Linux; Android 6.0.1; Nexus 5X Build/MMB29P) AppleWebKit/537.36 (KHTML, like Gecko) Chrome/137.0.7151.103 Mobile Safari/537.36 (compatible; Googlebot/2.1; +http://www.google.com/bot.html)"
209.74.77.214 - - [13/Jul/2025:19:23:14 +0000] "POST /wp-cron.php?doing_wp_cron=1752434594.3926410675048828125000 HTTP/1.1" 200 - "-" "WordPress/6.8.1; https://alalamy.com.au"
54.36.148.117 - - [13/Jul/2025:19:23:12 +0000] "GET /?k=99969316031900&mod=01527078&uri=info.php%3Fid%3D3336233-575%26name%3Dcontinental+contact+cruiser+commuter+tyre HTTP/1.1" 301 - "-" "Mozilla/5.0 (compatible; AhrefsBot/7.0; +http://ahrefs.com/robot/)"
209.74.77.214 - - [13/Jul/2025:19:23:14 +0000] "POST /wp-admin/admin-ajax.php?action=async_litespeed&nonce=TOw8Q502IShLBG0mazArpDGCHwnM2CrW&litespeed_type=imgoptm HTTP/1.1" 200 21 "-" "WordPress/6.8.1; https://alalamy.com.au"
66.249.65.166 - - [13/Jul/2025:19:23:22 +0000] "GET /?k=7014554111900&mod=3d1327c1&uri=dp.php%3Fid%3D234263-395%26name%3Densemble+large+homme HTTP/1.1" 200 20764 "-" "Mozilla/5.0 (Linux; Android 6.0.1; Nexus 5X Build/MMB29P) AppleWebKit/537.36 (KHTML, like Gecko) Chrome/137.0.7151.103 Mobile Safari/537.36 (compatible; Googlebot/2.1; +http://www.google.com/bot.html)"
209.74.77.214 - - [13/Jul/2025:19:26:04 +0000] "POST /wp-cron.php?doing_wp_cron=1752434764.0042269229888916015625 HTTP/1.1" 200 - "-" "WordPress/6.8.1; https://alalamy.com.au"
209.74.77.214 - - [13/Jul/2025:19:26:04 +0000] "POST /wp-admin/admin-ajax.php?action=async_litespeed&nonce=8GhuKTvFNPJGZKWVthLM8bIPRsuIA8KB&litespeed_type=imgoptm HTTP/1.1" 200 21 "-" "WordPress/6.8.1; https://alalamy.com.au"
54.36.148.154 - - [13/Jul/2025:19:26:01 +0000] "GET /?k=9999595041900&uri=search.php%3Fid%3D333900-502%26name%3Dgucci%20trainers%20toddlers HTTP/1.1" 200 26568 "-" "Mozilla/5.0 (compatible; AhrefsBot/7.0; +http://ahrefs.com/robot/)"
209.74.77.214 - - [13/Jul/2025:19:29:05 +0000] "POST /wp-cron.php?doing_wp_cron=1752434945.5812408924102783203125 HTTP/1.1" 200 - "-" "WordPress/6.8.1; https://alalamy.com.au"
54.36.148.6 - - [13/Jul/2025:19:29:03 +0000] "GET /product/italian-pizza/feed/ HTTP/1.1" 200 444 "-" "Mozilla/5.0 (compatible; AhrefsBot/7.0; +http://ahrefs.com/robot/)"
209.74.77.214 - - [13/Jul/2025:19:29:05 +0000] "POST /wp-admin/admin-ajax.php?action=async_litespeed&nonce=E3WJftPEIFjWUNt6mlOGgGqhuaK9lINk&litespeed_type=imgoptm HTTP/1.1" 200 21 "-" "WordPress/6.8.1; https://alalamy.com.au"
209.74.77.214 - - [13/Jul/2025:19:32:11 +0000] "POST /wp-cron.php?doing_wp_cron=1752435131.8202080726623535156250 HTTP/1.1" 200 - "-" "WordPress/6.8.1; https://alalamy.com.au"
54.36.148.197 - - [13/Jul/2025:19:32:09 +0000] "GET /?k=119842736011900&mod=41814002&uri=brands.php%3Fid%3D3999515-321%26name%3Dtiger+stripe+blue+nose+pitbull HTTP/1.1" 301 - "-" "Mozilla/5.0 (compatible; AhrefsBot/7.0; +http://ahrefs.com/robot/)"
209.74.77.214 - - [13/Jul/2025:19:32:11 +0000] "POST /wp-admin/admin-ajax.php?action=async_litespeed&nonce=7oty1vyUwjc0V2NPq9RVPhmtHuPQ8n7z&litespeed_type=imgoptm HTTP/1.1" 200 21 "-" "WordPress/6.8.1; https://alalamy.com.au"
66.249.65.166 - - [13/Jul/2025:19:33:41 +0000] "GET /?k=6964214131900&mod=20ea88ff&uri=products.php%3Fid%3D232582-390%26name%3Dintersport+gants+nike HTTP/1.1" 200 20441 "-" "Mozilla/5.0 (Linux; Android 6.0.1; Nexus 5X Build/MMB29P) AppleWebKit/537.36 (KHTML, like Gecko) Chrome/137.0.7151.103 Mobile Safari/537.36 (compatible; Googlebot/2.1; +http://www.google.com/bot.html)"
66.249.65.165 - - [13/Jul/2025:19:33:48 +0000] "POST /get-message-notify HTTP/1.1" 200 21440 "https://alalamy.com.au/?k=6964214131900&mod=20ea88ff&uri=products.php%3Fid%3D232582-390%26name%3Dintersport+gants+nike" "Mozilla/5.0 (Linux; Android 6.0.1; Nexus 5X Build/MMB29P) AppleWebKit/537.36 (KHTML, like Gecko) Chrome/137.0.7151.119 Mobile Safari/537.36 (compatible; Googlebot/2.1; +http://www.google.com/bot.html)"
209.74.77.214 - - [13/Jul/2025:19:35:08 +0000] "POST /wp-cron.php?doing_wp_cron=1752435308.2722640037536621093750 HTTP/1.1" 200 - "-" "WordPress/6.8.1; https://alalamy.com.au"
54.36.148.88 - - [13/Jul/2025:19:35:06 +0000] "GET /?k=32558404011900&mod=f4d1f9e7&uri=blog.php%3Fid%3D1086669-156%26name%3Daldi+nappies+premium HTTP/1.1" 301 - "-" "Mozilla/5.0 (compatible; AhrefsBot/7.0; +http://ahrefs.com/robot/)"
209.74.77.214 - - [13/Jul/2025:19:35:08 +0000] "POST /wp-admin/admin-ajax.php?action=async_litespeed&nonce=XqbhdHTSrOzqq3moUS33gTExwitd5I9E&litespeed_type=imgoptm HTTP/1.1" 200 21 "-" "WordPress/6.8.1; https://alalamy.com.au"
66.249.65.166 - - [13/Jul/2025:19:36:20 +0000] "GET /?k=7024049041900&mod=156cc497&uri=products.php%3Fid%3D234580-396%26name%3Daltra+olympus+test HTTP/1.1" 200 20600 "-" "Mozilla/5.0 (Linux; Android 6.0.1; Nexus 5X Build/MMB29P) AppleWebKit/537.36 (KHTML, like Gecko) Chrome/137.0.7151.103 Mobile Safari/537.36 (compatible; Googlebot/2.1; +http://www.google.com/bot.html)"
66.249.65.164 - - [13/Jul/2025:19:39:17 +0000] "GET /?k=7002945071900&mod=3d1327c1&uri=blog.php%3Fid%3D233875-395%26name%3Dle+royaume+de+la+mari%C3%83%C2%A9e HTTP/1.1" 200 21596 "-" "Mozilla/5.0 (Linux; Android 6.0.1; Nexus 5X Build/MMB29P) AppleWebKit/537.36 (KHTML, like Gecko) Chrome/137.0.7151.103 Mobile Safari/537.36 (compatible; Googlebot/2.1; +http://www.google.com/bot.html)"
54.36.149.99 - - [13/Jul/2025:19:40:04 +0000] "GET /wp-sitemap.xml HTTP/1.1" 200 66618 "-" "Mozilla/5.0 (compatible; AhrefsBot/7.0; +http://ahrefs.com/robot/)"
209.74.77.214 - - [13/Jul/2025:19:40:32 +0000] "POST /wp-admin/admin-ajax.php?action=async_litespeed&nonce=FIx4KZCwcZCIG5I0Jbe4iAqeFRSkZndi&litespeed_type=imgoptm HTTP/1.1" 200 21 "-" "WordPress/6.8.1; https://alalamy.com.au"
209.74.77.214 - - [13/Jul/2025:19:40:32 +0000] "POST /wp-admin/admin-ajax.php?action=async_litespeed&nonce=X0ZWVW84aJeUoacPiQDrD6KuPu07YQHb&litespeed_type=imgoptm HTTP/1.1" 200 21 "-" "WordPress/6.8.1; https://alalamy.com.au"
66.249.65.165 - - [13/Jul/2025:19:41:45 +0000] "GET /?k=56901252031900&mod=d8d7e7b1&uri=news.php%3Fid%3D1898821-383%26name%3Dh+and+m+dress+size+chart HTTP/1.1" 200 21862 "-" "Mozilla/5.0 (Linux; Android 6.0.1; Nexus 5X Build/MMB29P) AppleWebKit/537.36 (KHTML, like Gecko) Chrome/137.0.7151.103 Mobile Safari/537.36 (compatible; Googlebot/2.1; +http://www.google.com/bot.html)"
66.249.65.166 - - [13/Jul/2025:19:44:48 +0000] "GET /?k=7085337001900&mod=539ef09c&uri=shop.php%3Fid%3D236627-397%26name%3Druby+red+heels HTTP/1.1" 200 20610 "-" "Mozilla/5.0 (Linux; Android 6.0.1; Nexus 5X Build/MMB29P) AppleWebKit/537.36 (KHTML, like Gecko) Chrome/137.0.7151.103 Mobile Safari/537.36 (compatible; Googlebot/2.1; +http://www.google.com/bot.html)"
66.249.65.166 - - [13/Jul/2025:19:45:00 +0000] "POST /get-message-notify HTTP/1.1" 200 21426 "https://alalamy.com.au/?k=7085337001900&mod=539ef09c&uri=shop.php%3Fid%3D236627-397%26name%3Druby+red+heels" "Mozilla/5.0 (Linux; Android 6.0.1; Nexus 5X Build/MMB29P) AppleWebKit/537.36 (KHTML, like Gecko) Chrome/137.0.7151.119 Mobile Safari/537.36 (compatible; Googlebot/2.1; +http://www.google.com/bot.html)"
209.74.77.214 - - [13/Jul/2025:19:48:24 +0000] "POST /wp-cron.php?doing_wp_cron=1752436104.1923699378967285156250 HTTP/1.1" 200 - "-" "WordPress/6.8.1; https://alalamy.com.au"
209.74.77.214 - - [13/Jul/2025:19:48:24 +0000] "POST /wp-admin/admin-ajax.php?action=async_litespeed&nonce=qKGD7JO8VLmMQVM2sS4f7rlkn3MMJ1EU&litespeed_type=imgoptm HTTP/1.1" 200 21 "-" "WordPress/6.8.1; https://alalamy.com.au"
54.36.149.33 - - [13/Jul/2025:19:48:21 +0000] "GET /?k=99676003001900&uri=product.php%3Fid%3D3326441-1607%26name%3Ddr%20martens%20blaire%20sandal%20peppermint HTTP/1.1" 200 26568 "-" "Mozilla/5.0 (compatible; AhrefsBot/7.0; +http://ahrefs.com/robot/)"
66.249.65.166 - - [13/Jul/2025:19:48:36 +0000] "GET /?k=119814811061900&mod=f9c1b5bf&uri=info.php%3Fid%3D3998584-129%26name%3Dvzw+deals+for+existing+customers HTTP/1.1" 200 20631 "-" "Mozilla/5.0 (Linux; Android 6.0.1; Nexus 5X Build/MMB29P) AppleWebKit/537.36 (KHTML, like Gecko) Chrome/137.0.7151.103 Mobile Safari/537.36 (compatible; Googlebot/2.1; +http://www.google.com/bot.html)"
157.55.39.9 - - [13/Jul/2025:19:50:25 +0000] "GET /?k=119359236011900&mod=882b13dc&uri=form.php%3Fid%3D3983383-968%26name%3Dkeurig+descaling+solution+vs+vinegar HTTP/1.1" 200 20988 "-" "Mozilla/5.0 AppleWebKit/537.36 (KHTML, like Gecko; compatible; bingbot/2.0; +http://www.bing.com/bingbot.htm) Chrome/116.0.1938.76 Safari/537.36"
66.249.65.165 - - [13/Jul/2025:19:51:16 +0000] "GET /?k=7054850021900&mod=156cc497&uri=search.php%3Fid%3D235608-396%26name%3Dconverse+leopard+haute+plateforme HTTP/1.1" 200 21823 "-" "Mozilla/5.0 (Linux; Android 6.0.1; Nexus 5X Build/MMB29P) AppleWebKit/537.36 (KHTML, like Gecko) Chrome/137.0.7151.103 Mobile Safari/537.36 (compatible; Googlebot/2.1; +http://www.google.com/bot.html)"
40.77.167.25 - - [13/Jul/2025:19:52:38 +0000] "GET /?k=112410143041900&mod=b6c7646d&uri=article.php%3Fid%3D3751521-478%26name%3Dcyclo+505+hc HTTP/1.1" 200 22389 "-" "Mozilla/5.0 AppleWebKit/537.36 (KHTML, like Gecko; compatible; bingbot/2.0; +http://www.bing.com/bingbot.htm) Chrome/116.0.1938.76 Safari/537.36"
66.249.65.166 - - [13/Jul/2025:19:53:34 +0000] "GET /?k=42224007051900&mod=99ef8a64&uri=itm.php%3Fid%3D1409191-112%26name%3Dbolsas+almuerzo+cole HTTP/1.1" 200 21915 "-" "Mozilla/5.0 (Linux; Android 6.0.1; Nexus 5X Build/MMB29P) AppleWebKit/537.36 (KHTML, like Gecko) Chrome/137.0.7151.103 Mobile Safari/537.36 (compatible; Googlebot/2.1; +http://www.google.com/bot.html)"
66.249.65.164 - - [13/Jul/2025:19:53:49 +0000] "GET /?k=53759193051900&mod=7da8cfbd&uri=dp.php%3Fid%3D1793985-155%26name%3Dis+philips+hue+compatible+with+google+home+mini HTTP/1.1" 200 21902 "-" "Mozilla/5.0 (Linux; Android 6.0.1; Nexus 5X Build/MMB29P) AppleWebKit/537.36 (KHTML, like Gecko) Chrome/137.0.7151.103 Mobile Safari/537.36 (compatible; Googlebot/2.1; +http://www.google.com/bot.html)"
66.249.65.164 - - [13/Jul/2025:19:53:59 +0000] "POST /get-message-notify HTTP/1.1" 200 21432 "https://alalamy.com.au/?k=53759193051900&mod=7da8cfbd&uri=dp.php%3Fid%3D1793985-155%26name%3Dis+philips+hue+compatible+with+google+home+mini" "Mozilla/5.0 AppleWebKit/537.36 (KHTML, like Gecko; compatible; Googlebot/2.1; +http://www.google.com/bot.html) Chrome/137.0.7151.119 Safari/537.36"
66.249.65.164 - - [13/Jul/2025:19:55:09 +0000] "GET /?k=42228139071900&mod=99ef8a64&uri=goods.php%3Fid%3D1409329-112%26name%3Dmochila+minecraft+corte+ingl%C3%83%C2%A9s HTTP/1.1" 200 21895 "-" "Mozilla/5.0 (Linux; Android 6.0.1; Nexus 5X Build/MMB29P) AppleWebKit/537.36 (KHTML, like Gecko) Chrome/137.0.7151.103 Mobile Safari/537.36 (compatible; Googlebot/2.1; +http://www.google.com/bot.html)"
66.249.65.165 - - [13/Jul/2025:19:55:19 +0000] "GET /?k=6400796041900&mod=4e17fdfe&uri=products.php%3Fid%3D213789-363%26name%3Dr+and+r+jewelers+nyc HTTP/1.1" 200 22408 "-" "Mozilla/5.0 (Linux; Android 6.0.1; Nexus 5X Build/MMB29P) AppleWebKit/537.36 (KHTML, like Gecko) Chrome/137.0.7151.103 Mobile Safari/537.36 (compatible; Googlebot/2.1; +http://www.google.com/bot.html)"
209.74.77.214 - - [13/Jul/2025:19:57:11 +0000] "POST /wp-cron.php?doing_wp_cron=1752436631.7813549041748046875000 HTTP/1.1" 200 - "-" "WordPress/6.8.1; https://alalamy.com.au"
209.74.77.214 - - [13/Jul/2025:19:57:11 +0000] "POST /wp-admin/admin-ajax.php?action=async_litespeed&nonce=hQhJ305b8cUXddoid6x58p72IOcLULGQ&litespeed_type=imgoptm HTTP/1.1" 200 21 "-" "WordPress/6.8.1; https://alalamy.com.au"
54.36.149.34 - - [13/Jul/2025:19:57:09 +0000] "GET /?k=99610687001900&uri=dp.php%3Fid%3D3324262-1050%26name%3Dlong%20hair%20corgi%20puppies HTTP/1.1" 200 26568 "-" "Mozilla/5.0 (compatible; AhrefsBot/7.0; +http://ahrefs.com/robot/)"
66.249.65.164 - - [13/Jul/2025:19:57:51 +0000] "GET /?k=42966522031900&mod=077faa4c&uri=us.php%3Fid%3D1433953-728%26name%3Dgolf+valuables+pouch HTTP/1.1" 200 20979 "-" "Mozilla/5.0 (Linux; Android 6.0.1; Nexus 5X Build/MMB29P) AppleWebKit/537.36 (KHTML, like Gecko) Chrome/137.0.7151.103 Mobile Safari/537.36 (compatible; Googlebot/2.1; +http://www.google.com/bot.html)"
66.249.65.166 - - [13/Jul/2025:19:57:50 +0000] "GET /pcmypage?callback=/product%2Fdetail%2F119857084012900 HTTP/1.1" 200 19373 "-" "Mozilla/5.0 (Linux; Android 6.0.1; Nexus 5X Build/MMB29P) AppleWebKit/537.36 (KHTML, like Gecko) Chrome/137.0.7151.103 Mobile Safari/537.36 (compatible; Googlebot/2.1; +http://www.google.com/bot.html)"
66.249.65.165 - - [13/Jul/2025:19:57:59 +0000] "GET /pcmypage?callback=/product%2Fdetail%2F119857024022900 HTTP/1.1" 200 20183 "-" "Mozilla/5.0 (Linux; Android 6.0.1; Nexus 5X Build/MMB29P) AppleWebKit/537.36 (KHTML, like Gecko) Chrome/137.0.7151.103 Mobile Safari/537.36 (compatible; Googlebot/2.1; +http://www.google.com/bot.html)"
66.249.65.164 - - [13/Jul/2025:19:58:06 +0000] "GET /pcmypage?callback=/product%2Fdetail%2F119839316032900 HTTP/1.1" 200 21410 "-" "Mozilla/5.0 (Linux; Android 6.0.1; Nexus 5X Build/MMB29P) AppleWebKit/537.36 (KHTML, like Gecko) Chrome/137.0.7151.103 Mobile Safari/537.36 (compatible; Googlebot/2.1; +http://www.google.com/bot.html)"
66.249.65.164 - - [13/Jul/2025:19:58:43 +0000] "GET /?k=72573105021900&mod=07bbdb29&uri=category-info.php%3Fid%3D2421845-1082%26name%3Dnike+cortez+red+and+blue+womens HTTP/1.1" 200 21294 "-" "Mozilla/5.0 (Linux; Android 6.0.1; Nexus 5X Build/MMB29P) AppleWebKit/537.36 (KHTML, like Gecko) Chrome/137.0.7151.103 Mobile Safari/537.36 (compatible; Googlebot/2.1; +http://www.google.com/bot.html)"
66.249.65.164 - - [13/Jul/2025:19:58:54 +0000] "POST /get-message-notify HTTP/1.1" 200 21428 "https://alalamy.com.au/?k=72573105021900&mod=07bbdb29&uri=category-info.php%3Fid%3D2421845-1082%26name%3Dnike+cortez+red+and+blue+womens" "Mozilla/5.0 (Linux; Android 6.0.1; Nexus 5X Build/MMB29P) AppleWebKit/537.36 (KHTML, like Gecko) Chrome/137.0.7151.119 Mobile Safari/537.36 (compatible; Googlebot/2.1; +http://www.google.com/bot.html)"
66.249.65.165 - - [13/Jul/2025:20:00:36 +0000] "GET /?k=8129428031900&mod=b270a720&uri=blog.php%3Fid%3D271483-137%26name%3Dle+scarpe+fila+nere HTTP/1.1" 200 22101 "-" "Mozilla/5.0 (Linux; Android 6.0.1; Nexus 5X Build/MMB29P) AppleWebKit/537.36 (KHTML, like Gecko) Chrome/137.0.7151.103 Mobile Safari/537.36 (compatible; Googlebot/2.1; +http://www.google.com/bot.html)"
209.74.77.214 - - [13/Jul/2025:20:00:37 +0000] "POST /wp-cron.php?doing_wp_cron=1752436837.3261721134185791015625 HTTP/1.1" 200 - "-" "WordPress/6.8.1; https://alalamy.com.au"
209.74.77.214 - - [13/Jul/2025:20:00:37 +0000] "POST /wp-admin/admin-ajax.php?action=async_litespeed&nonce=A2AwyiOG9DkNRoHEJmYgzM0fPysrcBco&litespeed_type=imgoptm HTTP/1.1" 200 21 "-" "WordPress/6.8.1; https://alalamy.com.au"
57.141.2.20 - - [13/Jul/2025:20:00:35 +0000] "GET / HTTP/1.1" 200 144363 "-" "meta-externalagent/1.1 (+https://developers.facebook.com/docs/sharing/webmasters/crawler)"
185.191.171.13 - - [13/Jul/2025:20:01:30 +0000] "GET /robots.txt HTTP/1.1" 200 82 "-" "Mozilla/5.0 (compatible; SemrushBot/7~bl; +http://www.semrush.com/bot.html)"
209.74.77.214 - - [13/Jul/2025:20:01:33 +0000] "POST /wp-cron.php?doing_wp_cron=1752436893.0488860607147216796875 HTTP/1.1" 200 - "-" "WordPress/6.8.1; https://alalamy.com.au"
209.74.77.214 - - [13/Jul/2025:20:01:33 +0000] "POST /wp-admin/admin-ajax.php?action=async_litespeed&nonce=TTcS03Q4h2zEHzYDTTNF5v3bc99O7Ne7&litespeed_type=imgoptm HTTP/1.1" 200 21 "-" "WordPress/6.8.1; https://alalamy.com.au"
85.208.96.198 - - [13/Jul/2025:20:01:31 +0000] "GET /reservation/ HTTP/1.1" 200 22501 "-" "Mozilla/5.0 (compatible; SemrushBot/7~bl; +http://www.semrush.com/bot.html)"
85.208.96.210 - - [13/Jul/2025:20:01:33 +0000] "GET /sitemap.xml HTTP/1.1" 200 66699 "-" "Mozilla/5.0 (compatible; SemrushBot/7~bl; +http://www.semrush.com/bot.html)"
209.74.77.214 - - [13/Jul/2025:20:05:19 +0000] "POST /wp-cron.php?doing_wp_cron=1752437119.5285470485687255859375 HTTP/1.1" 200 - "-" "WordPress/6.8.1; https://alalamy.com.au"
209.74.77.214 - - [13/Jul/2025:20:05:19 +0000] "POST /wp-admin/admin-ajax.php?action=async_litespeed&nonce=5Blqn1DKT8RO2k7Boeln9ULVZ0myj3Bl&litespeed_type=imgoptm HTTP/1.1" 200 21 "-" "WordPress/6.8.1; https://alalamy.com.au"
54.36.148.29 - - [13/Jul/2025:20:05:17 +0000] "GET /?k=99572616091900&uri=brands.php%3Fid%3D3322992-1439%26name%3Dporteur%20hape HTTP/1.1" 200 26568 "-" "Mozilla/5.0 (compatible; AhrefsBot/7.0; +http://ahrefs.com/robot/)"
66.249.65.164 - - [13/Jul/2025:20:05:21 +0000] "GET /man/kaitori/ansin.html HTTP/1.1" 200 21533 "-" "Mozilla/5.0 (Linux; Android 6.0.1; Nexus 5X Build/MMB29P) AppleWebKit/537.36 (KHTML, like Gecko) Chrome/137.0.7151.103 Mobile Safari/537.36 (compatible; Googlebot/2.1; +http://www.google.com/bot.html)"
66.249.65.165 - - [13/Jul/2025:20:05:28 +0000] "GET /feature/eposcard/index.html HTTP/1.1" 200 21494 "-" "Mozilla/5.0 (Linux; Android 6.0.1; Nexus 5X Build/MMB29P) AppleWebKit/537.36 (KHTML, like Gecko) Chrome/137.0.7151.103 Mobile Safari/537.36 (compatible; Googlebot/2.1; +http://www.google.com/bot.html)"
66.249.65.164 - - [13/Jul/2025:20:05:34 +0000] "GET /feature/campaign/index.html HTTP/1.1" 200 20666 "-" "Mozilla/5.0 (Linux; Android 6.0.1; Nexus 5X Build/MMB29P) AppleWebKit/537.36 (KHTML, like Gecko) Chrome/137.0.7151.103 Mobile Safari/537.36 (compatible; Googlebot/2.1; +http://www.google.com/bot.html)"
66.249.65.164 - - [13/Jul/2025:20:05:46 +0000] "GET /feature/sapporo/index.html HTTP/1.1" 200 22360 "-" "Mozilla/5.0 (Linux; Android 6.0.1; Nexus 5X Build/MMB29P) AppleWebKit/537.36 (KHTML, like Gecko) Chrome/137.0.7151.103 Mobile Safari/537.36 (compatible; Googlebot/2.1; +http://www.google.com/bot.html)"
66.249.65.164 - - [13/Jul/2025:20:06:34 +0000] "GET /?k=11598151011900&mod=8763d72b&uri=products.php%3Fid%3D387243-57%26name%3Dmonolith+by+monoprice+liquid+spark HTTP/1.1" 200 22403 "-" "Mozilla/5.0 (Linux; Android 6.0.1; Nexus 5X Build/MMB29P) AppleWebKit/537.36 (KHTML, like Gecko) Chrome/137.0.7151.103 Mobile Safari/537.36 (compatible; Googlebot/2.1; +http://www.google.com/bot.html)"
66.249.65.164 - - [13/Jul/2025:20:08:36 +0000] "GET /?k=5818549081900&mod=f1a860c4&uri=shop.php%3Fid%3D194306-336%26name%3Dfalabella+grande+stella+mccartney HTTP/1.1" 200 21764 "-" "Mozilla/5.0 (Linux; Android 6.0.1; Nexus 5X Build/MMB29P) AppleWebKit/537.36 (KHTML, like Gecko) Chrome/137.0.7151.103 Mobile Safari/537.36 (compatible; Googlebot/2.1; +http://www.google.com/bot.html)"
157.55.39.200 - - [13/Jul/2025:20:10:19 +0000] "GET /?k=26595136001900&mod=19923225&uri=article.php%3Fid%3D887620-224%26name%3Dtriumph+legend+scrambler HTTP/1.1" 200 20989 "-" "Mozilla/5.0 AppleWebKit/537.36 (KHTML, like Gecko; compatible; bingbot/2.0; +http://www.bing.com/bingbot.htm) Chrome/116.0.1938.76 Safari/537.36"
66.249.65.164 - - [13/Jul/2025:20:11:11 +0000] "GET /?k=6955144061900&mod=20ea88ff&uri=dp.php%3Fid%3D232279-390%26name%3Dchaussures+running+nike+pegasus HTTP/1.1" 200 20412 "-" "Mozilla/5.0 (Linux; Android 6.0.1; Nexus 5X Build/MMB29P) AppleWebKit/537.36 (KHTML, like Gecko) Chrome/137.0.7151.103 Mobile Safari/537.36 (compatible; Googlebot/2.1; +http://www.google.com/bot.html)"
66.249.65.164 - - [13/Jul/2025:20:11:17 +0000] "GET /?k=25454550041900&mod=a430a730&uri=products.php%3Fid%3D849572-97%26name%3Dmacys+duffle+bag HTTP/1.1" 200 22065 "-" "Mozilla/5.0 (Linux; Android 6.0.1; Nexus 5X Build/MMB29P) AppleWebKit/537.36 (KHTML, like Gecko) Chrome/137.0.7151.103 Mobile Safari/537.36 (compatible; Googlebot/2.1; +http://www.google.com/bot.html)"
66.249.65.164 - - [13/Jul/2025:20:11:27 +0000] "POST /get-message-notify HTTP/1.1" 200 21424 "https://alalamy.com.au/?k=6955144061900&mod=20ea88ff&uri=dp.php%3Fid%3D232279-390%26name%3Dchaussures+running+nike+pegasus" "Mozilla/5.0 (Linux; Android 6.0.1; Nexus 5X Build/MMB29P) AppleWebKit/537.36 (KHTML, like Gecko) Chrome/137.0.7151.119 Mobile Safari/537.36 (compatible; Googlebot/2.1; +http://www.google.com/bot.html)"
66.249.65.166 - - [13/Jul/2025:20:12:38 +0000] "GET /?k=37624056021900&mod=edbe13ca&uri=shared.php%3Fid%3D1255728-1120%26name%3Dadidas+400+%C3%A2%C2%82%C2%AC HTTP/1.1" 200 22478 "-" "Mozilla/5.0 (Linux; Android 6.0.1; Nexus 5X Build/MMB29P) AppleWebKit/537.36 (KHTML, like Gecko) Chrome/137.0.7151.103 Mobile Safari/537.36 (compatible; Googlebot/2.1; +http://www.google.com/bot.html)"
66.249.65.164 - - [13/Jul/2025:20:12:42 +0000] "POST /get-message-notify HTTP/1.1" 200 21425 "https://alalamy.com.au/?k=37624056021900&mod=edbe13ca&uri=shared.php%3Fid%3D1255728-1120%26name%3Dadidas+400+%C3%A2%C2%82%C2%AC" "Mozilla/5.0 (Linux; Android 6.0.1; Nexus 5X Build/MMB29P) AppleWebKit/537.36 (KHTML, like Gecko) Chrome/137.0.7151.119 Mobile Safari/537.36 (compatible; Googlebot/2.1; +http://www.google.com/bot.html)"
209.74.77.214 - - [13/Jul/2025:20:13:28 +0000] "POST /wp-cron.php?doing_wp_cron=1752437608.0320360660552978515625 HTTP/1.1" 200 - "-" "WordPress/6.8.1; https://alalamy.com.au"
209.74.77.214 - - [13/Jul/2025:20:13:28 +0000] "POST /wp-admin/admin-ajax.php?action=async_litespeed&nonce=HK6CmS7uFirp2F9Lak7ziKnXBYSrzY0M&litespeed_type=imgoptm HTTP/1.1" 200 21 "-" "WordPress/6.8.1; https://alalamy.com.au"
54.36.148.228 - - [13/Jul/2025:20:13:25 +0000] "GET /?k=99489489051900&uri=pin.php%3Fid%3D3320219-469%26name%3Dnike%20sb%20track%20pants%20white HTTP/1.1" 200 26568 "-" "Mozilla/5.0 (compatible; AhrefsBot/7.0; +http://ahrefs.com/robot/)"
66.249.65.164 - - [13/Jul/2025:20:13:49 +0000] "GET /?k=6439856011900&mod=462b7359&uri=shared.php%3Fid%3D215091-220%26name%3Devening+coat HTTP/1.1" 200 21757 "-" "Mozilla/5.0 (Linux; Android 6.0.1; Nexus 5X Build/MMB29P) AppleWebKit/537.36 (KHTML, like Gecko) Chrome/137.0.7151.103 Mobile Safari/537.36 (compatible; Googlebot/2.1; +http://www.google.com/bot.html)"
209.74.77.214 - - [13/Jul/2025:20:14:37 +0000] "POST /wp-admin/admin-ajax.php?action=async_litespeed&nonce=jvtuCYyzBxxI4RI1hpEHv278Yrx1v0Tp&litespeed_type=imgoptm HTTP/1.1" 200 21 "-" "WordPress/6.8.1; https://alalamy.com.au"
170.106.147.63 - - [13/Jul/2025:20:14:38 +0000] "GET / HTTP/1.1" 200 26576 "http://alalamy.com.au" "Mozilla/5.0 (iPhone; CPU iPhone OS 13_2_3 like Mac OS X) AppleWebKit/605.1.15 (KHTML, like Gecko) Version/13.0.3 Mobile/15E148 Safari/604.1"
66.249.65.164 - - [13/Jul/2025:20:15:17 +0000] "GET /?k=37550560061900&mod=fec64f12&uri=shared.php%3Fid%3D1253276-1119%26name%3Dcotton+chef+trousers HTTP/1.1" 200 21395 "-" "Mozilla/5.0 (Linux; Android 6.0.1; Nexus 5X Build/MMB29P) AppleWebKit/537.36 (KHTML, like Gecko) Chrome/137.0.7151.103 Mobile Safari/537.36 (compatible; Googlebot/2.1; +http://www.google.com/bot.html)"
66.249.65.166 - - [13/Jul/2025:20:17:13 +0000] "GET /?k=37552420041900&mod=fec64f12&uri=product.php%3Fid%3D1253338-1119%26name%3Dmasterchef+apron HTTP/1.1" 200 21082 "-" "Mozilla/5.0 (Linux; Android 6.0.1; Nexus 5X Build/MMB29P) AppleWebKit/537.36 (KHTML, like Gecko) Chrome/137.0.7151.103 Mobile Safari/537.36 (compatible; Googlebot/2.1; +http://www.google.com/bot.html)"
209.74.77.214 - - [13/Jul/2025:20:18:37 +0000] "POST /wp-cron.php?doing_wp_cron=1752437917.3826289176940917968750 HTTP/1.1" 200 - "-" "WordPress/6.8.1; https://alalamy.com.au"
209.74.77.214 - - [13/Jul/2025:20:18:37 +0000] "POST /wp-admin/admin-ajax.php?action=async_litespeed&nonce=Mdv3rsotv1tiVgLDtuYX1XrsXPdvn6ty&litespeed_type=imgoptm HTTP/1.1" 200 21 "-" "WordPress/6.8.1; https://alalamy.com.au"
194.26.192.154 - - [13/Jul/2025:20:18:35 +0000] "GET /wp-content/plugins/WordPressCore/include.php HTTP/1.1" 404 20340 "-" "Mozlila/5.0 (Linux; Android 7.0; SM-G892A Bulid/NRD90M; wv) AppleWebKit/537.36 (KHTML, like Gecko) Version/4.0 Chrome/60.0.3112.107 Moblie Safari/537.36"
194.26.192.154 - - [13/Jul/2025:20:18:38 +0000] "GET /wp-content/plugins/WordPressCore/include.php HTTP/1.1" 404 20340 "-" "Mozlila/5.0 (Linux; Android 7.0; SM-G892A Bulid/NRD90M; wv) AppleWebKit/537.36 (KHTML, like Gecko) Version/4.0 Chrome/60.0.3112.107 Moblie Safari/537.36"
66.249.65.165 - - [13/Jul/2025:20:18:47 +0000] "GET /?k=22642104001900&mod=7da8cfbd&uri=category-info.php%3Fid%3D755762-155%26name%3Dgoogle+smart+hub+review HTTP/1.1" 200 22984 "-" "Mozilla/5.0 (Linux; Android 6.0.1; Nexus 5X Build/MMB29P) AppleWebKit/537.36 (KHTML, like Gecko) Chrome/137.0.7151.103 Mobile Safari/537.36 (compatible; Googlebot/2.1; +http://www.google.com/bot.html)"
66.249.65.166 - - [13/Jul/2025:20:19:04 +0000] "POST /get-message-notify HTTP/1.1" 200 21442 "https://alalamy.com.au/?k=22642104001900&mod=7da8cfbd&uri=category-info.php%3Fid%3D755762-155%26name%3Dgoogle+smart+hub+review" "Mozilla/5.0 (Linux; Android 6.0.1; Nexus 5X Build/MMB29P) AppleWebKit/537.36 (KHTML, like Gecko) Chrome/137.0.7151.119 Mobile Safari/537.36 (compatible; Googlebot/2.1; +http://www.google.com/bot.html)"
66.249.65.164 - - [13/Jul/2025:20:19:21 +0000] "POST /get-message-notify HTTP/1.1" 200 21415 "https://alalamy.com.au/?k=37550560061900&mod=fec64f12&uri=shared.php%3Fid%3D1253276-1119%26name%3Dcotton+chef+trousers" "Mozilla/5.0 (Linux; Android 6.0.1; Nexus 5X Build/MMB29P) AppleWebKit/537.36 (KHTML, like Gecko) Chrome/137.0.7151.119 Mobile Safari/537.36 (compatible; Googlebot/2.1; +http://www.google.com/bot.html)"
66.249.65.166 - - [13/Jul/2025:20:20:16 +0000] "GET /?k=37605906091900&mod=edbe13ca&uri=pin.php%3Fid%3D1255123-1120%26name%3Driciclo+scarpe HTTP/1.1" 200 21424 "-" "Mozilla/5.0 (Linux; Android 6.0.1; Nexus 5X Build/MMB29P) AppleWebKit/537.36 (KHTML, like Gecko) Chrome/137.0.7151.103 Mobile Safari/537.36 (compatible; Googlebot/2.1; +http://www.google.com/bot.html)"
209.74.77.214 - - [13/Jul/2025:20:21:35 +0000] "POST /wp-cron.php?doing_wp_cron=1752438095.3657920360565185546875 HTTP/1.1" 200 - "-" "WordPress/6.8.1; https://alalamy.com.au"
54.36.148.41 - - [13/Jul/2025:20:21:33 +0000] "GET /?k=99379578021900&uri=us.php%3Fid%3D3316551-218%26name%3Dblusa%20de%20colores%20shein HTTP/1.1" 200 26568 "-" "Mozilla/5.0 (compatible; AhrefsBot/7.0; +http://ahrefs.com/robot/)"
209.74.77.214 - - [13/Jul/2025:20:21:35 +0000] "POST /wp-admin/admin-ajax.php?action=async_litespeed&nonce=oA5ENVkyo5ZBKexfSCFqtNy7OkzLeeE7&litespeed_type=imgoptm HTTP/1.1" 200 21 "-" "WordPress/6.8.1; https://alalamy.com.au"
66.249.65.164 - - [13/Jul/2025:20:21:55 +0000] "GET /?k=37533795001900&mod=d8a1e3cb&uri=info.php%3Fid%3D1252716-749%26name%3Dhoodie+als+decke HTTP/1.1" 200 21510 "-" "Mozilla/5.0 (Linux; Android 6.0.1; Nexus 5X Build/MMB29P) AppleWebKit/537.36 (KHTML, like Gecko) Chrome/137.0.7151.103 Mobile Safari/537.36 (compatible; Googlebot/2.1; +http://www.google.com/bot.html)"
66.249.65.166 - - [13/Jul/2025:20:24:27 +0000] "GET /?k=39497857071900&mod=ec5df877&uri=blog.php%3Fid%3D1318237-248%26name%3Dparfum+michael+kors+very+hollywood HTTP/1.1" 200 22280 "-" "Mozilla/5.0 (Linux; Android 6.0.1; Nexus 5X Build/MMB29P) AppleWebKit/537.36 (KHTML, like Gecko) Chrome/137.0.7151.103 Mobile Safari/537.36 (compatible; Googlebot/2.1; +http://www.google.com/bot.html)"
66.249.65.165 - - [13/Jul/2025:20:26:27 +0000] "GET /?k=6691295001900&mod=1366e101&uri=news.php%3Fid%3D223474-376%26name%3Djustice+league+season+kisscartoon HTTP/1.1" 200 20805 "-" "Mozilla/5.0 (Linux; Android 6.0.1; Nexus 5X Build/MMB29P) AppleWebKit/537.36 (KHTML, like Gecko) Chrome/137.0.7151.103 Mobile Safari/537.36 (compatible; Googlebot/2.1; +http://www.google.com/bot.html)"
66.249.65.164 - - [13/Jul/2025:20:26:50 +0000] "GET /?k=37681856011900&mod=44f95c37&uri=itm.php%3Fid%3D1257657-252%26name%3Dhigh+waisted+rockabilly+jeans HTTP/1.1" 200 22212 "-" "Mozilla/5.0 (Linux; Android 6.0.1; Nexus 5X Build/MMB29P) AppleWebKit/537.36 (KHTML, like Gecko) Chrome/137.0.7151.103 Mobile Safari/537.36 (compatible; Googlebot/2.1; +http://www.google.com/bot.html)"
66.249.65.166 - - [13/Jul/2025:20:28:31 +0000] "GET /?k=6944074131900&mod=20ea88ff&uri=news.php%3Fid%3D231910-390%26name%3Durh+rose+gold HTTP/1.1" 200 21298 "-" "Mozilla/5.0 (Linux; Android 6.0.1; Nexus 5X Build/MMB29P) AppleWebKit/537.36 (KHTML, like Gecko) Chrome/137.0.7151.103 Mobile Safari/537.36 (compatible; Googlebot/2.1; +http://www.google.com/bot.html)"
209.74.77.214 - - [13/Jul/2025:20:28:51 +0000] "POST /wp-cron.php?doing_wp_cron=1752438531.7233099937438964843750 HTTP/1.1" 200 - "-" "WordPress/6.8.1; https://alalamy.com.au"
209.74.77.214 - - [13/Jul/2025:20:28:51 +0000] "POST /wp-admin/admin-ajax.php?action=async_litespeed&nonce=ts8fSXb0IRzGsreqj9rXePhbeT9HN3yN&litespeed_type=imgoptm HTTP/1.1" 200 21 "-" "WordPress/6.8.1; https://alalamy.com.au"
54.36.148.177 - - [13/Jul/2025:20:28:50 +0000] "GET /?k=99379548061900&uri=news.php%3Fid%3D3316550-416%26name%3Dvestidos%20de%20novia%20civil%20manga%20larga HTTP/1.1" 200 26568 "-" "Mozilla/5.0 (compatible; AhrefsBot/7.0; +http://ahrefs.com/robot/)"
66.249.65.164 - - [13/Jul/2025:20:29:47 +0000] "GET /?k=6689527091900&mod=1366e101&uri=category-info.php%3Fid%3D223415-376%26name%3Dpeppa+pig+full+episodes+english+download+free HTTP/1.1" 200 21053 "-" "Mozilla/5.0 (Linux; Android 6.0.1; Nexus 5X Build/MMB29P) AppleWebKit/537.36 (KHTML, like Gecko) Chrome/137.0.7151.103 Mobile Safari/537.36 (compatible; Googlebot/2.1; +http://www.google.com/bot.html)"
66.249.65.165 - - [13/Jul/2025:20:29:52 +0000] "GET /?k=6696545031900&mod=1366e101&uri=product.php%3Fid%3D223649-376%26name%3Dsamurai+jack+season+kisscartoon HTTP/1.1" 200 22191 "-" "Mozilla/5.0 (Linux; Android 6.0.1; Nexus 5X Build/MMB29P) AppleWebKit/537.36 (KHTML, like Gecko) Chrome/137.0.7151.103 Mobile Safari/537.36 (compatible; Googlebot/2.1; +http://www.google.com/bot.html)"
66.249.65.164 - - [13/Jul/2025:20:29:56 +0000] "POST /get-message-notify HTTP/1.1" 200 21430 "https://alalamy.com.au/?k=6689527091900&mod=1366e101&uri=category-info.php%3Fid%3D223415-376%26name%3Dpeppa+pig+full+episodes+english+download+free" "Mozilla/5.0 (Linux; Android 6.0.1; Nexus 5X Build/MMB29P) AppleWebKit/537.36 (KHTML, like Gecko) Chrome/137.0.7151.119 Mobile Safari/537.36 (compatible; Googlebot/2.1; +http://www.google.com/bot.html)"
66.249.65.165 - - [13/Jul/2025:20:30:03 +0000] "POST /get-message-notify HTTP/1.1" 200 21428 "https://alalamy.com.au/?k=6696545031900&mod=1366e101&uri=product.php%3Fid%3D223649-376%26name%3Dsamurai+jack+season+kisscartoon" "Mozilla/5.0 (Linux; Android 6.0.1; Nexus 5X Build/MMB29P) AppleWebKit/537.36 (KHTML, like Gecko) Chrome/137.0.7151.119 Mobile Safari/537.36 (compatible; Googlebot/2.1; +http://www.google.com/bot.html)"
66.249.65.165 - - [13/Jul/2025:20:30:09 +0000] "GET /?k=6699995001900&mod=1366e101&uri=category-info.php%3Fid%3D223764-376%26name%3Dsamurai+jack+kisscartoon HTTP/1.1" 200 21359 "-" "Mozilla/5.0 (Linux; Android 6.0.1; Nexus 5X Build/MMB29P) AppleWebKit/537.36 (KHTML, like Gecko) Chrome/137.0.7151.103 Mobile Safari/537.36 (compatible; Googlebot/2.1; +http://www.google.com/bot.html)"
66.249.65.164 - - [13/Jul/2025:20:30:23 +0000] "POST /get-message-notify HTTP/1.1" 200 21421 "https://alalamy.com.au/?k=6699995001900&mod=1366e101&uri=category-info.php%3Fid%3D223764-376%26name%3Dsamurai+jack+kisscartoon" "Mozilla/5.0 (Linux; Android 6.0.1; Nexus 5X Build/MMB29P) AppleWebKit/537.36 (KHTML, like Gecko) Chrome/137.0.7151.119 Mobile Safari/537.36 (compatible; Googlebot/2.1; +http://www.google.com/bot.html)"
66.249.65.165 - - [13/Jul/2025:20:31:18 +0000] "GET /?k=6939035101900&mod=20ea88ff&uri=shared.php%3Fid%3D231742-390%26name%3Dair+max+60+euros HTTP/1.1" 200 20562 "-" "Mozilla/5.0 (Linux; Android 6.0.1; Nexus 5X Build/MMB29P) AppleWebKit/537.36 (KHTML, like Gecko) Chrome/137.0.7151.103 Mobile Safari/537.36 (compatible; Googlebot/2.1; +http://www.google.com/bot.html)"
66.249.65.164 - - [13/Jul/2025:20:32:01 +0000] "GET /?k=6690575101900&mod=1366e101&uri=form.php%3Fid%3D223450-376%26name%3Dwatch+rick+and+morty+season+online HTTP/1.1" 200 20735 "-" "Mozilla/5.0 (Linux; Android 6.0.1; Nexus 5X Build/MMB29P) AppleWebKit/537.36 (KHTML, like Gecko) Chrome/137.0.7151.103 Mobile Safari/537.36 (compatible; Googlebot/2.1; +http://www.google.com/bot.html)"
66.249.65.166 - - [13/Jul/2025:20:34:19 +0000] "GET /?k=57518393041900&mod=d8d7e7b1&uri=products.php%3Fid%3D1919416-383%26name%3Dwhite+lace+dress+pregnancy HTTP/1.1" 200 21752 "-" "Mozilla/5.0 (Linux; Android 6.0.1; Nexus 5X Build/MMB29P) AppleWebKit/537.36 (KHTML, like Gecko) Chrome/137.0.7151.103 Mobile Safari/537.36 (compatible; Googlebot/2.1; +http://www.google.com/bot.html)"
209.74.77.214 - - [13/Jul/2025:20:37:05 +0000] "POST /wp-cron.php?doing_wp_cron=1752439025.4381120204925537109375 HTTP/1.1" 200 - "-" "WordPress/6.8.1; https://alalamy.com.au"
54.36.148.41 - - [13/Jul/2025:20:37:03 +0000] "GET /?k=99332087051900&mod=8f7f8f7b&uri=us.php%3Fid%3D3314967-1235%26name%3Djawbreaker+uranium HTTP/1.1" 301 - "-" "Mozilla/5.0 (compatible; AhrefsBot/7.0; +http://ahrefs.com/robot/)"
209.74.77.214 - - [13/Jul/2025:20:37:05 +0000] "POST /wp-admin/admin-ajax.php?action=async_litespeed&nonce=mJgtvX4guQQtPcSd1BwQTnRTyvES4S7q&litespeed_type=imgoptm HTTP/1.1" 200 21 "-" "WordPress/6.8.1; https://alalamy.com.au"
66.249.65.164 - - [13/Jul/2025:20:39:14 +0000] "GET /?k=44512325071900&mod=78eb6d78&uri=itm.php%3Fid%3D1485519-699%26name%3Dabu+garcia+tournament+fishing+rod HTTP/1.1" 200 21079 "-" "Mozilla/5.0 (Linux; Android 6.0.1; Nexus 5X Build/MMB29P) AppleWebKit/537.36 (KHTML, like Gecko) Chrome/137.0.7151.103 Mobile Safari/537.36 (compatible; Googlebot/2.1; +http://www.google.com/bot.html)"
66.249.65.166 - - [13/Jul/2025:20:41:57 +0000] "GET /?k=6960694021900&mod=1f00e37d&uri=shared.php%3Fid%3D232464-393%26name%3Dnike+tn+psg+2018 HTTP/1.1" 200 20818 "-" "Mozilla/5.0 (Linux; Android 6.0.1; Nexus 5X Build/MMB29P) AppleWebKit/537.36 (KHTML, like Gecko) Chrome/137.0.7151.103 Mobile Safari/537.36 (compatible; Googlebot/2.1; +http://www.google.com/bot.html)"
66.249.65.164 - - [13/Jul/2025:20:42:39 +0000] "POST /get-message-notify HTTP/1.1" 200 21425 "https://alalamy.com.au/?k=57518393041900&mod=d8d7e7b1&uri=products.php%3Fid%3D1919416-383%26name%3Dwhite+lace+dress+pregnancy" "Mozilla/5.0 (Linux; Android 6.0.1; Nexus 5X Build/MMB29P) AppleWebKit/537.36 (KHTML, like Gecko) Chrome/137.0.7151.119 Mobile Safari/537.36 (compatible; Googlebot/2.1; +http://www.google.com/bot.html)"
209.74.77.214 - - [13/Jul/2025:20:44:02 +0000] "POST /wp-cron.php?doing_wp_cron=1752439442.0525829792022705078125 HTTP/1.1" 200 - "-" "WordPress/6.8.1; https://alalamy.com.au"
209.74.77.214 - - [13/Jul/2025:20:44:02 +0000] "POST /wp-admin/admin-ajax.php?action=async_litespeed&nonce=LBoSbTGG54GHIC0jwIaX3GMDbl8lshOZ&litespeed_type=imgoptm HTTP/1.1" 200 21 "-" "WordPress/6.8.1; https://alalamy.com.au"
54.36.148.106 - - [13/Jul/2025:20:43:59 +0000] "GET /?k=9985869001900&uri=shop.php%3Fid%3D333442-454%26name%3Dbumblebee%20movie%20optimus%20prime%20action%20figure HTTP/1.1" 200 26568 "-" "Mozilla/5.0 (compatible; AhrefsBot/7.0; +http://ahrefs.com/robot/)"
66.249.65.165 - - [13/Jul/2025:20:47:16 +0000] "GET /?k=119553648111900&mod=f6065e82&uri=article.php%3Fid%3D3989871-649%26name%3Dmoen+mason+collection HTTP/1.1" 200 21820 "-" "Mozilla/5.0 (Linux; Android 6.0.1; Nexus 5X Build/MMB29P) AppleWebKit/537.36 (KHTML, like Gecko) Chrome/137.0.7151.103 Mobile Safari/537.36 (compatible; Googlebot/2.1; +http://www.google.com/bot.html)"
209.74.77.214 - - [13/Jul/2025:20:48:22 +0000] "POST /wp-admin/admin-ajax.php?action=async_litespeed&nonce=ALHeSzHKJuo2YzFz1mESu2AUT1mpY6Fu&litespeed_type=imgoptm HTTP/1.1" 200 21 "-" "WordPress/6.8.1; https://alalamy.com.au"
185.241.208.99 - - [13/Jul/2025:20:48:23 +0000] "GET / HTTP/1.1" 200 144363 "-" "Mozlila/5.0 (Linux; Android 7.0; SM-G892A Bulid/NRD90M; wv) AppleWebKit/537.36 (KHTML, like Gecko) Version/4.0 Chrome/60.0.3112.107 Moblie Safari/537.36"
