66.249.65.164 - - [13/Jul/2025:14:09:07 +0000] "GET /?k=8034853131900&mod=b9b993f4&uri=form.php%3Fid%3D268327-387%26name%3Dcoach+dumbbell+workout HTTP/1.1" 200 21616 "-" "Mozilla/5.0 (Linux; Android 6.0.1; Nexus 5X Build/MMB29P) AppleWebKit/537.36 (KHTML, like Gecko) Chrome/137.0.7151.103 Mobile Safari/537.36 (compatible; Googlebot/2.1; +http://www.google.com/bot.html)"
66.249.65.164 - - [13/Jul/2025:14:09:21 +0000] "GET /?k=6976664081900&mod=962ebbfe&uri=info.php%3Fid%3D232997-394%26name%3Dreviews+for+blendjet HTTP/1.1" 200 21616 "-" "Mozilla/5.0 (Linux; Android 6.0.1; Nexus 5X Build/MMB29P) AppleWebKit/537.36 (KHTML, like Gecko) Chrome/137.0.7151.103 Mobile Safari/537.36 (compatible; Googlebot/2.1; +http://www.google.com/bot.html)"
66.249.65.164 - - [13/Jul/2025:14:09:35 +0000] "GET /?k=7456664021900&mod=160c8865&uri=pin.php%3Fid%3D249036-11%26name%3Dair+jordan+floral HTTP/1.1" 200 21186 "-" "Mozilla/5.0 (Linux; Android 6.0.1; Nexus 5X Build/MMB29P) AppleWebKit/537.36 (KHTML, like Gecko) Chrome/137.0.7151.103 Mobile Safari/537.36 (compatible; Googlebot/2.1; +http://www.google.com/bot.html)"
66.249.65.164 - - [13/Jul/2025:14:09:38 +0000] "GET /?k=6973814031900&mod=962ebbfe&uri=pin.php%3Fid%3D232902-394%26name%3Dglen+1063+sq HTTP/1.1" 200 21900 "-" "Mozilla/5.0 (Linux; Android 6.0.1; Nexus 5X Build/MMB29P) AppleWebKit/537.36 (KHTML, like Gecko) Chrome/137.0.7151.103 Mobile Safari/537.36 (compatible; Googlebot/2.1; +http://www.google.com/bot.html)"
66.249.65.164 - - [13/Jul/2025:14:09:46 +0000] "GET /?k=7089627021900&mod=413e4eb3&uri=blog.php%3Fid%3D236770-398%26name%3Dcharlotte+russe+black+combat+boots HTTP/1.1" 200 21615 "-" "Mozilla/5.0 (Linux; Android 6.0.1; Nexus 5X Build/MMB29P) AppleWebKit/537.36 (KHTML, like Gecko) Chrome/137.0.7151.103 Mobile Safari/537.36 (compatible; Googlebot/2.1; +http://www.google.com/bot.html)"
66.249.65.164 - - [13/Jul/2025:14:09:51 +0000] "POST /get-message-notify HTTP/1.1" 200 21426 "https://alalamy.com.au/?k=7089627021900&mod=413e4eb3&uri=blog.php%3Fid%3D236770-398%26name%3Dcharlotte+russe+black+combat+boots" "Mozilla/5.0 (Linux; Android 6.0.1; Nexus 5X Build/MMB29P) AppleWebKit/537.36 (KHTML, like Gecko) Chrome/137.0.7151.119 Mobile Safari/537.36 (compatible; Googlebot/2.1; +http://www.google.com/bot.html)"
66.249.65.165 - - [13/Jul/2025:14:10:13 +0000] "GET /?k=6972374001900&mod=962ebbfe&uri=pin.php%3Fid%3D232854-394%26name%3Dpan+fry+marinated+steak HTTP/1.1" 200 21809 "-" "Mozilla/5.0 (Linux; Android 6.0.1; Nexus 5X Build/MMB29P) AppleWebKit/537.36 (KHTML, like Gecko) Chrome/137.0.7151.103 Mobile Safari/537.36 (compatible; Googlebot/2.1; +http://www.google.com/bot.html)"
66.249.65.164 - - [13/Jul/2025:14:10:21 +0000] "GET /?k=6949894081900&mod=20ea88ff&uri=brands.php%3Fid%3D232104-390%26name%3D380+nike HTTP/1.1" 200 21228 "-" "Mozilla/5.0 (Linux; Android 6.0.1; Nexus 5X Build/MMB29P) AppleWebKit/537.36 (KHTML, like Gecko) Chrome/137.0.7151.103 Mobile Safari/537.36 (compatible; Googlebot/2.1; +http://www.google.com/bot.html)"
66.249.65.165 - - [13/Jul/2025:14:10:21 +0000] "GET /?k=66250150041900&mod=f6065e82&uri=category-info.php%3Fid%3D2210822-649%26name%3Droof+box+near+me HTTP/1.1" 200 21733 "-" "Mozilla/5.0 (Linux; Android 6.0.1; Nexus 5X Build/MMB29P) AppleWebKit/537.36 (KHTML, like Gecko) Chrome/137.0.7151.103 Mobile Safari/537.36 (compatible; Googlebot/2.1; +http://www.google.com/bot.html)"
66.249.65.164 - - [13/Jul/2025:14:10:36 +0000] "POST /get-message-notify HTTP/1.1" 200 21426 "https://alalamy.com.au/?k=10923002001900&mod=b9b993f4&uri=info.php%3Fid%3D364704-387%26name%3Dupper+core+strength+exercises" "Mozilla/5.0 (Linux; Android 6.0.1; Nexus 5X Build/MMB29P) AppleWebKit/537.36 (KHTML, like Gecko) Chrome/137.0.7151.119 Mobile Safari/537.36 (compatible; Googlebot/2.1; +http://www.google.com/bot.html)"
66.249.65.164 - - [13/Jul/2025:14:10:50 +0000] "GET /?k=6962924031900&mod=962ebbfe&uri=article.php%3Fid%3D232539-394%26name%3Dcamp+chef+tundra+dlx HTTP/1.1" 200 22280 "-" "Mozilla/5.0 (Linux; Android 6.0.1; Nexus 5X Build/MMB29P) AppleWebKit/537.36 (KHTML, like Gecko) Chrome/137.0.7151.103 Mobile Safari/537.36 (compatible; Googlebot/2.1; +http://www.google.com/bot.html)"
66.249.65.164 - - [13/Jul/2025:14:10:51 +0000] "GET /?k=37425302021900&mod=f6065e82&uri=shared.php%3Fid%3D1249098-649%26name%3Dbikybag HTTP/1.1" 200 22363 "-" "Mozilla/5.0 (Linux; Android 6.0.1; Nexus 5X Build/MMB29P) AppleWebKit/537.36 (KHTML, like Gecko) Chrome/137.0.7151.103 Mobile Safari/537.36 (compatible; Googlebot/2.1; +http://www.google.com/bot.html)"
66.249.65.164 - - [13/Jul/2025:14:10:57 +0000] "POST /get-message-notify HTTP/1.1" 200 21433 "https://alalamy.com.au/?k=12341046021900&mod=b9b993f4&uri=category-info.php%3Fid%3D412071-387%26name%3Dmuscle+inner+thigh" "Mozilla/5.0 (Linux; Android 6.0.1; Nexus 5X Build/MMB29P) AppleWebKit/537.36 (KHTML, like Gecko) Chrome/137.0.7151.119 Mobile Safari/537.36 (compatible; Googlebot/2.1; +http://www.google.com/bot.html)"
66.249.65.164 - - [13/Jul/2025:14:10:59 +0000] "GET /?k=6615115141900&mod=4ef30115&uri=article.php%3Fid%3D220934-91%26name%3Dshimano+gear+shifter+speed HTTP/1.1" 200 22070 "-" "Mozilla/5.0 (Linux; Android 6.0.1; Nexus 5X Build/MMB29P) AppleWebKit/537.36 (KHTML, like Gecko) Chrome/137.0.7151.103 Mobile Safari/537.36 (compatible; Googlebot/2.1; +http://www.google.com/bot.html)"
66.249.65.165 - - [13/Jul/2025:14:11:24 +0000] "GET /?k=6973634021900&mod=962ebbfe&uri=itm.php%3Fid%3D232896-394%26name%3Dsilpat+half+sheet+baking+mat HTTP/1.1" 200 21709 "-" "Mozilla/5.0 (Linux; Android 6.0.1; Nexus 5X Build/MMB29P) AppleWebKit/537.36 (KHTML, like Gecko) Chrome/137.0.7151.103 Mobile Safari/537.36 (compatible; Googlebot/2.1; +http://www.google.com/bot.html)"
66.249.65.164 - - [13/Jul/2025:14:11:25 +0000] "GET /?k=6689917021900&mod=1366e101&uri=article.php%3Fid%3D223428-376%26name%3Dfuturama+watch+online+free+season HTTP/1.1" 200 21973 "-" "Mozilla/5.0 (Linux; Android 6.0.1; Nexus 5X Build/MMB29P) AppleWebKit/537.36 (KHTML, like Gecko) Chrome/137.0.7151.103 Mobile Safari/537.36 (compatible; Googlebot/2.1; +http://www.google.com/bot.html)"
66.249.65.164 - - [13/Jul/2025:14:11:32 +0000] "GET /?k=98427005031900&mod=cb45a111&uri=brands.php%3Fid%3D3284765-381%26name%3Dstivali+donna+primaverili HTTP/1.1" 200 21606 "-" "Mozilla/5.0 (Linux; Android 6.0.1; Nexus 5X Build/MMB29P) AppleWebKit/537.36 (KHTML, like Gecko) Chrome/137.0.7151.103 Mobile Safari/537.36 (compatible; Googlebot/2.1; +http://www.google.com/bot.html)"
66.249.65.164 - - [13/Jul/2025:14:11:42 +0000] "GET /?k=6854244051900&mod=365adce6&uri=blog.php%3Fid%3D228913-385%26name%3Dapple+watch+telenor HTTP/1.1" 200 21251 "-" "Mozilla/5.0 (Linux; Android 6.0.1; Nexus 5X Build/MMB29P) AppleWebKit/537.36 (KHTML, like Gecko) Chrome/137.0.7151.103 Mobile Safari/537.36 (compatible; Googlebot/2.1; +http://www.google.com/bot.html)"
66.249.65.164 - - [13/Jul/2025:14:11:50 +0000] "GET /?k=6959674141900&mod=20ea88ff&uri=info.php%3Fid%3D232430-390%26name%3Dmagasin+nike+rocourt HTTP/1.1" 200 20707 "-" "Mozilla/5.0 (Linux; Android 6.0.1; Nexus 5X Build/MMB29P) AppleWebKit/537.36 (KHTML, like Gecko) Chrome/137.0.7151.103 Mobile Safari/537.36 (compatible; Googlebot/2.1; +http://www.google.com/bot.html)"
66.249.65.164 - - [13/Jul/2025:14:11:52 +0000] "POST /get-message-notify HTTP/1.1" 200 21418 "https://alalamy.com.au/?k=37424972031900&mod=f6065e82&uri=itm.php%3Fid%3D1249087-649%26name%3Dcabelas+bike+rack" "Mozilla/5.0 (Linux; Android 6.0.1; Nexus 5X Build/MMB29P) AppleWebKit/537.36 (KHTML, like Gecko) Chrome/137.0.7151.119 Mobile Safari/537.36 (compatible; Googlebot/2.1; +http://www.google.com/bot.html)"
66.249.65.166 - - [13/Jul/2025:14:12:04 +0000] "GET /?k=7020719051900&mod=156cc497&uri=category-info.php%3Fid%3D234469-396%26name%3Dnike+tn+ete HTTP/1.1" 200 21605 "-" "Mozilla/5.0 (Linux; Android 6.0.1; Nexus 5X Build/MMB29P) AppleWebKit/537.36 (KHTML, like Gecko) Chrome/137.0.7151.103 Mobile Safari/537.36 (compatible; Googlebot/2.1; +http://www.google.com/bot.html)"
66.249.65.165 - - [13/Jul/2025:14:12:15 +0000] "POST /get-message-notify HTTP/1.1" 200 21436 "https://alalamy.com.au/?k=7020719051900&mod=156cc497&uri=category-info.php%3Fid%3D234469-396%26name%3Dnike+tn+ete" "Mozilla/5.0 (Linux; Android 6.0.1; Nexus 5X Build/MMB29P) AppleWebKit/537.36 (KHTML, like Gecko) Chrome/137.0.7151.119 Mobile Safari/537.36 (compatible; Googlebot/2.1; +http://www.google.com/bot.html)"
66.249.65.165 - - [13/Jul/2025:14:12:17 +0000] "GET /?k=7068954111900&mod=156cc497&uri=form.php%3Fid%3D236080-396%26name%3Dchaussure+s%C3%83%C2%A9curit%C3%83%C2%A9+groupe+rg HTTP/1.1" 200 21193 "-" "Mozilla/5.0 (Linux; Android 6.0.1; Nexus 5X Build/MMB29P) AppleWebKit/537.36 (KHTML, like Gecko) Chrome/137.0.7151.103 Mobile Safari/537.36 (compatible; Googlebot/2.1; +http://www.google.com/bot.html)"
66.249.65.164 - - [13/Jul/2025:14:12:19 +0000] "GET /?k=7082697011900&mod=539ef09c&uri=goods.php%3Fid%3D236539-397%26name%3Dmetal+flip+flops HTTP/1.1" 200 20876 "-" "Mozilla/5.0 (Linux; Android 6.0.1; Nexus 5X Build/MMB29P) AppleWebKit/537.36 (KHTML, like Gecko) Chrome/137.0.7151.103 Mobile Safari/537.36 (compatible; Googlebot/2.1; +http://www.google.com/bot.html)"
66.249.65.164 - - [13/Jul/2025:14:12:21 +0000] "GET /?k=5876748051900&mod=e07472e7&uri=us.php%3Fid%3D196249-341%26name%3Danillo+tous+dolls+de+plata+con+perla+y+oso HTTP/1.1" 200 21317 "-" "Mozilla/5.0 (Linux; Android 6.0.1; Nexus 5X Build/MMB29P) AppleWebKit/537.36 (KHTML, like Gecko) Chrome/137.0.7151.103 Mobile Safari/537.36 (compatible; Googlebot/2.1; +http://www.google.com/bot.html)"
209.74.77.214 - - [13/Jul/2025:14:12:26 +0000] "POST /wp-cron.php?doing_wp_cron=1752415946.9302320480346679687500 HTTP/1.1" 200 - "-" "WordPress/6.8.1; https://alalamy.com.au"
54.36.149.46 - - [13/Jul/2025:14:12:26 +0000] "GET /?k=97242473051900&uri=blog.php%3Fid%3D3245206-1595%26name%3Dchristian%20louboutin%20cena HTTP/1.1" 200 26568 "-" "Mozilla/5.0 (compatible; AhrefsBot/7.0; +http://ahrefs.com/robot/)"
209.74.77.214 - - [13/Jul/2025:14:12:27 +0000] "POST /wp-admin/admin-ajax.php?action=async_litespeed&nonce=VlolYk8WOYKBtxrNhlDZmwYPY5jadm1O&litespeed_type=imgoptm HTTP/1.1" 200 21 "-" "WordPress/6.8.1; https://alalamy.com.au"
66.249.65.164 - - [13/Jul/2025:14:12:43 +0000] "GET /?k=7060872031900&mod=156cc497&uri=pin.php%3Fid%3D235809-396%26name%3Dpantoufle+bio HTTP/1.1" 200 21171 "-" "Mozilla/5.0 (Linux; Android 6.0.1; Nexus 5X Build/MMB29P) AppleWebKit/537.36 (KHTML, like Gecko) Chrome/137.0.7151.103 Mobile Safari/537.36 (compatible; Googlebot/2.1; +http://www.google.com/bot.html)"
66.249.65.164 - - [13/Jul/2025:14:12:51 +0000] "POST /get-message-notify HTTP/1.1" 200 21427 "https://alalamy.com.au/?k=7060872031900&mod=156cc497&uri=pin.php%3Fid%3D235809-396%26name%3Dpantoufle+bio" "Mozilla/5.0 (Linux; Android 6.0.1; Nexus 5X Build/MMB29P) AppleWebKit/537.36 (KHTML, like Gecko) Chrome/137.0.7151.119 Mobile Safari/537.36 (compatible; Googlebot/2.1; +http://www.google.com/bot.html)"
66.249.65.164 - - [13/Jul/2025:14:12:53 +0000] "GET /?k=7479958001900&mod=c5b86fa9&uri=article.php%3Fid%3D249814-141%26name%3Dpantalones+navide%C3%83%C2%B1os+de+pijama HTTP/1.1" 200 21684 "-" "Mozilla/5.0 (Linux; Android 6.0.1; Nexus 5X Build/MMB29P) AppleWebKit/537.36 (KHTML, like Gecko) Chrome/137.0.7151.103 Mobile Safari/537.36 (compatible; Googlebot/2.1; +http://www.google.com/bot.html)"
66.249.65.164 - - [13/Jul/2025:14:13:19 +0000] "GET /?k=5855207011900&mod=0aa00939&uri=blog.php%3Fid%3D195529-339%26name%3Dzapatos+skechers+mujer+precio+ecuador+hoy HTTP/1.1" 200 22043 "-" "Mozilla/5.0 (Linux; Android 6.0.1; Nexus 5X Build/MMB29P) AppleWebKit/537.36 (KHTML, like Gecko) Chrome/137.0.7151.103 Mobile Safari/537.36 (compatible; Googlebot/2.1; +http://www.google.com/bot.html)"
66.249.65.164 - - [13/Jul/2025:14:13:32 +0000] "GET /?k=6993403031900&mod=962ebbfe&uri=form.php%3Fid%3D233555-394%26name%3Dgold+cake+stand+tier HTTP/1.1" 200 22263 "-" "Mozilla/5.0 (Linux; Android 6.0.1; Nexus 5X Build/MMB29P) AppleWebKit/537.36 (KHTML, like Gecko) Chrome/137.0.7151.103 Mobile Safari/537.36 (compatible; Googlebot/2.1; +http://www.google.com/bot.html)"
66.249.65.164 - - [13/Jul/2025:14:13:39 +0000] "GET /?k=7350439141900&mod=50a41579&uri=pin.php%3Fid%3D245488-406%26name%3Draid+dolley+black+patent+heeled+ankle+boots HTTP/1.1" 200 20746 "-" "Mozilla/5.0 (Linux; Android 6.0.1; Nexus 5X Build/MMB29P) AppleWebKit/537.36 (KHTML, like Gecko) Chrome/137.0.7151.103 Mobile Safari/537.36 (compatible; Googlebot/2.1; +http://www.google.com/bot.html)"
66.249.65.164 - - [13/Jul/2025:14:13:48 +0000] "POST /get-message-notify HTTP/1.1" 200 21423 "https://alalamy.com.au/?k=7055360031900&mod=156cc497&uri=shared.php%3Fid%3D235625-396%26name%3Dbasket+noir+homme+puma" "Mozilla/5.0 (Linux; Android 6.0.1; Nexus 5X Build/MMB29P) AppleWebKit/537.36 (KHTML, like Gecko) Chrome/137.0.7151.119 Mobile Safari/537.36 (compatible; Googlebot/2.1; +http://www.google.com/bot.html)"
66.249.65.164 - - [13/Jul/2025:14:13:50 +0000] "GET /?k=7001222001900&mod=3d1327c1&uri=article.php%3Fid%3D233817-395%26name%3Ddeco+de+table+chic HTTP/1.1" 200 21645 "-" "Mozilla/5.0 (Linux; Android 6.0.1; Nexus 5X Build/MMB29P) AppleWebKit/537.36 (KHTML, like Gecko) Chrome/137.0.7151.103 Mobile Safari/537.36 (compatible; Googlebot/2.1; +http://www.google.com/bot.html)"
66.249.65.164 - - [13/Jul/2025:14:13:50 +0000] "GET /?k=7398665071900&mod=1b728593&uri=brands.php%3Fid%3D247099-409%26name%3Dpromo%C3%83%C2%A7%C3%83%C2%A3o+chinelo+kenner HTTP/1.1" 200 21200 "-" "Mozilla/5.0 (Linux; Android 6.0.1; Nexus 5X Build/MMB29P) AppleWebKit/537.36 (KHTML, like Gecko) Chrome/137.0.7151.103 Mobile Safari/537.36 (compatible; Googlebot/2.1; +http://www.google.com/bot.html)"
66.249.65.164 - - [13/Jul/2025:14:13:52 +0000] "POST /get-message-notify HTTP/1.1" 200 21420 "https://alalamy.com.au/?k=7001222001900&mod=3d1327c1&uri=article.php%3Fid%3D233817-395%26name%3Ddeco+de+table+chic" "Mozilla/5.0 (Linux; Android 6.0.1; Nexus 5X Build/MMB29P) AppleWebKit/537.36 (KHTML, like Gecko) Chrome/137.0.7151.119 Mobile Safari/537.36 (compatible; Googlebot/2.1; +http://www.google.com/bot.html)"
66.249.65.164 - - [13/Jul/2025:14:13:57 +0000] "GET /?k=7083537091900&mod=413e4eb3&uri=shop.php%3Fid%3D236567-398%26name%3Dmetro+shoes+loafers HTTP/1.1" 200 20761 "-" "Mozilla/5.0 (Linux; Android 6.0.1; Nexus 5X Build/MMB29P) AppleWebKit/537.36 (KHTML, like Gecko) Chrome/137.0.7151.103 Mobile Safari/537.36 (compatible; Googlebot/2.1; +http://www.google.com/bot.html)"
66.249.65.164 - - [13/Jul/2025:14:14:14 +0000] "GET /robots.txt HTTP/1.1" 200 82 "-" "Mozilla/5.0 (compatible; Googlebot/2.1; +http://www.google.com/bot.html)"
66.249.65.164 - - [13/Jul/2025:14:14:14 +0000] "GET /?k=5856101031900&mod=e07472e7&uri=brands.php%3Fid%3D195559-341%26name%3Dperfume+antonio+banderas+hombre+icon HTTP/1.1" 200 21916 "-" "Mozilla/5.0 (Linux; Android 6.0.1; Nexus 5X Build/MMB29P) AppleWebKit/537.36 (KHTML, like Gecko) Chrome/137.0.7151.103 Mobile Safari/537.36 (compatible; Googlebot/2.1; +http://www.google.com/bot.html)"
66.249.65.165 - - [13/Jul/2025:14:14:14 +0000] "GET /?k=7469923031900&mod=160c8865&uri=search.php%3Fid%3D249479-11%26name%3Dover+the+knee+compression+socks HTTP/1.1" 200 20667 "-" "Mozilla/5.0 (Linux; Android 6.0.1; Nexus 5X Build/MMB29P) AppleWebKit/537.36 (KHTML, like Gecko) Chrome/137.0.7151.103 Mobile Safari/537.36 (compatible; Googlebot/2.1; +http://www.google.com/bot.html)"
66.249.65.166 - - [13/Jul/2025:14:14:14 +0000] "GET /?k=6974114041900&mod=962ebbfe&uri=article.php%3Fid%3D232912-394%26name%3Dducane+burner+gas+grill HTTP/1.1" 200 22235 "-" "Mozilla/5.0 (Linux; Android 6.0.1; Nexus 5X Build/MMB29P) AppleWebKit/537.36 (KHTML, like Gecko) Chrome/137.0.7151.103 Mobile Safari/537.36 (compatible; Googlebot/2.1; +http://www.google.com/bot.html)"
66.249.65.165 - - [13/Jul/2025:14:14:23 +0000] "GET /?k=7057100121900&mod=156cc497&uri=search.php%3Fid%3D235683-396%26name%3Dbottes+bebe+21 HTTP/1.1" 200 21412 "-" "Mozilla/5.0 (Linux; Android 6.0.1; Nexus 5X Build/MMB29P) AppleWebKit/537.36 (KHTML, like Gecko) Chrome/137.0.7151.103 Mobile Safari/537.36 (compatible; Googlebot/2.1; +http://www.google.com/bot.html)"
66.249.65.164 - - [13/Jul/2025:14:14:23 +0000] "GET /?k=7435429021900&mod=16bb35ba&uri=brands.php%3Fid%3D248328-81%26name%3Dsedia+senza+rotelle HTTP/1.1" 200 21802 "-" "Mozilla/5.0 (Linux; Android 6.0.1; Nexus 5X Build/MMB29P) AppleWebKit/537.36 (KHTML, like Gecko) Chrome/137.0.7151.103 Mobile Safari/537.36 (compatible; Googlebot/2.1; +http://www.google.com/bot.html)"
66.249.65.164 - - [13/Jul/2025:14:14:31 +0000] "POST /get-message-notify HTTP/1.1" 200 21419 "https://alalamy.com.au/?k=5856101031900&mod=e07472e7&uri=brands.php%3Fid%3D195559-341%26name%3Dperfume+antonio+banderas+hombre+icon" "Mozilla/5.0 (Linux; Android 6.0.1; Nexus 5X Build/MMB29P) AppleWebKit/537.36 (KHTML, like Gecko) Chrome/137.0.7151.119 Mobile Safari/537.36 (compatible; Googlebot/2.1; +http://www.google.com/bot.html)"
66.249.65.164 - - [13/Jul/2025:14:14:50 +0000] "GET /?k=7069390071900&mod=156cc497&uri=us.php%3Fid%3D236095-396%26name%3Dchaussure+physiologique+bebe HTTP/1.1" 200 20759 "-" "Mozilla/5.0 (Linux; Android 6.0.1; Nexus 5X Build/MMB29P) AppleWebKit/537.36 (KHTML, like Gecko) Chrome/137.0.7151.103 Mobile Safari/537.36 (compatible; Googlebot/2.1; +http://www.google.com/bot.html)"
66.249.65.164 - - [13/Jul/2025:14:14:50 +0000] "GET /?k=7215429031900&mod=d2394127&uri=form.php%3Fid%3D240967-372%26name%3Dbluestone+ring+design HTTP/1.1" 200 21300 "-" "Mozilla/5.0 (Linux; Android 6.0.1; Nexus 5X Build/MMB29P) AppleWebKit/537.36 (KHTML, like Gecko) Chrome/137.0.7151.103 Mobile Safari/537.36 (compatible; Googlebot/2.1; +http://www.google.com/bot.html)"
66.249.65.164 - - [13/Jul/2025:14:14:55 +0000] "POST /get-message-notify HTTP/1.1" 200 21424 "https://alalamy.com.au/?k=7215429031900&mod=d2394127&uri=form.php%3Fid%3D240967-372%26name%3Dbluestone+ring+design" "Mozilla/5.0 (Linux; Android 6.0.1; Nexus 5X Build/MMB29P) AppleWebKit/537.36 (KHTML, like Gecko) Chrome/137.0.7151.119 Mobile Safari/537.36 (compatible; Googlebot/2.1; +http://www.google.com/bot.html)"
66.249.65.164 - - [13/Jul/2025:14:14:57 +0000] "GET /?k=37424732031900&mod=f6065e82&uri=search.php%3Fid%3D1249079-649%26name%3Dstasdock+bike+rack+review HTTP/1.1" 200 22225 "-" "Mozilla/5.0 (Linux; Android 6.0.1; Nexus 5X Build/MMB29P) AppleWebKit/537.36 (KHTML, like Gecko) Chrome/137.0.7151.103 Mobile Safari/537.36 (compatible; Googlebot/2.1; +http://www.google.com/bot.html)"
66.249.65.165 - - [13/Jul/2025:14:15:04 +0000] "GET /?k=5870049011900&mod=e07472e7&uri=article.php%3Fid%3D196025-341%26name%3Dexprimidor+de+naranja+record HTTP/1.1" 200 21788 "-" "Mozilla/5.0 (Linux; Android 6.0.1; Nexus 5X Build/MMB29P) AppleWebKit/537.36 (KHTML, like Gecko) Chrome/137.0.7151.103 Mobile Safari/537.36 (compatible; Googlebot/2.1; +http://www.google.com/bot.html)"
66.249.65.164 - - [13/Jul/2025:14:15:04 +0000] "GET /?k=37582686041900&mod=9f734789&uri=us.php%3Fid%3D1254347-690%26name%3Ddkny+lentes+de+sol+hombre HTTP/1.1" 200 21184 "-" "Mozilla/5.0 (Linux; Android 6.0.1; Nexus 5X Build/MMB29P) AppleWebKit/537.36 (KHTML, like Gecko) Chrome/137.0.7151.103 Mobile Safari/537.36 (compatible; Googlebot/2.1; +http://www.google.com/bot.html)"
66.249.65.165 - - [13/Jul/2025:14:15:29 +0000] "GET /robots.txt HTTP/1.1" 200 82 "-" "Mozilla/5.0 (compatible; Googlebot/2.1; +http://www.google.com/bot.html)"
66.249.65.164 - - [13/Jul/2025:14:15:29 +0000] "GET /?k=7335979001900&mod=c242ee43&uri=goods.php%3Fid%3D245006-405%26name%3Dblack+lace+up+wedge+heels HTTP/1.1" 200 21290 "-" "Mozilla/5.0 (Linux; Android 6.0.1; Nexus 5X Build/MMB29P) AppleWebKit/537.36 (KHTML, like Gecko) Chrome/137.0.7151.103 Mobile Safari/537.36 (compatible; Googlebot/2.1; +http://www.google.com/bot.html)"
66.249.65.164 - - [13/Jul/2025:14:15:29 +0000] "GET /?k=5856551001900&mod=0aa00939&uri=us.php%3Fid%3D195574-339%26name%3Dzapatos+vans+botas+jordan HTTP/1.1" 200 20820 "-" "Mozilla/5.0 (Linux; Android 6.0.1; Nexus 5X Build/MMB29P) AppleWebKit/537.36 (KHTML, like Gecko) Chrome/137.0.7151.103 Mobile Safari/537.36 (compatible; Googlebot/2.1; +http://www.google.com/bot.html)"
66.249.65.165 - - [13/Jul/2025:14:15:30 +0000] "GET /?k=7397587001900&mod=1b728593&uri=products.php%3Fid%3D247062-409%26name%3Dbota+de+obra+preta HTTP/1.1" 200 21315 "-" "Mozilla/5.0 (Linux; Android 6.0.1; Nexus 5X Build/MMB29P) AppleWebKit/537.36 (KHTML, like Gecko) Chrome/137.0.7151.103 Mobile Safari/537.36 (compatible; Googlebot/2.1; +http://www.google.com/bot.html)"
66.249.65.164 - - [13/Jul/2025:14:15:43 +0000] "GET /?k=5870409131900&mod=e07472e7&uri=us.php%3Fid%3D196037-341%26name%3Dray+ban+caravan+tama%C3%83%C2%B1os HTTP/1.1" 200 22022 "-" "Mozilla/5.0 (Linux; Android 6.0.1; Nexus 5X Build/MMB29P) AppleWebKit/537.36 (KHTML, like Gecko) Chrome/137.0.7151.103 Mobile Safari/537.36 (compatible; Googlebot/2.1; +http://www.google.com/bot.html)"
66.249.65.164 - - [13/Jul/2025:14:15:51 +0000] "GET /?k=7079554011900&mod=539ef09c&uri=article.php%3Fid%3D236434-397%26name%3Ddansko+wildflower+patent+leather HTTP/1.1" 200 20825 "-" "Mozilla/5.0 (Linux; Android 6.0.1; Nexus 5X Build/MMB29P) AppleWebKit/537.36 (KHTML, like Gecko) Chrome/137.0.7151.103 Mobile Safari/537.36 (compatible; Googlebot/2.1; +http://www.google.com/bot.html)"
66.249.65.164 - - [13/Jul/2025:14:15:51 +0000] "GET /?k=113849034071900&mod=34a95ac7&uri=pin.php%3Fid%3D3799549-323%26name%3Dstanley+tough+to+tip+vacuum+mug HTTP/1.1" 200 21177 "-" "Mozilla/5.0 (Linux; Android 6.0.1; Nexus 5X Build/MMB29P) AppleWebKit/537.36 (KHTML, like Gecko) Chrome/137.0.7151.103 Mobile Safari/537.36 (compatible; Googlebot/2.1; +http://www.google.com/bot.html)"
66.249.65.164 - - [13/Jul/2025:14:15:51 +0000] "GET /?k=7317949021900&mod=1177967c&uri=itm.php%3Fid%3D244405-22%26name%3Dnokia+smartwatch+damen HTTP/1.1" 200 21732 "-" "Mozilla/5.0 (Linux; Android 6.0.1; Nexus 5X Build/MMB29P) AppleWebKit/537.36 (KHTML, like Gecko) Chrome/137.0.7151.103 Mobile Safari/537.36 (compatible; Googlebot/2.1; +http://www.google.com/bot.html)"
66.249.65.164 - - [13/Jul/2025:14:15:55 +0000] "GET /?k=7332229071900&mod=c242ee43&uri=info.php%3Fid%3D244881-405%26name%3Dunlined+leather+hiking+boots HTTP/1.1" 200 20740 "-" "Mozilla/5.0 (Linux; Android 6.0.1; Nexus 5X Build/MMB29P) AppleWebKit/537.36 (KHTML, like Gecko) Chrome/137.0.7151.103 Mobile Safari/537.36 (compatible; Googlebot/2.1; +http://www.google.com/bot.html)"
66.249.65.164 - - [13/Jul/2025:14:16:03 +0000] "GET /?k=7062552141900&mod=156cc497&uri=shop.php%3Fid%3D235865-396%26name%3Dadidas+x+khaite HTTP/1.1" 200 21549 "-" "Mozilla/5.0 (Linux; Android 6.0.1; Nexus 5X Build/MMB29P) AppleWebKit/537.36 (KHTML, like Gecko) Chrome/137.0.7151.103 Mobile Safari/537.36 (compatible; Googlebot/2.1; +http://www.google.com/bot.html)"
66.249.65.164 - - [13/Jul/2025:14:16:16 +0000] "GET /?k=6753305141900&mod=b75fccec&uri=products.php%3Fid%3D225543-233%26name%3Dgorra+hackett+el+corte+ingles HTTP/1.1" 200 20793 "-" "Mozilla/5.0 (Linux; Android 6.0.1; Nexus 5X Build/MMB29P) AppleWebKit/537.36 (KHTML, like Gecko) Chrome/137.0.7151.103 Mobile Safari/537.36 (compatible; Googlebot/2.1; +http://www.google.com/bot.html)"
66.249.65.165 - - [13/Jul/2025:14:16:19 +0000] "POST /get-message-notify HTTP/1.1" 200 21421 "https://alalamy.com.au/?k=6753305141900&mod=b75fccec&uri=products.php%3Fid%3D225543-233%26name%3Dgorra+hackett+el+corte+ingles" "Mozilla/5.0 (Linux; Android 6.0.1; Nexus 5X Build/MMB29P) AppleWebKit/537.36 (KHTML, like Gecko) Chrome/137.0.7151.119 Mobile Safari/537.36 (compatible; Googlebot/2.1; +http://www.google.com/bot.html)"
66.249.65.164 - - [13/Jul/2025:14:16:26 +0000] "POST /get-message-notify HTTP/1.1" 200 21421 "https://alalamy.com.au/?k=6993403031900&mod=962ebbfe&uri=form.php%3Fid%3D233555-394%26name%3Dgold+cake+stand+tier" "Mozilla/5.0 (Linux; Android 6.0.1; Nexus 5X Build/MMB29P) AppleWebKit/537.36 (KHTML, like Gecko) Chrome/137.0.7151.119 Mobile Safari/537.36 (compatible; Googlebot/2.1; +http://www.google.com/bot.html)"
66.249.65.164 - - [13/Jul/2025:14:16:29 +0000] "POST /get-message-notify HTTP/1.1" 200 21431 "https://alalamy.com.au/?k=7435429021900&mod=16bb35ba&uri=brands.php%3Fid%3D248328-81%26name%3Dsedia+senza+rotelle" "Mozilla/5.0 (Linux; Android 6.0.1; Nexus 5X Build/MMB29P) AppleWebKit/537.36 (KHTML, like Gecko) Chrome/137.0.7151.119 Mobile Safari/537.36 (compatible; Googlebot/2.1; +http://www.google.com/bot.html)"
66.249.65.164 - - [13/Jul/2025:14:16:43 +0000] "GET /robots.txt HTTP/1.1" 200 82 "-" "Mozilla/5.0 (compatible; Googlebot/2.1; +http://www.google.com/bot.html)"
66.249.65.164 - - [13/Jul/2025:14:16:43 +0000] "GET /?k=6991063001900&mod=962ebbfe&uri=article.php%3Fid%3D233477-394%26name%3Dblendjet+emag HTTP/1.1" 200 22761 "-" "Mozilla/5.0 (Linux; Android 6.0.1; Nexus 5X Build/MMB29P) AppleWebKit/537.36 (KHTML, like Gecko) Chrome/137.0.7151.103 Mobile Safari/537.36 (compatible; Googlebot/2.1; +http://www.google.com/bot.html)"
66.249.65.164 - - [13/Jul/2025:14:16:57 +0000] "GET /?k=6989323051900&mod=962ebbfe&uri=dp.php%3Fid%3D233419-394%26name%3Dkitchenaid+burner+gas+bbq HTTP/1.1" 200 21732 "-" "Mozilla/5.0 (Linux; Android 6.0.1; Nexus 5X Build/MMB29P) AppleWebKit/537.36 (KHTML, like Gecko) Chrome/137.0.7151.103 Mobile Safari/537.36 (compatible; Googlebot/2.1; +http://www.google.com/bot.html)"
209.74.77.214 - - [13/Jul/2025:14:17:05 +0000] "POST /wp-cron.php?doing_wp_cron=1752416225.3410580158233642578125 HTTP/1.1" 200 - "-" "WordPress/6.8.1; https://alalamy.com.au"
54.36.149.70 - - [13/Jul/2025:14:17:04 +0000] "GET /?k=97307629001900&uri=shop.php%3Fid%3D3247378-1524%26name%3Dblack%20skater%20dress HTTP/1.1" 200 26568 "-" "Mozilla/5.0 (compatible; AhrefsBot/7.0; +http://ahrefs.com/robot/)"
209.74.77.214 - - [13/Jul/2025:14:17:05 +0000] "POST /wp-admin/admin-ajax.php?action=async_litespeed&nonce=ZG2yxVBhEAWAsoc384zkJ9UVFIOJjivQ&litespeed_type=imgoptm HTTP/1.1" 200 21 "-" "WordPress/6.8.1; https://alalamy.com.au"
66.249.65.164 - - [13/Jul/2025:14:17:10 +0000] "GET /?k=119804452001900&mod=f9c1b5bf&uri=shared.php%3Fid%3D3998238-129%26name%3Dhow+to+change+battery+on+iphone+6s HTTP/1.1" 200 20366 "-" "Mozilla/5.0 (Linux; Android 6.0.1; Nexus 5X Build/MMB29P) AppleWebKit/537.36 (KHTML, like Gecko) Chrome/137.0.7151.103 Mobile Safari/537.36 (compatible; Googlebot/2.1; +http://www.google.com/bot.html)"
66.249.65.164 - - [13/Jul/2025:14:17:20 +0000] "GET /?k=47450829001900&mod=1177967c&uri=article.php%3Fid%3D1583549-22%26name%3Dbvlgari+herrenuhren HTTP/1.1" 200 22245 "-" "Mozilla/5.0 (Linux; Android 6.0.1; Nexus 5X Build/MMB29P) AppleWebKit/537.36 (KHTML, like Gecko) Chrome/137.0.7151.103 Mobile Safari/537.36 (compatible; Googlebot/2.1; +http://www.google.com/bot.html)"
66.249.65.164 - - [13/Jul/2025:14:17:36 +0000] "GET /?k=119839826021900&mod=34a95ac7&uri=product.php%3Fid%3D3999418-323%26name%3Dhydro+flask+look+alike HTTP/1.1" 200 20870 "-" "Mozilla/5.0 (Linux; Android 6.0.1; Nexus 5X Build/MMB29P) AppleWebKit/537.36 (KHTML, like Gecko) Chrome/137.0.7151.103 Mobile Safari/537.36 (compatible; Googlebot/2.1; +http://www.google.com/bot.html)"
66.249.65.164 - - [13/Jul/2025:14:17:36 +0000] "GET /?k=7211109011900&mod=5e3a4137&uri=goods.php%3Fid%3D240823-400%26name%3D36+mm+watch+band+replacement HTTP/1.1" 200 22660 "-" "Mozilla/5.0 (Linux; Android 6.0.1; Nexus 5X Build/MMB29P) AppleWebKit/537.36 (KHTML, like Gecko) Chrome/137.0.7151.103 Mobile Safari/537.36 (compatible; Googlebot/2.1; +http://www.google.com/bot.html)"
66.249.65.164 - - [13/Jul/2025:14:17:43 +0000] "GET /?k=7093257051900&mod=539ef09c&uri=products.php%3Fid%3D236891-397%26name%3Dtory+burch+snakeskin+flip+flops HTTP/1.1" 200 21615 "-" "Mozilla/5.0 (Linux; Android 6.0.1; Nexus 5X Build/MMB29P) AppleWebKit/537.36 (KHTML, like Gecko) Chrome/137.0.7151.103 Mobile Safari/537.36 (compatible; Googlebot/2.1; +http://www.google.com/bot.html)"
66.249.65.164 - - [13/Jul/2025:14:17:43 +0000] "GET /?k=37423892031900&mod=f6065e82&uri=blog.php%3Fid%3D1249051-649%26name%3Drecon+rack+review HTTP/1.1" 200 21648 "-" "Mozilla/5.0 (Linux; Android 6.0.1; Nexus 5X Build/MMB29P) AppleWebKit/537.36 (KHTML, like Gecko) Chrome/137.0.7151.103 Mobile Safari/537.36 (compatible; Googlebot/2.1; +http://www.google.com/bot.html)"
66.249.65.164 - - [13/Jul/2025:14:17:45 +0000] "GET /robots.txt HTTP/1.1" 200 82 "-" "Mozilla/5.0 (compatible; Googlebot/2.1; +http://www.google.com/bot.html)"
66.249.65.164 - - [13/Jul/2025:14:17:45 +0000] "POST /get-message-notify HTTP/1.1" 200 21434 "https://alalamy.com.au/?k=37423892031900&mod=f6065e82&uri=blog.php%3Fid%3D1249051-649%26name%3Drecon+rack+review" "Mozilla/5.0 (Linux; Android 6.0.1; Nexus 5X Build/MMB29P) AppleWebKit/537.36 (KHTML, like Gecko) Chrome/137.0.7151.119 Mobile Safari/537.36 (compatible; Googlebot/2.1; +http://www.google.com/bot.html)"
66.249.65.164 - - [13/Jul/2025:14:17:49 +0000] "POST /get-message-notify HTTP/1.1" 200 21427 "https://alalamy.com.au/?k=7093257051900&mod=539ef09c&uri=products.php%3Fid%3D236891-397%26name%3Dtory+burch+snakeskin+flip+flops" "Mozilla/5.0 (Linux; Android 6.0.1; Nexus 5X Build/MMB29P) AppleWebKit/537.36 (KHTML, like Gecko) Chrome/137.0.7151.119 Mobile Safari/537.36 (compatible; Googlebot/2.1; +http://www.google.com/bot.html)"
66.249.65.164 - - [13/Jul/2025:14:17:53 +0000] "GET /?k=7332379051900&mod=c242ee43&uri=us.php%3Fid%3D244886-405%26name%3Dblack+over+the+knee+boots+pointed+toe HTTP/1.1" 200 21439 "-" "Mozilla/5.0 (Linux; Android 6.0.1; Nexus 5X Build/MMB29P) AppleWebKit/537.36 (KHTML, like Gecko) Chrome/137.0.7151.103 Mobile Safari/537.36 (compatible; Googlebot/2.1; +http://www.google.com/bot.html)"
66.249.65.164 - - [13/Jul/2025:14:18:00 +0000] "GET /?k=5858440031900&mod=e07472e7&uri=shop.php%3Fid%3D195637-341%26name%3Dlicuadora+kitchen+boss+precio HTTP/1.1" 200 22151 "-" "Mozilla/5.0 (Linux; Android 6.0.1; Nexus 5X Build/MMB29P) AppleWebKit/537.36 (KHTML, like Gecko) Chrome/137.0.7151.103 Mobile Safari/537.36 (compatible; Googlebot/2.1; +http://www.google.com/bot.html)"
66.249.65.165 - - [13/Jul/2025:14:18:03 +0000] "POST /get-message-notify HTTP/1.1" 200 21423 "https://alalamy.com.au/?k=47450829001900&mod=1177967c&uri=article.php%3Fid%3D1583549-22%26name%3Dbvlgari+herrenuhren" "Mozilla/5.0 (Linux; Android 6.0.1; Nexus 5X Build/MMB29P) AppleWebKit/537.36 (KHTML, like Gecko) Chrome/137.0.7151.119 Mobile Safari/537.36 (compatible; Googlebot/2.1; +http://www.google.com/bot.html)"
66.249.65.165 - - [13/Jul/2025:14:18:13 +0000] "GET /?k=5855387011900&mod=0aa00939&uri=goods.php%3Fid%3D195535-339%26name%3Dconverse+a%C3%83%C2%B1os+60 HTTP/1.1" 200 21175 "-" "Mozilla/5.0 (Linux; Android 6.0.1; Nexus 5X Build/MMB29P) AppleWebKit/537.36 (KHTML, like Gecko) Chrome/137.0.7151.103 Mobile Safari/537.36 (compatible; Googlebot/2.1; +http://www.google.com/bot.html)"
66.249.65.164 - - [13/Jul/2025:14:18:14 +0000] "POST /get-message-notify HTTP/1.1" 200 21428 "https://alalamy.com.au/?k=119839826021900&mod=34a95ac7&uri=product.php%3Fid%3D3999418-323%26name%3Dhydro+flask+look+alike" "Mozilla/5.0 (Linux; Android 6.0.1; Nexus 5X Build/MMB29P) AppleWebKit/537.36 (KHTML, like Gecko) Chrome/137.0.7151.119 Mobile Safari/537.36 (compatible; Googlebot/2.1; +http://www.google.com/bot.html)"
66.249.65.164 - - [13/Jul/2025:14:18:13 +0000] "GET /?k=6690635011900&mod=1366e101&uri=pin.php%3Fid%3D223452-376%26name%3Dnashville+season+123movies HTTP/1.1" 200 21129 "-" "Mozilla/5.0 (Linux; Android 6.0.1; Nexus 5X Build/MMB29P) AppleWebKit/537.36 (KHTML, like Gecko) Chrome/137.0.7151.103 Mobile Safari/537.36 (compatible; Googlebot/2.1; +http://www.google.com/bot.html)"
66.249.65.164 - - [13/Jul/2025:14:18:23 +0000] "GET /?k=7318849011900&mod=1177967c&uri=category-info.php%3Fid%3D244435-22%26name%3Drolex+submariner+stahl+gold+2022 HTTP/1.1" 200 21210 "-" "Mozilla/5.0 (Linux; Android 6.0.1; Nexus 5X Build/MMB29P) AppleWebKit/537.36 (KHTML, like Gecko) Chrome/137.0.7151.103 Mobile Safari/537.36 (compatible; Googlebot/2.1; +http://www.google.com/bot.html)"
66.249.65.164 - - [13/Jul/2025:14:18:32 +0000] "GET /?k=5870868141900&mod=e07472e7&uri=us.php%3Fid%3D196053-341%26name%3Dmaquina+para+hacer+jugo+de+manzana HTTP/1.1" 200 21965 "-" "Mozilla/5.0 (Linux; Android 6.0.1; Nexus 5X Build/MMB29P) AppleWebKit/537.36 (KHTML, like Gecko) Chrome/137.0.7151.103 Mobile Safari/537.36 (compatible; Googlebot/2.1; +http://www.google.com/bot.html)"
66.249.65.164 - - [13/Jul/2025:14:18:33 +0000] "POST /get-message-notify HTTP/1.1" 200 21430 "https://alalamy.com.au/?k=7211109011900&mod=5e3a4137&uri=goods.php%3Fid%3D240823-400%26name%3D36+mm+watch+band+replacement" "Mozilla/5.0 (Linux; Android 6.0.1; Nexus 5X Build/MMB29P) AppleWebKit/537.36 (KHTML, like Gecko) Chrome/137.0.7151.119 Mobile Safari/537.36 (compatible; Googlebot/2.1; +http://www.google.com/bot.html)"
66.249.65.164 - - [13/Jul/2025:14:18:34 +0000] "POST /get-message-notify HTTP/1.1" 200 21434 "https://alalamy.com.au/?k=5870868141900&mod=e07472e7&uri=us.php%3Fid%3D196053-341%26name%3Dmaquina+para+hacer+jugo+de+manzana" "Mozilla/5.0 (Linux; Android 6.0.1; Nexus 5X Build/MMB29P) AppleWebKit/537.36 (KHTML, like Gecko) Chrome/137.0.7151.119 Mobile Safari/537.36 (compatible; Googlebot/2.1; +http://www.google.com/bot.html)"
66.249.65.164 - - [13/Jul/2025:14:18:39 +0000] "GET /?k=6753544071900&mod=b75fccec&uri=goods.php%3Fid%3D225551-233%26name%3Dpantalones+por+debajo+de+la+rodilla HTTP/1.1" 200 20647 "-" "Mozilla/5.0 (Linux; Android 6.0.1; Nexus 5X Build/MMB29P) AppleWebKit/537.36 (KHTML, like Gecko) Chrome/137.0.7151.103 Mobile Safari/537.36 (compatible; Googlebot/2.1; +http://www.google.com/bot.html)"
66.249.65.164 - - [13/Jul/2025:14:18:39 +0000] "GET /?k=7433569081900&mod=357a689f&uri=us.php%3Fid%3D248266-410%26name%3Dlego+disney+mickey+mouse+minnie+mouse+space+rocket HTTP/1.1" 200 21263 "-" "Mozilla/5.0 (Linux; Android 6.0.1; Nexus 5X Build/MMB29P) AppleWebKit/537.36 (KHTML, like Gecko) Chrome/137.0.7151.103 Mobile Safari/537.36 (compatible; Googlebot/2.1; +http://www.google.com/bot.html)"
66.249.65.164 - - [13/Jul/2025:14:18:41 +0000] "POST /get-message-notify HTTP/1.1" 200 21428 "https://alalamy.com.au/?k=7433569081900&mod=357a689f&uri=us.php%3Fid%3D248266-410%26name%3Dlego+disney+mickey+mouse+minnie+mouse+space+rocket" "Mozilla/5.0 (Linux; Android 6.0.1; Nexus 5X Build/MMB29P) AppleWebKit/537.36 (KHTML, like Gecko) Chrome/137.0.7151.119 Mobile Safari/537.36 (compatible; Googlebot/2.1; +http://www.google.com/bot.html)"
66.249.65.164 - - [13/Jul/2025:14:18:52 +0000] "GET /robots.txt HTTP/1.1" 200 82 "-" "Mozilla/5.0 (compatible; Googlebot/2.1; +http://www.google.com/bot.html)"
66.249.65.164 - - [13/Jul/2025:14:18:54 +0000] "POST /get-message-notify HTTP/1.1" 200 21421 "https://alalamy.com.au/?k=6993403031900&mod=962ebbfe&uri=form.php%3Fid%3D233555-394%26name%3Dgold+cake+stand+tier" "Mozilla/5.0 (Linux; Android 6.0.1; Nexus 5X Build/MMB29P) AppleWebKit/537.36 (KHTML, like Gecko) Chrome/137.0.7151.119 Mobile Safari/537.36 (compatible; Googlebot/2.1; +http://www.google.com/bot.html)"
66.249.65.164 - - [13/Jul/2025:14:18:52 +0000] "GET /?k=30672871091900&mod=962ebbfe&uri=category-info.php%3Fid%3D1023758-394%26name%3Dbest+bibimbap+near+me HTTP/1.1" 200 21578 "-" "Mozilla/5.0 (Linux; Android 6.0.1; Nexus 5X Build/MMB29P) AppleWebKit/537.36 (KHTML, like Gecko) Chrome/137.0.7151.103 Mobile Safari/537.36 (compatible; Googlebot/2.1; +http://www.google.com/bot.html)"
66.249.65.164 - - [13/Jul/2025:14:19:04 +0000] "GET /?k=7060392011900&mod=156cc497&uri=shop.php%3Fid%3D235793-396%26name%3Dveja+scratch+verte HTTP/1.1" 200 20751 "-" "Mozilla/5.0 (Linux; Android 6.0.1; Nexus 5X Build/MMB29P) AppleWebKit/537.36 (KHTML, like Gecko) Chrome/137.0.7151.103 Mobile Safari/537.36 (compatible; Googlebot/2.1; +http://www.google.com/bot.html)"
66.249.65.164 - - [13/Jul/2025:14:19:04 +0000] "GET /?k=7435459011900&mod=357a689f&uri=brands.php%3Fid%3D248329-410%26name%3Dlego+creator+in+wild+lion+31112 HTTP/1.1" 200 22207 "-" "Mozilla/5.0 (Linux; Android 6.0.1; Nexus 5X Build/MMB29P) AppleWebKit/537.36 (KHTML, like Gecko) Chrome/137.0.7151.103 Mobile Safari/537.36 (compatible; Googlebot/2.1; +http://www.google.com/bot.html)"
66.249.65.164 - - [13/Jul/2025:14:19:06 +0000] "POST /get-message-notify HTTP/1.1" 200 21433 "https://alalamy.com.au/?k=6974114041900&mod=962ebbfe&uri=article.php%3Fid%3D232912-394%26name%3Dducane+burner+gas+grill" "Mozilla/5.0 (Linux; Android 6.0.1; Nexus 5X Build/MMB29P) AppleWebKit/537.36 (KHTML, like Gecko) Chrome/137.0.7151.119 Mobile Safari/537.36 (compatible; Googlebot/2.1; +http://www.google.com/bot.html)"
66.249.65.165 - - [13/Jul/2025:14:19:12 +0000] "POST /get-message-notify HTTP/1.1" 200 21426 "https://alalamy.com.au/?k=5855387011900&mod=0aa00939&uri=goods.php%3Fid%3D195535-339%26name%3Dconverse+a%C3%83%C2%B1os+60" "Mozilla/5.0 (Linux; Android 6.0.1; Nexus 5X Build/MMB29P) AppleWebKit/537.36 (KHTML, like Gecko) Chrome/137.0.7151.119 Mobile Safari/537.36 (compatible; Googlebot/2.1; +http://www.google.com/bot.html)"
66.249.65.164 - - [13/Jul/2025:14:19:17 +0000] "GET /?k=6988993111900&mod=962ebbfe&uri=news.php%3Fid%3D233408-394%26name%3Dgold+cake+stand+with+dome HTTP/1.1" 200 22122 "-" "Mozilla/5.0 (Linux; Android 6.0.1; Nexus 5X Build/MMB29P) AppleWebKit/537.36 (KHTML, like Gecko) Chrome/137.0.7151.103 Mobile Safari/537.36 (compatible; Googlebot/2.1; +http://www.google.com/bot.html)"
66.249.65.164 - - [13/Jul/2025:14:19:41 +0000] "POST /get-message-notify HTTP/1.1" 200 21426 "https://alalamy.com.au/?k=30672871091900&mod=962ebbfe&uri=category-info.php%3Fid%3D1023758-394%26name%3Dbest+bibimbap+near+me" "Mozilla/5.0 (Linux; Android 6.0.1; Nexus 5X Build/MMB29P) AppleWebKit/537.36 (KHTML, like Gecko) Chrome/137.0.7151.119 Mobile Safari/537.36 (compatible; Googlebot/2.1; +http://www.google.com/bot.html)"
66.249.65.164 - - [13/Jul/2025:14:19:45 +0000] "GET /?k=7317049011900&mod=1177967c&uri=products.php%3Fid%3D244375-22%26name%3Drolex+daytona+am+handgelenk HTTP/1.1" 200 21022 "-" "Mozilla/5.0 (Linux; Android 6.0.1; Nexus 5X Build/MMB29P) AppleWebKit/537.36 (KHTML, like Gecko) Chrome/137.0.7151.103 Mobile Safari/537.36 (compatible; Googlebot/2.1; +http://www.google.com/bot.html)"
66.249.65.164 - - [13/Jul/2025:14:19:58 +0000] "GET /robots.txt HTTP/1.1" 200 82 "-" "Mozilla/5.0 (compatible; Googlebot/2.1; +http://www.google.com/bot.html)"
66.249.65.164 - - [13/Jul/2025:14:19:58 +0000] "GET /?k=6990523091900&mod=962ebbfe&uri=search.php%3Fid%3D233459-394%26name%3Dblendjet+banana+smoothie HTTP/1.1" 200 21611 "-" "Mozilla/5.0 (Linux; Android 6.0.1; Nexus 5X Build/MMB29P) AppleWebKit/537.36 (KHTML, like Gecko) Chrome/137.0.7151.103 Mobile Safari/537.36 (compatible; Googlebot/2.1; +http://www.google.com/bot.html)"
66.249.65.164 - - [13/Jul/2025:14:19:58 +0000] "GET /?k=5907581141900&mod=7da8cfbd&uri=search.php%3Fid%3D197278-155%26name%3Dmini+sound+system+with+microphone HTTP/1.1" 200 21874 "-" "Mozilla/5.0 (Linux; Android 6.0.1; Nexus 5X Build/MMB29P) AppleWebKit/537.36 (KHTML, like Gecko) Chrome/137.0.7151.103 Mobile Safari/537.36 (compatible; Googlebot/2.1; +http://www.google.com/bot.html)"
66.249.65.164 - - [13/Jul/2025:14:19:59 +0000] "GET /?k=7349539041900&mod=9078b6ab&uri=article.php%3Fid%3D245458-222%26name%3Djordan+finish+line HTTP/1.1" 200 20655 "-" "Mozilla/5.0 (Linux; Android 6.0.1; Nexus 5X Build/MMB29P) AppleWebKit/537.36 (KHTML, like Gecko) Chrome/137.0.7151.103 Mobile Safari/537.36 (compatible; Googlebot/2.1; +http://www.google.com/bot.html)"
66.249.65.165 - - [13/Jul/2025:14:20:19 +0000] "GET /?k=6994194021900&mod=3d1327c1&uri=shop.php%3Fid%3D233582-395%26name%3Dparure+bijoux+pour+mariage HTTP/1.1" 200 20623 "-" "Mozilla/5.0 (Linux; Android 6.0.1; Nexus 5X Build/MMB29P) AppleWebKit/537.36 (KHTML, like Gecko) Chrome/137.0.7151.103 Mobile Safari/537.36 (compatible; Googlebot/2.1; +http://www.google.com/bot.html)"
66.249.65.166 - - [13/Jul/2025:14:20:20 +0000] "GET /?k=119836080001900&mod=41814002&uri=news.php%3Fid%3D3999293-321%26name%3Dgray+shiloh+shepherd+puppies+for+sale HTTP/1.1" 200 21744 "-" "Mozilla/5.0 (Linux; Android 6.0.1; Nexus 5X Build/MMB29P) AppleWebKit/537.36 (KHTML, like Gecko) Chrome/137.0.7151.103 Mobile Safari/537.36 (compatible; Googlebot/2.1; +http://www.google.com/bot.html)"
66.249.65.165 - - [13/Jul/2025:14:20:21 +0000] "GET /?k=7363429091900&mod=8a1df180&uri=shared.php%3Fid%3D245921-143%26name%3Ddallas+cowboys+cheerleader+costume+large HTTP/1.1" 200 21302 "-" "Mozilla/5.0 (Linux; Android 6.0.1; Nexus 5X Build/MMB29P) AppleWebKit/537.36 (KHTML, like Gecko) Chrome/137.0.7151.103 Mobile Safari/537.36 (compatible; Googlebot/2.1; +http://www.google.com/bot.html)"
66.249.65.165 - - [13/Jul/2025:14:20:28 +0000] "POST /get-message-notify HTTP/1.1" 200 21418 "https://alalamy.com.au/?k=6990523091900&mod=962ebbfe&uri=search.php%3Fid%3D233459-394%26name%3Dblendjet+banana+smoothie" "Mozilla/5.0 (Linux; Android 6.0.1; Nexus 5X Build/MMB29P) AppleWebKit/537.36 (KHTML, like Gecko) Chrome/137.0.7151.119 Mobile Safari/537.36 (compatible; Googlebot/2.1; +http://www.google.com/bot.html)"
66.249.65.164 - - [13/Jul/2025:14:20:28 +0000] "GET /?k=6971984091900&mod=962ebbfe&uri=products.php%3Fid%3D232841-394%26name%3Dfrankoma+pottery+plates HTTP/1.1" 200 21662 "-" "Mozilla/5.0 (Linux; Android 6.0.1; Nexus 5X Build/MMB29P) AppleWebKit/537.36 (KHTML, like Gecko) Chrome/137.0.7151.103 Mobile Safari/537.36 (compatible; Googlebot/2.1; +http://www.google.com/bot.html)"
66.249.65.164 - - [13/Jul/2025:14:20:28 +0000] "GET /?k=119836620031900&mod=34a95ac7&uri=blog.php%3Fid%3D3999311-323%26name%3Dhydro+flask+sticker+pack HTTP/1.1" 200 20149 "-" "Mozilla/5.0 (Linux; Android 6.0.1; Nexus 5X Build/MMB29P) AppleWebKit/537.36 (KHTML, like Gecko) Chrome/137.0.7151.103 Mobile Safari/537.36 (compatible; Googlebot/2.1; +http://www.google.com/bot.html)"
66.249.65.164 - - [13/Jul/2025:14:20:35 +0000] "GET /?k=7040760021900&mod=156cc497&uri=blog.php%3Fid%3D235138-396%26name%3Dchaussures+femme+grosse+semelle HTTP/1.1" 200 20637 "-" "Mozilla/5.0 (Linux; Android 6.0.1; Nexus 5X Build/MMB29P) AppleWebKit/537.36 (KHTML, like Gecko) Chrome/137.0.7151.103 Mobile Safari/537.36 (compatible; Googlebot/2.1; +http://www.google.com/bot.html)"
66.249.65.164 - - [13/Jul/2025:14:20:39 +0000] "POST /get-message-notify HTTP/1.1" 200 21432 "https://alalamy.com.au/?k=6971984091900&mod=962ebbfe&uri=products.php%3Fid%3D232841-394%26name%3Dfrankoma+pottery+plates" "Mozilla/5.0 (Linux; Android 6.0.1; Nexus 5X Build/MMB29P) AppleWebKit/537.36 (KHTML, like Gecko) Chrome/137.0.7151.119 Mobile Safari/537.36 (compatible; Googlebot/2.1; +http://www.google.com/bot.html)"
66.249.65.164 - - [13/Jul/2025:14:20:40 +0000] "POST /get-message-notify HTTP/1.1" 200 21433 "https://alalamy.com.au/?k=7363429091900&mod=8a1df180&uri=shared.php%3Fid%3D245921-143%26name%3Ddallas+cowboys+cheerleader+costume+large" "Mozilla/5.0 (Linux; Android 6.0.1; Nexus 5X Build/MMB29P) AppleWebKit/537.36 (KHTML, like Gecko) Chrome/137.0.7151.119 Mobile Safari/537.36 (compatible; Googlebot/2.1; +http://www.google.com/bot.html)"
66.249.65.164 - - [13/Jul/2025:14:20:56 +0000] "GET /?k=6991423091900&mod=962ebbfe&uri=info.php%3Fid%3D233489-394%26name%3Dmarinated+rump+steak HTTP/1.1" 200 21899 "-" "Mozilla/5.0 (Linux; Android 6.0.1; Nexus 5X Build/MMB29P) AppleWebKit/537.36 (KHTML, like Gecko) Chrome/137.0.7151.103 Mobile Safari/537.36 (compatible; Googlebot/2.1; +http://www.google.com/bot.html)"
66.249.65.165 - - [13/Jul/2025:14:21:08 +0000] "GET /robots.txt HTTP/1.1" 200 82 "-" "Mozilla/5.0 (compatible; Googlebot/2.1; +http://www.google.com/bot.html)"
66.249.65.165 - - [13/Jul/2025:14:21:08 +0000] "GET /?k=7485347001900&mod=c5b86fa9&uri=news.php%3Fid%3D249994-141%26name%3Dvestido+rojo+largo+cuello+halter HTTP/1.1" 200 22358 "-" "Mozilla/5.0 (Linux; Android 6.0.1; Nexus 5X Build/MMB29P) AppleWebKit/537.36 (KHTML, like Gecko) Chrome/137.0.7151.103 Mobile Safari/537.36 (compatible; Googlebot/2.1; +http://www.google.com/bot.html)"
66.249.65.165 - - [13/Jul/2025:14:21:18 +0000] "POST /get-message-notify HTTP/1.1" 200 21426 "https://alalamy.com.au/?k=6991423091900&mod=962ebbfe&uri=info.php%3Fid%3D233489-394%26name%3Dmarinated+rump+steak" "Mozilla/5.0 (Linux; Android 6.0.1; Nexus 5X Build/MMB29P) AppleWebKit/537.36 (KHTML, like Gecko) Chrome/137.0.7151.119 Mobile Safari/537.36 (compatible; Googlebot/2.1; +http://www.google.com/bot.html)"
66.249.65.164 - - [13/Jul/2025:14:21:21 +0000] "GET /?k=7054370111900&mod=156cc497&uri=product.php%3Fid%3D235592-396%26name%3Dconverse+plateforme+bleu+turquoise HTTP/1.1" 200 20713 "-" "Mozilla/5.0 (Linux; Android 6.0.1; Nexus 5X Build/MMB29P) AppleWebKit/537.36 (KHTML, like Gecko) Chrome/137.0.7151.103 Mobile Safari/537.36 (compatible; Googlebot/2.1; +http://www.google.com/bot.html)"
209.74.77.214 - - [13/Jul/2025:14:21:38 +0000] "POST /wp-cron.php?doing_wp_cron=1752416498.5819559097290039062500 HTTP/1.1" 200 - "-" "WordPress/6.8.1; https://alalamy.com.au"
54.36.148.11 - - [13/Jul/2025:14:21:37 +0000] "GET /?k=97526055021900&uri=shop.php%3Fid%3D3254669-303%26name%3Dlevi%27s%201890%20xx501%20jeans HTTP/1.1" 200 26568 "-" "Mozilla/5.0 (compatible; AhrefsBot/7.0; +http://ahrefs.com/robot/)"
209.74.77.214 - - [13/Jul/2025:14:21:38 +0000] "POST /wp-admin/admin-ajax.php?action=async_litespeed&nonce=RhS1tHnzMqff1eUCSEYX9XOX8T5HH0Wr&litespeed_type=imgoptm HTTP/1.1" 200 21 "-" "WordPress/6.8.1; https://alalamy.com.au"
66.249.65.164 - - [13/Jul/2025:14:21:48 +0000] "GET /?k=10945052031900&mod=b9b993f4&uri=category-info.php%3Fid%3D365439-387%26name%3Dpure+barre+pop+up HTTP/1.1" 200 21927 "-" "Mozilla/5.0 (Linux; Android 6.0.1; Nexus 5X Build/MMB29P) AppleWebKit/537.36 (KHTML, like Gecko) Chrome/137.0.7151.103 Mobile Safari/537.36 (compatible; Googlebot/2.1; +http://www.google.com/bot.html)"
66.249.65.164 - - [13/Jul/2025:14:21:48 +0000] "GET /?k=5854397021900&mod=e07472e7&uri=shop.php%3Fid%3D195502-341%26name%3Dplatos+recordatorios+de+vidrio HTTP/1.1" 200 21926 "-" "Mozilla/5.0 (Linux; Android 6.0.1; Nexus 5X Build/MMB29P) AppleWebKit/537.36 (KHTML, like Gecko) Chrome/137.0.7151.103 Mobile Safari/537.36 (compatible; Googlebot/2.1; +http://www.google.com/bot.html)"
66.249.65.166 - - [13/Jul/2025:14:22:02 +0000] "GET /?k=5873508051900&mod=e07472e7&uri=product.php%3Fid%3D196141-341%26name%3Dbatido+pi%C3%83%C2%B1a HTTP/1.1" 200 22035 "-" "Mozilla/5.0 (Linux; Android 6.0.1; Nexus 5X Build/MMB29P) AppleWebKit/537.36 (KHTML, like Gecko) Chrome/137.0.7151.103 Mobile Safari/537.36 (compatible; Googlebot/2.1; +http://www.google.com/bot.html)"
66.249.65.165 - - [13/Jul/2025:14:22:03 +0000] "GET /?k=7456814031900&mod=160c8865&uri=brands.php%3Fid%3D249041-11%26name%3Ddon+shoes HTTP/1.1" 200 21435 "-" "Mozilla/5.0 (Linux; Android 6.0.1; Nexus 5X Build/MMB29P) AppleWebKit/537.36 (KHTML, like Gecko) Chrome/137.0.7151.103 Mobile Safari/537.36 (compatible; Googlebot/2.1; +http://www.google.com/bot.html)"
66.249.65.166 - - [13/Jul/2025:14:22:03 +0000] "GET /?k=7053260011900&mod=156cc497&uri=shop.php%3Fid%3D235555-396%26name%3Dair+force+pastel+courir HTTP/1.1" 200 20976 "-" "Mozilla/5.0 (Linux; Android 6.0.1; Nexus 5X Build/MMB29P) AppleWebKit/537.36 (KHTML, like Gecko) Chrome/137.0.7151.103 Mobile Safari/537.36 (compatible; Googlebot/2.1; +http://www.google.com/bot.html)"
66.249.65.165 - - [13/Jul/2025:14:22:16 +0000] "GET /robots.txt HTTP/1.1" 200 82 "-" "Mozilla/5.0 (compatible; Googlebot/2.1; +http://www.google.com/bot.html)"
66.249.65.164 - - [13/Jul/2025:14:22:16 +0000] "GET /?k=6979694071900&mod=962ebbfe&uri=products.php%3Fid%3D233098-394%26name%3Dblendjet+retailers HTTP/1.1" 200 21762 "-" "Mozilla/5.0 (Linux; Android 6.0.1; Nexus 5X Build/MMB29P) AppleWebKit/537.36 (KHTML, like Gecko) Chrome/137.0.7151.103 Mobile Safari/537.36 (compatible; Googlebot/2.1; +http://www.google.com/bot.html)"
66.249.65.164 - - [13/Jul/2025:14:22:25 +0000] "GET /?k=7074784111900&mod=156cc497&uri=info.php%3Fid%3D236275-396%26name%3Dshox+tl+noire HTTP/1.1" 200 20606 "-" "Mozilla/5.0 (Linux; Android 6.0.1; Nexus 5X Build/MMB29P) AppleWebKit/537.36 (KHTML, like Gecko) Chrome/137.0.7151.103 Mobile Safari/537.36 (compatible; Googlebot/2.1; +http://www.google.com/bot.html)"
66.249.65.164 - - [13/Jul/2025:14:22:28 +0000] "POST /get-message-notify HTTP/1.1" 200 21431 "https://alalamy.com.au/?k=6979694071900&mod=962ebbfe&uri=products.php%3Fid%3D233098-394%26name%3Dblendjet+retailers" "Mozilla/5.0 (Linux; Android 6.0.1; Nexus 5X Build/MMB29P) AppleWebKit/537.36 (KHTML, like Gecko) Chrome/137.0.7151.119 Mobile Safari/537.36 (compatible; Googlebot/2.1; +http://www.google.com/bot.html)"
66.249.65.164 - - [13/Jul/2025:14:22:31 +0000] "GET /?k=7326049051900&mod=1894ea67&uri=article.php%3Fid%3D244675-314%26name%3Dfj%C3%83%C2%A4llr%C3%83%C2%A4ven+keb+jacket+m+test HTTP/1.1" 200 22176 "-" "Mozilla/5.0 (Linux; Android 6.0.1; Nexus 5X Build/MMB29P) AppleWebKit/537.36 (KHTML, like Gecko) Chrome/137.0.7151.103 Mobile Safari/537.36 (compatible; Googlebot/2.1; +http://www.google.com/bot.html)"
66.249.65.164 - - [13/Jul/2025:14:22:32 +0000] "GET /?k=7329949011900&mod=9078b6ab&uri=us.php%3Fid%3D244805-222%26name%3Dthe+most+recent+jordans HTTP/1.1" 200 20772 "-" "Mozilla/5.0 (Linux; Android 6.0.1; Nexus 5X Build/MMB29P) AppleWebKit/537.36 (KHTML, like Gecko) Chrome/137.0.7151.103 Mobile Safari/537.36 (compatible; Googlebot/2.1; +http://www.google.com/bot.html)"
66.249.65.164 - - [13/Jul/2025:14:22:32 +0000] "GET /?k=6857604051900&mod=365adce6&uri=us.php%3Fid%3D229025-385%26name%3Diwatch+4g HTTP/1.1" 200 20869 "-" "Mozilla/5.0 (Linux; Android 6.0.1; Nexus 5X Build/MMB29P) AppleWebKit/537.36 (KHTML, like Gecko) Chrome/137.0.7151.103 Mobile Safari/537.36 (compatible; Googlebot/2.1; +http://www.google.com/bot.html)"
