66.249.65.164 - - [13/Jul/2025:18:24:10 +0000] "GET /?k=47648650031900&mod=c6776f93&uri=goods.php%3Fid%3D1590145-76%26name%3Dbraun+ipl+5014+vs+5137 HTTP/1.1" 200 21473 "-" "Mozilla/5.0 (Linux; Android 6.0.1; Nexus 5X Build/MMB29P) AppleWebKit/537.36 (KHTML, like Gecko) Chrome/137.0.7151.103 Mobile Safari/537.36 (compatible; Googlebot/2.1; +http://www.google.com/bot.html)"
66.249.65.165 - - [13/Jul/2025:18:25:25 +0000] "GET /?k=37578400081900&mod=9f734789&uri=info.php%3Fid%3D1254204-690%26name%3Dgafas+de+sol+freddie+mercury HTTP/1.1" 200 20971 "-" "Mozilla/5.0 (Linux; Android 6.0.1; Nexus 5X Build/MMB29P) AppleWebKit/537.36 (KHTML, like Gecko) Chrome/137.0.7151.103 Mobile Safari/537.36 (compatible; Googlebot/2.1; +http://www.google.com/bot.html)"
66.249.65.164 - - [13/Jul/2025:18:25:36 +0000] "POST /get-message-notify HTTP/1.1" 200 21424 "https://alalamy.com.au/?k=37578400081900&mod=9f734789&uri=info.php%3Fid%3D1254204-690%26name%3Dgafas+de+sol+freddie+mercury" "Mozilla/5.0 (Linux; Android 6.0.1; Nexus 5X Build/MMB29P) AppleWebKit/537.36 (KHTML, like Gecko) Chrome/137.0.7151.119 Mobile Safari/537.36 (compatible; Googlebot/2.1; +http://www.google.com/bot.html)"
209.74.77.214 - - [13/Jul/2025:18:26:27 +0000] "POST /wp-cron.php?doing_wp_cron=1752431187.8394770622253417968750 HTTP/1.1" 200 - "-" "WordPress/6.8.1; https://alalamy.com.au"
209.74.77.214 - - [13/Jul/2025:18:26:28 +0000] "POST /wp-admin/admin-ajax.php?action=async_litespeed&nonce=fE9znwi8UGaizF8FOCMkEoknL2SOl90u&litespeed_type=imgoptm HTTP/1.1" 200 21 "-" "WordPress/6.8.1; https://alalamy.com.au"
54.36.148.50 - - [13/Jul/2025:18:26:25 +0000] "GET /?k=98139486001900&uri=pin.php%3Fid%3D3275174-768%26name%3Dbodycon%20midi%20dress%20cocktail%20and%20party HTTP/1.1" 200 26568 "-" "Mozilla/5.0 (compatible; AhrefsBot/7.0; +http://ahrefs.com/robot/)"
40.77.167.159 - - [13/Jul/2025:18:29:45 +0000] "GET /?k=98284522081900&mod=0e105f8e&uri=shared.php%3Fid%3D3280014-1597%26name%3Dgreen+dinosaur+bedding HTTP/1.1" 200 20490 "-" "Mozilla/5.0 AppleWebKit/537.36 (KHTML, like Gecko; compatible; bingbot/2.0; +http://www.bing.com/bingbot.htm) Chrome/116.0.1938.76 Safari/537.36"
209.74.77.214 - - [13/Jul/2025:18:29:46 +0000] "POST /wp-cron.php?doing_wp_cron=1752431386.0882799625396728515625 HTTP/1.1" 200 - "-" "WordPress/6.8.1; https://alalamy.com.au"
209.74.77.214 - - [13/Jul/2025:18:29:46 +0000] "POST /wp-admin/admin-ajax.php?action=async_litespeed&nonce=tnzyGgBHiXyf0gIA8yaJlczeAAOAJtYN&litespeed_type=imgoptm HTTP/1.1" 200 21 "-" "WordPress/6.8.1; https://alalamy.com.au"
54.36.149.28 - - [13/Jul/2025:18:29:43 +0000] "GET /?k=98056548021900&uri=news.php%3Fid%3D3272405-549%26name%3Dnew%20yeezy%20release%20tomorrow HTTP/1.1" 200 26568 "-" "Mozilla/5.0 (compatible; AhrefsBot/7.0; +http://ahrefs.com/robot/)"
52.167.144.197 - - [13/Jul/2025:18:31:56 +0000] "GET /?k=34330610011900&mod=b0217d5d&uri=brands.php%3Fid%3D1145827-1063%26name%3D26012cb HTTP/1.1" 200 20636 "-" "Mozilla/5.0 AppleWebKit/537.36 (KHTML, like Gecko; compatible; bingbot/2.0; +http://www.bing.com/bingbot.htm) Chrome/116.0.1938.76 Safari/537.36"
209.74.77.214 - - [13/Jul/2025:18:33:43 +0000] "POST /wp-cron.php?doing_wp_cron=1752431623.7004010677337646484375 HTTP/1.1" 200 - "-" "WordPress/6.8.1; https://alalamy.com.au"
209.74.77.214 - - [13/Jul/2025:18:33:43 +0000] "POST /wp-admin/admin-ajax.php?action=async_litespeed&nonce=gxPaNL2vnDLn2ohwoPtnQRGQ1wCoG0Fp&litespeed_type=imgoptm HTTP/1.1" 200 21 "-" "WordPress/6.8.1; https://alalamy.com.au"
54.36.148.69 - - [13/Jul/2025:18:33:41 +0000] "GET /?k=94837378031900&uri=goods.php%3Fid%3D3164957-1579%26name%3Dsupreme%20shoes HTTP/1.1" 200 26568 "-" "Mozilla/5.0 (compatible; AhrefsBot/7.0; +http://ahrefs.com/robot/)"
209.74.77.214 - - [13/Jul/2025:18:37:21 +0000] "POST /wp-cron.php?doing_wp_cron=1752431841.0652279853820800781250 HTTP/1.1" 200 - "-" "WordPress/6.8.1; https://alalamy.com.au"
209.74.77.214 - - [13/Jul/2025:18:37:21 +0000] "POST /wp-admin/admin-ajax.php?action=async_litespeed&nonce=9F1YM3ReEPZrSgwPVol94Ck9jwzikvOL&litespeed_type=imgoptm HTTP/1.1" 200 21 "-" "WordPress/6.8.1; https://alalamy.com.au"
54.36.149.102 - - [13/Jul/2025:18:37:18 +0000] "GET /?k=75251899021900&uri=category-info.php%3Fid%3D2511197-1467%26name%3Dhepatic%20royal%20canin%20dog HTTP/1.1" 200 26568 "-" "Mozilla/5.0 (compatible; AhrefsBot/7.0; +http://ahrefs.com/robot/)"
157.55.39.13 - - [13/Jul/2025:18:37:51 +0000] "GET /?k=99412643061900&mod=aa3da12a&uri=brands.php%3Fid%3D3317657-1251%26name%3Dveste+chauffante+comparatif HTTP/1.1" 200 21228 "-" "Mozilla/5.0 AppleWebKit/537.36 (KHTML, like Gecko; compatible; bingbot/2.0; +http://www.bing.com/bingbot.htm) Chrome/116.0.1938.76 Safari/537.36"
52.167.144.197 - - [13/Jul/2025:18:41:18 +0000] "GET /?k=52950470051900&mod=54d6d2a7&uri=form.php%3Fid%3D1767004-1303%26name%3Dtoddler+boy+white+vans HTTP/1.1" 200 20779 "-" "Mozilla/5.0 AppleWebKit/537.36 (KHTML, like Gecko; compatible; bingbot/2.0; +http://www.bing.com/bingbot.htm) Chrome/116.0.1938.76 Safari/537.36"
209.74.77.214 - - [13/Jul/2025:18:41:34 +0000] "POST /wp-cron.php?doing_wp_cron=1752432094.4372179508209228515625 HTTP/1.1" 200 - "-" "WordPress/6.8.1; https://alalamy.com.au"
209.74.77.214 - - [13/Jul/2025:18:41:34 +0000] "POST /wp-admin/admin-ajax.php?action=async_litespeed&nonce=c9axRKqwqXU4THGWZBQmGhjEt53sz95F&litespeed_type=imgoptm HTTP/1.1" 200 21 "-" "WordPress/6.8.1; https://alalamy.com.au"
54.36.148.55 - - [13/Jul/2025:18:41:32 +0000] "GET /?k=97877919011900&uri=news.php%3Fid%3D3266439-1364%26name%3Dpuma%20slippers%20grijs HTTP/1.1" 200 26568 "-" "Mozilla/5.0 (compatible; AhrefsBot/7.0; +http://ahrefs.com/robot/)"
209.74.77.214 - - [13/Jul/2025:18:45:20 +0000] "POST /wp-cron.php?doing_wp_cron=1752432320.6071739196777343750000 HTTP/1.1" 200 - "-" "WordPress/6.8.1; https://alalamy.com.au"
209.74.77.214 - - [13/Jul/2025:18:45:20 +0000] "POST /wp-admin/admin-ajax.php?action=async_litespeed&nonce=nGFzNcvYQ2sBQsLPEBsUbD36cZVUYSqL&litespeed_type=imgoptm HTTP/1.1" 200 21 "-" "WordPress/6.8.1; https://alalamy.com.au"
54.36.148.91 - - [13/Jul/2025:18:45:18 +0000] "GET /?k=98038649031900&uri=shared.php%3Fid%3D3271808-751%26name%3Dmochilas%20para%20transportar%20mascotas HTTP/1.1" 200 26568 "-" "Mozilla/5.0 (compatible; AhrefsBot/7.0; +http://ahrefs.com/robot/)"
207.46.13.14 - - [13/Jul/2025:18:47:52 +0000] "GET /?k=1037213081900&mod=d7f426cc&uri=form.php%3Fid%3D34633-69%26name%3Dm490lb6 HTTP/1.1" 200 20693 "-" "Mozilla/5.0 AppleWebKit/537.36 (KHTML, like Gecko; compatible; bingbot/2.0; +http://www.bing.com/bingbot.htm) Chrome/116.0.1938.76 Safari/537.36"
209.74.77.214 - - [13/Jul/2025:18:48:57 +0000] "POST /wp-cron.php?doing_wp_cron=1752432537.5934090614318847656250 HTTP/1.1" 200 - "-" "WordPress/6.8.1; https://alalamy.com.au"
209.74.77.214 - - [13/Jul/2025:18:48:57 +0000] "POST /wp-admin/admin-ajax.php?action=async_litespeed&nonce=JDBVyhhUE7TPH01EArn2aTCSlOISxSEM&litespeed_type=imgoptm HTTP/1.1" 200 21 "-" "WordPress/6.8.1; https://alalamy.com.au"
54.36.148.234 - - [13/Jul/2025:18:48:55 +0000] "GET /?k=98492859021900&uri=itm.php%3Fid%3D3286963-1496%26name%3Dnike%20montante%20pas%20cher%20jordan HTTP/1.1" 200 26568 "-" "Mozilla/5.0 (compatible; AhrefsBot/7.0; +http://ahrefs.com/robot/)"
66.249.65.165 - - [13/Jul/2025:18:49:29 +0000] "GET /?k=47797082021900&mod=6f7c62c4&uri=dp.php%3Fid%3D1595105-738%26name%3Ddebardeur+yoga HTTP/1.1" 200 21912 "-" "Mozilla/5.0 (Linux; Android 6.0.1; Nexus 5X Build/MMB29P) AppleWebKit/537.36 (KHTML, like Gecko) Chrome/137.0.7151.103 Mobile Safari/537.36 (compatible; Googlebot/2.1; +http://www.google.com/bot.html)"
66.249.65.165 - - [13/Jul/2025:18:51:18 +0000] "GET /?k=37593203031900&mod=9f734789&uri=product.php%3Fid%3D1254699-690%26name%3Dcasa+mega+barbie HTTP/1.1" 200 22524 "-" "Mozilla/5.0 (Linux; Android 6.0.1; Nexus 5X Build/MMB29P) AppleWebKit/537.36 (KHTML, like Gecko) Chrome/137.0.7151.103 Mobile Safari/537.36 (compatible; Googlebot/2.1; +http://www.google.com/bot.html)"
209.74.77.214 - - [13/Jul/2025:18:51:59 +0000] "POST /wp-cron.php?doing_wp_cron=1752432719.2168090343475341796875 HTTP/1.1" 200 - "-" "WordPress/6.8.1; https://alalamy.com.au"
209.74.77.214 - - [13/Jul/2025:18:51:59 +0000] "POST /wp-admin/admin-ajax.php?action=async_litespeed&nonce=Rdup5LuaL6c07DGRrwFMlHEqTzRh5a6x&litespeed_type=imgoptm HTTP/1.1" 200 21 "-" "WordPress/6.8.1; https://alalamy.com.au"
54.36.148.81 - - [13/Jul/2025:18:51:57 +0000] "GET /?k=98497384001900&uri=brands.php%3Fid%3D3287114-1033%26name%3Dnew%20balance%20arishi%20sport%20v1 HTTP/1.1" 200 26568 "-" "Mozilla/5.0 (compatible; AhrefsBot/7.0; +http://ahrefs.com/robot/)"
207.46.13.14 - - [13/Jul/2025:18:54:13 +0000] "GET / HTTP/1.1" 200 20676 "-" "Mozilla/5.0 AppleWebKit/537.36 (KHTML, like Gecko; compatible; bingbot/2.0; +http://www.bing.com/bingbot.htm) Chrome/116.0.1938.76 Safari/537.36"
66.249.65.165 - - [13/Jul/2025:18:54:13 +0000] "GET /?k=47790491051900&mod=6f7c62c4&uri=products.php%3Fid%3D1594885-738%26name%3Dd%C3%83%C2%A9bardeur+ample HTTP/1.1" 200 21456 "-" "Mozilla/5.0 (Linux; Android 6.0.1; Nexus 5X Build/MMB29P) AppleWebKit/537.36 (KHTML, like Gecko) Chrome/137.0.7151.103 Mobile Safari/537.36 (compatible; Googlebot/2.1; +http://www.google.com/bot.html)"
66.249.65.165 - - [13/Jul/2025:18:54:24 +0000] "POST /get-message-notify HTTP/1.1" 200 21435 "https://alalamy.com.au/?k=47790491051900&mod=6f7c62c4&uri=products.php%3Fid%3D1594885-738%26name%3Dd%C3%83%C2%A9bardeur+ample" "Mozilla/5.0 (Linux; Android 6.0.1; Nexus 5X Build/MMB29P) AppleWebKit/537.36 (KHTML, like Gecko) Chrome/137.0.7151.119 Mobile Safari/537.36 (compatible; Googlebot/2.1; +http://www.google.com/bot.html)"
209.74.77.214 - - [13/Jul/2025:18:55:50 +0000] "POST /wp-cron.php?doing_wp_cron=1752432950.6521770954132080078125 HTTP/1.1" 200 - "-" "WordPress/6.8.1; https://alalamy.com.au"
209.74.77.214 - - [13/Jul/2025:18:55:50 +0000] "POST /wp-admin/admin-ajax.php?action=async_litespeed&nonce=cHfucggC6aKAh7Ocm5Bk9RaPoWCB8jYg&litespeed_type=imgoptm HTTP/1.1" 200 21 "-" "WordPress/6.8.1; https://alalamy.com.au"
54.36.148.29 - - [13/Jul/2025:18:55:48 +0000] "GET /?k=98510941051900&uri=news.php%3Fid%3D3287566-442%26name%3Dcartier%20oud%20rose HTTP/1.1" 200 26568 "-" "Mozilla/5.0 (compatible; AhrefsBot/7.0; +http://ahrefs.com/robot/)"
40.77.167.41 - - [13/Jul/2025:18:56:33 +0000] "GET /?k=6207456021900&mod=90fa69c8&uri=info.php%3Fid%3D207316-219%26name%3Dcurtain+rod+holder+price HTTP/1.1" 200 22473 "-" "Mozilla/5.0 AppleWebKit/537.36 (KHTML, like Gecko; compatible; bingbot/2.0; +http://www.bing.com/bingbot.htm) Chrome/116.0.1938.76 Safari/537.36"
40.77.167.41 - - [13/Jul/2025:18:56:37 +0000] "GET /?k=6202680061900&mod=90fa69c8&uri=product.php%3Fid%3D207156-219%26name%3Dpacific+energy+wood+stove+for+sale HTTP/1.1" 200 21937 "-" "Mozilla/5.0 AppleWebKit/537.36 (KHTML, like Gecko; compatible; bingbot/2.0; +http://www.bing.com/bingbot.htm) Chrome/116.0.1938.76 Safari/537.36"
66.249.65.166 - - [13/Jul/2025:18:56:38 +0000] "GET /?k=37578760101900&mod=9f734789&uri=product.php%3Fid%3D1254216-690%26name%3Dgafas+de+sol+hombre+milanuncios HTTP/1.1" 200 21870 "-" "Mozilla/5.0 (Linux; Android 6.0.1; Nexus 5X Build/MMB29P) AppleWebKit/537.36 (KHTML, like Gecko) Chrome/137.0.7151.103 Mobile Safari/537.36 (compatible; Googlebot/2.1; +http://www.google.com/bot.html)"
40.77.167.41 - - [13/Jul/2025:18:56:39 +0000] "GET /?k=6165183061900&mod=266c29a5&uri=brands.php%3Fid%3D205875-356%26name%3Dchaussure+basket+marque HTTP/1.1" 200 20314 "-" "Mozilla/5.0 AppleWebKit/537.36 (KHTML, like Gecko; compatible; bingbot/2.0; +http://www.bing.com/bingbot.htm) Chrome/116.0.1938.76 Safari/537.36"
40.77.167.41 - - [13/Jul/2025:18:56:41 +0000] "GET /?k=6206136081900&mod=90fa69c8&uri=article.php%3Fid%3D207272-219%26name%3Delectric+fires+b%26q+inset HTTP/1.1" 200 21691 "-" "Mozilla/5.0 AppleWebKit/537.36 (KHTML, like Gecko; compatible; bingbot/2.0; +http://www.bing.com/bingbot.htm) Chrome/116.0.1938.76 Safari/537.36"
40.77.167.41 - - [13/Jul/2025:18:56:42 +0000] "GET /?k=6204936031900&mod=90fa69c8&uri=pin.php%3Fid%3D207232-219%26name%3Dmodern+electric+fire+insert HTTP/1.1" 200 23337 "-" "Mozilla/5.0 AppleWebKit/537.36 (KHTML, like Gecko; compatible; bingbot/2.0; +http://www.bing.com/bingbot.htm) Chrome/116.0.1938.76 Safari/537.36"
40.77.167.41 - - [13/Jul/2025:18:56:43 +0000] "GET /?k=6207336031900&mod=90fa69c8&uri=product.php%3Fid%3D207312-219%26name%3Dheat+fans+for+wood+stoves HTTP/1.1" 200 22301 "-" "Mozilla/5.0 AppleWebKit/537.36 (KHTML, like Gecko; compatible; bingbot/2.0; +http://www.bing.com/bingbot.htm) Chrome/116.0.1938.76 Safari/537.36"
40.77.167.41 - - [13/Jul/2025:18:56:44 +0000] "GET /?k=6202200061900&mod=90fa69c8&uri=products.php%3Fid%3D207140-219%26name%3Delectric+fireplace+with+storage+and+mantel HTTP/1.1" 200 22080 "-" "Mozilla/5.0 AppleWebKit/537.36 (KHTML, like Gecko; compatible; bingbot/2.0; +http://www.bing.com/bingbot.htm) Chrome/116.0.1938.76 Safari/537.36"
40.77.167.41 - - [13/Jul/2025:18:56:45 +0000] "GET /?k=6204096061900&mod=7a2ce833&uri=dp.php%3Fid%3D207204-296%26name%3Dbansidhar+ka+gana+dijiye HTTP/1.1" 200 22073 "-" "Mozilla/5.0 AppleWebKit/537.36 (KHTML, like Gecko; compatible; bingbot/2.0; +http://www.bing.com/bingbot.htm) Chrome/116.0.1938.76 Safari/537.36"
40.77.167.41 - - [13/Jul/2025:18:56:46 +0000] "GET /?k=6201000061900&mod=90fa69c8&uri=form.php%3Fid%3D207100-219%26name%3Dindoor+wood+pellet+stove HTTP/1.1" 200 21833 "-" "Mozilla/5.0 AppleWebKit/537.36 (KHTML, like Gecko; compatible; bingbot/2.0; +http://www.bing.com/bingbot.htm) Chrome/116.0.1938.76 Safari/537.36"
40.77.167.41 - - [13/Jul/2025:18:56:47 +0000] "GET /?k=6201720101900&mod=90fa69c8&uri=us.php%3Fid%3D207124-219%26name%3Dreal+flame+4199 HTTP/1.1" 200 21598 "-" "Mozilla/5.0 AppleWebKit/537.36 (KHTML, like Gecko; compatible; bingbot/2.0; +http://www.bing.com/bingbot.htm) Chrome/116.0.1938.76 Safari/537.36"
40.77.167.41 - - [13/Jul/2025:18:56:48 +0000] "GET /?k=6200880021900&mod=90fa69c8&uri=shop.php%3Fid%3D207096-219%26name%3Dlarge+inset+electric+fires HTTP/1.1" 200 21963 "-" "Mozilla/5.0 AppleWebKit/537.36 (KHTML, like Gecko; compatible; bingbot/2.0; +http://www.bing.com/bingbot.htm) Chrome/116.0.1938.76 Safari/537.36"
40.77.167.41 - - [13/Jul/2025:18:56:49 +0000] "GET /?k=6192715011900&mod=7a2ce833&uri=goods.php%3Fid%3D206823-296%26name%3Dsutala+tani+kora+me HTTP/1.1" 200 21940 "-" "Mozilla/5.0 AppleWebKit/537.36 (KHTML, like Gecko; compatible; bingbot/2.0; +http://www.bing.com/bingbot.htm) Chrome/116.0.1938.76 Safari/537.36"
40.77.167.41 - - [13/Jul/2025:18:56:50 +0000] "GET /?k=6158101001900&mod=68e84057&uri=us.php%3Fid%3D205638-351%26name%3Dbaskets+montante+femme HTTP/1.1" 200 21118 "-" "Mozilla/5.0 AppleWebKit/537.36 (KHTML, like Gecko; compatible; bingbot/2.0; +http://www.bing.com/bingbot.htm) Chrome/116.0.1938.76 Safari/537.36"
209.74.77.214 - - [13/Jul/2025:18:56:59 +0000] "POST /wp-cron.php?doing_wp_cron=1752433019.2966609001159667968750 HTTP/1.1" 200 - "-" "WordPress/6.8.1; https://alalamy.com.au"
66.249.65.165 - - [13/Jul/2025:18:56:57 +0000] "GET /?k=6699995001900&mod=1366e101&uri=category-info.php%3Fid%3D223764-376%26name%3Dsamurai+jack+kisscartoon HTTP/1.1" 301 - "-" "Mozilla/5.0 (Linux; Android 6.0.1; Nexus 5X Build/MMB29P) AppleWebKit/537.36 (KHTML, like Gecko) Chrome/137.0.7151.103 Mobile Safari/537.36 (compatible; GoogleOther)"
209.74.77.214 - - [13/Jul/2025:18:56:59 +0000] "POST /wp-admin/admin-ajax.php?action=async_litespeed&nonce=llJvI0a8prFz9Lrbuj3P1NK3Y9wanrqq&litespeed_type=imgoptm HTTP/1.1" 200 21 "-" "WordPress/6.8.1; https://alalamy.com.au"
40.77.167.41 - - [13/Jul/2025:18:56:51 +0000] "GET /?k=6202320001900&mod=90fa69c8&uri=article.php%3Fid%3D207144-219%26name%3Dstovax+studio+duplex HTTP/1.1" 200 22574 "-" "Mozilla/5.0 AppleWebKit/537.36 (KHTML, like Gecko; compatible; bingbot/2.0; +http://www.bing.com/bingbot.htm) Chrome/116.0.1938.76 Safari/537.36"
66.249.65.164 - - [13/Jul/2025:18:56:59 +0000] "GET /?k=6699995001900&mod=1366e101&uri=category-info.php%3Fid%3D223764-376%26name%3Dsamurai%20jack%20kisscartoon HTTP/1.1" 200 26568 "-" "Mozilla/5.0 (Linux; Android 6.0.1; Nexus 5X Build/MMB29P) AppleWebKit/537.36 (KHTML, like Gecko) Chrome/137.0.7151.103 Mobile Safari/537.36 (compatible; GoogleOther)"
40.77.167.41 - - [13/Jul/2025:18:56:51 +0000] "GET /?k=6172184021900&mod=7a2ce833&uri=us.php%3Fid%3D206112-296%26name%3Dlata+mangeshkar+koi+ladki+hai HTTP/1.1" 200 22014 "-" "Mozilla/5.0 AppleWebKit/537.36 (KHTML, like Gecko; compatible; bingbot/2.0; +http://www.bing.com/bingbot.htm) Chrome/116.0.1938.76 Safari/537.36"
207.46.13.52 - - [13/Jul/2025:18:56:54 +0000] "GET /?k=6203616041900&mod=90fa69c8&uri=blog.php%3Fid%3D207188-219%26name%3Doutdoor+electric+chiminea HTTP/1.1" 200 21429 "-" "Mozilla/5.0 AppleWebKit/537.36 (KHTML, like Gecko; compatible; bingbot/2.0; +http://www.bing.com/bingbot.htm) Chrome/116.0.1938.76 Safari/537.36"
40.77.167.41 - - [13/Jul/2025:18:57:02 +0000] "GET /?k=119530578031900&mod=43460ad1&uri=shop.php%3Fid%3D3989102-827%26name%3Dgrifo+dorado+leroy+merlin HTTP/1.1" 200 22270 "-" "Mozilla/5.0 AppleWebKit/537.36 (KHTML, like Gecko; compatible; bingbot/2.0; +http://www.bing.com/bingbot.htm) Chrome/116.0.1938.76 Safari/537.36"
207.46.13.52 - - [13/Jul/2025:18:57:02 +0000] "GET /?k=6200640021900&mod=90fa69c8&uri=blog.php%3Fid%3D207088-219%26name%3Dmasonry+heaters+for+sale HTTP/1.1" 200 21751 "-" "Mozilla/5.0 AppleWebKit/537.36 (KHTML, like Gecko; compatible; bingbot/2.0; +http://www.bing.com/bingbot.htm) Chrome/116.0.1938.76 Safari/537.36"
40.77.167.41 - - [13/Jul/2025:18:57:03 +0000] "GET /?k=6198960081900&mod=90fa69c8&uri=dp.php%3Fid%3D207032-219%26name%3Dmr+buddy+heater+with+20+lb+tank HTTP/1.1" 200 21866 "-" "Mozilla/5.0 AppleWebKit/537.36 (KHTML, like Gecko; compatible; bingbot/2.0; +http://www.bing.com/bingbot.htm) Chrome/116.0.1938.76 Safari/537.36"
207.46.13.52 - - [13/Jul/2025:18:57:04 +0000] "GET /?k=6203256021900&mod=90fa69c8&uri=article.php%3Fid%3D207176-219%26name%3Delectric+fire+with+storage HTTP/1.1" 200 22658 "-" "Mozilla/5.0 AppleWebKit/537.36 (KHTML, like Gecko; compatible; bingbot/2.0; +http://www.bing.com/bingbot.htm) Chrome/116.0.1938.76 Safari/537.36"
40.77.167.41 - - [13/Jul/2025:18:57:04 +0000] "GET /?k=6199920001900&mod=90fa69c8&uri=shop.php%3Fid%3D207064-219%26name%3Dcurtain+rod+support+bracket HTTP/1.1" 200 22231 "-" "Mozilla/5.0 AppleWebKit/537.36 (KHTML, like Gecko; compatible; bingbot/2.0; +http://www.bing.com/bingbot.htm) Chrome/116.0.1938.76 Safari/537.36"
207.46.13.52 - - [13/Jul/2025:18:57:05 +0000] "GET /?k=6199560131900&mod=90fa69c8&uri=pin.php%3Fid%3D207052-219%26name%3Dcurtain+rod+with+holder HTTP/1.1" 200 21932 "-" "Mozilla/5.0 AppleWebKit/537.36 (KHTML, like Gecko; compatible; bingbot/2.0; +http://www.bing.com/bingbot.htm) Chrome/116.0.1938.76 Safari/537.36"
40.77.167.41 - - [13/Jul/2025:18:57:05 +0000] "GET /?k=6201120021900&mod=90fa69c8&uri=form.php%3Fid%3D207104-219%26name%3Dmasport+bowden+wood+stacker HTTP/1.1" 200 22086 "-" "Mozilla/5.0 AppleWebKit/537.36 (KHTML, like Gecko; compatible; bingbot/2.0; +http://www.bing.com/bingbot.htm) Chrome/116.0.1938.76 Safari/537.36"
207.46.13.52 - - [13/Jul/2025:18:57:06 +0000] "GET /?k=6200760081900&mod=90fa69c8&uri=us.php%3Fid%3D207092-219%26name%3Dwood+burning+stove+companies HTTP/1.1" 200 21972 "-" "Mozilla/5.0 AppleWebKit/537.36 (KHTML, like Gecko; compatible; bingbot/2.0; +http://www.bing.com/bingbot.htm) Chrome/116.0.1938.76 Safari/537.36"
207.46.13.52 - - [13/Jul/2025:18:57:06 +0000] "GET /?k=6204336031900&mod=90fa69c8&uri=goods.php%3Fid%3D207212-219%26name%3Dwood+heater+stove HTTP/1.1" 200 22136 "-" "Mozilla/5.0 AppleWebKit/537.36 (KHTML, like Gecko; compatible; bingbot/2.0; +http://www.bing.com/bingbot.htm) Chrome/116.0.1938.76 Safari/537.36"
207.46.13.52 - - [13/Jul/2025:18:57:07 +0000] "GET /?k=6205776021900&mod=90fa69c8&uri=itm.php%3Fid%3D207260-219%26name%3Dsolo+stove+smokey HTTP/1.1" 200 22042 "-" "Mozilla/5.0 AppleWebKit/537.36 (KHTML, like Gecko; compatible; bingbot/2.0; +http://www.bing.com/bingbot.htm) Chrome/116.0.1938.76 Safari/537.36"
207.46.13.52 - - [13/Jul/2025:18:57:08 +0000] "GET /?k=6204456021900&mod=90fa69c8&uri=pin.php%3Fid%3D207216-219%26name%3Dgeyser+not+working HTTP/1.1" 200 22349 "-" "Mozilla/5.0 AppleWebKit/537.36 (KHTML, like Gecko; compatible; bingbot/2.0; +http://www.bing.com/bingbot.htm) Chrome/116.0.1938.76 Safari/537.36"
207.46.13.52 - - [13/Jul/2025:18:57:09 +0000] "GET /?k=6206856021900&mod=90fa69c8&uri=product.php%3Fid%3D207296-219%26name%3Dglass+fronted+inset+electric+fires HTTP/1.1" 200 22399 "-" "Mozilla/5.0 AppleWebKit/537.36 (KHTML, like Gecko; compatible; bingbot/2.0; +http://www.bing.com/bingbot.htm) Chrome/116.0.1938.76 Safari/537.36"
207.46.13.52 - - [13/Jul/2025:18:57:09 +0000] "GET /safe_search/config?return_url=%2Fproduct%2Fdetail%2F6207696000900 HTTP/1.1" 200 21834 "-" "Mozilla/5.0 AppleWebKit/537.36 (KHTML, like Gecko; compatible; bingbot/2.0; +http://www.bing.com/bingbot.htm) Chrome/116.0.1938.76 Safari/537.36"
207.46.13.52 - - [13/Jul/2025:18:57:10 +0000] "GET /?k=6204816041900&mod=90fa69c8&uri=goods.php%3Fid%3D207228-219%26name%3Dwood+heater+prices HTTP/1.1" 200 21491 "-" "Mozilla/5.0 AppleWebKit/537.36 (KHTML, like Gecko; compatible; bingbot/2.0; +http://www.bing.com/bingbot.htm) Chrome/116.0.1938.76 Safari/537.36"
207.46.13.52 - - [13/Jul/2025:18:57:10 +0000] "GET /?k=6201960031900&mod=90fa69c8&uri=search.php%3Fid%3D207132-219%26name%3Dpan+under+hot+water+heater HTTP/1.1" 200 22337 "-" "Mozilla/5.0 AppleWebKit/537.36 (KHTML, like Gecko; compatible; bingbot/2.0; +http://www.bing.com/bingbot.htm) Chrome/116.0.1938.76 Safari/537.36"
207.46.13.52 - - [13/Jul/2025:18:57:11 +0000] "GET /?k=6136745021900&mod=9ff3e121&uri=category-info.php%3Fid%3D204926-208%26name%3Dinstax+wide+30 HTTP/1.1" 200 21270 "-" "Mozilla/5.0 AppleWebKit/537.36 (KHTML, like Gecko; compatible; bingbot/2.0; +http://www.bing.com/bingbot.htm) Chrome/116.0.1938.76 Safari/537.36"
207.46.13.52 - - [13/Jul/2025:18:57:11 +0000] "GET /?k=6205296001900&mod=90fa69c8&uri=dp.php%3Fid%3D207244-219%26name%3Dblaze+600+wood+heater HTTP/1.1" 200 21226 "-" "Mozilla/5.0 AppleWebKit/537.36 (KHTML, like Gecko; compatible; bingbot/2.0; +http://www.bing.com/bingbot.htm) Chrome/116.0.1938.76 Safari/537.36"
207.46.13.52 - - [13/Jul/2025:18:57:12 +0000] "GET /?k=6199080021900&mod=90fa69c8&uri=form.php%3Fid%3D207036-219%26name%3Dexterior+wood+furnace HTTP/1.1" 200 21824 "-" "Mozilla/5.0 AppleWebKit/537.36 (KHTML, like Gecko; compatible; bingbot/2.0; +http://www.bing.com/bingbot.htm) Chrome/116.0.1938.76 Safari/537.36"
40.77.167.41 - - [13/Jul/2025:18:57:12 +0000] "GET /?k=6205416041900&mod=90fa69c8&uri=pin.php%3Fid%3D207248-219%26name%3Dwood+heaters+for+sale+bunnings HTTP/1.1" 200 22136 "-" "Mozilla/5.0 AppleWebKit/537.36 (KHTML, like Gecko; compatible; bingbot/2.0; +http://www.bing.com/bingbot.htm) Chrome/116.0.1938.76 Safari/537.36"
207.46.13.52 - - [13/Jul/2025:18:57:12 +0000] "GET /?k=6199440001900&mod=90fa69c8&uri=pin.php%3Fid%3D207048-219%26name%3Dyankum+tackle HTTP/1.1" 200 22490 "-" "Mozilla/5.0 AppleWebKit/537.36 (KHTML, like Gecko; compatible; bingbot/2.0; +http://www.bing.com/bingbot.htm) Chrome/116.0.1938.76 Safari/537.36"
207.46.13.52 - - [13/Jul/2025:18:57:13 +0000] "GET /?k=6203856061900&mod=90fa69c8&uri=us.php%3Fid%3D207196-219%26name%3Dmasport+bowden+wood+heater HTTP/1.1" 200 21943 "-" "Mozilla/5.0 AppleWebKit/537.36 (KHTML, like Gecko; compatible; bingbot/2.0; +http://www.bing.com/bingbot.htm) Chrome/116.0.1938.76 Safari/537.36"
207.46.13.52 - - [13/Jul/2025:18:57:13 +0000] "GET /?k=6202080021900&mod=90fa69c8&uri=category-info.php%3Fid%3D207136-219%26name%3Dnash+ready+tied+rigs HTTP/1.1" 200 21667 "-" "Mozilla/5.0 AppleWebKit/537.36 (KHTML, like Gecko; compatible; bingbot/2.0; +http://www.bing.com/bingbot.htm) Chrome/116.0.1938.76 Safari/537.36"
207.46.13.52 - - [13/Jul/2025:18:57:14 +0000] "GET /?k=6201480061900&mod=7a2ce833&uri=brands.php%3Fid%3D207116-296%26name%3Dfree+gana+bhakti+gana HTTP/1.1" 200 21521 "-" "Mozilla/5.0 AppleWebKit/537.36 (KHTML, like Gecko; compatible; bingbot/2.0; +http://www.bing.com/bingbot.htm) Chrome/116.0.1938.76 Safari/537.36"
207.46.13.52 - - [13/Jul/2025:18:57:15 +0000] "GET /?k=6203160131900&mod=90fa69c8&uri=us.php%3Fid%3D207172-219%26name%3Dkorda+spod+braid HTTP/1.1" 200 21088 "-" "Mozilla/5.0 AppleWebKit/537.36 (KHTML, like Gecko; compatible; bingbot/2.0; +http://www.bing.com/bingbot.htm) Chrome/116.0.1938.76 Safari/537.36"
207.46.13.52 - - [13/Jul/2025:18:57:15 +0000] "GET /?k=6207096001900&mod=90fa69c8&uri=us.php%3Fid%3D207304-219%26name%3Dquadrafire+wood+stove+models HTTP/1.1" 200 21822 "-" "Mozilla/5.0 AppleWebKit/537.36 (KHTML, like Gecko; compatible; bingbot/2.0; +http://www.bing.com/bingbot.htm) Chrome/116.0.1938.76 Safari/537.36"
207.46.13.52 - - [13/Jul/2025:18:57:16 +0000] "GET /?k=6201600061900&mod=90fa69c8&uri=itm.php%3Fid%3D207120-219%26name%3Delectric+log+heater+insert HTTP/1.1" 200 21746 "-" "Mozilla/5.0 AppleWebKit/537.36 (KHTML, like Gecko; compatible; bingbot/2.0; +http://www.bing.com/bingbot.htm) Chrome/116.0.1938.76 Safari/537.36"
207.46.13.52 - - [13/Jul/2025:18:57:16 +0000] "GET /?k=6198720021900&mod=90fa69c8&uri=product.php%3Fid%3D207024-219%26name%3Ddimplex+electric+stove+opti+myst HTTP/1.1" 200 21456 "-" "Mozilla/5.0 AppleWebKit/537.36 (KHTML, like Gecko; compatible; bingbot/2.0; +http://www.bing.com/bingbot.htm) Chrome/116.0.1938.76 Safari/537.36"
207.46.13.52 - - [13/Jul/2025:18:57:17 +0000] "GET /?k=6200520001900&mod=90fa69c8&uri=search.php%3Fid%3D207084-219%26name%3Dwill+a+solar+cover+heat+a+pool HTTP/1.1" 200 22735 "-" "Mozilla/5.0 AppleWebKit/537.36 (KHTML, like Gecko; compatible; bingbot/2.0; +http://www.bing.com/bingbot.htm) Chrome/116.0.1938.76 Safari/537.36"
207.46.13.52 - - [13/Jul/2025:18:57:18 +0000] "GET /?k=6200160021900&mod=90fa69c8&uri=dp.php%3Fid%3D207072-219%26name%3Dgazco+135r+electric+fire HTTP/1.1" 200 22190 "-" "Mozilla/5.0 AppleWebKit/537.36 (KHTML, like Gecko; compatible; bingbot/2.0; +http://www.bing.com/bingbot.htm) Chrome/116.0.1938.76 Safari/537.36"
207.46.13.52 - - [13/Jul/2025:18:57:19 +0000] "GET /?k=6198840061900&mod=90fa69c8&uri=shared.php%3Fid%3D207028-219%26name%3D20000+btu+pellet+stove HTTP/1.1" 200 22112 "-" "Mozilla/5.0 AppleWebKit/537.36 (KHTML, like Gecko; compatible; bingbot/2.0; +http://www.bing.com/bingbot.htm) Chrome/116.0.1938.76 Safari/537.36"
207.46.13.52 - - [13/Jul/2025:18:57:20 +0000] "GET /?k=6201840021900&mod=90fa69c8&uri=goods.php%3Fid%3D207128-219%26name%3Denglander+wood+stove+insert HTTP/1.1" 200 22134 "-" "Mozilla/5.0 AppleWebKit/537.36 (KHTML, like Gecko; compatible; bingbot/2.0; +http://www.bing.com/bingbot.htm) Chrome/116.0.1938.76 Safari/537.36"
207.46.13.52 - - [13/Jul/2025:18:57:20 +0000] "GET /?k=6203040091900&mod=90fa69c8&uri=itm.php%3Fid%3D207168-219%26name%3Doptiflame+26+electric+firebox HTTP/1.1" 200 21239 "-" "Mozilla/5.0 AppleWebKit/537.36 (KHTML, like Gecko; compatible; bingbot/2.0; +http://www.bing.com/bingbot.htm) Chrome/116.0.1938.76 Safari/537.36"
40.77.167.41 - - [13/Jul/2025:18:57:23 +0000] "GET /pcmypage?callback=/product%2Fdetail%2F6207576022900 HTTP/1.1" 200 22192 "-" "Mozilla/5.0 AppleWebKit/537.36 (KHTML, like Gecko; compatible; bingbot/2.0; +http://www.bing.com/bingbot.htm) Chrome/116.0.1938.76 Safari/537.36"
40.77.167.41 - - [13/Jul/2025:18:57:23 +0000] "GET /?k=6206616001900&mod=90fa69c8&uri=search.php%3Fid%3D207288-219%26name%3D60+amp+electric+tankless+water+heater HTTP/1.1" 200 22393 "-" "Mozilla/5.0 AppleWebKit/537.36 (KHTML, like Gecko; compatible; bingbot/2.0; +http://www.bing.com/bingbot.htm) Chrome/116.0.1938.76 Safari/537.36"
40.77.167.41 - - [13/Jul/2025:18:57:31 +0000] "GET /?k=6202440041900&mod=90fa69c8&uri=search.php%3Fid%3D207148-219%26name%3Dlopi+1750+wood+stove HTTP/1.1" 200 21765 "-" "Mozilla/5.0 AppleWebKit/537.36 (KHTML, like Gecko; compatible; bingbot/2.0; +http://www.bing.com/bingbot.htm) Chrome/116.0.1938.76 Safari/537.36"
207.46.13.125 - - [13/Jul/2025:18:57:33 +0000] "GET /?k=6204696021900&mod=90fa69c8&uri=blog.php%3Fid%3D207224-219%26name%3Dfireplace+with+media+storage HTTP/1.1" 200 22778 "-" "Mozilla/5.0 AppleWebKit/537.36 (KHTML, like Gecko; compatible; bingbot/2.0; +http://www.bing.com/bingbot.htm) Chrome/116.0.1938.76 Safari/537.36"
207.46.13.125 - - [13/Jul/2025:18:57:36 +0000] "GET /?k=6206976061900&mod=90fa69c8&uri=shared.php%3Fid%3D207300-219%26name%3Dcomfort+zone+infrared+heater+reviews HTTP/1.1" 200 21778 "-" "Mozilla/5.0 AppleWebKit/537.36 (KHTML, like Gecko; compatible; bingbot/2.0; +http://www.bing.com/bingbot.htm) Chrome/116.0.1938.76 Safari/537.36"
207.46.13.125 - - [13/Jul/2025:18:57:37 +0000] "GET /?k=6198600111900&mod=90fa69c8&uri=pin.php%3Fid%3D207020-219%26name%3Dbest+mobile+hose+reel HTTP/1.1" 200 21765 "-" "Mozilla/5.0 AppleWebKit/537.36 (KHTML, like Gecko; compatible; bingbot/2.0; +http://www.bing.com/bingbot.htm) Chrome/116.0.1938.76 Safari/537.36"
207.46.13.125 - - [13/Jul/2025:18:57:39 +0000] "GET /?k=6205656041900&mod=90fa69c8&uri=blog.php%3Fid%3D207256-219%26name%3Dreal+flame+tracey+grand+electric+fireplace HTTP/1.1" 200 22227 "-" "Mozilla/5.0 AppleWebKit/537.36 (KHTML, like Gecko; compatible; bingbot/2.0; +http://www.bing.com/bingbot.htm) Chrome/116.0.1938.76 Safari/537.36"
207.46.13.125 - - [13/Jul/2025:18:57:40 +0000] "GET /?k=6200400111900&mod=90fa69c8&uri=dp.php%3Fid%3D207080-219%26name%3Dwood+curtain+rod+holders+home+depot HTTP/1.1" 200 21847 "-" "Mozilla/5.0 AppleWebKit/537.36 (KHTML, like Gecko; compatible; bingbot/2.0; +http://www.bing.com/bingbot.htm) Chrome/116.0.1938.76 Safari/537.36"
207.46.13.125 - - [13/Jul/2025:18:57:40 +0000] "GET /?k=6200040141900&mod=90fa69c8&uri=pin.php%3Fid%3D207068-219%26name%3Dnash+purple+monster+squid HTTP/1.1" 200 21669 "-" "Mozilla/5.0 AppleWebKit/537.36 (KHTML, like Gecko; compatible; bingbot/2.0; +http://www.bing.com/bingbot.htm) Chrome/116.0.1938.76 Safari/537.36"
207.46.13.125 - - [13/Jul/2025:18:57:41 +0000] "GET /?k=6201360041900&mod=90fa69c8&uri=pin.php%3Fid%3D207112-219%26name%3Dpellet+stove+whitfield HTTP/1.1" 200 21853 "-" "Mozilla/5.0 AppleWebKit/537.36 (KHTML, like Gecko; compatible; bingbot/2.0; +http://www.bing.com/bingbot.htm) Chrome/116.0.1938.76 Safari/537.36"
207.46.13.125 - - [13/Jul/2025:18:57:41 +0000] "GET /?k=6204576061900&mod=90fa69c8&uri=blog.php%3Fid%3D207220-219%26name%3Dbest+price+for+heating+oil+near+me HTTP/1.1" 200 22387 "-" "Mozilla/5.0 AppleWebKit/537.36 (KHTML, like Gecko; compatible; bingbot/2.0; +http://www.bing.com/bingbot.htm) Chrome/116.0.1938.76 Safari/537.36"
207.46.13.125 - - [13/Jul/2025:18:57:42 +0000] "GET /?k=6206256021900&mod=90fa69c8&uri=dp.php%3Fid%3D207276-219%26name%3Dbarkridge+infrared+electric+log+set HTTP/1.1" 200 22704 "-" "Mozilla/5.0 AppleWebKit/537.36 (KHTML, like Gecko; compatible; bingbot/2.0; +http://www.bing.com/bingbot.htm) Chrome/116.0.1938.76 Safari/537.36"
207.46.13.125 - - [13/Jul/2025:18:57:43 +0000] "GET /?k=6202920021900&mod=90fa69c8&uri=shop.php%3Fid%3D207164-219%26name%3Dsmall+wood+burning+stove+for+fireplace HTTP/1.1" 200 22097 "-" "Mozilla/5.0 AppleWebKit/537.36 (KHTML, like Gecko; compatible; bingbot/2.0; +http://www.bing.com/bingbot.htm) Chrome/116.0.1938.76 Safari/537.36"
207.46.13.125 - - [13/Jul/2025:18:57:44 +0000] "GET /?k=116554839021900&mod=9ff3e121&uri=shared.php%3Fid%3D3889844-208%26name%3Dcanon+g7x+4k+video HTTP/1.1" 200 21971 "-" "Mozilla/5.0 AppleWebKit/537.36 (KHTML, like Gecko; compatible; bingbot/2.0; +http://www.bing.com/bingbot.htm) Chrome/116.0.1938.76 Safari/537.36"
207.46.13.125 - - [13/Jul/2025:18:57:45 +0000] "GET /?k=6143885001900&mod=9ff3e121&uri=shared.php%3Fid%3D205164-208%26name%3Dkamera+fujifilm+instax+mini HTTP/1.1" 200 21018 "-" "Mozilla/5.0 AppleWebKit/537.36 (KHTML, like Gecko; compatible; bingbot/2.0; +http://www.bing.com/bingbot.htm) Chrome/116.0.1938.76 Safari/537.36"
207.46.13.125 - - [13/Jul/2025:18:57:45 +0000] "GET /?k=6199320051900&mod=90fa69c8&uri=us.php%3Fid%3D207044-219%26name%3Dvegetable+oil+lamp+heater HTTP/1.1" 200 22042 "-" "Mozilla/5.0 AppleWebKit/537.36 (KHTML, like Gecko; compatible; bingbot/2.0; +http://www.bing.com/bingbot.htm) Chrome/116.0.1938.76 Safari/537.36"
207.46.13.125 - - [13/Jul/2025:18:57:46 +0000] "GET /?k=6206496001900&mod=90fa69c8&uri=info.php%3Fid%3D207284-219%26name%3Dpower+vent+water+heater+electrical+requirements HTTP/1.1" 200 22403 "-" "Mozilla/5.0 AppleWebKit/537.36 (KHTML, like Gecko; compatible; bingbot/2.0; +http://www.bing.com/bingbot.htm) Chrome/116.0.1938.76 Safari/537.36"
207.46.13.125 - - [13/Jul/2025:18:57:47 +0000] "GET /?k=6200280021900&mod=90fa69c8&uri=products.php%3Fid%3D207076-219%26name%3Dos2527gb HTTP/1.1" 200 22534 "-" "Mozilla/5.0 AppleWebKit/537.36 (KHTML, like Gecko; compatible; bingbot/2.0; +http://www.bing.com/bingbot.htm) Chrome/116.0.1938.76 Safari/537.36"
207.46.13.125 - - [13/Jul/2025:18:57:48 +0000] "GET /?k=6178997001900&mod=7a2ce833&uri=info.php%3Fid%3D206349-296%26name%3Dlove+songs+tamil+mp3 HTTP/1.1" 200 21502 "-" "Mozilla/5.0 AppleWebKit/537.36 (KHTML, like Gecko; compatible; bingbot/2.0; +http://www.bing.com/bingbot.htm) Chrome/116.0.1938.76 Safari/537.36"
207.46.13.125 - - [13/Jul/2025:18:57:49 +0000] "GET /?k=6204216041900&mod=90fa69c8&uri=article.php%3Fid%3D207208-219%26name%3Drusty+outdoor+wood+burner HTTP/1.1" 200 22459 "-" "Mozilla/5.0 AppleWebKit/537.36 (KHTML, like Gecko; compatible; bingbot/2.0; +http://www.bing.com/bingbot.htm) Chrome/116.0.1938.76 Safari/537.36"
207.46.13.125 - - [13/Jul/2025:18:57:50 +0000] "GET /?k=6205176011900&mod=90fa69c8&uri=brands.php%3Fid%3D207240-219%26name%3Dpan+for+under+water+heater HTTP/1.1" 200 22645 "-" "Mozilla/5.0 AppleWebKit/537.36 (KHTML, like Gecko; compatible; bingbot/2.0; +http://www.bing.com/bingbot.htm) Chrome/116.0.1938.76 Safari/537.36"
207.46.13.125 - - [13/Jul/2025:18:57:51 +0000] "GET /pcmypage?callback=/product%2Fdetail%2F6136775012900 HTTP/1.1" 200 21186 "-" "Mozilla/5.0 AppleWebKit/537.36 (KHTML, like Gecko; compatible; bingbot/2.0; +http://www.bing.com/bingbot.htm) Chrome/116.0.1938.76 Safari/537.36"
40.77.167.41 - - [13/Jul/2025:18:57:51 +0000] "GET /?k=6207216141900&mod=90fa69c8&uri=search.php%3Fid%3D207308-219%26name%3Dindoor+pellet+stove HTTP/1.1" 200 21854 "-" "Mozilla/5.0 AppleWebKit/537.36 (KHTML, like Gecko; compatible; bingbot/2.0; +http://www.bing.com/bingbot.htm) Chrome/116.0.1938.76 Safari/537.36"
40.77.167.187 - - [13/Jul/2025:18:58:17 +0000] "GET /robots.txt HTTP/1.1" 200 82 "-" "Mozilla/5.0 AppleWebKit/537.36 (KHTML, like Gecko; compatible; bingbot/2.0; +http://www.bing.com/bingbot.htm) Chrome/116.0.1938.76 Safari/537.36"
207.46.13.52 - - [13/Jul/2025:18:58:20 +0000] "GET /?k=6150995071900&mod=68e84057&uri=dp.php%3Fid%3D205401-351%26name%3Dbasket+chaussette+luxe HTTP/1.1" 200 21115 "-" "Mozilla/5.0 AppleWebKit/537.36 (KHTML, like Gecko; compatible; bingbot/2.0; +http://www.bing.com/bingbot.htm) Chrome/116.0.1938.76 Safari/537.36"
157.55.39.62 - - [13/Jul/2025:18:58:23 +0000] "GET /?k=6136775011900&mod=9ff3e121&uri=category-info.php%3Fid%3D204927-208%26name%3Dsony+x320 HTTP/1.1" 200 21343 "-" "Mozilla/5.0 AppleWebKit/537.36 (KHTML, like Gecko; compatible; bingbot/2.0; +http://www.bing.com/bingbot.htm) Chrome/116.0.1938.76 Safari/537.36"
40.77.167.41 - - [13/Jul/2025:18:58:24 +0000] "GET /?k=6205056021900&mod=90fa69c8&uri=shared.php%3Fid%3D207236-219%26name%3Dkorda+chod+it+tool HTTP/1.1" 200 22461 "-" "Mozilla/5.0 AppleWebKit/537.36 (KHTML, like Gecko; compatible; bingbot/2.0; +http://www.bing.com/bingbot.htm) Chrome/116.0.1938.76 Safari/537.36"
207.46.13.52 - - [13/Jul/2025:18:58:51 +0000] "GET /?k=6202560031900&mod=7a2ce833&uri=category-info.php%3Fid%3D207152-296%26name%3Ddil+me+tu+shyam+naam+ki+lyrics HTTP/1.1" 200 22179 "-" "Mozilla/5.0 AppleWebKit/537.36 (KHTML, like Gecko; compatible; bingbot/2.0; +http://www.bing.com/bingbot.htm) Chrome/116.0.1938.76 Safari/537.36"
207.46.13.52 - - [13/Jul/2025:18:58:51 +0000] "GET /?k=6199680021900&mod=90fa69c8&uri=itm.php%3Fid%3D207056-219%26name%3Dkorda+ready+tied+spinner+rig HTTP/1.1" 200 21694 "-" "Mozilla/5.0 AppleWebKit/537.36 (KHTML, like Gecko; compatible; bingbot/2.0; +http://www.bing.com/bingbot.htm) Chrome/116.0.1938.76 Safari/537.36"
209.74.77.214 - - [13/Jul/2025:18:59:07 +0000] "POST /wp-cron.php?doing_wp_cron=1752433147.0586440563201904296875 HTTP/1.1" 200 - "-" "WordPress/6.8.1; https://alalamy.com.au"
54.36.148.173 - - [13/Jul/2025:18:59:06 +0000] "GET /?k=98939513041900&uri=shop.php%3Fid%3D3301859-717%26name%3Dbotas%20ugg%20talla%2022 HTTP/1.1" 200 26568 "-" "Mozilla/5.0 (compatible; AhrefsBot/7.0; +http://ahrefs.com/robot/)"
209.74.77.214 - - [13/Jul/2025:18:59:07 +0000] "POST /wp-admin/admin-ajax.php?action=async_litespeed&nonce=rn3CjtsjIlpLG0pLq5xAZeEeTkF8LwJa&litespeed_type=imgoptm HTTP/1.1" 200 21 "-" "WordPress/6.8.1; https://alalamy.com.au"
157.55.39.62 - - [13/Jul/2025:18:59:43 +0000] "GET /?k=6185838021900&mod=7a2ce833&uri=shop.php%3Fid%3D206586-296%26name%3Dduniya+se+tujhko+chura+ke+dj HTTP/1.1" 200 22372 "-" "Mozilla/5.0 AppleWebKit/537.36 (KHTML, like Gecko; compatible; bingbot/2.0; +http://www.bing.com/bingbot.htm) Chrome/116.0.1938.76 Safari/537.36"
40.77.167.41 - - [13/Jul/2025:18:59:47 +0000] "GET /?k=6203496041900&mod=90fa69c8&uri=news.php%3Fid%3D207184-219%26name%3Dpreston+innovations+telescopic+feeder+arm HTTP/1.1" 200 22328 "-" "Mozilla/5.0 AppleWebKit/537.36 (KHTML, like Gecko; compatible; bingbot/2.0; +http://www.bing.com/bingbot.htm) Chrome/116.0.1938.76 Safari/537.36"
209.74.77.214 - - [13/Jul/2025:19:00:31 +0000] "POST /wp-cron.php?doing_wp_cron=1752433231.4493329524993896484375 HTTP/1.1" 200 - "-" "WordPress/6.8.1; https://alalamy.com.au"
66.249.65.164 - - [13/Jul/2025:19:00:29 +0000] "GET /?k=6707195001900&mod=9ff3e121&uri=form.php%3Fid%3D224004-208%26name%3Dsony+handycam+640x+digital+zoom HTTP/1.1" 301 - "-" "Mozilla/5.0 (Linux; Android 6.0.1; Nexus 5X Build/MMB29P) AppleWebKit/537.36 (KHTML, like Gecko) Chrome/137.0.7151.103 Mobile Safari/537.36 (compatible; GoogleOther)"
209.74.77.214 - - [13/Jul/2025:19:00:31 +0000] "POST /wp-admin/admin-ajax.php?action=async_litespeed&nonce=sQkJT1MJDYr67UFmRLG7Lw5AOuYebcI1&litespeed_type=imgoptm HTTP/1.1" 200 21 "-" "WordPress/6.8.1; https://alalamy.com.au"
209.74.77.214 - - [13/Jul/2025:19:00:32 +0000] "POST /wp-cron.php?doing_wp_cron=1752433232.4072999954223632812500 HTTP/1.1" 200 - "-" "WordPress/6.8.1; https://alalamy.com.au"
66.249.65.164 - - [13/Jul/2025:19:00:32 +0000] "GET /?k=6707195001900&mod=9ff3e121&uri=form.php%3Fid%3D224004-208%26name%3Dsony%20handycam%20640x%20digital%20zoom HTTP/1.1" 200 26566 "-" "Mozilla/5.0 (Linux; Android 6.0.1; Nexus 5X Build/MMB29P) AppleWebKit/537.36 (KHTML, like Gecko) Chrome/137.0.7151.103 Mobile Safari/537.36 (compatible; GoogleOther)"
209.74.77.214 - - [13/Jul/2025:19:00:32 +0000] "POST /wp-admin/admin-ajax.php?action=async_litespeed&nonce=OEThd5s5rn2fJ5R2qaN6Inxhqo9m7xUM&litespeed_type=imgoptm HTTP/1.1" 200 21 "-" "WordPress/6.8.1; https://alalamy.com.au"
66.249.65.164 - - [13/Jul/2025:19:01:38 +0000] "GET /wp-content/uploads/2024/09/Halal_logo2.svg HTTP/1.1" 200 1413 "https://alalamy.com.au/?k=6707195001900&mod=9ff3e121&uri=form.php%3Fid%3D224004-208%26name%3Dsony%20handycam%20640x%20digital%20zoom" "Mozilla/5.0 (Linux; Android 6.0.1; Nexus 5X Build/MMB29P) AppleWebKit/537.36 (KHTML, like Gecko) Chrome/137.0.7151.119 Mobile Safari/537.36 (compatible; Googlebot/2.1; +http://www.google.com/bot.html)"
66.249.65.166 - - [13/Jul/2025:19:01:39 +0000] "GET /wp-content/plugins/kaffen-plugin/elementor/assets/js/front-end-widgets.js?ver=6.8.1 HTTP/1.1" 200 293 "https://alalamy.com.au/?k=6707195001900&mod=9ff3e121&uri=form.php%3Fid%3D224004-208%26name%3Dsony%20handycam%20640x%20digital%20zoom" "Mozilla/5.0 (Linux; Android 6.0.1; Nexus 5X Build/MMB29P) AppleWebKit/537.36 (KHTML, like Gecko) Chrome/137.0.7151.119 Mobile Safari/537.36 (compatible; Googlebot/2.1; +http://www.google.com/bot.html)"
66.249.65.165 - - [13/Jul/2025:19:01:39 +0000] "GET /wp-content/plugins/woocommerce/assets/css/brands.css?ver=9.8.5 HTTP/1.1" 200 684 "https://alalamy.com.au/?k=6707195001900&mod=9ff3e121&uri=form.php%3Fid%3D224004-208%26name%3Dsony%20handycam%20640x%20digital%20zoom" "Mozilla/5.0 (Linux; Android 6.0.1; Nexus 5X Build/MMB29P) AppleWebKit/537.36 (KHTML, like Gecko) Chrome/137.0.7151.119 Mobile Safari/537.36 (compatible; Googlebot/2.1; +http://www.google.com/bot.html)"
66.249.65.166 - - [13/Jul/2025:19:01:39 +0000] "GET /wp-content/plugins/happy-elementor-addons/assets/vendor/magnific-popup/magnific-popup.css?ver=3.17.0 HTTP/1.1" 200 1787 "https://alalamy.com.au/?k=6707195001900&mod=9ff3e121&uri=form.php%3Fid%3D224004-208%26name%3Dsony%20handycam%20640x%20digital%20zoom" "Mozilla/5.0 (Linux; Android 6.0.1; Nexus 5X Build/MMB29P) AppleWebKit/537.36 (KHTML, like Gecko) Chrome/137.0.7151.119 Mobile Safari/537.36 (compatible; Googlebot/2.1; +http://www.google.com/bot.html)"
66.249.65.166 - - [13/Jul/2025:19:01:39 +0000] "GET /wp-content/uploads/elementor/css/post-1481.css?ver=1748846880 HTTP/1.1" 200 634 "https://alalamy.com.au/?k=6707195001900&mod=9ff3e121&uri=form.php%3Fid%3D224004-208%26name%3Dsony%20handycam%20640x%20digital%20zoom" "Mozilla/5.0 (Linux; Android 6.0.1; Nexus 5X Build/MMB29P) AppleWebKit/537.36 (KHTML, like Gecko) Chrome/137.0.7151.119 Mobile Safari/537.36 (compatible; Googlebot/2.1; +http://www.google.com/bot.html)"
66.249.65.166 - - [13/Jul/2025:19:01:40 +0000] "GET /wp-includes/js/dist/hooks.min.js?ver=4d63a3d491d11ffd8ac6 HTTP/1.1" 200 1648 "https://alalamy.com.au/?k=6707195001900&mod=9ff3e121&uri=form.php%3Fid%3D224004-208%26name%3Dsony%20handycam%20640x%20digital%20zoom" "Mozilla/5.0 (Linux; Android 6.0.1; Nexus 5X Build/MMB29P) AppleWebKit/537.36 (KHTML, like Gecko) Chrome/137.0.7151.119 Mobile Safari/537.36 (compatible; Googlebot/2.1; +http://www.google.com/bot.html)"
66.249.65.164 - - [13/Jul/2025:19:01:41 +0000] "GET /wp-includes/js/dist/i18n.min.js?ver=5e580eb46a90c2b997e6 HTTP/1.1" 200 3667 "https://alalamy.com.au/?k=6707195001900&mod=9ff3e121&uri=form.php%3Fid%3D224004-208%26name%3Dsony%20handycam%20640x%20digital%20zoom" "Mozilla/5.0 (Linux; Android 6.0.1; Nexus 5X Build/MMB29P) AppleWebKit/537.36 (KHTML, like Gecko) Chrome/137.0.7151.119 Mobile Safari/537.36 (compatible; Googlebot/2.1; +http://www.google.com/bot.html)"
66.249.65.164 - - [13/Jul/2025:19:01:41 +0000] "GET /wp-content/plugins/elementor-pro/assets/js/webpack-pro.runtime.min.js?ver=3.29.1 HTTP/1.1" 200 2855 "https://alalamy.com.au/?k=6707195001900&mod=9ff3e121&uri=form.php%3Fid%3D224004-208%26name%3Dsony%20handycam%20640x%20digital%20zoom" "Mozilla/5.0 (Linux; Android 6.0.1; Nexus 5X Build/MMB29P) AppleWebKit/537.36 (KHTML, like Gecko) Chrome/137.0.7151.119 Mobile Safari/537.36 (compatible; Googlebot/2.1; +http://www.google.com/bot.html)"
66.249.65.165 - - [13/Jul/2025:19:01:41 +0000] "GET /wp-content/plugins/woocommerce/assets/js/sourcebuster/sourcebuster.min.js?ver=9.8.5 HTTP/1.1" 200 4807 "https://alalamy.com.au/?k=6707195001900&mod=9ff3e121&uri=form.php%3Fid%3D224004-208%26name%3Dsony%20handycam%20640x%20digital%20zoom" "Mozilla/5.0 (Linux; Android 6.0.1; Nexus 5X Build/MMB29P) AppleWebKit/537.36 (KHTML, like Gecko) Chrome/137.0.7151.119 Mobile Safari/537.36 (compatible; Googlebot/2.1; +http://www.google.com/bot.html)"
66.249.65.165 - - [13/Jul/2025:19:01:41 +0000] "GET /wp-content/themes/kaffen/assets/js/imagesloaded.pkgd.js?ver=1.0.0 HTTP/1.1" 200 1810 "https://alalamy.com.au/?k=6707195001900&mod=9ff3e121&uri=form.php%3Fid%3D224004-208%26name%3Dsony%20handycam%20640x%20digital%20zoom" "Mozilla/5.0 (Linux; Android 6.0.1; Nexus 5X Build/MMB29P) AppleWebKit/537.36 (KHTML, like Gecko) Chrome/137.0.7151.119 Mobile Safari/537.36 (compatible; Googlebot/2.1; +http://www.google.com/bot.html)"
66.249.65.165 - - [13/Jul/2025:19:01:42 +0000] "GET /wp-content/plugins/woocommerce/assets/js/frontend/woocommerce.min.js?ver=9.8.5 HTTP/1.1" 200 1437 "https://alalamy.com.au/?k=6707195001900&mod=9ff3e121&uri=form.php%3Fid%3D224004-208%26name%3Dsony%20handycam%20640x%20digital%20zoom" "Mozilla/5.0 (Linux; Android 6.0.1; Nexus 5X Build/MMB29P) AppleWebKit/537.36 (KHTML, like Gecko) Chrome/137.0.7151.119 Mobile Safari/537.36 (compatible; Googlebot/2.1; +http://www.google.com/bot.html)"
66.249.65.165 - - [13/Jul/2025:19:01:42 +0000] "GET /wp-content/plugins/happy-elementor-addons/assets/js/happy-addons.min.js?ver=3.17.0 HTTP/1.1" 200 8561 "https://alalamy.com.au/?k=6707195001900&mod=9ff3e121&uri=form.php%3Fid%3D224004-208%26name%3Dsony%20handycam%20640x%20digital%20zoom" "Mozilla/5.0 (Linux; Android 6.0.1; Nexus 5X Build/MMB29P) AppleWebKit/537.36 (KHTML, like Gecko) Chrome/137.0.7151.119 Mobile Safari/537.36 (compatible; Googlebot/2.1; +http://www.google.com/bot.html)"
66.249.65.166 - - [13/Jul/2025:19:01:42 +0000] "GET /wp-content/themes/kaffen/assets/js/parallax.js?ver=1.0.0 HTTP/1.1" 200 4003 "https://alalamy.com.au/?k=6707195001900&mod=9ff3e121&uri=form.php%3Fid%3D224004-208%26name%3Dsony%20handycam%20640x%20digital%20zoom" "Mozilla/5.0 (Linux; Android 6.0.1; Nexus 5X Build/MMB29P) AppleWebKit/537.36 (KHTML, like Gecko) Chrome/137.0.7151.119 Mobile Safari/537.36 (compatible; Googlebot/2.1; +http://www.google.com/bot.html)"
66.249.65.164 - - [13/Jul/2025:19:01:42 +0000] "GET /wp-content/themes/kaffen/assets/js/common.js?ver=1.0.0 HTTP/1.1" 200 3661 "https://alalamy.com.au/?k=6707195001900&mod=9ff3e121&uri=form.php%3Fid%3D224004-208%26name%3Dsony%20handycam%20640x%20digital%20zoom" "Mozilla/5.0 (Linux; Android 6.0.1; Nexus 5X Build/MMB29P) AppleWebKit/537.36 (KHTML, like Gecko) Chrome/137.0.7151.119 Mobile Safari/537.36 (compatible; Googlebot/2.1; +http://www.google.com/bot.html)"
66.249.65.164 - - [13/Jul/2025:19:01:43 +0000] "GET /wp-content/plugins/contact-form-7/includes/js/index.js?ver=6.0.6 HTTP/1.1" 200 4265 "https://alalamy.com.au/?k=6707195001900&mod=9ff3e121&uri=form.php%3Fid%3D224004-208%26name%3Dsony%20handycam%20640x%20digital%20zoom" "Mozilla/5.0 (Linux; Android 6.0.1; Nexus 5X Build/MMB29P) AppleWebKit/537.36 (KHTML, like Gecko) Chrome/137.0.7151.119 Mobile Safari/537.36 (compatible; Googlebot/2.1; +http://www.google.com/bot.html)"
66.249.65.164 - - [13/Jul/2025:19:01:43 +0000] "GET /wp-content/themes/kaffen/assets/js/jquery.scrolla.js?ver=1.0.0 HTTP/1.1" 200 733 "https://alalamy.com.au/?k=6707195001900&mod=9ff3e121&uri=form.php%3Fid%3D224004-208%26name%3Dsony%20handycam%20640x%20digital%20zoom" "Mozilla/5.0 (Linux; Android 6.0.1; Nexus 5X Build/MMB29P) AppleWebKit/537.36 (KHTML, like Gecko) Chrome/137.0.7151.119 Mobile Safari/537.36 (compatible; Googlebot/2.1; +http://www.google.com/bot.html)"
66.249.65.165 - - [13/Jul/2025:19:01:43 +0000] "GET /wp-content/themes/kaffen/assets/js/isotope.pkgd.js?ver=1.0.0 HTTP/1.1" 200 21617 "https://alalamy.com.au/?k=6707195001900&mod=9ff3e121&uri=form.php%3Fid%3D224004-208%26name%3Dsony%20handycam%20640x%20digital%20zoom" "Mozilla/5.0 (Linux; Android 6.0.1; Nexus 5X Build/MMB29P) AppleWebKit/537.36 (KHTML, like Gecko) Chrome/137.0.7151.119 Mobile Safari/537.36 (compatible; Googlebot/2.1; +http://www.google.com/bot.html)"
66.249.65.164 - - [13/Jul/2025:19:01:45 +0000] "GET /wp-content/plugins/elementor/assets/js/lightbox.64a93c50cbfc18fcc89b.bundle.min.js HTTP/1.1" 200 9547 "https://alalamy.com.au/?k=6707195001900&mod=9ff3e121&uri=form.php%3Fid%3D224004-208%26name%3Dsony%20handycam%20640x%20digital%20zoom" "Mozilla/5.0 (Linux; Android 6.0.1; Nexus 5X Build/MMB29P) AppleWebKit/537.36 (KHTML, like Gecko) Chrome/137.0.7151.119 Mobile Safari/537.36 (compatible; Googlebot/2.1; +http://www.google.com/bot.html)"
66.249.65.165 - - [13/Jul/2025:19:01:45 +0000] "GET /wp-content/plugins/elementor/assets/css/conditionals/dialog.min.css?ver=3.29.1 HTTP/1.1" 200 1579 "https://alalamy.com.au/?k=6707195001900&mod=9ff3e121&uri=form.php%3Fid%3D224004-208%26name%3Dsony%20handycam%20640x%20digital%20zoom" "Mozilla/5.0 (Linux; Android 6.0.1; Nexus 5X Build/MMB29P) AppleWebKit/537.36 (KHTML, like Gecko) Chrome/137.0.7151.119 Mobile Safari/537.36 (compatible; Googlebot/2.1; +http://www.google.com/bot.html)"
66.249.65.165 - - [13/Jul/2025:19:01:45 +0000] "GET /wp-content/plugins/elementor/assets/css/conditionals/lightbox.min.css?ver=3.29.1 HTTP/1.1" 200 1960 "https://alalamy.com.au/?k=6707195001900&mod=9ff3e121&uri=form.php%3Fid%3D224004-208%26name%3Dsony%20handycam%20640x%20digital%20zoom" "Mozilla/5.0 (Linux; Android 6.0.1; Nexus 5X Build/MMB29P) AppleWebKit/537.36 (KHTML, like Gecko) Chrome/137.0.7151.119 Mobile Safari/537.36 (compatible; Googlebot/2.1; +http://www.google.com/bot.html)"
66.249.65.166 - - [13/Jul/2025:19:02:19 +0000] "GET /?k=47763372021900&mod=3685227c&uri=brands.php%3Fid%3D1593980-134%26name%3Dghost+in+the+shell+stream+1995 HTTP/1.1" 200 21820 "-" "Mozilla/5.0 (Linux; Android 6.0.1; Nexus 5X Build/MMB29P) AppleWebKit/537.36 (KHTML, like Gecko) Chrome/137.0.7151.103 Mobile Safari/537.36 (compatible; Googlebot/2.1; +http://www.google.com/bot.html)"
66.249.65.165 - - [13/Jul/2025:19:02:28 +0000] "POST /get-message-notify HTTP/1.1" 200 21416 "https://alalamy.com.au/?k=47763372021900&mod=3685227c&uri=brands.php%3Fid%3D1593980-134%26name%3Dghost+in+the+shell+stream+1995" "Mozilla/5.0 (Linux; Android 6.0.1; Nexus 5X Build/MMB29P) AppleWebKit/537.36 (KHTML, like Gecko) Chrome/137.0.7151.119 Mobile Safari/537.36 (compatible; Googlebot/2.1; +http://www.google.com/bot.html)"
209.74.77.214 - - [13/Jul/2025:19:03:04 +0000] "POST /wp-cron.php?doing_wp_cron=1752433384.1267840862274169921875 HTTP/1.1" 200 - "-" "WordPress/6.8.1; https://alalamy.com.au"
209.74.77.214 - - [13/Jul/2025:19:03:04 +0000] "POST /wp-admin/admin-ajax.php?action=async_litespeed&nonce=ZgHQxzcc4g4v6yR1fiG8mhRzjJNluZC4&litespeed_type=imgoptm HTTP/1.1" 200 21 "-" "WordPress/6.8.1; https://alalamy.com.au"
