66.249.65.164 - - [13/Jul/2025:13:16:21 +0000] "GET /?k=7315709041900&mod=1177967c&uri=category-info.php%3Fid%3D244330-22%26name%3Drolex+gold+brillanten HTTP/1.1" 200 21929 "-" "Mozilla/5.0 (Linux; Android 6.0.1; Nexus 5X Build/MMB29P) AppleWebKit/537.36 (KHTML, like Gecko) Chrome/137.0.7151.103 Mobile Safari/537.36 (compatible; Googlebot/2.1; +http://www.google.com/bot.html)"
66.249.65.164 - - [13/Jul/2025:13:16:24 +0000] "GET /?k=6991663131900&mod=962ebbfe&uri=itm.php%3Fid%3D233497-394%26name%3Drib+of+beef+marinade HTTP/1.1" 200 21354 "-" "Mozilla/5.0 (Linux; Android 6.0.1; Nexus 5X Build/MMB29P) AppleWebKit/537.36 (KHTML, like Gecko) Chrome/137.0.7151.103 Mobile Safari/537.36 (compatible; Googlebot/2.1; +http://www.google.com/bot.html)"
66.249.65.164 - - [13/Jul/2025:13:16:29 +0000] "GET /?k=119796112041900&mod=b0099c9e&uri=us.php%3Fid%3D3997960-242%26name%3Dbreville+barista+express+cranberry+red+espresso+machine+with+knock HTTP/1.1" 200 22000 "-" "Mozilla/5.0 (Linux; Android 6.0.1; Nexus 5X Build/MMB29P) AppleWebKit/537.36 (KHTML, like Gecko) Chrome/137.0.7151.103 Mobile Safari/537.36 (compatible; Googlebot/2.1; +http://www.google.com/bot.html)"
66.249.65.164 - - [13/Jul/2025:13:16:26 +0000] "GET /?k=7313947041900&mod=1177967c&uri=products.php%3Fid%3D244270-22%26name%3Dcartier+teuerste+halskette HTTP/1.1" 200 21350 "-" "Mozilla/5.0 (Linux; Android 6.0.1; Nexus 5X Build/MMB29P) AppleWebKit/537.36 (KHTML, like Gecko) Chrome/137.0.7151.103 Mobile Safari/537.36 (compatible; Googlebot/2.1; +http://www.google.com/bot.html)"
66.249.65.164 - - [13/Jul/2025:13:16:34 +0000] "GET /?k=7314822041900&mod=1177967c&uri=dp.php%3Fid%3D244300-22%26name%3Dhybrid+damenuhr HTTP/1.1" 200 21038 "-" "Mozilla/5.0 (Linux; Android 6.0.1; Nexus 5X Build/MMB29P) AppleWebKit/537.36 (KHTML, like Gecko) Chrome/137.0.7151.103 Mobile Safari/537.36 (compatible; Googlebot/2.1; +http://www.google.com/bot.html)"
66.249.65.164 - - [13/Jul/2025:13:16:43 +0000] "GET /?k=7317769131900&mod=1177967c&uri=info.php%3Fid%3D244399-22%26name%3Dbruno+s%C3%83%C2%B6hnle+rondo+damen HTTP/1.1" 200 21817 "-" "Mozilla/5.0 (Linux; Android 6.0.1; Nexus 5X Build/MMB29P) AppleWebKit/537.36 (KHTML, like Gecko) Chrome/137.0.7151.103 Mobile Safari/537.36 (compatible; Googlebot/2.1; +http://www.google.com/bot.html)"
66.249.65.164 - - [13/Jul/2025:13:16:51 +0000] "GET /?k=7273837051900&mod=861288f2&uri=blog.php%3Fid%3D242921-403%26name%3Decco+damenschuhe+neue+kollektion HTTP/1.1" 200 21530 "-" "Mozilla/5.0 (Linux; Android 6.0.1; Nexus 5X Build/MMB29P) AppleWebKit/537.36 (KHTML, like Gecko) Chrome/137.0.7151.103 Mobile Safari/537.36 (compatible; Googlebot/2.1; +http://www.google.com/bot.html)"
66.249.65.164 - - [13/Jul/2025:13:16:58 +0000] "POST /get-message-notify HTTP/1.1" 200 21433 "https://alalamy.com.au/?k=7273837051900&mod=861288f2&uri=blog.php%3Fid%3D242921-403%26name%3Decco+damenschuhe+neue+kollektion" "Mozilla/5.0 (Linux; Android 6.0.1; Nexus 5X Build/MMB29P) AppleWebKit/537.36 (KHTML, like Gecko) Chrome/137.0.7151.119 Mobile Safari/537.36 (compatible; Googlebot/2.1; +http://www.google.com/bot.html)"
66.249.65.164 - - [13/Jul/2025:13:16:58 +0000] "POST /get-message-notify HTTP/1.1" 200 21431 "https://alalamy.com.au/?k=7317769131900&mod=1177967c&uri=info.php%3Fid%3D244399-22%26name%3Dbruno+s%C3%83%C2%B6hnle+rondo+damen" "Mozilla/5.0 (Linux; Android 6.0.1; Nexus 5X Build/MMB29P) AppleWebKit/537.36 (KHTML, like Gecko) Chrome/137.0.7151.119 Mobile Safari/537.36 (compatible; Googlebot/2.1; +http://www.google.com/bot.html)"
66.249.65.164 - - [13/Jul/2025:13:17:01 +0000] "GET /?k=7283470001900&mod=78b643f9&uri=category-info.php%3Fid%3D243246-404%26name%3Dnegozi+soani HTTP/1.1" 200 22622 "-" "Mozilla/5.0 (Linux; Android 6.0.1; Nexus 5X Build/MMB29P) AppleWebKit/537.36 (KHTML, like Gecko) Chrome/137.0.7151.103 Mobile Safari/537.36 (compatible; Googlebot/2.1; +http://www.google.com/bot.html)"
66.249.65.164 - - [13/Jul/2025:13:17:02 +0000] "GET /?k=7270030101900&mod=cbd35b79&uri=search.php%3Fid%3D242791-401%26name%3Drabat+sac HTTP/1.1" 200 21764 "-" "Mozilla/5.0 (Linux; Android 6.0.1; Nexus 5X Build/MMB29P) AppleWebKit/537.36 (KHTML, like Gecko) Chrome/137.0.7151.103 Mobile Safari/537.36 (compatible; Googlebot/2.1; +http://www.google.com/bot.html)"
66.249.65.164 - - [13/Jul/2025:13:17:03 +0000] "POST /get-message-notify HTTP/1.1" 200 21415 "https://alalamy.com.au/?k=119803552001900&mod=f9c1b5bf&uri=form.php%3Fid%3D3998208-129%26name%3Dchange+battery+percentage+on+iphone+11" "Mozilla/5.0 (Linux; Android 6.0.1; Nexus 5X Build/MMB29P) AppleWebKit/537.36 (KHTML, like Gecko) Chrome/137.0.7151.119 Mobile Safari/537.36 (compatible; Googlebot/2.1; +http://www.google.com/bot.html)"
66.249.65.164 - - [13/Jul/2025:13:17:09 +0000] "GET /?k=7318309011900&mod=1177967c&uri=news.php%3Fid%3D244417-22%26name%3Dherrenuhr+gliederarmband HTTP/1.1" 200 21949 "-" "Mozilla/5.0 (Linux; Android 6.0.1; Nexus 5X Build/MMB29P) AppleWebKit/537.36 (KHTML, like Gecko) Chrome/137.0.7151.103 Mobile Safari/537.36 (compatible; Googlebot/2.1; +http://www.google.com/bot.html)"
66.249.65.164 - - [13/Jul/2025:13:17:17 +0000] "GET /?k=7319299041900&mod=1177967c&uri=brands.php%3Fid%3D244450-22%26name%3Daktuelle+rolex+modelle HTTP/1.1" 200 21119 "-" "Mozilla/5.0 (Linux; Android 6.0.1; Nexus 5X Build/MMB29P) AppleWebKit/537.36 (KHTML, like Gecko) Chrome/137.0.7151.103 Mobile Safari/537.36 (compatible; Googlebot/2.1; +http://www.google.com/bot.html)"
66.249.65.164 - - [13/Jul/2025:13:17:20 +0000] "GET /?k=119795878081900&mod=b0099c9e&uri=goods.php%3Fid%3D3997952-242%26name%3Dsteam+wand+without+espresso+machine HTTP/1.1" 200 21537 "-" "Mozilla/5.0 (Linux; Android 6.0.1; Nexus 5X Build/MMB29P) AppleWebKit/537.36 (KHTML, like Gecko) Chrome/137.0.7151.103 Mobile Safari/537.36 (compatible; Googlebot/2.1; +http://www.google.com/bot.html)"
66.249.65.164 - - [13/Jul/2025:13:17:21 +0000] "POST /get-message-notify HTTP/1.1" 200 21422 "https://alalamy.com.au/?k=7318309011900&mod=1177967c&uri=news.php%3Fid%3D244417-22%26name%3Dherrenuhr+gliederarmband" "Mozilla/5.0 (Linux; Android 6.0.1; Nexus 5X Build/MMB29P) AppleWebKit/537.36 (KHTML, like Gecko) Chrome/137.0.7151.119 Mobile Safari/537.36 (compatible; Googlebot/2.1; +http://www.google.com/bot.html)"
66.249.65.164 - - [13/Jul/2025:13:17:25 +0000] "GET /?k=7319209011900&mod=1177967c&uri=pin.php%3Fid%3D244447-22%26name%3Dgesundheit+uhren+damen HTTP/1.1" 200 21555 "-" "Mozilla/5.0 (Linux; Android 6.0.1; Nexus 5X Build/MMB29P) AppleWebKit/537.36 (KHTML, like Gecko) Chrome/137.0.7151.103 Mobile Safari/537.36 (compatible; Googlebot/2.1; +http://www.google.com/bot.html)"
66.249.65.164 - - [13/Jul/2025:13:17:31 +0000] "POST /get-message-notify HTTP/1.1" 200 21445 "https://alalamy.com.au/?k=119840366001900&mod=41814002&uri=article.php%3Fid%3D3999436-321%26name%3Dpet+euthanasia+and+cremation+services+near+me" "Mozilla/5.0 (Linux; Android 6.0.1; Nexus 5X Build/MMB29P) AppleWebKit/537.36 (KHTML, like Gecko) Chrome/137.0.7151.119 Mobile Safari/537.36 (compatible; Googlebot/2.1; +http://www.google.com/bot.html)"
209.74.77.214 - - [13/Jul/2025:13:17:34 +0000] "POST /wp-cron.php?doing_wp_cron=1752412654.3508930206298828125000 HTTP/1.1" 200 - "-" "WordPress/6.8.1; https://alalamy.com.au"
209.74.77.214 - - [13/Jul/2025:13:17:34 +0000] "POST /wp-admin/admin-ajax.php?action=async_litespeed&nonce=U6o37BTQBUBR9DP5UXl8CLeBPu7J3POy&litespeed_type=imgoptm HTTP/1.1" 200 21 "-" "WordPress/6.8.1; https://alalamy.com.au"
54.36.148.141 - - [13/Jul/2025:13:17:32 +0000] "GET /?k=80891769001900&uri=itm.php%3Fid%3D2699479-1511%26name%3Dleo%20messi%20boots%202018 HTTP/1.1" 200 26568 "-" "Mozilla/5.0 (compatible; AhrefsBot/7.0; +http://ahrefs.com/robot/)"
66.249.65.164 - - [13/Jul/2025:13:17:35 +0000] "POST /get-message-notify HTTP/1.1" 200 21431 "https://alalamy.com.au/?k=7314127001900&mod=1894ea67&uri=info.php%3Fid%3D244276-314%26name%3Dbogner+fire+and+ice+lasse" "Mozilla/5.0 (Linux; Android 6.0.1; Nexus 5X Build/MMB29P) AppleWebKit/537.36 (KHTML, like Gecko) Chrome/137.0.7151.119 Mobile Safari/537.36 (compatible; Googlebot/2.1; +http://www.google.com/bot.html)"
66.249.65.164 - - [13/Jul/2025:13:17:35 +0000] "GET /?k=7319119081900&mod=1177967c&uri=news.php%3Fid%3D244444-22%26name%3Dfestina+damenuhr+galeria+kaufhof HTTP/1.1" 200 21263 "-" "Mozilla/5.0 (Linux; Android 6.0.1; Nexus 5X Build/MMB29P) AppleWebKit/537.36 (KHTML, like Gecko) Chrome/137.0.7151.103 Mobile Safari/537.36 (compatible; Googlebot/2.1; +http://www.google.com/bot.html)"
66.249.65.164 - - [13/Jul/2025:13:17:41 +0000] "GET /?k=7314732071900&mod=1177967c&uri=dp.php%3Fid%3D244297-22%26name%3Dsilber+rolex+uhr HTTP/1.1" 200 20796 "-" "Mozilla/5.0 (Linux; Android 6.0.1; Nexus 5X Build/MMB29P) AppleWebKit/537.36 (KHTML, like Gecko) Chrome/137.0.7151.103 Mobile Safari/537.36 (compatible; Googlebot/2.1; +http://www.google.com/bot.html)"
66.249.65.164 - - [13/Jul/2025:13:17:42 +0000] "POST /get-message-notify HTTP/1.1" 200 21431 "https://alalamy.com.au/?k=7319299041900&mod=1177967c&uri=brands.php%3Fid%3D244450-22%26name%3Daktuelle+rolex+modelle" "Mozilla/5.0 (Linux; Android 6.0.1; Nexus 5X Build/MMB29P) AppleWebKit/537.36 (KHTML, like Gecko) Chrome/137.0.7151.119 Mobile Safari/537.36 (compatible; Googlebot/2.1; +http://www.google.com/bot.html)"
66.249.65.164 - - [13/Jul/2025:13:17:50 +0000] "GET /?k=7318669131900&mod=1177967c&uri=article.php%3Fid%3D244429-22%26name%3Dherrenuhr+mit+rotem+armband HTTP/1.1" 200 21905 "-" "Mozilla/5.0 (Linux; Android 6.0.1; Nexus 5X Build/MMB29P) AppleWebKit/537.36 (KHTML, like Gecko) Chrome/137.0.7151.103 Mobile Safari/537.36 (compatible; Googlebot/2.1; +http://www.google.com/bot.html)"
66.249.65.164 - - [13/Jul/2025:13:17:55 +0000] "POST /get-message-notify HTTP/1.1" 200 21435 "https://alalamy.com.au/?k=7318669131900&mod=1177967c&uri=article.php%3Fid%3D244429-22%26name%3Dherrenuhr+mit+rotem+armband" "Mozilla/5.0 (Linux; Android 6.0.1; Nexus 5X Build/MMB29P) AppleWebKit/537.36 (KHTML, like Gecko) Chrome/137.0.7151.119 Mobile Safari/537.36 (compatible; Googlebot/2.1; +http://www.google.com/bot.html)"
66.249.65.164 - - [13/Jul/2025:13:17:58 +0000] "GET /?k=7316419041900&mod=1177967c&uri=product.php%3Fid%3D244354-22%26name%3Ddolce+and+gabbana+uhren+damen HTTP/1.1" 200 21980 "-" "Mozilla/5.0 (Linux; Android 6.0.1; Nexus 5X Build/MMB29P) AppleWebKit/537.36 (KHTML, like Gecko) Chrome/137.0.7151.103 Mobile Safari/537.36 (compatible; Googlebot/2.1; +http://www.google.com/bot.html)"
66.249.65.164 - - [13/Jul/2025:13:18:06 +0000] "GET /?k=7313137071900&mod=1177967c&uri=brands.php%3Fid%3D244243-22%26name%3Dneue+rolex+uhren+2022 HTTP/1.1" 200 21889 "-" "Mozilla/5.0 (Linux; Android 6.0.1; Nexus 5X Build/MMB29P) AppleWebKit/537.36 (KHTML, like Gecko) Chrome/137.0.7151.103 Mobile Safari/537.36 (compatible; Googlebot/2.1; +http://www.google.com/bot.html)"
66.249.65.164 - - [13/Jul/2025:13:18:15 +0000] "GET /?k=7315529081900&mod=1894ea67&uri=shared.php%3Fid%3D244324-314%26name%3Ddainese+storm+regenjacke HTTP/1.1" 200 21923 "-" "Mozilla/5.0 (Linux; Android 6.0.1; Nexus 5X Build/MMB29P) AppleWebKit/537.36 (KHTML, like Gecko) Chrome/137.0.7151.103 Mobile Safari/537.36 (compatible; Googlebot/2.1; +http://www.google.com/bot.html)"
66.249.65.164 - - [13/Jul/2025:13:18:23 +0000] "GET /?k=6992533001900&mod=962ebbfe&uri=dp.php%3Fid%3D233526-394%26name%3Dprocessor+bamix HTTP/1.1" 200 22026 "-" "Mozilla/5.0 (Linux; Android 6.0.1; Nexus 5X Build/MMB29P) AppleWebKit/537.36 (KHTML, like Gecko) Chrome/137.0.7151.103 Mobile Safari/537.36 (compatible; Googlebot/2.1; +http://www.google.com/bot.html)"
66.249.65.164 - - [13/Jul/2025:13:18:25 +0000] "POST /get-message-notify HTTP/1.1" 200 21428 "https://alalamy.com.au/?k=6992533001900&mod=962ebbfe&uri=dp.php%3Fid%3D233526-394%26name%3Dprocessor+bamix" "Mozilla/5.0 (Linux; Android 6.0.1; Nexus 5X Build/MMB29P) AppleWebKit/537.36 (KHTML, like Gecko) Chrome/137.0.7151.119 Mobile Safari/537.36 (compatible; Googlebot/2.1; +http://www.google.com/bot.html)"
66.249.65.164 - - [13/Jul/2025:13:18:34 +0000] "GET /?k=6991423051900&mod=962ebbfe&uri=article.php%3Fid%3D233489-394%26name%3Dmarinated+rump+steak HTTP/1.1" 200 21393 "-" "Mozilla/5.0 (Linux; Android 6.0.1; Nexus 5X Build/MMB29P) AppleWebKit/537.36 (KHTML, like Gecko) Chrome/137.0.7151.103 Mobile Safari/537.36 (compatible; Googlebot/2.1; +http://www.google.com/bot.html)"
66.249.65.164 - - [13/Jul/2025:13:18:40 +0000] "GET /?k=6988723051900&mod=962ebbfe&uri=brands.php%3Fid%3D233399-394%26name%3Dyogurt+marinated+pork+tenderloin HTTP/1.1" 200 21594 "-" "Mozilla/5.0 (Linux; Android 6.0.1; Nexus 5X Build/MMB29P) AppleWebKit/537.36 (KHTML, like Gecko) Chrome/137.0.7151.103 Mobile Safari/537.36 (compatible; Googlebot/2.1; +http://www.google.com/bot.html)"
66.249.65.164 - - [13/Jul/2025:13:18:43 +0000] "POST /get-message-notify HTTP/1.1" 200 21426 "https://alalamy.com.au/?k=6988723051900&mod=962ebbfe&uri=brands.php%3Fid%3D233399-394%26name%3Dyogurt+marinated+pork+tenderloin" "Mozilla/5.0 (Linux; Android 6.0.1; Nexus 5X Build/MMB29P) AppleWebKit/537.36 (KHTML, like Gecko) Chrome/137.0.7151.119 Mobile Safari/537.36 (compatible; Googlebot/2.1; +http://www.google.com/bot.html)"
66.249.65.164 - - [13/Jul/2025:13:18:51 +0000] "GET /?k=5803748031900&mod=f1a860c4&uri=itm.php%3Fid%3D193812-336%26name%3Dhalf+moon+bag+pinko HTTP/1.1" 200 21096 "-" "Mozilla/5.0 (Linux; Android 6.0.1; Nexus 5X Build/MMB29P) AppleWebKit/537.36 (KHTML, like Gecko) Chrome/137.0.7151.103 Mobile Safari/537.36 (compatible; Googlebot/2.1; +http://www.google.com/bot.html)"
66.249.65.164 - - [13/Jul/2025:13:18:55 +0000] "GET /?k=6726455051900&mod=de3358ca&uri=blog.php%3Fid%3D224646-378%26name%3Djuicy+stroller HTTP/1.1" 200 20969 "-" "Mozilla/5.0 (Linux; Android 6.0.1; Nexus 5X Build/MMB29P) AppleWebKit/537.36 (KHTML, like Gecko) Chrome/137.0.7151.103 Mobile Safari/537.36 (compatible; Googlebot/2.1; +http://www.google.com/bot.html)"
66.249.65.164 - - [13/Jul/2025:13:18:58 +0000] "GET /?k=5805008001900&mod=f1a860c4&uri=info.php%3Fid%3D193854-336%26name%3Dsaldi+gattinoni HTTP/1.1" 200 20667 "-" "Mozilla/5.0 (Linux; Android 6.0.1; Nexus 5X Build/MMB29P) AppleWebKit/537.36 (KHTML, like Gecko) Chrome/137.0.7151.103 Mobile Safari/537.36 (compatible; Googlebot/2.1; +http://www.google.com/bot.html)"
66.249.65.165 - - [13/Jul/2025:13:19:06 +0000] "GET /?k=6718655001900&mod=de3358ca&uri=info.php%3Fid%3D224386-378%26name%3Dhow+many+pounds+forward+facing+car+seat HTTP/1.1" 200 22055 "-" "Mozilla/5.0 (Linux; Android 6.0.1; Nexus 5X Build/MMB29P) AppleWebKit/537.36 (KHTML, like Gecko) Chrome/137.0.7151.103 Mobile Safari/537.36 (compatible; Googlebot/2.1; +http://www.google.com/bot.html)"
66.249.65.165 - - [13/Jul/2025:13:19:14 +0000] "GET /?k=6943085041900&mod=20ea88ff&uri=products.php%3Fid%3D231877-390%26name%3Dpolo+nike+blanc+homme HTTP/1.1" 200 21427 "-" "Mozilla/5.0 (Linux; Android 6.0.1; Nexus 5X Build/MMB29P) AppleWebKit/537.36 (KHTML, like Gecko) Chrome/137.0.7151.103 Mobile Safari/537.36 (compatible; Googlebot/2.1; +http://www.google.com/bot.html)"
66.249.65.164 - - [13/Jul/2025:13:19:16 +0000] "POST /get-message-notify HTTP/1.1" 200 21426 "https://alalamy.com.au/?k=5803748031900&mod=f1a860c4&uri=itm.php%3Fid%3D193812-336%26name%3Dhalf+moon+bag+pinko" "Mozilla/5.0 (Linux; Android 6.0.1; Nexus 5X Build/MMB29P) AppleWebKit/537.36 (KHTML, like Gecko) Chrome/137.0.7151.119 Mobile Safari/537.36 (compatible; Googlebot/2.1; +http://www.google.com/bot.html)"
66.249.65.164 - - [13/Jul/2025:13:19:22 +0000] "GET /?k=6941555031900&mod=b9b993f4&uri=product.php%3Fid%3D231826-387%26name%3Draised+leg+sit+ups HTTP/1.1" 200 21174 "-" "Mozilla/5.0 (Linux; Android 6.0.1; Nexus 5X Build/MMB29P) AppleWebKit/537.36 (KHTML, like Gecko) Chrome/137.0.7151.103 Mobile Safari/537.36 (compatible; Googlebot/2.1; +http://www.google.com/bot.html)"
66.249.65.164 - - [13/Jul/2025:13:19:26 +0000] "GET /?k=6989263051900&mod=962ebbfe&uri=form.php%3Fid%3D233417-394%26name%3Dnytimes+steak HTTP/1.1" 200 22148 "-" "Mozilla/5.0 (Linux; Android 6.0.1; Nexus 5X Build/MMB29P) AppleWebKit/537.36 (KHTML, like Gecko) Chrome/137.0.7151.103 Mobile Safari/537.36 (compatible; Googlebot/2.1; +http://www.google.com/bot.html)"
66.249.65.164 - - [13/Jul/2025:13:19:30 +0000] "GET /?k=6942635041900&mod=20ea88ff&uri=info.php%3Fid%3D231862-390%26name%3Dlogo+nike+noir+et+blanc HTTP/1.1" 200 20538 "-" "Mozilla/5.0 (Linux; Android 6.0.1; Nexus 5X Build/MMB29P) AppleWebKit/537.36 (KHTML, like Gecko) Chrome/137.0.7151.103 Mobile Safari/537.36 (compatible; Googlebot/2.1; +http://www.google.com/bot.html)"
66.249.65.164 - - [13/Jul/2025:13:19:38 +0000] "GET /?k=6944794011900&mod=20ea88ff&uri=shop.php%3Fid%3D231934-390%26name%3Dpolo+nike+personnalis%C3%83%C2%A9 HTTP/1.1" 200 22043 "-" "Mozilla/5.0 (Linux; Android 6.0.1; Nexus 5X Build/MMB29P) AppleWebKit/537.36 (KHTML, like Gecko) Chrome/137.0.7151.103 Mobile Safari/537.36 (compatible; Googlebot/2.1; +http://www.google.com/bot.html)"
66.249.65.164 - - [13/Jul/2025:13:19:47 +0000] "GET /?k=6683707081900&mod=ead6d4ad&uri=goods.php%3Fid%3D223221-374%26name%3Dstyle+homme+classe+sport HTTP/1.1" 200 21432 "-" "Mozilla/5.0 (Linux; Android 6.0.1; Nexus 5X Build/MMB29P) AppleWebKit/537.36 (KHTML, like Gecko) Chrome/137.0.7151.103 Mobile Safari/537.36 (compatible; Googlebot/2.1; +http://www.google.com/bot.html)"
66.249.65.165 - - [13/Jul/2025:13:20:01 +0000] "GET /?k=6799829141900&mod=cb45a111&uri=shared.php%3Fid%3D227097-381%26name%3Dnike+354+bianche HTTP/1.1" 200 21887 "-" "Mozilla/5.0 (Linux; Android 6.0.1; Nexus 5X Build/MMB29P) AppleWebKit/537.36 (KHTML, like Gecko) Chrome/137.0.7151.103 Mobile Safari/537.36 (compatible; Googlebot/2.1; +http://www.google.com/bot.html)"
66.249.65.164 - - [13/Jul/2025:13:20:09 +0000] "GET /?k=86085656031900&mod=030a77a5&uri=products.php%3Fid%3D2872811-375%26name%3Dnew+balance+996+negras HTTP/1.1" 200 21539 "-" "Mozilla/5.0 (Linux; Android 6.0.1; Nexus 5X Build/MMB29P) AppleWebKit/537.36 (KHTML, like Gecko) Chrome/137.0.7151.103 Mobile Safari/537.36 (compatible; Googlebot/2.1; +http://www.google.com/bot.html)"
66.249.65.164 - - [13/Jul/2025:13:20:13 +0000] "POST /get-message-notify HTTP/1.1" 200 21424 "https://alalamy.com.au/?k=119795878081900&mod=b0099c9e&uri=goods.php%3Fid%3D3997952-242%26name%3Dsteam+wand+without+espresso+machine" "Mozilla/5.0 (Linux; Android 6.0.1; Nexus 5X Build/MMB29P) AppleWebKit/537.36 (KHTML, like Gecko) Chrome/137.0.7151.119 Mobile Safari/537.36 (compatible; Googlebot/2.1; +http://www.google.com/bot.html)"
66.249.65.164 - - [13/Jul/2025:13:20:16 +0000] "POST /get-message-notify HTTP/1.1" 200 21428 "https://alalamy.com.au/?k=6799829141900&mod=cb45a111&uri=shared.php%3Fid%3D227097-381%26name%3Dnike+354+bianche" "Mozilla/5.0 (Linux; Android 6.0.1; Nexus 5X Build/MMB29P) AppleWebKit/537.36 (KHTML, like Gecko) Chrome/137.0.7151.119 Mobile Safari/537.36 (compatible; Googlebot/2.1; +http://www.google.com/bot.html)"
66.249.65.164 - - [13/Jul/2025:13:20:21 +0000] "POST /get-message-notify HTTP/1.1" 200 21432 "https://alalamy.com.au/?k=6683707081900&mod=ead6d4ad&uri=goods.php%3Fid%3D223221-374%26name%3Dstyle+homme+classe+sport" "Mozilla/5.0 (Linux; Android 6.0.1; Nexus 5X Build/MMB29P) AppleWebKit/537.36 (KHTML, like Gecko) Chrome/137.0.7151.119 Mobile Safari/537.36 (compatible; Googlebot/2.1; +http://www.google.com/bot.html)"
66.249.65.166 - - [13/Jul/2025:13:21:20 +0000] "POST /get-message-notify HTTP/1.1" 200 21440 "https://alalamy.com.au/?k=7314732071900&mod=1177967c&uri=dp.php%3Fid%3D244297-22%26name%3Dsilber+rolex+uhr" "Mozilla/5.0 (Linux; Android 6.0.1; Nexus 5X Build/MMB29P) AppleWebKit/537.36 (KHTML, like Gecko) Chrome/137.0.7151.119 Mobile Safari/537.36 (compatible; Googlebot/2.1; +http://www.google.com/bot.html)"
66.249.65.166 - - [13/Jul/2025:13:22:05 +0000] "GET /?k=6942545011900&mod=20ea88ff&uri=dp.php%3Fid%3D231859-390%26name%3Dchaussure+nike+roshe+run HTTP/1.1" 200 21296 "-" "Mozilla/5.0 (Linux; Android 6.0.1; Nexus 5X Build/MMB29P) AppleWebKit/537.36 (KHTML, like Gecko) Chrome/137.0.7151.103 Mobile Safari/537.36 (compatible; Googlebot/2.1; +http://www.google.com/bot.html)"
66.249.65.165 - - [13/Jul/2025:13:22:16 +0000] "GET /?k=6803757001900&mod=cb45a111&uri=us.php%3Fid%3D227228-381%26name%3Dstivaletti+marrone+donna HTTP/1.1" 200 22529 "-" "Mozilla/5.0 (Linux; Android 6.0.1; Nexus 5X Build/MMB29P) AppleWebKit/537.36 (KHTML, like Gecko) Chrome/137.0.7151.103 Mobile Safari/537.36 (compatible; Googlebot/2.1; +http://www.google.com/bot.html)"
66.249.65.165 - - [13/Jul/2025:13:22:18 +0000] "POST /get-message-notify HTTP/1.1" 200 21430 "https://alalamy.com.au/?k=6803757001900&mod=cb45a111&uri=us.php%3Fid%3D227228-381%26name%3Dstivaletti+marrone+donna" "Mozilla/5.0 (Linux; Android 6.0.1; Nexus 5X Build/MMB29P) AppleWebKit/537.36 (KHTML, like Gecko) Chrome/137.0.7151.119 Mobile Safari/537.36 (compatible; Googlebot/2.1; +http://www.google.com/bot.html)"
209.74.77.214 - - [13/Jul/2025:13:22:18 +0000] "POST /wp-cron.php?doing_wp_cron=1752412938.8625791072845458984375 HTTP/1.1" 200 - "-" "WordPress/6.8.1; https://alalamy.com.au"
54.36.148.233 - - [13/Jul/2025:13:22:17 +0000] "GET /?k=95791022011900&uri=shop.php%3Fid%3D3196768-1093%26name%3Dgucci%20rhyton%20donald%20duck HTTP/1.1" 200 26568 "-" "Mozilla/5.0 (compatible; AhrefsBot/7.0; +http://ahrefs.com/robot/)"
209.74.77.214 - - [13/Jul/2025:13:22:19 +0000] "POST /wp-admin/admin-ajax.php?action=async_litespeed&nonce=gSK71hmdnFYVyKIJh5mVmyqDhbmz1DHi&litespeed_type=imgoptm HTTP/1.1" 200 21 "-" "WordPress/6.8.1; https://alalamy.com.au"
66.249.65.164 - - [13/Jul/2025:13:22:26 +0000] "GET /?k=6801719021900&mod=cb45a111&uri=shared.php%3Fid%3D227160-381%26name%3Dstivali+combat+marroni HTTP/1.1" 200 21858 "-" "Mozilla/5.0 (Linux; Android 6.0.1; Nexus 5X Build/MMB29P) AppleWebKit/537.36 (KHTML, like Gecko) Chrome/137.0.7151.103 Mobile Safari/537.36 (compatible; Googlebot/2.1; +http://www.google.com/bot.html)"
209.74.77.214 - - [13/Jul/2025:13:22:33 +0000] "POST /wp-admin/admin-ajax.php?action=async_litespeed&nonce=0cITqpSDrG7thmwBdMUvXEsMqEl6xYd5&litespeed_type=imgoptm HTTP/1.1" 200 21 "-" "WordPress/6.8.1; https://alalamy.com.au"
3.230.162.240 - - [13/Jul/2025:13:22:34 +0000] "GET / HTTP/1.1" 200 144363 "-" "Mozilla/5.0 (Windows NT 10.0; Win64; x64) AppleWebKit/537.36 (KHTML, like Gecko) Chrome/78.0.3904.108 Safari/537.36"
3.230.162.240 - - [13/Jul/2025:13:22:38 +0000] "GET //wp-includes/wlwmanifest.xml HTTP/1.1" 200 421878 "-" "Mozilla/5.0 (Windows NT 10.0; Win64; x64) AppleWebKit/537.36 (KHTML, like Gecko) Chrome/78.0.3904.108 Safari/537.36"
3.230.162.240 - - [13/Jul/2025:13:22:45 +0000] "GET //xmlrpc.php?rsd HTTP/1.1" 200 798 "-" "Mozilla/5.0 (Windows NT 10.0; Win64; x64) AppleWebKit/537.36 (KHTML, like Gecko) Chrome/78.0.3904.108 Safari/537.36"
3.230.162.240 - - [13/Jul/2025:13:22:45 +0000] "GET //?author=1 HTTP/1.1" 301 - "-" "Mozilla/5.0 (Windows NT 10.0; Win64; x64) AppleWebKit/537.36 (KHTML, like Gecko) Chrome/78.0.3904.108 Safari/537.36"
3.230.162.240 - - [13/Jul/2025:13:22:48 +0000] "GET //?author=2 HTTP/1.1" 301 - "-" "Mozilla/5.0 (Windows NT 10.0; Win64; x64) AppleWebKit/537.36 (KHTML, like Gecko) Chrome/78.0.3904.108 Safari/537.36"
3.230.162.240 - - [13/Jul/2025:13:22:48 +0000] "GET //wp-json/wp/v2/users/ HTTP/1.1" 200 1552 "-" "Mozilla/5.0 (Windows NT 10.0; Win64; x64) AppleWebKit/537.36 (KHTML, like Gecko) Chrome/78.0.3904.108 Safari/537.36"
66.249.65.164 - - [13/Jul/2025:13:22:49 +0000] "POST /get-message-notify HTTP/1.1" 200 21415 "https://alalamy.com.au/?k=6801719021900&mod=cb45a111&uri=shared.php%3Fid%3D227160-381%26name%3Dstivali+combat+marroni" "Mozilla/5.0 (Linux; Android 6.0.1; Nexus 5X Build/MMB29P) AppleWebKit/537.36 (KHTML, like Gecko) Chrome/137.0.7151.119 Mobile Safari/537.36 (compatible; Googlebot/2.1; +http://www.google.com/bot.html)"
3.230.162.240 - - [13/Jul/2025:13:22:51 +0000] "POST //xmlrpc.php HTTP/1.1" 200 401 "-" "Mozilla/5.0 (Windows NT 10.0; Win64; x64) AppleWebKit/537.36 (KHTML, like Gecko) Chrome/78.0.3904.108 Safari/537.36"
3.230.162.240 - - [13/Jul/2025:13:22:51 +0000] "POST //xmlrpc.php HTTP/1.1" 200 401 "-" "Mozilla/5.0 (Windows NT 10.0; Win64; x64) AppleWebKit/537.36 (KHTML, like Gecko) Chrome/78.0.3904.108 Safari/537.36"
3.230.162.240 - - [13/Jul/2025:13:22:52 +0000] "POST //xmlrpc.php HTTP/1.1" 200 401 "-" "Mozilla/5.0 (Windows NT 10.0; Win64; x64) AppleWebKit/537.36 (KHTML, like Gecko) Chrome/78.0.3904.108 Safari/537.36"
3.230.162.240 - - [13/Jul/2025:13:22:52 +0000] "POST //xmlrpc.php HTTP/1.1" 200 401 "-" "Mozilla/5.0 (Windows NT 10.0; Win64; x64) AppleWebKit/537.36 (KHTML, like Gecko) Chrome/78.0.3904.108 Safari/537.36"
3.230.162.240 - - [13/Jul/2025:13:22:53 +0000] "POST //xmlrpc.php HTTP/1.1" 200 401 "-" "Mozilla/5.0 (Windows NT 10.0; Win64; x64) AppleWebKit/537.36 (KHTML, like Gecko) Chrome/78.0.3904.108 Safari/537.36"
3.230.162.240 - - [13/Jul/2025:13:22:53 +0000] "POST //xmlrpc.php HTTP/1.1" 200 401 "-" "Mozilla/5.0 (Windows NT 10.0; Win64; x64) AppleWebKit/537.36 (KHTML, like Gecko) Chrome/78.0.3904.108 Safari/537.36"
3.230.162.240 - - [13/Jul/2025:13:22:53 +0000] "POST //xmlrpc.php HTTP/1.1" 200 401 "-" "Mozilla/5.0 (Windows NT 10.0; Win64; x64) AppleWebKit/537.36 (KHTML, like Gecko) Chrome/78.0.3904.108 Safari/537.36"
3.230.162.240 - - [13/Jul/2025:13:22:54 +0000] "POST //xmlrpc.php HTTP/1.1" 200 401 "-" "Mozilla/5.0 (Windows NT 10.0; Win64; x64) AppleWebKit/537.36 (KHTML, like Gecko) Chrome/78.0.3904.108 Safari/537.36"
3.230.162.240 - - [13/Jul/2025:13:22:54 +0000] "POST //xmlrpc.php HTTP/1.1" 200 401 "-" "Mozilla/5.0 (Windows NT 10.0; Win64; x64) AppleWebKit/537.36 (KHTML, like Gecko) Chrome/78.0.3904.108 Safari/537.36"
3.230.162.240 - - [13/Jul/2025:13:22:55 +0000] "POST //xmlrpc.php HTTP/1.1" 200 401 "-" "Mozilla/5.0 (Windows NT 10.0; Win64; x64) AppleWebKit/537.36 (KHTML, like Gecko) Chrome/78.0.3904.108 Safari/537.36"
3.230.162.240 - - [13/Jul/2025:13:22:55 +0000] "POST //xmlrpc.php HTTP/1.1" 200 401 "-" "Mozilla/5.0 (Windows NT 10.0; Win64; x64) AppleWebKit/537.36 (KHTML, like Gecko) Chrome/78.0.3904.108 Safari/537.36"
3.230.162.240 - - [13/Jul/2025:13:22:55 +0000] "POST //xmlrpc.php HTTP/1.1" 200 401 "-" "Mozilla/5.0 (Windows NT 10.0; Win64; x64) AppleWebKit/537.36 (KHTML, like Gecko) Chrome/78.0.3904.108 Safari/537.36"
3.230.162.240 - - [13/Jul/2025:13:22:56 +0000] "POST //xmlrpc.php HTTP/1.1" 200 401 "-" "Mozilla/5.0 (Windows NT 10.0; Win64; x64) AppleWebKit/537.36 (KHTML, like Gecko) Chrome/78.0.3904.108 Safari/537.36"
3.230.162.240 - - [13/Jul/2025:13:22:57 +0000] "POST //xmlrpc.php HTTP/1.1" 200 401 "-" "Mozilla/5.0 (Windows NT 10.0; Win64; x64) AppleWebKit/537.36 (KHTML, like Gecko) Chrome/78.0.3904.108 Safari/537.36"
3.230.162.240 - - [13/Jul/2025:13:22:58 +0000] "POST //xmlrpc.php HTTP/1.1" 200 401 "-" "Mozilla/5.0 (Windows NT 10.0; Win64; x64) AppleWebKit/537.36 (KHTML, like Gecko) Chrome/78.0.3904.108 Safari/537.36"
3.230.162.240 - - [13/Jul/2025:13:23:00 +0000] "POST //xmlrpc.php HTTP/1.1" 200 401 "-" "Mozilla/5.0 (Windows NT 10.0; Win64; x64) AppleWebKit/537.36 (KHTML, like Gecko) Chrome/78.0.3904.108 Safari/537.36"
209.74.77.214 - - [13/Jul/2025:13:26:56 +0000] "POST /wp-cron.php?doing_wp_cron=1752413216.3140630722045898437500 HTTP/1.1" 200 - "-" "WordPress/6.8.1; https://alalamy.com.au"
209.74.77.214 - - [13/Jul/2025:13:26:56 +0000] "POST /wp-admin/admin-ajax.php?action=async_litespeed&nonce=fsXxr0rojPO3Fi7YdLTPu3mCoAvI8zzm&litespeed_type=imgoptm HTTP/1.1" 200 21 "-" "WordPress/6.8.1; https://alalamy.com.au"
54.36.148.22 - - [13/Jul/2025:13:26:51 +0000] "GET /?k=95828778001900&uri=pin.php%3Fid%3D3198028-962%26name%3Dfitnesshose%20nike HTTP/1.1" 200 26568 "-" "Mozilla/5.0 (compatible; AhrefsBot/7.0; +http://ahrefs.com/robot/)"
66.249.65.165 - - [13/Jul/2025:13:27:04 +0000] "GET /?k=119810242071900&mod=6b283cdc&uri=shop.php%3Fid%3D3998431-679%26name%3Dcomio+s1+back+cover+flipkart HTTP/1.1" 200 20832 "-" "Mozilla/5.0 (Linux; Android 6.0.1; Nexus 5X Build/MMB29P) AppleWebKit/537.36 (KHTML, like Gecko) Chrome/137.0.7151.103 Mobile Safari/537.36 (compatible; Googlebot/2.1; +http://www.google.com/bot.html)"
66.249.65.165 - - [13/Jul/2025:13:27:17 +0000] "GET /?k=119852396021900&mod=41814002&uri=brands.php%3Fid%3D3999837-321%26name%3Dfree+kittens+in HTTP/1.1" 200 20608 "-" "Mozilla/5.0 (Linux; Android 6.0.1; Nexus 5X Build/MMB29P) AppleWebKit/537.36 (KHTML, like Gecko) Chrome/137.0.7151.103 Mobile Safari/537.36 (compatible; Googlebot/2.1; +http://www.google.com/bot.html)"
66.249.65.165 - - [13/Jul/2025:13:29:31 +0000] "GET /affiliate HTTP/1.1" 200 21520 "-" "Mozilla/5.0 (Linux; Android 6.0.1; Nexus 5X Build/MMB29P) AppleWebKit/537.36 (KHTML, like Gecko) Chrome/137.0.7151.103 Mobile Safari/537.36 (compatible; Googlebot/2.1; +http://www.google.com/bot.html)"
66.249.65.165 - - [13/Jul/2025:13:30:41 +0000] "GET /?k=39426728121900&mod=b0099c9e&uri=category-info.php%3Fid%3D1315866-242%26name%3Dhario+mini+slim+plus HTTP/1.1" 200 21801 "-" "Mozilla/5.0 (Linux; Android 6.0.1; Nexus 5X Build/MMB29P) AppleWebKit/537.36 (KHTML, like Gecko) Chrome/137.0.7151.103 Mobile Safari/537.36 (compatible; Googlebot/2.1; +http://www.google.com/bot.html)"
66.249.65.164 - - [13/Jul/2025:13:30:48 +0000] "POST /get-message-notify HTTP/1.1" 200 21432 "https://alalamy.com.au/?k=13620103041900&mod=f2013aa6&uri=info.php%3Fid%3D454732-246%26name%3Dvivint+doorbell+camera+install" "Mozilla/5.0 (Linux; Android 6.0.1; Nexus 5X Build/MMB29P) AppleWebKit/537.36 (KHTML, like Gecko) Chrome/137.0.7151.119 Mobile Safari/537.36 (compatible; Googlebot/2.1; +http://www.google.com/bot.html)"
209.74.77.214 - - [13/Jul/2025:13:31:11 +0000] "POST /wp-cron.php?doing_wp_cron=1752413471.8823649883270263671875 HTTP/1.1" 200 - "-" "WordPress/6.8.1; https://alalamy.com.au"
209.74.77.214 - - [13/Jul/2025:13:31:12 +0000] "POST /wp-admin/admin-ajax.php?action=async_litespeed&nonce=Fg8fnuzqWrx4ieyIXOV4Q6LRVjccIFvf&litespeed_type=imgoptm HTTP/1.1" 200 21 "-" "WordPress/6.8.1; https://alalamy.com.au"
54.36.148.41 - - [13/Jul/2025:13:31:09 +0000] "GET /?k=95925978091900&uri=category-info.php%3Fid%3D3201271-340%26name%3Dcalzado%20ecco%20barato%20zapatillas HTTP/1.1" 200 26568 "-" "Mozilla/5.0 (compatible; AhrefsBot/7.0; +http://ahrefs.com/robot/)"
66.249.65.166 - - [13/Jul/2025:13:31:41 +0000] "GET /?k=6967454041900&mod=20ea88ff&uri=itm.php%3Fid%3D232690-390%26name%3Dpolo+nike+grand+slam HTTP/1.1" 200 21304 "-" "Mozilla/5.0 (Linux; Android 6.0.1; Nexus 5X Build/MMB29P) AppleWebKit/537.36 (KHTML, like Gecko) Chrome/137.0.7151.103 Mobile Safari/537.36 (compatible; Googlebot/2.1; +http://www.google.com/bot.html)"
66.249.65.166 - - [13/Jul/2025:13:31:41 +0000] "GET /?k=5858170041900&mod=e07472e7&uri=blog.php%3Fid%3D195628-341%26name%3Dnarciso+rodriguez+colonia+hombre HTTP/1.1" 200 21405 "-" "Mozilla/5.0 (Linux; Android 6.0.1; Nexus 5X Build/MMB29P) AppleWebKit/537.36 (KHTML, like Gecko) Chrome/137.0.7151.103 Mobile Safari/537.36 (compatible; Googlebot/2.1; +http://www.google.com/bot.html)"
66.249.65.164 - - [13/Jul/2025:13:31:48 +0000] "GET /?k=6960784021900&mod=962ebbfe&uri=brands.php%3Fid%3D232467-394%26name%3Dgascraft+tailgate+burner+grill+with+smoker HTTP/1.1" 200 21761 "-" "Mozilla/5.0 (Linux; Android 6.0.1; Nexus 5X Build/MMB29P) AppleWebKit/537.36 (KHTML, like Gecko) Chrome/137.0.7151.103 Mobile Safari/537.36 (compatible; Googlebot/2.1; +http://www.google.com/bot.html)"
66.249.65.165 - - [13/Jul/2025:13:31:48 +0000] "GET /?k=7318309091900&mod=1177967c&uri=product.php%3Fid%3D244417-22%26name%3Dherrenuhr+gliederarmband HTTP/1.1" 200 20632 "-" "Mozilla/5.0 (Linux; Android 6.0.1; Nexus 5X Build/MMB29P) AppleWebKit/537.36 (KHTML, like Gecko) Chrome/137.0.7151.103 Mobile Safari/537.36 (compatible; Googlebot/2.1; +http://www.google.com/bot.html)"
66.249.65.164 - - [13/Jul/2025:13:31:52 +0000] "GET /?k=6955654021900&mod=20ea88ff&uri=category-info.php%3Fid%3D232296-390%26name%3Djordan+bleu+et+blanche HTTP/1.1" 200 20840 "-" "Mozilla/5.0 (Linux; Android 6.0.1; Nexus 5X Build/MMB29P) AppleWebKit/537.36 (KHTML, like Gecko) Chrome/137.0.7151.103 Mobile Safari/537.36 (compatible; Googlebot/2.1; +http://www.google.com/bot.html)"
66.249.65.164 - - [13/Jul/2025:13:31:52 +0000] "POST /get-message-notify HTTP/1.1" 200 21446 "https://alalamy.com.au/?k=7318309091900&mod=1177967c&uri=product.php%3Fid%3D244417-22%26name%3Dherrenuhr+gliederarmband" "Mozilla/5.0 (Linux; Android 6.0.1; Nexus 5X Build/MMB29P) AppleWebKit/537.36 (KHTML, like Gecko) Chrome/137.0.7151.119 Mobile Safari/537.36 (compatible; Googlebot/2.1; +http://www.google.com/bot.html)"
66.249.65.164 - - [13/Jul/2025:13:31:54 +0000] "POST /get-message-notify HTTP/1.1" 200 21428 "https://alalamy.com.au/?k=6955654021900&mod=20ea88ff&uri=category-info.php%3Fid%3D232296-390%26name%3Djordan+bleu+et+blanche" "Mozilla/5.0 (Linux; Android 6.0.1; Nexus 5X Build/MMB29P) AppleWebKit/537.36 (KHTML, like Gecko) Chrome/137.0.7151.119 Mobile Safari/537.36 (compatible; Googlebot/2.1; +http://www.google.com/bot.html)"
66.249.65.164 - - [13/Jul/2025:13:31:55 +0000] "GET /?k=5874888051900&mod=e07472e7&uri=form.php%3Fid%3D196187-341%26name%3Del+extractor+de+jugos HTTP/1.1" 200 22456 "-" "Mozilla/5.0 (Linux; Android 6.0.1; Nexus 5X Build/MMB29P) AppleWebKit/537.36 (KHTML, like Gecko) Chrome/137.0.7151.103 Mobile Safari/537.36 (compatible; Googlebot/2.1; +http://www.google.com/bot.html)"
66.249.65.166 - - [13/Jul/2025:13:32:05 +0000] "GET /?k=5876208011900&mod=e07472e7&uri=products.php%3Fid%3D196231-341%26name%3Dplatos+playos+de+vidrio+por+mayor HTTP/1.1" 200 21908 "-" "Mozilla/5.0 (Linux; Android 6.0.1; Nexus 5X Build/MMB29P) AppleWebKit/537.36 (KHTML, like Gecko) Chrome/137.0.7151.103 Mobile Safari/537.36 (compatible; Googlebot/2.1; +http://www.google.com/bot.html)"
66.249.65.166 - - [13/Jul/2025:13:32:05 +0000] "GET /?k=5877588031900&mod=e07472e7&uri=itm.php%3Fid%3D196277-341%26name%3Dtuina+masaje+chino+pdf HTTP/1.1" 200 22171 "-" "Mozilla/5.0 (Linux; Android 6.0.1; Nexus 5X Build/MMB29P) AppleWebKit/537.36 (KHTML, like Gecko) Chrome/137.0.7151.103 Mobile Safari/537.36 (compatible; Googlebot/2.1; +http://www.google.com/bot.html)"
66.249.65.164 - - [13/Jul/2025:13:32:05 +0000] "GET /?k=37422932071900&mod=f6065e82&uri=goods.php%3Fid%3D1249019-649%26name%3Dortlieb+front+roller+classic HTTP/1.1" 200 21491 "-" "Mozilla/5.0 (Linux; Android 6.0.1; Nexus 5X Build/MMB29P) AppleWebKit/537.36 (KHTML, like Gecko) Chrome/137.0.7151.103 Mobile Safari/537.36 (compatible; Googlebot/2.1; +http://www.google.com/bot.html)"
66.249.65.165 - - [13/Jul/2025:13:32:11 +0000] "GET /?k=5876088071900&mod=e07472e7&uri=info.php%3Fid%3D196227-341%26name%3Dreflexologia+japonesa+2018 HTTP/1.1" 200 21382 "-" "Mozilla/5.0 (Linux; Android 6.0.1; Nexus 5X Build/MMB29P) AppleWebKit/537.36 (KHTML, like Gecko) Chrome/137.0.7151.103 Mobile Safari/537.36 (compatible; Googlebot/2.1; +http://www.google.com/bot.html)"
66.249.65.166 - - [13/Jul/2025:13:32:11 +0000] "GET /?k=5875968051900&mod=e07472e7&uri=dp.php%3Fid%3D196223-341%26name%3Dcable+de+audio+y+video HTTP/1.1" 200 21900 "-" "Mozilla/5.0 (Linux; Android 6.0.1; Nexus 5X Build/MMB29P) AppleWebKit/537.36 (KHTML, like Gecko) Chrome/137.0.7151.103 Mobile Safari/537.36 (compatible; Googlebot/2.1; +http://www.google.com/bot.html)"
66.249.65.165 - - [13/Jul/2025:13:32:16 +0000] "GET /?k=5879255041900&mod=e07472e7&uri=shop.php%3Fid%3D196333-341%26name%3Dexprimidor+de+naranjas+antiguo HTTP/1.1" 200 21924 "-" "Mozilla/5.0 (Linux; Android 6.0.1; Nexus 5X Build/MMB29P) AppleWebKit/537.36 (KHTML, like Gecko) Chrome/137.0.7151.103 Mobile Safari/537.36 (compatible; Googlebot/2.1; +http://www.google.com/bot.html)"
66.249.65.164 - - [13/Jul/2025:13:32:16 +0000] "GET /?k=37424252011900&mod=f6065e82&uri=us.php%3Fid%3D1249063-649%26name%3Dhouse+bike+rack HTTP/1.1" 200 21955 "-" "Mozilla/5.0 (Linux; Android 6.0.1; Nexus 5X Build/MMB29P) AppleWebKit/537.36 (KHTML, like Gecko) Chrome/137.0.7151.103 Mobile Safari/537.36 (compatible; Googlebot/2.1; +http://www.google.com/bot.html)"
66.249.65.164 - - [13/Jul/2025:13:32:16 +0000] "GET /?k=6559825011900&mod=0bb3498d&uri=blog.php%3Fid%3D219091-367%26name%3Dice+fishing+sled+shelter HTTP/1.1" 200 22302 "-" "Mozilla/5.0 (Linux; Android 6.0.1; Nexus 5X Build/MMB29P) AppleWebKit/537.36 (KHTML, like Gecko) Chrome/137.0.7151.103 Mobile Safari/537.36 (compatible; Googlebot/2.1; +http://www.google.com/bot.html)"
66.249.65.164 - - [13/Jul/2025:13:32:18 +0000] "POST /get-message-notify HTTP/1.1" 200 21429 "https://alalamy.com.au/?k=5879255041900&mod=e07472e7&uri=shop.php%3Fid%3D196333-341%26name%3Dexprimidor+de+naranjas+antiguo" "Mozilla/5.0 AppleWebKit/537.36 (KHTML, like Gecko; compatible; Googlebot/2.1; +http://www.google.com/bot.html) Chrome/137.0.7151.119 Safari/537.36"
66.249.65.164 - - [13/Jul/2025:13:32:20 +0000] "GET /?k=37423112051900&mod=f6065e82&uri=us.php%3Fid%3D1249025-649%26name%3Dside+panniers+for+bike HTTP/1.1" 200 21997 "-" "Mozilla/5.0 (Linux; Android 6.0.1; Nexus 5X Build/MMB29P) AppleWebKit/537.36 (KHTML, like Gecko) Chrome/137.0.7151.103 Mobile Safari/537.36 (compatible; Googlebot/2.1; +http://www.google.com/bot.html)"
66.249.65.164 - - [13/Jul/2025:13:32:20 +0000] "POST /get-message-notify HTTP/1.1" 200 21441 "https://alalamy.com.au/?k=5876088071900&mod=e07472e7&uri=info.php%3Fid%3D196227-341%26name%3Dreflexologia+japonesa+2018" "Mozilla/5.0 (Linux; Android 6.0.1; Nexus 5X Build/MMB29P) AppleWebKit/537.36 (KHTML, like Gecko) Chrome/137.0.7151.119 Mobile Safari/537.36 (compatible; Googlebot/2.1; +http://www.google.com/bot.html)"
66.249.65.164 - - [13/Jul/2025:13:32:23 +0000] "GET /?k=37422332051900&mod=f6065e82&uri=dp.php%3Fid%3D1248999-649%26name%3Dpannier+top+bag HTTP/1.1" 200 21655 "-" "Mozilla/5.0 (Linux; Android 6.0.1; Nexus 5X Build/MMB29P) AppleWebKit/537.36 (KHTML, like Gecko) Chrome/137.0.7151.103 Mobile Safari/537.36 (compatible; Googlebot/2.1; +http://www.google.com/bot.html)"
66.249.65.164 - - [13/Jul/2025:13:32:23 +0000] "GET /?k=37423772051900&mod=f6065e82&uri=brands.php%3Fid%3D1249047-649%26name%3Dsondors+bike+rack HTTP/1.1" 200 21620 "-" "Mozilla/5.0 (Linux; Android 6.0.1; Nexus 5X Build/MMB29P) AppleWebKit/537.36 (KHTML, like Gecko) Chrome/137.0.7151.103 Mobile Safari/537.36 (compatible; Googlebot/2.1; +http://www.google.com/bot.html)"
66.249.65.164 - - [13/Jul/2025:13:32:28 +0000] "GET /?k=37423592051900&mod=f6065e82&uri=pin.php%3Fid%3D1249041-649%26name%3Dbike+cover+for+truck HTTP/1.1" 200 22181 "-" "Mozilla/5.0 (Linux; Android 6.0.1; Nexus 5X Build/MMB29P) AppleWebKit/537.36 (KHTML, like Gecko) Chrome/137.0.7151.103 Mobile Safari/537.36 (compatible; Googlebot/2.1; +http://www.google.com/bot.html)"
66.249.65.164 - - [13/Jul/2025:13:32:33 +0000] "GET /?k=37426112081900&mod=f6065e82&uri=search.php%3Fid%3D1249125-649%26name%3Dbike+map+stand HTTP/1.1" 200 21430 "-" "Mozilla/5.0 (Linux; Android 6.0.1; Nexus 5X Build/MMB29P) AppleWebKit/537.36 (KHTML, like Gecko) Chrome/137.0.7151.103 Mobile Safari/537.36 (compatible; Googlebot/2.1; +http://www.google.com/bot.html)"
66.249.65.165 - - [13/Jul/2025:13:32:36 +0000] "POST /get-message-notify HTTP/1.1" 200 21423 "https://alalamy.com.au/?k=37422332051900&mod=f6065e82&uri=dp.php%3Fid%3D1248999-649%26name%3Dpannier+top+bag" "Mozilla/5.0 (Linux; Android 6.0.1; Nexus 5X Build/MMB29P) AppleWebKit/537.36 (KHTML, like Gecko) Chrome/137.0.7151.119 Mobile Safari/537.36 (compatible; Googlebot/2.1; +http://www.google.com/bot.html)"
66.249.65.164 - - [13/Jul/2025:13:32:36 +0000] "POST /get-message-notify HTTP/1.1" 200 21438 "https://alalamy.com.au/?k=37423592051900&mod=f6065e82&uri=pin.php%3Fid%3D1249041-649%26name%3Dbike+cover+for+truck" "Mozilla/5.0 (Linux; Android 6.0.1; Nexus 5X Build/MMB29P) AppleWebKit/537.36 (KHTML, like Gecko) Chrome/137.0.7151.119 Mobile Safari/537.36 (compatible; Googlebot/2.1; +http://www.google.com/bot.html)"
66.249.65.164 - - [13/Jul/2025:13:32:37 +0000] "GET /?k=37424192091900&mod=f6065e82&uri=form.php%3Fid%3D1249061-649%26name%3Ddisc+golf+rack+for+sale HTTP/1.1" 200 21732 "-" "Mozilla/5.0 (Linux; Android 6.0.1; Nexus 5X Build/MMB29P) AppleWebKit/537.36 (KHTML, like Gecko) Chrome/137.0.7151.103 Mobile Safari/537.36 (compatible; Googlebot/2.1; +http://www.google.com/bot.html)"
66.249.65.165 - - [13/Jul/2025:13:32:41 +0000] "GET /?k=37422272001900&mod=f6065e82&uri=search.php%3Fid%3D1248997-649%26name%3Dhow+to+buy+a+bike+rack+for+your+car HTTP/1.1" 200 21603 "-" "Mozilla/5.0 (Linux; Android 6.0.1; Nexus 5X Build/MMB29P) AppleWebKit/537.36 (KHTML, like Gecko) Chrome/137.0.7151.103 Mobile Safari/537.36 (compatible; Googlebot/2.1; +http://www.google.com/bot.html)"
66.249.65.165 - - [13/Jul/2025:13:32:45 +0000] "GET /?k=37425332031900&mod=f6065e82&uri=category-info.php%3Fid%3D1249099-649%26name%3Dmountain+bike+bike+rack HTTP/1.1" 200 22222 "-" "Mozilla/5.0 (Linux; Android 6.0.1; Nexus 5X Build/MMB29P) AppleWebKit/537.36 (KHTML, like Gecko) Chrome/137.0.7151.103 Mobile Safari/537.36 (compatible; Googlebot/2.1; +http://www.google.com/bot.html)"
66.249.65.164 - - [13/Jul/2025:13:32:46 +0000] "GET /?k=7150045041900&mod=8763d72b&uri=shared.php%3Fid%3D238786-57%26name%3Djabra+elite+75t+ps4 HTTP/1.1" 200 21955 "-" "Mozilla/5.0 (Linux; Android 6.0.1; Nexus 5X Build/MMB29P) AppleWebKit/537.36 (KHTML, like Gecko) Chrome/137.0.7151.103 Mobile Safari/537.36 (compatible; Googlebot/2.1; +http://www.google.com/bot.html)"
66.249.65.165 - - [13/Jul/2025:13:32:49 +0000] "POST /get-message-notify HTTP/1.1" 200 21415 "https://alalamy.com.au/?k=37425332031900&mod=f6065e82&uri=category-info.php%3Fid%3D1249099-649%26name%3Dmountain+bike+bike+rack" "Mozilla/5.0 (Linux; Android 6.0.1; Nexus 5X Build/MMB29P) AppleWebKit/537.36 (KHTML, like Gecko) Chrome/137.0.7151.119 Mobile Safari/537.36 (compatible; Googlebot/2.1; +http://www.google.com/bot.html)"
66.249.65.165 - - [13/Jul/2025:13:32:52 +0000] "GET /?k=37425272001900&mod=f6065e82&uri=pin.php%3Fid%3D1249097-649%26name%3Dpampered+chef+cooling+rack+oven+safe HTTP/1.1" 200 21896 "-" "Mozilla/5.0 (Linux; Android 6.0.1; Nexus 5X Build/MMB29P) AppleWebKit/537.36 (KHTML, like Gecko) Chrome/137.0.7151.103 Mobile Safari/537.36 (compatible; Googlebot/2.1; +http://www.google.com/bot.html)"
66.249.65.165 - - [13/Jul/2025:13:33:01 +0000] "GET /?k=37425752011900&mod=f6065e82&uri=pin.php%3Fid%3D1249113-649%26name%3Dutility+trailer+bike+rack HTTP/1.1" 200 21859 "-" "Mozilla/5.0 (Linux; Android 6.0.1; Nexus 5X Build/MMB29P) AppleWebKit/537.36 (KHTML, like Gecko) Chrome/137.0.7151.103 Mobile Safari/537.36 (compatible; Googlebot/2.1; +http://www.google.com/bot.html)"
66.249.65.164 - - [13/Jul/2025:13:33:02 +0000] "GET /?k=37424852011900&mod=f6065e82&uri=news.php%3Fid%3D1249083-649%26name%3Dtimbuk2+flash+tandem+pannier HTTP/1.1" 200 22195 "-" "Mozilla/5.0 (Linux; Android 6.0.1; Nexus 5X Build/MMB29P) AppleWebKit/537.36 (KHTML, like Gecko) Chrome/137.0.7151.103 Mobile Safari/537.36 (compatible; Googlebot/2.1; +http://www.google.com/bot.html)"
66.249.65.166 - - [13/Jul/2025:13:33:03 +0000] "GET /?k=37426232071900&mod=f6065e82&uri=category-info.php%3Fid%3D1249129-649%26name%3Dwater+bottle+cage+adapter HTTP/1.1" 200 21690 "-" "Mozilla/5.0 (Linux; Android 6.0.1; Nexus 5X Build/MMB29P) AppleWebKit/537.36 (KHTML, like Gecko) Chrome/137.0.7151.103 Mobile Safari/537.36 (compatible; Googlebot/2.1; +http://www.google.com/bot.html)"
66.249.65.165 - - [13/Jul/2025:13:33:03 +0000] "POST /get-message-notify HTTP/1.1" 200 21419 "https://alalamy.com.au/?k=37423112051900&mod=f6065e82&uri=us.php%3Fid%3D1249025-649%26name%3Dside+panniers+for+bike" "Mozilla/5.0 (Linux; Android 6.0.1; Nexus 5X Build/MMB29P) AppleWebKit/537.36 (KHTML, like Gecko) Chrome/137.0.7151.119 Mobile Safari/537.36 (compatible; Googlebot/2.1; +http://www.google.com/bot.html)"
66.249.65.165 - - [13/Jul/2025:13:33:06 +0000] "GET /?k=37425452011900&mod=f6065e82&uri=form.php%3Fid%3D1249103-649%26name%3Dcannondale+quick+price HTTP/1.1" 200 21935 "-" "Mozilla/5.0 (Linux; Android 6.0.1; Nexus 5X Build/MMB29P) AppleWebKit/537.36 (KHTML, like Gecko) Chrome/137.0.7151.103 Mobile Safari/537.36 (compatible; Googlebot/2.1; +http://www.google.com/bot.html)"
66.249.65.164 - - [13/Jul/2025:13:33:10 +0000] "POST /get-message-notify HTTP/1.1" 200 21442 "https://alalamy.com.au/?k=37425272001900&mod=f6065e82&uri=pin.php%3Fid%3D1249097-649%26name%3Dpampered+chef+cooling+rack+oven+safe" "Mozilla/5.0 (Linux; Android 6.0.1; Nexus 5X Build/MMB29P) AppleWebKit/537.36 (KHTML, like Gecko) Chrome/137.0.7151.119 Mobile Safari/537.36 (compatible; Googlebot/2.1; +http://www.google.com/bot.html)"
66.249.65.164 - - [13/Jul/2025:13:33:13 +0000] "GET /?k=37424432031900&mod=f6065e82&uri=dp.php%3Fid%3D1249069-649%26name%3Dyakima+kingjoe+pro+compatibility HTTP/1.1" 200 22419 "-" "Mozilla/5.0 (Linux; Android 6.0.1; Nexus 5X Build/MMB29P) AppleWebKit/537.36 (KHTML, like Gecko) Chrome/137.0.7151.103 Mobile Safari/537.36 (compatible; Googlebot/2.1; +http://www.google.com/bot.html)"
66.249.65.164 - - [13/Jul/2025:13:33:16 +0000] "GET /?k=37425692031900&mod=f6065e82&uri=pin.php%3Fid%3D1249111-649%26name%3Dpickup+truck+rod+rack HTTP/1.1" 200 21808 "-" "Mozilla/5.0 (Linux; Android 6.0.1; Nexus 5X Build/MMB29P) AppleWebKit/537.36 (KHTML, like Gecko) Chrome/137.0.7151.103 Mobile Safari/537.36 (compatible; Googlebot/2.1; +http://www.google.com/bot.html)"
66.249.65.164 - - [13/Jul/2025:13:33:23 +0000] "GET /?k=7350679021900&mod=c242ee43&uri=products.php%3Fid%3D245496-405%26name%3Dhugo+boss+adrienne+trainers HTTP/1.1" 200 20995 "-" "Mozilla/5.0 (Linux; Android 6.0.1; Nexus 5X Build/MMB29P) AppleWebKit/537.36 (KHTML, like Gecko) Chrome/137.0.7151.103 Mobile Safari/537.36 (compatible; Googlebot/2.1; +http://www.google.com/bot.html)"
66.249.65.164 - - [13/Jul/2025:13:33:23 +0000] "GET /?k=37422572031900&mod=f6065e82&uri=info.php%3Fid%3D1249007-649%26name%3Dhome+mechanic+bench+mount+repair+stand HTTP/1.1" 200 21690 "-" "Mozilla/5.0 (Linux; Android 6.0.1; Nexus 5X Build/MMB29P) AppleWebKit/537.36 (KHTML, like Gecko) Chrome/137.0.7151.103 Mobile Safari/537.36 (compatible; Googlebot/2.1; +http://www.google.com/bot.html)"
66.249.65.164 - - [13/Jul/2025:13:33:23 +0000] "GET /?k=7347319001900&mod=9078b6ab&uri=us.php%3Fid%3D245384-222%26name%3Dretro+s HTTP/1.1" 200 20617 "-" "Mozilla/5.0 (Linux; Android 6.0.1; Nexus 5X Build/MMB29P) AppleWebKit/537.36 (KHTML, like Gecko) Chrome/137.0.7151.103 Mobile Safari/537.36 (compatible; Googlebot/2.1; +http://www.google.com/bot.html)"
66.249.65.164 - - [13/Jul/2025:13:33:30 +0000] "GET /?k=6974114031900&mod=962ebbfe&uri=itm.php%3Fid%3D232912-394%26name%3Dducane+burner+gas+grill HTTP/1.1" 200 22174 "-" "Mozilla/5.0 (Linux; Android 6.0.1; Nexus 5X Build/MMB29P) AppleWebKit/537.36 (KHTML, like Gecko) Chrome/137.0.7151.103 Mobile Safari/537.36 (compatible; Googlebot/2.1; +http://www.google.com/bot.html)"
66.249.65.164 - - [13/Jul/2025:13:33:32 +0000] "POST /get-message-notify HTTP/1.1" 200 21429 "https://alalamy.com.au/?k=37425692031900&mod=f6065e82&uri=pin.php%3Fid%3D1249111-649%26name%3Dpickup+truck+rod+rack" "Mozilla/5.0 (Linux; Android 6.0.1; Nexus 5X Build/MMB29P) AppleWebKit/537.36 (KHTML, like Gecko) Chrome/137.0.7151.119 Mobile Safari/537.36 (compatible; Googlebot/2.1; +http://www.google.com/bot.html)"
66.249.65.164 - - [13/Jul/2025:13:33:33 +0000] "GET /?k=11285459091900&mod=b9b993f4&uri=search.php%3Fid%3D376803-387%26name%3Dfixed+weight+barbell+uk HTTP/1.1" 200 21982 "-" "Mozilla/5.0 (Linux; Android 6.0.1; Nexus 5X Build/MMB29P) AppleWebKit/537.36 (KHTML, like Gecko) Chrome/137.0.7151.103 Mobile Safari/537.36 (compatible; Googlebot/2.1; +http://www.google.com/bot.html)"
66.249.65.164 - - [13/Jul/2025:13:33:33 +0000] "GET /?k=72261821131900&mod=1177967c&uri=pin.php%3Fid%3D2411459-22%26name%3Drolex+wie+viel+kostet HTTP/1.1" 200 20910 "-" "Mozilla/5.0 (Linux; Android 6.0.1; Nexus 5X Build/MMB29P) AppleWebKit/537.36 (KHTML, like Gecko) Chrome/137.0.7151.103 Mobile Safari/537.36 (compatible; Googlebot/2.1; +http://www.google.com/bot.html)"
66.249.65.164 - - [13/Jul/2025:13:33:34 +0000] "GET /?k=5875728001900&mod=e07472e7&uri=products.php%3Fid%3D196215-341%26name%3Dmini+picador+oster HTTP/1.1" 200 22411 "-" "Mozilla/5.0 (Linux; Android 6.0.1; Nexus 5X Build/MMB29P) AppleWebKit/537.36 (KHTML, like Gecko) Chrome/137.0.7151.103 Mobile Safari/537.36 (compatible; Googlebot/2.1; +http://www.google.com/bot.html)"
66.249.65.165 - - [13/Jul/2025:13:33:35 +0000] "GET /?k=6973754011900&mod=962ebbfe&uri=products.php%3Fid%3D232900-394%26name%3Dsunflame+burner+price HTTP/1.1" 200 21615 "-" "Mozilla/5.0 (Linux; Android 6.0.1; Nexus 5X Build/MMB29P) AppleWebKit/537.36 (KHTML, like Gecko) Chrome/137.0.7151.103 Mobile Safari/537.36 (compatible; Googlebot/2.1; +http://www.google.com/bot.html)"
66.249.65.164 - - [13/Jul/2025:13:33:35 +0000] "GET /?k=7371079041900&mod=078fbc1d&uri=info.php%3Fid%3D246176-408%26name%3Dcalvin+klein+underwear+hoodie HTTP/1.1" 200 22163 "-" "Mozilla/5.0 (Linux; Android 6.0.1; Nexus 5X Build/MMB29P) AppleWebKit/537.36 (KHTML, like Gecko) Chrome/137.0.7151.103 Mobile Safari/537.36 (compatible; Googlebot/2.1; +http://www.google.com/bot.html)"
66.249.65.164 - - [13/Jul/2025:13:33:39 +0000] "GET /?k=6955234081900&mod=f4491fcc&uri=goods.php%3Fid%3D232282-391%26name%3Dair+max+rojos+precio HTTP/1.1" 200 20483 "-" "Mozilla/5.0 (Linux; Android 6.0.1; Nexus 5X Build/MMB29P) AppleWebKit/537.36 (KHTML, like Gecko) Chrome/137.0.7151.103 Mobile Safari/537.36 (compatible; Googlebot/2.1; +http://www.google.com/bot.html)"
66.249.65.164 - - [13/Jul/2025:13:33:44 +0000] "POST /get-message-notify HTTP/1.1" 200 21434 "https://alalamy.com.au/?k=37424432031900&mod=f6065e82&uri=dp.php%3Fid%3D1249069-649%26name%3Dyakima+kingjoe+pro+compatibility" "Mozilla/5.0 (Linux; Android 6.0.1; Nexus 5X Build/MMB29P) AppleWebKit/537.36 (KHTML, like Gecko) Chrome/137.0.7151.119 Mobile Safari/537.36 (compatible; Googlebot/2.1; +http://www.google.com/bot.html)"
