66.249.65.164 - - [13/Jul/2025:16:18:33 +0000] "GET /?k=72250772031900&mod=1177967c&uri=itm.php%3Fid%3D2411088-22%26name%3Dswatch+uhr+perlenarmband HTTP/1.1" 200 21772 "-" "Mozilla/5.0 (Linux; Android 6.0.1; Nexus 5X Build/MMB29P) AppleWebKit/537.36 (KHTML, like Gecko) Chrome/137.0.7151.103 Mobile Safari/537.36 (compatible; Googlebot/2.1; +http://www.google.com/bot.html)"
66.249.65.164 - - [13/Jul/2025:16:18:35 +0000] "GET /?k=7417052031900&mod=16bb35ba&uri=brands.php%3Fid%3D247715-81%26name%3Damazon+sedie+a+dondolo+in+vimini HTTP/1.1" 200 22186 "-" "Mozilla/5.0 (Linux; Android 6.0.1; Nexus 5X Build/MMB29P) AppleWebKit/537.36 (KHTML, like Gecko) Chrome/137.0.7151.103 Mobile Safari/537.36 (compatible; Googlebot/2.1; +http://www.google.com/bot.html)"
66.249.65.164 - - [13/Jul/2025:16:18:37 +0000] "GET /?k=7333669011900&mod=c242ee43&uri=brands.php%3Fid%3D244929-405%26name%3Dpeep+toe+block+heel+boots HTTP/1.1" 200 21066 "-" "Mozilla/5.0 (Linux; Android 6.0.1; Nexus 5X Build/MMB29P) AppleWebKit/537.36 (KHTML, like Gecko) Chrome/137.0.7151.103 Mobile Safari/537.36 (compatible; Googlebot/2.1; +http://www.google.com/bot.html)"
66.249.65.165 - - [13/Jul/2025:16:18:41 +0000] "GET /?k=7431979021900&mod=16bb35ba&uri=itm.php%3Fid%3D248213-81%26name%3Ddondolo+da+giardino+vimini HTTP/1.1" 200 22375 "-" "Mozilla/5.0 (Linux; Android 6.0.1; Nexus 5X Build/MMB29P) AppleWebKit/537.36 (KHTML, like Gecko) Chrome/137.0.7151.103 Mobile Safari/537.36 (compatible; Googlebot/2.1; +http://www.google.com/bot.html)"
66.249.65.164 - - [13/Jul/2025:16:18:42 +0000] "GET /?k=7282946051900&mod=861288f2&uri=dp.php%3Fid%3D243228-403%26name%3Dalana+schuhe+leder+dm HTTP/1.1" 200 21930 "-" "Mozilla/5.0 (Linux; Android 6.0.1; Nexus 5X Build/MMB29P) AppleWebKit/537.36 (KHTML, like Gecko) Chrome/137.0.7151.103 Mobile Safari/537.36 (compatible; Googlebot/2.1; +http://www.google.com/bot.html)"
66.249.65.165 - - [13/Jul/2025:16:18:45 +0000] "GET /?k=7439624021900&mod=16bb35ba&uri=itm.php%3Fid%3D248468-81%26name%3Dsedia+omen HTTP/1.1" 200 21610 "-" "Mozilla/5.0 (Linux; Android 6.0.1; Nexus 5X Build/MMB29P) AppleWebKit/537.36 (KHTML, like Gecko) Chrome/137.0.7151.103 Mobile Safari/537.36 (compatible; Googlebot/2.1; +http://www.google.com/bot.html)"
66.249.65.164 - - [13/Jul/2025:16:18:46 +0000] "POST /get-message-notify HTTP/1.1" 200 21448 "https://alalamy.com.au/?k=7282946051900&mod=861288f2&uri=dp.php%3Fid%3D243228-403%26name%3Dalana+schuhe+leder+dm" "Mozilla/5.0 (Linux; Android 6.0.1; Nexus 5X Build/MMB29P) AppleWebKit/537.36 (KHTML, like Gecko) Chrome/137.0.7151.119 Mobile Safari/537.36 (compatible; Googlebot/2.1; +http://www.google.com/bot.html)"
66.249.65.164 - - [13/Jul/2025:16:18:48 +0000] "POST /get-message-notify HTTP/1.1" 200 21438 "https://alalamy.com.au/?k=7439624021900&mod=16bb35ba&uri=itm.php%3Fid%3D248468-81%26name%3Dsedia+omen" "Mozilla/5.0 (Linux; Android 6.0.1; Nexus 5X Build/MMB29P) AppleWebKit/537.36 (KHTML, like Gecko) Chrome/137.0.7151.119 Mobile Safari/537.36 (compatible; Googlebot/2.1; +http://www.google.com/bot.html)"
66.249.65.164 - - [13/Jul/2025:16:18:48 +0000] "GET /?k=7348819091900&mod=c242ee43&uri=dp.php%3Fid%3D245434-405%26name%3Dnike+vapormax+animal+pack+zebra HTTP/1.1" 200 21528 "-" "Mozilla/5.0 (Linux; Android 6.0.1; Nexus 5X Build/MMB29P) AppleWebKit/537.36 (KHTML, like Gecko) Chrome/137.0.7151.103 Mobile Safari/537.36 (compatible; Googlebot/2.1; +http://www.google.com/bot.html)"
66.249.65.165 - - [13/Jul/2025:16:18:50 +0000] "GET /?k=7283126111900&mod=861288f2&uri=news.php%3Fid%3D243234-403%26name%3Dpepino+schuhe+breit HTTP/1.1" 200 21388 "-" "Mozilla/5.0 (Linux; Android 6.0.1; Nexus 5X Build/MMB29P) AppleWebKit/537.36 (KHTML, like Gecko) Chrome/137.0.7151.103 Mobile Safari/537.36 (compatible; Googlebot/2.1; +http://www.google.com/bot.html)"
66.249.65.165 - - [13/Jul/2025:16:18:53 +0000] "GET /?k=7314007011900&mod=1894ea67&uri=product.php%3Fid%3D244272-314%26name%3Dhoodie+tracht HTTP/1.1" 200 22824 "-" "Mozilla/5.0 (Linux; Android 6.0.1; Nexus 5X Build/MMB29P) AppleWebKit/537.36 (KHTML, like Gecko) Chrome/137.0.7151.103 Mobile Safari/537.36 (compatible; Googlebot/2.1; +http://www.google.com/bot.html)"
66.249.65.165 - - [13/Jul/2025:16:18:55 +0000] "GET /?k=22549452021900&mod=1894ea67&uri=form.php%3Fid%3D752668-314%26name%3Dsweatshirt+damen+d%C3%83%C2%BCnn HTTP/1.1" 200 21891 "-" "Mozilla/5.0 (Linux; Android 6.0.1; Nexus 5X Build/MMB29P) AppleWebKit/537.36 (KHTML, like Gecko) Chrome/137.0.7151.103 Mobile Safari/537.36 (compatible; Googlebot/2.1; +http://www.google.com/bot.html)"
66.249.65.164 - - [13/Jul/2025:16:18:58 +0000] "GET /?k=38668646081900&mod=1894ea67&uri=pin.php%3Fid%3D1290569-314%26name%3Ddamen+winterjacke+silber HTTP/1.1" 200 21392 "-" "Mozilla/5.0 (Linux; Android 6.0.1; Nexus 5X Build/MMB29P) AppleWebKit/537.36 (KHTML, like Gecko) Chrome/137.0.7151.103 Mobile Safari/537.36 (compatible; Googlebot/2.1; +http://www.google.com/bot.html)"
66.249.65.165 - - [13/Jul/2025:16:19:00 +0000] "GET /?k=7475021071900&mod=c5b86fa9&uri=brands.php%3Fid%3D249649-141%26name%3Dvestido+verde+maria+pombo HTTP/1.1" 200 22039 "-" "Mozilla/5.0 (Linux; Android 6.0.1; Nexus 5X Build/MMB29P) AppleWebKit/537.36 (KHTML, like Gecko) Chrome/137.0.7151.103 Mobile Safari/537.36 (compatible; Googlebot/2.1; +http://www.google.com/bot.html)"
66.249.65.166 - - [13/Jul/2025:16:19:01 +0000] "GET /?k=6764358031900&mod=9c3916c3&uri=goods.php%3Fid%3D225912-380%26name%3Dblack+cat+beanie+boo HTTP/1.1" 200 21729 "-" "Mozilla/5.0 (Linux; Android 6.0.1; Nexus 5X Build/MMB29P) AppleWebKit/537.36 (KHTML, like Gecko) Chrome/137.0.7151.103 Mobile Safari/537.36 (compatible; Googlebot/2.1; +http://www.google.com/bot.html)"
66.249.65.165 - - [13/Jul/2025:16:19:04 +0000] "GET /?k=7350079061900&mod=c242ee43&uri=goods.php%3Fid%3D245476-405%26name%3Dlow+heel+pointed+boots HTTP/1.1" 200 20875 "-" "Mozilla/5.0 (Linux; Android 6.0.1; Nexus 5X Build/MMB29P) AppleWebKit/537.36 (KHTML, like Gecko) Chrome/137.0.7151.103 Mobile Safari/537.36 (compatible; Googlebot/2.1; +http://www.google.com/bot.html)"
66.249.65.164 - - [13/Jul/2025:16:19:06 +0000] "GET /?k=7349959021900&mod=9078b6ab&uri=brands.php%3Fid%3D245472-222%26name%3Djordan+eminem+carhartt HTTP/1.1" 200 21247 "-" "Mozilla/5.0 (Linux; Android 6.0.1; Nexus 5X Build/MMB29P) AppleWebKit/537.36 (KHTML, like Gecko) Chrome/137.0.7151.103 Mobile Safari/537.36 (compatible; Googlebot/2.1; +http://www.google.com/bot.html)"
66.249.65.164 - - [13/Jul/2025:16:19:09 +0000] "GET /?k=119852246071900&mod=34a95ac7&uri=brands.php%3Fid%3D3999832-323%26name%3Dyeti+colster+stubby+cooler HTTP/1.1" 200 20004 "-" "Mozilla/5.0 (Linux; Android 6.0.1; Nexus 5X Build/MMB29P) AppleWebKit/537.36 (KHTML, like Gecko) Chrome/137.0.7151.103 Mobile Safari/537.36 (compatible; Googlebot/2.1; +http://www.google.com/bot.html)"
66.249.65.164 - - [13/Jul/2025:16:19:13 +0000] "GET /?k=7332289021900&mod=c242ee43&uri=product.php%3Fid%3D244883-405%26name%3Dnetball+court+shoes HTTP/1.1" 200 21240 "-" "Mozilla/5.0 (Linux; Android 6.0.1; Nexus 5X Build/MMB29P) AppleWebKit/537.36 (KHTML, like Gecko) Chrome/137.0.7151.103 Mobile Safari/537.36 (compatible; Googlebot/2.1; +http://www.google.com/bot.html)"
66.249.65.164 - - [13/Jul/2025:16:19:15 +0000] "GET /?k=7425356001900&mod=357a689f&uri=blog.php%3Fid%3D247992-410%26name%3Dlego+police+van+7286 HTTP/1.1" 200 21821 "-" "Mozilla/5.0 (Linux; Android 6.0.1; Nexus 5X Build/MMB29P) AppleWebKit/537.36 (KHTML, like Gecko) Chrome/137.0.7151.103 Mobile Safari/537.36 (compatible; Googlebot/2.1; +http://www.google.com/bot.html)"
66.249.65.164 - - [13/Jul/2025:16:19:19 +0000] "GET /?k=119832630001900&mod=41814002&uri=blog.php%3Fid%3D3999178-321%26name%3Dall+pets+great+small+cremation+service HTTP/1.1" 200 20622 "-" "Mozilla/5.0 (Linux; Android 6.0.1; Nexus 5X Build/MMB29P) AppleWebKit/537.36 (KHTML, like Gecko) Chrome/137.0.7151.103 Mobile Safari/537.36 (compatible; Googlebot/2.1; +http://www.google.com/bot.html)"
66.249.65.164 - - [13/Jul/2025:16:19:23 +0000] "GET /?k=6969854021900&mod=962ebbfe&uri=shared.php%3Fid%3D232770-394%26name%3Dtower+rose+gold+dinner+set HTTP/1.1" 200 21270 "-" "Mozilla/5.0 (Linux; Android 6.0.1; Nexus 5X Build/MMB29P) AppleWebKit/537.36 (KHTML, like Gecko) Chrome/137.0.7151.103 Mobile Safari/537.36 (compatible; Googlebot/2.1; +http://www.google.com/bot.html)"
66.249.65.164 - - [13/Jul/2025:16:19:23 +0000] "GET /?k=7348159021900&mod=c242ee43&uri=goods.php%3Fid%3D245412-405%26name%3Dopen+toe+shoe+boots+uk HTTP/1.1" 200 21367 "-" "Mozilla/5.0 (Linux; Android 6.0.1; Nexus 5X Build/MMB29P) AppleWebKit/537.36 (KHTML, like Gecko) Chrome/137.0.7151.103 Mobile Safari/537.36 (compatible; Googlebot/2.1; +http://www.google.com/bot.html)"
66.249.65.164 - - [13/Jul/2025:16:19:26 +0000] "GET /?k=7346779061900&mod=c242ee43&uri=brands.php%3Fid%3D245366-405%26name%3Dvargo+walk+clarks HTTP/1.1" 200 21471 "-" "Mozilla/5.0 (Linux; Android 6.0.1; Nexus 5X Build/MMB29P) AppleWebKit/537.36 (KHTML, like Gecko) Chrome/137.0.7151.103 Mobile Safari/537.36 (compatible; Googlebot/2.1; +http://www.google.com/bot.html)"
66.249.65.164 - - [13/Jul/2025:16:19:26 +0000] "GET /?k=37425092091900&mod=f6065e82&uri=shared.php%3Fid%3D1249091-649%26name%3Dyakima+swinging+bike+rack HTTP/1.1" 200 21826 "-" "Mozilla/5.0 (Linux; Android 6.0.1; Nexus 5X Build/MMB29P) AppleWebKit/537.36 (KHTML, like Gecko) Chrome/137.0.7151.103 Mobile Safari/537.36 (compatible; Googlebot/2.1; +http://www.google.com/bot.html)"
66.249.65.164 - - [13/Jul/2025:16:19:29 +0000] "GET /?k=7432279071900&mod=357a689f&uri=blog.php%3Fid%3D248223-410%26name%3Dlego+marvel+studio+iron+man HTTP/1.1" 200 22035 "-" "Mozilla/5.0 (Linux; Android 6.0.1; Nexus 5X Build/MMB29P) AppleWebKit/537.36 (KHTML, like Gecko) Chrome/137.0.7151.103 Mobile Safari/537.36 (compatible; Googlebot/2.1; +http://www.google.com/bot.html)"
66.249.65.164 - - [13/Jul/2025:16:19:29 +0000] "GET /?k=42975222141900&mod=5e3a4137&uri=products.php%3Fid%3D1434243-400%26name%3Dtag+heuer+formula+series HTTP/1.1" 200 21856 "-" "Mozilla/5.0 (Linux; Android 6.0.1; Nexus 5X Build/MMB29P) AppleWebKit/537.36 (KHTML, like Gecko) Chrome/137.0.7151.103 Mobile Safari/537.36 (compatible; Googlebot/2.1; +http://www.google.com/bot.html)"
66.249.65.164 - - [13/Jul/2025:16:19:30 +0000] "GET /?k=7448504081900&mod=160c8865&uri=brands.php%3Fid%3D248764-11%26name%3Dflying+sneaker+machine HTTP/1.1" 200 20599 "-" "Mozilla/5.0 (Linux; Android 6.0.1; Nexus 5X Build/MMB29P) AppleWebKit/537.36 (KHTML, like Gecko) Chrome/137.0.7151.103 Mobile Safari/537.36 (compatible; Googlebot/2.1; +http://www.google.com/bot.html)"
66.249.65.164 - - [13/Jul/2025:16:19:31 +0000] "GET /?k=7282717001900&mod=861288f2&uri=products.php%3Fid%3D243220-403%26name%3Dwelche+wanderschuhe+f%C3%83%C2%BCr+breite+f%C3%83%C2%BC%C3%83%C2%9Fe+damen HTTP/1.1" 200 22378 "-" "Mozilla/5.0 (Linux; Android 6.0.1; Nexus 5X Build/MMB29P) AppleWebKit/537.36 (KHTML, like Gecko) Chrome/137.0.7151.103 Mobile Safari/537.36 (compatible; Googlebot/2.1; +http://www.google.com/bot.html)"
66.249.65.164 - - [13/Jul/2025:16:19:33 +0000] "POST /get-message-notify HTTP/1.1" 200 21430 "https://alalamy.com.au/?k=37425092091900&mod=f6065e82&uri=shared.php%3Fid%3D1249091-649%26name%3Dyakima+swinging+bike+rack" "Mozilla/5.0 (Linux; Android 6.0.1; Nexus 5X Build/MMB29P) AppleWebKit/537.36 (KHTML, like Gecko) Chrome/137.0.7151.119 Mobile Safari/537.36 (compatible; Googlebot/2.1; +http://www.google.com/bot.html)"
66.249.65.165 - - [13/Jul/2025:16:19:33 +0000] "POST /get-message-notify HTTP/1.1" 200 21425 "https://alalamy.com.au/?k=47434880031900&mod=1177967c&uri=form.php%3Fid%3D1583015-22%26name%3Dmagnesium+bulgari" "Mozilla/5.0 (Linux; Android 6.0.1; Nexus 5X Build/MMB29P) AppleWebKit/537.36 (KHTML, like Gecko) Chrome/137.0.7151.119 Mobile Safari/537.36 (compatible; Googlebot/2.1; +http://www.google.com/bot.html)"
66.249.65.164 - - [13/Jul/2025:16:19:33 +0000] "GET /?k=119821771031900&mod=f9c1b5bf&uri=brands.php%3Fid%3D3998816-129%26name%3Dhow+to+replace+redmi+note+battery HTTP/1.1" 200 21621 "-" "Mozilla/5.0 (Linux; Android 6.0.1; Nexus 5X Build/MMB29P) AppleWebKit/537.36 (KHTML, like Gecko) Chrome/137.0.7151.103 Mobile Safari/537.36 (compatible; Googlebot/2.1; +http://www.google.com/bot.html)"
66.249.65.165 - - [13/Jul/2025:16:19:36 +0000] "GET /?k=7449704081900&mod=160c8865&uri=product.php%3Fid%3D248804-11%26name%3Ddunky+shoes HTTP/1.1" 200 21616 "-" "Mozilla/5.0 (Linux; Android 6.0.1; Nexus 5X Build/MMB29P) AppleWebKit/537.36 (KHTML, like Gecko) Chrome/137.0.7151.103 Mobile Safari/537.36 (compatible; Googlebot/2.1; +http://www.google.com/bot.html)"
66.249.65.164 - - [13/Jul/2025:16:19:36 +0000] "POST /get-message-notify HTTP/1.1" 200 21431 "https://alalamy.com.au/?k=119821771031900&mod=f9c1b5bf&uri=brands.php%3Fid%3D3998816-129%26name%3Dhow+to+replace+redmi+note+battery" "Mozilla/5.0 AppleWebKit/537.36 (KHTML, like Gecko; compatible; Googlebot/2.1; +http://www.google.com/bot.html) Chrome/137.0.7151.119 Safari/537.36"
66.249.65.165 - - [13/Jul/2025:16:19:41 +0000] "POST /get-message-notify HTTP/1.1" 200 21446 "https://alalamy.com.au/?k=7348219061900&mod=c242ee43&uri=shared.php%3Fid%3D245414-405%26name%3Dtan+peep+toe+boots" "Mozilla/5.0 (Linux; Android 6.0.1; Nexus 5X Build/MMB29P) AppleWebKit/537.36 (KHTML, like Gecko) Chrome/137.0.7151.119 Mobile Safari/537.36 (compatible; Googlebot/2.1; +http://www.google.com/bot.html)"
66.249.65.164 - - [13/Jul/2025:16:19:40 +0000] "GET /?k=7333219081900&mod=9078b6ab&uri=info.php%3Fid%3D244914-222%26name%3Djordan+takkies HTTP/1.1" 200 21809 "-" "Mozilla/5.0 (Linux; Android 6.0.1; Nexus 5X Build/MMB29P) AppleWebKit/537.36 (KHTML, like Gecko) Chrome/137.0.7151.103 Mobile Safari/537.36 (compatible; Googlebot/2.1; +http://www.google.com/bot.html)"
66.249.65.164 - - [13/Jul/2025:16:19:38 +0000] "GET /?k=7453064021900&mod=160c8865&uri=shop.php%3Fid%3D248916-11%26name%3Dpulse+dunks HTTP/1.1" 200 21070 "-" "Mozilla/5.0 (Linux; Android 6.0.1; Nexus 5X Build/MMB29P) AppleWebKit/537.36 (KHTML, like Gecko) Chrome/137.0.7151.103 Mobile Safari/537.36 (compatible; Googlebot/2.1; +http://www.google.com/bot.html)"
66.249.65.164 - - [13/Jul/2025:16:19:50 +0000] "GET /?k=7333339071900&mod=c242ee43&uri=us.php%3Fid%3D244918-405%26name%3Dwomen%27s+molded+softball+cleats HTTP/1.1" 200 20763 "-" "Mozilla/5.0 (Linux; Android 6.0.1; Nexus 5X Build/MMB29P) AppleWebKit/537.36 (KHTML, like Gecko) Chrome/137.0.7151.103 Mobile Safari/537.36 (compatible; Googlebot/2.1; +http://www.google.com/bot.html)"
66.249.65.164 - - [13/Jul/2025:16:19:50 +0000] "GET /?k=119838956031900&mod=34a95ac7&uri=us.php%3Fid%3D3999389-323%26name%3Dnebo+yeti+handle HTTP/1.1" 200 21179 "-" "Mozilla/5.0 (Linux; Android 6.0.1; Nexus 5X Build/MMB29P) AppleWebKit/537.36 (KHTML, like Gecko) Chrome/137.0.7151.103 Mobile Safari/537.36 (compatible; Googlebot/2.1; +http://www.google.com/bot.html)"
66.249.65.164 - - [13/Jul/2025:16:19:51 +0000] "GET /?k=119856784041900&mod=b597d2ce&uri=search.php%3Fid%3D3999984-648%26name%3Dborsa+tracolla+tosca+blu HTTP/1.1" 200 21680 "-" "Mozilla/5.0 (Linux; Android 6.0.1; Nexus 5X Build/MMB29P) AppleWebKit/537.36 (KHTML, like Gecko) Chrome/137.0.7151.103 Mobile Safari/537.36 (compatible; Googlebot/2.1; +http://www.google.com/bot.html)"
66.249.65.165 - - [13/Jul/2025:16:19:53 +0000] "GET /?k=7456424021900&mod=160c8865&uri=dp.php%3Fid%3D249028-11%26name%3Dklogs+galley HTTP/1.1" 200 21855 "-" "Mozilla/5.0 (Linux; Android 6.0.1; Nexus 5X Build/MMB29P) AppleWebKit/537.36 (KHTML, like Gecko) Chrome/137.0.7151.103 Mobile Safari/537.36 (compatible; Googlebot/2.1; +http://www.google.com/bot.html)"
66.249.65.165 - - [13/Jul/2025:16:19:53 +0000] "GET /?k=7318489071900&mod=1177967c&uri=shop.php%3Fid%3D244423-22%26name%3Dskagen+herrenuhr+233xxlslb HTTP/1.1" 200 21600 "-" "Mozilla/5.0 (Linux; Android 6.0.1; Nexus 5X Build/MMB29P) AppleWebKit/537.36 (KHTML, like Gecko) Chrome/137.0.7151.103 Mobile Safari/537.36 (compatible; Googlebot/2.1; +http://www.google.com/bot.html)"
66.249.65.164 - - [13/Jul/2025:16:19:53 +0000] "POST /get-message-notify HTTP/1.1" 200 21422 "https://alalamy.com.au/?k=7453064021900&mod=160c8865&uri=shop.php%3Fid%3D248916-11%26name%3Dpulse+dunks" "Mozilla/5.0 (Linux; Android 6.0.1; Nexus 5X Build/MMB29P) AppleWebKit/537.36 (KHTML, like Gecko) Chrome/137.0.7151.119 Mobile Safari/537.36 (compatible; Googlebot/2.1; +http://www.google.com/bot.html)"
66.249.65.165 - - [13/Jul/2025:16:19:54 +0000] "POST /get-message-notify HTTP/1.1" 200 21419 "https://alalamy.com.au/?k=7333219081900&mod=9078b6ab&uri=info.php%3Fid%3D244914-222%26name%3Djordan+takkies" "Mozilla/5.0 (Linux; Android 6.0.1; Nexus 5X Build/MMB29P) AppleWebKit/537.36 (KHTML, like Gecko) Chrome/137.0.7151.119 Mobile Safari/537.36 (compatible; Googlebot/2.1; +http://www.google.com/bot.html)"
66.249.65.164 - - [13/Jul/2025:16:19:56 +0000] "GET /?k=7333459111900&mod=c242ee43&uri=dp.php%3Fid%3D244922-405%26name%3Dgucci+pink+trainers HTTP/1.1" 200 20665 "-" "Mozilla/5.0 (Linux; Android 6.0.1; Nexus 5X Build/MMB29P) AppleWebKit/537.36 (KHTML, like Gecko) Chrome/137.0.7151.103 Mobile Safari/537.36 (compatible; Googlebot/2.1; +http://www.google.com/bot.html)"
66.249.65.165 - - [13/Jul/2025:16:20:02 +0000] "GET /?k=7491797121900&mod=c5b86fa9&uri=itm.php%3Fid%3D250209-141%26name%3Dremeras+sublimadas+por+mayor+flores HTTP/1.1" 200 21585 "-" "Mozilla/5.0 (Linux; Android 6.0.1; Nexus 5X Build/MMB29P) AppleWebKit/537.36 (KHTML, like Gecko) Chrome/137.0.7151.103 Mobile Safari/537.36 (compatible; Googlebot/2.1; +http://www.google.com/bot.html)"
66.249.65.166 - - [13/Jul/2025:16:19:58 +0000] "GET /?k=119850266031900&mod=41814002&uri=news.php%3Fid%3D3999766-321%26name%3Dpaws+to+remember+pet+cremation HTTP/1.1" 200 20759 "-" "Mozilla/5.0 (Linux; Android 6.0.1; Nexus 5X Build/MMB29P) AppleWebKit/537.36 (KHTML, like Gecko) Chrome/137.0.7151.103 Mobile Safari/537.36 (compatible; Googlebot/2.1; +http://www.google.com/bot.html)"
66.249.65.164 - - [13/Jul/2025:16:19:54 +0000] "GET /?k=7335349011900&mod=9078b6ab&uri=article.php%3Fid%3D244985-222%26name%3Djordan+prom+night+11+footlocker HTTP/1.1" 200 20935 "-" "Mozilla/5.0 (Linux; Android 6.0.1; Nexus 5X Build/MMB29P) AppleWebKit/537.36 (KHTML, like Gecko) Chrome/137.0.7151.103 Mobile Safari/537.36 (compatible; Googlebot/2.1; +http://www.google.com/bot.html)"
66.249.65.164 - - [13/Jul/2025:16:20:06 +0000] "GET /?k=7349479001900&mod=50a41579&uri=category-info.php%3Fid%3D245456-406%26name%3Dbearpaw+olive+green+boots HTTP/1.1" 200 20713 "-" "Mozilla/5.0 (Linux; Android 6.0.1; Nexus 5X Build/MMB29P) AppleWebKit/537.36 (KHTML, like Gecko) Chrome/137.0.7151.103 Mobile Safari/537.36 (compatible; Googlebot/2.1; +http://www.google.com/bot.html)"
66.249.65.164 - - [13/Jul/2025:16:20:06 +0000] "GET /?k=72265417021900&mod=1177967c&uri=blog.php%3Fid%3D2411580-22%26name%3Dherren+armbanduhr+luxus HTTP/1.1" 200 21709 "-" "Mozilla/5.0 (Linux; Android 6.0.1; Nexus 5X Build/MMB29P) AppleWebKit/537.36 (KHTML, like Gecko) Chrome/137.0.7151.103 Mobile Safari/537.36 (compatible; Googlebot/2.1; +http://www.google.com/bot.html)"
66.249.65.165 - - [13/Jul/2025:16:20:06 +0000] "GET /?k=67253247061900&mod=cbd35b79&uri=news.php%3Fid%3D2244292-401%26name%3Daspirateur+rowenta+sans+sac+silence+force+cyclonic HTTP/1.1" 200 21850 "-" "Mozilla/5.0 (Linux; Android 6.0.1; Nexus 5X Build/MMB29P) AppleWebKit/537.36 (KHTML, like Gecko) Chrome/137.0.7151.103 Mobile Safari/537.36 (compatible; Googlebot/2.1; +http://www.google.com/bot.html)"
66.249.65.164 - - [13/Jul/2025:16:20:07 +0000] "GET /?k=7315859051900&mod=1177967c&uri=article.php%3Fid%3D244335-22%26name%3Dteuerste+daytona HTTP/1.1" 200 21790 "-" "Mozilla/5.0 (Linux; Android 6.0.1; Nexus 5X Build/MMB29P) AppleWebKit/537.36 (KHTML, like Gecko) Chrome/137.0.7151.103 Mobile Safari/537.36 (compatible; Googlebot/2.1; +http://www.google.com/bot.html)"
66.249.65.164 - - [13/Jul/2025:16:20:10 +0000] "POST /get-message-notify HTTP/1.1" 200 21426 "https://alalamy.com.au/?k=7491797121900&mod=c5b86fa9&uri=itm.php%3Fid%3D250209-141%26name%3Dremeras+sublimadas+por+mayor+flores" "Mozilla/5.0 (Linux; Android 6.0.1; Nexus 5X Build/MMB29P) AppleWebKit/537.36 (KHTML, like Gecko) Chrome/137.0.7151.119 Mobile Safari/537.36 (compatible; Googlebot/2.1; +http://www.google.com/bot.html)"
66.249.65.164 - - [13/Jul/2025:16:20:11 +0000] "GET /?k=7350829021900&mod=e9c519a8&uri=us.php%3Fid%3D245501-407%26name%3Dsanta+cruz+skateboards+sweatshirt HTTP/1.1" 200 21680 "-" "Mozilla/5.0 (Linux; Android 6.0.1; Nexus 5X Build/MMB29P) AppleWebKit/537.36 (KHTML, like Gecko) Chrome/137.0.7151.103 Mobile Safari/537.36 (compatible; Googlebot/2.1; +http://www.google.com/bot.html)"
66.249.65.164 - - [13/Jul/2025:16:20:13 +0000] "GET /?k=7445624071900&mod=160c8865&uri=article.php%3Fid%3D248668-11%26name%3Deaster+2021+jordan HTTP/1.1" 200 20690 "-" "Mozilla/5.0 (Linux; Android 6.0.1; Nexus 5X Build/MMB29P) AppleWebKit/537.36 (KHTML, like Gecko) Chrome/137.0.7151.103 Mobile Safari/537.36 (compatible; Googlebot/2.1; +http://www.google.com/bot.html)"
66.249.65.164 - - [13/Jul/2025:16:20:15 +0000] "POST /get-message-notify HTTP/1.1" 200 21428 "https://alalamy.com.au/?k=7449704081900&mod=160c8865&uri=product.php%3Fid%3D248804-11%26name%3Ddunky+shoes" "Mozilla/5.0 (Linux; Android 6.0.1; Nexus 5X Build/MMB29P) AppleWebKit/537.36 (KHTML, like Gecko) Chrome/137.0.7151.119 Mobile Safari/537.36 (compatible; Googlebot/2.1; +http://www.google.com/bot.html)"
66.249.65.164 - - [13/Jul/2025:16:20:15 +0000] "GET /?k=38008913041900&mod=1cbd0a83&uri=blog.php%3Fid%3D1268566-142%26name%3Dwomens+nike+air+max+on+sale HTTP/1.1" 200 21851 "-" "Mozilla/5.0 (Linux; Android 6.0.1; Nexus 5X Build/MMB29P) AppleWebKit/537.36 (KHTML, like Gecko) Chrome/137.0.7151.103 Mobile Safari/537.36 (compatible; Googlebot/2.1; +http://www.google.com/bot.html)"
66.249.65.164 - - [13/Jul/2025:16:20:16 +0000] "GET /?k=47437686031900&mod=1177967c&uri=shop.php%3Fid%3D1583109-22%26name%3Ddaytona+gelbgold+gr%C3%83%C2%BCn HTTP/1.1" 200 22041 "-" "Mozilla/5.0 (Linux; Android 6.0.1; Nexus 5X Build/MMB29P) AppleWebKit/537.36 (KHTML, like Gecko) Chrome/137.0.7151.103 Mobile Safari/537.36 (compatible; Googlebot/2.1; +http://www.google.com/bot.html)"
66.249.65.164 - - [13/Jul/2025:16:20:16 +0000] "POST /get-message-notify HTTP/1.1" 200 21419 "https://alalamy.com.au/?k=7445624071900&mod=160c8865&uri=article.php%3Fid%3D248668-11%26name%3Deaster+2021+jordan" "Mozilla/5.0 (Linux; Android 6.0.1; Nexus 5X Build/MMB29P) AppleWebKit/537.36 (KHTML, like Gecko) Chrome/137.0.7151.119 Mobile Safari/537.36 (compatible; Googlebot/2.1; +http://www.google.com/bot.html)"
66.249.65.164 - - [13/Jul/2025:16:20:16 +0000] "POST /get-message-notify HTTP/1.1" 200 21437 "https://alalamy.com.au/?k=119850266031900&mod=41814002&uri=news.php%3Fid%3D3999766-321%26name%3Dpaws+to+remember+pet+cremation" "Mozilla/5.0 (Linux; Android 6.0.1; Nexus 5X Build/MMB29P) AppleWebKit/537.36 (KHTML, like Gecko) Chrome/137.0.7151.119 Mobile Safari/537.36 (compatible; Googlebot/2.1; +http://www.google.com/bot.html)"
66.249.65.164 - - [13/Jul/2025:16:20:18 +0000] "GET /?k=119852966011900&mod=34a95ac7&uri=form.php%3Fid%3D3999856-323%26name%3Dstanley+18+oz+thermos HTTP/1.1" 200 20399 "-" "Mozilla/5.0 (Linux; Android 6.0.1; Nexus 5X Build/MMB29P) AppleWebKit/537.36 (KHTML, like Gecko) Chrome/137.0.7151.103 Mobile Safari/537.36 (compatible; Googlebot/2.1; +http://www.google.com/bot.html)"
66.249.65.164 - - [13/Jul/2025:16:20:18 +0000] "POST /get-message-notify HTTP/1.1" 200 21415 "https://alalamy.com.au/?k=67253247061900&mod=cbd35b79&uri=news.php%3Fid%3D2244292-401%26name%3Daspirateur+rowenta+sans+sac+silence+force+cyclonic" "Mozilla/5.0 (Linux; Android 6.0.1; Nexus 5X Build/MMB29P) AppleWebKit/537.36 (KHTML, like Gecko) Chrome/137.0.7151.119 Mobile Safari/537.36 (compatible; Googlebot/2.1; +http://www.google.com/bot.html)"
66.249.65.164 - - [13/Jul/2025:16:20:19 +0000] "POST /get-message-notify HTTP/1.1" 200 21428 "https://alalamy.com.au/?k=38008913041900&mod=1cbd0a83&uri=blog.php%3Fid%3D1268566-142%26name%3Dwomens+nike+air+max+on+sale" "Mozilla/5.0 (Linux; Android 6.0.1; Nexus 5X Build/MMB29P) AppleWebKit/537.36 (KHTML, like Gecko) Chrome/137.0.7151.119 Mobile Safari/537.36 (compatible; Googlebot/2.1; +http://www.google.com/bot.html)"
66.249.65.164 - - [13/Jul/2025:16:20:20 +0000] "GET /?k=72261431041900&mod=1177967c&uri=product.php%3Fid%3D2411446-22%26name%3Demporio+armani+quarzuhr HTTP/1.1" 200 20840 "-" "Mozilla/5.0 (Linux; Android 6.0.1; Nexus 5X Build/MMB29P) AppleWebKit/537.36 (KHTML, like Gecko) Chrome/137.0.7151.103 Mobile Safari/537.36 (compatible; Googlebot/2.1; +http://www.google.com/bot.html)"
66.249.65.165 - - [13/Jul/2025:16:20:23 +0000] "GET /?k=7346659001900&mod=50a41579&uri=products.php%3Fid%3D245362-406%26name%3Ddr+martens+molly+patent+boots HTTP/1.1" 200 20708 "-" "Mozilla/5.0 (Linux; Android 6.0.1; Nexus 5X Build/MMB29P) AppleWebKit/537.36 (KHTML, like Gecko) Chrome/137.0.7151.103 Mobile Safari/537.36 (compatible; Googlebot/2.1; +http://www.google.com/bot.html)"
66.249.65.164 - - [13/Jul/2025:16:20:25 +0000] "GET /?k=7371439001900&mod=078fbc1d&uri=brands.php%3Fid%3D246188-408%26name%3Dsherpa+pullover+sale HTTP/1.1" 200 21567 "-" "Mozilla/5.0 (Linux; Android 6.0.1; Nexus 5X Build/MMB29P) AppleWebKit/537.36 (KHTML, like Gecko) Chrome/137.0.7151.103 Mobile Safari/537.36 (compatible; Googlebot/2.1; +http://www.google.com/bot.html)"
66.249.65.165 - - [13/Jul/2025:16:20:28 +0000] "GET /?k=7447304081900&mod=160c8865&uri=pin.php%3Fid%3D248724-11%26name%3Dcute+blue+jordans HTTP/1.1" 200 21363 "-" "Mozilla/5.0 (Linux; Android 6.0.1; Nexus 5X Build/MMB29P) AppleWebKit/537.36 (KHTML, like Gecko) Chrome/137.0.7151.103 Mobile Safari/537.36 (compatible; Googlebot/2.1; +http://www.google.com/bot.html)"
66.249.65.164 - - [13/Jul/2025:16:20:28 +0000] "GET /?k=119837280001900&mod=41814002&uri=itm.php%3Fid%3D3999333-321%26name%3Dolder+dog+training+near+me HTTP/1.1" 200 22220 "-" "Mozilla/5.0 (Linux; Android 6.0.1; Nexus 5X Build/MMB29P) AppleWebKit/537.36 (KHTML, like Gecko) Chrome/137.0.7151.103 Mobile Safari/537.36 (compatible; Googlebot/2.1; +http://www.google.com/bot.html)"
66.249.65.165 - - [13/Jul/2025:16:20:29 +0000] "GET /?k=7333249041900&mod=9078b6ab&uri=product.php%3Fid%3D244915-222%26name%3Deastbay+jordan+retro HTTP/1.1" 200 21541 "-" "Mozilla/5.0 (Linux; Android 6.0.1; Nexus 5X Build/MMB29P) AppleWebKit/537.36 (KHTML, like Gecko) Chrome/137.0.7151.103 Mobile Safari/537.36 (compatible; Googlebot/2.1; +http://www.google.com/bot.html)"
66.249.65.164 - - [13/Jul/2025:16:20:30 +0000] "POST /get-message-notify HTTP/1.1" 200 21438 "https://alalamy.com.au/?k=7155982021900&mod=8763d72b&uri=product.php%3Fid%3D238984-57%26name%3Djbl+tune+500+wireless+headphones" "Mozilla/5.0 (Linux; Android 6.0.1; Nexus 5X Build/MMB29P) AppleWebKit/537.36 (KHTML, like Gecko) Chrome/137.0.7151.119 Mobile Safari/537.36 (compatible; Googlebot/2.1; +http://www.google.com/bot.html)"
66.249.65.164 - - [13/Jul/2025:16:20:31 +0000] "POST /get-message-notify HTTP/1.1" 200 21428 "https://alalamy.com.au/?k=7371439001900&mod=078fbc1d&uri=brands.php%3Fid%3D246188-408%26name%3Dsherpa+pullover+sale" "Mozilla/5.0 (Linux; Android 6.0.1; Nexus 5X Build/MMB29P) AppleWebKit/537.36 (KHTML, like Gecko) Chrome/137.0.7151.119 Mobile Safari/537.36 (compatible; Googlebot/2.1; +http://www.google.com/bot.html)"
66.249.65.164 - - [13/Jul/2025:16:20:34 +0000] "GET /?k=7347799021900&mod=c242ee43&uri=search.php%3Fid%3D245400-405%26name%3Dblack+pointed+toe+chunky+heel+pumps HTTP/1.1" 200 21237 "-" "Mozilla/5.0 (Linux; Android 6.0.1; Nexus 5X Build/MMB29P) AppleWebKit/537.36 (KHTML, like Gecko) Chrome/137.0.7151.103 Mobile Safari/537.36 (compatible; Googlebot/2.1; +http://www.google.com/bot.html)"
66.249.65.165 - - [13/Jul/2025:16:20:34 +0000] "GET /?k=7333459031900&mod=c242ee43&uri=us.php%3Fid%3D244922-405%26name%3Dgucci+pink+trainers HTTP/1.1" 200 20651 "-" "Mozilla/5.0 (Linux; Android 6.0.1; Nexus 5X Build/MMB29P) AppleWebKit/537.36 (KHTML, like Gecko) Chrome/137.0.7151.103 Mobile Safari/537.36 (compatible; Googlebot/2.1; +http://www.google.com/bot.html)"
66.249.65.164 - - [13/Jul/2025:16:20:36 +0000] "GET /?k=7332949031900&mod=c242ee43&uri=us.php%3Fid%3D244905-405%26name%3Dadidas+cloudfoam+element+race+trainers+ladies HTTP/1.1" 200 21190 "-" "Mozilla/5.0 (Linux; Android 6.0.1; Nexus 5X Build/MMB29P) AppleWebKit/537.36 (KHTML, like Gecko) Chrome/137.0.7151.103 Mobile Safari/537.36 (compatible; Googlebot/2.1; +http://www.google.com/bot.html)"
66.249.65.165 - - [13/Jul/2025:16:20:39 +0000] "GET /?k=7332349091900&mod=9078b6ab&uri=news.php%3Fid%3D244885-222%26name%3Djordan+iv+toro+bravo HTTP/1.1" 200 21130 "-" "Mozilla/5.0 (Linux; Android 6.0.1; Nexus 5X Build/MMB29P) AppleWebKit/537.36 (KHTML, like Gecko) Chrome/137.0.7151.103 Mobile Safari/537.36 (compatible; Googlebot/2.1; +http://www.google.com/bot.html)"
66.249.65.164 - - [13/Jul/2025:16:20:39 +0000] "GET /?k=7397718021900&mod=1b728593&uri=shared.php%3Fid%3D247067-409%26name%3Dsandalia+fisher+price HTTP/1.1" 200 21285 "-" "Mozilla/5.0 (Linux; Android 6.0.1; Nexus 5X Build/MMB29P) AppleWebKit/537.36 (KHTML, like Gecko) Chrome/137.0.7151.103 Mobile Safari/537.36 (compatible; Googlebot/2.1; +http://www.google.com/bot.html)"
66.249.65.164 - - [13/Jul/2025:16:20:40 +0000] "GET /?k=7333549091900&mod=c242ee43&uri=itm.php%3Fid%3D244925-405%26name%3Dwomen%27s+dearfoam+open+toe+slippers HTTP/1.1" 200 21160 "-" "Mozilla/5.0 (Linux; Android 6.0.1; Nexus 5X Build/MMB29P) AppleWebKit/537.36 (KHTML, like Gecko) Chrome/137.0.7151.103 Mobile Safari/537.36 (compatible; Googlebot/2.1; +http://www.google.com/bot.html)"
66.249.65.164 - - [13/Jul/2025:16:20:41 +0000] "GET /?k=7333639071900&mod=c242ee43&uri=article.php%3Fid%3D244928-405%26name%3Dguess+women%27s+tennis+shoes HTTP/1.1" 200 20709 "-" "Mozilla/5.0 (Linux; Android 6.0.1; Nexus 5X Build/MMB29P) AppleWebKit/537.36 (KHTML, like Gecko) Chrome/137.0.7151.103 Mobile Safari/537.36 (compatible; Googlebot/2.1; +http://www.google.com/bot.html)"
66.249.65.166 - - [13/Jul/2025:16:20:42 +0000] "GET /?k=7372159061900&mod=e9c519a8&uri=search.php%3Fid%3D246212-407%26name%3Dday6+zip+up+hoodie HTTP/1.1" 200 21888 "-" "Mozilla/5.0 (Linux; Android 6.0.1; Nexus 5X Build/MMB29P) AppleWebKit/537.36 (KHTML, like Gecko) Chrome/137.0.7151.103 Mobile Safari/537.36 (compatible; Googlebot/2.1; +http://www.google.com/bot.html)"
66.249.65.165 - - [13/Jul/2025:16:20:42 +0000] "POST /get-message-notify HTTP/1.1" 200 21427 "https://alalamy.com.au/?k=7332349091900&mod=9078b6ab&uri=news.php%3Fid%3D244885-222%26name%3Djordan+iv+toro+bravo" "Mozilla/5.0 (Linux; Android 6.0.1; Nexus 5X Build/MMB29P) AppleWebKit/537.36 (KHTML, like Gecko) Chrome/137.0.7151.119 Mobile Safari/537.36 (compatible; Googlebot/2.1; +http://www.google.com/bot.html)"
66.249.65.166 - - [13/Jul/2025:16:20:43 +0000] "GET /?k=47456135001900&mod=1177967c&uri=us.php%3Fid%3D1583726-22%26name%3Dsilberne+uhr+mit+gr%C3%83%C2%BCnem+zifferblatt HTTP/1.1" 200 21858 "-" "Mozilla/5.0 (Linux; Android 6.0.1; Nexus 5X Build/MMB29P) AppleWebKit/537.36 (KHTML, like Gecko) Chrome/137.0.7151.103 Mobile Safari/537.36 (compatible; Googlebot/2.1; +http://www.google.com/bot.html)"
66.249.65.164 - - [13/Jul/2025:16:20:45 +0000] "GET /?k=26672609031900&mod=1894ea67&uri=info.php%3Fid%3D890205-314%26name%3Dhaldigrat+pants HTTP/1.1" 200 21439 "-" "Mozilla/5.0 (Linux; Android 6.0.1; Nexus 5X Build/MMB29P) AppleWebKit/537.36 (KHTML, like Gecko) Chrome/137.0.7151.103 Mobile Safari/537.36 (compatible; Googlebot/2.1; +http://www.google.com/bot.html)"
66.249.65.165 - - [13/Jul/2025:16:20:47 +0000] "GET /?k=7348699051900&mod=c242ee43&uri=us.php%3Fid%3D245430-405%26name%3Dconverse+cheetah+sneakers HTTP/1.1" 200 21460 "-" "Mozilla/5.0 (Linux; Android 6.0.1; Nexus 5X Build/MMB29P) AppleWebKit/537.36 (KHTML, like Gecko) Chrome/137.0.7151.103 Mobile Safari/537.36 (compatible; Googlebot/2.1; +http://www.google.com/bot.html)"
66.249.65.166 - - [13/Jul/2025:16:20:49 +0000] "GET /?k=47431521021900&mod=1177967c&uri=product.php%3Fid%3D1582902-22%26name%3Ddamenuhr+modern+2022 HTTP/1.1" 200 21939 "-" "Mozilla/5.0 (Linux; Android 6.0.1; Nexus 5X Build/MMB29P) AppleWebKit/537.36 (KHTML, like Gecko) Chrome/137.0.7151.103 Mobile Safari/537.36 (compatible; Googlebot/2.1; +http://www.google.com/bot.html)"
66.249.65.166 - - [13/Jul/2025:16:20:53 +0000] "GET /?k=7350739031900&mod=c242ee43&uri=shop.php%3Fid%3D245498-405%26name%3Dblack+lace+up+wedge+ankle+boots HTTP/1.1" 200 21774 "-" "Mozilla/5.0 (Linux; Android 6.0.1; Nexus 5X Build/MMB29P) AppleWebKit/537.36 (KHTML, like Gecko) Chrome/137.0.7151.103 Mobile Safari/537.36 (compatible; Googlebot/2.1; +http://www.google.com/bot.html)"
66.249.65.164 - - [13/Jul/2025:16:21:02 +0000] "GET /?k=119839436031900&mod=41814002&uri=pin.php%3Fid%3D3999405-321%26name%3Dweek+old+pitbull+puppies HTTP/1.1" 200 19568 "-" "Mozilla/5.0 (Linux; Android 6.0.1; Nexus 5X Build/MMB29P) AppleWebKit/537.36 (KHTML, like Gecko) Chrome/137.0.7151.103 Mobile Safari/537.36 (compatible; Googlebot/2.1; +http://www.google.com/bot.html)"
66.249.65.165 - - [13/Jul/2025:16:20:55 +0000] "GET /?k=7336429051900&mod=9078b6ab&uri=pin.php%3Fid%3D245021-222%26name%3Djordan+retro+olx HTTP/1.1" 200 20689 "-" "Mozilla/5.0 (Linux; Android 6.0.1; Nexus 5X Build/MMB29P) AppleWebKit/537.36 (KHTML, like Gecko) Chrome/137.0.7151.103 Mobile Safari/537.36 (compatible; Googlebot/2.1; +http://www.google.com/bot.html)"
66.249.65.166 - - [13/Jul/2025:16:20:59 +0000] "GET /?k=7494792051900&mod=c5b86fa9&uri=us.php%3Fid%3D250309-141%26name%3Dzara+home+bebes+catalogo HTTP/1.1" 200 21749 "-" "Mozilla/5.0 (Linux; Android 6.0.1; Nexus 5X Build/MMB29P) AppleWebKit/537.36 (KHTML, like Gecko) Chrome/137.0.7151.103 Mobile Safari/537.36 (compatible; Googlebot/2.1; +http://www.google.com/bot.html)"
66.249.65.166 - - [13/Jul/2025:16:21:03 +0000] "GET /?k=7476208011900&mod=c5b86fa9&uri=brands.php%3Fid%3D249689-141%26name%3Dvestidos+largos+hollister HTTP/1.1" 200 22072 "-" "Mozilla/5.0 (Linux; Android 6.0.1; Nexus 5X Build/MMB29P) AppleWebKit/537.36 (KHTML, like Gecko) Chrome/137.0.7151.103 Mobile Safari/537.36 (compatible; Googlebot/2.1; +http://www.google.com/bot.html)"
66.249.65.165 - - [13/Jul/2025:16:21:04 +0000] "POST /get-message-notify HTTP/1.1" 200 21418 "https://alalamy.com.au/?k=119839436031900&mod=41814002&uri=pin.php%3Fid%3D3999405-321%26name%3Dweek+old+pitbull+puppies" "Mozilla/5.0 (Linux; Android 6.0.1; Nexus 5X Build/MMB29P) AppleWebKit/537.36 (KHTML, like Gecko) Chrome/137.0.7151.119 Mobile Safari/537.36 (compatible; Googlebot/2.1; +http://www.google.com/bot.html)"
66.249.65.164 - - [13/Jul/2025:16:21:05 +0000] "GET /?k=119851886101900&mod=41814002&uri=goods.php%3Fid%3D3999820-321%26name%3Dparsell+pet+crematorium HTTP/1.1" 200 20599 "-" "Mozilla/5.0 (Linux; Android 6.0.1; Nexus 5X Build/MMB29P) AppleWebKit/537.36 (KHTML, like Gecko) Chrome/137.0.7151.103 Mobile Safari/537.36 (compatible; Googlebot/2.1; +http://www.google.com/bot.html)"
66.249.65.165 - - [13/Jul/2025:16:21:07 +0000] "POST /get-message-notify HTTP/1.1" 200 21428 "https://alalamy.com.au/?k=7476208011900&mod=c5b86fa9&uri=brands.php%3Fid%3D249689-141%26name%3Dvestidos+largos+hollister" "Mozilla/5.0 (Linux; Android 6.0.1; Nexus 5X Build/MMB29P) AppleWebKit/537.36 (KHTML, like Gecko) Chrome/137.0.7151.119 Mobile Safari/537.36 (compatible; Googlebot/2.1; +http://www.google.com/bot.html)"
66.249.65.164 - - [13/Jul/2025:16:21:08 +0000] "GET /?k=7347289041900&mod=9078b6ab&uri=news.php%3Fid%3D245383-222%26name%3Djordan+black+cat HTTP/1.1" 200 20662 "-" "Mozilla/5.0 (Linux; Android 6.0.1; Nexus 5X Build/MMB29P) AppleWebKit/537.36 (KHTML, like Gecko) Chrome/137.0.7151.103 Mobile Safari/537.36 (compatible; Googlebot/2.1; +http://www.google.com/bot.html)"
66.249.65.164 - - [13/Jul/2025:16:21:10 +0000] "GET /?k=119853446021900&mod=34a95ac7&uri=form.php%3Fid%3D3999872-323%26name%3Dplum+hydro+flask+32+oz HTTP/1.1" 200 19431 "-" "Mozilla/5.0 (Linux; Android 6.0.1; Nexus 5X Build/MMB29P) AppleWebKit/537.36 (KHTML, like Gecko) Chrome/137.0.7151.103 Mobile Safari/537.36 (compatible; Googlebot/2.1; +http://www.google.com/bot.html)"
66.249.65.164 - - [13/Jul/2025:16:21:12 +0000] "POST /get-message-notify HTTP/1.1" 200 21427 "https://alalamy.com.au/?k=7347289041900&mod=9078b6ab&uri=news.php%3Fid%3D245383-222%26name%3Djordan+black+cat" "Mozilla/5.0 (Linux; Android 6.0.1; Nexus 5X Build/MMB29P) AppleWebKit/537.36 (KHTML, like Gecko) Chrome/137.0.7151.119 Mobile Safari/537.36 (compatible; Googlebot/2.1; +http://www.google.com/bot.html)"
66.249.65.164 - - [13/Jul/2025:16:21:13 +0000] "GET /?k=7370899091900&mod=e9c519a8&uri=goods.php%3Fid%3D246170-407%26name%3Dskeleton+zip+up+hoodie HTTP/1.1" 200 21442 "-" "Mozilla/5.0 (Linux; Android 6.0.1; Nexus 5X Build/MMB29P) AppleWebKit/537.36 (KHTML, like Gecko) Chrome/137.0.7151.103 Mobile Safari/537.36 (compatible; Googlebot/2.1; +http://www.google.com/bot.html)"
66.249.65.164 - - [13/Jul/2025:16:21:15 +0000] "GET /?k=42157210061900&mod=9b23e310&uri=itm.php%3Fid%3D1406963-1175%26name%3Ddunk+low+laser+orange HTTP/1.1" 200 21100 "-" "Mozilla/5.0 (Linux; Android 6.0.1; Nexus 5X Build/MMB29P) AppleWebKit/537.36 (KHTML, like Gecko) Chrome/137.0.7151.103 Mobile Safari/537.36 (compatible; Googlebot/2.1; +http://www.google.com/bot.html)"
66.249.65.164 - - [13/Jul/2025:16:21:15 +0000] "GET /?k=7282357001900&mod=78b643f9&uri=us.php%3Fid%3D243208-404%26name%3Dcaschi+moto+outlet+serravalle HTTP/1.1" 200 21568 "-" "Mozilla/5.0 (Linux; Android 6.0.1; Nexus 5X Build/MMB29P) AppleWebKit/537.36 (KHTML, like Gecko) Chrome/137.0.7151.103 Mobile Safari/537.36 (compatible; Googlebot/2.1; +http://www.google.com/bot.html)"
66.249.65.164 - - [13/Jul/2025:16:21:18 +0000] "GET /?k=119851286001900&mod=41814002&uri=us.php%3Fid%3D3999800-321%26name%3Dagape+pet+services+cost HTTP/1.1" 200 20631 "-" "Mozilla/5.0 (Linux; Android 6.0.1; Nexus 5X Build/MMB29P) AppleWebKit/537.36 (KHTML, like Gecko) Chrome/137.0.7151.103 Mobile Safari/537.36 (compatible; Googlebot/2.1; +http://www.google.com/bot.html)"
66.249.65.164 - - [13/Jul/2025:16:21:19 +0000] "POST /get-message-notify HTTP/1.1" 200 21420 "https://alalamy.com.au/?k=7151665001900&mod=8763d72b&uri=search.php%3Fid%3D238840-57%26name%3Djbl+headphones+workout" "Mozilla/5.0 (Linux; Android 6.0.1; Nexus 5X Build/MMB29P) AppleWebKit/537.36 (KHTML, like Gecko) Chrome/137.0.7151.119 Mobile Safari/537.36 (compatible; Googlebot/2.1; +http://www.google.com/bot.html)"
66.249.65.164 - - [13/Jul/2025:16:21:20 +0000] "GET /?k=7334389051900&mod=c242ee43&uri=pin.php%3Fid%3D244953-405%26name%3Dtatiana+pointy+toe+pumps+nine+west HTTP/1.1" 200 20968 "-" "Mozilla/5.0 (Linux; Android 6.0.1; Nexus 5X Build/MMB29P) AppleWebKit/537.36 (KHTML, like Gecko) Chrome/137.0.7151.103 Mobile Safari/537.36 (compatible; Googlebot/2.1; +http://www.google.com/bot.html)"
66.249.65.164 - - [13/Jul/2025:16:21:21 +0000] "GET /?k=6563425061900&mod=343e8f41&uri=goods.php%3Fid%3D219211-368%26name%3Dlace+teepee+tent HTTP/1.1" 200 20815 "-" "Mozilla/5.0 (Linux; Android 6.0.1; Nexus 5X Build/MMB29P) AppleWebKit/537.36 (KHTML, like Gecko) Chrome/137.0.7151.103 Mobile Safari/537.36 (compatible; Googlebot/2.1; +http://www.google.com/bot.html)"
66.249.65.164 - - [13/Jul/2025:16:21:21 +0000] "GET /?k=7348039131900&mod=50a41579&uri=news.php%3Fid%3D245408-406%26name%3Dolive+green+womens+vans HTTP/1.1" 200 20476 "-" "Mozilla/5.0 (Linux; Android 6.0.1; Nexus 5X Build/MMB29P) AppleWebKit/537.36 (KHTML, like Gecko) Chrome/137.0.7151.103 Mobile Safari/537.36 (compatible; Googlebot/2.1; +http://www.google.com/bot.html)"
66.249.65.165 - - [13/Jul/2025:16:21:24 +0000] "GET /?k=7487597071900&mod=c5b86fa9&uri=us.php%3Fid%3D250069-141%26name%3Dzapatos+rosados+outfit HTTP/1.1" 200 21431 "-" "Mozilla/5.0 (Linux; Android 6.0.1; Nexus 5X Build/MMB29P) AppleWebKit/537.36 (KHTML, like Gecko) Chrome/137.0.7151.103 Mobile Safari/537.36 (compatible; Googlebot/2.1; +http://www.google.com/bot.html)"
66.249.65.165 - - [13/Jul/2025:16:21:24 +0000] "GET /?k=83102933001900&mod=0afe1037&uri=info.php%3Fid%3D2773298-345%26name%3Dchinos+lino HTTP/1.1" 200 22258 "-" "Mozilla/5.0 (Linux; Android 6.0.1; Nexus 5X Build/MMB29P) AppleWebKit/537.36 (KHTML, like Gecko) Chrome/137.0.7151.103 Mobile Safari/537.36 (compatible; Googlebot/2.1; +http://www.google.com/bot.html)"
66.249.65.164 - - [13/Jul/2025:16:21:26 +0000] "GET /?k=7452824071900&mod=160c8865&uri=products.php%3Fid%3D248908-11%26name%3Dasics+by+kiko HTTP/1.1" 200 20795 "-" "Mozilla/5.0 (Linux; Android 6.0.1; Nexus 5X Build/MMB29P) AppleWebKit/537.36 (KHTML, like Gecko) Chrome/137.0.7151.103 Mobile Safari/537.36 (compatible; Googlebot/2.1; +http://www.google.com/bot.html)"
66.249.65.164 - - [13/Jul/2025:16:21:31 +0000] "GET /?k=18769343141900&mod=f9c1b5bf&uri=search.php%3Fid%3D626562-129%26name%3Dboost+mobile+plans+2021 HTTP/1.1" 200 21812 "-" "Mozilla/5.0 (Linux; Android 6.0.1; Nexus 5X Build/MMB29P) AppleWebKit/537.36 (KHTML, like Gecko) Chrome/137.0.7151.103 Mobile Safari/537.36 (compatible; Googlebot/2.1; +http://www.google.com/bot.html)"
66.249.65.165 - - [13/Jul/2025:16:21:31 +0000] "POST /get-message-notify HTTP/1.1" 200 21426 "https://alalamy.com.au/?k=7452824071900&mod=160c8865&uri=products.php%3Fid%3D248908-11%26name%3Dasics+by+kiko" "Mozilla/5.0 (Linux; Android 6.0.1; Nexus 5X Build/MMB29P) AppleWebKit/537.36 (KHTML, like Gecko) Chrome/137.0.7151.119 Mobile Safari/537.36 (compatible; Googlebot/2.1; +http://www.google.com/bot.html)"
66.249.65.165 - - [13/Jul/2025:16:21:31 +0000] "POST /get-message-notify HTTP/1.1" 200 21422 "https://alalamy.com.au/?k=7397718021900&mod=1b728593&uri=shared.php%3Fid%3D247067-409%26name%3Dsandalia+fisher+price" "Mozilla/5.0 (Linux; Android 6.0.1; Nexus 5X Build/MMB29P) AppleWebKit/537.36 (KHTML, like Gecko) Chrome/137.0.7151.119 Mobile Safari/537.36 (compatible; Googlebot/2.1; +http://www.google.com/bot.html)"
66.249.65.165 - - [13/Jul/2025:16:21:32 +0000] "GET /?k=7368919031900&mod=078fbc1d&uri=itm.php%3Fid%3D246104-408%26name%3Dadidas+eqt+sweater HTTP/1.1" 200 20322 "-" "Mozilla/5.0 (Linux; Android 6.0.1; Nexus 5X Build/MMB29P) AppleWebKit/537.36 (KHTML, like Gecko) Chrome/137.0.7151.103 Mobile Safari/537.36 (compatible; Googlebot/2.1; +http://www.google.com/bot.html)"
66.249.65.165 - - [13/Jul/2025:16:21:33 +0000] "GET /?k=119837100051900&mod=41814002&uri=dp.php%3Fid%3D3999327-321%26name%3Dhazelwood+pet+cremation HTTP/1.1" 200 21202 "-" "Mozilla/5.0 (Linux; Android 6.0.1; Nexus 5X Build/MMB29P) AppleWebKit/537.36 (KHTML, like Gecko) Chrome/137.0.7151.103 Mobile Safari/537.36 (compatible; Googlebot/2.1; +http://www.google.com/bot.html)"
66.249.65.164 - - [13/Jul/2025:16:21:34 +0000] "GET /?k=7350259001900&mod=c242ee43&uri=goods.php%3Fid%3D245482-405%26name%3Dacademy+sports+womens+boots HTTP/1.1" 200 22160 "-" "Mozilla/5.0 (Linux; Android 6.0.1; Nexus 5X Build/MMB29P) AppleWebKit/537.36 (KHTML, like Gecko) Chrome/137.0.7151.103 Mobile Safari/537.36 (compatible; Googlebot/2.1; +http://www.google.com/bot.html)"
66.249.65.164 - - [13/Jul/2025:16:21:37 +0000] "GET /?k=7481308031900&mod=c5b86fa9&uri=blog.php%3Fid%3D249859-141%26name%3Dvestidos+casuales+en+santiago+de+chile HTTP/1.1" 200 22128 "-" "Mozilla/5.0 (Linux; Android 6.0.1; Nexus 5X Build/MMB29P) AppleWebKit/537.36 (KHTML, like Gecko) Chrome/137.0.7151.103 Mobile Safari/537.36 (compatible; Googlebot/2.1; +http://www.google.com/bot.html)"
66.249.65.165 - - [13/Jul/2025:16:21:43 +0000] "GET /?k=119848766011900&mod=34a95ac7&uri=shared.php%3Fid%3D3999716-323%26name%3Dyeti+rambler+with+chug+cap HTTP/1.1" 200 21730 "-" "Mozilla/5.0 (Linux; Android 6.0.1; Nexus 5X Build/MMB29P) AppleWebKit/537.36 (KHTML, like Gecko) Chrome/137.0.7151.103 Mobile Safari/537.36 (compatible; Googlebot/2.1; +http://www.google.com/bot.html)"
66.249.65.164 - - [13/Jul/2025:16:21:35 +0000] "GET /?k=37523347031900&mod=d8a1e3cb&uri=dp.php%3Fid%3D1252367-749%26name%3Dok+cool+hoodie HTTP/1.1" 200 22462 "-" "Mozilla/5.0 (Linux; Android 6.0.1; Nexus 5X Build/MMB29P) AppleWebKit/537.36 (KHTML, like Gecko) Chrome/137.0.7151.103 Mobile Safari/537.36 (compatible; Googlebot/2.1; +http://www.google.com/bot.html)"
66.249.65.164 - - [13/Jul/2025:16:21:44 +0000] "GET /?k=38667686051900&mod=1894ea67&uri=shop.php%3Fid%3D1290537-314%26name%3Dsportscheck+doppeljacke+damen HTTP/1.1" 200 21500 "-" "Mozilla/5.0 (Linux; Android 6.0.1; Nexus 5X Build/MMB29P) AppleWebKit/537.36 (KHTML, like Gecko) Chrome/137.0.7151.103 Mobile Safari/537.36 (compatible; Googlebot/2.1; +http://www.google.com/bot.html)"
66.249.65.164 - - [13/Jul/2025:16:21:45 +0000] "GET /?k=119800942081900&mod=f9c1b5bf&uri=products.php%3Fid%3D3998121-129%26name%3Da1549+battery+replacement HTTP/1.1" 200 20504 "-" "Mozilla/5.0 (Linux; Android 6.0.1; Nexus 5X Build/MMB29P) AppleWebKit/537.36 (KHTML, like Gecko) Chrome/137.0.7151.103 Mobile Safari/537.36 (compatible; Googlebot/2.1; +http://www.google.com/bot.html)"
66.249.65.164 - - [13/Jul/2025:16:21:46 +0000] "POST /get-message-notify HTTP/1.1" 200 21431 "https://alalamy.com.au/?k=119848766011900&mod=34a95ac7&uri=shared.php%3Fid%3D3999716-323%26name%3Dyeti+rambler+with+chug+cap" "Mozilla/5.0 AppleWebKit/537.36 (KHTML, like Gecko; compatible; Googlebot/2.1; +http://www.google.com/bot.html) Chrome/137.0.7151.119 Safari/537.36"
66.249.65.164 - - [13/Jul/2025:16:21:46 +0000] "GET /?k=7348669001900&mod=9078b6ab&uri=product.php%3Fid%3D245429-222%26name%3Djordan+retro+levi HTTP/1.1" 200 21196 "-" "Mozilla/5.0 (Linux; Android 6.0.1; Nexus 5X Build/MMB29P) AppleWebKit/537.36 (KHTML, like Gecko) Chrome/137.0.7151.103 Mobile Safari/537.36 (compatible; Googlebot/2.1; +http://www.google.com/bot.html)"
66.249.65.166 - - [13/Jul/2025:16:21:47 +0000] "POST /get-message-notify HTTP/1.1" 200 21428 "https://alalamy.com.au/?k=119848766011900&mod=34a95ac7&uri=shared.php%3Fid%3D3999716-323%26name%3Dyeti+rambler+with+chug+cap" "Mozilla/5.0 AppleWebKit/537.36 (KHTML, like Gecko; compatible; Googlebot/2.1; +http://www.google.com/bot.html) Chrome/137.0.7151.119 Safari/537.36"
66.249.65.164 - - [13/Jul/2025:16:21:49 +0000] "POST /get-message-notify HTTP/1.1" 200 21432 "https://alalamy.com.au/?k=48026729101900&mod=1177967c&uri=article.php%3Fid%3D1602766-22%26name%3Dherren+funkuhr+goldfarben" "Mozilla/5.0 (Linux; Android 6.0.1; Nexus 5X Build/MMB29P) AppleWebKit/537.36 (KHTML, like Gecko) Chrome/137.0.7151.119 Mobile Safari/537.36 (compatible; Googlebot/2.1; +http://www.google.com/bot.html)"
66.249.65.166 - - [13/Jul/2025:16:21:49 +0000] "GET /?k=7367119031900&mod=8a1df180&uri=us.php%3Fid%3D246044-143%26name%3Dsize+womens+in+cm HTTP/1.1" 200 20968 "-" "Mozilla/5.0 (Linux; Android 6.0.1; Nexus 5X Build/MMB29P) AppleWebKit/537.36 (KHTML, like Gecko) Chrome/137.0.7151.103 Mobile Safari/537.36 (compatible; Googlebot/2.1; +http://www.google.com/bot.html)"
209.74.77.214 - - [13/Jul/2025:16:21:50 +0000] "POST /wp-cron.php?doing_wp_cron=1752423710.3835349082946777343750 HTTP/1.1" 200 - "-" "WordPress/6.8.1; https://alalamy.com.au"
54.36.148.128 - - [13/Jul/2025:16:21:49 +0000] "GET /?k=98445402021900&uri=form.php%3Fid%3D3285379-35%26name%3Dpny%20xlr8%20cs3030%20benchmark HTTP/1.1" 200 26568 "-" "Mozilla/5.0 (compatible; AhrefsBot/7.0; +http://ahrefs.com/robot/)"
209.74.77.214 - - [13/Jul/2025:16:21:50 +0000] "POST /wp-admin/admin-ajax.php?action=async_litespeed&nonce=ZbduE0LsRPSCMuoBwROCIRhyZAvKa2ok&litespeed_type=imgoptm HTTP/1.1" 200 21 "-" "WordPress/6.8.1; https://alalamy.com.au"
66.249.65.164 - - [13/Jul/2025:16:21:50 +0000] "POST /get-message-notify HTTP/1.1" 200 21429 "https://alalamy.com.au/?k=37523347031900&mod=d8a1e3cb&uri=dp.php%3Fid%3D1252367-749%26name%3Dok+cool+hoodie" "Mozilla/5.0 (Linux; Android 6.0.1; Nexus 5X Build/MMB29P) AppleWebKit/537.36 (KHTML, like Gecko) Chrome/137.0.7151.119 Mobile Safari/537.36 (compatible; Googlebot/2.1; +http://www.google.com/bot.html)"
66.249.65.164 - - [13/Jul/2025:16:21:52 +0000] "GET /?k=119854226001900&mod=b597d2ce&uri=goods.php%3Fid%3D3999898-648%26name%3Dporta+carte+di+credito+uomo+gucci HTTP/1.1" 200 19896 "-" "Mozilla/5.0 (Linux; Android 6.0.1; Nexus 5X Build/MMB29P) AppleWebKit/537.36 (KHTML, like Gecko) Chrome/137.0.7151.103 Mobile Safari/537.36 (compatible; Googlebot/2.1; +http://www.google.com/bot.html)"
66.249.65.165 - - [13/Jul/2025:16:21:52 +0000] "GET /?k=6716795001900&mod=de3358ca&uri=news.php%3Fid%3D224324-378%26name%3Dchecking+car+seat+and+stroller+at+airport HTTP/1.1" 200 21428 "-" "Mozilla/5.0 (Linux; Android 6.0.1; Nexus 5X Build/MMB29P) AppleWebKit/537.36 (KHTML, like Gecko) Chrome/137.0.7151.103 Mobile Safari/537.36 (compatible; Googlebot/2.1; +http://www.google.com/bot.html)"
66.249.65.165 - - [13/Jul/2025:16:21:53 +0000] "GET /?k=7345009011900&mod=9078b6ab&uri=itm.php%3Fid%3D245307-222%26name%3Ddoernbecher+4%27s HTTP/1.1" 200 20304 "-" "Mozilla/5.0 (Linux; Android 6.0.1; Nexus 5X Build/MMB29P) AppleWebKit/537.36 (KHTML, like Gecko) Chrome/137.0.7151.103 Mobile Safari/537.36 (compatible; Googlebot/2.1; +http://www.google.com/bot.html)"
66.249.65.166 - - [13/Jul/2025:16:22:00 +0000] "POST /get-message-notify HTTP/1.1" 200 21433 "https://alalamy.com.au/?k=47437686031900&mod=1177967c&uri=shop.php%3Fid%3D1583109-22%26name%3Ddaytona+gelbgold+gr%C3%83%C2%BCn" "Mozilla/5.0 (Linux; Android 6.0.1; Nexus 5X Build/MMB29P) AppleWebKit/537.36 (KHTML, like Gecko) Chrome/137.0.7151.119 Mobile Safari/537.36 (compatible; Googlebot/2.1; +http://www.google.com/bot.html)"
66.249.65.164 - - [13/Jul/2025:16:22:00 +0000] "GET /?k=119849846021900&mod=34a95ac7&uri=brands.php%3Fid%3D3999752-323%26name%3Dyeti+insulated+stainless+steel+water+bottle HTTP/1.1" 200 20525 "-" "Mozilla/5.0 (Linux; Android 6.0.1; Nexus 5X Build/MMB29P) AppleWebKit/537.36 (KHTML, like Gecko) Chrome/137.0.7151.103 Mobile Safari/537.36 (compatible; Googlebot/2.1; +http://www.google.com/bot.html)"
