66.249.65.165 - - [13/Jul/2025:17:20:10 +0000] "GET /?k=7332649031900&mod=c242ee43&uri=blog.php%3Fid%3D244895-405%26name%3Dbooties+sale+online HTTP/1.1" 200 21203 "-" "Mozilla/5.0 (Linux; Android 6.0.1; Nexus 5X Build/MMB29P) AppleWebKit/537.36 (KHTML, like Gecko) Chrome/137.0.7151.103 Mobile Safari/537.36 (compatible; Googlebot/2.1; +http://www.google.com/bot.html)"
66.249.65.165 - - [13/Jul/2025:17:20:10 +0000] "POST /get-message-notify HTTP/1.1" 200 21433 "https://alalamy.com.au/?k=8067103021900&mod=9926b3ed&uri=pin.php%3Fid%3D269402-430%26name%3Dcanary+yellow+jumper" "Mozilla/5.0 (Linux; Android 6.0.1; Nexus 5X Build/MMB29P) AppleWebKit/537.36 (KHTML, like Gecko) Chrome/137.0.7151.119 Mobile Safari/537.36 (compatible; Googlebot/2.1; +http://www.google.com/bot.html)"
66.249.65.165 - - [13/Jul/2025:17:20:13 +0000] "GET /?k=7287922041900&mod=861288f2&uri=brands.php%3Fid%3D243396-403%26name%3Dturnschuhe+weit HTTP/1.1" 200 22311 "-" "Mozilla/5.0 (Linux; Android 6.0.1; Nexus 5X Build/MMB29P) AppleWebKit/537.36 (KHTML, like Gecko) Chrome/137.0.7151.103 Mobile Safari/537.36 (compatible; Googlebot/2.1; +http://www.google.com/bot.html)"
66.249.65.164 - - [13/Jul/2025:17:20:14 +0000] "POST /get-message-notify HTTP/1.1" 200 21421 "https://alalamy.com.au/?k=8096620051900&mod=9926b3ed&uri=search.php%3Fid%3D270387-430%26name%3Dtania+cashmere" "Mozilla/5.0 (Linux; Android 6.0.1; Nexus 5X Build/MMB29P) AppleWebKit/537.36 (KHTML, like Gecko) Chrome/137.0.7151.119 Mobile Safari/537.36 (compatible; Googlebot/2.1; +http://www.google.com/bot.html)"
66.249.65.164 - - [13/Jul/2025:17:20:16 +0000] "POST /get-message-notify HTTP/1.1" 200 21419 "https://alalamy.com.au/?k=7287922041900&mod=861288f2&uri=brands.php%3Fid%3D243396-403%26name%3Dturnschuhe+weit" "Mozilla/5.0 (Linux; Android 6.0.1; Nexus 5X Build/MMB29P) AppleWebKit/537.36 (KHTML, like Gecko) Chrome/137.0.7151.119 Mobile Safari/537.36 (compatible; Googlebot/2.1; +http://www.google.com/bot.html)"
66.249.65.164 - - [13/Jul/2025:17:20:17 +0000] "GET /?k=7206369061900&mod=5e3a4137&uri=goods.php%3Fid%3D240665-400%26name%3Dgizmo+watch+band+replacements HTTP/1.1" 200 22148 "-" "Mozilla/5.0 (Linux; Android 6.0.1; Nexus 5X Build/MMB29P) AppleWebKit/537.36 (KHTML, like Gecko) Chrome/137.0.7151.103 Mobile Safari/537.36 (compatible; Googlebot/2.1; +http://www.google.com/bot.html)"
66.249.65.164 - - [13/Jul/2025:17:20:18 +0000] "GET /?k=7520119081900&mod=e73fecc0&uri=shared.php%3Fid%3D251158-37%26name%3Dlacoste+pusher+tasche HTTP/1.1" 200 20886 "-" "Mozilla/5.0 (Linux; Android 6.0.1; Nexus 5X Build/MMB29P) AppleWebKit/537.36 (KHTML, like Gecko) Chrome/137.0.7151.103 Mobile Safari/537.36 (compatible; Googlebot/2.1; +http://www.google.com/bot.html)"
66.249.65.164 - - [13/Jul/2025:17:20:19 +0000] "POST /get-message-notify HTTP/1.1" 200 21442 "https://alalamy.com.au/?k=8112255021900&mod=024d7f84&uri=article.php%3Fid%3D270909-8%26name%3Danorak+starter" "Mozilla/5.0 (Linux; Android 6.0.1; Nexus 5X Build/MMB29P) AppleWebKit/537.36 (KHTML, like Gecko) Chrome/137.0.7151.119 Mobile Safari/537.36 (compatible; Googlebot/2.1; +http://www.google.com/bot.html)"
66.249.65.165 - - [13/Jul/2025:17:20:20 +0000] "GET /?k=13561898041900&mod=7876acb6&uri=article.php%3Fid%3D452790-25%26name%3Dnintendo+switch+games+in+store HTTP/1.1" 200 22577 "-" "Mozilla/5.0 (Linux; Android 6.0.1; Nexus 5X Build/MMB29P) AppleWebKit/537.36 (KHTML, like Gecko) Chrome/137.0.7151.103 Mobile Safari/537.36 (compatible; Googlebot/2.1; +http://www.google.com/bot.html)"
66.249.65.165 - - [13/Jul/2025:17:20:21 +0000] "POST /get-message-notify HTTP/1.1" 200 21425 "https://alalamy.com.au/?k=37523137001900&mod=d8a1e3cb&uri=shop.php%3Fid%3D1252360-749%26name%3Dg%C3%83%C2%BCnstige+pullover+f%C3%83%C2%BCr+jungs" "Mozilla/5.0 (Linux; Android 6.0.1; Nexus 5X Build/MMB29P) AppleWebKit/537.36 (KHTML, like Gecko) Chrome/137.0.7151.119 Mobile Safari/537.36 (compatible; Googlebot/2.1; +http://www.google.com/bot.html)"
66.249.65.165 - - [13/Jul/2025:17:20:21 +0000] "GET /?k=42988602021900&mod=5e3a4137&uri=category-info.php%3Fid%3D1434689-400%26name%3Drado+jubile+first+copy HTTP/1.1" 200 21959 "-" "Mozilla/5.0 (Linux; Android 6.0.1; Nexus 5X Build/MMB29P) AppleWebKit/537.36 (KHTML, like Gecko) Chrome/137.0.7151.103 Mobile Safari/537.36 (compatible; Googlebot/2.1; +http://www.google.com/bot.html)"
66.249.65.165 - - [13/Jul/2025:17:20:23 +0000] "GET /?k=13564538001900&mod=7876acb6&uri=itm.php%3Fid%3D452878-25%26name%3Ddarksiders+genesis+ps4 HTTP/1.1" 200 21932 "-" "Mozilla/5.0 (Linux; Android 6.0.1; Nexus 5X Build/MMB29P) AppleWebKit/537.36 (KHTML, like Gecko) Chrome/137.0.7151.103 Mobile Safari/537.36 (compatible; Googlebot/2.1; +http://www.google.com/bot.html)"
66.249.65.164 - - [13/Jul/2025:17:20:24 +0000] "GET /?k=13563818081900&mod=7876acb6&uri=article.php%3Fid%3D452854-25%26name%3Dproject+cars+ps4 HTTP/1.1" 200 21904 "-" "Mozilla/5.0 (Linux; Android 6.0.1; Nexus 5X Build/MMB29P) AppleWebKit/537.36 (KHTML, like Gecko) Chrome/137.0.7151.103 Mobile Safari/537.36 (compatible; Googlebot/2.1; +http://www.google.com/bot.html)"
66.249.65.165 - - [13/Jul/2025:17:20:24 +0000] "POST /get-message-notify HTTP/1.1" 200 21451 "https://alalamy.com.au/?k=8145898011900&mod=b270a720&uri=product.php%3Fid%3D272033-137%26name%3Dnike+codice+sconto+studenti" "Mozilla/5.0 (Linux; Android 6.0.1; Nexus 5X Build/MMB29P) AppleWebKit/537.36 (KHTML, like Gecko) Chrome/137.0.7151.119 Mobile Safari/537.36 (compatible; Googlebot/2.1; +http://www.google.com/bot.html)"
66.249.65.165 - - [13/Jul/2025:17:20:27 +0000] "POST /get-message-notify HTTP/1.1" 200 21425 "https://alalamy.com.au/?k=42988602021900&mod=5e3a4137&uri=category-info.php%3Fid%3D1434689-400%26name%3Drado+jubile+first+copy" "Mozilla/5.0 (Linux; Android 6.0.1; Nexus 5X Build/MMB29P) AppleWebKit/537.36 (KHTML, like Gecko) Chrome/137.0.7151.119 Mobile Safari/537.36 (compatible; Googlebot/2.1; +http://www.google.com/bot.html)"
66.249.65.165 - - [13/Jul/2025:17:20:28 +0000] "GET /?k=13529812051900&mod=4d383d5c&uri=product.php%3Fid%3D451719-234%26name%3Dherren+pullover+mit+rentier HTTP/1.1" 200 22056 "-" "Mozilla/5.0 (Linux; Android 6.0.1; Nexus 5X Build/MMB29P) AppleWebKit/537.36 (KHTML, like Gecko) Chrome/137.0.7151.103 Mobile Safari/537.36 (compatible; Googlebot/2.1; +http://www.google.com/bot.html)"
66.249.65.165 - - [13/Jul/2025:17:20:29 +0000] "GET /?k=7284220041900&mod=861288f2&uri=pin.php%3Fid%3D243271-403%26name%3Dlascana+sommerschuhe HTTP/1.1" 200 22251 "-" "Mozilla/5.0 (Linux; Android 6.0.1; Nexus 5X Build/MMB29P) AppleWebKit/537.36 (KHTML, like Gecko) Chrome/137.0.7151.103 Mobile Safari/537.36 (compatible; Googlebot/2.1; +http://www.google.com/bot.html)"
209.74.77.214 - - [13/Jul/2025:17:20:31 +0000] "POST /wp-cron.php?doing_wp_cron=1752427231.1581480503082275390625 HTTP/1.1" 200 - "-" "WordPress/6.8.1; https://alalamy.com.au"
54.36.149.19 - - [13/Jul/2025:17:20:30 +0000] "GET /?k=99379548061900&mod=db7c2616&uri=news.php%3Fid%3D3316550-416%26name%3Dvestidos+de+novia+civil+manga+larga HTTP/1.1" 301 - "-" "Mozilla/5.0 (compatible; AhrefsBot/7.0; +http://ahrefs.com/robot/)"
209.74.77.214 - - [13/Jul/2025:17:20:31 +0000] "POST /wp-admin/admin-ajax.php?action=async_litespeed&nonce=P9lrVi2gcf99Qfb41WhTTRbLxBzdp2Uv&litespeed_type=imgoptm HTTP/1.1" 200 21 "-" "WordPress/6.8.1; https://alalamy.com.au"
66.249.65.164 - - [13/Jul/2025:17:20:31 +0000] "GET /?k=7290407091900&mod=861288f2&uri=article.php%3Fid%3D243481-403%26name%3Dwww+ecco+damen+schuhe+de HTTP/1.1" 200 21447 "-" "Mozilla/5.0 (Linux; Android 6.0.1; Nexus 5X Build/MMB29P) AppleWebKit/537.36 (KHTML, like Gecko) Chrome/137.0.7151.103 Mobile Safari/537.36 (compatible; Googlebot/2.1; +http://www.google.com/bot.html)"
66.249.65.165 - - [13/Jul/2025:17:20:32 +0000] "POST /get-message-notify HTTP/1.1" 200 21432 "https://alalamy.com.au/?k=13564538001900&mod=7876acb6&uri=itm.php%3Fid%3D452878-25%26name%3Ddarksiders+genesis+ps4" "Mozilla/5.0 (Linux; Android 6.0.1; Nexus 5X Build/MMB29P) AppleWebKit/537.36 (KHTML, like Gecko) Chrome/137.0.7151.119 Mobile Safari/537.36 (compatible; Googlebot/2.1; +http://www.google.com/bot.html)"
66.249.65.164 - - [13/Jul/2025:17:20:33 +0000] "GET /?k=7287772091900&mod=861288f2&uri=brands.php%3Fid%3D243391-403%26name%3Dgucci+sommerschuhe+damen HTTP/1.1" 200 21928 "-" "Mozilla/5.0 (Linux; Android 6.0.1; Nexus 5X Build/MMB29P) AppleWebKit/537.36 (KHTML, like Gecko) Chrome/137.0.7151.103 Mobile Safari/537.36 (compatible; Googlebot/2.1; +http://www.google.com/bot.html)"
66.249.65.164 - - [13/Jul/2025:17:20:35 +0000] "GET /?k=13562858011900&mod=7876acb6&uri=brands.php%3Fid%3D452822-25%26name%3Dxbox+one+s+vertical+stand HTTP/1.1" 200 21250 "-" "Mozilla/5.0 (Linux; Android 6.0.1; Nexus 5X Build/MMB29P) AppleWebKit/537.36 (KHTML, like Gecko) Chrome/137.0.7151.103 Mobile Safari/537.36 (compatible; Googlebot/2.1; +http://www.google.com/bot.html)"
66.249.65.165 - - [13/Jul/2025:17:20:36 +0000] "POST /get-message-notify HTTP/1.1" 200 21421 "https://alalamy.com.au/?k=13529812051900&mod=4d383d5c&uri=product.php%3Fid%3D451719-234%26name%3Dherren+pullover+mit+rentier" "Mozilla/5.0 (Linux; Android 6.0.1; Nexus 5X Build/MMB29P) AppleWebKit/537.36 (KHTML, like Gecko) Chrome/137.0.7151.119 Mobile Safari/537.36 (compatible; Googlebot/2.1; +http://www.google.com/bot.html)"
66.249.65.164 - - [13/Jul/2025:17:20:42 +0000] "GET /?k=13564898091900&mod=7876acb6&uri=goods.php%3Fid%3D452890-25%26name%3Df1+xbox+one+2020 HTTP/1.1" 200 21080 "-" "Mozilla/5.0 (Linux; Android 6.0.1; Nexus 5X Build/MMB29P) AppleWebKit/537.36 (KHTML, like Gecko) Chrome/137.0.7151.103 Mobile Safari/537.36 (compatible; Googlebot/2.1; +http://www.google.com/bot.html)"
66.249.65.164 - - [13/Jul/2025:17:20:44 +0000] "GET /?k=7284659001900&mod=78b643f9&uri=article.php%3Fid%3D243286-404%26name%3Doutfit+da+concerto HTTP/1.1" 200 22342 "-" "Mozilla/5.0 (Linux; Android 6.0.1; Nexus 5X Build/MMB29P) AppleWebKit/537.36 (KHTML, like Gecko) Chrome/137.0.7151.103 Mobile Safari/537.36 (compatible; Googlebot/2.1; +http://www.google.com/bot.html)"
66.249.65.166 - - [13/Jul/2025:17:20:45 +0000] "GET /?k=6815569101900&mod=cb45a111&uri=info.php%3Fid%3D227623-381%26name%3Dstivali+bianchi+da+sposa HTTP/1.1" 200 21435 "-" "Mozilla/5.0 (Linux; Android 6.0.1; Nexus 5X Build/MMB29P) AppleWebKit/537.36 (KHTML, like Gecko) Chrome/137.0.7151.103 Mobile Safari/537.36 (compatible; Googlebot/2.1; +http://www.google.com/bot.html)"
66.249.65.164 - - [13/Jul/2025:17:20:46 +0000] "GET /?k=7285407141900&mod=78b643f9&uri=shop.php%3Fid%3D243311-404%26name%3Dmarmitta+akrapovic+t+max+560+usata HTTP/1.1" 200 22480 "-" "Mozilla/5.0 (Linux; Android 6.0.1; Nexus 5X Build/MMB29P) AppleWebKit/537.36 (KHTML, like Gecko) Chrome/137.0.7151.103 Mobile Safari/537.36 (compatible; Googlebot/2.1; +http://www.google.com/bot.html)"
66.249.65.165 - - [13/Jul/2025:17:20:47 +0000] "GET /?k=13564058021900&mod=34766559&uri=products.php%3Fid%3D452862-24%26name%3Dcycle+saddles+uk HTTP/1.1" 200 22037 "-" "Mozilla/5.0 (Linux; Android 6.0.1; Nexus 5X Build/MMB29P) AppleWebKit/537.36 (KHTML, like Gecko) Chrome/137.0.7151.103 Mobile Safari/537.36 (compatible; Googlebot/2.1; +http://www.google.com/bot.html)"
66.249.65.166 - - [13/Jul/2025:17:20:49 +0000] "GET /?k=13563578001900&mod=7876acb6&uri=product.php%3Fid%3D452846-25%26name%3Dxbox+gift+card+redeem HTTP/1.1" 200 21507 "-" "Mozilla/5.0 (Linux; Android 6.0.1; Nexus 5X Build/MMB29P) AppleWebKit/537.36 (KHTML, like Gecko) Chrome/137.0.7151.103 Mobile Safari/537.36 (compatible; Googlebot/2.1; +http://www.google.com/bot.html)"
66.249.65.166 - - [13/Jul/2025:17:20:52 +0000] "GET /?k=17708069141900&mod=4d383d5c&uri=shared.php%3Fid%3D591135-234%26name%3Dzalando+marco+polo+mantel HTTP/1.1" 200 22016 "-" "Mozilla/5.0 (Linux; Android 6.0.1; Nexus 5X Build/MMB29P) AppleWebKit/537.36 (KHTML, like Gecko) Chrome/137.0.7151.103 Mobile Safari/537.36 (compatible; Googlebot/2.1; +http://www.google.com/bot.html)"
66.249.65.165 - - [13/Jul/2025:17:20:54 +0000] "GET /?k=13563518031900&mod=7876acb6&uri=products.php%3Fid%3D452844-25%26name%3Dps4+a+way+out HTTP/1.1" 200 21977 "-" "Mozilla/5.0 (Linux; Android 6.0.1; Nexus 5X Build/MMB29P) AppleWebKit/537.36 (KHTML, like Gecko) Chrome/137.0.7151.103 Mobile Safari/537.36 (compatible; Googlebot/2.1; +http://www.google.com/bot.html)"
66.249.65.166 - - [13/Jul/2025:17:20:57 +0000] "GET /?k=7292135051900&mod=78b643f9&uri=goods.php%3Fid%3D243539-404%26name%3Dkate+cappotto+rosa HTTP/1.1" 200 22279 "-" "Mozilla/5.0 (Linux; Android 6.0.1; Nexus 5X Build/MMB29P) AppleWebKit/537.36 (KHTML, like Gecko) Chrome/137.0.7151.103 Mobile Safari/537.36 (compatible; Googlebot/2.1; +http://www.google.com/bot.html)"
66.249.65.164 - - [13/Jul/2025:17:21:01 +0000] "GET /?k=13561478001900&mod=34766559&uri=itm.php%3Fid%3D452776-24%26name%3Dgiant+contend+2020+review HTTP/1.1" 200 21710 "-" "Mozilla/5.0 (Linux; Android 6.0.1; Nexus 5X Build/MMB29P) AppleWebKit/537.36 (KHTML, like Gecko) Chrome/137.0.7151.103 Mobile Safari/537.36 (compatible; Googlebot/2.1; +http://www.google.com/bot.html)"
66.249.65.164 - - [13/Jul/2025:17:21:06 +0000] "GET /?k=13562558011900&mod=7876acb6&uri=products.php%3Fid%3D452812-25%26name%3Dxbox+headsets HTTP/1.1" 200 22090 "-" "Mozilla/5.0 (Linux; Android 6.0.1; Nexus 5X Build/MMB29P) AppleWebKit/537.36 (KHTML, like Gecko) Chrome/137.0.7151.103 Mobile Safari/537.36 (compatible; Googlebot/2.1; +http://www.google.com/bot.html)"
66.249.65.164 - - [13/Jul/2025:17:21:08 +0000] "GET /?k=17707739001900&mod=4d383d5c&uri=product.php%3Fid%3D591124-234%26name%3Ddaunenmantel+tommy+hilfiger+schwarz HTTP/1.1" 200 21896 "-" "Mozilla/5.0 (Linux; Android 6.0.1; Nexus 5X Build/MMB29P) AppleWebKit/537.36 (KHTML, like Gecko) Chrome/137.0.7151.103 Mobile Safari/537.36 (compatible; Googlebot/2.1; +http://www.google.com/bot.html)"
66.249.65.164 - - [13/Jul/2025:17:21:10 +0000] "GET /?k=15349217041900&mod=5e3a4137&uri=search.php%3Fid%3D512434-400%26name%3Ddial+watch+price HTTP/1.1" 200 20921 "-" "Mozilla/5.0 (Linux; Android 6.0.1; Nexus 5X Build/MMB29P) AppleWebKit/537.36 (KHTML, like Gecko) Chrome/137.0.7151.103 Mobile Safari/537.36 (compatible; Googlebot/2.1; +http://www.google.com/bot.html)"
66.249.65.164 - - [13/Jul/2025:17:21:11 +0000] "POST /get-message-notify HTTP/1.1" 200 21422 "https://alalamy.com.au/?k=17707739001900&mod=4d383d5c&uri=product.php%3Fid%3D591124-234%26name%3Ddaunenmantel+tommy+hilfiger+schwarz" "Mozilla/5.0 (Linux; Android 6.0.1; Nexus 5X Build/MMB29P) AppleWebKit/537.36 (KHTML, like Gecko) Chrome/137.0.7151.119 Mobile Safari/537.36 (compatible; Googlebot/2.1; +http://www.google.com/bot.html)"
66.249.65.164 - - [13/Jul/2025:17:21:13 +0000] "POST /get-message-notify HTTP/1.1" 200 21430 "https://alalamy.com.au/?k=13563518031900&mod=7876acb6&uri=products.php%3Fid%3D452844-25%26name%3Dps4+a+way+out" "Mozilla/5.0 (Linux; Android 6.0.1; Nexus 5X Build/MMB29P) AppleWebKit/537.36 (KHTML, like Gecko) Chrome/137.0.7151.119 Mobile Safari/537.36 (compatible; Googlebot/2.1; +http://www.google.com/bot.html)"
66.249.65.164 - - [13/Jul/2025:17:21:16 +0000] "POST /get-message-notify HTTP/1.1" 200 21425 "https://alalamy.com.au/?k=13562558011900&mod=7876acb6&uri=products.php%3Fid%3D452812-25%26name%3Dxbox+headsets" "Mozilla/5.0 (Linux; Android 6.0.1; Nexus 5X Build/MMB29P) AppleWebKit/537.36 (KHTML, like Gecko) Chrome/137.0.7151.119 Mobile Safari/537.36 (compatible; Googlebot/2.1; +http://www.google.com/bot.html)"
66.249.65.164 - - [13/Jul/2025:17:21:15 +0000] "GET /?k=13563158041900&mod=7876acb6&uri=search.php%3Fid%3D452832-25%26name%3Dsims+for+xbox HTTP/1.1" 200 21427 "-" "Mozilla/5.0 (Linux; Android 6.0.1; Nexus 5X Build/MMB29P) AppleWebKit/537.36 (KHTML, like Gecko) Chrome/137.0.7151.103 Mobile Safari/537.36 (compatible; Googlebot/2.1; +http://www.google.com/bot.html)"
66.249.65.164 - - [13/Jul/2025:17:21:20 +0000] "GET /?k=7291295011900&mod=78b643f9&uri=shop.php%3Fid%3D243511-404%26name%3Doutlet+magazzini+firme HTTP/1.1" 200 21744 "-" "Mozilla/5.0 (Linux; Android 6.0.1; Nexus 5X Build/MMB29P) AppleWebKit/537.36 (KHTML, like Gecko) Chrome/137.0.7151.103 Mobile Safari/537.36 (compatible; Googlebot/2.1; +http://www.google.com/bot.html)"
66.249.65.164 - - [13/Jul/2025:17:21:22 +0000] "GET /?k=13560818081900&mod=34766559&uri=products.php%3Fid%3D452754-24%26name%3Dcycleops+300pt+parts HTTP/1.1" 200 21528 "-" "Mozilla/5.0 (Linux; Android 6.0.1; Nexus 5X Build/MMB29P) AppleWebKit/537.36 (KHTML, like Gecko) Chrome/137.0.7151.103 Mobile Safari/537.36 (compatible; Googlebot/2.1; +http://www.google.com/bot.html)"
66.249.65.164 - - [13/Jul/2025:17:21:23 +0000] "GET /?k=13563758061900&mod=34766559&uri=form.php%3Fid%3D452852-24%26name%3Dcycle+spare+shop+near+me HTTP/1.1" 200 21647 "-" "Mozilla/5.0 (Linux; Android 6.0.1; Nexus 5X Build/MMB29P) AppleWebKit/537.36 (KHTML, like Gecko) Chrome/137.0.7151.103 Mobile Safari/537.36 (compatible; Googlebot/2.1; +http://www.google.com/bot.html)"
66.249.65.164 - - [13/Jul/2025:17:21:26 +0000] "POST /get-message-notify HTTP/1.1" 200 21431 "https://alalamy.com.au/?k=13560818081900&mod=34766559&uri=products.php%3Fid%3D452754-24%26name%3Dcycleops+300pt+parts" "Mozilla/5.0 (Linux; Android 6.0.1; Nexus 5X Build/MMB29P) AppleWebKit/537.36 (KHTML, like Gecko) Chrome/137.0.7151.119 Mobile Safari/537.36 (compatible; Googlebot/2.1; +http://www.google.com/bot.html)"
66.249.65.164 - - [13/Jul/2025:17:21:26 +0000] "GET /?k=13560998021900&mod=7876acb6&uri=products.php%3Fid%3D452760-25%26name%3Dps5+cooling HTTP/1.1" 200 22428 "-" "Mozilla/5.0 (Linux; Android 6.0.1; Nexus 5X Build/MMB29P) AppleWebKit/537.36 (KHTML, like Gecko) Chrome/137.0.7151.103 Mobile Safari/537.36 (compatible; Googlebot/2.1; +http://www.google.com/bot.html)"
66.249.65.164 - - [13/Jul/2025:17:21:29 +0000] "GET /?k=13561418041900&mod=34766559&uri=product.php%3Fid%3D452774-24%26name%3Ddragon+ebike+parts HTTP/1.1" 200 21924 "-" "Mozilla/5.0 (Linux; Android 6.0.1; Nexus 5X Build/MMB29P) AppleWebKit/537.36 (KHTML, like Gecko) Chrome/137.0.7151.103 Mobile Safari/537.36 (compatible; Googlebot/2.1; +http://www.google.com/bot.html)"
66.249.65.164 - - [13/Jul/2025:17:21:30 +0000] "POST /get-message-notify HTTP/1.1" 200 21427 "https://alalamy.com.au/?k=13564898091900&mod=7876acb6&uri=goods.php%3Fid%3D452890-25%26name%3Df1+xbox+one+2020" "Mozilla/5.0 (Linux; Android 6.0.1; Nexus 5X Build/MMB29P) AppleWebKit/537.36 (KHTML, like Gecko) Chrome/137.0.7151.119 Mobile Safari/537.36 (compatible; Googlebot/2.1; +http://www.google.com/bot.html)"
66.249.65.164 - - [13/Jul/2025:17:21:31 +0000] "GET /?k=13563878021900&mod=7876acb6&uri=form.php%3Fid%3D452856-25%26name%3Dnintendo+wii+buy HTTP/1.1" 200 22519 "-" "Mozilla/5.0 (Linux; Android 6.0.1; Nexus 5X Build/MMB29P) AppleWebKit/537.36 (KHTML, like Gecko) Chrome/137.0.7151.103 Mobile Safari/537.36 (compatible; Googlebot/2.1; +http://www.google.com/bot.html)"
66.249.65.164 - - [13/Jul/2025:17:21:34 +0000] "GET /?k=7288486041900&mod=78b643f9&uri=dp.php%3Fid%3D243416-404%26name%3Dblazer+lilla+outfit HTTP/1.1" 200 21865 "-" "Mozilla/5.0 (Linux; Android 6.0.1; Nexus 5X Build/MMB29P) AppleWebKit/537.36 (KHTML, like Gecko) Chrome/137.0.7151.103 Mobile Safari/537.36 (compatible; Googlebot/2.1; +http://www.google.com/bot.html)"
66.249.65.164 - - [13/Jul/2025:17:21:38 +0000] "POST /get-message-notify HTTP/1.1" 200 21414 "https://alalamy.com.au/?k=7288486041900&mod=78b643f9&uri=dp.php%3Fid%3D243416-404%26name%3Dblazer+lilla+outfit" "Mozilla/5.0 (Linux; Android 6.0.1; Nexus 5X Build/MMB29P) AppleWebKit/537.36 (KHTML, like Gecko) Chrome/137.0.7151.119 Mobile Safari/537.36 (compatible; Googlebot/2.1; +http://www.google.com/bot.html)"
66.249.65.164 - - [13/Jul/2025:17:21:38 +0000] "POST /get-message-notify HTTP/1.1" 200 21416 "https://alalamy.com.au/?k=7291295011900&mod=78b643f9&uri=shop.php%3Fid%3D243511-404%26name%3Doutlet+magazzini+firme" "Mozilla/5.0 (Linux; Android 6.0.1; Nexus 5X Build/MMB29P) AppleWebKit/537.36 (KHTML, like Gecko) Chrome/137.0.7151.119 Mobile Safari/537.36 (compatible; Googlebot/2.1; +http://www.google.com/bot.html)"
66.249.65.165 - - [13/Jul/2025:17:21:36 +0000] "GET /?k=13563338021900&mod=7876acb6&uri=brands.php%3Fid%3D452838-25%26name%3Dn4g+ps4 HTTP/1.1" 200 21611 "-" "Mozilla/5.0 (Linux; Android 6.0.1; Nexus 5X Build/MMB29P) AppleWebKit/537.36 (KHTML, like Gecko) Chrome/137.0.7151.103 Mobile Safari/537.36 (compatible; Googlebot/2.1; +http://www.google.com/bot.html)"
66.249.65.165 - - [13/Jul/2025:17:21:40 +0000] "GET /?k=7306419011900&mod=1177967c&uri=products.php%3Fid%3D244018-22%26name%3Dsubmariner+%C3%83%C2%A4hnlich HTTP/1.1" 200 21359 "-" "Mozilla/5.0 (Linux; Android 6.0.1; Nexus 5X Build/MMB29P) AppleWebKit/537.36 (KHTML, like Gecko) Chrome/137.0.7151.103 Mobile Safari/537.36 (compatible; Googlebot/2.1; +http://www.google.com/bot.html)"
66.249.65.165 - - [13/Jul/2025:17:21:38 +0000] "GET /?k=7320709001900&mod=1894ea67&uri=info.php%3Fid%3D244497-314%26name%3Dcarinthia+trg+hose HTTP/1.1" 200 21864 "-" "Mozilla/5.0 (Linux; Android 6.0.1; Nexus 5X Build/MMB29P) AppleWebKit/537.36 (KHTML, like Gecko) Chrome/137.0.7151.103 Mobile Safari/537.36 (compatible; Googlebot/2.1; +http://www.google.com/bot.html)"
66.249.65.164 - - [13/Jul/2025:17:21:44 +0000] "GET /?k=13560758001900&mod=7876acb6&uri=shared.php%3Fid%3D452752-25%26name%3Dbest+buy+xbox+series+x+preorder HTTP/1.1" 200 22300 "-" "Mozilla/5.0 (Linux; Android 6.0.1; Nexus 5X Build/MMB29P) AppleWebKit/537.36 (KHTML, like Gecko) Chrome/137.0.7151.103 Mobile Safari/537.36 (compatible; Googlebot/2.1; +http://www.google.com/bot.html)"
66.249.65.164 - - [13/Jul/2025:17:21:46 +0000] "GET /?k=13561718081900&mod=7876acb6&uri=dp.php%3Fid%3D452784-25%26name%3Dxbox+one+controllers+black+friday HTTP/1.1" 200 21669 "-" "Mozilla/5.0 (Linux; Android 6.0.1; Nexus 5X Build/MMB29P) AppleWebKit/537.36 (KHTML, like Gecko) Chrome/137.0.7151.103 Mobile Safari/537.36 (compatible; Googlebot/2.1; +http://www.google.com/bot.html)"
66.249.65.164 - - [13/Jul/2025:17:21:47 +0000] "GET /?k=13561838001900&mod=34766559&uri=category-info.php%3Fid%3D452788-24%26name%3Ddominar+front+sprocket HTTP/1.1" 200 22131 "-" "Mozilla/5.0 (Linux; Android 6.0.1; Nexus 5X Build/MMB29P) AppleWebKit/537.36 (KHTML, like Gecko) Chrome/137.0.7151.103 Mobile Safari/537.36 (compatible; Googlebot/2.1; +http://www.google.com/bot.html)"
66.249.65.164 - - [13/Jul/2025:17:21:48 +0000] "GET /?k=7287022001900&mod=78b643f9&uri=brands.php%3Fid%3D243366-404%26name%3Dabbigliamento+per+donne+sovrappeso HTTP/1.1" 200 22481 "-" "Mozilla/5.0 (Linux; Android 6.0.1; Nexus 5X Build/MMB29P) AppleWebKit/537.36 (KHTML, like Gecko) Chrome/137.0.7151.103 Mobile Safari/537.36 (compatible; Googlebot/2.1; +http://www.google.com/bot.html)"
66.249.65.164 - - [13/Jul/2025:17:21:51 +0000] "GET /?k=7277917031900&mod=78b643f9&uri=dp.php%3Fid%3D243060-404%26name%3Dgiacche+the+north+face+outlet HTTP/1.1" 200 21512 "-" "Mozilla/5.0 (Linux; Android 6.0.1; Nexus 5X Build/MMB29P) AppleWebKit/537.36 (KHTML, like Gecko) Chrome/137.0.7151.103 Mobile Safari/537.36 (compatible; Googlebot/2.1; +http://www.google.com/bot.html)"
66.249.65.165 - - [13/Jul/2025:17:21:54 +0000] "GET /?k=13564298021900&mod=7876acb6&uri=news.php%3Fid%3D452870-25%26name%3Dxbox+360+consoles+for+sale HTTP/1.1" 200 22106 "-" "Mozilla/5.0 (Linux; Android 6.0.1; Nexus 5X Build/MMB29P) AppleWebKit/537.36 (KHTML, like Gecko) Chrome/137.0.7151.103 Mobile Safari/537.36 (compatible; Googlebot/2.1; +http://www.google.com/bot.html)"
66.249.65.164 - - [13/Jul/2025:17:21:59 +0000] "GET /?k=13564838041900&mod=34766559&uri=form.php%3Fid%3D452888-24%26name%3Dcycleops+silencer+trainer HTTP/1.1" 200 21507 "-" "Mozilla/5.0 (Linux; Android 6.0.1; Nexus 5X Build/MMB29P) AppleWebKit/537.36 (KHTML, like Gecko) Chrome/137.0.7151.103 Mobile Safari/537.36 (compatible; Googlebot/2.1; +http://www.google.com/bot.html)"
66.249.65.165 - - [13/Jul/2025:17:21:56 +0000] "GET /?k=13564238021900&mod=34766559&uri=search.php%3Fid%3D452868-24%26name%3Dcycle+photo+new HTTP/1.1" 200 22020 "-" "Mozilla/5.0 (Linux; Android 6.0.1; Nexus 5X Build/MMB29P) AppleWebKit/537.36 (KHTML, like Gecko) Chrome/137.0.7151.103 Mobile Safari/537.36 (compatible; Googlebot/2.1; +http://www.google.com/bot.html)"
66.249.65.164 - - [13/Jul/2025:17:22:01 +0000] "POST /get-message-notify HTTP/1.1" 200 21427 "https://alalamy.com.au/?k=7320709001900&mod=1894ea67&uri=info.php%3Fid%3D244497-314%26name%3Dcarinthia+trg+hose" "Mozilla/5.0 (Linux; Android 6.0.1; Nexus 5X Build/MMB29P) AppleWebKit/537.36 (KHTML, like Gecko) Chrome/137.0.7151.119 Mobile Safari/537.36 (compatible; Googlebot/2.1; +http://www.google.com/bot.html)"
66.249.65.164 - - [13/Jul/2025:17:22:02 +0000] "GET /?k=13530522031900&mod=4d383d5c&uri=pin.php%3Fid%3D451743-234%26name%3Ddicker+strick+pullover HTTP/1.1" 200 21949 "-" "Mozilla/5.0 (Linux; Android 6.0.1; Nexus 5X Build/MMB29P) AppleWebKit/537.36 (KHTML, like Gecko) Chrome/137.0.7151.103 Mobile Safari/537.36 (compatible; Googlebot/2.1; +http://www.google.com/bot.html)"
66.249.65.164 - - [13/Jul/2025:17:22:05 +0000] "GET /?k=13561598041900&mod=7876acb6&uri=us.php%3Fid%3D452780-25%26name%3Dxbox+one+avatar HTTP/1.1" 200 21098 "-" "Mozilla/5.0 (Linux; Android 6.0.1; Nexus 5X Build/MMB29P) AppleWebKit/537.36 (KHTML, like Gecko) Chrome/137.0.7151.103 Mobile Safari/537.36 (compatible; Googlebot/2.1; +http://www.google.com/bot.html)"
66.249.65.164 - - [13/Jul/2025:17:22:06 +0000] "POST /get-message-notify HTTP/1.1" 200 21425 "https://alalamy.com.au/?k=13564238021900&mod=34766559&uri=search.php%3Fid%3D452868-24%26name%3Dcycle+photo+new" "Mozilla/5.0 (Linux; Android 6.0.1; Nexus 5X Build/MMB29P) AppleWebKit/537.36 (KHTML, like Gecko) Chrome/137.0.7151.119 Mobile Safari/537.36 (compatible; Googlebot/2.1; +http://www.google.com/bot.html)"
66.249.65.164 - - [13/Jul/2025:17:22:10 +0000] "GET /?k=13564718001900&mod=34766559&uri=shop.php%3Fid%3D452884-24%26name%3Dcycle+wheel+truing+jig HTTP/1.1" 200 21872 "-" "Mozilla/5.0 (Linux; Android 6.0.1; Nexus 5X Build/MMB29P) AppleWebKit/537.36 (KHTML, like Gecko) Chrome/137.0.7151.103 Mobile Safari/537.36 (compatible; Googlebot/2.1; +http://www.google.com/bot.html)"
66.249.65.164 - - [13/Jul/2025:17:22:12 +0000] "POST /get-message-notify HTTP/1.1" 200 21427 "https://alalamy.com.au/?k=7277917031900&mod=78b643f9&uri=dp.php%3Fid%3D243060-404%26name%3Dgiacche+the+north+face+outlet" "Mozilla/5.0 (Linux; Android 6.0.1; Nexus 5X Build/MMB29P) AppleWebKit/537.36 (KHTML, like Gecko) Chrome/137.0.7151.119 Mobile Safari/537.36 (compatible; Googlebot/2.1; +http://www.google.com/bot.html)"
66.249.65.164 - - [13/Jul/2025:17:22:13 +0000] "GET /?k=8804365021900&mod=5e3a4137&uri=category-info.php%3Fid%3D293989-400%26name%3Dxylys+watches+for+men HTTP/1.1" 200 22497 "-" "Mozilla/5.0 (Linux; Android 6.0.1; Nexus 5X Build/MMB29P) AppleWebKit/537.36 (KHTML, like Gecko) Chrome/137.0.7151.103 Mobile Safari/537.36 (compatible; Googlebot/2.1; +http://www.google.com/bot.html)"
66.249.65.164 - - [13/Jul/2025:17:22:17 +0000] "GET /?k=13563998091900&mod=7876acb6&uri=us.php%3Fid%3D452860-25%26name%3Dsimcity+xbox+one HTTP/1.1" 200 21738 "-" "Mozilla/5.0 (Linux; Android 6.0.1; Nexus 5X Build/MMB29P) AppleWebKit/537.36 (KHTML, like Gecko) Chrome/137.0.7151.103 Mobile Safari/537.36 (compatible; Googlebot/2.1; +http://www.google.com/bot.html)"
66.249.65.164 - - [13/Jul/2025:17:22:20 +0000] "GET /?k=7292942001900&mod=78b643f9&uri=search.php%3Fid%3D243566-404%26name%3Doutlet+abbigliamento+pagani HTTP/1.1" 200 21834 "-" "Mozilla/5.0 (Linux; Android 6.0.1; Nexus 5X Build/MMB29P) AppleWebKit/537.36 (KHTML, like Gecko) Chrome/137.0.7151.103 Mobile Safari/537.36 (compatible; Googlebot/2.1; +http://www.google.com/bot.html)"
66.249.65.164 - - [13/Jul/2025:17:22:27 +0000] "POST /get-message-notify HTTP/1.1" 200 21422 "https://alalamy.com.au/?k=8804365021900&mod=5e3a4137&uri=category-info.php%3Fid%3D293989-400%26name%3Dxylys+watches+for+men" "Mozilla/5.0 (Linux; Android 6.0.1; Nexus 5X Build/MMB29P) AppleWebKit/537.36 (KHTML, like Gecko) Chrome/137.0.7151.119 Mobile Safari/537.36 (compatible; Googlebot/2.1; +http://www.google.com/bot.html)"
66.249.65.164 - - [13/Jul/2025:17:22:22 +0000] "GET /?k=13562918081900&mod=34766559&uri=info.php%3Fid%3D452824-24%26name%3Dcycle+pic+and+price HTTP/1.1" 200 21971 "-" "Mozilla/5.0 (Linux; Android 6.0.1; Nexus 5X Build/MMB29P) AppleWebKit/537.36 (KHTML, like Gecko) Chrome/137.0.7151.103 Mobile Safari/537.36 (compatible; Googlebot/2.1; +http://www.google.com/bot.html)"
66.249.65.164 - - [13/Jul/2025:17:22:29 +0000] "POST /get-message-notify HTTP/1.1" 200 21418 "https://alalamy.com.au/?k=6753065031900&mod=b75fccec&uri=article.php%3Fid%3D225535-233%26name%3Dcamiseta+seleccion+espa%C3%83%C2%B1ola+femenina+futbol" "Mozilla/5.0 (Linux; Android 6.0.1; Nexus 5X Build/MMB29P) AppleWebKit/537.36 (KHTML, like Gecko) Chrome/137.0.7151.119 Mobile Safari/537.36 (compatible; Googlebot/2.1; +http://www.google.com/bot.html)"
66.249.65.164 - - [13/Jul/2025:17:22:29 +0000] "GET /?k=7289670021900&mod=861288f2&uri=products.php%3Fid%3D243456-403%26name%3Dgelbe+flecken+wei%C3%83%C2%9Fe+sneaker HTTP/1.1" 200 22594 "-" "Mozilla/5.0 (Linux; Android 6.0.1; Nexus 5X Build/MMB29P) AppleWebKit/537.36 (KHTML, like Gecko) Chrome/137.0.7151.103 Mobile Safari/537.36 (compatible; Googlebot/2.1; +http://www.google.com/bot.html)"
66.249.65.164 - - [13/Jul/2025:17:22:29 +0000] "GET /?k=13531229011900&mod=4d383d5c&uri=category-info.php%3Fid%3D451767-234%26name%3Dsweatjacke+von+soccx HTTP/1.1" 200 22201 "-" "Mozilla/5.0 (Linux; Android 6.0.1; Nexus 5X Build/MMB29P) AppleWebKit/537.36 (KHTML, like Gecko) Chrome/137.0.7151.103 Mobile Safari/537.36 (compatible; Googlebot/2.1; +http://www.google.com/bot.html)"
66.249.65.164 - - [13/Jul/2025:17:22:30 +0000] "GET /?k=119804572011900&mod=f9c1b5bf&uri=blog.php%3Fid%3D3998242-129%26name%3Diphone+6s+dead+battery HTTP/1.1" 200 21946 "-" "Mozilla/5.0 (Linux; Android 6.0.1; Nexus 5X Build/MMB29P) AppleWebKit/537.36 (KHTML, like Gecko) Chrome/137.0.7151.103 Mobile Safari/537.36 (compatible; Googlebot/2.1; +http://www.google.com/bot.html)"
66.249.65.164 - - [13/Jul/2025:17:22:30 +0000] "GET /?k=13561238021900&mod=7876acb6&uri=news.php%3Fid%3D452768-25%26name%3Dresident+evil+for+xbox+360 HTTP/1.1" 200 21987 "-" "Mozilla/5.0 (Linux; Android 6.0.1; Nexus 5X Build/MMB29P) AppleWebKit/537.36 (KHTML, like Gecko) Chrome/137.0.7151.103 Mobile Safari/537.36 (compatible; Googlebot/2.1; +http://www.google.com/bot.html)"
66.249.65.165 - - [13/Jul/2025:17:22:31 +0000] "POST /get-message-notify HTTP/1.1" 200 21420 "https://alalamy.com.au/?k=7292942001900&mod=78b643f9&uri=search.php%3Fid%3D243566-404%26name%3Doutlet+abbigliamento+pagani" "Mozilla/5.0 (Linux; Android 6.0.1; Nexus 5X Build/MMB29P) AppleWebKit/537.36 (KHTML, like Gecko) Chrome/137.0.7151.119 Mobile Safari/537.36 (compatible; Googlebot/2.1; +http://www.google.com/bot.html)"
66.249.65.164 - - [13/Jul/2025:17:22:31 +0000] "GET /?k=13561058011900&mod=7876acb6&uri=goods.php%3Fid%3D452762-25%26name%3Dnew+xbox+one+games+releases HTTP/1.1" 200 22576 "-" "Mozilla/5.0 (Linux; Android 6.0.1; Nexus 5X Build/MMB29P) AppleWebKit/537.36 (KHTML, like Gecko) Chrome/137.0.7151.103 Mobile Safari/537.36 (compatible; Googlebot/2.1; +http://www.google.com/bot.html)"
66.249.65.165 - - [13/Jul/2025:17:22:32 +0000] "GET /?k=7292195041900&mod=861288f2&uri=info.php%3Fid%3D243541-403%26name%3Dstoffschuhe+sauber+kriegen HTTP/1.1" 200 21723 "-" "Mozilla/5.0 (Linux; Android 6.0.1; Nexus 5X Build/MMB29P) AppleWebKit/537.36 (KHTML, like Gecko) Chrome/137.0.7151.103 Mobile Safari/537.36 (compatible; Googlebot/2.1; +http://www.google.com/bot.html)"
66.249.65.165 - - [13/Jul/2025:17:22:34 +0000] "GET /?k=13560938021900&mod=7876acb6&uri=article.php%3Fid%3D452758-25%26name%3Dxbox+one+games+asda HTTP/1.1" 200 21529 "-" "Mozilla/5.0 (Linux; Android 6.0.1; Nexus 5X Build/MMB29P) AppleWebKit/537.36 (KHTML, like Gecko) Chrome/137.0.7151.103 Mobile Safari/537.36 (compatible; Googlebot/2.1; +http://www.google.com/bot.html)"
66.249.65.165 - - [13/Jul/2025:17:22:36 +0000] "GET /?k=13563698021900&mod=7876acb6&uri=us.php%3Fid%3D452850-25%26name%3Dred+redemption+ps4 HTTP/1.1" 200 22228 "-" "Mozilla/5.0 (Linux; Android 6.0.1; Nexus 5X Build/MMB29P) AppleWebKit/537.36 (KHTML, like Gecko) Chrome/137.0.7151.103 Mobile Safari/537.36 (compatible; Googlebot/2.1; +http://www.google.com/bot.html)"
66.249.65.164 - - [13/Jul/2025:17:22:41 +0000] "GET /?k=13562678101900&mod=7876acb6&uri=dp.php%3Fid%3D452816-25%26name%3Dxbox+game+pass+games+coming+soon HTTP/1.1" 200 21372 "-" "Mozilla/5.0 (Linux; Android 6.0.1; Nexus 5X Build/MMB29P) AppleWebKit/537.36 (KHTML, like Gecko) Chrome/137.0.7151.103 Mobile Safari/537.36 (compatible; Googlebot/2.1; +http://www.google.com/bot.html)"
66.249.65.165 - - [13/Jul/2025:17:22:42 +0000] "POST /get-message-notify HTTP/1.1" 200 21421 "https://alalamy.com.au/?k=13563698021900&mod=7876acb6&uri=us.php%3Fid%3D452850-25%26name%3Dred+redemption+ps4" "Mozilla/5.0 (Linux; Android 6.0.1; Nexus 5X Build/MMB29P) AppleWebKit/537.36 (KHTML, like Gecko) Chrome/137.0.7151.119 Mobile Safari/537.36 (compatible; Googlebot/2.1; +http://www.google.com/bot.html)"
66.249.65.164 - - [13/Jul/2025:17:22:43 +0000] "GET /?k=13562738121900&mod=7876acb6&uri=products.php%3Fid%3D452818-25%26name%3Dxbox+one+fable HTTP/1.1" 200 21507 "-" "Mozilla/5.0 (Linux; Android 6.0.1; Nexus 5X Build/MMB29P) AppleWebKit/537.36 (KHTML, like Gecko) Chrome/137.0.7151.103 Mobile Safari/537.36 (compatible; Googlebot/2.1; +http://www.google.com/bot.html)"
66.249.65.165 - - [13/Jul/2025:17:22:47 +0000] "GET /?k=13562018061900&mod=7876acb6&uri=pin.php%3Fid%3D452794-25%26name%3Dwhat+come+with+a+nintendo+switch HTTP/1.1" 200 21700 "-" "Mozilla/5.0 (Linux; Android 6.0.1; Nexus 5X Build/MMB29P) AppleWebKit/537.36 (KHTML, like Gecko) Chrome/137.0.7151.103 Mobile Safari/537.36 (compatible; Googlebot/2.1; +http://www.google.com/bot.html)"
66.249.65.164 - - [13/Jul/2025:17:22:50 +0000] "POST /get-message-notify HTTP/1.1" 200 21428 "https://alalamy.com.au/?k=7289670021900&mod=861288f2&uri=products.php%3Fid%3D243456-403%26name%3Dgelbe+flecken+wei%C3%83%C2%9Fe+sneaker" "Mozilla/5.0 (Linux; Android 6.0.1; Nexus 5X Build/MMB29P) AppleWebKit/537.36 (KHTML, like Gecko) Chrome/137.0.7151.119 Mobile Safari/537.36 (compatible; Googlebot/2.1; +http://www.google.com/bot.html)"
66.249.65.165 - - [13/Jul/2025:17:22:50 +0000] "GET /?k=13562438021900&mod=34766559&uri=itm.php%3Fid%3D452808-24%26name%3Dgiant+defy+advanced+used HTTP/1.1" 200 21714 "-" "Mozilla/5.0 (Linux; Android 6.0.1; Nexus 5X Build/MMB29P) AppleWebKit/537.36 (KHTML, like Gecko) Chrome/137.0.7151.103 Mobile Safari/537.36 (compatible; Googlebot/2.1; +http://www.google.com/bot.html)"
66.249.65.165 - - [13/Jul/2025:17:22:50 +0000] "POST /get-message-notify HTTP/1.1" 200 21434 "https://alalamy.com.au/?k=13561238021900&mod=7876acb6&uri=news.php%3Fid%3D452768-25%26name%3Dresident+evil+for+xbox+360" "Mozilla/5.0 (Linux; Android 6.0.1; Nexus 5X Build/MMB29P) AppleWebKit/537.36 (KHTML, like Gecko) Chrome/137.0.7151.119 Mobile Safari/537.36 (compatible; Googlebot/2.1; +http://www.google.com/bot.html)"
66.249.65.165 - - [13/Jul/2025:17:22:53 +0000] "GET /?k=13529092061900&mod=4d383d5c&uri=brands.php%3Fid%3D451695-234%26name%3Dtom+tailor+winterjacken HTTP/1.1" 200 21719 "-" "Mozilla/5.0 (Linux; Android 6.0.1; Nexus 5X Build/MMB29P) AppleWebKit/537.36 (KHTML, like Gecko) Chrome/137.0.7151.103 Mobile Safari/537.36 (compatible; Googlebot/2.1; +http://www.google.com/bot.html)"
66.249.65.164 - - [13/Jul/2025:17:22:55 +0000] "GET /?k=43109046041900&mod=5e3a4137&uri=product.php%3Fid%3D1438706-400%26name%3Dskmei+1405+review HTTP/1.1" 200 21496 "-" "Mozilla/5.0 (Linux; Android 6.0.1; Nexus 5X Build/MMB29P) AppleWebKit/537.36 (KHTML, like Gecko) Chrome/137.0.7151.103 Mobile Safari/537.36 (compatible; Googlebot/2.1; +http://www.google.com/bot.html)"
66.249.65.164 - - [13/Jul/2025:17:22:57 +0000] "GET /?k=7288055141900&mod=78b643f9&uri=news.php%3Fid%3D243401-404%26name%3Dcostume+divertente+laurea HTTP/1.1" 200 21653 "-" "Mozilla/5.0 (Linux; Android 6.0.1; Nexus 5X Build/MMB29P) AppleWebKit/537.36 (KHTML, like Gecko) Chrome/137.0.7151.103 Mobile Safari/537.36 (compatible; Googlebot/2.1; +http://www.google.com/bot.html)"
209.74.77.214 - - [13/Jul/2025:17:22:58 +0000] "POST /wp-admin/admin-ajax.php?action=async_litespeed&nonce=2p9nws41lcu7NZ6IyHr34Bq9Bm4EPorH&litespeed_type=imgoptm HTTP/1.1" 200 21 "-" "WordPress/6.8.1; https://alalamy.com.au"
66.249.65.164 - - [13/Jul/2025:17:22:58 +0000] "GET /?k=7370089031900&mod=e9c519a8&uri=info.php%3Fid%3D246143-407%26name%3Dheavy+zip+up+hoodie HTTP/1.1" 200 21719 "-" "Mozilla/5.0 (Linux; Android 6.0.1; Nexus 5X Build/MMB29P) AppleWebKit/537.36 (KHTML, like Gecko) Chrome/137.0.7151.103 Mobile Safari/537.36 (compatible; Googlebot/2.1; +http://www.google.com/bot.html)"
66.249.65.164 - - [13/Jul/2025:17:23:00 +0000] "GET /?k=13529332071900&mod=4d383d5c&uri=info.php%3Fid%3D451703-234%26name%3Drich+and+royal+pullunder HTTP/1.1" 200 21919 "-" "Mozilla/5.0 (Linux; Android 6.0.1; Nexus 5X Build/MMB29P) AppleWebKit/537.36 (KHTML, like Gecko) Chrome/137.0.7151.103 Mobile Safari/537.36 (compatible; Googlebot/2.1; +http://www.google.com/bot.html)"
34.19.88.204 - - [13/Jul/2025:17:23:00 +0000] "GET / HTTP/1.1" 200 26576 "http://www.alalamy.com.au" "Mozilla/5.0 (compatible; CMS-Checker/1.0; +https://example.com)"
66.249.65.164 - - [13/Jul/2025:17:23:04 +0000] "GET /?k=13563938021900&mod=34766559&uri=dp.php%3Fid%3D452858-24%26name%3Dcycle+ke+photo+cycle+ke+photo HTTP/1.1" 200 22500 "-" "Mozilla/5.0 (Linux; Android 6.0.1; Nexus 5X Build/MMB29P) AppleWebKit/537.36 (KHTML, like Gecko) Chrome/137.0.7151.103 Mobile Safari/537.36 (compatible; Googlebot/2.1; +http://www.google.com/bot.html)"
66.249.65.164 - - [13/Jul/2025:17:23:06 +0000] "GET /?k=13562198041900&mod=7876acb6&uri=news.php%3Fid%3D452800-25%26name%3Dxbox+one+call+of+duty+cold+war HTTP/1.1" 200 21073 "-" "Mozilla/5.0 (Linux; Android 6.0.1; Nexus 5X Build/MMB29P) AppleWebKit/537.36 (KHTML, like Gecko) Chrome/137.0.7151.103 Mobile Safari/537.36 (compatible; Googlebot/2.1; +http://www.google.com/bot.html)"
66.249.65.164 - - [13/Jul/2025:17:23:09 +0000] "GET /?k=13561658011900&mod=34766559&uri=pin.php%3Fid%3D452782-24%26name%3Ddiamondback+bicycles+release+full+suspension+mountain+bike HTTP/1.1" 200 22116 "-" "Mozilla/5.0 (Linux; Android 6.0.1; Nexus 5X Build/MMB29P) AppleWebKit/537.36 (KHTML, like Gecko) Chrome/137.0.7151.103 Mobile Safari/537.36 (compatible; Googlebot/2.1; +http://www.google.com/bot.html)"
66.249.65.164 - - [13/Jul/2025:17:23:11 +0000] "GET /?k=13529572001900&mod=4d383d5c&uri=shop.php%3Fid%3D451711-234%26name%3Djacquie+lawson+christmas+cards+online HTTP/1.1" 200 21985 "-" "Mozilla/5.0 (Linux; Android 6.0.1; Nexus 5X Build/MMB29P) AppleWebKit/537.36 (KHTML, like Gecko) Chrome/137.0.7151.103 Mobile Safari/537.36 (compatible; Googlebot/2.1; +http://www.google.com/bot.html)"
66.249.65.164 - - [13/Jul/2025:17:23:17 +0000] "GET /?k=13562498041900&mod=7876acb6&uri=goods.php%3Fid%3D452810-25%26name%3Dxbox+live+for+one+month HTTP/1.1" 200 22373 "-" "Mozilla/5.0 (Linux; Android 6.0.1; Nexus 5X Build/MMB29P) AppleWebKit/537.36 (KHTML, like Gecko) Chrome/137.0.7151.103 Mobile Safari/537.36 (compatible; Googlebot/2.1; +http://www.google.com/bot.html)"
66.249.65.164 - - [13/Jul/2025:17:23:19 +0000] "POST /get-message-notify HTTP/1.1" 200 21428 "https://alalamy.com.au/?k=13561658011900&mod=34766559&uri=pin.php%3Fid%3D452782-24%26name%3Ddiamondback+bicycles+release+full+suspension+mountain+bike" "Mozilla/5.0 (Linux; Android 6.0.1; Nexus 5X Build/MMB29P) AppleWebKit/537.36 (KHTML, like Gecko) Chrome/137.0.7151.119 Mobile Safari/537.36 (compatible; Googlebot/2.1; +http://www.google.com/bot.html)"
66.249.65.164 - - [13/Jul/2025:17:23:20 +0000] "GET /?k=13562138021900&mod=7876acb6&uri=pin.php%3Fid%3D452798-25%26name%3Dxbox+games+coming+soon HTTP/1.1" 200 22403 "-" "Mozilla/5.0 (Linux; Android 6.0.1; Nexus 5X Build/MMB29P) AppleWebKit/537.36 (KHTML, like Gecko) Chrome/137.0.7151.103 Mobile Safari/537.36 (compatible; Googlebot/2.1; +http://www.google.com/bot.html)"
209.74.77.214 - - [13/Jul/2025:17:23:21 +0000] "POST /wp-cron.php?doing_wp_cron=1752427401.5843780040740966796875 HTTP/1.1" 200 - "-" "WordPress/6.8.1; https://alalamy.com.au"
54.36.148.209 - - [13/Jul/2025:17:23:21 +0000] "GET /?k=99379578021900&mod=f0d15faf&uri=us.php%3Fid%3D3316551-218%26name%3Dblusa+de+colores+shein HTTP/1.1" 301 - "-" "Mozilla/5.0 (compatible; AhrefsBot/7.0; +http://ahrefs.com/robot/)"
66.249.65.164 - - [13/Jul/2025:17:23:21 +0000] "GET /?k=82636065051900&mod=cbd35b79&uri=category-info.php%3Fid%3D2757711-401%26name%3Daspirateur+bosch+readyy+v HTTP/1.1" 200 21421 "-" "Mozilla/5.0 (Linux; Android 6.0.1; Nexus 5X Build/MMB29P) AppleWebKit/537.36 (KHTML, like Gecko) Chrome/137.0.7151.103 Mobile Safari/537.36 (compatible; Googlebot/2.1; +http://www.google.com/bot.html)"
66.249.65.164 - - [13/Jul/2025:17:23:21 +0000] "GET /?k=7284809091900&mod=861288f2&uri=blog.php%3Fid%3D243291-403%26name%3Dsommerschuhe+von+esprit HTTP/1.1" 200 21882 "-" "Mozilla/5.0 (Linux; Android 6.0.1; Nexus 5X Build/MMB29P) AppleWebKit/537.36 (KHTML, like Gecko) Chrome/137.0.7151.103 Mobile Safari/537.36 (compatible; Googlebot/2.1; +http://www.google.com/bot.html)"
66.249.65.164 - - [13/Jul/2025:17:23:22 +0000] "GET /?k=13561358011900&mod=34766559&uri=form.php%3Fid%3D452772-24%26name%3Dgiant+contend+disc+2020 HTTP/1.1" 200 22202 "-" "Mozilla/5.0 (Linux; Android 6.0.1; Nexus 5X Build/MMB29P) AppleWebKit/537.36 (KHTML, like Gecko) Chrome/137.0.7151.103 Mobile Safari/537.36 (compatible; Googlebot/2.1; +http://www.google.com/bot.html)"
66.249.65.164 - - [13/Jul/2025:17:23:24 +0000] "GET /?k=6603535021900&mod=4ef30115&uri=news.php%3Fid%3D220548-91%26name%3Dmtb+chain+price HTTP/1.1" 200 21539 "-" "Mozilla/5.0 (Linux; Android 6.0.1; Nexus 5X Build/MMB29P) AppleWebKit/537.36 (KHTML, like Gecko) Chrome/137.0.7151.103 Mobile Safari/537.36 (compatible; Googlebot/2.1; +http://www.google.com/bot.html)"
66.249.65.164 - - [13/Jul/2025:17:23:26 +0000] "GET /?k=6618175041900&mod=4ef30115&uri=us.php%3Fid%3D221036-91%26name%3Dfrozen+bike+basket HTTP/1.1" 200 22219 "-" "Mozilla/5.0 (Linux; Android 6.0.1; Nexus 5X Build/MMB29P) AppleWebKit/537.36 (KHTML, like Gecko) Chrome/137.0.7151.103 Mobile Safari/537.36 (compatible; Googlebot/2.1; +http://www.google.com/bot.html)"
66.249.65.164 - - [13/Jul/2025:17:23:27 +0000] "POST /get-message-notify HTTP/1.1" 200 21435 "https://alalamy.com.au/?k=13562138021900&mod=7876acb6&uri=pin.php%3Fid%3D452798-25%26name%3Dxbox+games+coming+soon" "Mozilla/5.0 (Linux; Android 6.0.1; Nexus 5X Build/MMB29P) AppleWebKit/537.36 (KHTML, like Gecko) Chrome/137.0.7151.119 Mobile Safari/537.36 (compatible; Googlebot/2.1; +http://www.google.com/bot.html)"
66.249.65.164 - - [13/Jul/2025:17:23:28 +0000] "GET /?k=81933170001900&mod=cb826161&uri=info.php%3Fid%3D2734266-364%26name%3Dkansas+city+chiefs+jean+jacket HTTP/1.1" 200 22360 "-" "Mozilla/5.0 (Linux; Android 6.0.1; Nexus 5X Build/MMB29P) AppleWebKit/537.36 (KHTML, like Gecko) Chrome/137.0.7151.103 Mobile Safari/537.36 (compatible; Googlebot/2.1; +http://www.google.com/bot.html)"
66.249.65.164 - - [13/Jul/2025:17:23:31 +0000] "GET /?k=6608335021900&mod=4ef30115&uri=article.php%3Fid%3D220708-91%26name%3Dcannondale+26+inch HTTP/1.1" 200 22190 "-" "Mozilla/5.0 (Linux; Android 6.0.1; Nexus 5X Build/MMB29P) AppleWebKit/537.36 (KHTML, like Gecko) Chrome/137.0.7151.103 Mobile Safari/537.36 (compatible; Googlebot/2.1; +http://www.google.com/bot.html)"
66.249.65.164 - - [13/Jul/2025:17:23:31 +0000] "POST /get-message-notify HTTP/1.1" 200 21424 "https://alalamy.com.au/?k=13561358011900&mod=34766559&uri=form.php%3Fid%3D452772-24%26name%3Dgiant+contend+disc+2020" "Mozilla/5.0 (Linux; Android 6.0.1; Nexus 5X Build/MMB29P) AppleWebKit/537.36 (KHTML, like Gecko) Chrome/137.0.7151.119 Mobile Safari/537.36 (compatible; Googlebot/2.1; +http://www.google.com/bot.html)"
66.249.65.164 - - [13/Jul/2025:17:23:35 +0000] "GET /?k=6616255061900&mod=4ef30115&uri=form.php%3Fid%3D220972-91%26name%3Dshimano+equipped HTTP/1.1" 200 21483 "-" "Mozilla/5.0 (Linux; Android 6.0.1; Nexus 5X Build/MMB29P) AppleWebKit/537.36 (KHTML, like Gecko) Chrome/137.0.7151.103 Mobile Safari/537.36 (compatible; Googlebot/2.1; +http://www.google.com/bot.html)"
66.249.65.164 - - [13/Jul/2025:17:23:39 +0000] "POST /get-message-notify HTTP/1.1" 200 21423 "https://alalamy.com.au/?k=7284809091900&mod=861288f2&uri=blog.php%3Fid%3D243291-403%26name%3Dsommerschuhe+von+esprit" "Mozilla/5.0 (Linux; Android 6.0.1; Nexus 5X Build/MMB29P) AppleWebKit/537.36 (KHTML, like Gecko) Chrome/137.0.7151.119 Mobile Safari/537.36 (compatible; Googlebot/2.1; +http://www.google.com/bot.html)"
66.249.65.165 - - [13/Jul/2025:17:23:38 +0000] "GET /?k=6616015131900&mod=4ef30115&uri=brands.php%3Fid%3D220964-91%26name%3Dostroy+bibs HTTP/1.1" 200 21949 "-" "Mozilla/5.0 (Linux; Android 6.0.1; Nexus 5X Build/MMB29P) AppleWebKit/537.36 (KHTML, like Gecko) Chrome/137.0.7151.103 Mobile Safari/537.36 (compatible; Googlebot/2.1; +http://www.google.com/bot.html)"
66.249.65.165 - - [13/Jul/2025:17:23:43 +0000] "GET /?k=6609775001900&mod=4ef30115&uri=brands.php%3Fid%3D220756-91%26name%3Dcommander+electric+trike HTTP/1.1" 200 21299 "-" "Mozilla/5.0 (Linux; Android 6.0.1; Nexus 5X Build/MMB29P) AppleWebKit/537.36 (KHTML, like Gecko) Chrome/137.0.7151.103 Mobile Safari/537.36 (compatible; Googlebot/2.1; +http://www.google.com/bot.html)"
66.249.65.165 - - [13/Jul/2025:17:23:44 +0000] "GET /?k=81940490041900&mod=cb826161&uri=blog.php%3Fid%3D2734510-364%26name%3Dpink+heart+coat HTTP/1.1" 200 22126 "-" "Mozilla/5.0 (Linux; Android 6.0.1; Nexus 5X Build/MMB29P) AppleWebKit/537.36 (KHTML, like Gecko) Chrome/137.0.7151.103 Mobile Safari/537.36 (compatible; Googlebot/2.1; +http://www.google.com/bot.html)"
66.249.65.165 - - [13/Jul/2025:17:23:47 +0000] "POST /get-message-notify HTTP/1.1" 200 21433 "https://alalamy.com.au/?k=81940490041900&mod=cb826161&uri=blog.php%3Fid%3D2734510-364%26name%3Dpink+heart+coat" "Mozilla/5.0 (Linux; Android 6.0.1; Nexus 5X Build/MMB29P) AppleWebKit/537.36 (KHTML, like Gecko) Chrome/137.0.7151.119 Mobile Safari/537.36 (compatible; Googlebot/2.1; +http://www.google.com/bot.html)"
66.249.65.165 - - [13/Jul/2025:17:23:47 +0000] "GET /?k=6615775041900&mod=4ef30115&uri=brands.php%3Fid%3D220956-91%26name%3Dshimano+front+gear+shifter HTTP/1.1" 200 22273 "-" "Mozilla/5.0 (Linux; Android 6.0.1; Nexus 5X Build/MMB29P) AppleWebKit/537.36 (KHTML, like Gecko) Chrome/137.0.7151.103 Mobile Safari/537.36 (compatible; Googlebot/2.1; +http://www.google.com/bot.html)"
66.249.65.164 - - [13/Jul/2025:17:23:50 +0000] "GET /?k=6604015041900&mod=4ef30115&uri=category-info.php%3Fid%3D220564-91%26name%3Dbest+road+bike+shifters HTTP/1.1" 200 21998 "-" "Mozilla/5.0 (Linux; Android 6.0.1; Nexus 5X Build/MMB29P) AppleWebKit/537.36 (KHTML, like Gecko) Chrome/137.0.7151.103 Mobile Safari/537.36 (compatible; Googlebot/2.1; +http://www.google.com/bot.html)"
66.249.65.164 - - [13/Jul/2025:17:23:50 +0000] "POST /get-message-notify HTTP/1.1" 200 21425 "https://alalamy.com.au/?k=6616015131900&mod=4ef30115&uri=brands.php%3Fid%3D220964-91%26name%3Dostroy+bibs" "Mozilla/5.0 (Linux; Android 6.0.1; Nexus 5X Build/MMB29P) AppleWebKit/537.36 (KHTML, like Gecko) Chrome/137.0.7151.119 Mobile Safari/537.36 (compatible; Googlebot/2.1; +http://www.google.com/bot.html)"
66.249.65.165 - - [13/Jul/2025:17:23:52 +0000] "GET /?k=6606175001900&mod=4ef30115&uri=category-info.php%3Fid%3D220636-91%26name%3Dcostway+tricycle HTTP/1.1" 200 21916 "-" "Mozilla/5.0 (Linux; Android 6.0.1; Nexus 5X Build/MMB29P) AppleWebKit/537.36 (KHTML, like Gecko) Chrome/137.0.7151.103 Mobile Safari/537.36 (compatible; Googlebot/2.1; +http://www.google.com/bot.html)"
66.249.65.164 - - [13/Jul/2025:17:23:54 +0000] "GET /?k=6605935041900&mod=4ef30115&uri=us.php%3Fid%3D220628-91%26name%3Dpink+basket+bike HTTP/1.1" 200 22265 "-" "Mozilla/5.0 (Linux; Android 6.0.1; Nexus 5X Build/MMB29P) AppleWebKit/537.36 (KHTML, like Gecko) Chrome/137.0.7151.103 Mobile Safari/537.36 (compatible; Googlebot/2.1; +http://www.google.com/bot.html)"
66.249.65.165 - - [13/Jul/2025:17:23:56 +0000] "POST /get-message-notify HTTP/1.1" 200 21419 "https://alalamy.com.au/?k=6604015041900&mod=4ef30115&uri=category-info.php%3Fid%3D220564-91%26name%3Dbest+road+bike+shifters" "Mozilla/5.0 (Linux; Android 6.0.1; Nexus 5X Build/MMB29P) AppleWebKit/537.36 (KHTML, like Gecko) Chrome/137.0.7151.119 Mobile Safari/537.36 (compatible; Googlebot/2.1; +http://www.google.com/bot.html)"
66.249.65.166 - - [13/Jul/2025:17:23:56 +0000] "POST /get-message-notify HTTP/1.1" 200 21423 "https://alalamy.com.au/?k=13529332071900&mod=4d383d5c&uri=info.php%3Fid%3D451703-234%26name%3Drich+and+royal+pullunder" "Mozilla/5.0 (Linux; Android 6.0.1; Nexus 5X Build/MMB29P) AppleWebKit/537.36 (KHTML, like Gecko) Chrome/137.0.7151.119 Mobile Safari/537.36 (compatible; Googlebot/2.1; +http://www.google.com/bot.html)"
66.249.65.164 - - [13/Jul/2025:17:23:59 +0000] "GET /?k=6614335021900&mod=4ef30115&uri=form.php%3Fid%3D220908-91%26name%3Dtall+bib+shorts HTTP/1.1" 200 22000 "-" "Mozilla/5.0 (Linux; Android 6.0.1; Nexus 5X Build/MMB29P) AppleWebKit/537.36 (KHTML, like Gecko) Chrome/137.0.7151.103 Mobile Safari/537.36 (compatible; Googlebot/2.1; +http://www.google.com/bot.html)"
66.249.65.166 - - [13/Jul/2025:17:23:57 +0000] "GET /?k=6613135041900&mod=4ef30115&uri=shared.php%3Fid%3D220868-91%26name%3Damazon+bike+basket HTTP/1.1" 200 21921 "-" "Mozilla/5.0 (Linux; Android 6.0.1; Nexus 5X Build/MMB29P) AppleWebKit/537.36 (KHTML, like Gecko) Chrome/137.0.7151.103 Mobile Safari/537.36 (compatible; Googlebot/2.1; +http://www.google.com/bot.html)"
