66.249.77.132 - - [13/Jul/2025:14:54:31 +0000] "GET /?k=6765768021900&mod=9c3916c3&uri=dp.php%3Fid%3D225959-380%26name%3Dchocolate+toy+schnauzer HTTP/1.1" 200 21805 "-" "Mozilla/5.0 (Linux; Android 6.0.1; Nexus 5X Build/MMB29P) AppleWebKit/537.36 (KHTML, like Gecko) Chrome/137.0.7151.103 Mobile Safari/537.36 (compatible; Googlebot/2.1; +http://www.google.com/bot.html)"
66.249.65.164 - - [13/Jul/2025:14:54:46 +0000] "GET /?k=6990163001900&mod=962ebbfe&uri=info.php%3Fid%3D233447-394%26name%3Dsirloin+steak+grill+time HTTP/1.1" 200 22506 "-" "Mozilla/5.0 (Linux; Android 6.0.1; Nexus 5X Build/MMB29P) AppleWebKit/537.36 (KHTML, like Gecko) Chrome/137.0.7151.103 Mobile Safari/537.36 (compatible; Googlebot/2.1; +http://www.google.com/bot.html)"
66.249.65.164 - - [13/Jul/2025:14:54:46 +0000] "GET /?k=5819389001900&mod=f1a860c4&uri=search.php%3Fid%3D194334-336%26name%3Dborse+brandina+offerte HTTP/1.1" 200 22186 "-" "Mozilla/5.0 (Linux; Android 6.0.1; Nexus 5X Build/MMB29P) AppleWebKit/537.36 (KHTML, like Gecko) Chrome/137.0.7151.103 Mobile Safari/537.36 (compatible; Googlebot/2.1; +http://www.google.com/bot.html)"
66.249.65.166 - - [13/Jul/2025:14:55:08 +0000] "POST /get-message-notify HTTP/1.1" 200 21427 "https://alalamy.com.au/?k=7368109011900&mod=e9c519a8&uri=info.php%3Fid%3D246077-407%26name%3Dstores+that+sell+hoodies+near+me" "Mozilla/5.0 (Linux; Android 6.0.1; Nexus 5X Build/MMB29P) AppleWebKit/537.36 (KHTML, like Gecko) Chrome/137.0.7151.119 Mobile Safari/537.36 (compatible; Googlebot/2.1; +http://www.google.com/bot.html)"
66.249.65.164 - - [13/Jul/2025:14:55:35 +0000] "GET /?k=6966704051900&mod=962ebbfe&uri=shared.php%3Fid%3D232665-394%26name%3Dbauer+dinnerware HTTP/1.1" 200 21730 "-" "Mozilla/5.0 (Linux; Android 6.0.1; Nexus 5X Build/MMB29P) AppleWebKit/537.36 (KHTML, like Gecko) Chrome/137.0.7151.103 Mobile Safari/537.36 (compatible; Googlebot/2.1; +http://www.google.com/bot.html)"
66.249.65.165 - - [13/Jul/2025:14:55:35 +0000] "GET /?k=47446840001900&mod=1177967c&uri=goods.php%3Fid%3D1583416-22%26name%3Ddamenarmbanduhr+calvin+klein HTTP/1.1" 200 21831 "-" "Mozilla/5.0 (Linux; Android 6.0.1; Nexus 5X Build/MMB29P) AppleWebKit/537.36 (KHTML, like Gecko) Chrome/137.0.7151.103 Mobile Safari/537.36 (compatible; Googlebot/2.1; +http://www.google.com/bot.html)"
66.249.65.164 - - [13/Jul/2025:14:55:37 +0000] "POST /get-message-notify HTTP/1.1" 200 21422 "https://alalamy.com.au/?k=6966704051900&mod=962ebbfe&uri=shared.php%3Fid%3D232665-394%26name%3Dbauer+dinnerware" "Mozilla/5.0 (Linux; Android 6.0.1; Nexus 5X Build/MMB29P) AppleWebKit/537.36 (KHTML, like Gecko) Chrome/137.0.7151.119 Mobile Safari/537.36 (compatible; Googlebot/2.1; +http://www.google.com/bot.html)"
66.249.65.165 - - [13/Jul/2025:14:56:09 +0000] "GET /?k=6689677041900&mod=1366e101&uri=category-info.php%3Fid%3D223420-376%26name%3Dkisscartoon+ed+edd+n+eddy HTTP/1.1" 200 21749 "-" "Mozilla/5.0 (Linux; Android 6.0.1; Nexus 5X Build/MMB29P) AppleWebKit/537.36 (KHTML, like Gecko) Chrome/137.0.7151.103 Mobile Safari/537.36 (compatible; Googlebot/2.1; +http://www.google.com/bot.html)"
66.249.65.165 - - [13/Jul/2025:14:56:29 +0000] "GET /?k=37447472071900&mod=798e5a5d&uri=shop.php%3Fid%3D1249837-197%26name%3Dwomens+nike+leggings+jcpenney HTTP/1.1" 200 20723 "-" "Mozilla/5.0 (Linux; Android 6.0.1; Nexus 5X Build/MMB29P) AppleWebKit/537.36 (KHTML, like Gecko) Chrome/137.0.7151.103 Mobile Safari/537.36 (compatible; Googlebot/2.1; +http://www.google.com/bot.html)"
66.249.65.165 - - [13/Jul/2025:14:56:30 +0000] "GET /?k=6548065091900&mod=0bb3498d&uri=info.php%3Fid%3D218699-367%26name%3Dice+fishing+pop+up HTTP/1.1" 200 21079 "-" "Mozilla/5.0 (Linux; Android 6.0.1; Nexus 5X Build/MMB29P) AppleWebKit/537.36 (KHTML, like Gecko) Chrome/137.0.7151.103 Mobile Safari/537.36 (compatible; Googlebot/2.1; +http://www.google.com/bot.html)"
66.249.65.164 - - [13/Jul/2025:14:56:30 +0000] "GET /?k=37651508011900&mod=4d383d5c&uri=us.php%3Fid%3D1256645-234%26name%3Dnike+vintage+winterjacke+herren HTTP/1.1" 200 21593 "-" "Mozilla/5.0 (Linux; Android 6.0.1; Nexus 5X Build/MMB29P) AppleWebKit/537.36 (KHTML, like Gecko) Chrome/137.0.7151.103 Mobile Safari/537.36 (compatible; Googlebot/2.1; +http://www.google.com/bot.html)"
66.249.65.164 - - [13/Jul/2025:14:56:31 +0000] "POST /get-message-notify HTTP/1.1" 200 21434 "https://alalamy.com.au/?k=37447472071900&mod=798e5a5d&uri=shop.php%3Fid%3D1249837-197%26name%3Dwomens+nike+leggings+jcpenney" "Mozilla/5.0 (Linux; Android 6.0.1; Nexus 5X Build/MMB29P) AppleWebKit/537.36 (KHTML, like Gecko) Chrome/137.0.7151.119 Mobile Safari/537.36 (compatible; Googlebot/2.1; +http://www.google.com/bot.html)"
66.249.65.164 - - [13/Jul/2025:14:56:42 +0000] "GET /?k=7426196041900&mod=357a689f&uri=brands.php%3Fid%3D248020-410%26name%3Dcarnotaurus+set HTTP/1.1" 200 21919 "-" "Mozilla/5.0 (Linux; Android 6.0.1; Nexus 5X Build/MMB29P) AppleWebKit/537.36 (KHTML, like Gecko) Chrome/137.0.7151.103 Mobile Safari/537.36 (compatible; Googlebot/2.1; +http://www.google.com/bot.html)"
66.249.65.164 - - [13/Jul/2025:14:56:49 +0000] "GET /?k=7333399001900&mod=50a41579&uri=products.php%3Fid%3D244920-406%26name%3Dpatent+brogue+boots HTTP/1.1" 200 21230 "-" "Mozilla/5.0 (Linux; Android 6.0.1; Nexus 5X Build/MMB29P) AppleWebKit/537.36 (KHTML, like Gecko) Chrome/137.0.7151.103 Mobile Safari/537.36 (compatible; Googlebot/2.1; +http://www.google.com/bot.html)"
66.249.65.164 - - [13/Jul/2025:14:57:58 +0000] "GET /?k=7333129011900&mod=9078b6ab&uri=category-info.php%3Fid%3D244911-222%26name%3Djordan+top+mid HTTP/1.1" 200 21399 "-" "Mozilla/5.0 (Linux; Android 6.0.1; Nexus 5X Build/MMB29P) AppleWebKit/537.36 (KHTML, like Gecko) Chrome/137.0.7151.103 Mobile Safari/537.36 (compatible; Googlebot/2.1; +http://www.google.com/bot.html)"
66.249.65.164 - - [13/Jul/2025:14:58:00 +0000] "GET /?k=7466007051900&mod=160c8865&uri=dp.php%3Fid%3D249348-11%26name%3Ddresses+below+the+knee+casual HTTP/1.1" 200 20712 "-" "Mozilla/5.0 (Linux; Android 6.0.1; Nexus 5X Build/MMB29P) AppleWebKit/537.36 (KHTML, like Gecko) Chrome/137.0.7151.103 Mobile Safari/537.36 (compatible; Googlebot/2.1; +http://www.google.com/bot.html)"
66.249.65.165 - - [13/Jul/2025:14:58:01 +0000] "GET /?k=7369639121900&mod=078fbc1d&uri=dp.php%3Fid%3D246128-408%26name%3Dgenji+sweater HTTP/1.1" 200 20687 "-" "Mozilla/5.0 (Linux; Android 6.0.1; Nexus 5X Build/MMB29P) AppleWebKit/537.36 (KHTML, like Gecko) Chrome/137.0.7151.103 Mobile Safari/537.36 (compatible; Googlebot/2.1; +http://www.google.com/bot.html)"
66.249.65.165 - - [13/Jul/2025:14:58:03 +0000] "POST /get-message-notify HTTP/1.1" 200 21424 "https://alalamy.com.au/?k=7369639121900&mod=078fbc1d&uri=dp.php%3Fid%3D246128-408%26name%3Dgenji+sweater" "Mozilla/5.0 (Linux; Android 6.0.1; Nexus 5X Build/MMB29P) AppleWebKit/537.36 (KHTML, like Gecko) Chrome/137.0.7151.119 Mobile Safari/537.36 (compatible; Googlebot/2.1; +http://www.google.com/bot.html)"
66.249.65.164 - - [13/Jul/2025:14:58:12 +0000] "GET /?k=7465814131900&mod=160c8865&uri=itm.php%3Fid%3D249341-11%26name%3Dknee+wraps+for+running HTTP/1.1" 200 20965 "-" "Mozilla/5.0 (Linux; Android 6.0.1; Nexus 5X Build/MMB29P) AppleWebKit/537.36 (KHTML, like Gecko) Chrome/137.0.7151.103 Mobile Safari/537.36 (compatible; Googlebot/2.1; +http://www.google.com/bot.html)"
209.74.77.214 - - [13/Jul/2025:14:58:17 +0000] "POST /wp-cron.php?doing_wp_cron=1752418697.6236391067504882812500 HTTP/1.1" 200 - "-" "WordPress/6.8.1; https://alalamy.com.au"
54.36.148.67 - - [13/Jul/2025:14:58:15 +0000] "GET /?k=98038649031900&mod=c551b3e4&uri=shared.php%3Fid%3D3271808-751%26name%3Dmochilas+para+transportar+mascotas HTTP/1.1" 301 - "-" "Mozilla/5.0 (compatible; AhrefsBot/7.0; +http://ahrefs.com/robot/)"
209.74.77.214 - - [13/Jul/2025:14:58:17 +0000] "POST /wp-admin/admin-ajax.php?action=async_litespeed&nonce=b5PBDoc63ICrDU5prau3PmpQ6LEwOIyn&litespeed_type=imgoptm HTTP/1.1" 200 21 "-" "WordPress/6.8.1; https://alalamy.com.au"
66.249.65.164 - - [13/Jul/2025:14:58:25 +0000] "GET /?k=7570279121900&mod=ec5df877&uri=products.php%3Fid%3D252830-248%26name%3Dwhite+gardenia+petals+perfume HTTP/1.1" 200 21597 "-" "Mozilla/5.0 (Linux; Android 6.0.1; Nexus 5X Build/MMB29P) AppleWebKit/537.36 (KHTML, like Gecko) Chrome/137.0.7151.103 Mobile Safari/537.36 (compatible; Googlebot/2.1; +http://www.google.com/bot.html)"
66.249.65.164 - - [13/Jul/2025:14:58:31 +0000] "POST /get-message-notify HTTP/1.1" 200 21430 "https://alalamy.com.au/?k=7465814131900&mod=160c8865&uri=itm.php%3Fid%3D249341-11%26name%3Dknee+wraps+for+running" "Mozilla/5.0 (Linux; Android 6.0.1; Nexus 5X Build/MMB29P) AppleWebKit/537.36 (KHTML, like Gecko) Chrome/137.0.7151.119 Mobile Safari/537.36 (compatible; Googlebot/2.1; +http://www.google.com/bot.html)"
66.249.65.164 - - [13/Jul/2025:14:58:34 +0000] "POST /get-message-notify HTTP/1.1" 200 21434 "https://alalamy.com.au/?k=7570279121900&mod=ec5df877&uri=products.php%3Fid%3D252830-248%26name%3Dwhite+gardenia+petals+perfume" "Mozilla/5.0 (Linux; Android 6.0.1; Nexus 5X Build/MMB29P) AppleWebKit/537.36 (KHTML, like Gecko) Chrome/137.0.7151.119 Mobile Safari/537.36 (compatible; Googlebot/2.1; +http://www.google.com/bot.html)"
66.249.65.164 - - [13/Jul/2025:14:58:41 +0000] "GET /?k=7566829051900&mod=ec5df877&uri=itm.php%3Fid%3D252715-248%26name%3Dchristian+dior+sauvage+parfum+60ml HTTP/1.1" 200 22443 "-" "Mozilla/5.0 (Linux; Android 6.0.1; Nexus 5X Build/MMB29P) AppleWebKit/537.36 (KHTML, like Gecko) Chrome/137.0.7151.103 Mobile Safari/537.36 (compatible; Googlebot/2.1; +http://www.google.com/bot.html)"
66.249.65.164 - - [13/Jul/2025:14:58:48 +0000] "GET /?k=6974294041900&mod=962ebbfe&uri=pin.php%3Fid%3D232918-394%26name%3Dweber+spirit+e330+flavorizer+bars HTTP/1.1" 200 22461 "-" "Mozilla/5.0 (Linux; Android 6.0.1; Nexus 5X Build/MMB29P) AppleWebKit/537.36 (KHTML, like Gecko) Chrome/137.0.7151.103 Mobile Safari/537.36 (compatible; Googlebot/2.1; +http://www.google.com/bot.html)"
66.249.65.164 - - [13/Jul/2025:14:58:54 +0000] "GET /?k=1951272051900&mod=f9c1b5bf&uri=pin.php%3Fid%3D65127-129%26name%3Djabra+elite+85h+charging HTTP/1.1" 200 22238 "-" "Mozilla/5.0 (Linux; Android 6.0.1; Nexus 5X Build/MMB29P) AppleWebKit/537.36 (KHTML, like Gecko) Chrome/137.0.7151.103 Mobile Safari/537.36 (compatible; Googlebot/2.1; +http://www.google.com/bot.html)"
66.249.65.164 - - [13/Jul/2025:14:58:57 +0000] "POST /get-message-notify HTTP/1.1" 200 21434 "https://alalamy.com.au/?k=6974294041900&mod=962ebbfe&uri=pin.php%3Fid%3D232918-394%26name%3Dweber+spirit+e330+flavorizer+bars" "Mozilla/5.0 (Linux; Android 6.0.1; Nexus 5X Build/MMB29P) AppleWebKit/537.36 (KHTML, like Gecko) Chrome/137.0.7151.119 Mobile Safari/537.36 (compatible; Googlebot/2.1; +http://www.google.com/bot.html)"
66.249.65.164 - - [13/Jul/2025:14:58:58 +0000] "POST /get-message-notify HTTP/1.1" 200 21417 "https://alalamy.com.au/?k=1951272051900&mod=f9c1b5bf&uri=pin.php%3Fid%3D65127-129%26name%3Djabra+elite+85h+charging" "Mozilla/5.0 (Linux; Android 6.0.1; Nexus 5X Build/MMB29P) AppleWebKit/537.36 (KHTML, like Gecko) Chrome/137.0.7151.119 Mobile Safari/537.36 (compatible; Googlebot/2.1; +http://www.google.com/bot.html)"
66.249.65.165 - - [13/Jul/2025:14:59:02 +0000] "GET /?k=7175521141900&mod=4d383d5c&uri=products.php%3Fid%3D239636-234%26name%3Dskijacke+spyder+herren HTTP/1.1" 200 21760 "-" "Mozilla/5.0 (Linux; Android 6.0.1; Nexus 5X Build/MMB29P) AppleWebKit/537.36 (KHTML, like Gecko) Chrome/137.0.7151.103 Mobile Safari/537.36 (compatible; Googlebot/2.1; +http://www.google.com/bot.html)"
66.249.65.165 - - [13/Jul/2025:14:59:16 +0000] "GET /?k=42177820001900&mod=6194cc97&uri=article.php%3Fid%3D1407650-625%26name%3Dbirkenstock+wool+felt+clogs HTTP/1.1" 200 22166 "-" "Mozilla/5.0 (Linux; Android 6.0.1; Nexus 5X Build/MMB29P) AppleWebKit/537.36 (KHTML, like Gecko) Chrome/137.0.7151.103 Mobile Safari/537.36 (compatible; Googlebot/2.1; +http://www.google.com/bot.html)"
66.249.65.164 - - [13/Jul/2025:14:59:26 +0000] "POST /get-message-notify HTTP/1.1" 200 21433 "https://alalamy.com.au/?k=6689677041900&mod=1366e101&uri=category-info.php%3Fid%3D223420-376%26name%3Dkisscartoon+ed+edd+n+eddy" "Mozilla/5.0 (Linux; Android 6.0.1; Nexus 5X Build/MMB29P) AppleWebKit/537.36 (KHTML, like Gecko) Chrome/137.0.7151.119 Mobile Safari/537.36 (compatible; Googlebot/2.1; +http://www.google.com/bot.html)"
66.249.65.165 - - [13/Jul/2025:15:00:29 +0000] "GET /?k=7465604021900&mod=160c8865&uri=dp.php%3Fid%3D249334-11%26name%3Dxero+shoes+durability HTTP/1.1" 200 20847 "-" "Mozilla/5.0 (Linux; Android 6.0.1; Nexus 5X Build/MMB29P) AppleWebKit/537.36 (KHTML, like Gecko) Chrome/137.0.7151.103 Mobile Safari/537.36 (compatible; Googlebot/2.1; +http://www.google.com/bot.html)"
66.249.65.166 - - [13/Jul/2025:15:00:30 +0000] "GET /?k=7450904031900&mod=160c8865&uri=products.php%3Fid%3D248844-11%26name%3Dben+and+jerry+shoes+retail+price HTTP/1.1" 200 22400 "-" "Mozilla/5.0 (Linux; Android 6.0.1; Nexus 5X Build/MMB29P) AppleWebKit/537.36 (KHTML, like Gecko) Chrome/137.0.7151.103 Mobile Safari/537.36 (compatible; Googlebot/2.1; +http://www.google.com/bot.html)"
66.249.65.166 - - [13/Jul/2025:15:00:31 +0000] "GET /?k=7384161111900&mod=e9c519a8&uri=pin.php%3Fid%3D246613-407%26name%3Dbape+hoodie+pullover HTTP/1.1" 200 21697 "-" "Mozilla/5.0 (Linux; Android 6.0.1; Nexus 5X Build/MMB29P) AppleWebKit/537.36 (KHTML, like Gecko) Chrome/137.0.7151.103 Mobile Safari/537.36 (compatible; Googlebot/2.1; +http://www.google.com/bot.html)"
66.249.65.164 - - [13/Jul/2025:15:00:35 +0000] "POST /get-message-notify HTTP/1.1" 200 21427 "https://alalamy.com.au/?k=7384161111900&mod=e9c519a8&uri=pin.php%3Fid%3D246613-407%26name%3Dbape+hoodie+pullover" "Mozilla/5.0 (Linux; Android 6.0.1; Nexus 5X Build/MMB29P) AppleWebKit/537.36 (KHTML, like Gecko) Chrome/137.0.7151.119 Mobile Safari/537.36 (compatible; Googlebot/2.1; +http://www.google.com/bot.html)"
66.249.65.164 - - [13/Jul/2025:15:00:45 +0000] "GET /?k=5952251071900&mod=ff51fb7a&uri=category-info.php%3Fid%3D198767-344%26name%3Dbest+running+compression+shorts+women%27s HTTP/1.1" 200 21802 "-" "Mozilla/5.0 (Linux; Android 6.0.1; Nexus 5X Build/MMB29P) AppleWebKit/537.36 (KHTML, like Gecko) Chrome/137.0.7151.103 Mobile Safari/537.36 (compatible; Googlebot/2.1; +http://www.google.com/bot.html)"
66.249.65.164 - - [13/Jul/2025:15:00:45 +0000] "GET /?k=110721963121900&mod=1366e101&uri=info.php%3Fid%3D3695145-376%26name%3Dwatch+outlander+season+episode+16 HTTP/1.1" 200 21054 "-" "Mozilla/5.0 (Linux; Android 6.0.1; Nexus 5X Build/MMB29P) AppleWebKit/537.36 (KHTML, like Gecko) Chrome/137.0.7151.103 Mobile Safari/537.36 (compatible; Googlebot/2.1; +http://www.google.com/bot.html)"
66.249.65.164 - - [13/Jul/2025:15:00:49 +0000] "POST /get-message-notify HTTP/1.1" 200 21427 "https://alalamy.com.au/?k=5952251071900&mod=ff51fb7a&uri=category-info.php%3Fid%3D198767-344%26name%3Dbest+running+compression+shorts+women%27s" "Mozilla/5.0 (Linux; Android 6.0.1; Nexus 5X Build/MMB29P) AppleWebKit/537.36 (KHTML, like Gecko) Chrome/137.0.7151.119 Mobile Safari/537.36 (compatible; Googlebot/2.1; +http://www.google.com/bot.html)"
66.249.65.164 - - [13/Jul/2025:15:01:16 +0000] "GET /?k=37422392051900&mod=f6065e82&uri=article.php%3Fid%3D1249001-649%26name%3Dpolisport+rear+child+bike+seat HTTP/1.1" 200 22287 "-" "Mozilla/5.0 (Linux; Android 6.0.1; Nexus 5X Build/MMB29P) AppleWebKit/537.36 (KHTML, like Gecko) Chrome/137.0.7151.103 Mobile Safari/537.36 (compatible; Googlebot/2.1; +http://www.google.com/bot.html)"
66.249.65.165 - - [13/Jul/2025:15:01:23 +0000] "GET /?k=42959022041900&mod=2d425507&uri=form.php%3Fid%3D1433703-346%26name%3Dnike+limited+vs+game+jersey HTTP/1.1" 200 21387 "-" "Mozilla/5.0 (Linux; Android 6.0.1; Nexus 5X Build/MMB29P) AppleWebKit/537.36 (KHTML, like Gecko) Chrome/137.0.7151.103 Mobile Safari/537.36 (compatible; Googlebot/2.1; +http://www.google.com/bot.html)"
66.249.65.164 - - [13/Jul/2025:15:01:25 +0000] "GET /?k=6992593111900&mod=962ebbfe&uri=category-info.php%3Fid%3D233528-394%26name%3Dquinn+handcrafted+stoneware HTTP/1.1" 200 21945 "-" "Mozilla/5.0 (Linux; Android 6.0.1; Nexus 5X Build/MMB29P) AppleWebKit/537.36 (KHTML, like Gecko) Chrome/137.0.7151.103 Mobile Safari/537.36 (compatible; Googlebot/2.1; +http://www.google.com/bot.html)"
66.249.65.164 - - [13/Jul/2025:15:01:29 +0000] "POST /get-message-notify HTTP/1.1" 200 21420 "https://alalamy.com.au/?k=6992593111900&mod=962ebbfe&uri=category-info.php%3Fid%3D233528-394%26name%3Dquinn+handcrafted+stoneware" "Mozilla/5.0 (Linux; Android 6.0.1; Nexus 5X Build/MMB29P) AppleWebKit/537.36 (KHTML, like Gecko) Chrome/137.0.7151.119 Mobile Safari/537.36 (compatible; Googlebot/2.1; +http://www.google.com/bot.html)"
66.249.65.164 - - [13/Jul/2025:15:01:45 +0000] "POST /get-message-notify HTTP/1.1" 200 21420 "https://alalamy.com.au/?k=42959022041900&mod=2d425507&uri=form.php%3Fid%3D1433703-346%26name%3Dnike+limited+vs+game+jersey" "Mozilla/5.0 (Linux; Android 6.0.1; Nexus 5X Build/MMB29P) AppleWebKit/537.36 (KHTML, like Gecko) Chrome/137.0.7151.119 Mobile Safari/537.36 (compatible; Googlebot/2.1; +http://www.google.com/bot.html)"
66.249.65.166 - - [13/Jul/2025:15:02:07 +0000] "GET /?k=37515178001900&mod=7f3721ef&uri=category-info.php%3Fid%3D1252094-454%26name%3Dpick+your+brick HTTP/1.1" 200 22175 "-" "Mozilla/5.0 (Linux; Android 6.0.1; Nexus 5X Build/MMB29P) AppleWebKit/537.36 (KHTML, like Gecko) Chrome/137.0.7151.103 Mobile Safari/537.36 (compatible; Googlebot/2.1; +http://www.google.com/bot.html)"
209.74.77.214 - - [13/Jul/2025:15:02:41 +0000] "POST /wp-cron.php?doing_wp_cron=1752418961.5445570945739746093750 HTTP/1.1" 200 - "-" "WordPress/6.8.1; https://alalamy.com.au"
54.36.148.136 - - [13/Jul/2025:15:02:39 +0000] "GET /?k=98056548021900&mod=9ba519b0&uri=news.php%3Fid%3D3272405-549%26name%3Dnew+yeezy+release+tomorrow HTTP/1.1" 301 - "-" "Mozilla/5.0 (compatible; AhrefsBot/7.0; +http://ahrefs.com/robot/)"
209.74.77.214 - - [13/Jul/2025:15:02:41 +0000] "POST /wp-admin/admin-ajax.php?action=async_litespeed&nonce=aKTJongz69lzEuMRUfl6w6CCuX5NX7Mc&litespeed_type=imgoptm HTTP/1.1" 200 21 "-" "WordPress/6.8.1; https://alalamy.com.au"
66.249.65.165 - - [13/Jul/2025:15:02:52 +0000] "GET /?k=7431439091900&mod=357a689f&uri=shop.php%3Fid%3D248195-410%26name%3Dlego+31112+review HTTP/1.1" 200 21704 "-" "Mozilla/5.0 (Linux; Android 6.0.1; Nexus 5X Build/MMB29P) AppleWebKit/537.36 (KHTML, like Gecko) Chrome/137.0.7151.103 Mobile Safari/537.36 (compatible; Googlebot/2.1; +http://www.google.com/bot.html)"
66.249.65.164 - - [13/Jul/2025:15:03:11 +0000] "POST /get-message-notify HTTP/1.1" 200 21423 "https://alalamy.com.au/?k=5819629021900&mod=f1a860c4&uri=product.php%3Fid%3D194342-336%26name%3Dborse+prima+classe+a+tracolla" "Mozilla/5.0 (Linux; Android 6.0.1; Nexus 5X Build/MMB29P) AppleWebKit/537.36 (KHTML, like Gecko) Chrome/137.0.7151.119 Mobile Safari/537.36 (compatible; Googlebot/2.1; +http://www.google.com/bot.html)"
66.249.65.164 - - [13/Jul/2025:15:03:19 +0000] "GET /?k=7349119001900&mod=9078b6ab&uri=itm.php%3Fid%3D245444-222%26name%3Djordan+11lab4+red+on+feet HTTP/1.1" 200 21261 "-" "Mozilla/5.0 (Linux; Android 6.0.1; Nexus 5X Build/MMB29P) AppleWebKit/537.36 (KHTML, like Gecko) Chrome/137.0.7151.103 Mobile Safari/537.36 (compatible; Googlebot/2.1; +http://www.google.com/bot.html)"
66.249.65.164 - - [13/Jul/2025:15:03:19 +0000] "GET /?k=7369279061900&mod=078fbc1d&uri=blog.php%3Fid%3D246116-408%26name%3Dhomies+sweater HTTP/1.1" 200 20720 "-" "Mozilla/5.0 (Linux; Android 6.0.1; Nexus 5X Build/MMB29P) AppleWebKit/537.36 (KHTML, like Gecko) Chrome/137.0.7151.103 Mobile Safari/537.36 (compatible; Googlebot/2.1; +http://www.google.com/bot.html)"
66.249.65.164 - - [13/Jul/2025:15:03:32 +0000] "GET /?k=7147529001900&mod=8763d72b&uri=pin.php%3Fid%3D238702-57%26name%3Djbl+jr300+pink HTTP/1.1" 200 21690 "-" "Mozilla/5.0 (Linux; Android 6.0.1; Nexus 5X Build/MMB29P) AppleWebKit/537.36 (KHTML, like Gecko) Chrome/137.0.7151.103 Mobile Safari/537.36 (compatible; Googlebot/2.1; +http://www.google.com/bot.html)"
66.249.65.164 - - [13/Jul/2025:15:03:33 +0000] "GET /?k=7488947001900&mod=c5b86fa9&uri=category-info.php%3Fid%3D250114-141%26name%3Dcomprar+mono+verano HTTP/1.1" 200 22338 "-" "Mozilla/5.0 (Linux; Android 6.0.1; Nexus 5X Build/MMB29P) AppleWebKit/537.36 (KHTML, like Gecko) Chrome/137.0.7151.103 Mobile Safari/537.36 (compatible; Googlebot/2.1; +http://www.google.com/bot.html)"
66.249.65.164 - - [13/Jul/2025:15:03:46 +0000] "GET /?k=6957784041900&mod=d70ddccf&uri=itm.php%3Fid%3D232367-389%26name%3Dair+max+270+kylian+mbappe HTTP/1.1" 200 21062 "-" "Mozilla/5.0 (Linux; Android 6.0.1; Nexus 5X Build/MMB29P) AppleWebKit/537.36 (KHTML, like Gecko) Chrome/137.0.7151.103 Mobile Safari/537.36 (compatible; Googlebot/2.1; +http://www.google.com/bot.html)"
66.249.65.165 - - [13/Jul/2025:15:04:00 +0000] "GET /?k=5813768081900&mod=f1a860c4&uri=dp.php%3Fid%3D194146-336%26name%3Dpiquadro+zaini+saldi HTTP/1.1" 200 21303 "-" "Mozilla/5.0 (Linux; Android 6.0.1; Nexus 5X Build/MMB29P) AppleWebKit/537.36 (KHTML, like Gecko) Chrome/137.0.7151.103 Mobile Safari/537.36 (compatible; Googlebot/2.1; +http://www.google.com/bot.html)"
66.249.65.165 - - [13/Jul/2025:15:04:14 +0000] "GET /?k=37543420091900&mod=d8a1e3cb&uri=brands.php%3Fid%3D1253038-749%26name%3Dkapuzenshirt+puma HTTP/1.1" 200 20793 "-" "Mozilla/5.0 (Linux; Android 6.0.1; Nexus 5X Build/MMB29P) AppleWebKit/537.36 (KHTML, like Gecko) Chrome/137.0.7151.103 Mobile Safari/537.36 (compatible; Googlebot/2.1; +http://www.google.com/bot.html)"
66.249.65.164 - - [13/Jul/2025:15:04:32 +0000] "POST /get-message-notify HTTP/1.1" 200 21430 "https://alalamy.com.au/?k=6957784041900&mod=d70ddccf&uri=itm.php%3Fid%3D232367-389%26name%3Dair+max+270+kylian+mbappe" "Mozilla/5.0 (Linux; Android 6.0.1; Nexus 5X Build/MMB29P) AppleWebKit/537.36 (KHTML, like Gecko) Chrome/137.0.7151.119 Mobile Safari/537.36 (compatible; Googlebot/2.1; +http://www.google.com/bot.html)"
66.249.65.164 - - [13/Jul/2025:15:04:49 +0000] "GET /?k=5819509001900&mod=f1a860c4&uri=brands.php%3Fid%3D194338-336%26name%3Dvendita+borse+pinko HTTP/1.1" 200 22087 "-" "Mozilla/5.0 (Linux; Android 6.0.1; Nexus 5X Build/MMB29P) AppleWebKit/537.36 (KHTML, like Gecko) Chrome/137.0.7151.103 Mobile Safari/537.36 (compatible; Googlebot/2.1; +http://www.google.com/bot.html)"
66.249.65.164 - - [13/Jul/2025:15:04:49 +0000] "GET /?k=42976122141900&mod=5e3a4137&uri=dp.php%3Fid%3D1434273-400%26name%3Dsolvil+et+titus+stainless+steel+316l HTTP/1.1" 200 21695 "-" "Mozilla/5.0 (Linux; Android 6.0.1; Nexus 5X Build/MMB29P) AppleWebKit/537.36 (KHTML, like Gecko) Chrome/137.0.7151.103 Mobile Safari/537.36 (compatible; Googlebot/2.1; +http://www.google.com/bot.html)"
66.249.65.164 - - [13/Jul/2025:15:04:52 +0000] "GET /?k=7427666051900&mod=357a689f&uri=category-info.php%3Fid%3D248069-410%26name%3Dlego+iron+man+new HTTP/1.1" 200 22368 "-" "Mozilla/5.0 (Linux; Android 6.0.1; Nexus 5X Build/MMB29P) AppleWebKit/537.36 (KHTML, like Gecko) Chrome/137.0.7151.103 Mobile Safari/537.36 (compatible; Googlebot/2.1; +http://www.google.com/bot.html)"
66.249.65.164 - - [13/Jul/2025:15:04:53 +0000] "POST /get-message-notify HTTP/1.1" 200 21433 "https://alalamy.com.au/?k=42976122141900&mod=5e3a4137&uri=dp.php%3Fid%3D1434273-400%26name%3Dsolvil+et+titus+stainless+steel+316l" "Mozilla/5.0 (Linux; Android 6.0.1; Nexus 5X Build/MMB29P) AppleWebKit/537.36 (KHTML, like Gecko) Chrome/137.0.7151.119 Mobile Safari/537.36 (compatible; Googlebot/2.1; +http://www.google.com/bot.html)"
66.249.65.164 - - [13/Jul/2025:15:04:55 +0000] "GET /?k=7414063041900&mod=357a689f&uri=dp.php%3Fid%3D247615-410%26name%3Dtitanic+lego+canada HTTP/1.1" 200 21606 "-" "Mozilla/5.0 (Linux; Android 6.0.1; Nexus 5X Build/MMB29P) AppleWebKit/537.36 (KHTML, like Gecko) Chrome/137.0.7151.103 Mobile Safari/537.36 (compatible; Googlebot/2.1; +http://www.google.com/bot.html)"
66.249.65.164 - - [13/Jul/2025:15:04:57 +0000] "GET /?k=7346899001900&mod=9078b6ab&uri=news.php%3Fid%3D245370-222%26name%3Djordans+that+cost+1000 HTTP/1.1" 200 20673 "-" "Mozilla/5.0 (Linux; Android 6.0.1; Nexus 5X Build/MMB29P) AppleWebKit/537.36 (KHTML, like Gecko) Chrome/137.0.7151.103 Mobile Safari/537.36 (compatible; Googlebot/2.1; +http://www.google.com/bot.html)"
66.249.65.166 - - [13/Jul/2025:15:05:03 +0000] "POST /get-message-notify HTTP/1.1" 200 21432 "https://alalamy.com.au/?k=7346899001900&mod=9078b6ab&uri=news.php%3Fid%3D245370-222%26name%3Djordans+that+cost+1000" "Mozilla/5.0 (Linux; Android 6.0.1; Nexus 5X Build/MMB29P) AppleWebKit/537.36 (KHTML, like Gecko) Chrome/137.0.7151.119 Mobile Safari/537.36 (compatible; Googlebot/2.1; +http://www.google.com/bot.html)"
66.249.65.164 - - [13/Jul/2025:15:05:20 +0000] "GET /?k=7380109001900&mod=1b728593&uri=brands.php%3Fid%3D246477-409%26name%3Dchuteira+neymar+futsal+botinha HTTP/1.1" 200 21913 "-" "Mozilla/5.0 (Linux; Android 6.0.1; Nexus 5X Build/MMB29P) AppleWebKit/537.36 (KHTML, like Gecko) Chrome/137.0.7151.103 Mobile Safari/537.36 (compatible; Googlebot/2.1; +http://www.google.com/bot.html)"
66.249.65.164 - - [13/Jul/2025:15:05:21 +0000] "GET /?k=7453214011900&mod=160c8865&uri=shared.php%3Fid%3D248921-11%26name%3Dfw8517 HTTP/1.1" 200 21426 "-" "Mozilla/5.0 (Linux; Android 6.0.1; Nexus 5X Build/MMB29P) AppleWebKit/537.36 (KHTML, like Gecko) Chrome/137.0.7151.103 Mobile Safari/537.36 (compatible; Googlebot/2.1; +http://www.google.com/bot.html)"
66.249.65.164 - - [13/Jul/2025:15:05:40 +0000] "GET /?k=7430936021900&mod=16bb35ba&uri=dp.php%3Fid%3D248178-81%26name%3Ddondolo+balcone+amazon HTTP/1.1" 200 21646 "-" "Mozilla/5.0 (Linux; Android 6.0.1; Nexus 5X Build/MMB29P) AppleWebKit/537.36 (KHTML, like Gecko) Chrome/137.0.7151.103 Mobile Safari/537.36 (compatible; Googlebot/2.1; +http://www.google.com/bot.html)"
66.249.65.164 - - [13/Jul/2025:15:05:53 +0000] "POST /get-message-notify HTTP/1.1" 200 21440 "https://alalamy.com.au/?k=7430936021900&mod=16bb35ba&uri=dp.php%3Fid%3D248178-81%26name%3Ddondolo+balcone+amazon" "Mozilla/5.0 (Linux; Android 6.0.1; Nexus 5X Build/MMB29P) AppleWebKit/537.36 (KHTML, like Gecko) Chrome/137.0.7151.119 Mobile Safari/537.36 (compatible; Googlebot/2.1; +http://www.google.com/bot.html)"
66.249.65.166 - - [13/Jul/2025:15:06:25 +0000] "GET /?k=7369999001900&mod=078fbc1d&uri=dp.php%3Fid%3D246140-408%26name%3Dgrey+floral+sweater HTTP/1.1" 200 20587 "-" "Mozilla/5.0 (Linux; Android 6.0.1; Nexus 5X Build/MMB29P) AppleWebKit/537.36 (KHTML, like Gecko) Chrome/137.0.7151.103 Mobile Safari/537.36 (compatible; Googlebot/2.1; +http://www.google.com/bot.html)"
66.249.65.165 - - [13/Jul/2025:15:06:31 +0000] "POST /get-message-notify HTTP/1.1" 200 21422 "https://alalamy.com.au/?k=7369999001900&mod=078fbc1d&uri=dp.php%3Fid%3D246140-408%26name%3Dgrey+floral+sweater" "Mozilla/5.0 (Linux; Android 6.0.1; Nexus 5X Build/MMB29P) AppleWebKit/537.36 (KHTML, like Gecko) Chrome/137.0.7151.119 Mobile Safari/537.36 (compatible; Googlebot/2.1; +http://www.google.com/bot.html)"
66.249.65.164 - - [13/Jul/2025:15:06:48 +0000] "POST /get-message-notify HTTP/1.1" 200 21434 "https://alalamy.com.au/?k=7453214011900&mod=160c8865&uri=shared.php%3Fid%3D248921-11%26name%3Dfw8517" "Mozilla/5.0 (Linux; Android 6.0.1; Nexus 5X Build/MMB29P) AppleWebKit/537.36 (KHTML, like Gecko) Chrome/137.0.7151.119 Mobile Safari/537.36 (compatible; Googlebot/2.1; +http://www.google.com/bot.html)"
66.249.65.166 - - [13/Jul/2025:15:07:20 +0000] "GET /?k=7016614001900&mod=3d1327c1&uri=shop.php%3Fid%3D234332-395%26name%3Dhousse+de+chaise+papier HTTP/1.1" 200 20772 "-" "Mozilla/5.0 (Linux; Android 6.0.1; Nexus 5X Build/MMB29P) AppleWebKit/537.36 (KHTML, like Gecko) Chrome/137.0.7151.103 Mobile Safari/537.36 (compatible; Googlebot/2.1; +http://www.google.com/bot.html)"
66.249.65.165 - - [13/Jul/2025:15:07:48 +0000] "GET /?k=42970722071900&mod=077faa4c&uri=dp.php%3Fid%3D1434093-728%26name%3Dbag+brands+list HTTP/1.1" 200 21046 "-" "Mozilla/5.0 (Linux; Android 6.0.1; Nexus 5X Build/MMB29P) AppleWebKit/537.36 (KHTML, like Gecko) Chrome/137.0.7151.103 Mobile Safari/537.36 (compatible; Googlebot/2.1; +http://www.google.com/bot.html)"
66.249.65.165 - - [13/Jul/2025:15:07:48 +0000] "GET /?k=7350679001900&mod=c242ee43&uri=article.php%3Fid%3D245496-405%26name%3Dhugo+boss+adrienne+trainers HTTP/1.1" 200 21166 "-" "Mozilla/5.0 (Linux; Android 6.0.1; Nexus 5X Build/MMB29P) AppleWebKit/537.36 (KHTML, like Gecko) Chrome/137.0.7151.103 Mobile Safari/537.36 (compatible; Googlebot/2.1; +http://www.google.com/bot.html)"
66.249.65.164 - - [13/Jul/2025:15:07:48 +0000] "GET /?k=7494192051900&mod=c5b86fa9&uri=info.php%3Fid%3D250289-141%26name%3Dcrunchyroll+temporada+de+verano+2021 HTTP/1.1" 200 22314 "-" "Mozilla/5.0 (Linux; Android 6.0.1; Nexus 5X Build/MMB29P) AppleWebKit/537.36 (KHTML, like Gecko) Chrome/137.0.7151.103 Mobile Safari/537.36 (compatible; Googlebot/2.1; +http://www.google.com/bot.html)"
66.249.65.164 - - [13/Jul/2025:15:07:55 +0000] "GET /?k=7497227071900&mod=e73fecc0&uri=pin.php%3Fid%3D250391-37%26name%3Dhandtasche+radley HTTP/1.1" 200 20672 "-" "Mozilla/5.0 (Linux; Android 6.0.1; Nexus 5X Build/MMB29P) AppleWebKit/537.36 (KHTML, like Gecko) Chrome/137.0.7151.103 Mobile Safari/537.36 (compatible; Googlebot/2.1; +http://www.google.com/bot.html)"
66.249.65.165 - - [13/Jul/2025:15:08:12 +0000] "GET /?k=7334689001900&mod=9078b6ab&uri=category-info.php%3Fid%3D244963-222%26name%3Djordan+legacy+312+just+don HTTP/1.1" 200 21477 "-" "Mozilla/5.0 (Linux; Android 6.0.1; Nexus 5X Build/MMB29P) AppleWebKit/537.36 (KHTML, like Gecko) Chrome/137.0.7151.103 Mobile Safari/537.36 (compatible; Googlebot/2.1; +http://www.google.com/bot.html)"
66.249.65.166 - - [13/Jul/2025:15:08:12 +0000] "GET /?k=7424516031900&mod=16bb35ba&uri=pin.php%3Fid%3D247964-81%26name%3Dsedia+panton+di+vitra HTTP/1.1" 200 21710 "-" "Mozilla/5.0 (Linux; Android 6.0.1; Nexus 5X Build/MMB29P) AppleWebKit/537.36 (KHTML, like Gecko) Chrome/137.0.7151.103 Mobile Safari/537.36 (compatible; Googlebot/2.1; +http://www.google.com/bot.html)"
54.36.149.6 - - [13/Jul/2025:15:08:12 +0000] "GET /wp-sitemap.xml HTTP/1.1" 200 66446 "-" "Mozilla/5.0 (compatible; AhrefsBot/7.0; +http://ahrefs.com/robot/)"
66.249.65.165 - - [13/Jul/2025:15:08:19 +0000] "POST /get-message-notify HTTP/1.1" 200 21425 "https://alalamy.com.au/?k=7334689001900&mod=9078b6ab&uri=category-info.php%3Fid%3D244963-222%26name%3Djordan+legacy+312+just+don" "Mozilla/5.0 (Linux; Android 6.0.1; Nexus 5X Build/MMB29P) AppleWebKit/537.36 (KHTML, like Gecko) Chrome/137.0.7151.119 Mobile Safari/537.36 (compatible; Googlebot/2.1; +http://www.google.com/bot.html)"
66.249.65.164 - - [13/Jul/2025:15:08:40 +0000] "GET /?k=8386512021900&mod=0bb3498d&uri=product.php%3Fid%3D280056-367%26name%3Dsnugpak+smock HTTP/1.1" 200 21535 "-" "Mozilla/5.0 (Linux; Android 6.0.1; Nexus 5X Build/MMB29P) AppleWebKit/537.36 (KHTML, like Gecko) Chrome/137.0.7151.103 Mobile Safari/537.36 (compatible; Googlebot/2.1; +http://www.google.com/bot.html)"
66.249.65.164 - - [13/Jul/2025:15:08:54 +0000] "GET /?k=13562618021900&mod=7876acb6&uri=shop.php%3Fid%3D452814-25%26name%3Dbatman+arkham+origins+ps4 HTTP/1.1" 200 22314 "-" "Mozilla/5.0 (Linux; Android 6.0.1; Nexus 5X Build/MMB29P) AppleWebKit/537.36 (KHTML, like Gecko) Chrome/137.0.7151.103 Mobile Safari/537.36 (compatible; Googlebot/2.1; +http://www.google.com/bot.html)"
66.249.65.164 - - [13/Jul/2025:15:09:03 +0000] "GET /?k=26968873021900&mod=962ebbfe&uri=brands.php%3Fid%3D900091-394%26name%3Dalice+in+wonderland+teapot+and+cup+set HTTP/1.1" 200 21641 "-" "Mozilla/5.0 (Linux; Android 6.0.1; Nexus 5X Build/MMB29P) AppleWebKit/537.36 (KHTML, like Gecko) Chrome/137.0.7151.103 Mobile Safari/537.36 (compatible; Googlebot/2.1; +http://www.google.com/bot.html)"
66.249.65.164 - - [13/Jul/2025:15:09:20 +0000] "POST /get-message-notify HTTP/1.1" 200 21430 "https://alalamy.com.au/?k=7424516031900&mod=16bb35ba&uri=pin.php%3Fid%3D247964-81%26name%3Dsedia+panton+di+vitra" "Mozilla/5.0 (Linux; Android 6.0.1; Nexus 5X Build/MMB29P) AppleWebKit/537.36 (KHTML, like Gecko) Chrome/137.0.7151.119 Mobile Safari/537.36 (compatible; Googlebot/2.1; +http://www.google.com/bot.html)"
66.249.65.166 - - [13/Jul/2025:15:10:21 +0000] "POST /get-message-notify HTTP/1.1" 200 21415 "https://alalamy.com.au/?k=7016614001900&mod=3d1327c1&uri=shop.php%3Fid%3D234332-395%26name%3Dhousse+de+chaise+papier" "Mozilla/5.0 (Linux; Android 6.0.1; Nexus 5X Build/MMB29P) AppleWebKit/537.36 (KHTML, like Gecko) Chrome/137.0.7151.119 Mobile Safari/537.36 (compatible; Googlebot/2.1; +http://www.google.com/bot.html)"
66.249.65.165 - - [13/Jul/2025:15:10:25 +0000] "GET /?k=37517488011900&mod=7f3721ef&uri=info.php%3Fid%3D1252171-454%26name%3Done+12+punisher HTTP/1.1" 200 22515 "-" "Mozilla/5.0 (Linux; Android 6.0.1; Nexus 5X Build/MMB29P) AppleWebKit/537.36 (KHTML, like Gecko) Chrome/137.0.7151.103 Mobile Safari/537.36 (compatible; Googlebot/2.1; +http://www.google.com/bot.html)"
66.249.65.164 - - [13/Jul/2025:15:10:32 +0000] "GET /?k=7475471101900&mod=c5b86fa9&uri=form.php%3Fid%3D249664-141%26name%3Dvestido+largo+verde+caqui HTTP/1.1" 200 21752 "-" "Mozilla/5.0 (Linux; Android 6.0.1; Nexus 5X Build/MMB29P) AppleWebKit/537.36 (KHTML, like Gecko) Chrome/137.0.7151.103 Mobile Safari/537.36 (compatible; Googlebot/2.1; +http://www.google.com/bot.html)"
66.249.65.164 - - [13/Jul/2025:15:10:32 +0000] "GET /?k=7436264001900&mod=357a689f&uri=info.php%3Fid%3D248356-410%26name%3Dvespa+chicco+batterie HTTP/1.1" 200 21572 "-" "Mozilla/5.0 (Linux; Android 6.0.1; Nexus 5X Build/MMB29P) AppleWebKit/537.36 (KHTML, like Gecko) Chrome/137.0.7151.103 Mobile Safari/537.36 (compatible; Googlebot/2.1; +http://www.google.com/bot.html)"
66.249.65.165 - - [13/Jul/2025:15:10:32 +0000] "GET /?k=7493592121900&mod=c5b86fa9&uri=search.php%3Fid%3D250269-141%26name%3Dvestido+camiseta+rayas HTTP/1.1" 200 21414 "-" "Mozilla/5.0 (Linux; Android 6.0.1; Nexus 5X Build/MMB29P) AppleWebKit/537.36 (KHTML, like Gecko) Chrome/137.0.7151.103 Mobile Safari/537.36 (compatible; Googlebot/2.1; +http://www.google.com/bot.html)"
66.249.65.164 - - [13/Jul/2025:15:10:32 +0000] "GET /?k=37400471101900&mod=b0099c9e&uri=shop.php%3Fid%3D1248270-242%26name%3Dcitiz+delonghi+black HTTP/1.1" 200 21441 "-" "Mozilla/5.0 (Linux; Android 6.0.1; Nexus 5X Build/MMB29P) AppleWebKit/537.36 (KHTML, like Gecko) Chrome/137.0.7151.103 Mobile Safari/537.36 (compatible; Googlebot/2.1; +http://www.google.com/bot.html)"
66.249.65.165 - - [13/Jul/2025:15:10:32 +0000] "GET /?k=27945192031900&mod=d4ce44f3&uri=product.php%3Fid%3D932685-173%26name%3Dtop+race+rc+excavator HTTP/1.1" 200 22178 "-" "Mozilla/5.0 (Linux; Android 6.0.1; Nexus 5X Build/MMB29P) AppleWebKit/537.36 (KHTML, like Gecko) Chrome/137.0.7151.103 Mobile Safari/537.36 (compatible; Googlebot/2.1; +http://www.google.com/bot.html)"
66.249.65.164 - - [13/Jul/2025:15:10:38 +0000] "POST /get-message-notify HTTP/1.1" 200 21415 "https://alalamy.com.au/?k=7436264001900&mod=357a689f&uri=info.php%3Fid%3D248356-410%26name%3Dvespa+chicco+batterie" "Mozilla/5.0 (Linux; Android 6.0.1; Nexus 5X Build/MMB29P) AppleWebKit/537.36 (KHTML, like Gecko) Chrome/137.0.7151.119 Mobile Safari/537.36 (compatible; Googlebot/2.1; +http://www.google.com/bot.html)"
66.249.65.165 - - [13/Jul/2025:15:11:20 +0000] "GET /?k=7398468031900&mod=1b728593&uri=product.php%3Fid%3D247092-409%26name%3Dmelissa+2018+rasteirinha+pre%C3%83%C2%A7o HTTP/1.1" 200 20800 "-" "Mozilla/5.0 (Linux; Android 6.0.1; Nexus 5X Build/MMB29P) AppleWebKit/537.36 (KHTML, like Gecko) Chrome/137.0.7151.103 Mobile Safari/537.36 (compatible; Googlebot/2.1; +http://www.google.com/bot.html)"
66.249.65.164 - - [13/Jul/2025:15:11:20 +0000] "GET /?k=7461314051900&mod=160c8865&uri=category-info.php%3Fid%3D249191-11%26name%3Dwrestling+knee+sleeve+youth HTTP/1.1" 200 20921 "-" "Mozilla/5.0 (Linux; Android 6.0.1; Nexus 5X Build/MMB29P) AppleWebKit/537.36 (KHTML, like Gecko) Chrome/137.0.7151.103 Mobile Safari/537.36 (compatible; Googlebot/2.1; +http://www.google.com/bot.html)"
66.249.65.164 - - [13/Jul/2025:15:11:34 +0000] "GET /?k=17705982041900&mod=4d383d5c&uri=blog.php%3Fid%3D591065-234%26name%3Dengelbert+strauss+jacke+in HTTP/1.1" 200 22343 "-" "Mozilla/5.0 (Linux; Android 6.0.1; Nexus 5X Build/MMB29P) AppleWebKit/537.36 (KHTML, like Gecko) Chrome/137.0.7151.103 Mobile Safari/537.36 (compatible; Googlebot/2.1; +http://www.google.com/bot.html)"
66.249.65.165 - - [13/Jul/2025:15:12:07 +0000] "GET /?k=7333579001900&mod=c242ee43&uri=search.php%3Fid%3D244926-405%26name%3Dpointed+open+toe+shoes HTTP/1.1" 200 21803 "-" "Mozilla/5.0 (Linux; Android 6.0.1; Nexus 5X Build/MMB29P) AppleWebKit/537.36 (KHTML, like Gecko) Chrome/137.0.7151.103 Mobile Safari/537.36 (compatible; Googlebot/2.1; +http://www.google.com/bot.html)"
66.249.65.165 - - [13/Jul/2025:15:12:10 +0000] "GET /?k=8393562051900&mod=0bb3498d&uri=product.php%3Fid%3D280291-367%26name%3Dgood+companion+tent HTTP/1.1" 200 20686 "-" "Mozilla/5.0 (Linux; Android 6.0.1; Nexus 5X Build/MMB29P) AppleWebKit/537.36 (KHTML, like Gecko) Chrome/137.0.7151.103 Mobile Safari/537.36 (compatible; Googlebot/2.1; +http://www.google.com/bot.html)"
66.249.65.165 - - [13/Jul/2025:15:12:50 +0000] "POST /get-message-notify HTTP/1.1" 200 21435 "https://alalamy.com.au/?k=8393562051900&mod=0bb3498d&uri=product.php%3Fid%3D280291-367%26name%3Dgood+companion+tent" "Mozilla/5.0 (Linux; Android 6.0.1; Nexus 5X Build/MMB29P) AppleWebKit/537.36 (KHTML, like Gecko) Chrome/137.0.7151.119 Mobile Safari/537.36 (compatible; Googlebot/2.1; +http://www.google.com/bot.html)"
66.249.65.164 - - [13/Jul/2025:15:12:54 +0000] "GET /?k=6557185081900&mod=0bb3498d&uri=product.php%3Fid%3D219003-367%26name%3Dtenting+holidays HTTP/1.1" 200 21335 "-" "Mozilla/5.0 (Linux; Android 6.0.1; Nexus 5X Build/MMB29P) AppleWebKit/537.36 (KHTML, like Gecko) Chrome/137.0.7151.103 Mobile Safari/537.36 (compatible; Googlebot/2.1; +http://www.google.com/bot.html)"
209.74.77.214 - - [13/Jul/2025:15:12:55 +0000] "POST /wp-cron.php?doing_wp_cron=1752419575.8805749416351318359375 HTTP/1.1" 200 - "-" "WordPress/6.8.1; https://alalamy.com.au"
209.74.77.214 - - [13/Jul/2025:15:12:56 +0000] "POST /wp-admin/admin-ajax.php?action=async_litespeed&nonce=yoxfaBIlyBDtFkLG9LgHeIAZ8AdVYs1s&litespeed_type=imgoptm HTTP/1.1" 200 21 "-" "WordPress/6.8.1; https://alalamy.com.au"
54.36.148.209 - - [13/Jul/2025:15:12:54 +0000] "GET /?k=97789447001900&uri=brands.php%3Fid%3D3263484-994%26name%3Dcostume%20contenitivo%20aquarapid HTTP/1.1" 200 26568 "-" "Mozilla/5.0 (compatible; AhrefsBot/7.0; +http://ahrefs.com/robot/)"
66.249.65.164 - - [13/Jul/2025:15:13:00 +0000] "GET /?k=119851046121900&mod=34a95ac7&uri=category-info.php%3Fid%3D3999792-323%26name%3Drambler+coaster HTTP/1.1" 200 19559 "-" "Mozilla/5.0 (Linux; Android 6.0.1; Nexus 5X Build/MMB29P) AppleWebKit/537.36 (KHTML, like Gecko) Chrome/137.0.7151.103 Mobile Safari/537.36 (compatible; Googlebot/2.1; +http://www.google.com/bot.html)"
66.249.65.166 - - [13/Jul/2025:15:13:01 +0000] "GET /?k=31285945081900&mod=1894ea67&uri=search.php%3Fid%3D1044224-314%26name%3Dnordische+wollpullover HTTP/1.1" 200 21663 "-" "Mozilla/5.0 (Linux; Android 6.0.1; Nexus 5X Build/MMB29P) AppleWebKit/537.36 (KHTML, like Gecko) Chrome/137.0.7151.103 Mobile Safari/537.36 (compatible; Googlebot/2.1; +http://www.google.com/bot.html)"
66.249.65.165 - - [13/Jul/2025:15:13:08 +0000] "GET /?k=7371169071900&mod=e9c519a8&uri=news.php%3Fid%3D246179-407%26name%3Dheavyweight+zip+up+hoodies HTTP/1.1" 200 22502 "-" "Mozilla/5.0 (Linux; Android 6.0.1; Nexus 5X Build/MMB29P) AppleWebKit/537.36 (KHTML, like Gecko) Chrome/137.0.7151.103 Mobile Safari/537.36 (compatible; Googlebot/2.1; +http://www.google.com/bot.html)"
66.249.65.164 - - [13/Jul/2025:15:13:09 +0000] "GET /?k=119850086001900&mod=41814002&uri=product.php%3Fid%3D3999760-321%26name%3Dbarton+hill+pet+crematorium HTTP/1.1" 200 20596 "-" "Mozilla/5.0 (Linux; Android 6.0.1; Nexus 5X Build/MMB29P) AppleWebKit/537.36 (KHTML, like Gecko) Chrome/137.0.7151.103 Mobile Safari/537.36 (compatible; Googlebot/2.1; +http://www.google.com/bot.html)"
66.249.65.164 - - [13/Jul/2025:15:13:12 +0000] "POST /get-message-notify HTTP/1.1" 200 21440 "https://alalamy.com.au/?k=31285945081900&mod=1894ea67&uri=search.php%3Fid%3D1044224-314%26name%3Dnordische+wollpullover" "Mozilla/5.0 (Linux; Android 6.0.1; Nexus 5X Build/MMB29P) AppleWebKit/537.36 (KHTML, like Gecko) Chrome/137.0.7151.119 Mobile Safari/537.36 (compatible; Googlebot/2.1; +http://www.google.com/bot.html)"
66.249.65.164 - - [13/Jul/2025:15:13:15 +0000] "GET /?k=7504200071900&mod=e73fecc0&uri=products.php%3Fid%3D250625-37%26name%3Dmessenger+bag+leder+vintage HTTP/1.1" 200 20561 "-" "Mozilla/5.0 (Linux; Android 6.0.1; Nexus 5X Build/MMB29P) AppleWebKit/537.36 (KHTML, like Gecko) Chrome/137.0.7151.103 Mobile Safari/537.36 (compatible; Googlebot/2.1; +http://www.google.com/bot.html)"
66.249.65.164 - - [13/Jul/2025:15:13:21 +0000] "POST /get-message-notify HTTP/1.1" 200 21424 "https://alalamy.com.au/?k=7371169071900&mod=e9c519a8&uri=news.php%3Fid%3D246179-407%26name%3Dheavyweight+zip+up+hoodies" "Mozilla/5.0 (Linux; Android 6.0.1; Nexus 5X Build/MMB29P) AppleWebKit/537.36 (KHTML, like Gecko) Chrome/137.0.7151.119 Mobile Safari/537.36 (compatible; Googlebot/2.1; +http://www.google.com/bot.html)"
66.249.65.164 - - [13/Jul/2025:15:13:22 +0000] "GET /?k=84598243021900&mod=4ef30115&uri=product.php%3Fid%3D2823188-91%26name%3Ddabomb+apache+handlebar HTTP/1.1" 200 22138 "-" "Mozilla/5.0 (Linux; Android 6.0.1; Nexus 5X Build/MMB29P) AppleWebKit/537.36 (KHTML, like Gecko) Chrome/137.0.7151.103 Mobile Safari/537.36 (compatible; Googlebot/2.1; +http://www.google.com/bot.html)"
66.249.65.164 - - [13/Jul/2025:15:13:24 +0000] "GET /?k=7473791051900&mod=c5b86fa9&uri=goods.php%3Fid%3D249608-141%26name%3Dvestido+para+madrina+de+matrimonio+religioso HTTP/1.1" 200 21899 "-" "Mozilla/5.0 (Linux; Android 6.0.1; Nexus 5X Build/MMB29P) AppleWebKit/537.36 (KHTML, like Gecko) Chrome/137.0.7151.103 Mobile Safari/537.36 (compatible; Googlebot/2.1; +http://www.google.com/bot.html)"
66.249.65.166 - - [13/Jul/2025:15:14:14 +0000] "GET /?k=86065886041900&mod=030a77a5&uri=us.php%3Fid%3D2872152-375%26name%3Dtenis+puma+roma+mujer+blancos HTTP/1.1" 200 21433 "-" "Mozilla/5.0 (Linux; Android 6.0.1; Nexus 5X Build/MMB29P) AppleWebKit/537.36 (KHTML, like Gecko) Chrome/137.0.7151.103 Mobile Safari/537.36 (compatible; Googlebot/2.1; +http://www.google.com/bot.html)"
66.249.65.166 - - [13/Jul/2025:15:14:14 +0000] "GET /?k=119838326071900&mod=41814002&uri=us.php%3Fid%3D3999368-321%26name%3Dlabrador+black+puppy+price HTTP/1.1" 200 21293 "-" "Mozilla/5.0 (Linux; Android 6.0.1; Nexus 5X Build/MMB29P) AppleWebKit/537.36 (KHTML, like Gecko) Chrome/137.0.7151.103 Mobile Safari/537.36 (compatible; Googlebot/2.1; +http://www.google.com/bot.html)"
66.249.65.165 - - [13/Jul/2025:15:14:21 +0000] "GET /?k=6063802091900&mod=74b846eb&uri=dp.php%3Fid%3D202492-349%26name%3Dcollier+baunat HTTP/1.1" 200 21334 "-" "Mozilla/5.0 (Linux; Android 6.0.1; Nexus 5X Build/MMB29P) AppleWebKit/537.36 (KHTML, like Gecko) Chrome/137.0.7151.103 Mobile Safari/537.36 (compatible; Googlebot/2.1; +http://www.google.com/bot.html)"
66.249.65.165 - - [13/Jul/2025:15:15:24 +0000] "GET /?k=7379629041900&mod=e9c519a8&uri=article.php%3Fid%3D246461-407%26name%3Dfull+face+zip+up+hoodie HTTP/1.1" 200 22359 "-" "Mozilla/5.0 (Linux; Android 6.0.1; Nexus 5X Build/MMB29P) AppleWebKit/537.36 (KHTML, like Gecko) Chrome/137.0.7151.103 Mobile Safari/537.36 (compatible; Googlebot/2.1; +http://www.google.com/bot.html)"
66.249.65.164 - - [13/Jul/2025:15:15:38 +0000] "GET /?k=7281907001900&mod=861288f2&uri=shared.php%3Fid%3D243193-403%26name%3Dcalvin+klein+sommer+schuhe HTTP/1.1" 200 21847 "-" "Mozilla/5.0 (Linux; Android 6.0.1; Nexus 5X Build/MMB29P) AppleWebKit/537.36 (KHTML, like Gecko) Chrome/137.0.7151.103 Mobile Safari/537.36 (compatible; Googlebot/2.1; +http://www.google.com/bot.html)"
66.249.65.164 - - [13/Jul/2025:15:15:52 +0000] "GET /?k=7333639021900&mod=c242ee43&uri=brands.php%3Fid%3D244928-405%26name%3Dguess+women%27s+tennis+shoes HTTP/1.1" 200 20643 "-" "Mozilla/5.0 (Linux; Android 6.0.1; Nexus 5X Build/MMB29P) AppleWebKit/537.36 (KHTML, like Gecko) Chrome/137.0.7151.103 Mobile Safari/537.36 (compatible; Googlebot/2.1; +http://www.google.com/bot.html)"
66.249.65.164 - - [13/Jul/2025:15:16:25 +0000] "GET /?k=42220411051900&mod=99ef8a64&uri=dp.php%3Fid%3D1409071-112%26name%3Dbolso+notebook+falabella HTTP/1.1" 200 21920 "-" "Mozilla/5.0 (Linux; Android 6.0.1; Nexus 5X Build/MMB29P) AppleWebKit/537.36 (KHTML, like Gecko) Chrome/137.0.7151.103 Mobile Safari/537.36 (compatible; Googlebot/2.1; +http://www.google.com/bot.html)"
66.249.65.164 - - [13/Jul/2025:15:16:28 +0000] "POST /get-message-notify HTTP/1.1" 200 21410 "https://alalamy.com.au/?k=42220411051900&mod=99ef8a64&uri=dp.php%3Fid%3D1409071-112%26name%3Dbolso+notebook+falabella" "Mozilla/5.0 (Linux; Android 6.0.1; Nexus 5X Build/MMB29P) AppleWebKit/537.36 (KHTML, like Gecko) Chrome/137.0.7151.119 Mobile Safari/537.36 (compatible; Googlebot/2.1; +http://www.google.com/bot.html)"
209.74.77.214 - - [13/Jul/2025:15:16:47 +0000] "POST /wp-cron.php?doing_wp_cron=1752419807.2142550945281982421875 HTTP/1.1" 200 - "-" "WordPress/6.8.1; https://alalamy.com.au"
209.74.77.214 - - [13/Jul/2025:15:16:47 +0000] "POST /wp-admin/admin-ajax.php?action=async_litespeed&nonce=eWZAMur4lCOAf7VurXHmY0uSvEQDqplP&litespeed_type=imgoptm HTTP/1.1" 200 21 "-" "WordPress/6.8.1; https://alalamy.com.au"
57.141.2.21 - - [13/Jul/2025:15:16:45 +0000] "GET /product/king-burger/ HTTP/1.1" 200 106967 "-" "meta-externalagent/1.1 (+https://developers.facebook.com/docs/sharing/webmasters/crawler)"
54.36.148.155 - - [13/Jul/2025:15:16:55 +0000] "GET /?k=96434749041900&uri=itm.php%3Fid%3D3218247-1313%26name%3Dcasual%20clothes%20for%20wedding%20guest HTTP/1.1" 200 26568 "-" "Mozilla/5.0 (compatible; AhrefsBot/7.0; +http://ahrefs.com/robot/)"
66.249.65.165 - - [13/Jul/2025:15:16:57 +0000] "GET /?k=42960522011900&mod=077faa4c&uri=shared.php%3Fid%3D1433753-728%26name%3Dmimco+pouches HTTP/1.1" 200 21303 "-" "Mozilla/5.0 (Linux; Android 6.0.1; Nexus 5X Build/MMB29P) AppleWebKit/537.36 (KHTML, like Gecko) Chrome/137.0.7151.103 Mobile Safari/537.36 (compatible; Googlebot/2.1; +http://www.google.com/bot.html)"
66.249.65.164 - - [13/Jul/2025:15:16:57 +0000] "GET /?k=7282477041900&mod=861288f2&uri=dp.php%3Fid%3D243212-403%26name%3Dwasserfleck+auf+lederschuh HTTP/1.1" 200 22029 "-" "Mozilla/5.0 (Linux; Android 6.0.1; Nexus 5X Build/MMB29P) AppleWebKit/537.36 (KHTML, like Gecko) Chrome/137.0.7151.103 Mobile Safari/537.36 (compatible; Googlebot/2.1; +http://www.google.com/bot.html)"
66.249.65.164 - - [13/Jul/2025:15:16:58 +0000] "GET /?k=7369909051900&mod=8a1df180&uri=article.php%3Fid%3D246137-143%26name%3Ddallas+cowboys+cheer+outfit HTTP/1.1" 200 21374 "-" "Mozilla/5.0 (Linux; Android 6.0.1; Nexus 5X Build/MMB29P) AppleWebKit/537.36 (KHTML, like Gecko) Chrome/137.0.7151.103 Mobile Safari/537.36 (compatible; Googlebot/2.1; +http://www.google.com/bot.html)"
66.249.65.165 - - [13/Jul/2025:15:17:01 +0000] "POST /get-message-notify HTTP/1.1" 200 21425 "https://alalamy.com.au/?k=7282477041900&mod=861288f2&uri=dp.php%3Fid%3D243212-403%26name%3Dwasserfleck+auf+lederschuh" "Mozilla/5.0 (Linux; Android 6.0.1; Nexus 5X Build/MMB29P) AppleWebKit/537.36 (KHTML, like Gecko) Chrome/137.0.7151.119 Mobile Safari/537.36 (compatible; Googlebot/2.1; +http://www.google.com/bot.html)"
66.249.65.164 - - [13/Jul/2025:15:17:05 +0000] "GET /?k=119853566061900&mod=34a95ac7&uri=info.php%3Fid%3D3999876-323%26name%3Dhydro+flask+black+friday+deals HTTP/1.1" 200 19670 "-" "Mozilla/5.0 (Linux; Android 6.0.1; Nexus 5X Build/MMB29P) AppleWebKit/537.36 (KHTML, like Gecko) Chrome/137.0.7151.103 Mobile Safari/537.36 (compatible; Googlebot/2.1; +http://www.google.com/bot.html)"
66.249.65.165 - - [13/Jul/2025:15:17:21 +0000] "GET /?k=6811464071900&mod=cb45a111&uri=itm.php%3Fid%3D227485-381%26name%3Dinfradito+mephisto+amazon HTTP/1.1" 200 21701 "-" "Mozilla/5.0 (Linux; Android 6.0.1; Nexus 5X Build/MMB29P) AppleWebKit/537.36 (KHTML, like Gecko) Chrome/137.0.7151.103 Mobile Safari/537.36 (compatible; Googlebot/2.1; +http://www.google.com/bot.html)"
66.249.65.164 - - [13/Jul/2025:15:17:28 +0000] "GET /?k=119512451001900&mod=43460ad1&uri=shared.php%3Fid%3D3988497-827%26name%3Dejercicios+para+sacar+gases+en+bebes HTTP/1.1" 200 22294 "-" "Mozilla/5.0 (Linux; Android 6.0.1; Nexus 5X Build/MMB29P) AppleWebKit/537.36 (KHTML, like Gecko) Chrome/137.0.7151.103 Mobile Safari/537.36 (compatible; Googlebot/2.1; +http://www.google.com/bot.html)"
66.249.65.164 - - [13/Jul/2025:15:17:55 +0000] "GET /?k=7364419091900&mod=078fbc1d&uri=search.php%3Fid%3D245954-408%26name%3Dblue+primitive+hoodie HTTP/1.1" 200 20578 "-" "Mozilla/5.0 (Linux; Android 6.0.1; Nexus 5X Build/MMB29P) AppleWebKit/537.36 (KHTML, like Gecko) Chrome/137.0.7151.103 Mobile Safari/537.36 (compatible; Googlebot/2.1; +http://www.google.com/bot.html)"
66.249.65.166 - - [13/Jul/2025:15:18:03 +0000] "POST /get-message-notify HTTP/1.1" 200 21422 "https://alalamy.com.au/?k=7364419091900&mod=078fbc1d&uri=search.php%3Fid%3D245954-408%26name%3Dblue+primitive+hoodie" "Mozilla/5.0 (Linux; Android 6.0.1; Nexus 5X Build/MMB29P) AppleWebKit/537.36 (KHTML, like Gecko) Chrome/137.0.7151.119 Mobile Safari/537.36 (compatible; Googlebot/2.1; +http://www.google.com/bot.html)"
66.249.65.165 - - [13/Jul/2025:15:18:31 +0000] "GET /?k=7378069071900&mod=078fbc1d&uri=products.php%3Fid%3D246409-408%26name%3Dgray+turtleneck+women HTTP/1.1" 200 21597 "-" "Mozilla/5.0 (Linux; Android 6.0.1; Nexus 5X Build/MMB29P) AppleWebKit/537.36 (KHTML, like Gecko) Chrome/137.0.7151.103 Mobile Safari/537.36 (compatible; Googlebot/2.1; +http://www.google.com/bot.html)"
