66.249.65.164 - - [13/Jul/2025:14:22:39 +0000] "POST /get-message-notify HTTP/1.1" 200 21422 "https://alalamy.com.au/?k=6857604051900&mod=365adce6&uri=us.php%3Fid%3D229025-385%26name%3Diwatch+4g" "Mozilla/5.0 (Linux; Android 6.0.1; Nexus 5X Build/MMB29P) AppleWebKit/537.36 (KHTML, like Gecko) Chrome/137.0.7151.119 Mobile Safari/537.36 (compatible; Googlebot/2.1; +http://www.google.com/bot.html)"
66.249.65.164 - - [13/Jul/2025:14:22:39 +0000] "GET /?k=5874948001900&mod=e07472e7&uri=news.php%3Fid%3D196189-341%26name%3D212+vip+black+druni HTTP/1.1" 200 21863 "-" "Mozilla/5.0 (Linux; Android 6.0.1; Nexus 5X Build/MMB29P) AppleWebKit/537.36 (KHTML, like Gecko) Chrome/137.0.7151.103 Mobile Safari/537.36 (compatible; Googlebot/2.1; +http://www.google.com/bot.html)"
66.249.65.164 - - [13/Jul/2025:14:22:52 +0000] "GET /?k=7282687011900&mod=861288f2&uri=products.php%3Fid%3D243219-403%26name%3Dganter+herrenschuhe+weite+k HTTP/1.1" 200 21559 "-" "Mozilla/5.0 (Linux; Android 6.0.1; Nexus 5X Build/MMB29P) AppleWebKit/537.36 (KHTML, like Gecko) Chrome/137.0.7151.103 Mobile Safari/537.36 (compatible; Googlebot/2.1; +http://www.google.com/bot.html)"
66.249.65.164 - - [13/Jul/2025:14:22:52 +0000] "GET /?k=7174651101900&mod=4d383d5c&uri=goods.php%3Fid%3D239607-234%26name%3Dcamel+active+wintermantel HTTP/1.1" 200 21769 "-" "Mozilla/5.0 (Linux; Android 6.0.1; Nexus 5X Build/MMB29P) AppleWebKit/537.36 (KHTML, like Gecko) Chrome/137.0.7151.103 Mobile Safari/537.36 (compatible; Googlebot/2.1; +http://www.google.com/bot.html)"
66.249.65.164 - - [13/Jul/2025:14:22:53 +0000] "GET /?k=119850806001900&mod=34a95ac7&uri=search.php%3Fid%3D3999784-323%26name%3Dikea+hot+water+flask HTTP/1.1" 200 19839 "-" "Mozilla/5.0 (Linux; Android 6.0.1; Nexus 5X Build/MMB29P) AppleWebKit/537.36 (KHTML, like Gecko) Chrome/137.0.7151.103 Mobile Safari/537.36 (compatible; Googlebot/2.1; +http://www.google.com/bot.html)"
66.249.65.164 - - [13/Jul/2025:14:22:53 +0000] "GET /?k=7379029041900&mod=8a1df180&uri=blog.php%3Fid%3D246441-143%26name%3Dwomen%27s+shoe+measurement+chart HTTP/1.1" 200 20635 "-" "Mozilla/5.0 (Linux; Android 6.0.1; Nexus 5X Build/MMB29P) AppleWebKit/537.36 (KHTML, like Gecko) Chrome/137.0.7151.103 Mobile Safari/537.36 (compatible; Googlebot/2.1; +http://www.google.com/bot.html)"
66.249.65.165 - - [13/Jul/2025:14:22:58 +0000] "POST /get-message-notify HTTP/1.1" 200 21429 "https://alalamy.com.au/?k=7174651101900&mod=4d383d5c&uri=goods.php%3Fid%3D239607-234%26name%3Dcamel+active+wintermantel" "Mozilla/5.0 (Linux; Android 6.0.1; Nexus 5X Build/MMB29P) AppleWebKit/537.36 (KHTML, like Gecko) Chrome/137.0.7151.119 Mobile Safari/537.36 (compatible; Googlebot/2.1; +http://www.google.com/bot.html)"
66.249.65.165 - - [13/Jul/2025:14:23:03 +0000] "GET /?k=6862884011900&mod=69846de5&uri=shared.php%3Fid%3D229201-386%26name%3Dflat+brim+golf+hat HTTP/1.1" 200 22317 "-" "Mozilla/5.0 (Linux; Android 6.0.1; Nexus 5X Build/MMB29P) AppleWebKit/537.36 (KHTML, like Gecko) Chrome/137.0.7151.103 Mobile Safari/537.36 (compatible; Googlebot/2.1; +http://www.google.com/bot.html)"
66.249.65.164 - - [13/Jul/2025:14:23:16 +0000] "GET /?k=5857090031900&mod=e07472e7&uri=category-info.php%3Fid%3D195592-341%26name%3Dlociones+de+hombre+hugo+boss HTTP/1.1" 200 22095 "-" "Mozilla/5.0 (Linux; Android 6.0.1; Nexus 5X Build/MMB29P) AppleWebKit/537.36 (KHTML, like Gecko) Chrome/137.0.7151.103 Mobile Safari/537.36 (compatible; Googlebot/2.1; +http://www.google.com/bot.html)"
66.249.65.164 - - [13/Jul/2025:14:23:22 +0000] "GET /robots.txt HTTP/1.1" 200 82 "-" "Mozilla/5.0 (compatible; Googlebot/2.1; +http://www.google.com/bot.html)"
66.249.65.164 - - [13/Jul/2025:14:23:22 +0000] "POST /get-message-notify HTTP/1.1" 200 21434 "https://alalamy.com.au/?k=7318849011900&mod=1177967c&uri=category-info.php%3Fid%3D244435-22%26name%3Drolex+submariner+stahl+gold+2022" "Mozilla/5.0 (Linux; Android 6.0.1; Nexus 5X Build/MMB29P) AppleWebKit/537.36 (KHTML, like Gecko) Chrome/137.0.7151.119 Mobile Safari/537.36 (compatible; Googlebot/2.1; +http://www.google.com/bot.html)"
66.249.65.164 - - [13/Jul/2025:14:23:23 +0000] "GET /?k=119835780001900&mod=34a95ac7&uri=article.php%3Fid%3D3999283-323%26name%3Dteal+yeti+coffee+cup HTTP/1.1" 200 21095 "-" "Mozilla/5.0 (Linux; Android 6.0.1; Nexus 5X Build/MMB29P) AppleWebKit/537.36 (KHTML, like Gecko) Chrome/137.0.7151.103 Mobile Safari/537.36 (compatible; Googlebot/2.1; +http://www.google.com/bot.html)"
66.249.65.164 - - [13/Jul/2025:14:23:24 +0000] "GET /?k=7350649011900&mod=c242ee43&uri=article.php%3Fid%3D245495-405%26name%3Dwomen%27s+racquetball+shoes HTTP/1.1" 200 21734 "-" "Mozilla/5.0 (Linux; Android 6.0.1; Nexus 5X Build/MMB29P) AppleWebKit/537.36 (KHTML, like Gecko) Chrome/137.0.7151.103 Mobile Safari/537.36 (compatible; Googlebot/2.1; +http://www.google.com/bot.html)"
66.249.65.164 - - [13/Jul/2025:14:23:30 +0000] "GET /?k=6968864021900&mod=962ebbfe&uri=news.php%3Fid%3D232737-394%26name%3Dgold+dining+plate+set HTTP/1.1" 200 22229 "-" "Mozilla/5.0 (Linux; Android 6.0.1; Nexus 5X Build/MMB29P) AppleWebKit/537.36 (KHTML, like Gecko) Chrome/137.0.7151.103 Mobile Safari/537.36 (compatible; Googlebot/2.1; +http://www.google.com/bot.html)"
66.249.65.164 - - [13/Jul/2025:14:23:30 +0000] "GET /?k=7452014011900&mod=160c8865&uri=goods.php%3Fid%3D248881-11%26name%3Ddr+strangelove+dunks HTTP/1.1" 200 21373 "-" "Mozilla/5.0 (Linux; Android 6.0.1; Nexus 5X Build/MMB29P) AppleWebKit/537.36 (KHTML, like Gecko) Chrome/137.0.7151.103 Mobile Safari/537.36 (compatible; Googlebot/2.1; +http://www.google.com/bot.html)"
66.249.65.164 - - [13/Jul/2025:14:23:42 +0000] "POST /get-message-notify HTTP/1.1" 200 21434 "https://alalamy.com.au/?k=5857090031900&mod=e07472e7&uri=category-info.php%3Fid%3D195592-341%26name%3Dlociones+de+hombre+hugo+boss" "Mozilla/5.0 (Linux; Android 6.0.1; Nexus 5X Build/MMB29P) AppleWebKit/537.36 (KHTML, like Gecko) Chrome/137.0.7151.119 Mobile Safari/537.36 (compatible; Googlebot/2.1; +http://www.google.com/bot.html)"
66.249.65.164 - - [13/Jul/2025:14:23:41 +0000] "GET /?k=6994532041900&mod=3d1327c1&uri=products.php%3Fid%3D233594-395%26name%3Dbracelet+fleurs+stabilis%C3%83%C2%A9es+mariage HTTP/1.1" 200 20576 "-" "Mozilla/5.0 (Linux; Android 6.0.1; Nexus 5X Build/MMB29P) AppleWebKit/537.36 (KHTML, like Gecko) Chrome/137.0.7151.103 Mobile Safari/537.36 (compatible; Googlebot/2.1; +http://www.google.com/bot.html)"
66.249.65.164 - - [13/Jul/2025:14:23:42 +0000] "GET /?k=7468843011900&mod=160c8865&uri=info.php%3Fid%3D249443-11%26name%3Dnike+duke+basketball HTTP/1.1" 200 22020 "-" "Mozilla/5.0 (Linux; Android 6.0.1; Nexus 5X Build/MMB29P) AppleWebKit/537.36 (KHTML, like Gecko) Chrome/137.0.7151.103 Mobile Safari/537.36 (compatible; Googlebot/2.1; +http://www.google.com/bot.html)"
66.249.65.164 - - [13/Jul/2025:14:23:50 +0000] "POST /get-message-notify HTTP/1.1" 200 21412 "https://alalamy.com.au/?k=6968864021900&mod=962ebbfe&uri=news.php%3Fid%3D232737-394%26name%3Dgold+dining+plate+set" "Mozilla/5.0 (Linux; Android 6.0.1; Nexus 5X Build/MMB29P) AppleWebKit/537.36 (KHTML, like Gecko) Chrome/137.0.7151.119 Mobile Safari/537.36 (compatible; Googlebot/2.1; +http://www.google.com/bot.html)"
66.249.65.164 - - [13/Jul/2025:14:23:59 +0000] "GET /?k=5805728071900&mod=f1a860c4&uri=product.php%3Fid%3D193878-336%26name%3Dsacca+michael+kors HTTP/1.1" 200 20428 "-" "Mozilla/5.0 (Linux; Android 6.0.1; Nexus 5X Build/MMB29P) AppleWebKit/537.36 (KHTML, like Gecko) Chrome/137.0.7151.103 Mobile Safari/537.36 (compatible; Googlebot/2.1; +http://www.google.com/bot.html)"
66.249.65.166 - - [13/Jul/2025:14:24:11 +0000] "POST /get-message-notify HTTP/1.1" 200 21426 "https://alalamy.com.au/?k=7282687011900&mod=861288f2&uri=products.php%3Fid%3D243219-403%26name%3Dganter+herrenschuhe+weite+k" "Mozilla/5.0 (Linux; Android 6.0.1; Nexus 5X Build/MMB29P) AppleWebKit/537.36 (KHTML, like Gecko) Chrome/137.0.7151.119 Mobile Safari/537.36 (compatible; Googlebot/2.1; +http://www.google.com/bot.html)"
66.249.65.164 - - [13/Jul/2025:14:24:12 +0000] "GET /?k=7078684061900&mod=539ef09c&uri=news.php%3Fid%3D236405-397%26name%3Dpetrol+dansko HTTP/1.1" 200 20725 "-" "Mozilla/5.0 (Linux; Android 6.0.1; Nexus 5X Build/MMB29P) AppleWebKit/537.36 (KHTML, like Gecko) Chrome/137.0.7151.103 Mobile Safari/537.36 (compatible; Googlebot/2.1; +http://www.google.com/bot.html)"
66.249.65.165 - - [13/Jul/2025:14:24:12 +0000] "GET /?k=7396508041900&mod=1b728593&uri=info.php%3Fid%3D247026-409%26name%3Dchinelo+ipanema+feminino+mercado+livre HTTP/1.1" 200 21301 "-" "Mozilla/5.0 (Linux; Android 6.0.1; Nexus 5X Build/MMB29P) AppleWebKit/537.36 (KHTML, like Gecko) Chrome/137.0.7151.103 Mobile Safari/537.36 (compatible; Googlebot/2.1; +http://www.google.com/bot.html)"
66.249.65.166 - - [13/Jul/2025:14:24:14 +0000] "POST /get-message-notify HTTP/1.1" 200 21421 "https://alalamy.com.au/?k=7078684061900&mod=539ef09c&uri=news.php%3Fid%3D236405-397%26name%3Dpetrol+dansko" "Mozilla/5.0 (Linux; Android 6.0.1; Nexus 5X Build/MMB29P) AppleWebKit/537.36 (KHTML, like Gecko) Chrome/137.0.7151.119 Mobile Safari/537.36 (compatible; Googlebot/2.1; +http://www.google.com/bot.html)"
66.249.65.164 - - [13/Jul/2025:14:24:19 +0000] "GET /?k=5871108051900&mod=e07472e7&uri=pin.php%3Fid%3D196061-341%26name%3Dlentes+hombre+carrera HTTP/1.1" 200 21991 "-" "Mozilla/5.0 (Linux; Android 6.0.1; Nexus 5X Build/MMB29P) AppleWebKit/537.36 (KHTML, like Gecko) Chrome/137.0.7151.103 Mobile Safari/537.36 (compatible; Googlebot/2.1; +http://www.google.com/bot.html)"
66.249.65.164 - - [13/Jul/2025:14:24:38 +0000] "GET /robots.txt HTTP/1.1" 200 82 "-" "Mozilla/5.0 (compatible; Googlebot/2.1; +http://www.google.com/bot.html)"
66.249.65.164 - - [13/Jul/2025:14:24:38 +0000] "GET /?k=72257796001900&mod=1177967c&uri=category-info.php%3Fid%3D2411324-22%26name%3Dwempe+warteliste HTTP/1.1" 200 21460 "-" "Mozilla/5.0 (Linux; Android 6.0.1; Nexus 5X Build/MMB29P) AppleWebKit/537.36 (KHTML, like Gecko) Chrome/137.0.7151.103 Mobile Safari/537.36 (compatible; Googlebot/2.1; +http://www.google.com/bot.html)"
66.249.65.164 - - [13/Jul/2025:14:24:46 +0000] "GET /?k=7071040061900&mod=156cc497&uri=news.php%3Fid%3D236150-396%26name%3Djordan+off+white+vinted HTTP/1.1" 200 20764 "-" "Mozilla/5.0 (Linux; Android 6.0.1; Nexus 5X Build/MMB29P) AppleWebKit/537.36 (KHTML, like Gecko) Chrome/137.0.7151.103 Mobile Safari/537.36 (compatible; Googlebot/2.1; +http://www.google.com/bot.html)"
66.249.65.164 - - [13/Jul/2025:14:24:43 +0000] "GET /?k=7131633031900&mod=f4d1f9e7&uri=shop.php%3Fid%3D238171-156%26name%3Dnike+baby+boy+bucket+hat HTTP/1.1" 200 22311 "-" "Mozilla/5.0 (Linux; Android 6.0.1; Nexus 5X Build/MMB29P) AppleWebKit/537.36 (KHTML, like Gecko) Chrome/137.0.7151.103 Mobile Safari/537.36 (compatible; Googlebot/2.1; +http://www.google.com/bot.html)"
66.249.65.166 - - [13/Jul/2025:14:25:07 +0000] "POST /get-message-notify HTTP/1.1" 200 21426 "https://alalamy.com.au/?k=7071040061900&mod=156cc497&uri=news.php%3Fid%3D236150-396%26name%3Djordan+off+white+vinted" "Mozilla/5.0 (Linux; Android 6.0.1; Nexus 5X Build/MMB29P) AppleWebKit/537.36 (KHTML, like Gecko) Chrome/137.0.7151.119 Mobile Safari/537.36 (compatible; Googlebot/2.1; +http://www.google.com/bot.html)"
66.249.65.164 - - [13/Jul/2025:14:25:09 +0000] "POST /get-message-notify HTTP/1.1" 200 21425 "https://alalamy.com.au/?k=7317049011900&mod=1177967c&uri=products.php%3Fid%3D244375-22%26name%3Drolex+daytona+am+handgelenk" "Mozilla/5.0 (Linux; Android 6.0.1; Nexus 5X Build/MMB29P) AppleWebKit/537.36 (KHTML, like Gecko) Chrome/137.0.7151.119 Mobile Safari/537.36 (compatible; Googlebot/2.1; +http://www.google.com/bot.html)"
66.249.65.165 - - [13/Jul/2025:14:25:13 +0000] "GET /?k=7334989051900&mod=50a41579&uri=shared.php%3Fid%3D244973-406%26name%3Ddr+martens+rainbow+iridescent HTTP/1.1" 200 20930 "-" "Mozilla/5.0 (Linux; Android 6.0.1; Nexus 5X Build/MMB29P) AppleWebKit/537.36 (KHTML, like Gecko) Chrome/137.0.7151.103 Mobile Safari/537.36 (compatible; Googlebot/2.1; +http://www.google.com/bot.html)"
66.249.65.164 - - [13/Jul/2025:14:25:27 +0000] "GET /?k=7316089051900&mod=1894ea67&uri=search.php%3Fid%3D244343-314%26name%3Dfj%C3%83%C2%A4llr%C3%83%C2%A4ven+r%C3%83%C2%A4ven+jacket+dusk HTTP/1.1" 200 21962 "-" "Mozilla/5.0 (Linux; Android 6.0.1; Nexus 5X Build/MMB29P) AppleWebKit/537.36 (KHTML, like Gecko) Chrome/137.0.7151.103 Mobile Safari/537.36 (compatible; Googlebot/2.1; +http://www.google.com/bot.html)"
66.249.65.164 - - [13/Jul/2025:14:25:27 +0000] "GET /?k=7317979001900&mod=1177967c&uri=dp.php%3Fid%3D244406-22%26name%3Dlongines+damenuhr+gebraucht HTTP/1.1" 200 22900 "-" "Mozilla/5.0 (Linux; Android 6.0.1; Nexus 5X Build/MMB29P) AppleWebKit/537.36 (KHTML, like Gecko) Chrome/137.0.7151.103 Mobile Safari/537.36 (compatible; Googlebot/2.1; +http://www.google.com/bot.html)"
66.249.65.164 - - [13/Jul/2025:14:25:34 +0000] "POST /get-message-notify HTTP/1.1" 200 21421 "https://alalamy.com.au/?k=7316089051900&mod=1894ea67&uri=search.php%3Fid%3D244343-314%26name%3Dfj%C3%83%C2%A4llr%C3%83%C2%A4ven+r%C3%83%C2%A4ven+jacket+dusk" "Mozilla/5.0 (Linux; Android 6.0.1; Nexus 5X Build/MMB29P) AppleWebKit/537.36 (KHTML, like Gecko) Chrome/137.0.7151.119 Mobile Safari/537.36 (compatible; Googlebot/2.1; +http://www.google.com/bot.html)"
66.249.65.164 - - [13/Jul/2025:14:25:35 +0000] "POST /get-message-notify HTTP/1.1" 200 21428 "https://alalamy.com.au/?k=7485347001900&mod=c5b86fa9&uri=news.php%3Fid%3D249994-141%26name%3Dvestido+rojo+largo+cuello+halter" "Mozilla/5.0 (Linux; Android 6.0.1; Nexus 5X Build/MMB29P) AppleWebKit/537.36 (KHTML, like Gecko) Chrome/137.0.7151.119 Mobile Safari/537.36 (compatible; Googlebot/2.1; +http://www.google.com/bot.html)"
66.249.65.164 - - [13/Jul/2025:14:25:41 +0000] "GET /robots.txt HTTP/1.1" 200 82 "-" "Mozilla/5.0 (compatible; Googlebot/2.1; +http://www.google.com/bot.html)"
66.249.65.164 - - [13/Jul/2025:14:25:41 +0000] "POST /get-message-notify HTTP/1.1" 200 21410 "https://alalamy.com.au/?k=5805728071900&mod=f1a860c4&uri=product.php%3Fid%3D193878-336%26name%3Dsacca+michael+kors" "Mozilla/5.0 (Linux; Android 6.0.1; Nexus 5X Build/MMB29P) AppleWebKit/537.36 (KHTML, like Gecko) Chrome/137.0.7151.119 Mobile Safari/537.36 (compatible; Googlebot/2.1; +http://www.google.com/bot.html)"
66.249.65.164 - - [13/Jul/2025:14:25:41 +0000] "GET /?k=37423952051900&mod=f6065e82&uri=product.php%3Fid%3D1249053-649%26name%3Dbike+carrier+trailer+hitch HTTP/1.1" 200 22152 "-" "Mozilla/5.0 (Linux; Android 6.0.1; Nexus 5X Build/MMB29P) AppleWebKit/537.36 (KHTML, like Gecko) Chrome/137.0.7151.103 Mobile Safari/537.36 (compatible; Googlebot/2.1; +http://www.google.com/bot.html)"
66.249.65.164 - - [13/Jul/2025:14:25:52 +0000] "GET /?k=7566529071900&mod=995693c1&uri=search.php%3Fid%3D252705-77%26name%3Dfancy+gents+jutti HTTP/1.1" 200 21823 "-" "Mozilla/5.0 (Linux; Android 6.0.1; Nexus 5X Build/MMB29P) AppleWebKit/537.36 (KHTML, like Gecko) Chrome/137.0.7151.103 Mobile Safari/537.36 (compatible; Googlebot/2.1; +http://www.google.com/bot.html)"
66.249.65.165 - - [13/Jul/2025:14:26:01 +0000] "GET /?k=5873268091900&mod=e07472e7&uri=blog.php%3Fid%3D196133-341%26name%3Dmedicina+reflexologia HTTP/1.1" 200 21930 "-" "Mozilla/5.0 (Linux; Android 6.0.1; Nexus 5X Build/MMB29P) AppleWebKit/537.36 (KHTML, like Gecko) Chrome/137.0.7151.103 Mobile Safari/537.36 (compatible; Googlebot/2.1; +http://www.google.com/bot.html)"
209.74.77.214 - - [13/Jul/2025:14:26:03 +0000] "POST /wp-cron.php?doing_wp_cron=1752416763.5000979900360107421875 HTTP/1.1" 200 - "-" "WordPress/6.8.1; https://alalamy.com.au"
54.36.148.243 - - [13/Jul/2025:14:26:02 +0000] "GET /?k=97652703021900&uri=shared.php%3Fid%3D3258923-1232%26name%3Dlowes%20hours%20on%20the%204th%20of%20july HTTP/1.1" 200 26568 "-" "Mozilla/5.0 (compatible; AhrefsBot/7.0; +http://ahrefs.com/robot/)"
209.74.77.214 - - [13/Jul/2025:14:26:03 +0000] "POST /wp-admin/admin-ajax.php?action=async_litespeed&nonce=Tt5f0brHpON9c82Kp8oYsI0rOW4p21dh&litespeed_type=imgoptm HTTP/1.1" 200 21 "-" "WordPress/6.8.1; https://alalamy.com.au"
66.249.65.164 - - [13/Jul/2025:14:26:09 +0000] "POST /get-message-notify HTTP/1.1" 200 21433 "https://alalamy.com.au/?k=37423952051900&mod=f6065e82&uri=product.php%3Fid%3D1249053-649%26name%3Dbike+carrier+trailer+hitch" "Mozilla/5.0 (Linux; Android 6.0.1; Nexus 5X Build/MMB29P) AppleWebKit/537.36 (KHTML, like Gecko) Chrome/137.0.7151.119 Mobile Safari/537.36 (compatible; Googlebot/2.1; +http://www.google.com/bot.html)"
66.249.65.164 - - [13/Jul/2025:14:26:13 +0000] "GET /?k=7210839041900&mod=5e3a4137&uri=blog.php%3Fid%3D240814-400%26name%3Domega+nato+band HTTP/1.1" 200 22111 "-" "Mozilla/5.0 (Linux; Android 6.0.1; Nexus 5X Build/MMB29P) AppleWebKit/537.36 (KHTML, like Gecko) Chrome/137.0.7151.103 Mobile Safari/537.36 (compatible; Googlebot/2.1; +http://www.google.com/bot.html)"
66.249.65.164 - - [13/Jul/2025:14:26:32 +0000] "GET /?k=7069540011900&mod=156cc497&uri=pin.php%3Fid%3D236100-396%26name%3Dbotte+de+travail+l%C3%83%C2%A9g%C3%83%C2%A8re HTTP/1.1" 200 21304 "-" "Mozilla/5.0 (Linux; Android 6.0.1; Nexus 5X Build/MMB29P) AppleWebKit/537.36 (KHTML, like Gecko) Chrome/137.0.7151.103 Mobile Safari/537.36 (compatible; Googlebot/2.1; +http://www.google.com/bot.html)"
66.249.65.164 - - [13/Jul/2025:14:26:39 +0000] "GET /?k=6866244031900&mod=365adce6&uri=info.php%3Fid%3D229313-385%26name%3Dgarmin+vivosmart+vs+fitbit HTTP/1.1" 200 20900 "-" "Mozilla/5.0 (Linux; Android 6.0.1; Nexus 5X Build/MMB29P) AppleWebKit/537.36 (KHTML, like Gecko) Chrome/137.0.7151.103 Mobile Safari/537.36 (compatible; Googlebot/2.1; +http://www.google.com/bot.html)"
66.249.65.164 - - [13/Jul/2025:14:26:52 +0000] "POST /get-message-notify HTTP/1.1" 200 21430 "https://alalamy.com.au/?k=7349539041900&mod=9078b6ab&uri=article.php%3Fid%3D245458-222%26name%3Djordan+finish+line" "Mozilla/5.0 (Linux; Android 6.0.1; Nexus 5X Build/MMB29P) AppleWebKit/537.36 (KHTML, like Gecko) Chrome/137.0.7151.119 Mobile Safari/537.36 (compatible; Googlebot/2.1; +http://www.google.com/bot.html)"
66.249.65.164 - - [13/Jul/2025:14:26:52 +0000] "GET /?k=5858980011900&mod=e07472e7&uri=info.php%3Fid%3D195655-341%26name%3Drodillos+para+la+espalda HTTP/1.1" 200 22235 "-" "Mozilla/5.0 (Linux; Android 6.0.1; Nexus 5X Build/MMB29P) AppleWebKit/537.36 (KHTML, like Gecko) Chrome/137.0.7151.103 Mobile Safari/537.36 (compatible; Googlebot/2.1; +http://www.google.com/bot.html)"
66.249.65.164 - - [13/Jul/2025:14:26:53 +0000] "GET /?k=37435232011900&mod=f6065e82&uri=itm.php%3Fid%3D1249429-649%26name%3Dhelmet+holder+for+wall HTTP/1.1" 200 21927 "-" "Mozilla/5.0 (Linux; Android 6.0.1; Nexus 5X Build/MMB29P) AppleWebKit/537.36 (KHTML, like Gecko) Chrome/137.0.7151.103 Mobile Safari/537.36 (compatible; Googlebot/2.1; +http://www.google.com/bot.html)"
66.249.65.164 - - [13/Jul/2025:14:26:59 +0000] "GET /?k=7581769051900&mod=9c6dc3ff&uri=info.php%3Fid%3D253213-411%26name%3Dzapatillas+botitas+de+cuero+mujer+nike HTTP/1.1" 200 21755 "-" "Mozilla/5.0 (Linux; Android 6.0.1; Nexus 5X Build/MMB29P) AppleWebKit/537.36 (KHTML, like Gecko) Chrome/137.0.7151.103 Mobile Safari/537.36 (compatible; Googlebot/2.1; +http://www.google.com/bot.html)"
66.249.65.164 - - [13/Jul/2025:14:27:06 +0000] "GET /?k=7212459021900&mod=5e3a4137&uri=dp.php%3Fid%3D240868-400%26name%3Drosendahl+watch+strap+replacement HTTP/1.1" 200 22449 "-" "Mozilla/5.0 (Linux; Android 6.0.1; Nexus 5X Build/MMB29P) AppleWebKit/537.36 (KHTML, like Gecko) Chrome/137.0.7151.103 Mobile Safari/537.36 (compatible; Googlebot/2.1; +http://www.google.com/bot.html)"
66.249.65.164 - - [13/Jul/2025:14:27:07 +0000] "GET /?k=7477258041900&mod=c5b86fa9&uri=itm.php%3Fid%3D249724-141%26name%3Dboda+damas+de+honor+hombres HTTP/1.1" 200 22009 "-" "Mozilla/5.0 (Linux; Android 6.0.1; Nexus 5X Build/MMB29P) AppleWebKit/537.36 (KHTML, like Gecko) Chrome/137.0.7151.103 Mobile Safari/537.36 (compatible; Googlebot/2.1; +http://www.google.com/bot.html)"
66.249.65.164 - - [13/Jul/2025:14:27:20 +0000] "GET /?k=7333189071900&mod=c242ee43&uri=products.php%3Fid%3D244913-405%26name%3Dmerrell+siren+sport+q2+gtx HTTP/1.1" 200 20326 "-" "Mozilla/5.0 (Linux; Android 6.0.1; Nexus 5X Build/MMB29P) AppleWebKit/537.36 (KHTML, like Gecko) Chrome/137.0.7151.103 Mobile Safari/537.36 (compatible; Googlebot/2.1; +http://www.google.com/bot.html)"
66.249.65.164 - - [13/Jul/2025:14:27:20 +0000] "GET /?k=7350379121900&mod=c242ee43&uri=products.php%3Fid%3D245486-405%26name%3Dsport+chek+flip+flops HTTP/1.1" 200 20831 "-" "Mozilla/5.0 (Linux; Android 6.0.1; Nexus 5X Build/MMB29P) AppleWebKit/537.36 (KHTML, like Gecko) Chrome/137.0.7151.103 Mobile Safari/537.36 (compatible; Googlebot/2.1; +http://www.google.com/bot.html)"
66.249.65.164 - - [13/Jul/2025:14:27:33 +0000] "GET /?k=6882264031900&mod=69846de5&uri=category-info.php%3Fid%3D229847-386%26name%3Dcallaway+epic+golf+hats HTTP/1.1" 200 20998 "-" "Mozilla/5.0 (Linux; Android 6.0.1; Nexus 5X Build/MMB29P) AppleWebKit/537.36 (KHTML, like Gecko) Chrome/137.0.7151.103 Mobile Safari/537.36 (compatible; Googlebot/2.1; +http://www.google.com/bot.html)"
66.249.65.164 - - [13/Jul/2025:14:27:34 +0000] "GET /?k=6764358041900&mod=9c3916c3&uri=info.php%3Fid%3D225912-380%26name%3Dblack+cat+beanie+boo HTTP/1.1" 200 22153 "-" "Mozilla/5.0 (Linux; Android 6.0.1; Nexus 5X Build/MMB29P) AppleWebKit/537.36 (KHTML, like Gecko) Chrome/137.0.7151.103 Mobile Safari/537.36 (compatible; Googlebot/2.1; +http://www.google.com/bot.html)"
66.249.65.164 - - [13/Jul/2025:14:27:37 +0000] "POST /get-message-notify HTTP/1.1" 200 21426 "https://alalamy.com.au/?k=6882264031900&mod=69846de5&uri=category-info.php%3Fid%3D229847-386%26name%3Dcallaway+epic+golf+hats" "Mozilla/5.0 (Linux; Android 6.0.1; Nexus 5X Build/MMB29P) AppleWebKit/537.36 (KHTML, like Gecko) Chrome/137.0.7151.119 Mobile Safari/537.36 (compatible; Googlebot/2.1; +http://www.google.com/bot.html)"
66.249.65.164 - - [13/Jul/2025:14:27:50 +0000] "GET /?k=7571329071900&mod=ec5df877&uri=dp.php%3Fid%3D252865-248%26name%3Dnarciso+rodriguez+sample+set HTTP/1.1" 200 22130 "-" "Mozilla/5.0 (Linux; Android 6.0.1; Nexus 5X Build/MMB29P) AppleWebKit/537.36 (KHTML, like Gecko) Chrome/137.0.7151.103 Mobile Safari/537.36 (compatible; Googlebot/2.1; +http://www.google.com/bot.html)"
66.249.65.165 - - [13/Jul/2025:14:28:10 +0000] "GET /?k=7565929071900&mod=ec5df877&uri=shop.php%3Fid%3D252685-248%26name%3Dbest+citrus+perfumes+2021 HTTP/1.1" 200 21515 "-" "Mozilla/5.0 (Linux; Android 6.0.1; Nexus 5X Build/MMB29P) AppleWebKit/537.36 (KHTML, like Gecko) Chrome/137.0.7151.103 Mobile Safari/537.36 (compatible; Googlebot/2.1; +http://www.google.com/bot.html)"
66.249.65.164 - - [13/Jul/2025:14:28:23 +0000] "GET /?k=5853407051900&mod=672cda1d&uri=shared.php%3Fid%3D195469-338%26name%3Dzapatos+under+armour+basket+curry+amazon HTTP/1.1" 200 20730 "-" "Mozilla/5.0 (Linux; Android 6.0.1; Nexus 5X Build/MMB29P) AppleWebKit/537.36 (KHTML, like Gecko) Chrome/137.0.7151.103 Mobile Safari/537.36 (compatible; Googlebot/2.1; +http://www.google.com/bot.html)"
66.249.65.164 - - [13/Jul/2025:14:28:24 +0000] "GET /?k=7281967071900&mod=861288f2&uri=product.php%3Fid%3D243195-403%26name%3Dwaldl%C3%83%C2%A4ufer+wanderstiefel+damen HTTP/1.1" 200 21887 "-" "Mozilla/5.0 (Linux; Android 6.0.1; Nexus 5X Build/MMB29P) AppleWebKit/537.36 (KHTML, like Gecko) Chrome/137.0.7151.103 Mobile Safari/537.36 (compatible; Googlebot/2.1; +http://www.google.com/bot.html)"
66.249.65.164 - - [13/Jul/2025:14:28:37 +0000] "GET /?k=7071338011900&mod=156cc497&uri=dp.php%3Fid%3D236160-396%26name%3Dconverse+garcon+taille+28 HTTP/1.1" 200 20844 "-" "Mozilla/5.0 (Linux; Android 6.0.1; Nexus 5X Build/MMB29P) AppleWebKit/537.36 (KHTML, like Gecko) Chrome/137.0.7151.103 Mobile Safari/537.36 (compatible; Googlebot/2.1; +http://www.google.com/bot.html)"
66.249.65.164 - - [13/Jul/2025:14:28:37 +0000] "GET /?k=7567129071900&mod=ec5df877&uri=category-info.php%3Fid%3D252725-248%26name%3Dperfume+davidoff+champion+energy HTTP/1.1" 200 22195 "-" "Mozilla/5.0 (Linux; Android 6.0.1; Nexus 5X Build/MMB29P) AppleWebKit/537.36 (KHTML, like Gecko) Chrome/137.0.7151.103 Mobile Safari/537.36 (compatible; Googlebot/2.1; +http://www.google.com/bot.html)"
209.74.77.214 - - [13/Jul/2025:14:28:41 +0000] "POST /wp-admin/admin-ajax.php?action=async_litespeed&nonce=XHd0dPJzz75hz5V7xANa5tVeM5LJ1Alu&litespeed_type=imgoptm HTTP/1.1" 200 21 "-" "WordPress/6.8.1; https://alalamy.com.au"
51.68.111.199 - - [13/Jul/2025:14:28:43 +0000] "GET /robots.txt HTTP/1.1" 200 82 "-" "Mozilla/5.0 (compatible; MJ12bot/v2.0.2; http://mj12bot.com/)"
51.68.111.199 - - [13/Jul/2025:14:28:44 +0000] "GET / HTTP/1.1" 200 26576 "-" "Mozilla/5.0 (compatible; MJ12bot/v2.0.2; http://mj12bot.com/)"
66.249.65.164 - - [13/Jul/2025:14:28:46 +0000] "GET /?k=5857270041900&mod=e07472e7&uri=product.php%3Fid%3D195598-341%26name%3Dpicadora+de+hielo+profesional HTTP/1.1" 200 22278 "-" "Mozilla/5.0 (Linux; Android 6.0.1; Nexus 5X Build/MMB29P) AppleWebKit/537.36 (KHTML, like Gecko) Chrome/137.0.7151.103 Mobile Safari/537.36 (compatible; Googlebot/2.1; +http://www.google.com/bot.html)"
66.249.65.164 - - [13/Jul/2025:14:28:59 +0000] "GET /?k=5805758001900&mod=f1a860c4&uri=brands.php%3Fid%3D193879-336%26name%3Dmanici+a+spirale+uncinetto HTTP/1.1" 200 21228 "-" "Mozilla/5.0 (Linux; Android 6.0.1; Nexus 5X Build/MMB29P) AppleWebKit/537.36 (KHTML, like Gecko) Chrome/137.0.7151.103 Mobile Safari/537.36 (compatible; Googlebot/2.1; +http://www.google.com/bot.html)"
66.249.65.164 - - [13/Jul/2025:14:28:59 +0000] "GET /?k=7477558001900&mod=c5b86fa9&uri=shop.php%3Fid%3D249734-141%26name%3Dvestidos+de+damas+de+honor+color+magenta HTTP/1.1" 200 22443 "-" "Mozilla/5.0 (Linux; Android 6.0.1; Nexus 5X Build/MMB29P) AppleWebKit/537.36 (KHTML, like Gecko) Chrome/137.0.7151.103 Mobile Safari/537.36 (compatible; Googlebot/2.1; +http://www.google.com/bot.html)"
66.249.65.165 - - [13/Jul/2025:14:29:12 +0000] "GET /?k=6865284011900&mod=69846de5&uri=info.php%3Fid%3D229281-386%26name%3Dnew+era+the+golfer HTTP/1.1" 200 21406 "-" "Mozilla/5.0 (Linux; Android 6.0.1; Nexus 5X Build/MMB29P) AppleWebKit/537.36 (KHTML, like Gecko) Chrome/137.0.7151.103 Mobile Safari/537.36 (compatible; Googlebot/2.1; +http://www.google.com/bot.html)"
66.249.65.164 - - [13/Jul/2025:14:29:16 +0000] "POST /get-message-notify HTTP/1.1" 200 21427 "https://alalamy.com.au/?k=5805758001900&mod=f1a860c4&uri=brands.php%3Fid%3D193879-336%26name%3Dmanici+a+spirale+uncinetto" "Mozilla/5.0 (Linux; Android 6.0.1; Nexus 5X Build/MMB29P) AppleWebKit/537.36 (KHTML, like Gecko) Chrome/137.0.7151.119 Mobile Safari/537.36 (compatible; Googlebot/2.1; +http://www.google.com/bot.html)"
66.249.65.165 - - [13/Jul/2025:14:29:27 +0000] "GET /?k=6894820031900&mod=0afe1037&uri=pin.php%3Fid%3D230267-345%26name%3Dpull+and+bear+chinos+hombre HTTP/1.1" 200 21669 "-" "Mozilla/5.0 (Linux; Android 6.0.1; Nexus 5X Build/MMB29P) AppleWebKit/537.36 (KHTML, like Gecko) Chrome/137.0.7151.103 Mobile Safari/537.36 (compatible; Googlebot/2.1; +http://www.google.com/bot.html)"
66.249.65.165 - - [13/Jul/2025:14:29:27 +0000] "GET /?k=6817600051900&mod=cb45a111&uri=itm.php%3Fid%3D227691-381%26name%3Dcodice+sconto+app+adidas HTTP/1.1" 200 22444 "-" "Mozilla/5.0 (Linux; Android 6.0.1; Nexus 5X Build/MMB29P) AppleWebKit/537.36 (KHTML, like Gecko) Chrome/137.0.7151.103 Mobile Safari/537.36 (compatible; Googlebot/2.1; +http://www.google.com/bot.html)"
66.249.65.164 - - [13/Jul/2025:14:29:37 +0000] "GET /?k=7074634061900&mod=cb826161&uri=category-info.php%3Fid%3D236270-364%26name%3Dhollister+teddy+parka HTTP/1.1" 200 21063 "-" "Mozilla/5.0 (Linux; Android 6.0.1; Nexus 5X Build/MMB29P) AppleWebKit/537.36 (KHTML, like Gecko) Chrome/137.0.7151.103 Mobile Safari/537.36 (compatible; Googlebot/2.1; +http://www.google.com/bot.html)"
66.249.65.164 - - [13/Jul/2025:14:29:54 +0000] "GET /?k=7478158101900&mod=c5b86fa9&uri=product.php%3Fid%3D249754-141%26name%3Dcorte+de+vestidos+sencillos HTTP/1.1" 200 21716 "-" "Mozilla/5.0 (Linux; Android 6.0.1; Nexus 5X Build/MMB29P) AppleWebKit/537.36 (KHTML, like Gecko) Chrome/137.0.7151.103 Mobile Safari/537.36 (compatible; Googlebot/2.1; +http://www.google.com/bot.html)"
66.249.65.165 - - [13/Jul/2025:14:30:07 +0000] "POST /get-message-notify HTTP/1.1" 200 21426 "https://alalamy.com.au/?k=7349539041900&mod=9078b6ab&uri=article.php%3Fid%3D245458-222%26name%3Djordan+finish+line" "Mozilla/5.0 (Linux; Android 6.0.1; Nexus 5X Build/MMB29P) AppleWebKit/537.36 (KHTML, like Gecko) Chrome/137.0.7151.119 Mobile Safari/537.36 (compatible; Googlebot/2.1; +http://www.google.com/bot.html)"
66.249.65.166 - - [13/Jul/2025:14:30:07 +0000] "GET /?k=6866484011900&mod=365adce6&uri=news.php%3Fid%3D229321-385%26name%3Dmqjp2lla HTTP/1.1" 200 21444 "-" "Mozilla/5.0 (Linux; Android 6.0.1; Nexus 5X Build/MMB29P) AppleWebKit/537.36 (KHTML, like Gecko) Chrome/137.0.7151.103 Mobile Safari/537.36 (compatible; Googlebot/2.1; +http://www.google.com/bot.html)"
66.249.65.164 - - [13/Jul/2025:14:30:08 +0000] "GET /?k=22564304081900&mod=1894ea67&uri=shop.php%3Fid%3D753164-314%26name%3Dtragejacke+vertbaudet HTTP/1.1" 200 22065 "-" "Mozilla/5.0 (Linux; Android 6.0.1; Nexus 5X Build/MMB29P) AppleWebKit/537.36 (KHTML, like Gecko) Chrome/137.0.7151.103 Mobile Safari/537.36 (compatible; Googlebot/2.1; +http://www.google.com/bot.html)"
66.249.65.165 - - [13/Jul/2025:14:30:09 +0000] "POST /get-message-notify HTTP/1.1" 200 21439 "https://alalamy.com.au/?k=7571329071900&mod=ec5df877&uri=dp.php%3Fid%3D252865-248%26name%3Dnarciso+rodriguez+sample+set" "Mozilla/5.0 (Linux; Android 6.0.1; Nexus 5X Build/MMB29P) AppleWebKit/537.36 (KHTML, like Gecko) Chrome/137.0.7151.119 Mobile Safari/537.36 (compatible; Googlebot/2.1; +http://www.google.com/bot.html)"
209.74.77.214 - - [13/Jul/2025:14:30:21 +0000] "POST /wp-cron.php?doing_wp_cron=1752417021.7548129558563232421875 HTTP/1.1" 200 - "-" "WordPress/6.8.1; https://alalamy.com.au"
54.36.148.216 - - [13/Jul/2025:14:30:21 +0000] "GET /?k=97664492021900&mod=eb8d8b02&uri=category-info.php%3Fid%3D3259316-1231%26name%3Dophidia+continental+wallet HTTP/1.1" 301 - "-" "Mozilla/5.0 (compatible; AhrefsBot/7.0; +http://ahrefs.com/robot/)"
209.74.77.214 - - [13/Jul/2025:14:30:21 +0000] "POST /wp-admin/admin-ajax.php?action=async_litespeed&nonce=H89hxLrYPJHeZ5sMNgGLcFYRJdyn5yOQ&litespeed_type=imgoptm HTTP/1.1" 200 21 "-" "WordPress/6.8.1; https://alalamy.com.au"
157.55.39.13 - - [13/Jul/2025:14:30:26 +0000] "GET /?k=82096457001900&mod=798e5a5d&uri=news.php%3Fid%3D2739712-197%26name%3Dberkshire+thigh+highs HTTP/1.1" 200 21122 "-" "Mozilla/5.0 AppleWebKit/537.36 (KHTML, like Gecko; compatible; bingbot/2.0; +http://www.bing.com/bingbot.htm) Chrome/116.0.1938.76 Safari/537.36"
66.249.65.165 - - [13/Jul/2025:14:30:27 +0000] "GET /?k=7208679051900&mod=5e3a4137&uri=category-info.php%3Fid%3D240742-400%26name%3Dhodinkee+suede+strap HTTP/1.1" 200 21219 "-" "Mozilla/5.0 (Linux; Android 6.0.1; Nexus 5X Build/MMB29P) AppleWebKit/537.36 (KHTML, like Gecko) Chrome/137.0.7151.103 Mobile Safari/537.36 (compatible; Googlebot/2.1; +http://www.google.com/bot.html)"
66.249.65.164 - - [13/Jul/2025:14:30:28 +0000] "GET /?k=37521683011900&mod=d8a1e3cb&uri=search.php%3Fid%3D1252311-749%26name%3Dbeliebte+hoodie+marken HTTP/1.1" 200 21802 "-" "Mozilla/5.0 (Linux; Android 6.0.1; Nexus 5X Build/MMB29P) AppleWebKit/537.36 (KHTML, like Gecko) Chrome/137.0.7151.103 Mobile Safari/537.36 (compatible; Googlebot/2.1; +http://www.google.com/bot.html)"
66.249.65.164 - - [13/Jul/2025:14:30:35 +0000] "GET /?k=6991963071900&mod=962ebbfe&uri=goods.php%3Fid%3D233507-394%26name%3Dthomson+pottery+basic+white+pc+plates HTTP/1.1" 200 21911 "-" "Mozilla/5.0 (Linux; Android 6.0.1; Nexus 5X Build/MMB29P) AppleWebKit/537.36 (KHTML, like Gecko) Chrome/137.0.7151.103 Mobile Safari/537.36 (compatible; Googlebot/2.1; +http://www.google.com/bot.html)"
66.249.65.164 - - [13/Jul/2025:14:30:47 +0000] "GET /?k=7074184031900&mod=156cc497&uri=news.php%3Fid%3D236255-396%26name%3Dnike+air+zoom+type+blanche HTTP/1.1" 200 22073 "-" "Mozilla/5.0 (Linux; Android 6.0.1; Nexus 5X Build/MMB29P) AppleWebKit/537.36 (KHTML, like Gecko) Chrome/137.0.7151.103 Mobile Safari/537.36 (compatible; Googlebot/2.1; +http://www.google.com/bot.html)"
66.249.65.164 - - [13/Jul/2025:14:30:54 +0000] "GET /?k=6876564051900&mod=69846de5&uri=news.php%3Fid%3D229657-386%26name%3Dnbc+golf+hat HTTP/1.1" 200 20936 "-" "Mozilla/5.0 (Linux; Android 6.0.1; Nexus 5X Build/MMB29P) AppleWebKit/537.36 (KHTML, like Gecko) Chrome/137.0.7151.103 Mobile Safari/537.36 (compatible; Googlebot/2.1; +http://www.google.com/bot.html)"
66.249.65.166 - - [13/Jul/2025:14:31:00 +0000] "GET /?k=7442174031900&mod=160c8865&uri=article.php%3Fid%3D248553-11%26name%3Decco+flexure+runner+w+gore+tex HTTP/1.1" 200 21410 "-" "Mozilla/5.0 (Linux; Android 6.0.1; Nexus 5X Build/MMB29P) AppleWebKit/537.36 (KHTML, like Gecko) Chrome/137.0.7151.103 Mobile Safari/537.36 (compatible; Googlebot/2.1; +http://www.google.com/bot.html)"
66.249.65.166 - - [13/Jul/2025:14:31:00 +0000] "GET /?k=7341049091900&mod=c242ee43&uri=category-info.php%3Fid%3D245175-405%26name%3Daldo+women%27s+lace+up+boots HTTP/1.1" 200 21928 "-" "Mozilla/5.0 (Linux; Android 6.0.1; Nexus 5X Build/MMB29P) AppleWebKit/537.36 (KHTML, like Gecko) Chrome/137.0.7151.103 Mobile Safari/537.36 (compatible; Googlebot/2.1; +http://www.google.com/bot.html)"
66.249.65.164 - - [13/Jul/2025:14:31:07 +0000] "GET /?k=119646523051900&mod=4392e631&uri=article.php%3Fid%3D3992971-100%26name%3Dswatch+watch+purple HTTP/1.1" 200 20900 "-" "Mozilla/5.0 (Linux; Android 6.0.1; Nexus 5X Build/MMB29P) AppleWebKit/537.36 (KHTML, like Gecko) Chrome/137.0.7151.103 Mobile Safari/537.36 (compatible; Googlebot/2.1; +http://www.google.com/bot.html)"
66.249.65.164 - - [13/Jul/2025:14:31:11 +0000] "POST /get-message-notify HTTP/1.1" 200 21422 "https://alalamy.com.au/?k=119646523051900&mod=4392e631&uri=article.php%3Fid%3D3992971-100%26name%3Dswatch+watch+purple" "Mozilla/5.0 (Linux; Android 6.0.1; Nexus 5X Build/MMB29P) AppleWebKit/537.36 (KHTML, like Gecko) Chrome/137.0.7151.119 Mobile Safari/537.36 (compatible; Googlebot/2.1; +http://www.google.com/bot.html)"
66.249.65.164 - - [13/Jul/2025:14:31:21 +0000] "GET /?k=7491947051900&mod=c5b86fa9&uri=blog.php%3Fid%3D250214-141%26name%3Dvestidos+de+novia+prada HTTP/1.1" 200 21985 "-" "Mozilla/5.0 (Linux; Android 6.0.1; Nexus 5X Build/MMB29P) AppleWebKit/537.36 (KHTML, like Gecko) Chrome/137.0.7151.103 Mobile Safari/537.36 (compatible; Googlebot/2.1; +http://www.google.com/bot.html)"
66.249.65.164 - - [13/Jul/2025:14:31:21 +0000] "GET /?k=7566079071900&mod=ec5df877&uri=news.php%3Fid%3D252690-248%26name%3Ddior+sauvage+parfum+price HTTP/1.1" 200 21779 "-" "Mozilla/5.0 (Linux; Android 6.0.1; Nexus 5X Build/MMB29P) AppleWebKit/537.36 (KHTML, like Gecko) Chrome/137.0.7151.103 Mobile Safari/537.36 (compatible; Googlebot/2.1; +http://www.google.com/bot.html)"
66.249.65.164 - - [13/Jul/2025:14:31:23 +0000] "POST /get-message-notify HTTP/1.1" 200 21412 "https://alalamy.com.au/?k=7566079071900&mod=ec5df877&uri=news.php%3Fid%3D252690-248%26name%3Ddior+sauvage+parfum+price" "Mozilla/5.0 (Linux; Android 6.0.1; Nexus 5X Build/MMB29P) AppleWebKit/537.36 (KHTML, like Gecko) Chrome/137.0.7151.119 Mobile Safari/537.36 (compatible; Googlebot/2.1; +http://www.google.com/bot.html)"
66.249.65.164 - - [13/Jul/2025:14:31:34 +0000] "GET /?k=119700043001900&mod=8646de4b&uri=category-info.php%3Fid%3D3994755-484%26name%3Dsimple+bikini+set HTTP/1.1" 200 21970 "-" "Mozilla/5.0 (Linux; Android 6.0.1; Nexus 5X Build/MMB29P) AppleWebKit/537.36 (KHTML, like Gecko) Chrome/137.0.7151.103 Mobile Safari/537.36 (compatible; Googlebot/2.1; +http://www.google.com/bot.html)"
66.249.65.164 - - [13/Jul/2025:14:31:34 +0000] "GET /?k=6939635001900&mod=d70ddccf&uri=products.php%3Fid%3D231762-389%26name%3Dnike+air+uptempo+pas+cher HTTP/1.1" 200 20852 "-" "Mozilla/5.0 (Linux; Android 6.0.1; Nexus 5X Build/MMB29P) AppleWebKit/537.36 (KHTML, like Gecko) Chrome/137.0.7151.103 Mobile Safari/537.36 (compatible; Googlebot/2.1; +http://www.google.com/bot.html)"
66.249.65.164 - - [13/Jul/2025:14:31:39 +0000] "POST /get-message-notify HTTP/1.1" 200 21430 "https://alalamy.com.au/?k=7491947051900&mod=c5b86fa9&uri=blog.php%3Fid%3D250214-141%26name%3Dvestidos+de+novia+prada" "Mozilla/5.0 (Linux; Android 6.0.1; Nexus 5X Build/MMB29P) AppleWebKit/537.36 (KHTML, like Gecko) Chrome/137.0.7151.119 Mobile Safari/537.36 (compatible; Googlebot/2.1; +http://www.google.com/bot.html)"
66.249.65.164 - - [13/Jul/2025:14:31:47 +0000] "GET /?k=5858890031900&mod=e07472e7&uri=goods.php%3Fid%3D195652-341%26name%3Dmasaje+craneal+precio HTTP/1.1" 200 22042 "-" "Mozilla/5.0 (Linux; Android 6.0.1; Nexus 5X Build/MMB29P) AppleWebKit/537.36 (KHTML, like Gecko) Chrome/137.0.7151.103 Mobile Safari/537.36 (compatible; Googlebot/2.1; +http://www.google.com/bot.html)"
66.249.65.164 - - [13/Jul/2025:14:31:58 +0000] "GET /?k=6992503051900&mod=962ebbfe&uri=products.php%3Fid%3D233525-394%26name%3Dbamix+grill+chill HTTP/1.1" 200 21674 "-" "Mozilla/5.0 (Linux; Android 6.0.1; Nexus 5X Build/MMB29P) AppleWebKit/537.36 (KHTML, like Gecko) Chrome/137.0.7151.103 Mobile Safari/537.36 (compatible; Googlebot/2.1; +http://www.google.com/bot.html)"
66.249.65.165 - - [13/Jul/2025:14:32:09 +0000] "POST /get-message-notify HTTP/1.1" 200 21431 "https://alalamy.com.au/?k=6992503051900&mod=962ebbfe&uri=products.php%3Fid%3D233525-394%26name%3Dbamix+grill+chill" "Mozilla/5.0 (Linux; Android 6.0.1; Nexus 5X Build/MMB29P) AppleWebKit/537.36 (KHTML, like Gecko) Chrome/137.0.7151.119 Mobile Safari/537.36 (compatible; Googlebot/2.1; +http://www.google.com/bot.html)"
66.249.65.166 - - [13/Jul/2025:14:32:11 +0000] "GET /?k=79307877021900&mod=cbd35b79&uri=shared.php%3Fid%3D2646600-401%26name%3Dprix+grande+valise HTTP/1.1" 200 22299 "-" "Mozilla/5.0 (Linux; Android 6.0.1; Nexus 5X Build/MMB29P) AppleWebKit/537.36 (KHTML, like Gecko) Chrome/137.0.7151.103 Mobile Safari/537.36 (compatible; Googlebot/2.1; +http://www.google.com/bot.html)"
66.249.65.166 - - [13/Jul/2025:14:32:12 +0000] "GET /?k=7075684111900&mod=156cc497&uri=article.php%3Fid%3D236305-396%26name%3Dpuma+basket+ouedkniss HTTP/1.1" 200 21295 "-" "Mozilla/5.0 (Linux; Android 6.0.1; Nexus 5X Build/MMB29P) AppleWebKit/537.36 (KHTML, like Gecko) Chrome/137.0.7151.103 Mobile Safari/537.36 (compatible; Googlebot/2.1; +http://www.google.com/bot.html)"
66.249.65.165 - - [13/Jul/2025:14:32:23 +0000] "GET /?k=119489838011900&mod=357a689f&uri=products.php%3Fid%3D3987741-410%26name%3Dlego+comic+iron+man HTTP/1.1" 200 21741 "-" "Mozilla/5.0 (Linux; Android 6.0.1; Nexus 5X Build/MMB29P) AppleWebKit/537.36 (KHTML, like Gecko) Chrome/137.0.7151.103 Mobile Safari/537.36 (compatible; Googlebot/2.1; +http://www.google.com/bot.html)"
66.249.65.164 - - [13/Jul/2025:14:32:23 +0000] "GET /?k=7437734051900&mod=357a689f&uri=us.php%3Fid%3D248405-410%26name%3Dlego+60276+review HTTP/1.1" 200 21802 "-" "Mozilla/5.0 (Linux; Android 6.0.1; Nexus 5X Build/MMB29P) AppleWebKit/537.36 (KHTML, like Gecko) Chrome/137.0.7151.103 Mobile Safari/537.36 (compatible; Googlebot/2.1; +http://www.google.com/bot.html)"
66.249.65.164 - - [13/Jul/2025:14:32:37 +0000] "GET /?k=7313977021900&mod=1177967c&uri=product.php%3Fid%3D244271-22%26name%3Diwc+schaffhausen+automatic+gold HTTP/1.1" 200 21496 "-" "Mozilla/5.0 (Linux; Android 6.0.1; Nexus 5X Build/MMB29P) AppleWebKit/537.36 (KHTML, like Gecko) Chrome/137.0.7151.103 Mobile Safari/537.36 (compatible; Googlebot/2.1; +http://www.google.com/bot.html)"
66.249.65.164 - - [13/Jul/2025:14:32:50 +0000] "GET /?k=5872068091900&mod=e07472e7&uri=search.php%3Fid%3D196093-341%26name%3Dplatos+durax+ambar HTTP/1.1" 200 21701 "-" "Mozilla/5.0 (Linux; Android 6.0.1; Nexus 5X Build/MMB29P) AppleWebKit/537.36 (KHTML, like Gecko) Chrome/137.0.7151.103 Mobile Safari/537.36 (compatible; Googlebot/2.1; +http://www.google.com/bot.html)"
66.249.65.164 - - [13/Jul/2025:14:32:50 +0000] "GET /?k=18800720001900&mod=f9c1b5bf&uri=goods.php%3Fid%3D627608-129%26name%3D%243+boost+mobile+plan HTTP/1.1" 200 22319 "-" "Mozilla/5.0 (Linux; Android 6.0.1; Nexus 5X Build/MMB29P) AppleWebKit/537.36 (KHTML, like Gecko) Chrome/137.0.7151.103 Mobile Safari/537.36 (compatible; Googlebot/2.1; +http://www.google.com/bot.html)"
66.249.65.164 - - [13/Jul/2025:14:32:50 +0000] "GET /?k=7172821041900&mod=4d383d5c&uri=info.php%3Fid%3D239546-234%26name%3Dicepeak+regenjacke+herren HTTP/1.1" 200 23110 "-" "Mozilla/5.0 (Linux; Android 6.0.1; Nexus 5X Build/MMB29P) AppleWebKit/537.36 (KHTML, like Gecko) Chrome/137.0.7151.103 Mobile Safari/537.36 (compatible; Googlebot/2.1; +http://www.google.com/bot.html)"
66.249.65.164 - - [13/Jul/2025:14:32:50 +0000] "GET /?k=7350139081900&mod=c242ee43&uri=us.php%3Fid%3D245478-405%26name%3Dwomen%27s+breathable+mesh+sneakers HTTP/1.1" 200 21082 "-" "Mozilla/5.0 (Linux; Android 6.0.1; Nexus 5X Build/MMB29P) AppleWebKit/537.36 (KHTML, like Gecko) Chrome/137.0.7151.103 Mobile Safari/537.36 (compatible; Googlebot/2.1; +http://www.google.com/bot.html)"
66.249.65.164 - - [13/Jul/2025:14:32:53 +0000] "POST /get-message-notify HTTP/1.1" 200 21422 "https://alalamy.com.au/?k=7350139081900&mod=c242ee43&uri=us.php%3Fid%3D245478-405%26name%3Dwomen%27s+breathable+mesh+sneakers" "Mozilla/5.0 (Linux; Android 6.0.1; Nexus 5X Build/MMB29P) AppleWebKit/537.36 (KHTML, like Gecko) Chrome/137.0.7151.119 Mobile Safari/537.36 (compatible; Googlebot/2.1; +http://www.google.com/bot.html)"
66.249.65.164 - - [13/Jul/2025:14:32:57 +0000] "GET /?k=47436050011900&mod=1177967c&uri=itm.php%3Fid%3D1583054-22%26name%3Dle+gemme+zahira+eau+de+parfum HTTP/1.1" 200 22000 "-" "Mozilla/5.0 (Linux; Android 6.0.1; Nexus 5X Build/MMB29P) AppleWebKit/537.36 (KHTML, like Gecko) Chrome/137.0.7151.103 Mobile Safari/537.36 (compatible; Googlebot/2.1; +http://www.google.com/bot.html)"
66.249.65.164 - - [13/Jul/2025:14:33:05 +0000] "GET /?k=6996422051900&mod=3d1327c1&uri=dp.php%3Fid%3D233657-395%26name%3Dblouson+cuir+only HTTP/1.1" 200 20760 "-" "Mozilla/5.0 (Linux; Android 6.0.1; Nexus 5X Build/MMB29P) AppleWebKit/537.36 (KHTML, like Gecko) Chrome/137.0.7151.103 Mobile Safari/537.36 (compatible; Googlebot/2.1; +http://www.google.com/bot.html)"
66.249.65.164 - - [13/Jul/2025:14:33:19 +0000] "POST /get-message-notify HTTP/1.1" 200 21426 "https://alalamy.com.au/?k=119489838011900&mod=357a689f&uri=products.php%3Fid%3D3987741-410%26name%3Dlego+comic+iron+man" "Mozilla/5.0 (Linux; Android 6.0.1; Nexus 5X Build/MMB29P) AppleWebKit/537.36 (KHTML, like Gecko) Chrome/137.0.7151.119 Mobile Safari/537.36 (compatible; Googlebot/2.1; +http://www.google.com/bot.html)"
66.249.65.164 - - [13/Jul/2025:14:33:14 +0000] "GET /?k=6563335021900&mod=0bb3498d&uri=form.php%3Fid%3D219208-367%26name%3Dozark+trail+sleeping+bag+liner HTTP/1.1" 200 21839 "-" "Mozilla/5.0 (Linux; Android 6.0.1; Nexus 5X Build/MMB29P) AppleWebKit/537.36 (KHTML, like Gecko) Chrome/137.0.7151.103 Mobile Safari/537.36 (compatible; Googlebot/2.1; +http://www.google.com/bot.html)"
66.249.65.164 - - [13/Jul/2025:14:33:27 +0000] "POST /get-message-notify HTTP/1.1" 200 21431 "https://alalamy.com.au/?k=6563335021900&mod=0bb3498d&uri=form.php%3Fid%3D219208-367%26name%3Dozark+trail+sleeping+bag+liner" "Mozilla/5.0 AppleWebKit/537.36 (KHTML, like Gecko; compatible; Googlebot/2.1; +http://www.google.com/bot.html) Chrome/137.0.7151.119 Safari/537.36"
66.249.65.164 - - [13/Jul/2025:14:33:31 +0000] "GET /?k=6856884011900&mod=365adce6&uri=form.php%3Fid%3D229001-385%26name%3Dowl+cole HTTP/1.1" 200 21438 "-" "Mozilla/5.0 (Linux; Android 6.0.1; Nexus 5X Build/MMB29P) AppleWebKit/537.36 (KHTML, like Gecko) Chrome/137.0.7151.103 Mobile Safari/537.36 (compatible; Googlebot/2.1; +http://www.google.com/bot.html)"
66.249.65.164 - - [13/Jul/2025:14:33:44 +0000] "GET /?k=47022372071900&mod=f1a860c4&uri=news.php%3Fid%3D1569255-336%26name%3Dborsone+da+viaggio+personalizzato+con+iniziali HTTP/1.1" 200 20856 "-" "Mozilla/5.0 (Linux; Android 6.0.1; Nexus 5X Build/MMB29P) AppleWebKit/537.36 (KHTML, like Gecko) Chrome/137.0.7151.103 Mobile Safari/537.36 (compatible; Googlebot/2.1; +http://www.google.com/bot.html)"
66.249.65.164 - - [13/Jul/2025:14:33:55 +0000] "POST /get-message-notify HTTP/1.1" 200 21421 "https://alalamy.com.au/?k=6753544071900&mod=b75fccec&uri=goods.php%3Fid%3D225551-233%26name%3Dpantalones+por+debajo+de+la+rodilla" "Mozilla/5.0 (Linux; Android 6.0.1; Nexus 5X Build/MMB29P) AppleWebKit/537.36 (KHTML, like Gecko) Chrome/137.0.7151.119 Mobile Safari/537.36 (compatible; Googlebot/2.1; +http://www.google.com/bot.html)"
66.249.65.164 - - [13/Jul/2025:14:33:58 +0000] "GET /?k=7488497031900&mod=c5b86fa9&uri=itm.php%3Fid%3D250099-141%26name%3Dkpop+ropa+hombre HTTP/1.1" 200 21943 "-" "Mozilla/5.0 (Linux; Android 6.0.1; Nexus 5X Build/MMB29P) AppleWebKit/537.36 (KHTML, like Gecko) Chrome/137.0.7151.103 Mobile Safari/537.36 (compatible; Googlebot/2.1; +http://www.google.com/bot.html)"
66.249.65.164 - - [13/Jul/2025:14:34:06 +0000] "GET /?k=5878655041900&mod=e07472e7&uri=products.php%3Fid%3D196313-341%26name%3Dplatos+de+melamina+mickey+mouse HTTP/1.1" 200 21709 "-" "Mozilla/5.0 (Linux; Android 6.0.1; Nexus 5X Build/MMB29P) AppleWebKit/537.36 (KHTML, like Gecko) Chrome/137.0.7151.103 Mobile Safari/537.36 (compatible; Googlebot/2.1; +http://www.google.com/bot.html)"
66.249.65.164 - - [13/Jul/2025:14:34:06 +0000] "GET /?k=7335259011900&mod=c242ee43&uri=blog.php%3Fid%3D244982-405%26name%3Dblack+ballet+flats+pointed+toe HTTP/1.1" 200 20639 "-" "Mozilla/5.0 (Linux; Android 6.0.1; Nexus 5X Build/MMB29P) AppleWebKit/537.36 (KHTML, like Gecko) Chrome/137.0.7151.103 Mobile Safari/537.36 (compatible; Googlebot/2.1; +http://www.google.com/bot.html)"
66.249.65.164 - - [13/Jul/2025:14:34:07 +0000] "GET /?k=7369009071900&mod=e9c519a8&uri=pin.php%3Fid%3D246107-407%26name%3Dbape+black+shark+hoodie HTTP/1.1" 200 21944 "-" "Mozilla/5.0 (Linux; Android 6.0.1; Nexus 5X Build/MMB29P) AppleWebKit/537.36 (KHTML, like Gecko) Chrome/137.0.7151.103 Mobile Safari/537.36 (compatible; Googlebot/2.1; +http://www.google.com/bot.html)"
66.249.65.164 - - [13/Jul/2025:14:34:20 +0000] "GET /?k=5854847011900&mod=e07472e7&uri=products.php%3Fid%3D195517-341%26name%3Djafra+legend+for+men+precio HTTP/1.1" 200 22376 "-" "Mozilla/5.0 (Linux; Android 6.0.1; Nexus 5X Build/MMB29P) AppleWebKit/537.36 (KHTML, like Gecko) Chrome/137.0.7151.103 Mobile Safari/537.36 (compatible; Googlebot/2.1; +http://www.google.com/bot.html)"
66.249.65.164 - - [13/Jul/2025:14:34:20 +0000] "GET /?k=37510558051900&mod=f3a15bc2&uri=dp.php%3Fid%3D1251940-455%26name%3Dmaid+of+honor+gifts+near+me HTTP/1.1" 200 21111 "-" "Mozilla/5.0 (Linux; Android 6.0.1; Nexus 5X Build/MMB29P) AppleWebKit/537.36 (KHTML, like Gecko) Chrome/137.0.7151.103 Mobile Safari/537.36 (compatible; Googlebot/2.1; +http://www.google.com/bot.html)"
66.249.65.164 - - [13/Jul/2025:14:34:21 +0000] "POST /get-message-notify HTTP/1.1" 200 21431 "https://alalamy.com.au/?k=6973634021900&mod=962ebbfe&uri=itm.php%3Fid%3D232896-394%26name%3Dsilpat+half+sheet+baking+mat" "Mozilla/5.0 (Linux; Android 6.0.1; Nexus 5X Build/MMB29P) AppleWebKit/537.36 (KHTML, like Gecko) Chrome/137.0.7151.119 Mobile Safari/537.36 (compatible; Googlebot/2.1; +http://www.google.com/bot.html)"
66.249.65.164 - - [13/Jul/2025:14:34:21 +0000] "GET /?k=7449944011900&mod=160c8865&uri=products.php%3Fid%3D248812-11%26name%3Dadidas+don+issue+toy+story HTTP/1.1" 200 22611 "-" "Mozilla/5.0 (Linux; Android 6.0.1; Nexus 5X Build/MMB29P) AppleWebKit/537.36 (KHTML, like Gecko) Chrome/137.0.7151.103 Mobile Safari/537.36 (compatible; Googlebot/2.1; +http://www.google.com/bot.html)"
66.249.65.164 - - [13/Jul/2025:14:34:34 +0000] "GET /?k=5908571031900&mod=7da8cfbd&uri=form.php%3Fid%3D197311-155%26name%3Dld+maui+11g2 HTTP/1.1" 200 21572 "-" "Mozilla/5.0 (Linux; Android 6.0.1; Nexus 5X Build/MMB29P) AppleWebKit/537.36 (KHTML, like Gecko) Chrome/137.0.7151.103 Mobile Safari/537.36 (compatible; Googlebot/2.1; +http://www.google.com/bot.html)"
66.249.65.164 - - [13/Jul/2025:14:34:35 +0000] "GET /?k=6996062011900&mod=962ebbfe&uri=itm.php%3Fid%3D233645-394%26name%3Dmccormick+marinade+for+chicken HTTP/1.1" 200 21973 "-" "Mozilla/5.0 (Linux; Android 6.0.1; Nexus 5X Build/MMB29P) AppleWebKit/537.36 (KHTML, like Gecko) Chrome/137.0.7151.103 Mobile Safari/537.36 (compatible; Googlebot/2.1; +http://www.google.com/bot.html)"
66.249.65.164 - - [13/Jul/2025:14:34:36 +0000] "POST /get-message-notify HTTP/1.1" 200 21438 "https://alalamy.com.au/?k=6563335021900&mod=0bb3498d&uri=form.php%3Fid%3D219208-367%26name%3Dozark+trail+sleeping+bag+liner" "Mozilla/5.0 (Linux; Android 6.0.1; Nexus 5X Build/MMB29P) AppleWebKit/537.36 (KHTML, like Gecko) Chrome/137.0.7151.119 Mobile Safari/537.36 (compatible; Googlebot/2.1; +http://www.google.com/bot.html)"
66.249.65.164 - - [13/Jul/2025:14:34:42 +0000] "GET /?k=7175701021900&mod=4d383d5c&uri=form.php%3Fid%3D239642-234%26name%3Delegante+winter+pullover+damen HTTP/1.1" 200 22532 "-" "Mozilla/5.0 (Linux; Android 6.0.1; Nexus 5X Build/MMB29P) AppleWebKit/537.36 (KHTML, like Gecko) Chrome/137.0.7151.103 Mobile Safari/537.36 (compatible; Googlebot/2.1; +http://www.google.com/bot.html)"
66.249.65.164 - - [13/Jul/2025:14:34:58 +0000] "GET /?k=6753185101900&mod=b75fccec&uri=category-info.php%3Fid%3D225539-233%26name%3Dpantalones+saga+falabella+mujer HTTP/1.1" 200 20864 "-" "Mozilla/5.0 (Linux; Android 6.0.1; Nexus 5X Build/MMB29P) AppleWebKit/537.36 (KHTML, like Gecko) Chrome/137.0.7151.103 Mobile Safari/537.36 (compatible; Googlebot/2.1; +http://www.google.com/bot.html)"
66.249.65.164 - - [13/Jul/2025:14:35:01 +0000] "POST /get-message-notify HTTP/1.1" 200 21425 "https://alalamy.com.au/?k=6856884011900&mod=365adce6&uri=form.php%3Fid%3D229001-385%26name%3Dowl+cole" "Mozilla/5.0 (Linux; Android 6.0.1; Nexus 5X Build/MMB29P) AppleWebKit/537.36 (KHTML, like Gecko) Chrome/137.0.7151.119 Mobile Safari/537.36 (compatible; Googlebot/2.1; +http://www.google.com/bot.html)"
