66.249.65.164 - - [13/Jul/2025:13:33:49 +0000] "GET /?k=10936472141900&mod=b9b993f4&uri=search.php%3Fid%3D365153-387%26name%3Dat+home+chest+and+back+workout+no+weights HTTP/1.1" 200 21582 "-" "Mozilla/5.0 (Linux; Android 6.0.1; Nexus 5X Build/MMB29P) AppleWebKit/537.36 (KHTML, like Gecko) Chrome/137.0.7151.103 Mobile Safari/537.36 (compatible; Googlebot/2.1; +http://www.google.com/bot.html)"
66.249.65.164 - - [13/Jul/2025:13:33:52 +0000] "GET /?k=10932182061900&mod=b9b993f4&uri=news.php%3Fid%3D365010-387%26name%3Dspin+bike+target HTTP/1.1" 200 21921 "-" "Mozilla/5.0 (Linux; Android 6.0.1; Nexus 5X Build/MMB29P) AppleWebKit/537.36 (KHTML, like Gecko) Chrome/137.0.7151.103 Mobile Safari/537.36 (compatible; Googlebot/2.1; +http://www.google.com/bot.html)"
66.249.65.165 - - [13/Jul/2025:13:33:58 +0000] "GET /?k=6950944051900&mod=20ea88ff&uri=news.php%3Fid%3D232139-390%26name%3Dspiridon+16+nic HTTP/1.1" 200 21176 "-" "Mozilla/5.0 (Linux; Android 6.0.1; Nexus 5X Build/MMB29P) AppleWebKit/537.36 (KHTML, like Gecko) Chrome/137.0.7151.103 Mobile Safari/537.36 (compatible; Googlebot/2.1; +http://www.google.com/bot.html)"
66.249.65.164 - - [13/Jul/2025:13:34:00 +0000] "GET /?k=6974054021900&mod=962ebbfe&uri=form.php%3Fid%3D232910-394%26name%3Dtwo+plate+stove+price HTTP/1.1" 200 21931 "-" "Mozilla/5.0 (Linux; Android 6.0.1; Nexus 5X Build/MMB29P) AppleWebKit/537.36 (KHTML, like Gecko) Chrome/137.0.7151.103 Mobile Safari/537.36 (compatible; Googlebot/2.1; +http://www.google.com/bot.html)"
66.249.65.165 - - [13/Jul/2025:13:34:02 +0000] "POST /get-message-notify HTTP/1.1" 200 21422 "https://alalamy.com.au/?k=10932182061900&mod=b9b993f4&uri=news.php%3Fid%3D365010-387%26name%3Dspin+bike+target" "Mozilla/5.0 (Linux; Android 6.0.1; Nexus 5X Build/MMB29P) AppleWebKit/537.36 (KHTML, like Gecko) Chrome/137.0.7151.119 Mobile Safari/537.36 (compatible; Googlebot/2.1; +http://www.google.com/bot.html)"
66.249.65.164 - - [13/Jul/2025:13:34:07 +0000] "GET /?k=8611631081900&mod=b9b993f4&uri=itm.php%3Fid%3D287562-387%26name%3Dweak+hamstrings+strong+quads HTTP/1.1" 200 21820 "-" "Mozilla/5.0 (Linux; Android 6.0.1; Nexus 5X Build/MMB29P) AppleWebKit/537.36 (KHTML, like Gecko) Chrome/137.0.7151.103 Mobile Safari/537.36 (compatible; Googlebot/2.1; +http://www.google.com/bot.html)"
66.249.65.164 - - [13/Jul/2025:13:34:07 +0000] "GET /?k=5874348011900&mod=e07472e7&uri=search.php%3Fid%3D196169-341%26name%3Danteojos+de+piloto+aviador HTTP/1.1" 200 22448 "-" "Mozilla/5.0 (Linux; Android 6.0.1; Nexus 5X Build/MMB29P) AppleWebKit/537.36 (KHTML, like Gecko) Chrome/137.0.7151.103 Mobile Safari/537.36 (compatible; Googlebot/2.1; +http://www.google.com/bot.html)"
66.249.65.164 - - [13/Jul/2025:13:34:11 +0000] "GET /?k=5853587011900&mod=10826cbc&uri=category-info.php%3Fid%3D195475-340%26name%3Dnew+balance+kids%27+grade+school+690v2+trail+running+shoes HTTP/1.1" 200 20911 "-" "Mozilla/5.0 (Linux; Android 6.0.1; Nexus 5X Build/MMB29P) AppleWebKit/537.36 (KHTML, like Gecko) Chrome/137.0.7151.103 Mobile Safari/537.36 (compatible; Googlebot/2.1; +http://www.google.com/bot.html)"
66.249.65.164 - - [13/Jul/2025:13:34:14 +0000] "POST /get-message-notify HTTP/1.1" 200 21429 "https://alalamy.com.au/?k=6960784021900&mod=962ebbfe&uri=brands.php%3Fid%3D232467-394%26name%3Dgascraft+tailgate+burner+grill+with+smoker" "Mozilla/5.0 (Linux; Android 6.0.1; Nexus 5X Build/MMB29P) AppleWebKit/537.36 (KHTML, like Gecko) Chrome/137.0.7151.119 Mobile Safari/537.36 (compatible; Googlebot/2.1; +http://www.google.com/bot.html)"
66.249.65.164 - - [13/Jul/2025:13:34:15 +0000] "GET /?k=37424312081900&mod=f6065e82&uri=itm.php%3Fid%3D1249065-649%26name%3Dmotorhome+bike+lift HTTP/1.1" 200 21278 "-" "Mozilla/5.0 (Linux; Android 6.0.1; Nexus 5X Build/MMB29P) AppleWebKit/537.36 (KHTML, like Gecko) Chrome/137.0.7151.103 Mobile Safari/537.36 (compatible; Googlebot/2.1; +http://www.google.com/bot.html)"
66.249.65.164 - - [13/Jul/2025:13:34:17 +0000] "GET /?k=5855897041900&mod=e07472e7&uri=pin.php%3Fid%3D195552-341%26name%3Dmasaje+relajante+con+pindas+herbales HTTP/1.1" 200 21800 "-" "Mozilla/5.0 (Linux; Android 6.0.1; Nexus 5X Build/MMB29P) AppleWebKit/537.36 (KHTML, like Gecko) Chrome/137.0.7151.103 Mobile Safari/537.36 (compatible; Googlebot/2.1; +http://www.google.com/bot.html)"
66.249.65.164 - - [13/Jul/2025:13:34:21 +0000] "GET /?k=7054160041900&mod=156cc497&uri=info.php%3Fid%3D235585-396%26name%3Dbasket+puma+haute+femme HTTP/1.1" 200 20877 "-" "Mozilla/5.0 (Linux; Android 6.0.1; Nexus 5X Build/MMB29P) AppleWebKit/537.36 (KHTML, like Gecko) Chrome/137.0.7151.103 Mobile Safari/537.36 (compatible; Googlebot/2.1; +http://www.google.com/bot.html)"
66.249.65.164 - - [13/Jul/2025:13:34:25 +0000] "GET /?k=5872308021900&mod=e07472e7&uri=shared.php%3Fid%3D196101-341%26name%3Dclinica+de+masajes+relajantes+en+san+salvador HTTP/1.1" 200 22540 "-" "Mozilla/5.0 (Linux; Android 6.0.1; Nexus 5X Build/MMB29P) AppleWebKit/537.36 (KHTML, like Gecko) Chrome/137.0.7151.103 Mobile Safari/537.36 (compatible; Googlebot/2.1; +http://www.google.com/bot.html)"
66.249.65.164 - - [13/Jul/2025:13:34:29 +0000] "GET /?k=5877948011900&mod=e07472e7&uri=shared.php%3Fid%3D196289-341%26name%3Dterapia+masoterapia HTTP/1.1" 200 21946 "-" "Mozilla/5.0 (Linux; Android 6.0.1; Nexus 5X Build/MMB29P) AppleWebKit/537.36 (KHTML, like Gecko) Chrome/137.0.7151.103 Mobile Safari/537.36 (compatible; Googlebot/2.1; +http://www.google.com/bot.html)"
66.249.65.164 - - [13/Jul/2025:13:34:34 +0000] "GET /?k=5854487051900&mod=0aa00939&uri=category-info.php%3Fid%3D195505-339%26name%3Dadidas+originals+germany+90 HTTP/1.1" 200 22159 "-" "Mozilla/5.0 (Linux; Android 6.0.1; Nexus 5X Build/MMB29P) AppleWebKit/537.36 (KHTML, like Gecko) Chrome/137.0.7151.103 Mobile Safari/537.36 (compatible; Googlebot/2.1; +http://www.google.com/bot.html)"
66.249.65.164 - - [13/Jul/2025:13:34:43 +0000] "GET /?k=6858564021900&mod=365adce6&uri=products.php%3Fid%3D229057-385%26name%3Dasus+zenwatch+battery HTTP/1.1" 200 20524 "-" "Mozilla/5.0 (Linux; Android 6.0.1; Nexus 5X Build/MMB29P) AppleWebKit/537.36 (KHTML, like Gecko) Chrome/137.0.7151.103 Mobile Safari/537.36 (compatible; Googlebot/2.1; +http://www.google.com/bot.html)"
66.249.65.165 - - [13/Jul/2025:13:34:46 +0000] "GET /?k=6886746031900&mod=d8d7e7b1&uri=search.php%3Fid%3D229997-383%26name%3Dalexis+nuray+lace+mini+dress HTTP/1.1" 200 22017 "-" "Mozilla/5.0 (Linux; Android 6.0.1; Nexus 5X Build/MMB29P) AppleWebKit/537.36 (KHTML, like Gecko) Chrome/137.0.7151.103 Mobile Safari/537.36 (compatible; Googlebot/2.1; +http://www.google.com/bot.html)"
66.249.65.165 - - [13/Jul/2025:13:34:50 +0000] "GET /?k=7349179021900&mod=c242ee43&uri=goods.php%3Fid%3D245446-405%26name%3Dwomens+nike+air+max+famous+footwear HTTP/1.1" 200 20892 "-" "Mozilla/5.0 (Linux; Android 6.0.1; Nexus 5X Build/MMB29P) AppleWebKit/537.36 (KHTML, like Gecko) Chrome/137.0.7151.103 Mobile Safari/537.36 (compatible; Googlebot/2.1; +http://www.google.com/bot.html)"
66.249.65.165 - - [13/Jul/2025:13:34:54 +0000] "POST /get-message-notify HTTP/1.1" 200 21433 "https://alalamy.com.au/?k=6858564021900&mod=365adce6&uri=products.php%3Fid%3D229057-385%26name%3Dasus+zenwatch+battery" "Mozilla/5.0 (Linux; Android 6.0.1; Nexus 5X Build/MMB29P) AppleWebKit/537.36 (KHTML, like Gecko) Chrome/137.0.7151.119 Mobile Safari/537.36 (compatible; Googlebot/2.1; +http://www.google.com/bot.html)"
66.249.65.165 - - [13/Jul/2025:13:34:54 +0000] "POST /get-message-notify HTTP/1.1" 200 21425 "https://alalamy.com.au/?k=10936472141900&mod=b9b993f4&uri=search.php%3Fid%3D365153-387%26name%3Dat+home+chest+and+back+workout+no+weights" "Mozilla/5.0 (Linux; Android 6.0.1; Nexus 5X Build/MMB29P) AppleWebKit/537.36 (KHTML, like Gecko) Chrome/137.0.7151.119 Mobile Safari/537.36 (compatible; Googlebot/2.1; +http://www.google.com/bot.html)"
66.249.65.164 - - [13/Jul/2025:13:34:56 +0000] "GET /?k=6884046031900&mod=0afe1037&uri=goods.php%3Fid%3D229907-345%26name%3Dpantalon+dos+colores+pull+and+bear HTTP/1.1" 200 22093 "-" "Mozilla/5.0 (Linux; Android 6.0.1; Nexus 5X Build/MMB29P) AppleWebKit/537.36 (KHTML, like Gecko) Chrome/137.0.7151.103 Mobile Safari/537.36 (compatible; Googlebot/2.1; +http://www.google.com/bot.html)"
66.249.65.165 - - [13/Jul/2025:13:34:56 +0000] "POST /get-message-notify HTTP/1.1" 200 21414 "https://alalamy.com.au/?k=6886746031900&mod=d8d7e7b1&uri=search.php%3Fid%3D229997-383%26name%3Dalexis+nuray+lace+mini+dress" "Mozilla/5.0 (Linux; Android 6.0.1; Nexus 5X Build/MMB29P) AppleWebKit/537.36 (KHTML, like Gecko) Chrome/137.0.7151.119 Mobile Safari/537.36 (compatible; Googlebot/2.1; +http://www.google.com/bot.html)"
66.249.65.165 - - [13/Jul/2025:13:34:56 +0000] "GET /?k=119683333041900&mod=8646de4b&uri=products.php%3Fid%3D3994198-484%26name%3Dshein+dalmatian+print+bikini HTTP/1.1" 200 21071 "-" "Mozilla/5.0 (Linux; Android 6.0.1; Nexus 5X Build/MMB29P) AppleWebKit/537.36 (KHTML, like Gecko) Chrome/137.0.7151.103 Mobile Safari/537.36 (compatible; Googlebot/2.1; +http://www.google.com/bot.html)"
66.249.65.164 - - [13/Jul/2025:13:35:00 +0000] "GET /?k=7067148031900&mod=156cc497&uri=brands.php%3Fid%3D236019-396%26name%3Dchaussure+femme+pied+large+gemo HTTP/1.1" 200 21322 "-" "Mozilla/5.0 (Linux; Android 6.0.1; Nexus 5X Build/MMB29P) AppleWebKit/537.36 (KHTML, like Gecko) Chrome/137.0.7151.103 Mobile Safari/537.36 (compatible; Googlebot/2.1; +http://www.google.com/bot.html)"
66.249.65.165 - - [13/Jul/2025:13:35:03 +0000] "GET /?k=5855477041900&mod=672cda1d&uri=shared.php%3Fid%3D195538-338%26name%3Dadidas+china+free+shipping+en+espa%C3%83%C2%B1ol HTTP/1.1" 200 21649 "-" "Mozilla/5.0 (Linux; Android 6.0.1; Nexus 5X Build/MMB29P) AppleWebKit/537.36 (KHTML, like Gecko) Chrome/137.0.7151.103 Mobile Safari/537.36 (compatible; Googlebot/2.1; +http://www.google.com/bot.html)"
66.249.65.164 - - [13/Jul/2025:13:35:04 +0000] "POST /get-message-notify HTTP/1.1" 200 21429 "https://alalamy.com.au/?k=7067148031900&mod=156cc497&uri=brands.php%3Fid%3D236019-396%26name%3Dchaussure+femme+pied+large+gemo" "Mozilla/5.0 (Linux; Android 6.0.1; Nexus 5X Build/MMB29P) AppleWebKit/537.36 (KHTML, like Gecko) Chrome/137.0.7151.119 Mobile Safari/537.36 (compatible; Googlebot/2.1; +http://www.google.com/bot.html)"
66.249.65.165 - - [13/Jul/2025:13:35:07 +0000] "GET /?k=5870988031900&mod=e07472e7&uri=article.php%3Fid%3D196057-341%26name%3Dlocion+christian+dior+hombre+precio HTTP/1.1" 200 21519 "-" "Mozilla/5.0 (Linux; Android 6.0.1; Nexus 5X Build/MMB29P) AppleWebKit/537.36 (KHTML, like Gecko) Chrome/137.0.7151.103 Mobile Safari/537.36 (compatible; Googlebot/2.1; +http://www.google.com/bot.html)"
66.249.65.165 - - [13/Jul/2025:13:35:07 +0000] "GET /?k=5871948051900&mod=e07472e7&uri=article.php%3Fid%3D196089-341%26name%3Dcentro+de+experiencia+spa HTTP/1.1" 200 22300 "-" "Mozilla/5.0 (Linux; Android 6.0.1; Nexus 5X Build/MMB29P) AppleWebKit/537.36 (KHTML, like Gecko) Chrome/137.0.7151.103 Mobile Safari/537.36 (compatible; Googlebot/2.1; +http://www.google.com/bot.html)"
66.249.65.165 - - [13/Jul/2025:13:35:07 +0000] "GET /?k=7333699021900&mod=9078b6ab&uri=blog.php%3Fid%3D244930-222%26name%3Dorange+blue+black+jordans HTTP/1.1" 200 22053 "-" "Mozilla/5.0 (Linux; Android 6.0.1; Nexus 5X Build/MMB29P) AppleWebKit/537.36 (KHTML, like Gecko) Chrome/137.0.7151.103 Mobile Safari/537.36 (compatible; Googlebot/2.1; +http://www.google.com/bot.html)"
66.249.65.165 - - [13/Jul/2025:13:35:08 +0000] "GET /?k=6817450001900&mod=cb45a111&uri=pin.php%3Fid%3D227686-381%26name%3Dscarpe+per+camminare+in+montagna+donna HTTP/1.1" 200 22320 "-" "Mozilla/5.0 (Linux; Android 6.0.1; Nexus 5X Build/MMB29P) AppleWebKit/537.36 (KHTML, like Gecko) Chrome/137.0.7151.103 Mobile Safari/537.36 (compatible; Googlebot/2.1; +http://www.google.com/bot.html)"
66.249.65.165 - - [13/Jul/2025:13:35:10 +0000] "POST /get-message-notify HTTP/1.1" 200 21422 "https://alalamy.com.au/?k=5871948051900&mod=e07472e7&uri=article.php%3Fid%3D196089-341%26name%3Dcentro+de+experiencia+spa" "Mozilla/5.0 (Linux; Android 6.0.1; Nexus 5X Build/MMB29P) AppleWebKit/537.36 (KHTML, like Gecko) Chrome/137.0.7151.119 Mobile Safari/537.36 (compatible; Googlebot/2.1; +http://www.google.com/bot.html)"
66.249.65.164 - - [13/Jul/2025:13:35:14 +0000] "GET /?k=7067977011900&mod=156cc497&uri=info.php%3Fid%3D236047-396%26name%3Dchaussure+rouge+femme+g%C3%83%C2%A9mo HTTP/1.1" 200 21065 "-" "Mozilla/5.0 (Linux; Android 6.0.1; Nexus 5X Build/MMB29P) AppleWebKit/537.36 (KHTML, like Gecko) Chrome/137.0.7151.103 Mobile Safari/537.36 (compatible; Googlebot/2.1; +http://www.google.com/bot.html)"
66.249.65.164 - - [13/Jul/2025:13:35:15 +0000] "POST /get-message-notify HTTP/1.1" 200 21424 "https://alalamy.com.au/?k=5855897041900&mod=e07472e7&uri=pin.php%3Fid%3D195552-341%26name%3Dmasaje+relajante+con+pindas+herbales" "Mozilla/5.0 (Linux; Android 6.0.1; Nexus 5X Build/MMB29P) AppleWebKit/537.36 (KHTML, like Gecko) Chrome/137.0.7151.119 Mobile Safari/537.36 (compatible; Googlebot/2.1; +http://www.google.com/bot.html)"
66.249.65.164 - - [13/Jul/2025:13:35:17 +0000] "POST /get-message-notify HTTP/1.1" 200 21420 "https://alalamy.com.au/?k=7067977011900&mod=156cc497&uri=info.php%3Fid%3D236047-396%26name%3Dchaussure+rouge+femme+g%C3%83%C2%A9mo" "Mozilla/5.0 (Linux; Android 6.0.1; Nexus 5X Build/MMB29P) AppleWebKit/537.36 (KHTML, like Gecko) Chrome/137.0.7151.119 Mobile Safari/537.36 (compatible; Googlebot/2.1; +http://www.google.com/bot.html)"
66.249.65.164 - - [13/Jul/2025:13:35:18 +0000] "GET /?k=5853137011900&mod=10826cbc&uri=form.php%3Fid%3D195460-340%26name%3Ddr+martens+quad+retro+usa HTTP/1.1" 200 20410 "-" "Mozilla/5.0 (Linux; Android 6.0.1; Nexus 5X Build/MMB29P) AppleWebKit/537.36 (KHTML, like Gecko) Chrome/137.0.7151.103 Mobile Safari/537.36 (compatible; Googlebot/2.1; +http://www.google.com/bot.html)"
66.249.65.164 - - [13/Jul/2025:13:35:22 +0000] "GET /?k=5870169051900&mod=e07472e7&uri=search.php%3Fid%3D196029-341%26name%3Dpicplus+liliana+precio HTTP/1.1" 200 21546 "-" "Mozilla/5.0 (Linux; Android 6.0.1; Nexus 5X Build/MMB29P) AppleWebKit/537.36 (KHTML, like Gecko) Chrome/137.0.7151.103 Mobile Safari/537.36 (compatible; Googlebot/2.1; +http://www.google.com/bot.html)"
66.249.65.164 - - [13/Jul/2025:13:35:25 +0000] "GET /?k=6991693061900&mod=962ebbfe&uri=news.php%3Fid%3D233498-394%26name%3Dbest+hand+coffee+grinder+reddit HTTP/1.1" 200 22501 "-" "Mozilla/5.0 (Linux; Android 6.0.1; Nexus 5X Build/MMB29P) AppleWebKit/537.36 (KHTML, like Gecko) Chrome/137.0.7151.103 Mobile Safari/537.36 (compatible; Googlebot/2.1; +http://www.google.com/bot.html)"
66.249.65.164 - - [13/Jul/2025:13:35:26 +0000] "GET /?k=6974354001900&mod=962ebbfe&uri=info.php%3Fid%3D232920-394%26name%3Dwaring+commercial+juice+extractor HTTP/1.1" 200 21772 "-" "Mozilla/5.0 (Linux; Android 6.0.1; Nexus 5X Build/MMB29P) AppleWebKit/537.36 (KHTML, like Gecko) Chrome/137.0.7151.103 Mobile Safari/537.36 (compatible; Googlebot/2.1; +http://www.google.com/bot.html)"
66.249.65.164 - - [13/Jul/2025:13:35:27 +0000] "POST /get-message-notify HTTP/1.1" 200 21424 "https://alalamy.com.au/?k=5853137011900&mod=10826cbc&uri=form.php%3Fid%3D195460-340%26name%3Ddr+martens+quad+retro+usa" "Mozilla/5.0 (Linux; Android 6.0.1; Nexus 5X Build/MMB29P) AppleWebKit/537.36 (KHTML, like Gecko) Chrome/137.0.7151.119 Mobile Safari/537.36 (compatible; Googlebot/2.1; +http://www.google.com/bot.html)"
66.249.65.164 - - [13/Jul/2025:13:35:29 +0000] "POST /get-message-notify HTTP/1.1" 200 21424 "https://alalamy.com.au/?k=5870988031900&mod=e07472e7&uri=article.php%3Fid%3D196057-341%26name%3Dlocion+christian+dior+hombre+precio" "Mozilla/5.0 (Linux; Android 6.0.1; Nexus 5X Build/MMB29P) AppleWebKit/537.36 (KHTML, like Gecko) Chrome/137.0.7151.119 Mobile Safari/537.36 (compatible; Googlebot/2.1; +http://www.google.com/bot.html)"
209.74.77.214 - - [13/Jul/2025:13:35:33 +0000] "POST /wp-cron.php?doing_wp_cron=1752413733.3181359767913818359375 HTTP/1.1" 200 - "-" "WordPress/6.8.1; https://alalamy.com.au"
54.36.148.154 - - [13/Jul/2025:13:35:32 +0000] "GET /?k=95944830001900&uri=products.php%3Fid%3D3201900-1584%26name%3Dbedding%20and%20cushions HTTP/1.1" 200 26568 "-" "Mozilla/5.0 (compatible; AhrefsBot/7.0; +http://ahrefs.com/robot/)"
209.74.77.214 - - [13/Jul/2025:13:35:33 +0000] "POST /wp-admin/admin-ajax.php?action=async_litespeed&nonce=27ZQQcNQb80SwhTj4oXyQAQS7zotR62n&litespeed_type=imgoptm HTTP/1.1" 200 21 "-" "WordPress/6.8.1; https://alalamy.com.au"
66.249.65.164 - - [13/Jul/2025:13:35:34 +0000] "GET /?k=5856371041900&mod=e07472e7&uri=shop.php%3Fid%3D195568-341%26name%3Dmasaje+tuina+t%C3%83%C2%A9cnicas HTTP/1.1" 200 21602 "-" "Mozilla/5.0 (Linux; Android 6.0.1; Nexus 5X Build/MMB29P) AppleWebKit/537.36 (KHTML, like Gecko) Chrome/137.0.7151.103 Mobile Safari/537.36 (compatible; Googlebot/2.1; +http://www.google.com/bot.html)"
66.249.65.164 - - [13/Jul/2025:13:35:35 +0000] "GET /?k=7437644021900&mod=16bb35ba&uri=product.php%3Fid%3D248402-81%26name%3Dpoltrona+conchiglia+velluto+rosa HTTP/1.1" 200 22202 "-" "Mozilla/5.0 (Linux; Android 6.0.1; Nexus 5X Build/MMB29P) AppleWebKit/537.36 (KHTML, like Gecko) Chrome/137.0.7151.103 Mobile Safari/537.36 (compatible; Googlebot/2.1; +http://www.google.com/bot.html)"
66.249.65.165 - - [13/Jul/2025:13:35:38 +0000] "GET /?k=6995342061900&mod=3d1327c1&uri=blog.php%3Fid%3D233621-395%26name%3Ddeco+table+chic HTTP/1.1" 200 20388 "-" "Mozilla/5.0 (Linux; Android 6.0.1; Nexus 5X Build/MMB29P) AppleWebKit/537.36 (KHTML, like Gecko) Chrome/137.0.7151.103 Mobile Safari/537.36 (compatible; Googlebot/2.1; +http://www.google.com/bot.html)"
66.249.65.164 - - [13/Jul/2025:13:35:38 +0000] "GET /?k=119851406041900&mod=41814002&uri=dp.php%3Fid%3D3999804-321%26name%3Dlarge+pit+bull+breeds HTTP/1.1" 200 21662 "-" "Mozilla/5.0 (Linux; Android 6.0.1; Nexus 5X Build/MMB29P) AppleWebKit/537.36 (KHTML, like Gecko) Chrome/137.0.7151.103 Mobile Safari/537.36 (compatible; Googlebot/2.1; +http://www.google.com/bot.html)"
66.249.65.165 - - [13/Jul/2025:13:35:44 +0000] "POST /get-message-notify HTTP/1.1" 200 21432 "https://alalamy.com.au/?k=7437644021900&mod=16bb35ba&uri=product.php%3Fid%3D248402-81%26name%3Dpoltrona+conchiglia+velluto+rosa" "Mozilla/5.0 (Linux; Android 6.0.1; Nexus 5X Build/MMB29P) AppleWebKit/537.36 (KHTML, like Gecko) Chrome/137.0.7151.119 Mobile Safari/537.36 (compatible; Googlebot/2.1; +http://www.google.com/bot.html)"
66.249.65.165 - - [13/Jul/2025:13:35:45 +0000] "GET /?k=119854286101900&mod=b597d2ce&uri=dp.php%3Fid%3D3999900-648%26name%3Dzainetto+pelle+vintage HTTP/1.1" 200 19972 "-" "Mozilla/5.0 (Linux; Android 6.0.1; Nexus 5X Build/MMB29P) AppleWebKit/537.36 (KHTML, like Gecko) Chrome/137.0.7151.103 Mobile Safari/537.36 (compatible; Googlebot/2.1; +http://www.google.com/bot.html)"
66.249.65.166 - - [13/Jul/2025:13:36:07 +0000] "GET /?k=5875008011900&mod=e07472e7&uri=form.php%3Fid%3D196191-341%26name%3Done+million+lucky+caballero HTTP/1.1" 200 22354 "-" "Mozilla/5.0 (Linux; Android 6.0.1; Nexus 5X Build/MMB29P) AppleWebKit/537.36 (KHTML, like Gecko) Chrome/137.0.7151.103 Mobile Safari/537.36 (compatible; Googlebot/2.1; +http://www.google.com/bot.html)"
66.249.65.165 - - [13/Jul/2025:13:36:21 +0000] "GET /?k=8390802031900&mod=0bb3498d&uri=shared.php%3Fid%3D280199-367%26name%3Dluxury+camping+equipment HTTP/1.1" 200 21146 "-" "Mozilla/5.0 (Linux; Android 6.0.1; Nexus 5X Build/MMB29P) AppleWebKit/537.36 (KHTML, like Gecko) Chrome/137.0.7151.103 Mobile Safari/537.36 (compatible; Googlebot/2.1; +http://www.google.com/bot.html)"
66.249.65.165 - - [13/Jul/2025:13:36:21 +0000] "GET /?k=6978134041900&mod=962ebbfe&uri=dp.php%3Fid%3D233046-394%26name%3Dgold+dishware HTTP/1.1" 200 22503 "-" "Mozilla/5.0 (Linux; Android 6.0.1; Nexus 5X Build/MMB29P) AppleWebKit/537.36 (KHTML, like Gecko) Chrome/137.0.7151.103 Mobile Safari/537.36 (compatible; Googlebot/2.1; +http://www.google.com/bot.html)"
66.249.65.164 - - [13/Jul/2025:13:36:23 +0000] "POST /get-message-notify HTTP/1.1" 200 21415 "https://alalamy.com.au/?k=5875008011900&mod=e07472e7&uri=form.php%3Fid%3D196191-341%26name%3Done+million+lucky+caballero" "Mozilla/5.0 (Linux; Android 6.0.1; Nexus 5X Build/MMB29P) AppleWebKit/537.36 (KHTML, like Gecko) Chrome/137.0.7151.119 Mobile Safari/537.36 (compatible; Googlebot/2.1; +http://www.google.com/bot.html)"
66.249.65.164 - - [13/Jul/2025:13:36:28 +0000] "GET /?k=6693515071900&mod=1366e101&uri=pin.php%3Fid%3D223548-376%26name%3Dinvader+zim+all+episodes+free HTTP/1.1" 200 20844 "-" "Mozilla/5.0 (Linux; Android 6.0.1; Nexus 5X Build/MMB29P) AppleWebKit/537.36 (KHTML, like Gecko) Chrome/137.0.7151.103 Mobile Safari/537.36 (compatible; Googlebot/2.1; +http://www.google.com/bot.html)"
66.249.65.164 - - [13/Jul/2025:13:36:35 +0000] "POST /get-message-notify HTTP/1.1" 200 21436 "https://alalamy.com.au/?k=119852396021900&mod=41814002&uri=brands.php%3Fid%3D3999837-321%26name%3Dfree+kittens+in" "Mozilla/5.0 (Linux; Android 6.0.1; Nexus 5X Build/MMB29P) AppleWebKit/537.36 (KHTML, like Gecko) Chrome/137.0.7151.119 Mobile Safari/537.36 (compatible; Googlebot/2.1; +http://www.google.com/bot.html)"
66.249.65.164 - - [13/Jul/2025:13:36:50 +0000] "GET /?k=7068517011900&mod=156cc497&uri=shop.php%3Fid%3D236065-396%26name%3Djacadi+chaussures+garcon HTTP/1.1" 200 21688 "-" "Mozilla/5.0 (Linux; Android 6.0.1; Nexus 5X Build/MMB29P) AppleWebKit/537.36 (KHTML, like Gecko) Chrome/137.0.7151.103 Mobile Safari/537.36 (compatible; Googlebot/2.1; +http://www.google.com/bot.html)"
66.249.65.164 - - [13/Jul/2025:13:36:53 +0000] "GET /?k=6691595031900&mod=1366e101&uri=pin.php%3Fid%3D223484-376%26name%3Damazing+world+of+gumball+kisscartoon HTTP/1.1" 200 22498 "-" "Mozilla/5.0 (Linux; Android 6.0.1; Nexus 5X Build/MMB29P) AppleWebKit/537.36 (KHTML, like Gecko) Chrome/137.0.7151.103 Mobile Safari/537.36 (compatible; Googlebot/2.1; +http://www.google.com/bot.html)"
66.249.65.164 - - [13/Jul/2025:13:37:03 +0000] "POST /get-message-notify HTTP/1.1" 200 21418 "https://alalamy.com.au/?k=6691595031900&mod=1366e101&uri=pin.php%3Fid%3D223484-376%26name%3Damazing+world+of+gumball+kisscartoon" "Mozilla/5.0 AppleWebKit/537.36 (KHTML, like Gecko; compatible; Googlebot/2.1; +http://www.google.com/bot.html) Chrome/137.0.7151.119 Safari/537.36"
66.249.65.164 - - [13/Jul/2025:13:37:05 +0000] "GET /?k=6701915061900&mod=1366e101&uri=form.php%3Fid%3D223828-376%26name%3Dwatch+thelma+2017+online HTTP/1.1" 200 21470 "-" "Mozilla/5.0 (Linux; Android 6.0.1; Nexus 5X Build/MMB29P) AppleWebKit/537.36 (KHTML, like Gecko) Chrome/137.0.7151.103 Mobile Safari/537.36 (compatible; Googlebot/2.1; +http://www.google.com/bot.html)"
66.249.65.164 - - [13/Jul/2025:13:37:07 +0000] "POST /get-message-notify HTTP/1.1" 200 21441 "https://alalamy.com.au/?k=119851406041900&mod=41814002&uri=dp.php%3Fid%3D3999804-321%26name%3Dlarge+pit+bull+breeds" "Mozilla/5.0 (Linux; Android 6.0.1; Nexus 5X Build/MMB29P) AppleWebKit/537.36 (KHTML, like Gecko) Chrome/137.0.7151.119 Mobile Safari/537.36 (compatible; Googlebot/2.1; +http://www.google.com/bot.html)"
66.249.65.164 - - [13/Jul/2025:13:37:21 +0000] "GET /?k=6568015081900&mod=0bb3498d&uri=shop.php%3Fid%3D219364-367%26name%3Dbreathable+groundsheet HTTP/1.1" 200 20790 "-" "Mozilla/5.0 (Linux; Android 6.0.1; Nexus 5X Build/MMB29P) AppleWebKit/537.36 (KHTML, like Gecko) Chrome/137.0.7151.103 Mobile Safari/537.36 (compatible; Googlebot/2.1; +http://www.google.com/bot.html)"
66.249.65.164 - - [13/Jul/2025:13:37:31 +0000] "POST /get-message-notify HTTP/1.1" 200 21430 "https://alalamy.com.au/?k=7333699021900&mod=9078b6ab&uri=blog.php%3Fid%3D244930-222%26name%3Dorange+blue+black+jordans" "Mozilla/5.0 (Linux; Android 6.0.1; Nexus 5X Build/MMB29P) AppleWebKit/537.36 (KHTML, like Gecko) Chrome/137.0.7151.119 Mobile Safari/537.36 (compatible; Googlebot/2.1; +http://www.google.com/bot.html)"
66.249.65.164 - - [13/Jul/2025:13:37:47 +0000] "GET /?k=6562165081900&mod=0bb3498d&uri=blog.php%3Fid%3D219169-367%26name%3Dfairy+down+sleeping+bag HTTP/1.1" 200 20930 "-" "Mozilla/5.0 (Linux; Android 6.0.1; Nexus 5X Build/MMB29P) AppleWebKit/537.36 (KHTML, like Gecko) Chrome/137.0.7151.103 Mobile Safari/537.36 (compatible; Googlebot/2.1; +http://www.google.com/bot.html)"
66.249.65.164 - - [13/Jul/2025:13:38:02 +0000] "GET /?k=6687277091900&mod=1366e101&uri=info.php%3Fid%3D223340-376%26name%3Dthis+is+us+season+episode+14+watch+online HTTP/1.1" 200 21321 "-" "Mozilla/5.0 (Linux; Android 6.0.1; Nexus 5X Build/MMB29P) AppleWebKit/537.36 (KHTML, like Gecko) Chrome/137.0.7151.103 Mobile Safari/537.36 (compatible; Googlebot/2.1; +http://www.google.com/bot.html)"
66.249.65.165 - - [13/Jul/2025:13:38:09 +0000] "GET /?k=6559825001900&mod=0bb3498d&uri=form.php%3Fid%3D219091-367%26name%3Dice+fishing+sled+shelter HTTP/1.1" 200 22271 "-" "Mozilla/5.0 (Linux; Android 6.0.1; Nexus 5X Build/MMB29P) AppleWebKit/537.36 (KHTML, like Gecko) Chrome/137.0.7151.103 Mobile Safari/537.36 (compatible; Googlebot/2.1; +http://www.google.com/bot.html)"
66.249.65.164 - - [13/Jul/2025:13:38:16 +0000] "POST /get-message-notify HTTP/1.1" 200 21419 "https://alalamy.com.au/?k=6559825001900&mod=0bb3498d&uri=form.php%3Fid%3D219091-367%26name%3Dice+fishing+sled+shelter" "Mozilla/5.0 (Linux; Android 6.0.1; Nexus 5X Build/MMB29P) AppleWebKit/537.36 (KHTML, like Gecko) Chrome/137.0.7151.119 Mobile Safari/537.36 (compatible; Googlebot/2.1; +http://www.google.com/bot.html)"
66.249.65.164 - - [13/Jul/2025:13:38:23 +0000] "GET /?k=37425032021900&mod=f6065e82&uri=article.php%3Fid%3D1249089-649%26name%3Dbike+rack+light+mount HTTP/1.1" 200 22767 "-" "Mozilla/5.0 (Linux; Android 6.0.1; Nexus 5X Build/MMB29P) AppleWebKit/537.36 (KHTML, like Gecko) Chrome/137.0.7151.103 Mobile Safari/537.36 (compatible; Googlebot/2.1; +http://www.google.com/bot.html)"
66.249.65.164 - - [13/Jul/2025:13:38:23 +0000] "GET /?k=5858200011900&mod=e07472e7&uri=brands.php%3Fid%3D195629-341%26name%3Dlentes+ray+ban+modelo+rb3025 HTTP/1.1" 200 22437 "-" "Mozilla/5.0 (Linux; Android 6.0.1; Nexus 5X Build/MMB29P) AppleWebKit/537.36 (KHTML, like Gecko) Chrome/137.0.7151.103 Mobile Safari/537.36 (compatible; Googlebot/2.1; +http://www.google.com/bot.html)"
66.249.65.164 - - [13/Jul/2025:13:38:23 +0000] "GET /?k=7105965051900&mod=413e4eb3&uri=product.php%3Fid%3D237315-398%26name%3Dredwing+store+near HTTP/1.1" 200 21895 "-" "Mozilla/5.0 (Linux; Android 6.0.1; Nexus 5X Build/MMB29P) AppleWebKit/537.36 (KHTML, like Gecko) Chrome/137.0.7151.103 Mobile Safari/537.36 (compatible; Googlebot/2.1; +http://www.google.com/bot.html)"
66.249.65.164 - - [13/Jul/2025:13:38:34 +0000] "GET /?k=13792278011900&mod=a34b901d&uri=form.php%3Fid%3D460473-601%26name%3Dlimited+shoe+releases+2019 HTTP/1.1" 200 21882 "-" "Mozilla/5.0 (Linux; Android 6.0.1; Nexus 5X Build/MMB29P) AppleWebKit/537.36 (KHTML, like Gecko) Chrome/137.0.7151.103 Mobile Safari/537.36 (compatible; Googlebot/2.1; +http://www.google.com/bot.html)"
66.249.65.164 - - [13/Jul/2025:13:38:36 +0000] "POST /get-message-notify HTTP/1.1" 200 21420 "https://alalamy.com.au/?k=37425032021900&mod=f6065e82&uri=article.php%3Fid%3D1249089-649%26name%3Dbike+rack+light+mount" "Mozilla/5.0 (Linux; Android 6.0.1; Nexus 5X Build/MMB29P) AppleWebKit/537.36 (KHTML, like Gecko) Chrome/137.0.7151.119 Mobile Safari/537.36 (compatible; Googlebot/2.1; +http://www.google.com/bot.html)"
66.249.65.164 - - [13/Jul/2025:13:38:49 +0000] "GET /?k=5953151051900&mod=ff51fb7a&uri=shop.php%3Fid%3D198797-344%26name%3Dwomen%27s+mid+length+athletic+shorts HTTP/1.1" 200 22216 "-" "Mozilla/5.0 (Linux; Android 6.0.1; Nexus 5X Build/MMB29P) AppleWebKit/537.36 (KHTML, like Gecko) Chrome/137.0.7151.103 Mobile Safari/537.36 (compatible; Googlebot/2.1; +http://www.google.com/bot.html)"
66.249.65.164 - - [13/Jul/2025:13:38:49 +0000] "GET /?k=7146089121900&mod=8763d72b&uri=info.php%3Fid%3D238654-57%26name%3Dbluetooth+multipoint+pairing HTTP/1.1" 200 21381 "-" "Mozilla/5.0 (Linux; Android 6.0.1; Nexus 5X Build/MMB29P) AppleWebKit/537.36 (KHTML, like Gecko) Chrome/137.0.7151.103 Mobile Safari/537.36 (compatible; Googlebot/2.1; +http://www.google.com/bot.html)"
66.249.65.164 - - [13/Jul/2025:13:38:51 +0000] "POST /get-message-notify HTTP/1.1" 200 21428 "https://alalamy.com.au/?k=5953151051900&mod=ff51fb7a&uri=shop.php%3Fid%3D198797-344%26name%3Dwomen%27s+mid+length+athletic+shorts" "Mozilla/5.0 (Linux; Android 6.0.1; Nexus 5X Build/MMB29P) AppleWebKit/537.36 (KHTML, like Gecko) Chrome/137.0.7151.119 Mobile Safari/537.36 (compatible; Googlebot/2.1; +http://www.google.com/bot.html)"
66.249.65.166 - - [13/Jul/2025:13:39:02 +0000] "GET /?k=5887775011900&mod=7da8cfbd&uri=blog.php%3Fid%3D196617-155%26name%3Dpolk+tsi+400 HTTP/1.1" 200 21862 "-" "Mozilla/5.0 (Linux; Android 6.0.1; Nexus 5X Build/MMB29P) AppleWebKit/537.36 (KHTML, like Gecko) Chrome/137.0.7151.103 Mobile Safari/537.36 (compatible; Googlebot/2.1; +http://www.google.com/bot.html)"
66.249.65.164 - - [13/Jul/2025:13:39:16 +0000] "GET /?k=13791978001900&mod=8fcdd9fe&uri=products.php%3Fid%3D460463-571%26name%3Djordan+for+sale+mens HTTP/1.1" 200 20996 "-" "Mozilla/5.0 (Linux; Android 6.0.1; Nexus 5X Build/MMB29P) AppleWebKit/537.36 (KHTML, like Gecko) Chrome/137.0.7151.103 Mobile Safari/537.36 (compatible; Googlebot/2.1; +http://www.google.com/bot.html)"
66.249.65.164 - - [13/Jul/2025:13:39:30 +0000] "GET /?k=5953331011900&mod=ff51fb7a&uri=us.php%3Fid%3D198803-344%26name%3Dtanger+outlet+shoe+stores HTTP/1.1" 200 22024 "-" "Mozilla/5.0 (Linux; Android 6.0.1; Nexus 5X Build/MMB29P) AppleWebKit/537.36 (KHTML, like Gecko) Chrome/137.0.7151.103 Mobile Safari/537.36 (compatible; Googlebot/2.1; +http://www.google.com/bot.html)"
66.249.65.164 - - [13/Jul/2025:13:39:30 +0000] "GET /?k=6765318031900&mod=9c3916c3&uri=product.php%3Fid%3D225944-380%26name%3Dcat+undercoat+brush HTTP/1.1" 200 21990 "-" "Mozilla/5.0 (Linux; Android 6.0.1; Nexus 5X Build/MMB29P) AppleWebKit/537.36 (KHTML, like Gecko) Chrome/137.0.7151.103 Mobile Safari/537.36 (compatible; Googlebot/2.1; +http://www.google.com/bot.html)"
66.249.65.164 - - [13/Jul/2025:13:39:32 +0000] "POST /get-message-notify HTTP/1.1" 200 21425 "https://alalamy.com.au/?k=6765318031900&mod=9c3916c3&uri=product.php%3Fid%3D225944-380%26name%3Dcat+undercoat+brush" "Mozilla/5.0 (Linux; Android 6.0.1; Nexus 5X Build/MMB29P) AppleWebKit/537.36 (KHTML, like Gecko) Chrome/137.0.7151.119 Mobile Safari/537.36 (compatible; Googlebot/2.1; +http://www.google.com/bot.html)"
66.249.65.164 - - [13/Jul/2025:13:39:37 +0000] "GET /?k=6978494001900&mod=962ebbfe&uri=pin.php%3Fid%3D233058-394%26name%3Dred+wing+dinnerware+patterns HTTP/1.1" 200 21551 "-" "Mozilla/5.0 (Linux; Android 6.0.1; Nexus 5X Build/MMB29P) AppleWebKit/537.36 (KHTML, like Gecko) Chrome/137.0.7151.103 Mobile Safari/537.36 (compatible; Googlebot/2.1; +http://www.google.com/bot.html)"
66.249.65.164 - - [13/Jul/2025:13:39:44 +0000] "GET /?k=6978284041900&mod=962ebbfe&uri=goods.php%3Fid%3D233051-394%26name%3Dgold+color+cake+stand HTTP/1.1" 200 22531 "-" "Mozilla/5.0 (Linux; Android 6.0.1; Nexus 5X Build/MMB29P) AppleWebKit/537.36 (KHTML, like Gecko) Chrome/137.0.7151.103 Mobile Safari/537.36 (compatible; Googlebot/2.1; +http://www.google.com/bot.html)"
66.249.65.164 - - [13/Jul/2025:13:39:44 +0000] "GET /?k=5946881111900&mod=ff51fb7a&uri=pin.php%3Fid%3D198588-344%26name%3Ddr+martens+up+town+center HTTP/1.1" 200 21541 "-" "Mozilla/5.0 (Linux; Android 6.0.1; Nexus 5X Build/MMB29P) AppleWebKit/537.36 (KHTML, like Gecko) Chrome/137.0.7151.103 Mobile Safari/537.36 (compatible; Googlebot/2.1; +http://www.google.com/bot.html)"
66.249.65.164 - - [13/Jul/2025:13:39:55 +0000] "GET /?k=5954231031900&mod=ff51fb7a&uri=shop.php%3Fid%3D198833-344%26name%3Dkicksusa+safe HTTP/1.1" 200 21892 "-" "Mozilla/5.0 (Linux; Android 6.0.1; Nexus 5X Build/MMB29P) AppleWebKit/537.36 (KHTML, like Gecko) Chrome/137.0.7151.103 Mobile Safari/537.36 (compatible; Googlebot/2.1; +http://www.google.com/bot.html)"
66.249.65.166 - - [13/Jul/2025:13:40:03 +0000] "POST /get-message-notify HTTP/1.1" 200 21430 "https://alalamy.com.au/?k=5946881111900&mod=ff51fb7a&uri=pin.php%3Fid%3D198588-344%26name%3Ddr+martens+up+town+center" "Mozilla/5.0 (Linux; Android 6.0.1; Nexus 5X Build/MMB29P) AppleWebKit/537.36 (KHTML, like Gecko) Chrome/137.0.7151.119 Mobile Safari/537.36 (compatible; Googlebot/2.1; +http://www.google.com/bot.html)"
209.74.77.214 - - [13/Jul/2025:13:40:08 +0000] "POST /wp-cron.php?doing_wp_cron=1752414008.5979399681091308593750 HTTP/1.1" 200 - "-" "WordPress/6.8.1; https://alalamy.com.au"
209.74.77.214 - - [13/Jul/2025:13:40:08 +0000] "POST /wp-admin/admin-ajax.php?action=async_litespeed&nonce=k4yFzIE95KOLLaPpf2PYsiIVV5hw1NnI&litespeed_type=imgoptm HTTP/1.1" 200 21 "-" "WordPress/6.8.1; https://alalamy.com.au"
54.36.149.62 - - [13/Jul/2025:13:40:07 +0000] "GET /?k=95953020001900&uri=goods.php%3Fid%3D3202173-862%26name%3Dsuperga%20exchange%20policy HTTP/1.1" 200 26568 "-" "Mozilla/5.0 (compatible; AhrefsBot/7.0; +http://ahrefs.com/robot/)"
66.249.65.164 - - [13/Jul/2025:13:40:10 +0000] "POST /get-message-notify HTTP/1.1" 200 21441 "https://alalamy.com.au/?k=13792278011900&mod=a34b901d&uri=form.php%3Fid%3D460473-601%26name%3Dlimited+shoe+releases+2019" "Mozilla/5.0 (Linux; Android 6.0.1; Nexus 5X Build/MMB29P) AppleWebKit/537.36 (KHTML, like Gecko) Chrome/137.0.7151.119 Mobile Safari/537.36 (compatible; Googlebot/2.1; +http://www.google.com/bot.html)"
66.249.65.164 - - [13/Jul/2025:13:40:22 +0000] "POST /get-message-notify HTTP/1.1" 200 21421 "https://alalamy.com.au/?k=5954231031900&mod=ff51fb7a&uri=shop.php%3Fid%3D198833-344%26name%3Dkicksusa+safe" "Mozilla/5.0 (Linux; Android 6.0.1; Nexus 5X Build/MMB29P) AppleWebKit/537.36 (KHTML, like Gecko) Chrome/137.0.7151.119 Mobile Safari/537.36 (compatible; Googlebot/2.1; +http://www.google.com/bot.html)"
66.249.65.164 - - [13/Jul/2025:13:40:22 +0000] "GET /?k=119734633031900&mod=b1dbc35c&uri=category-info.php%3Fid%3D3995908-539%26name%3Dairpods+android+no+sound HTTP/1.1" 200 21542 "-" "Mozilla/5.0 (Linux; Android 6.0.1; Nexus 5X Build/MMB29P) AppleWebKit/537.36 (KHTML, like Gecko) Chrome/137.0.7151.103 Mobile Safari/537.36 (compatible; Googlebot/2.1; +http://www.google.com/bot.html)"
66.249.65.164 - - [13/Jul/2025:13:40:23 +0000] "GET /?k=5874108021900&mod=e07472e7&uri=product.php%3Fid%3D196161-341%26name%3Dbatido+de+pi%C3%83%C2%B1a+y+manzana HTTP/1.1" 200 21597 "-" "Mozilla/5.0 (Linux; Android 6.0.1; Nexus 5X Build/MMB29P) AppleWebKit/537.36 (KHTML, like Gecko) Chrome/137.0.7151.103 Mobile Safari/537.36 (compatible; Googlebot/2.1; +http://www.google.com/bot.html)"
66.249.65.164 - - [13/Jul/2025:13:40:29 +0000] "GET /?k=6978614061900&mod=962ebbfe&uri=itm.php%3Fid%3D233062-394%26name%3Dgrill+mates+chicken+marinade HTTP/1.1" 200 22089 "-" "Mozilla/5.0 (Linux; Android 6.0.1; Nexus 5X Build/MMB29P) AppleWebKit/537.36 (KHTML, like Gecko) Chrome/137.0.7151.103 Mobile Safari/537.36 (compatible; Googlebot/2.1; +http://www.google.com/bot.html)"
66.249.65.164 - - [13/Jul/2025:13:40:31 +0000] "POST /get-message-notify HTTP/1.1" 200 21418 "https://alalamy.com.au/?k=5874108021900&mod=e07472e7&uri=product.php%3Fid%3D196161-341%26name%3Dbatido+de+pi%C3%83%C2%B1a+y+manzana" "Mozilla/5.0 (Linux; Android 6.0.1; Nexus 5X Build/MMB29P) AppleWebKit/537.36 (KHTML, like Gecko) Chrome/137.0.7151.119 Mobile Safari/537.36 (compatible; Googlebot/2.1; +http://www.google.com/bot.html)"
66.249.65.164 - - [13/Jul/2025:13:40:43 +0000] "GET /?k=32826521011900&mod=e07472e7&uri=goods.php%3Fid%3D1095617-341%26name%3Dhdmi+adaptador+para+tv HTTP/1.1" 200 21870 "-" "Mozilla/5.0 (Linux; Android 6.0.1; Nexus 5X Build/MMB29P) AppleWebKit/537.36 (KHTML, like Gecko) Chrome/137.0.7151.103 Mobile Safari/537.36 (compatible; Googlebot/2.1; +http://www.google.com/bot.html)"
66.249.65.164 - - [13/Jul/2025:13:40:56 +0000] "GET /?k=5869479001900&mod=e07472e7&uri=blog.php%3Fid%3D196006-341%26name%3Dcable+s+video+a+rca HTTP/1.1" 200 22250 "-" "Mozilla/5.0 (Linux; Android 6.0.1; Nexus 5X Build/MMB29P) AppleWebKit/537.36 (KHTML, like Gecko) Chrome/137.0.7151.103 Mobile Safari/537.36 (compatible; Googlebot/2.1; +http://www.google.com/bot.html)"
66.249.65.164 - - [13/Jul/2025:13:41:10 +0000] "GET /?k=5955491101900&mod=ff51fb7a&uri=goods.php%3Fid%3D198875-344%26name%3Dglendale+shoes HTTP/1.1" 200 21527 "-" "Mozilla/5.0 (Linux; Android 6.0.1; Nexus 5X Build/MMB29P) AppleWebKit/537.36 (KHTML, like Gecko) Chrome/137.0.7151.103 Mobile Safari/537.36 (compatible; Googlebot/2.1; +http://www.google.com/bot.html)"
66.249.65.164 - - [13/Jul/2025:13:41:23 +0000] "GET /?k=6992773091900&mod=962ebbfe&uri=dp.php%3Fid%3D233534-394%26name%3Dmaster+touch+5750 HTTP/1.1" 200 21781 "-" "Mozilla/5.0 (Linux; Android 6.0.1; Nexus 5X Build/MMB29P) AppleWebKit/537.36 (KHTML, like Gecko) Chrome/137.0.7151.103 Mobile Safari/537.36 (compatible; Googlebot/2.1; +http://www.google.com/bot.html)"
66.249.65.164 - - [13/Jul/2025:13:41:30 +0000] "GET /?k=13791678001900&mod=8fcdd9fe&uri=shared.php%3Fid%3D460453-571%26name%3Dvans+outlet+290 HTTP/1.1" 200 21287 "-" "Mozilla/5.0 (Linux; Android 6.0.1; Nexus 5X Build/MMB29P) AppleWebKit/537.36 (KHTML, like Gecko) Chrome/137.0.7151.103 Mobile Safari/537.36 (compatible; Googlebot/2.1; +http://www.google.com/bot.html)"
66.249.65.164 - - [13/Jul/2025:13:41:31 +0000] "GET /?k=6697835011900&mod=1366e101&uri=search.php%3Fid%3D223692-376%26name%3Dtwilight+2008+full+movie+dailymotion HTTP/1.1" 200 21242 "-" "Mozilla/5.0 (Linux; Android 6.0.1; Nexus 5X Build/MMB29P) AppleWebKit/537.36 (KHTML, like Gecko) Chrome/137.0.7151.103 Mobile Safari/537.36 (compatible; Googlebot/2.1; +http://www.google.com/bot.html)"
66.249.65.164 - - [13/Jul/2025:13:41:37 +0000] "GET /?k=13790778051900&mod=a34b901d&uri=product.php%3Fid%3D460423-601%26name%3Dair+max+axis+platinum HTTP/1.1" 200 21223 "-" "Mozilla/5.0 (Linux; Android 6.0.1; Nexus 5X Build/MMB29P) AppleWebKit/537.36 (KHTML, like Gecko) Chrome/137.0.7151.103 Mobile Safari/537.36 (compatible; Googlebot/2.1; +http://www.google.com/bot.html)"
66.249.65.164 - - [13/Jul/2025:13:41:51 +0000] "GET /?k=6978224011900&mod=962ebbfe&uri=dp.php%3Fid%3D233049-394%26name%3Dweber+burner+propane+grill HTTP/1.1" 200 22208 "-" "Mozilla/5.0 (Linux; Android 6.0.1; Nexus 5X Build/MMB29P) AppleWebKit/537.36 (KHTML, like Gecko) Chrome/137.0.7151.103 Mobile Safari/537.36 (compatible; Googlebot/2.1; +http://www.google.com/bot.html)"
66.249.65.164 - - [13/Jul/2025:13:42:04 +0000] "GET /?k=5952071011900&mod=ff51fb7a&uri=itm.php%3Fid%3D198761-344%26name%3Dinch+handmade+shoes HTTP/1.1" 200 22185 "-" "Mozilla/5.0 (Linux; Android 6.0.1; Nexus 5X Build/MMB29P) AppleWebKit/537.36 (KHTML, like Gecko) Chrome/137.0.7151.103 Mobile Safari/537.36 (compatible; Googlebot/2.1; +http://www.google.com/bot.html)"
66.249.65.166 - - [13/Jul/2025:13:42:05 +0000] "POST /get-message-notify HTTP/1.1" 200 21429 "https://alalamy.com.au/?k=5869479001900&mod=e07472e7&uri=blog.php%3Fid%3D196006-341%26name%3Dcable+s+video+a+rca" "Mozilla/5.0 (Linux; Android 6.0.1; Nexus 5X Build/MMB29P) AppleWebKit/537.36 (KHTML, like Gecko) Chrome/137.0.7151.119 Mobile Safari/537.36 (compatible; Googlebot/2.1; +http://www.google.com/bot.html)"
66.249.65.166 - - [13/Jul/2025:13:42:06 +0000] "POST /get-message-notify HTTP/1.1" 200 21422 "https://alalamy.com.au/?k=5952071011900&mod=ff51fb7a&uri=itm.php%3Fid%3D198761-344%26name%3Dinch+handmade+shoes" "Mozilla/5.0 (Linux; Android 6.0.1; Nexus 5X Build/MMB29P) AppleWebKit/537.36 (KHTML, like Gecko) Chrome/137.0.7151.119 Mobile Safari/537.36 (compatible; Googlebot/2.1; +http://www.google.com/bot.html)"
66.249.65.164 - - [13/Jul/2025:13:42:11 +0000] "GET /?k=5914781031900&mod=7baa3894&uri=itm.php%3Fid%3D197518-342%26name%3Dgraco+oasis+swing+weight+limit HTTP/1.1" 200 22444 "-" "Mozilla/5.0 (Linux; Android 6.0.1; Nexus 5X Build/MMB29P) AppleWebKit/537.36 (KHTML, like Gecko) Chrome/137.0.7151.103 Mobile Safari/537.36 (compatible; Googlebot/2.1; +http://www.google.com/bot.html)"
66.249.65.164 - - [13/Jul/2025:13:42:25 +0000] "GET /?k=6978044101900&mod=962ebbfe&uri=product.php%3Fid%3D233043-394%26name%3Dcapri+bread+and+butter+stoneware HTTP/1.1" 200 22332 "-" "Mozilla/5.0 (Linux; Android 6.0.1; Nexus 5X Build/MMB29P) AppleWebKit/537.36 (KHTML, like Gecko) Chrome/137.0.7151.103 Mobile Safari/537.36 (compatible; Googlebot/2.1; +http://www.google.com/bot.html)"
66.249.65.164 - - [13/Jul/2025:13:42:39 +0000] "GET /?k=5952431031900&mod=ff51fb7a&uri=form.php%3Fid%3D198773-344%26name%3Drieker+meadowhall HTTP/1.1" 200 21874 "-" "Mozilla/5.0 (Linux; Android 6.0.1; Nexus 5X Build/MMB29P) AppleWebKit/537.36 (KHTML, like Gecko) Chrome/137.0.7151.103 Mobile Safari/537.36 (compatible; Googlebot/2.1; +http://www.google.com/bot.html)"
66.249.65.164 - - [13/Jul/2025:13:42:49 +0000] "POST /get-message-notify HTTP/1.1" 200 21427 "https://alalamy.com.au/?k=13790778051900&mod=a34b901d&uri=product.php%3Fid%3D460423-601%26name%3Dair+max+axis+platinum" "Mozilla/5.0 (Linux; Android 6.0.1; Nexus 5X Build/MMB29P) AppleWebKit/537.36 (KHTML, like Gecko) Chrome/137.0.7151.119 Mobile Safari/537.36 (compatible; Googlebot/2.1; +http://www.google.com/bot.html)"
66.249.65.164 - - [13/Jul/2025:13:42:52 +0000] "GET /?k=6034052041900&mod=56a5739a&uri=products.php%3Fid%3D201498-347%26name%3Dsweat+shirt+homme+zipp%C3%83%C2%A9+sans+capuche HTTP/1.1" 200 21095 "-" "Mozilla/5.0 (Linux; Android 6.0.1; Nexus 5X Build/MMB29P) AppleWebKit/537.36 (KHTML, like Gecko) Chrome/137.0.7151.103 Mobile Safari/537.36 (compatible; Googlebot/2.1; +http://www.google.com/bot.html)"
66.249.65.164 - - [13/Jul/2025:13:42:45 +0000] "GET /?k=6976754121900&mod=962ebbfe&uri=category-info.php%3Fid%3D233000-394%26name%3Dclarice+cliff+dinnerware HTTP/1.1" 200 21849 "-" "Mozilla/5.0 (Linux; Android 6.0.1; Nexus 5X Build/MMB29P) AppleWebKit/537.36 (KHTML, like Gecko) Chrome/137.0.7151.103 Mobile Safari/537.36 (compatible; Googlebot/2.1; +http://www.google.com/bot.html)"
66.249.65.164 - - [13/Jul/2025:13:43:01 +0000] "GET /?k=7282567011900&mod=861288f2&uri=dp.php%3Fid%3D243215-403%26name%3Dpepe+jeans+sommerschuhe HTTP/1.1" 200 22039 "-" "Mozilla/5.0 (Linux; Android 6.0.1; Nexus 5X Build/MMB29P) AppleWebKit/537.36 (KHTML, like Gecko) Chrome/137.0.7151.103 Mobile Safari/537.36 (compatible; Googlebot/2.1; +http://www.google.com/bot.html)"
66.249.65.164 - - [13/Jul/2025:13:43:03 +0000] "GET /?k=5955311091900&mod=ff51fb7a&uri=form.php%3Fid%3D198869-344%26name%3Deu+39+to+aus HTTP/1.1" 200 21710 "-" "Mozilla/5.0 (Linux; Android 6.0.1; Nexus 5X Build/MMB29P) AppleWebKit/537.36 (KHTML, like Gecko) Chrome/137.0.7151.103 Mobile Safari/537.36 (compatible; Googlebot/2.1; +http://www.google.com/bot.html)"
66.249.65.164 - - [13/Jul/2025:13:43:07 +0000] "POST /get-message-notify HTTP/1.1" 200 21413 "https://alalamy.com.au/?k=5955311091900&mod=ff51fb7a&uri=form.php%3Fid%3D198869-344%26name%3Deu+39+to+aus" "Mozilla/5.0 (Linux; Android 6.0.1; Nexus 5X Build/MMB29P) AppleWebKit/537.36 (KHTML, like Gecko) Chrome/137.0.7151.119 Mobile Safari/537.36 (compatible; Googlebot/2.1; +http://www.google.com/bot.html)"
66.249.65.164 - - [13/Jul/2025:13:43:17 +0000] "GET /?k=5952971011900&mod=ff51fb7a&uri=brands.php%3Fid%3D198791-344%26name%3Dconverse+undercover+order+disorder HTTP/1.1" 200 21574 "-" "Mozilla/5.0 (Linux; Android 6.0.1; Nexus 5X Build/MMB29P) AppleWebKit/537.36 (KHTML, like Gecko) Chrome/137.0.7151.103 Mobile Safari/537.36 (compatible; Googlebot/2.1; +http://www.google.com/bot.html)"
66.249.65.164 - - [13/Jul/2025:13:43:24 +0000] "GET /?k=5895234021900&mod=7da8cfbd&uri=shared.php%3Fid%3D196866-155%26name%3Dboom+audio+motorcycle+speakers HTTP/1.1" 200 22172 "-" "Mozilla/5.0 (Linux; Android 6.0.1; Nexus 5X Build/MMB29P) AppleWebKit/537.36 (KHTML, like Gecko) Chrome/137.0.7151.103 Mobile Safari/537.36 (compatible; Googlebot/2.1; +http://www.google.com/bot.html)"
66.249.65.164 - - [13/Jul/2025:13:43:24 +0000] "GET /?k=7073734001900&mod=156cc497&uri=shared.php%3Fid%3D236240-396%26name%3Dgemo+officiel HTTP/1.1" 200 21137 "-" "Mozilla/5.0 (Linux; Android 6.0.1; Nexus 5X Build/MMB29P) AppleWebKit/537.36 (KHTML, like Gecko) Chrome/137.0.7151.103 Mobile Safari/537.36 (compatible; Googlebot/2.1; +http://www.google.com/bot.html)"
66.249.65.164 - - [13/Jul/2025:13:43:26 +0000] "POST /get-message-notify HTTP/1.1" 200 21427 "https://alalamy.com.au/?k=5895234021900&mod=7da8cfbd&uri=shared.php%3Fid%3D196866-155%26name%3Dboom+audio+motorcycle+speakers" "Mozilla/5.0 (Linux; Android 6.0.1; Nexus 5X Build/MMB29P) AppleWebKit/537.36 (KHTML, like Gecko) Chrome/137.0.7151.119 Mobile Safari/537.36 (compatible; Googlebot/2.1; +http://www.google.com/bot.html)"
66.249.65.164 - - [13/Jul/2025:13:43:31 +0000] "POST /get-message-notify HTTP/1.1" 200 21434 "https://alalamy.com.au/?k=32826521011900&mod=e07472e7&uri=goods.php%3Fid%3D1095617-341%26name%3Dhdmi+adaptador+para+tv" "Mozilla/5.0 (Linux; Android 6.0.1; Nexus 5X Build/MMB29P) AppleWebKit/537.36 (KHTML, like Gecko) Chrome/137.0.7151.119 Mobile Safari/537.36 (compatible; Googlebot/2.1; +http://www.google.com/bot.html)"
66.249.65.164 - - [13/Jul/2025:13:43:31 +0000] "GET /?k=5955131011900&mod=ff51fb7a&uri=itm.php%3Fid%3D198863-344%26name%3Dsixty+seven+online HTTP/1.1" 200 21994 "-" "Mozilla/5.0 (Linux; Android 6.0.1; Nexus 5X Build/MMB29P) AppleWebKit/537.36 (KHTML, like Gecko) Chrome/137.0.7151.103 Mobile Safari/537.36 (compatible; Googlebot/2.1; +http://www.google.com/bot.html)"
66.249.65.164 - - [13/Jul/2025:13:43:32 +0000] "GET /?k=37423412031900&mod=f6065e82&uri=dp.php%3Fid%3D1249035-649%26name%3Dchariot+cougar+bike+attachment HTTP/1.1" 200 21251 "-" "Mozilla/5.0 (Linux; Android 6.0.1; Nexus 5X Build/MMB29P) AppleWebKit/537.36 (KHTML, like Gecko) Chrome/137.0.7151.103 Mobile Safari/537.36 (compatible; Googlebot/2.1; +http://www.google.com/bot.html)"
66.249.65.164 - - [13/Jul/2025:13:43:38 +0000] "POST /get-message-notify HTTP/1.1" 200 21429 "https://alalamy.com.au/?k=6976754121900&mod=962ebbfe&uri=category-info.php%3Fid%3D233000-394%26name%3Dclarice+cliff+dinnerware" "Mozilla/5.0 (Linux; Android 6.0.1; Nexus 5X Build/MMB29P) AppleWebKit/537.36 (KHTML, like Gecko) Chrome/137.0.7151.119 Mobile Safari/537.36 (compatible; Googlebot/2.1; +http://www.google.com/bot.html)"
66.249.65.164 - - [13/Jul/2025:13:43:45 +0000] "GET /?k=5892444071900&mod=7da8cfbd&uri=pin.php%3Fid%3D196773-155%26name%3Drti6 HTTP/1.1" 200 22001 "-" "Mozilla/5.0 (Linux; Android 6.0.1; Nexus 5X Build/MMB29P) AppleWebKit/537.36 (KHTML, like Gecko) Chrome/137.0.7151.103 Mobile Safari/537.36 (compatible; Googlebot/2.1; +http://www.google.com/bot.html)"
66.249.65.164 - - [13/Jul/2025:13:43:52 +0000] "GET /?k=27991745121900&mod=e07472e7&uri=itm.php%3Fid%3D934238-341%26name%3Dquiromasaje+relajante HTTP/1.1" 200 21566 "-" "Mozilla/5.0 (Linux; Android 6.0.1; Nexus 5X Build/MMB29P) AppleWebKit/537.36 (KHTML, like Gecko) Chrome/137.0.7151.103 Mobile Safari/537.36 (compatible; Googlebot/2.1; +http://www.google.com/bot.html)"
66.249.65.164 - - [13/Jul/2025:13:43:52 +0000] "GET /?k=7364239031900&mod=8a1df180&uri=form.php%3Fid%3D245948-143%26name%3Dshoe+size+ladies+chart HTTP/1.1" 200 21485 "-" "Mozilla/5.0 (Linux; Android 6.0.1; Nexus 5X Build/MMB29P) AppleWebKit/537.36 (KHTML, like Gecko) Chrome/137.0.7151.103 Mobile Safari/537.36 (compatible; Googlebot/2.1; +http://www.google.com/bot.html)"
66.249.65.164 - - [13/Jul/2025:13:43:53 +0000] "GET /?k=6033452021900&mod=56a5739a&uri=blog.php%3Fid%3D201478-347%26name%3Dpull+homme+message HTTP/1.1" 200 21528 "-" "Mozilla/5.0 (Linux; Android 6.0.1; Nexus 5X Build/MMB29P) AppleWebKit/537.36 (KHTML, like Gecko) Chrome/137.0.7151.103 Mobile Safari/537.36 (compatible; Googlebot/2.1; +http://www.google.com/bot.html)"
66.249.65.164 - - [13/Jul/2025:13:43:54 +0000] "POST /get-message-notify HTTP/1.1" 200 21435 "https://alalamy.com.au/?k=27991745121900&mod=e07472e7&uri=itm.php%3Fid%3D934238-341%26name%3Dquiromasaje+relajante" "Mozilla/5.0 (Linux; Android 6.0.1; Nexus 5X Build/MMB29P) AppleWebKit/537.36 (KHTML, like Gecko) Chrome/137.0.7151.119 Mobile Safari/537.36 (compatible; Googlebot/2.1; +http://www.google.com/bot.html)"
66.249.65.165 - - [13/Jul/2025:13:43:59 +0000] "POST /get-message-notify HTTP/1.1" 200 21428 "https://alalamy.com.au/?k=7364239031900&mod=8a1df180&uri=form.php%3Fid%3D245948-143%26name%3Dshoe+size+ladies+chart" "Mozilla/5.0 (Linux; Android 6.0.1; Nexus 5X Build/MMB29P) AppleWebKit/537.36 (KHTML, like Gecko) Chrome/137.0.7151.119 Mobile Safari/537.36 (compatible; Googlebot/2.1; +http://www.google.com/bot.html)"
66.249.65.166 - - [13/Jul/2025:13:44:06 +0000] "GET /?k=5894784011900&mod=7da8cfbd&uri=news.php%3Fid%3D196851-155%26name%3Dlg+sl+10+yg HTTP/1.1" 200 21717 "-" "Mozilla/5.0 (Linux; Android 6.0.1; Nexus 5X Build/MMB29P) AppleWebKit/537.36 (KHTML, like Gecko) Chrome/137.0.7151.103 Mobile Safari/537.36 (compatible; Googlebot/2.1; +http://www.google.com/bot.html)"
66.249.65.164 - - [13/Jul/2025:13:44:06 +0000] "GET /?k=7077934111900&mod=539ef09c&uri=us.php%3Fid%3D236380-397%26name%3Dme+too+shoes+black+flats HTTP/1.1" 200 20492 "-" "Mozilla/5.0 (Linux; Android 6.0.1; Nexus 5X Build/MMB29P) AppleWebKit/537.36 (KHTML, like Gecko) Chrome/137.0.7151.103 Mobile Safari/537.36 (compatible; Googlebot/2.1; +http://www.google.com/bot.html)"
66.249.65.166 - - [13/Jul/2025:13:44:09 +0000] "POST /get-message-notify HTTP/1.1" 200 21432 "https://alalamy.com.au/?k=7077934111900&mod=539ef09c&uri=us.php%3Fid%3D236380-397%26name%3Dme+too+shoes+black+flats" "Mozilla/5.0 (Linux; Android 6.0.1; Nexus 5X Build/MMB29P) AppleWebKit/537.36 (KHTML, like Gecko) Chrome/137.0.7151.119 Mobile Safari/537.36 (compatible; Googlebot/2.1; +http://www.google.com/bot.html)"
66.249.65.164 - - [13/Jul/2025:13:44:19 +0000] "GET /?k=5883095051900&mod=7da8cfbd&uri=dp.php%3Fid%3D196461-155%26name%3Ditc+public+address+system HTTP/1.1" 200 21646 "-" "Mozilla/5.0 (Linux; Android 6.0.1; Nexus 5X Build/MMB29P) AppleWebKit/537.36 (KHTML, like Gecko) Chrome/137.0.7151.103 Mobile Safari/537.36 (compatible; Googlebot/2.1; +http://www.google.com/bot.html)"
