Current File : /home/kelaby89/access-logs/cartel.express.sixpack.studio-ssl_log
209.74.77.214 - - [12/Jul/2025:12:14:05 +0000] "POST /wp-cron.php?doing_wp_cron=1752322445.5427730083465576171875 HTTP/1.1" 200 - "-" "WordPress/6.8.1; https://cartel.express"
57.141.2.17 - - [12/Jul/2025:12:14:02 +0000] "GET /layouts/footer-home-dealership/ HTTP/1.1" 200 96732 "-" "meta-externalagent/1.1 (+https://developers.facebook.com/docs/sharing/webmasters/crawler)"
43.167.245.18 - - [12/Jul/2025:12:26:31 +0000] "GET / HTTP/1.1" 200 40617 "http://cartel.express" "Mozilla/5.0 (iPhone; CPU iPhone OS 13_2_3 like Mac OS X) AppleWebKit/605.1.15 (KHTML, like Gecko) Version/13.0.3 Mobile/15E148 Safari/604.1"
209.74.77.214 - - [12/Jul/2025:13:12:01 +0000] "POST /wp-cron.php?doing_wp_cron=1752325921.5832929611206054687500 HTTP/1.1" 200 - "-" "WordPress/6.8.1; https://cartel.express"
195.2.70.209 - - [12/Jul/2025:13:11:58 +0000] "GET / HTTP/1.1" 301 - "-" "Mozilla/5.0 (Macintosh; Intel Mac OS X 10_15_7) AppleWebKit/537.36 (KHTML, like Gecko) Chrome/133.0.0.0 Safari/537.36"
195.2.70.209 - - [12/Jul/2025:13:12:02 +0000] "GET / HTTP/1.1" 200 40531 "https://CARTEL.EXPRESS" "Mozilla/5.0 (Macintosh; Intel Mac OS X 10_15_7) AppleWebKit/537.36 (KHTML, like Gecko) Chrome/133.0.0.0 Safari/537.36"
96.9.86.107 - - [12/Jul/2025:13:12:05 +0000] "POST / HTTP/1.1" 200 40644 "-" "Mozilla/5.0 (Macintosh; Intel Mac OS X 10_15_7) AppleWebKit/537.36 (KHTML, like Gecko) Chrome/133.0.0.0 Safari/537.36"
96.9.86.107 - - [12/Jul/2025:13:12:07 +0000] "POST / HTTP/1.1" 200 40481 "-" "Mozilla/5.0 (Windows NT 10.0; Win64; x64) AppleWebKit/537.36 (KHTML, like Gecko) Chrome/120.0.0.0 Safari/537.36"
96.9.86.107 - - [12/Jul/2025:13:12:09 +0000] "POST / HTTP/1.1" 200 40704 "-" "Mozilla/5.0 (Macintosh; Intel Mac OS X 10_15_7) AppleWebKit/537.36 (KHTML, like Gecko) Chrome/133.0.0.0 Safari/537.36"
96.9.86.107 - - [12/Jul/2025:13:12:12 +0000] "POST / HTTP/1.1" 200 40479 "-" "Mozilla/5.0 (Windows NT 10.0; Win64; x64) AppleWebKit/537.36 (KHTML, like Gecko) Chrome/120.0.0.0 Safari/537.36"
209.74.77.214 - - [12/Jul/2025:13:12:13 +0000] "POST /wp-cron.php?doing_wp_cron=1752325933.8871750831604003906250 HTTP/1.1" 200 - "-" "WordPress/6.8.1; https://cartel.express"
195.2.70.209 - - [12/Jul/2025:13:12:13 +0000] "GET /comments/feed/ HTTP/1.1" 200 1595 "-" "Mozilla/5.0 (Macintosh; Intel Mac OS X 10_15_7) AppleWebKit/537.36 (KHTML, like Gecko) Chrome/133.0.0.0 Safari/537.36"
195.2.70.209 - - [12/Jul/2025:13:12:14 +0000] "GET /what-can-go-wrong-while-diagnosing-a-car-problem/ HTTP/1.1" 200 29418 "-" "Mozilla/5.0 (Macintosh; Intel Mac OS X 10_15_7) AppleWebKit/537.36 (KHTML, like Gecko) Chrome/133.0.0.0 Safari/537.36"
96.9.86.107 - - [12/Jul/2025:13:12:16 +0000] "POST /wp-comments-post.php HTTP/1.1" 200 1106 "-" "Mozilla/5.0 (Macintosh; Intel Mac OS X 10_15_7) AppleWebKit/537.36 (KHTML, like Gecko) Chrome/133.0.0.0 Safari/537.36"
96.9.86.107 - - [12/Jul/2025:13:12:18 +0000] "POST /wp-comments-post.php HTTP/1.1" 200 - "-" "Mozilla/5.0 (Windows NT 10.0; Win64; x64) AppleWebKit/537.36 (KHTML, like Gecko) Chrome/120.0.0.0 Safari/537.36"
195.2.70.209 - - [12/Jul/2025:13:12:19 +0000] "GET /contact/ HTTP/1.1" 200 27349 "-" "Mozilla/5.0 (Macintosh; Intel Mac OS X 10_15_7) AppleWebKit/537.36 (KHTML, like Gecko) Chrome/133.0.0.0 Safari/537.36"
96.9.86.107 - - [12/Jul/2025:13:12:23 +0000] "POST /contact/ HTTP/1.1" 200 27464 "-" "Mozilla/5.0 (Macintosh; Intel Mac OS X 10_15_7) AppleWebKit/537.36 (KHTML, like Gecko) Chrome/133.0.0.0 Safari/537.36"
96.9.86.107 - - [12/Jul/2025:13:12:25 +0000] "POST /contact/ HTTP/1.1" 200 27303 "-" "Mozilla/5.0 (Windows NT 10.0; Win64; x64) AppleWebKit/537.36 (KHTML, like Gecko) Chrome/120.0.0.0 Safari/537.36"
195.2.70.209 - - [12/Jul/2025:13:12:27 +0000] "GET /newsletter-popup/ HTTP/1.1" 200 27642 "-" "Mozilla/5.0 (Macintosh; Intel Mac OS X 10_15_7) AppleWebKit/537.36 (KHTML, like Gecko) Chrome/133.0.0.0 Safari/537.36"
96.9.86.107 - - [12/Jul/2025:13:12:28 +0000] "POST /newsletter-popup/ HTTP/1.1" 200 27809 "-" "Mozilla/5.0 (Macintosh; Intel Mac OS X 10_15_7) AppleWebKit/537.36 (KHTML, like Gecko) Chrome/133.0.0.0 Safari/537.36"
96.9.86.107 - - [12/Jul/2025:13:12:30 +0000] "POST /newsletter-popup/ HTTP/1.1" 200 27594 "-" "Mozilla/5.0 (Windows NT 10.0; Win64; x64) AppleWebKit/537.36 (KHTML, like Gecko) Chrome/120.0.0.0 Safari/537.36"
96.9.86.107 - - [12/Jul/2025:13:12:33 +0000] "POST /newsletter-popup/ HTTP/1.1" 200 27808 "-" "Mozilla/5.0 (Macintosh; Intel Mac OS X 10_15_7) AppleWebKit/537.36 (KHTML, like Gecko) Chrome/133.0.0.0 Safari/537.36"
96.9.86.107 - - [12/Jul/2025:13:12:35 +0000] "POST /newsletter-popup/ HTTP/1.1" 200 27593 "-" "Mozilla/5.0 (Windows NT 10.0; Win64; x64) AppleWebKit/537.36 (KHTML, like Gecko) Chrome/120.0.0.0 Safari/537.36"
195.2.70.209 - - [12/Jul/2025:13:12:37 +0000] "GET /blog-standard/ HTTP/1.1" 200 29882 "-" "Mozilla/5.0 (Macintosh; Intel Mac OS X 10_15_7) AppleWebKit/537.36 (KHTML, like Gecko) Chrome/133.0.0.0 Safari/537.36"
195.2.70.209 - - [12/Jul/2025:13:12:38 +0000] "GET /must-do-regular-checkups-for-a-better-car-operation/ HTTP/1.1" 200 28659 "-" "Mozilla/5.0 (Macintosh; Intel Mac OS X 10_15_7) AppleWebKit/537.36 (KHTML, like Gecko) Chrome/133.0.0.0 Safari/537.36"
96.9.86.107 - - [12/Jul/2025:13:12:40 +0000] "POST /wp-comments-post.php HTTP/1.1" 200 1106 "-" "Mozilla/5.0 (Macintosh; Intel Mac OS X 10_15_7) AppleWebKit/537.36 (KHTML, like Gecko) Chrome/133.0.0.0 Safari/537.36"
96.9.86.107 - - [12/Jul/2025:13:12:42 +0000] "POST /wp-comments-post.php HTTP/1.1" 200 - "-" "Mozilla/5.0 (Windows NT 10.0; Win64; x64) AppleWebKit/537.36 (KHTML, like Gecko) Chrome/120.0.0.0 Safari/537.36"
195.2.70.209 - - [12/Jul/2025:13:12:44 +0000] "GET /top-10-ideas-how-to-paint-your-sports-and-racing-car/ HTTP/1.1" 200 29383 "-" "Mozilla/5.0 (Macintosh; Intel Mac OS X 10_15_7) AppleWebKit/537.36 (KHTML, like Gecko) Chrome/133.0.0.0 Safari/537.36"
195.2.70.209 - - [12/Jul/2025:13:12:45 +0000] "GET /blog-standard/page/2/ HTTP/1.1" 200 29167 "-" "Mozilla/5.0 (Macintosh; Intel Mac OS X 10_15_7) AppleWebKit/537.36 (KHTML, like Gecko) Chrome/133.0.0.0 Safari/537.36"
195.2.70.209 - - [12/Jul/2025:13:12:46 +0000] "GET /blog-standard/page/3/ HTTP/1.1" 200 27603 "-" "Mozilla/5.0 (Macintosh; Intel Mac OS X 10_15_7) AppleWebKit/537.36 (KHTML, like Gecko) Chrome/133.0.0.0 Safari/537.36"
195.2.70.209 - - [12/Jul/2025:13:12:48 +0000] "GET /tag/news/ HTTP/1.1" 200 26688 "-" "Mozilla/5.0 (Macintosh; Intel Mac OS X 10_15_7) AppleWebKit/537.36 (KHTML, like Gecko) Chrome/133.0.0.0 Safari/537.36"
195.2.70.209 - - [12/Jul/2025:13:12:49 +0000] "GET /blog-list/ HTTP/1.1" 200 27444 "-" "Mozilla/5.0 (Macintosh; Intel Mac OS X 10_15_7) AppleWebKit/537.36 (KHTML, like Gecko) Chrome/133.0.0.0 Safari/537.36"
195.2.70.209 - - [12/Jul/2025:13:12:50 +0000] "GET /blog-list/page/2/ HTTP/1.1" 200 27306 "-" "Mozilla/5.0 (Macintosh; Intel Mac OS X 10_15_7) AppleWebKit/537.36 (KHTML, like Gecko) Chrome/133.0.0.0 Safari/537.36"
195.2.70.209 - - [12/Jul/2025:13:12:52 +0000] "GET /blog-grid/ HTTP/1.1" 200 26039 "-" "Mozilla/5.0 (Macintosh; Intel Mac OS X 10_15_7) AppleWebKit/537.36 (KHTML, like Gecko) Chrome/133.0.0.0 Safari/537.36"
195.2.70.209 - - [12/Jul/2025:13:12:53 +0000] "GET /giving-a-new-life-to-old-headlights-polish-sealing/ HTTP/1.1" 200 28851 "-" "Mozilla/5.0 (Macintosh; Intel Mac OS X 10_15_7) AppleWebKit/537.36 (KHTML, like Gecko) Chrome/133.0.0.0 Safari/537.36"
195.2.70.209 - - [12/Jul/2025:13:12:54 +0000] "GET /must-do-regular-checkups-for-a-better-car-operation/ HTTP/1.1" 200 28502 "-" "Mozilla/5.0 (Macintosh; Intel Mac OS X 10_15_7) AppleWebKit/537.36 (KHTML, like Gecko) Chrome/133.0.0.0 Safari/537.36"
195.2.70.209 - - [12/Jul/2025:13:12:55 +0000] "GET /must-do-regular-checkups-for-a-better-car-operation/feed/ HTTP/1.1" 200 480 "-" "Mozilla/5.0 (Macintosh; Intel Mac OS X 10_15_7) AppleWebKit/537.36 (KHTML, like Gecko) Chrome/133.0.0.0 Safari/537.36"
209.74.77.214 - - [12/Jul/2025:13:12:57 +0000] "POST /wp-cron.php?doing_wp_cron=1752325977.0884768962860107421875 HTTP/1.1" 200 - "-" "WordPress/6.8.1; https://cartel.express"
195.2.70.209 - - [12/Jul/2025:13:12:56 +0000] "GET /must-do-regular-checkups-for-a-better-car-operation/ HTTP/1.1" 200 29247 "-" "Mozilla/5.0 (Macintosh; Intel Mac OS X 10_15_7) AppleWebKit/537.36 (KHTML, like Gecko) Chrome/133.0.0.0 Safari/537.36"
195.2.70.209 - - [12/Jul/2025:13:12:58 +0000] "GET /checkout/ HTTP/1.1" 302 - "-" "Mozilla/5.0 (Macintosh; Intel Mac OS X 10_15_7) AppleWebKit/537.36 (KHTML, like Gecko) Chrome/133.0.0.0 Safari/537.36"
195.2.70.209 - - [12/Jul/2025:13:12:59 +0000] "GET /cart/ HTTP/1.1" 200 55968 "https://cartel.express/checkout/" "Mozilla/5.0 (Macintosh; Intel Mac OS X 10_15_7) AppleWebKit/537.36 (KHTML, like Gecko) Chrome/133.0.0.0 Safari/537.36"
195.2.70.209 - - [12/Jul/2025:13:13:00 +0000] "GET /car-body-polish-makes-it-look-like-new/ HTTP/1.1" 200 28667 "-" "Mozilla/5.0 (Macintosh; Intel Mac OS X 10_15_7) AppleWebKit/537.36 (KHTML, like Gecko) Chrome/133.0.0.0 Safari/537.36"
195.2.70.209 - - [12/Jul/2025:13:13:01 +0000] "GET /car-body-polish-makes-it-look-like-new/feed/ HTTP/1.1" 200 472 "-" "Mozilla/5.0 (Macintosh; Intel Mac OS X 10_15_7) AppleWebKit/537.36 (KHTML, like Gecko) Chrome/133.0.0.0 Safari/537.36"
195.2.70.209 - - [12/Jul/2025:13:13:02 +0000] "GET /car-body-polish-makes-it-look-like-new/ HTTP/1.1" 200 28668 "-" "Mozilla/5.0 (Macintosh; Intel Mac OS X 10_15_7) AppleWebKit/537.36 (KHTML, like Gecko) Chrome/133.0.0.0 Safari/537.36"
195.2.70.209 - - [12/Jul/2025:13:13:03 +0000] "GET /car-body-polish-makes-it-look-like-new/ HTTP/1.1" 200 28664 "-" "Mozilla/5.0 (Macintosh; Intel Mac OS X 10_15_7) AppleWebKit/537.36 (KHTML, like Gecko) Chrome/133.0.0.0 Safari/537.36"
170.106.192.208 - - [12/Jul/2025:13:33:09 +0000] "GET / HTTP/1.1" 200 40623 "http://www.cartel.express" "Mozilla/5.0 (iPhone; CPU iPhone OS 13_2_3 like Mac OS X) AppleWebKit/605.1.15 (KHTML, like Gecko) Version/13.0.3 Mobile/15E148 Safari/604.1"
209.74.77.214 - - [12/Jul/2025:13:35:37 +0000] "POST /wp-cron.php?doing_wp_cron=1752327337.0099968910217285156250 HTTP/1.1" 200 - "-" "WordPress/6.8.1; https://cartel.express"
104.210.140.128 - - [12/Jul/2025:13:35:34 +0000] "GET /robots.txt HTTP/1.1" 200 153 "-" "Mozilla/5.0 (Macintosh; Intel Mac OS X 10_15_7) AppleWebKit/537.36 (KHTML, like Gecko) Chrome/131.0.0.0 Safari/537.36; compatible; OAI-SearchBot/1.0; +https://openai.com/searchbot"
182.44.8.254 - - [12/Jul/2025:13:45:48 +0000] "GET / HTTP/1.1" 200 40623 "http://cartel.express" "Mozilla/5.0 (iPhone; CPU iPhone OS 13_2_3 like Mac OS X) AppleWebKit/605.1.15 (KHTML, like Gecko) Version/13.0.3 Mobile/15E148 Safari/604.1"
209.74.77.214 - - [12/Jul/2025:14:02:34 +0000] "POST /wp-cron.php?doing_wp_cron=1752328954.9777081012725830078125 HTTP/1.1" 200 - "-" "WordPress/6.8.1; https://cartel.express"
190.8.176.153 - - [12/Jul/2025:14:02:31 +0000] "POST /xmlrpc.php HTTP/1.1" 200 403 "-" "Mozilla/5.0 (Windows NT 10.0; Win64; x64) AppleWebKit/537.36 (KHTML, like Gecko) Chrome/67.0.3396.99 Safari/537.36"
213.175.126.237 - - [12/Jul/2025:14:02:37 +0000] "POST /xmlrpc.php HTTP/1.1" 200 403 "-" "Mozilla/5.0 (Windows NT 10.0; Win64; x64; rv:85.0) Gecko/20100101 Firefox/85.0"
193.202.110.33 - - [12/Jul/2025:14:02:39 +0000] "POST /xmlrpc.php HTTP/1.1" 200 403 "-" "Mozilla/5.0 (Windows NT 10.0; Win64; x64) AppleWebKit/537.36 (KHTML, like Gecko) Chrome/84.0.4147.105 Safari/537.36"
34.170.207.72 - - [12/Jul/2025:14:02:53 +0000] "POST /xmlrpc.php HTTP/1.1" 200 403 "-" "Mozilla/5.0 (Windows NT 10.0; Win64; x64) AppleWebKit/537.36 (KHTML, like Gecko) Chrome/79.0.3945.88 Safari/537.36"
209.74.77.214 - - [12/Jul/2025:14:02:58 +0000] "POST /wp-cron.php?doing_wp_cron=1752328978.2681779861450195312500 HTTP/1.1" 200 - "-" "WordPress/6.8.1; https://cartel.express"
137.184.193.136 - - [12/Jul/2025:14:02:58 +0000] "POST /xmlrpc.php HTTP/1.1" 200 403 "-" "Mozilla/5.0 (Linux; Android 10; LM-Q710(FGN)) AppleWebKit/537.36 (KHTML, like Gecko) Chrome/91.0.4472.114 Mobile Safari/537.36"
209.74.77.214 - - [12/Jul/2025:14:15:12 +0000] "POST /wp-cron.php?doing_wp_cron=1752329712.9048559665679931640625 HTTP/1.1" 200 - "-" "WordPress/6.8.1; https://cartel.express"
198.98.54.226 - - [12/Jul/2025:14:15:10 +0000] "GET /wp-login.php HTTP/1.1" 200 7289 "-" "Mozilla/5.0 (Windows NT 6.1; rv:24.0) Gecko/20100101 Firefox/24.0"
209.74.77.214 - - [12/Jul/2025:14:16:26 +0000] "POST /wp-cron.php?doing_wp_cron=1752329786.5514140129089355468750 HTTP/1.1" 200 - "-" "WordPress/6.8.1; https://cartel.express"
198.98.54.226 - - [12/Jul/2025:14:16:24 +0000] "POST /wp-login.php HTTP/1.1" 200 7767 "-" "Mozilla/5.0 (Windows NT 6.1; rv:24.0) Gecko/20100101 Firefox/24.0"
199.195.253.169 - - [12/Jul/2025:14:16:46 +0000] "GET /wp-login.php HTTP/1.1" 200 7289 "-" "Mozilla/5.0 (X11; Linux x86_64) AppleWebKit/537.36 (KHTML, like Gecko) Chrome/36.0.1985.125 Safari/537.36"
209.74.77.214 - - [12/Jul/2025:14:17:38 +0000] "POST /wp-cron.php?doing_wp_cron=1752329858.8326120376586914062500 HTTP/1.1" 200 - "-" "WordPress/6.8.1; https://cartel.express"
199.195.253.169 - - [12/Jul/2025:14:17:36 +0000] "POST /wp-login.php HTTP/1.1" 200 7767 "-" "Mozilla/5.0 (X11; Linux x86_64) AppleWebKit/537.36 (KHTML, like Gecko) Chrome/36.0.1985.125 Safari/537.36"
209.74.77.214 - - [12/Jul/2025:15:20:31 +0000] "POST /wp-cron.php?doing_wp_cron=1752333631.6185770034790039062500 HTTP/1.1" 200 - "-" "WordPress/6.8.1; https://cartel.express"
57.141.2.23 - - [12/Jul/2025:15:20:29 +0000] "GET /services/polisher/ HTTP/1.1" 200 238201 "-" "meta-externalagent/1.1 (+https://developers.facebook.com/docs/sharing/webmasters/crawler)"
115.72.14.82 - - [12/Jul/2025:15:26:02 +0000] "POST /wp-comments-post.php HTTP/1.1" 302 - "-" "Mozilla/5.0 (Windows NT 10.0; Win64; x64) AppleWebKit/537.36 (KHTML, like Gecko) Chrome/120.0.0.0 Safari/537.36"
209.74.77.214 - - [12/Jul/2025:15:26:28 +0000] "POST /wp-cron.php?doing_wp_cron=1752333988.2786960601806640625000 HTTP/1.1" 200 - "-" "WordPress/6.8.1; https://cartel.express"
115.72.14.82 - - [12/Jul/2025:15:26:28 +0000] "POST /wp-comments-post.php HTTP/1.1" 302 - "-" "Mozilla/5.0 (Windows NT 10.0; Win64; x64) AppleWebKit/537.36 (KHTML, like Gecko) Chrome/120.0.0.0 Safari/537.36"
115.72.14.82 - - [12/Jul/2025:15:26:53 +0000] "POST /wp-comments-post.php HTTP/1.1" 302 - "-" "Mozilla/5.0 (Windows NT 10.0; Win64; x64) AppleWebKit/537.36 (KHTML, like Gecko) Chrome/120.0.0.0 Safari/537.36"
209.74.77.214 - - [12/Jul/2025:15:27:19 +0000] "POST /wp-cron.php?doing_wp_cron=1752334039.8750689029693603515625 HTTP/1.1" 200 - "-" "WordPress/6.8.1; https://cartel.express"
115.72.14.82 - - [12/Jul/2025:15:27:19 +0000] "POST /wp-comments-post.php HTTP/1.1" 302 - "-" "Mozilla/5.0 (Windows NT 10.0; Win64; x64) AppleWebKit/537.36 (KHTML, like Gecko) Chrome/120.0.0.0 Safari/537.36"
115.72.14.82 - - [12/Jul/2025:15:27:44 +0000] "POST /wp-comments-post.php HTTP/1.1" 302 - "-" "Mozilla/5.0 (Windows NT 10.0; Win64; x64) AppleWebKit/537.36 (KHTML, like Gecko) Chrome/120.0.0.0 Safari/537.36"
209.74.77.214 - - [12/Jul/2025:15:28:11 +0000] "POST /wp-cron.php?doing_wp_cron=1752334091.6715450286865234375000 HTTP/1.1" 200 - "-" "WordPress/6.8.1; https://cartel.express"
115.72.14.82 - - [12/Jul/2025:15:28:11 +0000] "POST /wp-comments-post.php HTTP/1.1" 302 - "-" "Mozilla/5.0 (Windows NT 10.0; Win64; x64) AppleWebKit/537.36 (KHTML, like Gecko) Chrome/120.0.0.0 Safari/537.36"
209.74.77.214 - - [12/Jul/2025:15:28:38 +0000] "POST /wp-cron.php?doing_wp_cron=1752334118.3340570926666259765625 HTTP/1.1" 200 - "-" "WordPress/6.8.1; https://cartel.express"
115.72.14.82 - - [12/Jul/2025:15:28:37 +0000] "POST /wp-comments-post.php HTTP/1.1" 302 - "-" "Mozilla/5.0 (Windows NT 10.0; Win64; x64) AppleWebKit/537.36 (KHTML, like Gecko) Chrome/120.0.0.0 Safari/537.36"
209.74.77.214 - - [12/Jul/2025:15:29:03 +0000] "POST /wp-cron.php?doing_wp_cron=1752334143.4020729064941406250000 HTTP/1.1" 200 - "-" "WordPress/6.8.1; https://cartel.express"
115.72.14.82 - - [12/Jul/2025:15:29:03 +0000] "POST /wp-comments-post.php HTTP/1.1" 302 - "-" "Mozilla/5.0 (Windows NT 10.0; Win64; x64) AppleWebKit/537.36 (KHTML, like Gecko) Chrome/120.0.0.0 Safari/537.36"
209.74.77.214 - - [12/Jul/2025:15:29:28 +0000] "POST /wp-cron.php?doing_wp_cron=1752334168.2825620174407958984375 HTTP/1.1" 200 - "-" "WordPress/6.8.1; https://cartel.express"
115.72.14.82 - - [12/Jul/2025:15:29:28 +0000] "POST /wp-comments-post.php HTTP/1.1" 302 - "-" "Mozilla/5.0 (Windows NT 10.0; Win64; x64) AppleWebKit/537.36 (KHTML, like Gecko) Chrome/120.0.0.0 Safari/537.36"
45.61.161.124 - - [12/Jul/2025:15:54:34 +0000] "GET /style.php HTTP/1.1" 404 24768 "www.google.com" "Mozlila/5.0 (Linux; Android 7.0; SM-G892A Bulid/NRD90M; wv) AppleWebKit/537.36 (KHTML, like Gecko) Version/4.0 Chrome/60.0.3112.107 Moblie Safari/537.36"
45.61.161.124 - - [12/Jul/2025:15:54:47 +0000] "GET /ss.php?f_c=1 HTTP/1.1" 404 24767 "www.google.com" "Mozlila/5.0 (Linux; Android 7.0; SM-G892A Bulid/NRD90M; wv) AppleWebKit/537.36 (KHTML, like Gecko) Version/4.0 Chrome/60.0.3112.107 Moblie Safari/537.36"
45.61.161.124 - - [12/Jul/2025:15:54:55 +0000] "GET /ss.php?f_c=1 HTTP/1.1" 404 24764 "www.google.com" "Mozlila/5.0 (Linux; Android 7.0; SM-G892A Bulid/NRD90M; wv) AppleWebKit/537.36 (KHTML, like Gecko) Version/4.0 Chrome/60.0.3112.107 Moblie Safari/537.36"
209.74.77.214 - - [12/Jul/2025:16:15:25 +0000] "POST /wp-cron.php?doing_wp_cron=1752336924.9954869747161865234375 HTTP/1.1" 200 - "-" "WordPress/6.8.1; https://cartel.express"
162.246.23.194 - - [12/Jul/2025:16:15:22 +0000] "POST /xmlrpc.php HTTP/1.1" 200 403 "-" "Mozilla/5.0 (Windows NT 5.1; rv:36.0) Gecko/20100101 Firefox/36.0"
209.74.77.214 - - [12/Jul/2025:16:15:31 +0000] "POST /wp-cron.php?doing_wp_cron=1752336931.2041049003601074218750 HTTP/1.1" 200 - "-" "WordPress/6.8.1; https://cartel.express"
193.202.110.30 - - [12/Jul/2025:16:15:31 +0000] "POST /xmlrpc.php HTTP/1.1" 200 403 "-" "Mozilla/5.0 (Windows NT 6.1; WOW64; rv:52.0) Gecko/20100101 Firefox/52.0"
42.83.147.55 - - [12/Jul/2025:16:22:23 +0000] "GET / HTTP/1.1" 200 40531 "-" "Mozilla/5.0 (Windows NT 6.1; Win64; x64) AppleWebKit/537.36 (KHTML, like Gecko)Chrome/74.0.3729.169 Safari/537.36"
42.83.147.55 - - [12/Jul/2025:16:22:24 +0000] "GET / HTTP/1.1" 200 40529 "-" "Mozilla/5.0 (Windows NT 6.1; Win64; x64) AppleWebKit/537.36 (KHTML, like Gecko)Chrome/74.0.3729.169 Safari/537.36"
37.19.223.19 - - [12/Jul/2025:16:32:45 +0000] "GET / HTTP/1.0" 200 269794 "https://cartel.express/" "Mozilla/5.0 (Windows NT 10.0; Win64; x64) AppleWebKit/537.36 (KHTML, like Gecko) Chrome/130.0.0.0 Safari/537.36 CCleaner/130.0.0.0"
37.19.223.19 - - [12/Jul/2025:16:32:47 +0000] "POST / HTTP/1.0" 200 269814 "https://cartel.express/" "Mozilla/5.0 (Windows NT 10.0; Win64; x64) AppleWebKit/537.36 (KHTML, like Gecko) Chrome/130.0.0.0 Safari/537.36 CCleaner/130.0.0.0"
209.74.77.214 - - [12/Jul/2025:16:34:32 +0000] "POST /wp-cron.php?doing_wp_cron=1752338072.2828350067138671875000 HTTP/1.1" 200 - "-" "WordPress/6.8.1; https://cartel.express"
4.227.36.3 - - [12/Jul/2025:16:34:30 +0000] "GET /robots.txt HTTP/1.1" 200 153 "-" "Mozilla/5.0 AppleWebKit/537.36 (KHTML, like Gecko; compatible; GPTBot/1.2; +https://openai.com/gptbot)"
209.74.77.214 - - [12/Jul/2025:16:35:35 +0000] "POST /wp-cron.php?doing_wp_cron=1752338135.1362888813018798828125 HTTP/1.1" 200 - "-" "WordPress/6.8.1; https://cartel.express"
66.249.73.229 - - [12/Jul/2025:16:35:33 +0000] "GET /robots.txt HTTP/1.1" 301 - "-" "Mozilla/5.0 (compatible; Googlebot/2.1; +http://www.google.com/bot.html)"
66.249.73.132 - - [12/Jul/2025:16:35:35 +0000] "GET /robots.txt HTTP/1.1" 200 153 "-" "Mozilla/5.0 (compatible; Googlebot/2.1; +http://www.google.com/bot.html)"
66.249.73.227 - - [12/Jul/2025:16:35:35 +0000] "GET / HTTP/1.1" 301 - "-" "Mozilla/5.0 (Linux; Android 6.0.1; Nexus 5X Build/MMB29P) AppleWebKit/537.36 (KHTML, like Gecko) Chrome/137.0.7151.103 Mobile Safari/537.36 (compatible; Googlebot/2.1; +http://www.google.com/bot.html)"
66.249.73.128 - - [12/Jul/2025:16:35:35 +0000] "GET / HTTP/1.1" 200 40617 "-" "Mozilla/5.0 (Linux; Android 6.0.1; Nexus 5X Build/MMB29P) AppleWebKit/537.36 (KHTML, like Gecko) Chrome/137.0.7151.103 Mobile Safari/537.36 (compatible; Googlebot/2.1; +http://www.google.com/bot.html)"
66.249.73.132 - - [12/Jul/2025:16:35:55 +0000] "GET /wp-content/themes/detailx/skins/default/css/font-icons/css/fontello.css HTTP/1.1" 200 7543 "https://cartel.express/" "Mozilla/5.0 (Linux; Android 6.0.1; Nexus 5X Build/MMB29P) AppleWebKit/537.36 (KHTML, like Gecko) Chrome/137.0.7151.119 Mobile Safari/537.36 (compatible; Googlebot/2.1; +http://www.google.com/bot.html)"
66.249.73.131 - - [12/Jul/2025:16:35:55 +0000] "GET /wp-content/uploads/elementor/css/custom-frontend.min.css?ver=1752119949 HTTP/1.1" 200 7083 "https://cartel.express/" "Mozilla/5.0 (Linux; Android 6.0.1; Nexus 5X Build/MMB29P) AppleWebKit/537.36 (KHTML, like Gecko) Chrome/137.0.7151.119 Mobile Safari/537.36 (compatible; Googlebot/2.1; +http://www.google.com/bot.html)"
66.249.73.132 - - [12/Jul/2025:16:35:55 +0000] "GET /wp-content/plugins/ti-woocommerce-wishlist/assets/css/webfont.min.css?ver=2.10.0 HTTP/1.1" 200 877 "https://cartel.express/" "Mozilla/5.0 (Linux; Android 6.0.1; Nexus 5X Build/MMB29P) AppleWebKit/537.36 (KHTML, like Gecko) Chrome/137.0.7151.119 Mobile Safari/537.36 (compatible; Googlebot/2.1; +http://www.google.com/bot.html)"
66.249.73.131 - - [12/Jul/2025:16:35:55 +0000] "GET /wp-content/plugins/elementor/assets/lib/swiper/v8/css/swiper.min.css?ver=8.4.5 HTTP/1.1" 200 4583 "https://cartel.express/" "Mozilla/5.0 (Linux; Android 6.0.1; Nexus 5X Build/MMB29P) AppleWebKit/537.36 (KHTML, like Gecko) Chrome/137.0.7151.119 Mobile Safari/537.36 (compatible; Googlebot/2.1; +http://www.google.com/bot.html)"
66.249.73.131 - - [12/Jul/2025:16:35:55 +0000] "GET /wp-includes/js/wp-util.min.js?ver=6.8.1 HTTP/1.1" 200 756 "https://cartel.express/" "Mozilla/5.0 (Linux; Android 6.0.1; Nexus 5X Build/MMB29P) AppleWebKit/537.36 (KHTML, like Gecko) Chrome/137.0.7151.119 Mobile Safari/537.36 (compatible; Googlebot/2.1; +http://www.google.com/bot.html)"
66.249.73.132 - - [12/Jul/2025:16:35:55 +0000] "GET /wp-content/plugins/elementor/assets/js/webpack.runtime.min.js?ver=3.30.2 HTTP/1.1" 200 2516 "https://cartel.express/" "Mozilla/5.0 (Linux; Android 6.0.1; Nexus 5X Build/MMB29P) AppleWebKit/537.36 (KHTML, like Gecko) Chrome/137.0.7151.119 Mobile Safari/537.36 (compatible; Googlebot/2.1; +http://www.google.com/bot.html)"
66.249.73.132 - - [12/Jul/2025:16:35:57 +0000] "GET /wp-content/plugins/trx_addons/addons/qw-extension/css/qw_extension_testimonials.css HTTP/1.1" 200 1066 "https://cartel.express/" "Mozilla/5.0 (Linux; Android 6.0.1; Nexus 5X Build/MMB29P) AppleWebKit/537.36 (KHTML, like Gecko) Chrome/137.0.7151.119 Mobile Safari/537.36 (compatible; Googlebot/2.1; +http://www.google.com/bot.html)"
66.249.73.132 - - [12/Jul/2025:16:35:57 +0000] "GET /wp-content/themes/detailx/plugins/woocommerce/woocommerce.js HTTP/1.1" 200 4266 "https://cartel.express/" "Mozilla/5.0 (Linux; Android 6.0.1; Nexus 5X Build/MMB29P) AppleWebKit/537.36 (KHTML, like Gecko) Chrome/137.0.7151.119 Mobile Safari/537.36 (compatible; Googlebot/2.1; +http://www.google.com/bot.html)"
209.74.77.214 - - [12/Jul/2025:16:35:57 +0000] "POST /wp-cron.php?doing_wp_cron=1752338157.8383569717407226562500 HTTP/1.1" 200 - "-" "WordPress/6.8.1; https://cartel.express"
66.249.73.131 - - [12/Jul/2025:16:35:57 +0000] "POST /?wc-ajax=get_refreshed_fragments HTTP/1.1" 200 161 "https://cartel.express/" "Mozilla/5.0 (Linux; Android 6.0.1; Nexus 5X Build/MMB29P) AppleWebKit/537.36 (KHTML, like Gecko) Chrome/137.0.7151.119 Mobile Safari/537.36 (compatible; Googlebot/2.1; +http://www.google.com/bot.html)"
66.249.73.132 - - [12/Jul/2025:16:35:58 +0000] "GET /wp-content/plugins/elementor/assets/js/shared-frontend-handlers.30dc2f9c080845a413a6.bundle.min.js HTTP/1.1" 200 2682 "https://cartel.express/" "Mozilla/5.0 (Linux; Android 6.0.1; Nexus 5X Build/MMB29P) AppleWebKit/537.36 (KHTML, like Gecko) Chrome/137.0.7151.119 Mobile Safari/537.36 (compatible; Googlebot/2.1; +http://www.google.com/bot.html)"
209.74.77.214 - - [12/Jul/2025:17:05:21 +0000] "POST /wp-cron.php?doing_wp_cron=1752339921.1217489242553710937500 HTTP/1.1" 200 - "-" "WordPress/6.8.1; https://cartel.express"
212.118.53.218 - - [12/Jul/2025:17:05:19 +0000] "GET / HTTP/1.1" 301 - "-" "Mozilla/5.0 (Macintosh; Intel Mac OS X 10_15_7) AppleWebKit/537.36 (KHTML, like Gecko) Chrome/133.0.0.0 Safari/537.36"
212.118.53.218 - - [12/Jul/2025:17:05:21 +0000] "GET / HTTP/1.1" 200 40529 "https://CARTEL.EXPRESS" "Mozilla/5.0 (Macintosh; Intel Mac OS X 10_15_7) AppleWebKit/537.36 (KHTML, like Gecko) Chrome/133.0.0.0 Safari/537.36"
209.74.77.214 - - [12/Jul/2025:17:05:25 +0000] "POST /wp-cron.php?doing_wp_cron=1752339925.0689640045166015625000 HTTP/1.1" 200 - "-" "WordPress/6.8.1; https://cartel.express"
102.164.17.54 - - [12/Jul/2025:17:05:24 +0000] "POST / HTTP/1.1" 200 40634 "-" "Mozilla/5.0 (Macintosh; Intel Mac OS X 10_15_7) AppleWebKit/537.36 (KHTML, like Gecko) Chrome/133.0.0.0 Safari/537.36"
209.74.77.214 - - [12/Jul/2025:17:05:29 +0000] "POST /wp-cron.php?doing_wp_cron=1752339929.2035810947418212890625 HTTP/1.1" 200 - "-" "WordPress/6.8.1; https://cartel.express"
102.164.17.54 - - [12/Jul/2025:17:05:28 +0000] "POST / HTTP/1.1" 200 40480 "-" "Mozilla/5.0 (Windows NT 10.0; Win64; x64) AppleWebKit/537.36 (KHTML, like Gecko) Chrome/120.0.0.0 Safari/537.36"
102.164.17.54 - - [12/Jul/2025:17:05:32 +0000] "POST / HTTP/1.1" 200 40705 "-" "Mozilla/5.0 (Macintosh; Intel Mac OS X 10_15_7) AppleWebKit/537.36 (KHTML, like Gecko) Chrome/133.0.0.0 Safari/537.36"
102.164.17.54 - - [12/Jul/2025:17:05:35 +0000] "POST / HTTP/1.1" 200 40482 "-" "Mozilla/5.0 (Windows NT 10.0; Win64; x64) AppleWebKit/537.36 (KHTML, like Gecko) Chrome/120.0.0.0 Safari/537.36"
212.118.53.218 - - [12/Jul/2025:17:05:37 +0000] "GET /comments/feed/ HTTP/1.1" 200 1595 "-" "Mozilla/5.0 (Macintosh; Intel Mac OS X 10_15_7) AppleWebKit/537.36 (KHTML, like Gecko) Chrome/133.0.0.0 Safari/537.36"
212.118.53.218 - - [12/Jul/2025:17:05:38 +0000] "GET /what-can-go-wrong-while-diagnosing-a-car-problem/ HTTP/1.1" 200 29462 "-" "Mozilla/5.0 (Macintosh; Intel Mac OS X 10_15_7) AppleWebKit/537.36 (KHTML, like Gecko) Chrome/133.0.0.0 Safari/537.36"
102.164.17.54 - - [12/Jul/2025:17:05:41 +0000] "POST /wp-comments-post.php HTTP/1.1" 200 1106 "-" "Mozilla/5.0 (Macintosh; Intel Mac OS X 10_15_7) AppleWebKit/537.36 (KHTML, like Gecko) Chrome/133.0.0.0 Safari/537.36"
102.164.17.54 - - [12/Jul/2025:17:05:44 +0000] "POST /wp-comments-post.php HTTP/1.1" 200 - "-" "Mozilla/5.0 (Windows NT 10.0; Win64; x64) AppleWebKit/537.36 (KHTML, like Gecko) Chrome/120.0.0.0 Safari/537.36"
212.118.53.218 - - [12/Jul/2025:17:05:45 +0000] "GET /contact/ HTTP/1.1" 200 27349 "-" "Mozilla/5.0 (Macintosh; Intel Mac OS X 10_15_7) AppleWebKit/537.36 (KHTML, like Gecko) Chrome/133.0.0.0 Safari/537.36"
102.164.17.54 - - [12/Jul/2025:17:05:48 +0000] "POST /contact/ HTTP/1.1" 200 27464 "-" "Mozilla/5.0 (Macintosh; Intel Mac OS X 10_15_7) AppleWebKit/537.36 (KHTML, like Gecko) Chrome/133.0.0.0 Safari/537.36"
102.164.17.54 - - [12/Jul/2025:17:05:51 +0000] "POST /contact/ HTTP/1.1" 200 27305 "-" "Mozilla/5.0 (Windows NT 10.0; Win64; x64) AppleWebKit/537.36 (KHTML, like Gecko) Chrome/120.0.0.0 Safari/537.36"
212.118.53.218 - - [12/Jul/2025:17:05:53 +0000] "GET /newsletter-popup/ HTTP/1.1" 200 27640 "-" "Mozilla/5.0 (Macintosh; Intel Mac OS X 10_15_7) AppleWebKit/537.36 (KHTML, like Gecko) Chrome/133.0.0.0 Safari/537.36"
102.164.17.54 - - [12/Jul/2025:17:05:55 +0000] "POST /newsletter-popup/ HTTP/1.1" 200 27806 "-" "Mozilla/5.0 (Macintosh; Intel Mac OS X 10_15_7) AppleWebKit/537.36 (KHTML, like Gecko) Chrome/133.0.0.0 Safari/537.36"
209.74.77.214 - - [12/Jul/2025:17:06:00 +0000] "POST /wp-cron.php?doing_wp_cron=1752339960.5058250427246093750000 HTTP/1.1" 200 - "-" "WordPress/6.8.1; https://cartel.express"
102.164.17.54 - - [12/Jul/2025:17:06:00 +0000] "POST /newsletter-popup/ HTTP/1.1" 200 27591 "-" "Mozilla/5.0 (Windows NT 10.0; Win64; x64) AppleWebKit/537.36 (KHTML, like Gecko) Chrome/120.0.0.0 Safari/537.36"
102.164.17.54 - - [12/Jul/2025:17:06:03 +0000] "POST /newsletter-popup/ HTTP/1.1" 200 27809 "-" "Mozilla/5.0 (Macintosh; Intel Mac OS X 10_15_7) AppleWebKit/537.36 (KHTML, like Gecko) Chrome/133.0.0.0 Safari/537.36"
102.164.17.54 - - [12/Jul/2025:17:06:09 +0000] "POST /newsletter-popup/ HTTP/1.1" 200 27591 "-" "Mozilla/5.0 (Windows NT 10.0; Win64; x64) AppleWebKit/537.36 (KHTML, like Gecko) Chrome/120.0.0.0 Safari/537.36"
212.118.53.218 - - [12/Jul/2025:17:06:12 +0000] "GET /blog-standard/ HTTP/1.1" 200 29885 "-" "Mozilla/5.0 (Macintosh; Intel Mac OS X 10_15_7) AppleWebKit/537.36 (KHTML, like Gecko) Chrome/133.0.0.0 Safari/537.36"
209.74.77.214 - - [12/Jul/2025:17:06:13 +0000] "POST /wp-cron.php?doing_wp_cron=1752339973.9781680107116699218750 HTTP/1.1" 200 - "-" "WordPress/6.8.1; https://cartel.express"
212.118.53.218 - - [12/Jul/2025:17:06:13 +0000] "GET /must-do-regular-checkups-for-a-better-car-operation/ HTTP/1.1" 200 29057 "-" "Mozilla/5.0 (Macintosh; Intel Mac OS X 10_15_7) AppleWebKit/537.36 (KHTML, like Gecko) Chrome/133.0.0.0 Safari/537.36"
102.164.17.54 - - [12/Jul/2025:17:06:16 +0000] "POST /wp-comments-post.php HTTP/1.1" 200 1106 "-" "Mozilla/5.0 (Macintosh; Intel Mac OS X 10_15_7) AppleWebKit/537.36 (KHTML, like Gecko) Chrome/133.0.0.0 Safari/537.36"
102.164.17.54 - - [12/Jul/2025:17:06:19 +0000] "POST /wp-comments-post.php HTTP/1.1" 200 - "-" "Mozilla/5.0 (Windows NT 10.0; Win64; x64) AppleWebKit/537.36 (KHTML, like Gecko) Chrome/120.0.0.0 Safari/537.36"
212.118.53.218 - - [12/Jul/2025:17:06:20 +0000] "GET /top-10-ideas-how-to-paint-your-sports-and-racing-car/ HTTP/1.1" 200 29451 "-" "Mozilla/5.0 (Macintosh; Intel Mac OS X 10_15_7) AppleWebKit/537.36 (KHTML, like Gecko) Chrome/133.0.0.0 Safari/537.36"
212.118.53.218 - - [12/Jul/2025:17:06:21 +0000] "GET /blog-standard/page/2/ HTTP/1.1" 200 29168 "-" "Mozilla/5.0 (Macintosh; Intel Mac OS X 10_15_7) AppleWebKit/537.36 (KHTML, like Gecko) Chrome/133.0.0.0 Safari/537.36"
212.118.53.218 - - [12/Jul/2025:17:06:22 +0000] "GET /blog-standard/page/3/ HTTP/1.1" 200 27599 "-" "Mozilla/5.0 (Macintosh; Intel Mac OS X 10_15_7) AppleWebKit/537.36 (KHTML, like Gecko) Chrome/133.0.0.0 Safari/537.36"
212.118.53.218 - - [12/Jul/2025:17:06:23 +0000] "GET /tag/news/ HTTP/1.1" 200 26691 "-" "Mozilla/5.0 (Macintosh; Intel Mac OS X 10_15_7) AppleWebKit/537.36 (KHTML, like Gecko) Chrome/133.0.0.0 Safari/537.36"
212.118.53.218 - - [12/Jul/2025:17:06:24 +0000] "GET /blog-list/ HTTP/1.1" 200 27448 "-" "Mozilla/5.0 (Macintosh; Intel Mac OS X 10_15_7) AppleWebKit/537.36 (KHTML, like Gecko) Chrome/133.0.0.0 Safari/537.36"
212.118.53.218 - - [12/Jul/2025:17:06:25 +0000] "GET /blog-list/page/2/ HTTP/1.1" 200 27299 "-" "Mozilla/5.0 (Macintosh; Intel Mac OS X 10_15_7) AppleWebKit/537.36 (KHTML, like Gecko) Chrome/133.0.0.0 Safari/537.36"
212.118.53.218 - - [12/Jul/2025:17:06:26 +0000] "GET /blog-grid/ HTTP/1.1" 200 26036 "-" "Mozilla/5.0 (Macintosh; Intel Mac OS X 10_15_7) AppleWebKit/537.36 (KHTML, like Gecko) Chrome/133.0.0.0 Safari/537.36"
212.118.53.218 - - [12/Jul/2025:17:06:27 +0000] "GET /giving-a-new-life-to-old-headlights-polish-sealing/ HTTP/1.1" 200 28797 "-" "Mozilla/5.0 (Macintosh; Intel Mac OS X 10_15_7) AppleWebKit/537.36 (KHTML, like Gecko) Chrome/133.0.0.0 Safari/537.36"
212.118.53.218 - - [12/Jul/2025:17:06:28 +0000] "GET /must-do-regular-checkups-for-a-better-car-operation/ HTTP/1.1" 200 28659 "-" "Mozilla/5.0 (Macintosh; Intel Mac OS X 10_15_7) AppleWebKit/537.36 (KHTML, like Gecko) Chrome/133.0.0.0 Safari/537.36"
212.118.53.218 - - [12/Jul/2025:17:06:30 +0000] "GET /must-do-regular-checkups-for-a-better-car-operation/feed/ HTTP/1.1" 200 480 "-" "Mozilla/5.0 (Macintosh; Intel Mac OS X 10_15_7) AppleWebKit/537.36 (KHTML, like Gecko) Chrome/133.0.0.0 Safari/537.36"
212.118.53.218 - - [12/Jul/2025:17:06:30 +0000] "GET /must-do-regular-checkups-for-a-better-car-operation/ HTTP/1.1" 200 29249 "-" "Mozilla/5.0 (Macintosh; Intel Mac OS X 10_15_7) AppleWebKit/537.36 (KHTML, like Gecko) Chrome/133.0.0.0 Safari/537.36"
212.118.53.218 - - [12/Jul/2025:17:06:32 +0000] "GET /checkout/ HTTP/1.1" 302 - "-" "Mozilla/5.0 (Macintosh; Intel Mac OS X 10_15_7) AppleWebKit/537.36 (KHTML, like Gecko) Chrome/133.0.0.0 Safari/537.36"
212.118.53.218 - - [12/Jul/2025:17:06:32 +0000] "GET /cart/ HTTP/1.1" 200 55970 "https://cartel.express/checkout/" "Mozilla/5.0 (Macintosh; Intel Mac OS X 10_15_7) AppleWebKit/537.36 (KHTML, like Gecko) Chrome/133.0.0.0 Safari/537.36"
212.118.53.218 - - [12/Jul/2025:17:06:33 +0000] "GET /car-body-polish-makes-it-look-like-new/ HTTP/1.1" 200 28667 "-" "Mozilla/5.0 (Macintosh; Intel Mac OS X 10_15_7) AppleWebKit/537.36 (KHTML, like Gecko) Chrome/133.0.0.0 Safari/537.36"
212.118.53.218 - - [12/Jul/2025:17:06:34 +0000] "GET /car-body-polish-makes-it-look-like-new/feed/ HTTP/1.1" 200 472 "-" "Mozilla/5.0 (Macintosh; Intel Mac OS X 10_15_7) AppleWebKit/537.36 (KHTML, like Gecko) Chrome/133.0.0.0 Safari/537.36"
212.118.53.218 - - [12/Jul/2025:17:06:35 +0000] "GET /car-body-polish-makes-it-look-like-new/ HTTP/1.1" 200 28664 "-" "Mozilla/5.0 (Macintosh; Intel Mac OS X 10_15_7) AppleWebKit/537.36 (KHTML, like Gecko) Chrome/133.0.0.0 Safari/537.36"
212.118.53.218 - - [12/Jul/2025:17:06:36 +0000] "GET /car-body-polish-makes-it-look-like-new/ HTTP/1.1" 200 28668 "-" "Mozilla/5.0 (Macintosh; Intel Mac OS X 10_15_7) AppleWebKit/537.36 (KHTML, like Gecko) Chrome/133.0.0.0 Safari/537.36"
209.74.77.214 - - [12/Jul/2025:17:10:57 +0000] "POST /wp-cron.php?doing_wp_cron=1752340257.6837260723114013671875 HTTP/1.1" 200 - "-" "WordPress/6.8.1; https://cartel.express"
195.2.81.242 - - [12/Jul/2025:17:10:57 +0000] "GET / HTTP/1.1" 301 - "-" "Mozilla/5.0 (Macintosh; Intel Mac OS X 10_15_7) AppleWebKit/537.36 (KHTML, like Gecko) Chrome/133.0.0.0 Safari/537.36"
195.2.81.242 - - [12/Jul/2025:17:10:58 +0000] "GET / HTTP/1.1" 200 40530 "https://CARTEL.EXPRESS" "Mozilla/5.0 (Macintosh; Intel Mac OS X 10_15_7) AppleWebKit/537.36 (KHTML, like Gecko) Chrome/133.0.0.0 Safari/537.36"
176.104.110.170 - - [12/Jul/2025:17:11:00 +0000] "POST / HTTP/1.1" 200 40639 "-" "Mozilla/5.0 (Macintosh; Intel Mac OS X 10_15_7) AppleWebKit/537.36 (KHTML, like Gecko) Chrome/133.0.0.0 Safari/537.36"
176.104.110.170 - - [12/Jul/2025:17:11:06 +0000] "POST / HTTP/1.1" 200 40477 "-" "Mozilla/5.0 (Windows NT 10.0; Win64; x64) AppleWebKit/537.36 (KHTML, like Gecko) Chrome/120.0.0.0 Safari/537.36"
176.104.110.170 - - [12/Jul/2025:17:11:08 +0000] "POST / HTTP/1.1" 200 40707 "-" "Mozilla/5.0 (Macintosh; Intel Mac OS X 10_15_7) AppleWebKit/537.36 (KHTML, like Gecko) Chrome/133.0.0.0 Safari/537.36"
176.104.110.170 - - [12/Jul/2025:17:11:10 +0000] "POST / HTTP/1.1" 200 40476 "-" "Mozilla/5.0 (Windows NT 10.0; Win64; x64) AppleWebKit/537.36 (KHTML, like Gecko) Chrome/120.0.0.0 Safari/537.36"
195.2.81.242 - - [12/Jul/2025:17:11:12 +0000] "GET /comments/feed/ HTTP/1.1" 200 1595 "-" "Mozilla/5.0 (Macintosh; Intel Mac OS X 10_15_7) AppleWebKit/537.36 (KHTML, like Gecko) Chrome/133.0.0.0 Safari/537.36"
209.74.77.214 - - [12/Jul/2025:17:11:14 +0000] "POST /wp-cron.php?doing_wp_cron=1752340274.3257789611816406250000 HTTP/1.1" 200 - "-" "WordPress/6.8.1; https://cartel.express"
195.2.81.242 - - [12/Jul/2025:17:11:14 +0000] "GET /what-can-go-wrong-while-diagnosing-a-car-problem/ HTTP/1.1" 200 29418 "-" "Mozilla/5.0 (Macintosh; Intel Mac OS X 10_15_7) AppleWebKit/537.36 (KHTML, like Gecko) Chrome/133.0.0.0 Safari/537.36"
176.104.110.170 - - [12/Jul/2025:17:11:18 +0000] "POST /wp-comments-post.php HTTP/1.1" 200 1106 "-" "Mozilla/5.0 (Macintosh; Intel Mac OS X 10_15_7) AppleWebKit/537.36 (KHTML, like Gecko) Chrome/133.0.0.0 Safari/537.36"
176.104.110.170 - - [12/Jul/2025:17:11:21 +0000] "POST /wp-comments-post.php HTTP/1.1" 200 - "-" "Mozilla/5.0 (Windows NT 10.0; Win64; x64) AppleWebKit/537.36 (KHTML, like Gecko) Chrome/120.0.0.0 Safari/537.36"
195.2.81.242 - - [12/Jul/2025:17:11:21 +0000] "GET /contact/ HTTP/1.1" 200 27352 "-" "Mozilla/5.0 (Macintosh; Intel Mac OS X 10_15_7) AppleWebKit/537.36 (KHTML, like Gecko) Chrome/133.0.0.0 Safari/537.36"
176.104.110.170 - - [12/Jul/2025:17:11:23 +0000] "POST /contact/ HTTP/1.1" 200 27465 "-" "Mozilla/5.0 (Macintosh; Intel Mac OS X 10_15_7) AppleWebKit/537.36 (KHTML, like Gecko) Chrome/133.0.0.0 Safari/537.36"
176.104.110.170 - - [12/Jul/2025:17:11:25 +0000] "POST /contact/ HTTP/1.1" 200 27303 "-" "Mozilla/5.0 (Windows NT 10.0; Win64; x64) AppleWebKit/537.36 (KHTML, like Gecko) Chrome/120.0.0.0 Safari/537.36"
195.2.81.242 - - [12/Jul/2025:17:11:27 +0000] "GET /newsletter-popup/ HTTP/1.1" 200 27640 "-" "Mozilla/5.0 (Macintosh; Intel Mac OS X 10_15_7) AppleWebKit/537.36 (KHTML, like Gecko) Chrome/133.0.0.0 Safari/537.36"
176.104.110.170 - - [12/Jul/2025:17:11:28 +0000] "POST /newsletter-popup/ HTTP/1.1" 200 27811 "-" "Mozilla/5.0 (Macintosh; Intel Mac OS X 10_15_7) AppleWebKit/537.36 (KHTML, like Gecko) Chrome/133.0.0.0 Safari/537.36"
176.104.110.170 - - [12/Jul/2025:17:11:30 +0000] "POST /newsletter-popup/ HTTP/1.1" 200 27590 "-" "Mozilla/5.0 (Windows NT 10.0; Win64; x64) AppleWebKit/537.36 (KHTML, like Gecko) Chrome/120.0.0.0 Safari/537.36"
176.104.110.170 - - [12/Jul/2025:17:11:33 +0000] "POST /newsletter-popup/ HTTP/1.1" 200 27811 "-" "Mozilla/5.0 (Macintosh; Intel Mac OS X 10_15_7) AppleWebKit/537.36 (KHTML, like Gecko) Chrome/133.0.0.0 Safari/537.36"
176.104.110.170 - - [12/Jul/2025:17:11:35 +0000] "POST /newsletter-popup/ HTTP/1.1" 200 27594 "-" "Mozilla/5.0 (Windows NT 10.0; Win64; x64) AppleWebKit/537.36 (KHTML, like Gecko) Chrome/120.0.0.0 Safari/537.36"
195.2.81.242 - - [12/Jul/2025:17:11:37 +0000] "GET /blog-standard/ HTTP/1.1" 200 29882 "-" "Mozilla/5.0 (Macintosh; Intel Mac OS X 10_15_7) AppleWebKit/537.36 (KHTML, like Gecko) Chrome/133.0.0.0 Safari/537.36"
195.2.81.242 - - [12/Jul/2025:17:11:39 +0000] "GET /must-do-regular-checkups-for-a-better-car-operation/ HTTP/1.1" 200 29098 "-" "Mozilla/5.0 (Macintosh; Intel Mac OS X 10_15_7) AppleWebKit/537.36 (KHTML, like Gecko) Chrome/133.0.0.0 Safari/537.36"
176.104.110.170 - - [12/Jul/2025:17:11:41 +0000] "POST /wp-comments-post.php HTTP/1.1" 200 1106 "-" "Mozilla/5.0 (Macintosh; Intel Mac OS X 10_15_7) AppleWebKit/537.36 (KHTML, like Gecko) Chrome/133.0.0.0 Safari/537.36"
176.104.110.170 - - [12/Jul/2025:17:11:42 +0000] "POST /wp-comments-post.php HTTP/1.1" 200 - "-" "Mozilla/5.0 (Windows NT 10.0; Win64; x64) AppleWebKit/537.36 (KHTML, like Gecko) Chrome/120.0.0.0 Safari/537.36"
195.2.81.242 - - [12/Jul/2025:17:11:43 +0000] "GET /top-10-ideas-how-to-paint-your-sports-and-racing-car/ HTTP/1.1" 200 29452 "-" "Mozilla/5.0 (Macintosh; Intel Mac OS X 10_15_7) AppleWebKit/537.36 (KHTML, like Gecko) Chrome/133.0.0.0 Safari/537.36"
195.2.81.242 - - [12/Jul/2025:17:11:45 +0000] "GET /blog-standard/page/2/ HTTP/1.1" 200 29171 "-" "Mozilla/5.0 (Macintosh; Intel Mac OS X 10_15_7) AppleWebKit/537.36 (KHTML, like Gecko) Chrome/133.0.0.0 Safari/537.36"
195.2.81.242 - - [12/Jul/2025:17:11:46 +0000] "GET /blog-standard/page/3/ HTTP/1.1" 200 27622 "-" "Mozilla/5.0 (Macintosh; Intel Mac OS X 10_15_7) AppleWebKit/537.36 (KHTML, like Gecko) Chrome/133.0.0.0 Safari/537.36"
195.2.81.242 - - [12/Jul/2025:17:11:47 +0000] "GET /tag/news/ HTTP/1.1" 200 26689 "-" "Mozilla/5.0 (Macintosh; Intel Mac OS X 10_15_7) AppleWebKit/537.36 (KHTML, like Gecko) Chrome/133.0.0.0 Safari/537.36"
195.2.81.242 - - [12/Jul/2025:17:11:49 +0000] "GET /blog-list/ HTTP/1.1" 200 27439 "-" "Mozilla/5.0 (Macintosh; Intel Mac OS X 10_15_7) AppleWebKit/537.36 (KHTML, like Gecko) Chrome/133.0.0.0 Safari/537.36"
195.2.81.242 - - [12/Jul/2025:17:11:50 +0000] "GET /blog-list/page/2/ HTTP/1.1" 200 27303 "-" "Mozilla/5.0 (Macintosh; Intel Mac OS X 10_15_7) AppleWebKit/537.36 (KHTML, like Gecko) Chrome/133.0.0.0 Safari/537.36"
195.2.81.242 - - [12/Jul/2025:17:11:52 +0000] "GET /blog-grid/ HTTP/1.1" 200 26040 "-" "Mozilla/5.0 (Macintosh; Intel Mac OS X 10_15_7) AppleWebKit/537.36 (KHTML, like Gecko) Chrome/133.0.0.0 Safari/537.36"
195.2.81.242 - - [12/Jul/2025:17:11:54 +0000] "GET /giving-a-new-life-to-old-headlights-polish-sealing/ HTTP/1.1" 200 28790 "-" "Mozilla/5.0 (Macintosh; Intel Mac OS X 10_15_7) AppleWebKit/537.36 (KHTML, like Gecko) Chrome/133.0.0.0 Safari/537.36"
195.2.81.242 - - [12/Jul/2025:17:11:55 +0000] "GET /must-do-regular-checkups-for-a-better-car-operation/ HTTP/1.1" 200 29094 "-" "Mozilla/5.0 (Macintosh; Intel Mac OS X 10_15_7) AppleWebKit/537.36 (KHTML, like Gecko) Chrome/133.0.0.0 Safari/537.36"
209.74.77.214 - - [12/Jul/2025:17:11:57 +0000] "POST /wp-cron.php?doing_wp_cron=1752340317.4759910106658935546875 HTTP/1.1" 200 - "-" "WordPress/6.8.1; https://cartel.express"
195.2.81.242 - - [12/Jul/2025:17:11:57 +0000] "GET /must-do-regular-checkups-for-a-better-car-operation/feed/ HTTP/1.1" 200 480 "-" "Mozilla/5.0 (Macintosh; Intel Mac OS X 10_15_7) AppleWebKit/537.36 (KHTML, like Gecko) Chrome/133.0.0.0 Safari/537.36"
195.2.81.242 - - [12/Jul/2025:17:11:58 +0000] "GET /must-do-regular-checkups-for-a-better-car-operation/ HTTP/1.1" 200 28656 "-" "Mozilla/5.0 (Macintosh; Intel Mac OS X 10_15_7) AppleWebKit/537.36 (KHTML, like Gecko) Chrome/133.0.0.0 Safari/537.36"
195.2.81.242 - - [12/Jul/2025:17:11:59 +0000] "GET /checkout/ HTTP/1.1" 302 - "-" "Mozilla/5.0 (Macintosh; Intel Mac OS X 10_15_7) AppleWebKit/537.36 (KHTML, like Gecko) Chrome/133.0.0.0 Safari/537.36"
195.2.81.242 - - [12/Jul/2025:17:12:00 +0000] "GET /cart/ HTTP/1.1" 200 55966 "https://cartel.express/checkout/" "Mozilla/5.0 (Macintosh; Intel Mac OS X 10_15_7) AppleWebKit/537.36 (KHTML, like Gecko) Chrome/133.0.0.0 Safari/537.36"
195.2.81.242 - - [12/Jul/2025:17:12:02 +0000] "GET /car-body-polish-makes-it-look-like-new/ HTTP/1.1" 200 28667 "-" "Mozilla/5.0 (Macintosh; Intel Mac OS X 10_15_7) AppleWebKit/537.36 (KHTML, like Gecko) Chrome/133.0.0.0 Safari/537.36"
195.2.81.242 - - [12/Jul/2025:17:12:03 +0000] "GET /car-body-polish-makes-it-look-like-new/feed/ HTTP/1.1" 200 472 "-" "Mozilla/5.0 (Macintosh; Intel Mac OS X 10_15_7) AppleWebKit/537.36 (KHTML, like Gecko) Chrome/133.0.0.0 Safari/537.36"
195.2.81.242 - - [12/Jul/2025:17:12:05 +0000] "GET /car-body-polish-makes-it-look-like-new/ HTTP/1.1" 200 28666 "-" "Mozilla/5.0 (Macintosh; Intel Mac OS X 10_15_7) AppleWebKit/537.36 (KHTML, like Gecko) Chrome/133.0.0.0 Safari/537.36"
195.2.81.242 - - [12/Jul/2025:17:12:10 +0000] "GET /car-body-polish-makes-it-look-like-new/ HTTP/1.1" 200 28667 "-" "Mozilla/5.0 (Macintosh; Intel Mac OS X 10_15_7) AppleWebKit/537.36 (KHTML, like Gecko) Chrome/133.0.0.0 Safari/537.36"
209.74.77.214 - - [12/Jul/2025:17:24:10 +0000] "POST /wp-cron.php?doing_wp_cron=1752341050.9212090969085693359375 HTTP/1.1" 200 - "-" "WordPress/6.8.1; https://cartel.express"
17.241.75.230 - - [12/Jul/2025:17:24:08 +0000] "GET /cars_model/45-amg/ HTTP/1.1" 200 35685 "-" "Mozilla/5.0 (Macintosh; Intel Mac OS X 10_15_7) AppleWebKit/605.1.15 (KHTML, like Gecko) Version/17.4 Safari/605.1.15 (Applebot/0.1; +http://www.apple.com/go/applebot)"
17.22.253.198 - - [12/Jul/2025:17:26:46 +0000] "GET /wp-includes/css/dist/block-library/style.min.css?ver=6.8.1 HTTP/1.1" 200 15323 "https://cartel.express/cars_model/45-amg/" "Mozilla/5.0 (Macintosh; Intel Mac OS X 10_15_7) AppleWebKit/605.1.15 (KHTML, like Gecko) Version/17.4 Safari/605.1.15 (Applebot/0.1; +http://www.apple.com/go/applebot)"
17.22.245.19 - - [12/Jul/2025:17:26:47 +0000] "GET /wp-content/plugins/advanced-popups/public/css/advanced-popups-public.css?ver=1.2.2 HTTP/1.1" 200 2297 "https://cartel.express/cars_model/45-amg/" "Mozilla/5.0 (Macintosh; Intel Mac OS X 10_15_7) AppleWebKit/605.1.15 (KHTML, like Gecko) Version/17.4 Safari/605.1.15 (Applebot/0.1; +http://www.apple.com/go/applebot)"
17.22.253.242 - - [12/Jul/2025:17:26:47 +0000] "GET /wp-content/themes/detailx/skins/default/css/font-icons/css/fontello.css HTTP/1.1" 200 7543 "https://cartel.express/cars_model/45-amg/" "Mozilla/5.0 (Macintosh; Intel Mac OS X 10_15_7) AppleWebKit/605.1.15 (KHTML, like Gecko) Version/17.4 Safari/605.1.15 (Applebot/0.1; +http://www.apple.com/go/applebot)"
17.22.253.84 - - [12/Jul/2025:17:26:48 +0000] "GET /wp-content/plugins/instagram-feed/css/sbi-styles.min.css?ver=6.9.1 HTTP/1.1" 200 8799 "https://cartel.express/cars_model/45-amg/" "Mozilla/5.0 (Macintosh; Intel Mac OS X 10_15_7) AppleWebKit/605.1.15 (KHTML, like Gecko) Version/17.4 Safari/605.1.15 (Applebot/0.1; +http://www.apple.com/go/applebot)"
17.22.237.80 - - [12/Jul/2025:17:26:48 +0000] "GET /wp-content/plugins/trx_addons/addons/qw-extension/css/font-icons/css/qw_extension_icons.css HTTP/1.1" 200 900 "https://cartel.express/cars_model/45-amg/" "Mozilla/5.0 (Macintosh; Intel Mac OS X 10_15_7) AppleWebKit/605.1.15 (KHTML, like Gecko) Version/17.4 Safari/605.1.15 (Applebot/0.1; +http://www.apple.com/go/applebot)"
17.22.253.161 - - [12/Jul/2025:17:26:49 +0000] "GET /wp-content/plugins/trx_addons/css/font-icons/css/trx_addons_icons.css HTTP/1.1" 200 4577 "https://cartel.express/cars_model/45-amg/" "Mozilla/5.0 (Macintosh; Intel Mac OS X 10_15_7) AppleWebKit/605.1.15 (KHTML, like Gecko) Version/17.4 Safari/605.1.15 (Applebot/0.1; +http://www.apple.com/go/applebot)"
17.22.245.19 - - [12/Jul/2025:17:26:49 +0000] "GET /wp-content/plugins/woocommerce/assets/css/woocommerce-layout.css?ver=9.9.5 HTTP/1.1" 200 3414 "https://cartel.express/cars_model/45-amg/" "Mozilla/5.0 (Macintosh; Intel Mac OS X 10_15_7) AppleWebKit/605.1.15 (KHTML, like Gecko) Version/17.4 Safari/605.1.15 (Applebot/0.1; +http://www.apple.com/go/applebot)"
17.22.253.84 - - [12/Jul/2025:17:26:50 +0000] "GET /wp-content/plugins/woo-smart-quick-view/assets/libs/slick/slick.css?ver=6.8.1 HTTP/1.1" 200 545 "https://cartel.express/cars_model/45-amg/" "Mozilla/5.0 (Macintosh; Intel Mac OS X 10_15_7) AppleWebKit/605.1.15 (KHTML, like Gecko) Version/17.4 Safari/605.1.15 (Applebot/0.1; +http://www.apple.com/go/applebot)"
17.22.237.142 - - [12/Jul/2025:17:26:51 +0000] "GET /wp-content/plugins/woocommerce/assets/css/woocommerce.css?ver=9.9.5 HTTP/1.1" 200 10820 "https://cartel.express/cars_model/45-amg/" "Mozilla/5.0 (Macintosh; Intel Mac OS X 10_15_7) AppleWebKit/605.1.15 (KHTML, like Gecko) Version/17.4 Safari/605.1.15 (Applebot/0.1; +http://www.apple.com/go/applebot)"
17.22.237.227 - - [12/Jul/2025:17:26:51 +0000] "GET /wp-content/plugins/woo-smart-quick-view/assets/libs/perfect-scrollbar/css/perfect-scrollbar.min.css?ver=6.8.1 HTTP/1.1" 200 610 "https://cartel.express/cars_model/45-amg/" "Mozilla/5.0 (Macintosh; Intel Mac OS X 10_15_7) AppleWebKit/605.1.15 (KHTML, like Gecko) Version/17.4 Safari/605.1.15 (Applebot/0.1; +http://www.apple.com/go/applebot)"
17.22.245.19 - - [12/Jul/2025:17:26:52 +0000] "GET /wp-content/plugins/woo-smart-quick-view/assets/libs/feather/feather.css?ver=6.8.1 HTTP/1.1" 200 169 "https://cartel.express/cars_model/45-amg/" "Mozilla/5.0 (Macintosh; Intel Mac OS X 10_15_7) AppleWebKit/605.1.15 (KHTML, like Gecko) Version/17.4 Safari/605.1.15 (Applebot/0.1; +http://www.apple.com/go/applebot)"
17.22.245.142 - - [12/Jul/2025:17:26:52 +0000] "GET /wp-content/plugins/woo-smart-quick-view/assets/libs/perfect-scrollbar/css/custom-theme.css?ver=6.8.1 HTTP/1.1" 200 621 "https://cartel.express/cars_model/45-amg/" "Mozilla/5.0 (Macintosh; Intel Mac OS X 10_15_7) AppleWebKit/605.1.15 (KHTML, like Gecko) Version/17.4 Safari/605.1.15 (Applebot/0.1; +http://www.apple.com/go/applebot)"
17.22.253.221 - - [12/Jul/2025:17:26:53 +0000] "GET /wp-content/plugins/woo-smart-quick-view/assets/css/frontend.css?ver=4.2.0 HTTP/1.1" 200 3569 "https://cartel.express/cars_model/45-amg/" "Mozilla/5.0 (Macintosh; Intel Mac OS X 10_15_7) AppleWebKit/605.1.15 (KHTML, like Gecko) Version/17.4 Safari/605.1.15 (Applebot/0.1; +http://www.apple.com/go/applebot)"
17.22.237.227 - - [12/Jul/2025:17:26:53 +0000] "GET /wp-content/plugins/ti-woocommerce-wishlist/assets/css/webfont.min.css?ver=2.10.0 HTTP/1.1" 200 877 "https://cartel.express/cars_model/45-amg/" "Mozilla/5.0 (Macintosh; Intel Mac OS X 10_15_7) AppleWebKit/605.1.15 (KHTML, like Gecko) Version/17.4 Safari/605.1.15 (Applebot/0.1; +http://www.apple.com/go/applebot)"
17.22.245.151 - - [12/Jul/2025:17:26:53 +0000] "GET /wp-content/plugins/woocommerce/assets/css/brands.css?ver=9.9.5 HTTP/1.1" 200 684 "https://cartel.express/cars_model/45-amg/" "Mozilla/5.0 (Macintosh; Intel Mac OS X 10_15_7) AppleWebKit/605.1.15 (KHTML, like Gecko) Version/17.4 Safari/605.1.15 (Applebot/0.1; +http://www.apple.com/go/applebot)"
17.22.253.71 - - [12/Jul/2025:17:26:54 +0000] "GET /wp-content/plugins/trx_addons/js/magnific/magnific-popup.min.css HTTP/1.1" 200 1548 "https://cartel.express/cars_model/45-amg/" "Mozilla/5.0 (Macintosh; Intel Mac OS X 10_15_7) AppleWebKit/605.1.15 (KHTML, like Gecko) Version/17.4 Safari/605.1.15 (Applebot/0.1; +http://www.apple.com/go/applebot)"
17.22.245.239 - - [12/Jul/2025:17:26:55 +0000] "GET /wp-content/plugins/ti-woocommerce-wishlist/assets/css/public.min.css?ver=2.10.0 HTTP/1.1" 200 5605 "https://cartel.express/cars_model/45-amg/" "Mozilla/5.0 (Macintosh; Intel Mac OS X 10_15_7) AppleWebKit/605.1.15 (KHTML, like Gecko) Version/17.4 Safari/605.1.15 (Applebot/0.1; +http://www.apple.com/go/applebot)"
17.22.237.210 - - [12/Jul/2025:17:26:55 +0000] "GET /wp-content/plugins/elementor/assets/lib/eicons/css/elementor-icons.min.css?ver=5.43.0 HTTP/1.1" 200 4349 "https://cartel.express/cars_model/45-amg/" "Mozilla/5.0 (Macintosh; Intel Mac OS X 10_15_7) AppleWebKit/605.1.15 (KHTML, like Gecko) Version/17.4 Safari/605.1.15 (Applebot/0.1; +http://www.apple.com/go/applebot)"
